2025-11-23 06:27:27.486 66234 INFO tempest.lib.common.rest_client [req-eb07fed6-be46-43b3-bc28-8888aec3ff69 req-eb07fed6-be46-43b3-bc28-8888aec3ff69 ] Request (QuotaClassesAdminTestJSON:setUpClass): 204 PUT http://10.180.1.21/identity/v3/projects/10241ab537764bd198005089d08ab780/users/79a0bcc1dbf84801acf0a9e63473f95e/roles/59ef26836ace4c8c8f1833d016f835bf 0.025s
2025-11-23 06:27:27.487 66234 INFO tempest.lib.common.dynamic_creds [-] Dynamic test user 79a0bcc1dbf84801acf0a9e63473f95e is created with scope project and roles: ['admin']
2025-11-23 06:27:27.487 66234 INFO tempest.lib.common.dynamic_creds [-] Acquired dynamic creds: credentials: Credentials: {'domain_id': 'default', 'domain_name': 'Default', 'username': 'tempest-QuotaClassesAdminTestJSON-1885075084-project-admin', 'project_domain_id': 'default', 'project_domain_name': 'Default', 'project_id': '10241ab537764bd198005089d08ab780', 'project_name': 'tempest-QuotaClassesAdminTestJSON-1885075084', 'tenant_id': '10241ab537764bd198005089d08ab780', 'tenant_name': 'tempest-QuotaClassesAdminTestJSON-1885075084', 'user_domain_id': 'default', 'user_domain_name': 'Default', 'user_id': '79a0bcc1dbf84801acf0a9e63473f95e', 'system': None}, Network: None, Subnet: None, Router: None
2025-11-23 06:27:27.487 66234 INFO tempest.lib.common.dynamic_creds [-] Created isolated network resources for: credentials: Credentials: {'domain_id': 'default', 'domain_name': 'Default', 'username': 'tempest-QuotaClassesAdminTestJSON-1885075084-project-admin', 'project_domain_id': 'default', 'project_domain_name': 'Default', 'project_id': '10241ab537764bd198005089d08ab780', 'project_name': 'tempest-QuotaClassesAdminTestJSON-1885075084', 'tenant_id': '10241ab537764bd198005089d08ab780', 'tenant_name': 'tempest-QuotaClassesAdminTestJSON-1885075084', 'user_domain_id': 'default', 'user_domain_name': 'Default', 'user_id': '79a0bcc1dbf84801acf0a9e63473f95e', 'system': None}, Network: None, Subnet: None, Router: None
2025-11-23 06:27:27.518 66218 INFO tempest.lib.common.rest_client [req-6b8a50a1-895f-42ae-a264-9fe56cd9f89e req-6b8a50a1-895f-42ae-a264-9fe56cd9f89e ] Request (ServerRescueTestJSON:setUpClass): 201 POST http://10.180.1.21/networking/v2.0/subnets 0.406s
2025-11-23 06:27:27.587 66234 INFO tempest.lib.common.rest_client [req-3845243b-7b42-4def-8865-203b1e6401c1 req-3845243b-7b42-4def-8865-203b1e6401c1 ] Request (QuotaClassesAdminTestJSON:setUpClass): 201 POST http://10.180.1.21/identity/v3/auth/tokens 0.095s
2025-11-23 06:27:27.589 66256 INFO tempest.lib.common.rest_client [req-4e422318-d27e-408f-8190-1c61fc315e0c req-4e422318-d27e-408f-8190-1c61fc315e0c ] Request (HypervisorAdminNegativeTestJSON:tearDownClass): 200 GET http://10.180.1.21/networking/v2.0/security-groups?tenant_id=3ce8ac575e33498fa3ce621821f0fbff&name=default 0.246s
2025-11-23 06:27:27.909 66232 INFO tempest.lib.common.rest_client [req-8da784ff-7f8e-4d3e-91d6-0a9a5904623b req-8da784ff-7f8e-4d3e-91d6-0a9a5904623b ] Request (ImagesMetadataTestJSON:setUpClass): 204 PUT http://10.180.1.21/image/v2/images/d5bbe54d-5ba2-4f82-8ff9-31a9cda209f9/file 0.774s
2025-11-23 06:27:28.414 66218 INFO tempest.lib.common.rest_client [req-71df9e35-2665-406d-b455-4ab0835783c5 req-71df9e35-2665-406d-b455-4ab0835783c5 ] Request (ServerRescueTestJSON:setUpClass): 201 POST http://10.180.1.21/networking/v2.0/routers 0.896s
2025-11-23 06:27:28.418 66250 INFO tempest.lib.common.rest_client [req-69626510-40ac-4774-bc38-f8f779a2ae4d req-69626510-40ac-4774-bc38-f8f779a2ae4d ] Request (ServerActionsTestOtherA:setUpClass): 200 PUT http://10.180.1.21/networking/v2.0/routers/571bd252-c793-47b9-b89b-3e8647817d14/add_router_interface 1.058s
2025-11-23 06:27:28.418 66250 INFO tempest.lib.common.dynamic_creds [-] Created isolated network resources for: credentials: Credentials: {'domain_id': 'default', 'domain_name': 'Default', 'username': 'tempest-ServerActionsTestOtherA-1550951506-project-member', 'project_domain_id': 'default', 'project_domain_name': 'Default', 'project_id': 'a0e318c8ec774b90906b89bf27cfb4c9', 'project_name': 'tempest-ServerActionsTestOtherA-1550951506', 'tenant_id': 'a0e318c8ec774b90906b89bf27cfb4c9', 'tenant_name': 'tempest-ServerActionsTestOtherA-1550951506', 'user_domain_id': 'default', 'user_domain_name': 'Default', 'user_id': 'ae5fd21bc03742eea47cd97a0075e1c3', 'system': None}, Network: {'id': '22827bb2-377d-4191-9c8b-191ef12c1dd7', 'name': 'tempest-ServerActionsTestOtherA-1639909927-network', 'tenant_id': 'a0e318c8ec774b90906b89bf27cfb4c9', 'project_id': 'a0e318c8ec774b90906b89bf27cfb4c9', 'admin_state_up': True, 'mtu': 8950, 'status': 'ACTIVE', 'subnets': [], 'shared': False, 'port_security_enabled': True, 'router:external': False, 'provider:network_type': 'vlan', 'provider:physical_network': 'default', 'provider:segmentation_id': 507, 'availability_zone_hints': [], 'availability_zones': [], 'ipv4_address_scope': None, 'ipv6_address_scope': None, 'description': '', 'tags': [], 'created_at': '2025-11-23T06:27:26Z', 'updated_at': '2025-11-23T06:27:26Z', 'revision_number': 1}, Subnet: {'id': '16216011-3f2d-47a4-9524-7f88473384f8', 'name': 'tempest-ServerActionsTestOtherA-1639909927-subnet', 'tenant_id': 'a0e318c8ec774b90906b89bf27cfb4c9', 'network_id': '22827bb2-377d-4191-9c8b-191ef12c1dd7', 'ip_version': 4, 'subnetpool_id': None, 'enable_dhcp': True, 'ipv6_ra_mode': None, 'ipv6_address_mode': None, 'gateway_ip': '192.168.128.1', 'cidr': '192.168.128.0/28', 'allocation_pools': [{'start': '192.168.128.2', 'end': '192.168.128.14'}], 'host_routes': [], 'dns_nameservers': [], 'description': '', 'router:external': False, 'service_types': [], 'tags': [], 'created_at': '2025-11-23T06:27:26Z', 'updated_at': '2025-11-23T06:27:26Z', 'revision_number': 0, 'project_id': 'a0e318c8ec774b90906b89bf27cfb4c9'}, Router: {'id': '571bd252-c793-47b9-b89b-3e8647817d14', 'name': 'tempest-ServerActionsTestOtherA-1639909927-router', 'tenant_id': 'a0e318c8ec774b90906b89bf27cfb4c9', 'admin_state_up': True, 'status': 'ACTIVE', 'external_gateway_info': {'network_id': 'c7b0251c-dfae-4218-b021-ca03358bf5f0', 'external_fixed_ips': [{'subnet_id': '9b962cef-8a17-412e-bd97-455e9a8452ff', 'ip_address': '10.180.180.228'}], 'enable_snat': True}, 'description': '', 'availability_zones': [], 'distributed': False, 'ha': False, 'availability_zone_hints': [], 'routes': [], 'flavor_id': None, 'tags': [], 'created_at': '2025-11-23T06:27:26Z', 'updated_at': '2025-11-23T06:27:26Z', 'revision_number': 2, 'project_id': 'a0e318c8ec774b90906b89bf27cfb4c9'}
2025-11-23 06:27:28.445 66230 INFO tempest.lib.common.rest_client [req-7a16398f-9e55-4496-b88e-9af37e9c73ba req-7a16398f-9e55-4496-b88e-9af37e9c73ba ] Request (DeleteServersAdminTestJSON:test_admin_delete_servers_of_others): 200 GET http://10.180.1.21/compute/v2.1/servers/c6ec66f0-753f-48d8-9682-95a63541f685 3.633s
2025-11-23 06:27:28.452 66230 INFO tempest.common.waiters [-] State transition "ACTIVE/deleting" ==> "DELETED/None" after 5 second wait
2025-11-23 06:27:28.500 66256 INFO tempest.lib.common.rest_client [req-c7ab059c-1e08-4cfa-afd1-a0c0c4905421 req-c7ab059c-1e08-4cfa-afd1-a0c0c4905421 ] Request (HypervisorAdminNegativeTestJSON:tearDownClass): 204 DELETE http://10.180.1.21/networking/v2.0/security-groups/cab67f06-8271-463a-b73f-b671580fd491 0.909s
2025-11-23 06:27:28.520 66250 INFO tempest.lib.common.rest_client [req-28c18d76-b7e2-4f97-b983-4e040ab73cae req-28c18d76-b7e2-4f97-b983-4e040ab73cae ] Request (ServerActionsTestOtherA:setUpClass): 201 POST http://10.180.1.21/identity/v3/auth/tokens 0.096s
2025-11-23 06:27:28.611 66256 INFO tempest.lib.common.rest_client [req-f6268351-0337-4239-a218-49e62e9121b2 req-f6268351-0337-4239-a218-49e62e9121b2 ] Request (HypervisorAdminNegativeTestJSON:tearDownClass): 204 DELETE http://10.180.1.21/identity/v3/projects/3ce8ac575e33498fa3ce621821f0fbff 0.111s
2025-11-23 06:27:28.691 66256 INFO tempest.lib.common.rest_client [req-b58ce323-b9f7-4d61-a34d-815aa2e0835c req-b58ce323-b9f7-4d61-a34d-815aa2e0835c ] Request (SecurityGroupRulesTestJSON:setUpClass): 201 POST http://10.180.1.21/identity/v3/auth/tokens 0.078s
2025-11-23 06:27:28.723 66224 INFO tempest.lib.common.rest_client [req-386efbf4-4a50-4d0c-a9a9-118a1efb4a6a req-386efbf4-4a50-4d0c-a9a9-118a1efb4a6a ] Request (FloatingIPDetailsTestJSON:_run_cleanups): 202 DELETE http://10.180.1.21/compute/v2.1/os-floating-ips/bfa5e8ca-daf4-46f8-ae10-2df097dcad71 3.944s
2025-11-23 06:27:28.744 66256 INFO tempest.lib.common.rest_client [req-f0b70121-4cb5-4a27-8e55-d4fe97d6e913 req-f0b70121-4cb5-4a27-8e55-d4fe97d6e913 ] Request (SecurityGroupRulesTestJSON:setUpClass): 201 POST http://10.180.1.21/identity/v3/auth/tokens 0.048s
2025-11-23 06:27:28.755 66252 INFO tempest.lib.common.rest_client [req-72071bb9-1040-462f-b714-65d0fcfc5dfb req-72071bb9-1040-462f-b714-65d0fcfc5dfb ] Request (ServersWithSpecificFlavorTestJSON:test_verify_created_server_ephemeral_disk): 200 POST http://10.180.1.21/compute/v2.1/flavors/405007676/os-extra_specs 3.762s
2025-11-23 06:27:28.785 66256 INFO tempest.lib.common.rest_client [req-56648f19-43b2-4eee-a35c-7f32e97557b0 req-56648f19-43b2-4eee-a35c-7f32e97557b0 ] Request (SecurityGroupRulesTestJSON:setUpClass): 200 GET http://10.180.1.21/identity/v3/domains?name=Default 0.041s
2025-11-23 06:27:28.822 66256 INFO tempest.lib.common.rest_client [req-6bac8921-5c09-4406-a771-696ac5dba06d req-6bac8921-5c09-4406-a771-696ac5dba06d ] Request (SecurityGroupRulesTestJSON:setUpClass): 201 POST http://10.180.1.21/identity/v3/projects 0.036s
2025-11-23 06:27:28.933 66256 INFO tempest.lib.common.rest_client [req-c4cf0733-7f3c-4095-9a78-5f5ad293f7e0 req-c4cf0733-7f3c-4095-9a78-5f5ad293f7e0 ] Request (SecurityGroupRulesTestJSON:setUpClass): 201 POST http://10.180.1.21/identity/v3/users 0.110s
2025-11-23 06:27:28.961 66256 INFO tempest.lib.common.rest_client [req-cba53968-b26d-472f-8a30-f6d6917bc39b req-cba53968-b26d-472f-8a30-f6d6917bc39b ] Request (SecurityGroupRulesTestJSON:setUpClass): 200 GET http://10.180.1.21/identity/v3/roles 0.027s
2025-11-23 06:27:29.016 66256 INFO tempest.lib.common.rest_client [req-ee836423-7ee2-44da-946b-702510af3b77 req-ee836423-7ee2-44da-946b-702510af3b77 ] Request (SecurityGroupRulesTestJSON:setUpClass): 204 PUT http://10.180.1.21/identity/v3/projects/b03ab3b98eee470ab68815e864f15af9/users/815ca5ff70ab41e8bd606ea987872727/roles/0b07b7e866044732bfc814cb36a20832 0.055s
2025-11-23 06:27:29.017 66256 INFO tempest.lib.common.dynamic_creds [-] Dynamic test user 815ca5ff70ab41e8bd606ea987872727 is created with scope project and roles: ['member']
2025-11-23 06:27:29.017 66256 INFO tempest.lib.common.dynamic_creds [-] Acquired dynamic creds: credentials: Credentials: {'domain_id': 'default', 'domain_name': 'Default', 'username': 'tempest-SecurityGroupRulesTestJSON-609420685-project-member', 'project_domain_id': 'default', 'project_domain_name': 'Default', 'project_id': 'b03ab3b98eee470ab68815e864f15af9', 'project_name': 'tempest-SecurityGroupRulesTestJSON-609420685', 'tenant_id': 'b03ab3b98eee470ab68815e864f15af9', 'tenant_name': 'tempest-SecurityGroupRulesTestJSON-609420685', 'user_domain_id': 'default', 'user_domain_name': 'Default', 'user_id': '815ca5ff70ab41e8bd606ea987872727', 'system': None}, Network: None, Subnet: None, Router: None
2025-11-23 06:27:29.091 66256 INFO tempest.lib.common.rest_client [req-fed6f722-8b71-4715-9e7f-40fd61ce58d2 req-fed6f722-8b71-4715-9e7f-40fd61ce58d2 ] Request (SecurityGroupRulesTestJSON:setUpClass): 201 POST http://10.180.1.21/identity/v3/auth/tokens 0.073s
2025-11-23 06:27:29.630 66218 INFO tempest.lib.common.rest_client [req-2ddc631b-99f7-4358-8028-e0e2027e867e req-2ddc631b-99f7-4358-8028-e0e2027e867e ] Request (ServerRescueTestJSON:setUpClass): 200 PUT http://10.180.1.21/networking/v2.0/routers/fac86813-8870-419e-bca9-bcb04f18dd0c/add_router_interface 1.215s
2025-11-23 06:27:29.630 66218 INFO tempest.lib.common.dynamic_creds [-] Created isolated network resources for: credentials: Credentials: {'domain_id': 'default', 'domain_name': 'Default', 'username': 'tempest-ServerRescueTestJSON-492744644-project-member', 'project_domain_id': 'default', 'project_domain_name': 'Default', 'project_id': 'fedbc0c3d8a241beaa54b8d89f3db0c7', 'project_name': 'tempest-ServerRescueTestJSON-492744644', 'tenant_id': 'fedbc0c3d8a241beaa54b8d89f3db0c7', 'tenant_name': 'tempest-ServerRescueTestJSON-492744644', 'user_domain_id': 'default', 'user_domain_name': 'Default', 'user_id': '9c8dd671c8e94208b4947c819e9d3d18', 'system': None}, Network: {'id': 'f984d23f-c5cb-4a59-ad37-aba46044cf2a', 'name': 'tempest-ServerRescueTestJSON-407171141-network', 'tenant_id': 'fedbc0c3d8a241beaa54b8d89f3db0c7', 'project_id': 'fedbc0c3d8a241beaa54b8d89f3db0c7', 'admin_state_up': True, 'mtu': 8950, 'status': 'ACTIVE', 'subnets': [], 'shared': False, 'port_security_enabled': True, 'router:external': False, 'provider:network_type': 'vlan', 'provider:physical_network': 'default', 'provider:segmentation_id': 875, 'availability_zone_hints': [], 'availability_zones': [], 'ipv4_address_scope': None, 'ipv6_address_scope': None, 'description': '', 'tags': [], 'created_at': '2025-11-23T06:27:26Z', 'updated_at': '2025-11-23T06:27:27Z', 'revision_number': 1}, Subnet: {'id': '0f68827b-1337-4cc9-928d-ba14e3bc3e92', 'name': 'tempest-ServerRescueTestJSON-407171141-subnet', 'tenant_id': 'fedbc0c3d8a241beaa54b8d89f3db0c7', 'network_id': 'f984d23f-c5cb-4a59-ad37-aba46044cf2a', 'ip_version': 4, 'subnetpool_id': None, 'enable_dhcp': False, 'ipv6_ra_mode': None, 'ipv6_address_mode': None, 'gateway_ip': '192.168.128.1', 'cidr': '192.168.128.0/28', 'allocation_pools': [{'start': '192.168.128.2', 'end': '192.168.128.14'}], 'host_routes': [], 'dns_nameservers': [], 'description': '', 'router:external': False, 'service_types': [], 'tags': [], 'created_at': '2025-11-23T06:27:27Z', 'updated_at': '2025-11-23T06:27:27Z', 'revision_number': 0, 'project_id': 'fedbc0c3d8a241beaa54b8d89f3db0c7'}, Router: {'id': 'fac86813-8870-419e-bca9-bcb04f18dd0c', 'name': 'tempest-ServerRescueTestJSON-407171141-router', 'tenant_id': 'fedbc0c3d8a241beaa54b8d89f3db0c7', 'admin_state_up': True, 'status': 'ACTIVE', 'external_gateway_info': {'network_id': 'c7b0251c-dfae-4218-b021-ca03358bf5f0', 'external_fixed_ips': [{'subnet_id': '9b962cef-8a17-412e-bd97-455e9a8452ff', 'ip_address': '10.180.180.160'}], 'enable_snat': True}, 'description': '', 'availability_zones': [], 'distributed': False, 'ha': False, 'availability_zone_hints': [], 'routes': [], 'flavor_id': None, 'tags': [], 'created_at': '2025-11-23T06:27:27Z', 'updated_at': '2025-11-23T06:27:28Z', 'revision_number': 2, 'project_id': 'fedbc0c3d8a241beaa54b8d89f3db0c7'}
2025-11-23 06:27:29.708 66246 INFO tempest.lib.common.rest_client [req-8e5f0563-17f1-44bf-b4c7-d52e59f5cecd req-8e5f0563-17f1-44bf-b4c7-d52e59f5cecd ] Request (SecurityGroupsTestAdminJSON:_run_cleanups): 202 DELETE http://10.180.1.21/compute/v2.1/os-security-groups/6f0f9c6d-a8ed-4fd3-909e-09606b4e6120 4.728s
2025-11-23 06:27:29.738 66218 INFO tempest.lib.common.rest_client [req-74858143-743d-4109-929c-60b6032c627b req-74858143-743d-4109-929c-60b6032c627b ] Request (ServerRescueTestJSON:setUpClass): 201 POST http://10.180.1.21/identity/v3/auth/tokens 0.104s
2025-11-23 06:27:29.789 66218 INFO tempest.lib.common.rest_client [req-ae9faada-b551-4c25-8dc0-d082937adb5c req-ae9faada-b551-4c25-8dc0-d082937adb5c ] Request (ServerRescueTestJSON:setUpClass): 201 POST http://10.180.1.21/identity/v3/auth/tokens 0.041s
2025-11-23 06:27:29.790 66218 INFO tempest.lib.common.fixed_network [-] (ServerRescueTestJSON:setUpClass) Found network {'id': 'f984d23f-c5cb-4a59-ad37-aba46044cf2a', 'name': 'tempest-ServerRescueTestJSON-407171141-network', 'tenant_id': 'fedbc0c3d8a241beaa54b8d89f3db0c7', 'project_id': 'fedbc0c3d8a241beaa54b8d89f3db0c7', 'admin_state_up': True, 'mtu': 8950, 'status': 'ACTIVE', 'subnets': [], 'shared': False, 'port_security_enabled': True, 'router:external': False, 'provider:network_type': 'vlan', 'provider:physical_network': 'default', 'provider:segmentation_id': 875, 'availability_zone_hints': [], 'availability_zones': [], 'ipv4_address_scope': None, 'ipv6_address_scope': None, 'description': '', 'tags': [], 'created_at': '2025-11-23T06:27:26Z', 'updated_at': '2025-11-23T06:27:27Z', 'revision_number': 1} available for tenant
2025-11-23 06:27:29.970 66228 INFO tempest.lib.common.rest_client [req-cfdf6275-ff89-4c0c-a1d6-bfacc716f641 req-cfdf6275-ff89-4c0c-a1d6-bfacc716f641 ] Request (QuotasAdminTestV236:test_get_updated_quotas): 200 PUT http://10.180.1.21/compute/v2.1/os-quota-sets/51cb774247164f04a292cf1f0c527909 4.732s
2025-11-23 06:27:30.155 66256 INFO tempest.lib.common.rest_client [req-5b248ef0-8d89-4b3c-8cd1-645383f9affe req-5b248ef0-8d89-4b3c-8cd1-645383f9affe ] Request (SecurityGroupRulesTestJSON:setUpClass): 201 POST http://10.180.1.21/networking/v2.0/networks 1.064s
2025-11-23 06:27:30.186 66258 INFO tempest.lib.common.rest_client [req-f45c561c-10a3-4ce0-8b82-7a3fe02c1910 req-f45c561c-10a3-4ce0-8b82-7a3fe02c1910 ] Request (ImagesTestJSON:test_create_image_from_stopped_server): 200 GET http://10.180.1.21/compute/v2.1/servers/3f4d42f1-0e45-4eae-8df6-fff0dc7ad372 4.999s
2025-11-23 06:27:30.446 66256 INFO tempest.lib.common.rest_client [req-09806fc7-2282-4caa-bc19-27bfcb30c1bc req-09806fc7-2282-4caa-bc19-27bfcb30c1bc ] Request (SecurityGroupRulesTestJSON:setUpClass): 201 POST http://10.180.1.21/networking/v2.0/subnets 0.290s
2025-11-23 06:27:30.483 66274 INFO tempest.lib.common.rest_client [req-82a5edb3-d5bf-4785-a819-c5ac07d4aaeb req-82a5edb3-d5bf-4785-a819-c5ac07d4aaeb ] Request (AttachInterfacesUnderV243Test:test_add_remove_fixed_ip): 200 GET http://10.180.1.21/compute/v2.1/servers/3b258742-2c0b-4447-8cf8-1b2d95db3e43 5.164s
2025-11-23 06:27:30.492 66274 INFO tempest.common.waiters [-] State transition "BUILD/None" ==> "BUILD/spawning" after 15 second wait
2025-11-23 06:27:30.530 66268 INFO tempest.lib.common.rest_client [req-c2a5c2ad-2a87-4f7c-a852-6d1b91200d6b req-c2a5c2ad-2a87-4f7c-a852-6d1b91200d6b ] Request (FloatingIPsTestJSON:test_delete_floating_ip): 404 GET http://10.180.1.21/compute/v2.1/os-floating-ips/b8089875-796c-466c-b5a7-e7e19e45560c 4.960s
2025-11-23 06:27:30.564 66220 INFO tempest.lib.common.rest_client [req-cdde3daa-38e9-40a0-8d3e-90e8d144c891 req-cdde3daa-38e9-40a0-8d3e-90e8d144c891 ] Request (AttachInterfacesTestJSON:test_create_list_show_delete_interfaces_by_fixed_ip): 200 GET http://10.180.1.21/compute/v2.1/servers/d7d5e555-6ca1-4df1-8d51-1e5dce1f6928 5.219s
2025-11-23 06:27:30.603 66260 INFO tempest.lib.common.rest_client [req-01accff0-83ce-43e5-aec6-a555a32d07af req-01accff0-83ce-43e5-aec6-a555a32d07af ] Request (ServersAdmin275Test:test_rebuild_update_server_275): 200 GET http://10.180.1.21/compute/v2.1/servers/61bb7cab-998c-40dd-b878-948b3f07418c 5.020s
2025-11-23 06:27:30.615 66260 INFO tempest.common.waiters [-] State transition "BUILD/None" ==> "BUILD/block_device_mapping" after 9 second wait
2025-11-23 06:27:30.637 66280 INFO tempest.lib.common.rest_client [req-23347d30-d5ad-4bb3-bbea-335b7ad5c853 req-23347d30-d5ad-4bb3-bbea-335b7ad5c853 ] Request (FlavorsExtraSpecsTestJSON:test_flavor_set_get_update_show_unset_keys): 200 DELETE http://10.180.1.21/compute/v2.1/flavors/218031591/os-extra_specs/hw:numa_nodes 4.885s
2025-11-23 06:27:30.698 66244 INFO tempest.lib.common.rest_client [req-4ff46180-0a10-4bbd-8faa-2fc8c4806d17 req-4ff46180-0a10-4bbd-8faa-2fc8c4806d17 ] Request (ServersTestFqdnHostnames:test_create_server_with_fqdn_name): 200 GET http://10.180.1.21/compute/v2.1/servers/4c7d3dd6-edaf-4fa5-96f3-2525b8ab5dc5/os-interface 4.961s
2025-11-23 06:27:30.726 66226 INFO tempest.lib.common.rest_client [req-f6b96116-3d25-4f9b-9167-efe88c61f754 req-f6b96116-3d25-4f9b-9167-efe88c61f754 ] Request (AggregatesAdminNegativeTestJSON:test_aggregate_add_host_as_user): 403 POST http://10.180.1.21/compute/v2.1/os-aggregates/2/action 4.970s
2025-11-23 06:27:30.732 66264 INFO tempest.lib.common.rest_client [req-36722e54-e786-4193-8d71-c10447958aad req-36722e54-e786-4193-8d71-c10447958aad ] Request (FlavorsExtraSpecsNegativeTestJSON:test_flavor_update_more_key): 400 PUT http://10.180.1.21/compute/v2.1/flavors/937693463/os-extra_specs/hw:numa_nodes 4.947s
2025-11-23 06:27:30.751 66266 INFO tempest.lib.common.rest_client [req-4d29625e-dd76-46e4-86f6-ae9f5794efe4 req-4d29625e-dd76-46e4-86f6-ae9f5794efe4 ] Request (HostsAdminNegativeTestJSON:test_startup_nonexistent_host): 404 GET http://10.180.1.21/compute/v2.1/os-hosts/nonexistent_hostname/startup 4.956s
2025-11-23 06:27:30.751 66240 INFO tempest.lib.common.rest_client [req-333e82b1-ef36-44e4-aaae-48c2771a29f3 req-333e82b1-ef36-44e4-aaae-48c2771a29f3 ] Request (FlavorsV2TestJSON:test_list_flavors_detailed_filter_by_min_ram): 200 GET http://10.180.1.21/compute/v2.1/flavors/detail?minRam=193 4.967s
2025-11-23 06:27:30.769 66276 INFO tempest.lib.common.rest_client [req-01ee04d9-4597-4ae1-abba-40fe71f5b137 req-01ee04d9-4597-4ae1-abba-40fe71f5b137 ] Request (FlavorsAccessTestJSON:_run_cleanups): 202 DELETE http://10.180.1.21/compute/v2.1/flavors/1069486049 4.955s
2025-11-23 06:27:30.799 66242 INFO tempest.lib.common.rest_client [req-1d1560d9-d298-439a-bd6d-3cff01c8e17c req-1d1560d9-d298-439a-bd6d-3cff01c8e17c ] Request (FlavorsAdminTestJSON:_run_cleanups): 200 GET http://10.180.1.21/compute/v2.1/flavors/detail 4.969s
2025-11-23 06:27:30.805 66270 INFO tempest.lib.common.rest_client [req-d0df6cc0-0e96-4e25-a32b-b644326c80cb req-d0df6cc0-0e96-4e25-a32b-b644326c80cb ] Request (ImagesOneServerNegativeTestJSON:test_create_image_specify_invalid_metadata): 400 POST http://10.180.1.21/compute/v2.1/servers/a3b9a9ec-749a-4356-bd5f-f0febeb26118/action 4.657s
2025-11-23 06:27:30.840 66272 INFO tempest.lib.common.rest_client [req-a7cb4a50-f1d9-42b7-a4de-fb97f8377336 req-a7cb4a50-f1d9-42b7-a4de-fb97f8377336 ] Request (KeyPairsV22TestJSON:test_keypairs_create_list_delete): 201 POST http://10.180.1.21/compute/v2.1/os-keypairs 4.674s
2025-11-23 06:27:30.868 66262 INFO tempest.lib.common.rest_client [req-6093430e-ec5d-4227-a20c-3a31a25d14bc req-6093430e-ec5d-4227-a20c-3a31a25d14bc ] Request (ServicesAdminNegativeV253TestJSON:test_get_service_by_invalid_params): 200 GET http://10.180.1.21/compute/v2.1/os-services?xxx=nova-compute 4.680s
2025-11-23 06:27:31.279 66256 INFO tempest.lib.common.rest_client [req-fbd2cb1e-b566-4fdd-9cef-1a7f918276ec req-fbd2cb1e-b566-4fdd-9cef-1a7f918276ec ] Request (SecurityGroupRulesTestJSON:setUpClass): 201 POST http://10.180.1.21/networking/v2.0/routers 0.832s
2025-11-23 06:27:31.835 66244 INFO tempest.lib.common.rest_client [req-f2bff71d-0880-4238-b908-2c98a1b65817 req-f2bff71d-0880-4238-b908-2c98a1b65817 ] Request (ServersTestFqdnHostnames:test_create_server_with_fqdn_name): 200 PUT http://10.180.1.21/networking/v2.0/floatingips/2d56510e-5247-4c9f-88d0-18ad60b40047 1.134s
2025-11-23 06:27:31.836 66244 INFO tempest.lib.common.ssh [-] Creating ssh connection to '10.180.180.214:22' as 'cirros' with public key authentication
2025-11-23 06:27:31.937 66248 INFO tempest.lib.common.rest_client [req-6815b5a1-9acd-4b3e-a331-4d29f6f8e623 req-6815b5a1-9acd-4b3e-a331-4d29f6f8e623 ] Request (MigrationsAdminTest:test_list_migrations_in_flavor_resize_situation): 200 GET http://10.180.1.21/compute/v2.1/servers/8a02f225-176f-43d4-95e3-f828506d2196 5.727s
2025-11-23 06:27:32.028 66222 INFO tempest.lib.common.rest_client [req-aa5f7685-e9c2-462a-a711-69732ef4f146 req-aa5f7685-e9c2-462a-a711-69732ef4f146 ] Request (ServersAdminNegativeTestJSON:test_migrate_server_invalid_state): 200 GET http://10.180.1.21/compute/v2.1/servers/bf1ec323-8bf1-4c0c-8252-9f2162349baa 5.615s
2025-11-23 06:27:32.049 66254 INFO tempest.lib.common.rest_client [req-5a10da55-3c68-4d12-bf6e-0999d1dc6050 req-5a10da55-3c68-4d12-bf6e-0999d1dc6050 ] Request (QuotasAdminNegativeTest:test_create_server_when_instances_quota_is_full): 403 POST http://10.180.1.21/compute/v2.1/servers 6.225s
2025-11-23 06:27:32.110 66232 INFO tempest.lib.common.rest_client [req-50ac2ea4-c6ed-4a44-9db6-15197c02df07 req-50ac2ea4-c6ed-4a44-9db6-15197c02df07 ] Request (ImagesMetadataTestJSON:setUpClass): 200 GET http://10.180.1.21/compute/v2.1/images/d5bbe54d-5ba2-4f82-8ff9-31a9cda209f9 4.201s
2025-11-23 06:27:32.128 66238 INFO tempest.lib.common.rest_client [req-a48a8a21-630b-4247-80f8-5091ccd1c368 req-a48a8a21-630b-4247-80f8-5091ccd1c368 ] Request (VolumesAssistedSnapshotsTest:test_volume_assisted_snapshot_create_delete): 200 GET http://10.180.1.21/compute/v2.1/servers/d414691d-d78b-4b60-828a-ae1ba8fd78f5 4.649s
2025-11-23 06:27:32.140 66238 INFO tempest.common.waiters [-] State transition "BUILD/None" ==> "BUILD/networking" after 12 second wait
2025-11-23 06:27:32.303 66256 INFO tempest.lib.common.rest_client [req-0efe6e25-0075-4391-af79-a47f36946717 req-0efe6e25-0075-4391-af79-a47f36946717 ] Request (SecurityGroupRulesTestJSON:setUpClass): 200 PUT http://10.180.1.21/networking/v2.0/routers/2384a247-4dfd-4b82-ba93-97100adca3a8/add_router_interface 1.024s
2025-11-23 06:27:32.304 66256 INFO tempest.lib.common.dynamic_creds [-] Created isolated network resources for: credentials: Credentials: {'domain_id': 'default', 'domain_name': 'Default', 'username': 'tempest-SecurityGroupRulesTestJSON-609420685-project-member', 'project_domain_id': 'default', 'project_domain_name': 'Default', 'project_id': 'b03ab3b98eee470ab68815e864f15af9', 'project_name': 'tempest-SecurityGroupRulesTestJSON-609420685', 'tenant_id': 'b03ab3b98eee470ab68815e864f15af9', 'tenant_name': 'tempest-SecurityGroupRulesTestJSON-609420685', 'user_domain_id': 'default', 'user_domain_name': 'Default', 'user_id': '815ca5ff70ab41e8bd606ea987872727', 'system': None}, Network: {'id': '1d0807e8-f40d-4c11-9a0b-0d9a3b0c2710', 'name': 'tempest-SecurityGroupRulesTestJSON-1663747020-network', 'tenant_id': 'b03ab3b98eee470ab68815e864f15af9', 'project_id': 'b03ab3b98eee470ab68815e864f15af9', 'admin_state_up': True, 'mtu': 8950, 'status': 'ACTIVE', 'subnets': [], 'shared': False, 'port_security_enabled': True, 'router:external': False, 'provider:network_type': 'vlan', 'provider:physical_network': 'default', 'provider:segmentation_id': 930, 'availability_zone_hints': [], 'availability_zones': [], 'ipv4_address_scope': None, 'ipv6_address_scope': None, 'description': '', 'tags': [], 'created_at': '2025-11-23T06:27:30Z', 'updated_at': '2025-11-23T06:27:30Z', 'revision_number': 1}, Subnet: {'id': 'cb46ce57-0365-4cb3-abda-c669048d28ea', 'name': 'tempest-SecurityGroupRulesTestJSON-1663747020-subnet', 'tenant_id': 'b03ab3b98eee470ab68815e864f15af9', 'network_id': '1d0807e8-f40d-4c11-9a0b-0d9a3b0c2710', 'ip_version': 4, 'subnetpool_id': None, 'enable_dhcp': True, 'ipv6_ra_mode': None, 'ipv6_address_mode': None, 'gateway_ip': '192.168.128.1', 'cidr': '192.168.128.0/28', 'allocation_pools': [{'start': '192.168.128.2', 'end': '192.168.128.14'}], 'host_routes': [], 'dns_nameservers': [], 'description': '', 'router:external': False, 'service_types': [], 'tags': [], 'created_at': '2025-11-23T06:27:30Z', 'updated_at': '2025-11-23T06:27:30Z', 'revision_number': 0, 'project_id': 'b03ab3b98eee470ab68815e864f15af9'}, Router: {'id': '2384a247-4dfd-4b82-ba93-97100adca3a8', 'name': 'tempest-SecurityGroupRulesTestJSON-1663747020-router', 'tenant_id': 'b03ab3b98eee470ab68815e864f15af9', 'admin_state_up': True, 'status': 'ACTIVE', 'external_gateway_info': {'network_id': 'c7b0251c-dfae-4218-b021-ca03358bf5f0', 'external_fixed_ips': [{'subnet_id': '9b962cef-8a17-412e-bd97-455e9a8452ff', 'ip_address': '10.180.180.188'}], 'enable_snat': True}, 'description': '', 'availability_zones': [], 'distributed': False, 'ha': False, 'availability_zone_hints': [], 'routes': [], 'flavor_id': None, 'tags': [], 'created_at': '2025-11-23T06:27:30Z', 'updated_at': '2025-11-23T06:27:30Z', 'revision_number': 2, 'project_id': 'b03ab3b98eee470ab68815e864f15af9'}
2025-11-23 06:27:32.313 66236 INFO tempest.lib.common.rest_client [req-b1bbc882-16d4-4545-ba5e-4d0b1e97cd5d req-b1bbc882-16d4-4545-ba5e-4d0b1e97cd5d ] Request (FloatingIPsAssociationNegativeTestJSON:setUpClass): 200 GET http://10.180.1.21/compute/v2.1/servers/114f5e75-7a09-4b31-89f6-5499a27b8739 3.831s
2025-11-23 06:27:32.353 66278 INFO tempest.lib.common.rest_client [req-8c4560f0-be57-428e-b907-17448b5df703 req-8c4560f0-be57-428e-b907-17448b5df703 ] Request (ServersTestManualDisk:setUpClass): 200 GET http://10.180.1.21/compute/v2.1/servers/116c22b7-4df2-44f1-8b0c-71da0b976859 4.082s
2025-11-23 06:27:32.372 66278 INFO tempest.common.waiters [-] State transition "BUILD/spawning" ==> "ACTIVE/None" after 19 second wait
2025-11-23 06:27:32.427 66256 INFO tempest.lib.common.rest_client [req-cf732dec-02b9-433f-97b8-1c2f0de73656 req-cf732dec-02b9-433f-97b8-1c2f0de73656 ] Request (SecurityGroupRulesTestJSON:setUpClass): 201 POST http://10.180.1.21/identity/v3/auth/tokens 0.119s
2025-11-23 06:27:32.457 66250 INFO tempest.lib.common.rest_client [req-c2883b92-0197-4938-83ab-fdbeef89b32f req-c2883b92-0197-4938-83ab-fdbeef89b32f ] Request (ServerActionsTestOtherA:setUpClass): 200 POST http://10.180.1.21/compute/v2.1/os-keypairs 3.935s
2025-11-23 06:27:32.485 66252 INFO tempest.lib.common.rest_client [req-ac546128-7b7b-437e-8f43-40c8db72f61c req-ac546128-7b7b-437e-8f43-40c8db72f61c ] Request (ValidationResourcesFixture:setUp): 200 POST http://10.180.1.21/compute/v2.1/os-keypairs 3.727s
2025-11-23 06:27:32.574 66250 INFO tempest.lib.common.rest_client [req-3f7554ed-7386-4f8c-8ce4-c092f2ea7871 req-3f7554ed-7386-4f8c-8ce4-c092f2ea7871 ] Request (ServerActionsTestOtherA:setUpClass): 201 POST http://10.180.1.21/networking/v2.0/security-groups 0.114s
2025-11-23 06:27:32.581 66224 INFO tempest.lib.common.rest_client [req-ebb49a6e-2f8f-4d50-8c21-a113b2b90529 req-ebb49a6e-2f8f-4d50-8c21-a113b2b90529 ] Request (FloatingIPDetailsTestJSON:test_list_floating_ips): 200 GET http://10.180.1.21/compute/v2.1/os-floating-ips 3.854s
2025-11-23 06:27:32.690 66252 INFO tempest.lib.common.rest_client [req-08516072-3f35-4fcb-a41c-f41b2bf00c5c req-08516072-3f35-4fcb-a41c-f41b2bf00c5c ] Request (ValidationResourcesFixture:setUp): 201 POST http://10.180.1.21/networking/v2.0/security-groups 0.203s
2025-11-23 06:27:32.715 66230 INFO tempest.lib.common.rest_client [req-447e91f5-5c19-499f-87e4-da9368a45e24 req-447e91f5-5c19-499f-87e4-da9368a45e24 ] Request (DeleteServersAdminTestJSON:test_admin_delete_servers_of_others): 200 GET http://10.180.1.21/compute/v2.1/servers/c6ec66f0-753f-48d8-9682-95a63541f685 3.262s
2025-11-23 06:27:32.782 66250 INFO tempest.lib.common.rest_client [req-5488ec9e-14b3-496c-90ac-02bd74bf5a6b req-5488ec9e-14b3-496c-90ac-02bd74bf5a6b ] Request (ServerActionsTestOtherA:setUpClass): 201 POST http://10.180.1.21/networking/v2.0/security-group-rules 0.206s
2025-11-23 06:27:32.873 66252 INFO tempest.lib.common.rest_client [req-089efc23-c6de-46db-9a3c-a447d8de5304 req-089efc23-c6de-46db-9a3c-a447d8de5304 ] Request (ValidationResourcesFixture:setUp): 201 POST http://10.180.1.21/networking/v2.0/security-group-rules 0.183s
2025-11-23 06:27:32.995 66246 INFO tempest.lib.common.rest_client [req-7d2df333-1f96-41c6-af97-733ee27e5bd1 req-7d2df333-1f96-41c6-af97-733ee27e5bd1 ] Request (SecurityGroupsTestAdminJSON:_run_cleanups): 202 DELETE http://10.180.1.21/compute/v2.1/os-security-groups/80a0131f-e72a-40be-9b19-1dba532827c6 3.287s
2025-11-23 06:27:33.061 66228 INFO tempest.lib.common.rest_client [req-60d3052d-dadb-4578-bfcf-484d39eb6d70 req-60d3052d-dadb-4578-bfcf-484d39eb6d70 ] Request (QuotasAdminTestV236:test_get_updated_quotas): 200 GET http://10.180.1.21/compute/v2.1/os-quota-sets/51cb774247164f04a292cf1f0c527909/detail 3.087s
2025-11-23 06:27:33.088 66250 INFO tempest.lib.common.rest_client [req-2c6793e4-b83f-4c47-96e7-652de90999b6 req-2c6793e4-b83f-4c47-96e7-652de90999b6 ] Request (ServerActionsTestOtherA:setUpClass): 201 POST http://10.180.1.21/networking/v2.0/security-group-rules 0.306s
2025-11-23 06:27:33.105 66228 INFO tempest.lib.common.rest_client [req-99f092ea-dc1e-4e33-a8f1-d6146e1027e7 req-99f092ea-dc1e-4e33-a8f1-d6146e1027e7 ] Request (QuotasAdminTestV236:test_get_updated_quotas): 200 GET http://10.180.1.21/identity/v3/domains?name=Default 0.037s
2025-11-23 06:27:33.146 66228 INFO tempest.lib.common.rest_client [req-2b5665b4-4806-42f3-b22a-3d9cf6f00dcc req-2b5665b4-4806-42f3-b22a-3d9cf6f00dcc ] Request (QuotasAdminTestV236:test_get_updated_quotas): 201 POST http://10.180.1.21/identity/v3/users 0.040s
2025-11-23 06:27:33.170 66228 INFO tempest.lib.common.rest_client [req-17d1d6cb-31e0-4231-b76c-583568549131 req-17d1d6cb-31e0-4231-b76c-583568549131 ] Request (QuotasAdminTestV236:test_get_updated_quotas): 200 GET http://10.180.1.21/identity/v3/domains?name=Default 0.023s
2025-11-23 06:27:33.247 66252 INFO tempest.lib.common.rest_client [req-26de96bd-182c-4518-8cbb-84cafecb225b req-26de96bd-182c-4518-8cbb-84cafecb225b ] Request (ValidationResourcesFixture:setUp): 201 POST http://10.180.1.21/networking/v2.0/security-group-rules 0.373s
2025-11-23 06:27:33.601 66250 INFO tempest.lib.common.rest_client [req-719a1412-3dc9-4415-aa9b-a3f9a55aefaa req-719a1412-3dc9-4415-aa9b-a3f9a55aefaa ] Request (ServerActionsTestOtherA:setUpClass): 201 POST http://10.180.1.21/networking/v2.0/floatingips 0.512s
2025-11-23 06:27:33.621 66268 INFO tempest.lib.common.rest_client [req-bd484ff2-f2e8-4971-8895-3cef3c98eb9c req-bd484ff2-f2e8-4971-8895-3cef3c98eb9c ] Request (FloatingIPsTestJSON:_run_cleanups): 404 DELETE http://10.180.1.21/compute/v2.1/os-floating-ips/b8089875-796c-466c-b5a7-e7e19e45560c 3.090s
2025-11-23 06:27:33.641 66250 INFO tempest.lib.common.rest_client [req-a063c596-ec2f-4b87-a4ff-2b5813ff89e7 req-a063c596-ec2f-4b87-a4ff-2b5813ff89e7 ] Request (ServerActionsTestOtherA:setUpClass): 201 POST http://10.180.1.21/identity/v3/auth/tokens 0.035s
2025-11-23 06:27:33.641 66250 INFO tempest.lib.common.fixed_network [-] (ServerActionsTestOtherA:setUpClass) Found network {'id': '22827bb2-377d-4191-9c8b-191ef12c1dd7', 'name': 'tempest-ServerActionsTestOtherA-1639909927-network', 'tenant_id': 'a0e318c8ec774b90906b89bf27cfb4c9', 'project_id': 'a0e318c8ec774b90906b89bf27cfb4c9', 'admin_state_up': True, 'mtu': 8950, 'status': 'ACTIVE', 'subnets': [], 'shared': False, 'port_security_enabled': True, 'router:external': False, 'provider:network_type': 'vlan', 'provider:physical_network': 'default', 'provider:segmentation_id': 507, 'availability_zone_hints': [], 'availability_zones': [], 'ipv4_address_scope': None, 'ipv6_address_scope': None, 'description': '', 'tags': [], 'created_at': '2025-11-23T06:27:26Z', 'updated_at': '2025-11-23T06:27:26Z', 'revision_number': 1} available for tenant
2025-11-23 06:27:33.645 66280 INFO tempest.lib.common.rest_client [req-fa0f5a16-a078-4e77-9e94-6350fd688f24 req-fa0f5a16-a078-4e77-9e94-6350fd688f24 ] Request (FlavorsExtraSpecsTestJSON:test_flavor_set_get_update_show_unset_keys): 200 DELETE http://10.180.1.21/compute/v2.1/flavors/218031591/os-extra_specs/hw:cpu_policy 3.007s
2025-11-23 06:27:33.664 66226 INFO tempest.lib.common.rest_client [req-7b475a26-f17b-4e99-aa77-f9d9f1daf19f req-7b475a26-f17b-4e99-aa77-f9d9f1daf19f ] Request (AggregatesAdminNegativeTestJSON:_run_cleanups): 200 DELETE http://10.180.1.21/compute/v2.1/os-aggregates/2 2.937s
2025-11-23 06:27:33.678 66264 INFO tempest.lib.common.rest_client [req-82b3578b-90f2-421d-b31a-8e023dbc20de req-82b3578b-90f2-421d-b31a-8e023dbc20de ] Request (FlavorsExtraSpecsNegativeTestJSON:tearDownClass): 202 DELETE http://10.180.1.21/compute/v2.1/flavors/937693463 2.944s
2025-11-23 06:27:33.684 66266 INFO tempest.lib.common.rest_client [req-127c0d5d-9637-46a9-b4a8-62d5de330f02 req-127c0d5d-9637-46a9-b4a8-62d5de330f02 ] Request (HostsAdminNegativeTestJSON:test_update_host_with_invalid_maintenance_mode): 400 PUT http://10.180.1.21/compute/v2.1/os-hosts/devstack 2.932s
2025-11-23 06:27:33.701 66240 INFO tempest.lib.common.rest_client [req-3b59b340-dcd0-4fd8-8bc7-ce6cc6f7c0fc req-3b59b340-dcd0-4fd8-8bc7-ce6cc6f7c0fc ] Request (FlavorsV2TestJSON:test_list_flavors_detailed_limit_results): 200 GET http://10.180.1.21/compute/v2.1/flavors/detail?limit=1 2.941s
2025-11-23 06:27:33.726 66276 INFO tempest.lib.common.rest_client [req-f0db4c4f-2f05-4f7d-94d7-ce18b10937f2 req-f0db4c4f-2f05-4f7d-94d7-ce18b10937f2 ] Request (FlavorsAccessTestJSON:_run_cleanups): 200 GET http://10.180.1.21/compute/v2.1/flavors/detail 2.956s
2025-11-23 06:27:33.835 66276 INFO tempest.lib.common.rest_client [req-4a63fb08-143a-476f-ad37-ce5c8be206a0 req-4a63fb08-143a-476f-ad37-ce5c8be206a0 ] Request (FlavorsAccessTestJSON:tearDownClass): 204 DELETE http://10.180.1.21/identity/v3/users/a8dc790b98cd4f4f84eb77fa3a5c8dd9 0.101s
2025-11-23 06:27:33.983 66276 INFO tempest.lib.common.rest_client [req-857fd6e5-4142-4dc5-bdd7-10d103beb2eb req-857fd6e5-4142-4dc5-bdd7-10d103beb2eb ] Request (FlavorsAccessTestJSON:tearDownClass): 204 DELETE http://10.180.1.21/identity/v3/users/6013f54f4cef46b4be193946661cd522 0.147s
2025-11-23 06:27:33.983 66276 INFO tempest.lib.common.dynamic_creds [-] Deleting project and security group for project: 0b7ca73ac3ad43ce822784cf012560e9
2025-11-23 06:27:34.061 66252 INFO tempest.lib.common.rest_client [req-c4c78ae8-f6b7-45d5-9c04-3b30fd0bb639 req-c4c78ae8-f6b7-45d5-9c04-3b30fd0bb639 ] Request (ValidationResourcesFixture:setUp): 201 POST http://10.180.1.21/networking/v2.0/floatingips 0.813s
2025-11-23 06:27:34.063 66276 INFO tempest.lib.common.rest_client [req-4b84e4bc-c42b-4734-b72e-162dfa67fe18 req-4b84e4bc-c42b-4734-b72e-162dfa67fe18 ] Request (FlavorsAccessTestJSON:tearDownClass): 201 POST http://10.180.1.21/identity/v3/auth/tokens 0.080s
2025-11-23 06:27:34.143 66252 INFO tempest.lib.common.rest_client [req-f2fa435c-3fc1-468d-9f29-677e55787115 req-f2fa435c-3fc1-468d-9f29-677e55787115 ] Request (ServersWithSpecificFlavorTestJSON:test_verify_created_server_ephemeral_disk): 201 POST http://10.180.1.21/identity/v3/auth/tokens 0.077s
2025-11-23 06:27:34.143 66252 INFO tempest.lib.common.fixed_network [-] (ServersWithSpecificFlavorTestJSON:test_verify_created_server_ephemeral_disk) Found network {'id': '0db9f0c9-941b-409d-b74c-b6dc5b17fd70', 'name': 'tempest-ServersWithSpecificFlavorTestJSON-33206839-network', 'tenant_id': 'e5e2abbb87d44ea2a5ec3c1d0de73cc6', 'project_id': 'e5e2abbb87d44ea2a5ec3c1d0de73cc6', 'admin_state_up': True, 'mtu': 8950, 'status': 'ACTIVE', 'subnets': [], 'shared': False, 'port_security_enabled': True, 'router:external': False, 'provider:network_type': 'vlan', 'provider:physical_network': 'default', 'provider:segmentation_id': 739, 'availability_zone_hints': [], 'availability_zones': [], 'ipv4_address_scope': None, 'ipv6_address_scope': None, 'description': '', 'tags': [], 'created_at': '2025-11-23T06:26:49Z', 'updated_at': '2025-11-23T06:26:49Z', 'revision_number': 1} available for tenant
2025-11-23 06:27:34.732 66276 INFO tempest.lib.common.rest_client [req-7f5f4af1-443a-4f99-bf50-29615258be36 req-7f5f4af1-443a-4f99-bf50-29615258be36 ] Request (FlavorsAccessTestJSON:tearDownClass): 200 GET http://10.180.1.21/networking/v2.0/security-groups?tenant_id=0b7ca73ac3ad43ce822784cf012560e9&name=default 0.668s
2025-11-23 06:27:34.838 66270 INFO tempest.lib.common.rest_client [req-e1e9bdf9-798e-48c8-8611-6a692b0d75ff req-e1e9bdf9-798e-48c8-8611-6a692b0d75ff ] Request (ImagesOneServerNegativeTestJSON:tearDown): 200 GET http://10.180.1.21/compute/v2.1/servers/a3b9a9ec-749a-4356-bd5f-f0febeb26118 4.032s
2025-11-23 06:27:34.860 66242 INFO tempest.lib.common.rest_client [req-7dcb7780-7ac1-4343-8b24-aef1d690abad req-7dcb7780-7ac1-4343-8b24-aef1d690abad ] Request (FlavorsAdminTestJSON:test_create_flavor_with_none_id): 200 POST http://10.180.1.21/compute/v2.1/flavors 4.047s
2025-11-23 06:27:34.918 66272 INFO tempest.lib.common.rest_client [req-fe5ef007-bf49-4fec-bad8-83ebe80b3c4e req-fe5ef007-bf49-4fec-bad8-83ebe80b3c4e ] Request (KeyPairsV22TestJSON:test_keypairs_create_list_delete): 201 POST http://10.180.1.21/compute/v2.1/os-keypairs 4.075s
2025-11-23 06:27:34.942 66262 INFO tempest.lib.common.rest_client [req-8a6ad314-c656-4e66-b8fb-4502cc9b6f7a req-8a6ad314-c656-4e66-b8fb-4502cc9b6f7a ] Request (ServicesAdminNegativeV253TestJSON:test_get_service_by_invalid_service_and_valid_host): 200 GET http://10.180.1.21/compute/v2.1/os-services 4.068s
2025-11-23 06:27:35.000 66276 INFO tempest.lib.common.rest_client [req-2274e3fa-0b6a-45dd-b369-af01e5020ac5 req-2274e3fa-0b6a-45dd-b369-af01e5020ac5 ] Request (FlavorsAccessTestJSON:tearDownClass): 204 DELETE http://10.180.1.21/networking/v2.0/security-groups/eaf632b1-f85e-46c9-ac4a-7e34b06cded4 0.268s
2025-11-23 06:27:35.045 66268 INFO tempest.lib.common.rest_client [req-dacc6f2c-4bac-4098-b747-451ccb568ef4 req-dacc6f2c-4bac-4098-b747-451ccb568ef4 ] Request (FloatingIPsTestJSON:tearDownClass): 200 PUT http://10.180.1.21/networking/v2.0/routers/4cc9c7c8-14ed-4273-9cc9-045c1bf59bce/remove_router_interface 1.423s
2025-11-23 06:27:35.107 66276 INFO tempest.lib.common.rest_client [req-67f34f0d-bb93-44c9-b9f0-c0511569cb33 req-67f34f0d-bb93-44c9-b9f0-c0511569cb33 ] Request (FlavorsAccessTestJSON:tearDownClass): 204 DELETE http://10.180.1.21/identity/v3/projects/0b7ca73ac3ad43ce822784cf012560e9 0.106s
2025-11-23 06:27:35.107 66276 INFO tempest.lib.common.dynamic_creds [-] Deleting project and security group for project: 62969fe613e8463e903bc259b21eeef7
2025-11-23 06:27:35.198 66218 INFO tempest.lib.common.rest_client [req-19f72c80-18b0-472c-935b-ad6eb5f34159 req-19f72c80-18b0-472c-935b-ad6eb5f34159 ] Request (ServerRescueTestJSON:setUpClass): 202 POST http://10.180.1.21/compute/v2.1/servers 5.407s
2025-11-23 06:27:35.650 66268 INFO tempest.lib.common.rest_client [req-099ad6ab-d9b4-4a48-897f-3c8ed2c592cc req-099ad6ab-d9b4-4a48-897f-3c8ed2c592cc ] Request (FloatingIPsTestJSON:tearDownClass): 204 DELETE http://10.180.1.21/networking/v2.0/routers/4cc9c7c8-14ed-4273-9cc9-045c1bf59bce 0.604s
2025-11-23 06:27:35.662 66276 INFO tempest.lib.common.rest_client [req-3dad4de1-ddf8-4010-84af-f67a11c66f24 req-3dad4de1-ddf8-4010-84af-f67a11c66f24 ] Request (FlavorsAccessTestJSON:tearDownClass): 200 GET http://10.180.1.21/networking/v2.0/security-groups?tenant_id=62969fe613e8463e903bc259b21eeef7&name=default 0.555s
2025-11-23 06:27:35.687 66258 INFO tempest.lib.common.rest_client [req-cacb4a51-25fb-48c0-ab00-2e24571254bd req-cacb4a51-25fb-48c0-ab00-2e24571254bd ] Request (ImagesTestJSON:test_create_image_from_stopped_server): 200 GET http://10.180.1.21/compute/v2.1/servers/3f4d42f1-0e45-4eae-8df6-fff0dc7ad372 4.488s
2025-11-23 06:27:35.695 66258 INFO tempest.common.waiters [-] State transition "BUILD/spawning" ==> "ACTIVE/None" after 21 second wait
2025-11-23 06:27:35.906 66268 INFO tempest.lib.common.rest_client [req-0a686f79-10ae-4e02-9dfc-a00604f00852 req-0a686f79-10ae-4e02-9dfc-a00604f00852 ] Request (FloatingIPsTestJSON:tearDownClass): 204 DELETE http://10.180.1.21/networking/v2.0/subnets/62aea41a-f05b-4d24-97fb-770e7d5b9193 0.252s
2025-11-23 06:27:35.917 66244 WARNING tempest.lib.common.ssh [-] Failed to establish authenticated ssh connection to cirros@10.180.180.214 ([Errno None] Unable to connect to port 22 on 10.180.180.214). Number attempts: 1. Retry after 2 seconds.: paramiko.ssh_exception.NoValidConnectionsError: [Errno None] Unable to connect to port 22 on 10.180.180.214
2025-11-23 06:27:36.000 66276 INFO tempest.lib.common.rest_client [req-fe5a960f-3011-4157-801b-5d3807cc2b4e req-fe5a960f-3011-4157-801b-5d3807cc2b4e ] Request (FlavorsAccessTestJSON:tearDownClass): 204 DELETE http://10.180.1.21/networking/v2.0/security-groups/da9a7774-cc3a-4f42-8298-8c20732e3c79 0.337s
2025-11-23 06:27:36.128 66274 INFO tempest.lib.common.rest_client [req-3ddac90a-0384-4c93-bae3-bf3ca3947bf5 req-3ddac90a-0384-4c93-bae3-bf3ca3947bf5 ] Request (AttachInterfacesUnderV243Test:test_add_remove_fixed_ip): 200 GET http://10.180.1.21/compute/v2.1/servers/3b258742-2c0b-4447-8cf8-1b2d95db3e43 4.635s
2025-11-23 06:27:36.161 66276 INFO tempest.lib.common.rest_client [req-6ed80d41-b6d9-498e-a65a-288f9a8ce3e6 req-6ed80d41-b6d9-498e-a65a-288f9a8ce3e6 ] Request (FlavorsAccessTestJSON:tearDownClass): 204 DELETE http://10.180.1.21/identity/v3/projects/62969fe613e8463e903bc259b21eeef7 0.160s
2025-11-23 06:27:36.231 66276 INFO tempest.lib.common.rest_client [req-cb8f1b33-d3db-4c67-886b-d82dfd284a87 req-cb8f1b33-d3db-4c67-886b-d82dfd284a87 ] Request (HypervisorAdminUnderV252Test:setUpClass): 201 POST http://10.180.1.21/identity/v3/auth/tokens 0.068s
2025-11-23 06:27:36.269 66276 INFO tempest.lib.common.rest_client [req-95807c38-f316-4c8e-a503-0b6ea25d5620 req-95807c38-f316-4c8e-a503-0b6ea25d5620 ] Request (HypervisorAdminUnderV252Test:setUpClass): 201 POST http://10.180.1.21/identity/v3/auth/tokens 0.034s
2025-11-23 06:27:36.292 66276 INFO tempest.lib.common.rest_client [req-3ce38ef5-00dc-4a4d-996f-0c547602c36a req-3ce38ef5-00dc-4a4d-996f-0c547602c36a ] Request (HypervisorAdminUnderV252Test:setUpClass): 200 GET http://10.180.1.21/identity/v3/domains?name=Default 0.023s
2025-11-23 06:27:36.328 66276 INFO tempest.lib.common.rest_client [req-6c17924f-78d0-4de4-bec8-02a3f9329c38 req-6c17924f-78d0-4de4-bec8-02a3f9329c38 ] Request (HypervisorAdminUnderV252Test:setUpClass): 201 POST http://10.180.1.21/identity/v3/projects 0.035s
2025-11-23 06:27:36.391 66276 INFO tempest.lib.common.rest_client [req-bbed3123-89eb-4369-9c18-1823eb8ae7b0 req-bbed3123-89eb-4369-9c18-1823eb8ae7b0 ] Request (HypervisorAdminUnderV252Test:setUpClass): 201 POST http://10.180.1.21/identity/v3/users 0.062s
2025-11-23 06:27:36.419 66276 INFO tempest.lib.common.rest_client [req-4da67b72-3e35-468a-8dcb-3fed3b524406 req-4da67b72-3e35-468a-8dcb-3fed3b524406 ] Request (HypervisorAdminUnderV252Test:setUpClass): 200 GET http://10.180.1.21/identity/v3/roles 0.027s
2025-11-23 06:27:36.447 66276 INFO tempest.lib.common.rest_client [req-279a5283-2988-4d5f-b5a1-591ca94b6be8 req-279a5283-2988-4d5f-b5a1-591ca94b6be8 ] Request (HypervisorAdminUnderV252Test:setUpClass): 204 PUT http://10.180.1.21/identity/v3/projects/0bc125c765af46beb82141a9db5e2469/users/4f3794b76fa94daf8af9a042f6c39a64/roles/0b07b7e866044732bfc814cb36a20832 0.028s
2025-11-23 06:27:36.447 66276 INFO tempest.lib.common.dynamic_creds [-] Dynamic test user 4f3794b76fa94daf8af9a042f6c39a64 is created with scope project and roles: ['member']
2025-11-23 06:27:36.448 66276 INFO tempest.lib.common.dynamic_creds [-] Acquired dynamic creds: credentials: Credentials: {'domain_id': 'default', 'domain_name': 'Default', 'username': 'tempest-HypervisorAdminUnderV252Test-79595536-project-member', 'project_domain_id': 'default', 'project_domain_name': 'Default', 'project_id': '0bc125c765af46beb82141a9db5e2469', 'project_name': 'tempest-HypervisorAdminUnderV252Test-79595536', 'tenant_id': '0bc125c765af46beb82141a9db5e2469', 'tenant_name': 'tempest-HypervisorAdminUnderV252Test-79595536', 'user_domain_id': 'default', 'user_domain_name': 'Default', 'user_id': '4f3794b76fa94daf8af9a042f6c39a64', 'system': None}, Network: None, Subnet: None, Router: None
2025-11-23 06:27:36.448 66276 INFO tempest.lib.common.dynamic_creds [-] Created isolated network resources for: credentials: Credentials: {'domain_id': 'default', 'domain_name': 'Default', 'username': 'tempest-HypervisorAdminUnderV252Test-79595536-project-member', 'project_domain_id': 'default', 'project_domain_name': 'Default', 'project_id': '0bc125c765af46beb82141a9db5e2469', 'project_name': 'tempest-HypervisorAdminUnderV252Test-79595536', 'tenant_id': '0bc125c765af46beb82141a9db5e2469', 'tenant_name': 'tempest-HypervisorAdminUnderV252Test-79595536', 'user_domain_id': 'default', 'user_domain_name': 'Default', 'user_id': '4f3794b76fa94daf8af9a042f6c39a64', 'system': None}, Network: None, Subnet: None, Router: None
2025-11-23 06:27:36.460 66268 INFO tempest.lib.common.rest_client [req-cff839cd-0586-4d73-ab30-5825ecb9d3dc req-cff839cd-0586-4d73-ab30-5825ecb9d3dc ] Request (FloatingIPsTestJSON:tearDownClass): 204 DELETE http://10.180.1.21/networking/v2.0/networks/5df4867c-099d-4a12-b8c5-bc6e021dd8a3 0.554s
2025-11-23 06:27:36.518 66220 INFO tempest.lib.common.rest_client [req-86fbd568-92e1-4e5d-b65f-9e3c17fba52b req-86fbd568-92e1-4e5d-b65f-9e3c17fba52b ] Request (AttachInterfacesTestJSON:test_create_list_show_delete_interfaces_by_fixed_ip): 200 GET http://10.180.1.21/compute/v2.1/servers/d7d5e555-6ca1-4df1-8d51-1e5dce1f6928 4.940s
2025-11-23 06:27:36.527 66220 INFO tempest.common.waiters [-] State transition "BUILD/spawning" ==> "ACTIVE/None" after 22 second wait
2025-11-23 06:27:36.532 66276 INFO tempest.lib.common.rest_client [req-59749071-38d0-40cc-b77d-6ca0bdf6b419 req-59749071-38d0-40cc-b77d-6ca0bdf6b419 ] Request (HypervisorAdminUnderV252Test:setUpClass): 201 POST http://10.180.1.21/identity/v3/auth/tokens 0.081s
2025-11-23 06:27:36.536 66260 INFO tempest.lib.common.rest_client [req-600b7db0-acbf-4a17-bc5f-dc12cd89f218 req-600b7db0-acbf-4a17-bc5f-dc12cd89f218 ] Request (ServersAdmin275Test:test_rebuild_update_server_275): 200 GET http://10.180.1.21/compute/v2.1/servers/61bb7cab-998c-40dd-b878-948b3f07418c 4.920s
2025-11-23 06:27:36.549 66260 INFO tempest.common.waiters [-] State transition "BUILD/block_device_mapping" ==> "BUILD/spawning" after 15 second wait
2025-11-23 06:27:36.605 66276 INFO tempest.lib.common.rest_client [req-b2e5cdd9-dec3-4e1b-90de-e9b4eb4bb0d5 req-b2e5cdd9-dec3-4e1b-90de-e9b4eb4bb0d5 ] Request (HypervisorAdminUnderV252Test:setUpClass): 201 POST http://10.180.1.21/identity/v3/projects 0.072s
2025-11-23 06:27:36.640 66268 INFO tempest.lib.common.rest_client [req-979e9cf6-9fe2-4def-9fe1-82a07c8aa8cb req-979e9cf6-9fe2-4def-9fe1-82a07c8aa8cb ] Request (FloatingIPsTestJSON:tearDownClass): 204 DELETE http://10.180.1.21/identity/v3/users/2257f8e178174533976d0b92e4323ebc 0.180s
2025-11-23 06:27:36.641 66268 INFO tempest.lib.common.dynamic_creds [-] Deleting project and security group for project: d7dd4e56c14f49fab38eb9cf09d16545
