2025-11-23 06:30:00.939 66234 INFO tempest.lib.common.rest_client [req-0d8f69f7-55c9-4ace-ba68-54ef2c71a59e req-0d8f69f7-55c9-4ace-ba68-54ef2c71a59e ] Request (ServerRescueNegativeTestJSON:setUpClass): 200 PUT http://10.180.1.21/networking/v2.0/routers/16d7a6bc-bdc4-49ee-bec0-46a8f5b06d3a/add_router_interface 0.966s
2025-11-23 06:30:00.939 66234 INFO tempest.lib.common.dynamic_creds [-] Created isolated network resources for: credentials: Credentials: {'domain_id': 'default', 'domain_name': 'Default', 'username': 'tempest-ServerRescueNegativeTestJSON-46823991-project-member', 'project_domain_id': 'default', 'project_domain_name': 'Default', 'project_id': '68b4eb99d8a5464da7910b529e8021a7', 'project_name': 'tempest-ServerRescueNegativeTestJSON-46823991', 'tenant_id': '68b4eb99d8a5464da7910b529e8021a7', 'tenant_name': 'tempest-ServerRescueNegativeTestJSON-46823991', 'user_domain_id': 'default', 'user_domain_name': 'Default', 'user_id': '9f2ed8f537924943baf65d40ae7f95b7', 'system': None}, Network: {'id': '75c4c50b-504d-42d1-80a6-313ba53bbcfb', 'name': 'tempest-ServerRescueNegativeTestJSON-35314436-network', 'tenant_id': '68b4eb99d8a5464da7910b529e8021a7', 'project_id': '68b4eb99d8a5464da7910b529e8021a7', 'admin_state_up': True, 'mtu': 8950, 'status': 'ACTIVE', 'subnets': [], 'shared': False, 'port_security_enabled': True, 'router:external': False, 'provider:network_type': 'vlan', 'provider:physical_network': 'default', 'provider:segmentation_id': 454, 'availability_zone_hints': [], 'availability_zones': [], 'ipv4_address_scope': None, 'ipv6_address_scope': None, 'description': '', 'tags': [], 'created_at': '2025-11-23T06:29:58Z', 'updated_at': '2025-11-23T06:29:58Z', 'revision_number': 1}, Subnet: {'id': '882d7c0e-abe6-4dc6-8ec3-c15ad9a78c93', 'name': 'tempest-ServerRescueNegativeTestJSON-35314436-subnet', 'tenant_id': '68b4eb99d8a5464da7910b529e8021a7', 'network_id': '75c4c50b-504d-42d1-80a6-313ba53bbcfb', 'ip_version': 4, 'subnetpool_id': None, 'enable_dhcp': True, 'ipv6_ra_mode': None, 'ipv6_address_mode': None, 'gateway_ip': '192.168.128.1', 'cidr': '192.168.128.0/28', 'allocation_pools': [{'start': '192.168.128.2', 'end': '192.168.128.14'}], 'host_routes': [], 'dns_nameservers': [], 'description': '', 'router:external': False, 'service_types': [], 'tags': [], 'created_at': '2025-11-23T06:29:59Z', 'updated_at': '2025-11-23T06:29:59Z', 'revision_number': 0, 'project_id': '68b4eb99d8a5464da7910b529e8021a7'}, Router: {'id': '16d7a6bc-bdc4-49ee-bec0-46a8f5b06d3a', 'name': 'tempest-ServerRescueNegativeTestJSON-35314436-router', 'tenant_id': '68b4eb99d8a5464da7910b529e8021a7', 'admin_state_up': True, 'status': 'ACTIVE', 'external_gateway_info': {'network_id': 'c7b0251c-dfae-4218-b021-ca03358bf5f0', 'external_fixed_ips': [{'subnet_id': '9b962cef-8a17-412e-bd97-455e9a8452ff', 'ip_address': '10.180.180.152'}], 'enable_snat': True}, 'description': '', 'availability_zones': [], 'distributed': False, 'ha': False, 'availability_zone_hints': [], 'routes': [], 'flavor_id': None, 'tags': [], 'created_at': '2025-11-23T06:29:59Z', 'updated_at': '2025-11-23T06:29:59Z', 'revision_number': 2, 'project_id': '68b4eb99d8a5464da7910b529e8021a7'}
2025-11-23 06:30:00.995 66228 INFO tempest.lib.common.rest_client [req-d0c5e473-982c-46c1-8e08-b4a2795f9eb3 req-d0c5e473-982c-46c1-8e08-b4a2795f9eb3 ] Request (ServersTestJSON:setUpClass): 200 GET http://10.180.1.21/compute/v2.1/servers/efa2fb3c-477b-48a0-893a-5b60ee93656d 1.785s
2025-11-23 06:30:01.018 66280 INFO tempest.lib.common.rest_client [req-70c03a4c-1a45-497e-94cf-45eb5f785087 req-70c03a4c-1a45-497e-94cf-45eb5f785087 ] Request (ServerDiagnosticsNegativeTest:tearDownClass): 200 GET http://10.180.1.21/compute/v2.1/servers/df710cff-a457-4b52-a2fd-2c76cc6d4f61 1.690s
2025-11-23 06:30:01.075 66234 INFO tempest.lib.common.rest_client [req-1d2ed836-6501-411a-b4d1-1f34dc049194 req-1d2ed836-6501-411a-b4d1-1f34dc049194 ] Request (ServerRescueNegativeTestJSON:setUpClass): 201 POST http://10.180.1.21/identity/v3/auth/tokens 0.131s
2025-11-23 06:30:01.142 66234 INFO tempest.lib.common.rest_client [req-c597efa0-fd96-4b17-98ba-5f871039959f req-c597efa0-fd96-4b17-98ba-5f871039959f ] Request (ServerRescueNegativeTestJSON:setUpClass): 201 POST http://10.180.1.21/identity/v3/auth/tokens 0.061s
2025-11-23 06:30:01.143 66234 INFO tempest.lib.common.fixed_network [-] (ServerRescueNegativeTestJSON:setUpClass) Found network {'id': '75c4c50b-504d-42d1-80a6-313ba53bbcfb', 'name': 'tempest-ServerRescueNegativeTestJSON-35314436-network', 'tenant_id': '68b4eb99d8a5464da7910b529e8021a7', 'project_id': '68b4eb99d8a5464da7910b529e8021a7', 'admin_state_up': True, 'mtu': 8950, 'status': 'ACTIVE', 'subnets': [], 'shared': False, 'port_security_enabled': True, 'router:external': False, 'provider:network_type': 'vlan', 'provider:physical_network': 'default', 'provider:segmentation_id': 454, 'availability_zone_hints': [], 'availability_zones': [], 'ipv4_address_scope': None, 'ipv6_address_scope': None, 'description': '', 'tags': [], 'created_at': '2025-11-23T06:29:58Z', 'updated_at': '2025-11-23T06:29:58Z', 'revision_number': 1} available for tenant
2025-11-23 06:30:01.164 66222 INFO tempest.lib.common.rest_client [req-4401e56e-57d1-4973-a675-5511ce0cae1b req-4401e56e-57d1-4973-a675-5511ce0cae1b ] Request (ServersAdminNegativeTestJSON:tearDownClass): 200 GET http://10.180.1.21/compute/v2.1/servers/e447675e-d193-4ea9-8be0-6a3731080678 1.760s
2025-11-23 06:30:01.201 66248 INFO tempest.lib.common.rest_client [req-5925a3c6-3993-49ea-9a92-1d794aff143e req-5925a3c6-3993-49ea-9a92-1d794aff143e ] Request (MigrationsAdminTest:test_resize_server_revert_deleted_flavor): 200 GET http://10.180.1.21/compute/v2.1/servers/e2512942-0176-4423-a2ba-935dc5082a90 1.843s
2025-11-23 06:30:01.237 66252 INFO tempest.lib.common.rest_client [req-0ce579b1-9445-47fc-abb8-ec0989c570a4 req-0ce579b1-9445-47fc-abb8-ec0989c570a4 ] Request (ServersWithSpecificFlavorTestJSON:test_verify_created_server_ephemeral_disk): 200 GET http://10.180.1.21/compute/v2.1/servers/b4d2db08-3301-41db-9e0e-c9fcba1623c7 1.825s
2025-11-23 06:30:01.243 66238 INFO tempest.lib.common.rest_client [req-891ccf34-64dd-4ccf-8901-bcf1f9faec61 req-891ccf34-64dd-4ccf-8901-bcf1f9faec61 ] Request (VolumesAssistedSnapshotsTest:tearDownClass): 204 DELETE http://10.180.1.21/networking/v2.0/routers/c49f09f8-98a9-4ee3-b9f7-e356e9f25ed7 0.550s
2025-11-23 06:30:01.275 66230 INFO tempest.lib.common.rest_client [req-a869594c-1388-4506-9881-95652e6d00f9 req-a869594c-1388-4506-9881-95652e6d00f9 ] Request (ServerDiagnosticsTest:test_get_server_diagnostics): 200 GET http://10.180.1.21/compute/v2.1/servers/944b42e7-eeab-4e3c-8afb-e40a6d97385b 1.800s
2025-11-23 06:30:01.311 66264 INFO tempest.lib.common.rest_client [req-109b91e8-f393-457e-942c-fa3808a6d829 req-109b91e8-f393-457e-942c-fa3808a6d829 ] Request (FloatingIPsAssociationTestJSON:tearDownClass): 200 GET http://10.180.1.21/compute/v2.1/servers/f7dccb12-71b0-4f47-ad64-04ee0512b48b 1.818s
2025-11-23 06:30:01.362 66278 INFO tempest.lib.common.rest_client [req-d4e11125-3b52-4341-88b8-95d6eca05c99 req-d4e11125-3b52-4341-88b8-95d6eca05c99 ] Request (MultipleCreateTestJSON:_run_cleanups): 200 GET http://10.180.1.21/compute/v2.1/servers/823d4195-13d2-4ba1-a9be-723371983fb5 1.823s
2025-11-23 06:30:01.381 66236 INFO tempest.lib.common.rest_client [req-f82ed62a-ecc2-4b8c-8db5-2f4e70cf13c2 req-f82ed62a-ecc2-4b8c-8db5-2f4e70cf13c2 ] Request (InstanceActionsNegativeTestJSON:setUpClass): 200 GET http://10.180.1.21/compute/v2.1/servers/67be4957-0c3d-4187-a616-ca082060bf55 1.830s
2025-11-23 06:30:01.420 66238 INFO tempest.lib.common.rest_client [req-dc6bbaed-6687-453b-a599-e802c0a342b1 req-dc6bbaed-6687-453b-a599-e802c0a342b1 ] Request (VolumesAssistedSnapshotsTest:tearDownClass): 204 DELETE http://10.180.1.21/networking/v2.0/subnets/e1b08056-98a6-4d1e-ab4d-79a5045f6f60 0.177s
2025-11-23 06:30:01.436 66272 INFO tempest.lib.common.rest_client [req-ac0c97cd-8215-4346-a0f7-7858513f0c0f req-ac0c97cd-8215-4346-a0f7-7858513f0c0f ] Request (ListServerFiltersTestJSON:tearDownClass): 200 GET http://10.180.1.21/compute/v2.1/servers/cb9dc1bb-5e64-4bf9-bdc1-29494e714919 1.813s
2025-11-23 06:30:01.488 66256 INFO tempest.lib.common.rest_client [req-08fdf7ab-c712-453a-9fe3-c787daa93e5c req-08fdf7ab-c712-453a-9fe3-c787daa93e5c ] Request (InstanceActionsV221TestJSON:test_get_list_deleted_instance_actions): 200 GET http://10.180.1.21/compute/v2.1/servers/04f655b8-56ae-4ba0-b98f-07b674b73f76 1.832s
2025-11-23 06:30:01.500 66266 INFO tempest.lib.common.rest_client [req-2cfd7e68-23a3-4b36-a7a5-bc7491531cfd req-2cfd7e68-23a3-4b36-a7a5-bc7491531cfd ] Request (VolumesAdminNegativeTest:test_update_attached_volume_with_nonexistent_volume_in_uri): 200 GET http://10.180.1.21/compute/v2.1/servers/1ae98d05-9433-4ed6-94e6-952755baf5e7 1.549s
2025-11-23 06:30:01.521 66276 INFO tempest.lib.common.rest_client [req-100eeef8-193c-4929-84c9-d56f4691d92a req-100eeef8-193c-4929-84c9-d56f4691d92a ] Request (ServersListShow298Test:tearDownClass): 404 GET http://10.180.1.21/compute/v2.1/servers/cffea72f-4812-49b1-9a44-334744200e67 1.548s
2025-11-23 06:30:01.544 66262 INFO tempest.lib.common.rest_client [req-459b9d53-5c6c-4a91-bf39-82f6e8b35d0d req-459b9d53-5c6c-4a91-bf39-82f6e8b35d0d ] Request (ListImageFiltersTestJSON:setUpClass): 200 GET http://10.180.1.21/compute/v2.1/images/c9095ad8-2ab7-4b91-9d63-ee435fc19dcf 1.551s
2025-11-23 06:30:01.608 66274 INFO tempest.lib.common.rest_client [req-8e7dc758-2417-4175-b275-1fa31d6e4ab6 req-8e7dc758-2417-4175-b275-1fa31d6e4ab6 ] Request (AttachVolumeTestJSON:test_attach_detach_volume): 200 GET http://10.180.1.21/compute/v2.1/servers/128aba14-8484-4bd0-8e5a-42c5cb6adadc 1.441s
2025-11-23 06:30:01.635 66276 INFO tempest.lib.common.rest_client [req-32f7f13a-2f95-484a-ba10-68973b923c4a req-32f7f13a-2f95-484a-ba10-68973b923c4a ] Request (ServersListShow298Test:tearDownClass): 204 DELETE http://10.180.1.21/identity/v3/users/8e90ce5b134b473cb06809c3ad5e95c1 0.113s
2025-11-23 06:30:01.635 66276 INFO tempest.lib.common.dynamic_creds [-] Deleting project and security group for project: d453d6b9567142539f8963c012243b90
2025-11-23 06:30:01.701 66224 INFO tempest.lib.common.rest_client [req-6cabadc2-a68e-468e-8dd0-3e94aa6867d2 req-6cabadc2-a68e-468e-8dd0-3e94aa6867d2 ] Request (ListServersNegativeTestJSON:setUpClass): 200 GET http://10.180.1.21/compute/v2.1/servers/d7896148-c104-460a-b74c-60ee1780ddcb 1.269s
2025-11-23 06:30:01.716 66276 INFO tempest.lib.common.rest_client [req-83cea082-8e00-47fb-a2b1-e6381188c01d req-83cea082-8e00-47fb-a2b1-e6381188c01d ] Request (ServersListShow298Test:tearDownClass): 201 POST http://10.180.1.21/identity/v3/auth/tokens 0.081s
2025-11-23 06:30:01.743 66270 INFO tempest.lib.common.rest_client [req-db4a1d3b-59fd-4b1a-a99c-4d17bd79f583 req-db4a1d3b-59fd-4b1a-a99c-4d17bd79f583 ] Request (ImagesOneServerNegativeTestJSON:_run_cleanups): 200 GET http://10.180.1.21/compute/v2.1/servers/a8aeecd1-c7d9-481a-90a8-1a1ddbe1a8c0 1.325s
2025-11-23 06:30:01.774 66238 INFO tempest.lib.common.rest_client [req-55915ec6-c5c7-4725-96df-c39e77b37607 req-55915ec6-c5c7-4725-96df-c39e77b37607 ] Request (VolumesAssistedSnapshotsTest:tearDownClass): 204 DELETE http://10.180.1.21/networking/v2.0/networks/16b2ce87-e750-42c5-9b8f-8197934cfca1 0.353s
2025-11-23 06:30:01.802 66240 INFO tempest.lib.common.rest_client [req-0cc6f7f3-5e07-4b08-9c0a-ce0cebb9e00f req-0cc6f7f3-5e07-4b08-9c0a-ce0cebb9e00f ] Request (ServerDiskConfigTestJSON:test_rebuild_server_with_manual_disk_config): 200 GET http://10.180.1.21/compute/v2.1/servers/51f2d09a-e98c-4bd6-ab85-8df0b7aec063 1.219s
2025-11-23 06:30:01.936 66276 INFO tempest.lib.common.rest_client [req-95a64b80-e773-472b-b55e-ebbb147b6904 req-95a64b80-e773-472b-b55e-ebbb147b6904 ] Request (ServersListShow298Test:tearDownClass): 200 GET http://10.180.1.21/networking/v2.0/security-groups?tenant_id=d453d6b9567142539f8963c012243b90&name=default 0.219s
2025-11-23 06:30:01.958 66226 INFO tempest.lib.common.rest_client [req-858c2f60-cfc5-4400-820c-88d9c0008045 req-858c2f60-cfc5-4400-820c-88d9c0008045 ] Request (TenantUsagesTestJSON:setUpClass): 200 GET http://10.180.1.21/compute/v2.1/servers/6d9254aa-9ccd-455f-99ef-05ee6225d404 1.359s
2025-11-23 06:30:01.973 66250 INFO tempest.lib.common.rest_client [req-7a2c3350-ec1c-4906-b405-d015306fb8f7 req-7a2c3350-ec1c-4906-b405-d015306fb8f7 ] Request (ServerActionsTestOtherA:test_rebuild_server_in_stop_state): 200 GET http://10.180.1.21/compute/v2.1/servers/abdf6cb8-6594-4a9f-8dbe-67bc7df59f61 1.049s
2025-11-23 06:30:02.084 66276 INFO tempest.lib.common.rest_client [req-02daa3db-d4fa-41b6-a18d-de1eb43e28e6 req-02daa3db-d4fa-41b6-a18d-de1eb43e28e6 ] Request (ServersListShow298Test:tearDownClass): 204 DELETE http://10.180.1.21/networking/v2.0/security-groups/6a003dda-4013-4943-9363-8d46d5643c01 0.148s
2025-11-23 06:30:02.115 66220 INFO tempest.lib.common.rest_client [req-aca5566f-1def-4348-927f-96aa1d89a1f1 req-aca5566f-1def-4348-927f-96aa1d89a1f1 ] Request (AttachInterfacesTestJSON:test_create_list_show_delete_interfaces_by_network_port): 200 GET http://10.180.1.21/compute/v2.1/servers/006cdf26-0097-49e0-a9eb-93125cf8d262 1.166s
2025-11-23 06:30:02.128 66242 INFO tempest.lib.common.rest_client [req-52bf9f36-6daa-4c03-9a8b-30319543c99a req-52bf9f36-6daa-4c03-9a8b-30319543c99a ] Request (DeleteServersTestJSON:test_delete_active_server): 200 GET http://10.180.1.21/compute/v2.1/servers/eb56d399-39b0-4598-b758-ebe4f7808d70 1.111s
2025-11-23 06:30:02.155 66268 WARNING tempest.lib.common.ssh [-] Failed to establish authenticated ssh connection to cirros@10.180.180.206 ([Errno None] Unable to connect to port 22 on 10.180.180.206). Number attempts: 8. Retry after 9 seconds.: paramiko.ssh_exception.NoValidConnectionsError: [Errno None] Unable to connect to port 22 on 10.180.180.206
2025-11-23 06:30:02.164 66276 INFO tempest.lib.common.rest_client [req-4e5c5f8b-7c27-41f0-882b-3ff441f8b37e req-4e5c5f8b-7c27-41f0-882b-3ff441f8b37e ] Request (ServersListShow298Test:tearDownClass): 204 DELETE http://10.180.1.21/identity/v3/projects/d453d6b9567142539f8963c012243b90 0.080s
2025-11-23 06:30:02.180 66262 INFO tempest.lib.common.rest_client [req-fcb5bf02-8f0c-4e2a-a790-10955bfe3d77 req-fcb5bf02-8f0c-4e2a-a790-10955bfe3d77 ] Request (ListImageFiltersTestJSON:setUpClass): 200 GET http://10.180.1.21/compute/v2.1/images/c9095ad8-2ab7-4b91-9d63-ee435fc19dcf 0.628s
2025-11-23 06:30:02.270 66218 INFO tempest.lib.common.rest_client [req-a2fb1b21-313b-4152-842d-0f13f86117d0 req-a2fb1b21-313b-4152-842d-0f13f86117d0 ] Request (ServerRescueTestJSON:tearDownClass): 200 GET http://10.180.1.21/compute/v2.1/servers/675e2bde-a50e-4876-b975-43f9a5fa5134 0.525s
2025-11-23 06:30:02.334 66258 INFO tempest.lib.common.rest_client [req-b8bc6138-38e8-4ea9-b8b5-fff437c433ee req-b8bc6138-38e8-4ea9-b8b5-fff437c433ee ] Request (ImagesTestJSON:test_create_server_from_snapshot): 200 GET http://10.180.1.21/compute/v2.1/servers/2786cf42-2b4b-40ee-b0b9-9f7c5557d4ea 0.589s
2025-11-23 06:30:02.412 66228 INFO tempest.lib.common.rest_client [req-61086afc-84d9-461d-b546-122c44440e7f req-61086afc-84d9-461d-b546-122c44440e7f ] Request (ServersTestJSON:setUpClass): 200 GET http://10.180.1.21/compute/v2.1/servers/efa2fb3c-477b-48a0-893a-5b60ee93656d 0.405s
2025-11-23 06:30:02.490 66280 INFO tempest.lib.common.rest_client [req-0d3cb029-0f95-4d48-8702-badabe9aaca9 req-0d3cb029-0f95-4d48-8702-badabe9aaca9 ] Request (ServerDiagnosticsNegativeTest:tearDownClass): 200 GET http://10.180.1.21/compute/v2.1/servers/df710cff-a457-4b52-a2fd-2c76cc6d4f61 0.458s
2025-11-23 06:30:02.588 66222 INFO tempest.lib.common.rest_client [req-eee152e1-efd1-413a-96f4-1a9080760536 req-eee152e1-efd1-413a-96f4-1a9080760536 ] Request (ServersAdminNegativeTestJSON:tearDownClass): 200 GET http://10.180.1.21/compute/v2.1/servers/e447675e-d193-4ea9-8be0-6a3731080678 0.415s
2025-11-23 06:30:02.651 66234 INFO tempest.lib.common.rest_client [req-fdcca4f1-f746-497c-9b5b-0654570e754a req-fdcca4f1-f746-497c-9b5b-0654570e754a ] Request (ServerRescueNegativeTestJSON:setUpClass): 202 POST http://10.180.1.21/compute/v2.1/servers 1.507s
2025-11-23 06:30:02.652 66238 INFO tempest.lib.common.rest_client [req-2af0d9d9-94a9-42f6-9b5e-078518ad1c05 req-2af0d9d9-94a9-42f6-9b5e-078518ad1c05 ] Request (VolumesAssistedSnapshotsTest:tearDownClass): 200 PUT http://10.180.1.21/networking/v2.0/routers/521ec90e-2f4a-47c5-a26c-ccb00d755a02/remove_router_interface 0.877s
2025-11-23 06:30:02.787 66262 INFO tempest.lib.common.rest_client [req-41b71b8d-9b3d-4e41-86d1-c2f83802427e req-41b71b8d-9b3d-4e41-86d1-c2f83802427e ] Request (ListImageFiltersTestJSON:setUpClass): 200 GET http://10.180.1.21/compute/v2.1/servers/d06c0dc8-216a-42cf-9acd-8d19e3b5a768 0.603s
2025-11-23 06:30:02.826 66248 INFO tempest.lib.common.rest_client [req-67eb60b9-6e60-404e-bfe1-d6baa9d83904 req-67eb60b9-6e60-404e-bfe1-d6baa9d83904 ] Request (MigrationsAdminTest:test_resize_server_revert_deleted_flavor): 200 GET http://10.180.1.21/compute/v2.1/servers/e2512942-0176-4423-a2ba-935dc5082a90 0.610s
2025-11-23 06:30:02.862 66252 INFO tempest.lib.common.rest_client [req-6444811e-98f0-4c77-b7e5-8fb57a761f6e req-6444811e-98f0-4c77-b7e5-8fb57a761f6e ] Request (ServersWithSpecificFlavorTestJSON:test_verify_created_server_ephemeral_disk): 200 GET http://10.180.1.21/compute/v2.1/servers/b4d2db08-3301-41db-9e0e-c9fcba1623c7 0.616s
2025-11-23 06:30:02.891 66230 INFO tempest.lib.common.rest_client [req-e3f5d029-3239-4f4e-bc1e-a09ac963f705 req-e3f5d029-3239-4f4e-bc1e-a09ac963f705 ] Request (ServerDiagnosticsTest:test_get_server_diagnostics): 200 GET http://10.180.1.21/compute/v2.1/servers/944b42e7-eeab-4e3c-8afb-e40a6d97385b 0.606s
2025-11-23 06:30:02.959 66264 INFO tempest.lib.common.rest_client [req-32767066-153f-4a49-82c8-c617168ffaeb req-32767066-153f-4a49-82c8-c617168ffaeb ] Request (FloatingIPsAssociationTestJSON:tearDownClass): 200 GET http://10.180.1.21/compute/v2.1/servers/f7dccb12-71b0-4f47-ad64-04ee0512b48b 0.638s
2025-11-23 06:30:03.036 66278 INFO tempest.lib.common.rest_client [req-982e88e6-58c0-49ab-952e-91faf3c4fdc7 req-982e88e6-58c0-49ab-952e-91faf3c4fdc7 ] Request (MultipleCreateTestJSON:_run_cleanups): 200 GET http://10.180.1.21/compute/v2.1/servers/823d4195-13d2-4ba1-a9be-723371983fb5 0.663s
2025-11-23 06:30:03.080 66236 INFO tempest.lib.common.rest_client [req-7c28e8d1-a944-4dfa-9a80-4a23c7c7c15c req-7c28e8d1-a944-4dfa-9a80-4a23c7c7c15c ] Request (InstanceActionsNegativeTestJSON:setUpClass): 200 GET http://10.180.1.21/compute/v2.1/servers/67be4957-0c3d-4187-a616-ca082060bf55 0.682s
2025-11-23 06:30:03.097 66238 INFO tempest.lib.common.rest_client [req-25395f7f-ad50-4351-bdaf-aa4a17eb1e74 req-25395f7f-ad50-4351-bdaf-aa4a17eb1e74 ] Request (VolumesAssistedSnapshotsTest:tearDownClass): 204 DELETE http://10.180.1.21/networking/v2.0/routers/521ec90e-2f4a-47c5-a26c-ccb00d755a02 0.444s
2025-11-23 06:30:03.126 66272 INFO tempest.lib.common.rest_client [req-d9fd8cc1-cc3e-43e7-954a-1469310456da req-d9fd8cc1-cc3e-43e7-954a-1469310456da ] Request (ListServerFiltersTestJSON:tearDownClass): 200 GET http://10.180.1.21/compute/v2.1/servers/cb9dc1bb-5e64-4bf9-bdc1-29494e714919 0.683s
2025-11-23 06:30:03.225 66266 INFO tempest.lib.common.rest_client [req-0348e219-ee27-4cea-b2f9-feba068de871 req-0348e219-ee27-4cea-b2f9-feba068de871 ] Request (VolumesAdminNegativeTest:test_update_attached_volume_with_nonexistent_volume_in_uri): 200 GET http://10.180.1.21/compute/v2.1/servers/1ae98d05-9433-4ed6-94e6-952755baf5e7 0.712s
2025-11-23 06:30:03.254 66256 INFO tempest.lib.common.rest_client [req-8d4877ad-8cba-49f5-8d61-888d89aea79a req-8d4877ad-8cba-49f5-8d61-888d89aea79a ] Request (InstanceActionsV221TestJSON:test_get_list_deleted_instance_actions): 200 GET http://10.180.1.21/compute/v2.1/servers/04f655b8-56ae-4ba0-b98f-07b674b73f76 0.756s
2025-11-23 06:30:03.267 66256 INFO tempest.common.waiters [-] State transition "BUILD/spawning" ==> "ACTIVE/None" after 60 second wait
2025-11-23 06:30:03.274 66238 INFO tempest.lib.common.rest_client [req-fc9301db-e83c-4841-960f-be9d8eecf824 req-fc9301db-e83c-4841-960f-be9d8eecf824 ] Request (VolumesAssistedSnapshotsTest:tearDownClass): 204 DELETE http://10.180.1.21/networking/v2.0/subnets/255a40cd-3e3e-469a-9163-67dfc5b14e81 0.177s
2025-11-23 06:30:03.293 66234 INFO tempest.lib.common.rest_client [req-4fa9aa37-7a01-4be6-900c-4475b00b2384 req-4fa9aa37-7a01-4be6-900c-4475b00b2384 ] Request (ServerRescueNegativeTestJSON:setUpClass): 200 GET http://10.180.1.21/compute/v2.1/servers/672d2eec-7027-43eb-b637-d60e7b6e3184 0.640s
2025-11-23 06:30:03.303 66274 INFO tempest.lib.common.rest_client [req-673c03ae-ea3c-4b27-ab76-a6580f6585f1 req-673c03ae-ea3c-4b27-ab76-a6580f6585f1 ] Request (AttachVolumeTestJSON:test_attach_detach_volume): 200 GET http://10.180.1.21/compute/v2.1/servers/128aba14-8484-4bd0-8e5a-42c5cb6adadc 0.681s
2025-11-23 06:30:03.340 66234 INFO tempest.lib.common.rest_client [req-e97c3888-8fb6-4fef-b191-08f2e95ddaa1 req-e97c3888-8fb6-4fef-b191-08f2e95ddaa1 ] Request (ServerRescueNegativeTestJSON:setUpClass): 201 POST http://10.180.1.21/identity/v3/auth/tokens 0.036s
2025-11-23 06:30:03.341 66234 INFO tempest.lib.common.fixed_network [-] (ServerRescueNegativeTestJSON:setUpClass) Found network {'id': '75c4c50b-504d-42d1-80a6-313ba53bbcfb', 'name': 'tempest-ServerRescueNegativeTestJSON-35314436-network', 'tenant_id': '68b4eb99d8a5464da7910b529e8021a7', 'project_id': '68b4eb99d8a5464da7910b529e8021a7', 'admin_state_up': True, 'mtu': 8950, 'status': 'ACTIVE', 'subnets': [], 'shared': False, 'port_security_enabled': True, 'router:external': False, 'provider:network_type': 'vlan', 'provider:physical_network': 'default', 'provider:segmentation_id': 454, 'availability_zone_hints': [], 'availability_zones': [], 'ipv4_address_scope': None, 'ipv6_address_scope': None, 'description': '', 'tags': [], 'created_at': '2025-11-23T06:29:58Z', 'updated_at': '2025-11-23T06:29:58Z', 'revision_number': 1} available for tenant
2025-11-23 06:30:03.396 66224 INFO tempest.lib.common.rest_client [req-a755fb84-f460-46f6-9732-6ef2578964ef req-a755fb84-f460-46f6-9732-6ef2578964ef ] Request (ListServersNegativeTestJSON:setUpClass): 200 GET http://10.180.1.21/compute/v2.1/servers/d7896148-c104-460a-b74c-60ee1780ddcb 0.682s
2025-11-23 06:30:03.422 66270 INFO tempest.lib.common.rest_client [req-896ee7f6-e069-4e3d-97e9-80917060b1f9 req-896ee7f6-e069-4e3d-97e9-80917060b1f9 ] Request (ImagesOneServerNegativeTestJSON:_run_cleanups): 200 GET http://10.180.1.21/compute/v2.1/servers/a8aeecd1-c7d9-481a-90a8-1a1ddbe1a8c0 0.667s
2025-11-23 06:30:03.483 66240 INFO tempest.lib.common.rest_client [req-07262375-fcdc-4145-bcd0-f38659e277f0 req-07262375-fcdc-4145-bcd0-f38659e277f0 ] Request (ServerDiskConfigTestJSON:test_rebuild_server_with_manual_disk_config): 200 GET http://10.180.1.21/compute/v2.1/servers/51f2d09a-e98c-4bd6-ab85-8df0b7aec063 0.667s
2025-11-23 06:30:03.547 66226 INFO tempest.lib.common.rest_client [req-028e638d-33d6-44b5-9e2c-69703244e262 req-028e638d-33d6-44b5-9e2c-69703244e262 ] Request (TenantUsagesTestJSON:setUpClass): 200 GET http://10.180.1.21/compute/v2.1/servers/6d9254aa-9ccd-455f-99ef-05ee6225d404 0.578s
2025-11-23 06:30:03.578 66238 INFO tempest.lib.common.rest_client [req-4d21fc30-c792-4b03-b1b3-bb1725c2f953 req-4d21fc30-c792-4b03-b1b3-bb1725c2f953 ] Request (VolumesAssistedSnapshotsTest:tearDownClass): 204 DELETE http://10.180.1.21/networking/v2.0/networks/4d6f6be2-016c-40af-aba5-cda93646e9fe 0.303s
2025-11-23 06:30:03.604 66250 INFO tempest.lib.common.rest_client [req-6bcac229-e770-4d40-bb31-04d831d67677 req-6bcac229-e770-4d40-bb31-04d831d67677 ] Request (ServerActionsTestOtherA:test_rebuild_server_in_stop_state): 200 GET http://10.180.1.21/compute/v2.1/servers/abdf6cb8-6594-4a9f-8dbe-67bc7df59f61 0.622s
2025-11-23 06:30:03.611 66250 INFO tempest.common.waiters [-] State transition "BUILD/None" ==> "BUILD/networking" after 59 second wait
2025-11-23 06:30:03.652 66220 INFO tempest.lib.common.rest_client [req-535f5ff7-6b6d-41e5-bacc-2c6baeed8923 req-535f5ff7-6b6d-41e5-bacc-2c6baeed8923 ] Request (AttachInterfacesTestJSON:test_create_list_show_delete_interfaces_by_network_port): 200 GET http://10.180.1.21/compute/v2.1/servers/006cdf26-0097-49e0-a9eb-93125cf8d262 0.526s
2025-11-23 06:30:03.681 66238 INFO tempest.lib.common.rest_client [req-f041a2bc-453a-4060-bda9-8b77585b7f9b req-f041a2bc-453a-4060-bda9-8b77585b7f9b ] Request (VolumesAssistedSnapshotsTest:tearDownClass): 204 DELETE http://10.180.1.21/identity/v3/users/8acf6045794f4289aa66c326f74b14f7 0.102s
2025-11-23 06:30:03.717 66242 INFO tempest.lib.common.rest_client [req-a422557b-4f8f-4b96-bfb6-c898ad44590e req-a422557b-4f8f-4b96-bfb6-c898ad44590e ] Request (DeleteServersTestJSON:test_delete_active_server): 200 GET http://10.180.1.21/compute/v2.1/servers/eb56d399-39b0-4598-b758-ebe4f7808d70 0.579s
2025-11-23 06:30:03.793 66238 INFO tempest.lib.common.rest_client [req-11625021-1ab2-4c66-955e-d28c9739cdd4 req-11625021-1ab2-4c66-955e-d28c9739cdd4 ] Request (VolumesAssistedSnapshotsTest:tearDownClass): 204 DELETE http://10.180.1.21/identity/v3/users/0111d07753f245a6b55e079b965ecf68 0.112s
2025-11-23 06:30:03.811 66256 INFO tempest.lib.common.rest_client [req-0531851a-1673-4d34-9418-1587d4809d0b req-0531851a-1673-4d34-9418-1587d4809d0b ] Request (InstanceActionsV221TestJSON:test_get_list_deleted_instance_actions): 204 DELETE http://10.180.1.21/compute/v2.1/servers/04f655b8-56ae-4ba0-b98f-07b674b73f76 0.544s
2025-11-23 06:30:03.820 66260 WARNING tempest.lib.common.ssh [-] Failed to establish authenticated ssh connection to cirros@10.180.180.229 ([Errno None] Unable to connect to port 22 on 10.180.180.229). Number attempts: 3. Retry after 4 seconds.: paramiko.ssh_exception.NoValidConnectionsError: [Errno None] Unable to connect to port 22 on 10.180.180.229
2025-11-23 06:30:03.876 66218 INFO tempest.lib.common.rest_client [req-5780c06b-5610-40f4-a698-e24b6193c810 req-5780c06b-5610-40f4-a698-e24b6193c810 ] Request (ServerRescueTestJSON:tearDownClass): 200 GET http://10.180.1.21/compute/v2.1/servers/675e2bde-a50e-4876-b975-43f9a5fa5134 0.596s
2025-11-23 06:30:03.882 66238 INFO tempest.lib.common.rest_client [req-e6334652-2502-4ffc-9185-976b5060cb94 req-e6334652-2502-4ffc-9185-976b5060cb94 ] Request (VolumesAssistedSnapshotsTest:tearDownClass): 204 DELETE http://10.180.1.21/identity/v3/users/302a0aae52e04ada980857a5ba351dfc 0.089s
2025-11-23 06:30:03.883 66238 INFO tempest.lib.common.dynamic_creds [-] Deleting project and security group for project: 167ed997b80141d7ad2d9367c7e7a4ab
2025-11-23 06:30:03.883 66262 INFO tempest.lib.common.rest_client [req-b4aab051-9b3d-4b49-a2fe-18d4a55b905c req-b4aab051-9b3d-4b49-a2fe-18d4a55b905c ] Request (ListImageFiltersTestJSON:setUpClass): 202 POST http://10.180.1.21/compute/v2.1/servers/d8c43f5c-7c71-41ce-a937-0fd8699bbea1/action 1.085s
2025-11-23 06:30:03.932 66238 INFO tempest.lib.common.rest_client [req-41fc200b-1729-49c7-89e7-82353962df78 req-41fc200b-1729-49c7-89e7-82353962df78 ] Request (VolumesAssistedSnapshotsTest:tearDownClass): 200 GET http://10.180.1.21/networking/v2.0/security-groups?tenant_id=167ed997b80141d7ad2d9367c7e7a4ab&name=default 0.049s
2025-11-23 06:30:03.957 66258 INFO tempest.lib.common.rest_client [req-ec3f3ce9-f348-4046-8ad2-3657aaa87dc6 req-ec3f3ce9-f348-4046-8ad2-3657aaa87dc6 ] Request (ImagesTestJSON:test_create_server_from_snapshot): 200 GET http://10.180.1.21/compute/v2.1/servers/2786cf42-2b4b-40ee-b0b9-9f7c5557d4ea 0.613s
2025-11-23 06:30:04.075 66228 INFO tempest.lib.common.rest_client [req-ac2cc097-00ea-40ab-9558-c41e666afec8 req-ac2cc097-00ea-40ab-9558-c41e666afec8 ] Request (ServersTestJSON:setUpClass): 200 GET http://10.180.1.21/compute/v2.1/servers/efa2fb3c-477b-48a0-893a-5b60ee93656d 0.651s
2025-11-23 06:30:04.091 66238 INFO tempest.lib.common.rest_client [req-e9dd9763-b5a9-4b5c-a960-bc039d2c8cb0 req-e9dd9763-b5a9-4b5c-a960-bc039d2c8cb0 ] Request (VolumesAssistedSnapshotsTest:tearDownClass): 204 DELETE http://10.180.1.21/networking/v2.0/security-groups/b567312d-b52b-49c2-97e5-d7430a1915af 0.158s
2025-11-23 06:30:04.148 66280 INFO tempest.lib.common.rest_client [req-41ec5df9-2f00-4987-b086-9fb83cd6d38d req-41ec5df9-2f00-4987-b086-9fb83cd6d38d ] Request (ServerDiagnosticsNegativeTest:tearDownClass): 200 GET http://10.180.1.21/compute/v2.1/servers/df710cff-a457-4b52-a2fd-2c76cc6d4f61 0.644s
2025-11-23 06:30:04.198 66238 INFO tempest.lib.common.rest_client [req-2da7d2b1-a513-41cd-89a3-d5a23c6cdbcc req-2da7d2b1-a513-41cd-89a3-d5a23c6cdbcc ] Request (VolumesAssistedSnapshotsTest:tearDownClass): 204 DELETE http://10.180.1.21/identity/v3/projects/167ed997b80141d7ad2d9367c7e7a4ab 0.106s
2025-11-23 06:30:04.198 66238 INFO tempest.lib.common.dynamic_creds [-] Deleting project and security group for project: 762bf0bab80f42f1b3b8b6414992c548
2025-11-23 06:30:04.226 66222 INFO tempest.lib.common.rest_client [req-493bd3f9-acb4-4f4b-9058-a3fa8ed74aca req-493bd3f9-acb4-4f4b-9058-a3fa8ed74aca ] Request (ServersAdminNegativeTestJSON:tearDownClass): 200 GET http://10.180.1.21/compute/v2.1/servers/e447675e-d193-4ea9-8be0-6a3731080678 0.629s
2025-11-23 06:30:04.241 66238 INFO tempest.lib.common.rest_client [req-e65e347e-11fb-4e91-9a3d-816d744d9418 req-e65e347e-11fb-4e91-9a3d-816d744d9418 ] Request (VolumesAssistedSnapshotsTest:tearDownClass): 200 GET http://10.180.1.21/networking/v2.0/security-groups?tenant_id=762bf0bab80f42f1b3b8b6414992c548&name=default 0.042s
2025-11-23 06:30:04.272 66234 INFO tempest.lib.common.rest_client [req-3cbfe653-d793-4275-886d-8ae85d0b187d req-3cbfe653-d793-4275-886d-8ae85d0b187d ] Request (ServerRescueNegativeTestJSON:setUpClass): 202 POST http://10.180.1.21/compute/v2.1/servers 0.931s
2025-11-23 06:30:04.320 66238 INFO tempest.lib.common.rest_client [req-d37e1e30-7908-46de-8431-4c2857eb935e req-d37e1e30-7908-46de-8431-4c2857eb935e ] Request (VolumesAssistedSnapshotsTest:tearDownClass): 204 DELETE http://10.180.1.21/networking/v2.0/security-groups/d2275227-1772-4f6b-a59d-4a67459c54f5 0.078s
2025-11-23 06:30:04.416 66238 INFO tempest.lib.common.rest_client [req-15091b13-1aba-4e08-9305-1fb24ad117cb req-15091b13-1aba-4e08-9305-1fb24ad117cb ] Request (VolumesAssistedSnapshotsTest:tearDownClass): 204 DELETE http://10.180.1.21/identity/v3/projects/762bf0bab80f42f1b3b8b6414992c548 0.096s
2025-11-23 06:30:04.416 66238 INFO tempest.lib.common.dynamic_creds [-] Deleting project and security group for project: d2ee141c2cb34ddc991bd3ee0b92bfb7
2025-11-23 06:30:04.467 66238 INFO tempest.lib.common.rest_client [req-f649cb8b-4362-4acb-84ed-fc1f9e01b14b req-f649cb8b-4362-4acb-84ed-fc1f9e01b14b ] Request (VolumesAssistedSnapshotsTest:tearDownClass): 200 GET http://10.180.1.21/networking/v2.0/security-groups?tenant_id=d2ee141c2cb34ddc991bd3ee0b92bfb7&name=default 0.051s
2025-11-23 06:30:04.501 66248 INFO tempest.lib.common.rest_client [req-bea6bc10-23ff-457b-ad3a-a66ca7a7ff72 req-bea6bc10-23ff-457b-ad3a-a66ca7a7ff72 ] Request (MigrationsAdminTest:test_resize_server_revert_deleted_flavor): 200 GET http://10.180.1.21/compute/v2.1/servers/e2512942-0176-4423-a2ba-935dc5082a90 0.664s
2025-11-23 06:30:04.506 66256 INFO tempest.lib.common.rest_client [req-e2238456-f6bb-43dc-86e2-1c4a129782ca req-e2238456-f6bb-43dc-86e2-1c4a129782ca ] Request (InstanceActionsV221TestJSON:test_get_list_deleted_instance_actions): 200 GET http://10.180.1.21/compute/v2.1/servers/04f655b8-56ae-4ba0-b98f-07b674b73f76 0.695s
2025-11-23 06:30:04.549 66262 INFO tempest.lib.common.rest_client [req-0eee4156-90a3-405b-b446-a602e8c0bbbf req-0eee4156-90a3-405b-b446-a602e8c0bbbf ] Request (ListImageFiltersTestJSON:setUpClass): 200 GET http://10.180.1.21/compute/v2.1/images/8cc0ad8d-67b3-4454-9848-5e0444ee5c62 0.664s
2025-11-23 06:30:04.608 66238 INFO tempest.lib.common.rest_client [req-19be5b03-1e97-4e74-b3a5-a88b6eaaeab7 req-19be5b03-1e97-4e74-b3a5-a88b6eaaeab7 ] Request (VolumesAssistedSnapshotsTest:tearDownClass): 204 DELETE http://10.180.1.21/networking/v2.0/security-groups/37e20b52-2e23-4722-b03a-ed5c2c9eb3ee 0.140s
2025-11-23 06:30:04.635 66252 INFO tempest.lib.common.rest_client [req-e94962d5-bd01-4026-bcfc-b842de3b451b req-e94962d5-bd01-4026-bcfc-b842de3b451b ] Request (ServersWithSpecificFlavorTestJSON:test_verify_created_server_ephemeral_disk): 200 GET http://10.180.1.21/compute/v2.1/servers/b4d2db08-3301-41db-9e0e-c9fcba1623c7 0.757s
2025-11-23 06:30:04.649 66230 INFO tempest.lib.common.rest_client [req-5a97266c-7c19-4d61-8e10-b40b7e287dd4 req-5a97266c-7c19-4d61-8e10-b40b7e287dd4 ] Request (ServerDiagnosticsTest:test_get_server_diagnostics): 200 GET http://10.180.1.21/compute/v2.1/servers/944b42e7-eeab-4e3c-8afb-e40a6d97385b 0.749s
2025-11-23 06:30:04.713 66278 INFO tempest.lib.common.rest_client [req-835bb376-16b8-4aa6-b157-7ccc38da4c08 req-835bb376-16b8-4aa6-b157-7ccc38da4c08 ] Request (MultipleCreateTestJSON:_run_cleanups): 200 GET http://10.180.1.21/compute/v2.1/servers/823d4195-13d2-4ba1-a9be-723371983fb5 0.666s
2025-11-23 06:30:04.733 66238 INFO tempest.lib.common.rest_client [req-d33afcdf-b3d3-4e34-910a-a60714e49159 req-d33afcdf-b3d3-4e34-910a-a60714e49159 ] Request (VolumesAssistedSnapshotsTest:tearDownClass): 204 DELETE http://10.180.1.21/identity/v3/projects/d2ee141c2cb34ddc991bd3ee0b92bfb7 0.124s
2025-11-23 06:30:04.734 66264 INFO tempest.lib.common.rest_client [req-386bc558-be60-493a-9fbe-dd436665a4e9 req-386bc558-be60-493a-9fbe-dd436665a4e9 ] Request (FloatingIPsAssociationTestJSON:tearDownClass): 200 GET http://10.180.1.21/compute/v2.1/servers/f7dccb12-71b0-4f47-ad64-04ee0512b48b 0.758s
2025-11-23 06:30:04.771 66236 INFO tempest.lib.common.rest_client [req-8d45221f-fd24-4b1b-8c95-f2a166bf184a req-8d45221f-fd24-4b1b-8c95-f2a166bf184a ] Request (InstanceActionsNegativeTestJSON:setUpClass): 200 GET http://10.180.1.21/compute/v2.1/servers/67be4957-0c3d-4187-a616-ca082060bf55 0.680s
2025-11-23 06:30:04.795 66272 INFO tempest.lib.common.rest_client [req-a6786cd0-35d1-4c47-bac9-fb295adbfa5b req-a6786cd0-35d1-4c47-bac9-fb295adbfa5b ] Request (ListServerFiltersTestJSON:tearDownClass): 200 GET http://10.180.1.21/compute/v2.1/servers/cb9dc1bb-5e64-4bf9-bdc1-29494e714919 0.655s
2025-11-23 06:30:04.824 66238 INFO tempest.lib.common.rest_client [req-0f9b7c10-6fde-4c84-8b11-989484cc9862 req-0f9b7c10-6fde-4c84-8b11-989484cc9862 ] Request (ServersAdminTestJSON:setUpClass): 201 POST http://10.180.1.21/identity/v3/auth/tokens 0.086s
2025-11-23 06:30:04.852 66266 INFO tempest.lib.common.rest_client [req-3d20cd8b-fbaf-40c6-8098-5b560f79ec6f req-3d20cd8b-fbaf-40c6-8098-5b560f79ec6f ] Request (VolumesAdminNegativeTest:test_update_attached_volume_with_nonexistent_volume_in_uri): 200 GET http://10.180.1.21/compute/v2.1/servers/1ae98d05-9433-4ed6-94e6-952755baf5e7 0.616s
2025-11-23 06:30:04.874 66234 INFO tempest.lib.common.rest_client [req-69625601-9fb4-4174-9f36-a6c9a8cacea6 req-69625601-9fb4-4174-9f36-a6c9a8cacea6 ] Request (ServerRescueNegativeTestJSON:setUpClass): 200 GET http://10.180.1.21/compute/v2.1/servers/7bcf1588-dad1-4d9b-9ecf-9543adfcd9cc 0.600s
2025-11-23 06:30:04.879 66238 INFO tempest.lib.common.rest_client [req-50d72c69-c9df-4176-aeae-f42d729539c1 req-50d72c69-c9df-4176-aeae-f42d729539c1 ] Request (ServersAdminTestJSON:setUpClass): 201 POST http://10.180.1.21/identity/v3/auth/tokens 0.053s
2025-11-23 06:30:04.922 66274 INFO tempest.lib.common.rest_client [req-bc4b1ec1-368d-49bf-85eb-742302d4dc5f req-bc4b1ec1-368d-49bf-85eb-742302d4dc5f ] Request (AttachVolumeTestJSON:test_attach_detach_volume): 200 GET http://10.180.1.21/compute/v2.1/servers/128aba14-8484-4bd0-8e5a-42c5cb6adadc 0.607s
2025-11-23 06:30:04.929 66238 INFO tempest.lib.common.rest_client [req-8e94cfef-aeb8-433c-8e21-596b99ff69e4 req-8e94cfef-aeb8-433c-8e21-596b99ff69e4 ] Request (ServersAdminTestJSON:setUpClass): 200 GET http://10.180.1.21/identity/v3/domains?name=Default 0.049s
2025-11-23 06:30:04.960 66224 INFO tempest.lib.common.rest_client [req-1faa481f-a0a2-4fc4-84ed-673fd81a1881 req-1faa481f-a0a2-4fc4-84ed-673fd81a1881 ] Request (ListServersNegativeTestJSON:setUpClass): 200 GET http://10.180.1.21/compute/v2.1/servers/d7896148-c104-460a-b74c-60ee1780ddcb 0.554s
2025-11-23 06:30:04.964 66238 INFO tempest.lib.common.rest_client [req-645695eb-1b5a-45f0-b862-148e89c89a8a req-645695eb-1b5a-45f0-b862-148e89c89a8a ] Request (ServersAdminTestJSON:setUpClass): 201 POST http://10.180.1.21/identity/v3/projects 0.033s
2025-11-23 06:30:05.028 66240 INFO tempest.lib.common.rest_client [req-53a10209-385e-48a9-ae72-ff9419e27019 req-53a10209-385e-48a9-ae72-ff9419e27019 ] Request (ServerDiskConfigTestJSON:test_rebuild_server_with_manual_disk_config): 200 GET http://10.180.1.21/compute/v2.1/servers/51f2d09a-e98c-4bd6-ab85-8df0b7aec063 0.535s
2025-11-23 06:30:05.038 66240 INFO tempest.common.waiters [-] State transition "BUILD/scheduling" ==> "BUILD/None" after 29 second wait
2025-11-23 06:30:05.056 66238 INFO tempest.lib.common.rest_client [req-871545ae-40d4-4709-8fb9-64683314179f req-871545ae-40d4-4709-8fb9-64683314179f ] Request (ServersAdminTestJSON:setUpClass): 201 POST http://10.180.1.21/identity/v3/users 0.091s
2025-11-23 06:30:05.067 66270 INFO tempest.lib.common.rest_client [req-f67bff54-5769-43c2-8651-225c82196ebe req-f67bff54-5769-43c2-8651-225c82196ebe ] Request (ImagesOneServerNegativeTestJSON:_run_cleanups): 200 GET http://10.180.1.21/compute/v2.1/servers/a8aeecd1-c7d9-481a-90a8-1a1ddbe1a8c0 0.636s
2025-11-23 06:30:05.079 66270 INFO tempest.common.waiters [-] State transition "BUILD/spawning" ==> "ACTIVE/None" after 62 second wait
2025-11-23 06:30:05.089 66238 INFO tempest.lib.common.rest_client [req-70255189-08c6-49f9-9017-9c13dc143984 req-70255189-08c6-49f9-9017-9c13dc143984 ] Request (ServersAdminTestJSON:setUpClass): 200 GET http://10.180.1.21/identity/v3/roles 0.031s
2025-11-23 06:30:05.110 66226 INFO tempest.lib.common.rest_client [req-d9b6ea0f-1d9e-4832-a904-8401247f4d13 req-d9b6ea0f-1d9e-4832-a904-8401247f4d13 ] Request (TenantUsagesTestJSON:setUpClass): 200 GET http://10.180.1.21/compute/v2.1/servers/6d9254aa-9ccd-455f-99ef-05ee6225d404 0.552s
2025-11-23 06:30:05.129 66238 INFO tempest.lib.common.rest_client [req-7e27fb3b-033d-440f-a70b-c674726ded34 req-7e27fb3b-033d-440f-a70b-c674726ded34 ] Request (ServersAdminTestJSON:setUpClass): 204 PUT http://10.180.1.21/identity/v3/projects/8f80d1274bd6487f985bd018ce74cea6/users/8de1ea1299984271826af24136f0a679/roles/0b07b7e866044732bfc814cb36a20832 0.039s
2025-11-23 06:30:05.129 66238 INFO tempest.lib.common.dynamic_creds [-] Dynamic test user 8de1ea1299984271826af24136f0a679 is created with scope project and roles: ['member']
2025-11-23 06:30:05.129 66238 INFO tempest.lib.common.dynamic_creds [-] Acquired dynamic creds: credentials: Credentials: {'domain_id': 'default', 'domain_name': 'Default', 'username': 'tempest-ServersAdminTestJSON-2084545516-project-member', 'project_domain_id': 'default', 'project_domain_name': 'Default', 'project_id': '8f80d1274bd6487f985bd018ce74cea6', 'project_name': 'tempest-ServersAdminTestJSON-2084545516', 'tenant_id': '8f80d1274bd6487f985bd018ce74cea6', 'tenant_name': 'tempest-ServersAdminTestJSON-2084545516', 'user_domain_id': 'default', 'user_domain_name': 'Default', 'user_id': '8de1ea1299984271826af24136f0a679', 'system': None}, Network: None, Subnet: None, Router: None
2025-11-23 06:30:05.193 66220 INFO tempest.lib.common.rest_client [req-4a100fbe-9e24-4c0c-b56a-d9a4918ea131 req-4a100fbe-9e24-4c0c-b56a-d9a4918ea131 ] Request (AttachInterfacesTestJSON:test_create_list_show_delete_interfaces_by_network_port): 200 GET http://10.180.1.21/compute/v2.1/servers/006cdf26-0097-49e0-a9eb-93125cf8d262 0.533s
2025-11-23 06:30:05.196 66238 INFO tempest.lib.common.rest_client [req-da63e71e-3054-4b0f-881f-d3408d195fc3 req-da63e71e-3054-4b0f-881f-d3408d195fc3 ] Request (ServersAdminTestJSON:setUpClass): 201 POST http://10.180.1.21/identity/v3/auth/tokens 0.066s
2025-11-23 06:30:05.223 66250 INFO tempest.lib.common.rest_client [req-47debadc-6531-4f25-a597-41de1cb6e811 req-47debadc-6531-4f25-a597-41de1cb6e811 ] Request (ServerActionsTestOtherA:test_rebuild_server_in_stop_state): 200 GET http://10.180.1.21/compute/v2.1/servers/abdf6cb8-6594-4a9f-8dbe-67bc7df59f61 0.610s
2025-11-23 06:30:05.231 66250 INFO tempest.common.waiters [-] State transition "BUILD/networking" ==> "BUILD/block_device_mapping" after 61 second wait
2025-11-23 06:30:05.465 66238 INFO tempest.lib.common.rest_client [req-06982041-37af-4902-92b8-94cb931a661f req-06982041-37af-4902-92b8-94cb931a661f ] Request (ServersAdminTestJSON:setUpClass): 201 POST http://10.180.1.21/networking/v2.0/networks 0.269s
2025-11-23 06:30:05.492 66242 INFO tempest.lib.common.rest_client [req-45afe3ab-2b28-46da-a266-e45cb49d92e0 req-45afe3ab-2b28-46da-a266-e45cb49d92e0 ] Request (DeleteServersTestJSON:test_delete_active_server): 200 GET http://10.180.1.21/compute/v2.1/servers/eb56d399-39b0-4598-b758-ebe4f7808d70 0.766s
2025-11-23 06:30:05.502 66218 INFO tempest.lib.common.rest_client [req-7740ad77-e57b-441c-b643-09eb05d0908a req-7740ad77-e57b-441c-b643-09eb05d0908a ] Request (ServerRescueTestJSON:tearDownClass): 200 GET http://10.180.1.21/compute/v2.1/servers/675e2bde-a50e-4876-b975-43f9a5fa5134 0.614s
2025-11-23 06:30:05.642 66238 INFO tempest.lib.common.rest_client [req-fd6c133f-1477-4108-a981-341fc8c781a8 req-fd6c133f-1477-4108-a981-341fc8c781a8 ] Request (ServersAdminTestJSON:setUpClass): 201 POST http://10.180.1.21/networking/v2.0/subnets 0.176s
2025-11-23 06:30:05.661 66258 INFO tempest.lib.common.rest_client [req-c9041eac-af2a-420f-ac80-412451bec2d8 req-c9041eac-af2a-420f-ac80-412451bec2d8 ] Request (ImagesTestJSON:test_create_server_from_snapshot): 200 GET http://10.180.1.21/compute/v2.1/servers/2786cf42-2b4b-40ee-b0b9-9f7c5557d4ea 0.696s
2025-11-23 06:30:06.178 66270 INFO tempest.lib.common.rest_client [req-3f2138d0-726e-4505-b5c8-744920ee7163 req-3f2138d0-726e-4505-b5c8-744920ee7163 ] Request (ImagesOneServerNegativeTestJSON:setUp): 200 GET http://10.180.1.21/compute/v2.1/servers/a8aeecd1-c7d9-481a-90a8-1a1ddbe1a8c0 1.097s
2025-11-23 06:30:06.194 66228 INFO tempest.lib.common.rest_client [req-d7080e73-3ef2-4845-85c2-d9593a4a7742 req-d7080e73-3ef2-4845-85c2-d9593a4a7742 ] Request (ServersTestJSON:setUpClass): 200 GET http://10.180.1.21/compute/v2.1/servers/efa2fb3c-477b-48a0-893a-5b60ee93656d 1.108s
2025-11-23 06:30:06.402 66238 INFO tempest.lib.common.rest_client [req-6be0035d-eebc-408a-a6dc-d076fed673e1 req-6be0035d-eebc-408a-a6dc-d076fed673e1 ] Request (ServersAdminTestJSON:setUpClass): 201 POST http://10.180.1.21/networking/v2.0/routers 0.759s
2025-11-23 06:30:06.429 66222 INFO tempest.lib.common.rest_client [req-768da415-2ded-4725-983b-023dba1c01f5 req-768da415-2ded-4725-983b-023dba1c01f5 ] Request (ServersAdminNegativeTestJSON:tearDownClass): 200 GET http://10.180.1.21/compute/v2.1/servers/e447675e-d193-4ea9-8be0-6a3731080678 1.196s
2025-11-23 06:30:06.447 66280 INFO tempest.lib.common.rest_client [req-629d9ac2-910e-4807-a2af-3b1f20e83ac6 req-629d9ac2-910e-4807-a2af-3b1f20e83ac6 ] Request (ServerDiagnosticsNegativeTest:tearDownClass): 200 GET http://10.180.1.21/compute/v2.1/servers/df710cff-a457-4b52-a2fd-2c76cc6d4f61 1.291s
2025-11-23 06:30:06.498 66256 INFO tempest.lib.common.rest_client [req-4436a5d1-86d7-4e65-8c42-752ff60d9648 req-4436a5d1-86d7-4e65-8c42-752ff60d9648 ] Request (InstanceActionsV221TestJSON:test_get_list_deleted_instance_actions): 200 GET http://10.180.1.21/compute/v2.1/servers/04f655b8-56ae-4ba0-b98f-07b674b73f76 0.981s
2025-11-23 06:30:06.537 66262 INFO tempest.lib.common.rest_client [req-b970013f-bc6a-44ca-95fc-8207b5e99999 req-b970013f-bc6a-44ca-95fc-8207b5e99999 ] Request (ListImageFiltersTestJSON:setUpClass): 200 GET http://10.180.1.21/compute/v2.1/images/8cc0ad8d-67b3-4454-9848-5e0444ee5c62 0.980s
2025-11-23 06:30:06.553 66248 INFO tempest.lib.common.rest_client [req-77b8dc27-978f-4af6-b6c1-ad34a65f91b3 req-77b8dc27-978f-4af6-b6c1-ad34a65f91b3 ] Request (MigrationsAdminTest:test_resize_server_revert_deleted_flavor): 200 GET http://10.180.1.21/compute/v2.1/servers/e2512942-0176-4423-a2ba-935dc5082a90 1.035s
2025-11-23 06:30:06.589 66252 INFO tempest.lib.common.rest_client [req-3f06f785-f705-4ed4-a1c5-8d1e62612597 req-3f06f785-f705-4ed4-a1c5-8d1e62612597 ] Request (ServersWithSpecificFlavorTestJSON:test_verify_created_server_ephemeral_disk): 200 GET http://10.180.1.21/compute/v2.1/servers/b4d2db08-3301-41db-9e0e-c9fcba1623c7 0.944s
2025-11-23 06:30:06.610 66230 INFO tempest.lib.common.rest_client [req-d0d57980-0138-43f2-a00d-ee6cc4693612 req-d0d57980-0138-43f2-a00d-ee6cc4693612 ] Request (ServerDiagnosticsTest:test_get_server_diagnostics): 200 GET http://10.180.1.21/compute/v2.1/servers/944b42e7-eeab-4e3c-8afb-e40a6d97385b 0.953s
2025-11-23 06:30:06.668 66278 INFO tempest.lib.common.rest_client [req-27934000-45f5-4d49-b41e-3d2e8cd8e59a req-27934000-45f5-4d49-b41e-3d2e8cd8e59a ] Request (MultipleCreateTestJSON:_run_cleanups): 200 GET http://10.180.1.21/compute/v2.1/servers/823d4195-13d2-4ba1-a9be-723371983fb5 0.940s
2025-11-23 06:30:06.692 66264 INFO tempest.lib.common.rest_client [req-4a3c9e00-c8bc-4ee2-a220-052775b3c752 req-4a3c9e00-c8bc-4ee2-a220-052775b3c752 ] Request (FloatingIPsAssociationTestJSON:tearDownClass): 200 GET http://10.180.1.21/compute/v2.1/servers/f7dccb12-71b0-4f47-ad64-04ee0512b48b 0.948s
2025-11-23 06:30:06.725 66236 INFO tempest.lib.common.rest_client [req-bf926822-286b-4d27-a2de-38266c61c095 req-bf926822-286b-4d27-a2de-38266c61c095 ] Request (InstanceActionsNegativeTestJSON:setUpClass): 200 GET http://10.180.1.21/compute/v2.1/servers/67be4957-0c3d-4187-a616-ca082060bf55 0.945s
2025-11-23 06:30:06.764 66272 INFO tempest.lib.common.rest_client [req-e7b9d1bd-e35a-4f1b-8400-a78811532b9f req-e7b9d1bd-e35a-4f1b-8400-a78811532b9f ] Request (ListServerFiltersTestJSON:tearDownClass): 200 GET http://10.180.1.21/compute/v2.1/servers/cb9dc1bb-5e64-4bf9-bdc1-29494e714919 0.958s
2025-11-23 06:30:06.781 66266 INFO tempest.lib.common.rest_client [req-17754a70-1f45-44af-a127-43da323207c2 req-17754a70-1f45-44af-a127-43da323207c2 ] Request (VolumesAdminNegativeTest:test_update_attached_volume_with_nonexistent_volume_in_uri): 200 GET http://10.180.1.21/compute/v2.1/servers/1ae98d05-9433-4ed6-94e6-952755baf5e7 0.914s
2025-11-23 06:30:06.829 66234 INFO tempest.lib.common.rest_client [req-1d8eaa35-4e39-4d4a-82d4-867ba438941a req-1d8eaa35-4e39-4d4a-82d4-867ba438941a ] Request (ServerRescueNegativeTestJSON:setUpClass): 200 GET http://10.180.1.21/compute/v2.1/servers/7bcf1588-dad1-4d9b-9ecf-9543adfcd9cc 0.940s
2025-11-23 06:30:06.859 66274 INFO tempest.lib.common.rest_client [req-bb56456e-fad0-4bc2-ab4b-74324ad68f72 req-bb56456e-fad0-4bc2-ab4b-74324ad68f72 ] Request (AttachVolumeTestJSON:test_attach_detach_volume): 200 GET http://10.180.1.21/compute/v2.1/servers/128aba14-8484-4bd0-8e5a-42c5cb6adadc 0.926s
2025-11-23 06:30:06.867 66274 INFO tempest.common.waiters [-] State transition "BUILD/scheduling" ==> "BUILD/None" after 24 second wait
2025-11-23 06:30:06.917 66240 INFO tempest.lib.common.rest_client [req-141ed31f-72e3-4dda-a52d-038a43aee4f2 req-141ed31f-72e3-4dda-a52d-038a43aee4f2 ] Request (ServerDiskConfigTestJSON:test_rebuild_server_with_manual_disk_config): 200 GET http://10.180.1.21/compute/v2.1/servers/51f2d09a-e98c-4bd6-ab85-8df0b7aec063 0.878s
2025-11-23 06:30:06.956 66224 INFO tempest.lib.common.rest_client [req-8a03b014-8eea-47fe-beb2-10ea2bb74c6a req-8a03b014-8eea-47fe-beb2-10ea2bb74c6a ] Request (ListServersNegativeTestJSON:setUpClass): 200 GET http://10.180.1.21/compute/v2.1/servers/d7896148-c104-460a-b74c-60ee1780ddcb 0.986s
2025-11-23 06:30:07.083 66232 WARNING tempest.lib.common.ssh [-] Failed to establish authenticated ssh connection to cirros@10.180.180.238 ([Errno None] Unable to connect to port 22 on 10.180.180.238). Number attempts: 3. Retry after 4 seconds.: paramiko.ssh_exception.NoValidConnectionsError: [Errno None] Unable to connect to port 22 on 10.180.180.238
2025-11-23 06:30:07.318 66226 INFO tempest.lib.common.rest_client [req-ae26873e-805a-4c53-aaf4-c4a5e73ab05b req-ae26873e-805a-4c53-aaf4-c4a5e73ab05b ] Request (TenantUsagesTestJSON:setUpClass): 200 GET http://10.180.1.21/compute/v2.1/servers/6d9254aa-9ccd-455f-99ef-05ee6225d404 1.194s
2025-11-23 06:30:07.494 66270 INFO tempest.lib.common.rest_client [req-fad33ddf-7d3f-45d8-bbdd-e98a7bf6816c req-fad33ddf-7d3f-45d8-bbdd-e98a7bf6816c ] Request (ImagesOneServerNegativeTestJSON:test_delete_image_that_is_not_yet_active): 202 POST http://10.180.1.21/compute/v2.1/servers/a8aeecd1-c7d9-481a-90a8-1a1ddbe1a8c0/action 1.308s
2025-11-23 06:30:07.764 66238 INFO tempest.lib.common.rest_client [req-aa25336a-21b6-452e-9786-cf67ee1c4a8a req-aa25336a-21b6-452e-9786-cf67ee1c4a8a ] Request (ServersAdminTestJSON:setUpClass): 200 PUT http://10.180.1.21/networking/v2.0/routers/37101047-0491-48fd-b421-3676c5c7d00b/add_router_interface 1.362s
