2025-11-23 06:29:21.397 66218 INFO tempest.lib.common.rest_client [req-564ed3f6-3402-4b5f-a786-d1dbfe0b117e req-564ed3f6-3402-4b5f-a786-d1dbfe0b117e ] Request (ServerRescueTestJSON:test_rescue_unrescue_instance): 200 GET http://10.180.1.21/compute/v2.1/servers/675e2bde-a50e-4876-b975-43f9a5fa5134 1.114s
2025-11-23 06:29:21.408 66218 INFO tempest.common.waiters [-] State transition "RESCUE/unrescuing" ==> "ACTIVE/None" after 5 second wait
2025-11-23 06:29:21.436 66222 INFO tempest.lib.common.rest_client [req-0b612ff2-6d15-4a0a-9930-17a2821ff07e req-0b612ff2-6d15-4a0a-9930-17a2821ff07e ] Request (ServersAdminNegativeTestJSON:tearDownClass): 200 GET http://10.180.1.21/compute/v2.1/servers/bf1ec323-8bf1-4c0c-8252-9f2162349baa 1.004s
2025-11-23 06:29:21.462 66270 INFO tempest.lib.common.rest_client [req-d85bf359-a8a4-423b-bac4-1d9749a75701 req-d85bf359-a8a4-423b-bac4-1d9749a75701 ] Request (ImagesOneServerNegativeTestJSON:_run_cleanups): 200 GET http://10.180.1.21/compute/v2.1/servers/a8aeecd1-c7d9-481a-90a8-1a1ddbe1a8c0 0.970s
2025-11-23 06:29:21.468 66242 INFO tempest.lib.common.rest_client [req-628838b4-8c13-4052-a2a5-db7c3d592e19 req-628838b4-8c13-4052-a2a5-db7c3d592e19 ] Request (FlavorsAdminTestJSON:tearDownClass): 204 DELETE http://10.180.1.21/identity/v3/users/f8723276ff684790859d2cd8e78089aa 0.123s
2025-11-23 06:29:21.468 66242 INFO tempest.lib.common.dynamic_creds [-] Deleting project and security group for project: 5b5d4c7fd2ce43eca0a4167aa5055961
2025-11-23 06:29:21.470 66270 INFO tempest.common.waiters [-] State transition "BUILD/scheduling" ==> "BUILD/None" after 18 second wait
2025-11-23 06:29:21.553 66242 INFO tempest.lib.common.rest_client [req-73ba6353-1725-4d53-9c19-d081cbc33d53 req-73ba6353-1725-4d53-9c19-d081cbc33d53 ] Request (FlavorsAdminTestJSON:tearDownClass): 201 POST http://10.180.1.21/identity/v3/auth/tokens 0.085s
2025-11-23 06:29:21.560 66264 INFO tempest.lib.common.rest_client [req-5a0f5355-0e75-4655-a1fa-07755d671f53 req-5a0f5355-0e75-4655-a1fa-07755d671f53 ] Request (FloatingIPsAssociationTestJSON:tearDownClass): 204 DELETE http://10.180.1.21/compute/v2.1/servers/40b9716b-770d-4dda-ae25-f4d884cabf50 1.027s
2025-11-23 06:29:21.721 66220 INFO tempest.lib.common.rest_client [req-6b893288-93c5-4b3b-b904-a683d228bd63 req-6b893288-93c5-4b3b-b904-a683d228bd63 ] Request (ValidationResourcesFixture:setUp): 201 POST http://10.180.1.21/networking/v2.0/floatingips 0.506s
2025-11-23 06:29:21.786 66220 INFO tempest.lib.common.rest_client [req-ae9ce1d6-1374-4d6f-81a0-316326d51c91 req-ae9ce1d6-1374-4d6f-81a0-316326d51c91 ] Request (AttachInterfacesTestJSON:test_create_list_show_delete_interfaces_by_network_port): 201 POST http://10.180.1.21/identity/v3/auth/tokens 0.061s
2025-11-23 06:29:21.786 66220 INFO tempest.lib.common.fixed_network [-] (AttachInterfacesTestJSON:test_create_list_show_delete_interfaces_by_network_port) Found network {'id': '7501bffc-2c8c-4867-8aa0-8c5b3a6aa594', 'name': 'tempest-AttachInterfacesTestJSON-186922670-network', 'tenant_id': 'e70d4b0c2ac4436bb9a52a9008087205', 'project_id': 'e70d4b0c2ac4436bb9a52a9008087205', 'admin_state_up': True, 'mtu': 8950, 'status': 'ACTIVE', 'subnets': [], 'shared': False, 'port_security_enabled': True, 'router:external': False, 'provider:network_type': 'vlan', 'provider:physical_network': 'default', 'provider:segmentation_id': 517, 'availability_zone_hints': [], 'availability_zones': [], 'ipv4_address_scope': None, 'ipv6_address_scope': None, 'description': '', 'tags': [], 'created_at': '2025-11-23T06:26:49Z', 'updated_at': '2025-11-23T06:26:49Z', 'revision_number': 1} available for tenant
2025-11-23 06:29:21.800 66238 INFO tempest.lib.common.rest_client [req-d3a1d8ed-9afe-4840-ac78-bfa230a1cfb3 req-d3a1d8ed-9afe-4840-ac78-bfa230a1cfb3 ] Request (VolumesAssistedSnapshotsTest:tearDownClass): 200 GET http://10.180.1.21/compute/v2.1/servers/d414691d-d78b-4b60-828a-ae1ba8fd78f5 1.120s
2025-11-23 06:29:21.801 66242 INFO tempest.lib.common.rest_client [req-97532984-82da-44b8-9924-daceeda87f3f req-97532984-82da-44b8-9924-daceeda87f3f ] Request (FlavorsAdminTestJSON:tearDownClass): 200 GET http://10.180.1.21/networking/v2.0/security-groups?tenant_id=5b5d4c7fd2ce43eca0a4167aa5055961&name=default 0.247s
2025-11-23 06:29:21.837 66268 WARNING tempest.lib.common.ssh [-] Failed to establish authenticated ssh connection to cirros@10.180.180.206 ([Errno None] Unable to connect to port 22 on 10.180.180.206). Number attempts: 4. Retry after 5 seconds.: paramiko.ssh_exception.NoValidConnectionsError: [Errno None] Unable to connect to port 22 on 10.180.180.206
2025-11-23 06:29:21.883 66226 INFO tempest.lib.common.rest_client [req-695400db-1f46-40bc-8af5-9479427a0ffe req-695400db-1f46-40bc-8af5-9479427a0ffe ] Request (TenantUsagesTestJSON:setUpClass): 200 GET http://10.180.1.21/compute/v2.1/servers/6d9254aa-9ccd-455f-99ef-05ee6225d404 1.087s
2025-11-23 06:29:21.901 66272 INFO tempest.lib.common.rest_client [req-0ca16a24-1c48-4f7d-8648-3a268fc54efd req-0ca16a24-1c48-4f7d-8648-3a268fc54efd ] Request (ListServerFiltersTestJSON:test_list_servers_detailed_filter_by_server_status): 200 GET http://10.180.1.21/compute/v2.1/servers/detail?status=active 1.344s
2025-11-23 06:29:22.005 66242 INFO tempest.lib.common.rest_client [req-7e2c9e58-3f55-49b9-bf0d-1ed5a1de835a req-7e2c9e58-3f55-49b9-bf0d-1ed5a1de835a ] Request (FlavorsAdminTestJSON:tearDownClass): 204 DELETE http://10.180.1.21/networking/v2.0/security-groups/e85b45f4-dd30-46f1-adaf-c5fd4d188790 0.204s
2025-11-23 06:29:22.100 66242 INFO tempest.lib.common.rest_client [req-bb48f447-c0a3-4041-9ffb-eed914d79b05 req-bb48f447-c0a3-4041-9ffb-eed914d79b05 ] Request (FlavorsAdminTestJSON:tearDownClass): 204 DELETE http://10.180.1.21/identity/v3/projects/5b5d4c7fd2ce43eca0a4167aa5055961 0.094s
2025-11-23 06:29:22.100 66242 INFO tempest.lib.common.dynamic_creds [-] Deleting project and security group for project: 738b173e486c49f994238f142caaa74e
2025-11-23 06:29:22.155 66240 INFO tempest.lib.common.rest_client [req-c20fe4bd-3cc8-4a8e-bb56-3711527994ed req-c20fe4bd-3cc8-4a8e-bb56-3711527994ed ] Request (ServerDiskConfigTestJSON:test_rebuild_server_with_auto_disk_config): 200 GET http://10.180.1.21/compute/v2.1/servers/56e0b35a-3516-4146-a2b9-593ad77c54da 1.256s
2025-11-23 06:29:22.184 66278 INFO tempest.lib.common.rest_client [req-641d3a6f-7807-4145-abc9-116c69cdf6ff req-641d3a6f-7807-4145-abc9-116c69cdf6ff ] Request (MultipleCreateTestJSON:test_multiple_create): 200 GET http://10.180.1.21/compute/v2.1/servers/5bdd34cb-cf76-4e04-8508-372ef1225172 1.250s
2025-11-23 06:29:22.210 66230 INFO tempest.lib.common.rest_client [req-25e3f8ad-2193-4b87-963a-9c585e1d635d req-25e3f8ad-2193-4b87-963a-9c585e1d635d ] Request (FlavorsAccessNegativeTestJSON:_run_cleanups): 200 GET http://10.180.1.21/compute/v2.1/flavors/detail 1.033s
2025-11-23 06:29:22.272 66242 INFO tempest.lib.common.rest_client [req-c7d970c8-ee7a-4226-8378-9ee261b84375 req-c7d970c8-ee7a-4226-8378-9ee261b84375 ] Request (FlavorsAdminTestJSON:tearDownClass): 200 GET http://10.180.1.21/networking/v2.0/security-groups?tenant_id=738b173e486c49f994238f142caaa74e&name=default 0.171s
2025-11-23 06:29:22.289 66232 INFO tempest.lib.common.rest_client [req-57984c78-8744-4486-8329-4531b3efdd71 req-57984c78-8744-4486-8329-4531b3efdd71 ] Request (ServerActionsTestOtherB:setUpClass): 200 GET http://10.180.1.21/compute/v2.1/servers/c4af8313-d9b2-4a7d-8aeb-97d89df6ae64 1.146s
2025-11-23 06:29:22.302 66274 INFO tempest.lib.common.rest_client [req-7d4fd702-0427-4f65-8bf2-b2c415b6428b req-7d4fd702-0427-4f65-8bf2-b2c415b6428b ] Request (AttachInterfacesUnderV243Test:_run_cleanups): 200 GET http://10.180.1.21/compute/v2.1/servers/3b258742-2c0b-4447-8cf8-1b2d95db3e43 1.090s
2025-11-23 06:29:22.371 66250 INFO tempest.lib.common.rest_client [req-84ed889f-6318-4a2b-b933-0189637fa297 req-84ed889f-6318-4a2b-b933-0189637fa297 ] Request (ServerActionsTestOtherA:test_rebuild_server_in_stop_state): 200 GET http://10.180.1.21/compute/v2.1/servers/abdf6cb8-6594-4a9f-8dbe-67bc7df59f61 1.105s
2025-11-23 06:29:22.377 66258 INFO tempest.lib.common.rest_client [req-25454f95-c759-4a78-9099-077ff0d6206e req-25454f95-c759-4a78-9099-077ff0d6206e ] Request (ImagesTestJSON:test_create_server_from_snapshot): 200 GET http://10.180.1.21/compute/v2.1/servers/2786cf42-2b4b-40ee-b0b9-9f7c5557d4ea 1.058s
2025-11-23 06:29:22.393 66248 INFO tempest.lib.common.rest_client [req-02ea3fd1-e909-4f54-b2bb-22dca7230f3a req-02ea3fd1-e909-4f54-b2bb-22dca7230f3a ] Request (MigrationsAdminTest:test_resize_server_revert_deleted_flavor): 202 DELETE http://10.180.1.21/compute/v2.1/flavors/eb447dec-dd16-4690-9463-0baddf47c4b6 1.028s
2025-11-23 06:29:22.419 66242 INFO tempest.lib.common.rest_client [req-5d187192-bcad-41c3-a966-25b36f149b08 req-5d187192-bcad-41c3-a966-25b36f149b08 ] Request (FlavorsAdminTestJSON:tearDownClass): 204 DELETE http://10.180.1.21/networking/v2.0/security-groups/a2c21463-b262-44c0-8c9d-3cf4d261bd5d 0.146s
2025-11-23 06:29:22.480 66218 INFO tempest.lib.common.rest_client [req-cbd1dec9-13fe-4351-8c07-a83887064355 req-cbd1dec9-13fe-4351-8c07-a83887064355 ] Request (ServerRescueTestJSON:tearDownClass): 204 DELETE http://10.180.1.21/compute/v2.1/servers/675e2bde-a50e-4876-b975-43f9a5fa5134 1.070s
2025-11-23 06:29:22.537 66228 INFO tempest.lib.common.rest_client [req-0e8bd245-5582-4b66-bf75-8c5ced641405 req-0e8bd245-5582-4b66-bf75-8c5ced641405 ] Request (ServersTestJSON:setUpClass): 200 GET http://10.180.1.21/compute/v2.1/servers/efa2fb3c-477b-48a0-893a-5b60ee93656d 0.926s
2025-11-23 06:29:22.555 66242 INFO tempest.lib.common.rest_client [req-897c0ef5-d998-422e-8b86-d502ba73098c req-897c0ef5-d998-422e-8b86-d502ba73098c ] Request (FlavorsAdminTestJSON:tearDownClass): 204 DELETE http://10.180.1.21/identity/v3/projects/738b173e486c49f994238f142caaa74e 0.135s
2025-11-23 06:29:22.617 66260 INFO tempest.lib.common.rest_client [req-59679431-483b-48e5-bf12-7765c75950d9 req-59679431-483b-48e5-bf12-7765c75950d9 ] Request (ServerActionsTestJSON:setUpClass): 200 GET http://10.180.1.21/compute/v2.1/servers/ce7ce6da-3305-429a-ae78-2429684826f5 0.958s
2025-11-23 06:29:22.657 66242 INFO tempest.lib.common.rest_client [req-2acbbfc0-36a9-4c51-8431-0e8b530d5ed8 req-2acbbfc0-36a9-4c51-8431-0e8b530d5ed8 ] Request (KeyPairsV210TestJSON:setUpClass): 201 POST http://10.180.1.21/identity/v3/auth/tokens 0.100s
2025-11-23 06:29:22.702 66242 INFO tempest.lib.common.rest_client [req-f90af96d-1f41-4286-802c-0f0a4585e1c9 req-f90af96d-1f41-4286-802c-0f0a4585e1c9 ] Request (KeyPairsV210TestJSON:setUpClass): 201 POST http://10.180.1.21/identity/v3/auth/tokens 0.040s
2025-11-23 06:29:22.704 66264 INFO tempest.lib.common.rest_client [req-15399dbd-e5de-4646-a7a1-99a0b3110462 req-15399dbd-e5de-4646-a7a1-99a0b3110462 ] Request (FloatingIPsAssociationTestJSON:tearDownClass): 200 GET http://10.180.1.21/compute/v2.1/servers/40b9716b-770d-4dda-ae25-f4d884cabf50 1.143s
2025-11-23 06:29:22.730 66242 INFO tempest.lib.common.rest_client [req-7a07709f-a7b3-4c2a-9ced-d7b5ab6af668 req-7a07709f-a7b3-4c2a-9ced-d7b5ab6af668 ] Request (KeyPairsV210TestJSON:setUpClass): 200 GET http://10.180.1.21/identity/v3/domains?name=Default 0.027s
2025-11-23 06:29:22.760 66256 INFO tempest.lib.common.rest_client [req-520cf15e-4144-46e9-bb53-b556e6517713 req-520cf15e-4144-46e9-bb53-b556e6517713 ] Request (InstanceActionsV221TestJSON:test_get_list_deleted_instance_actions): 200 GET http://10.180.1.21/compute/v2.1/servers/04f655b8-56ae-4ba0-b98f-07b674b73f76 1.007s
2025-11-23 06:29:22.765 66242 INFO tempest.lib.common.rest_client [req-9cd44af2-aee2-4842-a995-8243c43f49c4 req-9cd44af2-aee2-4842-a995-8243c43f49c4 ] Request (KeyPairsV210TestJSON:setUpClass): 201 POST http://10.180.1.21/identity/v3/projects 0.034s
2025-11-23 06:29:22.780 66280 INFO tempest.lib.common.rest_client [req-04d1dc0c-3c8c-4315-8a8b-341ec8ffe734 req-04d1dc0c-3c8c-4315-8a8b-341ec8ffe734 ] Request (ServerDiagnosticsNegativeTest:test_get_server_diagnostics_by_non_admin): 200 GET http://10.180.1.21/compute/v2.1/servers/df710cff-a457-4b52-a2fd-2c76cc6d4f61 1.091s
2025-11-23 06:29:22.851 66242 INFO tempest.lib.common.rest_client [req-ae72dda2-4de6-4f7f-93f7-a82d33b6a02e req-ae72dda2-4de6-4f7f-93f7-a82d33b6a02e ] Request (KeyPairsV210TestJSON:setUpClass): 201 POST http://10.180.1.21/identity/v3/users 0.085s
2025-11-23 06:29:22.883 66242 INFO tempest.lib.common.rest_client [req-9de5f934-2c65-498c-8681-982a6a5bd564 req-9de5f934-2c65-498c-8681-982a6a5bd564 ] Request (KeyPairsV210TestJSON:setUpClass): 200 GET http://10.180.1.21/identity/v3/roles 0.032s
2025-11-23 06:29:22.911 66242 INFO tempest.lib.common.rest_client [req-0b31c7d2-485b-4ef4-b15d-41b374531449 req-0b31c7d2-485b-4ef4-b15d-41b374531449 ] Request (KeyPairsV210TestJSON:setUpClass): 204 PUT http://10.180.1.21/identity/v3/projects/5d9d2a958959472ca834077c35aaca22/users/ab8edfc4ff1e480993ea37e4a9f71881/roles/0b07b7e866044732bfc814cb36a20832 0.028s
2025-11-23 06:29:22.912 66242 INFO tempest.lib.common.dynamic_creds [-] Dynamic test user ab8edfc4ff1e480993ea37e4a9f71881 is created with scope project and roles: ['member']
2025-11-23 06:29:22.912 66242 INFO tempest.lib.common.dynamic_creds [-] Acquired dynamic creds: credentials: Credentials: {'domain_id': 'default', 'domain_name': 'Default', 'username': 'tempest-KeyPairsV210TestJSON-1030268943-project-member', 'project_domain_id': 'default', 'project_domain_name': 'Default', 'project_id': '5d9d2a958959472ca834077c35aaca22', 'project_name': 'tempest-KeyPairsV210TestJSON-1030268943', 'tenant_id': '5d9d2a958959472ca834077c35aaca22', 'tenant_name': 'tempest-KeyPairsV210TestJSON-1030268943', 'user_domain_id': 'default', 'user_domain_name': 'Default', 'user_id': 'ab8edfc4ff1e480993ea37e4a9f71881', 'system': None}, Network: None, Subnet: None, Router: None
2025-11-23 06:29:22.912 66242 INFO tempest.lib.common.dynamic_creds [-] Created isolated network resources for: credentials: Credentials: {'domain_id': 'default', 'domain_name': 'Default', 'username': 'tempest-KeyPairsV210TestJSON-1030268943-project-member', 'project_domain_id': 'default', 'project_domain_name': 'Default', 'project_id': '5d9d2a958959472ca834077c35aaca22', 'project_name': 'tempest-KeyPairsV210TestJSON-1030268943', 'tenant_id': '5d9d2a958959472ca834077c35aaca22', 'tenant_name': 'tempest-KeyPairsV210TestJSON-1030268943', 'user_domain_id': 'default', 'user_domain_name': 'Default', 'user_id': 'ab8edfc4ff1e480993ea37e4a9f71881', 'system': None}, Network: None, Subnet: None, Router: None
2025-11-23 06:29:22.999 66272 INFO tempest.lib.common.rest_client [req-1e9abd7f-cbae-4d5c-a16d-7254ef53738d req-1e9abd7f-cbae-4d5c-a16d-7254ef53738d ] Request (ListServerFiltersTestJSON:test_list_servers_detailed_limit_results): 200 GET http://10.180.1.21/compute/v2.1/servers/detail?limit=1 1.084s
2025-11-23 06:29:23.015 66242 INFO tempest.lib.common.rest_client [req-c39f5575-79af-4263-b914-f33f4ca64237 req-c39f5575-79af-4263-b914-f33f4ca64237 ] Request (KeyPairsV210TestJSON:setUpClass): 201 POST http://10.180.1.21/identity/v3/auth/tokens 0.100s
2025-11-23 06:29:23.101 66224 INFO tempest.lib.common.rest_client [req-09921067-2d38-4de0-8dcd-e66c56dfb242 req-09921067-2d38-4de0-8dcd-e66c56dfb242 ] Request (ListServersNegativeTestJSON:setUpClass): 200 GET http://10.180.1.21/compute/v2.1/servers/0972c613-aa84-44d2-98ff-7dfb4ba30270 1.134s
2025-11-23 06:29:23.120 66242 INFO tempest.lib.common.rest_client [req-6f498f09-3a9e-4330-b39e-bd3f92357dfb req-6f498f09-3a9e-4330-b39e-bd3f92357dfb ] Request (KeyPairsV210TestJSON:setUpClass): 201 POST http://10.180.1.21/identity/v3/projects 0.104s
2025-11-23 06:29:23.194 66242 INFO tempest.lib.common.rest_client [req-c28536b5-7f08-4c30-82d9-aa65556f784c req-c28536b5-7f08-4c30-82d9-aa65556f784c ] Request (KeyPairsV210TestJSON:setUpClass): 201 POST http://10.180.1.21/identity/v3/users 0.074s
2025-11-23 06:29:23.202 66266 INFO tempest.lib.common.rest_client [req-c89d9baa-ecd2-444a-ba41-a3a80d2c3a5e req-c89d9baa-ecd2-444a-ba41-a3a80d2c3a5e ] Request (VolumesAdminNegativeTest:test_update_attached_volume_with_nonexistent_volume_in_uri): 200 GET http://10.180.1.21/compute/v2.1/servers/1ae98d05-9433-4ed6-94e6-952755baf5e7 1.213s
2025-11-23 06:29:23.226 66242 INFO tempest.lib.common.rest_client [req-172d1090-fd6f-4f55-9c23-431b49195ea7 req-172d1090-fd6f-4f55-9c23-431b49195ea7 ] Request (KeyPairsV210TestJSON:setUpClass): 200 GET http://10.180.1.21/identity/v3/roles 0.031s
2025-11-23 06:29:23.270 66242 INFO tempest.lib.common.rest_client [req-2de93c8b-7c25-4745-9d8b-822421dcfc97 req-2de93c8b-7c25-4745-9d8b-822421dcfc97 ] Request (KeyPairsV210TestJSON:setUpClass): 204 PUT http://10.180.1.21/identity/v3/projects/f17049a3456a4f4fbada596f9d840176/users/a8364e21913a4e91bb6312e3665cc89c/roles/59ef26836ace4c8c8f1833d016f835bf 0.042s
2025-11-23 06:29:23.281 66236 INFO tempest.lib.common.rest_client [req-18bc440f-6d39-4f47-a207-5647926e6269 req-18bc440f-6d39-4f47-a207-5647926e6269 ] Request (InstanceActionsNegativeTestJSON:setUpClass): 200 GET http://10.180.1.21/compute/v2.1/servers/67be4957-0c3d-4187-a616-ca082060bf55 1.194s
2025-11-23 06:29:23.290 66220 INFO tempest.lib.common.rest_client [req-9cffe27f-ec62-4308-bb6e-6dc18f721b04 req-9cffe27f-ec62-4308-bb6e-6dc18f721b04 ] Request (AttachInterfacesTestJSON:test_create_list_show_delete_interfaces_by_network_port): 202 POST http://10.180.1.21/compute/v2.1/servers 1.504s
2025-11-23 06:29:23.348 66242 INFO tempest.lib.common.rest_client [req-f58b3e4f-5b1e-45fe-96ba-8d72d880fc5f req-f58b3e4f-5b1e-45fe-96ba-8d72d880fc5f ] Request (KeyPairsV210TestJSON:setUpClass): 200 GET http://10.180.1.21/identity/v3/roles 0.077s
2025-11-23 06:29:23.372 66242 INFO tempest.lib.common.rest_client [req-b4bd585e-4328-4118-b861-e081225963f2 req-b4bd585e-4328-4118-b861-e081225963f2 ] Request (KeyPairsV210TestJSON:setUpClass): 204 PUT http://10.180.1.21/identity/v3/projects/f17049a3456a4f4fbada596f9d840176/users/a8364e21913a4e91bb6312e3665cc89c/roles/59ef26836ace4c8c8f1833d016f835bf 0.022s
2025-11-23 06:29:23.372 66242 INFO tempest.lib.common.dynamic_creds [-] Dynamic test user a8364e21913a4e91bb6312e3665cc89c is created with scope project and roles: ['admin']
2025-11-23 06:29:23.372 66242 INFO tempest.lib.common.dynamic_creds [-] Acquired dynamic creds: credentials: Credentials: {'domain_id': 'default', 'domain_name': 'Default', 'username': 'tempest-KeyPairsV210TestJSON-940513908-project-admin', 'project_domain_id': 'default', 'project_domain_name': 'Default', 'project_id': 'f17049a3456a4f4fbada596f9d840176', 'project_name': 'tempest-KeyPairsV210TestJSON-940513908', 'tenant_id': 'f17049a3456a4f4fbada596f9d840176', 'tenant_name': 'tempest-KeyPairsV210TestJSON-940513908', 'user_domain_id': 'default', 'user_domain_name': 'Default', 'user_id': 'a8364e21913a4e91bb6312e3665cc89c', 'system': None}, Network: None, Subnet: None, Router: None
2025-11-23 06:29:23.372 66242 INFO tempest.lib.common.dynamic_creds [-] Created isolated network resources for: credentials: Credentials: {'domain_id': 'default', 'domain_name': 'Default', 'username': 'tempest-KeyPairsV210TestJSON-940513908-project-admin', 'project_domain_id': 'default', 'project_domain_name': 'Default', 'project_id': 'f17049a3456a4f4fbada596f9d840176', 'project_name': 'tempest-KeyPairsV210TestJSON-940513908', 'tenant_id': 'f17049a3456a4f4fbada596f9d840176', 'tenant_name': 'tempest-KeyPairsV210TestJSON-940513908', 'user_domain_id': 'default', 'user_domain_name': 'Default', 'user_id': 'a8364e21913a4e91bb6312e3665cc89c', 'system': None}, Network: None, Subnet: None, Router: None
2025-11-23 06:29:23.381 66234 INFO tempest.lib.common.rest_client [req-6b7b80b6-b8e0-4018-8cf0-fee35f3a349a req-6b7b80b6-b8e0-4018-8cf0-fee35f3a349a ] Request (ServerMetadataNegativeTestJSON:tearDownClass): 200 GET http://10.180.1.21/compute/v2.1/servers/81517d6d-a955-4ade-a7f5-c74349494baf 1.246s
2025-11-23 06:29:23.427 66276 INFO tempest.lib.common.rest_client [req-c470c371-ec09-4ce0-beb3-eb3ff2b4b446 req-c470c371-ec09-4ce0-beb3-eb3ff2b4b446 ] Request (ServersListShow298Test:tearDownClass): 200 GET http://10.180.1.21/compute/v2.1/servers/cffea72f-4812-49b1-9a44-334744200e67 1.259s
2025-11-23 06:29:23.444 66276 INFO tempest.common.waiters [-] State transition "ACTIVE/deleting" ==> "DELETED/None" after 5 second wait
2025-11-23 06:29:23.454 66262 INFO tempest.lib.common.rest_client [req-55cbd799-a882-4f8f-ba8a-b34b3d52c846 req-55cbd799-a882-4f8f-ba8a-b34b3d52c846 ] Request (ListImageFiltersTestJSON:setUpClass): 200 GET http://10.180.1.21/compute/v2.1/images/537afdc7-67a3-43d0-82dc-2572ef07d0c4 1.272s
2025-11-23 06:29:23.455 66230 INFO tempest.lib.common.rest_client [req-7266e081-2848-45bb-b7bf-3d1ffb9b7dd2 req-7266e081-2848-45bb-b7bf-3d1ffb9b7dd2 ] Request (FlavorsAccessNegativeTestJSON:test_flavor_access_list_with_public_flavor): 200 POST http://10.180.1.21/compute/v2.1/flavors 1.239s
2025-11-23 06:29:23.472 66242 INFO tempest.lib.common.rest_client [req-5807d7a9-ef43-4413-91c1-4b2cb8159d02 req-5807d7a9-ef43-4413-91c1-4b2cb8159d02 ] Request (KeyPairsV210TestJSON:setUpClass): 201 POST http://10.180.1.21/identity/v3/auth/tokens 0.094s
2025-11-23 06:29:23.489 66248 INFO tempest.lib.common.rest_client [req-c21710b7-32ac-4413-9459-6865959234f9 req-c21710b7-32ac-4413-9459-6865959234f9 ] Request (MigrationsAdminTest:test_resize_server_revert_deleted_flavor): 200 GET http://10.180.1.21/compute/v2.1/flavors/detail 1.095s
2025-11-23 06:29:23.536 66222 INFO tempest.lib.common.rest_client [req-4b6000b8-cc97-45d9-843e-1a8e08335b90 req-4b6000b8-cc97-45d9-843e-1a8e08335b90 ] Request (ServersAdminNegativeTestJSON:tearDownClass): 200 GET http://10.180.1.21/compute/v2.1/servers/bf1ec323-8bf1-4c0c-8252-9f2162349baa 1.088s
2025-11-23 06:29:23.552 66270 INFO tempest.lib.common.rest_client [req-257d7996-7128-4f10-8768-1a00cec01d11 req-257d7996-7128-4f10-8768-1a00cec01d11 ] Request (ImagesOneServerNegativeTestJSON:_run_cleanups): 200 GET http://10.180.1.21/compute/v2.1/servers/a8aeecd1-c7d9-481a-90a8-1a1ddbe1a8c0 1.081s
2025-11-23 06:29:23.694 66238 INFO tempest.lib.common.rest_client [req-af00c47f-1b43-4b7d-b9ad-b36b1eff2c14 req-af00c47f-1b43-4b7d-b9ad-b36b1eff2c14 ] Request (VolumesAssistedSnapshotsTest:tearDownClass): 200 GET http://10.180.1.21/compute/v2.1/servers/d414691d-d78b-4b60-828a-ae1ba8fd78f5 0.884s
2025-11-23 06:29:23.706 66238 INFO tempest.common.waiters [-] State transition "ACTIVE/deleting" ==> "DELETED/None" after 4 second wait
2025-11-23 06:29:23.724 66218 INFO tempest.lib.common.rest_client [req-62e4973e-412a-445f-994f-18c2a077db7c req-62e4973e-412a-445f-994f-18c2a077db7c ] Request (ServerRescueTestJSON:tearDownClass): 200 GET http://10.180.1.21/compute/v2.1/servers/675e2bde-a50e-4876-b975-43f9a5fa5134 1.243s
2025-11-23 06:29:23.767 66226 INFO tempest.lib.common.rest_client [req-b4cb215b-cb68-4f79-866f-21e7e25c8725 req-b4cb215b-cb68-4f79-866f-21e7e25c8725 ] Request (TenantUsagesTestJSON:setUpClass): 200 GET http://10.180.1.21/compute/v2.1/servers/6d9254aa-9ccd-455f-99ef-05ee6225d404 0.873s
2025-11-23 06:29:23.876 66272 INFO tempest.lib.common.rest_client [req-0f80cfbc-feb2-401d-acd1-49bb93bd4053 req-0f80cfbc-feb2-401d-acd1-49bb93bd4053 ] Request (ListServerFiltersTestJSON:test_list_servers_filter_by_active_status): 200 GET http://10.180.1.21/compute/v2.1/servers?status=active 0.864s
2025-11-23 06:29:24.025 66240 INFO tempest.lib.common.rest_client [req-075dc265-b4b8-4dff-b78a-3ed34e3e4fab req-075dc265-b4b8-4dff-b78a-3ed34e3e4fab ] Request (ServerDiskConfigTestJSON:test_rebuild_server_with_auto_disk_config): 200 GET http://10.180.1.21/compute/v2.1/servers/56e0b35a-3516-4146-a2b9-593ad77c54da 0.861s
2025-11-23 06:29:24.032 66240 INFO tempest.common.waiters [-] State transition "REBUILD/rebuilding" ==> "REBUILD/rebuild_block_device_mapping" after 2 second wait
2025-11-23 06:29:24.049 66278 INFO tempest.lib.common.rest_client [req-de224608-1a74-479d-afce-c794ebdab00b req-de224608-1a74-479d-afce-c794ebdab00b ] Request (MultipleCreateTestJSON:test_multiple_create): 200 GET http://10.180.1.21/compute/v2.1/servers/5bdd34cb-cf76-4e04-8508-372ef1225172 0.856s
2025-11-23 06:29:24.056 66278 INFO tempest.common.waiters [-] State transition "BUILD/spawning" ==> "ACTIVE/None" after 41 second wait
2025-11-23 06:29:24.086 66220 INFO tempest.lib.common.rest_client [req-b853a35b-72f9-457b-88f4-82cee6c9fc34 req-b853a35b-72f9-457b-88f4-82cee6c9fc34 ] Request (AttachInterfacesTestJSON:test_create_list_show_delete_interfaces_by_network_port): 200 GET http://10.180.1.21/compute/v2.1/servers/006cdf26-0097-49e0-a9eb-93125cf8d262 0.792s
2025-11-23 06:29:24.105 66232 INFO tempest.lib.common.rest_client [req-c62a6977-06e1-4c20-8998-a7f914412b6e req-c62a6977-06e1-4c20-8998-a7f914412b6e ] Request (ServerActionsTestOtherB:setUpClass): 200 GET http://10.180.1.21/compute/v2.1/servers/c4af8313-d9b2-4a7d-8aeb-97d89df6ae64 0.804s
2025-11-23 06:29:24.160 66250 INFO tempest.lib.common.rest_client [req-7d7f7119-f522-4de5-913d-52e70f894ff5 req-7d7f7119-f522-4de5-913d-52e70f894ff5 ] Request (ServerActionsTestOtherA:test_rebuild_server_in_stop_state): 200 GET http://10.180.1.21/compute/v2.1/servers/abdf6cb8-6594-4a9f-8dbe-67bc7df59f61 0.780s
2025-11-23 06:29:24.180 66274 INFO tempest.lib.common.rest_client [req-8472a1dc-a50b-4f5b-907d-19b93699a359 req-8472a1dc-a50b-4f5b-907d-19b93699a359 ] Request (AttachInterfacesUnderV243Test:_run_cleanups): 200 GET http://10.180.1.21/compute/v2.1/servers/3b258742-2c0b-4447-8cf8-1b2d95db3e43 0.867s
2025-11-23 06:29:24.194 66230 INFO tempest.lib.common.rest_client [req-452fcc0b-5362-4be8-8414-678d713863ae req-452fcc0b-5362-4be8-8414-678d713863ae ] Request (FlavorsAccessNegativeTestJSON:test_flavor_access_list_with_public_flavor): 404 GET http://10.180.1.21/compute/v2.1/flavors/1865189892/os-flavor-access 0.733s
2025-11-23 06:29:24.221 66258 INFO tempest.lib.common.rest_client [req-26a72e13-3ea7-4832-b740-c625e89b89af req-26a72e13-3ea7-4832-b740-c625e89b89af ] Request (ImagesTestJSON:test_create_server_from_snapshot): 200 GET http://10.180.1.21/compute/v2.1/servers/2786cf42-2b4b-40ee-b0b9-9f7c5557d4ea 0.831s
2025-11-23 06:29:24.314 66242 INFO tempest.lib.common.rest_client [req-c4c59f07-5455-4847-94f1-f764475a8734 req-c4c59f07-5455-4847-94f1-f764475a8734 ] Request (KeyPairsV210TestJSON:test_admin_manage_keypairs_for_other_users): 201 POST http://10.180.1.21/compute/v2.1/os-keypairs 0.840s
2025-11-23 06:29:24.412 66228 INFO tempest.lib.common.rest_client [req-7ea555d3-7579-451d-836c-5145dc763f57 req-7ea555d3-7579-451d-836c-5145dc763f57 ] Request (ServersTestJSON:setUpClass): 200 GET http://10.180.1.21/compute/v2.1/servers/efa2fb3c-477b-48a0-893a-5b60ee93656d 0.865s
2025-11-23 06:29:24.430 66248 INFO tempest.lib.common.rest_client [req-f89b70c5-63d4-423a-b8d3-ca0774583e1b req-f89b70c5-63d4-423a-b8d3-ca0774583e1b ] Request (MigrationsAdminTest:test_resize_server_revert_deleted_flavor): 202 POST http://10.180.1.21/compute/v2.1/servers/e2512942-0176-4423-a2ba-935dc5082a90/action 0.932s
2025-11-23 06:29:24.490 66260 INFO tempest.lib.common.rest_client [req-e6d57c2a-dac4-4677-8e76-aaac74482914 req-e6d57c2a-dac4-4677-8e76-aaac74482914 ] Request (ServerActionsTestJSON:setUpClass): 200 GET http://10.180.1.21/compute/v2.1/servers/ce7ce6da-3305-429a-ae78-2429684826f5 0.863s
2025-11-23 06:29:24.567 66264 INFO tempest.lib.common.rest_client [req-51cfc6be-6d18-480b-9951-a2ea83d770ac req-51cfc6be-6d18-480b-9951-a2ea83d770ac ] Request (FloatingIPsAssociationTestJSON:tearDownClass): 200 GET http://10.180.1.21/compute/v2.1/servers/40b9716b-770d-4dda-ae25-f4d884cabf50 0.851s
2025-11-23 06:29:24.593 66256 INFO tempest.lib.common.rest_client [req-863d3c5b-bdd6-4bb9-9939-f754fec580b7 req-863d3c5b-bdd6-4bb9-9939-f754fec580b7 ] Request (InstanceActionsV221TestJSON:test_get_list_deleted_instance_actions): 200 GET http://10.180.1.21/compute/v2.1/servers/04f655b8-56ae-4ba0-b98f-07b674b73f76 0.821s
2025-11-23 06:29:24.646 66272 INFO tempest.lib.common.rest_client [req-d75be733-6a10-40b4-bb8a-5294d2777018 req-d75be733-6a10-40b4-bb8a-5294d2777018 ] Request (ListServerFiltersTestJSON:test_list_servers_filter_by_exceed_limit): 200 GET http://10.180.1.21/compute/v2.1/servers?limit=100000 0.764s
2025-11-23 06:29:24.764 66280 INFO tempest.lib.common.rest_client [req-66dfed09-9853-41e4-8514-249847aaf80d req-66dfed09-9853-41e4-8514-249847aaf80d ] Request (ServerDiagnosticsNegativeTest:test_get_server_diagnostics_by_non_admin): 200 GET http://10.180.1.21/compute/v2.1/servers/df710cff-a457-4b52-a2fd-2c76cc6d4f61 0.972s
2025-11-23 06:29:24.774 66280 INFO tempest.common.waiters [-] State transition "BUILD/spawning" ==> "ACTIVE/None" after 43 second wait
2025-11-23 06:29:25.181 66224 INFO tempest.lib.common.rest_client [req-6e827d45-c9c6-4a47-aa72-4156654c5987 req-6e827d45-c9c6-4a47-aa72-4156654c5987 ] Request (ListServersNegativeTestJSON:setUpClass): 200 GET http://10.180.1.21/compute/v2.1/servers/0972c613-aa84-44d2-98ff-7dfb4ba30270 1.066s
2025-11-23 06:29:25.208 66278 INFO tempest.lib.common.rest_client [req-cb51ef73-a258-4e21-a217-8234af659cb3 req-cb51ef73-a258-4e21-a217-8234af659cb3 ] Request (MultipleCreateTestJSON:test_multiple_create): 200 GET http://10.180.1.21/compute/v2.1/servers/823d4195-13d2-4ba1-a9be-723371983fb5 1.151s
2025-11-23 06:29:25.210 66230 INFO tempest.lib.common.rest_client [req-0f5e4446-acf7-494d-a2fb-47a5beebf463 req-0f5e4446-acf7-494d-a2fb-47a5beebf463 ] Request (FlavorsAccessNegativeTestJSON:_run_cleanups): 202 DELETE http://10.180.1.21/compute/v2.1/flavors/1865189892 1.015s
2025-11-23 06:29:25.266 66236 INFO tempest.lib.common.rest_client [req-9c7d43e3-b082-4362-8a68-d4d257ab6ee2 req-9c7d43e3-b082-4362-8a68-d4d257ab6ee2 ] Request (InstanceActionsNegativeTestJSON:setUpClass): 200 GET http://10.180.1.21/compute/v2.1/servers/67be4957-0c3d-4187-a616-ca082060bf55 0.973s
2025-11-23 06:29:25.274 66266 INFO tempest.lib.common.rest_client [req-30e3b3fd-132a-4519-8217-0d0b69cc0791 req-30e3b3fd-132a-4519-8217-0d0b69cc0791 ] Request (VolumesAdminNegativeTest:test_update_attached_volume_with_nonexistent_volume_in_uri): 200 GET http://10.180.1.21/compute/v2.1/servers/1ae98d05-9433-4ed6-94e6-952755baf5e7 1.061s
2025-11-23 06:29:25.317 66242 INFO tempest.lib.common.rest_client [req-544cf6cb-ec2f-47c7-bbad-a2fcadfd3d99 req-544cf6cb-ec2f-47c7-bbad-a2fcadfd3d99 ] Request (KeyPairsV210TestJSON:test_admin_manage_keypairs_for_other_users): 201 POST http://10.180.1.21/compute/v2.1/os-keypairs 0.999s
2025-11-23 06:29:25.354 66234 INFO tempest.lib.common.rest_client [req-1f7ef5cd-8983-4cc1-8c0c-2ce8016ccffc req-1f7ef5cd-8983-4cc1-8c0c-2ce8016ccffc ] Request (ServerMetadataNegativeTestJSON:tearDownClass): 200 GET http://10.180.1.21/compute/v2.1/servers/81517d6d-a955-4ade-a7f5-c74349494baf 0.957s
2025-11-23 06:29:25.417 66276 INFO tempest.lib.common.rest_client [req-ac882bf5-dffb-428b-bdd1-e9d3c53c1096 req-ac882bf5-dffb-428b-bdd1-e9d3c53c1096 ] Request (ServersListShow298Test:tearDownClass): 200 GET http://10.180.1.21/compute/v2.1/servers/cffea72f-4812-49b1-9a44-334744200e67 0.971s
2025-11-23 06:29:25.426 66248 INFO tempest.lib.common.rest_client [req-a8341f2a-1e47-435f-a9fa-0f69442f4b33 req-a8341f2a-1e47-435f-a9fa-0f69442f4b33 ] Request (MigrationsAdminTest:test_resize_server_revert_deleted_flavor): 200 GET http://10.180.1.21/compute/v2.1/servers/e2512942-0176-4423-a2ba-935dc5082a90 0.995s
2025-11-23 06:29:25.450 66262 INFO tempest.lib.common.rest_client [req-85b45532-3217-4f51-86df-1ffaf7933efc req-85b45532-3217-4f51-86df-1ffaf7933efc ] Request (ListImageFiltersTestJSON:setUpClass): 200 GET http://10.180.1.21/compute/v2.1/images/537afdc7-67a3-43d0-82dc-2572ef07d0c4 0.990s
2025-11-23 06:29:25.482 66222 INFO tempest.lib.common.rest_client [req-23f80fbb-9b48-46e3-9392-a76dc25a3f52 req-23f80fbb-9b48-46e3-9392-a76dc25a3f52 ] Request (ServersAdminNegativeTestJSON:tearDownClass): 200 GET http://10.180.1.21/compute/v2.1/servers/bf1ec323-8bf1-4c0c-8252-9f2162349baa 0.936s
2025-11-23 06:29:25.505 66270 INFO tempest.lib.common.rest_client [req-f23b5799-aa25-4649-9e43-1fe33acab234 req-f23b5799-aa25-4649-9e43-1fe33acab234 ] Request (ImagesOneServerNegativeTestJSON:_run_cleanups): 200 GET http://10.180.1.21/compute/v2.1/servers/a8aeecd1-c7d9-481a-90a8-1a1ddbe1a8c0 0.943s
2025-11-23 06:29:25.547 66272 INFO tempest.lib.common.rest_client [req-c6dec35c-652d-4552-962e-bdaea66e2857 req-c6dec35c-652d-4552-962e-bdaea66e2857 ] Request (ListServerFiltersTestJSON:test_list_servers_filter_by_exceed_limit): 200 GET http://10.180.1.21/compute/v2.1/servers 0.899s
2025-11-23 06:29:25.571 66238 INFO tempest.lib.common.rest_client [req-0e734044-a89b-43a3-bdff-02e252b711c2 req-0e734044-a89b-43a3-bdff-02e252b711c2 ] Request (VolumesAssistedSnapshotsTest:tearDownClass): 200 GET http://10.180.1.21/compute/v2.1/servers/d414691d-d78b-4b60-828a-ae1ba8fd78f5 0.863s
2025-11-23 06:29:25.593 66280 INFO tempest.lib.common.rest_client [req-7267cc8c-47d3-4df7-ab3d-de1276692efe req-7267cc8c-47d3-4df7-ab3d-de1276692efe ] Request (ServerDiagnosticsNegativeTest:test_get_server_diagnostics_by_non_admin): 403 GET http://10.180.1.21/compute/v2.1/servers/df710cff-a457-4b52-a2fd-2c76cc6d4f61/diagnostics 0.818s
2025-11-23 06:29:25.597 66218 INFO tempest.lib.common.rest_client [req-de786044-2dad-4ea2-881a-c9d17cffe9b8 req-de786044-2dad-4ea2-881a-c9d17cffe9b8 ] Request (ServerRescueTestJSON:tearDownClass): 200 GET http://10.180.1.21/compute/v2.1/servers/675e2bde-a50e-4876-b975-43f9a5fa5134 0.860s
2025-11-23 06:29:25.640 66226 INFO tempest.lib.common.rest_client [req-a2e18fab-1b01-4fe0-8913-be65fc12cc76 req-a2e18fab-1b01-4fe0-8913-be65fc12cc76 ] Request (TenantUsagesTestJSON:setUpClass): 200 GET http://10.180.1.21/compute/v2.1/servers/6d9254aa-9ccd-455f-99ef-05ee6225d404 0.857s
2025-11-23 06:29:25.688 66220 INFO tempest.lib.common.rest_client [req-88b5e4f2-1fdb-4de0-92da-e675ff577486 req-88b5e4f2-1fdb-4de0-92da-e675ff577486 ] Request (AttachInterfacesTestJSON:test_create_list_show_delete_interfaces_by_network_port): 200 GET http://10.180.1.21/compute/v2.1/servers/006cdf26-0097-49e0-a9eb-93125cf8d262 0.593s
2025-11-23 06:29:25.690 66240 INFO tempest.lib.common.rest_client [req-421e0909-f15b-49f7-b521-b9dd8536a866 req-421e0909-f15b-49f7-b521-b9dd8536a866 ] Request (ServerDiskConfigTestJSON:test_rebuild_server_with_auto_disk_config): 200 GET http://10.180.1.21/compute/v2.1/servers/56e0b35a-3516-4146-a2b9-593ad77c54da 0.656s
2025-11-23 06:29:25.698 66240 INFO tempest.common.waiters [-] State transition "REBUILD/rebuild_block_device_mapping" ==> "REBUILD/rebuild_spawning" after 3 second wait
2025-11-23 06:29:25.741 66250 INFO tempest.lib.common.rest_client [req-eab88d58-13f3-4983-864c-ffceb0a0b508 req-eab88d58-13f3-4983-864c-ffceb0a0b508 ] Request (ServerActionsTestOtherA:test_rebuild_server_in_stop_state): 200 GET http://10.180.1.21/compute/v2.1/servers/abdf6cb8-6594-4a9f-8dbe-67bc7df59f61 0.574s
2025-11-23 06:29:25.746 66232 INFO tempest.lib.common.rest_client [req-894e6ec9-15a1-44c4-9b0a-41278bf35f83 req-894e6ec9-15a1-44c4-9b0a-41278bf35f83 ] Request (ServerActionsTestOtherB:setUpClass): 200 GET http://10.180.1.21/compute/v2.1/servers/c4af8313-d9b2-4a7d-8aeb-97d89df6ae64 0.632s
2025-11-23 06:29:25.749 66250 INFO tempest.common.waiters [-] State transition "BUILD/scheduling" ==> "BUILD/None" after 21 second wait
2025-11-23 06:29:25.773 66230 INFO tempest.lib.common.rest_client [req-fdb4b1e0-b8be-4e86-9677-1455b5ed85c7 req-fdb4b1e0-b8be-4e86-9677-1455b5ed85c7 ] Request (FlavorsAccessNegativeTestJSON:_run_cleanups): 200 GET http://10.180.1.21/compute/v2.1/flavors/detail 0.563s
2025-11-23 06:29:25.814 66274 INFO tempest.lib.common.rest_client [req-7cf4b2df-a0ac-4fcb-8de8-751871e113e0 req-7cf4b2df-a0ac-4fcb-8de8-751871e113e0 ] Request (AttachInterfacesUnderV243Test:_run_cleanups): 200 GET http://10.180.1.21/compute/v2.1/servers/3b258742-2c0b-4447-8cf8-1b2d95db3e43 0.626s
2025-11-23 06:29:25.826 66242 INFO tempest.lib.common.rest_client [req-fc2b0d11-fcd2-4081-8a56-0265f1d10c43 req-fc2b0d11-fcd2-4081-8a56-0265f1d10c43 ] Request (KeyPairsV210TestJSON:test_admin_manage_keypairs_for_other_users): 200 GET http://10.180.1.21/compute/v2.1/os-keypairs/tempest-keypair-138159370?user_id=ab8edfc4ff1e480993ea37e4a9f71881 0.506s
2025-11-23 06:29:25.838 66258 INFO tempest.lib.common.rest_client [req-804eb121-e61d-4034-ae12-109b98631e63 req-804eb121-e61d-4034-ae12-109b98631e63 ] Request (ImagesTestJSON:test_create_server_from_snapshot): 200 GET http://10.180.1.21/compute/v2.1/servers/2786cf42-2b4b-40ee-b0b9-9f7c5557d4ea 0.608s
2025-11-23 06:29:25.896 66228 INFO tempest.lib.common.rest_client [req-54501b1f-f2cc-42a9-956a-fa06ee5616ea req-54501b1f-f2cc-42a9-956a-fa06ee5616ea ] Request (ServersTestJSON:setUpClass): 200 GET http://10.180.1.21/compute/v2.1/servers/efa2fb3c-477b-48a0-893a-5b60ee93656d 0.474s
2025-11-23 06:29:25.908 66228 INFO tempest.common.waiters [-] State transition "BUILD/scheduling" ==> "BUILD/None" after 21 second wait
2025-11-23 06:29:25.913 66260 INFO tempest.lib.common.rest_client [req-a9e214e5-c5b1-4080-af5c-f21f5a658792 req-a9e214e5-c5b1-4080-af5c-f21f5a658792 ] Request (ServerActionsTestJSON:setUpClass): 200 GET http://10.180.1.21/compute/v2.1/servers/ce7ce6da-3305-429a-ae78-2429684826f5 0.413s
2025-11-23 06:29:26.011 66272 INFO tempest.lib.common.rest_client [req-662a48d0-b608-456c-b49b-0fa018501382 req-662a48d0-b608-456c-b49b-0fa018501382 ] Request (ListServerFiltersTestJSON:test_list_servers_filter_by_flavor): 200 GET http://10.180.1.21/compute/v2.1/servers?flavor=84 0.461s
2025-11-23 06:29:26.021 66264 INFO tempest.lib.common.rest_client [req-44f59baa-7c83-4ab6-8313-3b54bc5d771b req-44f59baa-7c83-4ab6-8313-3b54bc5d771b ] Request (FloatingIPsAssociationTestJSON:tearDownClass): 200 GET http://10.180.1.21/compute/v2.1/servers/40b9716b-770d-4dda-ae25-f4d884cabf50 0.446s
2025-11-23 06:29:26.089 66256 INFO tempest.lib.common.rest_client [req-3b3d4437-75b5-47ca-985e-1405e84c17a1 req-3b3d4437-75b5-47ca-985e-1405e84c17a1 ] Request (InstanceActionsV221TestJSON:test_get_list_deleted_instance_actions): 200 GET http://10.180.1.21/compute/v2.1/servers/04f655b8-56ae-4ba0-b98f-07b674b73f76 0.481s
2025-11-23 06:29:26.120 66280 INFO tempest.lib.common.rest_client [req-40f84b64-89b8-4ed2-9300-e83b2f931337 req-40f84b64-89b8-4ed2-9300-e83b2f931337 ] Request (ServerDiagnosticsNegativeTest:tearDownClass): 204 DELETE http://10.180.1.21/compute/v2.1/servers/df710cff-a457-4b52-a2fd-2c76cc6d4f61 0.525s
2025-11-23 06:29:26.139 66230 INFO tempest.lib.common.rest_client [req-c675fcf1-c515-4fb6-b472-e7182137430d req-c675fcf1-c515-4fb6-b472-e7182137430d ] Request (FlavorsAccessNegativeTestJSON:test_flavor_non_admin_add): 200 POST http://10.180.1.21/compute/v2.1/flavors 0.358s
2025-11-23 06:29:26.173 66242 INFO tempest.lib.common.rest_client [req-93071fe2-4bb8-40df-9d5b-1528900ebcac req-93071fe2-4bb8-40df-9d5b-1528900ebcac ] Request (KeyPairsV210TestJSON:test_admin_manage_keypairs_for_other_users): 201 POST http://10.180.1.21/compute/v2.1/os-keypairs 0.345s
2025-11-23 06:29:26.181 66272 INFO tempest.lib.common.rest_client [req-3e0c89b7-3f47-4921-8233-fce0a2e04baf req-3e0c89b7-3f47-4921-8233-fce0a2e04baf ] Request (ListServerFiltersTestJSON:test_list_servers_filter_by_limit): 200 GET http://10.180.1.21/compute/v2.1/servers?limit=1 0.163s
2025-11-23 06:29:26.276 66230 INFO tempest.lib.common.rest_client [req-85e2581d-9b2c-4867-b674-5c17d524d7b9 req-85e2581d-9b2c-4867-b674-5c17d524d7b9 ] Request (FlavorsAccessNegativeTestJSON:test_flavor_non_admin_add): 403 POST http://10.180.1.21/compute/v2.1/flavors/405931397/action 0.134s
2025-11-23 06:29:26.287 66242 INFO tempest.lib.common.rest_client [req-698d0ff0-3a36-4922-b968-e6d9130a805e req-698d0ff0-3a36-4922-b968-e6d9130a805e ] Request (KeyPairsV210TestJSON:test_admin_manage_keypairs_for_other_users): 200 GET http://10.180.1.21/compute/v2.1/os-keypairs?user_id=ab8edfc4ff1e480993ea37e4a9f71881 0.112s
2025-11-23 06:29:26.292 66280 INFO tempest.lib.common.rest_client [req-b3cd6c03-df62-423b-b725-b2b09fe8cb13 req-b3cd6c03-df62-423b-b725-b2b09fe8cb13 ] Request (ServerDiagnosticsNegativeTest:tearDownClass): 200 GET http://10.180.1.21/compute/v2.1/servers/df710cff-a457-4b52-a2fd-2c76cc6d4f61 0.171s
2025-11-23 06:29:26.351 66224 INFO tempest.lib.common.rest_client [req-6a378074-8d9a-4f01-9b64-b7e4239e675e req-6a378074-8d9a-4f01-9b64-b7e4239e675e ] Request (ListServersNegativeTestJSON:setUpClass): 200 GET http://10.180.1.21/compute/v2.1/servers/0972c613-aa84-44d2-98ff-7dfb4ba30270 0.159s
2025-11-23 06:29:26.372 66272 INFO tempest.lib.common.rest_client [req-8da8105f-71ac-4260-a047-b55fcd58113d req-8da8105f-71ac-4260-a047-b55fcd58113d ] Request (ListServerFiltersTestJSON:test_list_servers_filter_by_server_name): 200 GET http://10.180.1.21/compute/v2.1/servers?name=tempest-ListServerFiltersTestJSON-instance-604772992 0.188s
2025-11-23 06:29:26.458 66236 INFO tempest.lib.common.rest_client [req-f237b87b-6365-4fe1-854b-bcf3624a244c req-f237b87b-6365-4fe1-854b-bcf3624a244c ] Request (InstanceActionsNegativeTestJSON:setUpClass): 200 GET http://10.180.1.21/compute/v2.1/servers/67be4957-0c3d-4187-a616-ca082060bf55 0.182s
2025-11-23 06:29:26.473 66230 INFO tempest.lib.common.rest_client [req-b13ec2a3-6496-4903-b09f-df1f3d22c453 req-b13ec2a3-6496-4903-b09f-df1f3d22c453 ] Request (FlavorsAccessNegativeTestJSON:_run_cleanups): 202 DELETE http://10.180.1.21/compute/v2.1/flavors/405931397 0.197s
2025-11-23 06:29:26.523 66278 INFO tempest.lib.common.rest_client [req-446b459f-c000-4de0-8a4a-eb843539c4a5 req-446b459f-c000-4de0-8a4a-eb843539c4a5 ] Request (MultipleCreateTestJSON:test_multiple_create): 200 GET http://10.180.1.21/compute/v2.1/servers/823d4195-13d2-4ba1-a9be-723371983fb5 0.306s
2025-11-23 06:29:26.540 66242 INFO tempest.lib.common.rest_client [req-b1515b9a-ca95-4058-adfa-e740ad39f4a2 req-b1515b9a-ca95-4058-adfa-e740ad39f4a2 ] Request (KeyPairsV210TestJSON:_run_cleanups): 204 DELETE http://10.180.1.21/compute/v2.1/os-keypairs/tempest-KeyPairsV210TestJSON-keypair-576330846 0.251s
2025-11-23 06:29:26.585 66266 INFO tempest.lib.common.rest_client [req-c1e99604-77dd-49c8-9bdd-9ab85ba8a50d req-c1e99604-77dd-49c8-9bdd-9ab85ba8a50d ] Request (VolumesAdminNegativeTest:test_update_attached_volume_with_nonexistent_volume_in_uri): 200 GET http://10.180.1.21/compute/v2.1/servers/1ae98d05-9433-4ed6-94e6-952755baf5e7 0.298s
2025-11-23 06:29:26.637 66234 INFO tempest.lib.common.rest_client [req-7eb8ee88-b7cb-45b4-ba61-3be3da92f26e req-7eb8ee88-b7cb-45b4-ba61-3be3da92f26e ] Request (ServerMetadataNegativeTestJSON:tearDownClass): 200 GET http://10.180.1.21/compute/v2.1/servers/81517d6d-a955-4ade-a7f5-c74349494baf 0.275s
2025-11-23 06:29:26.657 66272 INFO tempest.lib.common.rest_client [req-04a386d3-65d1-41ff-8dcf-396863909a14 req-04a386d3-65d1-41ff-8dcf-396863909a14 ] Request (ListServerFiltersTestJSON:test_list_servers_filter_by_shutoff_status): 202 POST http://10.180.1.21/compute/v2.1/servers/6dba19ea-04ee-4e30-a064-c61bfeddf453/action 0.281s
2025-11-23 06:29:26.779 66276 INFO tempest.lib.common.rest_client [req-422ee4c1-b80d-45fd-9ed8-1e260200bed2 req-422ee4c1-b80d-45fd-9ed8-1e260200bed2 ] Request (ServersListShow298Test:tearDownClass): 200 GET http://10.180.1.21/compute/v2.1/servers/cffea72f-4812-49b1-9a44-334744200e67 0.351s
2025-11-23 06:29:26.808 66248 INFO tempest.lib.common.rest_client [req-8986c2a8-9613-4710-9749-5a5a6aea4197 req-8986c2a8-9613-4710-9749-5a5a6aea4197 ] Request (MigrationsAdminTest:test_resize_server_revert_deleted_flavor): 200 GET http://10.180.1.21/compute/v2.1/servers/e2512942-0176-4423-a2ba-935dc5082a90 0.374s
2025-11-23 06:29:26.819 66262 INFO tempest.lib.common.rest_client [req-8d005689-2d2a-4b73-aac7-73255551172a req-8d005689-2d2a-4b73-aac7-73255551172a ] Request (ListImageFiltersTestJSON:setUpClass): 200 GET http://10.180.1.21/compute/v2.1/images/537afdc7-67a3-43d0-82dc-2572ef07d0c4 0.364s
2025-11-23 06:29:26.830 66230 INFO tempest.lib.common.rest_client [req-79b765bf-72b2-414f-af3b-55b26280787e req-79b765bf-72b2-414f-af3b-55b26280787e ] Request (FlavorsAccessNegativeTestJSON:_run_cleanups): 200 GET http://10.180.1.21/compute/v2.1/flavors/detail 0.356s
2025-11-23 06:29:26.885 66270 INFO tempest.lib.common.rest_client [req-e2fdc469-7b87-42e6-b7f3-60713a139117 req-e2fdc469-7b87-42e6-b7f3-60713a139117 ] Request (ImagesOneServerNegativeTestJSON:_run_cleanups): 200 GET http://10.180.1.21/compute/v2.1/servers/a8aeecd1-c7d9-481a-90a8-1a1ddbe1a8c0 0.366s
2025-11-23 06:29:26.901 66222 INFO tempest.lib.common.rest_client [req-83d3f900-7c8a-4bc9-b4e6-a50cc367e20f req-83d3f900-7c8a-4bc9-b4e6-a50cc367e20f ] Request (ServersAdminNegativeTestJSON:tearDownClass): 200 GET http://10.180.1.21/compute/v2.1/servers/bf1ec323-8bf1-4c0c-8252-9f2162349baa 0.410s
2025-11-23 06:29:26.903 66242 INFO tempest.lib.common.rest_client [req-6071b1bb-8813-4fdb-a19e-dc816c789014 req-6071b1bb-8813-4fdb-a19e-dc816c789014 ] Request (KeyPairsV210TestJSON:_run_cleanups): 204 DELETE http://10.180.1.21/compute/v2.1/os-keypairs/tempest-keypair-139120572?user_id=ab8edfc4ff1e480993ea37e4a9f71881 0.359s
2025-11-23 06:29:26.959 66238 INFO tempest.lib.common.rest_client [req-7d156cc4-b1fa-4609-9e54-aad8e9ad4c29 req-7d156cc4-b1fa-4609-9e54-aad8e9ad4c29 ] Request (VolumesAssistedSnapshotsTest:tearDownClass): 200 GET http://10.180.1.21/compute/v2.1/servers/d414691d-d78b-4b60-828a-ae1ba8fd78f5 0.380s
2025-11-23 06:29:26.976 66218 INFO tempest.lib.common.rest_client [req-b846d7f2-b248-4f6e-9e5f-009723650881 req-b846d7f2-b248-4f6e-9e5f-009723650881 ] Request (ServerRescueTestJSON:tearDownClass): 200 GET http://10.180.1.21/compute/v2.1/servers/675e2bde-a50e-4876-b975-43f9a5fa5134 0.371s
2025-11-23 06:29:26.984 66218 INFO tempest.common.waiters [-] State transition "ACTIVE/deleting" ==> "DELETED/None" after 3 second wait
2025-11-23 06:29:27.024 66226 INFO tempest.lib.common.rest_client [req-76b4f1bf-7024-436f-8786-7a6c8537b0d8 req-76b4f1bf-7024-436f-8786-7a6c8537b0d8 ] Request (TenantUsagesTestJSON:setUpClass): 200 GET http://10.180.1.21/compute/v2.1/servers/6d9254aa-9ccd-455f-99ef-05ee6225d404 0.376s
2025-11-23 06:29:27.075 66220 INFO tempest.lib.common.rest_client [req-5a61efb2-6989-4e57-bcc1-6766282e81be req-5a61efb2-6989-4e57-bcc1-6766282e81be ] Request (AttachInterfacesTestJSON:test_create_list_show_delete_interfaces_by_network_port): 200 GET http://10.180.1.21/compute/v2.1/servers/006cdf26-0097-49e0-a9eb-93125cf8d262 0.379s
2025-11-23 06:29:27.101 66272 INFO tempest.lib.common.rest_client [req-04a3acf1-25a3-424e-9872-ef167ef543e4 req-04a3acf1-25a3-424e-9872-ef167ef543e4 ] Request (ListServerFiltersTestJSON:test_list_servers_filter_by_shutoff_status): 200 GET http://10.180.1.21/compute/v2.1/servers/6dba19ea-04ee-4e30-a064-c61bfeddf453 0.443s
2025-11-23 06:29:27.152 66250 INFO tempest.lib.common.rest_client [req-244e6605-baac-4a6a-8807-2d32dfe6bd95 req-244e6605-baac-4a6a-8807-2d32dfe6bd95 ] Request (ServerActionsTestOtherA:test_rebuild_server_in_stop_state): 200 GET http://10.180.1.21/compute/v2.1/servers/abdf6cb8-6594-4a9f-8dbe-67bc7df59f61 0.399s
2025-11-23 06:29:27.174 66240 INFO tempest.lib.common.rest_client [req-dc785a46-5e5b-49f7-ad0a-3680c50a3ee9 req-dc785a46-5e5b-49f7-ad0a-3680c50a3ee9 ] Request (ServerDiskConfigTestJSON:test_rebuild_server_with_auto_disk_config): 200 GET http://10.180.1.21/compute/v2.1/servers/56e0b35a-3516-4146-a2b9-593ad77c54da 0.474s
2025-11-23 06:29:27.213 66232 INFO tempest.lib.common.rest_client [req-ef7ef800-5a69-4b36-9089-c07b92ffdbca req-ef7ef800-5a69-4b36-9089-c07b92ffdbca ] Request (ServerActionsTestOtherB:setUpClass): 200 GET http://10.180.1.21/compute/v2.1/servers/c4af8313-d9b2-4a7d-8aeb-97d89df6ae64 0.458s
2025-11-23 06:29:27.231 66230 INFO tempest.lib.common.rest_client [req-407c7054-fe44-4994-926c-34245e0d78f0 req-407c7054-fe44-4994-926c-34245e0d78f0 ] Request (FlavorsAccessNegativeTestJSON:test_flavor_non_admin_remove): 200 POST http://10.180.1.21/compute/v2.1/flavors 0.395s
2025-11-23 06:29:27.241 66274 INFO tempest.lib.common.rest_client [req-1706b7b9-1370-4c6d-ad1c-7ea470910691 req-1706b7b9-1370-4c6d-ad1c-7ea470910691 ] Request (AttachInterfacesUnderV243Test:_run_cleanups): 200 GET http://10.180.1.21/compute/v2.1/servers/3b258742-2c0b-4447-8cf8-1b2d95db3e43 0.418s
2025-11-23 06:29:27.258 66242 INFO tempest.lib.common.rest_client [req-da016109-8f35-4476-8e05-daf0821cb429 req-da016109-8f35-4476-8e05-daf0821cb429 ] Request (KeyPairsV210TestJSON:_run_cleanups): 204 DELETE http://10.180.1.21/compute/v2.1/os-keypairs/tempest-keypair-138159370?user_id=ab8edfc4ff1e480993ea37e4a9f71881 0.354s
2025-11-23 06:29:27.297 66258 INFO tempest.lib.common.rest_client [req-35815aac-280c-4375-9191-622da41a3f58 req-35815aac-280c-4375-9191-622da41a3f58 ] Request (ImagesTestJSON:test_create_server_from_snapshot): 200 GET http://10.180.1.21/compute/v2.1/servers/2786cf42-2b4b-40ee-b0b9-9f7c5557d4ea 0.443s
2025-11-23 06:29:27.316 66228 INFO tempest.lib.common.rest_client [req-a965d153-7bb2-4b4c-95eb-de7eb9d526d9 req-a965d153-7bb2-4b4c-95eb-de7eb9d526d9 ] Request (ServersTestJSON:setUpClass): 200 GET http://10.180.1.21/compute/v2.1/servers/efa2fb3c-477b-48a0-893a-5b60ee93656d 0.406s
2025-11-23 06:29:27.352 66260 INFO tempest.lib.common.rest_client [req-a6caead2-f123-4c2d-b663-b8c6b02ffba8 req-a6caead2-f123-4c2d-b663-b8c6b02ffba8 ] Request (ServerActionsTestJSON:setUpClass): 200 GET http://10.180.1.21/compute/v2.1/servers/ce7ce6da-3305-429a-ae78-2429684826f5 0.428s
2025-11-23 06:29:27.378 66264 INFO tempest.lib.common.rest_client [req-d4ee087c-53d1-471f-a1ea-ebc2724bc71b req-d4ee087c-53d1-471f-a1ea-ebc2724bc71b ] Request (FloatingIPsAssociationTestJSON:tearDownClass): 200 GET http://10.180.1.21/compute/v2.1/servers/40b9716b-770d-4dda-ae25-f4d884cabf50 0.345s
2025-11-23 06:29:27.383 66242 INFO tempest.lib.common.rest_client [req-53e0b16f-7e71-4534-8fbd-6d045ec718e9 req-53e0b16f-7e71-4534-8fbd-6d045ec718e9 ] Request (KeyPairsV210TestJSON:tearDownClass): 204 DELETE http://10.180.1.21/identity/v3/users/ab8edfc4ff1e480993ea37e4a9f71881 0.123s
