2025-11-23 06:27:13.611 66236 INFO tempest.lib.common.rest_client [req-09768b72-3fff-4433-8f43-92281a191736 req-09768b72-3fff-4433-8f43-92281a191736 ] Request (HostsAdminTestJSON:tearDownClass): 204 DELETE http://10.180.1.21/identity/v3/users/2243a4973e2d40f2b35c1c437147ff89 0.146s
2025-11-23 06:27:13.611 66236 INFO tempest.lib.common.dynamic_creds [-] Deleting project and security group for project: e1bb7ac1bd8143a89d5800c8302192a0
2025-11-23 06:27:13.676 66226 INFO tempest.lib.common.rest_client [req-eddc9c4f-4ed3-4670-995a-bd4eada9bc28 req-eddc9c4f-4ed3-4670-995a-bd4eada9bc28 ] Request (AggregatesAdminNegativeTestJSON:test_aggregate_add_existent_host): 200 POST http://10.180.1.21/compute/v2.1/os-aggregates/1/action 3.265s
2025-11-23 06:27:13.688 66236 INFO tempest.lib.common.rest_client [req-94acf4fc-b9d0-4814-8004-97668427536a req-94acf4fc-b9d0-4814-8004-97668427536a ] Request (HostsAdminTestJSON:tearDownClass): 201 POST http://10.180.1.21/identity/v3/auth/tokens 0.077s
2025-11-23 06:27:13.695 66262 INFO tempest.lib.common.rest_client [req-fc06d3ff-bb5e-4ae1-9d36-7dd2785e67ca req-fc06d3ff-bb5e-4ae1-9d36-7dd2785e67ca ] Request (QuotasAdminTestV257:tearDownClass): 200 GET http://10.180.1.21/networking/v2.0/security-groups?tenant_id=6dfba77806d041cc992eddb52980d9b5&name=default 0.418s
2025-11-23 06:27:13.695 66280 INFO tempest.lib.common.rest_client [req-dde67740-07b2-492b-9ea4-47a93561f4f6 req-dde67740-07b2-492b-9ea4-47a93561f4f6 ] Request (FlavorsExtraSpecsTestJSON:test_flavor_non_admin_get_specific_key): 200 GET http://10.180.1.21/compute/v2.1/flavors/218031591/os-extra_specs/hw:numa_nodes 3.261s
2025-11-23 06:27:13.703 66256 INFO tempest.lib.common.rest_client [req-d8a588d8-0447-4509-99dc-b35ae09a0173 req-d8a588d8-0447-4509-99dc-b35ae09a0173 ] Request (HypervisorAdminNegativeTestJSON:test_get_hypervisor_uptime_with_non_admin_user): 403 GET http://10.180.1.21/compute/v2.1/os-hypervisors/1/uptime 3.134s
2025-11-23 06:27:13.729 66276 INFO tempest.lib.common.rest_client [req-ea7072ce-143a-4b77-9ebb-7003d4507e2c req-ea7072ce-143a-4b77-9ebb-7003d4507e2c ] Request (FlavorsAccessTestJSON:test_flavor_access_add_remove): 200 GET http://10.180.1.21/compute/v2.1/flavors/detail 3.159s
2025-11-23 06:27:13.752 66240 INFO tempest.lib.common.rest_client [req-217d364f-1053-42b3-b77b-f59266f14923 req-217d364f-1053-42b3-b77b-f59266f14923 ] Request (FlavorsV2TestJSON:test_list_flavors): 200 GET http://10.180.1.21/compute/v2.1/flavors 3.094s
2025-11-23 06:27:13.778 66242 INFO tempest.lib.common.rest_client [req-1afabed1-045d-4285-854a-2bdf4c83232e req-1afabed1-045d-4285-854a-2bdf4c83232e ] Request (FlavorsAdminTestJSON:test_create_flavor_verify_entry_in_list_details): 200 GET http://10.180.1.21/compute/v2.1/flavors/detail 3.096s
2025-11-23 06:27:13.785 66264 INFO tempest.lib.common.rest_client [req-9e9efebb-1c56-485a-ba7c-994b767806a4 req-9e9efebb-1c56-485a-ba7c-994b767806a4 ] Request (FlavorsExtraSpecsNegativeTestJSON:test_flavor_non_admin_unset_keys): 403 DELETE http://10.180.1.21/compute/v2.1/flavors/937693463/os-extra_specs/hw:numa_nodes 3.075s
2025-11-23 06:27:13.788 66266 INFO tempest.lib.common.rest_client [req-c6fe11e0-677d-4546-b134-f3c93a091638 req-c6fe11e0-677d-4546-b134-f3c93a091638 ] Request (HostsAdminNegativeTestJSON:test_show_host_detail_with_non_admin_user): 403 GET http://10.180.1.21/compute/v2.1/os-hosts/devstack 3.060s
2025-11-23 06:27:13.809 66250 INFO tempest.lib.common.rest_client [req-0b07bbec-a94c-4357-a043-32584b48cc08 req-0b07bbec-a94c-4357-a043-32584b48cc08 ] Request (ImagesMetadataNegativeTestJSON:test_list_nonexistent_image_metadata): 404 GET http://10.180.1.21/compute/v2.1/images/ebc36ab8-6a9e-43e5-9d7a-f01c27c581de/metadata 3.056s
2025-11-23 06:27:13.816 66262 INFO tempest.lib.common.rest_client [req-db71b696-8691-419f-88e9-d297f923df41 req-db71b696-8691-419f-88e9-d297f923df41 ] Request (QuotasAdminTestV257:tearDownClass): 204 DELETE http://10.180.1.21/networking/v2.0/security-groups/d62b51d0-63db-48d5-82b5-5d36cd3bb3e5 0.120s
2025-11-23 06:27:13.902 66218 INFO tempest.lib.common.rest_client [req-b9baedf5-e6ee-45ab-adbf-05c9cc1474ea req-b9baedf5-e6ee-45ab-adbf-05c9cc1474ea ] Request (HypervisorAdminNegativeUnderV252Test:test_search_nonexistent_hypervisor): 404 GET http://10.180.1.21/compute/v2.1/os-hypervisors/nonexistent_hypervisor_name/search 3.053s
2025-11-23 06:27:13.922 66236 INFO tempest.lib.common.rest_client [req-2ec3aede-e490-4283-886a-b0040f35f6e9 req-2ec3aede-e490-4283-886a-b0040f35f6e9 ] Request (HostsAdminTestJSON:tearDownClass): 200 GET http://10.180.1.21/networking/v2.0/security-groups?tenant_id=e1bb7ac1bd8143a89d5800c8302192a0&name=default 0.234s
2025-11-23 06:27:13.924 66262 INFO tempest.lib.common.rest_client [req-faae01fd-fee1-40de-8a0d-5808d4b7af79 req-faae01fd-fee1-40de-8a0d-5808d4b7af79 ] Request (QuotasAdminTestV257:tearDownClass): 204 DELETE http://10.180.1.21/identity/v3/projects/6dfba77806d041cc992eddb52980d9b5 0.108s
2025-11-23 06:27:13.937 66224 INFO tempest.lib.common.rest_client [req-b8ba8d3f-6677-4ebc-aadd-5b00be366dc4 req-b8ba8d3f-6677-4ebc-aadd-5b00be366dc4 ] Request (FloatingIPDetailsTestJSON:setUpClass): 200 POST http://10.180.1.21/compute/v2.1/os-floating-ips 3.761s
2025-11-23 06:27:14.011 66262 INFO tempest.lib.common.rest_client [req-6a6dcc86-4d97-4b55-9022-e3b6f210c0fb req-6a6dcc86-4d97-4b55-9022-e3b6f210c0fb ] Request (ServicesAdminNegativeV253TestJSON:setUpClass): 201 POST http://10.180.1.21/identity/v3/auth/tokens 0.084s
2025-11-23 06:27:14.053 66262 INFO tempest.lib.common.rest_client [req-5b22f939-b9c5-4d34-97b7-d19b25b6648c req-5b22f939-b9c5-4d34-97b7-d19b25b6648c ] Request (ServicesAdminNegativeV253TestJSON:setUpClass): 201 POST http://10.180.1.21/identity/v3/auth/tokens 0.039s
2025-11-23 06:27:14.067 66236 INFO tempest.lib.common.rest_client [req-231f06c6-a29a-4c8a-af2e-c736ed19edf1 req-231f06c6-a29a-4c8a-af2e-c736ed19edf1 ] Request (HostsAdminTestJSON:tearDownClass): 204 DELETE http://10.180.1.21/networking/v2.0/security-groups/62d19ab6-7232-4852-8053-ed59cd07e53c 0.144s
2025-11-23 06:27:14.098 66262 INFO tempest.lib.common.rest_client [req-80db8a45-5371-4046-ac0b-4c320aa62410 req-80db8a45-5371-4046-ac0b-4c320aa62410 ] Request (ServicesAdminNegativeV253TestJSON:setUpClass): 200 GET http://10.180.1.21/identity/v3/domains?name=Default 0.044s
2025-11-23 06:27:14.142 66262 INFO tempest.lib.common.rest_client [req-22c90ac6-0567-4e67-b3a4-db935a6f85dd req-22c90ac6-0567-4e67-b3a4-db935a6f85dd ] Request (ServicesAdminNegativeV253TestJSON:setUpClass): 201 POST http://10.180.1.21/identity/v3/projects 0.044s
2025-11-23 06:27:14.157 66236 INFO tempest.lib.common.rest_client [req-4133d703-d233-469a-9c6d-bb2ffc9f6a1a req-4133d703-d233-469a-9c6d-bb2ffc9f6a1a ] Request (HostsAdminTestJSON:tearDownClass): 204 DELETE http://10.180.1.21/identity/v3/projects/e1bb7ac1bd8143a89d5800c8302192a0 0.090s
2025-11-23 06:27:14.157 66236 INFO tempest.lib.common.dynamic_creds [-] Deleting project and security group for project: 63df872eb13440edbf95282e0e8c569d
2025-11-23 06:27:14.173 66248 INFO tempest.lib.common.rest_client [req-059fa668-a5ea-4346-8082-a97ec6989b2e req-059fa668-a5ea-4346-8082-a97ec6989b2e ] Request (MigrationsAdminTest:test_list_migrations_in_flavor_resize_situation): 200 GET http://10.180.1.21/compute/v2.1/servers/8a02f225-176f-43d4-95e3-f828506d2196 2.874s
2025-11-23 06:27:14.201 66270 INFO tempest.lib.common.rest_client [req-8f62cdc8-8514-4607-9e8f-ba57d4550843 req-8f62cdc8-8514-4607-9e8f-ba57d4550843 ] Request (ImagesOneServerNegativeTestJSON:setUpClass): 200 GET http://10.180.1.21/compute/v2.1/servers/a3b9a9ec-749a-4356-bd5f-f0febeb26118 2.874s
2025-11-23 06:27:14.210 66270 INFO tempest.common.waiters [-] State transition "BUILD/None" ==> "BUILD/spawning" after 4 second wait
2025-11-23 06:27:14.231 66262 INFO tempest.lib.common.rest_client [req-a519dbd5-bbda-4cb5-9004-e6c4027f47bd req-a519dbd5-bbda-4cb5-9004-e6c4027f47bd ] Request (ServicesAdminNegativeV253TestJSON:setUpClass): 201 POST http://10.180.1.21/identity/v3/users 0.088s
2025-11-23 06:27:14.257 66262 INFO tempest.lib.common.rest_client [req-45ea15f9-2f69-4d89-a5b9-f12c62c64517 req-45ea15f9-2f69-4d89-a5b9-f12c62c64517 ] Request (ServicesAdminNegativeV253TestJSON:setUpClass): 200 GET http://10.180.1.21/identity/v3/roles 0.025s
2025-11-23 06:27:14.282 66262 INFO tempest.lib.common.rest_client [req-87c7894b-a2f2-4709-85a3-c8c00cf6d33b req-87c7894b-a2f2-4709-85a3-c8c00cf6d33b ] Request (ServicesAdminNegativeV253TestJSON:setUpClass): 204 PUT http://10.180.1.21/identity/v3/projects/0ed6fa685aff4e7f91ce47fcd597ac3f/users/2a6872a8fb9549358d7000d2da571713/roles/0b07b7e866044732bfc814cb36a20832 0.024s
2025-11-23 06:27:14.282 66262 INFO tempest.lib.common.dynamic_creds [-] Dynamic test user 2a6872a8fb9549358d7000d2da571713 is created with scope project and roles: ['member']
2025-11-23 06:27:14.283 66262 INFO tempest.lib.common.dynamic_creds [-] Acquired dynamic creds: credentials: Credentials: {'domain_id': 'default', 'domain_name': 'Default', 'username': 'tempest-ServicesAdminNegativeV253TestJSON-2084196015-project-member', 'project_domain_id': 'default', 'project_domain_name': 'Default', 'project_id': '0ed6fa685aff4e7f91ce47fcd597ac3f', 'project_name': 'tempest-ServicesAdminNegativeV253TestJSON-2084196015', 'tenant_id': '0ed6fa685aff4e7f91ce47fcd597ac3f', 'tenant_name': 'tempest-ServicesAdminNegativeV253TestJSON-2084196015', 'user_domain_id': 'default', 'user_domain_name': 'Default', 'user_id': '2a6872a8fb9549358d7000d2da571713', 'system': None}, Network: None, Subnet: None, Router: None
2025-11-23 06:27:14.283 66262 INFO tempest.lib.common.dynamic_creds [-] Created isolated network resources for: credentials: Credentials: {'domain_id': 'default', 'domain_name': 'Default', 'username': 'tempest-ServicesAdminNegativeV253TestJSON-2084196015-project-member', 'project_domain_id': 'default', 'project_domain_name': 'Default', 'project_id': '0ed6fa685aff4e7f91ce47fcd597ac3f', 'project_name': 'tempest-ServicesAdminNegativeV253TestJSON-2084196015', 'tenant_id': '0ed6fa685aff4e7f91ce47fcd597ac3f', 'tenant_name': 'tempest-ServicesAdminNegativeV253TestJSON-2084196015', 'user_domain_id': 'default', 'user_domain_name': 'Default', 'user_id': '2a6872a8fb9549358d7000d2da571713', 'system': None}, Network: None, Subnet: None, Router: None
2025-11-23 06:27:14.297 66236 INFO tempest.lib.common.rest_client [req-a9fb0b9e-b0a3-4f2c-8bf6-d3600303e260 req-a9fb0b9e-b0a3-4f2c-8bf6-d3600303e260 ] Request (HostsAdminTestJSON:tearDownClass): 200 GET http://10.180.1.21/networking/v2.0/security-groups?tenant_id=63df872eb13440edbf95282e0e8c569d&name=default 0.139s
2025-11-23 06:27:14.364 66262 INFO tempest.lib.common.rest_client [req-e1fb28ba-bc95-4e1e-ab33-ca3198e55ad0 req-e1fb28ba-bc95-4e1e-ab33-ca3198e55ad0 ] Request (ServicesAdminNegativeV253TestJSON:setUpClass): 201 POST http://10.180.1.21/identity/v3/auth/tokens 0.077s
2025-11-23 06:27:14.430 66236 INFO tempest.lib.common.rest_client [req-6ce78720-8e9c-42da-8560-7d63424167a9 req-6ce78720-8e9c-42da-8560-7d63424167a9 ] Request (HostsAdminTestJSON:tearDownClass): 204 DELETE http://10.180.1.21/networking/v2.0/security-groups/89e4a6cd-04bf-49fd-87bb-2c128c1e28f8 0.133s
2025-11-23 06:27:14.460 66262 INFO tempest.lib.common.rest_client [req-f56062b3-3bc9-4020-92ef-e4a589f6a692 req-f56062b3-3bc9-4020-92ef-e4a589f6a692 ] Request (ServicesAdminNegativeV253TestJSON:setUpClass): 201 POST http://10.180.1.21/identity/v3/projects 0.094s
2025-11-23 06:27:14.498 66258 INFO tempest.lib.common.rest_client [req-49b3161c-1791-4194-82ff-d7d022658a78 req-49b3161c-1791-4194-82ff-d7d022658a78 ] Request (ImagesTestJSON:test_create_image_from_stopped_server): 200 GET http://10.180.1.21/compute/v2.1/servers/3f4d42f1-0e45-4eae-8df6-fff0dc7ad372 2.918s
2025-11-23 06:27:14.526 66236 INFO tempest.lib.common.rest_client [req-2aee4ef7-1075-4fd2-90d3-43d6f346db6e req-2aee4ef7-1075-4fd2-90d3-43d6f346db6e ] Request (HostsAdminTestJSON:tearDownClass): 204 DELETE http://10.180.1.21/identity/v3/projects/63df872eb13440edbf95282e0e8c569d 0.095s
2025-11-23 06:27:14.528 66236 INFO tempest.test [-] raised in LiveMigrationManagerWorkflowTest.setUpClass. Invoking tearDownClass.
2025-11-23 06:27:14.569 66236 INFO tempest.lib.common.rest_client [req-87eeb8be-1995-4c9a-a158-e0ba27f578a8 req-87eeb8be-1995-4c9a-a158-e0ba27f578a8 ] Request (FloatingIPsAssociationNegativeTestJSON:setUpClass): 201 POST http://10.180.1.21/identity/v3/auth/tokens 0.035s
2025-11-23 06:27:14.580 66262 INFO tempest.lib.common.rest_client [req-1b45c2e3-7846-4a3b-909a-3f625f4c95ad req-1b45c2e3-7846-4a3b-909a-3f625f4c95ad ] Request (ServicesAdminNegativeV253TestJSON:setUpClass): 201 POST http://10.180.1.21/identity/v3/users 0.118s
2025-11-23 06:27:14.605 66236 INFO tempest.lib.common.rest_client [req-3ac8fde1-12cd-4c32-a293-262c900d0e18 req-3ac8fde1-12cd-4c32-a293-262c900d0e18 ] Request (FloatingIPsAssociationNegativeTestJSON:setUpClass): 201 POST http://10.180.1.21/identity/v3/auth/tokens 0.033s
2025-11-23 06:27:14.613 66262 INFO tempest.lib.common.rest_client [req-c24ce13b-7715-4fd3-9af7-7bd80939a1f4 req-c24ce13b-7715-4fd3-9af7-7bd80939a1f4 ] Request (ServicesAdminNegativeV253TestJSON:setUpClass): 200 GET http://10.180.1.21/identity/v3/roles 0.032s
2025-11-23 06:27:14.631 66220 INFO tempest.lib.common.rest_client [req-7b402650-f785-4181-b0cc-6ead1c404906 req-7b402650-f785-4181-b0cc-6ead1c404906 ] Request (AttachInterfacesTestJSON:test_create_list_show_delete_interfaces_by_fixed_ip): 200 GET http://10.180.1.21/compute/v2.1/servers/d7d5e555-6ca1-4df1-8d51-1e5dce1f6928 2.966s
2025-11-23 06:27:14.638 66236 INFO tempest.lib.common.rest_client [req-c940d346-1d5a-4a3d-add8-7f6cdd3a8930 req-c940d346-1d5a-4a3d-add8-7f6cdd3a8930 ] Request (FloatingIPsAssociationNegativeTestJSON:setUpClass): 200 GET http://10.180.1.21/identity/v3/domains?name=Default 0.032s
2025-11-23 06:27:14.651 66262 INFO tempest.lib.common.rest_client [req-d5357560-5580-4278-a41a-3a4f85b5af0a req-d5357560-5580-4278-a41a-3a4f85b5af0a ] Request (ServicesAdminNegativeV253TestJSON:setUpClass): 204 PUT http://10.180.1.21/identity/v3/projects/bbb99bdcacc042e284ab2bf7b3b69135/users/7f4cc9f8dafb4abfa31862fe2d632e7f/roles/59ef26836ace4c8c8f1833d016f835bf 0.037s
2025-11-23 06:27:14.651 66272 INFO tempest.lib.common.rest_client [req-cde45924-0850-46e5-b1f6-9a3f42c2d3cc req-cde45924-0850-46e5-b1f6-9a3f42c2d3cc ] Request (KeyPairsV22TestJSON:_run_cleanups): 204 DELETE http://10.180.1.21/compute/v2.1/os-keypairs/tempest-keypair-1891306403 2.849s
2025-11-23 06:27:14.709 66236 INFO tempest.lib.common.rest_client [req-15d20e5e-d542-4fcd-bd1a-99adba3e780b req-15d20e5e-d542-4fcd-bd1a-99adba3e780b ] Request (FloatingIPsAssociationNegativeTestJSON:setUpClass): 201 POST http://10.180.1.21/identity/v3/projects 0.071s
2025-11-23 06:27:14.712 66262 INFO tempest.lib.common.rest_client [req-93655016-45ab-4b73-a802-ab4809bd32a2 req-93655016-45ab-4b73-a802-ab4809bd32a2 ] Request (ServicesAdminNegativeV253TestJSON:setUpClass): 200 GET http://10.180.1.21/identity/v3/roles 0.060s
2025-11-23 06:27:14.772 66236 INFO tempest.lib.common.rest_client [req-0650211f-322d-4541-9dda-344b9304233f req-0650211f-322d-4541-9dda-344b9304233f ] Request (FloatingIPsAssociationNegativeTestJSON:setUpClass): 201 POST http://10.180.1.21/identity/v3/users 0.061s
2025-11-23 06:27:14.773 66262 INFO tempest.lib.common.rest_client [req-f5dde0df-94e5-4dee-919d-ad1e79fd78c5 req-f5dde0df-94e5-4dee-919d-ad1e79fd78c5 ] Request (ServicesAdminNegativeV253TestJSON:setUpClass): 204 PUT http://10.180.1.21/identity/v3/projects/bbb99bdcacc042e284ab2bf7b3b69135/users/7f4cc9f8dafb4abfa31862fe2d632e7f/roles/59ef26836ace4c8c8f1833d016f835bf 0.060s
2025-11-23 06:27:14.773 66262 INFO tempest.lib.common.dynamic_creds [-] Dynamic test user 7f4cc9f8dafb4abfa31862fe2d632e7f is created with scope project and roles: ['admin']
2025-11-23 06:27:14.773 66262 INFO tempest.lib.common.dynamic_creds [-] Acquired dynamic creds: credentials: Credentials: {'domain_id': 'default', 'domain_name': 'Default', 'username': 'tempest-ServicesAdminNegativeV253TestJSON-466624476-project-admin', 'project_domain_id': 'default', 'project_domain_name': 'Default', 'project_id': 'bbb99bdcacc042e284ab2bf7b3b69135', 'project_name': 'tempest-ServicesAdminNegativeV253TestJSON-466624476', 'tenant_id': 'bbb99bdcacc042e284ab2bf7b3b69135', 'tenant_name': 'tempest-ServicesAdminNegativeV253TestJSON-466624476', 'user_domain_id': 'default', 'user_domain_name': 'Default', 'user_id': '7f4cc9f8dafb4abfa31862fe2d632e7f', 'system': None}, Network: None, Subnet: None, Router: None
2025-11-23 06:27:14.773 66262 INFO tempest.lib.common.dynamic_creds [-] Created isolated network resources for: credentials: Credentials: {'domain_id': 'default', 'domain_name': 'Default', 'username': 'tempest-ServicesAdminNegativeV253TestJSON-466624476-project-admin', 'project_domain_id': 'default', 'project_domain_name': 'Default', 'project_id': 'bbb99bdcacc042e284ab2bf7b3b69135', 'project_name': 'tempest-ServicesAdminNegativeV253TestJSON-466624476', 'tenant_id': 'bbb99bdcacc042e284ab2bf7b3b69135', 'tenant_name': 'tempest-ServicesAdminNegativeV253TestJSON-466624476', 'user_domain_id': 'default', 'user_domain_name': 'Default', 'user_id': '7f4cc9f8dafb4abfa31862fe2d632e7f', 'system': None}, Network: None, Subnet: None, Router: None
2025-11-23 06:27:14.833 66236 INFO tempest.lib.common.rest_client [req-cdde4e43-883c-4404-8fe3-8f6d5373185c req-cdde4e43-883c-4404-8fe3-8f6d5373185c ] Request (FloatingIPsAssociationNegativeTestJSON:setUpClass): 200 GET http://10.180.1.21/identity/v3/roles 0.060s
2025-11-23 06:27:14.864 66236 INFO tempest.lib.common.rest_client [req-3f2da5a9-96e6-49c1-ba37-905c28a479b6 req-3f2da5a9-96e6-49c1-ba37-905c28a479b6 ] Request (FloatingIPsAssociationNegativeTestJSON:setUpClass): 204 PUT http://10.180.1.21/identity/v3/projects/d35d90ff8498438ab96b7319c31b384a/users/9a51e6dcd9514a8d9caa7aeb67bb2725/roles/0b07b7e866044732bfc814cb36a20832 0.031s
2025-11-23 06:27:14.865 66236 INFO tempest.lib.common.dynamic_creds [-] Dynamic test user 9a51e6dcd9514a8d9caa7aeb67bb2725 is created with scope project and roles: ['member']
2025-11-23 06:27:14.865 66236 INFO tempest.lib.common.dynamic_creds [-] Acquired dynamic creds: credentials: Credentials: {'domain_id': 'default', 'domain_name': 'Default', 'username': 'tempest-FloatingIPsAssociationNegativeTestJSON-1197764129-project-member', 'project_domain_id': 'default', 'project_domain_name': 'Default', 'project_id': 'd35d90ff8498438ab96b7319c31b384a', 'project_name': 'tempest-FloatingIPsAssociationNegativeTestJSON-1197764129', 'tenant_id': 'd35d90ff8498438ab96b7319c31b384a', 'tenant_name': 'tempest-FloatingIPsAssociationNegativeTestJSON-1197764129', 'user_domain_id': 'default', 'user_domain_name': 'Default', 'user_id': '9a51e6dcd9514a8d9caa7aeb67bb2725', 'system': None}, Network: None, Subnet: None, Router: None
2025-11-23 06:27:14.866 66262 INFO tempest.lib.common.rest_client [req-cbc096bb-acbb-405a-a529-c1c9fbd0fde5 req-cbc096bb-acbb-405a-a529-c1c9fbd0fde5 ] Request (ServicesAdminNegativeV253TestJSON:setUpClass): 201 POST http://10.180.1.21/identity/v3/auth/tokens 0.089s
2025-11-23 06:27:14.982 66236 INFO tempest.lib.common.rest_client [req-9136fef9-4397-412c-9a89-c418e8a13de9 req-9136fef9-4397-412c-9a89-c418e8a13de9 ] Request (FloatingIPsAssociationNegativeTestJSON:setUpClass): 201 POST http://10.180.1.21/identity/v3/auth/tokens 0.117s
2025-11-23 06:27:15.030 66238 INFO tempest.lib.common.rest_client [req-23c8cb60-4937-463c-a971-87bc33b1f26a req-23c8cb60-4937-463c-a971-87bc33b1f26a ] Request (VolumesAssistedSnapshotsTest:test_volume_assisted_snapshot_create_delete): 202 POST http://10.180.1.21/compute/v2.1/servers 3.615s
2025-11-23 06:27:15.049 66268 INFO tempest.lib.common.rest_client [req-7bc803d0-ffb7-408a-a5fa-568a09dc5051 req-7bc803d0-ffb7-408a-a5fa-568a09dc5051 ] Request (FloatingIPsTestJSON:test_allocate_floating_ip): 200 GET http://10.180.1.21/compute/v2.1/os-floating-ips 3.220s
2025-11-23 06:27:15.179 66234 INFO tempest.lib.common.rest_client [req-f51ec623-9071-41a9-b6ce-d7c361d24f2d req-f51ec623-9071-41a9-b6ce-d7c361d24f2d ] Request (QuotaClassesAdmin257Test:test_update_default_quotas): 200 GET http://10.180.1.21/compute/v2.1/os-quota-class-sets/default 2.922s
2025-11-23 06:27:15.193 66252 INFO tempest.lib.common.rest_client [req-9b18cea5-9d9c-4259-9688-e6a6a88ddcce req-9b18cea5-9d9c-4259-9688-e6a6a88ddcce ] Request (ServersWithSpecificFlavorTestJSON:test_verify_created_server_ephemeral_disk): 200 GET http://10.180.1.21/compute/v2.1/flavors/42/os-extra_specs 2.815s
2025-11-23 06:27:15.364 66236 INFO tempest.lib.common.rest_client [req-f46a8bd5-206b-48d2-ab15-5becc5f7ae2a req-f46a8bd5-206b-48d2-ab15-5becc5f7ae2a ] Request (FloatingIPsAssociationNegativeTestJSON:setUpClass): 201 POST http://10.180.1.21/networking/v2.0/networks 0.381s
2025-11-23 06:27:15.577 66274 INFO tempest.lib.common.rest_client [req-90caffaa-bc6e-421b-91c6-abd47a9d6da3 req-90caffaa-bc6e-421b-91c6-abd47a9d6da3 ] Request (AttachInterfacesUnderV243Test:test_add_remove_fixed_ip): 200 GET http://10.180.1.21/compute/v2.1/servers/3b258742-2c0b-4447-8cf8-1b2d95db3e43 3.184s
2025-11-23 06:27:15.775 66236 INFO tempest.lib.common.rest_client [req-9bddf7a6-a6bd-4632-b2aa-24beb5126e2a req-9bddf7a6-a6bd-4632-b2aa-24beb5126e2a ] Request (FloatingIPsAssociationNegativeTestJSON:setUpClass): 201 POST http://10.180.1.21/networking/v2.0/subnets 0.410s
2025-11-23 06:27:16.453 66254 INFO tempest.lib.common.rest_client [req-61929bee-ef18-4409-99ec-dbf48da5bb98 req-61929bee-ef18-4409-99ec-dbf48da5bb98 ] Request (QuotasAdminNegativeTest:test_create_server_when_cpu_quota_is_full): 403 POST http://10.180.1.21/compute/v2.1/servers 3.764s
2025-11-23 06:27:16.567 66236 INFO tempest.lib.common.rest_client [req-ce5491f7-1e36-494c-b652-cb15da109cb6 req-ce5491f7-1e36-494c-b652-cb15da109cb6 ] Request (FloatingIPsAssociationNegativeTestJSON:setUpClass): 201 POST http://10.180.1.21/networking/v2.0/routers 0.792s
2025-11-23 06:27:16.752 66222 INFO tempest.lib.common.rest_client [req-d5ee73e6-748a-4bae-9202-c3e65dfc0935 req-d5ee73e6-748a-4bae-9202-c3e65dfc0935 ] Request (ServersAdminNegativeTestJSON:setUpClass): 200 GET http://10.180.1.21/compute/v2.1/servers/e447675e-d193-4ea9-8be0-6a3731080678 3.958s
2025-11-23 06:27:17.781 66236 INFO tempest.lib.common.rest_client [req-b4cb0da7-b6d5-4188-adc0-1f4bb20ec507 req-b4cb0da7-b6d5-4188-adc0-1f4bb20ec507 ] Request (FloatingIPsAssociationNegativeTestJSON:setUpClass): 200 PUT http://10.180.1.21/networking/v2.0/routers/b69f3873-5e73-4a23-9965-0d7c42b4d602/add_router_interface 1.213s
2025-11-23 06:27:17.782 66236 INFO tempest.lib.common.dynamic_creds [-] Created isolated network resources for: credentials: Credentials: {'domain_id': 'default', 'domain_name': 'Default', 'username': 'tempest-FloatingIPsAssociationNegativeTestJSON-1197764129-project-member', 'project_domain_id': 'default', 'project_domain_name': 'Default', 'project_id': 'd35d90ff8498438ab96b7319c31b384a', 'project_name': 'tempest-FloatingIPsAssociationNegativeTestJSON-1197764129', 'tenant_id': 'd35d90ff8498438ab96b7319c31b384a', 'tenant_name': 'tempest-FloatingIPsAssociationNegativeTestJSON-1197764129', 'user_domain_id': 'default', 'user_domain_name': 'Default', 'user_id': '9a51e6dcd9514a8d9caa7aeb67bb2725', 'system': None}, Network: {'id': 'b3880529-f95f-4fb8-925f-405772309885', 'name': 'tempest-FloatingIPsAssociationNegativeTestJSON-1355002731-network', 'tenant_id': 'd35d90ff8498438ab96b7319c31b384a', 'project_id': 'd35d90ff8498438ab96b7319c31b384a', 'admin_state_up': True, 'mtu': 8950, 'status': 'ACTIVE', 'subnets': [], 'shared': False, 'port_security_enabled': True, 'router:external': False, 'provider:network_type': 'vlan', 'provider:physical_network': 'default', 'provider:segmentation_id': 39, 'availability_zone_hints': [], 'availability_zones': [], 'ipv4_address_scope': None, 'ipv6_address_scope': None, 'description': '', 'tags': [], 'created_at': '2025-11-23T06:27:15Z', 'updated_at': '2025-11-23T06:27:15Z', 'revision_number': 1}, Subnet: {'id': 'a95cd08a-025b-4cfb-8b76-e1fc14270c86', 'name': 'tempest-FloatingIPsAssociationNegativeTestJSON-1355002731-subnet', 'tenant_id': 'd35d90ff8498438ab96b7319c31b384a', 'network_id': 'b3880529-f95f-4fb8-925f-405772309885', 'ip_version': 4, 'subnetpool_id': None, 'enable_dhcp': True, 'ipv6_ra_mode': None, 'ipv6_address_mode': None, 'gateway_ip': '192.168.128.1', 'cidr': '192.168.128.0/28', 'allocation_pools': [{'start': '192.168.128.2', 'end': '192.168.128.14'}], 'host_routes': [], 'dns_nameservers': [], 'description': '', 'router:external': False, 'service_types': [], 'tags': [], 'created_at': '2025-11-23T06:27:15Z', 'updated_at': '2025-11-23T06:27:15Z', 'revision_number': 0, 'project_id': 'd35d90ff8498438ab96b7319c31b384a'}, Router: {'id': 'b69f3873-5e73-4a23-9965-0d7c42b4d602', 'name': 'tempest-FloatingIPsAssociationNegativeTestJSON-1355002731-router', 'tenant_id': 'd35d90ff8498438ab96b7319c31b384a', 'admin_state_up': True, 'status': 'ACTIVE', 'external_gateway_info': {'network_id': 'c7b0251c-dfae-4218-b021-ca03358bf5f0', 'external_fixed_ips': [{'subnet_id': '9b962cef-8a17-412e-bd97-455e9a8452ff', 'ip_address': '10.180.180.163'}], 'enable_snat': True}, 'description': '', 'availability_zones': [], 'distributed': False, 'ha': False, 'availability_zone_hints': [], 'routes': [], 'flavor_id': None, 'tags': [], 'created_at': '2025-11-23T06:27:15Z', 'updated_at': '2025-11-23T06:27:16Z', 'revision_number': 2, 'project_id': 'd35d90ff8498438ab96b7319c31b384a'}
2025-11-23 06:27:17.862 66260 INFO tempest.lib.common.rest_client [req-d646a669-87d0-486d-9621-2cbccb4d396d req-d646a669-87d0-486d-9621-2cbccb4d396d ] Request (ServersAdmin275Test:test_rebuild_update_server_275): 200 PUT http://10.180.1.21/compute/v2.1/servers/61bb7cab-998c-40dd-b878-948b3f07418c 4.939s
2025-11-23 06:27:17.892 66232 INFO tempest.lib.common.rest_client [req-ed2509b3-8539-41e3-ab55-8bed96644e5d req-ed2509b3-8539-41e3-ab55-8bed96644e5d ] Request (FlavorsV261TestJSON:_run_cleanups): 200 GET http://10.180.1.21/compute/v2.1/flavors/detail 4.686s
2025-11-23 06:27:17.896 66236 INFO tempest.lib.common.rest_client [req-88939951-edb9-42a1-8392-8dae39ebc618 req-88939951-edb9-42a1-8392-8dae39ebc618 ] Request (FloatingIPsAssociationNegativeTestJSON:setUpClass): 201 POST http://10.180.1.21/identity/v3/auth/tokens 0.109s
2025-11-23 06:27:17.933 66236 INFO tempest.lib.common.rest_client [req-f0912268-6579-4212-9142-de62e17d0365 req-f0912268-6579-4212-9142-de62e17d0365 ] Request (FloatingIPsAssociationNegativeTestJSON:setUpClass): 201 POST http://10.180.1.21/identity/v3/auth/tokens 0.034s
2025-11-23 06:27:17.934 66236 INFO tempest.lib.common.fixed_network [-] (FloatingIPsAssociationNegativeTestJSON:setUpClass) Found network {'id': 'b3880529-f95f-4fb8-925f-405772309885', 'name': 'tempest-FloatingIPsAssociationNegativeTestJSON-1355002731-network', 'tenant_id': 'd35d90ff8498438ab96b7319c31b384a', 'project_id': 'd35d90ff8498438ab96b7319c31b384a', 'admin_state_up': True, 'mtu': 8950, 'status': 'ACTIVE', 'subnets': [], 'shared': False, 'port_security_enabled': True, 'router:external': False, 'provider:network_type': 'vlan', 'provider:physical_network': 'default', 'provider:segmentation_id': 39, 'availability_zone_hints': [], 'availability_zones': [], 'ipv4_address_scope': None, 'ipv6_address_scope': None, 'description': '', 'tags': [], 'created_at': '2025-11-23T06:27:15Z', 'updated_at': '2025-11-23T06:27:15Z', 'revision_number': 1} available for tenant
2025-11-23 06:27:18.016 66232 INFO tempest.lib.common.rest_client [req-3a4dadc6-fc1f-4802-be1e-f56af395e311 req-3a4dadc6-fc1f-4802-be1e-f56af395e311 ] Request (FlavorsV261TestJSON:tearDownClass): 204 DELETE http://10.180.1.21/identity/v3/users/54fc6c12beab40efa97276b77914f36c 0.113s
2025-11-23 06:27:18.134 66232 INFO tempest.lib.common.rest_client [req-3c40ddc4-7e54-4f49-9758-9030c86ce74a req-3c40ddc4-7e54-4f49-9758-9030c86ce74a ] Request (FlavorsV261TestJSON:tearDownClass): 204 DELETE http://10.180.1.21/identity/v3/users/b077a78eb82241f0988ae582405be73c 0.118s
2025-11-23 06:27:18.134 66232 INFO tempest.lib.common.dynamic_creds [-] Deleting project and security group for project: d8a0428c74f9416c80be84ab91eba86e
2025-11-23 06:27:18.189 66244 INFO tempest.lib.common.rest_client [req-5af49bf7-b79e-430d-91be-be06f26b0364 req-5af49bf7-b79e-430d-91be-be06f26b0364 ] Request (ServersTestFqdnHostnames:test_create_server_with_fqdn_name): 200 GET http://10.180.1.21/compute/v2.1/servers/4c7d3dd6-edaf-4fa5-96f3-2525b8ab5dc5 4.676s
2025-11-23 06:27:18.197 66244 INFO tempest.common.waiters [-] State transition "BUILD/None" ==> "BUILD/spawning" after 6 second wait
2025-11-23 06:27:18.212 66232 INFO tempest.lib.common.rest_client [req-80f91062-2522-4f6b-9fb4-c19eb34862f6 req-80f91062-2522-4f6b-9fb4-c19eb34862f6 ] Request (FlavorsV261TestJSON:tearDownClass): 201 POST http://10.180.1.21/identity/v3/auth/tokens 0.077s
2025-11-23 06:27:18.262 66226 INFO tempest.lib.common.rest_client [req-e2506922-0ddf-4243-b170-944146c14577 req-e2506922-0ddf-4243-b170-944146c14577 ] Request (AggregatesAdminNegativeTestJSON:test_aggregate_add_existent_host): 409 POST http://10.180.1.21/compute/v2.1/os-aggregates/1/action 4.584s
2025-11-23 06:27:18.287 66280 INFO tempest.lib.common.rest_client [req-34f0bb7c-466f-4356-bfa8-74686198dfb8 req-34f0bb7c-466f-4356-bfa8-74686198dfb8 ] Request (FlavorsExtraSpecsTestJSON:test_flavor_set_get_update_show_unset_keys): 200 POST http://10.180.1.21/compute/v2.1/flavors/218031591/os-extra_specs 4.585s
2025-11-23 06:27:18.465 66232 INFO tempest.lib.common.rest_client [req-6e1dc96a-b02d-4a94-a081-a850bcc258b4 req-6e1dc96a-b02d-4a94-a081-a850bcc258b4 ] Request (FlavorsV261TestJSON:tearDownClass): 200 GET http://10.180.1.21/networking/v2.0/security-groups?tenant_id=d8a0428c74f9416c80be84ab91eba86e&name=default 0.253s
2025-11-23 06:27:18.620 66230 INFO tempest.lib.common.rest_client [req-3fab2af2-d539-42a9-8c8e-743779126f26 req-3fab2af2-d539-42a9-8c8e-743779126f26 ] Request (DeleteServersAdminTestJSON:test_admin_delete_servers_of_others): 200 GET http://10.180.1.21/compute/v2.1/servers/c6ec66f0-753f-48d8-9682-95a63541f685 4.921s
2025-11-23 06:27:18.626 66256 INFO tempest.lib.common.rest_client [req-9427ded2-aca0-4e04-8dbb-2e674908b7cf req-9427ded2-aca0-4e04-8dbb-2e674908b7cf ] Request (HypervisorAdminNegativeTestJSON:test_get_nonexistent_hypervisor_uptime): 404 GET http://10.180.1.21/compute/v2.1/os-hypervisors/5034b2ae-0dfa-4736-8f2b-362bb9c1e4a2/uptime 4.921s
2025-11-23 06:27:18.628 66230 INFO tempest.common.waiters [-] State transition "BUILD/spawning" ==> "ACTIVE/None" after 29 second wait
2025-11-23 06:27:18.647 66276 INFO tempest.lib.common.rest_client [req-c911e0fe-616d-435b-85a5-4b242263e5ea req-c911e0fe-616d-435b-85a5-4b242263e5ea ] Request (FlavorsAccessTestJSON:_run_cleanups): 202 DELETE http://10.180.1.21/compute/v2.1/flavors/891483796 4.913s
2025-11-23 06:27:18.655 66232 INFO tempest.lib.common.rest_client [req-281849cc-db7c-4c0d-b665-5b94058d03b6 req-281849cc-db7c-4c0d-b665-5b94058d03b6 ] Request (FlavorsV261TestJSON:tearDownClass): 204 DELETE http://10.180.1.21/networking/v2.0/security-groups/b4c52ca6-3f67-4777-bfac-ddbfedba5611 0.190s
2025-11-23 06:27:18.667 66240 INFO tempest.lib.common.rest_client [req-52434b7e-135d-4c18-bdfc-af5310b1b63e req-52434b7e-135d-4c18-bdfc-af5310b1b63e ] Request (FlavorsV2TestJSON:test_list_flavors): 200 GET http://10.180.1.21/compute/v2.1/flavors/42 4.910s
2025-11-23 06:27:18.687 66242 INFO tempest.lib.common.rest_client [req-d0c7dc9f-e857-484e-854b-55141d5069d0 req-d0c7dc9f-e857-484e-854b-55141d5069d0 ] Request (FlavorsAdminTestJSON:_run_cleanups): 202 DELETE http://10.180.1.21/compute/v2.1/flavors/921771645 4.902s
2025-11-23 06:27:18.711 66264 INFO tempest.lib.common.rest_client [req-14500e23-a2e4-4067-bf2f-6232eb5c85bf req-14500e23-a2e4-4067-bf2f-6232eb5c85bf ] Request (FlavorsExtraSpecsNegativeTestJSON:test_flavor_non_admin_update_specific_key): 200 POST http://10.180.1.21/compute/v2.1/flavors/937693463/os-extra_specs 4.925s
2025-11-23 06:27:18.722 66266 INFO tempest.lib.common.rest_client [req-bd116cbf-3bdd-4f12-97e4-94cad3b41c0f req-bd116cbf-3bdd-4f12-97e4-94cad3b41c0f ] Request (HostsAdminNegativeTestJSON:test_show_host_detail_with_nonexistent_hostname): 404 GET http://10.180.1.21/compute/v2.1/os-hosts/nonexistent_hostname 4.933s
2025-11-23 06:27:18.743 66250 INFO tempest.lib.common.rest_client [req-6d692c66-8430-489d-a5bf-300997930b05 req-6d692c66-8430-489d-a5bf-300997930b05 ] Request (ImagesMetadataNegativeTestJSON:test_set_nonexistent_image_metadata): 404 PUT http://10.180.1.21/compute/v2.1/images/d4e50c53-1876-4554-86c6-ba23a215fd05/metadata 4.933s
2025-11-23 06:27:18.749 66232 INFO tempest.lib.common.rest_client [req-e91e694c-68b4-43b0-a2cd-5399b55d2fc5 req-e91e694c-68b4-43b0-a2cd-5399b55d2fc5 ] Request (FlavorsV261TestJSON:tearDownClass): 204 DELETE http://10.180.1.21/identity/v3/projects/d8a0428c74f9416c80be84ab91eba86e 0.094s
2025-11-23 06:27:18.750 66232 INFO tempest.lib.common.dynamic_creds [-] Deleting project and security group for project: 10b21dd9349f4149823fa2bcbe43c9da
2025-11-23 06:27:18.768 66218 INFO tempest.lib.common.rest_client [req-99ff5ba9-c590-47cd-97a9-ca08587778a3 req-99ff5ba9-c590-47cd-97a9-ca08587778a3 ] Request (HypervisorAdminNegativeUnderV252Test:test_show_servers_with_non_admin_user): 200 GET http://10.180.1.21/compute/v2.1/os-hypervisors 4.865s
2025-11-23 06:27:18.897 66232 INFO tempest.lib.common.rest_client [req-fb6e8551-ba78-4242-8503-6c474a999469 req-fb6e8551-ba78-4242-8503-6c474a999469 ] Request (FlavorsV261TestJSON:tearDownClass): 200 GET http://10.180.1.21/networking/v2.0/security-groups?tenant_id=10b21dd9349f4149823fa2bcbe43c9da&name=default 0.147s
2025-11-23 06:27:19.074 66232 INFO tempest.lib.common.rest_client [req-a6ed120b-5a60-4f6a-a82b-5da538c63199 req-a6ed120b-5a60-4f6a-a82b-5da538c63199 ] Request (FlavorsV261TestJSON:tearDownClass): 204 DELETE http://10.180.1.21/networking/v2.0/security-groups/becba3b3-9735-4230-aa00-fba70e2f50de 0.176s
2025-11-23 06:27:19.214 66232 INFO tempest.lib.common.rest_client [req-50eb2060-706a-4b54-9d63-0c0bd5a48156 req-50eb2060-706a-4b54-9d63-0c0bd5a48156 ] Request (FlavorsV261TestJSON:tearDownClass): 204 DELETE http://10.180.1.21/identity/v3/projects/10b21dd9349f4149823fa2bcbe43c9da 0.139s
2025-11-23 06:27:19.293 66232 INFO tempest.lib.common.rest_client [req-4fc3e9ae-f1eb-48ae-8000-e753eb4ed839 req-4fc3e9ae-f1eb-48ae-8000-e753eb4ed839 ] Request (HypervisorAdminV228Test:setUpClass): 201 POST http://10.180.1.21/identity/v3/auth/tokens 0.076s
2025-11-23 06:27:19.327 66232 INFO tempest.lib.common.rest_client [req-e884709d-2bc4-4852-b24e-956f7f5ae407 req-e884709d-2bc4-4852-b24e-956f7f5ae407 ] Request (HypervisorAdminV228Test:setUpClass): 201 POST http://10.180.1.21/identity/v3/auth/tokens 0.031s
2025-11-23 06:27:19.360 66232 INFO tempest.lib.common.rest_client [req-c31df4bb-92c7-479d-afb1-eea791056cf2 req-c31df4bb-92c7-479d-afb1-eea791056cf2 ] Request (HypervisorAdminV228Test:setUpClass): 200 GET http://10.180.1.21/identity/v3/domains?name=Default 0.032s
2025-11-23 06:27:19.395 66232 INFO tempest.lib.common.rest_client [req-8d478734-090d-480b-8305-1f6baa9382e6 req-8d478734-090d-480b-8305-1f6baa9382e6 ] Request (HypervisorAdminV228Test:setUpClass): 201 POST http://10.180.1.21/identity/v3/projects 0.035s
2025-11-23 06:27:19.468 66232 INFO tempest.lib.common.rest_client [req-093ce707-bd6b-4902-8fb6-0084651a3dfc req-093ce707-bd6b-4902-8fb6-0084651a3dfc ] Request (HypervisorAdminV228Test:setUpClass): 201 POST http://10.180.1.21/identity/v3/users 0.072s
2025-11-23 06:27:19.500 66232 INFO tempest.lib.common.rest_client [req-b4bb4342-b8e3-41a7-8365-604effc12d9d req-b4bb4342-b8e3-41a7-8365-604effc12d9d ] Request (HypervisorAdminV228Test:setUpClass): 200 GET http://10.180.1.21/identity/v3/roles 0.031s
2025-11-23 06:27:19.530 66232 INFO tempest.lib.common.rest_client [req-fc831c39-356b-491d-838f-cccd2e2e4fd3 req-fc831c39-356b-491d-838f-cccd2e2e4fd3 ] Request (HypervisorAdminV228Test:setUpClass): 204 PUT http://10.180.1.21/identity/v3/projects/0e102249c8374bfca795f46ab11cd29b/users/5eb5b91426394b37b2da34047b8137f0/roles/0b07b7e866044732bfc814cb36a20832 0.030s
2025-11-23 06:27:19.530 66232 INFO tempest.lib.common.dynamic_creds [-] Dynamic test user 5eb5b91426394b37b2da34047b8137f0 is created with scope project and roles: ['member']
2025-11-23 06:27:19.531 66232 INFO tempest.lib.common.dynamic_creds [-] Acquired dynamic creds: credentials: Credentials: {'domain_id': 'default', 'domain_name': 'Default', 'username': 'tempest-HypervisorAdminV228Test-2049671309-project-member', 'project_domain_id': 'default', 'project_domain_name': 'Default', 'project_id': '0e102249c8374bfca795f46ab11cd29b', 'project_name': 'tempest-HypervisorAdminV228Test-2049671309', 'tenant_id': '0e102249c8374bfca795f46ab11cd29b', 'tenant_name': 'tempest-HypervisorAdminV228Test-2049671309', 'user_domain_id': 'default', 'user_domain_name': 'Default', 'user_id': '5eb5b91426394b37b2da34047b8137f0', 'system': None}, Network: None, Subnet: None, Router: None
2025-11-23 06:27:19.531 66232 INFO tempest.lib.common.dynamic_creds [-] Created isolated network resources for: credentials: Credentials: {'domain_id': 'default', 'domain_name': 'Default', 'username': 'tempest-HypervisorAdminV228Test-2049671309-project-member', 'project_domain_id': 'default', 'project_domain_name': 'Default', 'project_id': '0e102249c8374bfca795f46ab11cd29b', 'project_name': 'tempest-HypervisorAdminV228Test-2049671309', 'tenant_id': '0e102249c8374bfca795f46ab11cd29b', 'tenant_name': 'tempest-HypervisorAdminV228Test-2049671309', 'user_domain_id': 'default', 'user_domain_name': 'Default', 'user_id': '5eb5b91426394b37b2da34047b8137f0', 'system': None}, Network: None, Subnet: None, Router: None
2025-11-23 06:27:19.622 66232 INFO tempest.lib.common.rest_client [req-5c83438a-d9dd-4670-9c9b-6203ff7f6e93 req-5c83438a-d9dd-4670-9c9b-6203ff7f6e93 ] Request (HypervisorAdminV228Test:setUpClass): 201 POST http://10.180.1.21/identity/v3/auth/tokens 0.089s
2025-11-23 06:27:19.686 66232 INFO tempest.lib.common.rest_client [req-40b2be9d-1938-4e13-81a1-0c566b76abfb req-40b2be9d-1938-4e13-81a1-0c566b76abfb ] Request (HypervisorAdminV228Test:setUpClass): 201 POST http://10.180.1.21/identity/v3/projects 0.063s
2025-11-23 06:27:19.702 66224 INFO tempest.lib.common.rest_client [req-3c59ca57-1381-4643-b3f4-ccec270ac79a req-3c59ca57-1381-4643-b3f4-ccec270ac79a ] Request (FloatingIPDetailsTestJSON:setUpClass): 200 POST http://10.180.1.21/compute/v2.1/os-floating-ips 5.762s
2025-11-23 06:27:19.755 66232 INFO tempest.lib.common.rest_client [req-a1bf6e23-4e4c-40a0-86df-1fc01879b076 req-a1bf6e23-4e4c-40a0-86df-1fc01879b076 ] Request (HypervisorAdminV228Test:setUpClass): 201 POST http://10.180.1.21/identity/v3/users 0.069s
2025-11-23 06:27:19.781 66232 INFO tempest.lib.common.rest_client [req-63e14cf1-6dfb-46ae-9adc-02a28cc69f00 req-63e14cf1-6dfb-46ae-9adc-02a28cc69f00 ] Request (HypervisorAdminV228Test:setUpClass): 200 GET http://10.180.1.21/identity/v3/roles 0.025s
2025-11-23 06:27:19.809 66232 INFO tempest.lib.common.rest_client [req-acff1e3b-aa78-4d5d-b88a-3ab55e61d1e9 req-acff1e3b-aa78-4d5d-b88a-3ab55e61d1e9 ] Request (HypervisorAdminV228Test:setUpClass): 204 PUT http://10.180.1.21/identity/v3/projects/38232de628f24c3c8f273f5d28533429/users/7ea85c5eb07d4c44a29c210ecf8568b7/roles/59ef26836ace4c8c8f1833d016f835bf 0.027s
2025-11-23 06:27:19.878 66278 INFO tempest.lib.common.rest_client [req-902351cf-f063-4d98-9a6b-123b97b2a47f req-902351cf-f063-4d98-9a6b-123b97b2a47f ] Request (ServersTestManualDisk:setUpClass): 200 GET http://10.180.1.21/compute/v2.1/servers/116c22b7-4df2-44f1-8b0c-71da0b976859 5.693s
2025-11-23 06:27:19.879 66232 INFO tempest.lib.common.rest_client [req-42f69013-7013-4a29-82a9-07ccb7308853 req-42f69013-7013-4a29-82a9-07ccb7308853 ] Request (HypervisorAdminV228Test:setUpClass): 200 GET http://10.180.1.21/identity/v3/roles 0.069s
2025-11-23 06:27:19.886 66278 INFO tempest.common.waiters [-] State transition "BUILD/None" ==> "BUILD/spawning" after 6 second wait
2025-11-23 06:27:19.898 66232 INFO tempest.lib.common.rest_client [req-9285cb90-2143-4423-9f4d-e08ff7e422ec req-9285cb90-2143-4423-9f4d-e08ff7e422ec ] Request (HypervisorAdminV228Test:setUpClass): 204 PUT http://10.180.1.21/identity/v3/projects/38232de628f24c3c8f273f5d28533429/users/7ea85c5eb07d4c44a29c210ecf8568b7/roles/59ef26836ace4c8c8f1833d016f835bf 0.019s
2025-11-23 06:27:19.898 66232 INFO tempest.lib.common.dynamic_creds [-] Dynamic test user 7ea85c5eb07d4c44a29c210ecf8568b7 is created with scope project and roles: ['admin']
2025-11-23 06:27:19.899 66232 INFO tempest.lib.common.dynamic_creds [-] Acquired dynamic creds: credentials: Credentials: {'domain_id': 'default', 'domain_name': 'Default', 'username': 'tempest-HypervisorAdminV228Test-1370287293-project-admin', 'project_domain_id': 'default', 'project_domain_name': 'Default', 'project_id': '38232de628f24c3c8f273f5d28533429', 'project_name': 'tempest-HypervisorAdminV228Test-1370287293', 'tenant_id': '38232de628f24c3c8f273f5d28533429', 'tenant_name': 'tempest-HypervisorAdminV228Test-1370287293', 'user_domain_id': 'default', 'user_domain_name': 'Default', 'user_id': '7ea85c5eb07d4c44a29c210ecf8568b7', 'system': None}, Network: None, Subnet: None, Router: None
2025-11-23 06:27:19.899 66232 INFO tempest.lib.common.dynamic_creds [-] Created isolated network resources for: credentials: Credentials: {'domain_id': 'default', 'domain_name': 'Default', 'username': 'tempest-HypervisorAdminV228Test-1370287293-project-admin', 'project_domain_id': 'default', 'project_domain_name': 'Default', 'project_id': '38232de628f24c3c8f273f5d28533429', 'project_name': 'tempest-HypervisorAdminV228Test-1370287293', 'tenant_id': '38232de628f24c3c8f273f5d28533429', 'tenant_name': 'tempest-HypervisorAdminV228Test-1370287293', 'user_domain_id': 'default', 'user_domain_name': 'Default', 'user_id': '7ea85c5eb07d4c44a29c210ecf8568b7', 'system': None}, Network: None, Subnet: None, Router: None
2025-11-23 06:27:19.909 66272 INFO tempest.lib.common.rest_client [req-cafcd379-f46b-4647-96d7-11db3749b2ea req-cafcd379-f46b-4647-96d7-11db3749b2ea ] Request (KeyPairsV22TestJSON:test_keypair_create_delete): 201 POST http://10.180.1.21/compute/v2.1/os-keypairs 5.255s
2025-11-23 06:27:19.978 66232 INFO tempest.lib.common.rest_client [req-77f92c68-97d5-464d-b535-d41e96a41a5c req-77f92c68-97d5-464d-b535-d41e96a41a5c ] Request (HypervisorAdminV228Test:setUpClass): 201 POST http://10.180.1.21/identity/v3/auth/tokens 0.077s
2025-11-23 06:27:20.031 66262 INFO tempest.lib.common.rest_client [req-6f6d6300-2f00-4e27-8e36-67a3d10526a4 req-6f6d6300-2f00-4e27-8e36-67a3d10526a4 ] Request (ServicesAdminNegativeV253TestJSON:test_disable_log_reason_with_invalid_service_id): 404 PUT http://10.180.1.21/compute/v2.1/os-services/e3725eab-405f-44a4-b55a-b42c4afc5014 5.163s
2025-11-23 06:27:20.122 66238 INFO tempest.lib.common.rest_client [req-b7a4c656-514c-4938-843e-0777a87dbaeb req-b7a4c656-514c-4938-843e-0777a87dbaeb ] Request (VolumesAssistedSnapshotsTest:test_volume_assisted_snapshot_create_delete): 200 GET http://10.180.1.21/compute/v2.1/servers/d414691d-d78b-4b60-828a-ae1ba8fd78f5 5.089s
2025-11-23 06:27:20.604 66268 INFO tempest.lib.common.rest_client [req-f57e17af-c3d8-4bff-a1d7-2b5fd4b63d27 req-f57e17af-c3d8-4bff-a1d7-2b5fd4b63d27 ] Request (FloatingIPsTestJSON:_run_cleanups): 202 DELETE http://10.180.1.21/compute/v2.1/os-floating-ips/a9ef5860-8399-4b1d-86df-83c563b3ca9b 5.552s
2025-11-23 06:27:20.704 66234 INFO tempest.lib.common.rest_client [req-fff14c12-a243-4e91-9e1f-cf22d12a80e0 req-fff14c12-a243-4e91-9e1f-cf22d12a80e0 ] Request (QuotaClassesAdmin257Test:test_update_default_quotas): 200 PUT http://10.180.1.21/compute/v2.1/os-quota-class-sets/default 5.524s
2025-11-23 06:27:20.823 66246 INFO tempest.lib.common.rest_client [req-e1894fea-6aef-4c8f-98fb-cca7ba2ec8c5 req-e1894fea-6aef-4c8f-98fb-cca7ba2ec8c5 ] Request (SecurityGroupsTestAdminJSON:test_list_security_groups_list_all_tenants_filter): 200 GET http://10.180.1.21/compute/v2.1/os-security-groups?all_tenants=true 8.700s
2025-11-23 06:27:20.835 66248 INFO tempest.lib.common.rest_client [req-6baefd2b-0558-4f51-94dc-66ccba22ef6d req-6baefd2b-0558-4f51-94dc-66ccba22ef6d ] Request (MigrationsAdminTest:test_list_migrations_in_flavor_resize_situation): 200 GET http://10.180.1.21/compute/v2.1/servers/8a02f225-176f-43d4-95e3-f828506d2196 5.654s
2025-11-23 06:27:20.843 66248 INFO tempest.common.waiters [-] State transition "BUILD/spawning" ==> "ACTIVE/None" after 10 second wait
2025-11-23 06:27:20.855 66252 INFO tempest.lib.common.rest_client [req-0c45d3d8-bebe-4838-8e34-ee211662bbdb req-0c45d3d8-bebe-4838-8e34-ee211662bbdb ] Request (ServersWithSpecificFlavorTestJSON:test_verify_created_server_ephemeral_disk): 200 POST http://10.180.1.21/compute/v2.1/flavors/1234865436/os-extra_specs 5.660s
2025-11-23 06:27:20.996 66258 INFO tempest.lib.common.rest_client [req-5753ee04-917c-406f-bf56-7fa0ec9a7a09 req-5753ee04-917c-406f-bf56-7fa0ec9a7a09 ] Request (ImagesTestJSON:test_create_image_from_stopped_server): 200 GET http://10.180.1.21/compute/v2.1/servers/3f4d42f1-0e45-4eae-8df6-fff0dc7ad372 5.486s
2025-11-23 06:27:21.003 66258 INFO tempest.common.waiters [-] State transition "BUILD/None" ==> "BUILD/spawning" after 7 second wait
2025-11-23 06:27:21.018 66270 INFO tempest.lib.common.rest_client [req-1e4a6532-fe8d-4798-b0b3-2c6f5b1d4c0f req-1e4a6532-fe8d-4798-b0b3-2c6f5b1d4c0f ] Request (ImagesOneServerNegativeTestJSON:setUpClass): 200 GET http://10.180.1.21/compute/v2.1/servers/a3b9a9ec-749a-4356-bd5f-f0febeb26118 5.806s
2025-11-23 06:27:21.055 66220 INFO tempest.lib.common.rest_client [req-8bf59777-dbdf-4091-b688-36a752e8b925 req-8bf59777-dbdf-4091-b688-36a752e8b925 ] Request (AttachInterfacesTestJSON:test_create_list_show_delete_interfaces_by_fixed_ip): 200 GET http://10.180.1.21/compute/v2.1/servers/d7d5e555-6ca1-4df1-8d51-1e5dce1f6928 5.411s
2025-11-23 06:27:21.063 66220 INFO tempest.common.waiters [-] State transition "BUILD/None" ==> "BUILD/networking" after 7 second wait
2025-11-23 06:27:21.127 66274 INFO tempest.lib.common.rest_client [req-3699dbdb-2151-423a-9066-05d4048e7902 req-3699dbdb-2151-423a-9066-05d4048e7902 ] Request (AttachInterfacesUnderV243Test:test_add_remove_fixed_ip): 200 GET http://10.180.1.21/compute/v2.1/servers/3b258742-2c0b-4447-8cf8-1b2d95db3e43 4.539s
2025-11-23 06:27:21.194 66254 INFO tempest.lib.common.rest_client [req-7ba41553-c04f-4ca8-93a7-0713991d0ab8 req-7ba41553-c04f-4ca8-93a7-0713991d0ab8 ] Request (QuotasAdminNegativeTest:_run_cleanups): 200 PUT http://10.180.1.21/compute/v2.1/os-quota-sets/e3ad3553d4644e59994540707b8ebf4f 4.739s
2025-11-23 06:27:21.250 66222 INFO tempest.lib.common.rest_client [req-f5981b74-12b4-404e-8f26-6472eaf9ecc4 req-f5981b74-12b4-404e-8f26-6472eaf9ecc4 ] Request (ServersAdminNegativeTestJSON:setUpClass): 200 GET http://10.180.1.21/compute/v2.1/servers/e447675e-d193-4ea9-8be0-6a3731080678 3.487s
2025-11-23 06:27:21.258 66222 INFO tempest.common.waiters [-] State transition "BUILD/spawning" ==> "ACTIVE/None" after 14 second wait
2025-11-23 06:27:21.293 66260 INFO tempest.lib.common.rest_client [req-9f7e17ed-9113-499b-b65c-6b3903357db3 req-9f7e17ed-9113-499b-b65c-6b3903357db3 ] Request (ServersAdmin275Test:test_rebuild_update_server_275): 200 GET http://10.180.1.21/compute/v2.1/servers/61bb7cab-998c-40dd-b878-948b3f07418c 3.421s
2025-11-23 06:27:21.394 66226 INFO tempest.lib.common.rest_client [req-f97cc429-ece1-45d5-b8bd-143a8fd49587 req-f97cc429-ece1-45d5-b8bd-143a8fd49587 ] Request (AggregatesAdminNegativeTestJSON:_run_cleanups): 200 POST http://10.180.1.21/compute/v2.1/os-aggregates/1/action 3.131s
2025-11-23 06:27:21.405 66280 INFO tempest.lib.common.rest_client [req-a4c3f542-d1bc-4739-952e-7c2ee77cc470 req-a4c3f542-d1bc-4739-952e-7c2ee77cc470 ] Request (FlavorsExtraSpecsTestJSON:test_flavor_set_get_update_show_unset_keys): 200 GET http://10.180.1.21/compute/v2.1/flavors/218031591/os-extra_specs 3.117s
2025-11-23 06:27:21.620 66230 INFO tempest.lib.common.rest_client [req-3c29d151-6885-4333-aeab-aa30c1b2fc97 req-3c29d151-6885-4333-aeab-aa30c1b2fc97 ] Request (DeleteServersAdminTestJSON:test_admin_delete_servers_of_others): 204 DELETE http://10.180.1.21/compute/v2.1/servers/c6ec66f0-753f-48d8-9682-95a63541f685 2.991s
2025-11-23 06:27:21.631 66236 INFO tempest.lib.common.rest_client [req-8fbd4ea4-8ca6-4135-a45d-5fb98ae4c3c3 req-8fbd4ea4-8ca6-4135-a45d-5fb98ae4c3c3 ] Request (FloatingIPsAssociationNegativeTestJSON:setUpClass): 202 POST http://10.180.1.21/compute/v2.1/servers 3.696s
2025-11-23 06:27:21.649 66256 INFO tempest.lib.common.rest_client [req-7325b770-1432-48f0-a9fd-c4c67ce132e6 req-7325b770-1432-48f0-a9fd-c4c67ce132e6 ] Request (HypervisorAdminNegativeTestJSON:test_show_hypervisor_with_non_admin_user): 200 GET http://10.180.1.21/compute/v2.1/os-hypervisors 3.017s
2025-11-23 06:27:21.668 66240 INFO tempest.lib.common.rest_client [req-49730d53-ab9a-4a4b-9294-58e847cc52b3 req-49730d53-ab9a-4a4b-9294-58e847cc52b3 ] Request (FlavorsV2TestJSON:test_list_flavors_detailed_filter_by_min_disk): 200 GET http://10.180.1.21/compute/v2.1/flavors/42 2.994s
2025-11-23 06:27:21.670 66276 INFO tempest.lib.common.rest_client [req-712184e4-98e8-421c-b753-159ad303c126 req-712184e4-98e8-421c-b753-159ad303c126 ] Request (FlavorsAccessTestJSON:_run_cleanups): 200 GET http://10.180.1.21/compute/v2.1/flavors/detail 3.022s
2025-11-23 06:27:21.675 66264 INFO tempest.lib.common.rest_client [req-91583e12-216c-4b25-8f80-c4980f8e0de9 req-91583e12-216c-4b25-8f80-c4980f8e0de9 ] Request (FlavorsExtraSpecsNegativeTestJSON:test_flavor_non_admin_update_specific_key): 403 PUT http://10.180.1.21/compute/v2.1/flavors/937693463/os-extra_specs/hw:numa_nodes 2.962s
