2025-11-23 06:30:53.808 66244 INFO tempest.lib.common.rest_client [req-58836373-7c2d-4ff5-be88-8c2c24cea0f4 req-58836373-7c2d-4ff5-be88-8c2c24cea0f4 ] Request (ServersTestFqdnHostnames:tearDownClass): 200 GET http://10.180.1.21/compute/v2.1/servers/4c7d3dd6-edaf-4fa5-96f3-2525b8ab5dc5 0.064s
2025-11-23 06:30:53.822 66256 INFO tempest.lib.common.rest_client [req-da80ab31-b360-4166-b2ac-11ae2176ba38 req-da80ab31-b360-4166-b2ac-11ae2176ba38 ] Request (InstanceActionsV221TestJSON:test_get_list_deleted_instance_actions): 200 GET http://10.180.1.21/compute/v2.1/servers/04f655b8-56ae-4ba0-b98f-07b674b73f76 0.060s
2025-11-23 06:30:53.854 66278 INFO tempest.lib.common.rest_client [req-9bf6ee39-12ae-41b9-a0fb-2d86ff0c21e7 req-9bf6ee39-12ae-41b9-a0fb-2d86ff0c21e7 ] Request (MultipleCreateTestJSON:test_multiple_create_with_reservation_return): 200 GET http://10.180.1.21/compute/v2.1/servers/d16bb362-7818-4650-8180-a9aebb35937b 0.060s
2025-11-23 06:30:53.929 66252 INFO tempest.lib.common.rest_client [req-ab7cb8b7-7ee1-4d79-baba-3cf5c7b472b4 req-ab7cb8b7-7ee1-4d79-baba-3cf5c7b472b4 ] Request (ServersWithSpecificFlavorTestJSON:test_verify_created_server_ephemeral_disk): 200 GET http://10.180.1.21/compute/v2.1/servers/b4d2db08-3301-41db-9e0e-c9fcba1623c7 0.060s
2025-11-23 06:30:53.992 66222 INFO tempest.lib.common.rest_client [req-35d6fb0c-668b-4dd7-821a-48fc48a2499c req-35d6fb0c-668b-4dd7-821a-48fc48a2499c ] Request (ImagesOneServerTestJSON:setUpClass): 200 GET http://10.180.1.21/compute/v2.1/servers/d5bbd00e-9ca7-434d-9dc1-2014f72cf275 0.072s
2025-11-23 06:30:54.008 66268 INFO tempest.lib.common.rest_client [req-b3bbb65f-b0c8-4842-96ca-3d79aa188ce9 req-b3bbb65f-b0c8-4842-96ca-3d79aa188ce9 ] Request (AttachVolumeShelveTestJSON:test_attach_volume_shelved_or_offload_server): 200 GET http://10.180.1.21/compute/v2.1/servers/eba00523-b866-44f5-b725-36b623516216 0.119s
2025-11-23 06:30:54.018 66268 INFO tempest.common.waiters [-] State transition "ACTIVE/shelving_image_uploading" ==> "SHELVED/shelving_offloading" after 18 second wait
2025-11-23 06:30:54.049 66218 INFO tempest.lib.common.rest_client [req-22b24ec6-e6c0-4f90-9004-be4b4d6c12fb req-22b24ec6-e6c0-4f90-9004-be4b4d6c12fb ] Request (ServerRescueTestJSON:tearDownClass): 200 GET http://10.180.1.21/compute/v2.1/servers/24e8516c-4eeb-4bee-8478-3b420ea26a45 0.102s
2025-11-23 06:30:54.110 66236 INFO tempest.lib.common.rest_client [req-57a88887-c7fd-460d-bff5-5c59ba3c789d req-57a88887-c7fd-460d-bff5-5c59ba3c789d ] Request (InstanceActionsNegativeTestJSON:tearDownClass): 200 GET http://10.180.1.21/compute/v2.1/servers/67be4957-0c3d-4187-a616-ca082060bf55 0.071s
2025-11-23 06:30:54.121 66230 INFO tempest.lib.common.rest_client [req-b8793ea9-fbf3-45f8-8150-fa14c2c81bc0 req-b8793ea9-fbf3-45f8-8150-fa14c2c81bc0 ] Request (ServerDiagnosticsTest:test_get_server_diagnostics): 200 GET http://10.180.1.21/compute/v2.1/servers/944b42e7-eeab-4e3c-8afb-e40a6d97385b 0.095s
2025-11-23 06:30:54.156 66258 INFO tempest.lib.common.rest_client [req-4ac427e5-8d4d-461a-aa7c-b397531af130 req-4ac427e5-8d4d-461a-aa7c-b397531af130 ] Request (ImagesTestJSON:test_create_server_from_snapshot): 200 GET http://10.180.1.21/compute/v2.1/servers/09e29637-a0ca-4424-988f-c155c20708c3 0.068s
2025-11-23 06:30:54.175 66224 INFO tempest.lib.common.rest_client [req-c16103cf-fb3f-4d98-b31f-2d54ab7b9268 req-c16103cf-fb3f-4d98-b31f-2d54ab7b9268 ] Request (ListServersNegativeTestJSON:tearDownClass): 200 GET http://10.180.1.21/compute/v2.1/servers/d33af991-5922-4137-88ff-1cc113cb8e84 0.072s
2025-11-23 06:30:54.182 66224 INFO tempest.common.waiters [-] State transition "ACTIVE/deleting" ==> "DELETED/None" after 3 second wait
2025-11-23 06:30:54.212 66226 INFO tempest.lib.common.rest_client [req-061b24e8-6bb0-483e-bd41-6a69a58c5818 req-061b24e8-6bb0-483e-bd41-6a69a58c5818 ] Request (TenantUsagesTestJSON:tearDownClass): 200 GET http://10.180.1.21/compute/v2.1/servers/6d9254aa-9ccd-455f-99ef-05ee6225d404 0.059s
2025-11-23 06:30:54.220 66234 INFO tempest.lib.common.rest_client [req-003b5399-7a72-4d4b-a2b9-09c0cf6fb839 req-003b5399-7a72-4d4b-a2b9-09c0cf6fb839 ] Request (ServerRescueNegativeTestJSON:setUpClass): 200 GET http://10.180.1.21/compute/v2.1/servers/7bcf1588-dad1-4d9b-9ecf-9543adfcd9cc 0.064s
2025-11-23 06:30:54.257 66274 INFO tempest.lib.common.rest_client [req-7eec12ae-8128-4723-8a44-51e9e2d3d496 req-7eec12ae-8128-4723-8a44-51e9e2d3d496 ] Request (AttachVolumeTestJSON:test_attach_detach_volume): 200 GET http://10.180.1.21/compute/v2.1/servers/128aba14-8484-4bd0-8e5a-42c5cb6adadc 0.050s
2025-11-23 06:30:54.326 66270 INFO tempest.lib.common.rest_client [req-2d92d52a-f47d-4eb5-884a-6299da462d09 req-2d92d52a-f47d-4eb5-884a-6299da462d09 ] Request (ImagesOneServerNegativeTestJSON:_run_cleanups): 200 GET http://10.180.1.21/compute/v2.1/servers/a8aeecd1-c7d9-481a-90a8-1a1ddbe1a8c0 0.055s
2025-11-23 06:30:54.357 66248 INFO tempest.lib.common.rest_client [req-ad7a8742-6313-4c4e-ab38-cd8a6c13cbcd req-ad7a8742-6313-4c4e-ab38-cd8a6c13cbcd ] Request (MigrationsAdminTest:test_resize_server_revert_deleted_flavor): 200 GET http://10.180.1.21/compute/v2.1/servers/e2512942-0176-4423-a2ba-935dc5082a90 0.090s
2025-11-23 06:30:54.392 66240 INFO tempest.lib.common.rest_client [req-c21ada88-5b7c-496a-8f3e-e8d85d85f0e4 req-c21ada88-5b7c-496a-8f3e-e8d85d85f0e4 ] Request (ServerDiskConfigTestJSON:test_rebuild_server_with_manual_disk_config): 200 GET http://10.180.1.21/compute/v2.1/servers/51f2d09a-e98c-4bd6-ab85-8df0b7aec063 0.059s
2025-11-23 06:30:54.401 66242 INFO tempest.lib.common.rest_client [req-bb2658a1-f134-4a10-a161-dd4ba6f18a0c req-bb2658a1-f134-4a10-a161-dd4ba6f18a0c ] Request (DeleteServersTestJSON:test_delete_active_server): 200 GET http://10.180.1.21/compute/v2.1/servers/eb56d399-39b0-4598-b758-ebe4f7808d70 0.061s
2025-11-23 06:30:54.467 66266 INFO tempest.lib.common.rest_client [req-923e02e9-e855-4d6b-a5d3-74a36d5fda36 req-923e02e9-e855-4d6b-a5d3-74a36d5fda36 ] Request (VolumesAdminNegativeTest:tearDownClass): 200 GET http://10.180.1.21/compute/v2.1/servers/1ae98d05-9433-4ed6-94e6-952755baf5e7 0.055s
2025-11-23 06:30:54.471 66264 INFO tempest.lib.common.rest_client [req-878dbfb1-17c5-4428-baf2-9e21dd0515ca req-878dbfb1-17c5-4428-baf2-9e21dd0515ca ] Request (ImagesNegativeTestJSON:test_create_image_from_deleted_server): 200 GET http://10.180.1.21/compute/v2.1/servers/dafb8dab-15ad-40f1-8d1d-843d01ae1b85 0.049s
2025-11-23 06:30:54.529 66280 INFO tempest.lib.common.rest_client [req-54662326-c396-4fb6-b7ca-dac14e97c7db req-54662326-c396-4fb6-b7ca-dac14e97c7db ] Request (ServerAddressesNegativeTestJSON:setUpClass): 200 GET http://10.180.1.21/compute/v2.1/servers/6fac2f43-494d-4873-a84b-66ebb62b631c 0.047s
2025-11-23 06:30:54.530 66250 INFO tempest.lib.common.rest_client [req-59963b44-e553-4f4d-936d-a355fc71597b req-59963b44-e553-4f4d-936d-a355fc71597b ] Request (ServerActionsTestOtherA:_run_cleanups): 200 GET http://10.180.1.21/compute/v2.1/servers/abdf6cb8-6594-4a9f-8dbe-67bc7df59f61 0.056s
2025-11-23 06:30:54.593 66262 INFO tempest.lib.common.rest_client [req-2a2492ad-7f84-415a-8966-f788e2f81a2b req-2a2492ad-7f84-415a-8966-f788e2f81a2b ] Request (ListImageFiltersTestJSON:tearDownClass): 200 GET http://10.180.1.21/compute/v2.1/servers/d06c0dc8-216a-42cf-9acd-8d19e3b5a768 0.055s
2025-11-23 06:30:54.645 66238 INFO tempest.lib.common.rest_client [req-409a5d44-9abc-4191-818b-85ad7d8a7753 req-409a5d44-9abc-4191-818b-85ad7d8a7753 ] Request (ServersAdminTestJSON:setUpClass): 200 GET http://10.180.1.21/compute/v2.1/servers/6d6a552f-d17b-4e89-9f7d-7dc8fbde5680 0.047s
2025-11-23 06:30:54.654 66272 INFO tempest.lib.common.rest_client [req-31c67434-f449-4e42-8d26-0a78913652cb req-31c67434-f449-4e42-8d26-0a78913652cb ] Request (ListServerFiltersTestJSON:tearDownClass): 200 GET http://10.180.1.21/compute/v2.1/servers/5b6fddd0-8834-4af3-961f-9aa534ca014e 0.065s
2025-11-23 06:30:54.880 66244 INFO tempest.lib.common.rest_client [req-d62a6d11-cf6d-4e65-aba4-b2c68b022795 req-d62a6d11-cf6d-4e65-aba4-b2c68b022795 ] Request (ServersTestFqdnHostnames:tearDownClass): 200 GET http://10.180.1.21/compute/v2.1/servers/4c7d3dd6-edaf-4fa5-96f3-2525b8ab5dc5 0.064s
2025-11-23 06:30:54.890 66256 INFO tempest.lib.common.rest_client [req-dac537df-c48d-409d-8acc-0259d3778d76 req-dac537df-c48d-409d-8acc-0259d3778d76 ] Request (InstanceActionsV221TestJSON:test_get_list_deleted_instance_actions): 200 GET http://10.180.1.21/compute/v2.1/servers/04f655b8-56ae-4ba0-b98f-07b674b73f76 0.059s
2025-11-23 06:30:54.935 66278 INFO tempest.lib.common.rest_client [req-df3b5f50-478f-4e52-a952-3452dabeb679 req-df3b5f50-478f-4e52-a952-3452dabeb679 ] Request (MultipleCreateTestJSON:test_multiple_create_with_reservation_return): 200 GET http://10.180.1.21/compute/v2.1/servers/d16bb362-7818-4650-8180-a9aebb35937b 0.074s
2025-11-23 06:30:54.987 66252 INFO tempest.lib.common.rest_client [req-5c9a5f8a-109e-4e03-ac71-ef810bbc8548 req-5c9a5f8a-109e-4e03-ac71-ef810bbc8548 ] Request (ServersWithSpecificFlavorTestJSON:test_verify_created_server_ephemeral_disk): 200 GET http://10.180.1.21/compute/v2.1/servers/b4d2db08-3301-41db-9e0e-c9fcba1623c7 0.049s
2025-11-23 06:30:55.019 66232 WARNING tempest.lib.common.ssh [-] Failed to establish authenticated ssh connection to cirros@10.180.180.238 ([Errno None] Unable to connect to port 22 on 10.180.180.238). Number attempts: 8. Retry after 9 seconds.: paramiko.ssh_exception.NoValidConnectionsError: [Errno None] Unable to connect to port 22 on 10.180.180.238
2025-11-23 06:30:55.049 66222 INFO tempest.lib.common.rest_client [req-e44a4536-c9ab-4f02-b3e8-13a34b97ac4c req-e44a4536-c9ab-4f02-b3e8-13a34b97ac4c ] Request (ImagesOneServerTestJSON:setUpClass): 200 GET http://10.180.1.21/compute/v2.1/servers/d5bbd00e-9ca7-434d-9dc1-2014f72cf275 0.049s
2025-11-23 06:30:55.114 66218 INFO tempest.lib.common.rest_client [req-b9f8dcd0-e8ea-4f6f-ad12-6fc2413bed4a req-b9f8dcd0-e8ea-4f6f-ad12-6fc2413bed4a ] Request (ServerRescueTestJSON:tearDownClass): 200 GET http://10.180.1.21/compute/v2.1/servers/24e8516c-4eeb-4bee-8478-3b420ea26a45 0.057s
2025-11-23 06:30:55.118 66268 INFO tempest.lib.common.rest_client [req-435ba7a9-04c6-41d7-a47d-76b0ad88eb98 req-435ba7a9-04c6-41d7-a47d-76b0ad88eb98 ] Request (AttachVolumeShelveTestJSON:test_attach_volume_shelved_or_offload_server): 200 GET http://10.180.1.21/compute/v2.1/servers/eba00523-b866-44f5-b725-36b623516216 0.099s
2025-11-23 06:30:55.171 66236 INFO tempest.lib.common.rest_client [req-e510e9a7-f59c-4345-b4c8-a40dc5302fb4 req-e510e9a7-f59c-4345-b4c8-a40dc5302fb4 ] Request (InstanceActionsNegativeTestJSON:tearDownClass): 200 GET http://10.180.1.21/compute/v2.1/servers/67be4957-0c3d-4187-a616-ca082060bf55 0.053s
2025-11-23 06:30:55.217 66258 INFO tempest.lib.common.rest_client [req-66e2f496-e046-438e-9a7f-881c7cc18f73 req-66e2f496-e046-438e-9a7f-881c7cc18f73 ] Request (ImagesTestJSON:test_create_server_from_snapshot): 200 GET http://10.180.1.21/compute/v2.1/servers/09e29637-a0ca-4424-988f-c155c20708c3 0.054s
2025-11-23 06:30:55.224 66230 INFO tempest.lib.common.rest_client [req-3b8435d9-dc1d-4f24-bc67-bc1de3b09654 req-3b8435d9-dc1d-4f24-bc67-bc1de3b09654 ] Request (ServerDiagnosticsTest:test_get_server_diagnostics): 200 GET http://10.180.1.21/compute/v2.1/servers/944b42e7-eeab-4e3c-8afb-e40a6d97385b 0.095s
2025-11-23 06:30:55.266 66224 INFO tempest.lib.common.rest_client [req-f8b88df9-5e58-4e59-8723-9ed7a764b55b req-f8b88df9-5e58-4e59-8723-9ed7a764b55b ] Request (ListServersNegativeTestJSON:tearDownClass): 200 GET http://10.180.1.21/compute/v2.1/servers/d33af991-5922-4137-88ff-1cc113cb8e84 0.083s
2025-11-23 06:30:55.274 66226 INFO tempest.lib.common.rest_client [req-17fe820f-8ee2-4a84-bfe8-9fae53f479bb req-17fe820f-8ee2-4a84-bfe8-9fae53f479bb ] Request (TenantUsagesTestJSON:tearDownClass): 200 GET http://10.180.1.21/compute/v2.1/servers/6d9254aa-9ccd-455f-99ef-05ee6225d404 0.054s
2025-11-23 06:30:55.313 66234 INFO tempest.lib.common.rest_client [req-8066cf4d-0dae-49a4-90ff-1511af628462 req-8066cf4d-0dae-49a4-90ff-1511af628462 ] Request (ServerRescueNegativeTestJSON:setUpClass): 200 GET http://10.180.1.21/compute/v2.1/servers/7bcf1588-dad1-4d9b-9ecf-9543adfcd9cc 0.087s
2025-11-23 06:30:55.319 66274 INFO tempest.lib.common.rest_client [req-719b286a-3d74-4008-9ef4-17e168cd0d1a req-719b286a-3d74-4008-9ef4-17e168cd0d1a ] Request (AttachVolumeTestJSON:test_attach_detach_volume): 200 GET http://10.180.1.21/compute/v2.1/servers/128aba14-8484-4bd0-8e5a-42c5cb6adadc 0.054s
2025-11-23 06:30:55.388 66270 INFO tempest.lib.common.rest_client [req-358d8e8b-ec05-4cd7-9c6a-928955cd71c9 req-358d8e8b-ec05-4cd7-9c6a-928955cd71c9 ] Request (ImagesOneServerNegativeTestJSON:_run_cleanups): 200 GET http://10.180.1.21/compute/v2.1/servers/a8aeecd1-c7d9-481a-90a8-1a1ddbe1a8c0 0.054s
2025-11-23 06:30:55.456 66248 INFO tempest.lib.common.rest_client [req-063139bd-7816-490c-80b4-5c22b1e04e04 req-063139bd-7816-490c-80b4-5c22b1e04e04 ] Request (MigrationsAdminTest:test_resize_server_revert_deleted_flavor): 200 GET http://10.180.1.21/compute/v2.1/servers/e2512942-0176-4423-a2ba-935dc5082a90 0.091s
2025-11-23 06:30:55.468 66240 INFO tempest.lib.common.rest_client [req-07fe1cda-e961-482b-8350-e2194eecab0e req-07fe1cda-e961-482b-8350-e2194eecab0e ] Request (ServerDiskConfigTestJSON:test_rebuild_server_with_manual_disk_config): 200 GET http://10.180.1.21/compute/v2.1/servers/51f2d09a-e98c-4bd6-ab85-8df0b7aec063 0.068s
2025-11-23 06:30:55.504 66242 INFO tempest.lib.common.rest_client [req-ff6b050f-744c-4b0f-82af-70b4d0526745 req-ff6b050f-744c-4b0f-82af-70b4d0526745 ] Request (DeleteServersTestJSON:test_delete_active_server): 200 GET http://10.180.1.21/compute/v2.1/servers/eb56d399-39b0-4598-b758-ebe4f7808d70 0.095s
2025-11-23 06:30:55.547 66266 INFO tempest.lib.common.rest_client [req-bcdda599-c438-4cb5-af9e-cfdbef7bd3c9 req-bcdda599-c438-4cb5-af9e-cfdbef7bd3c9 ] Request (VolumesAdminNegativeTest:tearDownClass): 200 GET http://10.180.1.21/compute/v2.1/servers/1ae98d05-9433-4ed6-94e6-952755baf5e7 0.072s
2025-11-23 06:30:55.559 66264 INFO tempest.lib.common.rest_client [req-f97f9405-fb3a-4e31-86b2-6b00bddf134d req-f97f9405-fb3a-4e31-86b2-6b00bddf134d ] Request (ImagesNegativeTestJSON:test_create_image_from_deleted_server): 200 GET http://10.180.1.21/compute/v2.1/servers/dafb8dab-15ad-40f1-8d1d-843d01ae1b85 0.079s
2025-11-23 06:30:55.619 66280 INFO tempest.lib.common.rest_client [req-a250d1da-fb93-4683-b47f-0b05a48d59c4 req-a250d1da-fb93-4683-b47f-0b05a48d59c4 ] Request (ServerAddressesNegativeTestJSON:setUpClass): 200 GET http://10.180.1.21/compute/v2.1/servers/6fac2f43-494d-4873-a84b-66ebb62b631c 0.082s
2025-11-23 06:30:55.650 66250 INFO tempest.lib.common.rest_client [req-681a87a3-a58b-4725-bd06-4b2d33b9d455 req-681a87a3-a58b-4725-bd06-4b2d33b9d455 ] Request (ServerActionsTestOtherA:_run_cleanups): 200 GET http://10.180.1.21/compute/v2.1/servers/abdf6cb8-6594-4a9f-8dbe-67bc7df59f61 0.113s
2025-11-23 06:30:55.703 66262 INFO tempest.lib.common.rest_client [req-552d5b9b-5e10-45e9-b217-05ff3a8f0b60 req-552d5b9b-5e10-45e9-b217-05ff3a8f0b60 ] Request (ListImageFiltersTestJSON:tearDownClass): 200 GET http://10.180.1.21/compute/v2.1/servers/d06c0dc8-216a-42cf-9acd-8d19e3b5a768 0.103s
2025-11-23 06:30:55.724 66238 INFO tempest.lib.common.rest_client [req-89e3227d-0af8-4cdb-90ce-afe095c923a7 req-89e3227d-0af8-4cdb-90ce-afe095c923a7 ] Request (ServersAdminTestJSON:setUpClass): 200 GET http://10.180.1.21/compute/v2.1/servers/6d6a552f-d17b-4e89-9f7d-7dc8fbde5680 0.069s
2025-11-23 06:30:55.774 66272 INFO tempest.lib.common.rest_client [req-6e106886-56ba-4080-b224-6f05dcc3372b req-6e106886-56ba-4080-b224-6f05dcc3372b ] Request (ListServerFiltersTestJSON:tearDownClass): 200 GET http://10.180.1.21/compute/v2.1/servers/5b6fddd0-8834-4af3-961f-9aa534ca014e 0.112s
2025-11-23 06:30:55.962 66244 INFO tempest.lib.common.rest_client [req-04e20405-4ebf-4fb8-93be-b002db84f22f req-04e20405-4ebf-4fb8-93be-b002db84f22f ] Request (ServersTestFqdnHostnames:tearDownClass): 200 GET http://10.180.1.21/compute/v2.1/servers/4c7d3dd6-edaf-4fa5-96f3-2525b8ab5dc5 0.074s
2025-11-23 06:30:55.963 66256 INFO tempest.lib.common.rest_client [req-ff6aa519-6485-4a54-b43d-3f76d7f9dcfc req-ff6aa519-6485-4a54-b43d-3f76d7f9dcfc ] Request (InstanceActionsV221TestJSON:test_get_list_deleted_instance_actions): 200 GET http://10.180.1.21/compute/v2.1/servers/04f655b8-56ae-4ba0-b98f-07b674b73f76 0.064s
2025-11-23 06:30:56.017 66278 INFO tempest.lib.common.rest_client [req-a5b09678-6094-4a1a-9b65-8eade4f7e1d4 req-a5b09678-6094-4a1a-9b65-8eade4f7e1d4 ] Request (MultipleCreateTestJSON:test_multiple_create_with_reservation_return): 200 GET http://10.180.1.21/compute/v2.1/servers/d16bb362-7818-4650-8180-a9aebb35937b 0.075s
2025-11-23 06:30:56.055 66252 INFO tempest.lib.common.rest_client [req-d1ea3c05-47a4-4481-9edb-8c142e349967 req-d1ea3c05-47a4-4481-9edb-8c142e349967 ] Request (ServersWithSpecificFlavorTestJSON:test_verify_created_server_ephemeral_disk): 200 GET http://10.180.1.21/compute/v2.1/servers/b4d2db08-3301-41db-9e0e-c9fcba1623c7 0.061s
2025-11-23 06:30:56.129 66222 INFO tempest.lib.common.rest_client [req-4d1ea0c7-dd43-4db8-962a-186a26278ec9 req-4d1ea0c7-dd43-4db8-962a-186a26278ec9 ] Request (ImagesOneServerTestJSON:setUpClass): 200 GET http://10.180.1.21/compute/v2.1/servers/d5bbd00e-9ca7-434d-9dc1-2014f72cf275 0.073s
2025-11-23 06:30:56.199 66218 INFO tempest.lib.common.rest_client [req-20873091-96bb-4fce-a738-72ef92258d43 req-20873091-96bb-4fce-a738-72ef92258d43 ] Request (ServerRescueTestJSON:tearDownClass): 200 GET http://10.180.1.21/compute/v2.1/servers/24e8516c-4eeb-4bee-8478-3b420ea26a45 0.076s
2025-11-23 06:30:56.248 66268 INFO tempest.lib.common.rest_client [req-2f01210a-8af0-4306-b207-66d7801885b6 req-2f01210a-8af0-4306-b207-66d7801885b6 ] Request (AttachVolumeShelveTestJSON:test_attach_volume_shelved_or_offload_server): 200 GET http://10.180.1.21/compute/v2.1/servers/eba00523-b866-44f5-b725-36b623516216 0.121s
2025-11-23 06:30:56.260 66236 INFO tempest.lib.common.rest_client [req-7a6b4dc5-5909-48e2-8764-36926048f4e3 req-7a6b4dc5-5909-48e2-8764-36926048f4e3 ] Request (InstanceActionsNegativeTestJSON:tearDownClass): 200 GET http://10.180.1.21/compute/v2.1/servers/67be4957-0c3d-4187-a616-ca082060bf55 0.082s
2025-11-23 06:30:56.299 66258 INFO tempest.lib.common.rest_client [req-5e57066e-33d9-4c21-b736-ea84aa3d0484 req-5e57066e-33d9-4c21-b736-ea84aa3d0484 ] Request (ImagesTestJSON:test_create_server_from_snapshot): 200 GET http://10.180.1.21/compute/v2.1/servers/09e29637-a0ca-4424-988f-c155c20708c3 0.074s
2025-11-23 06:30:56.365 66224 INFO tempest.lib.common.rest_client [req-3fec851c-5a9f-4d46-ab84-8fc19ccdba86 req-3fec851c-5a9f-4d46-ab84-8fc19ccdba86 ] Request (ListServersNegativeTestJSON:tearDownClass): 200 GET http://10.180.1.21/compute/v2.1/servers/d33af991-5922-4137-88ff-1cc113cb8e84 0.092s
2025-11-23 06:30:56.414 66230 INFO tempest.lib.common.rest_client [req-c4f18ad9-00ba-4485-9c1a-0d0c86681825 req-c4f18ad9-00ba-4485-9c1a-0d0c86681825 ] Request (ServerDiagnosticsTest:test_get_server_diagnostics): 200 GET http://10.180.1.21/compute/v2.1/servers/944b42e7-eeab-4e3c-8afb-e40a6d97385b 0.182s
2025-11-23 06:30:56.434 66226 INFO tempest.lib.common.rest_client [req-bea1f87a-a31d-40bf-a142-b09c3e8198fd req-bea1f87a-a31d-40bf-a142-b09c3e8198fd ] Request (TenantUsagesTestJSON:tearDownClass): 200 GET http://10.180.1.21/compute/v2.1/servers/6d9254aa-9ccd-455f-99ef-05ee6225d404 0.151s
2025-11-23 06:30:56.464 66234 INFO tempest.lib.common.rest_client [req-32943ef4-b15f-4e6d-a4ce-9a11b2114cc3 req-32943ef4-b15f-4e6d-a4ce-9a11b2114cc3 ] Request (ServerRescueNegativeTestJSON:setUpClass): 200 GET http://10.180.1.21/compute/v2.1/servers/7bcf1588-dad1-4d9b-9ecf-9543adfcd9cc 0.142s
2025-11-23 06:30:56.485 66274 INFO tempest.lib.common.rest_client [req-b7949b3d-28f1-45d7-971e-050bc93f55a5 req-b7949b3d-28f1-45d7-971e-050bc93f55a5 ] Request (AttachVolumeTestJSON:test_attach_detach_volume): 200 GET http://10.180.1.21/compute/v2.1/servers/128aba14-8484-4bd0-8e5a-42c5cb6adadc 0.158s
2025-11-23 06:30:56.543 66270 INFO tempest.lib.common.rest_client [req-e7a75689-8470-4efa-85ef-b8ba4bcebb2e req-e7a75689-8470-4efa-85ef-b8ba4bcebb2e ] Request (ImagesOneServerNegativeTestJSON:_run_cleanups): 200 GET http://10.180.1.21/compute/v2.1/servers/a8aeecd1-c7d9-481a-90a8-1a1ddbe1a8c0 0.143s
2025-11-23 06:30:56.591 66240 INFO tempest.lib.common.rest_client [req-d60b3562-bea0-498e-89dc-2b7e61060bd1 req-d60b3562-bea0-498e-89dc-2b7e61060bd1 ] Request (ServerDiskConfigTestJSON:test_rebuild_server_with_manual_disk_config): 200 GET http://10.180.1.21/compute/v2.1/servers/51f2d09a-e98c-4bd6-ab85-8df0b7aec063 0.111s
2025-11-23 06:30:56.600 66248 INFO tempest.lib.common.rest_client [req-9e4f7dfe-cd22-4c1b-ac94-6780b86d5b8b req-9e4f7dfe-cd22-4c1b-ac94-6780b86d5b8b ] Request (MigrationsAdminTest:test_resize_server_revert_deleted_flavor): 200 GET http://10.180.1.21/compute/v2.1/servers/e2512942-0176-4423-a2ba-935dc5082a90 0.136s
2025-11-23 06:30:56.638 66242 INFO tempest.lib.common.rest_client [req-581f38e5-e9a8-4a4e-b203-97406d7303dd req-581f38e5-e9a8-4a4e-b203-97406d7303dd ] Request (DeleteServersTestJSON:test_delete_active_server): 200 GET http://10.180.1.21/compute/v2.1/servers/eb56d399-39b0-4598-b758-ebe4f7808d70 0.127s
2025-11-23 06:30:56.652 66266 INFO tempest.lib.common.rest_client [req-a4aa8d5b-dcd2-4c00-9bb0-2961cd5b2e73 req-a4aa8d5b-dcd2-4c00-9bb0-2961cd5b2e73 ] Request (VolumesAdminNegativeTest:tearDownClass): 200 GET http://10.180.1.21/compute/v2.1/servers/1ae98d05-9433-4ed6-94e6-952755baf5e7 0.097s
2025-11-23 06:30:56.684 66264 INFO tempest.lib.common.rest_client [req-244bf11d-842d-41e4-8c55-992cd5a616e7 req-244bf11d-842d-41e4-8c55-992cd5a616e7 ] Request (ImagesNegativeTestJSON:test_create_image_from_deleted_server): 200 GET http://10.180.1.21/compute/v2.1/servers/dafb8dab-15ad-40f1-8d1d-843d01ae1b85 0.118s
2025-11-23 06:30:56.695 66280 INFO tempest.lib.common.rest_client [req-1c9bd40d-00f0-4f54-bd7b-a2852cdb9b5b req-1c9bd40d-00f0-4f54-bd7b-a2852cdb9b5b ] Request (ServerAddressesNegativeTestJSON:setUpClass): 200 GET http://10.180.1.21/compute/v2.1/servers/6fac2f43-494d-4873-a84b-66ebb62b631c 0.066s
2025-11-23 06:30:56.733 66250 INFO tempest.lib.common.rest_client [req-1c28af96-2dc3-4d9e-b4c9-d219236c1864 req-1c28af96-2dc3-4d9e-b4c9-d219236c1864 ] Request (ServerActionsTestOtherA:_run_cleanups): 200 GET http://10.180.1.21/compute/v2.1/servers/abdf6cb8-6594-4a9f-8dbe-67bc7df59f61 0.073s
2025-11-23 06:30:56.769 66262 INFO tempest.lib.common.rest_client [req-30331a48-e199-4b60-93d3-b675312dd11e req-30331a48-e199-4b60-93d3-b675312dd11e ] Request (ListImageFiltersTestJSON:tearDownClass): 200 GET http://10.180.1.21/compute/v2.1/servers/d06c0dc8-216a-42cf-9acd-8d19e3b5a768 0.053s
2025-11-23 06:30:56.781 66238 INFO tempest.lib.common.rest_client [req-7bded10e-8ce3-45bb-a383-3178883dc72e req-7bded10e-8ce3-45bb-a383-3178883dc72e ] Request (ServersAdminTestJSON:setUpClass): 200 GET http://10.180.1.21/compute/v2.1/servers/6d6a552f-d17b-4e89-9f7d-7dc8fbde5680 0.048s
2025-11-23 06:30:56.811 66220 WARNING tempest.lib.common.ssh [-] Failed to establish authenticated ssh connection to cirros@10.180.180.249 ([Errno None] Unable to connect to port 22 on 10.180.180.249). Number attempts: 2. Retry after 3 seconds.: paramiko.ssh_exception.NoValidConnectionsError: [Errno None] Unable to connect to port 22 on 10.180.180.249
2025-11-23 06:30:56.840 66272 INFO tempest.lib.common.rest_client [req-b667b892-8c8e-4b2a-a3ab-15aa4810f773 req-b667b892-8c8e-4b2a-a3ab-15aa4810f773 ] Request (ListServerFiltersTestJSON:tearDownClass): 200 GET http://10.180.1.21/compute/v2.1/servers/5b6fddd0-8834-4af3-961f-9aa534ca014e 0.055s
2025-11-23 06:30:57.034 66256 INFO tempest.lib.common.rest_client [req-b0385222-356e-4bb0-a3df-f25bcf6bcf0f req-b0385222-356e-4bb0-a3df-f25bcf6bcf0f ] Request (InstanceActionsV221TestJSON:test_get_list_deleted_instance_actions): 200 GET http://10.180.1.21/compute/v2.1/servers/04f655b8-56ae-4ba0-b98f-07b674b73f76 0.062s
2025-11-23 06:30:57.045 66244 INFO tempest.lib.common.rest_client [req-8140243a-cf7d-4de0-acf3-6383317dc589 req-8140243a-cf7d-4de0-acf3-6383317dc589 ] Request (ServersTestFqdnHostnames:tearDownClass): 200 GET http://10.180.1.21/compute/v2.1/servers/4c7d3dd6-edaf-4fa5-96f3-2525b8ab5dc5 0.074s
2025-11-23 06:30:57.095 66278 INFO tempest.lib.common.rest_client [req-5d04366f-4a2c-4b53-a417-2317f7dc56cc req-5d04366f-4a2c-4b53-a417-2317f7dc56cc ] Request (MultipleCreateTestJSON:test_multiple_create_with_reservation_return): 200 GET http://10.180.1.21/compute/v2.1/servers/d16bb362-7818-4650-8180-a9aebb35937b 0.070s
2025-11-23 06:30:57.114 66252 INFO tempest.lib.common.rest_client [req-dd8802b6-db87-46d4-93c4-974fea299c64 req-dd8802b6-db87-46d4-93c4-974fea299c64 ] Request (ServersWithSpecificFlavorTestJSON:test_verify_created_server_ephemeral_disk): 200 GET http://10.180.1.21/compute/v2.1/servers/b4d2db08-3301-41db-9e0e-c9fcba1623c7 0.052s
2025-11-23 06:30:57.183 66222 INFO tempest.lib.common.rest_client [req-0c18f372-43ea-4571-a216-0531a0e018d6 req-0c18f372-43ea-4571-a216-0531a0e018d6 ] Request (ImagesOneServerTestJSON:setUpClass): 200 GET http://10.180.1.21/compute/v2.1/servers/d5bbd00e-9ca7-434d-9dc1-2014f72cf275 0.047s
2025-11-23 06:30:57.272 66218 INFO tempest.lib.common.rest_client [req-d89b2941-19f5-433a-802d-63ed1170d3aa req-d89b2941-19f5-433a-802d-63ed1170d3aa ] Request (ServerRescueTestJSON:tearDownClass): 200 GET http://10.180.1.21/compute/v2.1/servers/24e8516c-4eeb-4bee-8478-3b420ea26a45 0.064s
2025-11-23 06:30:57.326 66236 INFO tempest.lib.common.rest_client [req-5ce77b89-0995-4fb0-9b3a-1755a5dc2152 req-5ce77b89-0995-4fb0-9b3a-1755a5dc2152 ] Request (InstanceActionsNegativeTestJSON:tearDownClass): 200 GET http://10.180.1.21/compute/v2.1/servers/67be4957-0c3d-4187-a616-ca082060bf55 0.057s
2025-11-23 06:30:57.361 66268 INFO tempest.lib.common.rest_client [req-a059d605-3dad-4ffd-916a-0c0cf1f129b4 req-a059d605-3dad-4ffd-916a-0c0cf1f129b4 ] Request (AttachVolumeShelveTestJSON:test_attach_volume_shelved_or_offload_server): 200 GET http://10.180.1.21/compute/v2.1/servers/eba00523-b866-44f5-b725-36b623516216 0.101s
2025-11-23 06:30:57.369 66268 INFO tempest.common.waiters [-] State transition "SHELVED/shelving_offloading" ==> "SHELVED_OFFLOADED/None" after 21 second wait
2025-11-23 06:30:57.378 66258 INFO tempest.lib.common.rest_client [req-9ff4f484-e559-4c0b-be44-652666fbc037 req-9ff4f484-e559-4c0b-be44-652666fbc037 ] Request (ImagesTestJSON:test_create_server_from_snapshot): 200 GET http://10.180.1.21/compute/v2.1/servers/09e29637-a0ca-4424-988f-c155c20708c3 0.070s
2025-11-23 06:30:57.430 66224 INFO tempest.lib.common.rest_client [req-771179d9-13e0-4418-9610-6b710f8acad8 req-771179d9-13e0-4418-9610-6b710f8acad8 ] Request (ListServersNegativeTestJSON:tearDownClass): 200 GET http://10.180.1.21/compute/v2.1/servers/d33af991-5922-4137-88ff-1cc113cb8e84 0.053s
2025-11-23 06:30:57.526 66230 INFO tempest.lib.common.rest_client [req-d14b88c4-fa25-47e4-b18b-5916241cd074 req-d14b88c4-fa25-47e4-b18b-5916241cd074 ] Request (ServerDiagnosticsTest:test_get_server_diagnostics): 200 GET http://10.180.1.21/compute/v2.1/servers/944b42e7-eeab-4e3c-8afb-e40a6d97385b 0.103s
2025-11-23 06:30:57.554 66268 INFO tempest.lib.common.rest_client [req-d22abb54-3010-4b48-9e2f-b73dac32c7da req-d22abb54-3010-4b48-9e2f-b73dac32c7da ] Request (AttachVolumeShelveTestJSON:test_attach_volume_shelved_or_offload_server): 200 POST http://10.180.1.21/compute/v2.1/servers/eba00523-b866-44f5-b725-36b623516216/os-volume_attachments 0.184s
2025-11-23 06:30:57.583 66268 INFO tempest.lib.common.rest_client [req-8b0642f2-f326-4937-b533-f082b59a1fa4 req-8b0642f2-f326-4937-b533-f082b59a1fa4 ] Request (AttachVolumeShelveTestJSON:test_attach_volume_shelved_or_offload_server): 200 GET http://10.180.1.21/volume/v3/volumes/54045f9d-5f17-40c5-b689-e68304669481 0.027s
2025-11-23 06:30:57.585 66226 INFO tempest.lib.common.rest_client [req-b8cb4b9a-7f2c-4329-a3bb-50ad63c77358 req-b8cb4b9a-7f2c-4329-a3bb-50ad63c77358 ] Request (TenantUsagesTestJSON:tearDownClass): 200 GET http://10.180.1.21/compute/v2.1/servers/6d9254aa-9ccd-455f-99ef-05ee6225d404 0.144s
2025-11-23 06:30:57.589 66268 INFO tempest.common.waiters [-] Attachment 5b965028-1f02-494c-97ea-fec1c47fe79c created for volume 54045f9d-5f17-40c5-b689-e68304669481 to server eba00523-b866-44f5-b725-36b623516216 after waiting for 0.589933 seconds
2025-11-23 06:30:57.607 66234 INFO tempest.lib.common.rest_client [req-b6cbde28-f425-4833-b9b9-1a1bb71e6303 req-b6cbde28-f425-4833-b9b9-1a1bb71e6303 ] Request (ServerRescueNegativeTestJSON:setUpClass): 200 GET http://10.180.1.21/compute/v2.1/servers/7bcf1588-dad1-4d9b-9ecf-9543adfcd9cc 0.136s
2025-11-23 06:30:57.615 66268 INFO tempest.lib.common.rest_client [req-74525ee4-039d-4f66-8236-d54bfa9be451 req-74525ee4-039d-4f66-8236-d54bfa9be451 ] Request (AttachVolumeShelveTestJSON:test_attach_volume_shelved_or_offload_server): 200 GET http://10.180.1.21/volume/v3/volumes/54045f9d-5f17-40c5-b689-e68304669481 0.025s
2025-11-23 06:30:57.622 66268 INFO tempest.common.waiters [-] volume 54045f9d-5f17-40c5-b689-e68304669481 reached in-use after waiting for 0.622115 seconds
2025-11-23 06:30:57.635 66274 INFO tempest.lib.common.rest_client [req-e04390e7-1bef-440a-9a30-fd30cb0e3085 req-e04390e7-1bef-440a-9a30-fd30cb0e3085 ] Request (AttachVolumeTestJSON:test_attach_detach_volume): 200 GET http://10.180.1.21/compute/v2.1/servers/128aba14-8484-4bd0-8e5a-42c5cb6adadc 0.140s
2025-11-23 06:30:57.669 66270 INFO tempest.lib.common.rest_client [req-f9e815c4-8dcd-4383-b7b3-d3a9e231f9ae req-f9e815c4-8dcd-4383-b7b3-d3a9e231f9ae ] Request (ImagesOneServerNegativeTestJSON:_run_cleanups): 200 GET http://10.180.1.21/compute/v2.1/servers/a8aeecd1-c7d9-481a-90a8-1a1ddbe1a8c0 0.117s
2025-11-23 06:30:57.685 66240 INFO tempest.lib.common.rest_client [req-e2aa0fb1-890c-45a5-9411-54d4e7f4d911 req-e2aa0fb1-890c-45a5-9411-54d4e7f4d911 ] Request (ServerDiskConfigTestJSON:test_rebuild_server_with_manual_disk_config): 200 GET http://10.180.1.21/compute/v2.1/servers/51f2d09a-e98c-4bd6-ab85-8df0b7aec063 0.087s
2025-11-23 06:30:57.769 66268 INFO tempest.lib.common.rest_client [req-ceafef7a-938a-4f05-ad2f-779ff4c32845 req-ceafef7a-938a-4f05-ad2f-779ff4c32845 ] Request (AttachVolumeShelveTestJSON:test_attach_volume_shelved_or_offload_server): 202 POST http://10.180.1.21/compute/v2.1/servers/eba00523-b866-44f5-b725-36b623516216/action 0.146s
2025-11-23 06:30:57.772 66248 INFO tempest.lib.common.rest_client [req-6f3a080c-4992-44ab-be41-072c7b45dd50 req-6f3a080c-4992-44ab-be41-072c7b45dd50 ] Request (MigrationsAdminTest:test_resize_server_revert_deleted_flavor): 200 GET http://10.180.1.21/compute/v2.1/servers/e2512942-0176-4423-a2ba-935dc5082a90 0.163s
2025-11-23 06:30:57.817 66242 INFO tempest.lib.common.rest_client [req-4fd3c8d7-c12d-44d9-bd30-ff4ad2cc34d5 req-4fd3c8d7-c12d-44d9-bd30-ff4ad2cc34d5 ] Request (DeleteServersTestJSON:test_delete_active_server): 200 GET http://10.180.1.21/compute/v2.1/servers/eb56d399-39b0-4598-b758-ebe4f7808d70 0.171s
2025-11-23 06:30:57.827 66266 INFO tempest.lib.common.rest_client [req-16627137-cd94-4005-a643-1c198b39ae55 req-16627137-cd94-4005-a643-1c198b39ae55 ] Request (VolumesAdminNegativeTest:tearDownClass): 200 GET http://10.180.1.21/compute/v2.1/servers/1ae98d05-9433-4ed6-94e6-952755baf5e7 0.167s
2025-11-23 06:30:57.865 66264 INFO tempest.lib.common.rest_client [req-ae7873b9-9884-4c7e-8be7-cafca2bfdd33 req-ae7873b9-9884-4c7e-8be7-cafca2bfdd33 ] Request (ImagesNegativeTestJSON:test_create_image_from_deleted_server): 200 GET http://10.180.1.21/compute/v2.1/servers/dafb8dab-15ad-40f1-8d1d-843d01ae1b85 0.173s
2025-11-23 06:30:57.873 66280 INFO tempest.lib.common.rest_client [req-51f3abe1-8172-49ea-ba4e-3050a5a86f68 req-51f3abe1-8172-49ea-ba4e-3050a5a86f68 ] Request (ServerAddressesNegativeTestJSON:setUpClass): 200 GET http://10.180.1.21/compute/v2.1/servers/6fac2f43-494d-4873-a84b-66ebb62b631c 0.167s
2025-11-23 06:30:57.920 66250 INFO tempest.lib.common.rest_client [req-61a2e491-bcd0-49e0-8c4d-ceb3a329b645 req-61a2e491-bcd0-49e0-8c4d-ceb3a329b645 ] Request (ServerActionsTestOtherA:_run_cleanups): 200 GET http://10.180.1.21/compute/v2.1/servers/abdf6cb8-6594-4a9f-8dbe-67bc7df59f61 0.180s
2025-11-23 06:30:57.973 66262 INFO tempest.lib.common.rest_client [req-1fb0b88b-d642-4569-8af3-d94eb95aec5a req-1fb0b88b-d642-4569-8af3-d94eb95aec5a ] Request (ListImageFiltersTestJSON:tearDownClass): 200 GET http://10.180.1.21/compute/v2.1/servers/d06c0dc8-216a-42cf-9acd-8d19e3b5a768 0.196s
2025-11-23 06:30:57.974 66268 INFO tempest.lib.common.rest_client [req-baecb680-1075-4c41-83a2-fa5abd31c8aa req-baecb680-1075-4c41-83a2-fa5abd31c8aa ] Request (AttachVolumeShelveTestJSON:test_attach_volume_shelved_or_offload_server): 200 GET http://10.180.1.21/compute/v2.1/servers/eba00523-b866-44f5-b725-36b623516216 0.205s
2025-11-23 06:30:58.027 66238 INFO tempest.lib.common.rest_client [req-0f68823e-5316-4020-9d66-360436cce547 req-0f68823e-5316-4020-9d66-360436cce547 ] Request (ServersAdminTestJSON:setUpClass): 200 GET http://10.180.1.21/compute/v2.1/servers/6d6a552f-d17b-4e89-9f7d-7dc8fbde5680 0.239s
2025-11-23 06:30:58.032 66272 INFO tempest.lib.common.rest_client [req-dc990106-017a-4ad5-af8a-32741c62f3cb req-dc990106-017a-4ad5-af8a-32741c62f3cb ] Request (ListServerFiltersTestJSON:tearDownClass): 200 GET http://10.180.1.21/compute/v2.1/servers/5b6fddd0-8834-4af3-961f-9aa534ca014e 0.183s
2025-11-23 06:30:58.127 66256 INFO tempest.lib.common.rest_client [req-8837f8c0-b588-44e1-a48f-fb217fa5265b req-8837f8c0-b588-44e1-a48f-fb217fa5265b ] Request (InstanceActionsV221TestJSON:test_get_list_deleted_instance_actions): 200 GET http://10.180.1.21/compute/v2.1/servers/04f655b8-56ae-4ba0-b98f-07b674b73f76 0.083s
2025-11-23 06:30:58.130 66244 INFO tempest.lib.common.rest_client [req-32f17148-0951-4f49-bfcc-c96aca82530e req-32f17148-0951-4f49-bfcc-c96aca82530e ] Request (ServersTestFqdnHostnames:tearDownClass): 200 GET http://10.180.1.21/compute/v2.1/servers/4c7d3dd6-edaf-4fa5-96f3-2525b8ab5dc5 0.077s
2025-11-23 06:30:58.179 66252 INFO tempest.lib.common.rest_client [req-14bd8fd3-d802-49a9-a55e-5e7406ba1e5f req-14bd8fd3-d802-49a9-a55e-5e7406ba1e5f ] Request (ServersWithSpecificFlavorTestJSON:test_verify_created_server_ephemeral_disk): 200 GET http://10.180.1.21/compute/v2.1/servers/b4d2db08-3301-41db-9e0e-c9fcba1623c7 0.057s
2025-11-23 06:30:58.185 66278 INFO tempest.lib.common.rest_client [req-070fed96-7573-4155-920b-fad7c732c373 req-070fed96-7573-4155-920b-fad7c732c373 ] Request (MultipleCreateTestJSON:test_multiple_create_with_reservation_return): 200 GET http://10.180.1.21/compute/v2.1/servers/d16bb362-7818-4650-8180-a9aebb35937b 0.082s
2025-11-23 06:30:58.239 66222 INFO tempest.lib.common.rest_client [req-004fd783-e036-4104-ac7b-ee05aa73c7d2 req-004fd783-e036-4104-ac7b-ee05aa73c7d2 ] Request (ImagesOneServerTestJSON:setUpClass): 200 GET http://10.180.1.21/compute/v2.1/servers/d5bbd00e-9ca7-434d-9dc1-2014f72cf275 0.049s
2025-11-23 06:30:58.339 66218 INFO tempest.lib.common.rest_client [req-92695aff-dd13-4744-8d1b-de695b35f1b8 req-92695aff-dd13-4744-8d1b-de695b35f1b8 ] Request (ServerRescueTestJSON:tearDownClass): 200 GET http://10.180.1.21/compute/v2.1/servers/24e8516c-4eeb-4bee-8478-3b420ea26a45 0.059s
2025-11-23 06:30:58.347 66228 WARNING tempest.lib.common.ssh [-] Failed to establish authenticated ssh connection to cirros@10.180.180.224 ([Errno None] Unable to connect to port 22 on 10.180.180.224). Number attempts: 6. Retry after 7 seconds.: paramiko.ssh_exception.NoValidConnectionsError: [Errno None] Unable to connect to port 22 on 10.180.180.224
2025-11-23 06:30:58.438 66258 INFO tempest.lib.common.rest_client [req-90df18a9-ec9c-4fc6-9792-055fd506e5ed req-90df18a9-ec9c-4fc6-9792-055fd506e5ed ] Request (ImagesTestJSON:test_create_server_from_snapshot): 200 GET http://10.180.1.21/compute/v2.1/servers/09e29637-a0ca-4424-988f-c155c20708c3 0.052s
2025-11-23 06:30:58.510 66224 INFO tempest.lib.common.rest_client [req-f95fc27a-6671-4d7c-b7e0-912647b132ae req-f95fc27a-6671-4d7c-b7e0-912647b132ae ] Request (ListServersNegativeTestJSON:tearDownClass): 200 GET http://10.180.1.21/compute/v2.1/servers/d33af991-5922-4137-88ff-1cc113cb8e84 0.072s
2025-11-23 06:30:58.641 66230 INFO tempest.lib.common.rest_client [req-17932fef-c85f-4b80-be30-9fea42cdcd61 req-17932fef-c85f-4b80-be30-9fea42cdcd61 ] Request (ServerDiagnosticsTest:test_get_server_diagnostics): 200 GET http://10.180.1.21/compute/v2.1/servers/944b42e7-eeab-4e3c-8afb-e40a6d97385b 0.106s
2025-11-23 06:30:58.694 66226 INFO tempest.lib.common.rest_client [req-896b4cd6-eb75-42ce-a65a-e27cc659005d req-896b4cd6-eb75-42ce-a65a-e27cc659005d ] Request (TenantUsagesTestJSON:tearDownClass): 200 GET http://10.180.1.21/compute/v2.1/servers/6d9254aa-9ccd-455f-99ef-05ee6225d404 0.100s
2025-11-23 06:30:58.747 66234 INFO tempest.lib.common.rest_client [req-9c4ace45-c7fd-40ab-aac3-eaefda0ed0f3 req-9c4ace45-c7fd-40ab-aac3-eaefda0ed0f3 ] Request (ServerRescueNegativeTestJSON:setUpClass): 200 GET http://10.180.1.21/compute/v2.1/servers/7bcf1588-dad1-4d9b-9ecf-9543adfcd9cc 0.132s
2025-11-23 06:30:58.800 66236 INFO tempest.lib.common.rest_client [req-380ee05c-adf9-4cd4-85ce-bd46f356d5bb req-380ee05c-adf9-4cd4-85ce-bd46f356d5bb ] Request (InstanceActionsNegativeTestJSON:tearDownClass): 200 GET http://10.180.1.21/compute/v2.1/servers/67be4957-0c3d-4187-a616-ca082060bf55 0.466s
2025-11-23 06:30:58.808 66274 INFO tempest.lib.common.rest_client [req-53407810-11dc-4e70-8293-55aee30b42c0 req-53407810-11dc-4e70-8293-55aee30b42c0 ] Request (AttachVolumeTestJSON:test_attach_detach_volume): 200 GET http://10.180.1.21/compute/v2.1/servers/128aba14-8484-4bd0-8e5a-42c5cb6adadc 0.164s
2025-11-23 06:30:58.853 66240 INFO tempest.lib.common.rest_client [req-adbd051b-eb1a-43a7-ae39-0f7c823c14d3 req-adbd051b-eb1a-43a7-ae39-0f7c823c14d3 ] Request (ServerDiskConfigTestJSON:test_rebuild_server_with_manual_disk_config): 200 GET http://10.180.1.21/compute/v2.1/servers/51f2d09a-e98c-4bd6-ab85-8df0b7aec063 0.161s
2025-11-23 06:30:58.853 66270 INFO tempest.lib.common.rest_client [req-8c02ee3c-10dd-4ff9-a1a7-90c42f2ab047 req-8c02ee3c-10dd-4ff9-a1a7-90c42f2ab047 ] Request (ImagesOneServerNegativeTestJSON:_run_cleanups): 200 GET http://10.180.1.21/compute/v2.1/servers/a8aeecd1-c7d9-481a-90a8-1a1ddbe1a8c0 0.176s
2025-11-23 06:30:58.900 66242 INFO tempest.lib.common.rest_client [req-e161b991-617c-45b1-bc61-6f58495e71fe req-e161b991-617c-45b1-bc61-6f58495e71fe ] Request (DeleteServersTestJSON:test_delete_active_server): 200 GET http://10.180.1.21/compute/v2.1/servers/eb56d399-39b0-4598-b758-ebe4f7808d70 0.073s
2025-11-23 06:30:58.946 66248 INFO tempest.lib.common.rest_client [req-eb43f2b4-c5c0-46e5-91e9-899c9171842e req-eb43f2b4-c5c0-46e5-91e9-899c9171842e ] Request (MigrationsAdminTest:test_resize_server_revert_deleted_flavor): 200 GET http://10.180.1.21/compute/v2.1/servers/e2512942-0176-4423-a2ba-935dc5082a90 0.166s
2025-11-23 06:30:58.952 66266 INFO tempest.lib.common.rest_client [req-4de96ce9-ec52-4a32-a62f-3e998bb61f57 req-4de96ce9-ec52-4a32-a62f-3e998bb61f57 ] Request (VolumesAdminNegativeTest:tearDownClass): 200 GET http://10.180.1.21/compute/v2.1/servers/1ae98d05-9433-4ed6-94e6-952755baf5e7 0.117s
2025-11-23 06:30:58.995 66264 INFO tempest.lib.common.rest_client [req-e46d84f2-e75f-422c-9b52-a3faafdd84e7 req-e46d84f2-e75f-422c-9b52-a3faafdd84e7 ] Request (ImagesNegativeTestJSON:test_create_image_from_deleted_server): 200 GET http://10.180.1.21/compute/v2.1/servers/dafb8dab-15ad-40f1-8d1d-843d01ae1b85 0.121s
2025-11-23 06:30:58.997 66280 INFO tempest.lib.common.rest_client [req-9ceed1a0-957b-4681-bcdc-7b0fa9f8e551 req-9ceed1a0-957b-4681-bcdc-7b0fa9f8e551 ] Request (ServerAddressesNegativeTestJSON:setUpClass): 200 GET http://10.180.1.21/compute/v2.1/servers/6fac2f43-494d-4873-a84b-66ebb62b631c 0.115s
2025-11-23 06:30:59.049 66250 INFO tempest.lib.common.rest_client [req-a5cfc8a3-3983-4d29-85e0-01eb4d682c56 req-a5cfc8a3-3983-4d29-85e0-01eb4d682c56 ] Request (ServerActionsTestOtherA:_run_cleanups): 200 GET http://10.180.1.21/compute/v2.1/servers/abdf6cb8-6594-4a9f-8dbe-67bc7df59f61 0.120s
2025-11-23 06:30:59.050 66262 INFO tempest.lib.common.rest_client [req-aec285a6-60fa-4d58-a3bb-7124fce4a96d req-aec285a6-60fa-4d58-a3bb-7124fce4a96d ] Request (ListImageFiltersTestJSON:tearDownClass): 200 GET http://10.180.1.21/compute/v2.1/servers/d06c0dc8-216a-42cf-9acd-8d19e3b5a768 0.069s
2025-11-23 06:30:59.095 66238 INFO tempest.lib.common.rest_client [req-e44ed595-5076-4453-8f1c-4437c729e753 req-e44ed595-5076-4453-8f1c-4437c729e753 ] Request (ServersAdminTestJSON:setUpClass): 200 GET http://10.180.1.21/compute/v2.1/servers/6d6a552f-d17b-4e89-9f7d-7dc8fbde5680 0.059s
2025-11-23 06:30:59.135 66268 INFO tempest.lib.common.rest_client [req-a4a8be9b-8195-454a-b5ad-042f86a6d9a0 req-a4a8be9b-8195-454a-b5ad-042f86a6d9a0 ] Request (AttachVolumeShelveTestJSON:test_attach_volume_shelved_or_offload_server): 200 GET http://10.180.1.21/compute/v2.1/servers/eba00523-b866-44f5-b725-36b623516216 0.149s
2025-11-23 06:30:59.145 66272 INFO tempest.lib.common.rest_client [req-1c074d96-9af5-42d8-af65-13af7a3f4300 req-1c074d96-9af5-42d8-af65-13af7a3f4300 ] Request (ListServerFiltersTestJSON:tearDownClass): 200 GET http://10.180.1.21/compute/v2.1/servers/5b6fddd0-8834-4af3-961f-9aa534ca014e 0.105s
2025-11-23 06:30:59.188 66256 INFO tempest.lib.common.rest_client [req-bd80b833-7370-4fe6-ab10-0d2cc75aace4 req-bd80b833-7370-4fe6-ab10-0d2cc75aace4 ] Request (InstanceActionsV221TestJSON:test_get_list_deleted_instance_actions): 200 GET http://10.180.1.21/compute/v2.1/servers/04f655b8-56ae-4ba0-b98f-07b674b73f76 0.052s
2025-11-23 06:30:59.196 66244 INFO tempest.lib.common.rest_client [req-a0734ae2-8958-4587-940d-d4f73abf74d1 req-a0734ae2-8958-4587-940d-d4f73abf74d1 ] Request (ServersTestFqdnHostnames:tearDownClass): 200 GET http://10.180.1.21/compute/v2.1/servers/4c7d3dd6-edaf-4fa5-96f3-2525b8ab5dc5 0.058s
2025-11-23 06:30:59.234 66252 INFO tempest.lib.common.rest_client [req-99c2edef-d0bd-474f-8c9c-2eac65f6ae5c req-99c2edef-d0bd-474f-8c9c-2eac65f6ae5c ] Request (ServersWithSpecificFlavorTestJSON:test_verify_created_server_ephemeral_disk): 200 GET http://10.180.1.21/compute/v2.1/servers/b4d2db08-3301-41db-9e0e-c9fcba1623c7 0.046s
2025-11-23 06:30:59.244 66278 INFO tempest.lib.common.rest_client [req-d6d37321-18fe-437f-b303-d18620c91044 req-d6d37321-18fe-437f-b303-d18620c91044 ] Request (MultipleCreateTestJSON:test_multiple_create_with_reservation_return): 200 GET http://10.180.1.21/compute/v2.1/servers/d16bb362-7818-4650-8180-a9aebb35937b 0.048s
2025-11-23 06:30:59.292 66222 INFO tempest.lib.common.rest_client [req-bab2b4b6-f583-4982-8591-a40223a337a1 req-bab2b4b6-f583-4982-8591-a40223a337a1 ] Request (ImagesOneServerTestJSON:setUpClass): 200 GET http://10.180.1.21/compute/v2.1/servers/d5bbd00e-9ca7-434d-9dc1-2014f72cf275 0.047s
2025-11-23 06:30:59.406 66218 INFO tempest.lib.common.rest_client [req-c0164b4a-f00e-46e4-8dc2-04a574611051 req-c0164b4a-f00e-46e4-8dc2-04a574611051 ] Request (ServerRescueTestJSON:tearDownClass): 200 GET http://10.180.1.21/compute/v2.1/servers/24e8516c-4eeb-4bee-8478-3b420ea26a45 0.059s
2025-11-23 06:30:59.502 66258 INFO tempest.lib.common.rest_client [req-8957fd18-1236-4d5c-8438-b8dab14111bd req-8957fd18-1236-4d5c-8438-b8dab14111bd ] Request (ImagesTestJSON:test_create_server_from_snapshot): 200 GET http://10.180.1.21/compute/v2.1/servers/09e29637-a0ca-4424-988f-c155c20708c3 0.057s
2025-11-23 06:30:59.579 66224 INFO tempest.lib.common.rest_client [req-10bb2686-cdae-443e-9c78-40ffca09b180 req-10bb2686-cdae-443e-9c78-40ffca09b180 ] Request (ListServersNegativeTestJSON:tearDownClass): 200 GET http://10.180.1.21/compute/v2.1/servers/d33af991-5922-4137-88ff-1cc113cb8e84 0.059s
2025-11-23 06:30:59.743 66230 INFO tempest.lib.common.rest_client [req-46a2c389-9e0a-4c95-987b-ff03e68e0eba req-46a2c389-9e0a-4c95-987b-ff03e68e0eba ] Request (ServerDiagnosticsTest:test_get_server_diagnostics): 200 GET http://10.180.1.21/compute/v2.1/servers/944b42e7-eeab-4e3c-8afb-e40a6d97385b 0.093s
2025-11-23 06:30:59.750 66230 INFO tempest.common.waiters [-] State transition "BUILD/spawning" ==> "ACTIVE/None" after 85 second wait
2025-11-23 06:30:59.754 66226 INFO tempest.lib.common.rest_client [req-0bb936ab-8318-4faa-bdb7-76a536e0e7b3 req-0bb936ab-8318-4faa-bdb7-76a536e0e7b3 ] Request (TenantUsagesTestJSON:tearDownClass): 200 GET http://10.180.1.21/compute/v2.1/servers/6d9254aa-9ccd-455f-99ef-05ee6225d404 0.053s
2025-11-23 06:30:59.809 66234 INFO tempest.lib.common.rest_client [req-5bddd14f-a55d-48c0-b078-1b88dc4b690f req-5bddd14f-a55d-48c0-b078-1b88dc4b690f ] Request (ServerRescueNegativeTestJSON:setUpClass): 200 GET http://10.180.1.21/compute/v2.1/servers/7bcf1588-dad1-4d9b-9ecf-9543adfcd9cc 0.048s
2025-11-23 06:30:59.866 66236 INFO tempest.lib.common.rest_client [req-d0ad7818-6e0f-4c5d-9224-9eff831e3690 req-d0ad7818-6e0f-4c5d-9224-9eff831e3690 ] Request (InstanceActionsNegativeTestJSON:tearDownClass): 200 GET http://10.180.1.21/compute/v2.1/servers/67be4957-0c3d-4187-a616-ca082060bf55 0.058s
2025-11-23 06:30:59.912 66274 INFO tempest.lib.common.rest_client [req-850f2d68-7d1a-453e-8d37-7c57d4a33e76 req-850f2d68-7d1a-453e-8d37-7c57d4a33e76 ] Request (AttachVolumeTestJSON:test_attach_detach_volume): 200 GET http://10.180.1.21/compute/v2.1/servers/128aba14-8484-4bd0-8e5a-42c5cb6adadc 0.097s
2025-11-23 06:30:59.957 66240 INFO tempest.lib.common.rest_client [req-9aa9c593-f465-4192-a64d-f39074dbf20e req-9aa9c593-f465-4192-a64d-f39074dbf20e ] Request (ServerDiskConfigTestJSON:test_rebuild_server_with_manual_disk_config): 200 GET http://10.180.1.21/compute/v2.1/servers/51f2d09a-e98c-4bd6-ab85-8df0b7aec063 0.096s
2025-11-23 06:31:00.010 66270 INFO tempest.lib.common.rest_client [req-c2c5924b-40be-4a89-a5a7-c950ed05a01c req-c2c5924b-40be-4a89-a5a7-c950ed05a01c ] Request (ImagesOneServerNegativeTestJSON:_run_cleanups): 200 GET http://10.180.1.21/compute/v2.1/servers/a8aeecd1-c7d9-481a-90a8-1a1ddbe1a8c0 0.148s
2025-11-23 06:31:00.073 66242 INFO tempest.lib.common.rest_client [req-f3bb8a89-8769-4599-9d83-4843e31e1af9 req-f3bb8a89-8769-4599-9d83-4843e31e1af9 ] Request (DeleteServersTestJSON:test_delete_active_server): 200 GET http://10.180.1.21/compute/v2.1/servers/eb56d399-39b0-4598-b758-ebe4f7808d70 0.165s
2025-11-23 06:31:00.181 66248 INFO tempest.lib.common.rest_client [req-493b03f5-527c-41cb-a991-57e047397d20 req-493b03f5-527c-41cb-a991-57e047397d20 ] Request (MigrationsAdminTest:test_resize_server_revert_deleted_flavor): 200 GET http://10.180.1.21/compute/v2.1/servers/e2512942-0176-4423-a2ba-935dc5082a90 0.226s
2025-11-23 06:31:00.231 66266 INFO tempest.lib.common.rest_client [req-93c471a4-1845-4940-b090-cc4f7c721ddc req-93c471a4-1845-4940-b090-cc4f7c721ddc ] Request (VolumesAdminNegativeTest:tearDownClass): 200 GET http://10.180.1.21/compute/v2.1/servers/1ae98d05-9433-4ed6-94e6-952755baf5e7 0.271s
2025-11-23 06:31:00.276 66264 INFO tempest.lib.common.rest_client [req-71774fa6-6ace-46ec-a279-8950c5c2d56c req-71774fa6-6ace-46ec-a279-8950c5c2d56c ] Request (ImagesNegativeTestJSON:test_create_image_from_deleted_server): 200 GET http://10.180.1.21/compute/v2.1/servers/dafb8dab-15ad-40f1-8d1d-843d01ae1b85 0.273s
2025-11-23 06:31:00.320 66280 INFO tempest.lib.common.rest_client [req-ad26b266-c0e2-4da2-953c-037810f20126 req-ad26b266-c0e2-4da2-953c-037810f20126 ] Request (ServerAddressesNegativeTestJSON:setUpClass): 200 GET http://10.180.1.21/compute/v2.1/servers/6fac2f43-494d-4873-a84b-66ebb62b631c 0.315s
2025-11-23 06:31:00.349 66230 INFO tempest.lib.common.rest_client [req-9a63fdb6-45f9-4255-a203-4b20fd3ba71e req-9a63fdb6-45f9-4255-a203-4b20fd3ba71e ] Request (ServerDiagnosticsTest:test_get_server_diagnostics): 200 GET http://10.180.1.21/compute/v2.1/servers/944b42e7-eeab-4e3c-8afb-e40a6d97385b/diagnostics 0.598s
2025-11-23 06:31:00.372 66250 INFO tempest.lib.common.rest_client [req-9eac3367-7ec1-438d-8ce3-778388c73902 req-9eac3367-7ec1-438d-8ce3-778388c73902 ] Request (ServerActionsTestOtherA:_run_cleanups): 200 GET http://10.180.1.21/compute/v2.1/servers/abdf6cb8-6594-4a9f-8dbe-67bc7df59f61 0.316s
2025-11-23 06:31:00.401 66262 INFO tempest.lib.common.rest_client [req-6124e42a-4fcc-4859-a386-7ac39b4ca5eb req-6124e42a-4fcc-4859-a386-7ac39b4ca5eb ] Request (ListImageFiltersTestJSON:tearDownClass): 200 GET http://10.180.1.21/compute/v2.1/servers/d06c0dc8-216a-42cf-9acd-8d19e3b5a768 0.344s
2025-11-23 06:31:00.417 66238 INFO tempest.lib.common.rest_client [req-3352d518-3077-4482-9142-23a5c3d3e778 req-3352d518-3077-4482-9142-23a5c3d3e778 ] Request (ServersAdminTestJSON:setUpClass): 200 GET http://10.180.1.21/compute/v2.1/servers/6d6a552f-d17b-4e89-9f7d-7dc8fbde5680 0.314s
2025-11-23 06:31:00.468 66272 INFO tempest.lib.common.rest_client [req-2e845143-3b83-4ddd-9f0b-6d973a3276a9 req-2e845143-3b83-4ddd-9f0b-6d973a3276a9 ] Request (ListServerFiltersTestJSON:tearDownClass): 200 GET http://10.180.1.21/compute/v2.1/servers/5b6fddd0-8834-4af3-961f-9aa534ca014e 0.315s
2025-11-23 06:31:00.498 66268 INFO tempest.lib.common.rest_client [req-268d706a-a32a-415b-806a-2edd89c1197f req-268d706a-a32a-415b-806a-2edd89c1197f ] Request (AttachVolumeShelveTestJSON:test_attach_volume_shelved_or_offload_server): 200 GET http://10.180.1.21/compute/v2.1/servers/eba00523-b866-44f5-b725-36b623516216 0.353s
2025-11-23 06:31:00.520 66256 INFO tempest.lib.common.rest_client [req-d8891425-e359-4c97-b184-3467c0b58db2 req-d8891425-e359-4c97-b184-3467c0b58db2 ] Request (InstanceActionsV221TestJSON:test_get_list_deleted_instance_actions): 200 GET http://10.180.1.21/compute/v2.1/servers/04f655b8-56ae-4ba0-b98f-07b674b73f76 0.323s
