2025-11-12 21:47:39.352 65661 INFO tempest.lib.common.rest_client [req-5b1fb2ac-5c0a-4d14-b746-bedc9bde3758 req-5b1fb2ac-5c0a-4d14-b746-bedc9bde3758 ] Request (AbsoluteLimitsNegativeTestJSON:setUpClass): 201 POST http://10.180.1.21/identity/v3/auth/tokens 0.130s
2025-11-12 21:47:39.424 65614 INFO tempest.lib.common.rest_client [req-7660aca4-9108-44d3-9544-2ae9f5be887a req-7660aca4-9108-44d3-9544-2ae9f5be887a ] Request (ServersTestBootFromVolume:setUpClass): 200 GET http://10.180.1.21/volume/v3/volumes/f8fd29cd-dbbd-4a14-a0be-ee25db23b7fe 0.032s
2025-11-12 21:47:39.530 65604 INFO tempest.lib.common.rest_client [req-5a00b4bb-ca44-4845-ac48-9680b933ac84 req-5a00b4bb-ca44-4845-ac48-9680b933ac84 ] Request (HypervisorAdminNegativeUnderV252Test:tearDownClass): 200 GET http://10.180.1.21/networking/v2.0/security-groups?tenant_id=aa6613024c1a499b9da2be8418ff9d1f&name=default 0.564s
2025-11-12 21:47:39.631 65608 INFO tempest.lib.common.rest_client [req-cdeba876-440a-40ca-8c2f-e094df9db8a8 req-cdeba876-440a-40ca-8c2f-e094df9db8a8 ] Request (ServersAdminTestJSON:setUpClass): 201 POST http://10.180.1.21/networking/v2.0/routers 0.922s
2025-11-12 21:47:40.271 65604 INFO tempest.lib.common.rest_client [req-68fd722a-2fc4-4448-be80-6310c78aa982 req-68fd722a-2fc4-4448-be80-6310c78aa982 ] Request (HypervisorAdminNegativeUnderV252Test:tearDownClass): 204 DELETE http://10.180.1.21/networking/v2.0/security-groups/0ee55e38-7cbf-4321-bd01-f0ceb8bc98ac 0.741s
2025-11-12 21:47:40.343 65642 INFO tempest.lib.common.rest_client [req-a4ea3dd7-6afe-4981-9203-01b8d3d4cf00 req-a4ea3dd7-6afe-4981-9203-01b8d3d4cf00 ] Request (ServerDiagnosticsNegativeTest:test_get_server_diagnostics_by_non_admin): 200 GET http://10.180.1.21/compute/v2.1/servers/5f572172-c853-4598-aeb7-a1baf6629a64 6.174s
2025-11-12 21:47:40.351 65642 INFO tempest.common.waiters [-] State transition "BUILD/spawning" ==> "ACTIVE/None" after 18 second wait
2025-11-12 21:47:40.422 65604 INFO tempest.lib.common.rest_client [req-4f7dd6d4-d7a9-44f0-beef-5d33696f917b req-4f7dd6d4-d7a9-44f0-beef-5d33696f917b ] Request (HypervisorAdminNegativeUnderV252Test:tearDownClass): 204 DELETE http://10.180.1.21/identity/v3/projects/aa6613024c1a499b9da2be8418ff9d1f 0.150s
2025-11-12 21:47:40.463 65614 INFO tempest.lib.common.rest_client [req-ae2cc15c-2619-4363-bcc0-58cdc24b9076 req-ae2cc15c-2619-4363-bcc0-58cdc24b9076 ] Request (ServersTestBootFromVolume:setUpClass): 200 GET http://10.180.1.21/volume/v3/volumes/f8fd29cd-dbbd-4a14-a0be-ee25db23b7fe 0.031s
2025-11-12 21:47:40.484 65604 INFO tempest.lib.common.rest_client [req-c7147318-8dee-4bb6-8024-1b27f71df1f9 req-c7147318-8dee-4bb6-8024-1b27f71df1f9 ] Request (VolumesAdminNegativeTest:setUpClass): 201 POST http://10.180.1.21/identity/v3/auth/tokens 0.060s
2025-11-12 21:47:40.516 65604 INFO tempest.lib.common.rest_client [req-e15176ec-3016-4dd5-ac3d-ee10d5bdca89 req-e15176ec-3016-4dd5-ac3d-ee10d5bdca89 ] Request (VolumesAdminNegativeTest:setUpClass): 201 POST http://10.180.1.21/identity/v3/auth/tokens 0.029s
2025-11-12 21:47:40.540 65604 INFO tempest.lib.common.rest_client [req-53d9c686-ab53-482a-af9e-5e1238d0c128 req-53d9c686-ab53-482a-af9e-5e1238d0c128 ] Request (VolumesAdminNegativeTest:setUpClass): 200 GET http://10.180.1.21/identity/v3/domains?name=Default 0.024s
2025-11-12 21:47:40.568 65604 INFO tempest.lib.common.rest_client [req-724497ff-9f9f-4c09-9106-0fd7ac40049f req-724497ff-9f9f-4c09-9106-0fd7ac40049f ] Request (VolumesAdminNegativeTest:setUpClass): 201 POST http://10.180.1.21/identity/v3/projects 0.028s
2025-11-12 21:47:40.633 65604 INFO tempest.lib.common.rest_client [req-54fb2691-bfe1-4859-9364-98ab545e9893 req-54fb2691-bfe1-4859-9364-98ab545e9893 ] Request (VolumesAdminNegativeTest:setUpClass): 201 POST http://10.180.1.21/identity/v3/users 0.064s
2025-11-12 21:47:40.659 65604 INFO tempest.lib.common.rest_client [req-618592d4-a94c-4aeb-abac-59a80008c29a req-618592d4-a94c-4aeb-abac-59a80008c29a ] Request (VolumesAdminNegativeTest:setUpClass): 200 GET http://10.180.1.21/identity/v3/roles 0.026s
2025-11-12 21:47:40.705 65604 INFO tempest.lib.common.rest_client [req-a5cf5547-f872-4d3c-bcfd-9e1bfa93bd5a req-a5cf5547-f872-4d3c-bcfd-9e1bfa93bd5a ] Request (VolumesAdminNegativeTest:setUpClass): 204 PUT http://10.180.1.21/identity/v3/projects/e4022591574d4a73895a6296e38ea442/users/0fe8d7d34ff545b7a603223364a0455d/roles/e9552d7fb4884933a96b9da4c82438fe 0.045s
2025-11-12 21:47:40.705 65604 INFO tempest.lib.common.dynamic_creds [-] Dynamic test user 0fe8d7d34ff545b7a603223364a0455d is created with scope project and roles: ['member']
2025-11-12 21:47:40.705 65604 INFO tempest.lib.common.dynamic_creds [-] Acquired dynamic creds: credentials: Credentials: {'domain_id': 'default', 'domain_name': 'Default', 'username': 'tempest-VolumesAdminNegativeTest-1894176655-project-member', 'project_domain_id': 'default', 'project_domain_name': 'Default', 'project_id': 'e4022591574d4a73895a6296e38ea442', 'project_name': 'tempest-VolumesAdminNegativeTest-1894176655', 'tenant_id': 'e4022591574d4a73895a6296e38ea442', 'tenant_name': 'tempest-VolumesAdminNegativeTest-1894176655', 'user_domain_id': 'default', 'user_domain_name': 'Default', 'user_id': '0fe8d7d34ff545b7a603223364a0455d', 'system': None}, Network: None, Subnet: None, Router: None
2025-11-12 21:47:40.835 65604 INFO tempest.lib.common.rest_client [req-afeb381e-84f7-41bc-b8bc-44da2281361e req-afeb381e-84f7-41bc-b8bc-44da2281361e ] Request (VolumesAdminNegativeTest:setUpClass): 201 POST http://10.180.1.21/identity/v3/auth/tokens 0.129s
2025-11-12 21:47:41.420 65608 INFO tempest.lib.common.rest_client [req-3d41e96f-39dd-45f1-9744-d31a935dfcd9 req-3d41e96f-39dd-45f1-9744-d31a935dfcd9 ] Request (ServersAdminTestJSON:setUpClass): 200 PUT http://10.180.1.21/networking/v2.0/routers/210f2d57-6f7e-4082-999b-f38f034ad2ee/add_router_interface 1.789s
2025-11-12 21:47:41.421 65608 INFO tempest.lib.common.dynamic_creds [-] Created isolated network resources for: credentials: Credentials: {'domain_id': 'default', 'domain_name': 'Default', 'username': 'tempest-ServersAdminTestJSON-1962354515-project-admin', 'project_domain_id': 'default', 'project_domain_name': 'Default', 'project_id': '37e5b9262f244031a55c4172ce6b4883', 'project_name': 'tempest-ServersAdminTestJSON-1962354515', 'tenant_id': '37e5b9262f244031a55c4172ce6b4883', 'tenant_name': 'tempest-ServersAdminTestJSON-1962354515', 'user_domain_id': 'default', 'user_domain_name': 'Default', 'user_id': 'b80032f53f934340a9637b68bfb7918f', 'system': None}, Network: {'id': '6adb4cc2-0ba8-490a-84a2-7e82e953f55b', 'name': 'tempest-ServersAdminTestJSON-906145155-network', 'tenant_id': '37e5b9262f244031a55c4172ce6b4883', 'project_id': '37e5b9262f244031a55c4172ce6b4883', 'admin_state_up': True, 'mtu': 8950, 'status': 'ACTIVE', 'subnets': [], 'shared': False, 'port_security_enabled': True, 'router:external': False, 'provider:network_type': 'vlan', 'provider:physical_network': 'default', 'provider:segmentation_id': 438, 'availability_zone_hints': [], 'availability_zones': [], 'ipv4_address_scope': None, 'ipv6_address_scope': None, 'description': '', 'tags': [], 'created_at': '2025-11-12T21:47:38Z', 'updated_at': '2025-11-12T21:47:38Z', 'revision_number': 1}, Subnet: {'id': 'adf113f5-6f33-4aca-bb0a-18efcf3ff510', 'name': 'tempest-ServersAdminTestJSON-906145155-subnet', 'tenant_id': '37e5b9262f244031a55c4172ce6b4883', 'network_id': '6adb4cc2-0ba8-490a-84a2-7e82e953f55b', 'ip_version': 4, 'subnetpool_id': None, 'enable_dhcp': True, 'ipv6_ra_mode': None, 'ipv6_address_mode': None, 'gateway_ip': '192.168.128.1', 'cidr': '192.168.128.0/28', 'allocation_pools': [{'start': '192.168.128.2', 'end': '192.168.128.14'}], 'host_routes': [], 'dns_nameservers': [], 'description': '', 'router:external': False, 'service_types': [], 'tags': [], 'created_at': '2025-11-12T21:47:38Z', 'updated_at': '2025-11-12T21:47:38Z', 'revision_number': 0, 'project_id': '37e5b9262f244031a55c4172ce6b4883'}, Router: {'id': '210f2d57-6f7e-4082-999b-f38f034ad2ee', 'name': 'tempest-ServersAdminTestJSON-906145155-router', 'tenant_id': '37e5b9262f244031a55c4172ce6b4883', 'admin_state_up': True, 'status': 'ACTIVE', 'external_gateway_info': {'network_id': '079ca1cb-9e56-488c-bef3-b270dec70151', 'external_fixed_ips': [{'subnet_id': 'dcb7cacd-a62a-48c2-b4d5-e9e4262423f4', 'ip_address': '10.180.180.201'}], 'enable_snat': True}, 'description': '', 'availability_zones': [], 'distributed': False, 'ha': False, 'availability_zone_hints': [], 'routes': [], 'flavor_id': None, 'tags': [], 'created_at': '2025-11-12T21:47:38Z', 'updated_at': '2025-11-12T21:47:39Z', 'revision_number': 2, 'project_id': '37e5b9262f244031a55c4172ce6b4883'}
2025-11-12 21:47:41.521 65614 INFO tempest.lib.common.rest_client [req-e114bf60-da66-4a76-a2cf-1840e986ac60 req-e114bf60-da66-4a76-a2cf-1840e986ac60 ] Request (ServersTestBootFromVolume:setUpClass): 200 GET http://10.180.1.21/volume/v3/volumes/f8fd29cd-dbbd-4a14-a0be-ee25db23b7fe 0.050s
2025-11-12 21:47:41.536 65608 INFO tempest.lib.common.rest_client [req-7e6759db-9493-41a3-aeef-abc294cfeb12 req-7e6759db-9493-41a3-aeef-abc294cfeb12 ] Request (ServersAdminTestJSON:setUpClass): 201 POST http://10.180.1.21/identity/v3/auth/tokens 0.110s
2025-11-12 21:47:41.612 65608 INFO tempest.lib.common.rest_client [req-23480b74-f0a9-4006-9662-38abeb268946 req-23480b74-f0a9-4006-9662-38abeb268946 ] Request (ServersAdminTestJSON:setUpClass): 201 POST http://10.180.1.21/identity/v3/auth/tokens 0.071s
2025-11-12 21:47:41.613 65608 INFO tempest.lib.common.fixed_network [-] (ServersAdminTestJSON:setUpClass) Found network {'id': 'd2022864-ff11-40b8-ad68-69bc2b61f985', 'name': 'tempest-ServersAdminTestJSON-285911248-network', 'tenant_id': '3cae6104a9f940c7ba6751c8288754de', 'project_id': '3cae6104a9f940c7ba6751c8288754de', 'admin_state_up': True, 'mtu': 8950, 'status': 'ACTIVE', 'subnets': [], 'shared': False, 'port_security_enabled': True, 'router:external': False, 'provider:network_type': 'vlan', 'provider:physical_network': 'default', 'provider:segmentation_id': 792, 'availability_zone_hints': [], 'availability_zones': [], 'ipv4_address_scope': None, 'ipv6_address_scope': None, 'description': '', 'tags': [], 'created_at': '2025-11-12T21:47:34Z', 'updated_at': '2025-11-12T21:47:34Z', 'revision_number': 1} available for tenant
2025-11-12 21:47:41.617 65665 INFO tempest.lib.common.rest_client [req-e38cc159-92aa-49e5-9010-441c52c75921 req-e38cc159-92aa-49e5-9010-441c52c75921 ] Request (FloatingIPsTestJSON:test_delete_floating_ip): 200 POST http://10.180.1.21/compute/v2.1/os-floating-ips 8.063s
2025-11-12 21:47:41.648 65632 INFO tempest.lib.common.rest_client [req-d2bf038c-7423-4565-8630-c9692b23918b req-d2bf038c-7423-4565-8630-c9692b23918b ] Request (MigrationsAdminTest:test_list_migrations_in_flavor_resize_situation): 202 POST http://10.180.1.21/compute/v2.1/servers/93f563f9-153d-4fba-8cd4-6870f09fed14/action 7.410s
2025-11-12 21:47:41.651 65654 INFO tempest.lib.common.rest_client [req-5c29bd08-b950-4d48-809c-a84fb9f4eb0a req-5c29bd08-b950-4d48-809c-a84fb9f4eb0a ] Request (FlavorsExtraSpecsTestJSON:test_flavor_set_get_update_show_unset_keys): 200 POST http://10.180.1.21/compute/v2.1/flavors/15405381/os-extra_specs 7.404s
2025-11-12 21:47:41.674 65652 INFO tempest.lib.common.rest_client [req-7f6ddcc1-d79c-4a28-8697-196e9a750a0d req-7f6ddcc1-d79c-4a28-8697-196e9a750a0d ] Request (FlavorsExtraSpecsNegativeTestJSON:test_flavor_non_admin_update_specific_key): 200 POST http://10.180.1.21/compute/v2.1/flavors/1882602903/os-extra_specs 7.053s
2025-11-12 21:47:41.682 65634 INFO tempest.lib.common.rest_client [req-8ee985ca-413c-43e8-90db-3294369013ac req-8ee985ca-413c-43e8-90db-3294369013ac ] Request (HypervisorAdminNegativeTestJSON:test_get_hypervisor_uptime_with_non_admin_user): 403 GET http://10.180.1.21/compute/v2.1/os-hypervisors/1/uptime 6.946s
2025-11-12 21:47:41.713 65646 INFO tempest.lib.common.rest_client [req-94fac24c-e218-4a7a-af5f-e03d5d58547e req-94fac24c-e218-4a7a-af5f-e03d5d58547e ] Request (AggregatesAdminNegativeTestJSON:_run_cleanups): 200 DELETE http://10.180.1.21/compute/v2.1/os-aggregates/1 6.861s
2025-11-12 21:47:41.764 65606 INFO tempest.lib.common.rest_client [req-e9e23d41-1e50-4bae-8685-20ff1bdcd95c req-e9e23d41-1e50-4bae-8685-20ff1bdcd95c ] Request (ServersWithSpecificFlavorTestJSON:test_verify_created_server_ephemeral_disk): 200 POST http://10.180.1.21/compute/v2.1/flavors 6.891s
2025-11-12 21:47:41.832 65604 INFO tempest.lib.common.rest_client [req-4eafbc9d-f06c-4a6a-aab7-f7d8e7704458 req-4eafbc9d-f06c-4a6a-aab7-f7d8e7704458 ] Request (VolumesAdminNegativeTest:setUpClass): 201 POST http://10.180.1.21/networking/v2.0/networks 0.996s
2025-11-12 21:47:42.006 65650 INFO tempest.lib.common.rest_client [req-2aa4fdc2-99e7-48c3-a995-9e4db61099e1 req-2aa4fdc2-99e7-48c3-a995-9e4db61099e1 ] Request (QuotasAdminNegativeTest:test_create_server_when_instances_quota_is_full): 200 PUT http://10.180.1.21/compute/v2.1/os-quota-sets/e897caed80654cb9b7303a1acd90f72b 7.029s
2025-11-12 21:47:42.026 65638 INFO tempest.lib.common.rest_client [req-d6888264-dd25-4141-9a4a-0c67562a17fe req-d6888264-dd25-4141-9a4a-0c67562a17fe ] Request (KeyPairsV2TestJSON:_run_cleanups): 202 DELETE http://10.180.1.21/compute/v2.1/os-keypairs/tempest-keypair-177867982 7.038s
2025-11-12 21:47:42.065 65612 INFO tempest.lib.common.rest_client [req-923f8c24-ea9d-4c3b-8d84-082dd4bd876d req-923f8c24-ea9d-4c3b-8d84-082dd4bd876d ] Request (FlavorsAccessNegativeTestJSON:_run_cleanups): 200 GET http://10.180.1.21/compute/v2.1/flavors/detail 7.022s
2025-11-12 21:47:42.097 65650 INFO tempest.lib.common.rest_client [req-fc19e99f-68cc-47ed-90e7-b78bf8cfe251 req-fc19e99f-68cc-47ed-90e7-b78bf8cfe251 ] Request (QuotasAdminNegativeTest:test_create_server_when_instances_quota_is_full): 201 POST http://10.180.1.21/identity/v3/auth/tokens 0.084s
2025-11-12 21:47:42.097 65650 INFO tempest.lib.common.fixed_network [-] (QuotasAdminNegativeTest:test_create_server_when_instances_quota_is_full) Found network None available for tenant
2025-11-12 21:47:42.135 65604 INFO tempest.lib.common.rest_client [req-7a94dc17-e535-4fc8-9ed1-4b479be7fff8 req-7a94dc17-e535-4fc8-9ed1-4b479be7fff8 ] Request (VolumesAdminNegativeTest:setUpClass): 201 POST http://10.180.1.21/networking/v2.0/subnets 0.302s
2025-11-12 21:47:42.313 65658 INFO tempest.lib.common.rest_client [req-b5074ad7-2422-46d5-a69f-8297bc8fbfb6 req-b5074ad7-2422-46d5-a69f-8297bc8fbfb6 ] Request (DeleteServersAdminTestJSON:test_admin_delete_servers_of_others): 200 GET http://10.180.1.21/compute/v2.1/servers/d94ba109-8bec-47bf-9dbc-95c909e60386 7.666s
2025-11-12 21:47:42.323 65658 INFO tempest.common.waiters [-] State transition "BUILD/spawning" ==> "ACTIVE/None" after 20 second wait
2025-11-12 21:47:42.568 65614 INFO tempest.lib.common.rest_client [req-fe7437c5-e65e-4c2a-8728-b0deaa420fef req-fe7437c5-e65e-4c2a-8728-b0deaa420fef ] Request (ServersTestBootFromVolume:setUpClass): 200 GET http://10.180.1.21/volume/v3/volumes/f8fd29cd-dbbd-4a14-a0be-ee25db23b7fe 0.035s
2025-11-12 21:47:43.030 65604 INFO tempest.lib.common.rest_client [req-a3bec053-3fd8-42f1-b056-4f5e6c95f8c1 req-a3bec053-3fd8-42f1-b056-4f5e6c95f8c1 ] Request (VolumesAdminNegativeTest:setUpClass): 201 POST http://10.180.1.21/networking/v2.0/routers 0.894s
2025-11-12 21:47:43.122 65618 INFO tempest.lib.common.rest_client [req-8d497426-3f5f-41a6-a8bc-ecb9f0a6bb71 req-8d497426-3f5f-41a6-a8bc-ecb9f0a6bb71 ] Request (ServerActionsTestOtherA:setUpClass): 200 GET http://10.180.1.21/compute/v2.1/servers/30ad0918-8548-4eb9-97f5-55879969195d 7.492s
2025-11-12 21:47:43.131 65618 INFO tempest.common.waiters [-] State transition "BUILD/None" ==> "BUILD/spawning" after 9 second wait
2025-11-12 21:47:43.266 65656 INFO tempest.lib.common.rest_client [req-bc788cea-f0b6-4621-b933-6f3e69ca1db6 req-bc788cea-f0b6-4621-b933-6f3e69ca1db6 ] Request (QuotasAdminTestV257:test_get_updated_quotas): 200 GET http://10.180.1.21/compute/v2.1/os-quota-sets/2a1b5a649fcb497b8998c2c3551cfa57/detail 7.075s
2025-11-12 21:47:43.301 65656 INFO tempest.lib.common.rest_client [req-bdeadae4-4bbb-4476-a4cf-4a60cac2a2aa req-bdeadae4-4bbb-4476-a4cf-4a60cac2a2aa ] Request (QuotasAdminTestV257:test_get_updated_quotas): 200 GET http://10.180.1.21/identity/v3/domains?name=Default 0.031s
2025-11-12 21:47:43.301 65622 INFO tempest.lib.common.rest_client [req-69f344b5-ba69-498b-86fb-b370f9dc5e38 req-69f344b5-ba69-498b-86fb-b370f9dc5e38 ] Request (FlavorsAccessTestJSON:_run_cleanups): 200 GET http://10.180.1.21/compute/v2.1/flavors/detail 6.796s
2025-11-12 21:47:43.361 65656 INFO tempest.lib.common.rest_client [req-57a559e6-088e-4de5-b0b0-a03a716c9bc7 req-57a559e6-088e-4de5-b0b0-a03a716c9bc7 ] Request (QuotasAdminTestV257:test_get_updated_quotas): 201 POST http://10.180.1.21/identity/v3/users 0.059s
2025-11-12 21:47:43.387 65656 INFO tempest.lib.common.rest_client [req-bef994b3-12a6-44cc-8f20-461e42125b73 req-bef994b3-12a6-44cc-8f20-461e42125b73 ] Request (QuotasAdminTestV257:test_get_updated_quotas): 200 GET http://10.180.1.21/identity/v3/domains?name=Default 0.025s
2025-11-12 21:47:43.612 65614 INFO tempest.lib.common.rest_client [req-04638842-7902-40eb-8ac0-3949445aacbb req-04638842-7902-40eb-8ac0-3949445aacbb ] Request (ServersTestBootFromVolume:setUpClass): 200 GET http://10.180.1.21/volume/v3/volumes/f8fd29cd-dbbd-4a14-a0be-ee25db23b7fe 0.034s
2025-11-12 21:47:44.101 65604 INFO tempest.lib.common.rest_client [req-6f1129a3-85ec-45aa-8df9-8bf14ad1b77d req-6f1129a3-85ec-45aa-8df9-8bf14ad1b77d ] Request (VolumesAdminNegativeTest:setUpClass): 200 PUT http://10.180.1.21/networking/v2.0/routers/446f8680-e8f3-40cc-9360-1e9dc27123c4/add_router_interface 1.071s
2025-11-12 21:47:44.102 65604 INFO tempest.lib.common.dynamic_creds [-] Created isolated network resources for: credentials: Credentials: {'domain_id': 'default', 'domain_name': 'Default', 'username': 'tempest-VolumesAdminNegativeTest-1894176655-project-member', 'project_domain_id': 'default', 'project_domain_name': 'Default', 'project_id': 'e4022591574d4a73895a6296e38ea442', 'project_name': 'tempest-VolumesAdminNegativeTest-1894176655', 'tenant_id': 'e4022591574d4a73895a6296e38ea442', 'tenant_name': 'tempest-VolumesAdminNegativeTest-1894176655', 'user_domain_id': 'default', 'user_domain_name': 'Default', 'user_id': '0fe8d7d34ff545b7a603223364a0455d', 'system': None}, Network: {'id': '489a4c49-e707-437d-801e-6f8eea5e5f15', 'name': 'tempest-VolumesAdminNegativeTest-580918591-network', 'tenant_id': 'e4022591574d4a73895a6296e38ea442', 'project_id': 'e4022591574d4a73895a6296e38ea442', 'admin_state_up': True, 'mtu': 8950, 'status': 'ACTIVE', 'subnets': [], 'shared': False, 'port_security_enabled': True, 'router:external': False, 'provider:network_type': 'vlan', 'provider:physical_network': 'default', 'provider:segmentation_id': 348, 'availability_zone_hints': [], 'availability_zones': [], 'ipv4_address_scope': None, 'ipv6_address_scope': None, 'description': '', 'tags': [], 'created_at': '2025-11-12T21:47:41Z', 'updated_at': '2025-11-12T21:47:41Z', 'revision_number': 1}, Subnet: {'id': '95200432-0b36-4251-a0ab-272288062f56', 'name': 'tempest-VolumesAdminNegativeTest-580918591-subnet', 'tenant_id': 'e4022591574d4a73895a6296e38ea442', 'network_id': '489a4c49-e707-437d-801e-6f8eea5e5f15', 'ip_version': 4, 'subnetpool_id': None, 'enable_dhcp': True, 'ipv6_ra_mode': None, 'ipv6_address_mode': None, 'gateway_ip': '192.168.128.1', 'cidr': '192.168.128.0/28', 'allocation_pools': [{'start': '192.168.128.2', 'end': '192.168.128.14'}], 'host_routes': [], 'dns_nameservers': [], 'description': '', 'router:external': False, 'service_types': [], 'tags': [], 'created_at': '2025-11-12T21:47:41Z', 'updated_at': '2025-11-12T21:47:41Z', 'revision_number': 0, 'project_id': 'e4022591574d4a73895a6296e38ea442'}, Router: {'id': '446f8680-e8f3-40cc-9360-1e9dc27123c4', 'name': 'tempest-VolumesAdminNegativeTest-580918591-router', 'tenant_id': 'e4022591574d4a73895a6296e38ea442', 'admin_state_up': True, 'status': 'ACTIVE', 'external_gateway_info': {'network_id': '079ca1cb-9e56-488c-bef3-b270dec70151', 'external_fixed_ips': [{'subnet_id': 'dcb7cacd-a62a-48c2-b4d5-e9e4262423f4', 'ip_address': '10.180.180.232'}], 'enable_snat': True}, 'description': '', 'availability_zones': [], 'distributed': False, 'ha': False, 'availability_zone_hints': [], 'routes': [], 'flavor_id': None, 'tags': [], 'created_at': '2025-11-12T21:47:42Z', 'updated_at': '2025-11-12T21:47:42Z', 'revision_number': 2, 'project_id': 'e4022591574d4a73895a6296e38ea442'}
2025-11-12 21:47:44.181 65636 INFO tempest.lib.common.rest_client [req-7b84f56a-594f-451b-bfa3-68abf8849b0a req-7b84f56a-594f-451b-bfa3-68abf8849b0a ] Request (FloatingIPDetailsTestJSON:test_get_floating_ip_details): 200 GET http://10.180.1.21/compute/v2.1/os-floating-ips/abf44474-efdc-4482-b38b-d93c5078569d 8.121s
2025-11-12 21:47:44.209 65604 INFO tempest.lib.common.rest_client [req-419e6fdf-9962-4b7d-a771-8c44b7ba415a req-419e6fdf-9962-4b7d-a771-8c44b7ba415a ] Request (VolumesAdminNegativeTest:setUpClass): 201 POST http://10.180.1.21/identity/v3/auth/tokens 0.101s
2025-11-12 21:47:44.227 65662 INFO tempest.lib.common.rest_client [req-dba435d1-0994-4277-a2e0-1423ec70e6f1 req-dba435d1-0994-4277-a2e0-1423ec70e6f1 ] Request (ListImageFiltersTestJSON:setUpClass): 200 GET http://10.180.1.21/compute/v2.1/images/28074991-6ef8-405b-809e-e6210e424c32 7.075s
2025-11-12 21:47:44.252 65604 INFO tempest.lib.common.rest_client [req-3c7ab425-a5ee-41b3-be90-e7747d3cb78b req-3c7ab425-a5ee-41b3-be90-e7747d3cb78b ] Request (VolumesAdminNegativeTest:setUpClass): 201 POST http://10.180.1.21/identity/v3/projects 0.043s
2025-11-12 21:47:44.266 65620 INFO tempest.lib.common.rest_client [req-74e65720-abee-4379-8669-b07bc68fe410 req-74e65720-abee-4379-8669-b07bc68fe410 ] Request (ServersTestFqdnHostnames:test_create_server_with_fqdn_name): 200 GET http://10.180.1.21/compute/v2.1/servers/340b1a79-8020-4032-bc93-f7f553f075c0 7.230s
2025-11-12 21:47:44.267 65644 INFO tempest.lib.common.rest_client [req-f3e4b3e7-b4a5-4ad3-9207-68b481921330 req-f3e4b3e7-b4a5-4ad3-9207-68b481921330 ] Request (FlavorsV261TestJSON:_run_cleanups): 200 GET http://10.180.1.21/compute/v2.1/flavors/detail 6.840s
2025-11-12 21:47:44.303 65610 INFO tempest.lib.common.rest_client [req-fc2af6a2-9296-4be2-b37d-051991bea73f req-fc2af6a2-9296-4be2-b37d-051991bea73f ] Request (FlavorsAdminTestJSON:_run_cleanups): 200 GET http://10.180.1.21/compute/v2.1/flavors/detail 6.839s
2025-11-12 21:47:44.384 65604 INFO tempest.lib.common.rest_client [req-d72b4c67-7749-4af6-b369-a30763f08504 req-d72b4c67-7749-4af6-b369-a30763f08504 ] Request (VolumesAdminNegativeTest:setUpClass): 201 POST http://10.180.1.21/identity/v3/users 0.131s
2025-11-12 21:47:44.467 65644 INFO tempest.lib.common.rest_client [req-83bd9a32-8e86-4206-98e1-0bb6542d5357 req-83bd9a32-8e86-4206-98e1-0bb6542d5357 ] Request (FlavorsV261TestJSON:tearDownClass): 204 DELETE http://10.180.1.21/identity/v3/users/ab24bcde2018488c8ae2f547f52cbf08 0.182s
2025-11-12 21:47:44.517 65626 INFO tempest.lib.common.rest_client [req-2c9d9635-cf05-4460-90b5-a19277117559 req-2c9d9635-cf05-4460-90b5-a19277117559 ] Request (VolumesAssistedSnapshotsTest:test_volume_assisted_snapshot_create_delete): 200 GET http://10.180.1.21/compute/v2.1/servers/15fd0266-f316-4b13-95bb-7fa8348a3a34 7.023s
2025-11-12 21:47:44.531 65626 INFO tempest.common.waiters [-] State transition "BUILD/None" ==> "BUILD/spawning" after 8 second wait
2025-11-12 21:47:44.538 65604 INFO tempest.lib.common.rest_client [req-3317701e-581b-4fac-94d2-64fa830b2a9a req-3317701e-581b-4fac-94d2-64fa830b2a9a ] Request (VolumesAdminNegativeTest:setUpClass): 200 GET http://10.180.1.21/identity/v3/roles 0.153s
2025-11-12 21:47:44.627 65644 INFO tempest.lib.common.rest_client [req-fa06c2f9-942b-44d2-9c82-b563a2f597ae req-fa06c2f9-942b-44d2-9c82-b563a2f597ae ] Request (FlavorsV261TestJSON:tearDownClass): 204 DELETE http://10.180.1.21/identity/v3/users/3694111a49064f0f9a35a10c35f741f0 0.160s
2025-11-12 21:47:44.627 65644 INFO tempest.lib.common.dynamic_creds [-] Deleting project and security group for project: 2c848965cdfa460da084004c6ec8f7dc
2025-11-12 21:47:44.665 65614 INFO tempest.lib.common.rest_client [req-9d7e53d4-c57a-4afe-b4d1-67a7bfa44218 req-9d7e53d4-c57a-4afe-b4d1-67a7bfa44218 ] Request (ServersTestBootFromVolume:setUpClass): 200 GET http://10.180.1.21/volume/v3/volumes/f8fd29cd-dbbd-4a14-a0be-ee25db23b7fe 0.046s
2025-11-12 21:47:44.721 65644 INFO tempest.lib.common.rest_client [req-3bb204bc-df1c-44b4-8e5b-86b5b3446466 req-3bb204bc-df1c-44b4-8e5b-86b5b3446466 ] Request (FlavorsV261TestJSON:tearDownClass): 201 POST http://10.180.1.21/identity/v3/auth/tokens 0.093s
2025-11-12 21:47:44.722 65604 INFO tempest.lib.common.rest_client [req-8b86c082-6fbf-410a-b18c-35963f47e555 req-8b86c082-6fbf-410a-b18c-35963f47e555 ] Request (VolumesAdminNegativeTest:setUpClass): 204 PUT http://10.180.1.21/identity/v3/projects/ea3b72f327c5428782a3d23b1d48d355/users/6eb24f9fdcf742a2a6123a9d16868788/roles/30d43c5d57cf4a16b2a11bd8b84b1411 0.184s
2025-11-12 21:47:44.742 65648 INFO tempest.lib.common.rest_client [req-40199518-c2eb-47dc-9138-0aad670ea38a req-40199518-c2eb-47dc-9138-0aad670ea38a ] Request (SecurityGroupsTestJSON:test_list_security_groups_by_server): 200 GET http://10.180.1.21/compute/v2.1/servers/a5ddcfea-d6f0-4e45-9e02-f06b484b9975 6.326s
2025-11-12 21:47:44.798 65604 INFO tempest.lib.common.rest_client [req-ce0bee39-0d45-464f-82a4-67f860e947f6 req-ce0bee39-0d45-464f-82a4-67f860e947f6 ] Request (VolumesAdminNegativeTest:setUpClass): 200 GET http://10.180.1.21/identity/v3/roles 0.075s
2025-11-12 21:47:44.823 65604 INFO tempest.lib.common.rest_client [req-cca4b827-4e3b-4c53-ad20-728af4ce7d7b req-cca4b827-4e3b-4c53-ad20-728af4ce7d7b ] Request (VolumesAdminNegativeTest:setUpClass): 204 PUT http://10.180.1.21/identity/v3/projects/ea3b72f327c5428782a3d23b1d48d355/users/6eb24f9fdcf742a2a6123a9d16868788/roles/30d43c5d57cf4a16b2a11bd8b84b1411 0.024s
2025-11-12 21:47:44.823 65604 INFO tempest.lib.common.dynamic_creds [-] Dynamic test user 6eb24f9fdcf742a2a6123a9d16868788 is created with scope project and roles: ['admin']
2025-11-12 21:47:44.823 65604 INFO tempest.lib.common.dynamic_creds [-] Acquired dynamic creds: credentials: Credentials: {'domain_id': 'default', 'domain_name': 'Default', 'username': 'tempest-VolumesAdminNegativeTest-2137306493-project-admin', 'project_domain_id': 'default', 'project_domain_name': 'Default', 'project_id': 'ea3b72f327c5428782a3d23b1d48d355', 'project_name': 'tempest-VolumesAdminNegativeTest-2137306493', 'tenant_id': 'ea3b72f327c5428782a3d23b1d48d355', 'tenant_name': 'tempest-VolumesAdminNegativeTest-2137306493', 'user_domain_id': 'default', 'user_domain_name': 'Default', 'user_id': '6eb24f9fdcf742a2a6123a9d16868788', 'system': None}, Network: None, Subnet: None, Router: None
2025-11-12 21:47:44.930 65644 INFO tempest.lib.common.rest_client [req-eda8b4d0-4797-4a0e-b856-3b6c45cd75a1 req-eda8b4d0-4797-4a0e-b856-3b6c45cd75a1 ] Request (FlavorsV261TestJSON:tearDownClass): 200 GET http://10.180.1.21/networking/v2.0/security-groups?tenant_id=2c848965cdfa460da084004c6ec8f7dc&name=default 0.209s
2025-11-12 21:47:45.047 65644 INFO tempest.lib.common.rest_client [req-28cdd72c-fab8-47f6-9f79-c5cf342bdc40 req-28cdd72c-fab8-47f6-9f79-c5cf342bdc40 ] Request (FlavorsV261TestJSON:tearDownClass): 204 DELETE http://10.180.1.21/networking/v2.0/security-groups/ceee4ac2-1ca0-4869-932d-8c045223818b 0.117s
2025-11-12 21:47:45.082 65604 INFO tempest.lib.common.rest_client [req-651731f4-566b-4380-bcb3-c46f509777ad req-651731f4-566b-4380-bcb3-c46f509777ad ] Request (VolumesAdminNegativeTest:setUpClass): 201 POST http://10.180.1.21/networking/v2.0/networks 0.258s
2025-11-12 21:47:45.152 65640 INFO tempest.lib.common.rest_client [req-550d9009-a961-4e18-a9be-32dffa67dbd8 req-550d9009-a961-4e18-a9be-32dffa67dbd8 ] Request (ServerDiagnosticsTest:test_get_server_diagnostics): 200 GET http://10.180.1.21/compute/v2.1/servers/656b036a-1a83-4875-99d1-45b30d8714df/diagnostics 6.941s
2025-11-12 21:47:45.201 65644 INFO tempest.lib.common.rest_client [req-ff76dcd7-1f7d-4409-9aef-b4e687eeccdb req-ff76dcd7-1f7d-4409-9aef-b4e687eeccdb ] Request (FlavorsV261TestJSON:tearDownClass): 204 DELETE http://10.180.1.21/identity/v3/projects/2c848965cdfa460da084004c6ec8f7dc 0.153s
2025-11-12 21:47:45.201 65644 INFO tempest.lib.common.dynamic_creds [-] Deleting project and security group for project: 9ba457698f4546bc9e221fa92057fa8d
2025-11-12 21:47:45.262 65624 INFO tempest.lib.common.rest_client [req-20c8894d-89e5-47c4-8089-678329574e9e req-20c8894d-89e5-47c4-8089-678329574e9e ] Request (SecurityGroupsTestAdminJSON:test_list_security_groups_list_all_tenants_filter): 200 POST http://10.180.1.21/compute/v2.1/os-security-groups 6.723s
2025-11-12 21:47:45.325 65604 INFO tempest.lib.common.rest_client [req-879ad6c3-694c-4c0f-918d-afd0d9c3c5b9 req-879ad6c3-694c-4c0f-918d-afd0d9c3c5b9 ] Request (VolumesAdminNegativeTest:setUpClass): 201 POST http://10.180.1.21/networking/v2.0/subnets 0.242s
2025-11-12 21:47:45.464 65644 INFO tempest.lib.common.rest_client [req-26f3b174-cae5-4e5c-ac06-008605a09d11 req-26f3b174-cae5-4e5c-ac06-008605a09d11 ] Request (FlavorsV261TestJSON:tearDownClass): 200 GET http://10.180.1.21/networking/v2.0/security-groups?tenant_id=9ba457698f4546bc9e221fa92057fa8d&name=default 0.262s
2025-11-12 21:47:45.522 65630 INFO tempest.lib.common.rest_client [req-17163f59-a801-4fa5-b334-27fc6204d742 req-17163f59-a801-4fa5-b334-27fc6204d742 ] Request (ServersAdminNegativeTestJSON:setUpClass): 200 GET http://10.180.1.21/compute/v2.1/servers/ada54d2d-b587-46d3-859e-1a431d0fcc8b 6.192s
2025-11-12 21:47:45.532 65630 INFO tempest.common.waiters [-] State transition "BUILD/spawning" ==> "ACTIVE/None" after 20 second wait
2025-11-12 21:47:45.635 65616 INFO tempest.lib.common.rest_client [req-e1032db9-3b56-4407-ac28-7af79d9d853a req-e1032db9-3b56-4407-ac28-7af79d9d853a ] Request (ServerRescueTestJSON:setUpClass): 200 GET http://10.180.1.21/compute/v2.1/servers/1e5a894f-57b6-4b17-b2a5-439c4fc0db0c 5.743s
2025-11-12 21:47:45.642 65616 INFO tempest.common.waiters [-] State transition "BUILD/spawning" ==> "ACTIVE/None" after 20 second wait
2025-11-12 21:47:45.692 65642 INFO tempest.lib.common.rest_client [req-7ce97de1-19d0-45ec-a953-0f287a789af4 req-7ce97de1-19d0-45ec-a953-0f287a789af4 ] Request (ServerDiagnosticsNegativeTest:test_get_server_diagnostics_by_non_admin): 403 GET http://10.180.1.21/compute/v2.1/servers/5f572172-c853-4598-aeb7-a1baf6629a64/diagnostics 5.340s
2025-11-12 21:47:45.717 65614 INFO tempest.lib.common.rest_client [req-409a2e01-93b4-4a3a-bbd4-8735e3142666 req-409a2e01-93b4-4a3a-bbd4-8735e3142666 ] Request (ServersTestBootFromVolume:setUpClass): 200 GET http://10.180.1.21/volume/v3/volumes/f8fd29cd-dbbd-4a14-a0be-ee25db23b7fe 0.043s
2025-11-12 21:47:45.760 65644 INFO tempest.lib.common.rest_client [req-f30fcdfd-ed8c-48fc-a043-68394079fe6e req-f30fcdfd-ed8c-48fc-a043-68394079fe6e ] Request (FlavorsV261TestJSON:tearDownClass): 204 DELETE http://10.180.1.21/networking/v2.0/security-groups/a8c776f9-7097-4ce4-8fc1-9e612fcbe5bf 0.295s
2025-11-12 21:47:45.906 65644 INFO tempest.lib.common.rest_client [req-ab956b8f-09f0-41d0-a50f-d2bcfd8ff988 req-ab956b8f-09f0-41d0-a50f-d2bcfd8ff988 ] Request (FlavorsV261TestJSON:tearDownClass): 204 DELETE http://10.180.1.21/identity/v3/projects/9ba457698f4546bc9e221fa92057fa8d 0.145s
2025-11-12 21:47:45.989 65644 INFO tempest.lib.common.rest_client [req-e48bdc6c-b75d-43d4-a036-3e061da47bf4 req-e48bdc6c-b75d-43d4-a036-3e061da47bf4 ] Request (SecurityGroupRulesTestJSON:setUpClass): 201 POST http://10.180.1.21/identity/v3/auth/tokens 0.080s
2025-11-12 21:47:46.024 65628 INFO tempest.lib.common.rest_client [req-9b568ab3-ffd1-4503-a974-c9350f2a1fa9 req-9b568ab3-ffd1-4503-a974-c9350f2a1fa9 ] Request (ImagesOneServerNegativeTestJSON:setUpClass): 200 GET http://10.180.1.21/compute/v2.1/servers/9ddf2990-8602-44a1-9594-d6a7bc7781ed 6.066s
2025-11-12 21:47:46.043 65644 INFO tempest.lib.common.rest_client [req-56977f27-b89a-4737-93c6-d92bc018ab7c req-56977f27-b89a-4737-93c6-d92bc018ab7c ] Request (SecurityGroupRulesTestJSON:setUpClass): 201 POST http://10.180.1.21/identity/v3/auth/tokens 0.051s
2025-11-12 21:47:46.076 65644 INFO tempest.lib.common.rest_client [req-0be5d8a7-de7f-46f8-88ee-4d322fca50d4 req-0be5d8a7-de7f-46f8-88ee-4d322fca50d4 ] Request (SecurityGroupRulesTestJSON:setUpClass): 200 GET http://10.180.1.21/identity/v3/domains?name=Default 0.033s
2025-11-12 21:47:46.113 65644 INFO tempest.lib.common.rest_client [req-42965d03-e18e-4e9e-b54f-e7bfc4c8a1f8 req-42965d03-e18e-4e9e-b54f-e7bfc4c8a1f8 ] Request (SecurityGroupRulesTestJSON:setUpClass): 201 POST http://10.180.1.21/identity/v3/projects 0.036s
2025-11-12 21:47:46.195 65644 INFO tempest.lib.common.rest_client [req-d6879f70-913a-4f3a-a2f1-3bac5c811359 req-d6879f70-913a-4f3a-a2f1-3bac5c811359 ] Request (SecurityGroupRulesTestJSON:setUpClass): 201 POST http://10.180.1.21/identity/v3/users 0.081s
2025-11-12 21:47:46.231 65644 INFO tempest.lib.common.rest_client [req-d479f562-a854-4ee6-a02a-0ffed97c4f1d req-d479f562-a854-4ee6-a02a-0ffed97c4f1d ] Request (SecurityGroupRulesTestJSON:setUpClass): 200 GET http://10.180.1.21/identity/v3/roles 0.036s
2025-11-12 21:47:46.264 65644 INFO tempest.lib.common.rest_client [req-92cb633e-1a7e-4423-9e1c-175118939a97 req-92cb633e-1a7e-4423-9e1c-175118939a97 ] Request (SecurityGroupRulesTestJSON:setUpClass): 204 PUT http://10.180.1.21/identity/v3/projects/7fe019c645bb4886ada82746a5ed31cf/users/cd2eb4d13dd34706ad8fb27082e516e6/roles/e9552d7fb4884933a96b9da4c82438fe 0.032s
2025-11-12 21:47:46.264 65644 INFO tempest.lib.common.dynamic_creds [-] Dynamic test user cd2eb4d13dd34706ad8fb27082e516e6 is created with scope project and roles: ['member']
2025-11-12 21:47:46.265 65644 INFO tempest.lib.common.dynamic_creds [-] Acquired dynamic creds: credentials: Credentials: {'domain_id': 'default', 'domain_name': 'Default', 'username': 'tempest-SecurityGroupRulesTestJSON-354327681-project-member', 'project_domain_id': 'default', 'project_domain_name': 'Default', 'project_id': '7fe019c645bb4886ada82746a5ed31cf', 'project_name': 'tempest-SecurityGroupRulesTestJSON-354327681', 'tenant_id': '7fe019c645bb4886ada82746a5ed31cf', 'tenant_name': 'tempest-SecurityGroupRulesTestJSON-354327681', 'user_domain_id': 'default', 'user_domain_name': 'Default', 'user_id': 'cd2eb4d13dd34706ad8fb27082e516e6', 'system': None}, Network: None, Subnet: None, Router: None
2025-11-12 21:47:46.327 65644 INFO tempest.lib.common.rest_client [req-e6b810dc-aee7-4cad-89da-b0967c5e8e0d req-e6b810dc-aee7-4cad-89da-b0967c5e8e0d ] Request (SecurityGroupRulesTestJSON:setUpClass): 201 POST http://10.180.1.21/identity/v3/auth/tokens 0.062s
2025-11-12 21:47:46.360 65604 INFO tempest.lib.common.rest_client [req-b0ad6c98-a4c1-4085-86ff-598d563fcafa req-b0ad6c98-a4c1-4085-86ff-598d563fcafa ] Request (VolumesAdminNegativeTest:setUpClass): 201 POST http://10.180.1.21/networking/v2.0/routers 1.035s
2025-11-12 21:47:46.674 65644 INFO tempest.lib.common.rest_client [req-4b8ccd9e-5e88-43dd-9360-7e99ca714d21 req-4b8ccd9e-5e88-43dd-9360-7e99ca714d21 ] Request (SecurityGroupRulesTestJSON:setUpClass): 201 POST http://10.180.1.21/networking/v2.0/networks 0.346s
2025-11-12 21:47:46.766 65614 INFO tempest.lib.common.rest_client [req-dc78a2d4-12eb-4032-9144-604ab63106a5 req-dc78a2d4-12eb-4032-9144-604ab63106a5 ] Request (ServersTestBootFromVolume:setUpClass): 200 GET http://10.180.1.21/volume/v3/volumes/f8fd29cd-dbbd-4a14-a0be-ee25db23b7fe 0.038s
2025-11-12 21:47:46.833 65608 INFO tempest.lib.common.rest_client [req-3879352e-951d-4df5-8965-9963d2be55b1 req-3879352e-951d-4df5-8965-9963d2be55b1 ] Request (ServersAdminTestJSON:setUpClass): 202 POST http://10.180.1.21/compute/v2.1/servers 5.219s
2025-11-12 21:47:46.951 65608 INFO tempest.lib.common.rest_client [req-830ff770-fc85-4439-93bd-93b113903a14 req-830ff770-fc85-4439-93bd-93b113903a14 ] Request (ServersAdminTestJSON:setUpClass): 201 POST http://10.180.1.21/identity/v3/auth/tokens 0.111s
2025-11-12 21:47:46.951 65608 INFO tempest.lib.common.fixed_network [-] (ServersAdminTestJSON:setUpClass) Found network {'id': 'd2022864-ff11-40b8-ad68-69bc2b61f985', 'name': 'tempest-ServersAdminTestJSON-285911248-network', 'tenant_id': '3cae6104a9f940c7ba6751c8288754de', 'project_id': '3cae6104a9f940c7ba6751c8288754de', 'admin_state_up': True, 'mtu': 8950, 'status': 'ACTIVE', 'subnets': [], 'shared': False, 'port_security_enabled': True, 'router:external': False, 'provider:network_type': 'vlan', 'provider:physical_network': 'default', 'provider:segmentation_id': 792, 'availability_zone_hints': [], 'availability_zones': [], 'ipv4_address_scope': None, 'ipv6_address_scope': None, 'description': '', 'tags': [], 'created_at': '2025-11-12T21:47:34Z', 'updated_at': '2025-11-12T21:47:34Z', 'revision_number': 1} available for tenant
2025-11-12 21:47:47.094 65644 INFO tempest.lib.common.rest_client [req-ecbd34e9-b5e4-4e32-a4d5-b7e71f62fa3b req-ecbd34e9-b5e4-4e32-a4d5-b7e71f62fa3b ] Request (SecurityGroupRulesTestJSON:setUpClass): 201 POST http://10.180.1.21/networking/v2.0/subnets 0.419s
2025-11-12 21:47:47.382 65665 INFO tempest.lib.common.rest_client [req-5d4f5641-25bd-4694-b0ac-bb122ba47fc0 req-5d4f5641-25bd-4694-b0ac-bb122ba47fc0 ] Request (FloatingIPsTestJSON:test_delete_floating_ip): 202 DELETE http://10.180.1.21/compute/v2.1/os-floating-ips/da76f4b8-575c-4966-83ce-ac8cbdb8b76e 5.762s
2025-11-12 21:47:47.406 65654 INFO tempest.lib.common.rest_client [req-51c30fb5-3d81-4b79-8665-e121483b18f5 req-51c30fb5-3d81-4b79-8665-e121483b18f5 ] Request (FlavorsExtraSpecsTestJSON:test_flavor_set_get_update_show_unset_keys): 200 GET http://10.180.1.21/compute/v2.1/flavors/15405381/os-extra_specs 5.754s
2025-11-12 21:47:47.419 65652 INFO tempest.lib.common.rest_client [req-1e6ac15c-34a7-4cd4-96a0-a3d54c6c45c8 req-1e6ac15c-34a7-4cd4-96a0-a3d54c6c45c8 ] Request (FlavorsExtraSpecsNegativeTestJSON:test_flavor_non_admin_update_specific_key): 403 PUT http://10.180.1.21/compute/v2.1/flavors/1882602903/os-extra_specs/hw:numa_nodes 5.744s
2025-11-12 21:47:47.427 65634 INFO tempest.lib.common.rest_client [req-7447c756-6002-40dd-a783-6047fb1cc629 req-7447c756-6002-40dd-a783-6047fb1cc629 ] Request (HypervisorAdminNegativeTestJSON:test_get_nonexistent_hypervisor_uptime): 404 GET http://10.180.1.21/compute/v2.1/os-hypervisors/6748e080-b18d-4abd-b042-50a2e444614a/uptime 5.741s
2025-11-12 21:47:47.471 65646 INFO tempest.lib.common.rest_client [req-e1fe0a22-ba46-4473-baf6-096423ab86d7 req-e1fe0a22-ba46-4473-baf6-096423ab86d7 ] Request (AggregatesAdminNegativeTestJSON:test_aggregate_add_host_as_user): 200 POST http://10.180.1.21/compute/v2.1/os-aggregates 5.749s
2025-11-12 21:47:47.483 65606 INFO tempest.lib.common.rest_client [req-5c032ac8-fbac-4f03-970b-d127d029c860 req-5c032ac8-fbac-4f03-970b-d127d029c860 ] Request (ServersWithSpecificFlavorTestJSON:test_verify_created_server_ephemeral_disk): 200 GET http://10.180.1.21/compute/v2.1/flavors/42/os-extra_specs 5.716s
2025-11-12 21:47:47.496 65604 INFO tempest.lib.common.rest_client [req-99c0d791-6d91-4218-937b-1bd351376953 req-99c0d791-6d91-4218-937b-1bd351376953 ] Request (VolumesAdminNegativeTest:setUpClass): 200 PUT http://10.180.1.21/networking/v2.0/routers/a3caf191-8c4f-4a13-99e6-5d012f5c245b/add_router_interface 1.132s
2025-11-12 21:47:47.497 65604 INFO tempest.lib.common.dynamic_creds [-] Created isolated network resources for: credentials: Credentials: {'domain_id': 'default', 'domain_name': 'Default', 'username': 'tempest-VolumesAdminNegativeTest-2137306493-project-admin', 'project_domain_id': 'default', 'project_domain_name': 'Default', 'project_id': 'ea3b72f327c5428782a3d23b1d48d355', 'project_name': 'tempest-VolumesAdminNegativeTest-2137306493', 'tenant_id': 'ea3b72f327c5428782a3d23b1d48d355', 'tenant_name': 'tempest-VolumesAdminNegativeTest-2137306493', 'user_domain_id': 'default', 'user_domain_name': 'Default', 'user_id': '6eb24f9fdcf742a2a6123a9d16868788', 'system': None}, Network: {'id': '3eab40d2-6407-423f-8070-2ee6fceef8f5', 'name': 'tempest-VolumesAdminNegativeTest-912110495-network', 'tenant_id': 'ea3b72f327c5428782a3d23b1d48d355', 'project_id': 'ea3b72f327c5428782a3d23b1d48d355', 'admin_state_up': True, 'mtu': 8950, 'status': 'ACTIVE', 'subnets': [], 'shared': False, 'port_security_enabled': True, 'router:external': False, 'provider:network_type': 'vlan', 'provider:physical_network': 'default', 'provider:segmentation_id': 360, 'availability_zone_hints': [], 'availability_zones': [], 'ipv4_address_scope': None, 'ipv6_address_scope': None, 'description': '', 'tags': [], 'created_at': '2025-11-12T21:47:44Z', 'updated_at': '2025-11-12T21:47:44Z', 'revision_number': 1}, Subnet: {'id': '13fb898f-6120-4d1a-9288-d67606ba83d3', 'name': 'tempest-VolumesAdminNegativeTest-912110495-subnet', 'tenant_id': 'ea3b72f327c5428782a3d23b1d48d355', 'network_id': '3eab40d2-6407-423f-8070-2ee6fceef8f5', 'ip_version': 4, 'subnetpool_id': None, 'enable_dhcp': True, 'ipv6_ra_mode': None, 'ipv6_address_mode': None, 'gateway_ip': '192.168.128.1', 'cidr': '192.168.128.0/28', 'allocation_pools': [{'start': '192.168.128.2', 'end': '192.168.128.14'}], 'host_routes': [], 'dns_nameservers': [], 'description': '', 'router:external': False, 'service_types': [], 'tags': [], 'created_at': '2025-11-12T21:47:45Z', 'updated_at': '2025-11-12T21:47:45Z', 'revision_number': 0, 'project_id': 'ea3b72f327c5428782a3d23b1d48d355'}, Router: {'id': 'a3caf191-8c4f-4a13-99e6-5d012f5c245b', 'name': 'tempest-VolumesAdminNegativeTest-912110495-router', 'tenant_id': 'ea3b72f327c5428782a3d23b1d48d355', 'admin_state_up': True, 'status': 'ACTIVE', 'external_gateway_info': {'network_id': '079ca1cb-9e56-488c-bef3-b270dec70151', 'external_fixed_ips': [{'subnet_id': 'dcb7cacd-a62a-48c2-b4d5-e9e4262423f4', 'ip_address': '10.180.180.217'}], 'enable_snat': True}, 'description': '', 'availability_zones': [], 'distributed': False, 'ha': False, 'availability_zone_hints': [], 'routes': [], 'flavor_id': None, 'tags': [], 'created_at': '2025-11-12T21:47:45Z', 'updated_at': '2025-11-12T21:47:46Z', 'revision_number': 2, 'project_id': 'ea3b72f327c5428782a3d23b1d48d355'}
2025-11-12 21:47:47.512 65666 INFO tempest.lib.common.rest_client [req-27adc5f6-2068-42f1-b6be-e18e062ff1dd req-27adc5f6-2068-42f1-b6be-e18e062ff1dd ] Request (HostsAdminTestJSON:test_list_hosts_with_zone): 200 GET http://10.180.1.21/compute/v2.1/os-hosts 5.733s
2025-11-12 21:47:47.549 65638 INFO tempest.lib.common.rest_client [req-274349e7-4446-408d-99c9-cae6d7367147 req-274349e7-4446-408d-99c9-cae6d7367147 ] Request (KeyPairsV2TestJSON:test_keypair_create_delete): 200 POST http://10.180.1.21/compute/v2.1/os-keypairs 5.520s
2025-11-12 21:47:47.568 65612 INFO tempest.lib.common.rest_client [req-6dd60c13-6430-455f-9345-85f7f1e1ef6b req-6dd60c13-6430-455f-9345-85f7f1e1ef6b ] Request (FlavorsAccessNegativeTestJSON:test_flavor_access_list_with_public_flavor): 200 POST http://10.180.1.21/compute/v2.1/flavors 5.477s
2025-11-12 21:47:47.642 65604 INFO tempest.lib.common.rest_client [req-8b30cee7-dd85-48ed-8d1a-52953073c189 req-8b30cee7-dd85-48ed-8d1a-52953073c189 ] Request (VolumesAdminNegativeTest:setUpClass): 201 POST http://10.180.1.21/identity/v3/auth/tokens 0.141s
2025-11-12 21:47:47.700 65604 INFO tempest.lib.common.rest_client [req-be75a1f1-6557-48f6-be27-7c3ea5e52742 req-be75a1f1-6557-48f6-be27-7c3ea5e52742 ] Request (VolumesAdminNegativeTest:setUpClass): 201 POST http://10.180.1.21/identity/v3/projects 0.057s
2025-11-12 21:47:47.708 65632 INFO tempest.lib.common.rest_client [req-39566b21-897d-41a0-9879-3b52a1c4218e req-39566b21-897d-41a0-9879-3b52a1c4218e ] Request (MigrationsAdminTest:test_list_migrations_in_flavor_resize_situation): 200 GET http://10.180.1.21/compute/v2.1/servers/93f563f9-153d-4fba-8cd4-6870f09fed14 6.059s
2025-11-12 21:47:47.823 65614 INFO tempest.lib.common.rest_client [req-d08ec759-75d0-4053-8c0a-68b71a82fa2a req-d08ec759-75d0-4053-8c0a-68b71a82fa2a ] Request (ServersTestBootFromVolume:setUpClass): 200 GET http://10.180.1.21/volume/v3/volumes/f8fd29cd-dbbd-4a14-a0be-ee25db23b7fe 0.050s
2025-11-12 21:47:47.832 65604 INFO tempest.lib.common.rest_client [req-c2fe14fa-f975-4f73-a072-fde05ab5b1b5 req-c2fe14fa-f975-4f73-a072-fde05ab5b1b5 ] Request (VolumesAdminNegativeTest:setUpClass): 201 POST http://10.180.1.21/identity/v3/users 0.132s
2025-11-12 21:47:47.866 65604 INFO tempest.lib.common.rest_client [req-7c2382bf-4699-4d8d-9e9a-158b1551ee6b req-7c2382bf-4699-4d8d-9e9a-158b1551ee6b ] Request (VolumesAdminNegativeTest:setUpClass): 200 GET http://10.180.1.21/identity/v3/roles 0.033s
2025-11-12 21:47:47.911 65604 INFO tempest.lib.common.rest_client [req-58486fe8-9593-42f4-87c9-d3e2bec49130 req-58486fe8-9593-42f4-87c9-d3e2bec49130 ] Request (VolumesAdminNegativeTest:setUpClass): 204 PUT http://10.180.1.21/identity/v3/projects/fc9da14ac06f452195a0d018d7a9424c/users/ec14ee3f73f242be8bf88f06f1f5aed1/roles/7d981bd89ebf4030b87c77908fa0b236 0.044s
2025-11-12 21:47:47.992 65604 INFO tempest.lib.common.rest_client [req-ee1c714c-364f-4942-bd06-efc178a328b5 req-ee1c714c-364f-4942-bd06-efc178a328b5 ] Request (VolumesAdminNegativeTest:setUpClass): 200 GET http://10.180.1.21/identity/v3/roles 0.080s
2025-11-12 21:47:48.022 65604 INFO tempest.lib.common.rest_client [req-e503ea81-c394-4423-abce-7e4909e916a3 req-e503ea81-c394-4423-abce-7e4909e916a3 ] Request (VolumesAdminNegativeTest:setUpClass): 204 PUT http://10.180.1.21/identity/v3/projects/fc9da14ac06f452195a0d018d7a9424c/users/ec14ee3f73f242be8bf88f06f1f5aed1/roles/30d43c5d57cf4a16b2a11bd8b84b1411 0.030s
2025-11-12 21:47:48.022 65604 INFO tempest.lib.common.dynamic_creds [-] Dynamic test user ec14ee3f73f242be8bf88f06f1f5aed1 is created with scope project and roles: ['service', 'admin']
2025-11-12 21:47:48.022 65604 INFO tempest.lib.common.dynamic_creds [-] Acquired dynamic creds: credentials: Credentials: {'domain_id': 'default', 'domain_name': 'Default', 'username': 'tempest-VolumesAdminNegativeTest-781994088-project', 'project_domain_id': 'default', 'project_domain_name': 'Default', 'project_id': 'fc9da14ac06f452195a0d018d7a9424c', 'project_name': 'tempest-VolumesAdminNegativeTest-781994088', 'tenant_id': 'fc9da14ac06f452195a0d018d7a9424c', 'tenant_name': 'tempest-VolumesAdminNegativeTest-781994088', 'user_domain_id': 'default', 'user_domain_name': 'Default', 'user_id': 'ec14ee3f73f242be8bf88f06f1f5aed1', 'system': None}, Network: None, Subnet: None, Router: None
2025-11-12 21:47:48.059 65658 INFO tempest.lib.common.rest_client [req-ef273f52-0bfd-47ce-9dae-2b30ccb2d03d req-ef273f52-0bfd-47ce-9dae-2b30ccb2d03d ] Request (DeleteServersAdminTestJSON:test_admin_delete_servers_of_others): 204 DELETE http://10.180.1.21/compute/v2.1/servers/d94ba109-8bec-47bf-9dbc-95c909e60386 5.735s
2025-11-12 21:47:48.078 65622 INFO tempest.lib.common.rest_client [req-ff9b04a2-df97-4f70-a916-bdebc445b2cf req-ff9b04a2-df97-4f70-a916-bdebc445b2cf ] Request (FlavorsAccessTestJSON:test_flavor_access_list_with_private_flavor): 200 POST http://10.180.1.21/compute/v2.1/flavors 4.764s
2025-11-12 21:47:48.292 65604 INFO tempest.lib.common.rest_client [req-91276325-d7a6-4073-b51c-bd2e860edfc8 req-91276325-d7a6-4073-b51c-bd2e860edfc8 ] Request (VolumesAdminNegativeTest:setUpClass): 201 POST http://10.180.1.21/networking/v2.0/networks 0.269s
2025-11-12 21:47:48.297 65656 INFO tempest.lib.common.rest_client [req-86d84bbc-445f-428a-94fa-1c466041a32c req-86d84bbc-445f-428a-94fa-1c466041a32c ] Request (QuotasAdminTestV257:test_get_updated_quotas): 200 PUT http://10.180.1.21/compute/v2.1/os-quota-sets/2a1b5a649fcb497b8998c2c3551cfa57?user_id=22375b40015f45fabb7c212a9a537989 4.910s
2025-11-12 21:47:48.495 65644 INFO tempest.lib.common.rest_client [req-516bce92-88a0-4972-b206-71e51b6d9299 req-516bce92-88a0-4972-b206-71e51b6d9299 ] Request (SecurityGroupRulesTestJSON:setUpClass): 201 POST http://10.180.1.21/networking/v2.0/routers 1.400s
2025-11-12 21:47:48.516 65604 INFO tempest.lib.common.rest_client [req-b3e7ceba-16cd-4176-8ced-0e175878c729 req-b3e7ceba-16cd-4176-8ced-0e175878c729 ] Request (VolumesAdminNegativeTest:setUpClass): 201 POST http://10.180.1.21/networking/v2.0/subnets 0.223s
2025-11-12 21:47:48.556 65650 INFO tempest.lib.common.rest_client [req-fdcaab96-472d-4627-846d-cbb6748826af req-fdcaab96-472d-4627-846d-cbb6748826af ] Request (QuotasAdminNegativeTest:test_create_server_when_instances_quota_is_full): 403 POST http://10.180.1.21/compute/v2.1/servers 6.459s
2025-11-12 21:47:48.874 65614 INFO tempest.lib.common.rest_client [req-cae37608-225c-4c3e-9ade-d93112dd886b req-cae37608-225c-4c3e-9ade-d93112dd886b ] Request (ServersTestBootFromVolume:setUpClass): 200 GET http://10.180.1.21/volume/v3/volumes/f8fd29cd-dbbd-4a14-a0be-ee25db23b7fe 0.042s
2025-11-12 21:47:49.502 65644 INFO tempest.lib.common.rest_client [req-075908a9-e042-49e4-abb8-88b7b4624b2d req-075908a9-e042-49e4-abb8-88b7b4624b2d ] Request (SecurityGroupRulesTestJSON:setUpClass): 200 PUT http://10.180.1.21/networking/v2.0/routers/15085d97-0497-49bc-94e2-94d01d8573da/add_router_interface 1.007s
