2025-11-12 21:49:27.363 65644 INFO tempest.lib.common.rest_client [req-f6457e3a-bf5a-4abb-85bd-536506915c07 req-f6457e3a-bf5a-4abb-85bd-536506915c07 ] Request (DeleteServersTestJSON:test_delete_active_server): 201 POST http://10.180.1.21/identity/v3/auth/tokens 0.035s
2025-11-12 21:49:27.363 65644 INFO tempest.lib.common.fixed_network [-] (DeleteServersTestJSON:test_delete_active_server) Found network {'id': 'daaa750a-3a28-49b0-a75e-62575a6b4ab0', 'name': 'tempest-DeleteServersTestJSON-782252947-network', 'tenant_id': 'a2f8cd8d68ba4c368d05778885a6dfc3', 'project_id': 'a2f8cd8d68ba4c368d05778885a6dfc3', 'admin_state_up': True, 'mtu': 8950, 'status': 'ACTIVE', 'subnets': [], 'shared': False, 'port_security_enabled': True, 'router:external': False, 'provider:network_type': 'vlan', 'provider:physical_network': 'default', 'provider:segmentation_id': 412, 'availability_zone_hints': [], 'availability_zones': [], 'ipv4_address_scope': None, 'ipv6_address_scope': None, 'description': '', 'tags': [], 'created_at': '2025-11-12T21:49:24Z', 'updated_at': '2025-11-12T21:49:24Z', 'revision_number': 1} available for tenant
2025-11-12 21:49:27.439 65646 INFO tempest.lib.common.rest_client [req-0e4f6bda-de12-47c7-b2a5-da12c45be6a6 req-0e4f6bda-de12-47c7-b2a5-da12c45be6a6 ] Request (AggregatesAdminNegativeTestJSON:tearDownClass): 204 DELETE http://10.180.1.21/identity/v3/users/633c4243bc654258a623322f4e200c21 0.113s
2025-11-12 21:49:27.472 65620 INFO tempest.lib.common.rest_client [req-688c5795-8dbe-4e60-90cf-cea62d8c3c39 req-688c5795-8dbe-4e60-90cf-cea62d8c3c39 ] Request (ListServerFiltersTestJSON:setUpClass): 200 GET http://10.180.1.21/compute/v2.1/servers/b18c3438-495e-4554-b90e-1ba443b2d77d 3.892s
2025-11-12 21:49:27.479 65620 INFO tempest.common.waiters [-] State transition "BUILD/scheduling" ==> "BUILD/None" after 5 second wait
2025-11-12 21:49:27.492 65666 INFO tempest.lib.common.rest_client [req-acb66645-34da-4254-a0f5-2c2aab2eed28 req-acb66645-34da-4254-a0f5-2c2aab2eed28 ] Request (ServerAddressesTestJSON:setUpClass): 200 GET http://10.180.1.21/compute/v2.1/servers/ea6ddfe4-e6b4-46ec-b65d-071c0b688e2b 3.928s
2025-11-12 21:49:27.580 65656 INFO tempest.lib.common.rest_client [req-4fa3f4ab-b464-4153-a8e6-3f72f1649b63 req-4fa3f4ab-b464-4153-a8e6-3f72f1649b63 ] Request (FloatingIPsAssociationNegativeTestJSON:setUpClass): 200 GET http://10.180.1.21/compute/v2.1/servers/1c1677d0-8e1e-45d0-b30e-b4f95feb79ab 3.808s
2025-11-12 21:49:27.594 65646 INFO tempest.lib.common.rest_client [req-4b20a079-4936-4e44-b196-b2b6e0467cd9 req-4b20a079-4936-4e44-b196-b2b6e0467cd9 ] Request (AggregatesAdminNegativeTestJSON:tearDownClass): 204 DELETE http://10.180.1.21/identity/v3/users/daf916969be24586a8b074e216b6dcd8 0.155s
2025-11-12 21:49:27.594 65646 INFO tempest.lib.common.dynamic_creds [-] Deleting project and security group for project: 7dcd25ae1f1b4ae0989bdd67b963ec46
2025-11-12 21:49:27.619 65650 WARNING tempest.lib.common.ssh [-] Failed to establish authenticated ssh connection to cirros@10.180.180.166 ([Errno None] Unable to connect to port 22 on 10.180.180.166). Number attempts: 5. Retry after 6 seconds.: paramiko.ssh_exception.NoValidConnectionsError: [Errno None] Unable to connect to port 22 on 10.180.180.166
2025-11-12 21:49:27.680 65654 INFO tempest.lib.common.rest_client [req-dd4d03cf-6af2-4abb-9d13-5d3746beec14 req-dd4d03cf-6af2-4abb-9d13-5d3746beec14 ] Request (ServerMetadataTestJSON:setUp): 200 PUT http://10.180.1.21/compute/v2.1/servers/422bc6aa-abe7-4ff5-b1da-e0958ac94eb6/metadata 3.837s
2025-11-12 21:49:27.689 65646 INFO tempest.lib.common.rest_client [req-62e2d7d5-c6bc-4569-bb8c-48c54236ae53 req-62e2d7d5-c6bc-4569-bb8c-48c54236ae53 ] Request (AggregatesAdminNegativeTestJSON:tearDownClass): 201 POST http://10.180.1.21/identity/v3/auth/tokens 0.095s
2025-11-12 21:49:27.781 65630 INFO tempest.lib.common.rest_client [req-214ed4c9-5d12-4314-9cd5-8390e708bea7 req-214ed4c9-5d12-4314-9cd5-8390e708bea7 ] Request (ServersAdminNegativeTestJSON:tearDownClass): 204 DELETE http://10.180.1.21/compute/v2.1/servers/6f3ad456-b3f6-4452-a5d7-bafa3b22865d 3.901s
2025-11-12 21:49:27.801 65640 INFO tempest.lib.common.rest_client [req-4d84b1c3-5796-4dbc-a8dc-f0e7d17cf6d2 req-4d84b1c3-5796-4dbc-a8dc-f0e7d17cf6d2 ] Request (KeyPairsV22TestJSON:test_keypairsv22_create_list_show_with_type): 200 GET http://10.180.1.21/compute/v2.1/os-keypairs 3.897s
2025-11-12 21:49:27.969 65614 INFO tempest.lib.common.rest_client [req-9a2b7c9c-62a6-4e79-b99c-4967546230df req-9a2b7c9c-62a6-4e79-b99c-4967546230df ] Request (ServersTestBootFromVolume:tearDownClass): 200 GET http://10.180.1.21/compute/v2.1/servers/09a50fd6-27da-474c-a7c9-62cd9b8e378b 3.659s
2025-11-12 21:49:27.977 65614 INFO tempest.common.waiters [-] State transition "ACTIVE/deleting" ==> "DELETED/None" after 4 second wait
2025-11-12 21:49:28.000 65646 INFO tempest.lib.common.rest_client [req-cf8657f2-fda9-4131-8996-93ea8ebcaabd req-cf8657f2-fda9-4131-8996-93ea8ebcaabd ] Request (AggregatesAdminNegativeTestJSON:tearDownClass): 200 GET http://10.180.1.21/networking/v2.0/security-groups?tenant_id=7dcd25ae1f1b4ae0989bdd67b963ec46&name=default 0.310s
2025-11-12 21:49:28.005 65665 INFO tempest.lib.common.rest_client [req-665ca9e4-ed3f-4622-8fb6-87abc2959e68 req-665ca9e4-ed3f-4622-8fb6-87abc2959e68 ] Request (InstanceActionsTestJSON:tearDownClass): 404 GET http://10.180.1.21/compute/v2.1/servers/00cddce2-8584-416a-a8ab-60ace7fb3570 3.632s
2025-11-12 21:49:28.142 65646 INFO tempest.lib.common.rest_client [req-66c5841b-bffa-42d0-baae-af907509ead4 req-66c5841b-bffa-42d0-baae-af907509ead4 ] Request (AggregatesAdminNegativeTestJSON:tearDownClass): 204 DELETE http://10.180.1.21/networking/v2.0/security-groups/32ad37be-a7b0-4ec5-8394-9ecdc111c1ef 0.141s
2025-11-12 21:49:28.156 65634 INFO tempest.lib.common.rest_client [req-b219a4d3-dc61-4981-bae4-d1fcaa7995f7 req-b219a4d3-dc61-4981-bae4-d1fcaa7995f7 ] Request (ServersTestMultiNic:test_verify_multiple_nics_order): 202 POST http://10.180.1.21/compute/v2.1/servers 4.481s
2025-11-12 21:49:28.268 65646 INFO tempest.lib.common.rest_client [req-7908336f-3612-46b9-ac54-1c2531dc8210 req-7908336f-3612-46b9-ac54-1c2531dc8210 ] Request (AggregatesAdminNegativeTestJSON:tearDownClass): 204 DELETE http://10.180.1.21/identity/v3/projects/7dcd25ae1f1b4ae0989bdd67b963ec46 0.125s
2025-11-12 21:49:28.268 65646 INFO tempest.lib.common.dynamic_creds [-] Deleting project and security group for project: d995bb2c44c44b84b4b0da8f18796ec0
2025-11-12 21:49:28.301 65616 INFO tempest.lib.common.rest_client [req-f4e6ff40-5e67-4ad7-be38-00c18634d5a1 req-f4e6ff40-5e67-4ad7-be38-00c18634d5a1 ] Request (ServerRescueTestJSON:tearDownClass): 200 GET http://10.180.1.21/compute/v2.1/servers/d085d5f1-cd2e-498e-b7a7-c7b271fe8939 3.502s
2025-11-12 21:49:28.340 65624 INFO tempest.lib.common.rest_client [req-c31b4d02-9cbf-4257-9cad-72a301e48ce3 req-c31b4d02-9cbf-4257-9cad-72a301e48ce3 ] Request (ImagesMetadataTestJSON:setUp): 200 PUT http://10.180.1.21/compute/v2.1/images/999377cf-8621-4e24-9470-325d700de3d1/metadata 3.818s
2025-11-12 21:49:28.402 65646 INFO tempest.lib.common.rest_client [req-d1d41c4f-5195-4dc5-a3fd-20cb60fb3f3f req-d1d41c4f-5195-4dc5-a3fd-20cb60fb3f3f ] Request (AggregatesAdminNegativeTestJSON:tearDownClass): 200 GET http://10.180.1.21/networking/v2.0/security-groups?tenant_id=d995bb2c44c44b84b4b0da8f18796ec0&name=default 0.133s
2025-11-12 21:49:28.490 65642 INFO tempest.lib.common.rest_client [req-2a9388ac-0f4e-40fb-858c-d7303cce39d4 req-2a9388ac-0f4e-40fb-858c-d7303cce39d4 ] Request (ServersAdmin275Test:tearDownClass): 200 GET http://10.180.1.21/compute/v2.1/servers/b066dd2b-34d0-450d-997f-580d11cb671d 3.121s
2025-11-12 21:49:28.555 65658 INFO tempest.lib.common.rest_client [req-69a3c01b-cd47-4043-b100-db0c0a31a228 req-69a3c01b-cd47-4043-b100-db0c0a31a228 ] Request (ServerGroup264TestJSON:test_create_get_server_group): 200 POST http://10.180.1.21/compute/v2.1/os-server-groups 3.503s
2025-11-12 21:49:28.582 65646 INFO tempest.lib.common.rest_client [req-49144e7d-719c-432c-83c8-83579867f70a req-49144e7d-719c-432c-83c8-83579867f70a ] Request (AggregatesAdminNegativeTestJSON:tearDownClass): 204 DELETE http://10.180.1.21/networking/v2.0/security-groups/383b747f-2b97-442d-8264-d99f5777ff69 0.180s
2025-11-12 21:49:28.653 65632 INFO tempest.lib.common.rest_client [req-423241d1-66a5-42c7-ad90-1745d49f6121 req-423241d1-66a5-42c7-ad90-1745d49f6121 ] Request (MigrationsAdminTest:test_resize_server_revert_deleted_flavor): 200 GET http://10.180.1.21/compute/v2.1/servers/9fc293f5-1b67-4675-9bc0-ae236456030f 3.196s
2025-11-12 21:49:28.689 65612 INFO tempest.lib.common.rest_client [req-3b7e5b92-70db-4a4f-b91f-9ae5c118b108 req-3b7e5b92-70db-4a4f-b91f-9ae5c118b108 ] Request (ServerExternalEventsTest:test_create_server_external_events): 200 GET http://10.180.1.21/compute/v2.1/servers/92d65dab-2595-4c01-94b4-bf46cf737dba 3.261s
2025-11-12 21:49:28.712 65628 INFO tempest.lib.common.rest_client [req-2f1f45c8-2ae9-44b3-b665-a1da6d487b17 req-2f1f45c8-2ae9-44b3-b665-a1da6d487b17 ] Request (ImagesOneServerNegativeTestJSON:_run_cleanups): 404 GET http://10.180.1.21/compute/v2.1/servers/9ddf2990-8602-44a1-9594-d6a7bc7781ed 2.453s
2025-11-12 21:49:28.746 65646 INFO tempest.lib.common.rest_client [req-2f6ebe86-da6a-4e4f-b0dd-914ed49b72fa req-2f6ebe86-da6a-4e4f-b0dd-914ed49b72fa ] Request (AggregatesAdminNegativeTestJSON:tearDownClass): 204 DELETE http://10.180.1.21/identity/v3/projects/d995bb2c44c44b84b4b0da8f18796ec0 0.163s
2025-11-12 21:49:28.836 65646 INFO tempest.lib.common.rest_client [req-82476ef6-d5ad-4720-8b33-2d2c6d408a3f req-82476ef6-d5ad-4720-8b33-2d2c6d408a3f ] Request (QuotasAdminTestJSON:setUpClass): 201 POST http://10.180.1.21/identity/v3/auth/tokens 0.088s
2025-11-12 21:49:28.917 65646 INFO tempest.lib.common.rest_client [req-0875bdde-a1f0-4365-84b3-5e67e120c894 req-0875bdde-a1f0-4365-84b3-5e67e120c894 ] Request (QuotasAdminTestJSON:setUpClass): 201 POST http://10.180.1.21/identity/v3/auth/tokens 0.075s
2025-11-12 21:49:28.958 65646 INFO tempest.lib.common.rest_client [req-2a33b316-6d6b-4746-824a-0fbbc889ced6 req-2a33b316-6d6b-4746-824a-0fbbc889ced6 ] Request (QuotasAdminTestJSON:setUpClass): 200 GET http://10.180.1.21/identity/v3/domains?name=Default 0.040s
2025-11-12 21:49:29.002 65604 INFO tempest.lib.common.rest_client [req-ee75a1aa-d785-4d55-b002-238ad336df19 req-ee75a1aa-d785-4d55-b002-238ad336df19 ] Request (FloatingIPsAssociationTestJSON:setUpClass): 200 GET http://10.180.1.21/compute/v2.1/servers/c1c5d093-508a-4d0f-bbba-3282bc80746c 3.033s
2025-11-12 21:49:29.011 65646 INFO tempest.lib.common.rest_client [req-bfda79f1-c1f5-4837-b6f6-c51170145152 req-bfda79f1-c1f5-4837-b6f6-c51170145152 ] Request (QuotasAdminTestJSON:setUpClass): 201 POST http://10.180.1.21/identity/v3/projects 0.051s
2025-11-12 21:49:29.012 65604 INFO tempest.common.waiters [-] State transition "BUILD/block_device_mapping" ==> "BUILD/spawning" after 21 second wait
2025-11-12 21:49:29.096 65665 INFO tempest.lib.common.rest_client [req-64ca441a-07e9-49eb-8ef6-27d68c2993e4 req-64ca441a-07e9-49eb-8ef6-27d68c2993e4 ] Request (InstanceActionsTestJSON:tearDownClass): 200 PUT http://10.180.1.21/networking/v2.0/routers/6a73393b-7b87-426c-870b-dc49ee17360e/remove_router_interface 1.090s
2025-11-12 21:49:29.102 65618 INFO tempest.lib.common.rest_client [req-21a57606-91b3-4ac3-894c-28f71220072e req-21a57606-91b3-4ac3-894c-28f71220072e ] Request (ServerActionsTestOtherA:test_rebuild_server_in_stop_state): 200 GET http://10.180.1.21/compute/v2.1/servers/5dd0ab67-1663-432a-9699-ea9a3b3b2573 2.822s
2025-11-12 21:49:29.108 65646 INFO tempest.lib.common.rest_client [req-a6445402-052a-4f4f-85f9-d8f000848989 req-a6445402-052a-4f4f-85f9-d8f000848989 ] Request (QuotasAdminTestJSON:setUpClass): 201 POST http://10.180.1.21/identity/v3/users 0.097s
2025-11-12 21:49:29.114 65618 INFO tempest.common.waiters [-] State transition "REBUILD/rebuild_spawning" ==> "ACTIVE/powering-off" after 10 second wait
2025-11-12 21:49:29.141 65646 INFO tempest.lib.common.rest_client [req-da5c162e-c175-4712-9d0a-115bcea5c0b2 req-da5c162e-c175-4712-9d0a-115bcea5c0b2 ] Request (QuotasAdminTestJSON:setUpClass): 200 GET http://10.180.1.21/identity/v3/roles 0.032s
2025-11-12 21:49:29.144 65622 INFO tempest.lib.common.rest_client [req-7880efb9-8f4d-4031-bc05-b972d5b4cc77 req-7880efb9-8f4d-4031-bc05-b972d5b4cc77 ] Request (InstanceActionsNegativeTestJSON:test_get_instance_action_invalid_request): 404 GET http://10.180.1.21/compute/v2.1/servers/d0effd94-3749-443c-a750-55369a71faec/os-instance-actions/999 2.158s
2025-11-12 21:49:29.178 65646 INFO tempest.lib.common.rest_client [req-59627956-7da4-49db-86f5-77a095aaeac2 req-59627956-7da4-49db-86f5-77a095aaeac2 ] Request (QuotasAdminTestJSON:setUpClass): 204 PUT http://10.180.1.21/identity/v3/projects/c3bc1bc722e5469bb6f8acca3e8aaa33/users/fbe4768a1878401dbd9ea6a991203473/roles/e9552d7fb4884933a96b9da4c82438fe 0.037s
2025-11-12 21:49:29.179 65646 INFO tempest.lib.common.dynamic_creds [-] Dynamic test user fbe4768a1878401dbd9ea6a991203473 is created with scope project and roles: ['member']
2025-11-12 21:49:29.179 65646 INFO tempest.lib.common.dynamic_creds [-] Acquired dynamic creds: credentials: Credentials: {'domain_id': 'default', 'domain_name': 'Default', 'username': 'tempest-QuotasAdminTestJSON-1729465405-project-member', 'project_domain_id': 'default', 'project_domain_name': 'Default', 'project_id': 'c3bc1bc722e5469bb6f8acca3e8aaa33', 'project_name': 'tempest-QuotasAdminTestJSON-1729465405', 'tenant_id': 'c3bc1bc722e5469bb6f8acca3e8aaa33', 'tenant_name': 'tempest-QuotasAdminTestJSON-1729465405', 'user_domain_id': 'default', 'user_domain_name': 'Default', 'user_id': 'fbe4768a1878401dbd9ea6a991203473', 'system': None}, Network: None, Subnet: None, Router: None
2025-11-12 21:49:29.179 65646 INFO tempest.lib.common.dynamic_creds [-] Created isolated network resources for: credentials: Credentials: {'domain_id': 'default', 'domain_name': 'Default', 'username': 'tempest-QuotasAdminTestJSON-1729465405-project-member', 'project_domain_id': 'default', 'project_domain_name': 'Default', 'project_id': 'c3bc1bc722e5469bb6f8acca3e8aaa33', 'project_name': 'tempest-QuotasAdminTestJSON-1729465405', 'tenant_id': 'c3bc1bc722e5469bb6f8acca3e8aaa33', 'tenant_name': 'tempest-QuotasAdminTestJSON-1729465405', 'user_domain_id': 'default', 'user_domain_name': 'Default', 'user_id': 'fbe4768a1878401dbd9ea6a991203473', 'system': None}, Network: None, Subnet: None, Router: None
2025-11-12 21:49:29.251 65652 INFO tempest.lib.common.rest_client [req-09b80507-917f-44f4-b8b1-2a100aa2da83 req-09b80507-917f-44f4-b8b1-2a100aa2da83 ] Request (ImagesNegativeTestJSON:test_create_image_from_deleted_server): 200 GET http://10.180.1.21/compute/v2.1/servers/1db5da41-b945-40fb-9263-313bdc60e441 2.033s
2025-11-12 21:49:29.277 65646 INFO tempest.lib.common.rest_client [req-3db70746-a57c-46b6-a142-295f300ad48f req-3db70746-a57c-46b6-a142-295f300ad48f ] Request (QuotasAdminTestJSON:setUpClass): 201 POST http://10.180.1.21/identity/v3/auth/tokens 0.095s
2025-11-12 21:49:29.288 65610 INFO tempest.lib.common.rest_client [req-300af88d-bdcd-4bbf-8010-f89994addf70 req-300af88d-bdcd-4bbf-8010-f89994addf70 ] Request (FlavorsAdminTestJSON:_run_cleanups): 200 GET http://10.180.1.21/compute/v2.1/flavors/detail 1.961s
2025-11-12 21:49:29.414 65646 INFO tempest.lib.common.rest_client [req-b2321cf7-f719-4887-b4a2-b6832aa37e13 req-b2321cf7-f719-4887-b4a2-b6832aa37e13 ] Request (QuotasAdminTestJSON:setUpClass): 201 POST http://10.180.1.21/identity/v3/projects 0.136s
2025-11-12 21:49:29.454 65608 INFO tempest.lib.common.rest_client [req-c84bac79-5b24-4191-b594-a2a5bd9fe280 req-c84bac79-5b24-4191-b594-a2a5bd9fe280 ] Request (ServersAdminTestJSON:test_inject_network_info): 202 POST http://10.180.1.21/compute/v2.1/servers/07fc6876-f2db-4abf-9695-dd5771d21c70/action 2.217s
2025-11-12 21:49:29.490 65646 INFO tempest.lib.common.rest_client [req-1fbb6f62-fbae-43d9-ba5a-980023932f8b req-1fbb6f62-fbae-43d9-ba5a-980023932f8b ] Request (QuotasAdminTestJSON:setUpClass): 201 POST http://10.180.1.21/identity/v3/users 0.076s
2025-11-12 21:49:29.511 65654 INFO tempest.lib.common.rest_client [req-465377c7-dca3-4744-bbbe-52e80dbcd6e5 req-465377c7-dca3-4744-bbbe-52e80dbcd6e5 ] Request (ServerMetadataTestJSON:test_get_server_metadata_item): 200 GET http://10.180.1.21/compute/v2.1/servers/422bc6aa-abe7-4ff5-b1da-e0958ac94eb6/metadata/key2 1.829s
2025-11-12 21:49:29.526 65646 INFO tempest.lib.common.rest_client [req-b27fa55a-48f5-4478-8cb0-9f8dd63e1e1e req-b27fa55a-48f5-4478-8cb0-9f8dd63e1e1e ] Request (QuotasAdminTestJSON:setUpClass): 200 GET http://10.180.1.21/identity/v3/roles 0.035s
2025-11-12 21:49:29.595 65646 INFO tempest.lib.common.rest_client [req-ee75c0dc-f441-4d59-8896-83dd710c218c req-ee75c0dc-f441-4d59-8896-83dd710c218c ] Request (QuotasAdminTestJSON:setUpClass): 204 PUT http://10.180.1.21/identity/v3/projects/ab9480ad7b734049b6e7ebdcd145907e/users/2668dde4c026418a88ed4eeeb4148733/roles/30d43c5d57cf4a16b2a11bd8b84b1411 0.067s
2025-11-12 21:49:29.672 65646 INFO tempest.lib.common.rest_client [req-0682016e-9f21-463b-922a-5251a9484508 req-0682016e-9f21-463b-922a-5251a9484508 ] Request (QuotasAdminTestJSON:setUpClass): 200 GET http://10.180.1.21/identity/v3/roles 0.076s
2025-11-12 21:49:29.704 65646 INFO tempest.lib.common.rest_client [req-9a0d6d52-49b2-475c-86d9-6d3700741ec5 req-9a0d6d52-49b2-475c-86d9-6d3700741ec5 ] Request (QuotasAdminTestJSON:setUpClass): 204 PUT http://10.180.1.21/identity/v3/projects/ab9480ad7b734049b6e7ebdcd145907e/users/2668dde4c026418a88ed4eeeb4148733/roles/30d43c5d57cf4a16b2a11bd8b84b1411 0.031s
2025-11-12 21:49:29.704 65646 INFO tempest.lib.common.dynamic_creds [-] Dynamic test user 2668dde4c026418a88ed4eeeb4148733 is created with scope project and roles: ['admin']
2025-11-12 21:49:29.704 65646 INFO tempest.lib.common.dynamic_creds [-] Acquired dynamic creds: credentials: Credentials: {'domain_id': 'default', 'domain_name': 'Default', 'username': 'tempest-QuotasAdminTestJSON-894666869-project-admin', 'project_domain_id': 'default', 'project_domain_name': 'Default', 'project_id': 'ab9480ad7b734049b6e7ebdcd145907e', 'project_name': 'tempest-QuotasAdminTestJSON-894666869', 'tenant_id': 'ab9480ad7b734049b6e7ebdcd145907e', 'tenant_name': 'tempest-QuotasAdminTestJSON-894666869', 'user_domain_id': 'default', 'user_domain_name': 'Default', 'user_id': '2668dde4c026418a88ed4eeeb4148733', 'system': None}, Network: None, Subnet: None, Router: None
2025-11-12 21:49:29.704 65646 INFO tempest.lib.common.dynamic_creds [-] Created isolated network resources for: credentials: Credentials: {'domain_id': 'default', 'domain_name': 'Default', 'username': 'tempest-QuotasAdminTestJSON-894666869-project-admin', 'project_domain_id': 'default', 'project_domain_name': 'Default', 'project_id': 'ab9480ad7b734049b6e7ebdcd145907e', 'project_name': 'tempest-QuotasAdminTestJSON-894666869', 'tenant_id': 'ab9480ad7b734049b6e7ebdcd145907e', 'tenant_name': 'tempest-QuotasAdminTestJSON-894666869', 'user_domain_id': 'default', 'user_domain_name': 'Default', 'user_id': '2668dde4c026418a88ed4eeeb4148733', 'system': None}, Network: None, Subnet: None, Router: None
2025-11-12 21:49:29.807 65646 INFO tempest.lib.common.rest_client [req-f12ab5a3-da85-40a3-9db4-60e82e7b3209 req-f12ab5a3-da85-40a3-9db4-60e82e7b3209 ] Request (QuotasAdminTestJSON:setUpClass): 201 POST http://10.180.1.21/identity/v3/auth/tokens 0.100s
2025-11-12 21:49:29.808 65646 WARNING tempest.lib.common.rest_client [-] Deprecated: "tenant_id" property is deprecated for removal, use "project_id" instead
2025-11-12 21:49:29.817 65665 INFO tempest.lib.common.rest_client [req-bb7a4e27-1be8-4eb7-98ae-834434665168 req-bb7a4e27-1be8-4eb7-98ae-834434665168 ] Request (InstanceActionsTestJSON:tearDownClass): 204 DELETE http://10.180.1.21/networking/v2.0/routers/6a73393b-7b87-426c-870b-dc49ee17360e 0.720s
2025-11-12 21:49:29.855 65646 INFO tempest.lib.common.rest_client [req-43cd8ffd-289e-4aca-9f25-90af32d71d3f req-43cd8ffd-289e-4aca-9f25-90af32d71d3f ] Request (QuotasAdminTestJSON:test_delete_quota): 200 GET http://10.180.1.21/identity/v3/domains?name=Default 0.045s
2025-11-12 21:49:29.858 65630 INFO tempest.lib.common.rest_client [req-bd330cea-6e9d-441c-b24c-6ae9368fc203 req-bd330cea-6e9d-441c-b24c-6ae9368fc203 ] Request (ServersAdminNegativeTestJSON:tearDownClass): 200 GET http://10.180.1.21/compute/v2.1/servers/6f3ad456-b3f6-4452-a5d7-bafa3b22865d 2.076s
2025-11-12 21:49:29.880 65640 INFO tempest.lib.common.rest_client [req-14d78801-de39-4ff2-814c-31127ed73b4f req-14d78801-de39-4ff2-814c-31127ed73b4f ] Request (KeyPairsV22TestJSON:_run_cleanups): 204 DELETE http://10.180.1.21/compute/v2.1/os-keypairs/tempest-keypair-1350220454 2.074s
2025-11-12 21:49:29.897 65646 INFO tempest.lib.common.rest_client [req-1894df2c-b25c-4b56-acc8-b07ed73c9cc0 req-1894df2c-b25c-4b56-acc8-b07ed73c9cc0 ] Request (QuotasAdminTestJSON:test_delete_quota): 201 POST http://10.180.1.21/identity/v3/projects 0.042s
2025-11-12 21:49:30.037 65640 INFO tempest.lib.common.rest_client [req-fa465d67-d752-4df6-ae1d-302ef1bfeee3 req-fa465d67-d752-4df6-ae1d-302ef1bfeee3 ] Request (KeyPairsV22TestJSON:tearDownClass): 204 DELETE http://10.180.1.21/identity/v3/users/61c4c61ae90f49d8871bd7e942242c3f 0.154s
2025-11-12 21:49:30.037 65640 INFO tempest.lib.common.dynamic_creds [-] Deleting project and security group for project: 6da603cdb22a49b5b852760e958ab754
2025-11-12 21:49:30.045 65634 INFO tempest.lib.common.rest_client [req-59f14e27-a05f-47c9-924b-d48118d0ea92 req-59f14e27-a05f-47c9-924b-d48118d0ea92 ] Request (ServersTestMultiNic:test_verify_multiple_nics_order): 200 GET http://10.180.1.21/compute/v2.1/servers/bd182c4b-37b4-434a-87cd-56514e4741f8 1.887s
2025-11-12 21:49:30.112 65646 INFO tempest.lib.common.rest_client [req-d0e7f471-ec97-4467-a24b-712f21d61a7d req-d0e7f471-ec97-4467-a24b-712f21d61a7d ] Request (QuotasAdminTestJSON:test_delete_quota): 200 GET http://10.180.1.21/identity/v3/domains?name=Default 0.214s
2025-11-12 21:49:30.143 65665 INFO tempest.lib.common.rest_client [req-c8332281-b671-43c0-8a57-792df2ebe161 req-c8332281-b671-43c0-8a57-792df2ebe161 ] Request (InstanceActionsTestJSON:tearDownClass): 204 DELETE http://10.180.1.21/networking/v2.0/subnets/455968fd-f677-43cf-8620-6f2ef175cb81 0.326s
2025-11-12 21:49:30.181 65648 INFO tempest.lib.common.rest_client [req-2a7097a4-f3a8-43ef-9ea5-474b30912662 req-2a7097a4-f3a8-43ef-9ea5-474b30912662 ] Request (SecurityGroupsTestJSON:test_server_security_groups): 200 GET http://10.180.1.21/compute/v2.1/servers/a554b04c-a59e-4063-b6d8-36e131a37e10 1.895s
2025-11-12 21:49:30.220 65640 INFO tempest.lib.common.rest_client [req-370534cf-c30e-4df8-abae-fe44cdc1cb4c req-370534cf-c30e-4df8-abae-fe44cdc1cb4c ] Request (KeyPairsV22TestJSON:tearDownClass): 201 POST http://10.180.1.21/identity/v3/auth/tokens 0.182s
2025-11-12 21:49:30.249 65662 INFO tempest.lib.common.rest_client [req-9ca0a91c-756f-4147-a489-b9f4d2e51ac5 req-9ca0a91c-756f-4147-a489-b9f4d2e51ac5 ] Request (ListImageFiltersTestJSON:setUpClass): 200 GET http://10.180.1.21/compute/v2.1/images/ab12b9dd-0758-4a7f-b277-ddd3b24bf8a1 1.950s
2025-11-12 21:49:30.343 65644 INFO tempest.lib.common.rest_client [req-9e04bda8-e202-47cb-9362-c04fa989c3df req-9e04bda8-e202-47cb-9362-c04fa989c3df ] Request (DeleteServersTestJSON:test_delete_active_server): 202 POST http://10.180.1.21/compute/v2.1/servers 2.978s
2025-11-12 21:49:30.510 65640 INFO tempest.lib.common.rest_client [req-a36c57ed-8cb3-4423-a89a-d12aaf2670e0 req-a36c57ed-8cb3-4423-a89a-d12aaf2670e0 ] Request (KeyPairsV22TestJSON:tearDownClass): 200 GET http://10.180.1.21/networking/v2.0/security-groups?tenant_id=6da603cdb22a49b5b852760e958ab754&name=default 0.289s
2025-11-12 21:49:30.527 65624 INFO tempest.lib.common.rest_client [req-b0526dcc-0a4f-400c-9a45-5037c10cdb59 req-b0526dcc-0a4f-400c-9a45-5037c10cdb59 ] Request (ImagesMetadataTestJSON:test_set_image_metadata_item): 200 PUT http://10.180.1.21/compute/v2.1/images/999377cf-8621-4e24-9470-325d700de3d1/metadata/os_version 2.186s
2025-11-12 21:49:30.562 65665 INFO tempest.lib.common.rest_client [req-2d4a3ece-8c2b-429d-a284-cefa1608db2a req-2d4a3ece-8c2b-429d-a284-cefa1608db2a ] Request (InstanceActionsTestJSON:tearDownClass): 204 DELETE http://10.180.1.21/networking/v2.0/networks/1d2ee106-17e1-4735-835c-3d6328d81c2a 0.418s
2025-11-12 21:49:30.584 65620 INFO tempest.lib.common.rest_client [req-6cb3771c-03af-42dd-99f6-86e55e28af5d req-6cb3771c-03af-42dd-99f6-86e55e28af5d ] Request (ListServerFiltersTestJSON:setUpClass): 200 GET http://10.180.1.21/compute/v2.1/servers/b18c3438-495e-4554-b90e-1ba443b2d77d 2.102s
2025-11-12 21:49:30.604 65658 INFO tempest.lib.common.rest_client [req-4feec970-9afc-4d32-bdfd-cedb5c2c57ae req-4feec970-9afc-4d32-bdfd-cedb5c2c57ae ] Request (ServerGroup264TestJSON:test_create_get_server_group): 200 GET http://10.180.1.21/compute/v2.1/os-server-groups 2.047s
2025-11-12 21:49:30.650 65666 INFO tempest.lib.common.rest_client [req-79cb4624-b34a-4a0f-a29e-c204fe97c89c req-79cb4624-b34a-4a0f-a29e-c204fe97c89c ] Request (ServerAddressesTestJSON:setUpClass): 200 GET http://10.180.1.21/compute/v2.1/servers/ea6ddfe4-e6b4-46ec-b65d-071c0b688e2b 2.146s
2025-11-12 21:49:30.663 65640 INFO tempest.lib.common.rest_client [req-094aaac4-764d-4066-9ff5-6e358e6e2af5 req-094aaac4-764d-4066-9ff5-6e358e6e2af5 ] Request (KeyPairsV22TestJSON:tearDownClass): 204 DELETE http://10.180.1.21/networking/v2.0/security-groups/1ed002d3-55a8-40e1-85cd-2213e5294932 0.152s
2025-11-12 21:49:30.690 65665 INFO tempest.lib.common.rest_client [req-73604117-2b16-4f79-9fff-171781c07dc2 req-73604117-2b16-4f79-9fff-171781c07dc2 ] Request (InstanceActionsTestJSON:tearDownClass): 204 DELETE http://10.180.1.21/identity/v3/users/bc9f4f9d87b745e78d559e7632ac5fd0 0.127s
2025-11-12 21:49:30.690 65665 INFO tempest.lib.common.dynamic_creds [-] Deleting project and security group for project: edef8e32b02b4c75b87f8b4b065ecc0d
2025-11-12 21:49:30.702 65656 INFO tempest.lib.common.rest_client [req-3da1be16-3cda-43e3-9068-18a7e528450b req-3da1be16-3cda-43e3-9068-18a7e528450b ] Request (FloatingIPsAssociationNegativeTestJSON:setUpClass): 200 GET http://10.180.1.21/compute/v2.1/servers/1c1677d0-8e1e-45d0-b30e-b4f95feb79ab 2.107s
2025-11-12 21:49:30.719 65628 INFO tempest.lib.common.rest_client [req-cf741c4c-bef2-476e-9027-377ad9d3bbc5 req-cf741c4c-bef2-476e-9027-377ad9d3bbc5 ] Request (ImagesOneServerNegativeTestJSON:_run_cleanups): 200 POST http://10.180.1.21/compute/v2.1/os-keypairs 2.005s
2025-11-12 21:49:30.728 65665 INFO tempest.lib.common.rest_client [req-77db6fe9-8a89-4ae4-a57f-67f7e62ea095 req-77db6fe9-8a89-4ae4-a57f-67f7e62ea095 ] Request (InstanceActionsTestJSON:tearDownClass): 200 GET http://10.180.1.21/networking/v2.0/security-groups?tenant_id=edef8e32b02b4c75b87f8b4b065ecc0d&name=default 0.038s
2025-11-12 21:49:30.741 65622 INFO tempest.lib.common.rest_client [req-583ac02a-67de-4fee-a3f0-aa67628d6ae5 req-583ac02a-67de-4fee-a3f0-aa67628d6ae5 ] Request (InstanceActionsNegativeTestJSON:test_list_instance_actions_non_existent_server): 404 GET http://10.180.1.21/compute/v2.1/servers/3de3c783-b49d-40e7-997e-10e1d91b2b31/os-instance-actions 1.594s
2025-11-12 21:49:30.766 65610 INFO tempest.lib.common.rest_client [req-c6af8935-1ed4-46a2-ba5e-169951589f1e req-c6af8935-1ed4-46a2-ba5e-169951589f1e ] Request (FlavorsAdminTestJSON:_run_cleanups): 202 DELETE http://10.180.1.21/compute/v2.1/flavors/337513903 1.462s
2025-11-12 21:49:30.826 65640 INFO tempest.lib.common.rest_client [req-c2704806-644c-40c2-97a3-a9e371da20cc req-c2704806-644c-40c2-97a3-a9e371da20cc ] Request (KeyPairsV22TestJSON:tearDownClass): 204 DELETE http://10.180.1.21/identity/v3/projects/6da603cdb22a49b5b852760e958ab754 0.163s
2025-11-12 21:49:30.829 65640 INFO tempest.test [-] raised in ServerPersonalityTestJSON.setUpClass. Invoking tearDownClass.
2025-11-12 21:49:30.839 65628 INFO tempest.lib.common.rest_client [req-ea29567a-3856-436b-8815-3964e4702ab9 req-ea29567a-3856-436b-8815-3964e4702ab9 ] Request (ImagesOneServerNegativeTestJSON:_run_cleanups): 201 POST http://10.180.1.21/networking/v2.0/security-groups 0.118s
2025-11-12 21:49:30.878 65614 INFO tempest.lib.common.rest_client [req-a62bada5-1695-45dc-ad8f-eb5aae24379b req-a62bada5-1695-45dc-ad8f-eb5aae24379b ] Request (ServersTestBootFromVolume:tearDownClass): 200 GET http://10.180.1.21/compute/v2.1/servers/09a50fd6-27da-474c-a7c9-62cd9b8e378b 1.901s
2025-11-12 21:49:30.979 65608 INFO tempest.lib.common.rest_client [req-40aebfd8-85ff-4b63-af14-a09545aa7962 req-40aebfd8-85ff-4b63-af14-a09545aa7962 ] Request (ServersAdminTestJSON:test_list_servers_by_admin): 200 GET http://10.180.1.21/compute/v2.1/servers/detail 1.523s
2025-11-12 21:49:31.020 65665 INFO tempest.lib.common.rest_client [req-bfe09d0e-5950-4556-b779-9d3e5c2a7613 req-bfe09d0e-5950-4556-b779-9d3e5c2a7613 ] Request (InstanceActionsTestJSON:tearDownClass): 204 DELETE http://10.180.1.21/networking/v2.0/security-groups/1724e4b8-403d-4b53-8c99-b1d03ec7903f 0.288s
2025-11-12 21:49:31.027 65616 INFO tempest.lib.common.rest_client [req-17c0cab0-9237-46ed-8d95-02f96fc9b3c4 req-17c0cab0-9237-46ed-8d95-02f96fc9b3c4 ] Request (ServerRescueTestJSON:tearDownClass): 200 GET http://10.180.1.21/compute/v2.1/servers/d085d5f1-cd2e-498e-b7a7-c7b271fe8939 1.716s
2025-11-12 21:49:31.094 65642 INFO tempest.lib.common.rest_client [req-fc845c88-c1e1-4be0-aa42-82e694856c1a req-fc845c88-c1e1-4be0-aa42-82e694856c1a ] Request (ServersAdmin275Test:tearDownClass): 200 GET http://10.180.1.21/compute/v2.1/servers/b066dd2b-34d0-450d-997f-580d11cb671d 1.585s
2025-11-12 21:49:31.099 65654 INFO tempest.lib.common.rest_client [req-bbd65186-a1b7-4488-903b-a690c42bde9b req-bbd65186-a1b7-4488-903b-a690c42bde9b ] Request (ServerMetadataTestJSON:setUp): 200 PUT http://10.180.1.21/compute/v2.1/servers/422bc6aa-abe7-4ff5-b1da-e0958ac94eb6/metadata 1.580s
2025-11-12 21:49:31.112 65642 INFO tempest.common.waiters [-] State transition "ACTIVE/deleting" ==> "DELETED/None" after 3 second wait
2025-11-12 21:49:31.140 65628 INFO tempest.lib.common.rest_client [req-4ac7b736-3602-46c4-9115-6217cb5421c6 req-4ac7b736-3602-46c4-9115-6217cb5421c6 ] Request (ImagesOneServerNegativeTestJSON:_run_cleanups): 201 POST http://10.180.1.21/networking/v2.0/security-group-rules 0.301s
2025-11-12 21:49:31.151 65632 INFO tempest.lib.common.rest_client [req-69aa2c85-c7e4-4402-b4cd-6358b3f9fe00 req-69aa2c85-c7e4-4402-b4cd-6358b3f9fe00 ] Request (MigrationsAdminTest:test_resize_server_revert_deleted_flavor): 200 GET http://10.180.1.21/compute/v2.1/servers/9fc293f5-1b67-4675-9bc0-ae236456030f 1.488s
2025-11-12 21:49:31.213 65665 INFO tempest.lib.common.rest_client [req-3a1b0a07-7072-4b87-aa88-937366206fe4 req-3a1b0a07-7072-4b87-aa88-937366206fe4 ] Request (InstanceActionsTestJSON:tearDownClass): 204 DELETE http://10.180.1.21/identity/v3/projects/edef8e32b02b4c75b87f8b4b065ecc0d 0.192s
2025-11-12 21:49:31.249 65628 INFO tempest.lib.common.rest_client [req-d9431a90-9564-4168-b84d-e65b78d88186 req-d9431a90-9564-4168-b84d-e65b78d88186 ] Request (ImagesOneServerNegativeTestJSON:_run_cleanups): 201 POST http://10.180.1.21/networking/v2.0/security-group-rules 0.108s
2025-11-12 21:49:31.301 65665 INFO tempest.lib.common.rest_client [req-33d20d8f-6aeb-43e7-850d-99c439ee198a req-33d20d8f-6aeb-43e7-850d-99c439ee198a ] Request (ListServersNegativeTestJSON:setUpClass): 201 POST http://10.180.1.21/identity/v3/auth/tokens 0.086s
2025-11-12 21:49:31.346 65665 INFO tempest.lib.common.rest_client [req-6a0a2aed-5e8c-46c5-bc49-b347a4febc13 req-6a0a2aed-5e8c-46c5-bc49-b347a4febc13 ] Request (ListServersNegativeTestJSON:setUpClass): 201 POST http://10.180.1.21/identity/v3/auth/tokens 0.042s
2025-11-12 21:49:31.355 65612 INFO tempest.lib.common.rest_client [req-076260b8-84ce-41ed-a027-8fe54419589d req-076260b8-84ce-41ed-a027-8fe54419589d ] Request (ServerExternalEventsTest:test_create_server_external_events): 200 GET http://10.180.1.21/compute/v2.1/servers/92d65dab-2595-4c01-94b4-bf46cf737dba 1.650s
2025-11-12 21:49:31.370 65612 INFO tempest.common.waiters [-] State transition "BUILD/spawning" ==> "ACTIVE/None" after 23 second wait
2025-11-12 21:49:31.378 65665 INFO tempest.lib.common.rest_client [req-f741bbb0-7d11-4bce-893c-a888cc4c3548 req-f741bbb0-7d11-4bce-893c-a888cc4c3548 ] Request (ListServersNegativeTestJSON:setUpClass): 200 GET http://10.180.1.21/identity/v3/domains?name=Default 0.031s
2025-11-12 21:49:31.384 65604 INFO tempest.lib.common.rest_client [req-357affb8-3785-4dcf-8f47-d102fc89a9fe req-357affb8-3785-4dcf-8f47-d102fc89a9fe ] Request (FloatingIPsAssociationTestJSON:setUpClass): 200 GET http://10.180.1.21/compute/v2.1/servers/c1c5d093-508a-4d0f-bbba-3282bc80746c 1.369s
2025-11-12 21:49:31.422 65665 INFO tempest.lib.common.rest_client [req-03ec20f1-4186-4670-8e94-c42b18305550 req-03ec20f1-4186-4670-8e94-c42b18305550 ] Request (ListServersNegativeTestJSON:setUpClass): 201 POST http://10.180.1.21/identity/v3/projects 0.042s
2025-11-12 21:49:31.454 65638 WARNING tempest.lib.common.ssh [-] Failed to establish authenticated ssh connection to cirros@10.180.180.200 ([Errno None] Unable to connect to port 22 on 10.180.180.200). Number attempts: 4. Retry after 5 seconds.: paramiko.ssh_exception.NoValidConnectionsError: [Errno None] Unable to connect to port 22 on 10.180.180.200
2025-11-12 21:49:31.501 65665 INFO tempest.lib.common.rest_client [req-e2438671-de68-4f84-8204-d15f135389a4 req-e2438671-de68-4f84-8204-d15f135389a4 ] Request (ListServersNegativeTestJSON:setUpClass): 201 POST http://10.180.1.21/identity/v3/users 0.079s
2025-11-12 21:49:31.526 65665 INFO tempest.lib.common.rest_client [req-b830f640-8d47-454c-8aa2-06413be1ebdb req-b830f640-8d47-454c-8aa2-06413be1ebdb ] Request (ListServersNegativeTestJSON:setUpClass): 200 GET http://10.180.1.21/identity/v3/roles 0.024s
2025-11-12 21:49:31.571 65665 INFO tempest.lib.common.rest_client [req-7ca317a4-3832-48d9-a408-cc88738fc613 req-7ca317a4-3832-48d9-a408-cc88738fc613 ] Request (ListServersNegativeTestJSON:setUpClass): 204 PUT http://10.180.1.21/identity/v3/projects/c629d9eb356c4edeb9b4794732a09955/users/ebf8fdb0ce4f471e970c193724ffddee/roles/e9552d7fb4884933a96b9da4c82438fe 0.044s
2025-11-12 21:49:31.571 65665 INFO tempest.lib.common.dynamic_creds [-] Dynamic test user ebf8fdb0ce4f471e970c193724ffddee is created with scope project and roles: ['member']
2025-11-12 21:49:31.571 65665 INFO tempest.lib.common.dynamic_creds [-] Acquired dynamic creds: credentials: Credentials: {'domain_id': 'default', 'domain_name': 'Default', 'username': 'tempest-ListServersNegativeTestJSON-702784108-project-member', 'project_domain_id': 'default', 'project_domain_name': 'Default', 'project_id': 'c629d9eb356c4edeb9b4794732a09955', 'project_name': 'tempest-ListServersNegativeTestJSON-702784108', 'tenant_id': 'c629d9eb356c4edeb9b4794732a09955', 'tenant_name': 'tempest-ListServersNegativeTestJSON-702784108', 'user_domain_id': 'default', 'user_domain_name': 'Default', 'user_id': 'ebf8fdb0ce4f471e970c193724ffddee', 'system': None}, Network: None, Subnet: None, Router: None
2025-11-12 21:49:31.642 65646 INFO tempest.lib.common.rest_client [req-7e4b3f7f-508e-4d10-92ab-d69c890ed95b req-7e4b3f7f-508e-4d10-92ab-d69c890ed95b ] Request (QuotasAdminTestJSON:test_delete_quota): 200 GET http://10.180.1.21/compute/v2.1/os-quota-sets/92ba25315acd48c9a031a11974f9c334 1.530s
2025-11-12 21:49:31.652 65665 INFO tempest.lib.common.rest_client [req-49c74efd-b827-4f27-9138-11a2a0648ea3 req-49c74efd-b827-4f27-9138-11a2a0648ea3 ] Request (ListServersNegativeTestJSON:setUpClass): 201 POST http://10.180.1.21/identity/v3/auth/tokens 0.080s
2025-11-12 21:49:31.845 65628 INFO tempest.lib.common.rest_client [req-c16fa693-6f6b-4162-98e2-d718553568d6 req-c16fa693-6f6b-4162-98e2-d718553568d6 ] Request (ImagesOneServerNegativeTestJSON:_run_cleanups): 201 POST http://10.180.1.21/networking/v2.0/floatingips 0.596s
2025-11-12 21:49:31.969 65628 INFO tempest.lib.common.rest_client [req-b4641516-d5af-4acf-b08c-5207a6aa2217 req-b4641516-d5af-4acf-b08c-5207a6aa2217 ] Request (ImagesOneServerNegativeTestJSON:_run_cleanups): 201 POST http://10.180.1.21/identity/v3/auth/tokens 0.116s
2025-11-12 21:49:31.970 65628 INFO tempest.lib.common.fixed_network [-] (ImagesOneServerNegativeTestJSON:_run_cleanups) Found network {'id': 'dda3b956-9d0a-4f63-8778-0b16d80d0c8c', 'name': 'tempest-ImagesOneServerNegativeTestJSON-1719872626-network', 'tenant_id': 'b6aa28d0a52145ecaf999966ada93bc2', 'project_id': 'b6aa28d0a52145ecaf999966ada93bc2', 'admin_state_up': True, 'mtu': 8950, 'status': 'ACTIVE', 'subnets': [], 'shared': False, 'port_security_enabled': True, 'router:external': False, 'provider:network_type': 'vlan', 'provider:physical_network': 'default', 'provider:segmentation_id': 511, 'availability_zone_hints': [], 'availability_zones': [], 'ipv4_address_scope': None, 'ipv6_address_scope': None, 'description': '', 'tags': [], 'created_at': '2025-11-12T21:47:19Z', 'updated_at': '2025-11-12T21:47:19Z', 'revision_number': 1} available for tenant
2025-11-12 21:49:32.025 65652 INFO tempest.lib.common.rest_client [req-d91e665a-b3c2-48b9-b24c-be4d74f3b463 req-d91e665a-b3c2-48b9-b24c-be4d74f3b463 ] Request (ImagesNegativeTestJSON:test_create_image_from_deleted_server): 200 GET http://10.180.1.21/compute/v2.1/servers/1db5da41-b945-40fb-9263-313bdc60e441 1.759s
2025-11-12 21:49:32.247 65665 INFO tempest.lib.common.rest_client [req-71a13963-0411-419a-94b1-1b74f260a222 req-71a13963-0411-419a-94b1-1b74f260a222 ] Request (ListServersNegativeTestJSON:setUpClass): 201 POST http://10.180.1.21/networking/v2.0/networks 0.595s
2025-11-12 21:49:32.284 65618 INFO tempest.lib.common.rest_client [req-392f8ced-5a5a-4c46-accb-94bbc67f5b8c req-392f8ced-5a5a-4c46-accb-94bbc67f5b8c ] Request (ServerActionsTestOtherA:test_rebuild_server_in_stop_state): 200 GET http://10.180.1.21/compute/v2.1/servers/5dd0ab67-1663-432a-9699-ea9a3b3b2573 2.168s
2025-11-12 21:49:32.292 65618 INFO tempest.common.waiters [-] State transition "ACTIVE/powering-off" ==> "SHUTOFF/None" after 13 second wait
2025-11-12 21:49:32.305 65644 INFO tempest.lib.common.rest_client [req-0a9601de-4a8b-42de-8a12-df7b60831f48 req-0a9601de-4a8b-42de-8a12-df7b60831f48 ] Request (DeleteServersTestJSON:test_delete_active_server): 200 GET http://10.180.1.21/compute/v2.1/servers/8ff34a74-db41-465e-9e44-63570aad3437 1.961s
2025-11-12 21:49:32.330 65624 INFO tempest.lib.common.rest_client [req-ec866398-32b0-4f6d-a4ee-ff16165de095 req-ec866398-32b0-4f6d-a4ee-ff16165de095 ] Request (ImagesMetadataTestJSON:test_set_image_metadata_item): 200 GET http://10.180.1.21/compute/v2.1/images/999377cf-8621-4e24-9470-325d700de3d1/metadata 1.800s
2025-11-12 21:49:32.338 65658 INFO tempest.lib.common.rest_client [req-c2c4e0aa-10ff-449f-91ff-1cefecffae6f req-c2c4e0aa-10ff-449f-91ff-1cefecffae6f ] Request (ServerGroup264TestJSON:test_create_get_server_group): 200 GET http://10.180.1.21/compute/v2.1/os-server-groups/b951897e-b187-4db7-a686-79986e04c3c7 1.732s
2025-11-12 21:49:32.381 65610 INFO tempest.lib.common.rest_client [req-bdf58168-5d8e-4c75-8a3d-694fcbb54fe5 req-bdf58168-5d8e-4c75-8a3d-694fcbb54fe5 ] Request (FlavorsAdminTestJSON:_run_cleanups): 200 GET http://10.180.1.21/compute/v2.1/flavors/detail 1.614s
2025-11-12 21:49:32.516 65622 INFO tempest.lib.common.rest_client [req-88b6029f-fad7-432f-ac57-59d9fe0d8e8b req-88b6029f-fad7-432f-ac57-59d9fe0d8e8b ] Request (InstanceActionsNegativeTestJSON:tearDownClass): 204 DELETE http://10.180.1.21/compute/v2.1/servers/d0effd94-3749-443c-a750-55369a71faec 1.773s
2025-11-12 21:49:32.544 65665 INFO tempest.lib.common.rest_client [req-c521be5a-581e-4b99-bd86-e96d9d3a7210 req-c521be5a-581e-4b99-bd86-e96d9d3a7210 ] Request (ListServersNegativeTestJSON:setUpClass): 201 POST http://10.180.1.21/networking/v2.0/subnets 0.296s
2025-11-12 21:49:32.598 65630 INFO tempest.lib.common.rest_client [req-a586b751-61cd-45a3-9d35-d6a834873294 req-a586b751-61cd-45a3-9d35-d6a834873294 ] Request (ServersAdminNegativeTestJSON:tearDownClass): 200 GET http://10.180.1.21/compute/v2.1/servers/6f3ad456-b3f6-4452-a5d7-bafa3b22865d 1.726s
2025-11-12 21:49:32.606 65630 INFO tempest.common.waiters [-] State transition "SUSPENDED/deleting" ==> "DELETED/None" after 3 second wait
2025-11-12 21:49:33.292 65665 INFO tempest.lib.common.rest_client [req-e5456195-68b4-467a-b72b-25daaebf39bb req-e5456195-68b4-467a-b72b-25daaebf39bb ] Request (ListServersNegativeTestJSON:setUpClass): 201 POST http://10.180.1.21/networking/v2.0/routers 0.747s
2025-11-12 21:49:33.347 65634 INFO tempest.lib.common.rest_client [req-2edbff6b-3f0f-4285-8d29-f1e25c229fa6 req-2edbff6b-3f0f-4285-8d29-f1e25c229fa6 ] Request (ServersTestMultiNic:test_verify_multiple_nics_order): 200 GET http://10.180.1.21/compute/v2.1/servers/bd182c4b-37b4-434a-87cd-56514e4741f8 2.291s
2025-11-12 21:49:33.391 65654 INFO tempest.lib.common.rest_client [req-a5f88bc8-db7c-499f-b10c-5156441f3aab req-a5f88bc8-db7c-499f-b10c-5156441f3aab ] Request (ServerMetadataTestJSON:test_list_server_metadata): 200 GET http://10.180.1.21/compute/v2.1/servers/422bc6aa-abe7-4ff5-b1da-e0958ac94eb6/metadata 2.291s
2025-11-12 21:49:33.766 65608 INFO tempest.lib.common.rest_client [req-e26d4623-eb59-4e18-9007-4d53a41df33e req-e26d4623-eb59-4e18-9007-4d53a41df33e ] Request (ServersAdminTestJSON:test_list_servers_by_admin_with_all_tenants): 200 GET http://10.180.1.21/compute/v2.1/servers/detail?all_tenants= 2.775s
2025-11-12 21:49:33.785 65648 INFO tempest.lib.common.rest_client [req-70a6996e-6835-4169-aa7c-1514f8914f57 req-70a6996e-6835-4169-aa7c-1514f8914f57 ] Request (SecurityGroupsTestJSON:test_server_security_groups): 200 GET http://10.180.1.21/compute/v2.1/servers/a554b04c-a59e-4063-b6d8-36e131a37e10 2.591s
2025-11-12 21:49:33.809 65662 INFO tempest.lib.common.rest_client [req-14ad6ae9-2a87-4750-b545-d219c8688f8c req-14ad6ae9-2a87-4750-b545-d219c8688f8c ] Request (ListImageFiltersTestJSON:setUpClass): 200 GET http://10.180.1.21/compute/v2.1/images/ab12b9dd-0758-4a7f-b277-ddd3b24bf8a1 2.553s
2025-11-12 21:49:33.873 65620 INFO tempest.lib.common.rest_client [req-19ec1d70-fa0a-49ce-abd4-9ae97202ac00 req-19ec1d70-fa0a-49ce-abd4-9ae97202ac00 ] Request (ListServerFiltersTestJSON:setUpClass): 200 GET http://10.180.1.21/compute/v2.1/servers/b18c3438-495e-4554-b90e-1ba443b2d77d 2.279s
2025-11-12 21:49:33.967 65612 INFO tempest.lib.common.rest_client [req-2299a332-3257-4ca3-a895-837a276a65cb req-2299a332-3257-4ca3-a895-837a276a65cb ] Request (ServerExternalEventsTest:test_create_server_external_events): 200 POST http://10.180.1.21/compute/v2.1/os-server-external-events 2.596s
2025-11-12 21:49:33.984 65646 INFO tempest.lib.common.rest_client [req-fca8abfc-8abe-47a8-81c4-dac810e6998b req-fca8abfc-8abe-47a8-81c4-dac810e6998b ] Request (QuotasAdminTestJSON:test_delete_quota): 200 PUT http://10.180.1.21/compute/v2.1/os-quota-sets/92ba25315acd48c9a031a11974f9c334 2.337s
2025-11-12 21:49:34.121 65656 INFO tempest.lib.common.rest_client [req-b46a8e0d-7632-4ead-befe-945bd8a4eb94 req-b46a8e0d-7632-4ead-befe-945bd8a4eb94 ] Request (FloatingIPsAssociationNegativeTestJSON:setUpClass): 200 GET http://10.180.1.21/compute/v2.1/servers/1c1677d0-8e1e-45d0-b30e-b4f95feb79ab 2.408s
2025-11-12 21:49:34.134 65650 INFO paramiko.transport [-] Connected (version 2.0, client dropbear_2020.81)
2025-11-12 21:49:34.171 65666 INFO tempest.lib.common.rest_client [req-1e1f6d17-4d71-4c00-8802-c0cda989ea3f req-1e1f6d17-4d71-4c00-8802-c0cda989ea3f ] Request (ServerAddressesTestJSON:setUpClass): 200 GET http://10.180.1.21/compute/v2.1/servers/ea6ddfe4-e6b4-46ec-b65d-071c0b688e2b 2.507s
2025-11-12 21:49:34.178 65666 INFO tempest.common.waiters [-] State transition "BUILD/None" ==> "BUILD/spawning" after 20 second wait
2025-11-12 21:49:34.197 65650 INFO paramiko.transport [-] Authentication (publickey) successful!
2025-11-12 21:49:34.198 65650 INFO tempest.lib.common.ssh [-] ssh connection to cirros@10.180.180.166 successfully created
2025-11-12 21:49:34.229 65614 INFO tempest.lib.common.rest_client [req-740c5bc1-18d8-4674-b0ab-5f408a111e1d req-740c5bc1-18d8-4674-b0ab-5f408a111e1d ] Request (ServersTestBootFromVolume:tearDownClass): 200 GET http://10.180.1.21/compute/v2.1/servers/09a50fd6-27da-474c-a7c9-62cd9b8e378b 2.335s
2025-11-12 21:49:34.366 65665 INFO tempest.lib.common.rest_client [req-e86d3f6e-a8e0-4389-aa2a-db10b666de4c req-e86d3f6e-a8e0-4389-aa2a-db10b666de4c ] Request (ListServersNegativeTestJSON:setUpClass): 200 PUT http://10.180.1.21/networking/v2.0/routers/7ff69334-48be-40cd-a013-8d57e0c9f5ba/add_router_interface 1.074s
2025-11-12 21:49:34.367 65665 INFO tempest.lib.common.dynamic_creds [-] Created isolated network resources for: credentials: Credentials: {'domain_id': 'default', 'domain_name': 'Default', 'username': 'tempest-ListServersNegativeTestJSON-702784108-project-member', 'project_domain_id': 'default', 'project_domain_name': 'Default', 'project_id': 'c629d9eb356c4edeb9b4794732a09955', 'project_name': 'tempest-ListServersNegativeTestJSON-702784108', 'tenant_id': 'c629d9eb356c4edeb9b4794732a09955', 'tenant_name': 'tempest-ListServersNegativeTestJSON-702784108', 'user_domain_id': 'default', 'user_domain_name': 'Default', 'user_id': 'ebf8fdb0ce4f471e970c193724ffddee', 'system': None}, Network: {'id': 'e1407702-05b2-4129-9f21-63ec6754182d', 'name': 'tempest-ListServersNegativeTestJSON-1007999348-network', 'tenant_id': 'c629d9eb356c4edeb9b4794732a09955', 'project_id': 'c629d9eb356c4edeb9b4794732a09955', 'admin_state_up': True, 'mtu': 8950, 'status': 'ACTIVE', 'subnets': [], 'shared': False, 'port_security_enabled': True, 'router:external': False, 'provider:network_type': 'vlan', 'provider:physical_network': 'default', 'provider:segmentation_id': 32, 'availability_zone_hints': [], 'availability_zones': [], 'ipv4_address_scope': None, 'ipv6_address_scope': None, 'description': '', 'tags': [], 'created_at': '2025-11-12T21:49:32Z', 'updated_at': '2025-11-12T21:49:32Z', 'revision_number': 1}, Subnet: {'id': '27f9b25d-52c3-4708-a60f-555998563987', 'name': 'tempest-ListServersNegativeTestJSON-1007999348-subnet', 'tenant_id': 'c629d9eb356c4edeb9b4794732a09955', 'network_id': 'e1407702-05b2-4129-9f21-63ec6754182d', 'ip_version': 4, 'subnetpool_id': None, 'enable_dhcp': True, 'ipv6_ra_mode': None, 'ipv6_address_mode': None, 'gateway_ip': '192.168.128.1', 'cidr': '192.168.128.0/28', 'allocation_pools': [{'start': '192.168.128.2', 'end': '192.168.128.14'}], 'host_routes': [], 'dns_nameservers': [], 'description': '', 'router:external': False, 'service_types': [], 'tags': [], 'created_at': '2025-11-12T21:49:32Z', 'updated_at': '2025-11-12T21:49:32Z', 'revision_number': 0, 'project_id': 'c629d9eb356c4edeb9b4794732a09955'}, Router: {'id': '7ff69334-48be-40cd-a013-8d57e0c9f5ba', 'name': 'tempest-ListServersNegativeTestJSON-1007999348-router', 'tenant_id': 'c629d9eb356c4edeb9b4794732a09955', 'admin_state_up': True, 'status': 'ACTIVE', 'external_gateway_info': {'network_id': '079ca1cb-9e56-488c-bef3-b270dec70151', 'external_fixed_ips': [{'subnet_id': 'dcb7cacd-a62a-48c2-b4d5-e9e4262423f4', 'ip_address': '10.180.180.207'}], 'enable_snat': True}, 'description': '', 'availability_zones': [], 'distributed': False, 'ha': False, 'availability_zone_hints': [], 'routes': [], 'flavor_id': None, 'tags': [], 'created_at': '2025-11-12T21:49:32Z', 'updated_at': '2025-11-12T21:49:33Z', 'revision_number': 2, 'project_id': 'c629d9eb356c4edeb9b4794732a09955'}
2025-11-12 21:49:34.389 65616 INFO tempest.lib.common.rest_client [req-b3073188-0edb-47b5-8a65-1226489a5eac req-b3073188-0edb-47b5-8a65-1226489a5eac ] Request (ServerRescueTestJSON:tearDownClass): 200 GET http://10.180.1.21/compute/v2.1/servers/d085d5f1-cd2e-498e-b7a7-c7b271fe8939 2.348s
2025-11-12 21:49:34.475 65665 INFO tempest.lib.common.rest_client [req-897db6c6-5d93-4e84-b935-e9e9ceae16dd req-897db6c6-5d93-4e84-b935-e9e9ceae16dd ] Request (ListServersNegativeTestJSON:setUpClass): 201 POST http://10.180.1.21/identity/v3/auth/tokens 0.104s
2025-11-12 21:49:34.509 65665 INFO tempest.lib.common.rest_client [req-20eb0014-e06c-4b3f-96f5-45e26eceefc2 req-20eb0014-e06c-4b3f-96f5-45e26eceefc2 ] Request (ListServersNegativeTestJSON:setUpClass): 201 POST http://10.180.1.21/identity/v3/auth/tokens 0.029s
2025-11-12 21:49:34.509 65665 INFO tempest.lib.common.fixed_network [-] (ListServersNegativeTestJSON:setUpClass) Found network {'id': 'e1407702-05b2-4129-9f21-63ec6754182d', 'name': 'tempest-ListServersNegativeTestJSON-1007999348-network', 'tenant_id': 'c629d9eb356c4edeb9b4794732a09955', 'project_id': 'c629d9eb356c4edeb9b4794732a09955', 'admin_state_up': True, 'mtu': 8950, 'status': 'ACTIVE', 'subnets': [], 'shared': False, 'port_security_enabled': True, 'router:external': False, 'provider:network_type': 'vlan', 'provider:physical_network': 'default', 'provider:segmentation_id': 32, 'availability_zone_hints': [], 'availability_zones': [], 'ipv4_address_scope': None, 'ipv6_address_scope': None, 'description': '', 'tags': [], 'created_at': '2025-11-12T21:49:32Z', 'updated_at': '2025-11-12T21:49:32Z', 'revision_number': 1} available for tenant
2025-11-12 21:49:34.547 65642 INFO tempest.lib.common.rest_client [req-fe7bc04a-16e7-4829-9211-4b9bbe761c34 req-fe7bc04a-16e7-4829-9211-4b9bbe761c34 ] Request (ServersAdmin275Test:tearDownClass): 200 GET http://10.180.1.21/compute/v2.1/servers/b066dd2b-34d0-450d-997f-580d11cb671d 2.431s
2025-11-12 21:49:34.759 65632 INFO tempest.lib.common.rest_client [req-7a78ca3e-d286-40d7-b774-181db954b7d6 req-7a78ca3e-d286-40d7-b774-181db954b7d6 ] Request (MigrationsAdminTest:test_resize_server_revert_deleted_flavor): 200 GET http://10.180.1.21/compute/v2.1/servers/9fc293f5-1b67-4675-9bc0-ae236456030f 2.597s
2025-11-12 21:49:34.770 65632 INFO tempest.common.waiters [-] State transition "BUILD/None" ==> "BUILD/networking" after 17 second wait
