2025-11-12 21:50:37.371 65632 INFO tempest.lib.common.rest_client [req-05372b3b-574f-44fa-a1aa-0ea6c88fd72d req-05372b3b-574f-44fa-a1aa-0ea6c88fd72d ] Request (MigrationsAdminTest:test_resize_server_revert_deleted_flavor): 200 GET http://10.180.1.21/compute/v2.1/servers/9fc293f5-1b67-4675-9bc0-ae236456030f 0.442s
2025-11-12 21:50:37.386 65618 INFO tempest.lib.common.rest_client [req-283d6d5f-f35b-4610-a14f-a64b5687e6c5 req-283d6d5f-f35b-4610-a14f-a64b5687e6c5 ] Request (ServerActionsTestOtherA:test_rebuild_server_with_volume_attached): 200 GET http://10.180.1.21/compute/v2.1/servers/c3b09188-d7c3-4f4f-aecf-fef4f8160835 0.427s
2025-11-12 21:50:37.455 65620 INFO tempest.lib.common.rest_client [req-291b5e27-3b89-478d-bd53-42fc46de12bf req-291b5e27-3b89-478d-bd53-42fc46de12bf ] Request (ListServerFiltersTestJSON:test_list_servers_filter_by_shutoff_status): 202 POST http://10.180.1.21/compute/v2.1/servers/ad40a97e-6e17-4eba-80af-88eebd513a77/action 0.476s
2025-11-12 21:50:37.467 65634 INFO tempest.lib.common.rest_client [req-0863a6c1-1b62-4196-9473-003096109460 req-0863a6c1-1b62-4196-9473-003096109460 ] Request (ServersTestMultiNic:_run_cleanups): 200 GET http://10.180.1.21/compute/v2.1/servers/bd182c4b-37b4-434a-87cd-56514e4741f8 0.428s
2025-11-12 21:50:37.496 65616 INFO tempest.lib.common.rest_client [req-c609ac5e-4238-4085-9c0e-c01577623632 req-c609ac5e-4238-4085-9c0e-c01577623632 ] Request (TestVersions:tearDownClass): 200 GET http://10.180.1.21/networking/v2.0/security-groups?tenant_id=f9de5eba010844b4b0e0ee1cc512d016&name=default 0.203s
2025-11-12 21:50:37.531 65624 INFO tempest.lib.common.rest_client [req-edccdd19-98d0-43e6-bf5d-10e2e29c401f req-edccdd19-98d0-43e6-bf5d-10e2e29c401f ] Request (ServersV294TestFqdnHostnames:setUpClass): 200 GET http://10.180.1.21/compute/v2.1/servers/d8d79f55-70f7-4450-b3b3-adf4bcbbc307 0.488s
2025-11-12 21:50:37.540 65662 INFO tempest.lib.common.rest_client [req-2427228a-1df8-4a7f-9753-3d3c5a548436 req-2427228a-1df8-4a7f-9753-3d3c5a548436 ] Request (ListImageFiltersTestJSON:tearDownClass): 200 GET http://10.180.1.21/compute/v2.1/servers/74fb1b7a-8a18-4a04-9bec-37f38f740c00 0.402s
2025-11-12 21:50:37.603 65616 INFO tempest.lib.common.rest_client [req-27390efe-3ab9-4f22-be37-1dce8aeef479 req-27390efe-3ab9-4f22-be37-1dce8aeef479 ] Request (TestVersions:tearDownClass): 204 DELETE http://10.180.1.21/networking/v2.0/security-groups/6001fe3b-7fc5-45cd-ade4-cf6030b5b441 0.107s
2025-11-12 21:50:37.629 65642 INFO tempest.lib.common.rest_client [req-ea56fb3a-aabc-462b-9175-f79c5e4f2d89 req-ea56fb3a-aabc-462b-9175-f79c5e4f2d89 ] Request (ImagesOneServerTestJSON:setUpClass): 200 GET http://10.180.1.21/compute/v2.1/servers/45336449-c18c-4cc6-919d-092adfc3744a 0.370s
2025-11-12 21:50:37.690 65616 INFO tempest.lib.common.rest_client [req-cafdb79f-aa45-40c0-8c52-aaaafd489c1c req-cafdb79f-aa45-40c0-8c52-aaaafd489c1c ] Request (TestVersions:tearDownClass): 204 DELETE http://10.180.1.21/identity/v3/projects/f9de5eba010844b4b0e0ee1cc512d016 0.086s
2025-11-12 21:50:37.701 65604 INFO tempest.lib.common.rest_client [req-0ceaffbc-a438-4f9c-bcf0-1f8810d8c5f0 req-0ceaffbc-a438-4f9c-bcf0-1f8810d8c5f0 ] Request (FloatingIPsAssociationTestJSON:test_associate_already_associated_floating_ip): 200 GET http://10.180.1.21/compute/v2.1/servers/4cfc165b-ee43-43b2-a84d-de12a21e0573 0.499s
2025-11-12 21:50:37.772 65610 INFO tempest.lib.common.rest_client [req-1c22dd84-5cba-48fb-8dce-49db9688b6f3 req-1c22dd84-5cba-48fb-8dce-49db9688b6f3 ] Request (ServerPasswordTestJSON:setUpClass): 200 GET http://10.180.1.21/compute/v2.1/servers/65fa5d6e-d7ec-4217-a0b0-84cbbd4906e0 0.458s
2025-11-12 21:50:37.809 65628 INFO tempest.lib.common.rest_client [req-ab600323-7a85-4cf3-a1e9-eece8243977a req-ab600323-7a85-4cf3-a1e9-eece8243977a ] Request (ImagesOneServerNegativeTestJSON:tearDown): 200 GET http://10.180.1.21/compute/v2.1/servers/7e2318e1-2dda-4934-b396-018aee0f8c68 0.534s
2025-11-12 21:50:37.816 65628 INFO tempest.common.waiters [-] State transition "ACTIVE/image_uploading" ==> "ACTIVE/None" after 6 second wait
2025-11-12 21:50:37.843 65654 INFO tempest.lib.common.rest_client [req-e5adb6f1-4983-4449-b621-538719e95c24 req-e5adb6f1-4983-4449-b621-538719e95c24 ] Request (ServerMetadataTestJSON:tearDownClass): 200 GET http://10.180.1.21/compute/v2.1/servers/422bc6aa-abe7-4ff5-b1da-e0958ac94eb6 0.428s
2025-11-12 21:50:37.918 65626 INFO tempest.lib.common.rest_client [req-7a591a5b-c03c-4600-b83a-c48964e478f3 req-7a591a5b-c03c-4600-b83a-c48964e478f3 ] Request (VolumesAssistedSnapshotsTest:tearDownClass): 200 GET http://10.180.1.21/compute/v2.1/servers/15fd0266-f316-4b13-95bb-7fa8348a3a34 0.372s
2025-11-12 21:50:37.960 65620 INFO tempest.lib.common.rest_client [req-8f6744c9-4157-4b12-9f03-299934f34439 req-8f6744c9-4157-4b12-9f03-299934f34439 ] Request (ListServerFiltersTestJSON:test_list_servers_filter_by_shutoff_status): 200 GET http://10.180.1.21/compute/v2.1/servers/ad40a97e-6e17-4eba-80af-88eebd513a77 0.505s
2025-11-12 21:50:38.019 65646 INFO tempest.lib.common.rest_client [req-2df3f99d-898c-417a-865f-2ecbe58e0c6b req-2df3f99d-898c-417a-865f-2ecbe58e0c6b ] Request (ServersTestJSON:test_create_server_specify_multibyte_character_name): 200 GET http://10.180.1.21/compute/v2.1/servers/5038d9a8-e11c-4385-8028-a394f74a1eee 0.373s
2025-11-12 21:50:38.047 65608 INFO tempest.lib.common.rest_client [req-e9c79406-c715-4751-9515-d27baad79a32 req-e9c79406-c715-4751-9515-d27baad79a32 ] Request (ServersAdminTestJSON:tearDownClass): 200 GET http://10.180.1.21/compute/v2.1/servers/07fc6876-f2db-4abf-9695-dd5771d21c70 0.475s
2025-11-12 21:50:38.078 65614 INFO tempest.lib.common.rest_client [req-f356a777-ebe8-4b82-9a7d-4c71a165f7b6 req-f356a777-ebe8-4b82-9a7d-4c71a165f7b6 ] Request (ServerMetadataNegativeTestJSON:setUpClass): 200 GET http://10.180.1.21/compute/v2.1/servers/a69f6d2f-0070-40c7-91da-ac9e433b3c42 0.348s
2025-11-12 21:50:38.126 65612 INFO tempest.lib.common.rest_client [req-57324545-9246-44d7-aedc-5cf9d72a08c9 req-57324545-9246-44d7-aedc-5cf9d72a08c9 ] Request (TenantUsagesTestJSON:setUpClass): 200 GET http://10.180.1.21/compute/v2.1/servers/15d0e4b9-a47b-46a0-8b65-2ae29e622754 0.338s
2025-11-12 21:50:38.143 65665 INFO tempest.lib.common.rest_client [req-70098679-7d70-4b49-b690-ed82672d1697 req-70098679-7d70-4b49-b690-ed82672d1697 ] Request (ListServersNegativeTestJSON:setUpClass): 200 GET http://10.180.1.21/compute/v2.1/servers/8392c11a-4a82-4160-8822-a05703bb7e68 0.372s
2025-11-12 21:50:38.196 65622 INFO tempest.lib.common.rest_client [req-a7113e6d-e7ef-4594-aa79-c4773bc6a158 req-a7113e6d-e7ef-4594-aa79-c4773bc6a158 ] Request (ServerRescueTestJSONUnderV235:setUpClass): 200 GET http://10.180.1.21/compute/v2.1/servers/da4b1aed-f029-4caa-bca6-3623d2af90f1 0.362s
2025-11-12 21:50:38.210 65628 INFO tempest.lib.common.rest_client [req-7ec9ec36-61ad-4d1f-b0f8-ceeeddd79118 req-7ec9ec36-61ad-4d1f-b0f8-ceeeddd79118 ] Request (ImagesOneServerNegativeTestJSON:_run_cleanups): 204 DELETE http://10.180.1.21/compute/v2.1/servers/7e2318e1-2dda-4934-b396-018aee0f8c68 0.393s
2025-11-12 21:50:38.263 65656 INFO tempest.lib.common.rest_client [req-74a8bb62-c797-45cd-ab87-875fc9a62937 req-74a8bb62-c797-45cd-ab87-875fc9a62937 ] Request (FloatingIPsAssociationNegativeTestJSON:tearDownClass): 200 GET http://10.180.1.21/compute/v2.1/servers/1c1677d0-8e1e-45d0-b30e-b4f95feb79ab 0.385s
2025-11-12 21:50:38.276 65650 INFO tempest.lib.common.rest_client [req-f6ca1d35-cce4-499f-8df3-6dceed93b7fd req-f6ca1d35-cce4-499f-8df3-6dceed93b7fd ] Request (AttachInterfacesTestJSON:_run_cleanups): 200 GET http://10.180.1.21/compute/v2.1/servers/43ab3dc6-907b-4b13-a588-f69f01efac7a 0.270s
2025-11-12 21:50:38.317 65648 INFO tempest.lib.common.rest_client [req-f0fd1bda-9020-4aec-9bef-c60f80a7b79f req-f0fd1bda-9020-4aec-9bef-c60f80a7b79f ] Request (SecurityGroupsTestJSON:test_server_security_groups): 200 GET http://10.180.1.21/compute/v2.1/servers/a554b04c-a59e-4063-b6d8-36e131a37e10 0.165s
2025-11-12 21:50:38.333 65644 INFO tempest.lib.common.rest_client [req-aed2d724-4c32-4def-8d95-1a5d0e3f0942 req-aed2d724-4c32-4def-8d95-1a5d0e3f0942 ] Request (DeleteServersTestJSON:test_delete_active_server): 200 GET http://10.180.1.21/compute/v2.1/servers/8ff34a74-db41-465e-9e44-63570aad3437 0.168s
2025-11-12 21:50:38.421 65630 INFO tempest.lib.common.rest_client [req-6772081d-3ebc-4d56-95cb-a9b1178a5345 req-6772081d-3ebc-4d56-95cb-a9b1178a5345 ] Request (ServersAdminNegativeTestJSON:tearDownClass): 200 GET http://10.180.1.21/compute/v2.1/servers/ada54d2d-b587-46d3-859e-1a431d0fcc8b 0.175s
2025-11-12 21:50:38.446 65628 INFO tempest.lib.common.rest_client [req-a5092ae3-5ecc-4736-92bc-9bf86d1a09af req-a5092ae3-5ecc-4736-92bc-9bf86d1a09af ] Request (ImagesOneServerNegativeTestJSON:_run_cleanups): 200 GET http://10.180.1.21/compute/v2.1/servers/7e2318e1-2dda-4934-b396-018aee0f8c68 0.236s
2025-11-12 21:50:38.473 65606 INFO tempest.lib.common.rest_client [req-8034b17b-f640-46ba-96d4-8c1267713346 req-8034b17b-f640-46ba-96d4-8c1267713346 ] Request (ServersWithSpecificFlavorTestJSON:test_verify_created_server_ephemeral_disk): 200 GET http://10.180.1.21/compute/v2.1/servers/1c8af1f3-d7a9-4dac-a9f3-86d2710ace8f 0.225s
2025-11-12 21:50:38.498 65652 INFO tempest.lib.common.rest_client [req-f8149eeb-9113-4779-b476-9992acbee7da req-f8149eeb-9113-4779-b476-9992acbee7da ] Request (ServerGroupTestJSON:test_create_server_with_scheduler_hint_group): 200 GET http://10.180.1.21/compute/v2.1/servers/0261740e-544c-4cd2-a8fb-c5c4885d412f 0.195s
2025-11-12 21:50:38.552 65618 INFO tempest.lib.common.rest_client [req-51be6e39-ce22-4684-a4b1-3bbc0af639f1 req-51be6e39-ce22-4684-a4b1-3bbc0af639f1 ] Request (ServerActionsTestOtherA:test_rebuild_server_with_volume_attached): 200 GET http://10.180.1.21/compute/v2.1/servers/c3b09188-d7c3-4f4f-aecf-fef4f8160835 0.155s
2025-11-12 21:50:38.576 65632 INFO tempest.lib.common.rest_client [req-40ae8022-a03e-4ffd-9bee-fb3bad2c5518 req-40ae8022-a03e-4ffd-9bee-fb3bad2c5518 ] Request (MigrationsAdminTest:test_resize_server_revert_deleted_flavor): 200 GET http://10.180.1.21/compute/v2.1/servers/9fc293f5-1b67-4675-9bc0-ae236456030f 0.196s
2025-11-12 21:50:38.585 65632 INFO tempest.common.waiters [-] State transition "RESIZE/resize_prep" ==> "RESIZE/resize_migrating" after 43 second wait
2025-11-12 21:50:38.614 65634 INFO tempest.lib.common.rest_client [req-ef63df4f-ee77-4818-ac12-0d6a126d4ec2 req-ef63df4f-ee77-4818-ac12-0d6a126d4ec2 ] Request (ServersTestMultiNic:_run_cleanups): 200 GET http://10.180.1.21/compute/v2.1/servers/bd182c4b-37b4-434a-87cd-56514e4741f8 0.130s
2025-11-12 21:50:38.643 65624 INFO tempest.lib.common.rest_client [req-0357ba30-15ad-4ae5-858b-9ba8b2e3466e req-0357ba30-15ad-4ae5-858b-9ba8b2e3466e ] Request (ServersV294TestFqdnHostnames:setUpClass): 200 GET http://10.180.1.21/compute/v2.1/servers/d8d79f55-70f7-4450-b3b3-adf4bcbbc307 0.099s
2025-11-12 21:50:38.654 65624 INFO tempest.common.waiters [-] State transition "BUILD/None" ==> "BUILD/networking" after 48 second wait
2025-11-12 21:50:38.693 65662 INFO tempest.lib.common.rest_client [req-6fd06ff8-d7ce-4460-8815-b6920c48a42d req-6fd06ff8-d7ce-4460-8815-b6920c48a42d ] Request (ListImageFiltersTestJSON:tearDownClass): 200 GET http://10.180.1.21/compute/v2.1/servers/74fb1b7a-8a18-4a04-9bec-37f38f740c00 0.146s
2025-11-12 21:50:38.703 65642 INFO tempest.lib.common.rest_client [req-4d5a6a06-8b41-475e-9eb5-c0bc62dd9b9d req-4d5a6a06-8b41-475e-9eb5-c0bc62dd9b9d ] Request (ImagesOneServerTestJSON:setUpClass): 200 GET http://10.180.1.21/compute/v2.1/servers/45336449-c18c-4cc6-919d-092adfc3744a 0.060s
2025-11-12 21:50:38.818 65604 INFO tempest.lib.common.rest_client [req-94140d4c-14a3-4111-8aae-745e18aee1ff req-94140d4c-14a3-4111-8aae-745e18aee1ff ] Request (FloatingIPsAssociationTestJSON:test_associate_already_associated_floating_ip): 200 GET http://10.180.1.21/compute/v2.1/servers/4cfc165b-ee43-43b2-a84d-de12a21e0573 0.108s
2025-11-12 21:50:38.833 65610 INFO tempest.lib.common.rest_client [req-b752be6b-42c4-474e-8e5a-e6d1f123e820 req-b752be6b-42c4-474e-8e5a-e6d1f123e820 ] Request (ServerPasswordTestJSON:setUpClass): 200 GET http://10.180.1.21/compute/v2.1/servers/65fa5d6e-d7ec-4217-a0b0-84cbbd4906e0 0.054s
2025-11-12 21:50:38.923 65654 INFO tempest.lib.common.rest_client [req-2a52fe1a-b8ca-423d-99fb-1de6155f8e70 req-2a52fe1a-b8ca-423d-99fb-1de6155f8e70 ] Request (ServerMetadataTestJSON:tearDownClass): 200 GET http://10.180.1.21/compute/v2.1/servers/422bc6aa-abe7-4ff5-b1da-e0958ac94eb6 0.068s
2025-11-12 21:50:38.996 65626 INFO tempest.lib.common.rest_client [req-b3316bb1-6583-4858-9803-66277f191469 req-b3316bb1-6583-4858-9803-66277f191469 ] Request (VolumesAssistedSnapshotsTest:tearDownClass): 200 GET http://10.180.1.21/compute/v2.1/servers/15fd0266-f316-4b13-95bb-7fa8348a3a34 0.068s
2025-11-12 21:50:39.079 65620 INFO tempest.lib.common.rest_client [req-ef29847e-2705-43d9-bbb3-8e13e732c4fe req-ef29847e-2705-43d9-bbb3-8e13e732c4fe ] Request (ListServerFiltersTestJSON:test_list_servers_filter_by_shutoff_status): 200 GET http://10.180.1.21/compute/v2.1/servers/ad40a97e-6e17-4eba-80af-88eebd513a77 0.109s
2025-11-12 21:50:39.101 65646 INFO tempest.lib.common.rest_client [req-10fca2ed-b0a9-4859-8120-b8a6dffffda8 req-10fca2ed-b0a9-4859-8120-b8a6dffffda8 ] Request (ServersTestJSON:test_create_server_specify_multibyte_character_name): 200 GET http://10.180.1.21/compute/v2.1/servers/5038d9a8-e11c-4385-8028-a394f74a1eee 0.074s
2025-11-12 21:50:39.143 65608 INFO tempest.lib.common.rest_client [req-8251ce8e-287f-412c-bc72-e20112d819b9 req-8251ce8e-287f-412c-bc72-e20112d819b9 ] Request (ServersAdminTestJSON:tearDownClass): 200 GET http://10.180.1.21/compute/v2.1/servers/07fc6876-f2db-4abf-9695-dd5771d21c70 0.088s
2025-11-12 21:50:39.157 65614 INFO tempest.lib.common.rest_client [req-2d700d39-b8a1-442e-afb5-41f0674fc921 req-2d700d39-b8a1-442e-afb5-41f0674fc921 ] Request (ServerMetadataNegativeTestJSON:setUpClass): 200 GET http://10.180.1.21/compute/v2.1/servers/a69f6d2f-0070-40c7-91da-ac9e433b3c42 0.071s
2025-11-12 21:50:39.195 65612 INFO tempest.lib.common.rest_client [req-f23b5695-6b77-4678-8eca-9e8453d37a80 req-f23b5695-6b77-4678-8eca-9e8453d37a80 ] Request (TenantUsagesTestJSON:setUpClass): 200 GET http://10.180.1.21/compute/v2.1/servers/15d0e4b9-a47b-46a0-8b65-2ae29e622754 0.060s
2025-11-12 21:50:39.278 65622 INFO tempest.lib.common.rest_client [req-854bc586-426d-4903-acc1-254b00c27d4c req-854bc586-426d-4903-acc1-254b00c27d4c ] Request (ServerRescueTestJSONUnderV235:setUpClass): 200 GET http://10.180.1.21/compute/v2.1/servers/da4b1aed-f029-4caa-bca6-3623d2af90f1 0.068s
2025-11-12 21:50:39.303 65665 INFO tempest.lib.common.rest_client [req-8694e59e-60eb-4514-8b4f-fa6a10a31e04 req-8694e59e-60eb-4514-8b4f-fa6a10a31e04 ] Request (ListServersNegativeTestJSON:setUpClass): 200 GET http://10.180.1.21/compute/v2.1/servers/8392c11a-4a82-4160-8822-a05703bb7e68 0.152s
2025-11-12 21:50:39.352 65656 INFO tempest.lib.common.rest_client [req-63aac6d4-ee4b-4644-b38e-cc2f2798a7bb req-63aac6d4-ee4b-4644-b38e-cc2f2798a7bb ] Request (FloatingIPsAssociationNegativeTestJSON:tearDownClass): 200 GET http://10.180.1.21/compute/v2.1/servers/1c1677d0-8e1e-45d0-b30e-b4f95feb79ab 0.079s
2025-11-12 21:50:39.372 65650 INFO tempest.lib.common.rest_client [req-8c84c2a1-c626-453f-b366-f5de81a5f6c1 req-8c84c2a1-c626-453f-b366-f5de81a5f6c1 ] Request (AttachInterfacesTestJSON:_run_cleanups): 200 GET http://10.180.1.21/compute/v2.1/servers/43ab3dc6-907b-4b13-a588-f69f01efac7a 0.087s
2025-11-12 21:50:39.425 65648 INFO tempest.lib.common.rest_client [req-9b5a0212-0386-4910-86bc-8330d2384511 req-9b5a0212-0386-4910-86bc-8330d2384511 ] Request (SecurityGroupsTestJSON:test_server_security_groups): 200 GET http://10.180.1.21/compute/v2.1/servers/a554b04c-a59e-4063-b6d8-36e131a37e10 0.100s
2025-11-12 21:50:39.440 65644 INFO tempest.lib.common.rest_client [req-45fb871a-a25e-4f3a-abc6-3cd80c0c3d75 req-45fb871a-a25e-4f3a-abc6-3cd80c0c3d75 ] Request (DeleteServersTestJSON:test_delete_active_server): 200 GET http://10.180.1.21/compute/v2.1/servers/8ff34a74-db41-465e-9e44-63570aad3437 0.098s
2025-11-12 21:50:39.497 65630 INFO tempest.lib.common.rest_client [req-5fb76cf6-dbcc-4be2-8729-70db4dc2e6cb req-5fb76cf6-dbcc-4be2-8729-70db4dc2e6cb ] Request (ServersAdminNegativeTestJSON:tearDownClass): 200 GET http://10.180.1.21/compute/v2.1/servers/ada54d2d-b587-46d3-859e-1a431d0fcc8b 0.067s
2025-11-12 21:50:39.625 65606 INFO tempest.lib.common.rest_client [req-5f340f62-3be3-4b44-ab05-66fd784828a2 req-5f340f62-3be3-4b44-ab05-66fd784828a2 ] Request (ServersWithSpecificFlavorTestJSON:test_verify_created_server_ephemeral_disk): 200 GET http://10.180.1.21/compute/v2.1/servers/1c8af1f3-d7a9-4dac-a9f3-86d2710ace8f 0.144s
2025-11-12 21:50:39.652 65628 INFO tempest.lib.common.rest_client [req-31421e14-810f-490b-be2f-56257c4d3e1f req-31421e14-810f-490b-be2f-56257c4d3e1f ] Request (ImagesOneServerNegativeTestJSON:_run_cleanups): 200 GET http://10.180.1.21/compute/v2.1/servers/7e2318e1-2dda-4934-b396-018aee0f8c68 0.197s
2025-11-12 21:50:39.691 65652 INFO tempest.lib.common.rest_client [req-a67466e3-c2e3-4cfa-8ce9-1c327157028b req-a67466e3-c2e3-4cfa-8ce9-1c327157028b ] Request (ServerGroupTestJSON:test_create_server_with_scheduler_hint_group): 200 GET http://10.180.1.21/compute/v2.1/servers/0261740e-544c-4cd2-a8fb-c5c4885d412f 0.185s
2025-11-12 21:50:39.747 65618 INFO tempest.lib.common.rest_client [req-15db90d9-74e6-49cc-bb16-1739fd0f8cd2 req-15db90d9-74e6-49cc-bb16-1739fd0f8cd2 ] Request (ServerActionsTestOtherA:test_rebuild_server_with_volume_attached): 200 GET http://10.180.1.21/compute/v2.1/servers/c3b09188-d7c3-4f4f-aecf-fef4f8160835 0.187s
2025-11-12 21:50:39.894 65634 INFO tempest.lib.common.rest_client [req-d826b90d-cddc-436a-a069-3b9bcac7353e req-d826b90d-cddc-436a-a069-3b9bcac7353e ] Request (ServersTestMultiNic:_run_cleanups): 200 GET http://10.180.1.21/compute/v2.1/servers/bd182c4b-37b4-434a-87cd-56514e4741f8 0.270s
2025-11-12 21:50:39.941 65632 INFO tempest.lib.common.rest_client [req-182db8fb-4229-4efc-8b2e-b00e90a59c33 req-182db8fb-4229-4efc-8b2e-b00e90a59c33 ] Request (MigrationsAdminTest:test_resize_server_revert_deleted_flavor): 200 GET http://10.180.1.21/compute/v2.1/servers/9fc293f5-1b67-4675-9bc0-ae236456030f 0.355s
2025-11-12 21:50:40.103 65662 INFO tempest.lib.common.rest_client [req-3542f4d2-2832-49f3-b07b-0c81ccc189a6 req-3542f4d2-2832-49f3-b07b-0c81ccc189a6 ] Request (ListImageFiltersTestJSON:tearDownClass): 200 GET http://10.180.1.21/compute/v2.1/servers/74fb1b7a-8a18-4a04-9bec-37f38f740c00 0.397s
2025-11-12 21:50:40.138 65624 INFO tempest.lib.common.rest_client [req-106d483d-b713-42f6-8f58-9039541af934 req-106d483d-b713-42f6-8f58-9039541af934 ] Request (ServersV294TestFqdnHostnames:setUpClass): 200 GET http://10.180.1.21/compute/v2.1/servers/d8d79f55-70f7-4450-b3b3-adf4bcbbc307 0.481s
2025-11-12 21:50:40.151 65624 INFO tempest.common.waiters [-] State transition "BUILD/networking" ==> "BUILD/block_device_mapping" after 50 second wait
2025-11-12 21:50:40.167 65642 INFO tempest.lib.common.rest_client [req-6aa6032a-523f-4a1e-9b07-4a6e785a1189 req-6aa6032a-523f-4a1e-9b07-4a6e785a1189 ] Request (ImagesOneServerTestJSON:setUpClass): 200 GET http://10.180.1.21/compute/v2.1/servers/45336449-c18c-4cc6-919d-092adfc3744a 0.456s
2025-11-12 21:50:40.237 65610 INFO tempest.lib.common.rest_client [req-4249312b-2948-4c0e-b76a-3ee11ab9d49a req-4249312b-2948-4c0e-b76a-3ee11ab9d49a ] Request (ServerPasswordTestJSON:setUpClass): 200 GET http://10.180.1.21/compute/v2.1/servers/65fa5d6e-d7ec-4217-a0b0-84cbbd4906e0 0.396s
2025-11-12 21:50:40.261 65604 INFO tempest.lib.common.rest_client [req-1a8fb15e-09e5-47a4-b4f5-e6440d699017 req-1a8fb15e-09e5-47a4-b4f5-e6440d699017 ] Request (FloatingIPsAssociationTestJSON:test_associate_already_associated_floating_ip): 200 GET http://10.180.1.21/compute/v2.1/servers/4cfc165b-ee43-43b2-a84d-de12a21e0573 0.434s
2025-11-12 21:50:40.303 65654 INFO tempest.lib.common.rest_client [req-4a7bd37b-1e21-40b4-a790-dc97fcebbd0d req-4a7bd37b-1e21-40b4-a790-dc97fcebbd0d ] Request (ServerMetadataTestJSON:tearDownClass): 200 GET http://10.180.1.21/compute/v2.1/servers/422bc6aa-abe7-4ff5-b1da-e0958ac94eb6 0.372s
2025-11-12 21:50:40.327 65626 INFO tempest.lib.common.rest_client [req-6e45914d-40fe-4776-89b4-62aec94144be req-6e45914d-40fe-4776-89b4-62aec94144be ] Request (VolumesAssistedSnapshotsTest:tearDownClass): 200 GET http://10.180.1.21/compute/v2.1/servers/15fd0266-f316-4b13-95bb-7fa8348a3a34 0.319s
2025-11-12 21:50:40.400 65638 INFO paramiko.transport [-] Connected (version 2.0, client dropbear_2020.81)
2025-11-12 21:50:40.417 65646 INFO tempest.lib.common.rest_client [req-725399fc-0168-40c5-86b6-fa7689d41e4b req-725399fc-0168-40c5-86b6-fa7689d41e4b ] Request (ServersTestJSON:test_create_server_specify_multibyte_character_name): 200 GET http://10.180.1.21/compute/v2.1/servers/5038d9a8-e11c-4385-8028-a394f74a1eee 0.307s
2025-11-12 21:50:40.464 65638 INFO paramiko.transport [-] Authentication (publickey) successful!
2025-11-12 21:50:40.465 65638 INFO tempest.lib.common.ssh [-] ssh connection to cirros@10.180.180.200 successfully created
2025-11-12 21:50:40.472 65638 INFO tempest.lib.common.ssh [-] Creating ssh connection to '10.180.180.200:22' as 'cirros' with public key authentication
2025-11-12 21:50:40.472 65620 INFO tempest.lib.common.rest_client [req-7b9f9274-67d8-4a9b-88bd-723a41fbec62 req-7b9f9274-67d8-4a9b-88bd-723a41fbec62 ] Request (ListServerFiltersTestJSON:test_list_servers_filter_by_shutoff_status): 200 GET http://10.180.1.21/compute/v2.1/servers/ad40a97e-6e17-4eba-80af-88eebd513a77 0.386s
2025-11-12 21:50:40.475 65638 INFO paramiko.transport [-] Connected (version 2.0, client dropbear_2020.81)
2025-11-12 21:50:40.534 65638 INFO paramiko.transport [-] Authentication (publickey) successful!
2025-11-12 21:50:40.534 65638 INFO tempest.lib.common.ssh [-] ssh connection to cirros@10.180.180.200 successfully created
2025-11-12 21:50:40.678 65608 INFO tempest.lib.common.rest_client [req-9bef8c04-0042-4cd1-89ff-582131adaf5e req-9bef8c04-0042-4cd1-89ff-582131adaf5e ] Request (ServersAdminTestJSON:tearDownClass): 200 GET http://10.180.1.21/compute/v2.1/servers/07fc6876-f2db-4abf-9695-dd5771d21c70 0.527s
2025-11-12 21:50:40.685 65608 INFO tempest.common.waiters [-] State transition "ACTIVE/deleting" ==> "DELETED/None" after 4 second wait
2025-11-12 21:50:40.692 65614 INFO tempest.lib.common.rest_client [req-e7535035-8338-4556-be3b-a86454206dfd req-e7535035-8338-4556-be3b-a86454206dfd ] Request (ServerMetadataNegativeTestJSON:setUpClass): 200 GET http://10.180.1.21/compute/v2.1/servers/a69f6d2f-0070-40c7-91da-ac9e433b3c42 0.527s
2025-11-12 21:50:40.726 65612 INFO tempest.lib.common.rest_client [req-7ea469b5-2827-4110-8bf4-f3b8cccd0028 req-7ea469b5-2827-4110-8bf4-f3b8cccd0028 ] Request (TenantUsagesTestJSON:setUpClass): 200 GET http://10.180.1.21/compute/v2.1/servers/15d0e4b9-a47b-46a0-8b65-2ae29e622754 0.523s
2025-11-12 21:50:40.739 65622 INFO tempest.lib.common.rest_client [req-73fb05f5-7864-4398-9e92-4ef2f8e7e209 req-73fb05f5-7864-4398-9e92-4ef2f8e7e209 ] Request (ServerRescueTestJSONUnderV235:setUpClass): 200 GET http://10.180.1.21/compute/v2.1/servers/da4b1aed-f029-4caa-bca6-3623d2af90f1 0.448s
2025-11-12 21:50:40.804 65656 INFO tempest.lib.common.rest_client [req-5c5ece52-e168-4529-8741-4985a603395f req-5c5ece52-e168-4529-8741-4985a603395f ] Request (FloatingIPsAssociationNegativeTestJSON:tearDownClass): 200 GET http://10.180.1.21/compute/v2.1/servers/1c1677d0-8e1e-45d0-b30e-b4f95feb79ab 0.445s
2025-11-12 21:50:40.829 65665 INFO tempest.lib.common.rest_client [req-44362579-49f7-47cf-a4c0-6e7bb09e177b req-44362579-49f7-47cf-a4c0-6e7bb09e177b ] Request (ListServersNegativeTestJSON:setUpClass): 200 GET http://10.180.1.21/compute/v2.1/servers/8392c11a-4a82-4160-8822-a05703bb7e68 0.517s
2025-11-12 21:50:40.861 65650 INFO tempest.lib.common.rest_client [req-91372003-22a6-4266-9b80-def8598045c4 req-91372003-22a6-4266-9b80-def8598045c4 ] Request (AttachInterfacesTestJSON:_run_cleanups): 200 GET http://10.180.1.21/compute/v2.1/servers/43ab3dc6-907b-4b13-a588-f69f01efac7a 0.477s
2025-11-12 21:50:40.895 65648 INFO tempest.lib.common.rest_client [req-8f509759-d2ac-4406-821f-ee28de26e697 req-8f509759-d2ac-4406-821f-ee28de26e697 ] Request (SecurityGroupsTestJSON:test_server_security_groups): 200 GET http://10.180.1.21/compute/v2.1/servers/a554b04c-a59e-4063-b6d8-36e131a37e10 0.460s
2025-11-12 21:50:40.955 65644 INFO tempest.lib.common.rest_client [req-2501824a-8c71-44a9-9287-14dd6f6dab62 req-2501824a-8c71-44a9-9287-14dd6f6dab62 ] Request (DeleteServersTestJSON:test_delete_active_server): 200 GET http://10.180.1.21/compute/v2.1/servers/8ff34a74-db41-465e-9e44-63570aad3437 0.506s
2025-11-12 21:50:40.979 65630 INFO tempest.lib.common.rest_client [req-929e3972-05d3-4f3d-b992-93958802aad2 req-929e3972-05d3-4f3d-b992-93958802aad2 ] Request (ServersAdminNegativeTestJSON:tearDownClass): 200 GET http://10.180.1.21/compute/v2.1/servers/ada54d2d-b587-46d3-859e-1a431d0fcc8b 0.474s
2025-11-12 21:50:41.040 65606 INFO tempest.lib.common.rest_client [req-bc7bfab0-aeff-4cfb-9c34-05c3065692a6 req-bc7bfab0-aeff-4cfb-9c34-05c3065692a6 ] Request (ServersWithSpecificFlavorTestJSON:test_verify_created_server_ephemeral_disk): 200 GET http://10.180.1.21/compute/v2.1/servers/1c8af1f3-d7a9-4dac-a9f3-86d2710ace8f 0.407s
2025-11-12 21:50:41.044 65638 INFO tempest.lib.common.rest_client [req-6ad5cedc-e638-4dd3-ac3d-186d214d2e94 req-6ad5cedc-e638-4dd3-ac3d-186d214d2e94 ] Request (ServerActionsTestJSON:test_reboot_server_hard): 202 POST http://10.180.1.21/compute/v2.1/servers/994bdf3b-3927-47c5-bec2-bc4e9fe1c1da/action 0.501s
2025-11-12 21:50:41.113 65652 INFO tempest.lib.common.rest_client [req-26660105-af11-4490-ba8c-7c3e34db77fc req-26660105-af11-4490-ba8c-7c3e34db77fc ] Request (ServerGroupTestJSON:test_create_server_with_scheduler_hint_group): 200 GET http://10.180.1.21/compute/v2.1/servers/0261740e-544c-4cd2-a8fb-c5c4885d412f 0.412s
2025-11-12 21:50:41.126 65628 INFO tempest.lib.common.rest_client [req-5490810b-2e43-49af-8983-c50fb6d0461d req-5490810b-2e43-49af-8983-c50fb6d0461d ] Request (ImagesOneServerNegativeTestJSON:_run_cleanups): 200 GET http://10.180.1.21/compute/v2.1/servers/7e2318e1-2dda-4934-b396-018aee0f8c68 0.466s
2025-11-12 21:50:41.184 65618 INFO tempest.lib.common.rest_client [req-8e4bb767-da50-422d-b38d-d7b49bb878c1 req-8e4bb767-da50-422d-b38d-d7b49bb878c1 ] Request (ServerActionsTestOtherA:test_rebuild_server_with_volume_attached): 200 GET http://10.180.1.21/compute/v2.1/servers/c3b09188-d7c3-4f4f-aecf-fef4f8160835 0.428s
2025-11-12 21:50:41.224 65634 INFO tempest.lib.common.rest_client [req-2aed8eae-57d5-4d4b-81f4-22a86f9f698c req-2aed8eae-57d5-4d4b-81f4-22a86f9f698c ] Request (ServersTestMultiNic:_run_cleanups): 200 GET http://10.180.1.21/compute/v2.1/servers/bd182c4b-37b4-434a-87cd-56514e4741f8 0.317s
2025-11-12 21:50:41.294 65632 INFO tempest.lib.common.rest_client [req-9c3d506d-c804-406f-a1cc-5fdcfd62311f req-9c3d506d-c804-406f-a1cc-5fdcfd62311f ] Request (MigrationsAdminTest:test_resize_server_revert_deleted_flavor): 200 GET http://10.180.1.21/compute/v2.1/servers/9fc293f5-1b67-4675-9bc0-ae236456030f 0.345s
2025-11-12 21:50:41.355 65662 INFO tempest.lib.common.rest_client [req-1e5abc45-96ae-4b84-93e8-86770f4717e2 req-1e5abc45-96ae-4b84-93e8-86770f4717e2 ] Request (ListImageFiltersTestJSON:tearDownClass): 200 GET http://10.180.1.21/compute/v2.1/servers/74fb1b7a-8a18-4a04-9bec-37f38f740c00 0.240s
2025-11-12 21:50:41.390 65638 INFO tempest.lib.common.rest_client [req-9b3248b7-b74d-429b-9495-b41b7a28dc1b req-9b3248b7-b74d-429b-9495-b41b7a28dc1b ] Request (ServerActionsTestJSON:test_reboot_server_hard): 200 GET http://10.180.1.21/compute/v2.1/servers/994bdf3b-3927-47c5-bec2-bc4e9fe1c1da 0.345s
2025-11-12 21:50:41.448 65642 INFO tempest.lib.common.rest_client [req-8215bcc4-4de2-4424-ae65-b2ec4f00fceb req-8215bcc4-4de2-4424-ae65-b2ec4f00fceb ] Request (ImagesOneServerTestJSON:setUpClass): 200 GET http://10.180.1.21/compute/v2.1/servers/45336449-c18c-4cc6-919d-092adfc3744a 0.271s
2025-11-12 21:50:41.466 65624 INFO tempest.lib.common.rest_client [req-db6fee71-acf9-47d7-92b4-d25913c30972 req-db6fee71-acf9-47d7-92b4-d25913c30972 ] Request (ServersV294TestFqdnHostnames:setUpClass): 200 GET http://10.180.1.21/compute/v2.1/servers/d8d79f55-70f7-4450-b3b3-adf4bcbbc307 0.314s
2025-11-12 21:50:41.476 65624 INFO tempest.common.waiters [-] State transition "BUILD/block_device_mapping" ==> "BUILD/spawning" after 51 second wait
2025-11-12 21:50:41.501 65610 INFO tempest.lib.common.rest_client [req-7e5c1393-a5aa-4e6f-9ef2-7a772d117f58 req-7e5c1393-a5aa-4e6f-9ef2-7a772d117f58 ] Request (ServerPasswordTestJSON:setUpClass): 200 GET http://10.180.1.21/compute/v2.1/servers/65fa5d6e-d7ec-4217-a0b0-84cbbd4906e0 0.251s
2025-11-12 21:50:41.524 65654 INFO tempest.lib.common.rest_client [req-9401f7eb-a035-4b5f-b8c2-61b01738fdac req-9401f7eb-a035-4b5f-b8c2-61b01738fdac ] Request (ServerMetadataTestJSON:tearDownClass): 404 GET http://10.180.1.21/compute/v2.1/servers/422bc6aa-abe7-4ff5-b1da-e0958ac94eb6 0.213s
2025-11-12 21:50:41.572 65604 INFO tempest.lib.common.rest_client [req-15b58551-54ef-433b-9baa-eb767a056a6f req-15b58551-54ef-433b-9baa-eb767a056a6f ] Request (FloatingIPsAssociationTestJSON:test_associate_already_associated_floating_ip): 200 GET http://10.180.1.21/compute/v2.1/servers/4cfc165b-ee43-43b2-a84d-de12a21e0573 0.302s
2025-11-12 21:50:41.594 65626 INFO tempest.lib.common.rest_client [req-d4060672-0965-462d-9188-d81f9be7b72c req-d4060672-0965-462d-9188-d81f9be7b72c ] Request (VolumesAssistedSnapshotsTest:tearDownClass): 200 GET http://10.180.1.21/compute/v2.1/servers/15fd0266-f316-4b13-95bb-7fa8348a3a34 0.259s
2025-11-12 21:50:41.625 65646 INFO tempest.lib.common.rest_client [req-2c57b755-99b9-438c-b154-f2e1ff0a07f4 req-2c57b755-99b9-438c-b154-f2e1ff0a07f4 ] Request (ServersTestJSON:test_create_server_specify_multibyte_character_name): 200 GET http://10.180.1.21/compute/v2.1/servers/5038d9a8-e11c-4385-8028-a394f74a1eee 0.200s
2025-11-12 21:50:41.709 65620 INFO tempest.lib.common.rest_client [req-24bad288-5183-4d67-95e2-a827176b781d req-24bad288-5183-4d67-95e2-a827176b781d ] Request (ListServerFiltersTestJSON:test_list_servers_filter_by_shutoff_status): 200 GET http://10.180.1.21/compute/v2.1/servers/ad40a97e-6e17-4eba-80af-88eebd513a77 0.229s
2025-11-12 21:50:41.758 65608 INFO tempest.lib.common.rest_client [req-5623e670-a670-45dc-8c7d-7a987e4e9cfd req-5623e670-a670-45dc-8c7d-7a987e4e9cfd ] Request (ServersAdminTestJSON:tearDownClass): 200 GET http://10.180.1.21/compute/v2.1/servers/07fc6876-f2db-4abf-9695-dd5771d21c70 0.071s
2025-11-12 21:50:41.774 65614 INFO tempest.lib.common.rest_client [req-e99dd181-ffa3-41d5-8dd9-4c57c4d5a2ea req-e99dd181-ffa3-41d5-8dd9-4c57c4d5a2ea ] Request (ServerMetadataNegativeTestJSON:setUpClass): 200 GET http://10.180.1.21/compute/v2.1/servers/a69f6d2f-0070-40c7-91da-ac9e433b3c42 0.072s
2025-11-12 21:50:41.821 65612 INFO tempest.lib.common.rest_client [req-279a49b4-0011-429b-bc94-ec13905f5186 req-279a49b4-0011-429b-bc94-ec13905f5186 ] Request (TenantUsagesTestJSON:setUpClass): 200 GET http://10.180.1.21/compute/v2.1/servers/15d0e4b9-a47b-46a0-8b65-2ae29e622754 0.087s
2025-11-12 21:50:41.835 65622 INFO tempest.lib.common.rest_client [req-3dbce171-5f5b-4869-a4e2-4104e4e71ce8 req-3dbce171-5f5b-4869-a4e2-4104e4e71ce8 ] Request (ServerRescueTestJSONUnderV235:setUpClass): 200 GET http://10.180.1.21/compute/v2.1/servers/da4b1aed-f029-4caa-bca6-3623d2af90f1 0.087s
2025-11-12 21:50:41.896 65656 INFO tempest.lib.common.rest_client [req-b0fbd842-e830-48ba-a235-6fe60b930f19 req-b0fbd842-e830-48ba-a235-6fe60b930f19 ] Request (FloatingIPsAssociationNegativeTestJSON:tearDownClass): 200 GET http://10.180.1.21/compute/v2.1/servers/1c1677d0-8e1e-45d0-b30e-b4f95feb79ab 0.083s
2025-11-12 21:50:41.981 65665 INFO tempest.lib.common.rest_client [req-226e4735-def3-48f0-aacb-70f2de93000e req-226e4735-def3-48f0-aacb-70f2de93000e ] Request (ListServersNegativeTestJSON:setUpClass): 200 GET http://10.180.1.21/compute/v2.1/servers/8392c11a-4a82-4160-8822-a05703bb7e68 0.144s
2025-11-12 21:50:41.995 65650 INFO tempest.lib.common.rest_client [req-1e5b2384-a9ba-48ec-a502-fb1cad278dc6 req-1e5b2384-a9ba-48ec-a502-fb1cad278dc6 ] Request (AttachInterfacesTestJSON:_run_cleanups): 200 GET http://10.180.1.21/compute/v2.1/servers/43ab3dc6-907b-4b13-a588-f69f01efac7a 0.126s
2025-11-12 21:50:42.055 65648 INFO tempest.lib.common.rest_client [req-fb0d2010-d191-4725-a316-03da923ebc5f req-fb0d2010-d191-4725-a316-03da923ebc5f ] Request (SecurityGroupsTestJSON:test_server_security_groups): 200 GET http://10.180.1.21/compute/v2.1/servers/a554b04c-a59e-4063-b6d8-36e131a37e10 0.150s
2025-11-12 21:50:42.074 65644 INFO tempest.lib.common.rest_client [req-ea3b0193-73ae-4163-a129-7c0ac9a0334f req-ea3b0193-73ae-4163-a129-7c0ac9a0334f ] Request (DeleteServersTestJSON:test_delete_active_server): 200 GET http://10.180.1.21/compute/v2.1/servers/8ff34a74-db41-465e-9e44-63570aad3437 0.111s
2025-11-12 21:50:42.131 65630 INFO tempest.lib.common.rest_client [req-2304dc16-cd8a-4993-a11d-625842255f9a req-2304dc16-cd8a-4993-a11d-625842255f9a ] Request (ServersAdminNegativeTestJSON:tearDownClass): 200 GET http://10.180.1.21/compute/v2.1/servers/ada54d2d-b587-46d3-859e-1a431d0fcc8b 0.144s
2025-11-12 21:50:42.151 65606 INFO tempest.lib.common.rest_client [req-dd940517-c2c7-4e60-a923-aac3f85d4114 req-dd940517-c2c7-4e60-a923-aac3f85d4114 ] Request (ServersWithSpecificFlavorTestJSON:test_verify_created_server_ephemeral_disk): 200 GET http://10.180.1.21/compute/v2.1/servers/1c8af1f3-d7a9-4dac-a9f3-86d2710ace8f 0.102s
2025-11-12 21:50:42.193 65652 INFO tempest.lib.common.rest_client [req-2f4c3bbd-0991-405f-b34f-17410f60a29e req-2f4c3bbd-0991-405f-b34f-17410f60a29e ] Request (ServerGroupTestJSON:test_create_server_with_scheduler_hint_group): 200 GET http://10.180.1.21/compute/v2.1/servers/0261740e-544c-4cd2-a8fb-c5c4885d412f 0.069s
2025-11-12 21:50:42.228 65628 INFO tempest.lib.common.rest_client [req-e5c62d14-1a3f-413f-9904-9c4672aea9f1 req-e5c62d14-1a3f-413f-9904-9c4672aea9f1 ] Request (ImagesOneServerNegativeTestJSON:_run_cleanups): 200 GET http://10.180.1.21/compute/v2.1/servers/7e2318e1-2dda-4934-b396-018aee0f8c68 0.093s
2025-11-12 21:50:42.235 65628 INFO tempest.common.waiters [-] State transition "ACTIVE/deleting" ==> "DELETED/None" after 4 second wait
2025-11-12 21:50:42.278 65618 INFO tempest.lib.common.rest_client [req-a75f63c8-e279-4b9c-9146-c9476223b3e3 req-a75f63c8-e279-4b9c-9146-c9476223b3e3 ] Request (ServerActionsTestOtherA:test_rebuild_server_with_volume_attached): 200 GET http://10.180.1.21/compute/v2.1/servers/c3b09188-d7c3-4f4f-aecf-fef4f8160835 0.085s
2025-11-12 21:50:42.311 65634 INFO tempest.lib.common.rest_client [req-150a8f1a-d217-4ee0-b4db-92d13b85fc64 req-150a8f1a-d217-4ee0-b4db-92d13b85fc64 ] Request (ServersTestMultiNic:_run_cleanups): 200 GET http://10.180.1.21/compute/v2.1/servers/bd182c4b-37b4-434a-87cd-56514e4741f8 0.079s
2025-11-12 21:50:42.334 65654 INFO tempest.lib.common.rest_client [req-89188b76-771a-4bc4-ab15-fa5b03e730d7 req-89188b76-771a-4bc4-ab15-fa5b03e730d7 ] Request (ServerMetadataTestJSON:tearDownClass): 200 PUT http://10.180.1.21/networking/v2.0/routers/61d2bff8-43cb-4ed8-9566-4a5706e77a8e/remove_router_interface 0.809s
2025-11-12 21:50:42.479 65632 INFO tempest.lib.common.rest_client [req-0bdf4272-a07f-4e1b-b21d-d3c1722fa9c9 req-0bdf4272-a07f-4e1b-b21d-d3c1722fa9c9 ] Request (MigrationsAdminTest:test_resize_server_revert_deleted_flavor): 200 GET http://10.180.1.21/compute/v2.1/servers/9fc293f5-1b67-4675-9bc0-ae236456030f 0.176s
2025-11-12 21:50:42.495 65662 INFO tempest.lib.common.rest_client [req-6bc354b5-ec8b-4359-8e2a-b1c51dd56f2c req-6bc354b5-ec8b-4359-8e2a-b1c51dd56f2c ] Request (ListImageFiltersTestJSON:tearDownClass): 200 GET http://10.180.1.21/compute/v2.1/servers/74fb1b7a-8a18-4a04-9bec-37f38f740c00 0.132s
2025-11-12 21:50:42.598 65642 INFO tempest.lib.common.rest_client [req-78bc45ff-8f8b-4c7c-833b-b98b9d29b97e req-78bc45ff-8f8b-4c7c-833b-b98b9d29b97e ] Request (ImagesOneServerTestJSON:setUpClass): 200 GET http://10.180.1.21/compute/v2.1/servers/45336449-c18c-4cc6-919d-092adfc3744a 0.137s
2025-11-12 21:50:42.654 65638 INFO tempest.lib.common.rest_client [req-b2cde2d5-4c81-4a49-a824-fe6ab47cf267 req-b2cde2d5-4c81-4a49-a824-fe6ab47cf267 ] Request (ServerActionsTestJSON:test_reboot_server_hard): 200 GET http://10.180.1.21/compute/v2.1/servers/994bdf3b-3927-47c5-bec2-bc4e9fe1c1da 0.252s
2025-11-12 21:50:42.700 65654 INFO tempest.lib.common.rest_client [req-6a391bbe-7a03-431a-8ef6-066289cdba57 req-6a391bbe-7a03-431a-8ef6-066289cdba57 ] Request (ServerMetadataTestJSON:tearDownClass): 204 DELETE http://10.180.1.21/networking/v2.0/routers/61d2bff8-43cb-4ed8-9566-4a5706e77a8e 0.366s
2025-11-12 21:50:42.730 65610 INFO tempest.lib.common.rest_client [req-652ccd14-19f1-4395-80fd-4d5d3b638487 req-652ccd14-19f1-4395-80fd-4d5d3b638487 ] Request (ServerPasswordTestJSON:setUpClass): 200 GET http://10.180.1.21/compute/v2.1/servers/65fa5d6e-d7ec-4217-a0b0-84cbbd4906e0 0.220s
2025-11-12 21:50:42.806 65624 INFO tempest.lib.common.rest_client [req-116f5f5e-b980-4aef-a241-7cfa4e4bb0a5 req-116f5f5e-b980-4aef-a241-7cfa4e4bb0a5 ] Request (ServersV294TestFqdnHostnames:setUpClass): 200 GET http://10.180.1.21/compute/v2.1/servers/d8d79f55-70f7-4450-b3b3-adf4bcbbc307 0.329s
2025-11-12 21:50:42.845 65654 INFO tempest.lib.common.rest_client [req-bead4b6e-1a36-43a5-8bf0-e1fdbaad9fde req-bead4b6e-1a36-43a5-8bf0-e1fdbaad9fde ] Request (ServerMetadataTestJSON:tearDownClass): 204 DELETE http://10.180.1.21/networking/v2.0/subnets/88f6a0e6-014c-4399-b5d3-df08525e452a 0.144s
2025-11-12 21:50:42.918 65604 INFO tempest.lib.common.rest_client [req-be916f8e-333d-4555-b1a7-74f2e338c11c req-be916f8e-333d-4555-b1a7-74f2e338c11c ] Request (FloatingIPsAssociationTestJSON:test_associate_already_associated_floating_ip): 200 GET http://10.180.1.21/compute/v2.1/servers/4cfc165b-ee43-43b2-a84d-de12a21e0573 0.336s
2025-11-12 21:50:42.927 65626 INFO tempest.lib.common.rest_client [req-fa19a0ec-1f7b-4fcb-81fc-857d70384c6d req-fa19a0ec-1f7b-4fcb-81fc-857d70384c6d ] Request (VolumesAssistedSnapshotsTest:tearDownClass): 200 GET http://10.180.1.21/compute/v2.1/servers/15fd0266-f316-4b13-95bb-7fa8348a3a34 0.324s
2025-11-12 21:50:42.928 65604 INFO tempest.common.waiters [-] State transition "BUILD/spawning" ==> "ACTIVE/None" after 54 second wait
2025-11-12 21:50:43.031 65646 INFO tempest.lib.common.rest_client [req-76929bde-135a-4ae9-bf06-652495ec6e04 req-76929bde-135a-4ae9-bf06-652495ec6e04 ] Request (ServersTestJSON:test_create_server_specify_multibyte_character_name): 200 GET http://10.180.1.21/compute/v2.1/servers/5038d9a8-e11c-4385-8028-a394f74a1eee 0.397s
2025-11-12 21:50:43.167 65608 INFO tempest.lib.common.rest_client [req-eae24db3-47d6-49c6-825e-ae46eafda51c req-eae24db3-47d6-49c6-825e-ae46eafda51c ] Request (ServersAdminTestJSON:tearDownClass): 200 GET http://10.180.1.21/compute/v2.1/servers/07fc6876-f2db-4abf-9695-dd5771d21c70 0.401s
2025-11-12 21:50:43.203 65620 INFO tempest.lib.common.rest_client [req-3f80def6-acdf-4adf-9884-fe440a92daa6 req-3f80def6-acdf-4adf-9884-fe440a92daa6 ] Request (ListServerFiltersTestJSON:test_list_servers_filter_by_shutoff_status): 200 GET http://10.180.1.21/compute/v2.1/servers/ad40a97e-6e17-4eba-80af-88eebd513a77 0.487s
2025-11-12 21:50:43.209 65654 INFO tempest.lib.common.rest_client [req-81782911-2533-4f39-bc74-46c1d3f5a326 req-81782911-2533-4f39-bc74-46c1d3f5a326 ] Request (ServerMetadataTestJSON:tearDownClass): 204 DELETE http://10.180.1.21/networking/v2.0/networks/07d54922-5187-4d1e-a251-894e118bdf77 0.363s
2025-11-12 21:50:43.211 65620 INFO tempest.common.waiters [-] State transition "SHUTOFF/powering-on" ==> "ACTIVE/None" after 6 second wait
2025-11-12 21:50:43.244 65614 INFO tempest.lib.common.rest_client [req-e9b56040-85d3-416c-b55f-52686bd13597 req-e9b56040-85d3-416c-b55f-52686bd13597 ] Request (ServerMetadataNegativeTestJSON:setUpClass): 200 GET http://10.180.1.21/compute/v2.1/servers/a69f6d2f-0070-40c7-91da-ac9e433b3c42 0.462s
2025-11-12 21:50:43.261 65612 INFO tempest.lib.common.rest_client [req-f31148a4-73f3-4b69-bcab-3c16a03b19a0 req-f31148a4-73f3-4b69-bcab-3c16a03b19a0 ] Request (TenantUsagesTestJSON:setUpClass): 200 GET http://10.180.1.21/compute/v2.1/servers/15d0e4b9-a47b-46a0-8b65-2ae29e622754 0.431s
2025-11-12 21:50:43.305 65622 INFO tempest.lib.common.rest_client [req-424251ce-1e2e-4b92-b037-b36421445261 req-424251ce-1e2e-4b92-b037-b36421445261 ] Request (ServerRescueTestJSONUnderV235:setUpClass): 200 GET http://10.180.1.21/compute/v2.1/servers/da4b1aed-f029-4caa-bca6-3623d2af90f1 0.461s
2025-11-12 21:50:43.326 65656 INFO tempest.lib.common.rest_client [req-375695ba-5823-44f4-9855-ab1320027dff req-375695ba-5823-44f4-9855-ab1320027dff ] Request (FloatingIPsAssociationNegativeTestJSON:tearDownClass): 200 GET http://10.180.1.21/compute/v2.1/servers/1c1677d0-8e1e-45d0-b30e-b4f95feb79ab 0.422s
2025-11-12 21:50:43.344 65654 INFO tempest.lib.common.rest_client [req-bdc0cf36-6166-49ee-bdcc-d02dacf57729 req-bdc0cf36-6166-49ee-bdcc-d02dacf57729 ] Request (ServerMetadataTestJSON:tearDownClass): 204 DELETE http://10.180.1.21/identity/v3/users/bf30bb75770547f79121ba53e2296ae5 0.135s
2025-11-12 21:50:43.344 65654 INFO tempest.lib.common.dynamic_creds [-] Deleting project and security group for project: b50337bf00b148d593b2e6971610d177
2025-11-12 21:50:43.383 65654 INFO tempest.lib.common.rest_client [req-3e89f62c-18c8-42c0-b882-05656dda89b7 req-3e89f62c-18c8-42c0-b882-05656dda89b7 ] Request (ServerMetadataTestJSON:tearDownClass): 200 GET http://10.180.1.21/networking/v2.0/security-groups?tenant_id=b50337bf00b148d593b2e6971610d177&name=default 0.039s
2025-11-12 21:50:43.468 65665 INFO tempest.lib.common.rest_client [req-cd78a99f-828f-4f36-9072-005609fdf6ba req-cd78a99f-828f-4f36-9072-005609fdf6ba ] Request (ListServersNegativeTestJSON:setUpClass): 200 GET http://10.180.1.21/compute/v2.1/servers/8392c11a-4a82-4160-8822-a05703bb7e68 0.477s
2025-11-12 21:50:43.474 65665 INFO tempest.common.waiters [-] State transition "BUILD/spawning" ==> "ACTIVE/None" after 9 second wait
2025-11-12 21:50:43.512 65654 INFO tempest.lib.common.rest_client [req-142c2b90-8c21-4c12-a304-c83eccb45251 req-142c2b90-8c21-4c12-a304-c83eccb45251 ] Request (ServerMetadataTestJSON:tearDownClass): 204 DELETE http://10.180.1.21/networking/v2.0/security-groups/50ed80b9-807a-4209-8f2a-9491f0a72cee 0.128s
2025-11-12 21:50:43.553 65650 INFO tempest.lib.common.rest_client [req-db830c24-5f5b-4707-9e16-8a740b1a8e9a req-db830c24-5f5b-4707-9e16-8a740b1a8e9a ] Request (AttachInterfacesTestJSON:_run_cleanups): 200 GET http://10.180.1.21/compute/v2.1/servers/43ab3dc6-907b-4b13-a588-f69f01efac7a 0.549s
2025-11-12 21:50:43.644 65648 INFO tempest.lib.common.rest_client [req-555fbc35-1fdd-4363-9643-706c87ed55d6 req-555fbc35-1fdd-4363-9643-706c87ed55d6 ] Request (SecurityGroupsTestJSON:test_server_security_groups): 200 GET http://10.180.1.21/compute/v2.1/servers/a554b04c-a59e-4063-b6d8-36e131a37e10 0.576s
2025-11-12 21:50:43.652 65654 INFO tempest.lib.common.rest_client [req-156763c3-bd15-457c-aced-74b30bf6bafb req-156763c3-bd15-457c-aced-74b30bf6bafb ] Request (ServerMetadataTestJSON:tearDownClass): 204 DELETE http://10.180.1.21/identity/v3/projects/b50337bf00b148d593b2e6971610d177 0.140s
2025-11-12 21:50:43.714 65644 INFO tempest.lib.common.rest_client [req-282e4f3e-6de2-4278-8c35-351cb0f6e95a req-282e4f3e-6de2-4278-8c35-351cb0f6e95a ] Request (DeleteServersTestJSON:test_delete_active_server): 200 GET http://10.180.1.21/compute/v2.1/servers/8ff34a74-db41-465e-9e44-63570aad3437 0.630s
2025-11-12 21:50:43.729 65654 INFO tempest.lib.common.rest_client [req-0d9a7dbb-8817-4f78-bf07-1513186c638b req-0d9a7dbb-8817-4f78-bf07-1513186c638b ] Request (ServerShowV254Test:setUpClass): 201 POST http://10.180.1.21/identity/v3/auth/tokens 0.074s
2025-11-12 21:50:43.769 65654 INFO tempest.lib.common.rest_client [req-47472d67-9b0b-4a40-90f8-443b8f01d06f req-47472d67-9b0b-4a40-90f8-443b8f01d06f ] Request (ServerShowV254Test:setUpClass): 201 POST http://10.180.1.21/identity/v3/auth/tokens 0.033s
2025-11-12 21:50:43.785 65630 INFO tempest.lib.common.rest_client [req-99dfb5b1-6c3d-4bfd-9cb5-0cc640d0b1d8 req-99dfb5b1-6c3d-4bfd-9cb5-0cc640d0b1d8 ] Request (ServersAdminNegativeTestJSON:tearDownClass): 200 GET http://10.180.1.21/compute/v2.1/servers/ada54d2d-b587-46d3-859e-1a431d0fcc8b 0.645s
2025-11-12 21:50:43.797 65654 INFO tempest.lib.common.rest_client [req-aace7a0b-b320-4fe5-9e00-37445708d3bf req-aace7a0b-b320-4fe5-9e00-37445708d3bf ] Request (ServerShowV254Test:setUpClass): 200 GET http://10.180.1.21/identity/v3/domains?name=Default 0.027s
2025-11-12 21:50:43.830 65654 INFO tempest.lib.common.rest_client [req-dbb7943a-7f5d-4ae6-8350-f612a1375a4d req-dbb7943a-7f5d-4ae6-8350-f612a1375a4d ] Request (ServerShowV254Test:setUpClass): 201 POST http://10.180.1.21/identity/v3/projects 0.032s
2025-11-12 21:50:43.847 65606 INFO tempest.lib.common.rest_client [req-cc4e59b5-1261-41a3-8d06-ea10eb5181a2 req-cc4e59b5-1261-41a3-8d06-ea10eb5181a2 ] Request (ServersWithSpecificFlavorTestJSON:test_verify_created_server_ephemeral_disk): 200 GET http://10.180.1.21/compute/v2.1/servers/1c8af1f3-d7a9-4dac-a9f3-86d2710ace8f 0.688s
2025-11-12 21:50:43.909 65652 INFO tempest.lib.common.rest_client [req-b377ad86-e44f-4a5a-b693-277cb86ee573 req-b377ad86-e44f-4a5a-b693-277cb86ee573 ] Request (ServerGroupTestJSON:test_create_server_with_scheduler_hint_group): 200 GET http://10.180.1.21/compute/v2.1/servers/0261740e-544c-4cd2-a8fb-c5c4885d412f 0.708s
2025-11-12 21:50:43.916 65652 INFO tempest.common.waiters [-] State transition "BUILD/scheduling" ==> "BUILD/None" after 8 second wait
2025-11-12 21:50:43.919 65620 INFO tempest.lib.common.rest_client [req-4dd02dc2-1e05-49b6-8d11-8c83d5cee578 req-4dd02dc2-1e05-49b6-8d11-8c83d5cee578 ] Request (ListServerFiltersTestJSON:test_list_servers_filter_by_zero_limit): 200 GET http://10.180.1.21/compute/v2.1/servers?limit=0 0.706s
2025-11-12 21:50:43.992 65654 INFO tempest.lib.common.rest_client [req-affdef56-3657-4c51-99d5-53c4256d1475 req-affdef56-3657-4c51-99d5-53c4256d1475 ] Request (ServerShowV254Test:setUpClass): 201 POST http://10.180.1.21/identity/v3/users 0.161s
2025-11-12 21:50:44.000 65628 INFO tempest.lib.common.rest_client [req-715828d6-b33d-4d62-8c52-10bf2175ee2c req-715828d6-b33d-4d62-8c52-10bf2175ee2c ] Request (ImagesOneServerNegativeTestJSON:_run_cleanups): 200 GET http://10.180.1.21/compute/v2.1/servers/7e2318e1-2dda-4934-b396-018aee0f8c68 0.763s
2025-11-12 21:50:44.016 65654 INFO tempest.lib.common.rest_client [req-98d6c885-1e70-4a61-8a01-85f247643fad req-98d6c885-1e70-4a61-8a01-85f247643fad ] Request (ServerShowV254Test:setUpClass): 200 GET http://10.180.1.21/identity/v3/roles 0.024s
2025-11-12 21:50:44.049 65654 INFO tempest.lib.common.rest_client [req-572599ef-b2bc-4543-a62b-643394abe875 req-572599ef-b2bc-4543-a62b-643394abe875 ] Request (ServerShowV254Test:setUpClass): 204 PUT http://10.180.1.21/identity/v3/projects/dac4ed02332c4ee99d3407f602bb726d/users/9b23718305f34d54bef51e1ceeed6e1f/roles/e9552d7fb4884933a96b9da4c82438fe 0.032s
2025-11-12 21:50:44.049 65654 INFO tempest.lib.common.dynamic_creds [-] Dynamic test user 9b23718305f34d54bef51e1ceeed6e1f is created with scope project and roles: ['member']
2025-11-12 21:50:44.049 65654 INFO tempest.lib.common.dynamic_creds [-] Acquired dynamic creds: credentials: Credentials: {'domain_id': 'default', 'domain_name': 'Default', 'username': 'tempest-ServerShowV254Test-28205697-project-member', 'project_domain_id': 'default', 'project_domain_name': 'Default', 'project_id': 'dac4ed02332c4ee99d3407f602bb726d', 'project_name': 'tempest-ServerShowV254Test-28205697', 'tenant_id': 'dac4ed02332c4ee99d3407f602bb726d', 'tenant_name': 'tempest-ServerShowV254Test-28205697', 'user_domain_id': 'default', 'user_domain_name': 'Default', 'user_id': '9b23718305f34d54bef51e1ceeed6e1f', 'system': None}, Network: None, Subnet: None, Router: None
2025-11-12 21:50:44.049 65654 INFO tempest.lib.common.dynamic_creds [-] Created isolated network resources for: credentials: Credentials: {'domain_id': 'default', 'domain_name': 'Default', 'username': 'tempest-ServerShowV254Test-28205697-project-member', 'project_domain_id': 'default', 'project_domain_name': 'Default', 'project_id': 'dac4ed02332c4ee99d3407f602bb726d', 'project_name': 'tempest-ServerShowV254Test-28205697', 'tenant_id': 'dac4ed02332c4ee99d3407f602bb726d', 'tenant_name': 'tempest-ServerShowV254Test-28205697', 'user_domain_id': 'default', 'user_domain_name': 'Default', 'user_id': '9b23718305f34d54bef51e1ceeed6e1f', 'system': None}, Network: None, Subnet: None, Router: None
2025-11-12 21:50:44.120 65618 INFO tempest.lib.common.rest_client [req-2286c797-bd35-412f-9700-36afaa439be0 req-2286c797-bd35-412f-9700-36afaa439be0 ] Request (ServerActionsTestOtherA:test_rebuild_server_with_volume_attached): 200 GET http://10.180.1.21/compute/v2.1/servers/c3b09188-d7c3-4f4f-aecf-fef4f8160835 0.834s
2025-11-12 21:50:44.180 65654 INFO tempest.lib.common.rest_client [req-cc571f97-f443-4f27-8dee-1684cb5f8f48 req-cc571f97-f443-4f27-8dee-1684cb5f8f48 ] Request (ServerShowV254Test:setUpClass): 201 POST http://10.180.1.21/identity/v3/auth/tokens 0.127s
2025-11-12 21:50:44.208 65634 INFO tempest.lib.common.rest_client [req-457c4881-044b-4ec9-b735-ed48cd035d31 req-457c4881-044b-4ec9-b735-ed48cd035d31 ] Request (ServersTestMultiNic:_run_cleanups): 200 GET http://10.180.1.21/compute/v2.1/servers/bd182c4b-37b4-434a-87cd-56514e4741f8 0.890s
2025-11-12 21:50:44.214 65654 INFO tempest.lib.common.rest_client [req-ce1c47b2-c281-4317-842d-b2e6efb06c06 req-ce1c47b2-c281-4317-842d-b2e6efb06c06 ] Request (ServerShowV254Test:test_rebuild_server): 201 POST http://10.180.1.21/identity/v3/auth/tokens 0.029s
