2025-11-12 21:47:23.601 65638 INFO tempest.lib.common.rest_client [req-232fb9ad-0de6-4dcf-9968-73e3d2d4a28c req-232fb9ad-0de6-4dcf-9968-73e3d2d4a28c ] Request (NetworksTest:tearDownClass): 200 GET http://10.180.1.21/networking/v2.0/security-groups?tenant_id=8ed474bf483d41e2bbddda1a3a4d421e&name=default 0.249s
2025-11-12 21:47:23.676 65656 INFO tempest.lib.common.rest_client [req-89c0adbb-e7e5-44cc-99fb-bc8f8868eb1a req-89c0adbb-e7e5-44cc-99fb-bc8f8868eb1a ] Request (InstanceUsageAuditLogNegativeTestJSON:tearDownClass): 204 DELETE http://10.180.1.21/identity/v3/projects/1912d6de5fe34fb2b4a401a325d99b6e 0.081s
2025-11-12 21:47:23.676 65656 INFO tempest.lib.common.dynamic_creds [-] Deleting project and security group for project: 1991cc5e376049ef964afdd45d69600b
2025-11-12 21:47:23.785 65638 INFO tempest.lib.common.rest_client [req-b7acbc21-420a-4359-856c-fb49b0b7a6d9 req-b7acbc21-420a-4359-856c-fb49b0b7a6d9 ] Request (NetworksTest:tearDownClass): 204 DELETE http://10.180.1.21/networking/v2.0/security-groups/68a0f96d-507a-47e2-80ad-c698cf7fe98a 0.183s
2025-11-12 21:47:23.922 65656 INFO tempest.lib.common.rest_client [req-ef116721-9ed6-4db9-be3f-5cf0cf4d1cf4 req-ef116721-9ed6-4db9-be3f-5cf0cf4d1cf4 ] Request (InstanceUsageAuditLogNegativeTestJSON:tearDownClass): 200 GET http://10.180.1.21/networking/v2.0/security-groups?tenant_id=1991cc5e376049ef964afdd45d69600b&name=default 0.246s
2025-11-12 21:47:23.924 65638 INFO tempest.lib.common.rest_client [req-7be0f2d2-f0c1-4336-9706-84cd311c3274 req-7be0f2d2-f0c1-4336-9706-84cd311c3274 ] Request (NetworksTest:tearDownClass): 204 DELETE http://10.180.1.21/identity/v3/projects/8ed474bf483d41e2bbddda1a3a4d421e 0.138s
2025-11-12 21:47:23.925 65638 INFO tempest.lib.common.dynamic_creds [-] Deleting project and security group for project: 41a00779dd1d42b191e12a1384aae407
2025-11-12 21:47:24.075 65656 INFO tempest.lib.common.rest_client [req-408a66c1-67ae-431b-8c94-d4837f153e74 req-408a66c1-67ae-431b-8c94-d4837f153e74 ] Request (InstanceUsageAuditLogNegativeTestJSON:tearDownClass): 204 DELETE http://10.180.1.21/networking/v2.0/security-groups/1765e7f8-89cf-4004-aa7c-cffc6b1fa21d 0.152s
2025-11-12 21:47:24.160 65638 INFO tempest.lib.common.rest_client [req-ecdf92d9-79b2-4150-83b0-887820570a0e req-ecdf92d9-79b2-4150-83b0-887820570a0e ] Request (NetworksTest:tearDownClass): 200 GET http://10.180.1.21/networking/v2.0/security-groups?tenant_id=41a00779dd1d42b191e12a1384aae407&name=default 0.234s
2025-11-12 21:47:24.190 65656 INFO tempest.lib.common.rest_client [req-4b4b64c4-aa28-418f-abfe-75337f956484 req-4b4b64c4-aa28-418f-abfe-75337f956484 ] Request (InstanceUsageAuditLogNegativeTestJSON:tearDownClass): 204 DELETE http://10.180.1.21/identity/v3/projects/1991cc5e376049ef964afdd45d69600b 0.115s
2025-11-12 21:47:24.254 65656 INFO tempest.lib.common.rest_client [req-a390dea3-9dfd-43ff-b0af-d5ff481cf4cd req-a390dea3-9dfd-43ff-b0af-d5ff481cf4cd ] Request (QuotasAdminTestV257:setUpClass): 201 POST http://10.180.1.21/identity/v3/auth/tokens 0.062s
2025-11-12 21:47:24.265 65636 INFO tempest.lib.common.rest_client [req-8fd26731-446b-4f9a-b735-d50f92853bd4 req-8fd26731-446b-4f9a-b735-d50f92853bd4 ] Request (FloatingIPDetailsTestJSON:setUpClass): 200 POST http://10.180.1.21/compute/v2.1/os-floating-ips 5.724s
2025-11-12 21:47:24.291 65638 INFO tempest.lib.common.rest_client [req-51d0fcc8-feac-4b1a-9dab-3deadb136852 req-51d0fcc8-feac-4b1a-9dab-3deadb136852 ] Request (NetworksTest:tearDownClass): 204 DELETE http://10.180.1.21/networking/v2.0/security-groups/6c510f2f-944d-43e4-9c34-eb8ad01caa09 0.130s
2025-11-12 21:47:24.291 65656 INFO tempest.lib.common.rest_client [req-80e140d9-2db1-4157-a374-26be02d61300 req-80e140d9-2db1-4157-a374-26be02d61300 ] Request (QuotasAdminTestV257:setUpClass): 201 POST http://10.180.1.21/identity/v3/auth/tokens 0.034s
2025-11-12 21:47:24.318 65656 INFO tempest.lib.common.rest_client [req-b83a422b-9bed-43f7-a51e-080fc577a511 req-b83a422b-9bed-43f7-a51e-080fc577a511 ] Request (QuotasAdminTestV257:setUpClass): 200 GET http://10.180.1.21/identity/v3/domains?name=Default 0.026s
2025-11-12 21:47:24.347 65654 INFO tempest.lib.common.rest_client [req-3c559b5e-663c-45ca-bd21-b14c7d14c836 req-3c559b5e-663c-45ca-bd21-b14c7d14c836 ] Request (FlavorsExtraSpecsTestJSON:test_flavor_non_admin_get_all_keys): 200 GET http://10.180.1.21/compute/v2.1/flavors/15405381/os-extra_specs 5.795s
2025-11-12 21:47:24.377 65638 INFO tempest.lib.common.rest_client [req-4f429df3-7217-4c79-b863-3a86beb0a6c3 req-4f429df3-7217-4c79-b863-3a86beb0a6c3 ] Request (NetworksTest:tearDownClass): 204 DELETE http://10.180.1.21/identity/v3/projects/41a00779dd1d42b191e12a1384aae407 0.085s
2025-11-12 21:47:24.378 65638 INFO tempest.test [-] raised in SpiceDirectConsoleTestJSON.setUpClass. Invoking tearDownClass.
2025-11-12 21:47:24.457 65638 INFO tempest.lib.common.rest_client [req-b9991efa-23e7-46e8-aee1-5ad7fcb57ca5 req-b9991efa-23e7-46e8-aee1-5ad7fcb57ca5 ] Request (KeyPairsV2TestJSON:setUpClass): 201 POST http://10.180.1.21/identity/v3/auth/tokens 0.075s
2025-11-12 21:47:24.458 65656 INFO tempest.lib.common.rest_client [req-bd93aa85-3bb2-4d61-8e0b-70308104f730 req-bd93aa85-3bb2-4d61-8e0b-70308104f730 ] Request (QuotasAdminTestV257:setUpClass): 201 POST http://10.180.1.21/identity/v3/projects 0.139s
2025-11-12 21:47:24.471 65620 INFO tempest.lib.common.rest_client [req-13416507-1bad-4ca2-9c72-29f249818e10 req-13416507-1bad-4ca2-9c72-29f249818e10 ] Request (ServersTestFqdnHostnames:test_create_server_with_fqdn_name): 202 POST http://10.180.1.21/compute/v2.1/servers 7.172s
2025-11-12 21:47:24.479 65652 INFO tempest.lib.common.rest_client [req-391010a0-6645-4045-b62d-b1ae1be77178 req-391010a0-6645-4045-b62d-b1ae1be77178 ] Request (FlavorsExtraSpecsNegativeTestJSON:test_flavor_non_admin_set_keys): 403 POST http://10.180.1.21/compute/v2.1/flavors/1882602903/os-extra_specs 5.768s
2025-11-12 21:47:24.516 65656 INFO tempest.lib.common.rest_client [req-ef8a89e5-ccd9-4e02-98b6-16be0576b7a1 req-ef8a89e5-ccd9-4e02-98b6-16be0576b7a1 ] Request (QuotasAdminTestV257:setUpClass): 201 POST http://10.180.1.21/identity/v3/users 0.057s
2025-11-12 21:47:24.516 65661 INFO tempest.lib.common.rest_client [req-669f6ae8-8e03-469c-9a9a-0781d16d0f63 req-669f6ae8-8e03-469c-9a9a-0781d16d0f63 ] Request (HypervisorAdminV253TestBase:test_list_show_detail_hypervisors): 200 GET http://10.180.1.21/compute/v2.1/os-hypervisors/6fb4a322-9ba8-4647-84b1-2c2c7b41834a 5.743s
2025-11-12 21:47:24.555 65666 INFO tempest.lib.common.rest_client [req-6064e022-28ed-4ec7-9cbe-feec25801dfb req-6064e022-28ed-4ec7-9cbe-feec25801dfb ] Request (HostsAdminTestJSON:test_list_hosts_with_nonexistent_zone): 200 GET http://10.180.1.21/compute/v2.1/os-hosts?zone=xxx 5.758s
2025-11-12 21:47:24.560 65638 INFO tempest.lib.common.rest_client [req-7b6c050f-ff46-4da1-9771-f304e86837d5 req-7b6c050f-ff46-4da1-9771-f304e86837d5 ] Request (KeyPairsV2TestJSON:setUpClass): 201 POST http://10.180.1.21/identity/v3/auth/tokens 0.099s
2025-11-12 21:47:24.563 65634 INFO tempest.lib.common.rest_client [req-9c439ee8-08dc-46c0-991e-55db3a783394 req-9c439ee8-08dc-46c0-991e-55db3a783394 ] Request (HypervisorAdminNegativeTestJSON:test_get_hypervisor_list_with_non_admin_user): 403 GET http://10.180.1.21/compute/v2.1/os-hypervisors 5.718s
2025-11-12 21:47:24.582 65656 INFO tempest.lib.common.rest_client [req-597a97df-b021-41a0-9db5-386d950f7f88 req-597a97df-b021-41a0-9db5-386d950f7f88 ] Request (QuotasAdminTestV257:setUpClass): 200 GET http://10.180.1.21/identity/v3/roles 0.065s
2025-11-12 21:47:24.652 65661 INFO tempest.lib.common.rest_client [req-1a1f0adb-8636-4899-9227-c43ddc174488 req-1a1f0adb-8636-4899-9227-c43ddc174488 ] Request (HypervisorAdminV253TestBase:tearDownClass): 204 DELETE http://10.180.1.21/identity/v3/users/135430f647ba43138a5f6bbd9f103963 0.124s
2025-11-12 21:47:24.757 65638 INFO tempest.lib.common.rest_client [req-4444ab00-2205-4ac9-95c3-3d7b56945f89 req-4444ab00-2205-4ac9-95c3-3d7b56945f89 ] Request (KeyPairsV2TestJSON:setUpClass): 200 GET http://10.180.1.21/identity/v3/domains?name=Default 0.196s
2025-11-12 21:47:24.784 65656 INFO tempest.lib.common.rest_client [req-82a6531f-0c79-435e-a8cf-a48eb206a991 req-82a6531f-0c79-435e-a8cf-a48eb206a991 ] Request (QuotasAdminTestV257:setUpClass): 204 PUT http://10.180.1.21/identity/v3/projects/0bd38609cb834618b81ff7124c748729/users/1e46419a357d4e67880657ad28208efc/roles/e9552d7fb4884933a96b9da4c82438fe 0.202s
2025-11-12 21:47:24.785 65656 INFO tempest.lib.common.dynamic_creds [-] Dynamic test user 1e46419a357d4e67880657ad28208efc is created with scope project and roles: ['member']
2025-11-12 21:47:24.785 65656 INFO tempest.lib.common.dynamic_creds [-] Acquired dynamic creds: credentials: Credentials: {'domain_id': 'default', 'domain_name': 'Default', 'username': 'tempest-QuotasAdminTestV257-615224243-project-member', 'project_domain_id': 'default', 'project_domain_name': 'Default', 'project_id': '0bd38609cb834618b81ff7124c748729', 'project_name': 'tempest-QuotasAdminTestV257-615224243', 'tenant_id': '0bd38609cb834618b81ff7124c748729', 'tenant_name': 'tempest-QuotasAdminTestV257-615224243', 'user_domain_id': 'default', 'user_domain_name': 'Default', 'user_id': '1e46419a357d4e67880657ad28208efc', 'system': None}, Network: None, Subnet: None, Router: None
2025-11-12 21:47:24.785 65656 INFO tempest.lib.common.dynamic_creds [-] Created isolated network resources for: credentials: Credentials: {'domain_id': 'default', 'domain_name': 'Default', 'username': 'tempest-QuotasAdminTestV257-615224243-project-member', 'project_domain_id': 'default', 'project_domain_name': 'Default', 'project_id': '0bd38609cb834618b81ff7124c748729', 'project_name': 'tempest-QuotasAdminTestV257-615224243', 'tenant_id': '0bd38609cb834618b81ff7124c748729', 'tenant_name': 'tempest-QuotasAdminTestV257-615224243', 'user_domain_id': 'default', 'user_domain_name': 'Default', 'user_id': '1e46419a357d4e67880657ad28208efc', 'system': None}, Network: None, Subnet: None, Router: None
2025-11-12 21:47:24.963 65650 INFO tempest.lib.common.rest_client [req-da8794f0-6153-461d-81e5-d88d8d89d1e5 req-da8794f0-6153-461d-81e5-d88d8d89d1e5 ] Request (QuotasAdminNegativeTest:test_create_server_when_cpu_quota_is_full): 403 POST http://10.180.1.21/compute/v2.1/servers 6.111s
2025-11-12 21:47:24.967 65646 INFO tempest.lib.common.rest_client [req-84de334e-7064-4b3a-a171-0be6952fc310 req-84de334e-7064-4b3a-a171-0be6952fc310 ] Request (AggregatesAdminNegativeTestJSON:test_aggregate_add_existent_host): 200 POST http://10.180.1.21/compute/v2.1/os-aggregates/1/action 6.372s
2025-11-12 21:47:24.968 65638 INFO tempest.lib.common.rest_client [req-4a468a2f-ea13-4939-995e-2ef4d4e9c3cb req-4a468a2f-ea13-4939-995e-2ef4d4e9c3cb ] Request (KeyPairsV2TestJSON:setUpClass): 201 POST http://10.180.1.21/identity/v3/projects 0.210s
2025-11-12 21:47:24.980 65661 INFO tempest.lib.common.rest_client [req-06fbee1d-c41c-4858-a935-899c969179d0 req-06fbee1d-c41c-4858-a935-899c969179d0 ] Request (HypervisorAdminV253TestBase:tearDownClass): 204 DELETE http://10.180.1.21/identity/v3/users/b783c55660a4415c9600f9986ff7de64 0.327s
2025-11-12 21:47:24.980 65661 INFO tempest.lib.common.dynamic_creds [-] Deleting project and security group for project: 995445b7926043b5a08fe6eb82abef24
2025-11-12 21:47:25.037 65656 INFO tempest.lib.common.rest_client [req-ad907a0a-ac58-4f82-ba3a-66977658a3a0 req-ad907a0a-ac58-4f82-ba3a-66977658a3a0 ] Request (QuotasAdminTestV257:setUpClass): 201 POST http://10.180.1.21/identity/v3/auth/tokens 0.248s
2025-11-12 21:47:25.091 65640 INFO tempest.lib.common.rest_client [req-396aa3bd-f970-4916-b9ce-1902fda6a5bd req-396aa3bd-f970-4916-b9ce-1902fda6a5bd ] Request (ServerDiagnosticsTest:test_get_server_diagnostics): 200 GET http://10.180.1.21/compute/v2.1/servers/656b036a-1a83-4875-99d1-45b30d8714df 5.823s
2025-11-12 21:47:25.128 65638 INFO tempest.lib.common.rest_client [req-9ac99950-b2dd-4478-b029-75de6bd54495 req-9ac99950-b2dd-4478-b029-75de6bd54495 ] Request (KeyPairsV2TestJSON:setUpClass): 201 POST http://10.180.1.21/identity/v3/users 0.160s
2025-11-12 21:47:25.161 65661 INFO tempest.lib.common.rest_client [req-f1e7d09e-c602-4628-b147-5d7c2b754ffb req-f1e7d09e-c602-4628-b147-5d7c2b754ffb ] Request (HypervisorAdminV253TestBase:tearDownClass): 201 POST http://10.180.1.21/identity/v3/auth/tokens 0.180s
2025-11-12 21:47:25.185 65606 INFO tempest.lib.common.rest_client [req-1729e686-0dac-4efa-b38c-c7c7d19deedb req-1729e686-0dac-4efa-b38c-c7c7d19deedb ] Request (ServersWithSpecificFlavorTestJSON:test_verify_created_server_ephemeral_disk): 200 POST http://10.180.1.21/compute/v2.1/flavors 6.220s
2025-11-12 21:47:25.201 65656 INFO tempest.lib.common.rest_client [req-0a9d65b1-05a7-4113-ab7b-fdd420c1f452 req-0a9d65b1-05a7-4113-ab7b-fdd420c1f452 ] Request (QuotasAdminTestV257:setUpClass): 201 POST http://10.180.1.21/identity/v3/projects 0.163s
2025-11-12 21:47:25.290 65638 INFO tempest.lib.common.rest_client [req-63ea4f7e-184e-4822-8987-5517e8224546 req-63ea4f7e-184e-4822-8987-5517e8224546 ] Request (KeyPairsV2TestJSON:setUpClass): 200 GET http://10.180.1.21/identity/v3/roles 0.161s
2025-11-12 21:47:25.317 65656 INFO tempest.lib.common.rest_client [req-04e2b93d-7d30-40d5-94ed-7b0518b942c1 req-04e2b93d-7d30-40d5-94ed-7b0518b942c1 ] Request (QuotasAdminTestV257:setUpClass): 201 POST http://10.180.1.21/identity/v3/users 0.115s
2025-11-12 21:47:25.344 65638 INFO tempest.lib.common.rest_client [req-6a02aec7-c641-4fda-8408-29d0eb4cf8a9 req-6a02aec7-c641-4fda-8408-29d0eb4cf8a9 ] Request (KeyPairsV2TestJSON:setUpClass): 204 PUT http://10.180.1.21/identity/v3/projects/f2a06db4886f4b1aba23285e701d4480/users/1d0a46e1d8404adea9c4d2dae2871d62/roles/e9552d7fb4884933a96b9da4c82438fe 0.054s
2025-11-12 21:47:25.345 65638 INFO tempest.lib.common.dynamic_creds [-] Dynamic test user 1d0a46e1d8404adea9c4d2dae2871d62 is created with scope project and roles: ['member']
2025-11-12 21:47:25.345 65638 INFO tempest.lib.common.dynamic_creds [-] Acquired dynamic creds: credentials: Credentials: {'domain_id': 'default', 'domain_name': 'Default', 'username': 'tempest-KeyPairsV2TestJSON-1813411107-project-member', 'project_domain_id': 'default', 'project_domain_name': 'Default', 'project_id': 'f2a06db4886f4b1aba23285e701d4480', 'project_name': 'tempest-KeyPairsV2TestJSON-1813411107', 'tenant_id': 'f2a06db4886f4b1aba23285e701d4480', 'tenant_name': 'tempest-KeyPairsV2TestJSON-1813411107', 'user_domain_id': 'default', 'user_domain_name': 'Default', 'user_id': '1d0a46e1d8404adea9c4d2dae2871d62', 'system': None}, Network: None, Subnet: None, Router: None
2025-11-12 21:47:25.345 65638 INFO tempest.lib.common.dynamic_creds [-] Created isolated network resources for: credentials: Credentials: {'domain_id': 'default', 'domain_name': 'Default', 'username': 'tempest-KeyPairsV2TestJSON-1813411107-project-member', 'project_domain_id': 'default', 'project_domain_name': 'Default', 'project_id': 'f2a06db4886f4b1aba23285e701d4480', 'project_name': 'tempest-KeyPairsV2TestJSON-1813411107', 'tenant_id': 'f2a06db4886f4b1aba23285e701d4480', 'tenant_name': 'tempest-KeyPairsV2TestJSON-1813411107', 'user_domain_id': 'default', 'user_domain_name': 'Default', 'user_id': '1d0a46e1d8404adea9c4d2dae2871d62', 'system': None}, Network: None, Subnet: None, Router: None
2025-11-12 21:47:25.428 65661 INFO tempest.lib.common.rest_client [req-49fa40ac-1698-4ee4-b1f1-a82f983c7039 req-49fa40ac-1698-4ee4-b1f1-a82f983c7039 ] Request (HypervisorAdminV253TestBase:tearDownClass): 200 GET http://10.180.1.21/networking/v2.0/security-groups?tenant_id=995445b7926043b5a08fe6eb82abef24&name=default 0.266s
2025-11-12 21:47:25.454 65656 INFO tempest.lib.common.rest_client [req-c4e781fa-e5ed-4b37-8abb-81ae0da216bd req-c4e781fa-e5ed-4b37-8abb-81ae0da216bd ] Request (QuotasAdminTestV257:setUpClass): 200 GET http://10.180.1.21/identity/v3/roles 0.136s
2025-11-12 21:47:25.495 65626 INFO tempest.lib.common.rest_client [req-c6d2e55b-8ea8-47e1-a77d-1e06126ef0b8 req-c6d2e55b-8ea8-47e1-a77d-1e06126ef0b8 ] Request (VolumesAssistedSnapshotsTest:test_volume_assisted_snapshot_create_delete): 200 POST http://10.180.1.21/compute/v2.1/os-keypairs 5.778s
2025-11-12 21:47:25.519 65638 INFO tempest.lib.common.rest_client [req-0df62b40-30fa-4ccd-a825-2f2354f2d296 req-0df62b40-30fa-4ccd-a825-2f2354f2d296 ] Request (KeyPairsV2TestJSON:setUpClass): 201 POST http://10.180.1.21/identity/v3/auth/tokens 0.166s
2025-11-12 21:47:25.537 65661 INFO tempest.lib.common.rest_client [req-da846787-e58b-45dd-b7e8-f9d211bfd92a req-da846787-e58b-45dd-b7e8-f9d211bfd92a ] Request (HypervisorAdminV253TestBase:tearDownClass): 204 DELETE http://10.180.1.21/networking/v2.0/security-groups/bec2b393-effb-4811-9d4d-193ee6a3a806 0.109s
2025-11-12 21:47:25.542 65656 INFO tempest.lib.common.rest_client [req-105a6c39-b15f-4cd2-9076-7fcacbfbec05 req-105a6c39-b15f-4cd2-9076-7fcacbfbec05 ] Request (QuotasAdminTestV257:setUpClass): 204 PUT http://10.180.1.21/identity/v3/projects/c6218a38171c477c9141a443e98b9d73/users/dd933c05bd404501ac633667c9eb7479/roles/30d43c5d57cf4a16b2a11bd8b84b1411 0.087s
2025-11-12 21:47:25.590 65648 INFO tempest.lib.common.rest_client [req-29e0d046-0719-4c68-bcbe-d9f8d1036744 req-29e0d046-0719-4c68-bcbe-d9f8d1036744 ] Request (SecurityGroupsTestJSON:test_list_security_groups_by_server): 202 POST http://10.180.1.21/compute/v2.1/servers 6.075s
2025-11-12 21:47:25.597 65662 INFO tempest.lib.common.rest_client [req-4cb0d572-af63-4689-b0d3-a1975d583222 req-4cb0d572-af63-4689-b0d3-a1975d583222 ] Request (ListImageFiltersTestJSON:setUpClass): 204 PUT http://10.180.1.21/image/v2/images/dd81891d-f192-4bd8-a618-e86d419ca89e/file 1.288s
2025-11-12 21:47:25.637 65626 INFO tempest.lib.common.rest_client [req-4e7354f8-3dba-458a-8e8c-024f535e9688 req-4e7354f8-3dba-458a-8e8c-024f535e9688 ] Request (VolumesAssistedSnapshotsTest:test_volume_assisted_snapshot_create_delete): 201 POST http://10.180.1.21/networking/v2.0/security-groups 0.140s
2025-11-12 21:47:25.658 65656 INFO tempest.lib.common.rest_client [req-4a5b8ee6-187e-4d19-8a9c-eae79bf995ae req-4a5b8ee6-187e-4d19-8a9c-eae79bf995ae ] Request (QuotasAdminTestV257:setUpClass): 200 GET http://10.180.1.21/identity/v3/roles 0.116s
2025-11-12 21:47:25.664 65630 INFO tempest.lib.common.rest_client [req-3846fde6-8b3c-4208-bab8-7e9c79c55c06 req-3846fde6-8b3c-4208-bab8-7e9c79c55c06 ] Request (ServersAdminNegativeTestJSON:setUpClass): 200 GET http://10.180.1.21/compute/v2.1/servers/ada54d2d-b587-46d3-859e-1a431d0fcc8b 4.332s
2025-11-12 21:47:25.689 65614 INFO tempest.lib.common.rest_client [req-3141bf59-f6ca-4ad8-9a8e-1fdab76aea75 req-3141bf59-f6ca-4ad8-9a8e-1fdab76aea75 ] Request (AbsoluteLimitsTestJSON:test_absLimits_get): 200 GET http://10.180.1.21/compute/v2.1/limits 5.862s
2025-11-12 21:47:25.712 65661 INFO tempest.lib.common.rest_client [req-c76ecbc8-82f3-4321-bbd5-6e51b5c4e7da req-c76ecbc8-82f3-4321-bbd5-6e51b5c4e7da ] Request (HypervisorAdminV253TestBase:tearDownClass): 204 DELETE http://10.180.1.21/identity/v3/projects/995445b7926043b5a08fe6eb82abef24 0.175s
2025-11-12 21:47:25.712 65661 INFO tempest.lib.common.dynamic_creds [-] Deleting project and security group for project: 9b45cb9d71ac4c7f8bd99d8d7e81ccc8
2025-11-12 21:47:25.733 65656 INFO tempest.lib.common.rest_client [req-ce7cb373-e8fe-482f-9ab7-a1e756b97269 req-ce7cb373-e8fe-482f-9ab7-a1e756b97269 ] Request (QuotasAdminTestV257:setUpClass): 204 PUT http://10.180.1.21/identity/v3/projects/c6218a38171c477c9141a443e98b9d73/users/dd933c05bd404501ac633667c9eb7479/roles/30d43c5d57cf4a16b2a11bd8b84b1411 0.073s
2025-11-12 21:47:25.733 65656 INFO tempest.lib.common.dynamic_creds [-] Dynamic test user dd933c05bd404501ac633667c9eb7479 is created with scope project and roles: ['admin']
2025-11-12 21:47:25.734 65656 INFO tempest.lib.common.dynamic_creds [-] Acquired dynamic creds: credentials: Credentials: {'domain_id': 'default', 'domain_name': 'Default', 'username': 'tempest-QuotasAdminTestV257-2127136885-project-admin', 'project_domain_id': 'default', 'project_domain_name': 'Default', 'project_id': 'c6218a38171c477c9141a443e98b9d73', 'project_name': 'tempest-QuotasAdminTestV257-2127136885', 'tenant_id': 'c6218a38171c477c9141a443e98b9d73', 'tenant_name': 'tempest-QuotasAdminTestV257-2127136885', 'user_domain_id': 'default', 'user_domain_name': 'Default', 'user_id': 'dd933c05bd404501ac633667c9eb7479', 'system': None}, Network: None, Subnet: None, Router: None
2025-11-12 21:47:25.735 65656 INFO tempest.lib.common.dynamic_creds [-] Created isolated network resources for: credentials: Credentials: {'domain_id': 'default', 'domain_name': 'Default', 'username': 'tempest-QuotasAdminTestV257-2127136885-project-admin', 'project_domain_id': 'default', 'project_domain_name': 'Default', 'project_id': 'c6218a38171c477c9141a443e98b9d73', 'project_name': 'tempest-QuotasAdminTestV257-2127136885', 'tenant_id': 'c6218a38171c477c9141a443e98b9d73', 'tenant_name': 'tempest-QuotasAdminTestV257-2127136885', 'user_domain_id': 'default', 'user_domain_name': 'Default', 'user_id': 'dd933c05bd404501ac633667c9eb7479', 'system': None}, Network: None, Subnet: None, Router: None
2025-11-12 21:47:25.752 65616 INFO tempest.lib.common.rest_client [req-b3fc9400-fe5d-4ef1-a06b-f54643c05a09 req-b3fc9400-fe5d-4ef1-a06b-f54643c05a09 ] Request (ServerRescueTestJSON:setUpClass): 200 GET http://10.180.1.21/compute/v2.1/servers/1e5a894f-57b6-4b17-b2a5-439c4fc0db0c 3.666s
2025-11-12 21:47:25.801 65626 INFO tempest.lib.common.rest_client [req-a3172fac-db27-457b-917d-0e3d7dcff918 req-a3172fac-db27-457b-917d-0e3d7dcff918 ] Request (VolumesAssistedSnapshotsTest:test_volume_assisted_snapshot_create_delete): 201 POST http://10.180.1.21/networking/v2.0/security-group-rules 0.163s
2025-11-12 21:47:25.867 65661 INFO tempest.lib.common.rest_client [req-00c68151-2937-4cd7-b5a8-faffad17772d req-00c68151-2937-4cd7-b5a8-faffad17772d ] Request (HypervisorAdminV253TestBase:tearDownClass): 200 GET http://10.180.1.21/networking/v2.0/security-groups?tenant_id=9b45cb9d71ac4c7f8bd99d8d7e81ccc8&name=default 0.154s
2025-11-12 21:47:25.871 65614 INFO tempest.lib.common.rest_client [req-d8b96c54-7ce6-4cf7-ba93-3459cc832f99 req-d8b96c54-7ce6-4cf7-ba93-3459cc832f99 ] Request (AbsoluteLimitsTestJSON:tearDownClass): 204 DELETE http://10.180.1.21/identity/v3/users/c903ba8b4045482c9f4ebfab3fc77377 0.173s
2025-11-12 21:47:25.871 65614 INFO tempest.lib.common.dynamic_creds [-] Deleting project and security group for project: 21e16365f5634cd6beab1ec70a9c62a5
2025-11-12 21:47:25.906 65626 INFO tempest.lib.common.rest_client [req-7b1d94ac-b398-4e8a-9017-2afe7fdd2bca req-7b1d94ac-b398-4e8a-9017-2afe7fdd2bca ] Request (VolumesAssistedSnapshotsTest:test_volume_assisted_snapshot_create_delete): 201 POST http://10.180.1.21/networking/v2.0/security-group-rules 0.105s
2025-11-12 21:47:25.955 65614 INFO tempest.lib.common.rest_client [req-02bfd9c5-0f75-48ce-8bab-1747d1ff13f8 req-02bfd9c5-0f75-48ce-8bab-1747d1ff13f8 ] Request (AbsoluteLimitsTestJSON:tearDownClass): 201 POST http://10.180.1.21/identity/v3/auth/tokens 0.083s
2025-11-12 21:47:25.963 65656 INFO tempest.lib.common.rest_client [req-fe9f4eee-c8b9-401a-b0ce-c4958d986ffb req-fe9f4eee-c8b9-401a-b0ce-c4958d986ffb ] Request (QuotasAdminTestV257:setUpClass): 201 POST http://10.180.1.21/identity/v3/auth/tokens 0.225s
2025-11-12 21:47:25.963 65656 WARNING tempest.lib.common.rest_client [-] Deprecated: "tenant_id" property is deprecated for removal, use "project_id" instead
2025-11-12 21:47:26.011 65661 INFO tempest.lib.common.rest_client [req-7f47c591-1975-4b8f-be85-8f77fe8b8574 req-7f47c591-1975-4b8f-be85-8f77fe8b8574 ] Request (HypervisorAdminV253TestBase:tearDownClass): 204 DELETE http://10.180.1.21/networking/v2.0/security-groups/70f81765-9abd-4116-9213-a64728775af2 0.143s
2025-11-12 21:47:26.061 65612 INFO tempest.lib.common.rest_client [req-fa67fb4e-8e1a-43f2-bbbb-f68d96c0f66c req-fa67fb4e-8e1a-43f2-bbbb-f68d96c0f66c ] Request (FlavorsAccessNegativeTestJSON:test_add_flavor_access_duplicate): 409 POST http://10.180.1.21/compute/v2.1/flavors/560797541/action 3.602s
2025-11-12 21:47:26.081 65661 INFO tempest.lib.common.rest_client [req-4afb8b7e-5ed1-4560-b9f2-ecf745967332 req-4afb8b7e-5ed1-4560-b9f2-ecf745967332 ] Request (HypervisorAdminV253TestBase:tearDownClass): 204 DELETE http://10.180.1.21/identity/v3/projects/9b45cb9d71ac4c7f8bd99d8d7e81ccc8 0.069s
2025-11-12 21:47:26.146 65661 INFO tempest.lib.common.rest_client [req-47ea933c-e92c-4a53-bbe2-877cbf69852e req-47ea933c-e92c-4a53-bbe2-877cbf69852e ] Request (InstanceUsageAuditLogTestJSON:setUpClass): 201 POST http://10.180.1.21/identity/v3/auth/tokens 0.064s
2025-11-12 21:47:26.206 65661 INFO tempest.lib.common.rest_client [req-13fc2904-46a7-47bc-970c-9f29fe8ce342 req-13fc2904-46a7-47bc-970c-9f29fe8ce342 ] Request (InstanceUsageAuditLogTestJSON:setUpClass): 201 POST http://10.180.1.21/identity/v3/auth/tokens 0.057s
2025-11-12 21:47:26.232 65661 INFO tempest.lib.common.rest_client [req-88c91f36-48db-4710-ae19-2a9b4ff26c72 req-88c91f36-48db-4710-ae19-2a9b4ff26c72 ] Request (InstanceUsageAuditLogTestJSON:setUpClass): 200 GET http://10.180.1.21/identity/v3/domains?name=Default 0.026s
2025-11-12 21:47:26.251 65608 INFO tempest.lib.common.rest_client [req-4ce13384-0780-4cd7-957b-2c37338809e4 req-4ce13384-0780-4cd7-957b-2c37338809e4 ] Request (QuotasAdminTestV236:test_get_updated_quotas): 200 PUT http://10.180.1.21/compute/v2.1/os-quota-sets/367f19d7b5c048b09b4da5633622bfef?user_id=7fd859af8dae4ab6b4ef270d83dc08de 3.685s
2025-11-12 21:47:26.263 65661 INFO tempest.lib.common.rest_client [req-55fc7f66-c7e0-46a0-916d-932f96738d5f req-55fc7f66-c7e0-46a0-916d-932f96738d5f ] Request (InstanceUsageAuditLogTestJSON:setUpClass): 201 POST http://10.180.1.21/identity/v3/projects 0.031s
2025-11-12 21:47:26.276 65624 INFO tempest.lib.common.rest_client [req-1605b2d0-4faa-4837-a873-a8459faa34a8 req-1605b2d0-4faa-4837-a873-a8459faa34a8 ] Request (FlavorMetadataValidation:_run_cleanups): 200 GET http://10.180.1.21/compute/v2.1/flavors/detail 3.351s
2025-11-12 21:47:26.348 65661 INFO tempest.lib.common.rest_client [req-c554b60a-3a2a-4b0e-8ba4-e36bd89eecab req-c554b60a-3a2a-4b0e-8ba4-e36bd89eecab ] Request (InstanceUsageAuditLogTestJSON:setUpClass): 201 POST http://10.180.1.21/identity/v3/users 0.084s
2025-11-12 21:47:26.362 65626 INFO tempest.lib.common.rest_client [req-0547489a-fa47-4db7-a6c9-2a68ed47a34f req-0547489a-fa47-4db7-a6c9-2a68ed47a34f ] Request (VolumesAssistedSnapshotsTest:test_volume_assisted_snapshot_create_delete): 201 POST http://10.180.1.21/networking/v2.0/floatingips 0.455s
2025-11-12 21:47:26.383 65661 INFO tempest.lib.common.rest_client [req-1a65b1e4-d5a4-47b1-a0c6-c05c55cdb78f req-1a65b1e4-d5a4-47b1-a0c6-c05c55cdb78f ] Request (InstanceUsageAuditLogTestJSON:setUpClass): 200 GET http://10.180.1.21/identity/v3/roles 0.035s
2025-11-12 21:47:26.405 65624 INFO tempest.lib.common.rest_client [req-8047afee-4a06-4375-b91b-ec3b1df0f7e7 req-8047afee-4a06-4375-b91b-ec3b1df0f7e7 ] Request (FlavorMetadataValidation:tearDownClass): 204 DELETE http://10.180.1.21/identity/v3/users/1ec0036d626b4f5a970452512c9680db 0.118s
2025-11-12 21:47:26.465 65626 INFO tempest.lib.common.rest_client [req-9c03a119-1b11-4a8a-a831-1c5360e17067 req-9c03a119-1b11-4a8a-a831-1c5360e17067 ] Request (VolumesAssistedSnapshotsTest:test_volume_assisted_snapshot_create_delete): 201 POST http://10.180.1.21/identity/v3/auth/tokens 0.098s
2025-11-12 21:47:26.466 65626 INFO tempest.lib.common.fixed_network [-] (VolumesAssistedSnapshotsTest:test_volume_assisted_snapshot_create_delete) Found network {'id': 'f0b9b16f-bdb5-4466-85da-b8a568ea7833', 'name': 'tempest-VolumesAssistedSnapshotsTest-506624143-network', 'tenant_id': '9f36da8254c44c92bc59d2eff9d18481', 'project_id': '9f36da8254c44c92bc59d2eff9d18481', 'admin_state_up': True, 'mtu': 8950, 'status': 'ACTIVE', 'subnets': [], 'shared': False, 'port_security_enabled': True, 'router:external': False, 'provider:network_type': 'vlan', 'provider:physical_network': 'default', 'provider:segmentation_id': 446, 'availability_zone_hints': [], 'availability_zones': [], 'ipv4_address_scope': None, 'ipv6_address_scope': None, 'description': '', 'tags': [], 'created_at': '2025-11-12T21:47:00Z', 'updated_at': '2025-11-12T21:47:00Z', 'revision_number': 1} available for tenant
2025-11-12 21:47:26.535 65661 INFO tempest.lib.common.rest_client [req-a0f3e328-2d61-4fed-afdf-4aebd8330c60 req-a0f3e328-2d61-4fed-afdf-4aebd8330c60 ] Request (InstanceUsageAuditLogTestJSON:setUpClass): 204 PUT http://10.180.1.21/identity/v3/projects/12c2a507d589483eb7e64a0fb5e46a4c/users/d13ac12511de42d099363a54fedca571/roles/e9552d7fb4884933a96b9da4c82438fe 0.151s
2025-11-12 21:47:26.536 65661 INFO tempest.lib.common.dynamic_creds [-] Dynamic test user d13ac12511de42d099363a54fedca571 is created with scope project and roles: ['member']
2025-11-12 21:47:26.536 65661 INFO tempest.lib.common.dynamic_creds [-] Acquired dynamic creds: credentials: Credentials: {'domain_id': 'default', 'domain_name': 'Default', 'username': 'tempest-InstanceUsageAuditLogTestJSON-1120248787-project-member', 'project_domain_id': 'default', 'project_domain_name': 'Default', 'project_id': '12c2a507d589483eb7e64a0fb5e46a4c', 'project_name': 'tempest-InstanceUsageAuditLogTestJSON-1120248787', 'tenant_id': '12c2a507d589483eb7e64a0fb5e46a4c', 'tenant_name': 'tempest-InstanceUsageAuditLogTestJSON-1120248787', 'user_domain_id': 'default', 'user_domain_name': 'Default', 'user_id': 'd13ac12511de42d099363a54fedca571', 'system': None}, Network: None, Subnet: None, Router: None
2025-11-12 21:47:26.536 65661 INFO tempest.lib.common.dynamic_creds [-] Created isolated network resources for: credentials: Credentials: {'domain_id': 'default', 'domain_name': 'Default', 'username': 'tempest-InstanceUsageAuditLogTestJSON-1120248787-project-member', 'project_domain_id': 'default', 'project_domain_name': 'Default', 'project_id': '12c2a507d589483eb7e64a0fb5e46a4c', 'project_name': 'tempest-InstanceUsageAuditLogTestJSON-1120248787', 'tenant_id': '12c2a507d589483eb7e64a0fb5e46a4c', 'tenant_name': 'tempest-InstanceUsageAuditLogTestJSON-1120248787', 'user_domain_id': 'default', 'user_domain_name': 'Default', 'user_id': 'd13ac12511de42d099363a54fedca571', 'system': None}, Network: None, Subnet: None, Router: None
2025-11-12 21:47:26.607 65661 INFO tempest.lib.common.rest_client [req-11df938b-e471-44bd-9ae2-7c1b1eccfee5 req-11df938b-e471-44bd-9ae2-7c1b1eccfee5 ] Request (InstanceUsageAuditLogTestJSON:setUpClass): 201 POST http://10.180.1.21/identity/v3/auth/tokens 0.066s
2025-11-12 21:47:26.634 65624 INFO tempest.lib.common.rest_client [req-949b91d2-bfbd-4b69-b331-7d77e96caa73 req-949b91d2-bfbd-4b69-b331-7d77e96caa73 ] Request (FlavorMetadataValidation:tearDownClass): 204 DELETE http://10.180.1.21/identity/v3/users/f393d049833546e897e269ed6a4cabb7 0.228s
2025-11-12 21:47:26.635 65624 INFO tempest.lib.common.dynamic_creds [-] Deleting project and security group for project: 1012505f1b6b4e198f9e29ae54f9b9c6
2025-11-12 21:47:26.652 65614 INFO tempest.lib.common.rest_client [req-06ea980c-6b35-41a0-9c56-d02429391d47 req-06ea980c-6b35-41a0-9c56-d02429391d47 ] Request (AbsoluteLimitsTestJSON:tearDownClass): 200 GET http://10.180.1.21/networking/v2.0/security-groups?tenant_id=21e16365f5634cd6beab1ec70a9c62a5&name=default 0.696s
2025-11-12 21:47:26.668 65661 INFO tempest.lib.common.rest_client [req-061a7748-bbd3-4f1b-89f8-cc95d80a28d1 req-061a7748-bbd3-4f1b-89f8-cc95d80a28d1 ] Request (InstanceUsageAuditLogTestJSON:setUpClass): 201 POST http://10.180.1.21/identity/v3/projects 0.060s
2025-11-12 21:47:26.711 65624 INFO tempest.lib.common.rest_client [req-f96490ad-17d4-4d92-b700-ef1684371735 req-f96490ad-17d4-4d92-b700-ef1684371735 ] Request (FlavorMetadataValidation:tearDownClass): 201 POST http://10.180.1.21/identity/v3/auth/tokens 0.076s
2025-11-12 21:47:26.752 65661 INFO tempest.lib.common.rest_client [req-8a99b136-fd15-415a-81f0-c329f27dedf9 req-8a99b136-fd15-415a-81f0-c329f27dedf9 ] Request (InstanceUsageAuditLogTestJSON:setUpClass): 201 POST http://10.180.1.21/identity/v3/users 0.083s
2025-11-12 21:47:26.774 65661 INFO tempest.lib.common.rest_client [req-0c7b7163-9671-407d-9b6d-3a78c3ed2f88 req-0c7b7163-9671-407d-9b6d-3a78c3ed2f88 ] Request (InstanceUsageAuditLogTestJSON:setUpClass): 200 GET http://10.180.1.21/identity/v3/roles 0.022s
2025-11-12 21:47:26.805 65661 INFO tempest.lib.common.rest_client [req-cb5d5c99-df70-4747-86f3-051b29175db0 req-cb5d5c99-df70-4747-86f3-051b29175db0 ] Request (InstanceUsageAuditLogTestJSON:setUpClass): 204 PUT http://10.180.1.21/identity/v3/projects/a01409e32b9f406f86d5252b87fb0e8f/users/940f9dd6c799498baaf1067d65bc4d23/roles/30d43c5d57cf4a16b2a11bd8b84b1411 0.031s
2025-11-12 21:47:26.852 65614 INFO tempest.lib.common.rest_client [req-1f4d8911-6103-4f51-8cd5-1879a399d789 req-1f4d8911-6103-4f51-8cd5-1879a399d789 ] Request (AbsoluteLimitsTestJSON:tearDownClass): 204 DELETE http://10.180.1.21/networking/v2.0/security-groups/8ecf642a-18a3-4d73-b779-75e149ae8509 0.200s
2025-11-12 21:47:26.874 65661 INFO tempest.lib.common.rest_client [req-65aa3152-9746-41a8-af21-98b97ea1c1c5 req-65aa3152-9746-41a8-af21-98b97ea1c1c5 ] Request (InstanceUsageAuditLogTestJSON:setUpClass): 200 GET http://10.180.1.21/identity/v3/roles 0.068s
2025-11-12 21:47:26.893 65661 INFO tempest.lib.common.rest_client [req-54126fb9-e1cc-4b40-ac6a-c0b97a68b356 req-54126fb9-e1cc-4b40-ac6a-c0b97a68b356 ] Request (InstanceUsageAuditLogTestJSON:setUpClass): 204 PUT http://10.180.1.21/identity/v3/projects/a01409e32b9f406f86d5252b87fb0e8f/users/940f9dd6c799498baaf1067d65bc4d23/roles/30d43c5d57cf4a16b2a11bd8b84b1411 0.019s
2025-11-12 21:47:26.894 65661 INFO tempest.lib.common.dynamic_creds [-] Dynamic test user 940f9dd6c799498baaf1067d65bc4d23 is created with scope project and roles: ['admin']
2025-11-12 21:47:26.894 65661 INFO tempest.lib.common.dynamic_creds [-] Acquired dynamic creds: credentials: Credentials: {'domain_id': 'default', 'domain_name': 'Default', 'username': 'tempest-InstanceUsageAuditLogTestJSON-572709012-project-admin', 'project_domain_id': 'default', 'project_domain_name': 'Default', 'project_id': 'a01409e32b9f406f86d5252b87fb0e8f', 'project_name': 'tempest-InstanceUsageAuditLogTestJSON-572709012', 'tenant_id': 'a01409e32b9f406f86d5252b87fb0e8f', 'tenant_name': 'tempest-InstanceUsageAuditLogTestJSON-572709012', 'user_domain_id': 'default', 'user_domain_name': 'Default', 'user_id': '940f9dd6c799498baaf1067d65bc4d23', 'system': None}, Network: None, Subnet: None, Router: None
2025-11-12 21:47:26.894 65661 INFO tempest.lib.common.dynamic_creds [-] Created isolated network resources for: credentials: Credentials: {'domain_id': 'default', 'domain_name': 'Default', 'username': 'tempest-InstanceUsageAuditLogTestJSON-572709012-project-admin', 'project_domain_id': 'default', 'project_domain_name': 'Default', 'project_id': 'a01409e32b9f406f86d5252b87fb0e8f', 'project_name': 'tempest-InstanceUsageAuditLogTestJSON-572709012', 'tenant_id': 'a01409e32b9f406f86d5252b87fb0e8f', 'tenant_name': 'tempest-InstanceUsageAuditLogTestJSON-572709012', 'user_domain_id': 'default', 'user_domain_name': 'Default', 'user_id': '940f9dd6c799498baaf1067d65bc4d23', 'system': None}, Network: None, Subnet: None, Router: None
2025-11-12 21:47:26.972 65661 INFO tempest.lib.common.rest_client [req-84b7ba6a-b355-4a20-86b3-482be0cfae34 req-84b7ba6a-b355-4a20-86b3-482be0cfae34 ] Request (InstanceUsageAuditLogTestJSON:setUpClass): 201 POST http://10.180.1.21/identity/v3/auth/tokens 0.075s
2025-11-12 21:47:27.004 65614 INFO tempest.lib.common.rest_client [req-bd5af24a-e1da-418a-9bf5-a4970fc9d409 req-bd5af24a-e1da-418a-9bf5-a4970fc9d409 ] Request (AbsoluteLimitsTestJSON:tearDownClass): 204 DELETE http://10.180.1.21/identity/v3/projects/21e16365f5634cd6beab1ec70a9c62a5 0.151s
2025-11-12 21:47:27.063 65614 INFO tempest.lib.common.rest_client [req-71440e7b-9313-49ff-aa69-2d79cfa20fee req-71440e7b-9313-49ff-aa69-2d79cfa20fee ] Request (ServersTestBootFromVolume:setUpClass): 201 POST http://10.180.1.21/identity/v3/auth/tokens 0.057s
2025-11-12 21:47:27.092 65614 INFO tempest.lib.common.rest_client [req-6817681d-5eae-427c-9aeb-f2ae0d279678 req-6817681d-5eae-427c-9aeb-f2ae0d279678 ] Request (ServersTestBootFromVolume:setUpClass): 201 POST http://10.180.1.21/identity/v3/auth/tokens 0.026s
2025-11-12 21:47:27.116 65614 INFO tempest.lib.common.rest_client [req-221bdb40-0d0b-462c-ad6e-2b12a8815ff6 req-221bdb40-0d0b-462c-ad6e-2b12a8815ff6 ] Request (ServersTestBootFromVolume:setUpClass): 200 GET http://10.180.1.21/identity/v3/domains?name=Default 0.024s
2025-11-12 21:47:27.150 65614 INFO tempest.lib.common.rest_client [req-a1fcfa04-fab8-4b5e-904c-6486621934f1 req-a1fcfa04-fab8-4b5e-904c-6486621934f1 ] Request (ServersTestBootFromVolume:setUpClass): 201 POST http://10.180.1.21/identity/v3/projects 0.033s
2025-11-12 21:47:27.184 65624 INFO tempest.lib.common.rest_client [req-0a3170a6-f6e7-480d-9310-3adfc08e1b25 req-0a3170a6-f6e7-480d-9310-3adfc08e1b25 ] Request (FlavorMetadataValidation:tearDownClass): 200 GET http://10.180.1.21/networking/v2.0/security-groups?tenant_id=1012505f1b6b4e198f9e29ae54f9b9c6&name=default 0.473s
2025-11-12 21:47:27.192 65665 INFO tempest.lib.common.rest_client [req-64707789-4bf1-49cc-b44d-cb8f430ce996 req-64707789-4bf1-49cc-b44d-cb8f430ce996 ] Request (FloatingIPsTestJSON:test_allocate_floating_ip): 200 GET http://10.180.1.21/compute/v2.1/os-floating-ips 4.137s
2025-11-12 21:47:27.206 65614 INFO tempest.lib.common.rest_client [req-a2b2424a-99a5-49d8-942e-f50da326b688 req-a2b2424a-99a5-49d8-942e-f50da326b688 ] Request (ServersTestBootFromVolume:setUpClass): 201 POST http://10.180.1.21/identity/v3/users 0.055s
2025-11-12 21:47:27.227 65614 INFO tempest.lib.common.rest_client [req-df47858f-8948-41e4-a322-c9c55d3fd936 req-df47858f-8948-41e4-a322-c9c55d3fd936 ] Request (ServersTestBootFromVolume:setUpClass): 200 GET http://10.180.1.21/identity/v3/roles 0.020s
2025-11-12 21:47:27.251 65614 INFO tempest.lib.common.rest_client [req-5b203bf2-8cd2-45c3-9bd8-f003326c640f req-5b203bf2-8cd2-45c3-9bd8-f003326c640f ] Request (ServersTestBootFromVolume:setUpClass): 204 PUT http://10.180.1.21/identity/v3/projects/1df29ec3661b4eb58b9afb5fad3da436/users/33c002ac3788456b9efe25d16afb7ad5/roles/e9552d7fb4884933a96b9da4c82438fe 0.024s
2025-11-12 21:47:27.251 65614 INFO tempest.lib.common.dynamic_creds [-] Dynamic test user 33c002ac3788456b9efe25d16afb7ad5 is created with scope project and roles: ['member']
2025-11-12 21:47:27.251 65614 INFO tempest.lib.common.dynamic_creds [-] Acquired dynamic creds: credentials: Credentials: {'domain_id': 'default', 'domain_name': 'Default', 'username': 'tempest-ServersTestBootFromVolume-1996723477-project-member', 'project_domain_id': 'default', 'project_domain_name': 'Default', 'project_id': '1df29ec3661b4eb58b9afb5fad3da436', 'project_name': 'tempest-ServersTestBootFromVolume-1996723477', 'tenant_id': '1df29ec3661b4eb58b9afb5fad3da436', 'tenant_name': 'tempest-ServersTestBootFromVolume-1996723477', 'user_domain_id': 'default', 'user_domain_name': 'Default', 'user_id': '33c002ac3788456b9efe25d16afb7ad5', 'system': None}, Network: None, Subnet: None, Router: None
2025-11-12 21:47:27.300 65624 INFO tempest.lib.common.rest_client [req-37bad413-95ef-42a6-b2a9-b1bf1d57c344 req-37bad413-95ef-42a6-b2a9-b1bf1d57c344 ] Request (FlavorMetadataValidation:tearDownClass): 204 DELETE http://10.180.1.21/networking/v2.0/security-groups/143c8044-34ab-4016-aa01-9ce77d1a70f4 0.115s
2025-11-12 21:47:27.304 65614 INFO tempest.lib.common.rest_client [req-aca0785e-0dab-47bb-8ee6-2a3a7b45df6b req-aca0785e-0dab-47bb-8ee6-2a3a7b45df6b ] Request (ServersTestBootFromVolume:setUpClass): 201 POST http://10.180.1.21/identity/v3/auth/tokens 0.052s
2025-11-12 21:47:27.344 65622 INFO tempest.lib.common.rest_client [req-eb239b35-3c9d-4185-b74e-3ac19b46dc94 req-eb239b35-3c9d-4185-b74e-3ac19b46dc94 ] Request (FlavorsAccessTestJSON:test_flavor_access_add_remove): 200 POST http://10.180.1.21/compute/v2.1/flavors/1281257483/action 4.122s
2025-11-12 21:47:27.354 65624 INFO tempest.lib.common.rest_client [req-fb5f2771-160d-4de1-ac69-b0943c30a495 req-fb5f2771-160d-4de1-ac69-b0943c30a495 ] Request (FlavorMetadataValidation:tearDownClass): 204 DELETE http://10.180.1.21/identity/v3/projects/1012505f1b6b4e198f9e29ae54f9b9c6 0.054s
2025-11-12 21:47:27.354 65624 INFO tempest.lib.common.dynamic_creds [-] Deleting project and security group for project: 2fb4c1fc22f846fbafc71dbbd780e2f3
2025-11-12 21:47:27.763 65628 INFO tempest.lib.common.rest_client [req-6b97b218-895a-44b0-b785-01fff06af3b9 req-6b97b218-895a-44b0-b785-01fff06af3b9 ] Request (ImagesOneServerNegativeTestJSON:setUpClass): 202 POST http://10.180.1.21/compute/v2.1/servers 5.667s
2025-11-12 21:47:27.793 65644 INFO tempest.lib.common.rest_client [req-577c99db-7bfe-4443-981b-4c23e1bd62f7 req-577c99db-7bfe-4443-981b-4c23e1bd62f7 ] Request (FlavorsV261TestJSON:test_crud_flavor): 200 GET http://10.180.1.21/compute/v2.1/flavors/detail 4.525s
2025-11-12 21:47:27.819 65604 INFO tempest.lib.common.rest_client [req-48482f1d-3160-4708-950f-0831b764e7f0 req-48482f1d-3160-4708-950f-0831b764e7f0 ] Request (HypervisorAdminNegativeUnderV252Test:test_show_servers_with_non_admin_user): 200 GET http://10.180.1.21/compute/v2.1/os-hypervisors 4.536s
2025-11-12 21:47:27.837 65610 INFO tempest.lib.common.rest_client [req-cbafda52-1b37-4a25-a835-123691cdbdea req-cbafda52-1b37-4a25-a835-123691cdbdea ] Request (FlavorsAdminTestJSON:test_create_flavor_verify_entry_in_list_details): 200 POST http://10.180.1.21/compute/v2.1/flavors 4.520s
2025-11-12 21:47:28.066 65614 INFO tempest.lib.common.rest_client [req-4a862e16-9520-4959-b8ee-6f2f1a781375 req-4a862e16-9520-4959-b8ee-6f2f1a781375 ] Request (ServersTestBootFromVolume:setUpClass): 201 POST http://10.180.1.21/networking/v2.0/networks 0.761s
2025-11-12 21:47:28.174 65624 INFO tempest.lib.common.rest_client [req-0ded5f22-8d36-457c-b971-8f145ac1fb57 req-0ded5f22-8d36-457c-b971-8f145ac1fb57 ] Request (FlavorMetadataValidation:tearDownClass): 200 GET http://10.180.1.21/networking/v2.0/security-groups?tenant_id=2fb4c1fc22f846fbafc71dbbd780e2f3&name=default 0.819s
2025-11-12 21:47:28.364 65624 INFO tempest.lib.common.rest_client [req-a19de23f-ea43-4d1c-a91b-5e8d64ff531b req-a19de23f-ea43-4d1c-a91b-5e8d64ff531b ] Request (FlavorMetadataValidation:tearDownClass): 204 DELETE http://10.180.1.21/networking/v2.0/security-groups/b6bca24d-67c7-4d84-bca6-85bb56e6dca4 0.190s
2025-11-12 21:47:28.386 65614 INFO tempest.lib.common.rest_client [req-326f129c-2b8e-469d-9c03-8e32d6e7fbc9 req-326f129c-2b8e-469d-9c03-8e32d6e7fbc9 ] Request (ServersTestBootFromVolume:setUpClass): 201 POST http://10.180.1.21/networking/v2.0/subnets 0.320s
2025-11-12 21:47:28.401 65642 INFO tempest.lib.common.rest_client [req-1d4fbf46-7573-46b2-8372-7f4ea3cfd9e6 req-1d4fbf46-7573-46b2-8372-7f4ea3cfd9e6 ] Request (ServerDiagnosticsNegativeTest:test_get_server_diagnostics_by_non_admin): 200 GET http://10.180.1.21/compute/v2.1/servers/5f572172-c853-4598-aeb7-a1baf6629a64 5.152s
2025-11-12 21:47:28.419 65658 INFO tempest.lib.common.rest_client [req-9792427a-ba98-4423-af6c-7296f62e3e93 req-9792427a-ba98-4423-af6c-7296f62e3e93 ] Request (DeleteServersAdminTestJSON:test_admin_delete_servers_of_others): 200 GET http://10.180.1.21/compute/v2.1/servers/d94ba109-8bec-47bf-9dbc-95c909e60386 5.062s
2025-11-12 21:47:28.436 65624 INFO tempest.lib.common.rest_client [req-2e9ef6fc-87c2-4612-8180-36fb42fbaa96 req-2e9ef6fc-87c2-4612-8180-36fb42fbaa96 ] Request (FlavorMetadataValidation:tearDownClass): 204 DELETE http://10.180.1.21/identity/v3/projects/2fb4c1fc22f846fbafc71dbbd780e2f3 0.071s
2025-11-12 21:47:28.514 65624 INFO tempest.lib.common.rest_client [req-629c68d7-15c8-471f-88df-e2cfa4276f54 req-629c68d7-15c8-471f-88df-e2cfa4276f54 ] Request (SecurityGroupsTestAdminJSON:setUpClass): 201 POST http://10.180.1.21/identity/v3/auth/tokens 0.076s
2025-11-12 21:47:28.542 65624 INFO tempest.lib.common.rest_client [req-7dbb2e23-81ce-4251-8593-5f3f04dacd7e req-7dbb2e23-81ce-4251-8593-5f3f04dacd7e ] Request (SecurityGroupsTestAdminJSON:setUpClass): 201 POST http://10.180.1.21/identity/v3/auth/tokens 0.026s
2025-11-12 21:47:28.566 65624 INFO tempest.lib.common.rest_client [req-cbe9696e-49c2-4cd6-b942-38c03cd123f9 req-cbe9696e-49c2-4cd6-b942-38c03cd123f9 ] Request (SecurityGroupsTestAdminJSON:setUpClass): 200 GET http://10.180.1.21/identity/v3/domains?name=Default 0.023s
2025-11-12 21:47:28.592 65624 INFO tempest.lib.common.rest_client [req-65803414-8cdc-4398-a814-c255ce0eedf8 req-65803414-8cdc-4398-a814-c255ce0eedf8 ] Request (SecurityGroupsTestAdminJSON:setUpClass): 201 POST http://10.180.1.21/identity/v3/projects 0.026s
2025-11-12 21:47:28.661 65624 INFO tempest.lib.common.rest_client [req-6426e0a1-bcc2-4c84-9432-0bab67a8edbe req-6426e0a1-bcc2-4c84-9432-0bab67a8edbe ] Request (SecurityGroupsTestAdminJSON:setUpClass): 201 POST http://10.180.1.21/identity/v3/users 0.068s
2025-11-12 21:47:28.696 65624 INFO tempest.lib.common.rest_client [req-308da8e2-3690-4874-bd00-385d8325466f req-308da8e2-3690-4874-bd00-385d8325466f ] Request (SecurityGroupsTestAdminJSON:setUpClass): 200 GET http://10.180.1.21/identity/v3/roles 0.031s
2025-11-12 21:47:28.763 65624 INFO tempest.lib.common.rest_client [req-c53be427-c9c6-4cd6-b88e-cd444121474f req-c53be427-c9c6-4cd6-b88e-cd444121474f ] Request (SecurityGroupsTestAdminJSON:setUpClass): 204 PUT http://10.180.1.21/identity/v3/projects/8216478b02ce422490e3e0fbd48fb1c9/users/7ad0f081dc2e42a688058f9c2864c8ee/roles/e9552d7fb4884933a96b9da4c82438fe 0.066s
2025-11-12 21:47:28.764 65624 INFO tempest.lib.common.dynamic_creds [-] Dynamic test user 7ad0f081dc2e42a688058f9c2864c8ee is created with scope project and roles: ['member']
2025-11-12 21:47:28.765 65624 INFO tempest.lib.common.dynamic_creds [-] Acquired dynamic creds: credentials: Credentials: {'domain_id': 'default', 'domain_name': 'Default', 'username': 'tempest-SecurityGroupsTestAdminJSON-2047566898-project-member', 'project_domain_id': 'default', 'project_domain_name': 'Default', 'project_id': '8216478b02ce422490e3e0fbd48fb1c9', 'project_name': 'tempest-SecurityGroupsTestAdminJSON-2047566898', 'tenant_id': '8216478b02ce422490e3e0fbd48fb1c9', 'tenant_name': 'tempest-SecurityGroupsTestAdminJSON-2047566898', 'user_domain_id': 'default', 'user_domain_name': 'Default', 'user_id': '7ad0f081dc2e42a688058f9c2864c8ee', 'system': None}, Network: None, Subnet: None, Router: None
2025-11-12 21:47:28.765 65624 INFO tempest.lib.common.dynamic_creds [-] Created isolated network resources for: credentials: Credentials: {'domain_id': 'default', 'domain_name': 'Default', 'username': 'tempest-SecurityGroupsTestAdminJSON-2047566898-project-member', 'project_domain_id': 'default', 'project_domain_name': 'Default', 'project_id': '8216478b02ce422490e3e0fbd48fb1c9', 'project_name': 'tempest-SecurityGroupsTestAdminJSON-2047566898', 'tenant_id': '8216478b02ce422490e3e0fbd48fb1c9', 'tenant_name': 'tempest-SecurityGroupsTestAdminJSON-2047566898', 'user_domain_id': 'default', 'user_domain_name': 'Default', 'user_id': '7ad0f081dc2e42a688058f9c2864c8ee', 'system': None}, Network: None, Subnet: None, Router: None
2025-11-12 21:47:28.860 65624 INFO tempest.lib.common.rest_client [req-2f976865-b431-4eff-8a3c-318f3396b355 req-2f976865-b431-4eff-8a3c-318f3396b355 ] Request (SecurityGroupsTestAdminJSON:setUpClass): 201 POST http://10.180.1.21/identity/v3/auth/tokens 0.089s
2025-11-12 21:47:28.936 65624 INFO tempest.lib.common.rest_client [req-af14f0a7-2b5c-43fb-ae2e-56a844663a0c req-af14f0a7-2b5c-43fb-ae2e-56a844663a0c ] Request (SecurityGroupsTestAdminJSON:setUpClass): 201 POST http://10.180.1.21/identity/v3/projects 0.075s
2025-11-12 21:47:29.000 65624 INFO tempest.lib.common.rest_client [req-bebdd360-960b-4486-a1b5-74ebe3e85067 req-bebdd360-960b-4486-a1b5-74ebe3e85067 ] Request (SecurityGroupsTestAdminJSON:setUpClass): 201 POST http://10.180.1.21/identity/v3/users 0.063s
2025-11-12 21:47:29.022 65624 INFO tempest.lib.common.rest_client [req-1dbab151-e31f-42cd-bacc-065b484dbc84 req-1dbab151-e31f-42cd-bacc-065b484dbc84 ] Request (SecurityGroupsTestAdminJSON:setUpClass): 200 GET http://10.180.1.21/identity/v3/roles 0.021s
2025-11-12 21:47:29.048 65624 INFO tempest.lib.common.rest_client [req-f39e682a-09eb-48b0-815e-2f63abb88d07 req-f39e682a-09eb-48b0-815e-2f63abb88d07 ] Request (SecurityGroupsTestAdminJSON:setUpClass): 204 PUT http://10.180.1.21/identity/v3/projects/ee06fcbf88be4128b424cd588cdda227/users/95b0386a79fc45f4bd749f0e64d9e3f2/roles/30d43c5d57cf4a16b2a11bd8b84b1411 0.026s
2025-11-12 21:47:29.101 65624 INFO tempest.lib.common.rest_client [req-d485ef9e-b117-4df0-a995-7a8627c4cd29 req-d485ef9e-b117-4df0-a995-7a8627c4cd29 ] Request (SecurityGroupsTestAdminJSON:setUpClass): 200 GET http://10.180.1.21/identity/v3/roles 0.052s
2025-11-12 21:47:29.119 65624 INFO tempest.lib.common.rest_client [req-3df26cfe-8950-4fe2-8a74-bbc1cdce9993 req-3df26cfe-8950-4fe2-8a74-bbc1cdce9993 ] Request (SecurityGroupsTestAdminJSON:setUpClass): 204 PUT http://10.180.1.21/identity/v3/projects/ee06fcbf88be4128b424cd588cdda227/users/95b0386a79fc45f4bd749f0e64d9e3f2/roles/30d43c5d57cf4a16b2a11bd8b84b1411 0.017s
2025-11-12 21:47:29.119 65624 INFO tempest.lib.common.dynamic_creds [-] Dynamic test user 95b0386a79fc45f4bd749f0e64d9e3f2 is created with scope project and roles: ['admin']
