2025-11-12 21:48:24.017 65640 INFO tempest.lib.common.rest_client [req-cf08b0fb-7e89-450f-8c05-d77497a48144 req-cf08b0fb-7e89-450f-8c05-d77497a48144 ] Request (KeyPairsV22TestJSON:setUpClass): 201 POST http://10.180.1.21/identity/v3/auth/tokens 0.051s
2025-11-12 21:48:24.023 65654 INFO tempest.lib.common.rest_client [req-d2afb259-599e-42ac-a6a6-db3bec9e80c2 req-d2afb259-599e-42ac-a6a6-db3bec9e80c2 ] Request (HypervisorAdminTestJSON:setUpClass): 201 POST http://10.180.1.21/identity/v3/projects 0.032s
2025-11-12 21:48:24.087 65640 INFO tempest.lib.common.rest_client [req-1814dfd1-f325-4ca5-859a-cccb80c82c28 req-1814dfd1-f325-4ca5-859a-cccb80c82c28 ] Request (KeyPairsV22TestJSON:setUpClass): 200 GET http://10.180.1.21/identity/v3/domains?name=Default 0.070s
2025-11-12 21:48:24.113 65654 INFO tempest.lib.common.rest_client [req-7401eb51-a5cd-4e24-8272-40a038baab71 req-7401eb51-a5cd-4e24-8272-40a038baab71 ] Request (HypervisorAdminTestJSON:setUpClass): 201 POST http://10.180.1.21/identity/v3/users 0.089s
2025-11-12 21:48:24.124 65640 INFO tempest.lib.common.rest_client [req-7127a68b-3ca6-4f19-ad3a-05f0c97c8a5e req-7127a68b-3ca6-4f19-ad3a-05f0c97c8a5e ] Request (KeyPairsV22TestJSON:setUpClass): 201 POST http://10.180.1.21/identity/v3/projects 0.036s
2025-11-12 21:48:24.146 65654 INFO tempest.lib.common.rest_client [req-33bf5657-1ba1-48b5-b450-e77f53b938f5 req-33bf5657-1ba1-48b5-b450-e77f53b938f5 ] Request (HypervisorAdminTestJSON:setUpClass): 200 GET http://10.180.1.21/identity/v3/roles 0.032s
2025-11-12 21:48:24.190 65640 INFO tempest.lib.common.rest_client [req-7409bde2-4624-4f3c-9e70-578bfa883285 req-7409bde2-4624-4f3c-9e70-578bfa883285 ] Request (KeyPairsV22TestJSON:setUpClass): 201 POST http://10.180.1.21/identity/v3/users 0.065s
2025-11-12 21:48:24.211 65640 INFO tempest.lib.common.rest_client [req-aa126e32-00c9-4bbc-bd60-0698e5980d15 req-aa126e32-00c9-4bbc-bd60-0698e5980d15 ] Request (KeyPairsV22TestJSON:setUpClass): 200 GET http://10.180.1.21/identity/v3/roles 0.020s
2025-11-12 21:48:24.219 65654 INFO tempest.lib.common.rest_client [req-7d6d8ae1-4fc3-4660-b2f4-a79797f253e2 req-7d6d8ae1-4fc3-4660-b2f4-a79797f253e2 ] Request (HypervisorAdminTestJSON:setUpClass): 204 PUT http://10.180.1.21/identity/v3/projects/0b5cacce0dbe4e7687c7ae97061a3589/users/90779162701040708ea86bc190ed7075/roles/e9552d7fb4884933a96b9da4c82438fe 0.072s
2025-11-12 21:48:24.219 65654 INFO tempest.lib.common.dynamic_creds [-] Dynamic test user 90779162701040708ea86bc190ed7075 is created with scope project and roles: ['member']
2025-11-12 21:48:24.219 65654 INFO tempest.lib.common.dynamic_creds [-] Acquired dynamic creds: credentials: Credentials: {'domain_id': 'default', 'domain_name': 'Default', 'username': 'tempest-HypervisorAdminTestJSON-1644630563-project-member', 'project_domain_id': 'default', 'project_domain_name': 'Default', 'project_id': '0b5cacce0dbe4e7687c7ae97061a3589', 'project_name': 'tempest-HypervisorAdminTestJSON-1644630563', 'tenant_id': '0b5cacce0dbe4e7687c7ae97061a3589', 'tenant_name': 'tempest-HypervisorAdminTestJSON-1644630563', 'user_domain_id': 'default', 'user_domain_name': 'Default', 'user_id': '90779162701040708ea86bc190ed7075', 'system': None}, Network: None, Subnet: None, Router: None
2025-11-12 21:48:24.219 65654 INFO tempest.lib.common.dynamic_creds [-] Created isolated network resources for: credentials: Credentials: {'domain_id': 'default', 'domain_name': 'Default', 'username': 'tempest-HypervisorAdminTestJSON-1644630563-project-member', 'project_domain_id': 'default', 'project_domain_name': 'Default', 'project_id': '0b5cacce0dbe4e7687c7ae97061a3589', 'project_name': 'tempest-HypervisorAdminTestJSON-1644630563', 'tenant_id': '0b5cacce0dbe4e7687c7ae97061a3589', 'tenant_name': 'tempest-HypervisorAdminTestJSON-1644630563', 'user_domain_id': 'default', 'user_domain_name': 'Default', 'user_id': '90779162701040708ea86bc190ed7075', 'system': None}, Network: None, Subnet: None, Router: None
2025-11-12 21:48:24.270 65650 INFO tempest.lib.common.rest_client [req-3bf83887-2661-4b2b-b99d-1bb67ce77f44 req-3bf83887-2661-4b2b-b99d-1bb67ce77f44 ] Request (AttachInterfacesTestJSON:setUpClass): 200 PUT http://10.180.1.21/networking/v2.0/routers/7dea3b0b-81a2-4d76-86b1-db5cf77d4b10/add_router_interface 1.308s
2025-11-12 21:48:24.271 65650 INFO tempest.lib.common.dynamic_creds [-] Created isolated network resources for: credentials: Credentials: {'domain_id': 'default', 'domain_name': 'Default', 'username': 'tempest-AttachInterfacesTestJSON-37962826-project-member', 'project_domain_id': 'default', 'project_domain_name': 'Default', 'project_id': '45f5de55baeb4e5688fd7bba1bf285c4', 'project_name': 'tempest-AttachInterfacesTestJSON-37962826', 'tenant_id': '45f5de55baeb4e5688fd7bba1bf285c4', 'tenant_name': 'tempest-AttachInterfacesTestJSON-37962826', 'user_domain_id': 'default', 'user_domain_name': 'Default', 'user_id': '1ea2cf0e877d4628afcd8f5d9f37fa9e', 'system': None}, Network: {'id': 'b6cd1d38-571c-49d4-a2be-9606e992223e', 'name': 'tempest-AttachInterfacesTestJSON-1792245991-network', 'tenant_id': '45f5de55baeb4e5688fd7bba1bf285c4', 'project_id': '45f5de55baeb4e5688fd7bba1bf285c4', 'admin_state_up': True, 'mtu': 8950, 'status': 'ACTIVE', 'subnets': [], 'shared': False, 'port_security_enabled': True, 'router:external': False, 'provider:network_type': 'vlan', 'provider:physical_network': 'default', 'provider:segmentation_id': 822, 'availability_zone_hints': [], 'availability_zones': [], 'ipv4_address_scope': None, 'ipv6_address_scope': None, 'description': '', 'tags': [], 'created_at': '2025-11-12T21:48:21Z', 'updated_at': '2025-11-12T21:48:21Z', 'revision_number': 1}, Subnet: {'id': '8060f1bf-3b37-4a43-ae69-d7b4fb9cd7d1', 'name': 'tempest-AttachInterfacesTestJSON-1792245991-subnet', 'tenant_id': '45f5de55baeb4e5688fd7bba1bf285c4', 'network_id': 'b6cd1d38-571c-49d4-a2be-9606e992223e', 'ip_version': 4, 'subnetpool_id': None, 'enable_dhcp': True, 'ipv6_ra_mode': None, 'ipv6_address_mode': None, 'gateway_ip': '192.168.128.1', 'cidr': '192.168.128.0/28', 'allocation_pools': [{'start': '192.168.128.2', 'end': '192.168.128.14'}], 'host_routes': [], 'dns_nameservers': [], 'description': '', 'router:external': False, 'service_types': [], 'tags': [], 'created_at': '2025-11-12T21:48:21Z', 'updated_at': '2025-11-12T21:48:21Z', 'revision_number': 0, 'project_id': '45f5de55baeb4e5688fd7bba1bf285c4'}, Router: {'id': '7dea3b0b-81a2-4d76-86b1-db5cf77d4b10', 'name': 'tempest-AttachInterfacesTestJSON-1792245991-router', 'tenant_id': '45f5de55baeb4e5688fd7bba1bf285c4', 'admin_state_up': True, 'status': 'ACTIVE', 'external_gateway_info': {'network_id': '079ca1cb-9e56-488c-bef3-b270dec70151', 'external_fixed_ips': [{'subnet_id': 'dcb7cacd-a62a-48c2-b4d5-e9e4262423f4', 'ip_address': '10.180.180.172'}], 'enable_snat': True}, 'description': '', 'availability_zones': [], 'distributed': False, 'ha': False, 'availability_zone_hints': [], 'routes': [], 'flavor_id': None, 'tags': [], 'created_at': '2025-11-12T21:48:22Z', 'updated_at': '2025-11-12T21:48:22Z', 'revision_number': 2, 'project_id': '45f5de55baeb4e5688fd7bba1bf285c4'}
2025-11-12 21:48:24.273 65640 INFO tempest.lib.common.rest_client [req-625bfc25-09db-4175-8d43-5fdebd648f2b req-625bfc25-09db-4175-8d43-5fdebd648f2b ] Request (KeyPairsV22TestJSON:setUpClass): 204 PUT http://10.180.1.21/identity/v3/projects/6da603cdb22a49b5b852760e958ab754/users/61c4c61ae90f49d8871bd7e942242c3f/roles/e9552d7fb4884933a96b9da4c82438fe 0.062s
2025-11-12 21:48:24.273 65640 INFO tempest.lib.common.dynamic_creds [-] Dynamic test user 61c4c61ae90f49d8871bd7e942242c3f is created with scope project and roles: ['member']
2025-11-12 21:48:24.274 65640 INFO tempest.lib.common.dynamic_creds [-] Acquired dynamic creds: credentials: Credentials: {'domain_id': 'default', 'domain_name': 'Default', 'username': 'tempest-KeyPairsV22TestJSON-842125136-project-member', 'project_domain_id': 'default', 'project_domain_name': 'Default', 'project_id': '6da603cdb22a49b5b852760e958ab754', 'project_name': 'tempest-KeyPairsV22TestJSON-842125136', 'tenant_id': '6da603cdb22a49b5b852760e958ab754', 'tenant_name': 'tempest-KeyPairsV22TestJSON-842125136', 'user_domain_id': 'default', 'user_domain_name': 'Default', 'user_id': '61c4c61ae90f49d8871bd7e942242c3f', 'system': None}, Network: None, Subnet: None, Router: None
2025-11-12 21:48:24.274 65640 INFO tempest.lib.common.dynamic_creds [-] Created isolated network resources for: credentials: Credentials: {'domain_id': 'default', 'domain_name': 'Default', 'username': 'tempest-KeyPairsV22TestJSON-842125136-project-member', 'project_domain_id': 'default', 'project_domain_name': 'Default', 'project_id': '6da603cdb22a49b5b852760e958ab754', 'project_name': 'tempest-KeyPairsV22TestJSON-842125136', 'tenant_id': '6da603cdb22a49b5b852760e958ab754', 'tenant_name': 'tempest-KeyPairsV22TestJSON-842125136', 'user_domain_id': 'default', 'user_domain_name': 'Default', 'user_id': '61c4c61ae90f49d8871bd7e942242c3f', 'system': None}, Network: None, Subnet: None, Router: None
2025-11-12 21:48:24.304 65654 INFO tempest.lib.common.rest_client [req-e7ea2103-61de-47b1-b74c-82ec856e2857 req-e7ea2103-61de-47b1-b74c-82ec856e2857 ] Request (HypervisorAdminTestJSON:setUpClass): 201 POST http://10.180.1.21/identity/v3/auth/tokens 0.082s
2025-11-12 21:48:24.383 65624 INFO tempest.lib.common.rest_client [req-c91f5e92-0834-47ec-a693-bfdc4512457e req-c91f5e92-0834-47ec-a693-bfdc4512457e ] Request (SecurityGroupsTestAdminJSON:_run_cleanups): 202 DELETE http://10.180.1.21/compute/v2.1/os-security-groups/d56aca4c-35f3-4ba2-8f65-98844be78665 5.481s
2025-11-12 21:48:24.384 65640 INFO tempest.lib.common.rest_client [req-cbbb380e-7326-491b-9f7b-2330e27292ca req-cbbb380e-7326-491b-9f7b-2330e27292ca ] Request (KeyPairsV22TestJSON:setUpClass): 201 POST http://10.180.1.21/identity/v3/auth/tokens 0.106s
2025-11-12 21:48:24.455 65654 INFO tempest.lib.common.rest_client [req-20c5e388-60ad-4a8e-b856-fde4fdf10b0a req-20c5e388-60ad-4a8e-b856-fde4fdf10b0a ] Request (HypervisorAdminTestJSON:setUpClass): 201 POST http://10.180.1.21/identity/v3/projects 0.151s
2025-11-12 21:48:24.495 65650 INFO tempest.lib.common.rest_client [req-bd629b89-7012-4249-abe8-8c81189d2de9 req-bd629b89-7012-4249-abe8-8c81189d2de9 ] Request (AttachInterfacesTestJSON:setUpClass): 201 POST http://10.180.1.21/identity/v3/auth/tokens 0.219s
2025-11-12 21:48:24.569 65654 INFO tempest.lib.common.rest_client [req-62575a44-539c-4aa4-9d46-ba0b4f17b98c req-62575a44-539c-4aa4-9d46-ba0b4f17b98c ] Request (HypervisorAdminTestJSON:setUpClass): 201 POST http://10.180.1.21/identity/v3/users 0.113s
2025-11-12 21:48:24.580 65644 INFO tempest.lib.common.rest_client [req-55b82afd-cff7-4057-a78d-f85a6dbbadbf req-55b82afd-cff7-4057-a78d-f85a6dbbadbf ] Request (SecurityGroupRulesTestJSON:test_security_group_rules_create_with_optional_group_id): 200 POST http://10.180.1.21/compute/v2.1/os-security-group-rules 5.520s
2025-11-12 21:48:24.582 65644 WARNING tempest.lib.common.rest_client [-] Deprecated: "tenant_id" property is deprecated for removal, use "project_id" instead
2025-11-12 21:48:24.614 65624 INFO tempest.lib.common.rest_client [req-b6ec1edf-c083-429d-aebb-c3782c9c9948 req-b6ec1edf-c083-429d-aebb-c3782c9c9948 ] Request (SecurityGroupsTestAdminJSON:tearDownClass): 204 DELETE http://10.180.1.21/identity/v3/users/7ad0f081dc2e42a688058f9c2864c8ee 0.230s
2025-11-12 21:48:24.646 65652 INFO tempest.lib.common.rest_client [req-28f1dbf8-4876-42e8-b7e2-43b9e0ba6e7f req-28f1dbf8-4876-42e8-b7e2-43b9e0ba6e7f ] Request (KeyPairsV210TestJSON:test_admin_manage_keypairs_for_other_users): 201 POST http://10.180.1.21/compute/v2.1/os-keypairs 5.527s
2025-11-12 21:48:24.658 65654 INFO tempest.lib.common.rest_client [req-8a45e970-a8b8-4ca1-a6c7-5cc2d983999b req-8a45e970-a8b8-4ca1-a6c7-5cc2d983999b ] Request (HypervisorAdminTestJSON:setUpClass): 200 GET http://10.180.1.21/identity/v3/roles 0.088s
2025-11-12 21:48:24.697 65654 INFO tempest.lib.common.rest_client [req-8ebb28f8-0f59-4f6b-bf95-f277469cab00 req-8ebb28f8-0f59-4f6b-bf95-f277469cab00 ] Request (HypervisorAdminTestJSON:setUpClass): 204 PUT http://10.180.1.21/identity/v3/projects/4f93bb5fac1445c79d078bb5b0d183b5/users/8942dc5bb0384fb382380f2457ee7ab3/roles/30d43c5d57cf4a16b2a11bd8b84b1411 0.038s
2025-11-12 21:48:24.724 65624 INFO tempest.lib.common.rest_client [req-c9498a4a-bc57-41e0-b747-bc3d9c652a61 req-c9498a4a-bc57-41e0-b747-bc3d9c652a61 ] Request (SecurityGroupsTestAdminJSON:tearDownClass): 204 DELETE http://10.180.1.21/identity/v3/users/95b0386a79fc45f4bd749f0e64d9e3f2 0.110s
2025-11-12 21:48:24.724 65624 INFO tempest.lib.common.dynamic_creds [-] Deleting project and security group for project: ee06fcbf88be4128b424cd588cdda227
2025-11-12 21:48:24.730 65616 INFO tempest.lib.common.rest_client [req-de522ab7-2b65-4a48-bf07-d078268e199f req-de522ab7-2b65-4a48-bf07-d078268e199f ] Request (ServerRescueTestJSON:test_rescue_unrescue_instance): 200 GET http://10.180.1.21/compute/v2.1/servers/d085d5f1-cd2e-498e-b7a7-c7b271fe8939 5.668s
2025-11-12 21:48:24.806 65624 INFO tempest.lib.common.rest_client [req-b00be02d-1f0f-4297-b86e-ef348d30dc63 req-b00be02d-1f0f-4297-b86e-ef348d30dc63 ] Request (SecurityGroupsTestAdminJSON:tearDownClass): 201 POST http://10.180.1.21/identity/v3/auth/tokens 0.082s
2025-11-12 21:48:24.818 65654 INFO tempest.lib.common.rest_client [req-3f515d44-c966-4023-b57f-167e8d5660af req-3f515d44-c966-4023-b57f-167e8d5660af ] Request (HypervisorAdminTestJSON:setUpClass): 200 GET http://10.180.1.21/identity/v3/roles 0.121s
2025-11-12 21:48:24.839 65654 INFO tempest.lib.common.rest_client [req-9befb47f-80fc-41b7-9b36-d2edf76a3fa9 req-9befb47f-80fc-41b7-9b36-d2edf76a3fa9 ] Request (HypervisorAdminTestJSON:setUpClass): 204 PUT http://10.180.1.21/identity/v3/projects/4f93bb5fac1445c79d078bb5b0d183b5/users/8942dc5bb0384fb382380f2457ee7ab3/roles/30d43c5d57cf4a16b2a11bd8b84b1411 0.020s
2025-11-12 21:48:24.840 65654 INFO tempest.lib.common.dynamic_creds [-] Dynamic test user 8942dc5bb0384fb382380f2457ee7ab3 is created with scope project and roles: ['admin']
2025-11-12 21:48:24.840 65654 INFO tempest.lib.common.dynamic_creds [-] Acquired dynamic creds: credentials: Credentials: {'domain_id': 'default', 'domain_name': 'Default', 'username': 'tempest-HypervisorAdminTestJSON-608925490-project-admin', 'project_domain_id': 'default', 'project_domain_name': 'Default', 'project_id': '4f93bb5fac1445c79d078bb5b0d183b5', 'project_name': 'tempest-HypervisorAdminTestJSON-608925490', 'tenant_id': '4f93bb5fac1445c79d078bb5b0d183b5', 'tenant_name': 'tempest-HypervisorAdminTestJSON-608925490', 'user_domain_id': 'default', 'user_domain_name': 'Default', 'user_id': '8942dc5bb0384fb382380f2457ee7ab3', 'system': None}, Network: None, Subnet: None, Router: None
2025-11-12 21:48:24.840 65654 INFO tempest.lib.common.dynamic_creds [-] Created isolated network resources for: credentials: Credentials: {'domain_id': 'default', 'domain_name': 'Default', 'username': 'tempest-HypervisorAdminTestJSON-608925490-project-admin', 'project_domain_id': 'default', 'project_domain_name': 'Default', 'project_id': '4f93bb5fac1445c79d078bb5b0d183b5', 'project_name': 'tempest-HypervisorAdminTestJSON-608925490', 'tenant_id': '4f93bb5fac1445c79d078bb5b0d183b5', 'tenant_name': 'tempest-HypervisorAdminTestJSON-608925490', 'user_domain_id': 'default', 'user_domain_name': 'Default', 'user_id': '8942dc5bb0384fb382380f2457ee7ab3', 'system': None}, Network: None, Subnet: None, Router: None
2025-11-12 21:48:24.947 65656 INFO tempest.lib.common.rest_client [req-592b773a-a392-44dc-81b6-f6299c2a11c3 req-592b773a-a392-44dc-81b6-f6299c2a11c3 ] Request (ServerDiagnosticsV248Test:test_get_server_diagnostics): 200 GET http://10.180.1.21/compute/v2.1/servers/b8f1d9d3-d607-494a-964d-38d729cdf204 5.694s
2025-11-12 21:48:24.951 65654 INFO tempest.lib.common.rest_client [req-f27a0193-251a-4147-83b9-8f1306601c97 req-f27a0193-251a-4147-83b9-8f1306601c97 ] Request (HypervisorAdminTestJSON:setUpClass): 201 POST http://10.180.1.21/identity/v3/auth/tokens 0.108s
2025-11-12 21:48:24.958 65656 INFO tempest.common.waiters [-] State transition "BUILD/spawning" ==> "ACTIVE/None" after 18 second wait
2025-11-12 21:48:25.058 65624 INFO tempest.lib.common.rest_client [req-64ade87d-18b8-466c-bd50-c4e9f782df87 req-64ade87d-18b8-466c-bd50-c4e9f782df87 ] Request (SecurityGroupsTestAdminJSON:tearDownClass): 200 GET http://10.180.1.21/networking/v2.0/security-groups?tenant_id=ee06fcbf88be4128b424cd588cdda227&name=default 0.251s
2025-11-12 21:48:25.092 65662 INFO tempest.lib.common.rest_client [req-0598a3a5-736e-496b-bcaf-45871c856ff6 req-0598a3a5-736e-496b-bcaf-45871c856ff6 ] Request (ListImageFiltersTestJSON:setUpClass): 200 GET http://10.180.1.21/compute/v2.1/servers/74fb1b7a-8a18-4a04-9bec-37f38f740c00 5.968s
2025-11-12 21:48:25.100 65662 INFO tempest.common.waiters [-] State transition "BUILD/spawning" ==> "ACTIVE/None" after 20 second wait
2025-11-12 21:48:25.114 65622 INFO tempest.lib.common.rest_client [req-471c40d3-5890-41d7-89f3-7edf5afe1fd0 req-471c40d3-5890-41d7-89f3-7edf5afe1fd0 ] Request (ServicesAdminNegativeV253TestJSON:test_get_service_by_invalid_params): 200 GET http://10.180.1.21/compute/v2.1/os-services 5.526s
2025-11-12 21:48:25.130 65666 INFO tempest.lib.common.rest_client [req-41ff99b6-382a-4e0c-8d19-e06e83913a52 req-41ff99b6-382a-4e0c-8d19-e06e83913a52 ] Request (InstanceActionsV221TestJSON:test_get_list_deleted_instance_actions): 200 GET http://10.180.1.21/compute/v2.1/servers/31176c7f-4b97-4f77-98f8-3b4cb806950b 5.593s
2025-11-12 21:48:25.158 65620 WARNING tempest.lib.common.ssh [-] Failed to establish authenticated ssh connection to cirros@10.180.180.146 ([Errno None] Unable to connect to port 22 on 10.180.180.146). Number attempts: 6. Retry after 7 seconds.: paramiko.ssh_exception.NoValidConnectionsError: [Errno None] Unable to connect to port 22 on 10.180.180.146
2025-11-12 21:48:25.164 65661 INFO tempest.lib.common.rest_client [req-0b6d5573-9e29-43cb-84df-540762cd9f7d req-0b6d5573-9e29-43cb-84df-540762cd9f7d ] Request (VolumesTestJSON:setUpClass): 200 GET http://10.180.1.21/compute/v2.1/os-volumes/e10e2bd1-7c94-43f5-9dce-bab90929c36d 5.561s
2025-11-12 21:48:25.215 65624 INFO tempest.lib.common.rest_client [req-2db67017-efe9-4f5d-b375-acc15120f728 req-2db67017-efe9-4f5d-b375-acc15120f728 ] Request (SecurityGroupsTestAdminJSON:tearDownClass): 204 DELETE http://10.180.1.21/networking/v2.0/security-groups/318350e1-2097-4af2-afc8-7141de8c84be 0.156s
2025-11-12 21:48:25.279 65624 INFO tempest.lib.common.rest_client [req-233a6fe5-53a2-491b-ba1b-8fcace578c6d req-233a6fe5-53a2-491b-ba1b-8fcace578c6d ] Request (SecurityGroupsTestAdminJSON:tearDownClass): 204 DELETE http://10.180.1.21/identity/v3/projects/ee06fcbf88be4128b424cd588cdda227 0.063s
2025-11-12 21:48:25.279 65624 INFO tempest.lib.common.dynamic_creds [-] Deleting project and security group for project: 8216478b02ce422490e3e0fbd48fb1c9
2025-11-12 21:48:25.401 65630 INFO tempest.lib.common.rest_client [req-4bf9e0f5-3e6f-4660-9768-8773a877a30e req-4bf9e0f5-3e6f-4660-9768-8773a877a30e ] Request (ServersAdminNegativeTestJSON:test_migrate_server_invalid_state): 200 GET http://10.180.1.21/compute/v2.1/servers/6f3ad456-b3f6-4452-a5d7-bafa3b22865d 5.785s
2025-11-12 21:48:25.409 65630 INFO tempest.common.waiters [-] State transition "BUILD/spawning" ==> "ACTIVE/None" after 25 second wait
2025-11-12 21:48:25.421 65624 INFO tempest.lib.common.rest_client [req-53ce8cd4-84ac-4dc0-8c73-d0a3931b2dd8 req-53ce8cd4-84ac-4dc0-8c73-d0a3931b2dd8 ] Request (SecurityGroupsTestAdminJSON:tearDownClass): 200 GET http://10.180.1.21/networking/v2.0/security-groups?tenant_id=8216478b02ce422490e3e0fbd48fb1c9&name=default 0.141s
2025-11-12 21:48:25.430 65636 INFO tempest.lib.common.rest_client [req-f0465fb5-8c0c-4118-b2a8-bb217d69e2ee req-f0465fb5-8c0c-4118-b2a8-bb217d69e2ee ] Request (ImagesMetadataNegativeTestJSON:test_get_nonexistent_image_metadata_item): 404 GET http://10.180.1.21/compute/v2.1/images/21f27e61-ad77-4345-bc6f-5bc129e5f7b4/metadata/os_version 5.150s
2025-11-12 21:48:25.460 65665 INFO tempest.lib.common.rest_client [req-b9f1479f-ba36-4e88-9a9d-f77ae1afe2c3 req-b9f1479f-ba36-4e88-9a9d-f77ae1afe2c3 ] Request (InstanceActionsTestJSON:setUpClass): 200 GET http://10.180.1.21/compute/v2.1/servers/00cddce2-8584-416a-a8ab-60ace7fb3570 5.184s
2025-11-12 21:48:25.468 65665 INFO tempest.common.waiters [-] State transition "BUILD/None" ==> "BUILD/spawning" after 9 second wait
2025-11-12 21:48:25.565 65624 INFO tempest.lib.common.rest_client [req-0cca5d8a-5893-4d37-950a-490996723bd1 req-0cca5d8a-5893-4d37-950a-490996723bd1 ] Request (SecurityGroupsTestAdminJSON:tearDownClass): 204 DELETE http://10.180.1.21/networking/v2.0/security-groups/e5a58f1e-560f-45a2-bff1-350b0785b44d 0.144s
2025-11-12 21:48:25.588 65608 INFO tempest.lib.common.rest_client [req-1cb56f88-f08a-44b0-b27a-29d1ddefcf8e req-1cb56f88-f08a-44b0-b27a-29d1ddefcf8e ] Request (ServersAdminTestJSON:test_create_server_with_scheduling_hint): 200 GET http://10.180.1.21/compute/v2.1/servers/45cdf09f-0f97-485a-8061-f33163de9efc 5.101s
2025-11-12 21:48:25.606 65642 INFO tempest.lib.common.rest_client [req-3d187de3-a571-403c-85ae-d9ce5f6525e1 req-3d187de3-a571-403c-85ae-d9ce5f6525e1 ] Request (ServersAdmin275Test:test_rebuild_update_server_275): 200 GET http://10.180.1.21/compute/v2.1/servers/b066dd2b-34d0-450d-997f-580d11cb671d 5.031s
2025-11-12 21:48:25.643 65634 INFO tempest.lib.common.rest_client [req-0434967b-1c08-4139-8b7e-4586f79ccfcf req-0434967b-1c08-4139-8b7e-4586f79ccfcf ] Request (ServersTestMultiNic:test_verify_duplicate_network_nics): 200 GET http://10.180.1.21/compute/v2.1/servers/9ed6923e-7d6a-4400-95ba-d208b3c21a95 5.063s
2025-11-12 21:48:25.654 65646 INFO tempest.lib.common.rest_client [req-697592f7-0b9d-4a4f-a7e0-32b919929f31 req-697592f7-0b9d-4a4f-a7e0-32b919929f31 ] Request (AggregatesAdminNegativeTestJSON:test_aggregate_create_as_user): 403 POST http://10.180.1.21/compute/v2.1/os-aggregates 4.592s
2025-11-12 21:48:25.656 65634 INFO tempest.common.waiters [-] State transition "BUILD/scheduling" ==> "BUILD/None" after 6 second wait
2025-11-12 21:48:25.666 65648 INFO tempest.lib.common.rest_client [req-4d998713-1258-48a5-9393-fc3d49a1ad37 req-4d998713-1258-48a5-9393-fc3d49a1ad37 ] Request (SecurityGroupsTestJSON:test_security_group_create_get_delete): 404 GET http://10.180.1.21/compute/v2.1/os-security-groups/091b2c3a-afad-41a5-adbe-5d36ab456c76 4.658s
2025-11-12 21:48:25.676 65638 INFO tempest.lib.common.rest_client [req-e07dc21a-b97b-488c-b5ac-a28361806fbc req-e07dc21a-b97b-488c-b5ac-a28361806fbc ] Request (KeyPairsV2TestJSON:_run_cleanups): 202 DELETE http://10.180.1.21/compute/v2.1/os-keypairs/tempest-KeyPairsV2TestJSON-keypair-502389822 4.597s
2025-11-12 21:48:25.680 65624 INFO tempest.lib.common.rest_client [req-798cbff5-b809-4173-aa9c-6abac451c8a2 req-798cbff5-b809-4173-aa9c-6abac451c8a2 ] Request (SecurityGroupsTestAdminJSON:tearDownClass): 204 DELETE http://10.180.1.21/identity/v3/projects/8216478b02ce422490e3e0fbd48fb1c9 0.114s
2025-11-12 21:48:25.687 65612 INFO tempest.lib.common.rest_client [req-874446ac-0099-41a3-a90d-c5fe4fb1a07a req-874446ac-0099-41a3-a90d-c5fe4fb1a07a ] Request (FlavorsAccessNegativeTestJSON:test_flavor_non_admin_remove): 200 POST http://10.180.1.21/compute/v2.1/flavors 4.580s
2025-11-12 21:48:25.777 65624 INFO tempest.lib.common.rest_client [req-d75a0bd5-37c5-4394-bad6-0e1e3cda0942 req-d75a0bd5-37c5-4394-bad6-0e1e3cda0942 ] Request (ServicesAdminNegativeTestJSON:setUpClass): 201 POST http://10.180.1.21/identity/v3/auth/tokens 0.095s
2025-11-12 21:48:25.824 65624 INFO tempest.lib.common.rest_client [req-bf777867-36a6-4d43-882d-741bae552a42 req-bf777867-36a6-4d43-882d-741bae552a42 ] Request (ServicesAdminNegativeTestJSON:setUpClass): 201 POST http://10.180.1.21/identity/v3/auth/tokens 0.043s
2025-11-12 21:48:25.835 65632 INFO tempest.lib.common.rest_client [req-adccfc16-c538-4289-bb98-8b13e406a7eb req-adccfc16-c538-4289-bb98-8b13e406a7eb ] Request (MigrationsAdminTest:test_list_migrations_in_flavor_resize_situation): 200 GET http://10.180.1.21/compute/v2.1/servers/93f563f9-153d-4fba-8cd4-6870f09fed14 4.723s
2025-11-12 21:48:25.843 65626 WARNING tempest.lib.common.ssh [-] Failed to establish authenticated ssh connection to cirros@10.180.180.227 ([Errno None] Unable to connect to port 22 on 10.180.180.227). Number attempts: 4. Retry after 5 seconds.: paramiko.ssh_exception.NoValidConnectionsError: [Errno None] Unable to connect to port 22 on 10.180.180.227
2025-11-12 21:48:25.871 65624 INFO tempest.lib.common.rest_client [req-ec571b79-b2e4-4d97-9069-81e140342464 req-ec571b79-b2e4-4d97-9069-81e140342464 ] Request (ServicesAdminNegativeTestJSON:setUpClass): 200 GET http://10.180.1.21/identity/v3/domains?name=Default 0.047s
2025-11-12 21:48:25.882 65610 INFO tempest.lib.common.rest_client [req-051a2bdb-c02a-4090-8cdf-87477363f5d9 req-051a2bdb-c02a-4090-8cdf-87477363f5d9 ] Request (FlavorsAdminTestJSON:_run_cleanups): 200 GET http://10.180.1.21/compute/v2.1/flavors/detail 4.065s
2025-11-12 21:48:25.908 65624 INFO tempest.lib.common.rest_client [req-9e23b4a4-85ae-4cff-91b3-e4e0a7cf936b req-9e23b4a4-85ae-4cff-91b3-e4e0a7cf936b ] Request (ServicesAdminNegativeTestJSON:setUpClass): 201 POST http://10.180.1.21/identity/v3/projects 0.036s
2025-11-12 21:48:25.925 65628 INFO tempest.lib.common.rest_client [req-f592f8eb-bd09-4da6-b14f-b621a1f39aea req-f592f8eb-bd09-4da6-b14f-b621a1f39aea ] Request (ImagesOneServerNegativeTestJSON:setUp): 200 GET http://10.180.1.21/compute/v2.1/servers/9ddf2990-8602-44a1-9594-d6a7bc7781ed 4.123s
2025-11-12 21:48:25.987 65624 INFO tempest.lib.common.rest_client [req-8f7f7db3-b4d3-41db-a476-aa185ab17f68 req-8f7f7db3-b4d3-41db-a476-aa185ab17f68 ] Request (ServicesAdminNegativeTestJSON:setUpClass): 201 POST http://10.180.1.21/identity/v3/users 0.078s
2025-11-12 21:48:26.008 65624 INFO tempest.lib.common.rest_client [req-33c24cca-fbc2-4da0-a0c0-40886983f505 req-33c24cca-fbc2-4da0-a0c0-40886983f505 ] Request (ServicesAdminNegativeTestJSON:setUpClass): 200 GET http://10.180.1.21/identity/v3/roles 0.021s
2025-11-12 21:48:26.039 65624 INFO tempest.lib.common.rest_client [req-952b838d-3422-44a9-91e6-9944bafc2ff5 req-952b838d-3422-44a9-91e6-9944bafc2ff5 ] Request (ServicesAdminNegativeTestJSON:setUpClass): 204 PUT http://10.180.1.21/identity/v3/projects/3afcf11c57dd495eaa146387bb5bb159/users/27301cf8d25f414c891485fb5bda918c/roles/e9552d7fb4884933a96b9da4c82438fe 0.030s
2025-11-12 21:48:26.039 65624 INFO tempest.lib.common.dynamic_creds [-] Dynamic test user 27301cf8d25f414c891485fb5bda918c is created with scope project and roles: ['member']
2025-11-12 21:48:26.039 65624 INFO tempest.lib.common.dynamic_creds [-] Acquired dynamic creds: credentials: Credentials: {'domain_id': 'default', 'domain_name': 'Default', 'username': 'tempest-ServicesAdminNegativeTestJSON-366207991-project-member', 'project_domain_id': 'default', 'project_domain_name': 'Default', 'project_id': '3afcf11c57dd495eaa146387bb5bb159', 'project_name': 'tempest-ServicesAdminNegativeTestJSON-366207991', 'tenant_id': '3afcf11c57dd495eaa146387bb5bb159', 'tenant_name': 'tempest-ServicesAdminNegativeTestJSON-366207991', 'user_domain_id': 'default', 'user_domain_name': 'Default', 'user_id': '27301cf8d25f414c891485fb5bda918c', 'system': None}, Network: None, Subnet: None, Router: None
2025-11-12 21:48:26.039 65624 INFO tempest.lib.common.dynamic_creds [-] Created isolated network resources for: credentials: Credentials: {'domain_id': 'default', 'domain_name': 'Default', 'username': 'tempest-ServicesAdminNegativeTestJSON-366207991-project-member', 'project_domain_id': 'default', 'project_domain_name': 'Default', 'project_id': '3afcf11c57dd495eaa146387bb5bb159', 'project_name': 'tempest-ServicesAdminNegativeTestJSON-366207991', 'tenant_id': '3afcf11c57dd495eaa146387bb5bb159', 'tenant_name': 'tempest-ServicesAdminNegativeTestJSON-366207991', 'user_domain_id': 'default', 'user_domain_name': 'Default', 'user_id': '27301cf8d25f414c891485fb5bda918c', 'system': None}, Network: None, Subnet: None, Router: None
2025-11-12 21:48:26.108 65604 INFO tempest.lib.common.rest_client [req-180f3940-0b1b-4a54-86c7-cdcaad67b041 req-180f3940-0b1b-4a54-86c7-cdcaad67b041 ] Request (VolumesAdminNegativeTest:test_update_attached_volume_with_nonexistent_volume_in_uri): 404 PUT http://10.180.1.21/compute/v2.1/servers/db412802-2b4c-43a6-91d1-9d655b4c1da8/os-volume_attachments/398a7cbd-d909-4903-904b-b68430e4336b 2.965s
2025-11-12 21:48:26.121 65624 INFO tempest.lib.common.rest_client [req-090c5b8c-d911-4e44-b281-674578a6baf8 req-090c5b8c-d911-4e44-b281-674578a6baf8 ] Request (ServicesAdminNegativeTestJSON:setUpClass): 201 POST http://10.180.1.21/identity/v3/auth/tokens 0.079s
2025-11-12 21:48:26.155 65614 INFO tempest.lib.common.rest_client [req-0b7ccc83-513b-4b1a-a91c-d151f06c3ec3 req-0b7ccc83-513b-4b1a-a91c-d151f06c3ec3 ] Request (ServersTestBootFromVolume:setUpClass): 200 GET http://10.180.1.21/compute/v2.1/servers/09a50fd6-27da-474c-a7c9-62cd9b8e378b 4.228s
2025-11-12 21:48:26.176 65604 INFO tempest.lib.common.rest_client [req-6797bd03-7584-47de-95ad-1a5dd1330f58 req-6797bd03-7584-47de-95ad-1a5dd1330f58 ] Request (VolumesAdminNegativeTest:tearDownClass): 202 DELETE http://10.180.1.21/volume/v3/volumes/65738d6f-c32c-45a2-bb16-07b06d349019 0.066s
2025-11-12 21:48:26.193 65624 INFO tempest.lib.common.rest_client [req-d04b72c2-6312-460a-a572-7c7b5fad3bb8 req-d04b72c2-6312-460a-a572-7c7b5fad3bb8 ] Request (ServicesAdminNegativeTestJSON:setUpClass): 201 POST http://10.180.1.21/identity/v3/projects 0.071s
2025-11-12 21:48:26.218 65604 INFO tempest.lib.common.rest_client [req-98218e06-bf16-4cf0-a5cc-a49feaa8dc12 req-98218e06-bf16-4cf0-a5cc-a49feaa8dc12 ] Request (VolumesAdminNegativeTest:tearDownClass): 200 GET http://10.180.1.21/volume/v3/volumes/65738d6f-c32c-45a2-bb16-07b06d349019 0.042s
2025-11-12 21:48:26.323 65640 INFO tempest.lib.common.rest_client [req-2d487bc1-2948-4153-bc21-c4d972b75a82 req-2d487bc1-2948-4153-bc21-c4d972b75a82 ] Request (KeyPairsV22TestJSON:test_get_keypair_detail): 201 POST http://10.180.1.21/compute/v2.1/os-keypairs 1.936s
2025-11-12 21:48:26.342 65650 INFO tempest.lib.common.rest_client [req-c1ac2795-40ae-4e6e-92d0-5471d14594ab req-c1ac2795-40ae-4e6e-92d0-5471d14594ab ] Request (ValidationResourcesFixture:setUp): 200 POST http://10.180.1.21/compute/v2.1/os-keypairs 1.844s
2025-11-12 21:48:26.371 65624 INFO tempest.lib.common.rest_client [req-61da860d-fc26-4a22-9fcd-5e9e82c2e902 req-61da860d-fc26-4a22-9fcd-5e9e82c2e902 ] Request (ServicesAdminNegativeTestJSON:setUpClass): 201 POST http://10.180.1.21/identity/v3/users 0.178s
2025-11-12 21:48:26.397 65624 INFO tempest.lib.common.rest_client [req-c6ba7720-260b-4fc3-a8c9-e01f258d2c0c req-c6ba7720-260b-4fc3-a8c9-e01f258d2c0c ] Request (ServicesAdminNegativeTestJSON:setUpClass): 200 GET http://10.180.1.21/identity/v3/roles 0.025s
2025-11-12 21:48:26.435 65624 INFO tempest.lib.common.rest_client [req-ee92b880-c63b-4af4-a2a3-dd597ef651b5 req-ee92b880-c63b-4af4-a2a3-dd597ef651b5 ] Request (ServicesAdminNegativeTestJSON:setUpClass): 204 PUT http://10.180.1.21/identity/v3/projects/f64a47f88203416c9c1646962018729b/users/4e3cf3d55f2143fab6f6506a0e490d9b/roles/30d43c5d57cf4a16b2a11bd8b84b1411 0.037s
2025-11-12 21:48:26.514 65624 INFO tempest.lib.common.rest_client [req-b8ecb535-8e09-40c3-bc5b-c4b4c6420484 req-b8ecb535-8e09-40c3-bc5b-c4b4c6420484 ] Request (ServicesAdminNegativeTestJSON:setUpClass): 200 GET http://10.180.1.21/identity/v3/roles 0.079s
2025-11-12 21:48:26.529 65650 INFO tempest.lib.common.rest_client [req-7132671e-728e-496f-b6a0-45e38234f471 req-7132671e-728e-496f-b6a0-45e38234f471 ] Request (ValidationResourcesFixture:setUp): 201 POST http://10.180.1.21/networking/v2.0/security-groups 0.185s
2025-11-12 21:48:26.540 65624 INFO tempest.lib.common.rest_client [req-0ae2cba8-67a2-48b3-b5a6-5faec9cfacce req-0ae2cba8-67a2-48b3-b5a6-5faec9cfacce ] Request (ServicesAdminNegativeTestJSON:setUpClass): 204 PUT http://10.180.1.21/identity/v3/projects/f64a47f88203416c9c1646962018729b/users/4e3cf3d55f2143fab6f6506a0e490d9b/roles/30d43c5d57cf4a16b2a11bd8b84b1411 0.025s
2025-11-12 21:48:26.540 65624 INFO tempest.lib.common.dynamic_creds [-] Dynamic test user 4e3cf3d55f2143fab6f6506a0e490d9b is created with scope project and roles: ['admin']
2025-11-12 21:48:26.541 65624 INFO tempest.lib.common.dynamic_creds [-] Acquired dynamic creds: credentials: Credentials: {'domain_id': 'default', 'domain_name': 'Default', 'username': 'tempest-ServicesAdminNegativeTestJSON-608252967-project-admin', 'project_domain_id': 'default', 'project_domain_name': 'Default', 'project_id': 'f64a47f88203416c9c1646962018729b', 'project_name': 'tempest-ServicesAdminNegativeTestJSON-608252967', 'tenant_id': 'f64a47f88203416c9c1646962018729b', 'tenant_name': 'tempest-ServicesAdminNegativeTestJSON-608252967', 'user_domain_id': 'default', 'user_domain_name': 'Default', 'user_id': '4e3cf3d55f2143fab6f6506a0e490d9b', 'system': None}, Network: None, Subnet: None, Router: None
2025-11-12 21:48:26.541 65624 INFO tempest.lib.common.dynamic_creds [-] Created isolated network resources for: credentials: Credentials: {'domain_id': 'default', 'domain_name': 'Default', 'username': 'tempest-ServicesAdminNegativeTestJSON-608252967-project-admin', 'project_domain_id': 'default', 'project_domain_name': 'Default', 'project_id': 'f64a47f88203416c9c1646962018729b', 'project_name': 'tempest-ServicesAdminNegativeTestJSON-608252967', 'tenant_id': 'f64a47f88203416c9c1646962018729b', 'tenant_name': 'tempest-ServicesAdminNegativeTestJSON-608252967', 'user_domain_id': 'default', 'user_domain_name': 'Default', 'user_id': '4e3cf3d55f2143fab6f6506a0e490d9b', 'system': None}, Network: None, Subnet: None, Router: None
2025-11-12 21:48:26.633 65624 INFO tempest.lib.common.rest_client [req-ef5adeea-545a-4f39-9bbf-6ddf95636824 req-ef5adeea-545a-4f39-9bbf-6ddf95636824 ] Request (ServicesAdminNegativeTestJSON:setUpClass): 201 POST http://10.180.1.21/identity/v3/auth/tokens 0.090s
2025-11-12 21:48:26.725 65650 INFO tempest.lib.common.rest_client [req-b2d0368a-21cd-4d38-88ed-4bccf343b49b req-b2d0368a-21cd-4d38-88ed-4bccf343b49b ] Request (ValidationResourcesFixture:setUp): 201 POST http://10.180.1.21/networking/v2.0/security-group-rules 0.195s
2025-11-12 21:48:26.763 65658 INFO tempest.lib.common.rest_client [req-75e627f8-1800-4eaa-b04b-7a9e85c916c7 req-75e627f8-1800-4eaa-b04b-7a9e85c916c7 ] Request (DeleteServersAdminTestJSON:test_delete_server_while_in_error_state): 200 GET http://10.180.1.21/compute/v2.1/servers/fbbb054d-1a64-4dec-8cab-514ed8df7fa7 2.243s
2025-11-12 21:48:26.858 65606 INFO tempest.lib.common.rest_client [req-d08af080-74a3-4edd-a4b7-f2c66fa11fd6 req-d08af080-74a3-4edd-a4b7-f2c66fa11fd6 ] Request (ServersWithSpecificFlavorTestJSON:test_verify_created_server_ephemeral_disk): 200 GET http://10.180.1.21/compute/v2.1/servers/f7054595-0306-44c9-afa3-f2a972888a4b 2.309s
2025-11-12 21:48:26.870 65652 INFO tempest.lib.common.rest_client [req-796cf0b4-1e58-4399-bab3-8a6fb6f397ae req-796cf0b4-1e58-4399-bab3-8a6fb6f397ae ] Request (KeyPairsV210TestJSON:test_admin_manage_keypairs_for_other_users): 200 GET http://10.180.1.21/compute/v2.1/os-keypairs/tempest-keypair-13021044?user_id=bd3bd092d6a2492f9070916fad1ce5f4 2.222s
2025-11-12 21:48:26.924 65650 INFO tempest.lib.common.rest_client [req-ec390e46-b20e-4ef5-9789-35d1cdb7e376 req-ec390e46-b20e-4ef5-9789-35d1cdb7e376 ] Request (ValidationResourcesFixture:setUp): 201 POST http://10.180.1.21/networking/v2.0/security-group-rules 0.198s
2025-11-12 21:48:26.993 65654 INFO tempest.lib.common.rest_client [req-0b21a97a-e816-4304-8645-99411fc80399 req-0b21a97a-e816-4304-8645-99411fc80399 ] Request (HypervisorAdminTestJSON:test_get_hypervisor_list): 200 GET http://10.180.1.21/compute/v2.1/os-hypervisors 2.040s
2025-11-12 21:48:27.019 65644 INFO tempest.lib.common.rest_client [req-b47fcd63-2231-4805-94d6-fa2e3955e4ac req-b47fcd63-2231-4805-94d6-fa2e3955e4ac ] Request (SecurityGroupRulesTestJSON:test_security_group_rules_delete_when_peer_group_deleted): 200 POST http://10.180.1.21/compute/v2.1/os-security-groups 2.434s
2025-11-12 21:48:27.244 65604 INFO tempest.lib.common.rest_client [req-cc7dc10e-8143-4768-8df9-1403d53eb67f req-cc7dc10e-8143-4768-8df9-1403d53eb67f ] Request (VolumesAdminNegativeTest:tearDownClass): 404 GET http://10.180.1.21/volume/v3/volumes/65738d6f-c32c-45a2-bb16-07b06d349019 0.016s
2025-11-12 21:48:27.569 65650 INFO tempest.lib.common.rest_client [req-1ba3cf7d-b8ae-4446-ad60-6987210f55ad req-1ba3cf7d-b8ae-4446-ad60-6987210f55ad ] Request (ValidationResourcesFixture:setUp): 201 POST http://10.180.1.21/networking/v2.0/floatingips 0.644s
2025-11-12 21:48:27.601 65656 INFO tempest.lib.common.rest_client [req-387385bd-b254-4df2-b388-ca403d73eecc req-387385bd-b254-4df2-b388-ca403d73eecc ] Request (ServerDiagnosticsV248Test:test_get_server_diagnostics): 200 GET http://10.180.1.21/compute/v2.1/servers/b8f1d9d3-d607-494a-964d-38d729cdf204/diagnostics 2.643s
2025-11-12 21:48:27.633 65622 INFO tempest.lib.common.rest_client [req-c67c2b7a-cbd2-40d4-979e-306adf4d74e7 req-c67c2b7a-cbd2-40d4-979e-306adf4d74e7 ] Request (ServicesAdminNegativeV253TestJSON:test_get_service_by_invalid_params): 200 GET http://10.180.1.21/compute/v2.1/os-services?xxx=nova-compute 2.516s
2025-11-12 21:48:27.666 65650 INFO tempest.lib.common.rest_client [req-5f0123f8-7730-473a-9a06-0d0209e4d549 req-5f0123f8-7730-473a-9a06-0d0209e4d549 ] Request (AttachInterfacesTestJSON:test_create_list_show_delete_interfaces_by_fixed_ip): 201 POST http://10.180.1.21/identity/v3/auth/tokens 0.094s
2025-11-12 21:48:27.667 65650 INFO tempest.lib.common.fixed_network [-] (AttachInterfacesTestJSON:test_create_list_show_delete_interfaces_by_fixed_ip) Found network {'id': 'b6cd1d38-571c-49d4-a2be-9606e992223e', 'name': 'tempest-AttachInterfacesTestJSON-1792245991-network', 'tenant_id': '45f5de55baeb4e5688fd7bba1bf285c4', 'project_id': '45f5de55baeb4e5688fd7bba1bf285c4', 'admin_state_up': True, 'mtu': 8950, 'status': 'ACTIVE', 'subnets': [], 'shared': False, 'port_security_enabled': True, 'router:external': False, 'provider:network_type': 'vlan', 'provider:physical_network': 'default', 'provider:segmentation_id': 822, 'availability_zone_hints': [], 'availability_zones': [], 'ipv4_address_scope': None, 'ipv6_address_scope': None, 'description': '', 'tags': [], 'created_at': '2025-11-12T21:48:21Z', 'updated_at': '2025-11-12T21:48:21Z', 'revision_number': 1} available for tenant
2025-11-12 21:48:27.693 65661 INFO tempest.lib.common.rest_client [req-df567c69-9263-4674-8648-1fc41006d42e req-df567c69-9263-4674-8648-1fc41006d42e ] Request (VolumesTestJSON:test_volume_list): 200 GET http://10.180.1.21/compute/v2.1/os-volumes 2.526s
2025-11-12 21:48:27.733 65662 INFO tempest.lib.common.rest_client [req-27e0800a-b271-4ce0-81d6-186475f0f736 req-27e0800a-b271-4ce0-81d6-186475f0f736 ] Request (ListImageFiltersTestJSON:setUpClass): 200 GET http://10.180.1.21/compute/v2.1/servers/ce87261e-6410-430d-8674-5e46ef1c1530 2.632s
2025-11-12 21:48:27.760 65636 INFO tempest.lib.common.rest_client [req-f1ff103e-ef9c-4c4a-9f7e-67068b1822c5 req-f1ff103e-ef9c-4c4a-9f7e-67068b1822c5 ] Request (ImagesMetadataNegativeTestJSON:test_list_nonexistent_image_metadata): 404 GET http://10.180.1.21/compute/v2.1/images/659bd0f5-84d8-46c0-9dec-f56b8619c495/metadata 2.329s
2025-11-12 21:48:27.806 65646 INFO tempest.lib.common.rest_client [req-6e431142-b8af-41e1-8dcd-2bcc16cae03e req-6e431142-b8af-41e1-8dcd-2bcc16cae03e ] Request (AggregatesAdminNegativeTestJSON:test_aggregate_create_with_existent_aggregate_name): 200 POST http://10.180.1.21/compute/v2.1/os-aggregates 2.150s
2025-11-12 21:48:27.886 65630 INFO tempest.lib.common.rest_client [req-654cb525-578e-446b-94f2-0b938d77327a req-654cb525-578e-446b-94f2-0b938d77327a ] Request (ServersAdminNegativeTestJSON:test_migrate_server_invalid_state): 202 POST http://10.180.1.21/compute/v2.1/servers/6f3ad456-b3f6-4452-a5d7-bafa3b22865d/action 2.477s
2025-11-12 21:48:27.913 65638 INFO tempest.lib.common.rest_client [req-304ec4de-263e-446d-9489-fc25bb5dec66 req-304ec4de-263e-446d-9489-fc25bb5dec66 ] Request (KeyPairsV2TestJSON:_run_cleanups): 202 DELETE http://10.180.1.21/compute/v2.1/os-keypairs/tempest-KeyPairsV2TestJSON-keypair-1968320934 2.236s
2025-11-12 21:48:28.030 65648 INFO tempest.lib.common.rest_client [req-d1eadb8a-8cd7-413e-ab10-3c9dbdf25f35 req-d1eadb8a-8cd7-413e-ab10-3c9dbdf25f35 ] Request (SecurityGroupsTestJSON:test_security_groups_create_list_delete): 200 POST http://10.180.1.21/compute/v2.1/os-security-groups 2.362s
2025-11-12 21:48:28.032 65612 INFO tempest.lib.common.rest_client [req-ef7b1882-9ada-4557-ae9e-75c1c87324eb req-ef7b1882-9ada-4557-ae9e-75c1c87324eb ] Request (FlavorsAccessNegativeTestJSON:test_flavor_non_admin_remove): 200 POST http://10.180.1.21/compute/v2.1/flavors/337947107/action 2.342s
2025-11-12 21:48:28.054 65610 INFO tempest.lib.common.rest_client [req-a98aaa11-6844-4a78-bdaa-5b7d6ceabb4f req-a98aaa11-6844-4a78-bdaa-5b7d6ceabb4f ] Request (FlavorsAdminTestJSON:test_create_list_flavor_without_extra_data): 200 POST http://10.180.1.21/compute/v2.1/flavors 2.165s
2025-11-12 21:48:28.061 65628 INFO tempest.lib.common.rest_client [req-3247936f-0573-4df5-bc59-464d47e0f88f req-3247936f-0573-4df5-bc59-464d47e0f88f ] Request (ImagesOneServerNegativeTestJSON:test_create_image_specify_name_over_character_limit): 400 POST http://10.180.1.21/compute/v2.1/servers/9ddf2990-8602-44a1-9594-d6a7bc7781ed/action 2.127s
2025-11-12 21:48:28.086 65618 WARNING tempest.lib.common.ssh [-] Failed to establish authenticated ssh connection to cirros@10.180.180.188 ([Errno None] Unable to connect to port 22 on 10.180.180.188). Number attempts: 6. Retry after 7 seconds.: paramiko.ssh_exception.NoValidConnectionsError: [Errno None] Unable to connect to port 22 on 10.180.180.188
2025-11-12 21:48:28.146 65666 INFO tempest.lib.common.rest_client [req-7143fdf3-cc70-42c2-880e-e820412481b1 req-7143fdf3-cc70-42c2-880e-e820412481b1 ] Request (InstanceActionsV221TestJSON:test_get_list_deleted_instance_actions): 200 GET http://10.180.1.21/compute/v2.1/servers/31176c7f-4b97-4f77-98f8-3b4cb806950b 2.007s
2025-11-12 21:48:28.155 65666 INFO tempest.common.waiters [-] State transition "BUILD/None" ==> "BUILD/networking" after 10 second wait
2025-11-12 21:48:28.156 65640 INFO tempest.lib.common.rest_client [req-521dce4c-2023-4327-9659-0be3e171dc0f req-521dce4c-2023-4327-9659-0be3e171dc0f ] Request (KeyPairsV22TestJSON:test_get_keypair_detail): 200 GET http://10.180.1.21/compute/v2.1/os-keypairs/tempest-keypair-1298327159 1.831s
2025-11-12 21:48:28.198 65616 INFO tempest.lib.common.rest_client [req-f658d164-44b5-4896-9608-588e379615ad req-f658d164-44b5-4896-9608-588e379615ad ] Request (ServerRescueTestJSON:test_rescue_unrescue_instance): 200 GET http://10.180.1.21/compute/v2.1/servers/d085d5f1-cd2e-498e-b7a7-c7b271fe8939 2.457s
2025-11-12 21:48:28.205 65616 INFO tempest.common.waiters [-] State transition "BUILD/None" ==> "BUILD/spawning" after 10 second wait
2025-11-12 21:48:28.260 65608 INFO tempest.lib.common.rest_client [req-c078dc55-f169-47dc-8631-3ea18dc7cfc1 req-c078dc55-f169-47dc-8631-3ea18dc7cfc1 ] Request (ServersAdminTestJSON:test_create_server_with_scheduling_hint): 200 GET http://10.180.1.21/compute/v2.1/servers/45cdf09f-0f97-485a-8061-f33163de9efc 1.665s
2025-11-12 21:48:28.307 65665 INFO tempest.lib.common.rest_client [req-08117ba2-711d-4dc1-a50a-60a23099ae96 req-08117ba2-711d-4dc1-a50a-60a23099ae96 ] Request (InstanceActionsTestJSON:setUpClass): 200 GET http://10.180.1.21/compute/v2.1/servers/00cddce2-8584-416a-a8ab-60ace7fb3570 1.837s
2025-11-12 21:48:28.356 65642 INFO tempest.lib.common.rest_client [req-9c37184c-a43d-4864-9a3e-3dbc4710d267 req-9c37184c-a43d-4864-9a3e-3dbc4710d267 ] Request (ServersAdmin275Test:test_rebuild_update_server_275): 200 GET http://10.180.1.21/compute/v2.1/servers/b066dd2b-34d0-450d-997f-580d11cb671d 1.737s
2025-11-12 21:48:28.358 65624 INFO tempest.lib.common.rest_client [req-6022f368-aecf-470f-85f6-67720cd39a79 req-6022f368-aecf-470f-85f6-67720cd39a79 ] Request (ServicesAdminNegativeTestJSON:test_get_service_by_invalid_params): 200 GET http://10.180.1.21/compute/v2.1/os-services 1.723s
2025-11-12 21:48:28.416 65634 INFO tempest.lib.common.rest_client [req-a2f10fdb-cb26-47ee-8d59-0dbdeba31b70 req-a2f10fdb-cb26-47ee-8d59-0dbdeba31b70 ] Request (ServersTestMultiNic:test_verify_duplicate_network_nics): 200 GET http://10.180.1.21/compute/v2.1/servers/9ed6923e-7d6a-4400-95ba-d208b3c21a95 1.760s
2025-11-12 21:48:28.457 65652 INFO tempest.lib.common.rest_client [req-62a2bc10-d689-44f6-aa56-28eb22886fde req-62a2bc10-d689-44f6-aa56-28eb22886fde ] Request (KeyPairsV210TestJSON:test_admin_manage_keypairs_for_other_users): 201 POST http://10.180.1.21/compute/v2.1/os-keypairs 1.585s
2025-11-12 21:48:28.482 65654 INFO tempest.lib.common.rest_client [req-52e27945-a58b-40dd-9216-62beb5f6e4ab req-52e27945-a58b-40dd-9216-62beb5f6e4ab ] Request (HypervisorAdminTestJSON:test_get_hypervisor_list_details): 200 GET http://10.180.1.21/compute/v2.1/os-hypervisors/detail 1.487s
2025-11-12 21:48:28.514 65632 INFO tempest.lib.common.rest_client [req-dcbe0ad4-b4d1-4ffc-8ea2-5e98f4026def req-dcbe0ad4-b4d1-4ffc-8ea2-5e98f4026def ] Request (MigrationsAdminTest:test_list_migrations_in_flavor_resize_situation): 200 GET http://10.180.1.21/compute/v2.1/servers/93f563f9-153d-4fba-8cd4-6870f09fed14 1.670s
2025-11-12 21:48:28.648 65644 INFO tempest.lib.common.rest_client [req-6a70e18f-c70a-40fa-a8e8-5a62f66efb58 req-6a70e18f-c70a-40fa-a8e8-5a62f66efb58 ] Request (SecurityGroupRulesTestJSON:test_security_group_rules_delete_when_peer_group_deleted): 200 POST http://10.180.1.21/compute/v2.1/os-security-groups 1.625s
2025-11-12 21:48:28.759 65614 INFO tempest.lib.common.rest_client [req-b07e8c0f-dee0-4754-88f7-0eb71619a8b8 req-b07e8c0f-dee0-4754-88f7-0eb71619a8b8 ] Request (ServersTestBootFromVolume:setUpClass): 200 GET http://10.180.1.21/compute/v2.1/servers/09a50fd6-27da-474c-a7c9-62cd9b8e378b 1.592s
2025-11-12 21:48:28.768 65614 INFO tempest.common.waiters [-] State transition "BUILD/spawning" ==> "ACTIVE/None" after 17 second wait
2025-11-12 21:48:28.792 65622 INFO tempest.lib.common.rest_client [req-a3b84df8-1c1d-4196-a2b1-b99ee1724c5d req-a3b84df8-1c1d-4196-a2b1-b99ee1724c5d ] Request (ServicesAdminNegativeV253TestJSON:test_get_service_by_invalid_service_and_valid_host): 200 GET http://10.180.1.21/compute/v2.1/os-services 1.154s
2025-11-12 21:48:28.803 65604 INFO tempest.lib.common.rest_client [req-a0fecf7c-9e08-40d5-a130-d2825d0b754b req-a0fecf7c-9e08-40d5-a130-d2825d0b754b ] Request (VolumesAdminNegativeTest:tearDownClass): 204 DELETE http://10.180.1.21/compute/v2.1/servers/db412802-2b4c-43a6-91d1-9d655b4c1da8 1.558s
2025-11-12 21:48:28.938 65661 INFO tempest.lib.common.rest_client [req-781464cc-dbb2-47e8-ad44-9ed20c8eaa7c req-781464cc-dbb2-47e8-ad44-9ed20c8eaa7c ] Request (VolumesTestJSON:test_volume_list_param_limit): 200 GET http://10.180.1.21/compute/v2.1/os-volumes?limit=2 1.240s
2025-11-12 21:48:29.347 65650 INFO tempest.lib.common.rest_client [req-021ad0d7-23a1-4c4f-bee7-725a94bd5bb0 req-021ad0d7-23a1-4c4f-bee7-725a94bd5bb0 ] Request (AttachInterfacesTestJSON:test_create_list_show_delete_interfaces_by_fixed_ip): 202 POST http://10.180.1.21/compute/v2.1/servers 1.679s
2025-11-12 21:48:29.367 65636 INFO tempest.lib.common.rest_client [req-1f936fa8-c1d7-480c-b1fa-d224d269a9fa req-1f936fa8-c1d7-480c-b1fa-d224d269a9fa ] Request (ImagesMetadataNegativeTestJSON:test_set_nonexistent_image_metadata): 404 PUT http://10.180.1.21/compute/v2.1/images/3ce300de-80f2-47b8-987a-4f6445abd0c1/metadata 1.605s
2025-11-12 21:48:29.478 65662 INFO tempest.lib.common.rest_client [req-615b4b8e-dc1d-4d1d-b453-3280772970fa req-615b4b8e-dc1d-4d1d-b453-3280772970fa ] Request (ListImageFiltersTestJSON:setUpClass): 202 POST http://10.180.1.21/compute/v2.1/servers/ce87261e-6410-430d-8674-5e46ef1c1530/action 1.727s
2025-11-12 21:48:29.504 65646 INFO tempest.lib.common.rest_client [req-3eeeb6e7-53de-41ca-9df3-3118ba595d6d req-3eeeb6e7-53de-41ca-9df3-3118ba595d6d ] Request (AggregatesAdminNegativeTestJSON:test_aggregate_create_with_existent_aggregate_name): 409 POST http://10.180.1.21/compute/v2.1/os-aggregates 1.696s
2025-11-12 21:48:29.734 65658 INFO tempest.lib.common.rest_client [req-7169edcd-2aa8-41fa-8313-0d6ec66f526e req-7169edcd-2aa8-41fa-8313-0d6ec66f526e ] Request (DeleteServersAdminTestJSON:test_delete_server_while_in_error_state): 200 GET http://10.180.1.21/compute/v2.1/servers/fbbb054d-1a64-4dec-8cab-514ed8df7fa7 1.960s
2025-11-12 21:48:29.950 65606 INFO tempest.lib.common.rest_client [req-c1ed4695-acee-459b-a1f8-67ac5ca97ad7 req-c1ed4695-acee-459b-a1f8-67ac5ca97ad7 ] Request (ServersWithSpecificFlavorTestJSON:test_verify_created_server_ephemeral_disk): 200 GET http://10.180.1.21/compute/v2.1/servers/f7054595-0306-44c9-afa3-f2a972888a4b 2.083s
2025-11-12 21:48:29.972 65638 INFO tempest.lib.common.rest_client [req-56f4bbb1-9a2d-457e-ae2d-8784ab1dcf1f req-56f4bbb1-9a2d-457e-ae2d-8784ab1dcf1f ] Request (KeyPairsV2TestJSON:_run_cleanups): 202 DELETE http://10.180.1.21/compute/v2.1/os-keypairs/tempest-KeyPairsV2TestJSON-keypair-608708521 2.059s
2025-11-12 21:48:29.981 65612 INFO tempest.lib.common.rest_client [req-2090d924-12ab-47a0-89f8-00b9dee76139 req-2090d924-12ab-47a0-89f8-00b9dee76139 ] Request (FlavorsAccessNegativeTestJSON:test_flavor_non_admin_remove): 403 POST http://10.180.1.21/compute/v2.1/flavors/337947107/action 1.948s
2025-11-12 21:48:30.100 65638 INFO tempest.lib.common.rest_client [req-dcf03894-0f8a-4a55-8db8-d95489f5fe6a req-dcf03894-0f8a-4a55-8db8-d95489f5fe6a ] Request (KeyPairsV2TestJSON:tearDownClass): 204 DELETE http://10.180.1.21/identity/v3/users/1d0a46e1d8404adea9c4d2dae2871d62 0.126s
