2025-11-12 21:49:18.153 65630 INFO tempest.lib.common.rest_client [req-a0de4744-c757-43e9-b76c-446025930bdc req-a0de4744-c757-43e9-b76c-446025930bdc ] Request (ServersAdminNegativeTestJSON:test_resize_server_using_overlimit_vcpus): 403 POST http://10.180.1.21/compute/v2.1/servers/ada54d2d-b587-46d3-859e-1a431d0fcc8b/action 3.215s
2025-11-12 21:49:18.278 65634 INFO tempest.lib.common.rest_client [req-2db9fef6-f6ad-4f0b-9f20-4a7c3930784f req-2db9fef6-f6ad-4f0b-9f20-4a7c3930784f ] Request (ServersTestMultiNic:_run_cleanups): 200 GET http://10.180.1.21/compute/v2.1/servers/9ed6923e-7d6a-4400-95ba-d208b3c21a95 3.068s
2025-11-12 21:49:18.314 65624 INFO tempest.lib.common.rest_client [req-f87d2fbb-03d9-4c13-bf4e-0de009458151 req-f87d2fbb-03d9-4c13-bf4e-0de009458151 ] Request (ImagesMetadataTestJSON:test_list_image_metadata): 200 GET http://10.180.1.21/compute/v2.1/images/999377cf-8621-4e24-9470-325d700de3d1/metadata 2.996s
2025-11-12 21:49:18.326 65620 INFO tempest.lib.common.rest_client [req-f5ee71e4-cfa7-4d86-8a0c-7d8c84a10b84 req-f5ee71e4-cfa7-4d86-8a0c-7d8c84a10b84 ] Request (ListServerFiltersTestJSON:setUpClass): 202 POST http://10.180.1.21/compute/v2.1/servers 3.143s
2025-11-12 21:49:18.367 65620 INFO tempest.lib.common.rest_client [req-c4eb0e65-7558-4fa6-b2b8-51dd186b53e1 req-c4eb0e65-7558-4fa6-b2b8-51dd186b53e1 ] Request (ListServerFiltersTestJSON:setUpClass): 201 POST http://10.180.1.21/identity/v3/auth/tokens 0.035s
2025-11-12 21:49:18.367 65620 INFO tempest.lib.common.fixed_network [-] (ListServerFiltersTestJSON:setUpClass) Found network {'id': 'c86ded69-9413-4c43-b9a8-dd443a20d8b7', 'name': 'tempest-ListServerFiltersTestJSON-231860417-network', 'tenant_id': '867ef692d341499d8d83a61d6037e753', 'project_id': '867ef692d341499d8d83a61d6037e753', 'admin_state_up': True, 'mtu': 8950, 'status': 'ACTIVE', 'subnets': [], 'shared': False, 'port_security_enabled': True, 'router:external': False, 'provider:network_type': 'vlan', 'provider:physical_network': 'default', 'provider:segmentation_id': 616, 'availability_zone_hints': [], 'availability_zones': [], 'ipv4_address_scope': None, 'ipv6_address_scope': None, 'description': '', 'tags': [], 'created_at': '2025-11-12T21:49:12Z', 'updated_at': '2025-11-12T21:49:12Z', 'revision_number': 1} available for tenant
2025-11-12 21:49:18.543 65622 INFO tempest.lib.common.rest_client [req-3dc73ce8-3a82-47af-96b3-346a3871c672 req-3dc73ce8-3a82-47af-96b3-346a3871c672 ] Request (InstanceActionsNegativeTestJSON:setUpClass): 200 GET http://10.180.1.21/compute/v2.1/servers/d0effd94-3749-443c-a750-55369a71faec 3.211s
2025-11-12 21:49:18.596 65608 INFO tempest.lib.common.rest_client [req-e3f3352e-5076-48ec-92b0-51747c9fa0fd req-e3f3352e-5076-48ec-92b0-51747c9fa0fd ] Request (ServersAdminTestJSON:test_inject_network_info): 200 GET http://10.180.1.21/compute/v2.1/servers/07fc6876-f2db-4abf-9695-dd5771d21c70 3.205s
2025-11-12 21:49:18.603 65608 INFO tempest.common.waiters [-] State transition "BUILD/networking" ==> "BUILD/spawning" after 18 second wait
2025-11-12 21:49:18.610 65648 INFO tempest.lib.common.rest_client [req-2b50176e-1e28-4220-9c77-f4dc945ad2b7 req-2b50176e-1e28-4220-9c77-f4dc945ad2b7 ] Request (SecurityGroupsTestJSON:test_server_security_groups): 200 GET http://10.180.1.21/compute/v2.1/servers/a554b04c-a59e-4063-b6d8-36e131a37e10 3.149s
2025-11-12 21:49:18.662 65642 INFO tempest.lib.common.rest_client [req-ac43b75c-f624-4292-a8a0-ee57e5f629c9 req-ac43b75c-f624-4292-a8a0-ee57e5f629c9 ] Request (ServersAdmin275Test:_run_cleanups): 200 GET http://10.180.1.21/compute/v2.1/servers/b066dd2b-34d0-450d-997f-580d11cb671d 3.075s
2025-11-12 21:49:18.670 65666 INFO tempest.lib.common.rest_client [req-b027f385-b3d8-4d03-8123-98a2bab4c8ef req-b027f385-b3d8-4d03-8123-98a2bab4c8ef ] Request (ServerAddressesTestJSON:setUpClass): 200 GET http://10.180.1.21/compute/v2.1/servers/ea6ddfe4-e6b4-46ec-b65d-071c0b688e2b 3.027s
2025-11-12 21:49:18.721 65614 INFO tempest.lib.common.rest_client [req-c663671e-219c-4e08-925e-b17038849269 req-c663671e-219c-4e08-925e-b17038849269 ] Request (ServersTestBootFromVolume:test_verify_created_server_vcpus): 200 GET http://10.180.1.21/compute/v2.1/flavors/42 1.492s
2025-11-12 21:49:18.724 65614 INFO tempest.lib.common.ssh [-] Creating ssh connection to '10.180.180.178:22' as 'cirros' with public key authentication
2025-11-12 21:49:18.728 65614 INFO paramiko.transport [-] Connected (version 2.0, client dropbear_2020.81)
2025-11-12 21:49:18.770 65656 INFO tempest.lib.common.rest_client [req-5c1e1ddf-c366-4c3e-93d1-0457d17756c2 req-5c1e1ddf-c366-4c3e-93d1-0457d17756c2 ] Request (FloatingIPsAssociationNegativeTestJSON:setUpClass): 200 GET http://10.180.1.21/compute/v2.1/servers/1c1677d0-8e1e-45d0-b30e-b4f95feb79ab 1.491s
2025-11-12 21:49:18.808 65662 INFO tempest.lib.common.rest_client [req-ceb1c555-17ec-4bc4-8a0b-880b47415a6a req-ceb1c555-17ec-4bc4-8a0b-880b47415a6a ] Request (ListImageFiltersTestJSON:setUpClass): 200 GET http://10.180.1.21/compute/v2.1/images/74d92226-02a6-41b3-8a47-46be035296fe 1.479s
2025-11-12 21:49:18.831 65614 INFO paramiko.transport [-] Authentication (publickey) successful!
2025-11-12 21:49:18.831 65614 INFO tempest.lib.common.ssh [-] ssh connection to cirros@10.180.180.178 successfully created
2025-11-12 21:49:18.861 65618 INFO tempest.lib.common.rest_client [req-a4f32125-06b1-4481-97f3-e3968e225254 req-a4f32125-06b1-4481-97f3-e3968e225254 ] Request (ServerActionsTestOtherA:test_rebuild_server_in_stop_state): 202 POST http://10.180.1.21/compute/v2.1/servers/5dd0ab67-1663-432a-9699-ea9a3b3b2573/action 2.063s
2025-11-12 21:49:18.879 65658 INFO tempest.lib.common.rest_client [req-721a4184-129e-48c4-936c-016107257a68 req-721a4184-129e-48c4-936c-016107257a68 ] Request (HypervisorAdminUnderV252Test:test_search_hypervisor): 200 GET http://10.180.1.21/compute/v2.1/os-hypervisors 1.527s
2025-11-12 21:49:18.885 65665 INFO tempest.lib.common.rest_client [req-863bc022-8bb2-4715-9ea7-7e51c993cf46 req-863bc022-8bb2-4715-9ea7-7e51c993cf46 ] Request (InstanceActionsTestJSON:tearDownClass): 200 GET http://10.180.1.21/compute/v2.1/servers/00cddce2-8584-416a-a8ab-60ace7fb3570 1.539s
2025-11-12 21:49:18.904 65610 INFO tempest.lib.common.rest_client [req-eb5b66a0-c3fb-4a4e-afb0-86bd358fad1b req-eb5b66a0-c3fb-4a4e-afb0-86bd358fad1b ] Request (FlavorsAdminTestJSON:test_is_public_string_variations): 200 GET http://10.180.1.21/compute/v2.1/flavors/detail?is_public=true 1.523s
2025-11-12 21:49:18.971 65616 INFO tempest.lib.common.rest_client [req-6ceaa2ba-ea15-4b3c-9d8c-99e87a1a11c5 req-6ceaa2ba-ea15-4b3c-9d8c-99e87a1a11c5 ] Request (ServerRescueTestJSON:tearDownClass): 200 GET http://10.180.1.21/compute/v2.1/servers/d085d5f1-cd2e-498e-b7a7-c7b271fe8939 1.532s
2025-11-12 21:49:18.979 65616 INFO tempest.common.waiters [-] State transition "ACTIVE/deleting" ==> "DELETED/None" after 2 second wait
2025-11-12 21:49:18.991 65640 INFO tempest.lib.common.rest_client [req-ed43658c-e6be-41dd-8afa-e56c6724f2c7 req-ed43658c-e6be-41dd-8afa-e56c6724f2c7 ] Request (KeyPairsV22TestJSON:_run_cleanups): 204 DELETE http://10.180.1.21/compute/v2.1/os-keypairs/tempest-keypair-1746758074 1.492s
2025-11-12 21:49:19.013 65646 INFO tempest.lib.common.rest_client [req-33b46aa6-a539-4b4b-91ee-51d1acff7056 req-33b46aa6-a539-4b4b-91ee-51d1acff7056 ] Request (AggregatesAdminNegativeTestJSON:_run_cleanups): 200 DELETE http://10.180.1.21/compute/v2.1/os-aggregates/7 1.334s
2025-11-12 21:49:19.066 65644 INFO tempest.lib.common.rest_client [req-123ba5c7-9fa7-4f39-8c36-5360a25a9231 req-123ba5c7-9fa7-4f39-8c36-5360a25a9231 ] Request (SecurityGroupRulesTestJSON:tearDownClass): 202 DELETE http://10.180.1.21/compute/v2.1/os-security-groups/c005ba98-2c31-4979-aac6-067e82d144ca 1.592s
2025-11-12 21:49:19.088 65654 INFO tempest.lib.common.rest_client [req-bb9e49e3-93ae-4245-98d6-62d6fbf569f4 req-bb9e49e3-93ae-4245-98d6-62d6fbf569f4 ] Request (ServerMetadataTestJSON:setUp): 200 PUT http://10.180.1.21/compute/v2.1/servers/422bc6aa-abe7-4ff5-b1da-e0958ac94eb6/metadata 1.369s
2025-11-12 21:49:19.107 65630 INFO tempest.lib.common.rest_client [req-9a1f35ba-ba63-4340-ac6e-d277244d3155 req-9a1f35ba-ba63-4340-ac6e-d277244d3155 ] Request (ServersAdminNegativeTestJSON:_run_cleanups): 202 DELETE http://10.180.1.21/compute/v2.1/flavors/1405104814 0.953s
2025-11-12 21:49:19.170 65652 INFO tempest.lib.common.rest_client [req-2682f366-e76f-4a14-8dd5-6cafb85de6f6 req-2682f366-e76f-4a14-8dd5-6cafb85de6f6 ] Request (ImagesNegativeTestJSON:test_create_image_from_deleted_server): 204 DELETE http://10.180.1.21/compute/v2.1/servers/1db5da41-b945-40fb-9263-313bdc60e441 1.260s
2025-11-12 21:49:19.302 65612 INFO tempest.lib.common.rest_client [req-1901e5f7-f1dc-41e6-8a90-21d29e4646b0 req-1901e5f7-f1dc-41e6-8a90-21d29e4646b0 ] Request (ServerExternalEventsTest:test_create_server_external_events): 200 GET http://10.180.1.21/compute/v2.1/servers/92d65dab-2595-4c01-94b4-bf46cf737dba 1.008s
2025-11-12 21:49:19.311 65612 INFO tempest.common.waiters [-] State transition "BUILD/networking" ==> "BUILD/spawning" after 11 second wait
2025-11-12 21:49:19.341 65624 INFO tempest.lib.common.rest_client [req-ef944aa8-2056-433b-ad28-d7f5a47a453c req-ef944aa8-2056-433b-ad28-d7f5a47a453c ] Request (ImagesMetadataTestJSON:setUp): 200 PUT http://10.180.1.21/compute/v2.1/images/999377cf-8621-4e24-9470-325d700de3d1/metadata 1.026s
2025-11-12 21:49:19.480 65632 INFO tempest.lib.common.rest_client [req-4cb45d4c-8786-4227-acd7-81bffe1d22d8 req-4cb45d4c-8786-4227-acd7-81bffe1d22d8 ] Request (MigrationsAdminTest:test_resize_server_revert_deleted_flavor): 200 GET http://10.180.1.21/compute/v2.1/servers/9fc293f5-1b67-4675-9bc0-ae236456030f 0.899s
2025-11-12 21:49:19.570 65604 INFO tempest.lib.common.rest_client [req-ae7f2b8c-a778-4e62-89b6-5a8cdad87113 req-ae7f2b8c-a778-4e62-89b6-5a8cdad87113 ] Request (FloatingIPsAssociationTestJSON:setUpClass): 200 GET http://10.180.1.21/compute/v2.1/servers/c1c5d093-508a-4d0f-bbba-3282bc80746c 0.818s
2025-11-12 21:49:19.742 65620 INFO tempest.lib.common.rest_client [req-f7281a97-b41c-4615-878a-a4e2137f6c91 req-f7281a97-b41c-4615-878a-a4e2137f6c91 ] Request (ListServerFiltersTestJSON:setUpClass): 202 POST http://10.180.1.21/compute/v2.1/servers 1.374s
2025-11-12 21:49:19.751 65662 INFO tempest.lib.common.rest_client [req-6e4d1578-bc3f-4164-bc72-d1f1346d8ea9 req-6e4d1578-bc3f-4164-bc72-d1f1346d8ea9 ] Request (ListImageFiltersTestJSON:setUpClass): 200 GET http://10.180.1.21/compute/v2.1/servers/74fb1b7a-8a18-4a04-9bec-37f38f740c00 0.938s
2025-11-12 21:49:19.851 65614 INFO tempest.lib.common.rest_client [req-64892c5d-37cd-46ad-9bde-a4e2f3d9d444 req-64892c5d-37cd-46ad-9bde-a4e2f3d9d444 ] Request (ServersTestBootFromVolume:tearDownClass): 204 DELETE http://10.180.1.21/compute/v2.1/servers/09a50fd6-27da-474c-a7c9-62cd9b8e378b 1.012s
2025-11-12 21:49:19.879 65658 INFO tempest.lib.common.rest_client [req-db38f9d0-b556-4955-a887-0feab84b9437 req-db38f9d0-b556-4955-a887-0feab84b9437 ] Request (HypervisorAdminUnderV252Test:test_search_hypervisor): 200 GET http://10.180.1.21/compute/v2.1/os-hypervisors/domain-c8.fc996f14-c53b-4953-92e3-bdfa48f5cc28/search 0.999s
2025-11-12 21:49:19.911 65610 INFO tempest.lib.common.rest_client [req-143873d9-f86e-44e9-a583-d2dd8716d66c req-143873d9-f86e-44e9-a583-d2dd8716d66c ] Request (FlavorsAdminTestJSON:test_is_public_string_variations): 200 GET http://10.180.1.21/compute/v2.1/flavors/detail?is_public=yes 0.999s
2025-11-12 21:49:19.960 65618 INFO tempest.lib.common.rest_client [req-24484321-1648-422e-8e8b-e5a4d5bfdf9b req-24484321-1648-422e-8e8b-e5a4d5bfdf9b ] Request (ServerActionsTestOtherA:test_rebuild_server_in_stop_state): 200 GET http://10.180.1.21/compute/v2.1/servers/5dd0ab67-1663-432a-9699-ea9a3b3b2573 1.094s
2025-11-12 21:49:20.001 65646 INFO tempest.lib.common.rest_client [req-9a3a5efc-72eb-4c60-ba35-b9a9b74eaaa1 req-9a3a5efc-72eb-4c60-ba35-b9a9b74eaaa1 ] Request (AggregatesAdminNegativeTestJSON:test_aggregate_remove_nonexistent_host): 200 POST http://10.180.1.21/compute/v2.1/os-aggregates 0.987s
2025-11-12 21:49:20.040 65658 INFO tempest.lib.common.rest_client [req-eeb8c8ef-00ca-49bd-85db-bfa3a7354104 req-eeb8c8ef-00ca-49bd-85db-bfa3a7354104 ] Request (HypervisorAdminUnderV252Test:tearDownClass): 204 DELETE http://10.180.1.21/identity/v3/users/704a66b9c16c40759726bfef47f27c0e 0.153s
2025-11-12 21:49:20.114 65628 INFO tempest.lib.common.rest_client [req-1cabb37e-f38c-4256-9660-f1fef0d9bae5 req-1cabb37e-f38c-4256-9660-f1fef0d9bae5 ] Request (ImagesOneServerNegativeTestJSON:_run_cleanups): 200 GET http://10.180.1.21/compute/v2.1/servers/9ddf2990-8602-44a1-9594-d6a7bc7781ed 1.086s
2025-11-12 21:49:20.193 65658 INFO tempest.lib.common.rest_client [req-6d377303-b5b3-40fe-9c08-5cfa3cee57cd req-6d377303-b5b3-40fe-9c08-5cfa3cee57cd ] Request (HypervisorAdminUnderV252Test:tearDownClass): 204 DELETE http://10.180.1.21/identity/v3/users/6e6339f04bdd40e09a51d804cd63e279 0.153s
2025-11-12 21:49:20.194 65658 INFO tempest.lib.common.dynamic_creds [-] Deleting project and security group for project: dd750bcb0a124665b045d97ca4bf8ebe
2025-11-12 21:49:20.269 65658 INFO tempest.lib.common.rest_client [req-882d0c50-6d12-4152-861b-15f8d6f70cd3 req-882d0c50-6d12-4152-861b-15f8d6f70cd3 ] Request (HypervisorAdminUnderV252Test:tearDownClass): 201 POST http://10.180.1.21/identity/v3/auth/tokens 0.075s
2025-11-12 21:49:20.272 65644 INFO tempest.lib.common.rest_client [req-c2c48165-8ef0-4e96-a55b-189cb12f7f06 req-c2c48165-8ef0-4e96-a55b-189cb12f7f06 ] Request (SecurityGroupRulesTestJSON:tearDownClass): 202 DELETE http://10.180.1.21/compute/v2.1/os-security-groups/7bbd58e4-a012-4375-be6b-d1b47b743917 1.204s
2025-11-12 21:49:20.342 65654 INFO tempest.lib.common.rest_client [req-284c62f6-c79c-40c6-8d79-43c731fd3cbd req-284c62f6-c79c-40c6-8d79-43c731fd3cbd ] Request (ServerMetadataTestJSON:test_delete_server_metadata_item): 204 DELETE http://10.180.1.21/compute/v2.1/servers/422bc6aa-abe7-4ff5-b1da-e0958ac94eb6/metadata/key1 1.251s
2025-11-12 21:49:20.375 65630 INFO tempest.lib.common.rest_client [req-6b5d82de-203b-45e2-8afc-a007e37f70a0 req-6b5d82de-203b-45e2-8afc-a007e37f70a0 ] Request (ServersAdminNegativeTestJSON:_run_cleanups): 200 GET http://10.180.1.21/compute/v2.1/flavors/detail 1.267s
2025-11-12 21:49:20.376 65638 WARNING tempest.lib.common.ssh [-] Failed to establish authenticated ssh connection to cirros@10.180.180.200 ([Errno None] Unable to connect to port 22 on 10.180.180.200). Number attempts: 1. Retry after 2 seconds.: paramiko.ssh_exception.NoValidConnectionsError: [Errno None] Unable to connect to port 22 on 10.180.180.200
2025-11-12 21:49:20.477 65640 INFO tempest.lib.common.rest_client [req-d89244f2-9391-4a6c-a14c-88262c8e01de req-d89244f2-9391-4a6c-a14c-88262c8e01de ] Request (KeyPairsV22TestJSON:test_keypairsv22_create_list_show_with_type): 201 POST http://10.180.1.21/compute/v2.1/os-keypairs 1.484s
2025-11-12 21:49:20.495 65658 INFO tempest.lib.common.rest_client [req-e5a0642d-5aab-420d-8d2a-058667bdedb6 req-e5a0642d-5aab-420d-8d2a-058667bdedb6 ] Request (HypervisorAdminUnderV252Test:tearDownClass): 200 GET http://10.180.1.21/networking/v2.0/security-groups?tenant_id=dd750bcb0a124665b045d97ca4bf8ebe&name=default 0.225s
2025-11-12 21:49:20.499 65634 INFO tempest.lib.common.rest_client [req-49b4ba1a-c419-43d0-8a2a-57587bac50b3 req-49b4ba1a-c419-43d0-8a2a-57587bac50b3 ] Request (ServersTestMultiNic:_run_cleanups): 404 GET http://10.180.1.21/compute/v2.1/servers/9ed6923e-7d6a-4400-95ba-d208b3c21a95 1.213s
2025-11-12 21:49:20.682 65658 INFO tempest.lib.common.rest_client [req-16281809-57c3-4a40-a787-2e08557f6c6d req-16281809-57c3-4a40-a787-2e08557f6c6d ] Request (HypervisorAdminUnderV252Test:tearDownClass): 204 DELETE http://10.180.1.21/networking/v2.0/security-groups/da62af74-13ae-4d20-865f-f8b445f8c8d1 0.187s
2025-11-12 21:49:20.764 65658 INFO tempest.lib.common.rest_client [req-f2aa4821-c73d-4767-b8bd-c0cd5378714c req-f2aa4821-c73d-4767-b8bd-c0cd5378714c ] Request (HypervisorAdminUnderV252Test:tearDownClass): 204 DELETE http://10.180.1.21/identity/v3/projects/dd750bcb0a124665b045d97ca4bf8ebe 0.081s
2025-11-12 21:49:20.764 65658 INFO tempest.lib.common.dynamic_creds [-] Deleting project and security group for project: 77a555e5519d4a0f97e71e25b5723b26
2025-11-12 21:49:20.787 65624 INFO tempest.lib.common.rest_client [req-b490d746-92b0-4d81-8a5a-2ec4db43c3d8 req-b490d746-92b0-4d81-8a5a-2ec4db43c3d8 ] Request (ImagesMetadataTestJSON:test_set_image_metadata): 200 PUT http://10.180.1.21/compute/v2.1/images/999377cf-8621-4e24-9470-325d700de3d1/metadata 1.444s
2025-11-12 21:49:20.817 65634 INFO tempest.lib.common.rest_client [req-0a9c10d8-7fa7-4de0-99e4-7f9a0afbdbe8 req-0a9c10d8-7fa7-4de0-99e4-7f9a0afbdbe8 ] Request (ServersTestMultiNic:_run_cleanups): 204 DELETE http://10.180.1.21/networking/v2.0/subnets/1d629b2e-6577-4dfc-a4e6-f382e71dcefa 0.317s
2025-11-12 21:49:20.869 65652 INFO tempest.lib.common.rest_client [req-9380b2eb-6407-43eb-8e34-4d8f397f6c31 req-9380b2eb-6407-43eb-8e34-4d8f397f6c31 ] Request (ImagesNegativeTestJSON:test_create_image_from_deleted_server): 200 GET http://10.180.1.21/compute/v2.1/servers/1db5da41-b945-40fb-9263-313bdc60e441 1.699s
2025-11-12 21:49:20.994 65658 INFO tempest.lib.common.rest_client [req-a7f429bb-1209-4f0e-9e00-af3faa524fd4 req-a7f429bb-1209-4f0e-9e00-af3faa524fd4 ] Request (HypervisorAdminUnderV252Test:tearDownClass): 200 GET http://10.180.1.21/networking/v2.0/security-groups?tenant_id=77a555e5519d4a0f97e71e25b5723b26&name=default 0.230s
2025-11-12 21:49:21.193 65634 INFO tempest.lib.common.rest_client [req-30f875a8-3a23-46d4-8a75-24eea680768d req-30f875a8-3a23-46d4-8a75-24eea680768d ] Request (ServersTestMultiNic:_run_cleanups): 204 DELETE http://10.180.1.21/networking/v2.0/networks/fecef4cf-5b4f-48ef-b341-eded0430df75 0.375s
2025-11-12 21:49:21.433 65658 INFO tempest.lib.common.rest_client [req-15097c9c-f171-41c7-aca9-8c3d916e96ea req-15097c9c-f171-41c7-aca9-8c3d916e96ea ] Request (HypervisorAdminUnderV252Test:tearDownClass): 204 DELETE http://10.180.1.21/networking/v2.0/security-groups/5bf9a8ee-7253-4085-97cd-3503824fe967 0.438s
2025-11-12 21:49:21.557 65658 INFO tempest.lib.common.rest_client [req-e7275ba2-44fd-4169-ac10-607a5672c226 req-e7275ba2-44fd-4169-ac10-607a5672c226 ] Request (HypervisorAdminUnderV252Test:tearDownClass): 204 DELETE http://10.180.1.21/identity/v3/projects/77a555e5519d4a0f97e71e25b5723b26 0.123s
2025-11-12 21:49:21.596 65644 INFO tempest.lib.common.rest_client [req-106dc430-3875-4108-8358-0fa06b361ed6 req-106dc430-3875-4108-8358-0fa06b361ed6 ] Request (SecurityGroupRulesTestJSON:tearDownClass): 200 PUT http://10.180.1.21/networking/v2.0/routers/15085d97-0497-49bc-94e2-94d01d8573da/remove_router_interface 1.323s
2025-11-12 21:49:21.604 65634 INFO tempest.lib.common.rest_client [req-57a0be82-c16d-4a5f-97ca-6aaf17826e1b req-57a0be82-c16d-4a5f-97ca-6aaf17826e1b ] Request (ServersTestMultiNic:_run_cleanups): 204 DELETE http://10.180.1.21/networking/v2.0/subnets/2562a664-a44d-4097-8cfa-7ab9614c3b13 0.410s
2025-11-12 21:49:21.633 65658 INFO tempest.lib.common.rest_client [req-04f3f92c-4282-4b14-a034-76a3eb7c9ae5 req-04f3f92c-4282-4b14-a034-76a3eb7c9ae5 ] Request (ServerGroup264TestJSON:setUpClass): 201 POST http://10.180.1.21/identity/v3/auth/tokens 0.074s
2025-11-12 21:49:21.643 65622 INFO tempest.lib.common.rest_client [req-0a7adb7e-d47f-42e4-bec7-1a9a2bc33499 req-0a7adb7e-d47f-42e4-bec7-1a9a2bc33499 ] Request (InstanceActionsNegativeTestJSON:setUpClass): 200 GET http://10.180.1.21/compute/v2.1/servers/d0effd94-3749-443c-a750-55369a71faec 2.089s
2025-11-12 21:49:21.647 65608 INFO tempest.lib.common.rest_client [req-b942e587-6be6-4575-b085-6a7a8880ccbb req-b942e587-6be6-4575-b085-6a7a8880ccbb ] Request (ServersAdminTestJSON:test_inject_network_info): 200 GET http://10.180.1.21/compute/v2.1/servers/07fc6876-f2db-4abf-9695-dd5771d21c70 2.041s
2025-11-12 21:49:21.679 65658 INFO tempest.lib.common.rest_client [req-d63bf5b4-28f3-47aa-bdce-bed7b60ccb75 req-d63bf5b4-28f3-47aa-bdce-bed7b60ccb75 ] Request (ServerGroup264TestJSON:setUpClass): 201 POST http://10.180.1.21/identity/v3/auth/tokens 0.042s
2025-11-12 21:49:21.714 65658 INFO tempest.lib.common.rest_client [req-726b028f-979b-410f-8cb4-2d6ee99306a1 req-726b028f-979b-410f-8cb4-2d6ee99306a1 ] Request (ServerGroup264TestJSON:setUpClass): 200 GET http://10.180.1.21/identity/v3/domains?name=Default 0.035s
2025-11-12 21:49:21.760 65658 INFO tempest.lib.common.rest_client [req-5fe8270e-3994-4ad8-b64d-e97fb2bcccfe req-5fe8270e-3994-4ad8-b64d-e97fb2bcccfe ] Request (ServerGroup264TestJSON:setUpClass): 201 POST http://10.180.1.21/identity/v3/projects 0.045s
2025-11-12 21:49:21.835 65658 INFO tempest.lib.common.rest_client [req-0763f00a-c83e-48ec-b9e1-e73f3d295763 req-0763f00a-c83e-48ec-b9e1-e73f3d295763 ] Request (ServerGroup264TestJSON:setUpClass): 201 POST http://10.180.1.21/identity/v3/users 0.074s
2025-11-12 21:49:21.865 65658 INFO tempest.lib.common.rest_client [req-fbdcb2d5-4b0f-477f-816e-17bc984b9612 req-fbdcb2d5-4b0f-477f-816e-17bc984b9612 ] Request (ServerGroup264TestJSON:setUpClass): 200 GET http://10.180.1.21/identity/v3/roles 0.028s
2025-11-12 21:49:21.919 65658 INFO tempest.lib.common.rest_client [req-4b29bb72-0360-4bdd-b296-81f54cf4e1ee req-4b29bb72-0360-4bdd-b296-81f54cf4e1ee ] Request (ServerGroup264TestJSON:setUpClass): 204 PUT http://10.180.1.21/identity/v3/projects/0c0c8c78da654035949f29647116ffd3/users/b4ec83d015a345ba85ca9343a781f1fa/roles/e9552d7fb4884933a96b9da4c82438fe 0.053s
2025-11-12 21:49:21.919 65658 INFO tempest.lib.common.dynamic_creds [-] Dynamic test user b4ec83d015a345ba85ca9343a781f1fa is created with scope project and roles: ['member']
2025-11-12 21:49:21.919 65658 INFO tempest.lib.common.dynamic_creds [-] Acquired dynamic creds: credentials: Credentials: {'domain_id': 'default', 'domain_name': 'Default', 'username': 'tempest-ServerGroup264TestJSON-2062297277-project-member', 'project_domain_id': 'default', 'project_domain_name': 'Default', 'project_id': '0c0c8c78da654035949f29647116ffd3', 'project_name': 'tempest-ServerGroup264TestJSON-2062297277', 'tenant_id': '0c0c8c78da654035949f29647116ffd3', 'tenant_name': 'tempest-ServerGroup264TestJSON-2062297277', 'user_domain_id': 'default', 'user_domain_name': 'Default', 'user_id': 'b4ec83d015a345ba85ca9343a781f1fa', 'system': None}, Network: None, Subnet: None, Router: None
2025-11-12 21:49:21.997 65658 INFO tempest.lib.common.rest_client [req-aaed68fa-6430-4655-9954-7ca8e5642ee6 req-aaed68fa-6430-4655-9954-7ca8e5642ee6 ] Request (ServerGroup264TestJSON:setUpClass): 201 POST http://10.180.1.21/identity/v3/auth/tokens 0.077s
2025-11-12 21:49:22.069 65634 INFO tempest.lib.common.rest_client [req-11e00207-6379-4bee-bcfd-7d65bc5c5c71 req-11e00207-6379-4bee-bcfd-7d65bc5c5c71 ] Request (ServersTestMultiNic:_run_cleanups): 204 DELETE http://10.180.1.21/networking/v2.0/networks/49fe6c75-1651-4b6b-a268-2733d1db7546 0.464s
2025-11-12 21:49:22.111 65650 WARNING tempest.lib.common.ssh [-] Failed to establish authenticated ssh connection to cirros@10.180.180.166 ([Errno None] Unable to connect to port 22 on 10.180.180.166). Number attempts: 4. Retry after 5 seconds.: paramiko.ssh_exception.NoValidConnectionsError: [Errno None] Unable to connect to port 22 on 10.180.180.166
2025-11-12 21:49:22.134 65648 INFO tempest.lib.common.rest_client [req-c9cd2df5-14c2-4569-876a-a7c0a3cf2ed7 req-c9cd2df5-14c2-4569-876a-a7c0a3cf2ed7 ] Request (SecurityGroupsTestJSON:test_server_security_groups): 200 GET http://10.180.1.21/compute/v2.1/servers/a554b04c-a59e-4063-b6d8-36e131a37e10 2.516s
2025-11-12 21:49:22.144 65644 INFO tempest.lib.common.rest_client [req-9ffc43d2-c3f8-432f-9eb5-40eddce89f87 req-9ffc43d2-c3f8-432f-9eb5-40eddce89f87 ] Request (SecurityGroupRulesTestJSON:tearDownClass): 204 DELETE http://10.180.1.21/networking/v2.0/routers/15085d97-0497-49bc-94e2-94d01d8573da 0.548s
2025-11-12 21:49:22.173 65642 INFO tempest.lib.common.rest_client [req-942ed486-7267-4893-8d9a-adc36a21ef47 req-942ed486-7267-4893-8d9a-adc36a21ef47 ] Request (ServersAdmin275Test:_run_cleanups): 200 GET http://10.180.1.21/compute/v2.1/servers/b066dd2b-34d0-450d-997f-580d11cb671d 2.500s
2025-11-12 21:49:22.186 65642 INFO tempest.common.waiters [-] State transition "REBUILD/rebuild_spawning" ==> "ACTIVE/None" after 8 second wait
2025-11-12 21:49:22.481 65658 INFO tempest.lib.common.rest_client [req-0117cb05-e2b8-4baa-a9e2-2fcf364d5ad8 req-0117cb05-e2b8-4baa-a9e2-2fcf364d5ad8 ] Request (ServerGroup264TestJSON:setUpClass): 201 POST http://10.180.1.21/networking/v2.0/networks 0.483s
2025-11-12 21:49:22.530 65634 INFO tempest.lib.common.rest_client [req-681fe54c-c4a8-4980-9d15-3919d2b20850 req-681fe54c-c4a8-4980-9d15-3919d2b20850 ] Request (ServersTestMultiNic:test_verify_multiple_nics_order): 201 POST http://10.180.1.21/networking/v2.0/networks 0.459s
2025-11-12 21:49:22.557 65666 INFO tempest.lib.common.rest_client [req-cb2c072c-1ba0-4c9d-a4e0-5fe287469aca req-cb2c072c-1ba0-4c9d-a4e0-5fe287469aca ] Request (ServerAddressesTestJSON:setUpClass): 200 GET http://10.180.1.21/compute/v2.1/servers/ea6ddfe4-e6b4-46ec-b65d-071c0b688e2b 2.872s
2025-11-12 21:49:22.570 65620 INFO tempest.lib.common.rest_client [req-2fed7c37-a5c1-4b7c-af9b-966855f82800 req-2fed7c37-a5c1-4b7c-af9b-966855f82800 ] Request (ListServerFiltersTestJSON:setUpClass): 200 GET http://10.180.1.21/compute/v2.1/servers/b18c3438-495e-4554-b90e-1ba443b2d77d 2.825s
2025-11-12 21:49:22.625 65644 INFO tempest.lib.common.rest_client [req-40dc71b5-2daf-439c-8307-0c542f7eedb5 req-40dc71b5-2daf-439c-8307-0c542f7eedb5 ] Request (SecurityGroupRulesTestJSON:tearDownClass): 204 DELETE http://10.180.1.21/networking/v2.0/subnets/f45e5540-ae76-4b4f-9a8d-aa36e24e133d 0.481s
2025-11-12 21:49:22.734 65658 INFO tempest.lib.common.rest_client [req-a5d60cc1-2674-4f63-b634-996571424a9b req-a5d60cc1-2674-4f63-b634-996571424a9b ] Request (ServerGroup264TestJSON:setUpClass): 201 POST http://10.180.1.21/networking/v2.0/subnets 0.252s
2025-11-12 21:49:22.763 65656 INFO tempest.lib.common.rest_client [req-afebac89-f3ca-45dc-88d0-d6b9185a8bab req-afebac89-f3ca-45dc-88d0-d6b9185a8bab ] Request (FloatingIPsAssociationNegativeTestJSON:setUpClass): 200 GET http://10.180.1.21/compute/v2.1/servers/1c1677d0-8e1e-45d0-b30e-b4f95feb79ab 2.983s
2025-11-12 21:49:22.942 65634 INFO tempest.lib.common.rest_client [req-901a4250-d704-4fd6-9495-2257e09a30f1 req-901a4250-d704-4fd6-9495-2257e09a30f1 ] Request (ServersTestMultiNic:test_verify_multiple_nics_order): 201 POST http://10.180.1.21/networking/v2.0/subnets 0.412s
2025-11-12 21:49:23.072 65644 INFO tempest.lib.common.rest_client [req-63c811e2-9cb3-418f-af96-45ba7dfb8e77 req-63c811e2-9cb3-418f-af96-45ba7dfb8e77 ] Request (SecurityGroupRulesTestJSON:tearDownClass): 204 DELETE http://10.180.1.21/networking/v2.0/networks/3a51e41a-0f85-4be4-8ad7-45b92dbcb49b 0.446s
2025-11-12 21:49:23.148 65644 INFO tempest.lib.common.rest_client [req-d45f186c-6cc5-41b5-b1ca-4a450da7639f req-d45f186c-6cc5-41b5-b1ca-4a450da7639f ] Request (SecurityGroupRulesTestJSON:tearDownClass): 204 DELETE http://10.180.1.21/identity/v3/users/cd2eb4d13dd34706ad8fb27082e516e6 0.076s
2025-11-12 21:49:23.149 65644 INFO tempest.lib.common.dynamic_creds [-] Deleting project and security group for project: 7fe019c645bb4886ada82746a5ed31cf
2025-11-12 21:49:23.169 65662 INFO tempest.lib.common.rest_client [req-50b74c19-3d68-41c4-a6bb-a8920ac4d307 req-50b74c19-3d68-41c4-a6bb-a8920ac4d307 ] Request (ListImageFiltersTestJSON:setUpClass): 202 POST http://10.180.1.21/compute/v2.1/servers/ce87261e-6410-430d-8674-5e46ef1c1530/action 3.411s
2025-11-12 21:49:23.259 65634 INFO tempest.lib.common.rest_client [req-025fbd9a-0dcc-4688-a3ee-c86cf87630fe req-025fbd9a-0dcc-4688-a3ee-c86cf87630fe ] Request (ServersTestMultiNic:test_verify_multiple_nics_order): 201 POST http://10.180.1.21/networking/v2.0/networks 0.316s
2025-11-12 21:49:23.302 65614 INFO tempest.lib.common.rest_client [req-9e1cb53e-8ca4-4ab3-a2ec-1c43565d50f7 req-9e1cb53e-8ca4-4ab3-a2ec-1c43565d50f7 ] Request (ServersTestBootFromVolume:tearDownClass): 200 GET http://10.180.1.21/compute/v2.1/servers/09a50fd6-27da-474c-a7c9-62cd9b8e378b 3.450s
2025-11-12 21:49:23.312 65644 INFO tempest.lib.common.rest_client [req-baa59b10-e11f-4a04-8375-e5da41a3bdfe req-baa59b10-e11f-4a04-8375-e5da41a3bdfe ] Request (SecurityGroupRulesTestJSON:tearDownClass): 200 GET http://10.180.1.21/networking/v2.0/security-groups?tenant_id=7fe019c645bb4886ada82746a5ed31cf&name=default 0.163s
2025-11-12 21:49:23.327 65610 INFO tempest.lib.common.rest_client [req-e7266498-3518-402e-bfbc-3baaa3488413 req-e7266498-3518-402e-bfbc-3baaa3488413 ] Request (FlavorsAdminTestJSON:test_is_public_string_variations): 200 GET http://10.180.1.21/compute/v2.1/flavors/detail?is_public=1 3.411s
2025-11-12 21:49:23.364 65665 INFO tempest.lib.common.rest_client [req-baf2b4a9-1610-4db6-a31a-e7e5e44acd7f req-baf2b4a9-1610-4db6-a31a-e7e5e44acd7f ] Request (InstanceActionsTestJSON:tearDownClass): 200 GET http://10.180.1.21/compute/v2.1/servers/00cddce2-8584-416a-a8ab-60ace7fb3570 3.471s
2025-11-12 21:49:23.391 65646 INFO tempest.lib.common.rest_client [req-f820472b-10cf-4350-a7b9-dd17fc136848 req-f820472b-10cf-4350-a7b9-dd17fc136848 ] Request (AggregatesAdminNegativeTestJSON:test_aggregate_remove_nonexistent_host): 404 POST http://10.180.1.21/compute/v2.1/os-aggregates/8/action 3.385s
2025-11-12 21:49:23.443 65638 WARNING tempest.lib.common.ssh [-] Failed to establish authenticated ssh connection to cirros@10.180.180.200 ([Errno None] Unable to connect to port 22 on 10.180.180.200). Number attempts: 2. Retry after 3 seconds.: paramiko.ssh_exception.NoValidConnectionsError: [Errno None] Unable to connect to port 22 on 10.180.180.200
2025-11-12 21:49:23.600 65634 INFO tempest.lib.common.rest_client [req-2718f8d0-f09f-401c-ad8b-dd3f69d6f22c req-2718f8d0-f09f-401c-ad8b-dd3f69d6f22c ] Request (ServersTestMultiNic:test_verify_multiple_nics_order): 201 POST http://10.180.1.21/networking/v2.0/subnets 0.341s
2025-11-12 21:49:23.673 65634 INFO tempest.lib.common.rest_client [req-86858b47-767d-43b2-90ec-e11c9f926603 req-86858b47-767d-43b2-90ec-e11c9f926603 ] Request (ServersTestMultiNic:test_verify_multiple_nics_order): 201 POST http://10.180.1.21/identity/v3/auth/tokens 0.070s
2025-11-12 21:49:23.674 65634 INFO tempest.lib.common.fixed_network [-] (ServersTestMultiNic:test_verify_multiple_nics_order) Found network {'id': '9e4da2b1-1aef-437e-bba1-0dd96f3582af', 'name': 'tempest-ServersTestMultiNic-1450525055-network', 'tenant_id': '89b3387a94b24481aa7d36be9ee64753', 'project_id': '89b3387a94b24481aa7d36be9ee64753', 'admin_state_up': True, 'mtu': 8950, 'status': 'ACTIVE', 'subnets': [], 'shared': False, 'port_security_enabled': True, 'router:external': False, 'provider:network_type': 'vlan', 'provider:physical_network': 'default', 'provider:segmentation_id': 336, 'availability_zone_hints': [], 'availability_zones': [], 'ipv4_address_scope': None, 'ipv6_address_scope': None, 'description': '', 'tags': [], 'created_at': '2025-11-12T21:48:05Z', 'updated_at': '2025-11-12T21:48:05Z', 'revision_number': 1} available for tenant
2025-11-12 21:49:23.718 65644 INFO tempest.lib.common.rest_client [req-9c368e7e-2e06-40e1-bed7-531e2cb0bb26 req-9c368e7e-2e06-40e1-bed7-531e2cb0bb26 ] Request (SecurityGroupRulesTestJSON:tearDownClass): 204 DELETE http://10.180.1.21/networking/v2.0/security-groups/20a855af-9215-4cf5-9cb8-81116aff6d97 0.405s
2025-11-12 21:49:23.756 65658 INFO tempest.lib.common.rest_client [req-51bd06a1-3913-41e4-9576-509fb6767d7c req-51bd06a1-3913-41e4-9576-509fb6767d7c ] Request (ServerGroup264TestJSON:setUpClass): 201 POST http://10.180.1.21/networking/v2.0/routers 1.021s
2025-11-12 21:49:23.789 65616 INFO tempest.lib.common.rest_client [req-0fdf6800-bee6-4c67-abe5-1039404bdb1f req-0fdf6800-bee6-4c67-abe5-1039404bdb1f ] Request (ServerRescueTestJSON:tearDownClass): 200 GET http://10.180.1.21/compute/v2.1/servers/d085d5f1-cd2e-498e-b7a7-c7b271fe8939 3.808s
2025-11-12 21:49:23.840 65654 INFO tempest.lib.common.rest_client [req-f856fa82-3f05-43b9-9e79-c62370b91862 req-f856fa82-3f05-43b9-9e79-c62370b91862 ] Request (ServerMetadataTestJSON:test_delete_server_metadata_item): 200 GET http://10.180.1.21/compute/v2.1/servers/422bc6aa-abe7-4ff5-b1da-e0958ac94eb6/metadata 3.497s
2025-11-12 21:49:23.875 65644 INFO tempest.lib.common.rest_client [req-e22cb74a-1687-4116-a4bc-3de32acaad34 req-e22cb74a-1687-4116-a4bc-3de32acaad34 ] Request (SecurityGroupRulesTestJSON:tearDownClass): 204 DELETE http://10.180.1.21/identity/v3/projects/7fe019c645bb4886ada82746a5ed31cf 0.156s
2025-11-12 21:49:23.877 65630 INFO tempest.lib.common.rest_client [req-2c2eb4d7-f731-422f-859e-e729f82d1004 req-2c2eb4d7-f731-422f-859e-e729f82d1004 ] Request (ServersAdminNegativeTestJSON:test_restore_server_invalid_state): 409 POST http://10.180.1.21/compute/v2.1/servers/ada54d2d-b587-46d3-859e-1a431d0fcc8b/action 3.491s
2025-11-12 21:49:23.898 65640 INFO tempest.lib.common.rest_client [req-75ef3692-94cf-4691-a04c-8972e9305cf7 req-75ef3692-94cf-4691-a04c-8972e9305cf7 ] Request (KeyPairsV22TestJSON:test_keypairsv22_create_list_show_with_type): 200 GET http://10.180.1.21/compute/v2.1/os-keypairs/tempest-keypair-1350220454 3.420s
2025-11-12 21:49:23.968 65644 INFO tempest.lib.common.rest_client [req-c09631ae-d1a8-442f-b622-b31a56dc5569 req-c09631ae-d1a8-442f-b622-b31a56dc5569 ] Request (DeleteServersTestJSON:setUpClass): 201 POST http://10.180.1.21/identity/v3/auth/tokens 0.089s
2025-11-12 21:49:24.000 65644 INFO tempest.lib.common.rest_client [req-b032ebcc-b266-4d16-bbc3-77c7f51b2426 req-b032ebcc-b266-4d16-bbc3-77c7f51b2426 ] Request (DeleteServersTestJSON:setUpClass): 201 POST http://10.180.1.21/identity/v3/auth/tokens 0.029s
2025-11-12 21:49:24.037 65644 INFO tempest.lib.common.rest_client [req-c17fdf06-97f2-44c8-b5f1-d0b76c8bfa5e req-c17fdf06-97f2-44c8-b5f1-d0b76c8bfa5e ] Request (DeleteServersTestJSON:setUpClass): 200 GET http://10.180.1.21/identity/v3/domains?name=Default 0.037s
2025-11-12 21:49:24.076 65644 INFO tempest.lib.common.rest_client [req-09a37b00-54e4-434a-b718-9ec6837290ce req-09a37b00-54e4-434a-b718-9ec6837290ce ] Request (DeleteServersTestJSON:setUpClass): 201 POST http://10.180.1.21/identity/v3/projects 0.039s
2025-11-12 21:49:24.177 65644 INFO tempest.lib.common.rest_client [req-1aac959f-d23c-45d6-95d5-a73b1ad2eedc req-1aac959f-d23c-45d6-95d5-a73b1ad2eedc ] Request (DeleteServersTestJSON:setUpClass): 201 POST http://10.180.1.21/identity/v3/users 0.100s
2025-11-12 21:49:24.212 65644 INFO tempest.lib.common.rest_client [req-b79567d4-db60-471a-8201-5f194d06ac98 req-b79567d4-db60-471a-8201-5f194d06ac98 ] Request (DeleteServersTestJSON:setUpClass): 200 GET http://10.180.1.21/identity/v3/roles 0.034s
2025-11-12 21:49:24.258 65644 INFO tempest.lib.common.rest_client [req-60fdd7b3-3365-448b-a7a6-7a0be575cb49 req-60fdd7b3-3365-448b-a7a6-7a0be575cb49 ] Request (DeleteServersTestJSON:setUpClass): 204 PUT http://10.180.1.21/identity/v3/projects/a2f8cd8d68ba4c368d05778885a6dfc3/users/f7330a99f1e34a3abbdb95c0b8e4598f/roles/e9552d7fb4884933a96b9da4c82438fe 0.046s
2025-11-12 21:49:24.258 65644 INFO tempest.lib.common.dynamic_creds [-] Dynamic test user f7330a99f1e34a3abbdb95c0b8e4598f is created with scope project and roles: ['member']
2025-11-12 21:49:24.259 65644 INFO tempest.lib.common.dynamic_creds [-] Acquired dynamic creds: credentials: Credentials: {'domain_id': 'default', 'domain_name': 'Default', 'username': 'tempest-DeleteServersTestJSON-694370775-project-member', 'project_domain_id': 'default', 'project_domain_name': 'Default', 'project_id': 'a2f8cd8d68ba4c368d05778885a6dfc3', 'project_name': 'tempest-DeleteServersTestJSON-694370775', 'tenant_id': 'a2f8cd8d68ba4c368d05778885a6dfc3', 'tenant_name': 'tempest-DeleteServersTestJSON-694370775', 'user_domain_id': 'default', 'user_domain_name': 'Default', 'user_id': 'f7330a99f1e34a3abbdb95c0b8e4598f', 'system': None}, Network: None, Subnet: None, Router: None
2025-11-12 21:49:24.328 65644 INFO tempest.lib.common.rest_client [req-b51282af-2910-480a-a15d-027a55fef04e req-b51282af-2910-480a-a15d-027a55fef04e ] Request (DeleteServersTestJSON:setUpClass): 201 POST http://10.180.1.21/identity/v3/auth/tokens 0.069s
2025-11-12 21:49:24.412 65612 INFO tempest.lib.common.rest_client [req-70dd5c22-7fa1-4776-8fd7-2db55b2f0b67 req-70dd5c22-7fa1-4776-8fd7-2db55b2f0b67 ] Request (ServerExternalEventsTest:test_create_server_external_events): 200 GET http://10.180.1.21/compute/v2.1/servers/92d65dab-2595-4c01-94b4-bf46cf737dba 4.101s
2025-11-12 21:49:24.446 65632 INFO tempest.lib.common.rest_client [req-488a6597-8a27-4357-a428-d15eef4e37dd req-488a6597-8a27-4357-a428-d15eef4e37dd ] Request (MigrationsAdminTest:test_resize_server_revert_deleted_flavor): 200 GET http://10.180.1.21/compute/v2.1/servers/9fc293f5-1b67-4675-9bc0-ae236456030f 3.957s
2025-11-12 21:49:24.521 65624 INFO tempest.lib.common.rest_client [req-8ab6bd36-dd4f-433e-b325-db99ff0deb80 req-8ab6bd36-dd4f-433e-b325-db99ff0deb80 ] Request (ImagesMetadataTestJSON:test_set_image_metadata): 200 GET http://10.180.1.21/compute/v2.1/images/999377cf-8621-4e24-9470-325d700de3d1/metadata 3.733s
2025-11-12 21:49:24.713 65644 INFO tempest.lib.common.rest_client [req-21927d21-56a6-47aa-a7c8-9dd9b8b1b873 req-21927d21-56a6-47aa-a7c8-9dd9b8b1b873 ] Request (DeleteServersTestJSON:setUpClass): 201 POST http://10.180.1.21/networking/v2.0/networks 0.384s
2025-11-12 21:49:24.916 65658 INFO tempest.lib.common.rest_client [req-ed00d0a1-ab69-483e-9c72-5437a6269b24 req-ed00d0a1-ab69-483e-9c72-5437a6269b24 ] Request (ServerGroup264TestJSON:setUpClass): 200 PUT http://10.180.1.21/networking/v2.0/routers/5ff0a137-58b4-4584-a459-6abbbfc1e8da/add_router_interface 1.160s
2025-11-12 21:49:24.916 65658 INFO tempest.lib.common.dynamic_creds [-] Created isolated network resources for: credentials: Credentials: {'domain_id': 'default', 'domain_name': 'Default', 'username': 'tempest-ServerGroup264TestJSON-2062297277-project-member', 'project_domain_id': 'default', 'project_domain_name': 'Default', 'project_id': '0c0c8c78da654035949f29647116ffd3', 'project_name': 'tempest-ServerGroup264TestJSON-2062297277', 'tenant_id': '0c0c8c78da654035949f29647116ffd3', 'tenant_name': 'tempest-ServerGroup264TestJSON-2062297277', 'user_domain_id': 'default', 'user_domain_name': 'Default', 'user_id': 'b4ec83d015a345ba85ca9343a781f1fa', 'system': None}, Network: {'id': '81f601e0-fa93-43aa-9184-3f210f7d9b6d', 'name': 'tempest-ServerGroup264TestJSON-850353786-network', 'tenant_id': '0c0c8c78da654035949f29647116ffd3', 'project_id': '0c0c8c78da654035949f29647116ffd3', 'admin_state_up': True, 'mtu': 8950, 'status': 'ACTIVE', 'subnets': [], 'shared': False, 'port_security_enabled': True, 'router:external': False, 'provider:network_type': 'vlan', 'provider:physical_network': 'default', 'provider:segmentation_id': 920, 'availability_zone_hints': [], 'availability_zones': [], 'ipv4_address_scope': None, 'ipv6_address_scope': None, 'description': '', 'tags': [], 'created_at': '2025-11-12T21:49:22Z', 'updated_at': '2025-11-12T21:49:22Z', 'revision_number': 1}, Subnet: {'id': '7787d208-74ab-455f-9dbf-4675c285eed1', 'name': 'tempest-ServerGroup264TestJSON-850353786-subnet', 'tenant_id': '0c0c8c78da654035949f29647116ffd3', 'network_id': '81f601e0-fa93-43aa-9184-3f210f7d9b6d', 'ip_version': 4, 'subnetpool_id': None, 'enable_dhcp': True, 'ipv6_ra_mode': None, 'ipv6_address_mode': None, 'gateway_ip': '192.168.128.1', 'cidr': '192.168.128.0/28', 'allocation_pools': [{'start': '192.168.128.2', 'end': '192.168.128.14'}], 'host_routes': [], 'dns_nameservers': [], 'description': '', 'router:external': False, 'service_types': [], 'tags': [], 'created_at': '2025-11-12T21:49:22Z', 'updated_at': '2025-11-12T21:49:22Z', 'revision_number': 0, 'project_id': '0c0c8c78da654035949f29647116ffd3'}, Router: {'id': '5ff0a137-58b4-4584-a459-6abbbfc1e8da', 'name': 'tempest-ServerGroup264TestJSON-850353786-router', 'tenant_id': '0c0c8c78da654035949f29647116ffd3', 'admin_state_up': True, 'status': 'ACTIVE', 'external_gateway_info': {'network_id': '079ca1cb-9e56-488c-bef3-b270dec70151', 'external_fixed_ips': [{'subnet_id': 'dcb7cacd-a62a-48c2-b4d5-e9e4262423f4', 'ip_address': '10.180.180.218'}], 'enable_snat': True}, 'description': '', 'availability_zones': [], 'distributed': False, 'ha': False, 'availability_zone_hints': [], 'routes': [], 'flavor_id': None, 'tags': [], 'created_at': '2025-11-12T21:49:23Z', 'updated_at': '2025-11-12T21:49:23Z', 'revision_number': 2, 'project_id': '0c0c8c78da654035949f29647116ffd3'}
2025-11-12 21:49:24.957 65604 INFO tempest.lib.common.rest_client [req-29f60ce2-b5ea-4dd0-a60e-68b270e9464d req-29f60ce2-b5ea-4dd0-a60e-68b270e9464d ] Request (FloatingIPsAssociationTestJSON:setUpClass): 200 GET http://10.180.1.21/compute/v2.1/servers/c1c5d093-508a-4d0f-bbba-3282bc80746c 4.379s
2025-11-12 21:49:24.968 65604 INFO tempest.common.waiters [-] State transition "BUILD/None" ==> "BUILD/block_device_mapping" after 16 second wait
2025-11-12 21:49:25.050 65658 INFO tempest.lib.common.rest_client [req-c70a32ac-f0e8-4897-8c66-2ae94aa180f5 req-c70a32ac-f0e8-4897-8c66-2ae94aa180f5 ] Request (ServerGroup264TestJSON:setUpClass): 201 POST http://10.180.1.21/identity/v3/auth/tokens 0.130s
2025-11-12 21:49:25.230 65644 INFO tempest.lib.common.rest_client [req-26558b8c-3285-45a4-b728-145b728fb37d req-26558b8c-3285-45a4-b728-145b728fb37d ] Request (DeleteServersTestJSON:setUpClass): 201 POST http://10.180.1.21/networking/v2.0/subnets 0.516s
2025-11-12 21:49:25.251 65628 INFO tempest.lib.common.rest_client [req-7ce40a08-3046-4291-b224-fd6ecda922b2 req-7ce40a08-3046-4291-b224-fd6ecda922b2 ] Request (ImagesOneServerNegativeTestJSON:_run_cleanups): 200 GET http://10.180.1.21/compute/v2.1/servers/9ddf2990-8602-44a1-9594-d6a7bc7781ed 4.123s
2025-11-12 21:49:25.268 65618 INFO tempest.lib.common.rest_client [req-b37afcb8-240b-411b-b27c-d81aa481565b req-b37afcb8-240b-411b-b27c-d81aa481565b ] Request (ServerActionsTestOtherA:test_rebuild_server_in_stop_state): 200 GET http://10.180.1.21/compute/v2.1/servers/5dd0ab67-1663-432a-9699-ea9a3b3b2573 4.296s
2025-11-12 21:49:25.278 65618 INFO tempest.common.waiters [-] State transition "REBUILD/rebuilding" ==> "REBUILD/rebuild_spawning" after 6 second wait
2025-11-12 21:49:25.369 65642 INFO tempest.lib.common.rest_client [req-ad1faf3b-c40c-4a87-964c-67841b71df66 req-ad1faf3b-c40c-4a87-964c-67841b71df66 ] Request (ServersAdmin275Test:tearDownClass): 204 DELETE http://10.180.1.21/compute/v2.1/servers/b066dd2b-34d0-450d-997f-580d11cb671d 3.180s
2025-11-12 21:49:26.107 65644 INFO tempest.lib.common.rest_client [req-05dab16b-6a7f-4820-9207-91b2373e8ecf req-05dab16b-6a7f-4820-9207-91b2373e8ecf ] Request (DeleteServersTestJSON:setUpClass): 201 POST http://10.180.1.21/networking/v2.0/routers 0.877s
2025-11-12 21:49:26.131 65606 WARNING tempest.lib.common.ssh [-] Failed to establish authenticated ssh connection to cirros@10.180.180.228 ([Errno None] Unable to connect to port 22 on 10.180.180.228). Number attempts: 6. Retry after 7 seconds.: paramiko.ssh_exception.NoValidConnectionsError: [Errno None] Unable to connect to port 22 on 10.180.180.228
2025-11-12 21:49:26.191 65626 WARNING tempest.lib.common.ssh [-] Failed to establish authenticated ssh connection to cirros@10.180.180.227 ([Errno None] Unable to connect to port 22 on 10.180.180.227). Number attempts: 10. Retry after 11 seconds.: paramiko.ssh_exception.NoValidConnectionsError: [Errno None] Unable to connect to port 22 on 10.180.180.227
2025-11-12 21:49:26.208 65652 INFO tempest.lib.common.rest_client [req-e4d37f78-39b4-4408-a487-6e625c9dd81a req-e4d37f78-39b4-4408-a487-6e625c9dd81a ] Request (ImagesNegativeTestJSON:test_create_image_from_deleted_server): 200 GET http://10.180.1.21/compute/v2.1/servers/1db5da41-b945-40fb-9263-313bdc60e441 4.322s
2025-11-12 21:49:26.216 65652 INFO tempest.common.waiters [-] State transition "ACTIVE/deleting" ==> "DELETED/None" after 6 second wait
2025-11-12 21:49:26.948 65638 WARNING tempest.lib.common.ssh [-] Failed to establish authenticated ssh connection to cirros@10.180.180.200 ([Errno None] Unable to connect to port 22 on 10.180.180.200). Number attempts: 3. Retry after 4 seconds.: paramiko.ssh_exception.NoValidConnectionsError: [Errno None] Unable to connect to port 22 on 10.180.180.200
2025-11-12 21:49:26.976 65622 INFO tempest.lib.common.rest_client [req-8b435e8b-473c-4fbb-9c08-23cf19a197a0 req-8b435e8b-473c-4fbb-9c08-23cf19a197a0 ] Request (InstanceActionsNegativeTestJSON:setUpClass): 200 GET http://10.180.1.21/compute/v2.1/servers/d0effd94-3749-443c-a750-55369a71faec 4.317s
2025-11-12 21:49:26.985 65622 INFO tempest.common.waiters [-] State transition "BUILD/spawning" ==> "ACTIVE/None" after 30 second wait
2025-11-12 21:49:27.178 65644 INFO tempest.lib.common.rest_client [req-884d4654-3651-4f4c-827c-9dd695b6d35e req-884d4654-3651-4f4c-827c-9dd695b6d35e ] Request (DeleteServersTestJSON:setUpClass): 200 PUT http://10.180.1.21/networking/v2.0/routers/929cb714-307e-462e-8a94-66c5693f376d/add_router_interface 1.071s
2025-11-12 21:49:27.178 65644 INFO tempest.lib.common.dynamic_creds [-] Created isolated network resources for: credentials: Credentials: {'domain_id': 'default', 'domain_name': 'Default', 'username': 'tempest-DeleteServersTestJSON-694370775-project-member', 'project_domain_id': 'default', 'project_domain_name': 'Default', 'project_id': 'a2f8cd8d68ba4c368d05778885a6dfc3', 'project_name': 'tempest-DeleteServersTestJSON-694370775', 'tenant_id': 'a2f8cd8d68ba4c368d05778885a6dfc3', 'tenant_name': 'tempest-DeleteServersTestJSON-694370775', 'user_domain_id': 'default', 'user_domain_name': 'Default', 'user_id': 'f7330a99f1e34a3abbdb95c0b8e4598f', 'system': None}, Network: {'id': 'daaa750a-3a28-49b0-a75e-62575a6b4ab0', 'name': 'tempest-DeleteServersTestJSON-782252947-network', 'tenant_id': 'a2f8cd8d68ba4c368d05778885a6dfc3', 'project_id': 'a2f8cd8d68ba4c368d05778885a6dfc3', 'admin_state_up': True, 'mtu': 8950, 'status': 'ACTIVE', 'subnets': [], 'shared': False, 'port_security_enabled': True, 'router:external': False, 'provider:network_type': 'vlan', 'provider:physical_network': 'default', 'provider:segmentation_id': 412, 'availability_zone_hints': [], 'availability_zones': [], 'ipv4_address_scope': None, 'ipv6_address_scope': None, 'description': '', 'tags': [], 'created_at': '2025-11-12T21:49:24Z', 'updated_at': '2025-11-12T21:49:24Z', 'revision_number': 1}, Subnet: {'id': 'a4f81954-6d26-4f51-a736-b4b987fe3bba', 'name': 'tempest-DeleteServersTestJSON-782252947-subnet', 'tenant_id': 'a2f8cd8d68ba4c368d05778885a6dfc3', 'network_id': 'daaa750a-3a28-49b0-a75e-62575a6b4ab0', 'ip_version': 4, 'subnetpool_id': None, 'enable_dhcp': True, 'ipv6_ra_mode': None, 'ipv6_address_mode': None, 'gateway_ip': '192.168.128.1', 'cidr': '192.168.128.0/28', 'allocation_pools': [{'start': '192.168.128.2', 'end': '192.168.128.14'}], 'host_routes': [], 'dns_nameservers': [], 'description': '', 'router:external': False, 'service_types': [], 'tags': [], 'created_at': '2025-11-12T21:49:25Z', 'updated_at': '2025-11-12T21:49:25Z', 'revision_number': 0, 'project_id': 'a2f8cd8d68ba4c368d05778885a6dfc3'}, Router: {'id': '929cb714-307e-462e-8a94-66c5693f376d', 'name': 'tempest-DeleteServersTestJSON-782252947-router', 'tenant_id': 'a2f8cd8d68ba4c368d05778885a6dfc3', 'admin_state_up': True, 'status': 'ACTIVE', 'external_gateway_info': {'network_id': '079ca1cb-9e56-488c-bef3-b270dec70151', 'external_fixed_ips': [{'subnet_id': 'dcb7cacd-a62a-48c2-b4d5-e9e4262423f4', 'ip_address': '10.180.180.161'}], 'enable_snat': True}, 'description': '', 'availability_zones': [], 'distributed': False, 'ha': False, 'availability_zone_hints': [], 'routes': [], 'flavor_id': None, 'tags': [], 'created_at': '2025-11-12T21:49:25Z', 'updated_at': '2025-11-12T21:49:25Z', 'revision_number': 2, 'project_id': 'a2f8cd8d68ba4c368d05778885a6dfc3'}
2025-11-12 21:49:27.229 65608 INFO tempest.lib.common.rest_client [req-37b4a25c-d1a3-4d09-94c9-a1bd7326fca5 req-37b4a25c-d1a3-4d09-94c9-a1bd7326fca5 ] Request (ServersAdminTestJSON:test_inject_network_info): 200 GET http://10.180.1.21/compute/v2.1/servers/07fc6876-f2db-4abf-9695-dd5771d21c70 4.569s
2025-11-12 21:49:27.236 65608 INFO tempest.common.waiters [-] State transition "BUILD/spawning" ==> "ACTIVE/None" after 27 second wait
2025-11-12 21:49:27.274 65648 INFO tempest.lib.common.rest_client [req-0a534f8a-3060-41d1-9b62-e091e4fd8ee8 req-0a534f8a-3060-41d1-9b62-e091e4fd8ee8 ] Request (SecurityGroupsTestJSON:test_server_security_groups): 200 GET http://10.180.1.21/compute/v2.1/servers/a554b04c-a59e-4063-b6d8-36e131a37e10 4.121s
2025-11-12 21:49:27.292 65662 INFO tempest.lib.common.rest_client [req-a885aea4-5196-4296-a799-7ceb9f592903 req-a885aea4-5196-4296-a799-7ceb9f592903 ] Request (ListImageFiltersTestJSON:setUpClass): 200 GET http://10.180.1.21/compute/v2.1/images/ab12b9dd-0758-4a7f-b277-ddd3b24bf8a1 4.120s
2025-11-12 21:49:27.324 65644 INFO tempest.lib.common.rest_client [req-675a4127-cdc6-4ce2-a02a-ace790938690 req-675a4127-cdc6-4ce2-a02a-ace790938690 ] Request (DeleteServersTestJSON:setUpClass): 201 POST http://10.180.1.21/identity/v3/auth/tokens 0.140s
2025-11-12 21:49:27.324 65646 INFO tempest.lib.common.rest_client [req-4776323e-a711-411a-9398-a42923ba3092 req-4776323e-a711-411a-9398-a42923ba3092 ] Request (AggregatesAdminNegativeTestJSON:_run_cleanups): 200 DELETE http://10.180.1.21/compute/v2.1/os-aggregates/8 3.932s
2025-11-12 21:49:27.326 65610 INFO tempest.lib.common.rest_client [req-4108469e-ef2e-40f8-86ff-03a3f2cfd824 req-4108469e-ef2e-40f8-86ff-03a3f2cfd824 ] Request (FlavorsAdminTestJSON:_run_cleanups): 202 DELETE http://10.180.1.21/compute/v2.1/flavors/649349211 3.993s
