2025-11-12 21:49:10.036 65658 INFO tempest.lib.common.rest_client [req-f9ddb07b-e741-442f-af46-b9cba6ef917c req-f9ddb07b-e741-442f-af46-b9cba6ef917c ] Request (DeleteServersAdminTestJSON:tearDownClass): 200 GET http://10.180.1.21/networking/v2.0/security-groups?tenant_id=7656f65d263e45aba15d195700a125ad&name=default 0.401s
2025-11-12 21:49:10.071 65656 INFO tempest.lib.common.rest_client [req-dd7bfed6-7213-423e-acdc-ea0db46f79cd req-dd7bfed6-7213-423e-acdc-ea0db46f79cd ] Request (FloatingIPsAssociationNegativeTestJSON:setUpClass): 201 POST http://10.180.1.21/identity/v3/users 0.108s
2025-11-12 21:49:10.102 65656 INFO tempest.lib.common.rest_client [req-e8bd5358-4847-4681-b9b5-1a7d27e915a4 req-e8bd5358-4847-4681-b9b5-1a7d27e915a4 ] Request (FloatingIPsAssociationNegativeTestJSON:setUpClass): 200 GET http://10.180.1.21/identity/v3/roles 0.030s
2025-11-12 21:49:10.121 65622 INFO tempest.lib.common.rest_client [req-62ec8f19-2792-438d-81c1-879f08928751 req-62ec8f19-2792-438d-81c1-879f08928751 ] Request (InstanceActionsNegativeTestJSON:setUpClass): 200 GET http://10.180.1.21/compute/v2.1/servers/d0effd94-3749-443c-a750-55369a71faec 2.897s
2025-11-12 21:49:10.157 65656 INFO tempest.lib.common.rest_client [req-05291164-1c3b-481c-9b2b-125b9056e831 req-05291164-1c3b-481c-9b2b-125b9056e831 ] Request (FloatingIPsAssociationNegativeTestJSON:setUpClass): 204 PUT http://10.180.1.21/identity/v3/projects/608801eeb72645eeaf8c8e0186a03f13/users/a6f54f9717404a18b657539013c038fa/roles/e9552d7fb4884933a96b9da4c82438fe 0.054s
2025-11-12 21:49:10.157 65656 INFO tempest.lib.common.dynamic_creds [-] Dynamic test user a6f54f9717404a18b657539013c038fa is created with scope project and roles: ['member']
2025-11-12 21:49:10.157 65656 INFO tempest.lib.common.dynamic_creds [-] Acquired dynamic creds: credentials: Credentials: {'domain_id': 'default', 'domain_name': 'Default', 'username': 'tempest-FloatingIPsAssociationNegativeTestJSON-14876763-project-member', 'project_domain_id': 'default', 'project_domain_name': 'Default', 'project_id': '608801eeb72645eeaf8c8e0186a03f13', 'project_name': 'tempest-FloatingIPsAssociationNegativeTestJSON-14876763', 'tenant_id': '608801eeb72645eeaf8c8e0186a03f13', 'tenant_name': 'tempest-FloatingIPsAssociationNegativeTestJSON-14876763', 'user_domain_id': 'default', 'user_domain_name': 'Default', 'user_id': 'a6f54f9717404a18b657539013c038fa', 'system': None}, Network: None, Subnet: None, Router: None
2025-11-12 21:49:10.201 65618 INFO tempest.lib.common.rest_client [req-4efc1ede-3dcd-4159-aeb5-25257c01ab4e req-4efc1ede-3dcd-4159-aeb5-25257c01ab4e ] Request (ServerActionsTestOtherA:test_rebuild_server_in_stop_state): 200 GET http://10.180.1.21/compute/v2.1/servers/5dd0ab67-1663-432a-9699-ea9a3b3b2573 3.742s
2025-11-12 21:49:10.257 65656 INFO tempest.lib.common.rest_client [req-0772c98c-43b7-42f8-bde6-06eef8d87fe5 req-0772c98c-43b7-42f8-bde6-06eef8d87fe5 ] Request (FloatingIPsAssociationNegativeTestJSON:setUpClass): 201 POST http://10.180.1.21/identity/v3/auth/tokens 0.099s
2025-11-12 21:49:10.286 65658 INFO tempest.lib.common.rest_client [req-1b6397f0-2c87-43e8-a10b-a7174dea9e0f req-1b6397f0-2c87-43e8-a10b-a7174dea9e0f ] Request (DeleteServersAdminTestJSON:tearDownClass): 204 DELETE http://10.180.1.21/networking/v2.0/security-groups/86bd0f42-dd8a-49cb-86ba-ca97b64c0740 0.250s
2025-11-12 21:49:10.366 65658 INFO tempest.lib.common.rest_client [req-7d5cb6b3-1c4b-43ec-9d2b-01a9cebe9aed req-7d5cb6b3-1c4b-43ec-9d2b-01a9cebe9aed ] Request (DeleteServersAdminTestJSON:tearDownClass): 204 DELETE http://10.180.1.21/identity/v3/projects/7656f65d263e45aba15d195700a125ad 0.079s
2025-11-12 21:49:10.366 65658 INFO tempest.lib.common.dynamic_creds [-] Deleting project and security group for project: d231d084c41d4714923c35bba353067b
2025-11-12 21:49:10.369 65608 INFO tempest.lib.common.rest_client [req-3c26b68e-0875-4f02-839d-7cf87705769d req-3c26b68e-0875-4f02-839d-7cf87705769d ] Request (ServersAdminTestJSON:test_inject_network_info): 200 GET http://10.180.1.21/compute/v2.1/servers/07fc6876-f2db-4abf-9695-dd5771d21c70 2.621s
2025-11-12 21:49:10.432 65620 INFO tempest.lib.common.rest_client [req-49285347-7bb8-44c6-bdcc-b5b9af8906f8 req-49285347-7bb8-44c6-bdcc-b5b9af8906f8 ] Request (ServersTestFqdnHostnames:tearDownClass): 204 DELETE http://10.180.1.21/networking/v2.0/networks/fbf1921e-4598-4e11-b7c2-0f3606a76ab7 0.676s
2025-11-12 21:49:10.531 65620 INFO tempest.lib.common.rest_client [req-d890b40a-95f1-4f5f-bf41-c4701cf7cd2b req-d890b40a-95f1-4f5f-bf41-c4701cf7cd2b ] Request (ServersTestFqdnHostnames:tearDownClass): 204 DELETE http://10.180.1.21/identity/v3/users/7195702b79824bcfa0615c911390d180 0.099s
2025-11-12 21:49:10.532 65620 INFO tempest.lib.common.dynamic_creds [-] Deleting project and security group for project: b84363d241d7475f979ca7906f30226e
2025-11-12 21:49:10.630 65658 INFO tempest.lib.common.rest_client [req-2b0fcc3d-1fd8-4f6a-8703-c361e8b9006c req-2b0fcc3d-1fd8-4f6a-8703-c361e8b9006c ] Request (DeleteServersAdminTestJSON:tearDownClass): 200 GET http://10.180.1.21/networking/v2.0/security-groups?tenant_id=d231d084c41d4714923c35bba353067b&name=default 0.263s
2025-11-12 21:49:10.654 65620 INFO tempest.lib.common.rest_client [req-6465879c-0d3f-41ba-a4c0-b5b8c413f260 req-6465879c-0d3f-41ba-a4c0-b5b8c413f260 ] Request (ServersTestFqdnHostnames:tearDownClass): 200 GET http://10.180.1.21/networking/v2.0/security-groups?tenant_id=b84363d241d7475f979ca7906f30226e&name=default 0.122s
2025-11-12 21:49:10.688 65614 INFO paramiko.transport [-] Connected (version 2.0, client dropbear_2020.81)
2025-11-12 21:49:10.717 65656 INFO tempest.lib.common.rest_client [req-01ca508a-a492-4528-85db-5a1da51839e5 req-01ca508a-a492-4528-85db-5a1da51839e5 ] Request (FloatingIPsAssociationNegativeTestJSON:setUpClass): 201 POST http://10.180.1.21/networking/v2.0/networks 0.459s
2025-11-12 21:49:10.802 65614 INFO paramiko.transport [-] Authentication (publickey) successful!
2025-11-12 21:49:10.804 65614 INFO tempest.lib.common.ssh [-] ssh connection to cirros@10.180.180.178 successfully created
2025-11-12 21:49:11.175 65658 INFO tempest.lib.common.rest_client [req-b51623bf-4d99-4ccb-8c93-e65cc09c7d2d req-b51623bf-4d99-4ccb-8c93-e65cc09c7d2d ] Request (DeleteServersAdminTestJSON:tearDownClass): 204 DELETE http://10.180.1.21/networking/v2.0/security-groups/3ebc332f-0153-44ec-9343-ceef7f0efd60 0.545s
2025-11-12 21:49:11.252 65642 INFO tempest.lib.common.rest_client [req-1fdf3363-f0df-4118-96a7-5cb0274b5911 req-1fdf3363-f0df-4118-96a7-5cb0274b5911 ] Request (ServersAdmin275Test:test_rebuild_update_server_275): 202 POST http://10.180.1.21/compute/v2.1/servers/b066dd2b-34d0-450d-997f-580d11cb671d/action 3.465s
2025-11-12 21:49:11.289 65620 INFO tempest.lib.common.rest_client [req-45e009a1-c10f-45d9-b2be-bd874a998290 req-45e009a1-c10f-45d9-b2be-bd874a998290 ] Request (ServersTestFqdnHostnames:tearDownClass): 204 DELETE http://10.180.1.21/networking/v2.0/security-groups/d24e099b-2ee2-4e0d-9691-0b4264764e8c 0.635s
2025-11-12 21:49:11.308 65658 INFO tempest.lib.common.rest_client [req-38677b2d-541f-40ef-95b0-1a2b3db73a2f req-38677b2d-541f-40ef-95b0-1a2b3db73a2f ] Request (DeleteServersAdminTestJSON:tearDownClass): 204 DELETE http://10.180.1.21/identity/v3/projects/d231d084c41d4714923c35bba353067b 0.133s
2025-11-12 21:49:11.378 65658 INFO tempest.lib.common.rest_client [req-febe0395-6213-4617-97be-fc15ffc368fa req-febe0395-6213-4617-97be-fc15ffc368fa ] Request (HypervisorAdminUnderV252Test:setUpClass): 201 POST http://10.180.1.21/identity/v3/auth/tokens 0.069s
2025-11-12 21:49:11.406 65620 INFO tempest.lib.common.rest_client [req-d0a42a3f-5f31-4f3c-8884-26ed7b9172a3 req-d0a42a3f-5f31-4f3c-8884-26ed7b9172a3 ] Request (ServersTestFqdnHostnames:tearDownClass): 204 DELETE http://10.180.1.21/identity/v3/projects/b84363d241d7475f979ca7906f30226e 0.116s
2025-11-12 21:49:11.407 65656 INFO tempest.lib.common.rest_client [req-f33aafa2-ccc5-4aa3-ab1f-e69646b9dc61 req-f33aafa2-ccc5-4aa3-ab1f-e69646b9dc61 ] Request (FloatingIPsAssociationNegativeTestJSON:setUpClass): 201 POST http://10.180.1.21/networking/v2.0/subnets 0.690s
2025-11-12 21:49:11.452 65658 INFO tempest.lib.common.rest_client [req-0cacc230-3997-4c33-97d8-0b519defe9b7 req-0cacc230-3997-4c33-97d8-0b519defe9b7 ] Request (HypervisorAdminUnderV252Test:setUpClass): 201 POST http://10.180.1.21/identity/v3/auth/tokens 0.070s
2025-11-12 21:49:11.471 65620 INFO tempest.lib.common.rest_client [req-aff2d222-dc87-4606-bc65-989408e916ba req-aff2d222-dc87-4606-bc65-989408e916ba ] Request (ListServerFiltersTestJSON:setUpClass): 201 POST http://10.180.1.21/identity/v3/auth/tokens 0.063s
2025-11-12 21:49:11.476 65658 INFO tempest.lib.common.rest_client [req-2ac482d6-d522-4926-8bb0-2f3772923037 req-2ac482d6-d522-4926-8bb0-2f3772923037 ] Request (HypervisorAdminUnderV252Test:setUpClass): 200 GET http://10.180.1.21/identity/v3/domains?name=Default 0.023s
2025-11-12 21:49:11.512 65658 INFO tempest.lib.common.rest_client [req-e1bd9402-120f-4374-8483-a5a63e19862a req-e1bd9402-120f-4374-8483-a5a63e19862a ] Request (HypervisorAdminUnderV252Test:setUpClass): 201 POST http://10.180.1.21/identity/v3/projects 0.035s
2025-11-12 21:49:11.561 65620 INFO tempest.lib.common.rest_client [req-5d05bb98-fe7d-4312-a446-68b2e9b49027 req-5d05bb98-fe7d-4312-a446-68b2e9b49027 ] Request (ListServerFiltersTestJSON:setUpClass): 201 POST http://10.180.1.21/identity/v3/auth/tokens 0.085s
2025-11-12 21:49:11.591 65650 WARNING tempest.lib.common.ssh [-] Failed to establish authenticated ssh connection to cirros@10.180.180.166 ([Errno None] Unable to connect to port 22 on 10.180.180.166). Number attempts: 1. Retry after 2 seconds.: paramiko.ssh_exception.NoValidConnectionsError: [Errno None] Unable to connect to port 22 on 10.180.180.166
2025-11-12 21:49:11.596 65620 INFO tempest.lib.common.rest_client [req-0924c73c-da5a-451f-ab22-14af27b7cb5e req-0924c73c-da5a-451f-ab22-14af27b7cb5e ] Request (ListServerFiltersTestJSON:setUpClass): 200 GET http://10.180.1.21/identity/v3/domains?name=Default 0.035s
2025-11-12 21:49:11.610 65658 INFO tempest.lib.common.rest_client [req-9bc3ab6b-4e93-4416-9330-e86512b98a4c req-9bc3ab6b-4e93-4416-9330-e86512b98a4c ] Request (HypervisorAdminUnderV252Test:setUpClass): 201 POST http://10.180.1.21/identity/v3/users 0.097s
2025-11-12 21:49:11.637 65620 INFO tempest.lib.common.rest_client [req-b610d89c-a00a-4e88-8873-54331aedf473 req-b610d89c-a00a-4e88-8873-54331aedf473 ] Request (ListServerFiltersTestJSON:setUpClass): 201 POST http://10.180.1.21/identity/v3/projects 0.040s
2025-11-12 21:49:11.637 65658 INFO tempest.lib.common.rest_client [req-e6959da8-3339-426e-96ab-658669a205c1 req-e6959da8-3339-426e-96ab-658669a205c1 ] Request (HypervisorAdminUnderV252Test:setUpClass): 200 GET http://10.180.1.21/identity/v3/roles 0.027s
2025-11-12 21:49:11.702 65658 INFO tempest.lib.common.rest_client [req-428b107f-fd65-409f-a90e-0e95cc9b515d req-428b107f-fd65-409f-a90e-0e95cc9b515d ] Request (HypervisorAdminUnderV252Test:setUpClass): 204 PUT http://10.180.1.21/identity/v3/projects/dd750bcb0a124665b045d97ca4bf8ebe/users/704a66b9c16c40759726bfef47f27c0e/roles/e9552d7fb4884933a96b9da4c82438fe 0.064s
2025-11-12 21:49:11.702 65620 INFO tempest.lib.common.rest_client [req-01992a0c-b31f-405a-a905-8a0a3e81d8a5 req-01992a0c-b31f-405a-a905-8a0a3e81d8a5 ] Request (ListServerFiltersTestJSON:setUpClass): 201 POST http://10.180.1.21/identity/v3/users 0.064s
2025-11-12 21:49:11.702 65658 INFO tempest.lib.common.dynamic_creds [-] Dynamic test user 704a66b9c16c40759726bfef47f27c0e is created with scope project and roles: ['member']
2025-11-12 21:49:11.702 65658 INFO tempest.lib.common.dynamic_creds [-] Acquired dynamic creds: credentials: Credentials: {'domain_id': 'default', 'domain_name': 'Default', 'username': 'tempest-HypervisorAdminUnderV252Test-911168875-project-member', 'project_domain_id': 'default', 'project_domain_name': 'Default', 'project_id': 'dd750bcb0a124665b045d97ca4bf8ebe', 'project_name': 'tempest-HypervisorAdminUnderV252Test-911168875', 'tenant_id': 'dd750bcb0a124665b045d97ca4bf8ebe', 'tenant_name': 'tempest-HypervisorAdminUnderV252Test-911168875', 'user_domain_id': 'default', 'user_domain_name': 'Default', 'user_id': '704a66b9c16c40759726bfef47f27c0e', 'system': None}, Network: None, Subnet: None, Router: None
2025-11-12 21:49:11.702 65658 INFO tempest.lib.common.dynamic_creds [-] Created isolated network resources for: credentials: Credentials: {'domain_id': 'default', 'domain_name': 'Default', 'username': 'tempest-HypervisorAdminUnderV252Test-911168875-project-member', 'project_domain_id': 'default', 'project_domain_name': 'Default', 'project_id': 'dd750bcb0a124665b045d97ca4bf8ebe', 'project_name': 'tempest-HypervisorAdminUnderV252Test-911168875', 'tenant_id': 'dd750bcb0a124665b045d97ca4bf8ebe', 'tenant_name': 'tempest-HypervisorAdminUnderV252Test-911168875', 'user_domain_id': 'default', 'user_domain_name': 'Default', 'user_id': '704a66b9c16c40759726bfef47f27c0e', 'system': None}, Network: None, Subnet: None, Router: None
2025-11-12 21:49:11.752 65620 INFO tempest.lib.common.rest_client [req-f74f1098-de1e-4962-b038-82060ffbec96 req-f74f1098-de1e-4962-b038-82060ffbec96 ] Request (ListServerFiltersTestJSON:setUpClass): 200 GET http://10.180.1.21/identity/v3/roles 0.050s
2025-11-12 21:49:11.777 65620 INFO tempest.lib.common.rest_client [req-8da6abbe-406d-473d-bedf-b7b5f229a5ea req-8da6abbe-406d-473d-bedf-b7b5f229a5ea ] Request (ListServerFiltersTestJSON:setUpClass): 204 PUT http://10.180.1.21/identity/v3/projects/867ef692d341499d8d83a61d6037e753/users/45d83419e151478098f9d53ab0e09120/roles/e9552d7fb4884933a96b9da4c82438fe 0.024s
2025-11-12 21:49:11.777 65620 INFO tempest.lib.common.dynamic_creds [-] Dynamic test user 45d83419e151478098f9d53ab0e09120 is created with scope project and roles: ['member']
2025-11-12 21:49:11.778 65620 INFO tempest.lib.common.dynamic_creds [-] Acquired dynamic creds: credentials: Credentials: {'domain_id': 'default', 'domain_name': 'Default', 'username': 'tempest-ListServerFiltersTestJSON-1518189185-project-member', 'project_domain_id': 'default', 'project_domain_name': 'Default', 'project_id': '867ef692d341499d8d83a61d6037e753', 'project_name': 'tempest-ListServerFiltersTestJSON-1518189185', 'tenant_id': '867ef692d341499d8d83a61d6037e753', 'tenant_name': 'tempest-ListServerFiltersTestJSON-1518189185', 'user_domain_id': 'default', 'user_domain_name': 'Default', 'user_id': '45d83419e151478098f9d53ab0e09120', 'system': None}, Network: None, Subnet: None, Router: None
2025-11-12 21:49:11.778 65658 INFO tempest.lib.common.rest_client [req-b5e8f207-93e2-4394-872d-17d5534d672d req-b5e8f207-93e2-4394-872d-17d5534d672d ] Request (HypervisorAdminUnderV252Test:setUpClass): 201 POST http://10.180.1.21/identity/v3/auth/tokens 0.073s
2025-11-12 21:49:11.858 65658 INFO tempest.lib.common.rest_client [req-2aff4a23-a45c-466f-a4a7-314d961f47a9 req-2aff4a23-a45c-466f-a4a7-314d961f47a9 ] Request (HypervisorAdminUnderV252Test:setUpClass): 201 POST http://10.180.1.21/identity/v3/projects 0.078s
2025-11-12 21:49:11.862 65620 INFO tempest.lib.common.rest_client [req-4bbad1ef-6741-486f-8556-382674e42cef req-4bbad1ef-6741-486f-8556-382674e42cef ] Request (ListServerFiltersTestJSON:setUpClass): 201 POST http://10.180.1.21/identity/v3/auth/tokens 0.084s
2025-11-12 21:49:11.953 65658 INFO tempest.lib.common.rest_client [req-f127db9c-98d8-4640-bf1b-589bb3e86bfd req-f127db9c-98d8-4640-bf1b-589bb3e86bfd ] Request (HypervisorAdminUnderV252Test:setUpClass): 201 POST http://10.180.1.21/identity/v3/users 0.094s
2025-11-12 21:49:11.974 65658 INFO tempest.lib.common.rest_client [req-9badf637-27af-48c8-be64-1602bd12416a req-9badf637-27af-48c8-be64-1602bd12416a ] Request (HypervisorAdminUnderV252Test:setUpClass): 200 GET http://10.180.1.21/identity/v3/roles 0.020s
2025-11-12 21:49:12.002 65658 INFO tempest.lib.common.rest_client [req-483b636a-af6a-4131-9954-8f958da9f4ee req-483b636a-af6a-4131-9954-8f958da9f4ee ] Request (HypervisorAdminUnderV252Test:setUpClass): 204 PUT http://10.180.1.21/identity/v3/projects/77a555e5519d4a0f97e71e25b5723b26/users/6e6339f04bdd40e09a51d804cd63e279/roles/30d43c5d57cf4a16b2a11bd8b84b1411 0.027s
2025-11-12 21:49:12.061 65658 INFO tempest.lib.common.rest_client [req-cf3a85e9-ccdb-43db-b71e-2ae77ae7eae3 req-cf3a85e9-ccdb-43db-b71e-2ae77ae7eae3 ] Request (HypervisorAdminUnderV252Test:setUpClass): 200 GET http://10.180.1.21/identity/v3/roles 0.059s
2025-11-12 21:49:12.081 65658 INFO tempest.lib.common.rest_client [req-73e551d8-f2c3-431d-b9ce-890349f74018 req-73e551d8-f2c3-431d-b9ce-890349f74018 ] Request (HypervisorAdminUnderV252Test:setUpClass): 204 PUT http://10.180.1.21/identity/v3/projects/77a555e5519d4a0f97e71e25b5723b26/users/6e6339f04bdd40e09a51d804cd63e279/roles/30d43c5d57cf4a16b2a11bd8b84b1411 0.019s
2025-11-12 21:49:12.081 65658 INFO tempest.lib.common.dynamic_creds [-] Dynamic test user 6e6339f04bdd40e09a51d804cd63e279 is created with scope project and roles: ['admin']
2025-11-12 21:49:12.081 65658 INFO tempest.lib.common.dynamic_creds [-] Acquired dynamic creds: credentials: Credentials: {'domain_id': 'default', 'domain_name': 'Default', 'username': 'tempest-HypervisorAdminUnderV252Test-1708255870-project-admin', 'project_domain_id': 'default', 'project_domain_name': 'Default', 'project_id': '77a555e5519d4a0f97e71e25b5723b26', 'project_name': 'tempest-HypervisorAdminUnderV252Test-1708255870', 'tenant_id': '77a555e5519d4a0f97e71e25b5723b26', 'tenant_name': 'tempest-HypervisorAdminUnderV252Test-1708255870', 'user_domain_id': 'default', 'user_domain_name': 'Default', 'user_id': '6e6339f04bdd40e09a51d804cd63e279', 'system': None}, Network: None, Subnet: None, Router: None
2025-11-12 21:49:12.081 65658 INFO tempest.lib.common.dynamic_creds [-] Created isolated network resources for: credentials: Credentials: {'domain_id': 'default', 'domain_name': 'Default', 'username': 'tempest-HypervisorAdminUnderV252Test-1708255870-project-admin', 'project_domain_id': 'default', 'project_domain_name': 'Default', 'project_id': '77a555e5519d4a0f97e71e25b5723b26', 'project_name': 'tempest-HypervisorAdminUnderV252Test-1708255870', 'tenant_id': '77a555e5519d4a0f97e71e25b5723b26', 'tenant_name': 'tempest-HypervisorAdminUnderV252Test-1708255870', 'user_domain_id': 'default', 'user_domain_name': 'Default', 'user_id': '6e6339f04bdd40e09a51d804cd63e279', 'system': None}, Network: None, Subnet: None, Router: None
2025-11-12 21:49:12.163 65658 INFO tempest.lib.common.rest_client [req-4509f66b-5303-444b-8022-bdf7ac3f1449 req-4509f66b-5303-444b-8022-bdf7ac3f1449 ] Request (HypervisorAdminUnderV252Test:setUpClass): 201 POST http://10.180.1.21/identity/v3/auth/tokens 0.078s
2025-11-12 21:49:12.291 65656 INFO tempest.lib.common.rest_client [req-864dcbd3-49cc-40ad-a9b8-5ccdc3622345 req-864dcbd3-49cc-40ad-a9b8-5ccdc3622345 ] Request (FloatingIPsAssociationNegativeTestJSON:setUpClass): 201 POST http://10.180.1.21/networking/v2.0/routers 0.883s
2025-11-12 21:49:12.392 65644 INFO tempest.lib.common.rest_client [req-b1569f0a-9691-4494-861c-ef252758786e req-b1569f0a-9691-4494-861c-ef252758786e ] Request (SecurityGroupRulesTestJSON:tearDownClass): 202 DELETE http://10.180.1.21/compute/v2.1/os-security-groups/363d0a40-7fc7-45f6-bbad-6569d0eccb57 4.454s
2025-11-12 21:49:12.780 65620 INFO tempest.lib.common.rest_client [req-22db246a-a4f4-4f86-8c33-de7e4d675d2b req-22db246a-a4f4-4f86-8c33-de7e4d675d2b ] Request (ListServerFiltersTestJSON:setUpClass): 201 POST http://10.180.1.21/networking/v2.0/networks 0.917s
2025-11-12 21:49:12.977 65665 INFO tempest.lib.common.rest_client [req-2014d203-ba8c-42f5-8d60-48727cc6fc1f req-2014d203-ba8c-42f5-8d60-48727cc6fc1f ] Request (InstanceActionsTestJSON:tearDownClass): 200 GET http://10.180.1.21/compute/v2.1/servers/00cddce2-8584-416a-a8ab-60ace7fb3570 4.837s
2025-11-12 21:49:13.042 65666 INFO tempest.lib.common.rest_client [req-d1b21102-0783-4405-b08b-b60fb96e1064 req-d1b21102-0783-4405-b08b-b60fb96e1064 ] Request (ServerAddressesTestJSON:setUpClass): 202 POST http://10.180.1.21/compute/v2.1/servers 5.135s
2025-11-12 21:49:13.058 65610 INFO tempest.lib.common.rest_client [req-bddc6440-5fa1-461d-a639-4515f27c6f41 req-bddc6440-5fa1-461d-a639-4515f27c6f41 ] Request (FlavorsAdminTestJSON:test_is_public_string_variations): 200 GET http://10.180.1.21/compute/v2.1/flavors/detail?is_public=no 4.193s
2025-11-12 21:49:13.157 65646 INFO tempest.lib.common.rest_client [req-abfc057a-ae44-46af-be2a-b31807e1b572 req-abfc057a-ae44-46af-be2a-b31807e1b572 ] Request (AggregatesAdminNegativeTestJSON:test_aggregate_remove_host_as_user): 200 POST http://10.180.1.21/compute/v2.1/os-aggregates/7/action 4.321s
2025-11-12 21:49:13.202 65640 INFO tempest.lib.common.rest_client [req-55a40a53-bc8e-4343-96a8-4dde0ffb04e0 req-55a40a53-bc8e-4343-96a8-4dde0ffb04e0 ] Request (KeyPairsV22TestJSON:test_keypairsv22_create_list_show): 201 POST http://10.180.1.21/compute/v2.1/os-keypairs 4.120s
2025-11-12 21:49:13.234 65632 INFO tempest.lib.common.rest_client [req-50db2ab6-0408-4762-a222-15a5eaa90486 req-50db2ab6-0408-4762-a222-15a5eaa90486 ] Request (MigrationsAdminTest:test_resize_server_revert_deleted_flavor): 200 POST http://10.180.1.21/compute/v2.1/flavors/5c7507db-ea9b-4558-93aa-cea589648f7a/os-extra_specs 4.105s
2025-11-12 21:49:13.247 65620 INFO tempest.lib.common.rest_client [req-1f8d5ca5-3e1d-4945-9190-badf91a1212d req-1f8d5ca5-3e1d-4945-9190-badf91a1212d ] Request (ListServerFiltersTestJSON:setUpClass): 201 POST http://10.180.1.21/networking/v2.0/subnets 0.466s
2025-11-12 21:49:13.247 65620 INFO tempest.lib.common.dynamic_creds [-] Created isolated network resources for: credentials: Credentials: {'domain_id': 'default', 'domain_name': 'Default', 'username': 'tempest-ListServerFiltersTestJSON-1518189185-project-member', 'project_domain_id': 'default', 'project_domain_name': 'Default', 'project_id': '867ef692d341499d8d83a61d6037e753', 'project_name': 'tempest-ListServerFiltersTestJSON-1518189185', 'tenant_id': '867ef692d341499d8d83a61d6037e753', 'tenant_name': 'tempest-ListServerFiltersTestJSON-1518189185', 'user_domain_id': 'default', 'user_domain_name': 'Default', 'user_id': '45d83419e151478098f9d53ab0e09120', 'system': None}, Network: {'id': 'c86ded69-9413-4c43-b9a8-dd443a20d8b7', 'name': 'tempest-ListServerFiltersTestJSON-231860417-network', 'tenant_id': '867ef692d341499d8d83a61d6037e753', 'project_id': '867ef692d341499d8d83a61d6037e753', 'admin_state_up': True, 'mtu': 8950, 'status': 'ACTIVE', 'subnets': [], 'shared': False, 'port_security_enabled': True, 'router:external': False, 'provider:network_type': 'vlan', 'provider:physical_network': 'default', 'provider:segmentation_id': 616, 'availability_zone_hints': [], 'availability_zones': [], 'ipv4_address_scope': None, 'ipv6_address_scope': None, 'description': '', 'tags': [], 'created_at': '2025-11-12T21:49:12Z', 'updated_at': '2025-11-12T21:49:12Z', 'revision_number': 1}, Subnet: {'id': 'ded4f430-0284-4074-b066-ba0312eb2d89', 'name': 'tempest-ListServerFiltersTestJSON-231860417-subnet', 'tenant_id': '867ef692d341499d8d83a61d6037e753', 'network_id': 'c86ded69-9413-4c43-b9a8-dd443a20d8b7', 'ip_version': 4, 'subnetpool_id': None, 'enable_dhcp': True, 'ipv6_ra_mode': None, 'ipv6_address_mode': None, 'gateway_ip': '192.168.128.1', 'cidr': '192.168.128.0/28', 'allocation_pools': [{'start': '192.168.128.2', 'end': '192.168.128.14'}], 'host_routes': [], 'dns_nameservers': [], 'description': '', 'router:external': False, 'service_types': [], 'tags': [], 'created_at': '2025-11-12T21:49:13Z', 'updated_at': '2025-11-12T21:49:13Z', 'revision_number': 0, 'project_id': '867ef692d341499d8d83a61d6037e753'}, Router: None
2025-11-12 21:49:13.322 65632 INFO tempest.lib.common.rest_client [req-cefa6962-149c-430c-b446-9d32e4ad6935 req-cefa6962-149c-430c-b446-9d32e4ad6935 ] Request (MigrationsAdminTest:test_resize_server_revert_deleted_flavor): 201 POST http://10.180.1.21/identity/v3/auth/tokens 0.083s
2025-11-12 21:49:13.323 65632 INFO tempest.lib.common.fixed_network [-] (MigrationsAdminTest:test_resize_server_revert_deleted_flavor) Found network None available for tenant
2025-11-12 21:49:13.330 65612 INFO tempest.lib.common.rest_client [req-781dc576-7748-48ad-9f27-6f64f8d99102 req-781dc576-7748-48ad-9f27-6f64f8d99102 ] Request (ServerExternalEventsTest:test_create_server_external_events): 200 GET http://10.180.1.21/compute/v2.1/servers/92d65dab-2595-4c01-94b4-bf46cf737dba 4.279s
2025-11-12 21:49:13.352 65620 INFO tempest.lib.common.rest_client [req-1d3e20f4-ff28-4565-9c0a-737eac9b9933 req-1d3e20f4-ff28-4565-9c0a-737eac9b9933 ] Request (ListServerFiltersTestJSON:setUpClass): 201 POST http://10.180.1.21/identity/v3/auth/tokens 0.101s
2025-11-12 21:49:13.389 65620 INFO tempest.lib.common.rest_client [req-167ae9f3-dfbe-4e87-b573-e8405ab99315 req-167ae9f3-dfbe-4e87-b573-e8405ab99315 ] Request (ListServerFiltersTestJSON:setUpClass): 201 POST http://10.180.1.21/identity/v3/auth/tokens 0.030s
2025-11-12 21:49:13.389 65620 INFO tempest.lib.common.fixed_network [-] (ListServerFiltersTestJSON:setUpClass) Found network {'id': 'c86ded69-9413-4c43-b9a8-dd443a20d8b7', 'name': 'tempest-ListServerFiltersTestJSON-231860417-network', 'tenant_id': '867ef692d341499d8d83a61d6037e753', 'project_id': '867ef692d341499d8d83a61d6037e753', 'admin_state_up': True, 'mtu': 8950, 'status': 'ACTIVE', 'subnets': [], 'shared': False, 'port_security_enabled': True, 'router:external': False, 'provider:network_type': 'vlan', 'provider:physical_network': 'default', 'provider:segmentation_id': 616, 'availability_zone_hints': [], 'availability_zones': [], 'ipv4_address_scope': None, 'ipv6_address_scope': None, 'description': '', 'tags': [], 'created_at': '2025-11-12T21:49:12Z', 'updated_at': '2025-11-12T21:49:12Z', 'revision_number': 1} available for tenant
2025-11-12 21:49:13.429 65620 INFO tempest.lib.common.rest_client [req-6008bc6e-17ae-479c-9e9d-fdf3bf349ddc req-6008bc6e-17ae-479c-9e9d-fdf3bf349ddc ] Request (ListServerFiltersTestJSON:setUpClass): 201 POST http://10.180.1.21/identity/v3/auth/tokens 0.033s
2025-11-12 21:49:13.429 65620 INFO tempest.lib.common.fixed_network [-] (ListServerFiltersTestJSON:setUpClass) Found network {'id': 'c86ded69-9413-4c43-b9a8-dd443a20d8b7', 'name': 'tempest-ListServerFiltersTestJSON-231860417-network', 'tenant_id': '867ef692d341499d8d83a61d6037e753', 'project_id': '867ef692d341499d8d83a61d6037e753', 'admin_state_up': True, 'mtu': 8950, 'status': 'ACTIVE', 'subnets': [], 'shared': False, 'port_security_enabled': True, 'router:external': False, 'provider:network_type': 'vlan', 'provider:physical_network': 'default', 'provider:segmentation_id': 616, 'availability_zone_hints': [], 'availability_zones': [], 'ipv4_address_scope': None, 'ipv6_address_scope': None, 'description': '', 'tags': [], 'created_at': '2025-11-12T21:49:12Z', 'updated_at': '2025-11-12T21:49:12Z', 'revision_number': 1} available for tenant
2025-11-12 21:49:13.484 65648 INFO tempest.lib.common.rest_client [req-85c9940b-6aed-4260-a3d2-92506534d718 req-85c9940b-6aed-4260-a3d2-92506534d718 ] Request (SecurityGroupsTestJSON:test_server_security_groups): 200 POST http://10.180.1.21/compute/v2.1/os-security-groups 4.258s
2025-11-12 21:49:13.514 65630 INFO tempest.lib.common.rest_client [req-fac10bbc-cc9e-4f48-a924-cff54dbe3eb3 req-fac10bbc-cc9e-4f48-a924-cff54dbe3eb3 ] Request (ServersAdminNegativeTestJSON:test_resize_server_using_overlimit_vcpus): 200 GET http://10.180.1.21/compute/v2.1/os-quota-sets/4f4769a010334b4ca2ff3ee5ce57f640 4.240s
2025-11-12 21:49:13.568 65662 INFO tempest.lib.common.rest_client [req-19dfd176-f434-41c8-806d-f3c21938e18e req-19dfd176-f434-41c8-806d-f3c21938e18e ] Request (ListImageFiltersTestJSON:setUpClass): 200 GET http://10.180.1.21/compute/v2.1/images/74d92226-02a6-41b3-8a47-46be035296fe 4.157s
2025-11-12 21:49:13.574 65648 INFO tempest.lib.common.rest_client [req-dc554c01-fd64-47e7-92a0-3f78c8e7aafd req-dc554c01-fd64-47e7-92a0-3f78c8e7aafd ] Request (SecurityGroupsTestJSON:test_server_security_groups): 201 POST http://10.180.1.21/identity/v3/auth/tokens 0.075s
2025-11-12 21:49:13.575 65648 INFO tempest.lib.common.fixed_network [-] (SecurityGroupsTestJSON:test_server_security_groups) Found network {'id': 'e3af6e53-3d5b-4c14-8742-23772456c578', 'name': 'tempest-SecurityGroupsTestJSON-1879549816-network', 'tenant_id': '227a7d8ad8ff4f1c8c8e07196012891b', 'project_id': '227a7d8ad8ff4f1c8c8e07196012891b', 'admin_state_up': True, 'mtu': 8950, 'status': 'ACTIVE', 'subnets': [], 'shared': False, 'port_security_enabled': True, 'router:external': False, 'provider:network_type': 'vlan', 'provider:physical_network': 'default', 'provider:segmentation_id': 364, 'availability_zone_hints': [], 'availability_zones': [], 'ipv4_address_scope': None, 'ipv6_address_scope': None, 'description': '', 'tags': [], 'created_at': '2025-11-12T21:46:59Z', 'updated_at': '2025-11-12T21:46:59Z', 'revision_number': 1} available for tenant
2025-11-12 21:49:13.612 65624 INFO tempest.lib.common.rest_client [req-f9e46c26-7940-48f3-91cf-c0b6e809d7c3 req-f9e46c26-7940-48f3-91cf-c0b6e809d7c3 ] Request (ImagesMetadataTestJSON:test_get_image_metadata_item): 200 GET http://10.180.1.21/compute/v2.1/images/999377cf-8621-4e24-9470-325d700de3d1/metadata/os_distro 4.199s
2025-11-12 21:49:13.726 65638 INFO tempest.lib.common.rest_client [req-5bed5330-11aa-4ef9-a234-c80a4cc4f942 req-5bed5330-11aa-4ef9-a234-c80a4cc4f942 ] Request (ServerActionsTestJSON:setUpClass): 200 GET http://10.180.1.21/compute/v2.1/servers/994bdf3b-3927-47c5-bec2-bc4e9fe1c1da 4.378s
2025-11-12 21:49:13.735 65638 INFO tempest.common.waiters [-] State transition "BUILD/spawning" ==> "ACTIVE/None" after 19 second wait
2025-11-12 21:49:13.847 65616 INFO tempest.lib.common.rest_client [req-a4346d44-a999-4894-9ac3-f4f8bf2bd4a9 req-a4346d44-a999-4894-9ac3-f4f8bf2bd4a9 ] Request (ServerRescueTestJSON:tearDownClass): 204 DELETE http://10.180.1.21/compute/v2.1/servers/d085d5f1-cd2e-498e-b7a7-c7b271fe8939 4.043s
2025-11-12 21:49:13.859 65656 INFO tempest.lib.common.rest_client [req-ea28332f-de97-49ab-b334-05853b6fb2b1 req-ea28332f-de97-49ab-b334-05853b6fb2b1 ] Request (FloatingIPsAssociationNegativeTestJSON:setUpClass): 200 PUT http://10.180.1.21/networking/v2.0/routers/8e02440d-f9dc-42cb-8acb-9df885e3d290/add_router_interface 1.568s
2025-11-12 21:49:13.860 65656 INFO tempest.lib.common.dynamic_creds [-] Created isolated network resources for: credentials: Credentials: {'domain_id': 'default', 'domain_name': 'Default', 'username': 'tempest-FloatingIPsAssociationNegativeTestJSON-14876763-project-member', 'project_domain_id': 'default', 'project_domain_name': 'Default', 'project_id': '608801eeb72645eeaf8c8e0186a03f13', 'project_name': 'tempest-FloatingIPsAssociationNegativeTestJSON-14876763', 'tenant_id': '608801eeb72645eeaf8c8e0186a03f13', 'tenant_name': 'tempest-FloatingIPsAssociationNegativeTestJSON-14876763', 'user_domain_id': 'default', 'user_domain_name': 'Default', 'user_id': 'a6f54f9717404a18b657539013c038fa', 'system': None}, Network: {'id': '5b862e82-490e-436d-85c5-4c66fc717991', 'name': 'tempest-FloatingIPsAssociationNegativeTestJSON-2075643905-network', 'tenant_id': '608801eeb72645eeaf8c8e0186a03f13', 'project_id': '608801eeb72645eeaf8c8e0186a03f13', 'admin_state_up': True, 'mtu': 8950, 'status': 'ACTIVE', 'subnets': [], 'shared': False, 'port_security_enabled': True, 'router:external': False, 'provider:network_type': 'vlan', 'provider:physical_network': 'default', 'provider:segmentation_id': 351, 'availability_zone_hints': [], 'availability_zones': [], 'ipv4_address_scope': None, 'ipv6_address_scope': None, 'description': '', 'tags': [], 'created_at': '2025-11-12T21:49:10Z', 'updated_at': '2025-11-12T21:49:10Z', 'revision_number': 1}, Subnet: {'id': 'a6958b4f-c727-4cdb-8ada-c87d8c6624f1', 'name': 'tempest-FloatingIPsAssociationNegativeTestJSON-2075643905-subnet', 'tenant_id': '608801eeb72645eeaf8c8e0186a03f13', 'network_id': '5b862e82-490e-436d-85c5-4c66fc717991', 'ip_version': 4, 'subnetpool_id': None, 'enable_dhcp': True, 'ipv6_ra_mode': None, 'ipv6_address_mode': None, 'gateway_ip': '192.168.128.1', 'cidr': '192.168.128.0/28', 'allocation_pools': [{'start': '192.168.128.2', 'end': '192.168.128.14'}], 'host_routes': [], 'dns_nameservers': [], 'description': '', 'router:external': False, 'service_types': [], 'tags': [], 'created_at': '2025-11-12T21:49:11Z', 'updated_at': '2025-11-12T21:49:11Z', 'revision_number': 0, 'project_id': '608801eeb72645eeaf8c8e0186a03f13'}, Router: {'id': '8e02440d-f9dc-42cb-8acb-9df885e3d290', 'name': 'tempest-FloatingIPsAssociationNegativeTestJSON-2075643905-router', 'tenant_id': '608801eeb72645eeaf8c8e0186a03f13', 'admin_state_up': True, 'status': 'ACTIVE', 'external_gateway_info': {'network_id': '079ca1cb-9e56-488c-bef3-b270dec70151', 'external_fixed_ips': [{'subnet_id': 'dcb7cacd-a62a-48c2-b4d5-e9e4262423f4', 'ip_address': '10.180.180.239'}], 'enable_snat': True}, 'description': '', 'availability_zones': [], 'distributed': False, 'ha': False, 'availability_zone_hints': [], 'routes': [], 'flavor_id': None, 'tags': [], 'created_at': '2025-11-12T21:49:11Z', 'updated_at': '2025-11-12T21:49:11Z', 'revision_number': 2, 'project_id': '608801eeb72645eeaf8c8e0186a03f13'}
2025-11-12 21:49:13.906 65654 INFO tempest.lib.common.rest_client [req-76a587c8-676c-445f-862f-c2e95682ad11 req-76a587c8-676c-445f-862f-c2e95682ad11 ] Request (ServerMetadataTestJSON:setUpClass): 200 GET http://10.180.1.21/compute/v2.1/servers/422bc6aa-abe7-4ff5-b1da-e0958ac94eb6 4.403s
2025-11-12 21:49:13.909 65604 INFO tempest.lib.common.rest_client [req-f0720d10-c28d-4bc1-bd42-a882ebcb0db5 req-f0720d10-c28d-4bc1-bd42-a882ebcb0db5 ] Request (FloatingIPsAssociationTestJSON:setUpClass): 200 GET http://10.180.1.21/compute/v2.1/servers/c1c5d093-508a-4d0f-bbba-3282bc80746c 4.096s
2025-11-12 21:49:14.016 65656 INFO tempest.lib.common.rest_client [req-2d8e7513-dc18-4243-9a7f-3869fe1b084b req-2d8e7513-dc18-4243-9a7f-3869fe1b084b ] Request (FloatingIPsAssociationNegativeTestJSON:setUpClass): 201 POST http://10.180.1.21/identity/v3/auth/tokens 0.152s
2025-11-12 21:49:14.026 65618 INFO tempest.lib.common.rest_client [req-3c22ed82-5306-4104-9d9e-db7320799a9e req-3c22ed82-5306-4104-9d9e-db7320799a9e ] Request (ServerActionsTestOtherA:test_rebuild_server_in_stop_state): 202 POST http://10.180.1.21/compute/v2.1/servers/5dd0ab67-1663-432a-9699-ea9a3b3b2573/action 3.817s
2025-11-12 21:49:14.070 65656 INFO tempest.lib.common.rest_client [req-ee7a48d9-ea6f-4ecd-b7cc-458fe670816f req-ee7a48d9-ea6f-4ecd-b7cc-458fe670816f ] Request (FloatingIPsAssociationNegativeTestJSON:setUpClass): 201 POST http://10.180.1.21/identity/v3/auth/tokens 0.048s
2025-11-12 21:49:14.071 65656 INFO tempest.lib.common.fixed_network [-] (FloatingIPsAssociationNegativeTestJSON:setUpClass) Found network {'id': '5b862e82-490e-436d-85c5-4c66fc717991', 'name': 'tempest-FloatingIPsAssociationNegativeTestJSON-2075643905-network', 'tenant_id': '608801eeb72645eeaf8c8e0186a03f13', 'project_id': '608801eeb72645eeaf8c8e0186a03f13', 'admin_state_up': True, 'mtu': 8950, 'status': 'ACTIVE', 'subnets': [], 'shared': False, 'port_security_enabled': True, 'router:external': False, 'provider:network_type': 'vlan', 'provider:physical_network': 'default', 'provider:segmentation_id': 351, 'availability_zone_hints': [], 'availability_zones': [], 'ipv4_address_scope': None, 'ipv6_address_scope': None, 'description': '', 'tags': [], 'created_at': '2025-11-12T21:49:10Z', 'updated_at': '2025-11-12T21:49:10Z', 'revision_number': 1} available for tenant
2025-11-12 21:49:14.100 65650 WARNING tempest.lib.common.ssh [-] Failed to establish authenticated ssh connection to cirros@10.180.180.166 ([Errno None] Unable to connect to port 22 on 10.180.180.166). Number attempts: 2. Retry after 3 seconds.: paramiko.ssh_exception.NoValidConnectionsError: [Errno None] Unable to connect to port 22 on 10.180.180.166
2025-11-12 21:49:14.114 65652 INFO tempest.lib.common.rest_client [req-04c96fc3-2035-45e3-9f60-fed3095452d9 req-04c96fc3-2035-45e3-9f60-fed3095452d9 ] Request (ImagesNegativeTestJSON:test_create_image_from_deleted_server): 200 GET http://10.180.1.21/compute/v2.1/servers/1db5da41-b945-40fb-9263-313bdc60e441 4.052s
2025-11-12 21:49:14.131 65628 INFO tempest.lib.common.rest_client [req-1d2ffd96-15a0-49b2-9106-6a6d98c93936 req-1d2ffd96-15a0-49b2-9106-6a6d98c93936 ] Request (ImagesOneServerNegativeTestJSON:_run_cleanups): 200 GET http://10.180.1.21/compute/v2.1/servers/9ddf2990-8602-44a1-9594-d6a7bc7781ed 3.641s
2025-11-12 21:49:14.141 65628 INFO tempest.common.waiters [-] State transition "ACTIVE/deleting" ==> "DELETED/None" after 5 second wait
2025-11-12 21:49:14.202 65634 INFO tempest.lib.common.rest_client [req-91e8a2a3-a54b-41b9-80f4-2a5be3ff0c73 req-91e8a2a3-a54b-41b9-80f4-2a5be3ff0c73 ] Request (ServersTestMultiNic:_run_cleanups): 200 GET http://10.180.1.21/compute/v2.1/servers/9ed6923e-7d6a-4400-95ba-d208b3c21a95 3.504s
2025-11-12 21:49:14.267 65614 INFO tempest.lib.common.rest_client [req-2fc91b58-4425-4f01-9af8-ae1ee70dcb51 req-2fc91b58-4425-4f01-9af8-ae1ee70dcb51 ] Request (ServersTestBootFromVolume:test_list_servers): 200 GET http://10.180.1.21/compute/v2.1/servers 3.452s
2025-11-12 21:49:14.320 65622 INFO tempest.lib.common.rest_client [req-0da27431-c748-43ba-9691-e91952a9b32b req-0da27431-c748-43ba-9691-e91952a9b32b ] Request (InstanceActionsNegativeTestJSON:setUpClass): 200 GET http://10.180.1.21/compute/v2.1/servers/d0effd94-3749-443c-a750-55369a71faec 3.183s
2025-11-12 21:49:14.331 65622 INFO tempest.common.waiters [-] State transition "BUILD/None" ==> "BUILD/spawning" after 18 second wait
2025-11-12 21:49:14.380 65608 INFO tempest.lib.common.rest_client [req-550a2978-14e5-4d8b-84ad-4a627a8f2ff6 req-550a2978-14e5-4d8b-84ad-4a627a8f2ff6 ] Request (ServersAdminTestJSON:test_inject_network_info): 200 GET http://10.180.1.21/compute/v2.1/servers/07fc6876-f2db-4abf-9695-dd5771d21c70 3.002s
2025-11-12 21:49:14.389 65608 INFO tempest.common.waiters [-] State transition "BUILD/None" ==> "BUILD/networking" after 14 second wait
2025-11-12 21:49:14.445 65658 INFO tempest.lib.common.rest_client [req-7bd95004-5207-45c2-9cfe-2308a81ac522 req-7bd95004-5207-45c2-9cfe-2308a81ac522 ] Request (HypervisorAdminUnderV252Test:test_get_hypervisor_show_servers): 200 GET http://10.180.1.21/compute/v2.1/os-hypervisors 2.281s
2025-11-12 21:49:14.576 65642 INFO tempest.lib.common.rest_client [req-4a593c5d-fa42-4791-a88c-681584560904 req-4a593c5d-fa42-4791-a88c-681584560904 ] Request (ServersAdmin275Test:_run_cleanups): 200 GET http://10.180.1.21/compute/v2.1/servers/b066dd2b-34d0-450d-997f-580d11cb671d 3.314s
2025-11-12 21:49:14.586 65644 INFO tempest.lib.common.rest_client [req-1097fbbd-123d-4db1-a464-88bca2b158ef req-1097fbbd-123d-4db1-a464-88bca2b158ef ] Request (SecurityGroupRulesTestJSON:tearDownClass): 202 DELETE http://10.180.1.21/compute/v2.1/os-security-groups/bac8d96a-64f9-4689-b2f4-c53ff4ea3dfb 2.193s
2025-11-12 21:49:14.600 65610 INFO tempest.lib.common.rest_client [req-4309d0d3-4298-4572-b9f3-ec2be90663df req-4309d0d3-4298-4572-b9f3-ec2be90663df ] Request (FlavorsAdminTestJSON:test_is_public_string_variations): 200 GET http://10.180.1.21/compute/v2.1/flavors/detail?is_public=0 1.539s
2025-11-12 21:49:14.607 65646 INFO tempest.lib.common.rest_client [req-e776771c-7ffe-43a9-b70c-e936839c6e70 req-e776771c-7ffe-43a9-b70c-e936839c6e70 ] Request (AggregatesAdminNegativeTestJSON:test_aggregate_remove_host_as_user): 403 POST http://10.180.1.21/compute/v2.1/os-aggregates/7/action 1.447s
2025-11-12 21:49:14.618 65640 INFO tempest.lib.common.rest_client [req-4ddd63cc-3d47-4e95-8892-292526f759fb req-4ddd63cc-3d47-4e95-8892-292526f759fb ] Request (KeyPairsV22TestJSON:test_keypairsv22_create_list_show): 200 GET http://10.180.1.21/compute/v2.1/os-keypairs/tempest-keypair-1746758074 1.412s
2025-11-12 21:49:14.626 65666 INFO tempest.lib.common.rest_client [req-173b04a5-2d48-4055-bd7e-823cb31cc081 req-173b04a5-2d48-4055-bd7e-823cb31cc081 ] Request (ServerAddressesTestJSON:setUpClass): 200 GET http://10.180.1.21/compute/v2.1/servers/ea6ddfe4-e6b4-46ec-b65d-071c0b688e2b 1.582s
2025-11-12 21:49:14.911 65632 INFO tempest.lib.common.rest_client [req-dbe0e230-18fa-46cf-9f0f-cc37df441b05 req-dbe0e230-18fa-46cf-9f0f-cc37df441b05 ] Request (MigrationsAdminTest:test_resize_server_revert_deleted_flavor): 202 POST http://10.180.1.21/compute/v2.1/servers 1.588s
2025-11-12 21:49:14.935 65630 INFO tempest.lib.common.rest_client [req-236d4126-c342-4e89-a101-1eba15a1f5c8 req-236d4126-c342-4e89-a101-1eba15a1f5c8 ] Request (ServersAdminNegativeTestJSON:test_resize_server_using_overlimit_vcpus): 200 POST http://10.180.1.21/compute/v2.1/flavors 1.419s
2025-11-12 21:49:15.129 65620 INFO tempest.lib.common.rest_client [req-6d5e6652-c966-4bef-b1e7-0dff2207112c req-6d5e6652-c966-4bef-b1e7-0dff2207112c ] Request (ListServerFiltersTestJSON:setUpClass): 202 POST http://10.180.1.21/compute/v2.1/servers 1.698s
2025-11-12 21:49:15.182 65620 INFO tempest.lib.common.rest_client [req-e988ec2e-6a5a-4d73-8915-ab4f0753738f req-e988ec2e-6a5a-4d73-8915-ab4f0753738f ] Request (ListServerFiltersTestJSON:setUpClass): 201 POST http://10.180.1.21/identity/v3/auth/tokens 0.047s
2025-11-12 21:49:15.182 65620 INFO tempest.lib.common.fixed_network [-] (ListServerFiltersTestJSON:setUpClass) Found network {'id': 'c86ded69-9413-4c43-b9a8-dd443a20d8b7', 'name': 'tempest-ListServerFiltersTestJSON-231860417-network', 'tenant_id': '867ef692d341499d8d83a61d6037e753', 'project_id': '867ef692d341499d8d83a61d6037e753', 'admin_state_up': True, 'mtu': 8950, 'status': 'ACTIVE', 'subnets': [], 'shared': False, 'port_security_enabled': True, 'router:external': False, 'provider:network_type': 'vlan', 'provider:physical_network': 'default', 'provider:segmentation_id': 616, 'availability_zone_hints': [], 'availability_zones': [], 'ipv4_address_scope': None, 'ipv6_address_scope': None, 'description': '', 'tags': [], 'created_at': '2025-11-12T21:49:12Z', 'updated_at': '2025-11-12T21:49:12Z', 'revision_number': 1} available for tenant
2025-11-12 21:49:15.316 65624 INFO tempest.lib.common.rest_client [req-acfd2b7f-7151-415a-9de4-8e1899b0e2aa req-acfd2b7f-7151-415a-9de4-8e1899b0e2aa ] Request (ImagesMetadataTestJSON:setUp): 200 PUT http://10.180.1.21/compute/v2.1/images/999377cf-8621-4e24-9470-325d700de3d1/metadata 1.700s
2025-11-12 21:49:15.430 65638 INFO tempest.lib.common.rest_client [req-4db3a5c9-25a9-4827-8074-1eedba82c8d6 req-4db3a5c9-25a9-4827-8074-1eedba82c8d6 ] Request (ServerActionsTestJSON:setUpClass): 200 GET http://10.180.1.21/compute/v2.1/servers/994bdf3b-3927-47c5-bec2-bc4e9fe1c1da/os-interface 1.695s
2025-11-12 21:49:15.458 65648 INFO tempest.lib.common.rest_client [req-bf33bf18-4098-4de4-92af-43e1beeb6534 req-bf33bf18-4098-4de4-92af-43e1beeb6534 ] Request (SecurityGroupsTestJSON:test_server_security_groups): 202 POST http://10.180.1.21/compute/v2.1/servers 1.882s
2025-11-12 21:49:15.676 65626 WARNING tempest.lib.common.ssh [-] Failed to establish authenticated ssh connection to cirros@10.180.180.227 ([Errno None] Unable to connect to port 22 on 10.180.180.227). Number attempts: 9. Retry after 10 seconds.: paramiko.ssh_exception.NoValidConnectionsError: [Errno None] Unable to connect to port 22 on 10.180.180.227
2025-11-12 21:49:16.248 65638 INFO tempest.lib.common.rest_client [req-9e031375-95ef-42e8-9d75-e36e19374105 req-9e031375-95ef-42e8-9d75-e36e19374105 ] Request (ServerActionsTestJSON:setUpClass): 200 PUT http://10.180.1.21/networking/v2.0/floatingips/ab770e52-5708-4b47-bd4f-cf0dbb66c2ed 0.816s
2025-11-12 21:49:16.250 65638 INFO tempest.lib.common.ssh [-] Creating ssh connection to '10.180.180.200:22' as 'cirros' with public key authentication
2025-11-12 21:49:16.338 65665 INFO tempest.lib.common.rest_client [req-37008c35-2ef6-4b8d-b889-aa3771005b62 req-37008c35-2ef6-4b8d-b889-aa3771005b62 ] Request (InstanceActionsTestJSON:tearDownClass): 200 GET http://10.180.1.21/compute/v2.1/servers/00cddce2-8584-416a-a8ab-60ace7fb3570 2.351s
2025-11-12 21:49:16.429 65616 INFO tempest.lib.common.rest_client [req-4f55d1b3-72e2-4604-8d69-d44c154cdc01 req-4f55d1b3-72e2-4604-8d69-d44c154cdc01 ] Request (ServerRescueTestJSON:tearDownClass): 200 GET http://10.180.1.21/compute/v2.1/servers/d085d5f1-cd2e-498e-b7a7-c7b271fe8939 2.582s
2025-11-12 21:49:16.531 65606 WARNING tempest.lib.common.ssh [-] Failed to establish authenticated ssh connection to cirros@10.180.180.228 ([Errno None] Unable to connect to port 22 on 10.180.180.228). Number attempts: 5. Retry after 6 seconds.: paramiko.ssh_exception.NoValidConnectionsError: [Errno None] Unable to connect to port 22 on 10.180.180.228
2025-11-12 21:49:16.789 65618 INFO tempest.lib.common.rest_client [req-efaf4e36-d249-4db5-b20f-a93aaf9df4af req-efaf4e36-d249-4db5-b20f-a93aaf9df4af ] Request (ServerActionsTestOtherA:test_rebuild_server_in_stop_state): 200 GET http://10.180.1.21/compute/v2.1/servers/5dd0ab67-1663-432a-9699-ea9a3b3b2573 2.762s
2025-11-12 21:49:17.212 65614 INFO tempest.lib.common.rest_client [req-466247a8-658b-4164-9f65-83fbd8d13e1f req-466247a8-658b-4164-9f65-83fbd8d13e1f ] Request (ServersTestBootFromVolume:test_list_servers_with_detail): 200 GET http://10.180.1.21/compute/v2.1/servers/detail 2.942s
2025-11-12 21:49:17.277 65656 INFO tempest.lib.common.rest_client [req-51c7fce5-44f1-4f7c-a9ae-8531109ff6ce req-51c7fce5-44f1-4f7c-a9ae-8531109ff6ce ] Request (FloatingIPsAssociationNegativeTestJSON:setUpClass): 202 POST http://10.180.1.21/compute/v2.1/servers 3.205s
2025-11-12 21:49:17.286 65612 INFO tempest.lib.common.rest_client [req-fe0c3e78-4493-492a-9199-528076f01a63 req-fe0c3e78-4493-492a-9199-528076f01a63 ] Request (ServerExternalEventsTest:test_create_server_external_events): 200 GET http://10.180.1.21/compute/v2.1/servers/92d65dab-2595-4c01-94b4-bf46cf737dba 2.942s
2025-11-12 21:49:17.293 65612 INFO tempest.common.waiters [-] State transition "BUILD/None" ==> "BUILD/networking" after 9 second wait
2025-11-12 21:49:17.326 65662 INFO tempest.lib.common.rest_client [req-8ab3c7a8-59e8-4744-91e5-3560132ffaac req-8ab3c7a8-59e8-4744-91e5-3560132ffaac ] Request (ListImageFiltersTestJSON:setUpClass): 200 GET http://10.180.1.21/compute/v2.1/images/74d92226-02a6-41b3-8a47-46be035296fe 2.752s
2025-11-12 21:49:17.346 65658 INFO tempest.lib.common.rest_client [req-a14cd918-a9b8-42e2-a9db-37ed0e8ed13d req-a14cd918-a9b8-42e2-a9db-37ed0e8ed13d ] Request (HypervisorAdminUnderV252Test:test_get_hypervisor_show_servers): 200 GET http://10.180.1.21/compute/v2.1/os-hypervisors/domain-c8.fc996f14-c53b-4953-92e3-bdfa48f5cc28/servers 2.899s
2025-11-12 21:49:17.375 65610 INFO tempest.lib.common.rest_client [req-8e587fdb-3972-46a9-9801-cde8fe3c2d7c req-8e587fdb-3972-46a9-9801-cde8fe3c2d7c ] Request (FlavorsAdminTestJSON:test_is_public_string_variations): 200 GET http://10.180.1.21/compute/v2.1/flavors/detail?is_public=t 2.772s
2025-11-12 21:49:17.474 65644 INFO tempest.lib.common.rest_client [req-4c343f2f-e76a-4750-97a6-03f8e9676694 req-4c343f2f-e76a-4750-97a6-03f8e9676694 ] Request (SecurityGroupRulesTestJSON:tearDownClass): 202 DELETE http://10.180.1.21/compute/v2.1/os-security-groups/2c19a188-e767-481c-8335-e5fbf72ebe42 2.887s
2025-11-12 21:49:17.498 65640 INFO tempest.lib.common.rest_client [req-26fb4dfd-6a46-4b2e-8706-bcc48be0609c req-26fb4dfd-6a46-4b2e-8706-bcc48be0609c ] Request (KeyPairsV22TestJSON:test_keypairsv22_create_list_show): 200 GET http://10.180.1.21/compute/v2.1/os-keypairs 2.878s
2025-11-12 21:49:17.572 65632 INFO tempest.lib.common.rest_client [req-60f972d6-ba40-4033-872f-51c2fe681378 req-60f972d6-ba40-4033-872f-51c2fe681378 ] Request (MigrationsAdminTest:test_resize_server_revert_deleted_flavor): 200 GET http://10.180.1.21/compute/v2.1/servers/9fc293f5-1b67-4675-9bc0-ae236456030f 2.659s
2025-11-12 21:49:17.605 65650 WARNING tempest.lib.common.ssh [-] Failed to establish authenticated ssh connection to cirros@10.180.180.166 ([Errno None] Unable to connect to port 22 on 10.180.180.166). Number attempts: 3. Retry after 4 seconds.: paramiko.ssh_exception.NoValidConnectionsError: [Errno None] Unable to connect to port 22 on 10.180.180.166
2025-11-12 21:49:17.677 65646 INFO tempest.lib.common.rest_client [req-67c58819-236c-4b36-8c60-92bc98df0a6c req-67c58819-236c-4b36-8c60-92bc98df0a6c ] Request (AggregatesAdminNegativeTestJSON:_run_cleanups): 200 POST http://10.180.1.21/compute/v2.1/os-aggregates/7/action 3.069s
2025-11-12 21:49:17.707 65654 INFO tempest.lib.common.rest_client [req-cf48657d-7122-49a4-85a8-40060bfeed4e req-cf48657d-7122-49a4-85a8-40060bfeed4e ] Request (ServerMetadataTestJSON:setUpClass): 200 GET http://10.180.1.21/compute/v2.1/servers/422bc6aa-abe7-4ff5-b1da-e0958ac94eb6 2.790s
2025-11-12 21:49:17.717 65654 INFO tempest.common.waiters [-] State transition "BUILD/spawning" ==> "ACTIVE/None" after 22 second wait
2025-11-12 21:49:17.743 65604 INFO tempest.lib.common.rest_client [req-c450981e-777d-4561-8ac1-7182c8a2c827 req-c450981e-777d-4561-8ac1-7182c8a2c827 ] Request (FloatingIPsAssociationTestJSON:setUpClass): 200 GET http://10.180.1.21/compute/v2.1/servers/c1c5d093-508a-4d0f-bbba-3282bc80746c 2.827s
2025-11-12 21:49:17.900 65652 INFO tempest.lib.common.rest_client [req-aef868be-55dd-4152-9d9f-e2f1c44a8f8e req-aef868be-55dd-4152-9d9f-e2f1c44a8f8e ] Request (ImagesNegativeTestJSON:test_create_image_from_deleted_server): 200 GET http://10.180.1.21/compute/v2.1/servers/1db5da41-b945-40fb-9263-313bdc60e441 2.775s
2025-11-12 21:49:17.910 65652 INFO tempest.common.waiters [-] State transition "BUILD/spawning" ==> "ACTIVE/None" after 22 second wait
2025-11-12 21:49:18.017 65628 INFO tempest.lib.common.rest_client [req-ca264148-e52d-4a7f-a3f7-2077a2c36893 req-ca264148-e52d-4a7f-a3f7-2077a2c36893 ] Request (ImagesOneServerNegativeTestJSON:_run_cleanups): 200 GET http://10.180.1.21/compute/v2.1/servers/9ddf2990-8602-44a1-9594-d6a7bc7781ed 2.874s
