2025-11-22 04:02:39.207 66569 INFO tempest.lib.common.rest_client [req-5bd1c6b4-d7e2-4909-91c9-c3c635c8056f req-5bd1c6b4-d7e2-4909-91c9-c3c635c8056f ] Request (AZV2TestJSON:setUpClass): 201 POST http://10.180.1.21/identity/v3/auth/tokens 0.044s
2025-11-22 04:02:39.244 66569 INFO tempest.lib.common.rest_client [req-15f2b3c9-3690-4267-a5ee-4c056fb2630f req-15f2b3c9-3690-4267-a5ee-4c056fb2630f ] Request (AZV2TestJSON:setUpClass): 200 GET http://10.180.1.21/identity/v3/domains?name=Default 0.036s
2025-11-22 04:02:39.291 66569 INFO tempest.lib.common.rest_client [req-efda5d2a-f5d7-49be-949f-7bc4d965f8bf req-efda5d2a-f5d7-49be-949f-7bc4d965f8bf ] Request (AZV2TestJSON:setUpClass): 201 POST http://10.180.1.21/identity/v3/projects 0.046s
2025-11-22 04:02:39.307 66559 INFO tempest.lib.common.rest_client [req-51b025d0-eef5-4f67-9b72-bf1a47564674 req-51b025d0-eef5-4f67-9b72-bf1a47564674 ] Request (MigrationsAdminTest:test_resize_server_revert_deleted_flavor): 200 GET http://10.180.1.21/compute/v2.1/servers/e07a787f-329c-486b-8e4a-b8e384eb739b 0.812s
2025-11-22 04:02:39.381 66569 INFO tempest.lib.common.rest_client [req-50c1cef0-cc26-4801-be7f-ad78ab18ee0b req-50c1cef0-cc26-4801-be7f-ad78ab18ee0b ] Request (AZV2TestJSON:setUpClass): 201 POST http://10.180.1.21/identity/v3/users 0.089s
2025-11-22 04:02:39.417 66569 INFO tempest.lib.common.rest_client [req-648f2f80-c36b-4927-9c14-13d750f6bff9 req-648f2f80-c36b-4927-9c14-13d750f6bff9 ] Request (AZV2TestJSON:setUpClass): 200 GET http://10.180.1.21/identity/v3/roles 0.036s
2025-11-22 04:02:39.425 66557 INFO tempest.lib.common.rest_client [req-e1352dd5-7407-4fb6-8cbb-f48f3f7bfba2 req-e1352dd5-7407-4fb6-8cbb-f48f3f7bfba2 ] Request (AttachInterfacesTestJSON:test_create_list_show_delete_interfaces_by_network_port): 200 GET http://10.180.1.21/compute/v2.1/servers/daa26df6-1092-4bbc-9686-c1dc93df15fe 0.901s
2025-11-22 04:02:39.468 66569 INFO tempest.lib.common.rest_client [req-9effa57a-8eb5-437b-85e4-550987976e6a req-9effa57a-8eb5-437b-85e4-550987976e6a ] Request (AZV2TestJSON:setUpClass): 204 PUT http://10.180.1.21/identity/v3/projects/334c34859b10445a88af6c27599c9a59/users/9fadfe886ff0419db6658b50a14a9527/roles/acd5777349bd48e5bffac74adfa2d281 0.050s
2025-11-22 04:02:39.468 66569 INFO tempest.lib.common.dynamic_creds [-] Dynamic test user 9fadfe886ff0419db6658b50a14a9527 is created with scope project and roles: ['member']
2025-11-22 04:02:39.469 66569 INFO tempest.lib.common.dynamic_creds [-] Acquired dynamic creds: credentials: Credentials: {'domain_id': 'default', 'domain_name': 'Default', 'username': 'tempest-AZV2TestJSON-161626153-project-member', 'project_domain_id': 'default', 'project_domain_name': 'Default', 'project_id': '334c34859b10445a88af6c27599c9a59', 'project_name': 'tempest-AZV2TestJSON-161626153', 'tenant_id': '334c34859b10445a88af6c27599c9a59', 'tenant_name': 'tempest-AZV2TestJSON-161626153', 'user_domain_id': 'default', 'user_domain_name': 'Default', 'user_id': '9fadfe886ff0419db6658b50a14a9527', 'system': None}, Network: None, Subnet: None, Router: None
2025-11-22 04:02:39.469 66569 INFO tempest.lib.common.dynamic_creds [-] Created isolated network resources for: credentials: Credentials: {'domain_id': 'default', 'domain_name': 'Default', 'username': 'tempest-AZV2TestJSON-161626153-project-member', 'project_domain_id': 'default', 'project_domain_name': 'Default', 'project_id': '334c34859b10445a88af6c27599c9a59', 'project_name': 'tempest-AZV2TestJSON-161626153', 'tenant_id': '334c34859b10445a88af6c27599c9a59', 'tenant_name': 'tempest-AZV2TestJSON-161626153', 'user_domain_id': 'default', 'user_domain_name': 'Default', 'user_id': '9fadfe886ff0419db6658b50a14a9527', 'system': None}, Network: None, Subnet: None, Router: None
2025-11-22 04:02:39.469 66533 INFO tempest.lib.common.rest_client [req-54e2bf84-3d23-45ef-a01e-75c637b68338 req-54e2bf84-3d23-45ef-a01e-75c637b68338 ] Request (SecurityGroupsTestJSON:test_list_security_groups_by_server): 202 POST http://10.180.1.21/compute/v2.1/servers 1.432s
2025-11-22 04:02:39.543 66531 INFO tempest.lib.common.rest_client [req-5e6a3135-892a-4e00-84a5-b61814eeab8d req-5e6a3135-892a-4e00-84a5-b61814eeab8d ] Request (DeleteServersTestJSON:test_delete_server_while_in_shelved_state): 200 GET http://10.180.1.21/compute/v2.1/servers/df050948-e85c-4e18-bccc-61e879624492 0.963s
2025-11-22 04:02:39.559 66569 INFO tempest.lib.common.rest_client [req-935f5abb-43ef-4ad4-a6a0-c53b3e4e4a3b req-935f5abb-43ef-4ad4-a6a0-c53b3e4e4a3b ] Request (AZV2TestJSON:setUpClass): 201 POST http://10.180.1.21/identity/v3/auth/tokens 0.087s
2025-11-22 04:02:39.637 66549 INFO tempest.lib.common.rest_client [req-fa671552-62a2-4b7d-84f5-b8e8ae2aa44f req-fa671552-62a2-4b7d-84f5-b8e8ae2aa44f ] Request (ImagesNegativeTestJSON:test_create_image_from_deleted_server): 200 GET http://10.180.1.21/compute/v2.1/servers/0e215138-3fab-4e85-b5d6-8f90c597b365 0.922s
2025-11-22 04:02:39.708 66543 INFO tempest.lib.common.rest_client [req-32edfd98-f965-42be-89c0-8bc1236b888d req-32edfd98-f965-42be-89c0-8bc1236b888d ] Request (ListImageFiltersTestJSON:tearDownClass): 200 GET http://10.180.1.21/compute/v2.1/servers/777f91b4-9564-4aec-b473-4a393af2465d 0.972s
2025-11-22 04:02:40.048 66535 INFO tempest.lib.common.rest_client [req-19609094-2ff4-4f9f-89d1-3029d1cbf874 req-19609094-2ff4-4f9f-89d1-3029d1cbf874 ] Request (ServerDiskConfigTestJSON:test_rebuild_server_with_auto_disk_config): 202 POST http://10.180.1.21/compute/v2.1/servers 1.489s
2025-11-22 04:02:40.091 66561 INFO tempest.lib.common.rest_client [req-bfb361a2-17b6-4a51-8380-1add741e72ea req-bfb361a2-17b6-4a51-8380-1add741e72ea ] Request (ServerRescueTestJSON:test_rescue_unrescue_instance): 202 POST http://10.180.1.21/compute/v2.1/servers 1.297s
2025-11-22 04:02:40.165 66577 INFO tempest.lib.common.rest_client [req-fd2c5d87-f19b-45cd-8852-6f419fd87937 req-fd2c5d87-f19b-45cd-8852-6f419fd87937 ] Request (ServersAdminTestJSON:tearDownClass): 200 GET http://10.180.1.21/compute/v2.1/servers/0b16c6d9-7d3e-4263-9d3c-128261d8e833 0.905s
2025-11-22 04:02:40.190 66573 INFO tempest.lib.common.rest_client [req-722cb07a-042b-48f3-9cf1-e26b5464de7d req-722cb07a-042b-48f3-9cf1-e26b5464de7d ] Request (ServerActionsTestOtherB:test_resize_server_confirm_from_stopped): 200 GET http://10.180.1.21/compute/v2.1/servers/61409d2c-bff9-489b-9f26-bed96b20ba25 1.150s
2025-11-22 04:02:40.261 66533 INFO tempest.lib.common.rest_client [req-e2ca933b-8131-4006-bba7-d422c6975172 req-e2ca933b-8131-4006-bba7-d422c6975172 ] Request (SecurityGroupsTestJSON:test_list_security_groups_by_server): 200 GET http://10.180.1.21/compute/v2.1/servers/42978111-2839-4196-9503-a122e1ddd003 0.790s
2025-11-22 04:02:40.320 66569 INFO tempest.lib.common.rest_client [req-3b468e90-3711-41a0-b46f-b945366100e1 req-3b468e90-3711-41a0-b46f-b945366100e1 ] Request (AZV2TestJSON:test_get_availability_zone_list_with_non_admin_user): 200 GET http://10.180.1.21/compute/v2.1/os-availability-zone 0.760s
2025-11-22 04:02:40.332 66525 INFO tempest.lib.common.rest_client [req-fb65fe19-62f2-42c5-8e56-80a267243d19 req-fb65fe19-62f2-42c5-8e56-80a267243d19 ] Request (ImagesTestJSON:test_create_server_from_snapshot): 200 GET http://10.180.1.21/compute/v2.1/servers/442dab42-4ccf-486d-b9a0-be82ed31d769 1.051s
2025-11-22 04:02:40.400 66581 INFO tempest.lib.common.rest_client [req-0e18cd64-5203-4dbc-ba60-d8d4829e15a8 req-0e18cd64-5203-4dbc-ba60-d8d4829e15a8 ] Request (ImagesOneServerNegativeTestJSON:_run_cleanups): 200 GET http://10.180.1.21/compute/v2.1/servers/a39356b2-17c5-4104-bc40-da46251a6c1d 0.659s
2025-11-22 04:02:40.533 66546 INFO tempest.lib.common.rest_client [req-dd159468-c3af-4cd2-8997-d54e4b948a7c req-dd159468-c3af-4cd2-8997-d54e4b948a7c ] Request (AttachVolumeShelveTestJSON:test_attach_volume_shelved_or_offload_server): 200 GET http://10.180.1.21/compute/v2.1/servers/c3aada99-abd5-4ed7-8591-85cdffec2265 0.863s
2025-11-22 04:02:40.533 66551 INFO tempest.lib.common.rest_client [req-49b62fb6-44bb-4e66-89b2-72aab2303baa req-49b62fb6-44bb-4e66-89b2-72aab2303baa ] Request (ServersListShow296Test:test_list_show_update_rebuild_server_296): 200 GET http://10.180.1.21/compute/v2.1/servers/4d19ef5d-d766-4ac4-bddc-acf0d3fc0e02 0.693s
2025-11-22 04:02:40.573 66569 INFO tempest.lib.common.rest_client [req-658f898e-a165-4960-bc87-d89442ca296f req-658f898e-a165-4960-bc87-d89442ca296f ] Request (AZV2TestJSON:tearDownClass): 204 DELETE http://10.180.1.21/identity/v3/users/9fadfe886ff0419db6658b50a14a9527 0.248s
2025-11-22 04:02:40.573 66569 INFO tempest.lib.common.dynamic_creds [-] Deleting project and security group for project: 334c34859b10445a88af6c27599c9a59
2025-11-22 04:02:40.600 66541 INFO tempest.lib.common.rest_client [req-3469b01c-d5ad-480f-80c6-c5398a2ae863 req-3469b01c-d5ad-480f-80c6-c5398a2ae863 ] Request (ServerShowV257Test:test_rebuild_server): 200 GET http://10.180.1.21/compute/v2.1/servers/ddc37ed9-5b4d-4b0a-973c-83e9bb8c1e19 0.599s
2025-11-22 04:02:40.617 66571 INFO tempest.lib.common.rest_client [req-20f5787a-b97d-4197-a8d7-1f5d1b787a91 req-20f5787a-b97d-4197-a8d7-1f5d1b787a91 ] Request (ServersAdminNegativeTestJSON:tearDownClass): 200 GET http://10.180.1.21/compute/v2.1/servers/707744d0-cb16-48dd-be8b-4833791cce67 0.733s
2025-11-22 04:02:40.663 66535 INFO tempest.lib.common.rest_client [req-10892b50-0594-46c3-9511-ff807cf59d51 req-10892b50-0594-46c3-9511-ff807cf59d51 ] Request (ServerDiskConfigTestJSON:test_rebuild_server_with_auto_disk_config): 200 GET http://10.180.1.21/compute/v2.1/servers/7dd8c2f2-d654-4514-b231-465118aa49a4 0.613s
2025-11-22 04:02:40.671 66569 INFO tempest.lib.common.rest_client [req-94e8e1e3-7a67-414d-bad6-d8828d9513df req-94e8e1e3-7a67-414d-bad6-d8828d9513df ] Request (AZV2TestJSON:tearDownClass): 201 POST http://10.180.1.21/identity/v3/auth/tokens 0.098s
2025-11-22 04:02:40.715 66529 INFO tempest.lib.common.rest_client [req-43fab93a-3d12-41cc-8a20-cd33d7ee6ef9 req-43fab93a-3d12-41cc-8a20-cd33d7ee6ef9 ] Request (ServerMetadataTestJSON:tearDownClass): 200 GET http://10.180.1.21/compute/v2.1/servers/8a6d7813-ad0d-4afc-90f8-cb269921a61f 0.628s
2025-11-22 04:02:40.724 66561 INFO tempest.lib.common.rest_client [req-c5af1429-d084-4f27-b5ad-d2020bbbf5fe req-c5af1429-d084-4f27-b5ad-d2020bbbf5fe ] Request (ServerRescueTestJSON:test_rescue_unrescue_instance): 200 GET http://10.180.1.21/compute/v2.1/servers/84f6d0b8-b27e-44c4-8e0c-dd396ffdc562 0.630s
2025-11-22 04:02:40.812 66573 INFO tempest.lib.common.rest_client [req-f8cdb6cb-60f6-4112-8835-bedef5e57e58 req-f8cdb6cb-60f6-4112-8835-bedef5e57e58 ] Request (ServerActionsTestOtherB:test_resize_server_confirm_from_stopped): 202 POST http://10.180.1.21/compute/v2.1/servers/61409d2c-bff9-489b-9f26-bed96b20ba25/action 0.610s
2025-11-22 04:02:40.853 66559 INFO tempest.lib.common.rest_client [req-33b1e094-a661-464a-a4df-5bd6160843b1 req-33b1e094-a661-464a-a4df-5bd6160843b1 ] Request (MigrationsAdminTest:test_resize_server_revert_deleted_flavor): 200 GET http://10.180.1.21/compute/v2.1/servers/e07a787f-329c-486b-8e4a-b8e384eb739b 0.536s
2025-11-22 04:02:40.924 66569 INFO tempest.lib.common.rest_client [req-3f66dbe8-08c1-4bef-903d-0edac32f156d req-3f66dbe8-08c1-4bef-903d-0edac32f156d ] Request (AZV2TestJSON:tearDownClass): 200 GET http://10.180.1.21/networking/v2.0/security-groups?tenant_id=334c34859b10445a88af6c27599c9a59&name=default 0.253s
2025-11-22 04:02:40.959 66531 INFO tempest.lib.common.rest_client [req-b1ab3a18-696e-4bf2-9c45-cae68d300b61 req-b1ab3a18-696e-4bf2-9c45-cae68d300b61 ] Request (DeleteServersTestJSON:test_delete_server_while_in_shelved_state): 200 GET http://10.180.1.21/compute/v2.1/servers/df050948-e85c-4e18-bccc-61e879624492 0.406s
2025-11-22 04:02:41.022 66557 INFO tempest.lib.common.rest_client [req-527d673f-f636-44a9-bca0-5de0d9c22e12 req-527d673f-f636-44a9-bca0-5de0d9c22e12 ] Request (AttachInterfacesTestJSON:test_create_list_show_delete_interfaces_by_network_port): 200 GET http://10.180.1.21/compute/v2.1/servers/daa26df6-1092-4bbc-9686-c1dc93df15fe 0.587s
2025-11-22 04:02:41.043 66549 INFO tempest.lib.common.rest_client [req-d4969d78-f652-42de-8433-d771bc926efe req-d4969d78-f652-42de-8433-d771bc926efe ] Request (ImagesNegativeTestJSON:test_create_image_from_deleted_server): 200 GET http://10.180.1.21/compute/v2.1/servers/0e215138-3fab-4e85-b5d6-8f90c597b365 0.397s
2025-11-22 04:02:41.050 66549 INFO tempest.common.waiters [-] State transition "ACTIVE/deleting" ==> "DELETED/None" after 4 second wait
2025-11-22 04:02:41.056 66569 INFO tempest.lib.common.rest_client [req-1fed2a69-5053-47f5-ade1-fa0501f9d632 req-1fed2a69-5053-47f5-ade1-fa0501f9d632 ] Request (AZV2TestJSON:tearDownClass): 204 DELETE http://10.180.1.21/networking/v2.0/security-groups/68ed111d-e8c3-409a-99b8-008073c4aae3 0.131s
2025-11-22 04:02:41.116 66543 INFO tempest.lib.common.rest_client [req-968b8f16-7eb0-452e-a2fb-c5f09723ac82 req-968b8f16-7eb0-452e-a2fb-c5f09723ac82 ] Request (ListImageFiltersTestJSON:tearDownClass): 200 GET http://10.180.1.21/compute/v2.1/servers/777f91b4-9564-4aec-b473-4a393af2465d 0.400s
2025-11-22 04:02:41.155 66569 INFO tempest.lib.common.rest_client [req-09458427-741f-4028-9396-b260d4bc9545 req-09458427-741f-4028-9396-b260d4bc9545 ] Request (AZV2TestJSON:tearDownClass): 204 DELETE http://10.180.1.21/identity/v3/projects/334c34859b10445a88af6c27599c9a59 0.098s
2025-11-22 04:02:41.209 66573 INFO tempest.lib.common.rest_client [req-81611d31-5ee2-4e56-9ed4-77adc05ddfd8 req-81611d31-5ee2-4e56-9ed4-77adc05ddfd8 ] Request (ServerActionsTestOtherB:tearDown): 200 GET http://10.180.1.21/compute/v2.1/servers/61409d2c-bff9-489b-9f26-bed96b20ba25 0.397s
2025-11-22 04:02:41.228 66569 INFO tempest.lib.common.rest_client [req-829a98b8-65b6-4a89-9007-0668d2f90410 req-829a98b8-65b6-4a89-9007-0668d2f90410 ] Request (ServerMetadataNegativeTestJSON:setUpClass): 201 POST http://10.180.1.21/identity/v3/auth/tokens 0.071s
2025-11-22 04:02:41.256 66577 INFO tempest.lib.common.rest_client [req-5dd8fc84-0626-41ba-8ce2-bfb30bd4a2bd req-5dd8fc84-0626-41ba-8ce2-bfb30bd4a2bd ] Request (ServersAdminTestJSON:tearDownClass): 200 GET http://10.180.1.21/compute/v2.1/servers/0b16c6d9-7d3e-4263-9d3c-128261d8e833 0.079s
2025-11-22 04:02:41.257 66563 INFO paramiko.transport [-] Connected (version 2.0, client dropbear_2020.81)
2025-11-22 04:02:41.259 66569 INFO tempest.lib.common.rest_client [req-8c2f31b3-4291-426e-b842-59de76f4644f req-8c2f31b3-4291-426e-b842-59de76f4644f ] Request (ServerMetadataNegativeTestJSON:setUpClass): 201 POST http://10.180.1.21/identity/v3/auth/tokens 0.028s
2025-11-22 04:02:41.298 66569 INFO tempest.lib.common.rest_client [req-68e01060-cd66-4a79-a1dd-8237001e6d68 req-68e01060-cd66-4a79-a1dd-8237001e6d68 ] Request (ServerMetadataNegativeTestJSON:setUpClass): 200 GET http://10.180.1.21/identity/v3/domains?name=Default 0.038s
2025-11-22 04:02:41.333 66569 INFO tempest.lib.common.rest_client [req-ae2b649c-1cbb-4f4e-a585-3fdc51b23aab req-ae2b649c-1cbb-4f4e-a585-3fdc51b23aab ] Request (ServerMetadataNegativeTestJSON:setUpClass): 201 POST http://10.180.1.21/identity/v3/projects 0.034s
2025-11-22 04:02:41.342 66533 INFO tempest.lib.common.rest_client [req-55691429-a90c-499e-bab5-b85a0d48fc87 req-55691429-a90c-499e-bab5-b85a0d48fc87 ] Request (SecurityGroupsTestJSON:test_list_security_groups_by_server): 200 GET http://10.180.1.21/compute/v2.1/servers/42978111-2839-4196-9503-a122e1ddd003 0.069s
2025-11-22 04:02:41.349 66533 INFO tempest.common.waiters [-] State transition "BUILD/scheduling" ==> "BUILD/None" after 1 second wait
2025-11-22 04:02:41.357 66563 INFO paramiko.transport [-] Authentication (publickey) failed.
2025-11-22 04:02:41.358 66563 WARNING tempest.lib.common.ssh [-] Failed to establish authenticated ssh connection to cirros@10.180.180.212 (Authentication failed.). Number attempts: 13. Retry after 14 seconds.: paramiko.ssh_exception.AuthenticationException: Authentication failed.
2025-11-22 04:02:41.398 66569 INFO tempest.lib.common.rest_client [req-f599dc5d-ed2a-458b-b45a-27a336611e4c req-f599dc5d-ed2a-458b-b45a-27a336611e4c ] Request (ServerMetadataNegativeTestJSON:setUpClass): 201 POST http://10.180.1.21/identity/v3/users 0.065s
2025-11-22 04:02:41.424 66569 INFO tempest.lib.common.rest_client [req-13d0b2be-1f41-491f-bcd7-9d707229a50b req-13d0b2be-1f41-491f-bcd7-9d707229a50b ] Request (ServerMetadataNegativeTestJSON:setUpClass): 200 GET http://10.180.1.21/identity/v3/roles 0.025s
2025-11-22 04:02:41.451 66525 INFO tempest.lib.common.rest_client [req-a5675bbe-7d28-4310-aee4-e3323d7fa3bc req-a5675bbe-7d28-4310-aee4-e3323d7fa3bc ] Request (ImagesTestJSON:test_create_server_from_snapshot): 200 GET http://10.180.1.21/compute/v2.1/servers/442dab42-4ccf-486d-b9a0-be82ed31d769 0.107s
2025-11-22 04:02:41.462 66569 INFO tempest.lib.common.rest_client [req-f57ef98f-1e0a-4265-9604-6c4d1c31f0d0 req-f57ef98f-1e0a-4265-9604-6c4d1c31f0d0 ] Request (ServerMetadataNegativeTestJSON:setUpClass): 204 PUT http://10.180.1.21/identity/v3/projects/cfd379f6bb284c8e885263e12208077d/users/307a6bb67b194ba7bbb1e3abb4d4494b/roles/acd5777349bd48e5bffac74adfa2d281 0.037s
2025-11-22 04:02:41.462 66569 INFO tempest.lib.common.dynamic_creds [-] Dynamic test user 307a6bb67b194ba7bbb1e3abb4d4494b is created with scope project and roles: ['member']
2025-11-22 04:02:41.462 66569 INFO tempest.lib.common.dynamic_creds [-] Acquired dynamic creds: credentials: Credentials: {'domain_id': 'default', 'domain_name': 'Default', 'username': 'tempest-ServerMetadataNegativeTestJSON-847826674-project-member', 'project_domain_id': 'default', 'project_domain_name': 'Default', 'project_id': 'cfd379f6bb284c8e885263e12208077d', 'project_name': 'tempest-ServerMetadataNegativeTestJSON-847826674', 'tenant_id': 'cfd379f6bb284c8e885263e12208077d', 'tenant_name': 'tempest-ServerMetadataNegativeTestJSON-847826674', 'user_domain_id': 'default', 'user_domain_name': 'Default', 'user_id': '307a6bb67b194ba7bbb1e3abb4d4494b', 'system': None}, Network: None, Subnet: None, Router: None
2025-11-22 04:02:41.470 66581 INFO tempest.lib.common.rest_client [req-8013aa3a-9cfa-4924-b586-a56ed6632928 req-8013aa3a-9cfa-4924-b586-a56ed6632928 ] Request (ImagesOneServerNegativeTestJSON:_run_cleanups): 200 GET http://10.180.1.21/compute/v2.1/servers/a39356b2-17c5-4104-bc40-da46251a6c1d 0.062s
2025-11-22 04:02:41.526 66569 INFO tempest.lib.common.rest_client [req-348c035e-dbb0-4718-ae44-4e3f060c4d82 req-348c035e-dbb0-4718-ae44-4e3f060c4d82 ] Request (ServerMetadataNegativeTestJSON:setUpClass): 201 POST http://10.180.1.21/identity/v3/auth/tokens 0.063s
2025-11-22 04:02:41.685 66551 INFO tempest.lib.common.rest_client [req-77086bf6-0195-4265-ad56-315beac913ab req-77086bf6-0195-4265-ad56-315beac913ab ] Request (ServersListShow296Test:test_list_show_update_rebuild_server_296): 200 GET http://10.180.1.21/compute/v2.1/servers/4d19ef5d-d766-4ac4-bddc-acf0d3fc0e02 0.142s
2025-11-22 04:02:41.707 66546 INFO tempest.lib.common.rest_client [req-82b9d3ed-8a95-47e0-9c57-1bbaa5c0db30 req-82b9d3ed-8a95-47e0-9c57-1bbaa5c0db30 ] Request (AttachVolumeShelveTestJSON:test_attach_volume_shelved_or_offload_server): 200 GET http://10.180.1.21/compute/v2.1/servers/c3aada99-abd5-4ed7-8591-85cdffec2265 0.163s
2025-11-22 04:02:41.733 66571 INFO tempest.lib.common.rest_client [req-ac97107e-62b0-49b1-8cd1-ea622f6bc2d3 req-ac97107e-62b0-49b1-8cd1-ea622f6bc2d3 ] Request (ServersAdminNegativeTestJSON:tearDownClass): 404 GET http://10.180.1.21/compute/v2.1/servers/707744d0-cb16-48dd-be8b-4833791cce67 0.106s
2025-11-22 04:02:41.766 66541 INFO tempest.lib.common.rest_client [req-53fb7cd2-221a-4c26-b0f4-d51a9d0f1fba req-53fb7cd2-221a-4c26-b0f4-d51a9d0f1fba ] Request (ServerShowV257Test:test_rebuild_server): 200 GET http://10.180.1.21/compute/v2.1/servers/ddc37ed9-5b4d-4b0a-973c-83e9bb8c1e19 0.153s
2025-11-22 04:02:41.831 66569 INFO tempest.lib.common.rest_client [req-cce5363f-2268-4cdd-af31-ada398ddd363 req-cce5363f-2268-4cdd-af31-ada398ddd363 ] Request (ServerMetadataNegativeTestJSON:setUpClass): 201 POST http://10.180.1.21/networking/v2.0/networks 0.305s
2025-11-22 04:02:41.831 66535 INFO tempest.lib.common.rest_client [req-23f61d7d-a4c8-4042-89a3-996ddbb172dc req-23f61d7d-a4c8-4042-89a3-996ddbb172dc ] Request (ServerDiskConfigTestJSON:test_rebuild_server_with_auto_disk_config): 200 GET http://10.180.1.21/compute/v2.1/servers/7dd8c2f2-d654-4514-b231-465118aa49a4 0.160s
2025-11-22 04:02:41.842 66535 INFO tempest.common.waiters [-] State transition "BUILD/scheduling" ==> "BUILD/None" after 1 second wait
2025-11-22 04:02:41.848 66529 INFO tempest.lib.common.rest_client [req-cdc8fa45-160a-4350-b83e-438662894eaa req-cdc8fa45-160a-4350-b83e-438662894eaa ] Request (ServerMetadataTestJSON:tearDownClass): 200 GET http://10.180.1.21/compute/v2.1/servers/8a6d7813-ad0d-4afc-90f8-cb269921a61f 0.120s
2025-11-22 04:02:41.913 66561 INFO tempest.lib.common.rest_client [req-5d3ea415-e7e4-42cc-9456-772556aef458 req-5d3ea415-e7e4-42cc-9456-772556aef458 ] Request (ServerRescueTestJSON:test_rescue_unrescue_instance): 200 GET http://10.180.1.21/compute/v2.1/servers/84f6d0b8-b27e-44c4-8e0c-dd396ffdc562 0.178s
2025-11-22 04:02:41.998 66571 INFO tempest.lib.common.rest_client [req-cd8d6c02-f805-4c84-a3d5-fa28079ab4ab req-cd8d6c02-f805-4c84-a3d5-fa28079ab4ab ] Request (ServersAdminNegativeTestJSON:tearDownClass): 204 DELETE http://10.180.1.21/compute/v2.1/servers/b7569349-f04f-40dc-a926-49bfbc4c8df4 0.264s
2025-11-22 04:02:42.099 66569 INFO tempest.lib.common.rest_client [req-15d9ec64-9f9f-4ffb-952e-d3e782aa781e req-15d9ec64-9f9f-4ffb-952e-d3e782aa781e ] Request (ServerMetadataNegativeTestJSON:setUpClass): 201 POST http://10.180.1.21/networking/v2.0/subnets 0.267s
2025-11-22 04:02:42.129 66531 INFO tempest.lib.common.rest_client [req-f0f01ad3-d698-42b3-94ff-bf409f078e35 req-f0f01ad3-d698-42b3-94ff-bf409f078e35 ] Request (DeleteServersTestJSON:test_delete_server_while_in_shelved_state): 200 GET http://10.180.1.21/compute/v2.1/servers/df050948-e85c-4e18-bccc-61e879624492 0.156s
2025-11-22 04:02:42.140 66559 INFO tempest.lib.common.rest_client [req-a8916e55-c44c-47d6-b583-3a5e37c9025b req-a8916e55-c44c-47d6-b583-3a5e37c9025b ] Request (MigrationsAdminTest:test_resize_server_revert_deleted_flavor): 200 GET http://10.180.1.21/compute/v2.1/servers/e07a787f-329c-486b-8e4a-b8e384eb739b 0.273s
2025-11-22 04:02:42.147 66559 INFO tempest.common.waiters [-] State transition "BUILD/spawning" ==> "ACTIVE/None" after 39 second wait
2025-11-22 04:02:42.265 66565 WARNING tempest.lib.common.ssh [-] Failed to establish authenticated ssh connection to cirros@10.180.180.144 ([Errno None] Unable to connect to port 22 on 10.180.180.144). Number attempts: 1. Retry after 2 seconds.: paramiko.ssh_exception.NoValidConnectionsError: [Errno None] Unable to connect to port 22 on 10.180.180.144
2025-11-22 04:02:42.279 66571 INFO tempest.lib.common.rest_client [req-1663e973-508e-46fa-af87-fcf92bdb51c9 req-1663e973-508e-46fa-af87-fcf92bdb51c9 ] Request (ServersAdminNegativeTestJSON:tearDownClass): 200 GET http://10.180.1.21/compute/v2.1/servers/b7569349-f04f-40dc-a926-49bfbc4c8df4 0.280s
2025-11-22 04:02:42.301 66557 INFO tempest.lib.common.rest_client [req-22592ae4-84b2-40fb-9131-78f0bf0206f4 req-22592ae4-84b2-40fb-9131-78f0bf0206f4 ] Request (AttachInterfacesTestJSON:test_create_list_show_delete_interfaces_by_network_port): 200 GET http://10.180.1.21/compute/v2.1/servers/daa26df6-1092-4bbc-9686-c1dc93df15fe 0.267s
2025-11-22 04:02:42.350 66549 INFO tempest.lib.common.rest_client [req-62adb1f8-8f11-4f8d-85f0-908c946d2855 req-62adb1f8-8f11-4f8d-85f0-908c946d2855 ] Request (ImagesNegativeTestJSON:test_create_image_from_deleted_server): 200 GET http://10.180.1.21/compute/v2.1/servers/0e215138-3fab-4e85-b5d6-8f90c597b365 0.299s
2025-11-22 04:02:42.373 66543 INFO tempest.lib.common.rest_client [req-e5e648d4-0499-410a-b218-d52b83e3a5b0 req-e5e648d4-0499-410a-b218-d52b83e3a5b0 ] Request (ListImageFiltersTestJSON:tearDownClass): 200 GET http://10.180.1.21/compute/v2.1/servers/777f91b4-9564-4aec-b473-4a393af2465d 0.246s
2025-11-22 04:02:42.480 66559 INFO tempest.lib.common.rest_client [req-3db7a5cf-fe39-4a1f-955f-ca8a37aa0993 req-3db7a5cf-fe39-4a1f-955f-ca8a37aa0993 ] Request (MigrationsAdminTest:test_resize_server_revert_deleted_flavor): 200 GET http://10.180.1.21/compute/v2.1/servers/e07a787f-329c-486b-8e4a-b8e384eb739b 0.332s
2025-11-22 04:02:42.512 66573 INFO tempest.lib.common.rest_client [req-2f730e29-6042-4395-bb2a-e50a72a2bcba req-2f730e29-6042-4395-bb2a-e50a72a2bcba ] Request (ServerActionsTestOtherB:tearDown): 200 GET http://10.180.1.21/compute/v2.1/servers/61409d2c-bff9-489b-9f26-bed96b20ba25 0.293s
2025-11-22 04:02:42.552 66577 INFO tempest.lib.common.rest_client [req-044026b2-3573-4657-be6b-5968235eb314 req-044026b2-3573-4657-be6b-5968235eb314 ] Request (ServersAdminTestJSON:tearDownClass): 200 GET http://10.180.1.21/compute/v2.1/servers/0b16c6d9-7d3e-4263-9d3c-128261d8e833 0.282s
2025-11-22 04:02:42.573 66533 INFO tempest.lib.common.rest_client [req-59f07320-85f3-49f0-b375-e4e69b3c4b49 req-59f07320-85f3-49f0-b375-e4e69b3c4b49 ] Request (SecurityGroupsTestJSON:test_list_security_groups_by_server): 200 GET http://10.180.1.21/compute/v2.1/servers/42978111-2839-4196-9503-a122e1ddd003 0.222s
2025-11-22 04:02:42.644 66581 INFO tempest.lib.common.rest_client [req-2876907e-dae1-433d-93de-6127e26c7d8f req-2876907e-dae1-433d-93de-6127e26c7d8f ] Request (ImagesOneServerNegativeTestJSON:_run_cleanups): 200 GET http://10.180.1.21/compute/v2.1/servers/a39356b2-17c5-4104-bc40-da46251a6c1d 0.165s
2025-11-22 04:02:42.667 66559 INFO tempest.lib.common.rest_client [req-3eab8d32-db00-40dc-85e9-67f4dca00a3b req-3eab8d32-db00-40dc-85e9-67f4dca00a3b ] Request (MigrationsAdminTest:test_resize_server_revert_deleted_flavor): 202 DELETE http://10.180.1.21/compute/v2.1/flavors/1ed55a68-65f9-4c63-8b62-639a5824414c 0.176s
2025-11-22 04:02:42.672 66525 INFO tempest.lib.common.rest_client [req-f1b43dd6-2a56-4904-b251-a2e65069628e req-f1b43dd6-2a56-4904-b251-a2e65069628e ] Request (ImagesTestJSON:test_create_server_from_snapshot): 200 GET http://10.180.1.21/compute/v2.1/servers/442dab42-4ccf-486d-b9a0-be82ed31d769 0.212s
2025-11-22 04:02:42.693 66559 INFO tempest.lib.common.rest_client [req-416c81f7-5521-43de-85f9-bf302391d374 req-416c81f7-5521-43de-85f9-bf302391d374 ] Request (MigrationsAdminTest:test_resize_server_revert_deleted_flavor): 200 GET http://10.180.1.21/compute/v2.1/flavors/detail 0.025s
2025-11-22 04:02:42.769 66551 INFO tempest.lib.common.rest_client [req-f3c3e318-8c18-41df-b03c-76a18c3e0018 req-f3c3e318-8c18-41df-b03c-76a18c3e0018 ] Request (ServersListShow296Test:test_list_show_update_rebuild_server_296): 200 GET http://10.180.1.21/compute/v2.1/servers/4d19ef5d-d766-4ac4-bddc-acf0d3fc0e02 0.070s
2025-11-22 04:02:42.872 66559 INFO tempest.lib.common.rest_client [req-9886bcd6-1d42-48ce-9c87-00647e904198 req-9886bcd6-1d42-48ce-9c87-00647e904198 ] Request (MigrationsAdminTest:test_resize_server_revert_deleted_flavor): 202 POST http://10.180.1.21/compute/v2.1/servers/e07a787f-329c-486b-8e4a-b8e384eb739b/action 0.174s
2025-11-22 04:02:42.906 66546 INFO tempest.lib.common.rest_client [req-4b0220c5-8ca2-44f7-a3f0-4ec7d77009d7 req-4b0220c5-8ca2-44f7-a3f0-4ec7d77009d7 ] Request (AttachVolumeShelveTestJSON:test_attach_volume_shelved_or_offload_server): 200 GET http://10.180.1.21/compute/v2.1/servers/c3aada99-abd5-4ed7-8591-85cdffec2265 0.190s
2025-11-22 04:02:42.942 66569 INFO tempest.lib.common.rest_client [req-f2f58d72-0633-4bce-b620-d1719b49ffb2 req-f2f58d72-0633-4bce-b620-d1719b49ffb2 ] Request (ServerMetadataNegativeTestJSON:setUpClass): 201 POST http://10.180.1.21/networking/v2.0/routers 0.842s
2025-11-22 04:02:42.982 66541 INFO tempest.lib.common.rest_client [req-5aacff4a-1c32-4200-b17e-76f4123af05b req-5aacff4a-1c32-4200-b17e-76f4123af05b ] Request (ServerShowV257Test:test_rebuild_server): 200 GET http://10.180.1.21/compute/v2.1/servers/ddc37ed9-5b4d-4b0a-973c-83e9bb8c1e19 0.203s
2025-11-22 04:02:43.042 66535 INFO tempest.lib.common.rest_client [req-7c4c73ce-5f32-4c52-9bf2-217119220634 req-7c4c73ce-5f32-4c52-9bf2-217119220634 ] Request (ServerDiskConfigTestJSON:test_rebuild_server_with_auto_disk_config): 200 GET http://10.180.1.21/compute/v2.1/servers/7dd8c2f2-d654-4514-b231-465118aa49a4 0.198s
2025-11-22 04:02:43.133 66529 INFO tempest.lib.common.rest_client [req-76bc5d93-cc5e-4892-861d-55941056e289 req-76bc5d93-cc5e-4892-861d-55941056e289 ] Request (ServerMetadataTestJSON:tearDownClass): 200 GET http://10.180.1.21/compute/v2.1/servers/8a6d7813-ad0d-4afc-90f8-cb269921a61f 0.274s
2025-11-22 04:02:43.261 66561 INFO tempest.lib.common.rest_client [req-b010777a-96d7-4236-a78b-5a22c073965d req-b010777a-96d7-4236-a78b-5a22c073965d ] Request (ServerRescueTestJSON:test_rescue_unrescue_instance): 200 GET http://10.180.1.21/compute/v2.1/servers/84f6d0b8-b27e-44c4-8e0c-dd396ffdc562 0.333s
2025-11-22 04:02:43.273 66561 INFO tempest.common.waiters [-] State transition "BUILD/scheduling" ==> "BUILD/None" after 3 second wait
2025-11-22 04:02:43.288 66559 INFO tempest.lib.common.rest_client [req-389be50d-35ff-4677-bf6d-5d698c80ebbc req-389be50d-35ff-4677-bf6d-5d698c80ebbc ] Request (MigrationsAdminTest:test_resize_server_revert_deleted_flavor): 200 GET http://10.180.1.21/compute/v2.1/servers/e07a787f-329c-486b-8e4a-b8e384eb739b 0.414s
2025-11-22 04:02:43.366 66531 INFO tempest.lib.common.rest_client [req-85d8e98f-ab47-4606-be2d-be629c7a022f req-85d8e98f-ab47-4606-be2d-be629c7a022f ] Request (DeleteServersTestJSON:test_delete_server_while_in_shelved_state): 200 GET http://10.180.1.21/compute/v2.1/servers/df050948-e85c-4e18-bccc-61e879624492 0.226s
2025-11-22 04:02:43.696 66571 INFO tempest.lib.common.rest_client [req-615f6bc2-2a26-471f-8a23-43c7d6a2e6f7 req-615f6bc2-2a26-471f-8a23-43c7d6a2e6f7 ] Request (ServersAdminNegativeTestJSON:tearDownClass): 200 GET http://10.180.1.21/compute/v2.1/servers/b7569349-f04f-40dc-a926-49bfbc4c8df4 0.406s
2025-11-22 04:02:43.773 66557 INFO tempest.lib.common.rest_client [req-ab4a0246-5afe-41ab-a19e-fca2a68a5bd0 req-ab4a0246-5afe-41ab-a19e-fca2a68a5bd0 ] Request (AttachInterfacesTestJSON:test_create_list_show_delete_interfaces_by_network_port): 200 GET http://10.180.1.21/compute/v2.1/servers/daa26df6-1092-4bbc-9686-c1dc93df15fe 0.462s
2025-11-22 04:02:43.863 66549 INFO tempest.lib.common.rest_client [req-1ea144f7-c0e2-4392-a209-dd51099da466 req-1ea144f7-c0e2-4392-a209-dd51099da466 ] Request (ImagesNegativeTestJSON:test_create_image_from_deleted_server): 200 GET http://10.180.1.21/compute/v2.1/servers/0e215138-3fab-4e85-b5d6-8f90c597b365 0.506s
2025-11-22 04:02:43.945 66543 INFO tempest.lib.common.rest_client [req-bfe35716-6311-4d96-8a46-c8a6320eb743 req-bfe35716-6311-4d96-8a46-c8a6320eb743 ] Request (ListImageFiltersTestJSON:tearDownClass): 200 GET http://10.180.1.21/compute/v2.1/servers/777f91b4-9564-4aec-b473-4a393af2465d 0.563s
2025-11-22 04:02:44.096 66569 INFO tempest.lib.common.rest_client [req-854045af-3a5f-4f2c-b36e-66dcd43b4697 req-854045af-3a5f-4f2c-b36e-66dcd43b4697 ] Request (ServerMetadataNegativeTestJSON:setUpClass): 200 PUT http://10.180.1.21/networking/v2.0/routers/b1d4a0f5-cb73-4652-947e-15d27e6e4d6e/add_router_interface 1.153s
2025-11-22 04:02:44.097 66569 INFO tempest.lib.common.dynamic_creds [-] Created isolated network resources for: credentials: Credentials: {'domain_id': 'default', 'domain_name': 'Default', 'username': 'tempest-ServerMetadataNegativeTestJSON-847826674-project-member', 'project_domain_id': 'default', 'project_domain_name': 'Default', 'project_id': 'cfd379f6bb284c8e885263e12208077d', 'project_name': 'tempest-ServerMetadataNegativeTestJSON-847826674', 'tenant_id': 'cfd379f6bb284c8e885263e12208077d', 'tenant_name': 'tempest-ServerMetadataNegativeTestJSON-847826674', 'user_domain_id': 'default', 'user_domain_name': 'Default', 'user_id': '307a6bb67b194ba7bbb1e3abb4d4494b', 'system': None}, Network: {'id': '8c13ff35-2339-4a40-85a6-48f88bcc28ac', 'name': 'tempest-ServerMetadataNegativeTestJSON-418185128-network', 'tenant_id': 'cfd379f6bb284c8e885263e12208077d', 'project_id': 'cfd379f6bb284c8e885263e12208077d', 'admin_state_up': True, 'mtu': 8950, 'status': 'ACTIVE', 'subnets': [], 'shared': False, 'port_security_enabled': True, 'router:external': False, 'provider:network_type': 'vlan', 'provider:physical_network': 'default', 'provider:segmentation_id': 802, 'availability_zone_hints': [], 'availability_zones': [], 'ipv4_address_scope': None, 'ipv6_address_scope': None, 'description': '', 'tags': [], 'created_at': '2025-11-22T04:02:41Z', 'updated_at': '2025-11-22T04:02:41Z', 'revision_number': 1}, Subnet: {'id': '01833ca6-a09d-4365-9239-d233016ebd00', 'name': 'tempest-ServerMetadataNegativeTestJSON-418185128-subnet', 'tenant_id': 'cfd379f6bb284c8e885263e12208077d', 'network_id': '8c13ff35-2339-4a40-85a6-48f88bcc28ac', 'ip_version': 4, 'subnetpool_id': None, 'enable_dhcp': True, 'ipv6_ra_mode': None, 'ipv6_address_mode': None, 'gateway_ip': '192.168.128.1', 'cidr': '192.168.128.0/28', 'allocation_pools': [{'start': '192.168.128.2', 'end': '192.168.128.14'}], 'host_routes': [], 'dns_nameservers': [], 'description': '', 'router:external': False, 'service_types': [], 'tags': [], 'created_at': '2025-11-22T04:02:41Z', 'updated_at': '2025-11-22T04:02:41Z', 'revision_number': 0, 'project_id': 'cfd379f6bb284c8e885263e12208077d'}, Router: {'id': 'b1d4a0f5-cb73-4652-947e-15d27e6e4d6e', 'name': 'tempest-ServerMetadataNegativeTestJSON-418185128-router', 'tenant_id': 'cfd379f6bb284c8e885263e12208077d', 'admin_state_up': True, 'status': 'ACTIVE', 'external_gateway_info': {'network_id': 'ed3249cc-0a43-4de1-a5f5-4940d9c74af3', 'external_fixed_ips': [{'subnet_id': 'f83f4751-8aab-4337-b7b9-f3c70d626b23', 'ip_address': '10.180.180.225'}], 'enable_snat': True}, 'description': '', 'availability_zones': [], 'distributed': False, 'ha': False, 'availability_zone_hints': [], 'routes': [], 'flavor_id': None, 'tags': [], 'created_at': '2025-11-22T04:02:42Z', 'updated_at': '2025-11-22T04:02:42Z', 'revision_number': 2, 'project_id': 'cfd379f6bb284c8e885263e12208077d'}
2025-11-22 04:02:44.128 66577 INFO tempest.lib.common.rest_client [req-96aaf2d1-79fe-474b-9799-fe683613f1d5 req-96aaf2d1-79fe-474b-9799-fe683613f1d5 ] Request (ServersAdminTestJSON:tearDownClass): 200 GET http://10.180.1.21/compute/v2.1/servers/0b16c6d9-7d3e-4263-9d3c-128261d8e833 0.567s
2025-11-22 04:02:44.157 66573 INFO tempest.lib.common.rest_client [req-63dec362-08f2-452f-9f18-4d6425df67c1 req-63dec362-08f2-452f-9f18-4d6425df67c1 ] Request (ServerActionsTestOtherB:tearDown): 200 GET http://10.180.1.21/compute/v2.1/servers/61409d2c-bff9-489b-9f26-bed96b20ba25 0.636s
2025-11-22 04:02:44.193 66569 INFO tempest.lib.common.rest_client [req-ff5a519b-4658-4e69-a141-354ee8b9ad54 req-ff5a519b-4658-4e69-a141-354ee8b9ad54 ] Request (ServerMetadataNegativeTestJSON:setUpClass): 201 POST http://10.180.1.21/identity/v3/auth/tokens 0.093s
2025-11-22 04:02:44.194 66569 WARNING tempest.lib.common.rest_client [-] Deprecated: "tenant_id" property is deprecated for removal, use "project_id" instead
2025-11-22 04:02:44.213 66533 INFO tempest.lib.common.rest_client [req-ada5fd80-d52e-4a0f-922e-1b3a1fc0b4f3 req-ada5fd80-d52e-4a0f-922e-1b3a1fc0b4f3 ] Request (SecurityGroupsTestJSON:test_list_security_groups_by_server): 200 GET http://10.180.1.21/compute/v2.1/servers/42978111-2839-4196-9503-a122e1ddd003 0.633s
2025-11-22 04:02:44.227 66581 INFO tempest.lib.common.rest_client [req-cb838b93-6f85-4439-9477-c9335fb0035f req-cb838b93-6f85-4439-9477-c9335fb0035f ] Request (ImagesOneServerNegativeTestJSON:_run_cleanups): 200 GET http://10.180.1.21/compute/v2.1/servers/a39356b2-17c5-4104-bc40-da46251a6c1d 0.576s
2025-11-22 04:02:44.239 66569 INFO tempest.lib.common.rest_client [req-1454f44e-27ff-4783-8910-c5532b59b5b7 req-1454f44e-27ff-4783-8910-c5532b59b5b7 ] Request (ServerMetadataNegativeTestJSON:setUpClass): 201 POST http://10.180.1.21/identity/v3/auth/tokens 0.041s
2025-11-22 04:02:44.239 66569 INFO tempest.lib.common.fixed_network [-] (ServerMetadataNegativeTestJSON:setUpClass) Found network {'id': '8c13ff35-2339-4a40-85a6-48f88bcc28ac', 'name': 'tempest-ServerMetadataNegativeTestJSON-418185128-network', 'tenant_id': 'cfd379f6bb284c8e885263e12208077d', 'project_id': 'cfd379f6bb284c8e885263e12208077d', 'admin_state_up': True, 'mtu': 8950, 'status': 'ACTIVE', 'subnets': [], 'shared': False, 'port_security_enabled': True, 'router:external': False, 'provider:network_type': 'vlan', 'provider:physical_network': 'default', 'provider:segmentation_id': 802, 'availability_zone_hints': [], 'availability_zones': [], 'ipv4_address_scope': None, 'ipv6_address_scope': None, 'description': '', 'tags': [], 'created_at': '2025-11-22T04:02:41Z', 'updated_at': '2025-11-22T04:02:41Z', 'revision_number': 1} available for tenant
2025-11-22 04:02:44.305 66551 INFO tempest.lib.common.rest_client [req-869026f8-b03b-4f40-9076-93edca786ccc req-869026f8-b03b-4f40-9076-93edca786ccc ] Request (ServersListShow296Test:test_list_show_update_rebuild_server_296): 200 GET http://10.180.1.21/compute/v2.1/servers/4d19ef5d-d766-4ac4-bddc-acf0d3fc0e02 0.523s
2025-11-22 04:02:44.342 66525 INFO tempest.lib.common.rest_client [req-7fc0d29a-6f88-4b74-b2bc-8daa61dc1132 req-7fc0d29a-6f88-4b74-b2bc-8daa61dc1132 ] Request (ImagesTestJSON:test_create_server_from_snapshot): 200 GET http://10.180.1.21/compute/v2.1/servers/442dab42-4ccf-486d-b9a0-be82ed31d769 0.661s
2025-11-22 04:02:44.405 66541 INFO tempest.lib.common.rest_client [req-d35b4b5d-a494-4995-80fd-7c7e2f87f348 req-d35b4b5d-a494-4995-80fd-7c7e2f87f348 ] Request (ServerShowV257Test:test_rebuild_server): 200 GET http://10.180.1.21/compute/v2.1/servers/ddc37ed9-5b4d-4b0a-973c-83e9bb8c1e19 0.408s
2025-11-22 04:02:44.425 66546 INFO tempest.lib.common.rest_client [req-05c9fa4f-b3ad-4f2a-9b80-ab8c1f4543ac req-05c9fa4f-b3ad-4f2a-9b80-ab8c1f4543ac ] Request (AttachVolumeShelveTestJSON:test_attach_volume_shelved_or_offload_server): 200 GET http://10.180.1.21/compute/v2.1/servers/c3aada99-abd5-4ed7-8591-85cdffec2265 0.499s
2025-11-22 04:02:44.456 66529 INFO tempest.lib.common.rest_client [req-f13a372a-dfff-41db-82cf-973267b5e2e9 req-f13a372a-dfff-41db-82cf-973267b5e2e9 ] Request (ServerMetadataTestJSON:tearDownClass): 404 GET http://10.180.1.21/compute/v2.1/servers/8a6d7813-ad0d-4afc-90f8-cb269921a61f 0.313s
2025-11-22 04:02:44.468 66535 INFO tempest.lib.common.rest_client [req-25df7d91-6f13-4533-a72a-a1cf30ec9129 req-25df7d91-6f13-4533-a72a-a1cf30ec9129 ] Request (ServerDiskConfigTestJSON:test_rebuild_server_with_auto_disk_config): 200 GET http://10.180.1.21/compute/v2.1/servers/7dd8c2f2-d654-4514-b231-465118aa49a4 0.412s
2025-11-22 04:02:44.554 66561 INFO tempest.lib.common.rest_client [req-ea816dda-ba65-459b-9aea-e466df98a262 req-ea816dda-ba65-459b-9aea-e466df98a262 ] Request (ServerRescueTestJSON:test_rescue_unrescue_instance): 200 GET http://10.180.1.21/compute/v2.1/servers/84f6d0b8-b27e-44c4-8e0c-dd396ffdc562 0.279s
2025-11-22 04:02:44.752 66559 INFO tempest.lib.common.rest_client [req-fbf144bd-f036-49a8-96ee-f49261ae361f req-fbf144bd-f036-49a8-96ee-f49261ae361f ] Request (MigrationsAdminTest:test_resize_server_revert_deleted_flavor): 200 GET http://10.180.1.21/compute/v2.1/servers/e07a787f-329c-486b-8e4a-b8e384eb739b 0.453s
2025-11-22 04:02:44.828 66531 INFO tempest.lib.common.rest_client [req-3cb6509f-8a99-422a-bd4f-627a28170d64 req-3cb6509f-8a99-422a-bd4f-627a28170d64 ] Request (DeleteServersTestJSON:test_delete_server_while_in_shelved_state): 200 GET http://10.180.1.21/compute/v2.1/servers/df050948-e85c-4e18-bccc-61e879624492 0.452s
2025-11-22 04:02:45.010 66571 INFO tempest.lib.common.rest_client [req-5f5821d1-ca78-4865-98df-8a819397bae7 req-5f5821d1-ca78-4865-98df-8a819397bae7 ] Request (ServersAdminNegativeTestJSON:tearDownClass): 200 GET http://10.180.1.21/compute/v2.1/servers/b7569349-f04f-40dc-a926-49bfbc4c8df4 0.305s
2025-11-22 04:02:45.012 66569 INFO tempest.lib.common.rest_client [req-a09abb65-5510-4511-a466-cbb5fc333275 req-a09abb65-5510-4511-a466-cbb5fc333275 ] Request (ServerMetadataNegativeTestJSON:setUpClass): 202 POST http://10.180.1.21/compute/v2.1/servers 0.772s
2025-11-22 04:02:45.148 66549 INFO tempest.lib.common.rest_client [req-a3012e8a-171c-4aba-996c-66c2b5792d78 req-a3012e8a-171c-4aba-996c-66c2b5792d78 ] Request (ImagesNegativeTestJSON:test_create_image_from_deleted_server): 200 GET http://10.180.1.21/compute/v2.1/servers/0e215138-3fab-4e85-b5d6-8f90c597b365 0.274s
2025-11-22 04:02:45.179 66557 INFO tempest.lib.common.rest_client [req-a5ba07a9-4a17-469b-85df-6c58bdbd3060 req-a5ba07a9-4a17-469b-85df-6c58bdbd3060 ] Request (AttachInterfacesTestJSON:test_create_list_show_delete_interfaces_by_network_port): 200 GET http://10.180.1.21/compute/v2.1/servers/daa26df6-1092-4bbc-9686-c1dc93df15fe 0.397s
2025-11-22 04:02:45.222 66569 INFO tempest.lib.common.rest_client [req-3cf257fa-4a63-4058-a0e8-62511faed322 req-3cf257fa-4a63-4058-a0e8-62511faed322 ] Request (ServerMetadataNegativeTestJSON:setUpClass): 200 GET http://10.180.1.21/compute/v2.1/servers/af2d1c01-0455-4f6a-b8e5-c63e9c24b6a7 0.208s
2025-11-22 04:02:45.238 66543 INFO tempest.lib.common.rest_client [req-7fa85663-ef82-4d94-9c31-d2aa02934b8d req-7fa85663-ef82-4d94-9c31-d2aa02934b8d ] Request (ListImageFiltersTestJSON:tearDownClass): 200 GET http://10.180.1.21/compute/v2.1/servers/777f91b4-9564-4aec-b473-4a393af2465d 0.282s
2025-11-22 04:02:45.295 66577 INFO tempest.lib.common.rest_client [req-7996feb4-f921-46be-a352-8181372d3d73 req-7996feb4-f921-46be-a352-8181372d3d73 ] Request (ServersAdminTestJSON:tearDownClass): 200 GET http://10.180.1.21/compute/v2.1/servers/0b16c6d9-7d3e-4263-9d3c-128261d8e833 0.156s
2025-11-22 04:02:45.336 66565 WARNING tempest.lib.common.ssh [-] Failed to establish authenticated ssh connection to cirros@10.180.180.144 ([Errno None] Unable to connect to port 22 on 10.180.180.144). Number attempts: 2. Retry after 3 seconds.: paramiko.ssh_exception.NoValidConnectionsError: [Errno None] Unable to connect to port 22 on 10.180.180.144
2025-11-22 04:02:45.610 66533 INFO tempest.lib.common.rest_client [req-5db605c4-4bb7-4f1a-8111-b99cbdf0fcdc req-5db605c4-4bb7-4f1a-8111-b99cbdf0fcdc ] Request (SecurityGroupsTestJSON:test_list_security_groups_by_server): 200 GET http://10.180.1.21/compute/v2.1/servers/42978111-2839-4196-9503-a122e1ddd003 0.388s
2025-11-22 04:02:45.644 66573 INFO tempest.lib.common.rest_client [req-b9dae55a-d294-4142-808a-02cfec2fb8eb req-b9dae55a-d294-4142-808a-02cfec2fb8eb ] Request (ServerActionsTestOtherB:tearDown): 200 GET http://10.180.1.21/compute/v2.1/servers/61409d2c-bff9-489b-9f26-bed96b20ba25 0.476s
2025-11-22 04:02:45.676 66581 INFO tempest.lib.common.rest_client [req-16593a5b-5e1d-4f86-ac16-1e81f54bb985 req-16593a5b-5e1d-4f86-ac16-1e81f54bb985 ] Request (ImagesOneServerNegativeTestJSON:_run_cleanups): 200 GET http://10.180.1.21/compute/v2.1/servers/a39356b2-17c5-4104-bc40-da46251a6c1d 0.438s
2025-11-22 04:02:45.733 66551 INFO tempest.lib.common.rest_client [req-64dfb35b-5e06-4105-8732-6f8079b9e598 req-64dfb35b-5e06-4105-8732-6f8079b9e598 ] Request (ServersListShow296Test:test_list_show_update_rebuild_server_296): 200 GET http://10.180.1.21/compute/v2.1/servers/4d19ef5d-d766-4ac4-bddc-acf0d3fc0e02 0.409s
2025-11-22 04:02:45.746 66551 INFO tempest.common.waiters [-] State transition "REBUILD/rebuild_spawning" ==> "ACTIVE/None" after 10 second wait
2025-11-22 04:02:45.776 66529 INFO tempest.lib.common.rest_client [req-0b3e548d-9cf0-4460-a8ec-e10f8227f66b req-0b3e548d-9cf0-4460-a8ec-e10f8227f66b ] Request (ServerMetadataTestJSON:tearDownClass): 200 PUT http://10.180.1.21/networking/v2.0/routers/41802c18-272c-4950-8b94-647485417696/remove_router_interface 1.318s
2025-11-22 04:02:45.803 66541 INFO tempest.lib.common.rest_client [req-865b847e-f3c7-45b0-b071-57f5937099c9 req-865b847e-f3c7-45b0-b071-57f5937099c9 ] Request (ServerShowV257Test:test_rebuild_server): 200 GET http://10.180.1.21/compute/v2.1/servers/ddc37ed9-5b4d-4b0a-973c-83e9bb8c1e19 0.388s
2025-11-22 04:02:45.827 66525 INFO tempest.lib.common.rest_client [req-091f4d29-d447-462c-962a-02a3591910a9 req-091f4d29-d447-462c-962a-02a3591910a9 ] Request (ImagesTestJSON:test_create_server_from_snapshot): 200 GET http://10.180.1.21/compute/v2.1/servers/442dab42-4ccf-486d-b9a0-be82ed31d769 0.472s
2025-11-22 04:02:45.921 66535 INFO tempest.lib.common.rest_client [req-1641d9bb-ca65-4eaa-b813-36cb6e317797 req-1641d9bb-ca65-4eaa-b813-36cb6e317797 ] Request (ServerDiskConfigTestJSON:test_rebuild_server_with_auto_disk_config): 200 GET http://10.180.1.21/compute/v2.1/servers/7dd8c2f2-d654-4514-b231-465118aa49a4 0.442s
2025-11-22 04:02:45.958 66546 INFO tempest.lib.common.rest_client [req-06513d07-6cde-4466-8ea3-f1c8a071b139 req-06513d07-6cde-4466-8ea3-f1c8a071b139 ] Request (AttachVolumeShelveTestJSON:test_attach_volume_shelved_or_offload_server): 200 GET http://10.180.1.21/compute/v2.1/servers/c3aada99-abd5-4ed7-8591-85cdffec2265 0.522s
2025-11-22 04:02:45.996 66561 INFO tempest.lib.common.rest_client [req-709134a3-ade2-4c98-a980-6c5abfc493a7 req-709134a3-ade2-4c98-a980-6c5abfc493a7 ] Request (ServerRescueTestJSON:test_rescue_unrescue_instance): 200 GET http://10.180.1.21/compute/v2.1/servers/84f6d0b8-b27e-44c4-8e0c-dd396ffdc562 0.433s
2025-11-22 04:02:46.118 66551 INFO tempest.lib.common.rest_client [req-f97c12ad-2fd8-44c6-b653-5232ef04a015 req-f97c12ad-2fd8-44c6-b653-5232ef04a015 ] Request (ServersListShow296Test:tearDownClass): 204 DELETE http://10.180.1.21/compute/v2.1/servers/4d19ef5d-d766-4ac4-bddc-acf0d3fc0e02 0.364s
2025-11-22 04:02:46.139 66559 INFO tempest.lib.common.rest_client [req-b791a9e0-bd80-4c9e-be64-570984967a2f req-b791a9e0-bd80-4c9e-be64-570984967a2f ] Request (MigrationsAdminTest:test_resize_server_revert_deleted_flavor): 200 GET http://10.180.1.21/compute/v2.1/servers/e07a787f-329c-486b-8e4a-b8e384eb739b 0.373s
2025-11-22 04:02:46.222 66531 INFO tempest.lib.common.rest_client [req-e6aaf5a5-8d31-4f2f-8029-7317abc01823 req-e6aaf5a5-8d31-4f2f-8029-7317abc01823 ] Request (DeleteServersTestJSON:test_delete_server_while_in_shelved_state): 200 GET http://10.180.1.21/compute/v2.1/servers/df050948-e85c-4e18-bccc-61e879624492 0.385s
2025-11-22 04:02:46.250 66571 INFO tempest.lib.common.rest_client [req-cbfa5c0a-8e83-4b71-ba92-c88405479dcd req-cbfa5c0a-8e83-4b71-ba92-c88405479dcd ] Request (ServersAdminNegativeTestJSON:tearDownClass): 200 GET http://10.180.1.21/compute/v2.1/servers/b7569349-f04f-40dc-a926-49bfbc4c8df4 0.228s
2025-11-22 04:02:46.601 66551 INFO tempest.lib.common.rest_client [req-c3c382e0-2bb4-42ae-aac6-60da54667b79 req-c3c382e0-2bb4-42ae-aac6-60da54667b79 ] Request (ServersListShow296Test:tearDownClass): 200 GET http://10.180.1.21/compute/v2.1/servers/4d19ef5d-d766-4ac4-bddc-acf0d3fc0e02 0.482s
2025-11-22 04:02:46.617 66549 INFO tempest.lib.common.rest_client [req-30a3f6c4-eae4-46fc-ac5d-22d97b275193 req-30a3f6c4-eae4-46fc-ac5d-22d97b275193 ] Request (ImagesNegativeTestJSON:test_create_image_from_deleted_server): 200 GET http://10.180.1.21/compute/v2.1/servers/0e215138-3fab-4e85-b5d6-8f90c597b365 0.453s
2025-11-22 04:02:46.686 66529 INFO tempest.lib.common.rest_client [req-c7f474a0-9446-4a67-b501-70b95472cfa0 req-c7f474a0-9446-4a67-b501-70b95472cfa0 ] Request (ServerMetadataTestJSON:tearDownClass): 204 DELETE http://10.180.1.21/networking/v2.0/routers/41802c18-272c-4950-8b94-647485417696 0.910s
2025-11-22 04:02:46.812 66569 INFO tempest.lib.common.rest_client [req-a179c666-4d54-482b-b167-9c2a2ef7a6bf req-a179c666-4d54-482b-b167-9c2a2ef7a6bf ] Request (ServerMetadataNegativeTestJSON:setUpClass): 200 GET http://10.180.1.21/compute/v2.1/servers/af2d1c01-0455-4f6a-b8e5-c63e9c24b6a7 0.582s
2025-11-22 04:02:46.824 66569 INFO tempest.common.waiters [-] State transition "BUILD/scheduling" ==> "BUILD/None" after 1 second wait
2025-11-22 04:02:46.977 66529 INFO tempest.lib.common.rest_client [req-3c992f47-1210-4edd-865a-28f099ed4b47 req-3c992f47-1210-4edd-865a-28f099ed4b47 ] Request (ServerMetadataTestJSON:tearDownClass): 204 DELETE http://10.180.1.21/networking/v2.0/subnets/5486b50d-8fb1-4a47-a92f-c10a8a33873e 0.290s
2025-11-22 04:02:47.031 66557 INFO tempest.lib.common.rest_client [req-b9f4d082-6084-4bea-97cf-168101a955a8 req-b9f4d082-6084-4bea-97cf-168101a955a8 ] Request (AttachInterfacesTestJSON:test_create_list_show_delete_interfaces_by_network_port): 200 GET http://10.180.1.21/compute/v2.1/servers/daa26df6-1092-4bbc-9686-c1dc93df15fe 0.842s
2025-11-22 04:02:47.049 66543 INFO tempest.lib.common.rest_client [req-02548071-9f87-4605-82c9-99b877ec5985 req-02548071-9f87-4605-82c9-99b877ec5985 ] Request (ListImageFiltersTestJSON:tearDownClass): 200 GET http://10.180.1.21/compute/v2.1/servers/777f91b4-9564-4aec-b473-4a393af2465d 0.797s
2025-11-22 04:02:47.127 66537 WARNING tempest.lib.common.ssh [-] Failed to establish authenticated ssh connection to cirros@10.180.180.213 ([Errno None] Unable to connect to port 22 on 10.180.180.213). Number attempts: 8. Retry after 9 seconds.: paramiko.ssh_exception.NoValidConnectionsError: [Errno None] Unable to connect to port 22 on 10.180.180.213
2025-11-22 04:02:47.285 66529 INFO tempest.lib.common.rest_client [req-38fb75d5-4fb7-48a8-8578-4c5414bb0cdb req-38fb75d5-4fb7-48a8-8578-4c5414bb0cdb ] Request (ServerMetadataTestJSON:tearDownClass): 204 DELETE http://10.180.1.21/networking/v2.0/networks/21b42458-3a99-4ca3-8652-b921907f7867 0.308s
2025-11-22 04:02:47.306 66533 INFO tempest.lib.common.rest_client [req-f3dfc10c-514a-4345-a7b6-682ff132eaf0 req-f3dfc10c-514a-4345-a7b6-682ff132eaf0 ] Request (SecurityGroupsTestJSON:test_list_security_groups_by_server): 200 GET http://10.180.1.21/compute/v2.1/servers/42978111-2839-4196-9503-a122e1ddd003 0.686s
2025-11-22 04:02:47.319 66577 INFO tempest.lib.common.rest_client [req-b2731839-a570-4531-8a8f-3e10337d1146 req-b2731839-a570-4531-8a8f-3e10337d1146 ] Request (ServersAdminTestJSON:tearDownClass): 200 GET http://10.180.1.21/compute/v2.1/servers/0b16c6d9-7d3e-4263-9d3c-128261d8e833 1.013s
