2025-11-22 04:01:23.833 66561 INFO tempest.lib.common.rest_client [req-e5304658-5558-4c55-b0d7-f9a3ed7c42c7 req-e5304658-5558-4c55-b0d7-f9a3ed7c42c7 ] Request (ServersTestFqdnHostnames:tearDownClass): 204 DELETE http://10.180.1.21/networking/v2.0/networks/e3ac3aeb-8e97-4225-a7a8-e0bb67b21443 0.439s
2025-11-22 04:01:23.978 66561 INFO tempest.lib.common.rest_client [req-756c3c52-7fad-4def-a12f-a7a113a4c028 req-756c3c52-7fad-4def-a12f-a7a113a4c028 ] Request (ServersTestFqdnHostnames:tearDownClass): 204 DELETE http://10.180.1.21/identity/v3/users/4910a394c4764435a0ed56867472b89d 0.144s
2025-11-22 04:01:23.978 66561 INFO tempest.lib.common.dynamic_creds [-] Deleting project and security group for project: b5ccca5ae93b4922a67e20ec9ed03da3
2025-11-22 04:01:24.093 66565 INFO tempest.lib.common.rest_client [req-85e43af6-936e-49ba-8696-a475d7f00e80 req-85e43af6-936e-49ba-8696-a475d7f00e80 ] Request (ServersTestBootFromVolume:setUpClass): 200 GET http://10.180.1.21/volume/v3/volumes/299c2ebf-35d1-4445-ab30-24dae7ac0b45 0.056s
2025-11-22 04:01:24.119 66563 WARNING tempest.lib.common.ssh [-] Failed to establish authenticated ssh connection to cirros@10.180.180.212 ([Errno None] Unable to connect to port 22 on 10.180.180.212). Number attempts: 6. Retry after 7 seconds.: paramiko.ssh_exception.NoValidConnectionsError: [Errno None] Unable to connect to port 22 on 10.180.180.212
2025-11-22 04:01:24.199 66581 INFO tempest.lib.common.rest_client [req-f51c879d-30fe-4d8c-9cd7-94b2bc34740c req-f51c879d-30fe-4d8c-9cd7-94b2bc34740c ] Request (ImagesOneServerNegativeTestJSON:test_delete_image_that_is_not_yet_active): 202 POST http://10.180.1.21/compute/v2.1/servers/63de16b7-8dc2-4a33-9107-9c3dc44c10f0/action 3.393s
2025-11-22 04:01:24.791 66549 INFO tempest.lib.common.rest_client [req-8c3d0459-ee1e-40f0-a886-50c1e32b0650 req-8c3d0459-ee1e-40f0-a886-50c1e32b0650 ] Request (FloatingIPsNegativeTestJSON:tearDownClass): 200 PUT http://10.180.1.21/networking/v2.0/routers/fe083b5f-e7f3-45fc-84f7-79c72a7a798e/remove_router_interface 1.373s
2025-11-22 04:01:24.818 66571 INFO tempest.lib.common.rest_client [req-f6b0c30f-6a3a-4e6d-a8cf-ba2d38cb8dbd req-f6b0c30f-6a3a-4e6d-a8cf-ba2d38cb8dbd ] Request (ServersAdminNegativeTestJSON:test_migrate_server_invalid_state): 200 GET http://10.180.1.21/compute/v2.1/servers/707744d0-cb16-48dd-be8b-4833791cce67 4.191s
2025-11-22 04:01:24.828 66551 INFO tempest.lib.common.rest_client [req-a854be4b-540e-4714-896c-634492a95a0d req-a854be4b-540e-4714-896c-634492a95a0d ] Request (HypervisorAdminNegativeTestJSON:test_get_hypervisor_stats_with_non_admin_user): 403 GET http://10.180.1.21/compute/v2.1/os-hypervisors/statistics 3.745s
2025-11-22 04:01:24.849 66561 INFO tempest.lib.common.rest_client [req-0fbb3053-f36b-43f6-b24e-15eb380e1c3d req-0fbb3053-f36b-43f6-b24e-15eb380e1c3d ] Request (ServersTestFqdnHostnames:tearDownClass): 200 GET http://10.180.1.21/networking/v2.0/security-groups?tenant_id=b5ccca5ae93b4922a67e20ec9ed03da3&name=default 0.871s
2025-11-22 04:01:25.076 66561 INFO tempest.lib.common.rest_client [req-212988de-5124-4314-929c-e95f21c25a12 req-212988de-5124-4314-929c-e95f21c25a12 ] Request (ServersTestFqdnHostnames:tearDownClass): 204 DELETE http://10.180.1.21/networking/v2.0/security-groups/eac600bf-674d-41fa-884a-35a8e6d7c3ab 0.226s
2025-11-22 04:01:25.137 66565 INFO tempest.lib.common.rest_client [req-162b0600-bebf-483e-8927-a18aaf71db9d req-162b0600-bebf-483e-8927-a18aaf71db9d ] Request (ServersTestBootFromVolume:setUpClass): 200 GET http://10.180.1.21/volume/v3/volumes/299c2ebf-35d1-4445-ab30-24dae7ac0b45 0.033s
2025-11-22 04:01:25.153 66539 INFO tempest.lib.common.rest_client [req-ee3018a3-65de-4ad2-b9cf-42cb9c972bac req-ee3018a3-65de-4ad2-b9cf-42cb9c972bac ] Request (ListServersNegativeTestJSON:setUpClass): 200 GET http://10.180.1.21/compute/v2.1/servers/09025781-ef8d-4894-a7b3-5da058a34d19 3.740s
2025-11-22 04:01:25.216 66577 INFO tempest.lib.common.rest_client [req-62c988ff-e79f-4b23-a9b5-179385d28678 req-62c988ff-e79f-4b23-a9b5-179385d28678 ] Request (ServersAdminTestJSON:test_rebuild_server_in_error_state): 200 GET http://10.180.1.21/compute/v2.1/servers/147531b4-0ca1-4322-8775-b6b83d1aedfa 4.138s
2025-11-22 04:01:25.227 66561 INFO tempest.lib.common.rest_client [req-0a7e8989-33aa-48e0-9e79-036a3beb79ce req-0a7e8989-33aa-48e0-9e79-036a3beb79ce ] Request (ServersTestFqdnHostnames:tearDownClass): 204 DELETE http://10.180.1.21/identity/v3/projects/b5ccca5ae93b4922a67e20ec9ed03da3 0.151s
2025-11-22 04:01:25.325 66561 INFO tempest.lib.common.rest_client [req-bf2f2631-c159-4d29-a1f4-8b30cb99bdfc req-bf2f2631-c159-4d29-a1f4-8b30cb99bdfc ] Request (ServerRescueTestJSON:setUpClass): 201 POST http://10.180.1.21/identity/v3/auth/tokens 0.096s
2025-11-22 04:01:25.367 66561 INFO tempest.lib.common.rest_client [req-7e8ce932-f162-40fc-8eeb-88cc50336ea4 req-7e8ce932-f162-40fc-8eeb-88cc50336ea4 ] Request (ServerRescueTestJSON:setUpClass): 201 POST http://10.180.1.21/identity/v3/auth/tokens 0.036s
2025-11-22 04:01:25.407 66561 INFO tempest.lib.common.rest_client [req-7d859316-bac8-4fb4-ba9f-79206d7656bf req-7d859316-bac8-4fb4-ba9f-79206d7656bf ] Request (ServerRescueTestJSON:setUpClass): 200 GET http://10.180.1.21/identity/v3/domains?name=Default 0.040s
2025-11-22 04:01:25.460 66561 INFO tempest.lib.common.rest_client [req-4d1e3f55-05ec-478b-8b7c-2b62b2f14c0e req-4d1e3f55-05ec-478b-8b7c-2b62b2f14c0e ] Request (ServerRescueTestJSON:setUpClass): 201 POST http://10.180.1.21/identity/v3/projects 0.052s
2025-11-22 04:01:25.479 66549 INFO tempest.lib.common.rest_client [req-0ab09e93-c354-4c46-94e3-2442d96d8831 req-0ab09e93-c354-4c46-94e3-2442d96d8831 ] Request (FloatingIPsNegativeTestJSON:tearDownClass): 204 DELETE http://10.180.1.21/networking/v2.0/routers/fe083b5f-e7f3-45fc-84f7-79c72a7a798e 0.687s
2025-11-22 04:01:25.509 66533 INFO tempest.lib.common.rest_client [req-f20623b1-4350-4904-86ed-2556499c0a7b req-f20623b1-4350-4904-86ed-2556499c0a7b ] Request (FloatingIPsAssociationTestJSON:tearDownClass): 200 GET http://10.180.1.21/compute/v2.1/servers/a5f38726-a400-4b44-a069-f3514bfbaf28 4.081s
2025-11-22 04:01:25.557 66561 INFO tempest.lib.common.rest_client [req-7613130d-a3b1-43f7-b6b0-8f83132bdc59 req-7613130d-a3b1-43f7-b6b0-8f83132bdc59 ] Request (ServerRescueTestJSON:setUpClass): 201 POST http://10.180.1.21/identity/v3/users 0.094s
2025-11-22 04:01:25.598 66561 INFO tempest.lib.common.rest_client [req-cc320e2d-40ab-42fc-aaaa-c357c31fea39 req-cc320e2d-40ab-42fc-aaaa-c357c31fea39 ] Request (ServerRescueTestJSON:setUpClass): 200 GET http://10.180.1.21/identity/v3/roles 0.041s
2025-11-22 04:01:25.603 66527 INFO tempest.lib.common.rest_client [req-51f52f4a-d245-49ce-a6ec-2a0b64be3c3f req-51f52f4a-d245-49ce-a6ec-2a0b64be3c3f ] Request (ServerTagsTestJSON:_run_cleanups): 204 DELETE http://10.180.1.21/compute/v2.1/servers/68de0f7f-5b75-48f9-9a56-7089e36d2b42/tags 3.970s
2025-11-22 04:01:25.653 66561 INFO tempest.lib.common.rest_client [req-cc20ba0b-b17d-4f3a-a280-32359ba08028 req-cc20ba0b-b17d-4f3a-a280-32359ba08028 ] Request (ServerRescueTestJSON:setUpClass): 204 PUT http://10.180.1.21/identity/v3/projects/b8833f5b3cfa40a4978b44a5caeec9c6/users/54b22b4b062d4975bb79701d0d93cac7/roles/acd5777349bd48e5bffac74adfa2d281 0.054s
2025-11-22 04:01:25.653 66561 INFO tempest.lib.common.dynamic_creds [-] Dynamic test user 54b22b4b062d4975bb79701d0d93cac7 is created with scope project and roles: ['member']
2025-11-22 04:01:25.654 66561 INFO tempest.lib.common.dynamic_creds [-] Acquired dynamic creds: credentials: Credentials: {'domain_id': 'default', 'domain_name': 'Default', 'username': 'tempest-ServerRescueTestJSON-1807130009-project-member', 'project_domain_id': 'default', 'project_domain_name': 'Default', 'project_id': 'b8833f5b3cfa40a4978b44a5caeec9c6', 'project_name': 'tempest-ServerRescueTestJSON-1807130009', 'tenant_id': 'b8833f5b3cfa40a4978b44a5caeec9c6', 'tenant_name': 'tempest-ServerRescueTestJSON-1807130009', 'user_domain_id': 'default', 'user_domain_name': 'Default', 'user_id': '54b22b4b062d4975bb79701d0d93cac7', 'system': None}, Network: None, Subnet: None, Router: None
2025-11-22 04:01:25.731 66561 INFO tempest.lib.common.rest_client [req-5c83ee2a-6b12-4e92-acc8-aa7d4c9bbd7c req-5c83ee2a-6b12-4e92-acc8-aa7d4c9bbd7c ] Request (ServerRescueTestJSON:setUpClass): 201 POST http://10.180.1.21/identity/v3/auth/tokens 0.077s
2025-11-22 04:01:25.842 66549 INFO tempest.lib.common.rest_client [req-e7de333e-3469-460c-9cca-ac5e335f089c req-e7de333e-3469-460c-9cca-ac5e335f089c ] Request (FloatingIPsNegativeTestJSON:tearDownClass): 204 DELETE http://10.180.1.21/networking/v2.0/subnets/3c6107d1-a54f-479a-bddf-b1baf2fb6a37 0.362s
2025-11-22 04:01:25.918 66557 INFO tempest.lib.common.rest_client [req-774bcacc-d71d-4c7a-aaf2-e5d2ee97526e req-774bcacc-d71d-4c7a-aaf2-e5d2ee97526e ] Request (AttachInterfacesTestJSON:_run_cleanups): 200 GET http://10.180.1.21/compute/v2.1/servers/427b8d20-c22e-43cc-8523-65defd17efaf 4.365s
2025-11-22 04:01:26.203 66565 INFO tempest.lib.common.rest_client [req-3d1b9b47-9948-494a-834a-9d93e33789fc req-3d1b9b47-9948-494a-834a-9d93e33789fc ] Request (ServersTestBootFromVolume:setUpClass): 200 GET http://10.180.1.21/volume/v3/volumes/299c2ebf-35d1-4445-ab30-24dae7ac0b45 0.055s
2025-11-22 04:01:26.235 66535 WARNING tempest.lib.common.ssh [-] Failed to establish authenticated ssh connection to cirros@10.180.180.221 ([Errno None] Unable to connect to port 22 on 10.180.180.221). Number attempts: 1. Retry after 2 seconds.: paramiko.ssh_exception.NoValidConnectionsError: [Errno None] Unable to connect to port 22 on 10.180.180.221
2025-11-22 04:01:26.360 66561 INFO tempest.lib.common.rest_client [req-479c3afd-3eef-4d97-89d4-e022008bcad7 req-479c3afd-3eef-4d97-89d4-e022008bcad7 ] Request (ServerRescueTestJSON:setUpClass): 201 POST http://10.180.1.21/networking/v2.0/networks 0.628s
2025-11-22 04:01:26.452 66549 INFO tempest.lib.common.rest_client [req-9c4ed314-3359-4fc0-8a6e-e3e1c32cf12f req-9c4ed314-3359-4fc0-8a6e-e3e1c32cf12f ] Request (FloatingIPsNegativeTestJSON:tearDownClass): 204 DELETE http://10.180.1.21/networking/v2.0/networks/e062300e-03f9-4bbc-95f1-b8146b3fb24e 0.610s
2025-11-22 04:01:26.511 66579 INFO tempest.lib.common.rest_client [req-644c8469-2bfc-40a2-a54f-20f9a17b2780 req-644c8469-2bfc-40a2-a54f-20f9a17b2780 ] Request (AttachInterfacesV270Test:test_create_get_list_interfaces): 200 GET http://10.180.1.21/compute/v2.1/servers/f95e9fc5-48ad-43be-8ab1-807f9c6a5386 4.736s
2025-11-22 04:01:26.570 66543 INFO tempest.lib.common.rest_client [req-ae6d9024-d2d9-4bc6-a79f-18c138662eb3 req-ae6d9024-d2d9-4bc6-a79f-18c138662eb3 ] Request (ListImageFiltersTestJSON:setUpClass): 200 GET http://10.180.1.21/compute/v2.1/images/d0e50c68-457e-47bf-9e87-2201b54d18f5 4.638s
2025-11-22 04:01:26.618 66549 INFO tempest.lib.common.rest_client [req-3c7d05a1-c10e-471f-8600-ad3c9b9f5b43 req-3c7d05a1-c10e-471f-8600-ad3c9b9f5b43 ] Request (FloatingIPsNegativeTestJSON:tearDownClass): 204 DELETE http://10.180.1.21/identity/v3/users/c463d2bb445445b9a944a1b9b8af6be6 0.165s
2025-11-22 04:01:26.619 66549 INFO tempest.lib.common.dynamic_creds [-] Deleting project and security group for project: f83bc9a9a68b4d0d9e00f86fb114a8bf
2025-11-22 04:01:26.634 66531 INFO tempest.lib.common.rest_client [req-36f57461-bea9-46c4-bd63-fd78fb94a326 req-36f57461-bea9-46c4-bd63-fd78fb94a326 ] Request (DeleteServersTestJSON:test_delete_server_while_in_attached_volume): 200 GET http://10.180.1.21/compute/v2.1/servers/78215cf3-d956-45d0-8a23-8cd5d0e65cec 4.762s
2025-11-22 04:01:26.643 66531 INFO tempest.common.waiters [-] State transition "BUILD/None" ==> "BUILD/spawning" after 40 second wait
2025-11-22 04:01:26.738 66561 INFO tempest.lib.common.rest_client [req-7b7a9c14-c80c-4852-bb65-7d504fd8d435 req-7b7a9c14-c80c-4852-bb65-7d504fd8d435 ] Request (ServerRescueTestJSON:setUpClass): 201 POST http://10.180.1.21/networking/v2.0/subnets 0.377s
2025-11-22 04:01:26.742 66549 INFO tempest.lib.common.rest_client [req-e0538f8c-0689-4e23-a2af-13aaf6e422ba req-e0538f8c-0689-4e23-a2af-13aaf6e422ba ] Request (FloatingIPsNegativeTestJSON:tearDownClass): 200 GET http://10.180.1.21/networking/v2.0/security-groups?tenant_id=f83bc9a9a68b4d0d9e00f86fb114a8bf&name=default 0.122s
2025-11-22 04:01:26.778 66555 INFO tempest.lib.common.rest_client [req-063a4bb9-c0ab-4292-b822-fb91a85895c4 req-063a4bb9-c0ab-4292-b822-fb91a85895c4 ] Request (InstanceActionsNegativeTestJSON:setUpClass): 200 GET http://10.180.1.21/compute/v2.1/servers/c4571114-c757-4d7c-9a63-bd09994f1749 4.583s
2025-11-22 04:01:27.005 66549 INFO tempest.lib.common.rest_client [req-10b0472a-379a-473d-b7e2-83a6625553d1 req-10b0472a-379a-473d-b7e2-83a6625553d1 ] Request (FloatingIPsNegativeTestJSON:tearDownClass): 204 DELETE http://10.180.1.21/networking/v2.0/security-groups/c63b706a-4050-4d8b-9749-7ffd7e78a664 0.263s
2025-11-22 04:01:27.130 66573 INFO tempest.lib.common.rest_client [req-d33e1af0-ccf7-4b11-9b4b-475b839ba003 req-d33e1af0-ccf7-4b11-9b4b-475b839ba003 ] Request (ServerActionsTestOtherB:test_resize_server_confirm_from_stopped): 200 GET http://10.180.1.21/compute/v2.1/servers/61409d2c-bff9-489b-9f26-bed96b20ba25 4.857s
2025-11-22 04:01:27.147 66583 INFO tempest.lib.common.rest_client [req-405f6703-5df8-4a60-9b04-5f9808ed860e req-405f6703-5df8-4a60-9b04-5f9808ed860e ] Request (ServersWithSpecificFlavorTestJSON:test_verify_created_server_ephemeral_disk): 200 GET http://10.180.1.21/compute/v2.1/servers/9d66e70c-f012-46f4-928c-139c7439f4af 4.850s
2025-11-22 04:01:27.191 66549 INFO tempest.lib.common.rest_client [req-4d107ecb-6203-4eb3-94ec-3ff38115a375 req-4d107ecb-6203-4eb3-94ec-3ff38115a375 ] Request (FloatingIPsNegativeTestJSON:tearDownClass): 204 DELETE http://10.180.1.21/identity/v3/projects/f83bc9a9a68b4d0d9e00f86fb114a8bf 0.186s
2025-11-22 04:01:27.202 66529 INFO tempest.lib.common.rest_client [req-a89019d7-e9e2-4d3b-afe3-97957d7312a1 req-a89019d7-e9e2-4d3b-afe3-97957d7312a1 ] Request (ServerMetadataTestJSON:setUpClass): 200 GET http://10.180.1.21/compute/v2.1/servers/8a6d7813-ad0d-4afc-90f8-cb269921a61f 4.845s
2025-11-22 04:01:27.211 66529 INFO tempest.common.waiters [-] State transition "BUILD/scheduling" ==> "BUILD/None" after 6 second wait
2025-11-22 04:01:27.245 66565 INFO tempest.lib.common.rest_client [req-176d31e5-b57b-4a83-86dd-14982531fc2f req-176d31e5-b57b-4a83-86dd-14982531fc2f ] Request (ServersTestBootFromVolume:setUpClass): 200 GET http://10.180.1.21/volume/v3/volumes/299c2ebf-35d1-4445-ab30-24dae7ac0b45 0.031s
2025-11-22 04:01:27.261 66569 INFO tempest.lib.common.rest_client [req-556941f1-49ed-4f93-9762-64e1f4907945 req-556941f1-49ed-4f93-9762-64e1f4907945 ] Request (ServerDiagnosticsNegativeTest:test_get_server_diagnostics_by_non_admin): 200 GET http://10.180.1.21/compute/v2.1/servers/1097f4f6-0969-49a4-8ca8-5d958b0b8bfc 4.786s
2025-11-22 04:01:27.264 66549 INFO tempest.lib.common.rest_client [req-a353c995-8e9c-4948-ae0b-05eddb2d02f7 req-a353c995-8e9c-4948-ae0b-05eddb2d02f7 ] Request (ImagesNegativeTestJSON:setUpClass): 201 POST http://10.180.1.21/identity/v3/auth/tokens 0.067s
2025-11-22 04:01:27.303 66549 INFO tempest.lib.common.rest_client [req-ece1da79-7683-409a-acb4-08aef583c272 req-ece1da79-7683-409a-acb4-08aef583c272 ] Request (ImagesNegativeTestJSON:setUpClass): 201 POST http://10.180.1.21/identity/v3/auth/tokens 0.034s
2025-11-22 04:01:27.329 66549 INFO tempest.lib.common.rest_client [req-09d2d15a-a5c9-41ce-9e8f-7e4ebdedbbab req-09d2d15a-a5c9-41ce-9e8f-7e4ebdedbbab ] Request (ImagesNegativeTestJSON:setUpClass): 200 GET http://10.180.1.21/identity/v3/domains?name=Default 0.026s
2025-11-22 04:01:27.338 66525 INFO tempest.lib.common.rest_client [req-2fc7d2e1-093b-454d-b4f9-691581ccd8a8 req-2fc7d2e1-093b-454d-b4f9-691581ccd8a8 ] Request (ImagesTestJSON:test_create_server_from_snapshot): 200 GET http://10.180.1.21/compute/v2.1/servers/55e2cac9-535c-46aa-871b-16363ecc6a01 4.604s
2025-11-22 04:01:27.362 66559 INFO tempest.lib.common.rest_client [req-b179438b-e4b3-48d7-bc86-69f2182b0bcd req-b179438b-e4b3-48d7-bc86-69f2182b0bcd ] Request (MigrationsAdminTest:test_list_migrations_in_flavor_resize_situation): 200 GET http://10.180.1.21/compute/v2.1/servers/6e410dc7-bbec-4a14-891f-0588f1c95069 4.747s
2025-11-22 04:01:27.369 66549 INFO tempest.lib.common.rest_client [req-1c7687e3-2c61-4a48-8877-292b42b629d0 req-1c7687e3-2c61-4a48-8877-292b42b629d0 ] Request (ImagesNegativeTestJSON:setUpClass): 201 POST http://10.180.1.21/identity/v3/projects 0.040s
2025-11-22 04:01:27.425 66521 INFO tempest.lib.common.rest_client [req-d2cee10f-2f9b-4dc0-b204-d7542af88f24 req-d2cee10f-2f9b-4dc0-b204-d7542af88f24 ] Request (ServersListShow2100Test:test_list_show_rebuild_update_server_2100): 200 GET http://10.180.1.21/compute/v2.1/servers/2450464a-6a96-4a9d-aca1-38fa49edd880 4.030s
2025-11-22 04:01:27.447 66521 INFO tempest.common.waiters [-] State transition "REBUILD/rebuild_spawning" ==> "ACTIVE/None" after 9 second wait
2025-11-22 04:01:27.465 66549 INFO tempest.lib.common.rest_client [req-91a82d14-1acf-4436-a53a-c30c26eb59d0 req-91a82d14-1acf-4436-a53a-c30c26eb59d0 ] Request (ImagesNegativeTestJSON:setUpClass): 201 POST http://10.180.1.21/identity/v3/users 0.095s
2025-11-22 04:01:27.465 66537 INFO tempest.lib.common.rest_client [req-52f59413-c0ed-4568-9c7f-edf20edca7d0 req-52f59413-c0ed-4568-9c7f-edf20edca7d0 ] Request (ServersTestJSON:setUpClass): 200 GET http://10.180.1.21/compute/v2.1/servers/8cfc98a1-626c-4c89-89be-34121d69ba07 4.021s
2025-11-22 04:01:27.498 66549 INFO tempest.lib.common.rest_client [req-74294d1a-5abc-4f78-a76e-ba954b813563 req-74294d1a-5abc-4f78-a76e-ba954b813563 ] Request (ImagesNegativeTestJSON:setUpClass): 200 GET http://10.180.1.21/identity/v3/roles 0.032s
2025-11-22 04:01:27.551 66549 INFO tempest.lib.common.rest_client [req-566c5741-4a29-4d47-81ee-d55f91ba2b6f req-566c5741-4a29-4d47-81ee-d55f91ba2b6f ] Request (ImagesNegativeTestJSON:setUpClass): 204 PUT http://10.180.1.21/identity/v3/projects/61e6e877f57e44b6aff84c155393c570/users/5590b407d0cc4e1abc11762e6733e11a/roles/acd5777349bd48e5bffac74adfa2d281 0.052s
2025-11-22 04:01:27.551 66549 INFO tempest.lib.common.dynamic_creds [-] Dynamic test user 5590b407d0cc4e1abc11762e6733e11a is created with scope project and roles: ['member']
2025-11-22 04:01:27.551 66549 INFO tempest.lib.common.dynamic_creds [-] Acquired dynamic creds: credentials: Credentials: {'domain_id': 'default', 'domain_name': 'Default', 'username': 'tempest-ImagesNegativeTestJSON-1119933978-project-member', 'project_domain_id': 'default', 'project_domain_name': 'Default', 'project_id': '61e6e877f57e44b6aff84c155393c570', 'project_name': 'tempest-ImagesNegativeTestJSON-1119933978', 'tenant_id': '61e6e877f57e44b6aff84c155393c570', 'tenant_name': 'tempest-ImagesNegativeTestJSON-1119933978', 'user_domain_id': 'default', 'user_domain_name': 'Default', 'user_id': '5590b407d0cc4e1abc11762e6733e11a', 'system': None}, Network: None, Subnet: None, Router: None
2025-11-22 04:01:27.571 66581 INFO tempest.lib.common.rest_client [req-3365b4db-e50e-406d-8434-7cafe4a893cf req-3365b4db-e50e-406d-8434-7cafe4a893cf ] Request (ImagesOneServerNegativeTestJSON:test_delete_image_that_is_not_yet_active): 204 DELETE http://10.180.1.21/compute/v2.1/images/951372c6-b34e-4b42-95c2-b75c06aa44e8 3.371s
2025-11-22 04:01:27.638 66549 INFO tempest.lib.common.rest_client [req-9234a8a5-ca6c-4fca-ba89-dfc1d901fab4 req-9234a8a5-ca6c-4fca-ba89-dfc1d901fab4 ] Request (ImagesNegativeTestJSON:setUpClass): 201 POST http://10.180.1.21/identity/v3/auth/tokens 0.085s
2025-11-22 04:01:27.665 66541 INFO tempest.lib.common.rest_client [req-45194dc0-a20d-4035-b87a-80c2bc163b75 req-45194dc0-a20d-4035-b87a-80c2bc163b75 ] Request (ServerShowV254Test:test_rebuild_server): 200 GET http://10.180.1.21/compute/v2.1/servers/a090d2e2-a6b5-4e8b-91b1-a94b8fd30e9d 3.175s
2025-11-22 04:01:27.759 66561 INFO tempest.lib.common.rest_client [req-675803fe-0098-4550-b82c-f80af2a28d45 req-675803fe-0098-4550-b82c-f80af2a28d45 ] Request (ServerRescueTestJSON:setUpClass): 201 POST http://10.180.1.21/networking/v2.0/routers 1.020s
2025-11-22 04:01:27.794 66551 INFO tempest.lib.common.rest_client [req-17c988c9-6054-4efc-9dce-7acd26b60a28 req-17c988c9-6054-4efc-9dce-7acd26b60a28 ] Request (HypervisorAdminNegativeTestJSON:test_get_hypervisor_uptime_with_non_admin_user): 200 GET http://10.180.1.21/compute/v2.1/os-hypervisors 2.965s
2025-11-22 04:01:27.814 66547 INFO tempest.lib.common.rest_client [req-fd72851b-f5c4-4e98-869f-70c6ff3f4636 req-fd72851b-f5c4-4e98-869f-70c6ff3f4636 ] Request (MultipleCreateTestJSON:test_multiple_create_with_reservation_return): 200 GET http://10.180.1.21/compute/v2.1/servers/0e1b6179-3636-4061-bfd1-c70a68632b60 3.588s
2025-11-22 04:01:27.821 66547 INFO tempest.common.waiters [-] State transition "BUILD/spawning" ==> "ACTIVE/None" after 40 second wait
2025-11-22 04:01:27.907 66527 INFO tempest.lib.common.rest_client [req-f89ccd86-dbb4-45f3-8b01-bd86987254cc req-f89ccd86-dbb4-45f3-8b01-bd86987254cc ] Request (ServerTagsTestJSON:test_delete_all_tags): 201 PUT http://10.180.1.21/compute/v2.1/servers/68de0f7f-5b75-48f9-9a56-7089e36d2b42/tags/tempest-tag-956677214 2.302s
2025-11-22 04:01:28.024 66549 INFO tempest.lib.common.rest_client [req-b5071c43-1a4b-47e2-ad1f-aa05933863aa req-b5071c43-1a4b-47e2-ad1f-aa05933863aa ] Request (ImagesNegativeTestJSON:setUpClass): 201 POST http://10.180.1.21/networking/v2.0/networks 0.385s
2025-11-22 04:01:28.101 66571 INFO tempest.lib.common.rest_client [req-d3de8405-6d11-48d9-bd3b-6d360298bfcf req-d3de8405-6d11-48d9-bd3b-6d360298bfcf ] Request (ServersAdminNegativeTestJSON:test_migrate_server_invalid_state): 200 GET http://10.180.1.21/compute/v2.1/servers/707744d0-cb16-48dd-be8b-4833791cce67 2.266s
2025-11-22 04:01:28.209 66539 INFO tempest.lib.common.rest_client [req-acc4712b-baf7-4d6a-93f4-9494b342e1b1 req-acc4712b-baf7-4d6a-93f4-9494b342e1b1 ] Request (ListServersNegativeTestJSON:setUpClass): 200 GET http://10.180.1.21/compute/v2.1/servers/09025781-ef8d-4894-a7b3-5da058a34d19 2.044s
2025-11-22 04:01:28.291 66565 INFO tempest.lib.common.rest_client [req-845d3c5f-856d-4673-b454-8c87f1d6b1fd req-845d3c5f-856d-4673-b454-8c87f1d6b1fd ] Request (ServersTestBootFromVolume:setUpClass): 200 GET http://10.180.1.21/volume/v3/volumes/299c2ebf-35d1-4445-ab30-24dae7ac0b45 0.037s
2025-11-22 04:01:28.379 66549 INFO tempest.lib.common.rest_client [req-87a71f36-f6da-47d1-8ca0-ae2a74f4f9f4 req-87a71f36-f6da-47d1-8ca0-ae2a74f4f9f4 ] Request (ImagesNegativeTestJSON:setUpClass): 201 POST http://10.180.1.21/networking/v2.0/subnets 0.354s
2025-11-22 04:01:28.555 66533 INFO tempest.lib.common.rest_client [req-afee391d-3ef8-4bbb-ac04-c75dad367c22 req-afee391d-3ef8-4bbb-ac04-c75dad367c22 ] Request (FloatingIPsAssociationTestJSON:tearDownClass): 200 GET http://10.180.1.21/compute/v2.1/servers/a5f38726-a400-4b44-a069-f3514bfbaf28 2.033s
2025-11-22 04:01:28.982 66561 INFO tempest.lib.common.rest_client [req-1ce98af3-f741-471c-a833-53f3c8159f53 req-1ce98af3-f741-471c-a833-53f3c8159f53 ] Request (ServerRescueTestJSON:setUpClass): 200 PUT http://10.180.1.21/networking/v2.0/routers/b803b4c0-df00-4c34-8599-6ac7713527cc/add_router_interface 1.222s
2025-11-22 04:01:28.982 66561 INFO tempest.lib.common.dynamic_creds [-] Created isolated network resources for: credentials: Credentials: {'domain_id': 'default', 'domain_name': 'Default', 'username': 'tempest-ServerRescueTestJSON-1807130009-project-member', 'project_domain_id': 'default', 'project_domain_name': 'Default', 'project_id': 'b8833f5b3cfa40a4978b44a5caeec9c6', 'project_name': 'tempest-ServerRescueTestJSON-1807130009', 'tenant_id': 'b8833f5b3cfa40a4978b44a5caeec9c6', 'tenant_name': 'tempest-ServerRescueTestJSON-1807130009', 'user_domain_id': 'default', 'user_domain_name': 'Default', 'user_id': '54b22b4b062d4975bb79701d0d93cac7', 'system': None}, Network: {'id': '9000b732-3a01-4ca8-9ccc-f58661c97b76', 'name': 'tempest-ServerRescueTestJSON-1404744694-network', 'tenant_id': 'b8833f5b3cfa40a4978b44a5caeec9c6', 'project_id': 'b8833f5b3cfa40a4978b44a5caeec9c6', 'admin_state_up': True, 'mtu': 8950, 'status': 'ACTIVE', 'subnets': [], 'shared': False, 'port_security_enabled': True, 'router:external': False, 'provider:network_type': 'vlan', 'provider:physical_network': 'default', 'provider:segmentation_id': 570, 'availability_zone_hints': [], 'availability_zones': [], 'ipv4_address_scope': None, 'ipv6_address_scope': None, 'description': '', 'tags': [], 'created_at': '2025-11-22T04:01:26Z', 'updated_at': '2025-11-22T04:01:26Z', 'revision_number': 1}, Subnet: {'id': '53c00935-1382-40fa-b98d-365359d91738', 'name': 'tempest-ServerRescueTestJSON-1404744694-subnet', 'tenant_id': 'b8833f5b3cfa40a4978b44a5caeec9c6', 'network_id': '9000b732-3a01-4ca8-9ccc-f58661c97b76', 'ip_version': 4, 'subnetpool_id': None, 'enable_dhcp': False, 'ipv6_ra_mode': None, 'ipv6_address_mode': None, 'gateway_ip': '192.168.128.1', 'cidr': '192.168.128.0/28', 'allocation_pools': [{'start': '192.168.128.2', 'end': '192.168.128.14'}], 'host_routes': [], 'dns_nameservers': [], 'description': '', 'router:external': False, 'service_types': [], 'tags': [], 'created_at': '2025-11-22T04:01:26Z', 'updated_at': '2025-11-22T04:01:26Z', 'revision_number': 0, 'project_id': 'b8833f5b3cfa40a4978b44a5caeec9c6'}, Router: {'id': 'b803b4c0-df00-4c34-8599-6ac7713527cc', 'name': 'tempest-ServerRescueTestJSON-1404744694-router', 'tenant_id': 'b8833f5b3cfa40a4978b44a5caeec9c6', 'admin_state_up': True, 'status': 'ACTIVE', 'external_gateway_info': {'network_id': 'ed3249cc-0a43-4de1-a5f5-4940d9c74af3', 'external_fixed_ips': [{'subnet_id': 'f83f4751-8aab-4337-b7b9-f3c70d626b23', 'ip_address': '10.180.180.151'}], 'enable_snat': True}, 'description': '', 'availability_zones': [], 'distributed': False, 'ha': False, 'availability_zone_hints': [], 'routes': [], 'flavor_id': None, 'tags': [], 'created_at': '2025-11-22T04:01:26Z', 'updated_at': '2025-11-22T04:01:27Z', 'revision_number': 2, 'project_id': 'b8833f5b3cfa40a4978b44a5caeec9c6'}
2025-11-22 04:01:29.064 66577 INFO tempest.lib.common.rest_client [req-c42a5f15-2062-4db4-841d-363bd9a906c4 req-c42a5f15-2062-4db4-841d-363bd9a906c4 ] Request (ServersAdminTestJSON:test_rebuild_server_in_error_state): 200 GET http://10.180.1.21/compute/v2.1/servers/147531b4-0ca1-4322-8775-b6b83d1aedfa 2.835s
2025-11-22 04:01:29.078 66577 INFO tempest.common.waiters [-] State transition "REBUILD/rebuilding" ==> "REBUILD/rebuild_spawning" after 4 second wait
2025-11-22 04:01:29.121 66561 INFO tempest.lib.common.rest_client [req-a6bfa868-4277-4bef-aa60-4ba5ff02239f req-a6bfa868-4277-4bef-aa60-4ba5ff02239f ] Request (ServerRescueTestJSON:setUpClass): 201 POST http://10.180.1.21/identity/v3/auth/tokens 0.132s
2025-11-22 04:01:29.174 66561 INFO tempest.lib.common.rest_client [req-fdbceb5e-83c2-4b7f-98ff-f5759604b48b req-fdbceb5e-83c2-4b7f-98ff-f5759604b48b ] Request (ServerRescueTestJSON:setUpClass): 201 POST http://10.180.1.21/identity/v3/auth/tokens 0.047s
2025-11-22 04:01:29.174 66561 INFO tempest.lib.common.fixed_network [-] (ServerRescueTestJSON:setUpClass) Found network {'id': '9000b732-3a01-4ca8-9ccc-f58661c97b76', 'name': 'tempest-ServerRescueTestJSON-1404744694-network', 'tenant_id': 'b8833f5b3cfa40a4978b44a5caeec9c6', 'project_id': 'b8833f5b3cfa40a4978b44a5caeec9c6', 'admin_state_up': True, 'mtu': 8950, 'status': 'ACTIVE', 'subnets': [], 'shared': False, 'port_security_enabled': True, 'router:external': False, 'provider:network_type': 'vlan', 'provider:physical_network': 'default', 'provider:segmentation_id': 570, 'availability_zone_hints': [], 'availability_zones': [], 'ipv4_address_scope': None, 'ipv6_address_scope': None, 'description': '', 'tags': [], 'created_at': '2025-11-22T04:01:26Z', 'updated_at': '2025-11-22T04:01:26Z', 'revision_number': 1} available for tenant
2025-11-22 04:01:29.198 66521 INFO tempest.lib.common.rest_client [req-ae806cd0-67a4-451b-815d-452d190a97ca req-ae806cd0-67a4-451b-815d-452d190a97ca ] Request (ServersListShow2100Test:tearDownClass): 204 DELETE http://10.180.1.21/compute/v2.1/servers/2450464a-6a96-4a9d-aca1-38fa49edd880 1.742s
2025-11-22 04:01:29.340 66565 INFO tempest.lib.common.rest_client [req-f14b7c86-4d82-4510-871b-3d325a33bf6e req-f14b7c86-4d82-4510-871b-3d325a33bf6e ] Request (ServersTestBootFromVolume:setUpClass): 200 GET http://10.180.1.21/volume/v3/volumes/299c2ebf-35d1-4445-ab30-24dae7ac0b45 0.041s
2025-11-22 04:01:29.485 66557 INFO tempest.lib.common.rest_client [req-5c38aad0-de55-40f7-95d0-b1b69232d3ec req-5c38aad0-de55-40f7-95d0-b1b69232d3ec ] Request (AttachInterfacesTestJSON:_run_cleanups): 200 GET http://10.180.1.21/compute/v2.1/servers/427b8d20-c22e-43cc-8523-65defd17efaf 2.556s
2025-11-22 04:01:29.501 66557 INFO tempest.common.waiters [-] State transition "ACTIVE/deleting" ==> "DELETED/None" after 4 second wait
2025-11-22 04:01:29.514 66581 INFO tempest.lib.common.rest_client [req-71a29e62-3f3a-417f-bb19-e0d9eaf38632 req-71a29e62-3f3a-417f-bb19-e0d9eaf38632 ] Request (ImagesOneServerNegativeTestJSON:test_delete_image_that_is_not_yet_active): 404 GET http://10.180.1.21/compute/v2.1/images/951372c6-b34e-4b42-95c2-b75c06aa44e8 1.940s
2025-11-22 04:01:29.557 66543 INFO tempest.lib.common.rest_client [req-d78c0113-fa59-41d1-a7f9-a5f78e689518 req-d78c0113-fa59-41d1-a7f9-a5f78e689518 ] Request (ListImageFiltersTestJSON:setUpClass): 200 GET http://10.180.1.21/compute/v2.1/images/d0e50c68-457e-47bf-9e87-2201b54d18f5 1.979s
2025-11-22 04:01:29.763 66546 WARNING tempest.lib.common.ssh [-] Failed to establish authenticated ssh connection to cirros@10.180.180.250 ([Errno None] Unable to connect to port 22 on 10.180.180.250). Number attempts: 7. Retry after 8 seconds.: paramiko.ssh_exception.NoValidConnectionsError: [Errno None] Unable to connect to port 22 on 10.180.180.250
2025-11-22 04:01:29.818 66549 INFO tempest.lib.common.rest_client [req-6eb665be-4bda-4e21-b89e-5d0a9a2af79e req-6eb665be-4bda-4e21-b89e-5d0a9a2af79e ] Request (ImagesNegativeTestJSON:setUpClass): 201 POST http://10.180.1.21/networking/v2.0/routers 1.438s
2025-11-22 04:01:30.060 66579 INFO tempest.lib.common.rest_client [req-decc58b9-ac6f-4fcb-8608-a4ce200f56d5 req-decc58b9-ac6f-4fcb-8608-a4ce200f56d5 ] Request (AttachInterfacesV270Test:test_create_get_list_interfaces): 200 GET http://10.180.1.21/compute/v2.1/servers/f95e9fc5-48ad-43be-8ab1-807f9c6a5386 2.534s
2025-11-22 04:01:30.404 66565 INFO tempest.lib.common.rest_client [req-09f9db32-3525-4e5f-81b9-dab89382e6ba req-09f9db32-3525-4e5f-81b9-dab89382e6ba ] Request (ServersTestBootFromVolume:setUpClass): 200 GET http://10.180.1.21/volume/v3/volumes/299c2ebf-35d1-4445-ab30-24dae7ac0b45 0.051s
2025-11-22 04:01:31.117 66549 INFO tempest.lib.common.rest_client [req-5f6d83a4-36e6-46af-b310-5ffa94605731 req-5f6d83a4-36e6-46af-b310-5ffa94605731 ] Request (ImagesNegativeTestJSON:setUpClass): 200 PUT http://10.180.1.21/networking/v2.0/routers/19eafd6d-537d-4402-b28f-9388e0dae73a/add_router_interface 1.299s
2025-11-22 04:01:31.118 66549 INFO tempest.lib.common.dynamic_creds [-] Created isolated network resources for: credentials: Credentials: {'domain_id': 'default', 'domain_name': 'Default', 'username': 'tempest-ImagesNegativeTestJSON-1119933978-project-member', 'project_domain_id': 'default', 'project_domain_name': 'Default', 'project_id': '61e6e877f57e44b6aff84c155393c570', 'project_name': 'tempest-ImagesNegativeTestJSON-1119933978', 'tenant_id': '61e6e877f57e44b6aff84c155393c570', 'tenant_name': 'tempest-ImagesNegativeTestJSON-1119933978', 'user_domain_id': 'default', 'user_domain_name': 'Default', 'user_id': '5590b407d0cc4e1abc11762e6733e11a', 'system': None}, Network: {'id': '16de24e4-a598-4ace-968b-7bffef0d62ea', 'name': 'tempest-ImagesNegativeTestJSON-143887178-network', 'tenant_id': '61e6e877f57e44b6aff84c155393c570', 'project_id': '61e6e877f57e44b6aff84c155393c570', 'admin_state_up': True, 'mtu': 8950, 'status': 'ACTIVE', 'subnets': [], 'shared': False, 'port_security_enabled': True, 'router:external': False, 'provider:network_type': 'vlan', 'provider:physical_network': 'default', 'provider:segmentation_id': 580, 'availability_zone_hints': [], 'availability_zones': [], 'ipv4_address_scope': None, 'ipv6_address_scope': None, 'description': '', 'tags': [], 'created_at': '2025-11-22T04:01:27Z', 'updated_at': '2025-11-22T04:01:27Z', 'revision_number': 1}, Subnet: {'id': 'c3a4354d-292d-4382-9212-b0697a37ca56', 'name': 'tempest-ImagesNegativeTestJSON-143887178-subnet', 'tenant_id': '61e6e877f57e44b6aff84c155393c570', 'network_id': '16de24e4-a598-4ace-968b-7bffef0d62ea', 'ip_version': 4, 'subnetpool_id': None, 'enable_dhcp': True, 'ipv6_ra_mode': None, 'ipv6_address_mode': None, 'gateway_ip': '192.168.128.1', 'cidr': '192.168.128.0/28', 'allocation_pools': [{'start': '192.168.128.2', 'end': '192.168.128.14'}], 'host_routes': [], 'dns_nameservers': [], 'description': '', 'router:external': False, 'service_types': [], 'tags': [], 'created_at': '2025-11-22T04:01:28Z', 'updated_at': '2025-11-22T04:01:28Z', 'revision_number': 0, 'project_id': '61e6e877f57e44b6aff84c155393c570'}, Router: {'id': '19eafd6d-537d-4402-b28f-9388e0dae73a', 'name': 'tempest-ImagesNegativeTestJSON-143887178-router', 'tenant_id': '61e6e877f57e44b6aff84c155393c570', 'admin_state_up': True, 'status': 'ACTIVE', 'external_gateway_info': {'network_id': 'ed3249cc-0a43-4de1-a5f5-4940d9c74af3', 'external_fixed_ips': [{'subnet_id': 'f83f4751-8aab-4337-b7b9-f3c70d626b23', 'ip_address': '10.180.180.241'}], 'enable_snat': True}, 'description': '', 'availability_zones': [], 'distributed': False, 'ha': False, 'availability_zone_hints': [], 'routes': [], 'flavor_id': None, 'tags': [], 'created_at': '2025-11-22T04:01:28Z', 'updated_at': '2025-11-22T04:01:29Z', 'revision_number': 2, 'project_id': '61e6e877f57e44b6aff84c155393c570'}
2025-11-22 04:01:31.237 66549 INFO tempest.lib.common.rest_client [req-ce951e6a-9de5-4581-8b2d-926040af5834 req-ce951e6a-9de5-4581-8b2d-926040af5834 ] Request (ImagesNegativeTestJSON:setUpClass): 201 POST http://10.180.1.21/identity/v3/auth/tokens 0.115s
2025-11-22 04:01:31.266 66531 INFO tempest.lib.common.rest_client [req-e466bc4f-2a74-418f-a99b-ff71880e9a1f req-e466bc4f-2a74-418f-a99b-ff71880e9a1f ] Request (DeleteServersTestJSON:test_delete_server_while_in_attached_volume): 200 GET http://10.180.1.21/compute/v2.1/servers/78215cf3-d956-45d0-8a23-8cd5d0e65cec 3.621s
2025-11-22 04:01:31.272 66551 INFO tempest.lib.common.rest_client [req-63e750aa-b095-4cd0-937f-55d82625f863 req-63e750aa-b095-4cd0-937f-55d82625f863 ] Request (HypervisorAdminNegativeTestJSON:test_get_hypervisor_uptime_with_non_admin_user): 403 GET http://10.180.1.21/compute/v2.1/os-hypervisors/1/uptime 3.475s
2025-11-22 04:01:31.282 66555 INFO tempest.lib.common.rest_client [req-3e85df58-4718-4720-abcc-5db0592d8bab req-3e85df58-4718-4720-abcc-5db0592d8bab ] Request (InstanceActionsNegativeTestJSON:setUpClass): 200 GET http://10.180.1.21/compute/v2.1/servers/c4571114-c757-4d7c-9a63-bd09994f1749 3.494s
2025-11-22 04:01:31.293 66549 INFO tempest.lib.common.rest_client [req-640660db-dd8b-46f5-afdd-96a1867a988c req-640660db-dd8b-46f5-afdd-96a1867a988c ] Request (ImagesNegativeTestJSON:test_create_image_from_deleted_server): 201 POST http://10.180.1.21/identity/v3/auth/tokens 0.049s
2025-11-22 04:01:31.293 66549 INFO tempest.lib.common.fixed_network [-] (ImagesNegativeTestJSON:test_create_image_from_deleted_server) Found network {'id': '16de24e4-a598-4ace-968b-7bffef0d62ea', 'name': 'tempest-ImagesNegativeTestJSON-143887178-network', 'tenant_id': '61e6e877f57e44b6aff84c155393c570', 'project_id': '61e6e877f57e44b6aff84c155393c570', 'admin_state_up': True, 'mtu': 8950, 'status': 'ACTIVE', 'subnets': [], 'shared': False, 'port_security_enabled': True, 'router:external': False, 'provider:network_type': 'vlan', 'provider:physical_network': 'default', 'provider:segmentation_id': 580, 'availability_zone_hints': [], 'availability_zones': [], 'ipv4_address_scope': None, 'ipv6_address_scope': None, 'description': '', 'tags': [], 'created_at': '2025-11-22T04:01:27Z', 'updated_at': '2025-11-22T04:01:27Z', 'revision_number': 1} available for tenant
2025-11-22 04:01:31.386 66527 INFO tempest.lib.common.rest_client [req-c0b39dc8-ad3c-40b0-ab0c-a118eb97df8a req-c0b39dc8-ad3c-40b0-ab0c-a118eb97df8a ] Request (ServerTagsTestJSON:test_delete_all_tags): 201 PUT http://10.180.1.21/compute/v2.1/servers/68de0f7f-5b75-48f9-9a56-7089e36d2b42/tags/tempest-tag-610569308 3.478s
2025-11-22 04:01:31.455 66565 INFO tempest.lib.common.rest_client [req-1254be5a-5ce1-4b5c-a16b-8ebc6d3ffd88 req-1254be5a-5ce1-4b5c-a16b-8ebc6d3ffd88 ] Request (ServersTestBootFromVolume:setUpClass): 200 GET http://10.180.1.21/volume/v3/volumes/299c2ebf-35d1-4445-ab30-24dae7ac0b45 0.039s
2025-11-22 04:01:31.509 66547 INFO tempest.lib.common.rest_client [req-fbaabd99-2f2a-4d39-ab22-b772267cf510 req-fbaabd99-2f2a-4d39-ab22-b772267cf510 ] Request (MultipleCreateTestJSON:test_multiple_create_with_reservation_return): 200 GET http://10.180.1.21/compute/v2.1/servers/60d7f7d9-8f3d-4426-bc23-22e28ae071f3 3.687s
2025-11-22 04:01:31.599 66573 INFO tempest.lib.common.rest_client [req-7f2089be-2eef-4ce2-ae5c-13a65e87ace3 req-7f2089be-2eef-4ce2-ae5c-13a65e87ace3 ] Request (ServerActionsTestOtherB:test_resize_server_confirm_from_stopped): 200 GET http://10.180.1.21/compute/v2.1/servers/61409d2c-bff9-489b-9f26-bed96b20ba25 3.459s
2025-11-22 04:01:31.618 66583 INFO tempest.lib.common.rest_client [req-bc076dd6-09fd-43ed-8624-838eac35d5b2 req-bc076dd6-09fd-43ed-8624-838eac35d5b2 ] Request (ServersWithSpecificFlavorTestJSON:test_verify_created_server_ephemeral_disk): 200 GET http://10.180.1.21/compute/v2.1/servers/9d66e70c-f012-46f4-928c-139c7439f4af 3.462s
2025-11-22 04:01:31.685 66529 INFO tempest.lib.common.rest_client [req-954e6491-d6b0-4c66-b7cc-f5bf8ed1eade req-954e6491-d6b0-4c66-b7cc-f5bf8ed1eade ] Request (ServerMetadataTestJSON:setUpClass): 200 GET http://10.180.1.21/compute/v2.1/servers/8a6d7813-ad0d-4afc-90f8-cb269921a61f 3.474s
2025-11-22 04:01:31.708 66569 INFO tempest.lib.common.rest_client [req-1d42b9ad-af64-437a-8013-7e6547fa04a0 req-1d42b9ad-af64-437a-8013-7e6547fa04a0 ] Request (ServerDiagnosticsNegativeTest:test_get_server_diagnostics_by_non_admin): 200 GET http://10.180.1.21/compute/v2.1/servers/1097f4f6-0969-49a4-8ca8-5d958b0b8bfc 3.437s
2025-11-22 04:01:31.801 66535 WARNING tempest.lib.common.ssh [-] Failed to establish authenticated ssh connection to cirros@10.180.180.221 ([Errno None] Unable to connect to port 22 on 10.180.180.221). Number attempts: 2. Retry after 3 seconds.: paramiko.ssh_exception.NoValidConnectionsError: [Errno None] Unable to connect to port 22 on 10.180.180.221
2025-11-22 04:01:31.901 66525 INFO tempest.lib.common.rest_client [req-164c8088-08be-422c-a2ff-e811ba5a7a1a req-164c8088-08be-422c-a2ff-e811ba5a7a1a ] Request (ImagesTestJSON:test_create_server_from_snapshot): 200 GET http://10.180.1.21/compute/v2.1/servers/55e2cac9-535c-46aa-871b-16363ecc6a01 3.550s
2025-11-22 04:01:31.914 66525 INFO tempest.common.waiters [-] State transition "BUILD/None" ==> "BUILD/block_device_mapping" after 30 second wait
2025-11-22 04:01:31.939 66559 INFO tempest.lib.common.rest_client [req-ff208497-32d5-4bad-8cbf-36ef7851b3c5 req-ff208497-32d5-4bad-8cbf-36ef7851b3c5 ] Request (MigrationsAdminTest:test_list_migrations_in_flavor_resize_situation): 200 GET http://10.180.1.21/compute/v2.1/servers/6e410dc7-bbec-4a14-891f-0588f1c95069 3.568s
2025-11-22 04:01:32.069 66541 INFO tempest.lib.common.rest_client [req-a867fcfc-ebc3-4fc6-a688-365dacabb098 req-a867fcfc-ebc3-4fc6-a688-365dacabb098 ] Request (ServerShowV254Test:test_rebuild_server): 200 GET http://10.180.1.21/compute/v2.1/servers/a090d2e2-a6b5-4e8b-91b1-a94b8fd30e9d 3.395s
2025-11-22 04:01:32.078 66541 INFO tempest.common.waiters [-] State transition "REBUILD/rebuild_spawning" ==> "ACTIVE/None" after 13 second wait
2025-11-22 04:01:32.115 66537 INFO tempest.lib.common.rest_client [req-1821daab-270f-4570-bf83-d219858d03c4 req-1821daab-270f-4570-bf83-d219858d03c4 ] Request (ServersTestJSON:setUpClass): 200 GET http://10.180.1.21/compute/v2.1/servers/8cfc98a1-626c-4c89-89be-34121d69ba07 3.640s
2025-11-22 04:01:32.123 66537 INFO tempest.common.waiters [-] State transition "BUILD/None" ==> "BUILD/spawning" after 43 second wait
2025-11-22 04:01:32.141 66571 INFO tempest.lib.common.rest_client [req-e5edb3e3-f08f-42ec-b3fb-19c343e1d21c req-e5edb3e3-f08f-42ec-b3fb-19c343e1d21c ] Request (ServersAdminNegativeTestJSON:test_migrate_server_invalid_state): 200 GET http://10.180.1.21/compute/v2.1/servers/707744d0-cb16-48dd-be8b-4833791cce67 3.032s
2025-11-22 04:01:32.265 66521 INFO tempest.lib.common.rest_client [req-526f97a0-5dc3-41e0-818f-7b6bdc2dc9ec req-526f97a0-5dc3-41e0-818f-7b6bdc2dc9ec ] Request (ServersListShow2100Test:tearDownClass): 200 GET http://10.180.1.21/compute/v2.1/servers/2450464a-6a96-4a9d-aca1-38fa49edd880 3.066s
2025-11-22 04:01:32.421 66539 INFO tempest.lib.common.rest_client [req-eec5496e-16f6-4656-9723-c2d06acdae1b req-eec5496e-16f6-4656-9723-c2d06acdae1b ] Request (ListServersNegativeTestJSON:setUpClass): 200 GET http://10.180.1.21/compute/v2.1/servers/09025781-ef8d-4894-a7b3-5da058a34d19 3.204s
2025-11-22 04:01:32.495 66565 INFO tempest.lib.common.rest_client [req-09448608-d80d-4aff-a708-c93a321c184e req-09448608-d80d-4aff-a708-c93a321c184e ] Request (ServersTestBootFromVolume:setUpClass): 200 GET http://10.180.1.21/volume/v3/volumes/299c2ebf-35d1-4445-ab30-24dae7ac0b45 0.033s
2025-11-22 04:01:32.734 66581 INFO tempest.lib.common.rest_client [req-d241ad42-1d2c-45d9-b66e-95c02c204211 req-d241ad42-1d2c-45d9-b66e-95c02c204211 ] Request (ImagesOneServerNegativeTestJSON:tearDown): 200 GET http://10.180.1.21/compute/v2.1/servers/63de16b7-8dc2-4a33-9107-9c3dc44c10f0 3.220s
2025-11-22 04:01:32.923 66533 INFO tempest.lib.common.rest_client [req-e6f41d52-ccdd-4342-bc4d-e844dc996462 req-e6f41d52-ccdd-4342-bc4d-e844dc996462 ] Request (FloatingIPsAssociationTestJSON:tearDownClass): 200 GET http://10.180.1.21/compute/v2.1/servers/a5f38726-a400-4b44-a069-f3514bfbaf28 3.360s
2025-11-22 04:01:32.957 66561 INFO tempest.lib.common.rest_client [req-e5dc9982-c6a9-4ace-b796-40c508e7c611 req-e5dc9982-c6a9-4ace-b796-40c508e7c611 ] Request (ServerRescueTestJSON:setUpClass): 202 POST http://10.180.1.21/compute/v2.1/servers 3.781s
2025-11-22 04:01:33.177 66557 INFO tempest.lib.common.rest_client [req-ee913061-09fa-4de0-852a-23d13e4575b0 req-ee913061-09fa-4de0-852a-23d13e4575b0 ] Request (AttachInterfacesTestJSON:_run_cleanups): 200 GET http://10.180.1.21/compute/v2.1/servers/427b8d20-c22e-43cc-8523-65defd17efaf 2.675s
2025-11-22 04:01:33.228 66543 INFO tempest.lib.common.rest_client [req-060dc533-b2e8-4767-ab00-24fc279c4a5e req-060dc533-b2e8-4767-ab00-24fc279c4a5e ] Request (ListImageFiltersTestJSON:setUpClass): 200 GET http://10.180.1.21/compute/v2.1/images/d0e50c68-457e-47bf-9e87-2201b54d18f5 2.666s
2025-11-22 04:01:33.309 66577 INFO tempest.lib.common.rest_client [req-c3d93302-aec5-4b15-9555-6599dd69b3f8 req-c3d93302-aec5-4b15-9555-6599dd69b3f8 ] Request (ServersAdminTestJSON:test_rebuild_server_in_error_state): 200 GET http://10.180.1.21/compute/v2.1/servers/147531b4-0ca1-4322-8775-b6b83d1aedfa 3.230s
2025-11-22 04:01:33.315 66551 INFO tempest.lib.common.rest_client [req-e9abe760-db71-4bd1-9e6e-30baeca48132 req-e9abe760-db71-4bd1-9e6e-30baeca48132 ] Request (HypervisorAdminNegativeTestJSON:test_get_nonexistent_hypervisor_uptime): 404 GET http://10.180.1.21/compute/v2.1/os-hypervisors/719a0bf3-1cef-49e0-b5ed-4240a94a0e5d/uptime 2.041s
2025-11-22 04:01:33.320 66577 INFO tempest.common.waiters [-] State transition "REBUILD/rebuild_spawning" ==> "ACTIVE/None" after 8 second wait
2025-11-22 04:01:33.538 66579 INFO tempest.lib.common.rest_client [req-0c02914b-959e-4ea7-961e-2fa86d95dcd7 req-0c02914b-959e-4ea7-961e-2fa86d95dcd7 ] Request (AttachInterfacesV270Test:test_create_get_list_interfaces): 200 GET http://10.180.1.21/compute/v2.1/servers/f95e9fc5-48ad-43be-8ab1-807f9c6a5386 2.467s
2025-11-22 04:01:33.539 66565 INFO tempest.lib.common.rest_client [req-02191d2d-0ef7-45de-b118-89c0809413b8 req-02191d2d-0ef7-45de-b118-89c0809413b8 ] Request (ServersTestBootFromVolume:setUpClass): 200 GET http://10.180.1.21/volume/v3/volumes/299c2ebf-35d1-4445-ab30-24dae7ac0b45 0.037s
2025-11-22 04:01:33.558 66579 INFO tempest.common.waiters [-] State transition "BUILD/spawning" ==> "ACTIVE/None" after 47 second wait
2025-11-22 04:01:33.627 66527 INFO tempest.lib.common.rest_client [req-04b7c515-369d-4b60-97ed-f2b95e135c39 req-04b7c515-369d-4b60-97ed-f2b95e135c39 ] Request (ServerTagsTestJSON:test_delete_all_tags): 204 DELETE http://10.180.1.21/compute/v2.1/servers/68de0f7f-5b75-48f9-9a56-7089e36d2b42/tags 2.239s
2025-11-22 04:01:33.740 66547 INFO tempest.lib.common.rest_client [req-3bfc2704-6a00-4217-990b-d5f644ce01a4 req-3bfc2704-6a00-4217-990b-d5f644ce01a4 ] Request (MultipleCreateTestJSON:tearDownClass): 204 DELETE http://10.180.1.21/compute/v2.1/servers/60d7f7d9-8f3d-4426-bc23-22e28ae071f3 2.212s
2025-11-22 04:01:33.764 66541 INFO tempest.lib.common.rest_client [req-d74884a0-a717-4706-b43d-46d73c25fa44 req-d74884a0-a717-4706-b43d-46d73c25fa44 ] Request (ServerShowV254Test:_run_cleanups): 204 DELETE http://10.180.1.21/compute/v2.1/os-keypairs/tempest-ServerShowV254Test-keypair-699783746 1.685s
2025-11-22 04:01:33.859 66549 INFO tempest.lib.common.rest_client [req-baeb7d23-1a88-4526-8b61-0257295026aa req-baeb7d23-1a88-4526-8b61-0257295026aa ] Request (ImagesNegativeTestJSON:test_create_image_from_deleted_server): 202 POST http://10.180.1.21/compute/v2.1/servers 2.565s
2025-11-22 04:01:33.928 66531 INFO tempest.lib.common.rest_client [req-8d5942ff-1bbc-4a12-9713-2382221865f0 req-8d5942ff-1bbc-4a12-9713-2382221865f0 ] Request (DeleteServersTestJSON:test_delete_server_while_in_attached_volume): 200 GET http://10.180.1.21/compute/v2.1/servers/78215cf3-d956-45d0-8a23-8cd5d0e65cec 1.648s
2025-11-22 04:01:33.937 66531 INFO tempest.common.waiters [-] State transition "BUILD/spawning" ==> "ACTIVE/None" after 47 second wait
2025-11-22 04:01:33.950 66555 INFO tempest.lib.common.rest_client [req-f2d6a492-cbc6-40e5-aebb-d1abc3fc3d60 req-f2d6a492-cbc6-40e5-aebb-d1abc3fc3d60 ] Request (InstanceActionsNegativeTestJSON:setUpClass): 200 GET http://10.180.1.21/compute/v2.1/servers/c4571114-c757-4d7c-9a63-bd09994f1749 1.659s
2025-11-22 04:01:34.044 66583 INFO tempest.lib.common.rest_client [req-e0abde75-f07d-43a0-9b69-c350c5867947 req-e0abde75-f07d-43a0-9b69-c350c5867947 ] Request (ServersWithSpecificFlavorTestJSON:test_verify_created_server_ephemeral_disk): 200 GET http://10.180.1.21/compute/v2.1/servers/9d66e70c-f012-46f4-928c-139c7439f4af 1.415s
2025-11-22 04:01:34.122 66529 INFO tempest.lib.common.rest_client [req-a246f70e-33c4-4635-bb9c-911e173fd2f4 req-a246f70e-33c4-4635-bb9c-911e173fd2f4 ] Request (ServerMetadataTestJSON:setUpClass): 200 GET http://10.180.1.21/compute/v2.1/servers/8a6d7813-ad0d-4afc-90f8-cb269921a61f 1.422s
2025-11-22 04:01:34.154 66573 INFO tempest.lib.common.rest_client [req-8882249b-64a3-4677-807c-51ab112c634b req-8882249b-64a3-4677-807c-51ab112c634b ] Request (ServerActionsTestOtherB:test_resize_server_confirm_from_stopped): 200 GET http://10.180.1.21/compute/v2.1/servers/61409d2c-bff9-489b-9f26-bed96b20ba25 1.541s
2025-11-22 04:01:34.185 66531 INFO tempest.lib.common.rest_client [req-b108ff55-c550-4885-98ab-0a8c785e7171 req-b108ff55-c550-4885-98ab-0a8c785e7171 ] Request (DeleteServersTestJSON:test_delete_server_while_in_attached_volume): 202 POST http://10.180.1.21/volume/v3/volumes 0.247s
2025-11-22 04:01:34.204 66569 INFO tempest.lib.common.rest_client [req-37ba6e99-c36c-4acb-9835-d318ff6e9199 req-37ba6e99-c36c-4acb-9835-d318ff6e9199 ] Request (ServerDiagnosticsNegativeTest:test_get_server_diagnostics_by_non_admin): 200 GET http://10.180.1.21/compute/v2.1/servers/1097f4f6-0969-49a4-8ca8-5d958b0b8bfc 1.487s
2025-11-22 04:01:34.232 66531 INFO tempest.lib.common.rest_client [req-8d202e28-d87d-4878-aac8-7cd171e1e299 req-8d202e28-d87d-4878-aac8-7cd171e1e299 ] Request (DeleteServersTestJSON:test_delete_server_while_in_attached_volume): 200 GET http://10.180.1.21/volume/v3/volumes/ab2f454c-0172-4a10-bf25-5a9728270c19 0.040s
2025-11-22 04:01:34.293 66581 INFO tempest.lib.common.rest_client [req-6eb31d05-fb9d-47eb-bb28-69b4bbc0609a req-6eb31d05-fb9d-47eb-bb28-69b4bbc0609a ] Request (ImagesOneServerNegativeTestJSON:_run_cleanups): 204 DELETE http://10.180.1.21/compute/v2.1/servers/63de16b7-8dc2-4a33-9107-9c3dc44c10f0 1.546s
2025-11-22 04:01:34.420 66525 INFO tempest.lib.common.rest_client [req-172f03c7-1287-47ff-8e32-0720145adf4f req-172f03c7-1287-47ff-8e32-0720145adf4f ] Request (ImagesTestJSON:test_create_server_from_snapshot): 200 GET http://10.180.1.21/compute/v2.1/servers/55e2cac9-535c-46aa-871b-16363ecc6a01 1.503s
2025-11-22 04:01:34.431 66525 INFO tempest.common.waiters [-] State transition "BUILD/block_device_mapping" ==> "BUILD/spawning" after 33 second wait
2025-11-22 04:01:34.500 66561 INFO tempest.lib.common.rest_client [req-2a782e6d-6272-4615-94a6-d69942c45679 req-2a782e6d-6272-4615-94a6-d69942c45679 ] Request (ServerRescueTestJSON:setUpClass): 200 GET http://10.180.1.21/compute/v2.1/servers/c4446c54-14ea-4113-88b0-5902392c51a3 1.541s
2025-11-22 04:01:34.500 66559 INFO tempest.lib.common.rest_client [req-973a75f6-4382-40e8-a96a-be1d31872dfb req-973a75f6-4382-40e8-a96a-be1d31872dfb ] Request (MigrationsAdminTest:test_list_migrations_in_flavor_resize_situation): 200 GET http://10.180.1.21/compute/v2.1/servers/6e410dc7-bbec-4a14-891f-0588f1c95069 1.551s
2025-11-22 04:01:34.609 66565 INFO tempest.lib.common.rest_client [req-2cf0fd8f-61bc-4b0d-b2c4-ee063f0a972e req-2cf0fd8f-61bc-4b0d-b2c4-ee063f0a972e ] Request (ServersTestBootFromVolume:setUpClass): 200 GET http://10.180.1.21/volume/v3/volumes/299c2ebf-35d1-4445-ab30-24dae7ac0b45 0.058s
