2025-11-22 03:58:27.544 66565 INFO tempest.lib.common.dynamic_creds [-] Created isolated network resources for: credentials: Credentials: {'domain_id': 'default', 'domain_name': 'Default', 'username': 'tempest-AttachInterfacesUnderV243Test-2118246210-project-member', 'project_domain_id': 'default', 'project_domain_name': 'Default', 'project_id': '2e4ecc38af2b44d190185c0e32e1e3d0', 'project_name': 'tempest-AttachInterfacesUnderV243Test-2118246210', 'tenant_id': '2e4ecc38af2b44d190185c0e32e1e3d0', 'tenant_name': 'tempest-AttachInterfacesUnderV243Test-2118246210', 'user_domain_id': 'default', 'user_domain_name': 'Default', 'user_id': '845b906f02ff4404876335bf78f43c4d', 'system': None}, Network: {'id': '7a641612-69b1-4c8c-8a10-05e0a5884e63', 'name': 'tempest-AttachInterfacesUnderV243Test-2044147089-network', 'tenant_id': '2e4ecc38af2b44d190185c0e32e1e3d0', 'project_id': '2e4ecc38af2b44d190185c0e32e1e3d0', 'admin_state_up': True, 'mtu': 8950, 'status': 'ACTIVE', 'subnets': [], 'shared': False, 'port_security_enabled': True, 'router:external': False, 'provider:network_type': 'vlan', 'provider:physical_network': 'default', 'provider:segmentation_id': 200, 'availability_zone_hints': [], 'availability_zones': [], 'ipv4_address_scope': None, 'ipv6_address_scope': None, 'description': '', 'tags': [], 'created_at': '2025-11-22T03:58:24Z', 'updated_at': '2025-11-22T03:58:24Z', 'revision_number': 1}, Subnet: {'id': '237305e2-7155-46d0-aad9-826149b6b11d', 'name': 'tempest-AttachInterfacesUnderV243Test-2044147089-subnet', 'tenant_id': '2e4ecc38af2b44d190185c0e32e1e3d0', 'network_id': '7a641612-69b1-4c8c-8a10-05e0a5884e63', 'ip_version': 4, 'subnetpool_id': None, 'enable_dhcp': True, 'ipv6_ra_mode': None, 'ipv6_address_mode': None, 'gateway_ip': '192.168.128.1', 'cidr': '192.168.128.0/28', 'allocation_pools': [{'start': '192.168.128.2', 'end': '192.168.128.14'}], 'host_routes': [], 'dns_nameservers': [], 'description': '', 'router:external': False, 'service_types': [], 'tags': [], 'created_at': '2025-11-22T03:58:24Z', 'updated_at': '2025-11-22T03:58:24Z', 'revision_number': 0, 'project_id': '2e4ecc38af2b44d190185c0e32e1e3d0'}, Router: {'id': 'e2dfab68-e002-4097-a01e-55679350a5b2', 'name': 'tempest-AttachInterfacesUnderV243Test-2044147089-router', 'tenant_id': '2e4ecc38af2b44d190185c0e32e1e3d0', 'admin_state_up': True, 'status': 'ACTIVE', 'external_gateway_info': {'network_id': 'ed3249cc-0a43-4de1-a5f5-4940d9c74af3', 'external_fixed_ips': [{'subnet_id': 'f83f4751-8aab-4337-b7b9-f3c70d626b23', 'ip_address': '10.180.180.198'}], 'enable_snat': True}, 'description': '', 'availability_zones': [], 'distributed': False, 'ha': False, 'availability_zone_hints': [], 'routes': [], 'flavor_id': None, 'tags': [], 'created_at': '2025-11-22T03:58:25Z', 'updated_at': '2025-11-22T03:58:25Z', 'revision_number': 2, 'project_id': '2e4ecc38af2b44d190185c0e32e1e3d0'}
2025-11-22 03:58:27.628 66565 INFO tempest.lib.common.rest_client [req-3a679934-b7f7-4de5-979f-84181a834d15 req-3a679934-b7f7-4de5-979f-84181a834d15 ] Request (AttachInterfacesUnderV243Test:setUpClass): 201 POST http://10.180.1.21/identity/v3/auth/tokens 0.080s
2025-11-22 03:58:27.760 66563 INFO tempest.lib.common.rest_client [req-7a4c1162-2e75-4d3e-8fd0-45bd1c6bd721 req-7a4c1162-2e75-4d3e-8fd0-45bd1c6bd721 ] Request (ServicesAdminTestJSON:tearDownClass): 200 GET http://10.180.1.21/networking/v2.0/security-groups?tenant_id=c592877ad4d849efbcc8d0c9d68da9fa&name=default 1.554s
2025-11-22 03:58:27.974 66577 INFO tempest.lib.common.rest_client [req-fcab4d1e-b553-48c7-88ad-30ca48d92b43 req-fcab4d1e-b553-48c7-88ad-30ca48d92b43 ] Request (ServersAdminTestJSON:setUpClass): 201 POST http://10.180.1.21/networking/v2.0/subnets 1.144s
2025-11-22 03:58:28.150 66563 INFO tempest.lib.common.rest_client [req-82b4d01a-1dca-4fea-8877-b53c081e7f8d req-82b4d01a-1dca-4fea-8877-b53c081e7f8d ] Request (ServicesAdminTestJSON:tearDownClass): 204 DELETE http://10.180.1.21/networking/v2.0/security-groups/b12f6d43-9ebb-4276-871a-35950d133c78 0.390s
2025-11-22 03:58:28.287 66563 INFO tempest.lib.common.rest_client [req-874d2dfe-b69c-4d9e-a0ab-f6f0cf97a65a req-874d2dfe-b69c-4d9e-a0ab-f6f0cf97a65a ] Request (ServicesAdminTestJSON:tearDownClass): 204 DELETE http://10.180.1.21/identity/v3/projects/c592877ad4d849efbcc8d0c9d68da9fa 0.136s
2025-11-22 03:58:28.352 66563 INFO tempest.lib.common.rest_client [req-391c9e88-7434-4993-9d03-986dfc58c6ca req-391c9e88-7434-4993-9d03-986dfc58c6ca ] Request (FlavorsV2TestJSON:setUpClass): 201 POST http://10.180.1.21/identity/v3/auth/tokens 0.064s
2025-11-22 03:58:28.385 66563 INFO tempest.lib.common.rest_client [req-781e33e4-8e27-4f34-9fba-31ced9f5ab66 req-781e33e4-8e27-4f34-9fba-31ced9f5ab66 ] Request (FlavorsV2TestJSON:setUpClass): 201 POST http://10.180.1.21/identity/v3/auth/tokens 0.028s
2025-11-22 03:58:28.408 66563 INFO tempest.lib.common.rest_client [req-ec9de3ab-eed1-4ff3-8088-4d2046e007b3 req-ec9de3ab-eed1-4ff3-8088-4d2046e007b3 ] Request (FlavorsV2TestJSON:setUpClass): 200 GET http://10.180.1.21/identity/v3/domains?name=Default 0.022s
2025-11-22 03:58:28.435 66563 INFO tempest.lib.common.rest_client [req-95ca04b1-85da-4652-aba5-d031c07fffe4 req-95ca04b1-85da-4652-aba5-d031c07fffe4 ] Request (FlavorsV2TestJSON:setUpClass): 201 POST http://10.180.1.21/identity/v3/projects 0.027s
2025-11-22 03:58:28.499 66563 INFO tempest.lib.common.rest_client [req-d5aa36fb-991a-4da4-8bc3-b6b3b811f6fa req-d5aa36fb-991a-4da4-8bc3-b6b3b811f6fa ] Request (FlavorsV2TestJSON:setUpClass): 201 POST http://10.180.1.21/identity/v3/users 0.063s
2025-11-22 03:58:28.523 66563 INFO tempest.lib.common.rest_client [req-992a7699-cc42-4462-99b6-544a3b51d12c req-992a7699-cc42-4462-99b6-544a3b51d12c ] Request (FlavorsV2TestJSON:setUpClass): 200 GET http://10.180.1.21/identity/v3/roles 0.024s
2025-11-22 03:58:28.558 66563 INFO tempest.lib.common.rest_client [req-63a23fd0-327c-416f-867a-225c2dde3171 req-63a23fd0-327c-416f-867a-225c2dde3171 ] Request (FlavorsV2TestJSON:setUpClass): 204 PUT http://10.180.1.21/identity/v3/projects/97d84bd1755f49fd89a3648b12419c8a/users/a90948417af342edb8ce2471ef6060bd/roles/acd5777349bd48e5bffac74adfa2d281 0.034s
2025-11-22 03:58:28.558 66563 INFO tempest.lib.common.dynamic_creds [-] Dynamic test user a90948417af342edb8ce2471ef6060bd is created with scope project and roles: ['member']
2025-11-22 03:58:28.559 66563 INFO tempest.lib.common.dynamic_creds [-] Acquired dynamic creds: credentials: Credentials: {'domain_id': 'default', 'domain_name': 'Default', 'username': 'tempest-FlavorsV2TestJSON-1146097330-project-member', 'project_domain_id': 'default', 'project_domain_name': 'Default', 'project_id': '97d84bd1755f49fd89a3648b12419c8a', 'project_name': 'tempest-FlavorsV2TestJSON-1146097330', 'tenant_id': '97d84bd1755f49fd89a3648b12419c8a', 'tenant_name': 'tempest-FlavorsV2TestJSON-1146097330', 'user_domain_id': 'default', 'user_domain_name': 'Default', 'user_id': 'a90948417af342edb8ce2471ef6060bd', 'system': None}, Network: None, Subnet: None, Router: None
2025-11-22 03:58:28.559 66563 INFO tempest.lib.common.dynamic_creds [-] Created isolated network resources for: credentials: Credentials: {'domain_id': 'default', 'domain_name': 'Default', 'username': 'tempest-FlavorsV2TestJSON-1146097330-project-member', 'project_domain_id': 'default', 'project_domain_name': 'Default', 'project_id': '97d84bd1755f49fd89a3648b12419c8a', 'project_name': 'tempest-FlavorsV2TestJSON-1146097330', 'tenant_id': '97d84bd1755f49fd89a3648b12419c8a', 'tenant_name': 'tempest-FlavorsV2TestJSON-1146097330', 'user_domain_id': 'default', 'user_domain_name': 'Default', 'user_id': 'a90948417af342edb8ce2471ef6060bd', 'system': None}, Network: None, Subnet: None, Router: None
2025-11-22 03:58:28.634 66563 INFO tempest.lib.common.rest_client [req-bde4089a-3882-48d4-bffc-aea910ae882d req-bde4089a-3882-48d4-bffc-aea910ae882d ] Request (FlavorsV2TestJSON:setUpClass): 201 POST http://10.180.1.21/identity/v3/auth/tokens 0.071s
2025-11-22 03:58:28.733 66529 INFO tempest.lib.common.rest_client [req-7a5e5ff7-b67a-4630-b120-b2b3de5821b5 req-7a5e5ff7-b67a-4630-b120-b2b3de5821b5 ] Request (SecurityGroupRulesTestJSON:test_security_group_rules_create_with_optional_group_id): 200 POST http://10.180.1.21/compute/v2.1/os-security-group-rules 5.608s
2025-11-22 03:58:28.739 66529 WARNING tempest.lib.common.rest_client [-] Deprecated: "tenant_id" property is deprecated for removal, use "project_id" instead
2025-11-22 03:58:28.742 66521 INFO tempest.lib.common.rest_client [req-bf18bf42-bfb4-461c-bfa2-5b99b65e52a6 req-bf18bf42-bfb4-461c-bfa2-5b99b65e52a6 ] Request (HostsAdminNegativeTestJSON:test_show_host_detail_with_nonexistent_hostname): 404 GET http://10.180.1.21/compute/v2.1/os-hosts/nonexistent_hostname 5.609s
2025-11-22 03:58:28.757 66583 INFO tempest.lib.common.rest_client [req-a05b8d29-5f50-4c7e-be25-f0a498ee0ec2 req-a05b8d29-5f50-4c7e-be25-f0a498ee0ec2 ] Request (ServersWithSpecificFlavorTestJSON:test_verify_created_server_ephemeral_disk): 200 GET http://10.180.1.21/compute/v2.1/flavors/42/os-extra_specs 5.577s
2025-11-22 03:58:28.876 66577 INFO tempest.lib.common.rest_client [req-52179721-66d0-4e6d-9842-a6d1c3e5b431 req-52179721-66d0-4e6d-9842-a6d1c3e5b431 ] Request (ServersAdminTestJSON:setUpClass): 201 POST http://10.180.1.21/networking/v2.0/routers 0.902s
2025-11-22 03:58:29.009 66573 INFO tempest.lib.common.rest_client [req-c25cd26a-b4f0-43fc-b2b1-fd4891173c45 req-c25cd26a-b4f0-43fc-b2b1-fd4891173c45 ] Request (ServerActionsTestOtherB:setUpClass): 202 POST http://10.180.1.21/compute/v2.1/servers 7.077s
2025-11-22 03:58:29.021 66537 INFO tempest.lib.common.rest_client [req-d054c814-b234-46f2-b526-7a5e23e6cea6 req-d054c814-b234-46f2-b526-7a5e23e6cea6 ] Request (ServerExternalEventsTest:test_create_server_external_events): 200 GET http://10.180.1.21/compute/v2.1/servers/01d63300-0a46-4e7e-87e4-d6f24f7219ed 5.763s
2025-11-22 03:58:29.048 66561 INFO tempest.lib.common.rest_client [req-0a7eeb24-ed99-4a19-936d-a51e90b58c01 req-0a7eeb24-ed99-4a19-936d-a51e90b58c01 ] Request (FlavorsV255TestJSON:test_crud_flavor): 200 GET http://10.180.1.21/compute/v2.1/flavors 5.193s
2025-11-22 03:58:29.056 66557 INFO tempest.lib.common.rest_client [req-7c843121-5df9-4aa6-9a47-eab795af21e4 req-7c843121-5df9-4aa6-9a47-eab795af21e4 ] Request (ImagesMetadataTestJSON:test_delete_image_metadata_item): 200 GET http://10.180.1.21/compute/v2.1/images/56276d98-f429-4bad-a3af-874e43d66b1e/metadata 5.671s
2025-11-22 03:58:29.176 66549 INFO tempest.lib.common.rest_client [req-423d747c-5291-468b-9948-f150a4fe8fa2 req-423d747c-5291-468b-9948-f150a4fe8fa2 ] Request (AggregatesAdminNegativeTestJSON:_run_cleanups): 200 POST http://10.180.1.21/compute/v2.1/os-aggregates/1/action 5.283s
2025-11-22 03:58:29.201 66527 INFO tempest.lib.common.rest_client [req-74d1bbf9-31d1-4935-b1ba-824f4f6d6249 req-74d1bbf9-31d1-4935-b1ba-824f4f6d6249 ] Request (HypervisorAdminTestJSON:test_get_hypervisor_stats): 200 GET http://10.180.1.21/compute/v2.1/os-hypervisors/statistics 4.741s
2025-11-22 03:58:29.217 66543 INFO tempest.lib.common.rest_client [req-7960b998-bd81-435d-b6d2-ed2d523a2075 req-7960b998-bd81-435d-b6d2-ed2d523a2075 ] Request (KeyPairsV210TestJSON:test_admin_manage_keypairs_for_other_users): 200 GET http://10.180.1.21/compute/v2.1/os-keypairs?user_id=55145af40ba748dd84e80ef9f8ac0b84 4.727s
2025-11-22 03:58:29.231 66553 INFO tempest.lib.common.rest_client [req-53b6f9c7-3a8c-4107-a18b-89f5ae83e31a req-53b6f9c7-3a8c-4107-a18b-89f5ae83e31a ] Request (FlavorsAccessTestJSON:test_flavor_access_add_remove): 200 POST http://10.180.1.21/compute/v2.1/flavors/1299651465/action 5.220s
2025-11-22 03:58:29.381 66527 INFO tempest.lib.common.rest_client [req-e7d7fd1d-41aa-4f06-9dd8-860941cab403 req-e7d7fd1d-41aa-4f06-9dd8-860941cab403 ] Request (HypervisorAdminTestJSON:tearDownClass): 204 DELETE http://10.180.1.21/identity/v3/users/57e69dfbb2cd427f85c6e5fd1e80c7df 0.174s
2025-11-22 03:58:29.496 66527 INFO tempest.lib.common.rest_client [req-c42914d9-db7c-4e7a-863d-bed938c98374 req-c42914d9-db7c-4e7a-863d-bed938c98374 ] Request (HypervisorAdminTestJSON:tearDownClass): 204 DELETE http://10.180.1.21/identity/v3/users/2d368aa54c8b47a28fa5b799349e71cc 0.114s
2025-11-22 03:58:29.498 66527 INFO tempest.lib.common.dynamic_creds [-] Deleting project and security group for project: 7adb3ae4ff8e49de880b2484ba9dccd4
2025-11-22 03:58:29.591 66527 INFO tempest.lib.common.rest_client [req-e0985c0b-fe78-4b97-be74-02f140c6ca98 req-e0985c0b-fe78-4b97-be74-02f140c6ca98 ] Request (HypervisorAdminTestJSON:tearDownClass): 201 POST http://10.180.1.21/identity/v3/auth/tokens 0.093s
2025-11-22 03:58:29.945 66577 INFO tempest.lib.common.rest_client [req-104cae60-edd6-40d6-b5de-25903c298978 req-104cae60-edd6-40d6-b5de-25903c298978 ] Request (ServersAdminTestJSON:setUpClass): 200 PUT http://10.180.1.21/networking/v2.0/routers/18b070bd-c563-411a-bb20-b49ecd3e88bf/add_router_interface 1.069s
2025-11-22 03:58:29.946 66577 INFO tempest.lib.common.dynamic_creds [-] Created isolated network resources for: credentials: Credentials: {'domain_id': 'default', 'domain_name': 'Default', 'username': 'tempest-ServersAdminTestJSON-1652912630-project-member', 'project_domain_id': 'default', 'project_domain_name': 'Default', 'project_id': '2d04960b751c4d75bd2850f2f00596ed', 'project_name': 'tempest-ServersAdminTestJSON-1652912630', 'tenant_id': '2d04960b751c4d75bd2850f2f00596ed', 'tenant_name': 'tempest-ServersAdminTestJSON-1652912630', 'user_domain_id': 'default', 'user_domain_name': 'Default', 'user_id': '164cfd8016f045f9a8cf28d43ee581c8', 'system': None}, Network: {'id': 'a1ef0636-973b-44ff-b505-4d22ab848ff9', 'name': 'tempest-ServersAdminTestJSON-222083440-network', 'tenant_id': '2d04960b751c4d75bd2850f2f00596ed', 'project_id': '2d04960b751c4d75bd2850f2f00596ed', 'admin_state_up': True, 'mtu': 8950, 'status': 'ACTIVE', 'subnets': [], 'shared': False, 'port_security_enabled': True, 'router:external': False, 'provider:network_type': 'vlan', 'provider:physical_network': 'default', 'provider:segmentation_id': 495, 'availability_zone_hints': [], 'availability_zones': [], 'ipv4_address_scope': None, 'ipv6_address_scope': None, 'description': '', 'tags': [], 'created_at': '2025-11-22T03:58:26Z', 'updated_at': '2025-11-22T03:58:26Z', 'revision_number': 1}, Subnet: {'id': '4e755660-0972-438d-af1e-c6dc52edfbbd', 'name': 'tempest-ServersAdminTestJSON-222083440-subnet', 'tenant_id': '2d04960b751c4d75bd2850f2f00596ed', 'network_id': 'a1ef0636-973b-44ff-b505-4d22ab848ff9', 'ip_version': 4, 'subnetpool_id': None, 'enable_dhcp': True, 'ipv6_ra_mode': None, 'ipv6_address_mode': None, 'gateway_ip': '192.168.128.1', 'cidr': '192.168.128.0/28', 'allocation_pools': [{'start': '192.168.128.2', 'end': '192.168.128.14'}], 'host_routes': [], 'dns_nameservers': [], 'description': '', 'router:external': False, 'service_types': [], 'tags': [], 'created_at': '2025-11-22T03:58:27Z', 'updated_at': '2025-11-22T03:58:27Z', 'revision_number': 0, 'project_id': '2d04960b751c4d75bd2850f2f00596ed'}, Router: {'id': '18b070bd-c563-411a-bb20-b49ecd3e88bf', 'name': 'tempest-ServersAdminTestJSON-222083440-router', 'tenant_id': '2d04960b751c4d75bd2850f2f00596ed', 'admin_state_up': True, 'status': 'ACTIVE', 'external_gateway_info': {'network_id': 'ed3249cc-0a43-4de1-a5f5-4940d9c74af3', 'external_fixed_ips': [{'subnet_id': 'f83f4751-8aab-4337-b7b9-f3c70d626b23', 'ip_address': '10.180.180.240'}], 'enable_snat': True}, 'description': '', 'availability_zones': [], 'distributed': False, 'ha': False, 'availability_zone_hints': [], 'routes': [], 'flavor_id': None, 'tags': [], 'created_at': '2025-11-22T03:58:28Z', 'updated_at': '2025-11-22T03:58:28Z', 'revision_number': 2, 'project_id': '2d04960b751c4d75bd2850f2f00596ed'}
2025-11-22 03:58:30.026 66577 INFO tempest.lib.common.rest_client [req-d883604b-f388-4690-bc54-54a7ee94ded5 req-d883604b-f388-4690-bc54-54a7ee94ded5 ] Request (ServersAdminTestJSON:setUpClass): 201 POST http://10.180.1.21/identity/v3/auth/tokens 0.076s
2025-11-22 03:58:30.069 66577 INFO tempest.lib.common.rest_client [req-e5b06087-4b30-44cb-b020-bdb3c24c99ca req-e5b06087-4b30-44cb-b020-bdb3c24c99ca ] Request (ServersAdminTestJSON:setUpClass): 201 POST http://10.180.1.21/identity/v3/projects 0.043s
2025-11-22 03:58:30.127 66577 INFO tempest.lib.common.rest_client [req-320bf22c-f05d-46aa-b3c7-d43714849d7b req-320bf22c-f05d-46aa-b3c7-d43714849d7b ] Request (ServersAdminTestJSON:setUpClass): 201 POST http://10.180.1.21/identity/v3/users 0.057s
2025-11-22 03:58:30.151 66577 INFO tempest.lib.common.rest_client [req-59f5c70e-2e7f-4cc5-9634-f1df0c36d1a2 req-59f5c70e-2e7f-4cc5-9634-f1df0c36d1a2 ] Request (ServersAdminTestJSON:setUpClass): 200 GET http://10.180.1.21/identity/v3/roles 0.023s
2025-11-22 03:58:30.178 66577 INFO tempest.lib.common.rest_client [req-a86d4a60-d40a-4ed0-800a-3e4e73a4548f req-a86d4a60-d40a-4ed0-800a-3e4e73a4548f ] Request (ServersAdminTestJSON:setUpClass): 204 PUT http://10.180.1.21/identity/v3/projects/ccae167ac2bb420e82aee0e7cc10aa57/users/bfb6b3f881b44af891356cba104daf44/roles/88fc2bdc41724d6f920082328d862343 0.027s
2025-11-22 03:58:30.238 66577 INFO tempest.lib.common.rest_client [req-5b85fef4-1feb-4c66-a10f-0d003fb3f3c9 req-5b85fef4-1feb-4c66-a10f-0d003fb3f3c9 ] Request (ServersAdminTestJSON:setUpClass): 200 GET http://10.180.1.21/identity/v3/roles 0.059s
2025-11-22 03:58:30.259 66577 INFO tempest.lib.common.rest_client [req-ffc3cefd-0f88-4a0e-b0cb-80540ad44f55 req-ffc3cefd-0f88-4a0e-b0cb-80540ad44f55 ] Request (ServersAdminTestJSON:setUpClass): 204 PUT http://10.180.1.21/identity/v3/projects/ccae167ac2bb420e82aee0e7cc10aa57/users/bfb6b3f881b44af891356cba104daf44/roles/88fc2bdc41724d6f920082328d862343 0.020s
2025-11-22 03:58:30.259 66577 INFO tempest.lib.common.dynamic_creds [-] Dynamic test user bfb6b3f881b44af891356cba104daf44 is created with scope project and roles: ['admin']
2025-11-22 03:58:30.259 66577 INFO tempest.lib.common.dynamic_creds [-] Acquired dynamic creds: credentials: Credentials: {'domain_id': 'default', 'domain_name': 'Default', 'username': 'tempest-ServersAdminTestJSON-83965420-project-admin', 'project_domain_id': 'default', 'project_domain_name': 'Default', 'project_id': 'ccae167ac2bb420e82aee0e7cc10aa57', 'project_name': 'tempest-ServersAdminTestJSON-83965420', 'tenant_id': 'ccae167ac2bb420e82aee0e7cc10aa57', 'tenant_name': 'tempest-ServersAdminTestJSON-83965420', 'user_domain_id': 'default', 'user_domain_name': 'Default', 'user_id': 'bfb6b3f881b44af891356cba104daf44', 'system': None}, Network: None, Subnet: None, Router: None
2025-11-22 03:58:30.528 66527 INFO tempest.lib.common.rest_client [req-12e973ed-53db-4898-bd56-0cad472f1f33 req-12e973ed-53db-4898-bd56-0cad472f1f33 ] Request (HypervisorAdminTestJSON:tearDownClass): 200 GET http://10.180.1.21/networking/v2.0/security-groups?tenant_id=7adb3ae4ff8e49de880b2484ba9dccd4&name=default 0.937s
2025-11-22 03:58:30.730 66577 INFO tempest.lib.common.rest_client [req-3db05c95-b00d-4bb0-b934-1c0cd1e2140a req-3db05c95-b00d-4bb0-b934-1c0cd1e2140a ] Request (ServersAdminTestJSON:setUpClass): 201 POST http://10.180.1.21/networking/v2.0/networks 0.470s
2025-11-22 03:58:30.798 66551 INFO tempest.lib.common.rest_client [req-3122a21c-b09c-4921-9d5f-229799625b1a req-3122a21c-b09c-4921-9d5f-229799625b1a ] Request (DeleteServersAdminTestJSON:test_admin_delete_servers_of_others): 200 GET http://10.180.1.21/compute/v2.1/servers/fa7f078c-b355-4492-845b-17a0a7882d81 5.968s
2025-11-22 03:58:30.815 66571 INFO tempest.lib.common.rest_client [req-d4119239-4b34-4f30-b051-0ed3b50369ff req-d4119239-4b34-4f30-b051-0ed3b50369ff ] Request (FlavorsAccessNegativeTestJSON:_run_cleanups): 202 DELETE http://10.180.1.21/compute/v2.1/flavors/206923858 5.783s
2025-11-22 03:58:30.883 66523 INFO tempest.lib.common.rest_client [req-7b4850b6-63ab-4387-98b8-f2edf0fe6214 req-7b4850b6-63ab-4387-98b8-f2edf0fe6214 ] Request (QuotaClassesAdminTestJSON:_run_cleanups): 200 PUT http://10.180.1.21/compute/v2.1/os-quota-class-sets/default 5.723s
2025-11-22 03:58:30.906 66579 INFO tempest.lib.common.rest_client [req-e9b03ea2-2e64-4116-8b17-d7b4ef82c0d4 req-e9b03ea2-2e64-4116-8b17-d7b4ef82c0d4 ] Request (FlavorsV261TestJSON:test_crud_flavor): 200 GET http://10.180.1.21/compute/v2.1/flavors 5.519s
2025-11-22 03:58:30.914 66575 INFO tempest.lib.common.rest_client [req-d0567cfe-5763-43bc-81bc-3b6ef9dcb9c1 req-d0567cfe-5763-43bc-81bc-3b6ef9dcb9c1 ] Request (HypervisorAdminNegativeUnderV252Test:test_show_servers_with_non_admin_user): 403 GET http://10.180.1.21/compute/v2.1/os-hypervisors/1/servers 5.510s
2025-11-22 03:58:30.930 66547 INFO tempest.lib.common.rest_client [req-75548988-2f3c-4050-b00e-7b28c017bb80 req-75548988-2f3c-4050-b00e-7b28c017bb80 ] Request (ImagesDeleteNegativeTestJSON:test_delete_image_with_id_over_character_limit): 404 DELETE http://10.180.1.21/compute/v2.1/images/de51962d-df4c-47a1-9d39-0d22b23bc8f71 5.510s
2025-11-22 03:58:30.938 66527 INFO tempest.lib.common.rest_client [req-04aebf74-9ecf-40a5-9d45-4050853865f2 req-04aebf74-9ecf-40a5-9d45-4050853865f2 ] Request (HypervisorAdminTestJSON:tearDownClass): 204 DELETE http://10.180.1.21/networking/v2.0/security-groups/1357c0c7-6264-458a-9486-266848e69d7b 0.409s
2025-11-22 03:58:31.000 66523 INFO tempest.lib.common.rest_client [req-9a6c3e25-ab80-4918-86fa-6fd472c3b6b9 req-9a6c3e25-ab80-4918-86fa-6fd472c3b6b9 ] Request (QuotaClassesAdminTestJSON:tearDownClass): 204 DELETE http://10.180.1.21/identity/v3/users/70de3a1dcb4f4f98b74820b61f973e0c 0.110s
2025-11-22 03:58:31.014 66527 INFO tempest.lib.common.rest_client [req-c5f05d98-4095-4de3-b0f2-e01d4a173233 req-c5f05d98-4095-4de3-b0f2-e01d4a173233 ] Request (HypervisorAdminTestJSON:tearDownClass): 204 DELETE http://10.180.1.21/identity/v3/projects/7adb3ae4ff8e49de880b2484ba9dccd4 0.075s
2025-11-22 03:58:31.014 66527 INFO tempest.lib.common.dynamic_creds [-] Deleting project and security group for project: f8f3158800294623bb4ec8cac4d829e8
2025-11-22 03:58:31.076 66541 INFO tempest.lib.common.rest_client [req-06c1adb4-c61c-4916-8ff4-3b1a91b6d739 req-06c1adb4-c61c-4916-8ff4-3b1a91b6d739 ] Request (QuotasAdminTestV257:test_get_updated_quotas): 200 GET http://10.180.1.21/identity/v3/domains?name=Default 0.100s
2025-11-22 03:58:31.109 66541 INFO tempest.lib.common.rest_client [req-9f8e4ccf-f158-44cb-ab55-4886de1b6299 req-9f8e4ccf-f158-44cb-ab55-4886de1b6299 ] Request (QuotasAdminTestV257:test_get_updated_quotas): 201 POST http://10.180.1.21/identity/v3/projects 0.032s
2025-11-22 03:58:31.131 66577 INFO tempest.lib.common.rest_client [req-ff2cde14-a155-4339-b4da-92b0065720ff req-ff2cde14-a155-4339-b4da-92b0065720ff ] Request (ServersAdminTestJSON:setUpClass): 201 POST http://10.180.1.21/networking/v2.0/subnets 0.400s
2025-11-22 03:58:31.156 66523 INFO tempest.lib.common.rest_client [req-70bee2ec-b321-4884-b75d-084e712f867c req-70bee2ec-b321-4884-b75d-084e712f867c ] Request (QuotaClassesAdminTestJSON:tearDownClass): 204 DELETE http://10.180.1.21/identity/v3/users/7a3676604c8b47029359e35e958e24cd 0.156s
2025-11-22 03:58:31.157 66523 INFO tempest.lib.common.dynamic_creds [-] Deleting project and security group for project: da56af355f3840118dfd7b41eb56dae1
2025-11-22 03:58:31.200 66541 INFO tempest.lib.common.rest_client [req-61ffd679-a920-4af8-8ba5-e8a103c4216e req-61ffd679-a920-4af8-8ba5-e8a103c4216e ] Request (QuotasAdminTestV257:test_get_updated_quotas): 200 GET http://10.180.1.21/identity/v3/domains?name=Default 0.090s
2025-11-22 03:58:31.212 66523 INFO tempest.lib.common.rest_client [req-b36603c5-bd4f-48a4-85d8-4ef03a5ad463 req-b36603c5-bd4f-48a4-85d8-4ef03a5ad463 ] Request (QuotaClassesAdminTestJSON:tearDownClass): 201 POST http://10.180.1.21/identity/v3/auth/tokens 0.055s
2025-11-22 03:58:31.370 66527 INFO tempest.lib.common.rest_client [req-17e33608-19e4-4000-a692-6b051f7bbce0 req-17e33608-19e4-4000-a692-6b051f7bbce0 ] Request (HypervisorAdminTestJSON:tearDownClass): 200 GET http://10.180.1.21/networking/v2.0/security-groups?tenant_id=f8f3158800294623bb4ec8cac4d829e8&name=default 0.356s
2025-11-22 03:58:32.076 66577 INFO tempest.lib.common.rest_client [req-71b5c986-9491-4a6d-8356-21e4085c78d4 req-71b5c986-9491-4a6d-8356-21e4085c78d4 ] Request (ServersAdminTestJSON:setUpClass): 201 POST http://10.180.1.21/networking/v2.0/routers 0.945s
2025-11-22 03:58:32.297 66523 INFO tempest.lib.common.rest_client [req-49889617-de6b-4c5b-bfa7-c89233d0f49f req-49889617-de6b-4c5b-bfa7-c89233d0f49f ] Request (QuotaClassesAdminTestJSON:tearDownClass): 200 GET http://10.180.1.21/networking/v2.0/security-groups?tenant_id=da56af355f3840118dfd7b41eb56dae1&name=default 1.084s
2025-11-22 03:58:32.361 66533 INFO tempest.lib.common.rest_client [req-ca91ab76-1277-469d-8e3a-ecc592596234 req-ca91ab76-1277-469d-8e3a-ecc592596234 ] Request (ServerDiagnosticsTest:test_get_server_diagnostics): 200 GET http://10.180.1.21/compute/v2.1/servers/aff186e6-8579-4971-b115-a33f6be998e9 6.936s
2025-11-22 03:58:32.484 66527 INFO tempest.lib.common.rest_client [req-3b9c1078-bdb3-45ff-bc56-c98d03e9fe26 req-3b9c1078-bdb3-45ff-bc56-c98d03e9fe26 ] Request (HypervisorAdminTestJSON:tearDownClass): 204 DELETE http://10.180.1.21/networking/v2.0/security-groups/02db28ea-e6b4-4d0a-a2a9-3e8c42c0dc4b 1.113s
2025-11-22 03:58:32.511 66559 INFO tempest.lib.common.rest_client [req-26c17b75-d8f3-40ee-a6e0-708a0e0f5ade req-26c17b75-d8f3-40ee-a6e0-708a0e0f5ade ] Request (FlavorsExtraSpecsNegativeTestJSON:test_flavor_get_nonexistent_key): 404 GET http://10.180.1.21/compute/v2.1/flavors/1207834421/os-extra_specs/hw:cpu_thread_policy 6.962s
2025-11-22 03:58:32.596 66527 INFO tempest.lib.common.rest_client [req-0b2f6147-5cb4-4208-b003-676ca1d0e055 req-0b2f6147-5cb4-4208-b003-676ca1d0e055 ] Request (HypervisorAdminTestJSON:tearDownClass): 204 DELETE http://10.180.1.21/identity/v3/projects/f8f3158800294623bb4ec8cac4d829e8 0.112s
2025-11-22 03:58:32.649 66523 INFO tempest.lib.common.rest_client [req-e78e0267-40b1-4817-93f5-f1e361b46dd7 req-e78e0267-40b1-4817-93f5-f1e361b46dd7 ] Request (QuotaClassesAdminTestJSON:tearDownClass): 204 DELETE http://10.180.1.21/networking/v2.0/security-groups/fcb2c49c-bf02-4773-b1e1-2e2b4e5e1cbf 0.351s
2025-11-22 03:58:32.677 66527 INFO tempest.lib.common.rest_client [req-374ca324-f680-4497-8823-be46e05c2fcb req-374ca324-f680-4497-8823-be46e05c2fcb ] Request (ServicesAdminNegativeTestJSON:setUpClass): 201 POST http://10.180.1.21/identity/v3/auth/tokens 0.079s
2025-11-22 03:58:32.677 66567 INFO tempest.lib.common.rest_client [req-549c123d-47d7-43d1-8c19-0c3bbedd0e9a req-549c123d-47d7-43d1-8c19-0c3bbedd0e9a ] Request (QuotasAdminNegativeTest:test_create_server_when_instances_quota_is_full): 200 GET http://10.180.1.21/compute/v2.1/os-quota-sets/d7d37853eac149fa84867136a736ea2b 6.930s
2025-11-22 03:58:32.737 66527 INFO tempest.lib.common.rest_client [req-7cd0ca20-4864-4f67-a728-3a74e79a76c3 req-7cd0ca20-4864-4f67-a728-3a74e79a76c3 ] Request (ServicesAdminNegativeTestJSON:setUpClass): 201 POST http://10.180.1.21/identity/v3/auth/tokens 0.056s
2025-11-22 03:58:32.764 66527 INFO tempest.lib.common.rest_client [req-66c31981-0940-4a8e-a538-8f9a8602be68 req-66c31981-0940-4a8e-a538-8f9a8602be68 ] Request (ServicesAdminNegativeTestJSON:setUpClass): 200 GET http://10.180.1.21/identity/v3/domains?name=Default 0.027s
2025-11-22 03:58:32.799 66527 INFO tempest.lib.common.rest_client [req-4fe7bdab-62d5-4ff5-ac10-b0d312acfdb5 req-4fe7bdab-62d5-4ff5-ac10-b0d312acfdb5 ] Request (ServicesAdminNegativeTestJSON:setUpClass): 201 POST http://10.180.1.21/identity/v3/projects 0.035s
2025-11-22 03:58:32.810 66523 INFO tempest.lib.common.rest_client [req-c06038f0-a0d8-4a4c-b662-390873417a64 req-c06038f0-a0d8-4a4c-b662-390873417a64 ] Request (QuotaClassesAdminTestJSON:tearDownClass): 204 DELETE http://10.180.1.21/identity/v3/projects/da56af355f3840118dfd7b41eb56dae1 0.161s
2025-11-22 03:58:32.811 66523 INFO tempest.lib.common.dynamic_creds [-] Deleting project and security group for project: e585aac3f460418aae9bbadb5e901c8a
2025-11-22 03:58:32.867 66527 INFO tempest.lib.common.rest_client [req-c0b19610-c768-4a4a-bc04-dca8a09e069f req-c0b19610-c768-4a4a-bc04-dca8a09e069f ] Request (ServicesAdminNegativeTestJSON:setUpClass): 201 POST http://10.180.1.21/identity/v3/users 0.067s
2025-11-22 03:58:32.930 66527 INFO tempest.lib.common.rest_client [req-9d54cb86-7299-4058-82c3-27f19fb7f666 req-9d54cb86-7299-4058-82c3-27f19fb7f666 ] Request (ServicesAdminNegativeTestJSON:setUpClass): 200 GET http://10.180.1.21/identity/v3/roles 0.062s
2025-11-22 03:58:32.968 66527 INFO tempest.lib.common.rest_client [req-fcad78ce-c98f-4b08-a905-4a46a61d2b13 req-fcad78ce-c98f-4b08-a905-4a46a61d2b13 ] Request (ServicesAdminNegativeTestJSON:setUpClass): 204 PUT http://10.180.1.21/identity/v3/projects/00995a98750247618db3744322510d38/users/7385686062e94d628b993ff9c2f8a5f9/roles/acd5777349bd48e5bffac74adfa2d281 0.037s
2025-11-22 03:58:32.969 66527 INFO tempest.lib.common.dynamic_creds [-] Dynamic test user 7385686062e94d628b993ff9c2f8a5f9 is created with scope project and roles: ['member']
2025-11-22 03:58:32.969 66527 INFO tempest.lib.common.dynamic_creds [-] Acquired dynamic creds: credentials: Credentials: {'domain_id': 'default', 'domain_name': 'Default', 'username': 'tempest-ServicesAdminNegativeTestJSON-444130755-project-member', 'project_domain_id': 'default', 'project_domain_name': 'Default', 'project_id': '00995a98750247618db3744322510d38', 'project_name': 'tempest-ServicesAdminNegativeTestJSON-444130755', 'tenant_id': '00995a98750247618db3744322510d38', 'tenant_name': 'tempest-ServicesAdminNegativeTestJSON-444130755', 'user_domain_id': 'default', 'user_domain_name': 'Default', 'user_id': '7385686062e94d628b993ff9c2f8a5f9', 'system': None}, Network: None, Subnet: None, Router: None
2025-11-22 03:58:32.969 66527 INFO tempest.lib.common.dynamic_creds [-] Created isolated network resources for: credentials: Credentials: {'domain_id': 'default', 'domain_name': 'Default', 'username': 'tempest-ServicesAdminNegativeTestJSON-444130755-project-member', 'project_domain_id': 'default', 'project_domain_name': 'Default', 'project_id': '00995a98750247618db3744322510d38', 'project_name': 'tempest-ServicesAdminNegativeTestJSON-444130755', 'tenant_id': '00995a98750247618db3744322510d38', 'tenant_name': 'tempest-ServicesAdminNegativeTestJSON-444130755', 'user_domain_id': 'default', 'user_domain_name': 'Default', 'user_id': '7385686062e94d628b993ff9c2f8a5f9', 'system': None}, Network: None, Subnet: None, Router: None
2025-11-22 03:58:33.043 66527 INFO tempest.lib.common.rest_client [req-e3d09406-02dd-425e-93cc-4e9c7f808abf req-e3d09406-02dd-425e-93cc-4e9c7f808abf ] Request (ServicesAdminNegativeTestJSON:setUpClass): 201 POST http://10.180.1.21/identity/v3/auth/tokens 0.071s
2025-11-22 03:58:33.105 66527 INFO tempest.lib.common.rest_client [req-91db39eb-e180-48dd-a6e5-306ca7b6bf99 req-91db39eb-e180-48dd-a6e5-306ca7b6bf99 ] Request (ServicesAdminNegativeTestJSON:setUpClass): 201 POST http://10.180.1.21/identity/v3/projects 0.061s
2025-11-22 03:58:33.166 66527 INFO tempest.lib.common.rest_client [req-80571d82-7dd0-401b-993b-7ca5275c6c48 req-80571d82-7dd0-401b-993b-7ca5275c6c48 ] Request (ServicesAdminNegativeTestJSON:setUpClass): 201 POST http://10.180.1.21/identity/v3/users 0.060s
2025-11-22 03:58:33.185 66527 INFO tempest.lib.common.rest_client [req-461144e3-6854-4476-8729-c28c298ce917 req-461144e3-6854-4476-8729-c28c298ce917 ] Request (ServicesAdminNegativeTestJSON:setUpClass): 200 GET http://10.180.1.21/identity/v3/roles 0.019s
2025-11-22 03:58:33.215 66527 INFO tempest.lib.common.rest_client [req-75adb765-b117-422c-822b-344e21edb095 req-75adb765-b117-422c-822b-344e21edb095 ] Request (ServicesAdminNegativeTestJSON:setUpClass): 204 PUT http://10.180.1.21/identity/v3/projects/48c50b5624544ee4802fdc6f6dfdf489/users/80210ed4ff524cdabac89ea94a9e5bf2/roles/88fc2bdc41724d6f920082328d862343 0.029s
2025-11-22 03:58:33.275 66527 INFO tempest.lib.common.rest_client [req-f485739e-8131-4ff4-804a-ee1b6ca3bf99 req-f485739e-8131-4ff4-804a-ee1b6ca3bf99 ] Request (ServicesAdminNegativeTestJSON:setUpClass): 200 GET http://10.180.1.21/identity/v3/roles 0.059s
2025-11-22 03:58:33.291 66527 INFO tempest.lib.common.rest_client [req-d9667a3d-c95e-41da-873b-29abf95d5553 req-d9667a3d-c95e-41da-873b-29abf95d5553 ] Request (ServicesAdminNegativeTestJSON:setUpClass): 204 PUT http://10.180.1.21/identity/v3/projects/48c50b5624544ee4802fdc6f6dfdf489/users/80210ed4ff524cdabac89ea94a9e5bf2/roles/88fc2bdc41724d6f920082328d862343 0.016s
2025-11-22 03:58:33.291 66527 INFO tempest.lib.common.dynamic_creds [-] Dynamic test user 80210ed4ff524cdabac89ea94a9e5bf2 is created with scope project and roles: ['admin']
2025-11-22 03:58:33.291 66527 INFO tempest.lib.common.dynamic_creds [-] Acquired dynamic creds: credentials: Credentials: {'domain_id': 'default', 'domain_name': 'Default', 'username': 'tempest-ServicesAdminNegativeTestJSON-295305307-project-admin', 'project_domain_id': 'default', 'project_domain_name': 'Default', 'project_id': '48c50b5624544ee4802fdc6f6dfdf489', 'project_name': 'tempest-ServicesAdminNegativeTestJSON-295305307', 'tenant_id': '48c50b5624544ee4802fdc6f6dfdf489', 'tenant_name': 'tempest-ServicesAdminNegativeTestJSON-295305307', 'user_domain_id': 'default', 'user_domain_name': 'Default', 'user_id': '80210ed4ff524cdabac89ea94a9e5bf2', 'system': None}, Network: None, Subnet: None, Router: None
2025-11-22 03:58:33.291 66527 INFO tempest.lib.common.dynamic_creds [-] Created isolated network resources for: credentials: Credentials: {'domain_id': 'default', 'domain_name': 'Default', 'username': 'tempest-ServicesAdminNegativeTestJSON-295305307-project-admin', 'project_domain_id': 'default', 'project_domain_name': 'Default', 'project_id': '48c50b5624544ee4802fdc6f6dfdf489', 'project_name': 'tempest-ServicesAdminNegativeTestJSON-295305307', 'tenant_id': '48c50b5624544ee4802fdc6f6dfdf489', 'tenant_name': 'tempest-ServicesAdminNegativeTestJSON-295305307', 'user_domain_id': 'default', 'user_domain_name': 'Default', 'user_id': '80210ed4ff524cdabac89ea94a9e5bf2', 'system': None}, Network: None, Subnet: None, Router: None
2025-11-22 03:58:33.343 66577 INFO tempest.lib.common.rest_client [req-444077ab-f7be-499e-88b2-6a65a2aa88f3 req-444077ab-f7be-499e-88b2-6a65a2aa88f3 ] Request (ServersAdminTestJSON:setUpClass): 200 PUT http://10.180.1.21/networking/v2.0/routers/d800a50d-7248-4630-bdb3-06f9ca26d1e1/add_router_interface 1.266s
2025-11-22 03:58:33.343 66577 INFO tempest.lib.common.dynamic_creds [-] Created isolated network resources for: credentials: Credentials: {'domain_id': 'default', 'domain_name': 'Default', 'username': 'tempest-ServersAdminTestJSON-83965420-project-admin', 'project_domain_id': 'default', 'project_domain_name': 'Default', 'project_id': 'ccae167ac2bb420e82aee0e7cc10aa57', 'project_name': 'tempest-ServersAdminTestJSON-83965420', 'tenant_id': 'ccae167ac2bb420e82aee0e7cc10aa57', 'tenant_name': 'tempest-ServersAdminTestJSON-83965420', 'user_domain_id': 'default', 'user_domain_name': 'Default', 'user_id': 'bfb6b3f881b44af891356cba104daf44', 'system': None}, Network: {'id': 'a27092cd-017a-40ad-a0ed-5113e7b4cc24', 'name': 'tempest-ServersAdminTestJSON-839375729-network', 'tenant_id': 'ccae167ac2bb420e82aee0e7cc10aa57', 'project_id': 'ccae167ac2bb420e82aee0e7cc10aa57', 'admin_state_up': True, 'mtu': 8950, 'status': 'ACTIVE', 'subnets': [], 'shared': False, 'port_security_enabled': True, 'router:external': False, 'provider:network_type': 'vlan', 'provider:physical_network': 'default', 'provider:segmentation_id': 611, 'availability_zone_hints': [], 'availability_zones': [], 'ipv4_address_scope': None, 'ipv6_address_scope': None, 'description': '', 'tags': [], 'created_at': '2025-11-22T03:58:30Z', 'updated_at': '2025-11-22T03:58:30Z', 'revision_number': 1}, Subnet: {'id': '408e8a9a-8082-446a-8645-7cf7d61203a7', 'name': 'tempest-ServersAdminTestJSON-839375729-subnet', 'tenant_id': 'ccae167ac2bb420e82aee0e7cc10aa57', 'network_id': 'a27092cd-017a-40ad-a0ed-5113e7b4cc24', 'ip_version': 4, 'subnetpool_id': None, 'enable_dhcp': True, 'ipv6_ra_mode': None, 'ipv6_address_mode': None, 'gateway_ip': '192.168.128.1', 'cidr': '192.168.128.0/28', 'allocation_pools': [{'start': '192.168.128.2', 'end': '192.168.128.14'}], 'host_routes': [], 'dns_nameservers': [], 'description': '', 'router:external': False, 'service_types': [], 'tags': [], 'created_at': '2025-11-22T03:58:30Z', 'updated_at': '2025-11-22T03:58:30Z', 'revision_number': 0, 'project_id': 'ccae167ac2bb420e82aee0e7cc10aa57'}, Router: {'id': 'd800a50d-7248-4630-bdb3-06f9ca26d1e1', 'name': 'tempest-ServersAdminTestJSON-839375729-router', 'tenant_id': 'ccae167ac2bb420e82aee0e7cc10aa57', 'admin_state_up': True, 'status': 'ACTIVE', 'external_gateway_info': {'network_id': 'ed3249cc-0a43-4de1-a5f5-4940d9c74af3', 'external_fixed_ips': [{'subnet_id': 'f83f4751-8aab-4337-b7b9-f3c70d626b23', 'ip_address': '10.180.180.252'}], 'enable_snat': True}, 'description': '', 'availability_zones': [], 'distributed': False, 'ha': False, 'availability_zone_hints': [], 'routes': [], 'flavor_id': None, 'tags': [], 'created_at': '2025-11-22T03:58:31Z', 'updated_at': '2025-11-22T03:58:31Z', 'revision_number': 2, 'project_id': 'ccae167ac2bb420e82aee0e7cc10aa57'}
2025-11-22 03:58:33.357 66527 INFO tempest.lib.common.rest_client [req-03b15d51-7b99-4497-bc4b-284ca1ba4aa8 req-03b15d51-7b99-4497-bc4b-284ca1ba4aa8 ] Request (ServicesAdminNegativeTestJSON:setUpClass): 201 POST http://10.180.1.21/identity/v3/auth/tokens 0.063s
2025-11-22 03:58:33.417 66577 INFO tempest.lib.common.rest_client [req-268134cc-8c82-42b3-acdc-561c8d38ecb7 req-268134cc-8c82-42b3-acdc-561c8d38ecb7 ] Request (ServersAdminTestJSON:setUpClass): 201 POST http://10.180.1.21/identity/v3/auth/tokens 0.071s
2025-11-22 03:58:33.477 66569 INFO tempest.lib.common.rest_client [req-a3eefed3-732c-45e6-995f-b74241a45f84 req-a3eefed3-732c-45e6-995f-b74241a45f84 ] Request (VolumesAssistedSnapshotsTest:test_volume_assisted_snapshot_create_delete): 202 POST http://10.180.1.21/compute/v2.1/servers 8.477s
2025-11-22 03:58:33.478 66577 INFO tempest.lib.common.rest_client [req-9948313a-ca59-4586-90f9-ba56e983e02b req-9948313a-ca59-4586-90f9-ba56e983e02b ] Request (ServersAdminTestJSON:setUpClass): 201 POST http://10.180.1.21/identity/v3/auth/tokens 0.054s
2025-11-22 03:58:33.478 66577 INFO tempest.lib.common.fixed_network [-] (ServersAdminTestJSON:setUpClass) Found network {'id': 'a1ef0636-973b-44ff-b505-4d22ab848ff9', 'name': 'tempest-ServersAdminTestJSON-222083440-network', 'tenant_id': '2d04960b751c4d75bd2850f2f00596ed', 'project_id': '2d04960b751c4d75bd2850f2f00596ed', 'admin_state_up': True, 'mtu': 8950, 'status': 'ACTIVE', 'subnets': [], 'shared': False, 'port_security_enabled': True, 'router:external': False, 'provider:network_type': 'vlan', 'provider:physical_network': 'default', 'provider:segmentation_id': 495, 'availability_zone_hints': [], 'availability_zones': [], 'ipv4_address_scope': None, 'ipv6_address_scope': None, 'description': '', 'tags': [], 'created_at': '2025-11-22T03:58:26Z', 'updated_at': '2025-11-22T03:58:26Z', 'revision_number': 1} available for tenant
2025-11-22 03:58:33.599 66523 INFO tempest.lib.common.rest_client [req-f6fa0c48-a02f-461e-9122-512c532abebb req-f6fa0c48-a02f-461e-9122-512c532abebb ] Request (QuotaClassesAdminTestJSON:tearDownClass): 200 GET http://10.180.1.21/networking/v2.0/security-groups?tenant_id=e585aac3f460418aae9bbadb5e901c8a&name=default 0.788s
2025-11-22 03:58:33.641 66531 INFO tempest.lib.common.rest_client [req-85d6b105-fa0e-47c1-8e4f-e24d42bd3b1e req-85d6b105-fa0e-47c1-8e4f-e24d42bd3b1e ] Request (KeyPairsV2TestJSON:test_get_keypair_detail): 200 POST http://10.180.1.21/compute/v2.1/os-keypairs 7.587s
2025-11-22 03:58:33.772 66555 INFO tempest.lib.common.rest_client [req-a50e9b44-464d-4c08-80c1-d3b69fbbe763 req-a50e9b44-464d-4c08-80c1-d3b69fbbe763 ] Request (TenantUsagesTestJSON:setUpClass): 200 GET http://10.180.1.21/compute/v2.1/servers/0c7be3f1-27c3-4e16-b038-b76fd33fb6b8 7.856s
2025-11-22 03:58:33.780 66555 INFO tempest.common.waiters [-] State transition "BUILD/networking" ==> "BUILD/spawning" after 13 second wait
2025-11-22 03:58:33.860 66523 INFO tempest.lib.common.rest_client [req-e2096c1a-e6af-4d42-93a4-e440d6f2d7f1 req-e2096c1a-e6af-4d42-93a4-e440d6f2d7f1 ] Request (QuotaClassesAdminTestJSON:tearDownClass): 204 DELETE http://10.180.1.21/networking/v2.0/security-groups/7ea09cd8-f759-4463-802f-a6e7baea27b1 0.261s
2025-11-22 03:58:33.977 66523 INFO tempest.lib.common.rest_client [req-0d6fc672-b32c-4374-9f99-ab9dc69a28c4 req-0d6fc672-b32c-4374-9f99-ab9dc69a28c4 ] Request (QuotaClassesAdminTestJSON:tearDownClass): 204 DELETE http://10.180.1.21/identity/v3/projects/e585aac3f460418aae9bbadb5e901c8a 0.116s
2025-11-22 03:58:34.062 66523 INFO tempest.lib.common.rest_client [req-ae236255-412a-4016-a9a5-30800d20a7e1 req-ae236255-412a-4016-a9a5-30800d20a7e1 ] Request (ServicesAdminNegativeV253TestJSON:setUpClass): 201 POST http://10.180.1.21/identity/v3/auth/tokens 0.083s
2025-11-22 03:58:34.099 66523 INFO tempest.lib.common.rest_client [req-ddcafcb3-19d5-40ed-87f8-682103656461 req-ddcafcb3-19d5-40ed-87f8-682103656461 ] Request (ServicesAdminNegativeV253TestJSON:setUpClass): 201 POST http://10.180.1.21/identity/v3/auth/tokens 0.031s
2025-11-22 03:58:34.127 66523 INFO tempest.lib.common.rest_client [req-042c9aef-2ad6-4f3d-bac5-ad2eb816397e req-042c9aef-2ad6-4f3d-bac5-ad2eb816397e ] Request (ServicesAdminNegativeV253TestJSON:setUpClass): 200 GET http://10.180.1.21/identity/v3/domains?name=Default 0.028s
2025-11-22 03:58:34.160 66523 INFO tempest.lib.common.rest_client [req-bf7f08e8-e24a-4073-a9b1-327999e81344 req-bf7f08e8-e24a-4073-a9b1-327999e81344 ] Request (ServicesAdminNegativeV253TestJSON:setUpClass): 201 POST http://10.180.1.21/identity/v3/projects 0.032s
2025-11-22 03:58:34.242 66523 INFO tempest.lib.common.rest_client [req-4d8bb164-7bea-48ca-b0bd-4595ee383211 req-4d8bb164-7bea-48ca-b0bd-4595ee383211 ] Request (ServicesAdminNegativeV253TestJSON:setUpClass): 201 POST http://10.180.1.21/identity/v3/users 0.081s
2025-11-22 03:58:34.286 66523 INFO tempest.lib.common.rest_client [req-0798948b-1fa8-4223-990e-31bab5ca6ca3 req-0798948b-1fa8-4223-990e-31bab5ca6ca3 ] Request (ServicesAdminNegativeV253TestJSON:setUpClass): 200 GET http://10.180.1.21/identity/v3/roles 0.043s
2025-11-22 03:58:34.303 66525 INFO tempest.lib.common.rest_client [req-360d4563-70ed-4f94-96e8-344a1e26bfa2 req-360d4563-70ed-4f94-96e8-344a1e26bfa2 ] Request (ImagesTestJSON:test_create_image_from_stopped_server): 200 GET http://10.180.1.21/compute/v2.1/servers/88f3cc11-b5c9-4596-9b3b-d6a66f5e2757 8.143s
2025-11-22 03:58:34.310 66525 INFO tempest.common.waiters [-] State transition "BUILD/None" ==> "BUILD/spawning" after 14 second wait
2025-11-22 03:58:34.329 66523 INFO tempest.lib.common.rest_client [req-bc4f01bd-6a26-4ae0-a311-fe00ba909620 req-bc4f01bd-6a26-4ae0-a311-fe00ba909620 ] Request (ServicesAdminNegativeV253TestJSON:setUpClass): 204 PUT http://10.180.1.21/identity/v3/projects/cda82aeec038400ea7e95f16513f2d3b/users/6dca680ef4fe49b28f1d9f7350c49579/roles/acd5777349bd48e5bffac74adfa2d281 0.043s
2025-11-22 03:58:34.330 66523 INFO tempest.lib.common.dynamic_creds [-] Dynamic test user 6dca680ef4fe49b28f1d9f7350c49579 is created with scope project and roles: ['member']
2025-11-22 03:58:34.330 66523 INFO tempest.lib.common.dynamic_creds [-] Acquired dynamic creds: credentials: Credentials: {'domain_id': 'default', 'domain_name': 'Default', 'username': 'tempest-ServicesAdminNegativeV253TestJSON-1107597223-project-member', 'project_domain_id': 'default', 'project_domain_name': 'Default', 'project_id': 'cda82aeec038400ea7e95f16513f2d3b', 'project_name': 'tempest-ServicesAdminNegativeV253TestJSON-1107597223', 'tenant_id': 'cda82aeec038400ea7e95f16513f2d3b', 'tenant_name': 'tempest-ServicesAdminNegativeV253TestJSON-1107597223', 'user_domain_id': 'default', 'user_domain_name': 'Default', 'user_id': '6dca680ef4fe49b28f1d9f7350c49579', 'system': None}, Network: None, Subnet: None, Router: None
2025-11-22 03:58:34.330 66523 INFO tempest.lib.common.dynamic_creds [-] Created isolated network resources for: credentials: Credentials: {'domain_id': 'default', 'domain_name': 'Default', 'username': 'tempest-ServicesAdminNegativeV253TestJSON-1107597223-project-member', 'project_domain_id': 'default', 'project_domain_name': 'Default', 'project_id': 'cda82aeec038400ea7e95f16513f2d3b', 'project_name': 'tempest-ServicesAdminNegativeV253TestJSON-1107597223', 'tenant_id': 'cda82aeec038400ea7e95f16513f2d3b', 'tenant_name': 'tempest-ServicesAdminNegativeV253TestJSON-1107597223', 'user_domain_id': 'default', 'user_domain_name': 'Default', 'user_id': '6dca680ef4fe49b28f1d9f7350c49579', 'system': None}, Network: None, Subnet: None, Router: None
2025-11-22 03:58:34.381 66535 INFO tempest.lib.common.rest_client [req-0dd92c58-5e54-46c7-8fdd-744be193c361 req-0dd92c58-5e54-46c7-8fdd-744be193c361 ] Request (FloatingIPsAssociationNegativeTestJSON:setUpClass): 200 GET http://10.180.1.21/compute/v2.1/servers/34655832-32e1-4192-852d-a247b8819859 8.018s
2025-11-22 03:58:34.392 66535 INFO tempest.common.waiters [-] State transition "BUILD/None" ==> "BUILD/spawning" after 14 second wait
2025-11-22 03:58:34.411 66523 INFO tempest.lib.common.rest_client [req-a1ac8eb4-2620-4e5a-b3b1-93532f75b303 req-a1ac8eb4-2620-4e5a-b3b1-93532f75b303 ] Request (ServicesAdminNegativeV253TestJSON:setUpClass): 201 POST http://10.180.1.21/identity/v3/auth/tokens 0.077s
2025-11-22 03:58:34.471 66523 INFO tempest.lib.common.rest_client [req-86eab4c5-a000-4c92-8777-f5ddff3b84ab req-86eab4c5-a000-4c92-8777-f5ddff3b84ab ] Request (ServicesAdminNegativeV253TestJSON:setUpClass): 201 POST http://10.180.1.21/identity/v3/projects 0.060s
2025-11-22 03:58:34.551 66523 INFO tempest.lib.common.rest_client [req-a1008644-a797-4cc1-a8be-6a56bf1a55f0 req-a1008644-a797-4cc1-a8be-6a56bf1a55f0 ] Request (ServicesAdminNegativeV253TestJSON:setUpClass): 201 POST http://10.180.1.21/identity/v3/users 0.079s
2025-11-22 03:58:34.566 66581 INFO tempest.lib.common.rest_client [req-4127f84a-10b2-423b-8f9f-6273645ce736 req-4127f84a-10b2-423b-8f9f-6273645ce736 ] Request (ImagesOneServerNegativeTestJSON:setUpClass): 200 GET http://10.180.1.21/compute/v2.1/servers/34152c64-456c-4d9e-b66c-d4a62a053e02 7.389s
2025-11-22 03:58:34.573 66581 INFO tempest.common.waiters [-] State transition "BUILD/None" ==> "BUILD/spawning" after 12 second wait
2025-11-22 03:58:34.575 66523 INFO tempest.lib.common.rest_client [req-4bc06de9-2696-4063-a6b9-1109ac4b121d req-4bc06de9-2696-4063-a6b9-1109ac4b121d ] Request (ServicesAdminNegativeV253TestJSON:setUpClass): 200 GET http://10.180.1.21/identity/v3/roles 0.023s
2025-11-22 03:58:34.595 66546 INFO tempest.lib.common.rest_client [req-69f5a853-3a70-4607-a2b5-3082953220c2 req-69f5a853-3a70-4607-a2b5-3082953220c2 ] Request (ServerDiagnosticsV248Test:test_get_server_diagnostics): 202 POST http://10.180.1.21/compute/v2.1/servers 7.527s
2025-11-22 03:58:34.618 66523 INFO tempest.lib.common.rest_client [req-833eecf7-d62d-4612-a7b0-9ebf00c90559 req-833eecf7-d62d-4612-a7b0-9ebf00c90559 ] Request (ServicesAdminNegativeV253TestJSON:setUpClass): 204 PUT http://10.180.1.21/identity/v3/projects/9bbd921285364b609977a5185a12dc2f/users/46238590461349c4ad2e33e1701d1773/roles/88fc2bdc41724d6f920082328d862343 0.042s
2025-11-22 03:58:34.751 66523 INFO tempest.lib.common.rest_client [req-0ec6abbb-5027-403c-9c2e-1243b9ac2fd1 req-0ec6abbb-5027-403c-9c2e-1243b9ac2fd1 ] Request (ServicesAdminNegativeV253TestJSON:setUpClass): 200 GET http://10.180.1.21/identity/v3/roles 0.132s
2025-11-22 03:58:34.765 66565 INFO tempest.lib.common.rest_client [req-a474df99-f3af-4e91-a5c4-88ddf1e6f3d5 req-a474df99-f3af-4e91-a5c4-88ddf1e6f3d5 ] Request (ValidationResourcesFixture:setUp): 200 POST http://10.180.1.21/compute/v2.1/os-keypairs 7.135s
2025-11-22 03:58:34.792 66523 INFO tempest.lib.common.rest_client [req-54d8a4af-70b6-4e1f-bf3a-bef14c2e4985 req-54d8a4af-70b6-4e1f-bf3a-bef14c2e4985 ] Request (ServicesAdminNegativeV253TestJSON:setUpClass): 204 PUT http://10.180.1.21/identity/v3/projects/9bbd921285364b609977a5185a12dc2f/users/46238590461349c4ad2e33e1701d1773/roles/88fc2bdc41724d6f920082328d862343 0.041s
2025-11-22 03:58:34.792 66523 INFO tempest.lib.common.dynamic_creds [-] Dynamic test user 46238590461349c4ad2e33e1701d1773 is created with scope project and roles: ['admin']
2025-11-22 03:58:34.792 66523 INFO tempest.lib.common.dynamic_creds [-] Acquired dynamic creds: credentials: Credentials: {'domain_id': 'default', 'domain_name': 'Default', 'username': 'tempest-ServicesAdminNegativeV253TestJSON-1685877137-project-admin', 'project_domain_id': 'default', 'project_domain_name': 'Default', 'project_id': '9bbd921285364b609977a5185a12dc2f', 'project_name': 'tempest-ServicesAdminNegativeV253TestJSON-1685877137', 'tenant_id': '9bbd921285364b609977a5185a12dc2f', 'tenant_name': 'tempest-ServicesAdminNegativeV253TestJSON-1685877137', 'user_domain_id': 'default', 'user_domain_name': 'Default', 'user_id': '46238590461349c4ad2e33e1701d1773', 'system': None}, Network: None, Subnet: None, Router: None
2025-11-22 03:58:34.793 66523 INFO tempest.lib.common.dynamic_creds [-] Created isolated network resources for: credentials: Credentials: {'domain_id': 'default', 'domain_name': 'Default', 'username': 'tempest-ServicesAdminNegativeV253TestJSON-1685877137-project-admin', 'project_domain_id': 'default', 'project_domain_name': 'Default', 'project_id': '9bbd921285364b609977a5185a12dc2f', 'project_name': 'tempest-ServicesAdminNegativeV253TestJSON-1685877137', 'tenant_id': '9bbd921285364b609977a5185a12dc2f', 'tenant_name': 'tempest-ServicesAdminNegativeV253TestJSON-1685877137', 'user_domain_id': 'default', 'user_domain_name': 'Default', 'user_id': '46238590461349c4ad2e33e1701d1773', 'system': None}, Network: None, Subnet: None, Router: None
