2025-11-22 04:02:30.568 66573 INFO tempest.lib.common.rest_client [req-dae10c30-2ef9-40bf-a538-461f2b98df5f req-dae10c30-2ef9-40bf-a538-461f2b98df5f ] Request (ServerActionsTestOtherB:test_resize_server_confirm_from_stopped): 200 GET http://10.180.1.21/compute/v2.1/servers/61409d2c-bff9-489b-9f26-bed96b20ba25 2.253s
2025-11-22 04:02:30.620 66571 INFO tempest.lib.common.rest_client [req-f9707e6c-5594-4678-9ace-4ebeed7edf78 req-f9707e6c-5594-4678-9ace-4ebeed7edf78 ] Request (ServersAdminNegativeTestJSON:tearDownClass): 200 GET http://10.180.1.21/compute/v2.1/servers/707744d0-cb16-48dd-be8b-4833791cce67 1.377s
2025-11-22 04:02:30.643 66541 INFO tempest.lib.common.rest_client [req-2f8a4e1a-d87b-465e-b966-6a783dfab26f req-2f8a4e1a-d87b-465e-b966-6a783dfab26f ] Request (ServerShowV257Test:test_rebuild_server): 200 GET http://10.180.1.21/compute/v2.1/servers/ddc37ed9-5b4d-4b0a-973c-83e9bb8c1e19 0.776s
2025-11-22 04:02:30.721 66559 INFO tempest.lib.common.rest_client [req-33edf818-df68-4506-a3ab-75c6a2c67bf3 req-33edf818-df68-4506-a3ab-75c6a2c67bf3 ] Request (MigrationsAdminTest:test_resize_server_revert_deleted_flavor): 200 GET http://10.180.1.21/compute/v2.1/servers/e07a787f-329c-486b-8e4a-b8e384eb739b 0.847s
2025-11-22 04:02:30.728 66559 INFO tempest.common.waiters [-] State transition "BUILD/None" ==> "BUILD/spawning" after 27 second wait
2025-11-22 04:02:30.738 66551 INFO tempest.lib.common.rest_client [req-3fc80db5-24fe-44a0-bf27-686f4115b512 req-3fc80db5-24fe-44a0-bf27-686f4115b512 ] Request (ServersListShow296Test:test_list_show_update_rebuild_server_296): 200 GET http://10.180.1.21/compute/v2.1/servers/detail 0.375s
2025-11-22 04:02:30.766 66533 INFO tempest.lib.common.rest_client [req-ff847e1d-df2d-4f11-a8e1-9b9f837ecfb0 req-ff847e1d-df2d-4f11-a8e1-9b9f837ecfb0 ] Request (ListImagesTestJSON:test_list_images_with_detail): 200 GET http://10.180.1.21/compute/v2.1/images/detail 0.376s
2025-11-22 04:02:30.796 66529 INFO tempest.lib.common.rest_client [req-5d542383-23fb-49ee-854b-8b0f03fd075c req-5d542383-23fb-49ee-854b-8b0f03fd075c ] Request (ServerMetadataTestJSON:tearDownClass): 200 GET http://10.180.1.21/compute/v2.1/servers/8a6d7813-ad0d-4afc-90f8-cb269921a61f 0.374s
2025-11-22 04:02:30.900 66549 INFO tempest.lib.common.rest_client [req-cc7b182c-4de9-4662-a032-6de720794cfa req-cc7b182c-4de9-4662-a032-6de720794cfa ] Request (ImagesNegativeTestJSON:test_create_image_from_deleted_server): 200 GET http://10.180.1.21/compute/v2.1/servers/0e215138-3fab-4e85-b5d6-8f90c597b365 0.290s
2025-11-22 04:02:30.916 66533 INFO tempest.lib.common.rest_client [req-afe711d2-0f68-42cc-8b6d-84d22965abc4 req-afe711d2-0f68-42cc-8b6d-84d22965abc4 ] Request (ListImagesTestJSON:tearDownClass): 204 DELETE http://10.180.1.21/identity/v3/users/1c6adebddd62442a8a07633f2b14b66f 0.145s
2025-11-22 04:02:30.916 66533 INFO tempest.lib.common.dynamic_creds [-] Deleting project and security group for project: ccd59987299a4942a7419d2a1a77216b
2025-11-22 04:02:30.982 66551 INFO tempest.lib.common.rest_client [req-285a5e24-d708-4732-b927-56bc4e9ef35f req-285a5e24-d708-4732-b927-56bc4e9ef35f ] Request (ServersListShow296Test:test_list_show_update_rebuild_server_296): 200 GET http://10.180.1.21/compute/v2.1/servers/4d19ef5d-d766-4ac4-bddc-acf0d3fc0e02 0.233s
2025-11-22 04:02:30.985 66531 INFO tempest.lib.common.rest_client [req-8a3d5b40-a373-4996-a2bb-b4f538855d11 req-8a3d5b40-a373-4996-a2bb-b4f538855d11 ] Request (DeleteServersTestJSON:test_delete_server_while_in_building_state): 204 DELETE http://10.180.1.21/compute/v2.1/servers/53cf2342-006e-42ca-b039-75dbce3801cf 0.527s
2025-11-22 04:02:30.996 66533 INFO tempest.lib.common.rest_client [req-5d9e2fe2-e7bb-489b-80bf-17e987e6caa9 req-5d9e2fe2-e7bb-489b-80bf-17e987e6caa9 ] Request (ListImagesTestJSON:tearDownClass): 201 POST http://10.180.1.21/identity/v3/auth/tokens 0.080s
2025-11-22 04:02:31.183 66533 INFO tempest.lib.common.rest_client [req-18486c75-4885-48da-8679-b9fe20a71142 req-18486c75-4885-48da-8679-b9fe20a71142 ] Request (ListImagesTestJSON:tearDownClass): 200 GET http://10.180.1.21/networking/v2.0/security-groups?tenant_id=ccd59987299a4942a7419d2a1a77216b&name=default 0.186s
2025-11-22 04:02:31.404 66557 INFO tempest.lib.common.rest_client [req-dfffed9a-8b13-4210-85d8-fcf9d213722d req-dfffed9a-8b13-4210-85d8-fcf9d213722d ] Request (AttachInterfacesTestJSON:test_create_list_show_delete_interfaces_by_network_port): 200 GET http://10.180.1.21/compute/v2.1/servers/daa26df6-1092-4bbc-9686-c1dc93df15fe 0.579s
2025-11-22 04:02:31.417 66531 INFO tempest.lib.common.rest_client [req-0eaff644-d685-4db0-9e80-e99ed2346698 req-0eaff644-d685-4db0-9e80-e99ed2346698 ] Request (DeleteServersTestJSON:test_delete_server_while_in_building_state): 404 GET http://10.180.1.21/compute/v2.1/servers/53cf2342-006e-42ca-b039-75dbce3801cf 0.432s
2025-11-22 04:02:31.486 66531 INFO tempest.lib.common.rest_client [req-4aa86122-1ac1-43e3-8c46-b214a8501cf1 req-4aa86122-1ac1-43e3-8c46-b214a8501cf1 ] Request (DeleteServersTestJSON:test_delete_server_while_in_shelved_state): 201 POST http://10.180.1.21/identity/v3/auth/tokens 0.065s
2025-11-22 04:02:31.487 66531 INFO tempest.lib.common.fixed_network [-] (DeleteServersTestJSON:test_delete_server_while_in_shelved_state) Found network {'id': 'ac0a58ff-871b-4fe1-b543-e294c6a9040e', 'name': 'tempest-DeleteServersTestJSON-1851135765-network', 'tenant_id': '35eb2685d0364d6ca11ebf642ede9331', 'project_id': '35eb2685d0364d6ca11ebf642ede9331', 'admin_state_up': True, 'mtu': 8950, 'status': 'ACTIVE', 'subnets': [], 'shared': False, 'port_security_enabled': True, 'router:external': False, 'provider:network_type': 'vlan', 'provider:physical_network': 'default', 'provider:segmentation_id': 436, 'availability_zone_hints': [], 'availability_zones': [], 'ipv4_address_scope': None, 'ipv6_address_scope': None, 'description': '', 'tags': [], 'created_at': '2025-11-22T03:59:25Z', 'updated_at': '2025-11-22T03:59:25Z', 'revision_number': 1} available for tenant
2025-11-22 04:02:31.504 66533 INFO tempest.lib.common.rest_client [req-6a4a599d-af56-46cb-bdcd-abacbce95b4a req-6a4a599d-af56-46cb-bdcd-abacbce95b4a ] Request (ListImagesTestJSON:tearDownClass): 204 DELETE http://10.180.1.21/networking/v2.0/security-groups/46f94029-e8c4-4285-a23a-8a3a1f9fcf7b 0.320s
2025-11-22 04:02:31.536 66565 INFO tempest.lib.common.rest_client [req-59e572e3-5b17-430e-94e2-f8579f5d1a88 req-59e572e3-5b17-430e-94e2-f8579f5d1a88 ] Request (ServersTestBootFromVolume:setUpClass): 200 GET http://10.180.1.21/compute/v2.1/servers/6120b5b2-22ac-4a9c-8633-965397987125 0.680s
2025-11-22 04:02:31.557 66535 INFO tempest.lib.common.rest_client [req-bb18eed9-3a78-4cac-8548-0d2c3cfb73cf req-bb18eed9-3a78-4cac-8548-0d2c3cfb73cf ] Request (ServersTestManualDisk:tearDownClass): 404 GET http://10.180.1.21/compute/v2.1/servers/f01dc932-1237-4ce5-bdce-ef3645dd22c5 0.493s
2025-11-22 04:02:31.579 66551 INFO tempest.lib.common.rest_client [req-23bad936-1855-4e45-bc26-dff5573fbdae req-23bad936-1855-4e45-bc26-dff5573fbdae ] Request (ServersListShow296Test:test_list_show_update_rebuild_server_296): 200 PUT http://10.180.1.21/compute/v2.1/servers/4d19ef5d-d766-4ac4-bddc-acf0d3fc0e02 0.587s
2025-11-22 04:02:31.601 66533 INFO tempest.lib.common.rest_client [req-2d0e404d-c44b-4eb9-a820-0b533cff7a63 req-2d0e404d-c44b-4eb9-a820-0b533cff7a63 ] Request (ListImagesTestJSON:tearDownClass): 204 DELETE http://10.180.1.21/identity/v3/projects/ccd59987299a4942a7419d2a1a77216b 0.097s
2025-11-22 04:02:31.667 66533 INFO tempest.lib.common.rest_client [req-6baa3db7-141b-47bc-99c7-b7524744b1dc req-6baa3db7-141b-47bc-99c7-b7524744b1dc ] Request (SecurityGroupsTestJSON:setUpClass): 201 POST http://10.180.1.21/identity/v3/auth/tokens 0.061s
2025-11-22 04:02:31.706 66533 INFO tempest.lib.common.rest_client [req-14df0a10-3f7f-453d-b6b3-86e1ef1933c9 req-14df0a10-3f7f-453d-b6b3-86e1ef1933c9 ] Request (SecurityGroupsTestJSON:setUpClass): 201 POST http://10.180.1.21/identity/v3/auth/tokens 0.036s
2025-11-22 04:02:31.717 66569 INFO tempest.lib.common.rest_client [req-9df3e7a1-ee93-4a43-a9b7-abaa7e699e99 req-9df3e7a1-ee93-4a43-a9b7-abaa7e699e99 ] Request (ServerDiagnosticsNegativeTest:tearDownClass): 200 GET http://10.180.1.21/compute/v2.1/servers/1097f4f6-0969-49a4-8ca8-5d958b0b8bfc 0.511s
2025-11-22 04:02:31.743 66533 INFO tempest.lib.common.rest_client [req-4342cf99-3c0b-47d6-a75c-9c9ef748cbbf req-4342cf99-3c0b-47d6-a75c-9c9ef748cbbf ] Request (SecurityGroupsTestJSON:setUpClass): 200 GET http://10.180.1.21/identity/v3/domains?name=Default 0.036s
2025-11-22 04:02:31.749 66525 INFO tempest.lib.common.rest_client [req-99e1ccbd-adaa-4f50-ba3f-749c7dc01dcd req-99e1ccbd-adaa-4f50-ba3f-749c7dc01dcd ] Request (ImagesTestJSON:test_create_server_from_snapshot): 200 GET http://10.180.1.21/compute/v2.1/servers/442dab42-4ccf-486d-b9a0-be82ed31d769 0.659s
2025-11-22 04:02:31.782 66533 INFO tempest.lib.common.rest_client [req-ac259f0b-a44e-41c6-9916-224c45957622 req-ac259f0b-a44e-41c6-9916-224c45957622 ] Request (SecurityGroupsTestJSON:setUpClass): 201 POST http://10.180.1.21/identity/v3/projects 0.038s
2025-11-22 04:02:31.848 66533 INFO tempest.lib.common.rest_client [req-1e31ec87-f7ef-4e83-952e-3085bd994f92 req-1e31ec87-f7ef-4e83-952e-3085bd994f92 ] Request (SecurityGroupsTestJSON:setUpClass): 201 POST http://10.180.1.21/identity/v3/users 0.065s
2025-11-22 04:02:31.859 66543 INFO tempest.lib.common.rest_client [req-4cd93a4f-e18b-49cc-8d6a-eb55be6692db req-4cd93a4f-e18b-49cc-8d6a-eb55be6692db ] Request (ListImageFiltersTestJSON:tearDownClass): 200 GET http://10.180.1.21/compute/v2.1/servers/777f91b4-9564-4aec-b473-4a393af2465d 0.577s
2025-11-22 04:02:31.881 66533 INFO tempest.lib.common.rest_client [req-0ccddbcf-948d-4941-88fd-d7716479116b req-0ccddbcf-948d-4941-88fd-d7716479116b ] Request (SecurityGroupsTestJSON:setUpClass): 200 GET http://10.180.1.21/identity/v3/roles 0.033s
2025-11-22 04:02:31.903 66546 INFO tempest.lib.common.rest_client [req-db50a005-40d7-41d2-a043-b51e5b8623c7 req-db50a005-40d7-41d2-a043-b51e5b8623c7 ] Request (AttachVolumeShelveTestJSON:test_attach_volume_shelved_or_offload_server): 200 GET http://10.180.1.21/compute/v2.1/servers/c3aada99-abd5-4ed7-8591-85cdffec2265 0.659s
2025-11-22 04:02:31.922 66533 INFO tempest.lib.common.rest_client [req-4f3ece27-2745-43f2-9bb5-cb063ef1bf6f req-4f3ece27-2745-43f2-9bb5-cb063ef1bf6f ] Request (SecurityGroupsTestJSON:setUpClass): 204 PUT http://10.180.1.21/identity/v3/projects/1a9175372a9f4365a8b4b19f36d5f557/users/149158d253ad48e5a647d6250a7f3a3f/roles/acd5777349bd48e5bffac74adfa2d281 0.040s
2025-11-22 04:02:31.923 66533 INFO tempest.lib.common.dynamic_creds [-] Dynamic test user 149158d253ad48e5a647d6250a7f3a3f is created with scope project and roles: ['member']
2025-11-22 04:02:31.923 66533 INFO tempest.lib.common.dynamic_creds [-] Acquired dynamic creds: credentials: Credentials: {'domain_id': 'default', 'domain_name': 'Default', 'username': 'tempest-SecurityGroupsTestJSON-749220725-project-member', 'project_domain_id': 'default', 'project_domain_name': 'Default', 'project_id': '1a9175372a9f4365a8b4b19f36d5f557', 'project_name': 'tempest-SecurityGroupsTestJSON-749220725', 'tenant_id': '1a9175372a9f4365a8b4b19f36d5f557', 'tenant_name': 'tempest-SecurityGroupsTestJSON-749220725', 'user_domain_id': 'default', 'user_domain_name': 'Default', 'user_id': '149158d253ad48e5a647d6250a7f3a3f', 'system': None}, Network: None, Subnet: None, Router: None
2025-11-22 04:02:31.995 66533 INFO tempest.lib.common.rest_client [req-546b8535-a454-4a47-8ba3-6ccbc4c40de1 req-546b8535-a454-4a47-8ba3-6ccbc4c40de1 ] Request (SecurityGroupsTestJSON:setUpClass): 201 POST http://10.180.1.21/identity/v3/auth/tokens 0.071s
2025-11-22 04:02:31.997 66577 INFO tempest.lib.common.rest_client [req-28f72b8d-9a1c-4ca7-9da3-709f4117efa5 req-28f72b8d-9a1c-4ca7-9da3-709f4117efa5 ] Request (ServersAdminTestJSON:tearDownClass): 200 GET http://10.180.1.21/compute/v2.1/servers/0b16c6d9-7d3e-4263-9d3c-128261d8e833 0.596s
2025-11-22 04:02:32.058 66561 INFO tempest.lib.common.rest_client [req-c9e05446-e483-4312-bff7-8b7aee8ce666 req-c9e05446-e483-4312-bff7-8b7aee8ce666 ] Request (ServerRescueTestJSON:setUpClass): 200 GET http://10.180.1.21/compute/v2.1/servers/c4446c54-14ea-4113-88b0-5902392c51a3 0.720s
2025-11-22 04:02:32.130 66581 INFO tempest.lib.common.rest_client [req-680febee-db2a-484b-b66d-544f53a8c1dc req-680febee-db2a-484b-b66d-544f53a8c1dc ] Request (ImagesOneServerNegativeTestJSON:_run_cleanups): 200 GET http://10.180.1.21/compute/v2.1/servers/a39356b2-17c5-4104-bc40-da46251a6c1d 0.586s
2025-11-22 04:02:32.151 66535 INFO tempest.lib.common.rest_client [req-19b048f9-b6c9-4db4-98eb-f89407082f2f req-19b048f9-b6c9-4db4-98eb-f89407082f2f ] Request (ServersTestManualDisk:tearDownClass): 202 DELETE http://10.180.1.21/compute/v2.1/os-keypairs/tempest-keypair-2059683220 0.593s
2025-11-22 04:02:32.280 66535 INFO tempest.lib.common.rest_client [req-bedd3b7e-8579-4843-8377-605c7dde7cef req-bedd3b7e-8579-4843-8377-605c7dde7cef ] Request (ServersTestManualDisk:tearDownClass): 204 DELETE http://10.180.1.21/networking/v2.0/security-groups/a4bd94fc-0536-4306-82db-439b509f42ce 0.129s
2025-11-22 04:02:32.319 66533 INFO tempest.lib.common.rest_client [req-65b96057-5426-42d0-97d5-64f00d24d932 req-65b96057-5426-42d0-97d5-64f00d24d932 ] Request (SecurityGroupsTestJSON:setUpClass): 201 POST http://10.180.1.21/networking/v2.0/networks 0.324s
2025-11-22 04:02:32.328 66535 INFO tempest.lib.common.rest_client [req-fce44981-524f-43d0-8b4c-43fd3530c939 req-fce44981-524f-43d0-8b4c-43fd3530c939 ] Request (ServersTestManualDisk:tearDownClass): 404 GET http://10.180.1.21/networking/v2.0/security-groups/a4bd94fc-0536-4306-82db-439b509f42ce 0.047s
2025-11-22 04:02:32.488 66533 INFO tempest.lib.common.rest_client [req-f2827960-5e99-4f8a-b2e2-3da23df91b15 req-f2827960-5e99-4f8a-b2e2-3da23df91b15 ] Request (SecurityGroupsTestJSON:setUpClass): 201 POST http://10.180.1.21/networking/v2.0/subnets 0.168s
2025-11-22 04:02:32.504 66531 INFO tempest.lib.common.rest_client [req-b1fc6a91-c747-4186-9879-03a7f48c0f00 req-b1fc6a91-c747-4186-9879-03a7f48c0f00 ] Request (DeleteServersTestJSON:test_delete_server_while_in_shelved_state): 202 POST http://10.180.1.21/compute/v2.1/servers 1.017s
2025-11-22 04:02:32.533 66573 INFO tempest.lib.common.rest_client [req-05c0cf1a-442c-4100-8c7f-9fa32d7c56e6 req-05c0cf1a-442c-4100-8c7f-9fa32d7c56e6 ] Request (ServerActionsTestOtherB:test_resize_server_confirm_from_stopped): 200 GET http://10.180.1.21/compute/v2.1/servers/61409d2c-bff9-489b-9f26-bed96b20ba25 0.955s
2025-11-22 04:02:32.721 66535 INFO tempest.lib.common.rest_client [req-964dab7b-a2b2-45f1-b548-77c77ace4025 req-964dab7b-a2b2-45f1-b548-77c77ace4025 ] Request (ServersTestManualDisk:tearDownClass): 204 DELETE http://10.180.1.21/networking/v2.0/floatingips/f0cdbe4b-d6d4-4eba-bb0a-12436e28ea71 0.392s
2025-11-22 04:02:32.755 66571 INFO tempest.lib.common.rest_client [req-1bcde3d0-b7a9-44ae-ac4a-fb72b5347fa9 req-1bcde3d0-b7a9-44ae-ac4a-fb72b5347fa9 ] Request (ServersAdminNegativeTestJSON:tearDownClass): 200 GET http://10.180.1.21/compute/v2.1/servers/707744d0-cb16-48dd-be8b-4833791cce67 1.126s
2025-11-22 04:02:33.356 66533 INFO tempest.lib.common.rest_client [req-81db7f9b-767d-42b1-a4a5-d43a5319eb8b req-81db7f9b-767d-42b1-a4a5-d43a5319eb8b ] Request (SecurityGroupsTestJSON:setUpClass): 201 POST http://10.180.1.21/networking/v2.0/routers 0.867s
2025-11-22 04:02:33.390 66551 INFO tempest.lib.common.rest_client [req-77c364e8-4596-475c-99bc-1e585203e587 req-77c364e8-4596-475c-99bc-1e585203e587 ] Request (ServersListShow296Test:test_list_show_update_rebuild_server_296): 202 POST http://10.180.1.21/compute/v2.1/servers/4d19ef5d-d766-4ac4-bddc-acf0d3fc0e02/action 1.799s
2025-11-22 04:02:33.392 66541 INFO tempest.lib.common.rest_client [req-e9df8581-b028-42ad-bb43-10a6cf8ba0d5 req-e9df8581-b028-42ad-bb43-10a6cf8ba0d5 ] Request (ServerShowV257Test:test_rebuild_server): 200 GET http://10.180.1.21/compute/v2.1/servers/ddc37ed9-5b4d-4b0a-973c-83e9bb8c1e19 1.739s
2025-11-22 04:02:33.564 66535 INFO tempest.lib.common.rest_client [req-e4d1176b-75b6-4888-941b-250e7a1bd980 req-e4d1176b-75b6-4888-941b-250e7a1bd980 ] Request (ServersTestManualDisk:tearDownClass): 200 PUT http://10.180.1.21/networking/v2.0/routers/f711820b-2daf-4d44-b612-311cc75036a3/remove_router_interface 0.842s
2025-11-22 04:02:33.603 66529 INFO tempest.lib.common.rest_client [req-76ea2bc1-acd8-4590-b8de-4d994a835834 req-76ea2bc1-acd8-4590-b8de-4d994a835834 ] Request (ServerMetadataTestJSON:tearDownClass): 200 GET http://10.180.1.21/compute/v2.1/servers/8a6d7813-ad0d-4afc-90f8-cb269921a61f 1.799s
2025-11-22 04:02:34.137 66535 INFO tempest.lib.common.rest_client [req-d76ca949-7dbf-4ab3-badd-448084b28c80 req-d76ca949-7dbf-4ab3-badd-448084b28c80 ] Request (ServersTestManualDisk:tearDownClass): 204 DELETE http://10.180.1.21/networking/v2.0/routers/f711820b-2daf-4d44-b612-311cc75036a3 0.572s
2025-11-22 04:02:34.239 66559 INFO tempest.lib.common.rest_client [req-bffb47fc-8e3e-4395-94bc-750c2a2273c9 req-bffb47fc-8e3e-4395-94bc-750c2a2273c9 ] Request (MigrationsAdminTest:test_resize_server_revert_deleted_flavor): 200 GET http://10.180.1.21/compute/v2.1/servers/e07a787f-329c-486b-8e4a-b8e384eb739b 2.509s
2025-11-22 04:02:34.350 66535 INFO tempest.lib.common.rest_client [req-38f1dd62-b74a-464a-87f2-ce88717f930a req-38f1dd62-b74a-464a-87f2-ce88717f930a ] Request (ServersTestManualDisk:tearDownClass): 204 DELETE http://10.180.1.21/networking/v2.0/subnets/dfca8cf4-a5c6-4572-b57b-1d9ac9ea383d 0.213s
2025-11-22 04:02:34.388 66533 INFO tempest.lib.common.rest_client [req-b9f97e27-38e0-4302-b130-714862070da7 req-b9f97e27-38e0-4302-b130-714862070da7 ] Request (SecurityGroupsTestJSON:setUpClass): 200 PUT http://10.180.1.21/networking/v2.0/routers/57e506a9-8940-49a5-ba2b-3f06b3a8604d/add_router_interface 1.031s
2025-11-22 04:02:34.388 66533 INFO tempest.lib.common.dynamic_creds [-] Created isolated network resources for: credentials: Credentials: {'domain_id': 'default', 'domain_name': 'Default', 'username': 'tempest-SecurityGroupsTestJSON-749220725-project-member', 'project_domain_id': 'default', 'project_domain_name': 'Default', 'project_id': '1a9175372a9f4365a8b4b19f36d5f557', 'project_name': 'tempest-SecurityGroupsTestJSON-749220725', 'tenant_id': '1a9175372a9f4365a8b4b19f36d5f557', 'tenant_name': 'tempest-SecurityGroupsTestJSON-749220725', 'user_domain_id': 'default', 'user_domain_name': 'Default', 'user_id': '149158d253ad48e5a647d6250a7f3a3f', 'system': None}, Network: {'id': '4c53071b-e1c5-40ef-9601-1d5999ae7a0d', 'name': 'tempest-SecurityGroupsTestJSON-412155226-network', 'tenant_id': '1a9175372a9f4365a8b4b19f36d5f557', 'project_id': '1a9175372a9f4365a8b4b19f36d5f557', 'admin_state_up': True, 'mtu': 8950, 'status': 'ACTIVE', 'subnets': [], 'shared': False, 'port_security_enabled': True, 'router:external': False, 'provider:network_type': 'vlan', 'provider:physical_network': 'default', 'provider:segmentation_id': 206, 'availability_zone_hints': [], 'availability_zones': [], 'ipv4_address_scope': None, 'ipv6_address_scope': None, 'description': '', 'tags': [], 'created_at': '2025-11-22T04:02:32Z', 'updated_at': '2025-11-22T04:02:32Z', 'revision_number': 1}, Subnet: {'id': '7a20f016-68db-4d5e-ba55-c2e24f543a83', 'name': 'tempest-SecurityGroupsTestJSON-412155226-subnet', 'tenant_id': '1a9175372a9f4365a8b4b19f36d5f557', 'network_id': '4c53071b-e1c5-40ef-9601-1d5999ae7a0d', 'ip_version': 4, 'subnetpool_id': None, 'enable_dhcp': True, 'ipv6_ra_mode': None, 'ipv6_address_mode': None, 'gateway_ip': '192.168.128.1', 'cidr': '192.168.128.0/28', 'allocation_pools': [{'start': '192.168.128.2', 'end': '192.168.128.14'}], 'host_routes': [], 'dns_nameservers': [], 'description': '', 'router:external': False, 'service_types': [], 'tags': [], 'created_at': '2025-11-22T04:02:32Z', 'updated_at': '2025-11-22T04:02:32Z', 'revision_number': 0, 'project_id': '1a9175372a9f4365a8b4b19f36d5f557'}, Router: {'id': '57e506a9-8940-49a5-ba2b-3f06b3a8604d', 'name': 'tempest-SecurityGroupsTestJSON-412155226-router', 'tenant_id': '1a9175372a9f4365a8b4b19f36d5f557', 'admin_state_up': True, 'status': 'ACTIVE', 'external_gateway_info': {'network_id': 'ed3249cc-0a43-4de1-a5f5-4940d9c74af3', 'external_fixed_ips': [{'subnet_id': 'f83f4751-8aab-4337-b7b9-f3c70d626b23', 'ip_address': '10.180.180.218'}], 'enable_snat': True}, 'description': '', 'availability_zones': [], 'distributed': False, 'ha': False, 'availability_zone_hints': [], 'routes': [], 'flavor_id': None, 'tags': [], 'created_at': '2025-11-22T04:02:32Z', 'updated_at': '2025-11-22T04:02:33Z', 'revision_number': 2, 'project_id': '1a9175372a9f4365a8b4b19f36d5f557'}
2025-11-22 04:02:34.416 66549 INFO tempest.lib.common.rest_client [req-39acf18c-cf28-48ba-abef-1c6269ac0687 req-39acf18c-cf28-48ba-abef-1c6269ac0687 ] Request (ImagesNegativeTestJSON:test_create_image_from_deleted_server): 200 GET http://10.180.1.21/compute/v2.1/servers/0e215138-3fab-4e85-b5d6-8f90c597b365 2.509s
2025-11-22 04:02:34.420 66557 INFO tempest.lib.common.rest_client [req-c1a78ea2-ee7a-49ca-9a6f-912af02e9fb2 req-c1a78ea2-ee7a-49ca-9a6f-912af02e9fb2 ] Request (AttachInterfacesTestJSON:test_create_list_show_delete_interfaces_by_network_port): 200 GET http://10.180.1.21/compute/v2.1/servers/daa26df6-1092-4bbc-9686-c1dc93df15fe 2.006s
2025-11-22 04:02:34.424 66549 INFO tempest.common.waiters [-] State transition "BUILD/spawning" ==> "ACTIVE/None" after 59 second wait
2025-11-22 04:02:34.433 66557 INFO tempest.common.waiters [-] State transition "BUILD/None" ==> "BUILD/networking" after 28 second wait
2025-11-22 04:02:34.522 66533 INFO tempest.lib.common.rest_client [req-c2346ded-8355-4b31-8a51-75123ec12d36 req-c2346ded-8355-4b31-8a51-75123ec12d36 ] Request (SecurityGroupsTestJSON:setUpClass): 201 POST http://10.180.1.21/identity/v3/auth/tokens 0.131s
2025-11-22 04:02:34.558 66531 INFO tempest.lib.common.rest_client [req-a3b3f72b-1957-43fc-b206-86ef5bb894cf req-a3b3f72b-1957-43fc-b206-86ef5bb894cf ] Request (DeleteServersTestJSON:test_delete_server_while_in_shelved_state): 200 GET http://10.180.1.21/compute/v2.1/servers/df050948-e85c-4e18-bccc-61e879624492 2.051s
2025-11-22 04:02:34.743 66535 INFO tempest.lib.common.rest_client [req-38831a28-cb8e-463a-ab32-c33934769820 req-38831a28-cb8e-463a-ab32-c33934769820 ] Request (ServersTestManualDisk:tearDownClass): 204 DELETE http://10.180.1.21/networking/v2.0/networks/d729f731-0937-43b9-b6be-0cf3d7573c06 0.393s
2025-11-22 04:02:34.790 66565 INFO tempest.lib.common.rest_client [req-24ef960b-b11f-40be-a866-0e51e25ead42 req-24ef960b-b11f-40be-a866-0e51e25ead42 ] Request (ServersTestBootFromVolume:setUpClass): 200 GET http://10.180.1.21/compute/v2.1/servers/6120b5b2-22ac-4a9c-8633-965397987125 2.245s
2025-11-22 04:02:34.804 66565 INFO tempest.common.waiters [-] State transition "BUILD/spawning" ==> "ACTIVE/None" after 50 second wait
2025-11-22 04:02:34.808 66569 INFO tempest.lib.common.rest_client [req-e6157946-3b26-4a1f-ae81-8629cfcb5d81 req-e6157946-3b26-4a1f-ae81-8629cfcb5d81 ] Request (ServerDiagnosticsNegativeTest:tearDownClass): 200 GET http://10.180.1.21/compute/v2.1/servers/1097f4f6-0969-49a4-8ca8-5d958b0b8bfc 2.083s
2025-11-22 04:02:34.893 66535 INFO tempest.lib.common.rest_client [req-9f461534-d286-4dae-8166-73fe23e1db71 req-9f461534-d286-4dae-8166-73fe23e1db71 ] Request (ServersTestManualDisk:tearDownClass): 204 DELETE http://10.180.1.21/identity/v3/users/08d7c431b4ab49f381ca439507e85852 0.150s
2025-11-22 04:02:34.894 66535 INFO tempest.lib.common.dynamic_creds [-] Deleting project and security group for project: ba33e2d3dab9469a9da247a1e776f765
2025-11-22 04:02:34.954 66535 INFO tempest.lib.common.rest_client [req-b5782a55-937b-4fdb-958f-f15748b4c95c req-b5782a55-937b-4fdb-958f-f15748b4c95c ] Request (ServersTestManualDisk:tearDownClass): 200 GET http://10.180.1.21/networking/v2.0/security-groups?tenant_id=ba33e2d3dab9469a9da247a1e776f765&name=default 0.060s
2025-11-22 04:02:34.989 66543 INFO tempest.lib.common.rest_client [req-e62cf064-ba9c-4e82-90a6-39649bb98e1a req-e62cf064-ba9c-4e82-90a6-39649bb98e1a ] Request (ListImageFiltersTestJSON:tearDownClass): 200 GET http://10.180.1.21/compute/v2.1/servers/777f91b4-9564-4aec-b473-4a393af2465d 2.122s
2025-11-22 04:02:35.021 66525 INFO tempest.lib.common.rest_client [req-c059569d-0f5a-43a4-8efc-675bea8be928 req-c059569d-0f5a-43a4-8efc-675bea8be928 ] Request (ImagesTestJSON:test_create_server_from_snapshot): 200 GET http://10.180.1.21/compute/v2.1/servers/442dab42-4ccf-486d-b9a0-be82ed31d769 2.260s
2025-11-22 04:02:35.141 66535 INFO tempest.lib.common.rest_client [req-12c675f2-89de-4963-a575-6b6412d36f3a req-12c675f2-89de-4963-a575-6b6412d36f3a ] Request (ServersTestManualDisk:tearDownClass): 204 DELETE http://10.180.1.21/networking/v2.0/security-groups/727fab80-030f-4f34-bfba-9bd92835ecbb 0.186s
2025-11-22 04:02:35.170 66577 INFO tempest.lib.common.rest_client [req-54d7956f-1ffb-43e2-afc5-1d94ab3cf4b6 req-54d7956f-1ffb-43e2-afc5-1d94ab3cf4b6 ] Request (ServersAdminTestJSON:tearDownClass): 200 GET http://10.180.1.21/compute/v2.1/servers/0b16c6d9-7d3e-4263-9d3c-128261d8e833 2.164s
2025-11-22 04:02:35.275 66535 INFO tempest.lib.common.rest_client [req-138c7d06-76ab-41e8-86c2-0078379f1ddc req-138c7d06-76ab-41e8-86c2-0078379f1ddc ] Request (ServersTestManualDisk:tearDownClass): 204 DELETE http://10.180.1.21/identity/v3/projects/ba33e2d3dab9469a9da247a1e776f765 0.133s
2025-11-22 04:02:35.352 66535 INFO tempest.lib.common.rest_client [req-a2020460-59b5-46cd-a67f-05b76357da58 req-a2020460-59b5-46cd-a67f-05b76357da58 ] Request (ServerDiskConfigTestJSON:setUpClass): 201 POST http://10.180.1.21/identity/v3/auth/tokens 0.075s
2025-11-22 04:02:35.355 66546 INFO tempest.lib.common.rest_client [req-8623536c-cc42-412c-8709-b2491241e958 req-8623536c-cc42-412c-8709-b2491241e958 ] Request (AttachVolumeShelveTestJSON:test_attach_volume_shelved_or_offload_server): 200 GET http://10.180.1.21/compute/v2.1/servers/c3aada99-abd5-4ed7-8591-85cdffec2265 2.441s
2025-11-22 04:02:35.398 66561 INFO tempest.lib.common.rest_client [req-caa940e9-04aa-4b7e-b45f-cefca3a7237e req-caa940e9-04aa-4b7e-b45f-cefca3a7237e ] Request (ServerRescueTestJSON:setUpClass): 200 GET http://10.180.1.21/compute/v2.1/servers/c4446c54-14ea-4113-88b0-5902392c51a3 2.332s
2025-11-22 04:02:35.421 66535 INFO tempest.lib.common.rest_client [req-32b27573-3283-4745-b1c4-9f2909d6535b req-32b27573-3283-4745-b1c4-9f2909d6535b ] Request (ServerDiskConfigTestJSON:setUpClass): 201 POST http://10.180.1.21/identity/v3/auth/tokens 0.065s
2025-11-22 04:02:35.442 66581 INFO tempest.lib.common.rest_client [req-b0c04d75-c999-4a0f-8229-049ca3770a1d req-b0c04d75-c999-4a0f-8229-049ca3770a1d ] Request (ImagesOneServerNegativeTestJSON:_run_cleanups): 200 GET http://10.180.1.21/compute/v2.1/servers/a39356b2-17c5-4104-bc40-da46251a6c1d 2.303s
2025-11-22 04:02:35.456 66535 INFO tempest.lib.common.rest_client [req-42a8cf8e-8de1-4eb3-bb5e-595cd0496fec req-42a8cf8e-8de1-4eb3-bb5e-595cd0496fec ] Request (ServerDiskConfigTestJSON:setUpClass): 200 GET http://10.180.1.21/identity/v3/domains?name=Default 0.035s
2025-11-22 04:02:35.496 66535 INFO tempest.lib.common.rest_client [req-2297cd12-c82f-4d12-9b7a-af9d9262b208 req-2297cd12-c82f-4d12-9b7a-af9d9262b208 ] Request (ServerDiskConfigTestJSON:setUpClass): 201 POST http://10.180.1.21/identity/v3/projects 0.039s
2025-11-22 04:02:35.506 66551 INFO tempest.lib.common.rest_client [req-72f0048f-6d9e-48c1-b0e2-c2b7be713be9 req-72f0048f-6d9e-48c1-b0e2-c2b7be713be9 ] Request (ServersListShow296Test:test_list_show_update_rebuild_server_296): 200 GET http://10.180.1.21/compute/v2.1/servers/4d19ef5d-d766-4ac4-bddc-acf0d3fc0e02 2.103s
2025-11-22 04:02:35.543 66537 WARNING tempest.lib.common.ssh [-] Failed to establish authenticated ssh connection to cirros@10.180.180.213 ([Errno None] Unable to connect to port 22 on 10.180.180.213). Number attempts: 7. Retry after 8 seconds.: paramiko.ssh_exception.NoValidConnectionsError: [Errno None] Unable to connect to port 22 on 10.180.180.213
2025-11-22 04:02:35.571 66535 INFO tempest.lib.common.rest_client [req-c473d900-966b-41c7-8da2-a782cbabaa5d req-c473d900-966b-41c7-8da2-a782cbabaa5d ] Request (ServerDiskConfigTestJSON:setUpClass): 201 POST http://10.180.1.21/identity/v3/users 0.074s
2025-11-22 04:02:35.597 66535 INFO tempest.lib.common.rest_client [req-f74baa34-7d12-4a06-8c34-7e8e98024504 req-f74baa34-7d12-4a06-8c34-7e8e98024504 ] Request (ServerDiskConfigTestJSON:setUpClass): 200 GET http://10.180.1.21/identity/v3/roles 0.025s
2025-11-22 04:02:35.630 66535 INFO tempest.lib.common.rest_client [req-10a0cc84-69d1-496a-a49d-bd86f684cf0f req-10a0cc84-69d1-496a-a49d-bd86f684cf0f ] Request (ServerDiskConfigTestJSON:setUpClass): 204 PUT http://10.180.1.21/identity/v3/projects/d8a2d1b2e90746458587bbf5467003fc/users/55bb69ab60884a4380e749d30ae7906d/roles/acd5777349bd48e5bffac74adfa2d281 0.032s
2025-11-22 04:02:35.630 66535 INFO tempest.lib.common.dynamic_creds [-] Dynamic test user 55bb69ab60884a4380e749d30ae7906d is created with scope project and roles: ['member']
2025-11-22 04:02:35.630 66535 INFO tempest.lib.common.dynamic_creds [-] Acquired dynamic creds: credentials: Credentials: {'domain_id': 'default', 'domain_name': 'Default', 'username': 'tempest-ServerDiskConfigTestJSON-730931214-project-member', 'project_domain_id': 'default', 'project_domain_name': 'Default', 'project_id': 'd8a2d1b2e90746458587bbf5467003fc', 'project_name': 'tempest-ServerDiskConfigTestJSON-730931214', 'tenant_id': 'd8a2d1b2e90746458587bbf5467003fc', 'tenant_name': 'tempest-ServerDiskConfigTestJSON-730931214', 'user_domain_id': 'default', 'user_domain_name': 'Default', 'user_id': '55bb69ab60884a4380e749d30ae7906d', 'system': None}, Network: None, Subnet: None, Router: None
2025-11-22 04:02:35.666 66571 INFO tempest.lib.common.rest_client [req-98b7e4bd-3638-4cc4-9e3b-9fd3ed363800 req-98b7e4bd-3638-4cc4-9e3b-9fd3ed363800 ] Request (ServersAdminNegativeTestJSON:tearDownClass): 200 GET http://10.180.1.21/compute/v2.1/servers/707744d0-cb16-48dd-be8b-4833791cce67 1.900s
2025-11-22 04:02:35.693 66573 INFO tempest.lib.common.rest_client [req-05226e23-e1c8-4436-834a-5fdb2b61375e req-05226e23-e1c8-4436-834a-5fdb2b61375e ] Request (ServerActionsTestOtherB:test_resize_server_confirm_from_stopped): 200 GET http://10.180.1.21/compute/v2.1/servers/61409d2c-bff9-489b-9f26-bed96b20ba25 2.147s
2025-11-22 04:02:35.701 66535 INFO tempest.lib.common.rest_client [req-034b6a42-f9e7-47ea-bf87-44938bd71ea1 req-034b6a42-f9e7-47ea-bf87-44938bd71ea1 ] Request (ServerDiskConfigTestJSON:setUpClass): 201 POST http://10.180.1.21/identity/v3/auth/tokens 0.070s
2025-11-22 04:02:35.778 66549 INFO tempest.lib.common.rest_client [req-4760bb2f-4a34-4133-8bd0-0c3c091078e1 req-4760bb2f-4a34-4133-8bd0-0c3c091078e1 ] Request (ImagesNegativeTestJSON:test_create_image_from_deleted_server): 204 DELETE http://10.180.1.21/compute/v2.1/servers/0e215138-3fab-4e85-b5d6-8f90c597b365 1.353s
2025-11-22 04:02:35.999 66535 INFO tempest.lib.common.rest_client [req-fc196157-f03a-46a7-a122-38c4d6f494ec req-fc196157-f03a-46a7-a122-38c4d6f494ec ] Request (ServerDiskConfigTestJSON:setUpClass): 201 POST http://10.180.1.21/networking/v2.0/networks 0.298s
2025-11-22 04:02:36.028 66541 INFO tempest.lib.common.rest_client [req-88af2385-f7e5-4870-b808-69af0c528cba req-88af2385-f7e5-4870-b808-69af0c528cba ] Request (ServerShowV257Test:test_rebuild_server): 200 GET http://10.180.1.21/compute/v2.1/servers/ddc37ed9-5b4d-4b0a-973c-83e9bb8c1e19 1.626s
2025-11-22 04:02:36.145 66533 INFO tempest.lib.common.rest_client [req-e5712a58-00a6-4556-8536-18ff73c378bd req-e5712a58-00a6-4556-8536-18ff73c378bd ] Request (SecurityGroupsTestJSON:test_list_security_groups_by_server): 200 POST http://10.180.1.21/compute/v2.1/os-security-groups 1.622s
2025-11-22 04:02:36.352 66535 INFO tempest.lib.common.rest_client [req-66ce16ef-3f1a-4a0d-9aa9-9e407e0d3266 req-66ce16ef-3f1a-4a0d-9aa9-9e407e0d3266 ] Request (ServerDiskConfigTestJSON:setUpClass): 201 POST http://10.180.1.21/networking/v2.0/subnets 0.352s
2025-11-22 04:02:36.378 66529 INFO tempest.lib.common.rest_client [req-ea82cc89-9172-4136-bbc1-872d0437da51 req-ea82cc89-9172-4136-bbc1-872d0437da51 ] Request (ServerMetadataTestJSON:tearDownClass): 200 GET http://10.180.1.21/compute/v2.1/servers/8a6d7813-ad0d-4afc-90f8-cb269921a61f 1.761s
2025-11-22 04:02:36.403 66565 INFO tempest.lib.common.rest_client [req-98b43dd0-53b3-49d9-ab31-58e871a50894 req-98b43dd0-53b3-49d9-ab31-58e871a50894 ] Request (ServersTestBootFromVolume:setUpClass): 200 GET http://10.180.1.21/compute/v2.1/servers/6120b5b2-22ac-4a9c-8633-965397987125/os-interface 1.598s
2025-11-22 04:02:37.231 66535 INFO tempest.lib.common.rest_client [req-7f67f4d6-4641-4c1d-9e77-d2f580bd1142 req-7f67f4d6-4641-4c1d-9e77-d2f580bd1142 ] Request (ServerDiskConfigTestJSON:setUpClass): 201 POST http://10.180.1.21/networking/v2.0/routers 0.878s
2025-11-22 04:02:37.445 66565 INFO tempest.lib.common.rest_client [req-c4f587df-db31-4df0-a548-24f0270c3825 req-c4f587df-db31-4df0-a548-24f0270c3825 ] Request (ServersTestBootFromVolume:setUpClass): 200 PUT http://10.180.1.21/networking/v2.0/floatingips/331cce86-e215-4f0e-afbc-a6ff12a6ef57 1.039s
2025-11-22 04:02:37.487 66559 INFO tempest.lib.common.rest_client [req-2a66b819-adff-4e3d-93b9-4be219b40b77 req-2a66b819-adff-4e3d-93b9-4be219b40b77 ] Request (MigrationsAdminTest:test_resize_server_revert_deleted_flavor): 200 GET http://10.180.1.21/compute/v2.1/servers/e07a787f-329c-486b-8e4a-b8e384eb739b 2.238s
2025-11-22 04:02:37.514 66557 INFO tempest.lib.common.rest_client [req-7746e0aa-70e6-4d2b-93ea-2c32ee31f27d req-7746e0aa-70e6-4d2b-93ea-2c32ee31f27d ] Request (AttachInterfacesTestJSON:test_create_list_show_delete_interfaces_by_network_port): 200 GET http://10.180.1.21/compute/v2.1/servers/daa26df6-1092-4bbc-9686-c1dc93df15fe 2.080s
2025-11-22 04:02:37.522 66557 INFO tempest.common.waiters [-] State transition "BUILD/networking" ==> "BUILD/spawning" after 31 second wait
2025-11-22 04:02:37.570 66531 INFO tempest.lib.common.rest_client [req-f8147c36-62f3-4b9d-a81f-d9ba40ac4d59 req-f8147c36-62f3-4b9d-a81f-d9ba40ac4d59 ] Request (DeleteServersTestJSON:test_delete_server_while_in_shelved_state): 200 GET http://10.180.1.21/compute/v2.1/servers/df050948-e85c-4e18-bccc-61e879624492 2.004s
2025-11-22 04:02:37.590 66569 INFO tempest.lib.common.rest_client [req-a0db92f8-46f8-4609-bedc-910233e2733c req-a0db92f8-46f8-4609-bedc-910233e2733c ] Request (ServerDiagnosticsNegativeTest:tearDownClass): 404 GET http://10.180.1.21/compute/v2.1/servers/1097f4f6-0969-49a4-8ca8-5d958b0b8bfc 1.769s
2025-11-22 04:02:37.687 66569 INFO tempest.lib.common.rest_client [req-46b8380c-d6c5-4d30-989b-3f849efbca80 req-46b8380c-d6c5-4d30-989b-3f849efbca80 ] Request (ServerDiagnosticsNegativeTest:tearDownClass): 204 DELETE http://10.180.1.21/identity/v3/users/3ea3f5e58f9b4bd88927eca974f05395 0.097s
2025-11-22 04:02:37.704 66549 INFO tempest.lib.common.rest_client [req-b2e5ad71-323b-407b-9d4c-831d559d230a req-b2e5ad71-323b-407b-9d4c-831d559d230a ] Request (ImagesNegativeTestJSON:test_create_image_from_deleted_server): 200 GET http://10.180.1.21/compute/v2.1/servers/0e215138-3fab-4e85-b5d6-8f90c597b365 1.925s
2025-11-22 04:02:37.723 66543 INFO tempest.lib.common.rest_client [req-d580ca40-5680-4b81-b87f-c8d153f6fe27 req-d580ca40-5680-4b81-b87f-c8d153f6fe27 ] Request (ListImageFiltersTestJSON:tearDownClass): 200 GET http://10.180.1.21/compute/v2.1/servers/777f91b4-9564-4aec-b473-4a393af2465d 1.726s
2025-11-22 04:02:37.814 66569 INFO tempest.lib.common.rest_client [req-7fbe33e7-3c04-4d7f-8eac-7515a354be65 req-7fbe33e7-3c04-4d7f-8eac-7515a354be65 ] Request (ServerDiagnosticsNegativeTest:tearDownClass): 204 DELETE http://10.180.1.21/identity/v3/users/1f78d1acee804979a521d5e64ed50f35 0.126s
2025-11-22 04:02:37.814 66569 INFO tempest.lib.common.dynamic_creds [-] Deleting project and security group for project: 8c7201afeb754366aa4dc9b7f6923add
2025-11-22 04:02:37.910 66569 INFO tempest.lib.common.rest_client [req-ff00da0a-5ef2-4536-9d2e-150fd2d2fb1e req-ff00da0a-5ef2-4536-9d2e-150fd2d2fb1e ] Request (ServerDiagnosticsNegativeTest:tearDownClass): 201 POST http://10.180.1.21/identity/v3/auth/tokens 0.096s
2025-11-22 04:02:37.938 66533 INFO tempest.lib.common.rest_client [req-79b07148-c9ea-4743-8881-2ce5902deee6 req-79b07148-c9ea-4743-8881-2ce5902deee6 ] Request (SecurityGroupsTestJSON:test_list_security_groups_by_server): 200 POST http://10.180.1.21/compute/v2.1/os-security-groups 1.789s
2025-11-22 04:02:38.035 66533 INFO tempest.lib.common.rest_client [req-eddaa467-11f4-4009-af03-a3e43c706663 req-eddaa467-11f4-4009-af03-a3e43c706663 ] Request (SecurityGroupsTestJSON:test_list_security_groups_by_server): 201 POST http://10.180.1.21/identity/v3/auth/tokens 0.082s
2025-11-22 04:02:38.036 66533 INFO tempest.lib.common.fixed_network [-] (SecurityGroupsTestJSON:test_list_security_groups_by_server) Found network {'id': '4c53071b-e1c5-40ef-9601-1d5999ae7a0d', 'name': 'tempest-SecurityGroupsTestJSON-412155226-network', 'tenant_id': '1a9175372a9f4365a8b4b19f36d5f557', 'project_id': '1a9175372a9f4365a8b4b19f36d5f557', 'admin_state_up': True, 'mtu': 8950, 'status': 'ACTIVE', 'subnets': [], 'shared': False, 'port_security_enabled': True, 'router:external': False, 'provider:network_type': 'vlan', 'provider:physical_network': 'default', 'provider:segmentation_id': 206, 'availability_zone_hints': [], 'availability_zones': [], 'ipv4_address_scope': None, 'ipv6_address_scope': None, 'description': '', 'tags': [], 'created_at': '2025-11-22T04:02:32Z', 'updated_at': '2025-11-22T04:02:32Z', 'revision_number': 1} available for tenant
2025-11-22 04:02:38.182 66569 INFO tempest.lib.common.rest_client [req-b1ba9a5b-05a4-4e2e-a5de-40cea0d4e3ad req-b1ba9a5b-05a4-4e2e-a5de-40cea0d4e3ad ] Request (ServerDiagnosticsNegativeTest:tearDownClass): 200 GET http://10.180.1.21/networking/v2.0/security-groups?tenant_id=8c7201afeb754366aa4dc9b7f6923add&name=default 0.271s
2025-11-22 04:02:38.248 66577 INFO tempest.lib.common.rest_client [req-d20a54fe-3f3b-4971-b9b3-8680db73d53b req-d20a54fe-3f3b-4971-b9b3-8680db73d53b ] Request (ServersAdminTestJSON:tearDownClass): 200 GET http://10.180.1.21/compute/v2.1/servers/0b16c6d9-7d3e-4263-9d3c-128261d8e833 2.070s
2025-11-22 04:02:38.273 66525 INFO tempest.lib.common.rest_client [req-c79685a8-192d-4aa3-bc73-ac6819918f23 req-c79685a8-192d-4aa3-bc73-ac6819918f23 ] Request (ImagesTestJSON:test_create_server_from_snapshot): 200 GET http://10.180.1.21/compute/v2.1/servers/442dab42-4ccf-486d-b9a0-be82ed31d769 2.241s
2025-11-22 04:02:38.384 66535 INFO tempest.lib.common.rest_client [req-e56c6ac1-81f7-43aa-a355-a64c61f50073 req-e56c6ac1-81f7-43aa-a355-a64c61f50073 ] Request (ServerDiskConfigTestJSON:setUpClass): 200 PUT http://10.180.1.21/networking/v2.0/routers/348c7145-1356-4ec6-880f-e85eb1ebd742/add_router_interface 1.152s
2025-11-22 04:02:38.384 66535 INFO tempest.lib.common.dynamic_creds [-] Created isolated network resources for: credentials: Credentials: {'domain_id': 'default', 'domain_name': 'Default', 'username': 'tempest-ServerDiskConfigTestJSON-730931214-project-member', 'project_domain_id': 'default', 'project_domain_name': 'Default', 'project_id': 'd8a2d1b2e90746458587bbf5467003fc', 'project_name': 'tempest-ServerDiskConfigTestJSON-730931214', 'tenant_id': 'd8a2d1b2e90746458587bbf5467003fc', 'tenant_name': 'tempest-ServerDiskConfigTestJSON-730931214', 'user_domain_id': 'default', 'user_domain_name': 'Default', 'user_id': '55bb69ab60884a4380e749d30ae7906d', 'system': None}, Network: {'id': 'aa97949d-d425-480b-b913-c32072b23c8f', 'name': 'tempest-ServerDiskConfigTestJSON-1327635031-network', 'tenant_id': 'd8a2d1b2e90746458587bbf5467003fc', 'project_id': 'd8a2d1b2e90746458587bbf5467003fc', 'admin_state_up': True, 'mtu': 8950, 'status': 'ACTIVE', 'subnets': [], 'shared': False, 'port_security_enabled': True, 'router:external': False, 'provider:network_type': 'vlan', 'provider:physical_network': 'default', 'provider:segmentation_id': 433, 'availability_zone_hints': [], 'availability_zones': [], 'ipv4_address_scope': None, 'ipv6_address_scope': None, 'description': '', 'tags': [], 'created_at': '2025-11-22T04:02:35Z', 'updated_at': '2025-11-22T04:02:35Z', 'revision_number': 1}, Subnet: {'id': '67bf010e-8f58-40b5-82fc-85386cfdd64c', 'name': 'tempest-ServerDiskConfigTestJSON-1327635031-subnet', 'tenant_id': 'd8a2d1b2e90746458587bbf5467003fc', 'network_id': 'aa97949d-d425-480b-b913-c32072b23c8f', 'ip_version': 4, 'subnetpool_id': None, 'enable_dhcp': True, 'ipv6_ra_mode': None, 'ipv6_address_mode': None, 'gateway_ip': '192.168.128.1', 'cidr': '192.168.128.0/28', 'allocation_pools': [{'start': '192.168.128.2', 'end': '192.168.128.14'}], 'host_routes': [], 'dns_nameservers': [], 'description': '', 'router:external': False, 'service_types': [], 'tags': [], 'created_at': '2025-11-22T04:02:36Z', 'updated_at': '2025-11-22T04:02:36Z', 'revision_number': 0, 'project_id': 'd8a2d1b2e90746458587bbf5467003fc'}, Router: {'id': '348c7145-1356-4ec6-880f-e85eb1ebd742', 'name': 'tempest-ServerDiskConfigTestJSON-1327635031-router', 'tenant_id': 'd8a2d1b2e90746458587bbf5467003fc', 'admin_state_up': True, 'status': 'ACTIVE', 'external_gateway_info': {'network_id': 'ed3249cc-0a43-4de1-a5f5-4940d9c74af3', 'external_fixed_ips': [{'subnet_id': 'f83f4751-8aab-4337-b7b9-f3c70d626b23', 'ip_address': '10.180.180.210'}], 'enable_snat': True}, 'description': '', 'availability_zones': [], 'distributed': False, 'ha': False, 'availability_zone_hints': [], 'routes': [], 'flavor_id': None, 'tags': [], 'created_at': '2025-11-22T04:02:36Z', 'updated_at': '2025-11-22T04:02:36Z', 'revision_number': 2, 'project_id': 'd8a2d1b2e90746458587bbf5467003fc'}
2025-11-22 04:02:38.443 66569 INFO tempest.lib.common.rest_client [req-334975cb-19ae-4497-9eba-a701a8d09d27 req-334975cb-19ae-4497-9eba-a701a8d09d27 ] Request (ServerDiagnosticsNegativeTest:tearDownClass): 204 DELETE http://10.180.1.21/networking/v2.0/security-groups/8912fdf4-a511-40db-8e54-f0940b6dd7fc 0.261s
2025-11-22 04:02:38.489 66535 INFO tempest.lib.common.rest_client [req-640420fe-74b8-48ee-bd62-0763cc8d172a req-640420fe-74b8-48ee-bd62-0763cc8d172a ] Request (ServerDiskConfigTestJSON:setUpClass): 201 POST http://10.180.1.21/identity/v3/auth/tokens 0.100s
2025-11-22 04:02:38.528 66569 INFO tempest.lib.common.rest_client [req-bef3bb58-75ce-43f9-989a-87911a6cb16c req-bef3bb58-75ce-43f9-989a-87911a6cb16c ] Request (ServerDiagnosticsNegativeTest:tearDownClass): 204 DELETE http://10.180.1.21/identity/v3/projects/8c7201afeb754366aa4dc9b7f6923add 0.085s
2025-11-22 04:02:38.528 66569 INFO tempest.lib.common.dynamic_creds [-] Deleting project and security group for project: bfd28bc73e56487a930da6528e7b706b
2025-11-22 04:02:38.557 66535 INFO tempest.lib.common.rest_client [req-1d940539-b167-4c69-826f-4002ffaf3915 req-1d940539-b167-4c69-826f-4002ffaf3915 ] Request (ServerDiskConfigTestJSON:test_rebuild_server_with_auto_disk_config): 201 POST http://10.180.1.21/identity/v3/auth/tokens 0.063s
2025-11-22 04:02:38.558 66535 INFO tempest.lib.common.fixed_network [-] (ServerDiskConfigTestJSON:test_rebuild_server_with_auto_disk_config) Found network {'id': 'aa97949d-d425-480b-b913-c32072b23c8f', 'name': 'tempest-ServerDiskConfigTestJSON-1327635031-network', 'tenant_id': 'd8a2d1b2e90746458587bbf5467003fc', 'project_id': 'd8a2d1b2e90746458587bbf5467003fc', 'admin_state_up': True, 'mtu': 8950, 'status': 'ACTIVE', 'subnets': [], 'shared': False, 'port_security_enabled': True, 'router:external': False, 'provider:network_type': 'vlan', 'provider:physical_network': 'default', 'provider:segmentation_id': 433, 'availability_zone_hints': [], 'availability_zones': [], 'ipv4_address_scope': None, 'ipv6_address_scope': None, 'description': '', 'tags': [], 'created_at': '2025-11-22T04:02:35Z', 'updated_at': '2025-11-22T04:02:35Z', 'revision_number': 1} available for tenant
2025-11-22 04:02:38.659 66546 INFO tempest.lib.common.rest_client [req-433e71b3-b299-488d-9c4a-3991fa2bc4a9 req-433e71b3-b299-488d-9c4a-3991fa2bc4a9 ] Request (AttachVolumeShelveTestJSON:test_attach_volume_shelved_or_offload_server): 200 GET http://10.180.1.21/compute/v2.1/servers/c3aada99-abd5-4ed7-8591-85cdffec2265 2.289s
2025-11-22 04:02:38.685 66561 INFO tempest.lib.common.rest_client [req-927c87fb-39a9-4b55-8f7c-e01f35ba1d91 req-927c87fb-39a9-4b55-8f7c-e01f35ba1d91 ] Request (ServerRescueTestJSON:setUpClass): 200 GET http://10.180.1.21/compute/v2.1/servers/c4446c54-14ea-4113-88b0-5902392c51a3 2.275s
2025-11-22 04:02:38.694 66561 INFO tempest.common.waiters [-] State transition "ACTIVE/rescuing" ==> "RESCUE/None" after 12 second wait
2025-11-22 04:02:38.729 66581 INFO tempest.lib.common.rest_client [req-e3c6067b-0d4e-4382-90f8-16af03d44174 req-e3c6067b-0d4e-4382-90f8-16af03d44174 ] Request (ImagesOneServerNegativeTestJSON:_run_cleanups): 200 GET http://10.180.1.21/compute/v2.1/servers/a39356b2-17c5-4104-bc40-da46251a6c1d 2.275s
2025-11-22 04:02:38.787 66569 INFO tempest.lib.common.rest_client [req-cf290391-a5ad-4802-8c2c-7ecee95c6c33 req-cf290391-a5ad-4802-8c2c-7ecee95c6c33 ] Request (ServerDiagnosticsNegativeTest:tearDownClass): 200 GET http://10.180.1.21/networking/v2.0/security-groups?tenant_id=bfd28bc73e56487a930da6528e7b706b&name=default 0.258s
2025-11-22 04:02:38.792 66561 INFO tempest.lib.common.rest_client [req-7696bce0-a195-465b-9c3f-0b3879bd76c3 req-7696bce0-a195-465b-9c3f-0b3879bd76c3 ] Request (ServerRescueTestJSON:test_rescue_unrescue_instance): 201 POST http://10.180.1.21/identity/v3/auth/tokens 0.093s
2025-11-22 04:02:38.793 66561 INFO tempest.lib.common.fixed_network [-] (ServerRescueTestJSON:test_rescue_unrescue_instance) Found network {'id': '9000b732-3a01-4ca8-9ccc-f58661c97b76', 'name': 'tempest-ServerRescueTestJSON-1404744694-network', 'tenant_id': 'b8833f5b3cfa40a4978b44a5caeec9c6', 'project_id': 'b8833f5b3cfa40a4978b44a5caeec9c6', 'admin_state_up': True, 'mtu': 8950, 'status': 'ACTIVE', 'subnets': [], 'shared': False, 'port_security_enabled': True, 'router:external': False, 'provider:network_type': 'vlan', 'provider:physical_network': 'default', 'provider:segmentation_id': 570, 'availability_zone_hints': [], 'availability_zones': [], 'ipv4_address_scope': None, 'ipv6_address_scope': None, 'description': '', 'tags': [], 'created_at': '2025-11-22T04:01:26Z', 'updated_at': '2025-11-22T04:01:26Z', 'revision_number': 1} available for tenant
2025-11-22 04:02:38.826 66551 INFO tempest.lib.common.rest_client [req-ea64e901-2767-4058-aa16-b65a15d4bc43 req-ea64e901-2767-4058-aa16-b65a15d4bc43 ] Request (ServersListShow296Test:test_list_show_update_rebuild_server_296): 200 GET http://10.180.1.21/compute/v2.1/servers/4d19ef5d-d766-4ac4-bddc-acf0d3fc0e02 2.308s
2025-11-22 04:02:38.838 66551 INFO tempest.common.waiters [-] State transition "REBUILD/rebuilding" ==> "REBUILD/rebuild_spawning" after 3 second wait
2025-11-22 04:02:38.874 66571 INFO tempest.lib.common.rest_client [req-a7307723-4ebb-4122-b3f7-d66f0712282c req-a7307723-4ebb-4122-b3f7-d66f0712282c ] Request (ServersAdminNegativeTestJSON:tearDownClass): 200 GET http://10.180.1.21/compute/v2.1/servers/707744d0-cb16-48dd-be8b-4833791cce67 2.199s
2025-11-22 04:02:38.917 66569 INFO tempest.lib.common.rest_client [req-7c4e7f94-f95c-413f-ac03-654b7833f8a1 req-7c4e7f94-f95c-413f-ac03-654b7833f8a1 ] Request (ServerDiagnosticsNegativeTest:tearDownClass): 204 DELETE http://10.180.1.21/networking/v2.0/security-groups/24ddd696-aab0-45ec-864c-294476d57597 0.130s
2025-11-22 04:02:38.991 66541 INFO tempest.lib.common.rest_client [req-d235c5ac-d806-4262-8e69-6ae406c6f254 req-d235c5ac-d806-4262-8e69-6ae406c6f254 ] Request (ServerShowV257Test:test_rebuild_server): 200 GET http://10.180.1.21/compute/v2.1/servers/ddc37ed9-5b4d-4b0a-973c-83e9bb8c1e19 1.949s
2025-11-22 04:02:38.999 66583 WARNING tempest.lib.common.ssh [-] Failed to establish authenticated ssh connection to cirros@10.180.180.253 ([Errno None] Unable to connect to port 22 on 10.180.180.253). Number attempts: 6. Retry after 7 seconds.: paramiko.ssh_exception.NoValidConnectionsError: [Errno None] Unable to connect to port 22 on 10.180.180.253
2025-11-22 04:02:39.032 66573 INFO tempest.lib.common.rest_client [req-b83f643d-b796-41d4-b27a-e7de4aef0aa1 req-b83f643d-b796-41d4-b27a-e7de4aef0aa1 ] Request (ServerActionsTestOtherB:test_resize_server_confirm_from_stopped): 200 GET http://10.180.1.21/compute/v2.1/servers/61409d2c-bff9-489b-9f26-bed96b20ba25 2.327s
2025-11-22 04:02:39.040 66573 INFO tempest.common.waiters [-] State transition "VERIFY_RESIZE/None" ==> "SHUTOFF/None" after 33 second wait
2025-11-22 04:02:39.065 66569 INFO tempest.lib.common.rest_client [req-09978a98-1269-4936-8169-6474a866d3ae req-09978a98-1269-4936-8169-6474a866d3ae ] Request (ServerDiagnosticsNegativeTest:tearDownClass): 204 DELETE http://10.180.1.21/identity/v3/projects/bfd28bc73e56487a930da6528e7b706b 0.148s
2025-11-22 04:02:39.072 66529 INFO tempest.lib.common.rest_client [req-9f38850e-13e1-43a0-834f-b5c71e8b7517 req-9f38850e-13e1-43a0-834f-b5c71e8b7517 ] Request (ServerMetadataTestJSON:tearDownClass): 200 GET http://10.180.1.21/compute/v2.1/servers/8a6d7813-ad0d-4afc-90f8-cb269921a61f 1.685s
2025-11-22 04:02:39.160 66569 INFO tempest.lib.common.rest_client [req-d5efecf3-a833-40dd-9d0f-f4951aacb306 req-d5efecf3-a833-40dd-9d0f-f4951aacb306 ] Request (AZV2TestJSON:setUpClass): 201 POST http://10.180.1.21/identity/v3/auth/tokens 0.093s
2025-11-22 04:02:39.165 66565 INFO tempest.lib.common.rest_client [req-0eed95a0-5548-40c8-b6f3-5b5aef212dcc req-0eed95a0-5548-40c8-b6f3-5b5aef212dcc ] Request (ServersTestBootFromVolume:setUpClass): 200 GET http://10.180.1.21/compute/v2.1/servers/6120b5b2-22ac-4a9c-8633-965397987125 1.719s
2025-11-22 04:02:39.177 66565 INFO tempest.lib.common.ssh [-] Creating ssh connection to '10.180.180.144:22' as 'cirros' with public key authentication
