2025-11-22 03:59:20.934 66555 INFO tempest.lib.common.dynamic_creds [-] Created isolated network resources for: credentials: Credentials: {'domain_id': 'default', 'domain_name': 'Default', 'username': 'tempest-InstanceActionsV221TestJSON-452510059-project-member', 'project_domain_id': 'default', 'project_domain_name': 'Default', 'project_id': 'd23f278f2d194944a8c498795d9e221d', 'project_name': 'tempest-InstanceActionsV221TestJSON-452510059', 'tenant_id': 'd23f278f2d194944a8c498795d9e221d', 'tenant_name': 'tempest-InstanceActionsV221TestJSON-452510059', 'user_domain_id': 'default', 'user_domain_name': 'Default', 'user_id': '9494a2a465e3449b922e17f811894eb0', 'system': None}, Network: {'id': '5f37a867-6844-45b5-9a1a-d89bbf3ea78e', 'name': 'tempest-InstanceActionsV221TestJSON-235937112-network', 'tenant_id': 'd23f278f2d194944a8c498795d9e221d', 'project_id': 'd23f278f2d194944a8c498795d9e221d', 'admin_state_up': True, 'mtu': 8950, 'status': 'ACTIVE', 'subnets': [], 'shared': False, 'port_security_enabled': True, 'router:external': False, 'provider:network_type': 'vlan', 'provider:physical_network': 'default', 'provider:segmentation_id': 767, 'availability_zone_hints': [], 'availability_zones': [], 'ipv4_address_scope': None, 'ipv6_address_scope': None, 'description': '', 'tags': [], 'created_at': '2025-11-22T03:59:16Z', 'updated_at': '2025-11-22T03:59:16Z', 'revision_number': 1}, Subnet: {'id': '3c1831c3-b750-441c-849d-9a53127a114b', 'name': 'tempest-InstanceActionsV221TestJSON-235937112-subnet', 'tenant_id': 'd23f278f2d194944a8c498795d9e221d', 'network_id': '5f37a867-6844-45b5-9a1a-d89bbf3ea78e', 'ip_version': 4, 'subnetpool_id': None, 'enable_dhcp': True, 'ipv6_ra_mode': None, 'ipv6_address_mode': None, 'gateway_ip': '192.168.128.1', 'cidr': '192.168.128.0/28', 'allocation_pools': [{'start': '192.168.128.2', 'end': '192.168.128.14'}], 'host_routes': [], 'dns_nameservers': [], 'description': '', 'router:external': False, 'service_types': [], 'tags': [], 'created_at': '2025-11-22T03:59:17Z', 'updated_at': '2025-11-22T03:59:17Z', 'revision_number': 0, 'project_id': 'd23f278f2d194944a8c498795d9e221d'}, Router: {'id': '3aaeb155-93f8-4a5d-a7c9-fb6f9406b652', 'name': 'tempest-InstanceActionsV221TestJSON-235937112-router', 'tenant_id': 'd23f278f2d194944a8c498795d9e221d', 'admin_state_up': True, 'status': 'ACTIVE', 'external_gateway_info': {'network_id': 'ed3249cc-0a43-4de1-a5f5-4940d9c74af3', 'external_fixed_ips': [{'subnet_id': 'f83f4751-8aab-4337-b7b9-f3c70d626b23', 'ip_address': '10.180.180.204'}], 'enable_snat': True}, 'description': '', 'availability_zones': [], 'distributed': False, 'ha': False, 'availability_zone_hints': [], 'routes': [], 'flavor_id': None, 'tags': [], 'created_at': '2025-11-22T03:59:18Z', 'updated_at': '2025-11-22T03:59:18Z', 'revision_number': 2, 'project_id': 'd23f278f2d194944a8c498795d9e221d'}
2025-11-22 03:59:21.057 66551 INFO tempest.lib.common.rest_client [req-4aff6877-75cd-42ef-92dc-3358585d3ab8 req-4aff6877-75cd-42ef-92dc-3358585d3ab8 ] Request (DeleteServersAdminTestJSON:test_delete_server_while_in_error_state): 200 GET http://10.180.1.21/compute/v2.1/servers/b55683c5-a2fd-4258-a1c1-d087e9d74276 10.691s
2025-11-22 03:59:21.064 66555 INFO tempest.lib.common.rest_client [req-3a217e1e-4573-4652-9bcc-60b9bf4841c7 req-3a217e1e-4573-4652-9bcc-60b9bf4841c7 ] Request (InstanceActionsV221TestJSON:setUpClass): 201 POST http://10.180.1.21/identity/v3/auth/tokens 0.126s
2025-11-22 03:59:21.109 66555 INFO tempest.lib.common.rest_client [req-ee9bc0bd-6c99-492b-b26a-6931f8044b7f req-ee9bc0bd-6c99-492b-b26a-6931f8044b7f ] Request (InstanceActionsV221TestJSON:test_get_list_deleted_instance_actions): 201 POST http://10.180.1.21/identity/v3/auth/tokens 0.040s
2025-11-22 03:59:21.110 66555 INFO tempest.lib.common.fixed_network [-] (InstanceActionsV221TestJSON:test_get_list_deleted_instance_actions) Found network {'id': '5f37a867-6844-45b5-9a1a-d89bbf3ea78e', 'name': 'tempest-InstanceActionsV221TestJSON-235937112-network', 'tenant_id': 'd23f278f2d194944a8c498795d9e221d', 'project_id': 'd23f278f2d194944a8c498795d9e221d', 'admin_state_up': True, 'mtu': 8950, 'status': 'ACTIVE', 'subnets': [], 'shared': False, 'port_security_enabled': True, 'router:external': False, 'provider:network_type': 'vlan', 'provider:physical_network': 'default', 'provider:segmentation_id': 767, 'availability_zone_hints': [], 'availability_zones': [], 'ipv4_address_scope': None, 'ipv6_address_scope': None, 'description': '', 'tags': [], 'created_at': '2025-11-22T03:59:16Z', 'updated_at': '2025-11-22T03:59:16Z', 'revision_number': 1} available for tenant
2025-11-22 03:59:21.169 66579 INFO tempest.lib.common.rest_client [req-b2a63cf9-3666-4aa0-b012-44887a0761f6 req-b2a63cf9-3666-4aa0-b012-44887a0761f6 ] Request (SecurityGroupRulesNegativeTestJSON:test_create_security_group_rule_duplicate): 400 POST http://10.180.1.21/compute/v2.1/os-security-group-rules 10.765s
2025-11-22 03:59:21.382 66567 INFO tempest.lib.common.rest_client [req-8a27b65c-77fc-4bbb-bf41-3ee84f543c4f req-8a27b65c-77fc-4bbb-bf41-3ee84f543c4f ] Request (ServerGroup264TestJSON:test_create_get_server_group): 200 POST http://10.180.1.21/compute/v2.1/os-server-groups 9.774s
2025-11-22 03:59:21.500 66575 INFO tempest.lib.common.rest_client [req-e2036e0f-bebd-4507-9391-0101579e626b req-e2036e0f-bebd-4507-9391-0101579e626b ] Request (ServersAdmin275Test:test_rebuild_update_server_275): 200 GET http://10.180.1.21/compute/v2.1/servers/6a754cf9-b50d-4b56-9f24-a47a532f17ad 9.881s
2025-11-22 03:59:21.543 66557 INFO tempest.lib.common.rest_client [req-9d932277-475b-4059-809d-47f4b426aaf7 req-9d932277-475b-4059-809d-47f4b426aaf7 ] Request (ImagesMetadataTestJSON:test_update_image_metadata): 200 GET http://10.180.1.21/compute/v2.1/images/56276d98-f429-4bad-a3af-874e43d66b1e/metadata 9.638s
2025-11-22 03:59:21.641 66557 INFO tempest.lib.common.rest_client [req-00fb70a9-a800-432f-b16d-6433b1402b8c req-00fb70a9-a800-432f-b16d-6433b1402b8c ] Request (ImagesMetadataTestJSON:tearDownClass): 204 DELETE http://10.180.1.21/image/v2/images/56276d98-f429-4bad-a3af-874e43d66b1e 0.095s
2025-11-22 03:59:21.801 66557 INFO tempest.lib.common.rest_client [req-b45ac250-6e08-4fb4-8e0a-65074be144b4 req-b45ac250-6e08-4fb4-8e0a-65074be144b4 ] Request (ImagesMetadataTestJSON:tearDownClass): 204 DELETE http://10.180.1.21/identity/v3/users/ed08c84925cd41fc9bbd8e3507231f22 0.159s
2025-11-22 03:59:21.801 66557 INFO tempest.lib.common.dynamic_creds [-] Deleting project and security group for project: 7c8fd63c0850405b915397fe4fa69247
2025-11-22 03:59:21.901 66557 INFO tempest.lib.common.rest_client [req-faf96ff3-3ec8-4ca4-8449-0febfc9f1bf0 req-faf96ff3-3ec8-4ca4-8449-0febfc9f1bf0 ] Request (ImagesMetadataTestJSON:tearDownClass): 201 POST http://10.180.1.21/identity/v3/auth/tokens 0.099s
2025-11-22 03:59:22.138 66557 INFO tempest.lib.common.rest_client [req-165c77df-2b6c-4dfa-959d-f2ae51ae1e4e req-165c77df-2b6c-4dfa-959d-f2ae51ae1e4e ] Request (ImagesMetadataTestJSON:tearDownClass): 200 GET http://10.180.1.21/networking/v2.0/security-groups?tenant_id=7c8fd63c0850405b915397fe4fa69247&name=default 0.236s
2025-11-22 03:59:22.274 66577 INFO tempest.lib.common.rest_client [req-586311bb-a4db-4933-9eda-eafc703361c0 req-586311bb-a4db-4933-9eda-eafc703361c0 ] Request (ServersAdminTestJSON:test_create_server_with_scheduling_hint): 202 POST http://10.180.1.21/compute/v2.1/servers 10.276s
2025-11-22 03:59:22.307 66557 INFO tempest.lib.common.rest_client [req-43fcfa02-314f-4ba3-a614-5fda45b4c549 req-43fcfa02-314f-4ba3-a614-5fda45b4c549 ] Request (ImagesMetadataTestJSON:tearDownClass): 204 DELETE http://10.180.1.21/networking/v2.0/security-groups/933eeb10-7bfc-4cc7-9400-bb0d0653b16b 0.168s
2025-11-22 03:59:22.403 66557 INFO tempest.lib.common.rest_client [req-29335a73-aad0-4ca8-a9d5-ea7ba2f48966 req-29335a73-aad0-4ca8-a9d5-ea7ba2f48966 ] Request (ImagesMetadataTestJSON:tearDownClass): 204 DELETE http://10.180.1.21/identity/v3/projects/7c8fd63c0850405b915397fe4fa69247 0.096s
2025-11-22 03:59:22.410 66559 INFO tempest.lib.common.rest_client [req-f466632e-ade4-4679-af38-f6d0577ecdf4 req-f466632e-ade4-4679-af38-f6d0577ecdf4 ] Request (InstanceUsageAuditLogNegativeTestJSON:test_instance_usage_audit_logs_with_nonadmin_user): 403 GET http://10.180.1.21/compute/v2.1/os-instance_usage_audit_log 10.311s
2025-11-22 03:59:22.539 66557 INFO tempest.lib.common.rest_client [req-94a7fc4c-d3d0-4f7c-b5d9-da5f027eda9b req-94a7fc4c-d3d0-4f7c-b5d9-da5f027eda9b ] Request (AttachInterfacesTestJSON:setUpClass): 201 POST http://10.180.1.21/identity/v3/auth/tokens 0.133s
2025-11-22 03:59:22.577 66557 INFO tempest.lib.common.rest_client [req-75716d4d-09a4-4df1-a8be-3ec8cde78bef req-75716d4d-09a4-4df1-a8be-3ec8cde78bef ] Request (AttachInterfacesTestJSON:setUpClass): 201 POST http://10.180.1.21/identity/v3/auth/tokens 0.036s
2025-11-22 03:59:22.613 66557 INFO tempest.lib.common.rest_client [req-bd4bb94e-99a0-4f0c-b90c-45f25d7a7501 req-bd4bb94e-99a0-4f0c-b90c-45f25d7a7501 ] Request (AttachInterfacesTestJSON:setUpClass): 200 GET http://10.180.1.21/identity/v3/domains?name=Default 0.035s
2025-11-22 03:59:22.677 66557 INFO tempest.lib.common.rest_client [req-946f51b8-e95f-4fe0-8e32-62f21e17b36a req-946f51b8-e95f-4fe0-8e32-62f21e17b36a ] Request (AttachInterfacesTestJSON:setUpClass): 201 POST http://10.180.1.21/identity/v3/projects 0.063s
2025-11-22 03:59:22.761 66557 INFO tempest.lib.common.rest_client [req-16180769-0144-46b5-9ac7-e57d13e10cbb req-16180769-0144-46b5-9ac7-e57d13e10cbb ] Request (AttachInterfacesTestJSON:setUpClass): 201 POST http://10.180.1.21/identity/v3/users 0.084s
2025-11-22 03:59:22.763 66543 INFO tempest.lib.common.rest_client [req-9bbbc939-9dfb-471f-83b3-b3b247fc5398 req-9bbbc939-9dfb-471f-83b3-b3b247fc5398 ] Request (ListImageFiltersTestJSON:setUpClass): 202 POST http://10.180.1.21/compute/v2.1/servers 10.622s
2025-11-22 03:59:22.796 66557 INFO tempest.lib.common.rest_client [req-ab37c54a-3afe-48da-9eed-a501af13c52b req-ab37c54a-3afe-48da-9eed-a501af13c52b ] Request (AttachInterfacesTestJSON:setUpClass): 200 GET http://10.180.1.21/identity/v3/roles 0.034s
2025-11-22 03:59:22.856 66543 INFO tempest.lib.common.rest_client [req-061328bf-ff99-419e-a2ef-f56ed5eafe4f req-061328bf-ff99-419e-a2ef-f56ed5eafe4f ] Request (ListImageFiltersTestJSON:setUpClass): 201 POST http://10.180.1.21/identity/v3/auth/tokens 0.088s
2025-11-22 03:59:22.856 66543 INFO tempest.lib.common.fixed_network [-] (ListImageFiltersTestJSON:setUpClass) Found network None available for tenant
2025-11-22 03:59:22.859 66557 INFO tempest.lib.common.rest_client [req-8e48edb3-7600-42e5-9e1e-72f93c878957 req-8e48edb3-7600-42e5-9e1e-72f93c878957 ] Request (AttachInterfacesTestJSON:setUpClass): 204 PUT http://10.180.1.21/identity/v3/projects/262ccd3b1c944c99ac5b77f58c38a37a/users/07f89c615def4c218c1245e87d226a35/roles/acd5777349bd48e5bffac74adfa2d281 0.062s
2025-11-22 03:59:22.859 66557 INFO tempest.lib.common.dynamic_creds [-] Dynamic test user 07f89c615def4c218c1245e87d226a35 is created with scope project and roles: ['member']
2025-11-22 03:59:22.859 66557 INFO tempest.lib.common.dynamic_creds [-] Acquired dynamic creds: credentials: Credentials: {'domain_id': 'default', 'domain_name': 'Default', 'username': 'tempest-AttachInterfacesTestJSON-733997097-project-member', 'project_domain_id': 'default', 'project_domain_name': 'Default', 'project_id': '262ccd3b1c944c99ac5b77f58c38a37a', 'project_name': 'tempest-AttachInterfacesTestJSON-733997097', 'tenant_id': '262ccd3b1c944c99ac5b77f58c38a37a', 'tenant_name': 'tempest-AttachInterfacesTestJSON-733997097', 'user_domain_id': 'default', 'user_domain_name': 'Default', 'user_id': '07f89c615def4c218c1245e87d226a35', 'system': None}, Network: None, Subnet: None, Router: None
2025-11-22 03:59:22.935 66557 INFO tempest.lib.common.rest_client [req-371acacd-865d-4942-8531-7f4633db7df2 req-371acacd-865d-4942-8531-7f4633db7df2 ] Request (AttachInterfacesTestJSON:setUpClass): 201 POST http://10.180.1.21/identity/v3/auth/tokens 0.076s
2025-11-22 03:59:22.965 66565 INFO tempest.lib.common.rest_client [req-9194b20b-a469-4181-9ef7-55d00312048f req-9194b20b-a469-4181-9ef7-55d00312048f ] Request (AttachInterfacesUnderV243Test:test_add_remove_fixed_ip): 200 GET http://10.180.1.21/compute/v2.1/servers/758bf357-2efb-46de-81a6-686f610c9003 10.773s
2025-11-22 03:59:22.978 66565 INFO tempest.lib.common.ssh [-] Creating ssh connection to '10.180.180.218:22' as 'cirros' with public key authentication
2025-11-22 03:59:22.981 66565 WARNING tempest.lib.common.ssh [-] Failed to establish authenticated ssh connection to cirros@10.180.180.218 ([Errno None] Unable to connect to port 22 on 10.180.180.218). Number attempts: 1. Retry after 2 seconds.: paramiko.ssh_exception.NoValidConnectionsError: [Errno None] Unable to connect to port 22 on 10.180.180.218
2025-11-22 03:59:23.008 66525 INFO tempest.lib.common.rest_client [req-76ae4f9d-c360-4c41-bf8f-7fda1b786160 req-76ae4f9d-c360-4c41-bf8f-7fda1b786160 ] Request (ImagesTestJSON:test_create_image_from_stopped_server): 200 GET http://10.180.1.21/compute/v2.1/images/fe1ce6db-e894-4cb3-ad15-18bc6be526bf 10.363s
2025-11-22 03:59:23.205 66583 INFO tempest.lib.common.rest_client [req-fa134424-1fa3-4a70-9bff-33a5f4a8a242 req-fa134424-1fa3-4a70-9bff-33a5f4a8a242 ] Request (ServersWithSpecificFlavorTestJSON:test_verify_created_server_ephemeral_disk): 200 GET http://10.180.1.21/compute/v2.1/servers/58d37b3b-3d81-4d0e-acab-c13f2a70bdfe 9.985s
2025-11-22 03:59:23.215 66583 INFO tempest.common.waiters [-] State transition "BUILD/spawning" ==> "ACTIVE/None" after 36 second wait
2025-11-22 03:59:23.324 66557 INFO tempest.lib.common.rest_client [req-6997f60d-40be-41a0-9655-dcdf929ce085 req-6997f60d-40be-41a0-9655-dcdf929ce085 ] Request (AttachInterfacesTestJSON:setUpClass): 201 POST http://10.180.1.21/networking/v2.0/networks 0.389s
2025-11-22 03:59:23.581 66557 INFO tempest.lib.common.rest_client [req-95bdd23e-6814-4719-b8d4-c919312314be req-95bdd23e-6814-4719-b8d4-c919312314be ] Request (AttachInterfacesTestJSON:setUpClass): 201 POST http://10.180.1.21/networking/v2.0/subnets 0.255s
2025-11-22 03:59:24.127 66539 INFO tempest.lib.common.rest_client [req-1e8b2878-dd7a-433c-9e9b-938fbf85251c req-1e8b2878-dd7a-433c-9e9b-938fbf85251c ] Request (FloatingIPDetailsTestJSON:setUpClass): 200 POST http://10.180.1.21/compute/v2.1/os-floating-ips 9.749s
2025-11-22 03:59:24.398 66561 INFO tempest.lib.common.rest_client [req-7298ad8b-9797-45b8-9037-66e597213aad req-7298ad8b-9797-45b8-9037-66e597213aad ] Request (ServersTestFqdnHostnames:test_create_server_with_fqdn_name): 200 GET http://10.180.1.21/compute/v2.1/servers/5d8ae394-6478-41d3-8bd3-5c10f54b14e3 9.959s
2025-11-22 03:59:24.421 66531 INFO tempest.lib.common.rest_client [req-52dd218f-9a85-4f70-b9fc-72b842af5bc3 req-52dd218f-9a85-4f70-b9fc-72b842af5bc3 ] Request (KeyPairsV2TestJSON:_run_cleanups): 202 DELETE http://10.180.1.21/compute/v2.1/os-keypairs/tempest-KeyPairsV2TestJSON-keypair-606328731 9.963s
2025-11-22 03:59:24.468 66563 INFO tempest.lib.common.rest_client [req-82ce1d2d-d247-4319-a222-69cc89ef5d93 req-82ce1d2d-d247-4319-a222-69cc89ef5d93 ] Request (FlavorsV2TestJSON:test_list_flavors_filter_by_min_ram): 200 GET http://10.180.1.21/compute/v2.1/flavors?minRam=193 9.992s
2025-11-22 03:59:24.538 66557 INFO tempest.lib.common.rest_client [req-1f02a84c-f0e8-4604-aedc-b48b6dc55a44 req-1f02a84c-f0e8-4604-aedc-b48b6dc55a44 ] Request (AttachInterfacesTestJSON:setUpClass): 201 POST http://10.180.1.21/networking/v2.0/routers 0.957s
2025-11-22 03:59:24.632 66531 INFO tempest.lib.common.rest_client [req-9a6f7381-7414-4350-b7ab-6f975f887210 req-9a6f7381-7414-4350-b7ab-6f975f887210 ] Request (KeyPairsV2TestJSON:tearDownClass): 204 DELETE http://10.180.1.21/identity/v3/users/fabb9b83f081499d83e1ab9e1b07d607 0.209s
2025-11-22 03:59:24.632 66531 INFO tempest.lib.common.dynamic_creds [-] Deleting project and security group for project: 7402cb2115604fc0917527c3b68b03e7
2025-11-22 03:59:24.697 66521 INFO tempest.lib.common.rest_client [req-148ebe58-c882-429c-b1e0-ed1da62c63de req-148ebe58-c882-429c-b1e0-ed1da62c63de ] Request (QuotasAdminTestJSON:test_delete_quota): 200 GET http://10.180.1.21/compute/v2.1/os-quota-sets/0b57e14c6b0e4d1ba68414544994230c 9.988s
2025-11-22 03:59:24.712 66531 INFO tempest.lib.common.rest_client [req-dc7c0cbc-a607-4c99-a293-7ad34b60d12a req-dc7c0cbc-a607-4c99-a293-7ad34b60d12a ] Request (KeyPairsV2TestJSON:tearDownClass): 201 POST http://10.180.1.21/identity/v3/auth/tokens 0.080s
2025-11-22 03:59:24.786 66521 INFO tempest.lib.common.rest_client [req-9c6f2802-73ff-4b0a-a48c-95457a913e45 req-9c6f2802-73ff-4b0a-a48c-95457a913e45 ] Request (QuotasAdminTestJSON:_run_cleanups): 204 DELETE http://10.180.1.21/identity/v3/projects/0b57e14c6b0e4d1ba68414544994230c 0.086s
2025-11-22 03:59:25.010 66531 INFO tempest.lib.common.rest_client [req-3460481c-6a4e-41ab-91d6-64cab79f2e6b req-3460481c-6a4e-41ab-91d6-64cab79f2e6b ] Request (KeyPairsV2TestJSON:tearDownClass): 200 GET http://10.180.1.21/networking/v2.0/security-groups?tenant_id=7402cb2115604fc0917527c3b68b03e7&name=default 0.297s
2025-11-22 03:59:25.099 66529 INFO tempest.lib.common.rest_client [req-f22fb0f1-74dc-4cb4-8011-efa97af00db9 req-f22fb0f1-74dc-4cb4-8011-efa97af00db9 ] Request (SecurityGroupRulesTestJSON:tearDownClass): 202 DELETE http://10.180.1.21/compute/v2.1/os-security-groups/4a0fbc82-ce63-448a-b81d-8bd1020ffc0d 10.386s
2025-11-22 03:59:25.153 66541 INFO tempest.lib.common.rest_client [req-c42cf644-da01-42d6-8f69-e9d043eeb0f9 req-c42cf644-da01-42d6-8f69-e9d043eeb0f9 ] Request (KeyPairsV22TestJSON:test_keypairs_create_list_delete): 201 POST http://10.180.1.21/compute/v2.1/os-keypairs 10.412s
2025-11-22 03:59:25.177 66549 INFO tempest.lib.common.rest_client [req-f49e6357-4dc8-4f76-91f9-664cc71cd5e2 req-f49e6357-4dc8-4f76-91f9-664cc71cd5e2 ] Request (AggregatesAdminNegativeTestJSON:test_aggregate_delete_as_user): 200 POST http://10.180.1.21/compute/v2.1/os-aggregates 10.378s
2025-11-22 03:59:25.207 66571 INFO tempest.lib.common.rest_client [req-21c507d2-fd0c-4bc3-bf59-befb9fcb34fe req-21c507d2-fd0c-4bc3-bf59-befb9fcb34fe ] Request (FlavorsAccessNegativeTestJSON:_run_cleanups): 202 DELETE http://10.180.1.21/compute/v2.1/flavors/2124545523 10.166s
2025-11-22 03:59:25.215 66581 INFO tempest.lib.common.rest_client [req-3a3b241d-339c-4e83-9762-4c989e672609 req-3a3b241d-339c-4e83-9762-4c989e672609 ] Request (ImagesOneServerNegativeTestJSON:test_create_image_specify_name_over_character_limit): 400 POST http://10.180.1.21/compute/v2.1/servers/34152c64-456c-4d9e-b66c-d4a62a053e02/action 9.675s
2025-11-22 03:59:25.248 66531 INFO tempest.lib.common.rest_client [req-bc4c72e6-3c41-4d0c-b394-31ab38692791 req-bc4c72e6-3c41-4d0c-b394-31ab38692791 ] Request (KeyPairsV2TestJSON:tearDownClass): 204 DELETE http://10.180.1.21/networking/v2.0/security-groups/902fc3c1-8080-4442-b04a-7172fa78265d 0.238s
2025-11-22 03:59:25.332 66531 INFO tempest.lib.common.rest_client [req-702efff0-16b9-4da7-af52-486c39f0afd4 req-702efff0-16b9-4da7-af52-486c39f0afd4 ] Request (KeyPairsV2TestJSON:tearDownClass): 204 DELETE http://10.180.1.21/identity/v3/projects/7402cb2115604fc0917527c3b68b03e7 0.083s
2025-11-22 03:59:25.398 66527 INFO tempest.lib.common.rest_client [req-2ed66b9b-5f51-44a1-a6ad-cf2f8440d60b req-2ed66b9b-5f51-44a1-a6ad-cf2f8440d60b ] Request (ServerPasswordTestJSON:setUpClass): 200 GET http://10.180.1.21/compute/v2.1/servers/bd979aae-cf9f-464e-bb96-c090367e61df 9.742s
2025-11-22 03:59:25.405 66527 INFO tempest.common.waiters [-] State transition "BUILD/spawning" ==> "ACTIVE/None" after 11 second wait
2025-11-22 03:59:25.408 66531 INFO tempest.lib.common.rest_client [req-29b8569b-fd57-4f44-97a9-df801f2086c3 req-29b8569b-fd57-4f44-97a9-df801f2086c3 ] Request (DeleteServersTestJSON:setUpClass): 201 POST http://10.180.1.21/identity/v3/auth/tokens 0.075s
2025-11-22 03:59:25.444 66531 INFO tempest.lib.common.rest_client [req-dbc96c94-b4e1-4745-94ce-a862cb57ada0 req-dbc96c94-b4e1-4745-94ce-a862cb57ada0 ] Request (DeleteServersTestJSON:setUpClass): 201 POST http://10.180.1.21/identity/v3/auth/tokens 0.033s
2025-11-22 03:59:25.465 66557 INFO tempest.lib.common.rest_client [req-daa011bd-b47b-4119-9f8c-afc85d87ce2e req-daa011bd-b47b-4119-9f8c-afc85d87ce2e ] Request (AttachInterfacesTestJSON:setUpClass): 200 PUT http://10.180.1.21/networking/v2.0/routers/9452c814-7b0b-4b9e-b11d-7a758083e4db/add_router_interface 0.927s
2025-11-22 03:59:25.465 66557 INFO tempest.lib.common.dynamic_creds [-] Created isolated network resources for: credentials: Credentials: {'domain_id': 'default', 'domain_name': 'Default', 'username': 'tempest-AttachInterfacesTestJSON-733997097-project-member', 'project_domain_id': 'default', 'project_domain_name': 'Default', 'project_id': '262ccd3b1c944c99ac5b77f58c38a37a', 'project_name': 'tempest-AttachInterfacesTestJSON-733997097', 'tenant_id': '262ccd3b1c944c99ac5b77f58c38a37a', 'tenant_name': 'tempest-AttachInterfacesTestJSON-733997097', 'user_domain_id': 'default', 'user_domain_name': 'Default', 'user_id': '07f89c615def4c218c1245e87d226a35', 'system': None}, Network: {'id': 'd382e33f-0dc7-44c3-8bbd-6ca772ed9c55', 'name': 'tempest-AttachInterfacesTestJSON-1632578541-network', 'tenant_id': '262ccd3b1c944c99ac5b77f58c38a37a', 'project_id': '262ccd3b1c944c99ac5b77f58c38a37a', 'admin_state_up': True, 'mtu': 8950, 'status': 'ACTIVE', 'subnets': [], 'shared': False, 'port_security_enabled': True, 'router:external': False, 'provider:network_type': 'vlan', 'provider:physical_network': 'default', 'provider:segmentation_id': 787, 'availability_zone_hints': [], 'availability_zones': [], 'ipv4_address_scope': None, 'ipv6_address_scope': None, 'description': '', 'tags': [], 'created_at': '2025-11-22T03:59:23Z', 'updated_at': '2025-11-22T03:59:23Z', 'revision_number': 1}, Subnet: {'id': '92e33a7c-3190-4c5d-a3af-ba52cbde5d28', 'name': 'tempest-AttachInterfacesTestJSON-1632578541-subnet', 'tenant_id': '262ccd3b1c944c99ac5b77f58c38a37a', 'network_id': 'd382e33f-0dc7-44c3-8bbd-6ca772ed9c55', 'ip_version': 4, 'subnetpool_id': None, 'enable_dhcp': True, 'ipv6_ra_mode': None, 'ipv6_address_mode': None, 'gateway_ip': '192.168.128.1', 'cidr': '192.168.128.0/28', 'allocation_pools': [{'start': '192.168.128.2', 'end': '192.168.128.14'}], 'host_routes': [], 'dns_nameservers': [], 'description': '', 'router:external': False, 'service_types': [], 'tags': [], 'created_at': '2025-11-22T03:59:23Z', 'updated_at': '2025-11-22T03:59:23Z', 'revision_number': 0, 'project_id': '262ccd3b1c944c99ac5b77f58c38a37a'}, Router: {'id': '9452c814-7b0b-4b9e-b11d-7a758083e4db', 'name': 'tempest-AttachInterfacesTestJSON-1632578541-router', 'tenant_id': '262ccd3b1c944c99ac5b77f58c38a37a', 'admin_state_up': True, 'status': 'ACTIVE', 'external_gateway_info': {'network_id': 'ed3249cc-0a43-4de1-a5f5-4940d9c74af3', 'external_fixed_ips': [{'subnet_id': 'f83f4751-8aab-4337-b7b9-f3c70d626b23', 'ip_address': '10.180.180.183'}], 'enable_snat': True}, 'description': '', 'availability_zones': [], 'distributed': False, 'ha': False, 'availability_zone_hints': [], 'routes': [], 'flavor_id': None, 'tags': [], 'created_at': '2025-11-22T03:59:23Z', 'updated_at': '2025-11-22T03:59:24Z', 'revision_number': 2, 'project_id': '262ccd3b1c944c99ac5b77f58c38a37a'}
2025-11-22 03:59:25.469 66531 INFO tempest.lib.common.rest_client [req-e2b8d02b-83e9-4eb9-bc3f-8a494cd0413c req-e2b8d02b-83e9-4eb9-bc3f-8a494cd0413c ] Request (DeleteServersTestJSON:setUpClass): 200 GET http://10.180.1.21/identity/v3/domains?name=Default 0.024s
2025-11-22 03:59:25.469 66533 INFO tempest.lib.common.rest_client [req-92a48171-0e3c-4bfe-99c1-895dbdad2083 req-92a48171-0e3c-4bfe-99c1-895dbdad2083 ] Request (FloatingIPsAssociationTestJSON:setUpClass): 200 GET http://10.180.1.21/compute/v2.1/servers/379c46d0-bc0f-4ddf-96b3-357cad3a8830 6.850s
2025-11-22 03:59:25.486 66565 WARNING tempest.lib.common.ssh [-] Failed to establish authenticated ssh connection to cirros@10.180.180.218 ([Errno None] Unable to connect to port 22 on 10.180.180.218). Number attempts: 2. Retry after 3 seconds.: paramiko.ssh_exception.NoValidConnectionsError: [Errno None] Unable to connect to port 22 on 10.180.180.218
2025-11-22 03:59:25.502 66531 INFO tempest.lib.common.rest_client [req-900ae8c5-a4b1-4c8d-b49b-f6a659df59b2 req-900ae8c5-a4b1-4c8d-b49b-f6a659df59b2 ] Request (DeleteServersTestJSON:setUpClass): 201 POST http://10.180.1.21/identity/v3/projects 0.033s
2025-11-22 03:59:25.543 66557 INFO tempest.lib.common.rest_client [req-c44aa998-a990-43d5-b302-97b4e5b34501 req-c44aa998-a990-43d5-b302-97b4e5b34501 ] Request (AttachInterfacesTestJSON:setUpClass): 201 POST http://10.180.1.21/identity/v3/auth/tokens 0.073s
2025-11-22 03:59:25.550 66573 INFO paramiko.transport [-] Connected (version 2.0, client dropbear_2020.81)
2025-11-22 03:59:25.566 66531 INFO tempest.lib.common.rest_client [req-faeee1be-9530-473d-bf51-5b9875c28821 req-faeee1be-9530-473d-bf51-5b9875c28821 ] Request (DeleteServersTestJSON:setUpClass): 201 POST http://10.180.1.21/identity/v3/users 0.062s
2025-11-22 03:59:25.567 66553 INFO tempest.lib.common.rest_client [req-6a9337a2-bfb0-446c-9435-80992c6d500d req-6a9337a2-bfb0-446c-9435-80992c6d500d ] Request (SecurityGroupsTestAdminJSON:test_list_security_groups_list_all_tenants_filter): 200 GET http://10.180.1.21/compute/v2.1/os-security-groups?all_tenants=true 16.045s
2025-11-22 03:59:25.593 66531 INFO tempest.lib.common.rest_client [req-19c45301-5bd7-49e5-a969-260e92013671 req-19c45301-5bd7-49e5-a969-260e92013671 ] Request (DeleteServersTestJSON:setUpClass): 200 GET http://10.180.1.21/identity/v3/roles 0.027s
2025-11-22 03:59:25.614 66573 INFO paramiko.transport [-] Authentication (publickey) successful!
2025-11-22 03:59:25.615 66573 INFO tempest.lib.common.ssh [-] ssh connection to cirros@10.180.180.143 successfully created
2025-11-22 03:59:25.643 66531 INFO tempest.lib.common.rest_client [req-54f1f8fa-eed8-480b-afd3-6b75d13f301f req-54f1f8fa-eed8-480b-afd3-6b75d13f301f ] Request (DeleteServersTestJSON:setUpClass): 204 PUT http://10.180.1.21/identity/v3/projects/35eb2685d0364d6ca11ebf642ede9331/users/6aeab2c26e064456bd8ec43d883aaec7/roles/acd5777349bd48e5bffac74adfa2d281 0.048s
2025-11-22 03:59:25.643 66531 INFO tempest.lib.common.dynamic_creds [-] Dynamic test user 6aeab2c26e064456bd8ec43d883aaec7 is created with scope project and roles: ['member']
2025-11-22 03:59:25.643 66531 INFO tempest.lib.common.dynamic_creds [-] Acquired dynamic creds: credentials: Credentials: {'domain_id': 'default', 'domain_name': 'Default', 'username': 'tempest-DeleteServersTestJSON-1803604203-project-member', 'project_domain_id': 'default', 'project_domain_name': 'Default', 'project_id': '35eb2685d0364d6ca11ebf642ede9331', 'project_name': 'tempest-DeleteServersTestJSON-1803604203', 'tenant_id': '35eb2685d0364d6ca11ebf642ede9331', 'tenant_name': 'tempest-DeleteServersTestJSON-1803604203', 'user_domain_id': 'default', 'user_domain_name': 'Default', 'user_id': '6aeab2c26e064456bd8ec43d883aaec7', 'system': None}, Network: None, Subnet: None, Router: None
2025-11-22 03:59:25.723 66531 INFO tempest.lib.common.rest_client [req-4eeee32c-d142-49d3-b6b9-c0a9e11b288b req-4eeee32c-d142-49d3-b6b9-c0a9e11b288b ] Request (DeleteServersTestJSON:setUpClass): 201 POST http://10.180.1.21/identity/v3/auth/tokens 0.079s
2025-11-22 03:59:26.000 66546 INFO tempest.lib.common.rest_client [req-b193cc1f-650e-4167-9dc0-57f82ed6ad47 req-b193cc1f-650e-4167-9dc0-57f82ed6ad47 ] Request (ServerDiagnosticsV248Test:test_get_server_diagnostics): 200 GET http://10.180.1.21/compute/v2.1/servers/a1a70ac1-6fed-47ad-ad72-e3a5ba71f6ff/diagnostics 7.187s
2025-11-22 03:59:26.010 66531 INFO tempest.lib.common.rest_client [req-bd658d5a-d8d9-4af5-970b-c4d87e48cb6d req-bd658d5a-d8d9-4af5-970b-c4d87e48cb6d ] Request (DeleteServersTestJSON:setUpClass): 201 POST http://10.180.1.21/networking/v2.0/networks 0.286s
2025-11-22 03:59:26.196 66569 WARNING tempest.lib.common.ssh [-] Failed to establish authenticated ssh connection to cirros@10.180.180.176 ([Errno None] Unable to connect to port 22 on 10.180.180.176). Number attempts: 5. Retry after 6 seconds.: paramiko.ssh_exception.NoValidConnectionsError: [Errno None] Unable to connect to port 22 on 10.180.180.176
2025-11-22 03:59:26.211 66531 INFO tempest.lib.common.rest_client [req-f176bbbe-5381-4bca-8a8d-77fd0f6d3f73 req-f176bbbe-5381-4bca-8a8d-77fd0f6d3f73 ] Request (DeleteServersTestJSON:setUpClass): 201 POST http://10.180.1.21/networking/v2.0/subnets 0.200s
2025-11-22 03:59:27.033 66531 INFO tempest.lib.common.rest_client [req-46723ee7-f86a-4694-877f-5a0863a56477 req-46723ee7-f86a-4694-877f-5a0863a56477 ] Request (DeleteServersTestJSON:setUpClass): 201 POST http://10.180.1.21/networking/v2.0/routers 0.822s
2025-11-22 03:59:28.030 66537 INFO tempest.lib.common.rest_client [req-761fff48-2c03-4644-bbef-4a62d57a7db6 req-761fff48-2c03-4644-bbef-4a62d57a7db6 ] Request (VolumesAdminNegativeTest:test_update_attached_volume_with_nonexistent_volume_in_uri): 202 POST http://10.180.1.21/compute/v2.1/servers 8.151s
2025-11-22 03:59:28.035 66531 INFO tempest.lib.common.rest_client [req-c2b74915-2a18-4622-a579-57fde25765d0 req-c2b74915-2a18-4622-a579-57fde25765d0 ] Request (DeleteServersTestJSON:setUpClass): 200 PUT http://10.180.1.21/networking/v2.0/routers/694cc653-73b6-480e-9083-fb32676abbb4/add_router_interface 1.001s
2025-11-22 03:59:28.035 66531 INFO tempest.lib.common.dynamic_creds [-] Created isolated network resources for: credentials: Credentials: {'domain_id': 'default', 'domain_name': 'Default', 'username': 'tempest-DeleteServersTestJSON-1803604203-project-member', 'project_domain_id': 'default', 'project_domain_name': 'Default', 'project_id': '35eb2685d0364d6ca11ebf642ede9331', 'project_name': 'tempest-DeleteServersTestJSON-1803604203', 'tenant_id': '35eb2685d0364d6ca11ebf642ede9331', 'tenant_name': 'tempest-DeleteServersTestJSON-1803604203', 'user_domain_id': 'default', 'user_domain_name': 'Default', 'user_id': '6aeab2c26e064456bd8ec43d883aaec7', 'system': None}, Network: {'id': 'ac0a58ff-871b-4fe1-b543-e294c6a9040e', 'name': 'tempest-DeleteServersTestJSON-1851135765-network', 'tenant_id': '35eb2685d0364d6ca11ebf642ede9331', 'project_id': '35eb2685d0364d6ca11ebf642ede9331', 'admin_state_up': True, 'mtu': 8950, 'status': 'ACTIVE', 'subnets': [], 'shared': False, 'port_security_enabled': True, 'router:external': False, 'provider:network_type': 'vlan', 'provider:physical_network': 'default', 'provider:segmentation_id': 436, 'availability_zone_hints': [], 'availability_zones': [], 'ipv4_address_scope': None, 'ipv6_address_scope': None, 'description': '', 'tags': [], 'created_at': '2025-11-22T03:59:25Z', 'updated_at': '2025-11-22T03:59:25Z', 'revision_number': 1}, Subnet: {'id': '41365a26-1268-4917-ae50-5dbe4d46195e', 'name': 'tempest-DeleteServersTestJSON-1851135765-subnet', 'tenant_id': '35eb2685d0364d6ca11ebf642ede9331', 'network_id': 'ac0a58ff-871b-4fe1-b543-e294c6a9040e', 'ip_version': 4, 'subnetpool_id': None, 'enable_dhcp': True, 'ipv6_ra_mode': None, 'ipv6_address_mode': None, 'gateway_ip': '192.168.128.1', 'cidr': '192.168.128.0/28', 'allocation_pools': [{'start': '192.168.128.2', 'end': '192.168.128.14'}], 'host_routes': [], 'dns_nameservers': [], 'description': '', 'router:external': False, 'service_types': [], 'tags': [], 'created_at': '2025-11-22T03:59:26Z', 'updated_at': '2025-11-22T03:59:26Z', 'revision_number': 0, 'project_id': '35eb2685d0364d6ca11ebf642ede9331'}, Router: {'id': '694cc653-73b6-480e-9083-fb32676abbb4', 'name': 'tempest-DeleteServersTestJSON-1851135765-router', 'tenant_id': '35eb2685d0364d6ca11ebf642ede9331', 'admin_state_up': True, 'status': 'ACTIVE', 'external_gateway_info': {'network_id': 'ed3249cc-0a43-4de1-a5f5-4940d9c74af3', 'external_fixed_ips': [{'subnet_id': 'f83f4751-8aab-4337-b7b9-f3c70d626b23', 'ip_address': '10.180.180.234'}], 'enable_snat': True}, 'description': '', 'availability_zones': [], 'distributed': False, 'ha': False, 'availability_zone_hints': [], 'routes': [], 'flavor_id': None, 'tags': [], 'created_at': '2025-11-22T03:59:26Z', 'updated_at': '2025-11-22T03:59:26Z', 'revision_number': 2, 'project_id': '35eb2685d0364d6ca11ebf642ede9331'}
2025-11-22 03:59:28.135 66531 INFO tempest.lib.common.rest_client [req-b10147a8-43be-4dfc-afc0-7518c0e130f1 req-b10147a8-43be-4dfc-afc0-7518c0e130f1 ] Request (DeleteServersTestJSON:setUpClass): 201 POST http://10.180.1.21/identity/v3/auth/tokens 0.094s
2025-11-22 03:59:28.168 66531 INFO tempest.lib.common.rest_client [req-fc725dae-39ea-481d-a71d-004f01ad586c req-fc725dae-39ea-481d-a71d-004f01ad586c ] Request (DeleteServersTestJSON:test_delete_active_server): 201 POST http://10.180.1.21/identity/v3/auth/tokens 0.028s
2025-11-22 03:59:28.168 66531 INFO tempest.lib.common.fixed_network [-] (DeleteServersTestJSON:test_delete_active_server) Found network {'id': 'ac0a58ff-871b-4fe1-b543-e294c6a9040e', 'name': 'tempest-DeleteServersTestJSON-1851135765-network', 'tenant_id': '35eb2685d0364d6ca11ebf642ede9331', 'project_id': '35eb2685d0364d6ca11ebf642ede9331', 'admin_state_up': True, 'mtu': 8950, 'status': 'ACTIVE', 'subnets': [], 'shared': False, 'port_security_enabled': True, 'router:external': False, 'provider:network_type': 'vlan', 'provider:physical_network': 'default', 'provider:segmentation_id': 436, 'availability_zone_hints': [], 'availability_zones': [], 'ipv4_address_scope': None, 'ipv6_address_scope': None, 'description': '', 'tags': [], 'created_at': '2025-11-22T03:59:25Z', 'updated_at': '2025-11-22T03:59:25Z', 'revision_number': 1} available for tenant
2025-11-22 03:59:28.173 66547 INFO tempest.lib.common.rest_client [req-95a510b8-a943-4e9e-b5cc-39cdec0a892b req-95a510b8-a943-4e9e-b5cc-39cdec0a892b ] Request (MultipleCreateTestJSON:test_multiple_create): 202 POST http://10.180.1.21/compute/v2.1/servers 8.116s
2025-11-22 03:59:28.498 66535 INFO tempest.lib.common.rest_client [req-b9e81a76-f9b7-42e5-9678-0a4c12c3f04a req-b9e81a76-f9b7-42e5-9678-0a4c12c3f04a ] Request (FloatingIPsAssociationNegativeTestJSON:_run_cleanups): 202 DELETE http://10.180.1.21/compute/v2.1/os-floating-ips/683c5f97-6caa-4c14-843b-1164805335af 8.296s
2025-11-22 03:59:28.682 66579 INFO tempest.lib.common.rest_client [req-afda2987-64e1-46f0-bc52-0926673fc326 req-afda2987-64e1-46f0-bc52-0926673fc326 ] Request (SecurityGroupRulesNegativeTestJSON:_run_cleanups): 202 DELETE http://10.180.1.21/compute/v2.1/os-security-group-rules/c8cc5fe5-f333-4f21-931e-e23737b936b1 7.511s
2025-11-22 03:59:28.704 66567 INFO tempest.lib.common.rest_client [req-0c7c4dc8-51f8-4d87-9fa7-900f23ed186d req-0c7c4dc8-51f8-4d87-9fa7-900f23ed186d ] Request (ServerGroup264TestJSON:test_create_get_server_group): 200 GET http://10.180.1.21/compute/v2.1/os-server-groups 7.320s
2025-11-22 03:59:28.715 66555 INFO tempest.lib.common.rest_client [req-fdcb81f0-35e2-4e8e-8d00-c58cbdae297e req-fdcb81f0-35e2-4e8e-8d00-c58cbdae297e ] Request (InstanceActionsV221TestJSON:test_get_list_deleted_instance_actions): 202 POST http://10.180.1.21/compute/v2.1/servers 7.605s
2025-11-22 03:59:28.787 66577 INFO tempest.lib.common.rest_client [req-5a655b07-ba50-45b9-b4a9-23254e10d99b req-5a655b07-ba50-45b9-b4a9-23254e10d99b ] Request (ServersAdminTestJSON:test_create_server_with_scheduling_hint): 200 GET http://10.180.1.21/compute/v2.1/servers/0b16c6d9-7d3e-4263-9d3c-128261d8e833 6.511s
2025-11-22 03:59:28.795 66559 INFO tempest.lib.common.rest_client [req-3628745f-659e-4a8a-b253-60f39a66726c req-3628745f-659e-4a8a-b253-60f39a66726c ] Request (InstanceUsageAuditLogNegativeTestJSON:test_instance_usage_audit_logs_with_nonadmin_user): 403 GET http://10.180.1.21/compute/v2.1/os-instance_usage_audit_log/2025-11-22%2003%3A59%3A22 6.384s
2025-11-22 03:59:28.919 66575 INFO tempest.lib.common.rest_client [req-7ead131e-7778-4cba-8802-d12832c4fc61 req-7ead131e-7778-4cba-8802-d12832c4fc61 ] Request (ServersAdmin275Test:test_rebuild_update_server_275): 200 GET http://10.180.1.21/compute/v2.1/servers/6a754cf9-b50d-4b56-9f24-a47a532f17ad 6.405s
2025-11-22 03:59:28.933 66575 INFO tempest.common.waiters [-] State transition "REBUILD/rebuild_spawning" ==> "ACTIVE/None" after 7 second wait
2025-11-22 03:59:28.936 66559 INFO tempest.lib.common.rest_client [req-cd0e8e38-8297-42b8-b388-513d7d959057 req-cd0e8e38-8297-42b8-b388-513d7d959057 ] Request (InstanceUsageAuditLogNegativeTestJSON:tearDownClass): 204 DELETE http://10.180.1.21/identity/v3/users/0caefe67fc3c4c8d887c08d2cf0207b5 0.134s
2025-11-22 03:59:28.960 66551 INFO tempest.lib.common.rest_client [req-e2134b73-8cb3-4a2a-9428-d8180a32ace5 req-e2134b73-8cb3-4a2a-9428-d8180a32ace5 ] Request (DeleteServersAdminTestJSON:test_delete_server_while_in_error_state): 200 GET http://10.180.1.21/compute/v2.1/servers/b55683c5-a2fd-4258-a1c1-d087e9d74276 6.892s
2025-11-22 03:59:28.967 66551 INFO tempest.common.waiters [-] State transition "BUILD/spawning" ==> "ACTIVE/None" after 7 second wait
2025-11-22 03:59:28.991 66565 WARNING tempest.lib.common.ssh [-] Failed to establish authenticated ssh connection to cirros@10.180.180.218 ([Errno None] Unable to connect to port 22 on 10.180.180.218). Number attempts: 3. Retry after 4 seconds.: paramiko.ssh_exception.NoValidConnectionsError: [Errno None] Unable to connect to port 22 on 10.180.180.218
2025-11-22 03:59:29.004 66525 INFO tempest.lib.common.rest_client [req-0e96053a-c791-4731-a981-bd4b5c472552 req-0e96053a-c791-4731-a981-bd4b5c472552 ] Request (ImagesTestJSON:test_create_image_from_stopped_server): 200 GET http://10.180.1.21/compute/v2.1/images/fe1ce6db-e894-4cb3-ad15-18bc6be526bf 5.992s
2025-11-22 03:59:29.051 66525 INFO tempest.lib.common.rest_client [req-35f17649-178f-45bc-9dce-77913ed766dc req-35f17649-178f-45bc-9dce-77913ed766dc ] Request (ImagesTestJSON:test_create_image_from_stopped_server): 200 GET http://10.180.1.21/image/v2/images/fe1ce6db-e894-4cb3-ad15-18bc6be526bf/tasks 0.042s
2025-11-22 03:59:29.079 66559 INFO tempest.lib.common.rest_client [req-bfdd2add-c629-448f-8985-a3e2f30a771c req-bfdd2add-c629-448f-8985-a3e2f30a771c ] Request (InstanceUsageAuditLogNegativeTestJSON:tearDownClass): 204 DELETE http://10.180.1.21/identity/v3/users/c88ea683bca94f4a8ac66e79c8ac35ae 0.143s
2025-11-22 03:59:29.080 66559 INFO tempest.lib.common.dynamic_creds [-] Deleting project and security group for project: 65a120d587e94c8b93b943ed436be181
2025-11-22 03:59:29.146 66559 INFO tempest.lib.common.rest_client [req-bf14544e-8d90-4064-80bb-655a8bcd6475 req-bf14544e-8d90-4064-80bb-655a8bcd6475 ] Request (InstanceUsageAuditLogNegativeTestJSON:tearDownClass): 201 POST http://10.180.1.21/identity/v3/auth/tokens 0.066s
2025-11-22 03:59:29.189 66583 INFO tempest.lib.common.rest_client [req-bca299fe-c302-4898-b4fe-c3eb22ac601d req-bca299fe-c302-4898-b4fe-c3eb22ac601d ] Request (ServersWithSpecificFlavorTestJSON:test_verify_created_server_ephemeral_disk): 200 GET http://10.180.1.21/compute/v2.1/servers/58d37b3b-3d81-4d0e-acab-c13f2a70bdfe/os-interface 5.972s
2025-11-22 03:59:29.418 66559 INFO tempest.lib.common.rest_client [req-0b2a56ef-1867-4e44-84f2-1def46975ea5 req-0b2a56ef-1867-4e44-84f2-1def46975ea5 ] Request (InstanceUsageAuditLogNegativeTestJSON:tearDownClass): 200 GET http://10.180.1.21/networking/v2.0/security-groups?tenant_id=65a120d587e94c8b93b943ed436be181&name=default 0.272s
2025-11-22 03:59:29.750 66543 INFO tempest.lib.common.rest_client [req-7f2f83a6-aa63-45e6-abc8-c1ca0ac08fbc req-7f2f83a6-aa63-45e6-abc8-c1ca0ac08fbc ] Request (ListImageFiltersTestJSON:setUpClass): 202 POST http://10.180.1.21/compute/v2.1/servers 6.893s
2025-11-22 03:59:29.769 66563 INFO tempest.lib.common.rest_client [req-c6b51592-4324-441d-9609-9951ef0ca430 req-c6b51592-4324-441d-9609-9951ef0ca430 ] Request (FlavorsV2TestJSON:test_list_flavors_limit_results): 200 GET http://10.180.1.21/compute/v2.1/flavors?limit=1 5.295s
2025-11-22 03:59:29.778 66559 INFO tempest.lib.common.rest_client [req-ae5779f4-55c2-4603-89ec-590a2bbdc5b4 req-ae5779f4-55c2-4603-89ec-590a2bbdc5b4 ] Request (InstanceUsageAuditLogNegativeTestJSON:tearDownClass): 204 DELETE http://10.180.1.21/networking/v2.0/security-groups/db5947fd-c8dd-4059-937f-2004b4472bed 0.359s
2025-11-22 03:59:29.887 66559 INFO tempest.lib.common.rest_client [req-318258ae-b231-427d-a8e6-4cc0b1a1d27b req-318258ae-b231-427d-a8e6-4cc0b1a1d27b ] Request (InstanceUsageAuditLogNegativeTestJSON:tearDownClass): 204 DELETE http://10.180.1.21/identity/v3/projects/65a120d587e94c8b93b943ed436be181 0.108s
2025-11-22 03:59:29.887 66559 INFO tempest.lib.common.dynamic_creds [-] Deleting project and security group for project: 981078df9f8f4f639c73f4435c7904c1
2025-11-22 03:59:29.997 66521 INFO tempest.lib.common.rest_client [req-c6522a6e-10ca-4283-9f39-1ee95bc27c0d req-c6522a6e-10ca-4283-9f39-1ee95bc27c0d ] Request (QuotasAdminTestJSON:test_get_default_quotas): 200 GET http://10.180.1.21/compute/v2.1/os-quota-sets/0415305f46f1468797f3d85dbcd0c7bd/defaults 5.209s
2025-11-22 03:59:30.052 66521 INFO tempest.lib.common.rest_client [req-2e8a2857-0ef5-452b-a06c-b1c270a8691b req-2e8a2857-0ef5-452b-a06c-b1c270a8691b ] Request (QuotasAdminTestJSON:test_get_updated_quotas): 200 GET http://10.180.1.21/identity/v3/domains?name=Default 0.050s
2025-11-22 03:59:30.091 66521 INFO tempest.lib.common.rest_client [req-15e9bdc1-dc99-41fe-a2cc-76c3d61d65eb req-15e9bdc1-dc99-41fe-a2cc-76c3d61d65eb ] Request (QuotasAdminTestJSON:test_get_updated_quotas): 201 POST http://10.180.1.21/identity/v3/projects 0.038s
2025-11-22 03:59:30.118 66583 INFO tempest.lib.common.rest_client [req-da041dae-5fee-4bd9-8a36-597dc62ed624 req-da041dae-5fee-4bd9-8a36-597dc62ed624 ] Request (ServersWithSpecificFlavorTestJSON:test_verify_created_server_ephemeral_disk): 200 PUT http://10.180.1.21/networking/v2.0/floatingips/e1a22609-a1e5-4876-8551-95878557e24b 0.927s
2025-11-22 03:59:30.162 66521 INFO tempest.lib.common.rest_client [req-1059e5da-d0d9-4493-81f1-19771cc2a327 req-1059e5da-d0d9-4493-81f1-19771cc2a327 ] Request (QuotasAdminTestJSON:test_get_updated_quotas): 200 GET http://10.180.1.21/identity/v3/domains?name=Default 0.071s
2025-11-22 03:59:30.615 66559 INFO tempest.lib.common.rest_client [req-0df70775-d2d7-4259-9463-1f8aa3fcd4a8 req-0df70775-d2d7-4259-9463-1f8aa3fcd4a8 ] Request (InstanceUsageAuditLogNegativeTestJSON:tearDownClass): 200 GET http://10.180.1.21/networking/v2.0/security-groups?tenant_id=981078df9f8f4f639c73f4435c7904c1&name=default 0.727s
2025-11-22 03:59:30.780 66559 INFO tempest.lib.common.rest_client [req-c891f652-bd38-4159-95e4-37e89af7e0c9 req-c891f652-bd38-4159-95e4-37e89af7e0c9 ] Request (InstanceUsageAuditLogNegativeTestJSON:tearDownClass): 204 DELETE http://10.180.1.21/networking/v2.0/security-groups/bcd8f753-0aaf-4313-9932-7a1b75811b7f 0.165s
2025-11-22 03:59:30.886 66529 INFO tempest.lib.common.rest_client [req-699b9ca7-afdd-4f82-8e0a-938f3d630f71 req-699b9ca7-afdd-4f82-8e0a-938f3d630f71 ] Request (SecurityGroupRulesTestJSON:tearDownClass): 202 DELETE http://10.180.1.21/compute/v2.1/os-security-groups/32468bc2-a6ed-4545-85c1-a95cbe422301 5.786s
2025-11-22 03:59:30.916 66559 INFO tempest.lib.common.rest_client [req-7aab0165-b406-4040-8732-6d607e5acda3 req-7aab0165-b406-4040-8732-6d607e5acda3 ] Request (InstanceUsageAuditLogNegativeTestJSON:tearDownClass): 204 DELETE http://10.180.1.21/identity/v3/projects/981078df9f8f4f639c73f4435c7904c1 0.135s
2025-11-22 03:59:30.922 66541 INFO tempest.lib.common.rest_client [req-97c8ec08-c976-41ae-b0b4-71fa4786cd02 req-97c8ec08-c976-41ae-b0b4-71fa4786cd02 ] Request (KeyPairsV22TestJSON:test_keypairs_create_list_delete): 201 POST http://10.180.1.21/compute/v2.1/os-keypairs 5.767s
2025-11-22 03:59:30.926 66549 INFO tempest.lib.common.rest_client [req-2c7420bf-c99f-4395-be20-e7487899b9d6 req-2c7420bf-c99f-4395-be20-e7487899b9d6 ] Request (AggregatesAdminNegativeTestJSON:test_aggregate_delete_as_user): 403 DELETE http://10.180.1.21/compute/v2.1/os-aggregates/5 5.747s
2025-11-22 03:59:30.936 66539 INFO tempest.lib.common.rest_client [req-7be97e19-24e6-4155-905e-f956510385cb req-7be97e19-24e6-4155-905e-f956510385cb ] Request (FloatingIPDetailsTestJSON:test_get_floating_ip_details): 200 POST http://10.180.1.21/compute/v2.1/os-floating-ips 6.806s
2025-11-22 03:59:30.950 66571 INFO tempest.lib.common.rest_client [req-b5ed6141-bd7c-498e-80c9-dd7bdc891f77 req-b5ed6141-bd7c-498e-80c9-dd7bdc891f77 ] Request (FlavorsAccessNegativeTestJSON:_run_cleanups): 200 GET http://10.180.1.21/compute/v2.1/flavors/detail 5.743s
2025-11-22 03:59:30.994 66559 INFO tempest.lib.common.rest_client [req-5365e54a-b4eb-46e5-8398-060c2b3d83dd req-5365e54a-b4eb-46e5-8398-060c2b3d83dd ] Request (MigrationsAdminTest:setUpClass): 201 POST http://10.180.1.21/identity/v3/auth/tokens 0.077s
2025-11-22 03:59:31.034 66559 INFO tempest.lib.common.rest_client [req-4ab0d469-037d-4050-b4f6-bdcce8dab2cf req-4ab0d469-037d-4050-b4f6-bdcce8dab2cf ] Request (MigrationsAdminTest:setUpClass): 201 POST http://10.180.1.21/identity/v3/auth/tokens 0.036s
2025-11-22 03:59:31.047 66527 INFO tempest.lib.common.rest_client [req-62456f88-edda-4118-bef8-8fb913664a08 req-62456f88-edda-4118-bef8-8fb913664a08 ] Request (ServerPasswordTestJSON:test_delete_server_password): 204 DELETE http://10.180.1.21/compute/v2.1/servers/bd979aae-cf9f-464e-bb96-c090367e61df/os-server-password 5.640s
2025-11-22 03:59:31.057 66559 INFO tempest.lib.common.rest_client [req-60020cd4-42d9-4cf1-9954-7b924fe16f29 req-60020cd4-42d9-4cf1-9954-7b924fe16f29 ] Request (MigrationsAdminTest:setUpClass): 200 GET http://10.180.1.21/identity/v3/domains?name=Default 0.022s
2025-11-22 03:59:31.093 66559 INFO tempest.lib.common.rest_client [req-3d754eea-4e2f-433a-acd6-2936363387d9 req-3d754eea-4e2f-433a-acd6-2936363387d9 ] Request (MigrationsAdminTest:setUpClass): 201 POST http://10.180.1.21/identity/v3/projects 0.035s
2025-11-22 03:59:31.165 66559 INFO tempest.lib.common.rest_client [req-829a2914-dac1-48d8-8363-51ab99206d6c req-829a2914-dac1-48d8-8363-51ab99206d6c ] Request (MigrationsAdminTest:setUpClass): 201 POST http://10.180.1.21/identity/v3/users 0.072s
2025-11-22 03:59:31.186 66559 INFO tempest.lib.common.rest_client [req-d8f646df-e0ea-4dbe-82e1-37f3f5e18467 req-d8f646df-e0ea-4dbe-82e1-37f3f5e18467 ] Request (MigrationsAdminTest:setUpClass): 200 GET http://10.180.1.21/identity/v3/roles 0.020s
2025-11-22 03:59:31.223 66559 INFO tempest.lib.common.rest_client [req-05708bd7-732c-4df3-b7cf-928c0555e666 req-05708bd7-732c-4df3-b7cf-928c0555e666 ] Request (MigrationsAdminTest:setUpClass): 204 PUT http://10.180.1.21/identity/v3/projects/8dce59a9df224c4fa027988244989291/users/95986b475d764c0cbf7d73ece12ac143/roles/acd5777349bd48e5bffac74adfa2d281 0.036s
2025-11-22 03:59:31.223 66559 INFO tempest.lib.common.dynamic_creds [-] Dynamic test user 95986b475d764c0cbf7d73ece12ac143 is created with scope project and roles: ['member']
2025-11-22 03:59:31.223 66559 INFO tempest.lib.common.dynamic_creds [-] Acquired dynamic creds: credentials: Credentials: {'domain_id': 'default', 'domain_name': 'Default', 'username': 'tempest-MigrationsAdminTest-749867044-project-member', 'project_domain_id': 'default', 'project_domain_name': 'Default', 'project_id': '8dce59a9df224c4fa027988244989291', 'project_name': 'tempest-MigrationsAdminTest-749867044', 'tenant_id': '8dce59a9df224c4fa027988244989291', 'tenant_name': 'tempest-MigrationsAdminTest-749867044', 'user_domain_id': 'default', 'user_domain_name': 'Default', 'user_id': '95986b475d764c0cbf7d73ece12ac143', 'system': None}, Network: None, Subnet: None, Router: None
2025-11-22 03:59:31.223 66559 INFO tempest.lib.common.dynamic_creds [-] Created isolated network resources for: credentials: Credentials: {'domain_id': 'default', 'domain_name': 'Default', 'username': 'tempest-MigrationsAdminTest-749867044-project-member', 'project_domain_id': 'default', 'project_domain_name': 'Default', 'project_id': '8dce59a9df224c4fa027988244989291', 'project_name': 'tempest-MigrationsAdminTest-749867044', 'tenant_id': '8dce59a9df224c4fa027988244989291', 'tenant_name': 'tempest-MigrationsAdminTest-749867044', 'user_domain_id': 'default', 'user_domain_name': 'Default', 'user_id': '95986b475d764c0cbf7d73ece12ac143', 'system': None}, Network: None, Subnet: None, Router: None
2025-11-22 03:59:31.250 66581 INFO tempest.lib.common.rest_client [req-7d994b89-c660-4476-8dba-8f512f6f9ab9 req-7d994b89-c660-4476-8dba-8f512f6f9ab9 ] Request (ImagesOneServerNegativeTestJSON:tearDown): 200 GET http://10.180.1.21/compute/v2.1/servers/34152c64-456c-4d9e-b66c-d4a62a053e02 6.034s
2025-11-22 03:59:31.270 66561 INFO tempest.lib.common.rest_client [req-542a61e0-8356-4ef5-96f7-329cdd32dfa3 req-542a61e0-8356-4ef5-96f7-329cdd32dfa3 ] Request (ServersTestFqdnHostnames:test_create_server_with_fqdn_name): 200 GET http://10.180.1.21/compute/v2.1/servers/5d8ae394-6478-41d3-8bd3-5c10f54b14e3 5.856s
2025-11-22 03:59:31.277 66561 INFO tempest.common.waiters [-] State transition "BUILD/spawning" ==> "ACTIVE/None" after 7 second wait
2025-11-22 03:59:31.308 66559 INFO tempest.lib.common.rest_client [req-b67cb320-0020-4b7d-b074-4ba21f8ffb45 req-b67cb320-0020-4b7d-b074-4ba21f8ffb45 ] Request (MigrationsAdminTest:setUpClass): 201 POST http://10.180.1.21/identity/v3/auth/tokens 0.082s
2025-11-22 03:59:31.365 66553 INFO tempest.lib.common.rest_client [req-34ac6f6b-67de-4140-bed5-ad88426e7372 req-34ac6f6b-67de-4140-bed5-ad88426e7372 ] Request (SecurityGroupsTestAdminJSON:test_list_security_groups_list_all_tenants_filter): 200 GET http://10.180.1.21/compute/v2.1/os-security-groups?all_tenants=true 5.783s
2025-11-22 03:59:31.375 66559 INFO tempest.lib.common.rest_client [req-0786ac7e-84c8-4027-938c-7b6e9406679b req-0786ac7e-84c8-4027-938c-7b6e9406679b ] Request (MigrationsAdminTest:setUpClass): 201 POST http://10.180.1.21/identity/v3/projects 0.066s
