2025-11-22 04:00:26.307 66525 INFO tempest.lib.common.rest_client [req-15c32568-78dd-4f79-bb4a-a75da8173332 req-15c32568-78dd-4f79-bb4a-a75da8173332 ] Request (ImagesTestJSON:test_create_image_from_suspended_server): 202 POST http://10.180.1.21/compute/v2.1/servers/e1098156-ed26-4119-aa10-1c0530a9723c/action 1.756s
2025-11-22 04:00:26.762 66537 INFO tempest.lib.common.rest_client [req-3af272e9-9c51-43fe-9c49-2eeedd6ef182 req-3af272e9-9c51-43fe-9c49-2eeedd6ef182 ] Request (VolumesAdminNegativeTest:tearDownClass): 204 DELETE http://10.180.1.21/networking/v2.0/routers/6c14b928-f2d1-400d-9841-f7460a4699de 0.478s
2025-11-22 04:00:27.060 66579 INFO tempest.lib.common.rest_client [req-9215b481-4616-479a-9e69-d65f8e1bfc16 req-9215b481-4616-479a-9e69-d65f8e1bfc16 ] Request (SecurityGroupRulesNegativeTestJSON:tearDownClass): 200 PUT http://10.180.1.21/networking/v2.0/routers/292e9b20-98a3-44f0-81d9-a8be7997ffee/remove_router_interface 0.912s
2025-11-22 04:00:27.110 66565 INFO tempest.lib.common.rest_client [req-fd58aebf-1d23-4e4f-8cac-70c2b6d352f6 req-fd58aebf-1d23-4e4f-8cac-70c2b6d352f6 ] Request (AttachInterfacesUnderV243Test:_run_cleanups): 200 GET http://10.180.1.21/compute/v2.1/servers/758bf357-2efb-46de-81a6-686f610c9003 2.161s
2025-11-22 04:00:27.203 66537 INFO tempest.lib.common.rest_client [req-a8ee58fe-c11f-4f40-aa96-ff6b9a7c84b8 req-a8ee58fe-c11f-4f40-aa96-ff6b9a7c84b8 ] Request (VolumesAdminNegativeTest:tearDownClass): 204 DELETE http://10.180.1.21/networking/v2.0/subnets/8d96481f-9d84-44be-ad32-08ae10254f5f 0.440s
2025-11-22 04:00:27.353 66571 INFO tempest.lib.common.rest_client [req-9c746d8f-a01b-4a66-9d23-903d250f5556 req-9c746d8f-a01b-4a66-9d23-903d250f5556 ] Request (ServersAdminNegativeTestJSON:setUpClass): 200 GET http://10.180.1.21/compute/v2.1/servers/b7569349-f04f-40dc-a926-49bfbc4c8df4 2.350s
2025-11-22 04:00:27.599 66579 INFO tempest.lib.common.rest_client [req-bf02c6cf-b4cd-4ce4-9739-d1686e996602 req-bf02c6cf-b4cd-4ce4-9739-d1686e996602 ] Request (SecurityGroupRulesNegativeTestJSON:tearDownClass): 204 DELETE http://10.180.1.21/networking/v2.0/routers/292e9b20-98a3-44f0-81d9-a8be7997ffee 0.538s
2025-11-22 04:00:27.608 66537 INFO tempest.lib.common.rest_client [req-57701572-3c8f-49b7-9e47-007259ac3238 req-57701572-3c8f-49b7-9e47-007259ac3238 ] Request (VolumesAdminNegativeTest:tearDownClass): 204 DELETE http://10.180.1.21/networking/v2.0/networks/464229a2-a10a-4f8f-93c2-d05435985b10 0.405s
2025-11-22 04:00:27.701 66546 INFO tempest.lib.common.rest_client [req-f94f1f99-9e41-4f6e-97ba-8c6480cb38c0 req-f94f1f99-9e41-4f6e-97ba-8c6480cb38c0 ] Request (AttachVolumeShelveTestJSON:test_attach_volume_shelved_or_offload_server): 200 GET http://10.180.1.21/compute/v2.1/servers/c3aada99-abd5-4ed7-8591-85cdffec2265 2.671s
2025-11-22 04:00:27.815 66577 INFO tempest.lib.common.rest_client [req-0bbf4f2e-fb84-48d3-a972-18a926177c69 req-0bbf4f2e-fb84-48d3-a972-18a926177c69 ] Request (ServersAdminTestJSON:test_list_servers_by_admin): 200 GET http://10.180.1.21/compute/v2.1/servers/detail 2.740s
2025-11-22 04:00:27.848 66551 INFO tempest.lib.common.rest_client [req-ffa56303-3337-4b47-8ba1-c2e8acb2a86b req-ffa56303-3337-4b47-8ba1-c2e8acb2a86b ] Request (FlavorsExtraSpecsTestJSON:test_flavor_non_admin_get_all_keys): 200 POST http://10.180.1.21/compute/v2.1/flavors/1097786704/os-extra_specs 2.696s
2025-11-22 04:00:27.919 66579 INFO tempest.lib.common.rest_client [req-cd3d2d8a-88ea-44e7-9d58-7687b3e52db2 req-cd3d2d8a-88ea-44e7-9d58-7687b3e52db2 ] Request (SecurityGroupRulesNegativeTestJSON:tearDownClass): 204 DELETE http://10.180.1.21/networking/v2.0/subnets/148d6062-503b-42ed-a1d8-a7a6a596140b 0.318s
2025-11-22 04:00:28.228 66557 WARNING tempest.lib.common.ssh [-] Failed to establish authenticated ssh connection to cirros@10.180.180.227 ([Errno None] Unable to connect to port 22 on 10.180.180.227). Number attempts: 4. Retry after 5 seconds.: paramiko.ssh_exception.NoValidConnectionsError: [Errno None] Unable to connect to port 22 on 10.180.180.227
2025-11-22 04:00:28.356 66581 INFO tempest.lib.common.rest_client [req-105273a9-e8e9-459f-8cc5-cd75bcf9e1f5 req-105273a9-e8e9-459f-8cc5-cd75bcf9e1f5 ] Request (ImagesOneServerNegativeTestJSON:_run_cleanups): 202 POST http://10.180.1.21/compute/v2.1/servers 3.380s
2025-11-22 04:00:28.557 66579 INFO tempest.lib.common.rest_client [req-0994790d-782e-41bb-837c-7df8a5d7a67a req-0994790d-782e-41bb-837c-7df8a5d7a67a ] Request (SecurityGroupRulesNegativeTestJSON:tearDownClass): 204 DELETE http://10.180.1.21/networking/v2.0/networks/108fbb0a-3b16-4911-9194-03eb8ccd56ab 0.636s
2025-11-22 04:00:28.702 66537 INFO tempest.lib.common.rest_client [req-958ebe15-f225-4537-ac1b-9e7137ea3917 req-958ebe15-f225-4537-ac1b-9e7137ea3917 ] Request (VolumesAdminNegativeTest:tearDownClass): 200 PUT http://10.180.1.21/networking/v2.0/routers/1a496d32-e6ff-4782-9d9b-87d51f11930d/remove_router_interface 1.093s
2025-11-22 04:00:28.740 66531 INFO tempest.lib.common.rest_client [req-56ae95d2-cac6-477e-97f7-245f7c56b477 req-56ae95d2-cac6-477e-97f7-245f7c56b477 ] Request (DeleteServersTestJSON:test_delete_active_server): 200 GET http://10.180.1.21/compute/v2.1/servers/a3434930-3c1f-4934-a408-eff15470e1ae 3.435s
2025-11-22 04:00:28.770 66579 INFO tempest.lib.common.rest_client [req-2e708bca-0059-49ba-a553-21d272a1043e req-2e708bca-0059-49ba-a553-21d272a1043e ] Request (SecurityGroupRulesNegativeTestJSON:tearDownClass): 204 DELETE http://10.180.1.21/identity/v3/users/7f588c77b40845e8b17e90d3ef35d2b8 0.212s
2025-11-22 04:00:28.770 66579 INFO tempest.lib.common.dynamic_creds [-] Deleting project and security group for project: 202ef68cab084ae3bbd35fdb1af11ef0
2025-11-22 04:00:28.794 66563 INFO tempest.lib.common.rest_client [req-5e408306-680b-48e3-96ba-f0780cc17ad9 req-5e408306-680b-48e3-96ba-f0780cc17ad9 ] Request (ServerActionsTestJSON:setUpClass): 200 GET http://10.180.1.21/compute/v2.1/servers/8d5b92ba-4ccc-47e5-830e-517eab4c4ed0 3.634s
2025-11-22 04:00:28.982 66523 INFO tempest.lib.common.rest_client [req-8c5206c4-5405-4534-9b4a-13ed767a44fb req-8c5206c4-5405-4534-9b4a-13ed767a44fb ] Request (QuotasTestJSON:test_get_quotas): 200 GET http://10.180.1.21/compute/v2.1/os-quota-sets/f3e715be5b0244e4b9962dc77f8d4af2?user_id=29463efc30174a92a4df064e2e23b4ac 3.257s
2025-11-22 04:00:29.001 66579 INFO tempest.lib.common.rest_client [req-19e1f8d7-d66e-4c9f-b79d-541a1f829fcd req-19e1f8d7-d66e-4c9f-b79d-541a1f829fcd ] Request (SecurityGroupRulesNegativeTestJSON:tearDownClass): 200 GET http://10.180.1.21/networking/v2.0/security-groups?tenant_id=202ef68cab084ae3bbd35fdb1af11ef0&name=default 0.230s
2025-11-22 04:00:29.051 66575 INFO tempest.lib.common.rest_client [req-dc8caa4b-101e-4e24-87a9-0cc480d1ed12 req-dc8caa4b-101e-4e24-87a9-0cc480d1ed12 ] Request (SecurityGroupsNegativeTestJSON:test_delete_the_default_security_group): 400 DELETE http://10.180.1.21/compute/v2.1/os-security-groups/a728c57c-3521-4d7a-8348-69a537f39b44 3.377s
2025-11-22 04:00:29.156 66549 INFO tempest.lib.common.rest_client [req-54f98f6c-11bd-4cec-bf7e-d20efc8ec49d req-54f98f6c-11bd-4cec-bf7e-d20efc8ec49d ] Request (AZAdminNegativeTestJSON:test_get_availability_zone_list_detail_with_non_admin_user): 403 GET http://10.180.1.21/compute/v2.1/os-availability-zone/detail 3.042s
2025-11-22 04:00:29.166 66523 INFO tempest.lib.common.rest_client [req-1dfe3133-6f4b-41a2-a5a3-43a3af27fad4 req-1dfe3133-6f4b-41a2-a5a3-43a3af27fad4 ] Request (QuotasTestJSON:tearDownClass): 204 DELETE http://10.180.1.21/identity/v3/users/29463efc30174a92a4df064e2e23b4ac 0.178s
2025-11-22 04:00:29.167 66523 INFO tempest.lib.common.dynamic_creds [-] Deleting project and security group for project: f3e715be5b0244e4b9962dc77f8d4af2
2025-11-22 04:00:29.191 66579 INFO tempest.lib.common.rest_client [req-de51e530-49c1-4b10-b405-a6c5c53e374a req-de51e530-49c1-4b10-b405-a6c5c53e374a ] Request (SecurityGroupRulesNegativeTestJSON:tearDownClass): 204 DELETE http://10.180.1.21/networking/v2.0/security-groups/3a0c2274-665e-47f0-bcea-8ab6da636522 0.189s
2025-11-22 04:00:29.226 66539 INFO tempest.lib.common.rest_client [req-541e764d-7861-4f4a-9594-f0eb82a7d566 req-541e764d-7861-4f4a-9594-f0eb82a7d566 ] Request (ListServersNegativeTestJSON:setUpClass): 200 GET http://10.180.1.21/compute/v2.1/servers/09025781-ef8d-4894-a7b3-5da058a34d19 3.185s
2025-11-22 04:00:29.236 66561 WARNING tempest.lib.common.ssh [-] Failed to establish authenticated ssh connection to cirros@10.180.180.190 ([Errno None] Unable to connect to port 22 on 10.180.180.190). Number attempts: 8. Retry after 9 seconds.: paramiko.ssh_exception.NoValidConnectionsError: [Errno None] Unable to connect to port 22 on 10.180.180.190
2025-11-22 04:00:29.246 66541 INFO tempest.lib.common.rest_client [req-b09ad188-fd09-404e-821e-f255e9780d81 req-b09ad188-fd09-404e-821e-f255e9780d81 ] Request (ServerShowV254Test:test_rebuild_server): 200 GET http://10.180.1.21/compute/v2.1/servers/a090d2e2-a6b5-4e8b-91b1-a94b8fd30e9d 3.053s
2025-11-22 04:00:29.276 66523 INFO tempest.lib.common.rest_client [req-7d7ffa58-0ef7-4fde-a5e6-a333841f4f6f req-7d7ffa58-0ef7-4fde-a5e6-a333841f4f6f ] Request (QuotasTestJSON:tearDownClass): 201 POST http://10.180.1.21/identity/v3/auth/tokens 0.109s
2025-11-22 04:00:29.355 66549 INFO tempest.lib.common.rest_client [req-addb0e35-af83-42c9-ae73-2f3263776812 req-addb0e35-af83-42c9-ae73-2f3263776812 ] Request (AZAdminNegativeTestJSON:tearDownClass): 204 DELETE http://10.180.1.21/identity/v3/users/bece82b358f14cfd8016beb5cb1f10bf 0.196s
2025-11-22 04:00:29.356 66537 INFO tempest.lib.common.rest_client [req-c8248118-25b5-47b6-8390-89b340976944 req-c8248118-25b5-47b6-8390-89b340976944 ] Request (VolumesAdminNegativeTest:tearDownClass): 204 DELETE http://10.180.1.21/networking/v2.0/routers/1a496d32-e6ff-4782-9d9b-87d51f11930d 0.654s
2025-11-22 04:00:29.376 66579 INFO tempest.lib.common.rest_client [req-7b563edf-f648-496c-aec5-1ef09650940a req-7b563edf-f648-496c-aec5-1ef09650940a ] Request (SecurityGroupRulesNegativeTestJSON:tearDownClass): 204 DELETE http://10.180.1.21/identity/v3/projects/202ef68cab084ae3bbd35fdb1af11ef0 0.184s
2025-11-22 04:00:29.388 66527 INFO tempest.lib.common.rest_client [req-eb0e4da1-0533-490d-a446-30790d75e7f9 req-eb0e4da1-0533-490d-a446-30790d75e7f9 ] Request (ServerTagsTestJSON:setUpClass): 200 GET http://10.180.1.21/compute/v2.1/servers/68de0f7f-5b75-48f9-9a56-7089e36d2b42 3.163s
2025-11-22 04:00:29.403 66529 INFO tempest.lib.common.rest_client [req-0cdb14e4-2ea9-4e5c-bf4c-48a4e5c625d5 req-0cdb14e4-2ea9-4e5c-bf4c-48a4e5c625d5 ] Request (ServersAaction247Test:tearDownClass): 200 GET http://10.180.1.21/compute/v2.1/servers/2384a2d6-2614-409c-bff7-55b27b24a9d1 3.145s
2025-11-22 04:00:29.462 66525 INFO tempest.lib.common.rest_client [req-8eed0993-d83c-4648-8026-59a2ea66485d req-8eed0993-d83c-4648-8026-59a2ea66485d ] Request (ImagesTestJSON:test_create_image_from_suspended_server): 200 GET http://10.180.1.21/compute/v2.1/images/2e470f53-2ba0-4821-9a13-c996aa9de42b 3.153s
2025-11-22 04:00:29.539 66579 INFO tempest.lib.common.rest_client [req-219441b5-5c03-4f57-adf2-b98a6d3fb2a6 req-219441b5-5c03-4f57-adf2-b98a6d3fb2a6 ] Request (AttachInterfacesV270Test:setUpClass): 201 POST http://10.180.1.21/identity/v3/auth/tokens 0.160s
2025-11-22 04:00:29.599 66549 INFO tempest.lib.common.rest_client [req-3a431714-f85f-4529-b088-d4bd205fede7 req-3a431714-f85f-4529-b088-d4bd205fede7 ] Request (AZAdminNegativeTestJSON:tearDownClass): 204 DELETE http://10.180.1.21/identity/v3/users/75be21ffcefe41eea62c4eb1839e324c 0.243s
2025-11-22 04:00:29.599 66549 INFO tempest.lib.common.dynamic_creds [-] Deleting project and security group for project: fb060938e6f648699bea717ebd2529e8
2025-11-22 04:00:29.617 66537 INFO tempest.lib.common.rest_client [req-50d867e3-c3f4-4601-aa69-e67e13396341 req-50d867e3-c3f4-4601-aa69-e67e13396341 ] Request (VolumesAdminNegativeTest:tearDownClass): 204 DELETE http://10.180.1.21/networking/v2.0/subnets/165e5301-9b55-4c2a-a9c9-50fef6c563b6 0.259s
2025-11-22 04:00:29.625 66579 INFO tempest.lib.common.rest_client [req-6e448ae6-e6e9-4ea3-8a0d-56865183242a req-6e448ae6-e6e9-4ea3-8a0d-56865183242a ] Request (AttachInterfacesV270Test:setUpClass): 201 POST http://10.180.1.21/identity/v3/auth/tokens 0.083s
2025-11-22 04:00:29.645 66523 INFO tempest.lib.common.rest_client [req-44abe2f7-f7ba-44ae-a534-59048936cf48 req-44abe2f7-f7ba-44ae-a534-59048936cf48 ] Request (QuotasTestJSON:tearDownClass): 200 GET http://10.180.1.21/networking/v2.0/security-groups?tenant_id=f3e715be5b0244e4b9962dc77f8d4af2&name=default 0.368s
2025-11-22 04:00:29.681 66535 INFO tempest.lib.common.rest_client [req-decbfc09-0589-4b2c-acd1-bd7594f452d7 req-decbfc09-0589-4b2c-acd1-bd7594f452d7 ] Request (ServersTestManualDisk:setUpClass): 200 GET http://10.180.1.21/compute/v2.1/servers/f01dc932-1237-4ce5-bdce-ef3645dd22c5 3.384s
2025-11-22 04:00:29.703 66549 INFO tempest.lib.common.rest_client [req-9695d599-b0ec-4467-bf58-aceb7b89115f req-9695d599-b0ec-4467-bf58-aceb7b89115f ] Request (AZAdminNegativeTestJSON:tearDownClass): 201 POST http://10.180.1.21/identity/v3/auth/tokens 0.103s
2025-11-22 04:00:29.705 66579 INFO tempest.lib.common.rest_client [req-41f7bb2b-e84b-466c-ac01-5984c516bb9e req-41f7bb2b-e84b-466c-ac01-5984c516bb9e ] Request (AttachInterfacesV270Test:setUpClass): 200 GET http://10.180.1.21/identity/v3/domains?name=Default 0.079s
2025-11-22 04:00:29.767 66579 INFO tempest.lib.common.rest_client [req-e57a2ea3-4c28-4707-b71b-b35dad483a86 req-e57a2ea3-4c28-4707-b71b-b35dad483a86 ] Request (AttachInterfacesV270Test:setUpClass): 201 POST http://10.180.1.21/identity/v3/projects 0.061s
2025-11-22 04:00:29.847 66579 INFO tempest.lib.common.rest_client [req-8a27e0e1-87e4-4183-9624-dca1221c96d0 req-8a27e0e1-87e4-4183-9624-dca1221c96d0 ] Request (AttachInterfacesV270Test:setUpClass): 201 POST http://10.180.1.21/identity/v3/users 0.079s
2025-11-22 04:00:29.876 66579 INFO tempest.lib.common.rest_client [req-025d3489-2288-45ff-afca-48f55707b698 req-025d3489-2288-45ff-afca-48f55707b698 ] Request (AttachInterfacesV270Test:setUpClass): 200 GET http://10.180.1.21/identity/v3/roles 0.028s
2025-11-22 04:00:29.886 66523 INFO tempest.lib.common.rest_client [req-8084ae20-1b49-4e66-b3e9-3698ab7ff29a req-8084ae20-1b49-4e66-b3e9-3698ab7ff29a ] Request (QuotasTestJSON:tearDownClass): 204 DELETE http://10.180.1.21/networking/v2.0/security-groups/16cd5c7d-5e2e-4b54-96a9-c24e478ecb52 0.240s
2025-11-22 04:00:29.924 66579 INFO tempest.lib.common.rest_client [req-97726d33-3891-4a55-915f-720595f80d9e req-97726d33-3891-4a55-915f-720595f80d9e ] Request (AttachInterfacesV270Test:setUpClass): 204 PUT http://10.180.1.21/identity/v3/projects/a78b4546d27e4ed0a2bbaaa237089aaa/users/62bd84195aeb4b91b97bf50294d3a4e8/roles/acd5777349bd48e5bffac74adfa2d281 0.047s
2025-11-22 04:00:29.924 66579 INFO tempest.lib.common.dynamic_creds [-] Dynamic test user 62bd84195aeb4b91b97bf50294d3a4e8 is created with scope project and roles: ['member']
2025-11-22 04:00:29.924 66579 INFO tempest.lib.common.dynamic_creds [-] Acquired dynamic creds: credentials: Credentials: {'domain_id': 'default', 'domain_name': 'Default', 'username': 'tempest-AttachInterfacesV270Test-1021311808-project-member', 'project_domain_id': 'default', 'project_domain_name': 'Default', 'project_id': 'a78b4546d27e4ed0a2bbaaa237089aaa', 'project_name': 'tempest-AttachInterfacesV270Test-1021311808', 'tenant_id': 'a78b4546d27e4ed0a2bbaaa237089aaa', 'tenant_name': 'tempest-AttachInterfacesV270Test-1021311808', 'user_domain_id': 'default', 'user_domain_name': 'Default', 'user_id': '62bd84195aeb4b91b97bf50294d3a4e8', 'system': None}, Network: None, Subnet: None, Router: None
2025-11-22 04:00:30.014 66579 INFO tempest.lib.common.rest_client [req-aad777c8-5154-423d-991a-399fa4cf4aa4 req-aad777c8-5154-423d-991a-399fa4cf4aa4 ] Request (AttachInterfacesV270Test:setUpClass): 201 POST http://10.180.1.21/identity/v3/auth/tokens 0.090s
2025-11-22 04:00:30.080 66523 INFO tempest.lib.common.rest_client [req-b6ae7616-aea8-45ea-b32a-103387dfad44 req-b6ae7616-aea8-45ea-b32a-103387dfad44 ] Request (QuotasTestJSON:tearDownClass): 204 DELETE http://10.180.1.21/identity/v3/projects/f3e715be5b0244e4b9962dc77f8d4af2 0.193s
2025-11-22 04:00:30.093 66537 INFO tempest.lib.common.rest_client [req-1c8edb7c-90ed-43f2-9afe-d3e9f33f3d63 req-1c8edb7c-90ed-43f2-9afe-d3e9f33f3d63 ] Request (VolumesAdminNegativeTest:tearDownClass): 204 DELETE http://10.180.1.21/networking/v2.0/networks/fefbdb74-fb59-44c4-b231-5dfc2e571484 0.476s
2025-11-22 04:00:30.146 66559 INFO tempest.lib.common.rest_client [req-acf4433d-d270-42bb-b612-24f1bca8ceac req-acf4433d-d270-42bb-b612-24f1bca8ceac ] Request (MigrationsAdminTest:test_list_migrations_in_flavor_resize_situation): 200 GET http://10.180.1.21/compute/v2.1/servers/6e410dc7-bbec-4a14-891f-0588f1c95069 3.819s
2025-11-22 04:00:30.160 66569 INFO tempest.lib.common.rest_client [req-6fed07b2-fb74-467e-9e9c-d60480e1cd4d req-6fed07b2-fb74-467e-9e9c-d60480e1cd4d ] Request (VolumesAssistedSnapshotsTest:tearDownClass): 200 GET http://10.180.1.21/compute/v2.1/servers/b7eb4e9f-0957-43de-9f8a-a938761025a2 3.781s
2025-11-22 04:00:30.178 66523 INFO tempest.lib.common.rest_client [req-5df46820-e7e1-4bca-b8f1-0553255d8ce6 req-5df46820-e7e1-4bca-b8f1-0553255d8ce6 ] Request (VolumesTestJSON:setUpClass): 201 POST http://10.180.1.21/identity/v3/auth/tokens 0.096s
2025-11-22 04:00:30.228 66543 INFO tempest.lib.common.rest_client [req-980c07e2-b544-4372-a022-8360d123b12e req-980c07e2-b544-4372-a022-8360d123b12e ] Request (ListImageFiltersTestJSON:setUpClass): 200 GET http://10.180.1.21/compute/v2.1/images/efbacba3-af1e-40f3-922c-25c2f31b1960 3.807s
2025-11-22 04:00:30.230 66523 INFO tempest.lib.common.rest_client [req-a310e2de-e4a1-459f-ad7b-b312a9a1e795 req-a310e2de-e4a1-459f-ad7b-b312a9a1e795 ] Request (VolumesTestJSON:setUpClass): 201 POST http://10.180.1.21/identity/v3/auth/tokens 0.046s
2025-11-22 04:00:30.264 66523 INFO tempest.lib.common.rest_client [req-ba367849-6a62-4901-8e37-6d40535a6161 req-ba367849-6a62-4901-8e37-6d40535a6161 ] Request (VolumesTestJSON:setUpClass): 200 GET http://10.180.1.21/identity/v3/domains?name=Default 0.033s
2025-11-22 04:00:30.308 66523 INFO tempest.lib.common.rest_client [req-fa3fc08b-b3c4-4120-b397-5433e239caf9 req-fa3fc08b-b3c4-4120-b397-5433e239caf9 ] Request (VolumesTestJSON:setUpClass): 201 POST http://10.180.1.21/identity/v3/projects 0.044s
2025-11-22 04:00:30.333 66549 INFO tempest.lib.common.rest_client [req-bbd0f362-676d-469c-bc4d-b1a32ef46ee6 req-bbd0f362-676d-469c-bc4d-b1a32ef46ee6 ] Request (AZAdminNegativeTestJSON:tearDownClass): 200 GET http://10.180.1.21/networking/v2.0/security-groups?tenant_id=fb060938e6f648699bea717ebd2529e8&name=default 0.629s
2025-11-22 04:00:30.388 66523 INFO tempest.lib.common.rest_client [req-55ce6d5e-09c4-4fa1-a9f0-29b9875ff065 req-55ce6d5e-09c4-4fa1-a9f0-29b9875ff065 ] Request (VolumesTestJSON:setUpClass): 201 POST http://10.180.1.21/identity/v3/users 0.079s
2025-11-22 04:00:30.415 66523 INFO tempest.lib.common.rest_client [req-31cc682b-3bcf-4f3c-b8b0-9e9a1a3202c5 req-31cc682b-3bcf-4f3c-b8b0-9e9a1a3202c5 ] Request (VolumesTestJSON:setUpClass): 200 GET http://10.180.1.21/identity/v3/roles 0.027s
2025-11-22 04:00:30.453 66523 INFO tempest.lib.common.rest_client [req-26fb88c8-b68f-4be8-b30a-ee6f37803729 req-26fb88c8-b68f-4be8-b30a-ee6f37803729 ] Request (VolumesTestJSON:setUpClass): 204 PUT http://10.180.1.21/identity/v3/projects/ce05a92d36da4c9a8945c82c3a7286c4/users/3b4bae41ee0e47648b68ca2010210d97/roles/acd5777349bd48e5bffac74adfa2d281 0.037s
2025-11-22 04:00:30.453 66523 INFO tempest.lib.common.dynamic_creds [-] Dynamic test user 3b4bae41ee0e47648b68ca2010210d97 is created with scope project and roles: ['member']
2025-11-22 04:00:30.453 66523 INFO tempest.lib.common.dynamic_creds [-] Acquired dynamic creds: credentials: Credentials: {'domain_id': 'default', 'domain_name': 'Default', 'username': 'tempest-VolumesTestJSON-1925409325-project-member', 'project_domain_id': 'default', 'project_domain_name': 'Default', 'project_id': 'ce05a92d36da4c9a8945c82c3a7286c4', 'project_name': 'tempest-VolumesTestJSON-1925409325', 'tenant_id': 'ce05a92d36da4c9a8945c82c3a7286c4', 'tenant_name': 'tempest-VolumesTestJSON-1925409325', 'user_domain_id': 'default', 'user_domain_name': 'Default', 'user_id': '3b4bae41ee0e47648b68ca2010210d97', 'system': None}, Network: None, Subnet: None, Router: None
2025-11-22 04:00:30.453 66523 INFO tempest.lib.common.dynamic_creds [-] Created isolated network resources for: credentials: Credentials: {'domain_id': 'default', 'domain_name': 'Default', 'username': 'tempest-VolumesTestJSON-1925409325-project-member', 'project_domain_id': 'default', 'project_domain_name': 'Default', 'project_id': 'ce05a92d36da4c9a8945c82c3a7286c4', 'project_name': 'tempest-VolumesTestJSON-1925409325', 'tenant_id': 'ce05a92d36da4c9a8945c82c3a7286c4', 'tenant_name': 'tempest-VolumesTestJSON-1925409325', 'user_domain_id': 'default', 'user_domain_name': 'Default', 'user_id': '3b4bae41ee0e47648b68ca2010210d97', 'system': None}, Network: None, Subnet: None, Router: None
2025-11-22 04:00:30.572 66523 INFO tempest.lib.common.rest_client [req-87486e83-658b-4426-9dbc-d4708afe86d1 req-87486e83-658b-4426-9dbc-d4708afe86d1 ] Request (VolumesTestJSON:setUpClass): 201 POST http://10.180.1.21/identity/v3/auth/tokens 0.112s
2025-11-22 04:00:30.682 66579 INFO tempest.lib.common.rest_client [req-dfd596a4-31bd-4225-bcf6-9ec304a0adcb req-dfd596a4-31bd-4225-bcf6-9ec304a0adcb ] Request (AttachInterfacesV270Test:setUpClass): 201 POST http://10.180.1.21/networking/v2.0/networks 0.667s
2025-11-22 04:00:30.716 66555 INFO tempest.lib.common.rest_client [req-da095e52-e5bd-4ecd-8e56-ebfbad57bd45 req-da095e52-e5bd-4ecd-8e56-ebfbad57bd45 ] Request (InstanceActionsV221TestJSON:test_get_list_deleted_instance_actions): 200 GET http://10.180.1.21/compute/v2.1/servers/f54a720a-9e5d-4ae7-875c-373099c43dec 4.314s
2025-11-22 04:00:30.733 66521 INFO tempest.lib.common.rest_client [req-3bcf633a-3e11-49f8-8ec3-47ffd6558bfc req-3bcf633a-3e11-49f8-8ec3-47ffd6558bfc ] Request (ServersListShow2100Test:test_list_show_rebuild_update_server_2100): 200 GET http://10.180.1.21/compute/v2.1/servers/2450464a-6a96-4a9d-aca1-38fa49edd880 4.233s
2025-11-22 04:00:30.776 66547 INFO tempest.lib.common.rest_client [req-33e2e384-815b-48b6-9ec1-d830ec82592d req-33e2e384-815b-48b6-9ec1-d830ec82592d ] Request (MultipleCreateTestJSON:_run_cleanups): 404 GET http://10.180.1.21/compute/v2.1/servers/3b0ea3cf-ebc7-4384-9cde-1fcf6e606db9 4.200s
2025-11-22 04:00:30.871 66549 INFO tempest.lib.common.rest_client [req-65056237-6e8c-43fa-af62-f77b8576fccb req-65056237-6e8c-43fa-af62-f77b8576fccb ] Request (AZAdminNegativeTestJSON:tearDownClass): 204 DELETE http://10.180.1.21/networking/v2.0/security-groups/9c3a5904-090b-4e17-8201-20908e39eaa7 0.537s
2025-11-22 04:00:30.924 66547 INFO tempest.lib.common.rest_client [req-c25589a5-fc39-4ce8-a522-8c5fd68470cc req-c25589a5-fc39-4ce8-a522-8c5fd68470cc ] Request (MultipleCreateTestJSON:test_multiple_create_with_reservation_return): 201 POST http://10.180.1.21/identity/v3/auth/tokens 0.142s
2025-11-22 04:00:30.924 66547 INFO tempest.lib.common.fixed_network [-] (MultipleCreateTestJSON:test_multiple_create_with_reservation_return) Found network {'id': '8b7b4f40-a140-419e-9930-6259ba34eac6', 'name': 'tempest-MultipleCreateTestJSON-1429545076-network', 'tenant_id': 'e05c2db2dd504cb2bbaace58fd716033', 'project_id': 'e05c2db2dd504cb2bbaace58fd716033', 'admin_state_up': True, 'mtu': 8950, 'status': 'ACTIVE', 'subnets': [], 'shared': False, 'port_security_enabled': True, 'router:external': False, 'provider:network_type': 'vlan', 'provider:physical_network': 'default', 'provider:segmentation_id': 311, 'availability_zone_hints': [], 'availability_zones': [], 'ipv4_address_scope': None, 'ipv6_address_scope': None, 'description': '', 'tags': [], 'created_at': '2025-11-22T03:59:16Z', 'updated_at': '2025-11-22T03:59:16Z', 'revision_number': 1} available for tenant
2025-11-22 04:00:31.035 66549 INFO tempest.lib.common.rest_client [req-590fcac3-6fd4-4f7c-a9fa-b54ad4340828 req-590fcac3-6fd4-4f7c-a9fa-b54ad4340828 ] Request (AZAdminNegativeTestJSON:tearDownClass): 204 DELETE http://10.180.1.21/identity/v3/projects/fb060938e6f648699bea717ebd2529e8 0.164s
2025-11-22 04:00:31.036 66549 INFO tempest.lib.common.dynamic_creds [-] Deleting project and security group for project: cfd6a12327324b9f85118dfd48a8fa77
2025-11-22 04:00:31.061 66583 WARNING tempest.lib.common.ssh [-] Failed to establish authenticated ssh connection to cirros@10.180.180.253 ([Errno None] Unable to connect to port 22 on 10.180.180.253). Number attempts: 8. Retry after 9 seconds.: paramiko.ssh_exception.NoValidConnectionsError: [Errno None] Unable to connect to port 22 on 10.180.180.253
2025-11-22 04:00:31.161 66523 INFO tempest.lib.common.rest_client [req-c7dd41dc-2f85-4e03-97d5-ea0549790a1e req-c7dd41dc-2f85-4e03-97d5-ea0549790a1e ] Request (VolumesTestJSON:setUpClass): 202 POST http://10.180.1.21/volume/v3/volumes 0.587s
2025-11-22 04:00:31.195 66523 INFO tempest.lib.common.rest_client [req-c4fef525-6025-4eb5-87dd-1dd28600fd79 req-c4fef525-6025-4eb5-87dd-1dd28600fd79 ] Request (VolumesTestJSON:setUpClass): 200 GET http://10.180.1.21/volume/v3/volumes/a25961b4-bf49-4cf6-add5-effe38337d34 0.027s
2025-11-22 04:00:31.517 66537 INFO tempest.lib.common.rest_client [req-0a201a62-ab4e-48c1-ae74-2cefaf4b6318 req-0a201a62-ab4e-48c1-ae74-2cefaf4b6318 ] Request (VolumesAdminNegativeTest:tearDownClass): 200 PUT http://10.180.1.21/networking/v2.0/routers/dcaa7faf-a5fb-4854-88f7-549340d72e0c/remove_router_interface 1.423s
2025-11-22 04:00:31.706 66579 INFO tempest.lib.common.rest_client [req-443fc386-d50c-4984-9888-b6369db008d6 req-443fc386-d50c-4984-9888-b6369db008d6 ] Request (AttachInterfacesV270Test:setUpClass): 201 POST http://10.180.1.21/networking/v2.0/subnets 1.023s
2025-11-22 04:00:32.049 66549 INFO tempest.lib.common.rest_client [req-2a927e13-cd49-4aa8-a636-c91678ff6585 req-2a927e13-cd49-4aa8-a636-c91678ff6585 ] Request (AZAdminNegativeTestJSON:tearDownClass): 200 GET http://10.180.1.21/networking/v2.0/security-groups?tenant_id=cfd6a12327324b9f85118dfd48a8fa77&name=default 1.012s
2025-11-22 04:00:32.235 66523 INFO tempest.lib.common.rest_client [req-7892592a-041b-40a6-8124-efee2cd485e6 req-7892592a-041b-40a6-8124-efee2cd485e6 ] Request (VolumesTestJSON:setUpClass): 200 GET http://10.180.1.21/volume/v3/volumes/a25961b4-bf49-4cf6-add5-effe38337d34 0.031s
2025-11-22 04:00:32.243 66523 INFO tempest.common.waiters [-] volume a25961b4-bf49-4cf6-add5-effe38337d34 reached available after waiting for 1.243283 seconds
2025-11-22 04:00:32.461 66537 INFO tempest.lib.common.rest_client [req-dd2f451c-567c-4bcc-8a2e-db9cacef0b50 req-dd2f451c-567c-4bcc-8a2e-db9cacef0b50 ] Request (VolumesAdminNegativeTest:tearDownClass): 204 DELETE http://10.180.1.21/networking/v2.0/routers/dcaa7faf-a5fb-4854-88f7-549340d72e0c 0.943s
2025-11-22 04:00:32.653 66573 INFO tempest.lib.common.rest_client [req-3ea402be-c5bc-49f0-ac86-e83513542c61 req-3ea402be-c5bc-49f0-ac86-e83513542c61 ] Request (ServerActionsTestOtherB:test_create_backup): 200 GET http://10.180.1.21/compute/v2.1/servers/61409d2c-bff9-489b-9f26-bed96b20ba25 6.141s
2025-11-22 04:00:32.662 66573 INFO tempest.common.waiters [-] State transition "ACTIVE/image_backup" ==> "ACTIVE/image_uploading" after 7 second wait
2025-11-22 04:00:32.682 66533 INFO tempest.lib.common.rest_client [req-cf178b83-34e6-4bb9-a310-733e1f00beba req-cf178b83-34e6-4bb9-a310-733e1f00beba ] Request (FloatingIPsAssociationTestJSON:test_associate_already_associated_floating_ip): 200 GET http://10.180.1.21/compute/v2.1/servers/a5f38726-a400-4b44-a069-f3514bfbaf28 5.773s
2025-11-22 04:00:32.699 66533 INFO tempest.common.waiters [-] State transition "BUILD/spawning" ==> "ACTIVE/None" after 37 second wait
2025-11-22 04:00:32.849 66549 INFO tempest.lib.common.rest_client [req-766d6fd5-8f96-49a6-9250-fef1c8860bdf req-766d6fd5-8f96-49a6-9250-fef1c8860bdf ] Request (AZAdminNegativeTestJSON:tearDownClass): 204 DELETE http://10.180.1.21/networking/v2.0/security-groups/3f02a62e-f03d-4a5d-9972-5a9c1230fd53 0.800s
2025-11-22 04:00:32.873 66551 INFO tempest.lib.common.rest_client [req-fe2a7862-c9b0-4f54-8072-70eeb9d86499 req-fe2a7862-c9b0-4f54-8072-70eeb9d86499 ] Request (FlavorsExtraSpecsTestJSON:test_flavor_non_admin_get_all_keys): 200 GET http://10.180.1.21/compute/v2.1/flavors/1097786704/os-extra_specs 5.023s
2025-11-22 04:00:32.971 66549 INFO tempest.lib.common.rest_client [req-a0fc4ee6-9011-42b8-a809-603d7d5251f4 req-a0fc4ee6-9011-42b8-a809-603d7d5251f4 ] Request (AZAdminNegativeTestJSON:tearDownClass): 204 DELETE http://10.180.1.21/identity/v3/projects/cfd6a12327324b9f85118dfd48a8fa77 0.122s
2025-11-22 04:00:33.058 66537 INFO tempest.lib.common.rest_client [req-8578cf2f-6b3d-4923-93a0-f4fa6c304f9d req-8578cf2f-6b3d-4923-93a0-f4fa6c304f9d ] Request (VolumesAdminNegativeTest:tearDownClass): 204 DELETE http://10.180.1.21/networking/v2.0/subnets/8797f2d6-8bd9-4a29-90fc-496f299d944b 0.597s
2025-11-22 04:00:33.063 66549 INFO tempest.lib.common.rest_client [req-3c821b5f-4e41-4638-bd9c-1ca3710cc943 req-3c821b5f-4e41-4638-bd9c-1ca3710cc943 ] Request (FloatingIPsTestJSON:setUpClass): 201 POST http://10.180.1.21/identity/v3/auth/tokens 0.089s
2025-11-22 04:00:33.097 66549 INFO tempest.lib.common.rest_client [req-e0238dbd-9967-4ac5-8cc4-3d482d8e38e2 req-e0238dbd-9967-4ac5-8cc4-3d482d8e38e2 ] Request (FloatingIPsTestJSON:setUpClass): 201 POST http://10.180.1.21/identity/v3/auth/tokens 0.032s
2025-11-22 04:00:33.127 66549 INFO tempest.lib.common.rest_client [req-f22fa42b-b463-4a36-afb8-18cb4f573109 req-f22fa42b-b463-4a36-afb8-18cb4f573109 ] Request (FloatingIPsTestJSON:setUpClass): 200 GET http://10.180.1.21/identity/v3/domains?name=Default 0.030s
2025-11-22 04:00:33.159 66549 INFO tempest.lib.common.rest_client [req-5b59d9fd-9b1f-4f45-9b61-73cf0f4300a1 req-5b59d9fd-9b1f-4f45-9b61-73cf0f4300a1 ] Request (FloatingIPsTestJSON:setUpClass): 201 POST http://10.180.1.21/identity/v3/projects 0.031s
2025-11-22 04:00:33.237 66549 INFO tempest.lib.common.rest_client [req-a4eceeb1-0c91-476a-ab0b-4e00c6fe5229 req-a4eceeb1-0c91-476a-ab0b-4e00c6fe5229 ] Request (FloatingIPsTestJSON:setUpClass): 201 POST http://10.180.1.21/identity/v3/users 0.077s
2025-11-22 04:00:33.261 66549 INFO tempest.lib.common.rest_client [req-c85f9004-d9fb-475f-863b-649eedcefa1a req-c85f9004-d9fb-475f-863b-649eedcefa1a ] Request (FloatingIPsTestJSON:setUpClass): 200 GET http://10.180.1.21/identity/v3/roles 0.024s
2025-11-22 04:00:33.289 66549 INFO tempest.lib.common.rest_client [req-f0e19c1d-c9a3-4550-88e7-3e1dd34b73e9 req-f0e19c1d-c9a3-4550-88e7-3e1dd34b73e9 ] Request (FloatingIPsTestJSON:setUpClass): 204 PUT http://10.180.1.21/identity/v3/projects/fd63b0b246be423c970a8f120a7cf0b4/users/e600a037cd3e47abaeba54d2ab70a315/roles/acd5777349bd48e5bffac74adfa2d281 0.027s
2025-11-22 04:00:33.289 66549 INFO tempest.lib.common.dynamic_creds [-] Dynamic test user e600a037cd3e47abaeba54d2ab70a315 is created with scope project and roles: ['member']
2025-11-22 04:00:33.290 66549 INFO tempest.lib.common.dynamic_creds [-] Acquired dynamic creds: credentials: Credentials: {'domain_id': 'default', 'domain_name': 'Default', 'username': 'tempest-FloatingIPsTestJSON-1784413329-project-member', 'project_domain_id': 'default', 'project_domain_name': 'Default', 'project_id': 'fd63b0b246be423c970a8f120a7cf0b4', 'project_name': 'tempest-FloatingIPsTestJSON-1784413329', 'tenant_id': 'fd63b0b246be423c970a8f120a7cf0b4', 'tenant_name': 'tempest-FloatingIPsTestJSON-1784413329', 'user_domain_id': 'default', 'user_domain_name': 'Default', 'user_id': 'e600a037cd3e47abaeba54d2ab70a315', 'system': None}, Network: None, Subnet: None, Router: None
2025-11-22 04:00:33.371 66549 INFO tempest.lib.common.rest_client [req-5d20d22c-940d-428a-943d-9769557cff4d req-5d20d22c-940d-428a-943d-9769557cff4d ] Request (FloatingIPsTestJSON:setUpClass): 201 POST http://10.180.1.21/identity/v3/auth/tokens 0.080s
2025-11-22 04:00:33.496 66579 INFO tempest.lib.common.rest_client [req-e81bee57-8755-42fe-ab34-191c58f7c609 req-e81bee57-8755-42fe-ab34-191c58f7c609 ] Request (AttachInterfacesV270Test:setUpClass): 201 POST http://10.180.1.21/networking/v2.0/routers 1.788s
2025-11-22 04:00:33.519 66565 INFO tempest.lib.common.rest_client [req-289ed8d8-3bd1-4018-9124-3f447fd59b08 req-289ed8d8-3bd1-4018-9124-3f447fd59b08 ] Request (AttachInterfacesUnderV243Test:_run_cleanups): 200 GET http://10.180.1.21/compute/v2.1/servers/758bf357-2efb-46de-81a6-686f610c9003 5.401s
2025-11-22 04:00:33.526 66565 INFO tempest.common.waiters [-] State transition "ACTIVE/deleting" ==> "DELETED/None" after 6 second wait
2025-11-22 04:00:33.737 66557 WARNING tempest.lib.common.ssh [-] Failed to establish authenticated ssh connection to cirros@10.180.180.227 ([Errno None] Unable to connect to port 22 on 10.180.180.227). Number attempts: 5. Retry after 6 seconds.: paramiko.ssh_exception.NoValidConnectionsError: [Errno None] Unable to connect to port 22 on 10.180.180.227
2025-11-22 04:00:33.911 66549 INFO tempest.lib.common.rest_client [req-9d360ee8-75f7-4537-8250-94fb5f4a2c25 req-9d360ee8-75f7-4537-8250-94fb5f4a2c25 ] Request (FloatingIPsTestJSON:setUpClass): 201 POST http://10.180.1.21/networking/v2.0/networks 0.540s
2025-11-22 04:00:33.913 66537 INFO tempest.lib.common.rest_client [req-45ad6c08-d64e-4ef9-bc08-348119d738d5 req-45ad6c08-d64e-4ef9-bc08-348119d738d5 ] Request (VolumesAdminNegativeTest:tearDownClass): 204 DELETE http://10.180.1.21/networking/v2.0/networks/8d4d2416-c243-483f-923b-16ed589561e7 0.855s
2025-11-22 04:00:34.048 66537 INFO tempest.lib.common.rest_client [req-d366b54a-1072-4811-a26b-30d476a31468 req-d366b54a-1072-4811-a26b-30d476a31468 ] Request (VolumesAdminNegativeTest:tearDownClass): 204 DELETE http://10.180.1.21/identity/v3/users/fdbd2e8a2246437c8138ab6fca83c883 0.133s
2025-11-22 04:00:34.190 66537 INFO tempest.lib.common.rest_client [req-0fe7b588-dd7c-4881-a7dc-f4521a734371 req-0fe7b588-dd7c-4881-a7dc-f4521a734371 ] Request (VolumesAdminNegativeTest:tearDownClass): 204 DELETE http://10.180.1.21/identity/v3/users/683129fefdb84addbd66b3aff784f677 0.142s
2025-11-22 04:00:34.334 66537 INFO tempest.lib.common.rest_client [req-b548540c-9e81-4e34-aa1f-a8e80df18306 req-b548540c-9e81-4e34-aa1f-a8e80df18306 ] Request (VolumesAdminNegativeTest:tearDownClass): 204 DELETE http://10.180.1.21/identity/v3/users/23c4a7851dd54f5a9b713db43890580b 0.143s
2025-11-22 04:00:34.334 66537 INFO tempest.lib.common.dynamic_creds [-] Deleting project and security group for project: e6378f078dfd48c1af54b16ffa3be7d6
2025-11-22 04:00:34.900 66579 INFO tempest.lib.common.rest_client [req-ed60124b-0e43-4ba8-87ab-f783ffce0260 req-ed60124b-0e43-4ba8-87ab-f783ffce0260 ] Request (AttachInterfacesV270Test:setUpClass): 200 PUT http://10.180.1.21/networking/v2.0/routers/58055856-2118-444d-b3c2-c7a38d48f96b/add_router_interface 1.403s
2025-11-22 04:00:34.900 66579 INFO tempest.lib.common.dynamic_creds [-] Created isolated network resources for: credentials: Credentials: {'domain_id': 'default', 'domain_name': 'Default', 'username': 'tempest-AttachInterfacesV270Test-1021311808-project-member', 'project_domain_id': 'default', 'project_domain_name': 'Default', 'project_id': 'a78b4546d27e4ed0a2bbaaa237089aaa', 'project_name': 'tempest-AttachInterfacesV270Test-1021311808', 'tenant_id': 'a78b4546d27e4ed0a2bbaaa237089aaa', 'tenant_name': 'tempest-AttachInterfacesV270Test-1021311808', 'user_domain_id': 'default', 'user_domain_name': 'Default', 'user_id': '62bd84195aeb4b91b97bf50294d3a4e8', 'system': None}, Network: {'id': 'c311a02e-2fad-42b0-93d3-1b42448d02df', 'name': 'tempest-AttachInterfacesV270Test-861860146-network', 'tenant_id': 'a78b4546d27e4ed0a2bbaaa237089aaa', 'project_id': 'a78b4546d27e4ed0a2bbaaa237089aaa', 'admin_state_up': True, 'mtu': 8950, 'status': 'ACTIVE', 'subnets': [], 'shared': False, 'port_security_enabled': True, 'router:external': False, 'provider:network_type': 'vlan', 'provider:physical_network': 'default', 'provider:segmentation_id': 850, 'availability_zone_hints': [], 'availability_zones': [], 'ipv4_address_scope': None, 'ipv6_address_scope': None, 'description': '', 'tags': [], 'created_at': '2025-11-22T04:00:30Z', 'updated_at': '2025-11-22T04:00:30Z', 'revision_number': 1}, Subnet: {'id': 'e799243f-4cb5-458b-b198-0f0239af4f49', 'name': 'tempest-AttachInterfacesV270Test-861860146-subnet', 'tenant_id': 'a78b4546d27e4ed0a2bbaaa237089aaa', 'network_id': 'c311a02e-2fad-42b0-93d3-1b42448d02df', 'ip_version': 4, 'subnetpool_id': None, 'enable_dhcp': True, 'ipv6_ra_mode': None, 'ipv6_address_mode': None, 'gateway_ip': '192.168.128.1', 'cidr': '192.168.128.0/28', 'allocation_pools': [{'start': '192.168.128.2', 'end': '192.168.128.14'}], 'host_routes': [], 'dns_nameservers': [], 'description': '', 'router:external': False, 'service_types': [], 'tags': [], 'created_at': '2025-11-22T04:00:31Z', 'updated_at': '2025-11-22T04:00:31Z', 'revision_number': 0, 'project_id': 'a78b4546d27e4ed0a2bbaaa237089aaa'}, Router: {'id': '58055856-2118-444d-b3c2-c7a38d48f96b', 'name': 'tempest-AttachInterfacesV270Test-861860146-router', 'tenant_id': 'a78b4546d27e4ed0a2bbaaa237089aaa', 'admin_state_up': True, 'status': 'ACTIVE', 'external_gateway_info': {'network_id': 'ed3249cc-0a43-4de1-a5f5-4940d9c74af3', 'external_fixed_ips': [{'subnet_id': 'f83f4751-8aab-4337-b7b9-f3c70d626b23', 'ip_address': '10.180.180.155'}], 'enable_snat': True}, 'description': '', 'availability_zones': [], 'distributed': False, 'ha': False, 'availability_zone_hints': [], 'routes': [], 'flavor_id': None, 'tags': [], 'created_at': '2025-11-22T04:00:32Z', 'updated_at': '2025-11-22T04:00:33Z', 'revision_number': 2, 'project_id': 'a78b4546d27e4ed0a2bbaaa237089aaa'}
2025-11-22 04:00:34.948 66577 INFO tempest.lib.common.rest_client [req-a8a5024a-dcf4-4d51-8b69-6f2d973e6074 req-a8a5024a-dcf4-4d51-8b69-6f2d973e6074 ] Request (ServersAdminTestJSON:test_list_servers_by_admin_with_all_tenants): 200 GET http://10.180.1.21/compute/v2.1/servers/detail?all_tenants= 7.120s
2025-11-22 04:00:34.981 66577 WARNING tempest.lib.common.rest_client [-] Deprecated: "tenant_id" property is deprecated for removal, use "project_id" instead
2025-11-22 04:00:35.003 66581 INFO tempest.lib.common.rest_client [req-47fac31c-23ff-4f90-b17d-724712b36b20 req-47fac31c-23ff-4f90-b17d-724712b36b20 ] Request (ImagesOneServerNegativeTestJSON:_run_cleanups): 200 GET http://10.180.1.21/compute/v2.1/servers/63de16b7-8dc2-4a33-9107-9c3dc44c10f0 6.645s
2025-11-22 04:00:35.013 66579 INFO tempest.lib.common.rest_client [req-ce4084f1-52c4-47cc-8e49-89ef3de5ea46 req-ce4084f1-52c4-47cc-8e49-89ef3de5ea46 ] Request (AttachInterfacesV270Test:setUpClass): 201 POST http://10.180.1.21/identity/v3/auth/tokens 0.109s
2025-11-22 04:00:35.070 66579 INFO tempest.lib.common.rest_client [req-dc1a22cc-f685-4f14-956f-b17ff5dc0432 req-dc1a22cc-f685-4f14-956f-b17ff5dc0432 ] Request (AttachInterfacesV270Test:test_create_get_list_interfaces): 201 POST http://10.180.1.21/identity/v3/auth/tokens 0.043s
2025-11-22 04:00:35.071 66579 INFO tempest.lib.common.fixed_network [-] (AttachInterfacesV270Test:test_create_get_list_interfaces) Found network {'id': 'c311a02e-2fad-42b0-93d3-1b42448d02df', 'name': 'tempest-AttachInterfacesV270Test-861860146-network', 'tenant_id': 'a78b4546d27e4ed0a2bbaaa237089aaa', 'project_id': 'a78b4546d27e4ed0a2bbaaa237089aaa', 'admin_state_up': True, 'mtu': 8950, 'status': 'ACTIVE', 'subnets': [], 'shared': False, 'port_security_enabled': True, 'router:external': False, 'provider:network_type': 'vlan', 'provider:physical_network': 'default', 'provider:segmentation_id': 850, 'availability_zone_hints': [], 'availability_zones': [], 'ipv4_address_scope': None, 'ipv6_address_scope': None, 'description': '', 'tags': [], 'created_at': '2025-11-22T04:00:30Z', 'updated_at': '2025-11-22T04:00:30Z', 'revision_number': 1} available for tenant
2025-11-22 04:00:35.221 66549 INFO tempest.lib.common.rest_client [req-df54ea14-b141-4dd2-b88a-d5336fc1e4b3 req-df54ea14-b141-4dd2-b88a-d5336fc1e4b3 ] Request (FloatingIPsTestJSON:setUpClass): 201 POST http://10.180.1.21/networking/v2.0/subnets 1.309s
2025-11-22 04:00:35.248 66537 INFO tempest.lib.common.rest_client [req-20089fcc-9540-4886-a454-1e375f959060 req-20089fcc-9540-4886-a454-1e375f959060 ] Request (VolumesAdminNegativeTest:tearDownClass): 200 GET http://10.180.1.21/networking/v2.0/security-groups?tenant_id=e6378f078dfd48c1af54b16ffa3be7d6&name=default 0.913s
2025-11-22 04:00:35.287 66571 INFO tempest.lib.common.rest_client [req-383be705-9d64-4fcc-a72e-2ccd46b856f5 req-383be705-9d64-4fcc-a72e-2ccd46b856f5 ] Request (ServersAdminNegativeTestJSON:setUpClass): 200 GET http://10.180.1.21/compute/v2.1/servers/b7569349-f04f-40dc-a926-49bfbc4c8df4 6.924s
2025-11-22 04:00:35.690 66537 INFO tempest.lib.common.rest_client [req-78069af0-18ce-4961-9573-0ac40b940a86 req-78069af0-18ce-4961-9573-0ac40b940a86 ] Request (VolumesAdminNegativeTest:tearDownClass): 204 DELETE http://10.180.1.21/networking/v2.0/security-groups/3aae861b-ce22-4c4b-8577-5f59553a86ad 0.442s
2025-11-22 04:00:35.734 66575 INFO tempest.lib.common.rest_client [req-c4f2043c-0c6c-464d-aef3-a3af7cfdea47 req-c4f2043c-0c6c-464d-aef3-a3af7cfdea47 ] Request (SecurityGroupsNegativeTestJSON:test_security_group_get_nonexistent_group): 404 GET http://10.180.1.21/compute/v2.1/os-security-groups/cf7ecc74-799f-4edd-86dd-055eaad5a545 6.676s
2025-11-22 04:00:35.762 66531 INFO tempest.lib.common.rest_client [req-9b50d328-a8c8-4c33-af37-731ef1a747ef req-9b50d328-a8c8-4c33-af37-731ef1a747ef ] Request (DeleteServersTestJSON:test_delete_active_server): 404 GET http://10.180.1.21/compute/v2.1/servers/a3434930-3c1f-4934-a408-eff15470e1ae 6.008s
2025-11-22 04:00:35.782 66546 INFO tempest.lib.common.rest_client [req-26fe8cf6-d69d-415d-9913-9b1b4dc761b8 req-26fe8cf6-d69d-415d-9913-9b1b4dc761b8 ] Request (AttachVolumeShelveTestJSON:test_attach_volume_shelved_or_offload_server): 200 GET http://10.180.1.21/compute/v2.1/servers/c3aada99-abd5-4ed7-8591-85cdffec2265 7.063s
2025-11-22 04:00:35.797 66546 INFO tempest.common.waiters [-] State transition "BUILD/None" ==> "BUILD/spawning" after 23 second wait
2025-11-22 04:00:35.851 66531 INFO tempest.lib.common.rest_client [req-af8cf72a-d902-4eee-a37b-b2221f30f365 req-af8cf72a-d902-4eee-a37b-b2221f30f365 ] Request (DeleteServersTestJSON:test_delete_server_while_in_attached_volume): 201 POST http://10.180.1.21/identity/v3/auth/tokens 0.081s
2025-11-22 04:00:35.851 66531 INFO tempest.lib.common.fixed_network [-] (DeleteServersTestJSON:test_delete_server_while_in_attached_volume) Found network {'id': 'ac0a58ff-871b-4fe1-b543-e294c6a9040e', 'name': 'tempest-DeleteServersTestJSON-1851135765-network', 'tenant_id': '35eb2685d0364d6ca11ebf642ede9331', 'project_id': '35eb2685d0364d6ca11ebf642ede9331', 'admin_state_up': True, 'mtu': 8950, 'status': 'ACTIVE', 'subnets': [], 'shared': False, 'port_security_enabled': True, 'router:external': False, 'provider:network_type': 'vlan', 'provider:physical_network': 'default', 'provider:segmentation_id': 436, 'availability_zone_hints': [], 'availability_zones': [], 'ipv4_address_scope': None, 'ipv6_address_scope': None, 'description': '', 'tags': [], 'created_at': '2025-11-22T03:59:25Z', 'updated_at': '2025-11-22T03:59:25Z', 'revision_number': 1} available for tenant
2025-11-22 04:00:35.872 66537 INFO tempest.lib.common.rest_client [req-c17aee43-c4db-4f57-a5d8-41f9b4987f07 req-c17aee43-c4db-4f57-a5d8-41f9b4987f07 ] Request (VolumesAdminNegativeTest:tearDownClass): 204 DELETE http://10.180.1.21/identity/v3/projects/e6378f078dfd48c1af54b16ffa3be7d6 0.182s
2025-11-22 04:00:35.873 66537 INFO tempest.lib.common.dynamic_creds [-] Deleting project and security group for project: f6e58f92d86246a68a55c52ace09b5ee
2025-11-22 04:00:36.005 66537 INFO tempest.lib.common.rest_client [req-656be80a-9c17-46f7-8a9c-9862feaab81d req-656be80a-9c17-46f7-8a9c-9862feaab81d ] Request (VolumesAdminNegativeTest:tearDownClass): 200 GET http://10.180.1.21/networking/v2.0/security-groups?tenant_id=f6e58f92d86246a68a55c52ace09b5ee&name=default 0.132s
2025-11-22 04:00:36.085 66563 INFO tempest.lib.common.rest_client [req-4fc8e063-9bf1-4183-9fd9-ce836531567d req-4fc8e063-9bf1-4183-9fd9-ce836531567d ] Request (ServerActionsTestJSON:setUpClass): 200 GET http://10.180.1.21/compute/v2.1/servers/8d5b92ba-4ccc-47e5-830e-517eab4c4ed0 6.277s
2025-11-22 04:00:36.094 66563 INFO tempest.common.waiters [-] State transition "BUILD/spawning" ==> "ACTIVE/None" after 37 second wait
2025-11-22 04:00:36.164 66549 INFO tempest.lib.common.rest_client [req-af17e7b5-f3f2-480d-97b1-e97d4af100a3 req-af17e7b5-f3f2-480d-97b1-e97d4af100a3 ] Request (FloatingIPsTestJSON:setUpClass): 201 POST http://10.180.1.21/networking/v2.0/routers 0.942s
2025-11-22 04:00:36.178 66537 INFO tempest.lib.common.rest_client [req-6bf32c1e-1819-4615-bbe9-71cc547ab189 req-6bf32c1e-1819-4615-bbe9-71cc547ab189 ] Request (VolumesAdminNegativeTest:tearDownClass): 204 DELETE http://10.180.1.21/networking/v2.0/security-groups/9ae350d5-9f5f-4eb2-86ba-7e1eabab3ae4 0.172s
2025-11-22 04:00:36.265 66539 INFO tempest.lib.common.rest_client [req-d1f9f170-97c8-4340-8799-28cb4336f7c5 req-d1f9f170-97c8-4340-8799-28cb4336f7c5 ] Request (ListServersNegativeTestJSON:setUpClass): 200 GET http://10.180.1.21/compute/v2.1/servers/09025781-ef8d-4894-a7b3-5da058a34d19 6.025s
2025-11-22 04:00:36.278 66539 INFO tempest.common.waiters [-] State transition "BUILD/None" ==> "BUILD/spawning" after 19 second wait
2025-11-22 04:00:36.298 66537 INFO tempest.lib.common.rest_client [req-4b547cdd-7cf6-4897-8605-399b0f900aa6 req-4b547cdd-7cf6-4897-8605-399b0f900aa6 ] Request (VolumesAdminNegativeTest:tearDownClass): 204 DELETE http://10.180.1.21/identity/v3/projects/f6e58f92d86246a68a55c52ace09b5ee 0.119s
2025-11-22 04:00:36.298 66537 INFO tempest.lib.common.dynamic_creds [-] Deleting project and security group for project: d828399c3adb4ed58a7224a2900cd46b
2025-11-22 04:00:36.330 66537 INFO tempest.lib.common.rest_client [req-7d77ff27-0128-428c-9422-6d6feb109b5a req-7d77ff27-0128-428c-9422-6d6feb109b5a ] Request (VolumesAdminNegativeTest:tearDownClass): 200 GET http://10.180.1.21/networking/v2.0/security-groups?tenant_id=d828399c3adb4ed58a7224a2900cd46b&name=default 0.031s
2025-11-22 04:00:36.354 66541 INFO tempest.lib.common.rest_client [req-3f1dbd44-c413-4542-a129-e3c3289b50fa req-3f1dbd44-c413-4542-a129-e3c3289b50fa ] Request (ServerShowV254Test:test_rebuild_server): 200 GET http://10.180.1.21/compute/v2.1/servers/a090d2e2-a6b5-4e8b-91b1-a94b8fd30e9d 6.094s
2025-11-22 04:00:36.416 66537 INFO tempest.lib.common.rest_client [req-a083e2f0-b605-4014-b163-041527d2a399 req-a083e2f0-b605-4014-b163-041527d2a399 ] Request (VolumesAdminNegativeTest:tearDownClass): 204 DELETE http://10.180.1.21/networking/v2.0/security-groups/933cd8c6-edea-4a86-ab47-b35fdf252053 0.085s
2025-11-22 04:00:36.440 66527 INFO tempest.lib.common.rest_client [req-6f0ecb24-9d18-4aab-a84f-2877adc6bad5 req-6f0ecb24-9d18-4aab-a84f-2877adc6bad5 ] Request (ServerTagsTestJSON:setUpClass): 200 GET http://10.180.1.21/compute/v2.1/servers/68de0f7f-5b75-48f9-9a56-7089e36d2b42 6.043s
2025-11-22 04:00:36.513 66529 INFO tempest.lib.common.rest_client [req-9d69fc16-e508-4e55-a99f-b3c4806d34e9 req-9d69fc16-e508-4e55-a99f-b3c4806d34e9 ] Request (ServersAaction247Test:tearDownClass): 200 GET http://10.180.1.21/compute/v2.1/servers/2384a2d6-2614-409c-bff7-55b27b24a9d1 6.090s
2025-11-22 04:00:36.524 66529 INFO tempest.common.waiters [-] State transition "ACTIVE/deleting" ==> "DELETED/None" after 7 second wait
2025-11-22 04:00:36.552 66537 INFO tempest.lib.common.rest_client [req-96ca383f-6653-4087-b031-a85eea077ef6 req-96ca383f-6653-4087-b031-a85eea077ef6 ] Request (VolumesAdminNegativeTest:tearDownClass): 204 DELETE http://10.180.1.21/identity/v3/projects/d828399c3adb4ed58a7224a2900cd46b 0.135s
2025-11-22 04:00:36.645 66537 INFO tempest.lib.common.rest_client [req-79e610ca-e176-4826-ac97-f2d804da4b8e req-79e610ca-e176-4826-ac97-f2d804da4b8e ] Request (ServersTestJSON:setUpClass): 201 POST http://10.180.1.21/identity/v3/auth/tokens 0.091s
2025-11-22 04:00:36.694 66537 INFO tempest.lib.common.rest_client [req-a6ac1278-e4c9-4d80-8644-ea9e93ca15e3 req-a6ac1278-e4c9-4d80-8644-ea9e93ca15e3 ] Request (ServersTestJSON:setUpClass): 201 POST http://10.180.1.21/identity/v3/auth/tokens 0.043s
2025-11-22 04:00:36.737 66537 INFO tempest.lib.common.rest_client [req-5051abad-2f7b-4e89-ad12-3273b0d74824 req-5051abad-2f7b-4e89-ad12-3273b0d74824 ] Request (ServersTestJSON:setUpClass): 200 GET http://10.180.1.21/identity/v3/domains?name=Default 0.042s
2025-11-22 04:00:36.812 66537 INFO tempest.lib.common.rest_client [req-f5b93fff-2f20-4b81-a232-110076ef3d62 req-f5b93fff-2f20-4b81-a232-110076ef3d62 ] Request (ServersTestJSON:setUpClass): 201 POST http://10.180.1.21/identity/v3/projects 0.074s
2025-11-22 04:00:36.919 66537 INFO tempest.lib.common.rest_client [req-48f09439-080e-4baf-8e7d-db94dda7bd0b req-48f09439-080e-4baf-8e7d-db94dda7bd0b ] Request (ServersTestJSON:setUpClass): 201 POST http://10.180.1.21/identity/v3/users 0.107s
2025-11-22 04:00:36.947 66537 INFO tempest.lib.common.rest_client [req-1a4e2049-3ada-44a1-8727-7e2ea3469f10 req-1a4e2049-3ada-44a1-8727-7e2ea3469f10 ] Request (ServersTestJSON:setUpClass): 200 GET http://10.180.1.21/identity/v3/roles 0.028s
2025-11-22 04:00:36.984 66537 INFO tempest.lib.common.rest_client [req-6e899b62-c2a1-4b8a-ac8c-0b6465b9f3b0 req-6e899b62-c2a1-4b8a-ac8c-0b6465b9f3b0 ] Request (ServersTestJSON:setUpClass): 204 PUT http://10.180.1.21/identity/v3/projects/ea72a73530504cb0b1d3aed8263dc5f0/users/8e400f3084d443df876cccbc364bebf4/roles/acd5777349bd48e5bffac74adfa2d281 0.036s
2025-11-22 04:00:36.984 66537 INFO tempest.lib.common.dynamic_creds [-] Dynamic test user 8e400f3084d443df876cccbc364bebf4 is created with scope project and roles: ['member']
