2025-11-22 04:00:20.215 66557 WARNING tempest.lib.common.ssh [-] Failed to establish authenticated ssh connection to cirros@10.180.180.227 ([Errno None] Unable to connect to port 22 on 10.180.180.227). Number attempts: 2. Retry after 3 seconds.: paramiko.ssh_exception.NoValidConnectionsError: [Errno None] Unable to connect to port 22 on 10.180.180.227
2025-11-22 04:00:20.293 66535 INFO tempest.lib.common.rest_client [req-7960910a-5caa-4c4c-a021-dce08796dc92 req-7960910a-5caa-4c4c-a021-dce08796dc92 ] Request (ServersTestManualDisk:setUpClass): 201 POST http://10.180.1.21/networking/v2.0/security-groups 0.540s
2025-11-22 04:00:20.356 66521 INFO tempest.lib.common.rest_client [req-34696972-5b83-4605-aad9-cd528ddf9312 req-34696972-5b83-4605-aad9-cd528ddf9312 ] Request (ServersListShow2100Test:test_list_show_rebuild_update_server_2100): 200 GET http://10.180.1.21/compute/v2.1/servers/2450464a-6a96-4a9d-aca1-38fa49edd880 4.545s
2025-11-22 04:00:20.559 66551 INFO tempest.lib.common.rest_client [req-32755481-f19b-45e5-bc14-093112b7e62c req-32755481-f19b-45e5-bc14-093112b7e62c ] Request (DeleteServersAdminTestJSON:tearDownClass): 200 GET http://10.180.1.21/networking/v2.0/security-groups?tenant_id=ea4199b0e20b4c3089adc9398ae8b985&name=default 0.606s
2025-11-22 04:00:20.677 66541 INFO tempest.lib.common.rest_client [req-74073bd7-9d22-40d3-8712-c440c86a4cd8 req-74073bd7-9d22-40d3-8712-c440c86a4cd8 ] Request (KeyPairsV22TestJSON:tearDownClass): 204 DELETE http://10.180.1.21/networking/v2.0/security-groups/af2113fe-9467-4a9d-a5e6-97b4b2e065e7 0.520s
2025-11-22 04:00:20.724 66561 WARNING tempest.lib.common.ssh [-] Failed to establish authenticated ssh connection to cirros@10.180.180.190 ([Errno None] Unable to connect to port 22 on 10.180.180.190). Number attempts: 7. Retry after 8 seconds.: paramiko.ssh_exception.NoValidConnectionsError: [Errno None] Unable to connect to port 22 on 10.180.180.190
2025-11-22 04:00:20.764 66541 INFO tempest.lib.common.rest_client [req-c4078d16-86c5-4656-8d5e-aadf9d7c1981 req-c4078d16-86c5-4656-8d5e-aadf9d7c1981 ] Request (KeyPairsV22TestJSON:tearDownClass): 204 DELETE http://10.180.1.21/identity/v3/projects/406f0399e0da400f921121f128e6d32b 0.087s
2025-11-22 04:00:20.812 66535 INFO tempest.lib.common.rest_client [req-0f98ef9c-ef36-4342-b8c0-963b18df88cf req-0f98ef9c-ef36-4342-b8c0-963b18df88cf ] Request (ServersTestManualDisk:setUpClass): 201 POST http://10.180.1.21/networking/v2.0/security-group-rules 0.518s
2025-11-22 04:00:20.868 66541 INFO tempest.lib.common.rest_client [req-6556f4af-df34-4d12-86c6-8e92e4671b75 req-6556f4af-df34-4d12-86c6-8e92e4671b75 ] Request (ServerShowV254Test:setUpClass): 201 POST http://10.180.1.21/identity/v3/auth/tokens 0.101s
2025-11-22 04:00:20.902 66541 INFO tempest.lib.common.rest_client [req-bb4d49f5-9c06-4f32-a1fb-856959cdff38 req-bb4d49f5-9c06-4f32-a1fb-856959cdff38 ] Request (ServerShowV254Test:setUpClass): 201 POST http://10.180.1.21/identity/v3/auth/tokens 0.031s
2025-11-22 04:00:20.947 66541 INFO tempest.lib.common.rest_client [req-8e5e3743-f821-4dd2-a89e-d968137e602c req-8e5e3743-f821-4dd2-a89e-d968137e602c ] Request (ServerShowV254Test:setUpClass): 200 GET http://10.180.1.21/identity/v3/domains?name=Default 0.044s
2025-11-22 04:00:20.986 66541 INFO tempest.lib.common.rest_client [req-495e28c3-917c-4061-bf3e-ae53fb8438b9 req-495e28c3-917c-4061-bf3e-ae53fb8438b9 ] Request (ServerShowV254Test:setUpClass): 201 POST http://10.180.1.21/identity/v3/projects 0.038s
2025-11-22 04:00:21.016 66533 INFO tempest.lib.common.rest_client [req-05c4df39-d00e-4ccf-8a61-ec6b4bb3e39c req-05c4df39-d00e-4ccf-8a61-ec6b4bb3e39c ] Request (FloatingIPsAssociationTestJSON:test_associate_already_associated_floating_ip): 200 GET http://10.180.1.21/compute/v2.1/servers/a5f38726-a400-4b44-a069-f3514bfbaf28 4.947s
2025-11-22 04:00:21.026 66533 INFO tempest.common.waiters [-] State transition "BUILD/networking" ==> "BUILD/spawning" after 26 second wait
2025-11-22 04:00:21.056 66541 INFO tempest.lib.common.rest_client [req-c0e1a2b3-e302-4412-a9c8-df300ba6952e req-c0e1a2b3-e302-4412-a9c8-df300ba6952e ] Request (ServerShowV254Test:setUpClass): 201 POST http://10.180.1.21/identity/v3/users 0.069s
2025-11-22 04:00:21.088 66541 INFO tempest.lib.common.rest_client [req-29ab075b-04e2-4947-83c3-89980be202d4 req-29ab075b-04e2-4947-83c3-89980be202d4 ] Request (ServerShowV254Test:setUpClass): 200 GET http://10.180.1.21/identity/v3/roles 0.031s
2025-11-22 04:00:21.117 66551 INFO tempest.lib.common.rest_client [req-b0819e08-1612-4504-8153-1a35b416388c req-b0819e08-1612-4504-8153-1a35b416388c ] Request (DeleteServersAdminTestJSON:tearDownClass): 204 DELETE http://10.180.1.21/networking/v2.0/security-groups/cb160653-5858-409d-b726-1c58c12090ee 0.557s
2025-11-22 04:00:21.126 66541 INFO tempest.lib.common.rest_client [req-cf3938ae-b501-456f-8142-ce9a937c327c req-cf3938ae-b501-456f-8142-ce9a937c327c ] Request (ServerShowV254Test:setUpClass): 204 PUT http://10.180.1.21/identity/v3/projects/faf2c5e2d336481b89ff8b15a08a3c5a/users/51a2e9f164a34adf8bf498712195db5d/roles/acd5777349bd48e5bffac74adfa2d281 0.037s
2025-11-22 04:00:21.126 66541 INFO tempest.lib.common.dynamic_creds [-] Dynamic test user 51a2e9f164a34adf8bf498712195db5d is created with scope project and roles: ['member']
2025-11-22 04:00:21.126 66541 INFO tempest.lib.common.dynamic_creds [-] Acquired dynamic creds: credentials: Credentials: {'domain_id': 'default', 'domain_name': 'Default', 'username': 'tempest-ServerShowV254Test-1782019396-project-member', 'project_domain_id': 'default', 'project_domain_name': 'Default', 'project_id': 'faf2c5e2d336481b89ff8b15a08a3c5a', 'project_name': 'tempest-ServerShowV254Test-1782019396', 'tenant_id': 'faf2c5e2d336481b89ff8b15a08a3c5a', 'tenant_name': 'tempest-ServerShowV254Test-1782019396', 'user_domain_id': 'default', 'user_domain_name': 'Default', 'user_id': '51a2e9f164a34adf8bf498712195db5d', 'system': None}, Network: None, Subnet: None, Router: None
2025-11-22 04:00:21.126 66541 INFO tempest.lib.common.dynamic_creds [-] Created isolated network resources for: credentials: Credentials: {'domain_id': 'default', 'domain_name': 'Default', 'username': 'tempest-ServerShowV254Test-1782019396-project-member', 'project_domain_id': 'default', 'project_domain_name': 'Default', 'project_id': 'faf2c5e2d336481b89ff8b15a08a3c5a', 'project_name': 'tempest-ServerShowV254Test-1782019396', 'tenant_id': 'faf2c5e2d336481b89ff8b15a08a3c5a', 'tenant_name': 'tempest-ServerShowV254Test-1782019396', 'user_domain_id': 'default', 'user_domain_name': 'Default', 'user_id': '51a2e9f164a34adf8bf498712195db5d', 'system': None}, Network: None, Subnet: None, Router: None
2025-11-22 04:00:21.229 66535 INFO tempest.lib.common.rest_client [req-d3366ee0-aaf9-4d00-b6d8-8c70651ec746 req-d3366ee0-aaf9-4d00-b6d8-8c70651ec746 ] Request (ServersTestManualDisk:setUpClass): 201 POST http://10.180.1.21/networking/v2.0/security-group-rules 0.416s
2025-11-22 04:00:21.311 66551 INFO tempest.lib.common.rest_client [req-8cbed834-4798-4648-8a00-2cf6bc5be115 req-8cbed834-4798-4648-8a00-2cf6bc5be115 ] Request (DeleteServersAdminTestJSON:tearDownClass): 204 DELETE http://10.180.1.21/identity/v3/projects/ea4199b0e20b4c3089adc9398ae8b985 0.194s
2025-11-22 04:00:21.312 66551 INFO tempest.lib.common.dynamic_creds [-] Deleting project and security group for project: 8cf8b4a97777417095cf486d96466806
2025-11-22 04:00:21.336 66546 INFO tempest.lib.common.rest_client [req-5fb27d68-d7e6-46ee-a6ea-a75e572bc21d req-5fb27d68-d7e6-46ee-a6ea-a75e572bc21d ] Request (AttachVolumeShelveTestJSON:test_attach_volume_shelved_or_offload_server): 200 GET http://10.180.1.21/compute/v2.1/servers/c3aada99-abd5-4ed7-8591-85cdffec2265 4.417s
2025-11-22 04:00:21.343 66563 INFO tempest.lib.common.rest_client [req-ec011915-4c0d-4649-a1b7-1c08501b8044 req-ec011915-4c0d-4649-a1b7-1c08501b8044 ] Request (ServerActionsTestJSON:setUpClass): 200 GET http://10.180.1.21/compute/v2.1/servers/8d5b92ba-4ccc-47e5-830e-517eab4c4ed0 4.863s
2025-11-22 04:00:21.357 66563 INFO tempest.common.waiters [-] State transition "BUILD/None" ==> "BUILD/spawning" after 22 second wait
2025-11-22 04:00:21.383 66547 INFO tempest.lib.common.rest_client [req-dca713d7-8756-4622-abf0-173b217841cb req-dca713d7-8756-4622-abf0-173b217841cb ] Request (MultipleCreateTestJSON:_run_cleanups): 404 GET http://10.180.1.21/compute/v2.1/servers/6337d355-ad63-4a0e-b63e-4ffa50373c0c 3.883s
2025-11-22 04:00:21.384 66541 INFO tempest.lib.common.rest_client [req-ea802361-040a-4675-a0fa-6ba666784a32 req-ea802361-040a-4675-a0fa-6ba666784a32 ] Request (ServerShowV254Test:setUpClass): 201 POST http://10.180.1.21/identity/v3/auth/tokens 0.253s
2025-11-22 04:00:21.442 66541 INFO tempest.lib.common.rest_client [req-296c54dd-111e-4af7-85b3-d6d2027f99f1 req-296c54dd-111e-4af7-85b3-d6d2027f99f1 ] Request (ServerShowV254Test:test_rebuild_server): 201 POST http://10.180.1.21/identity/v3/auth/tokens 0.051s
2025-11-22 04:00:21.444 66541 INFO tempest.lib.common.fixed_network [-] (ServerShowV254Test:test_rebuild_server) Found network None available for tenant
2025-11-22 04:00:21.564 66551 INFO tempest.lib.common.rest_client [req-a39bccea-7d8b-4e63-89c9-3df4556cff36 req-a39bccea-7d8b-4e63-89c9-3df4556cff36 ] Request (DeleteServersAdminTestJSON:tearDownClass): 200 GET http://10.180.1.21/networking/v2.0/security-groups?tenant_id=8cf8b4a97777417095cf486d96466806&name=default 0.252s
2025-11-22 04:00:21.702 66531 INFO tempest.lib.common.rest_client [req-787556ac-d05e-4620-9795-7dbbeea3d18b req-787556ac-d05e-4620-9795-7dbbeea3d18b ] Request (DeleteServersTestJSON:test_delete_active_server): 200 GET http://10.180.1.21/compute/v2.1/servers/a3434930-3c1f-4934-a408-eff15470e1ae 4.196s
2025-11-22 04:00:21.905 66535 INFO tempest.lib.common.rest_client [req-37cfb733-33b7-44f4-a905-92713c650c96 req-37cfb733-33b7-44f4-a905-92713c650c96 ] Request (ServersTestManualDisk:setUpClass): 201 POST http://10.180.1.21/networking/v2.0/floatingips 0.676s
2025-11-22 04:00:22.001 66535 INFO tempest.lib.common.rest_client [req-39cebd81-bc4d-4550-8350-cfec956c38af req-39cebd81-bc4d-4550-8350-cfec956c38af ] Request (ServersTestManualDisk:setUpClass): 201 POST http://10.180.1.21/identity/v3/auth/tokens 0.092s
2025-11-22 04:00:22.001 66535 INFO tempest.lib.common.fixed_network [-] (ServersTestManualDisk:setUpClass) Found network {'id': 'd729f731-0937-43b9-b6be-0cf3d7573c06', 'name': 'tempest-ServersTestManualDisk-1194527266-network', 'tenant_id': 'ba33e2d3dab9469a9da247a1e776f765', 'project_id': 'ba33e2d3dab9469a9da247a1e776f765', 'admin_state_up': True, 'mtu': 8950, 'status': 'ACTIVE', 'subnets': [], 'shared': False, 'port_security_enabled': True, 'router:external': False, 'provider:network_type': 'vlan', 'provider:physical_network': 'default', 'provider:segmentation_id': 132, 'availability_zone_hints': [], 'availability_zones': [], 'ipv4_address_scope': None, 'ipv6_address_scope': None, 'description': '', 'tags': [], 'created_at': '2025-11-22T04:00:12Z', 'updated_at': '2025-11-22T04:00:12Z', 'revision_number': 1} available for tenant
2025-11-22 04:00:22.006 66573 INFO tempest.lib.common.rest_client [req-f29134a6-0d88-4518-bd40-7225c04972c0 req-f29134a6-0d88-4518-bd40-7225c04972c0 ] Request (ServerActionsTestOtherB:test_create_backup): 200 GET http://10.180.1.21/compute/v2.1/servers/61409d2c-bff9-489b-9f26-bed96b20ba25 4.671s
2025-11-22 04:00:22.058 66551 INFO tempest.lib.common.rest_client [req-f8863b9b-e76d-4a8b-a615-4e185a324809 req-f8863b9b-e76d-4a8b-a615-4e185a324809 ] Request (DeleteServersAdminTestJSON:tearDownClass): 204 DELETE http://10.180.1.21/networking/v2.0/security-groups/96296d2e-8381-460a-8c94-1f9f42bc8653 0.492s
2025-11-22 04:00:22.134 66539 INFO tempest.lib.common.rest_client [req-d6030d5b-b49c-4545-8314-50c39475c826 req-d6030d5b-b49c-4545-8314-50c39475c826 ] Request (ListServersNegativeTestJSON:setUpClass): 200 GET http://10.180.1.21/compute/v2.1/servers/09025781-ef8d-4894-a7b3-5da058a34d19 4.035s
2025-11-22 04:00:22.155 66581 INFO tempest.lib.common.rest_client [req-253900f1-783f-48d9-b9a2-b3f926746de7 req-253900f1-783f-48d9-b9a2-b3f926746de7 ] Request (ImagesOneServerNegativeTestJSON:_run_cleanups): 404 GET http://10.180.1.21/compute/v2.1/servers/34152c64-456c-4d9e-b66c-d4a62a053e02 4.046s
2025-11-22 04:00:22.181 66549 INFO tempest.lib.common.rest_client [req-0de3a2de-0182-448e-b17e-124c0e4bd919 req-0de3a2de-0182-448e-b17e-124c0e4bd919 ] Request (AggregatesAdminNegativeTestJSON:test_aggregate_remove_nonexistent_host): 404 POST http://10.180.1.21/compute/v2.1/os-aggregates/8/action 3.579s
2025-11-22 04:00:22.209 66551 INFO tempest.lib.common.rest_client [req-cb18d805-84f8-4ce8-bce9-cd96e05b309c req-cb18d805-84f8-4ce8-bce9-cd96e05b309c ] Request (DeleteServersAdminTestJSON:tearDownClass): 204 DELETE http://10.180.1.21/identity/v3/projects/8cf8b4a97777417095cf486d96466806 0.151s
2025-11-22 04:00:22.284 66571 INFO tempest.lib.common.rest_client [req-0ff7cac8-fbf7-4d86-b952-40d1fcc1a8fa req-0ff7cac8-fbf7-4d86-b952-40d1fcc1a8fa ] Request (ServersAdminNegativeTestJSON:setUpClass): 202 POST http://10.180.1.21/compute/v2.1/servers 4.560s
2025-11-22 04:00:22.296 66551 INFO tempest.lib.common.rest_client [req-6218be3f-9457-4832-a447-c7295b600f6d req-6218be3f-9457-4832-a447-c7295b600f6d ] Request (FlavorsExtraSpecsTestJSON:setUpClass): 201 POST http://10.180.1.21/identity/v3/auth/tokens 0.081s
2025-11-22 04:00:22.338 66551 INFO tempest.lib.common.rest_client [req-c86db99a-6e06-4c24-8bef-cded062e4200 req-c86db99a-6e06-4c24-8bef-cded062e4200 ] Request (FlavorsExtraSpecsTestJSON:setUpClass): 201 POST http://10.180.1.21/identity/v3/auth/tokens 0.038s
2025-11-22 04:00:22.361 66523 INFO tempest.lib.common.rest_client [req-58688d04-1dad-4c02-9694-880ad4dd699b req-58688d04-1dad-4c02-9694-880ad4dd699b ] Request (QuotasTestJSON:test_compare_tenant_quotas_with_default_quotas): 200 GET http://10.180.1.21/compute/v2.1/os-quota-sets/f3e715be5b0244e4b9962dc77f8d4af2 3.424s
2025-11-22 04:00:22.379 66551 INFO tempest.lib.common.rest_client [req-f78eda95-6802-4746-abdf-433d90979a23 req-f78eda95-6802-4746-abdf-433d90979a23 ] Request (FlavorsExtraSpecsTestJSON:setUpClass): 200 GET http://10.180.1.21/identity/v3/domains?name=Default 0.041s
2025-11-22 04:00:22.417 66525 INFO tempest.lib.common.rest_client [req-f86b5843-775e-48be-bef5-1a667e5ec9c6 req-f86b5843-775e-48be-bef5-1a667e5ec9c6 ] Request (ImagesTestJSON:test_create_image_from_suspended_server): 202 POST http://10.180.1.21/compute/v2.1/servers/e1098156-ed26-4119-aa10-1c0530a9723c/action 3.449s
2025-11-22 04:00:22.420 66551 INFO tempest.lib.common.rest_client [req-439324f2-3209-4821-b9bf-2c58e1854e5e req-439324f2-3209-4821-b9bf-2c58e1854e5e ] Request (FlavorsExtraSpecsTestJSON:setUpClass): 201 POST http://10.180.1.21/identity/v3/projects 0.040s
2025-11-22 04:00:22.455 66575 INFO tempest.lib.common.rest_client [req-ef4912d6-ddab-4612-b6a4-dd32a3ba3202 req-ef4912d6-ddab-4612-b6a4-dd32a3ba3202 ] Request (SecurityGroupsNegativeTestJSON:test_delete_nonexistent_security_group): 404 DELETE http://10.180.1.21/compute/v2.1/os-security-groups/56eb9007-01fa-4dcc-a0c4-a6803a8ea775 3.349s
2025-11-22 04:00:22.509 66551 INFO tempest.lib.common.rest_client [req-2d891162-91e6-4a2c-8f51-649e8b98f0e0 req-2d891162-91e6-4a2c-8f51-649e8b98f0e0 ] Request (FlavorsExtraSpecsTestJSON:setUpClass): 201 POST http://10.180.1.21/identity/v3/users 0.088s
2025-11-22 04:00:22.541 66527 INFO tempest.lib.common.rest_client [req-9d9bbe6c-f4b4-4367-8a45-4a6d68ca55a8 req-9d9bbe6c-f4b4-4367-8a45-4a6d68ca55a8 ] Request (ServerTagsTestJSON:setUpClass): 200 GET http://10.180.1.21/compute/v2.1/servers/68de0f7f-5b75-48f9-9a56-7089e36d2b42 2.975s
2025-11-22 04:00:22.550 66559 INFO tempest.lib.common.rest_client [req-7a0d47ae-176f-44b8-a725-0582be133df0 req-7a0d47ae-176f-44b8-a725-0582be133df0 ] Request (MigrationsAdminTest:test_list_migrations_in_flavor_resize_situation): 200 GET http://10.180.1.21/compute/v2.1/servers/6e410dc7-bbec-4a14-891f-0588f1c95069 3.063s
2025-11-22 04:00:22.551 66551 INFO tempest.lib.common.rest_client [req-9a32287a-baa7-48ab-a1a6-a78f9842cc5d req-9a32287a-baa7-48ab-a1a6-a78f9842cc5d ] Request (FlavorsExtraSpecsTestJSON:setUpClass): 200 GET http://10.180.1.21/identity/v3/roles 0.041s
2025-11-22 04:00:22.551 66583 WARNING tempest.lib.common.ssh [-] Failed to establish authenticated ssh connection to cirros@10.180.180.253 ([Errno None] Unable to connect to port 22 on 10.180.180.253). Number attempts: 7. Retry after 8 seconds.: paramiko.ssh_exception.NoValidConnectionsError: [Errno None] Unable to connect to port 22 on 10.180.180.253
2025-11-22 04:00:22.602 66551 INFO tempest.lib.common.rest_client [req-5bdb0095-2e6e-4fb7-b3c3-cdeae4d8caf9 req-5bdb0095-2e6e-4fb7-b3c3-cdeae4d8caf9 ] Request (FlavorsExtraSpecsTestJSON:setUpClass): 204 PUT http://10.180.1.21/identity/v3/projects/599e8f74361d4e7dbe2fa9e8c747e926/users/8930f4da2c1343d3abd6fe3793ee2a00/roles/acd5777349bd48e5bffac74adfa2d281 0.051s
2025-11-22 04:00:22.603 66551 INFO tempest.lib.common.dynamic_creds [-] Dynamic test user 8930f4da2c1343d3abd6fe3793ee2a00 is created with scope project and roles: ['member']
2025-11-22 04:00:22.603 66551 INFO tempest.lib.common.dynamic_creds [-] Acquired dynamic creds: credentials: Credentials: {'domain_id': 'default', 'domain_name': 'Default', 'username': 'tempest-FlavorsExtraSpecsTestJSON-2099197498-project-member', 'project_domain_id': 'default', 'project_domain_name': 'Default', 'project_id': '599e8f74361d4e7dbe2fa9e8c747e926', 'project_name': 'tempest-FlavorsExtraSpecsTestJSON-2099197498', 'tenant_id': '599e8f74361d4e7dbe2fa9e8c747e926', 'tenant_name': 'tempest-FlavorsExtraSpecsTestJSON-2099197498', 'user_domain_id': 'default', 'user_domain_name': 'Default', 'user_id': '8930f4da2c1343d3abd6fe3793ee2a00', 'system': None}, Network: None, Subnet: None, Router: None
2025-11-22 04:00:22.603 66551 INFO tempest.lib.common.dynamic_creds [-] Created isolated network resources for: credentials: Credentials: {'domain_id': 'default', 'domain_name': 'Default', 'username': 'tempest-FlavorsExtraSpecsTestJSON-2099197498-project-member', 'project_domain_id': 'default', 'project_domain_name': 'Default', 'project_id': '599e8f74361d4e7dbe2fa9e8c747e926', 'project_name': 'tempest-FlavorsExtraSpecsTestJSON-2099197498', 'tenant_id': '599e8f74361d4e7dbe2fa9e8c747e926', 'tenant_name': 'tempest-FlavorsExtraSpecsTestJSON-2099197498', 'user_domain_id': 'default', 'user_domain_name': 'Default', 'user_id': '8930f4da2c1343d3abd6fe3793ee2a00', 'system': None}, Network: None, Subnet: None, Router: None
2025-11-22 04:00:22.643 66569 INFO tempest.lib.common.rest_client [req-a9fbf9ff-31e8-4a7f-aed6-e576accee924 req-a9fbf9ff-31e8-4a7f-aed6-e576accee924 ] Request (VolumesAssistedSnapshotsTest:tearDownClass): 200 GET http://10.180.1.21/compute/v2.1/servers/b7eb4e9f-0957-43de-9f8a-a938761025a2 3.055s
2025-11-22 04:00:22.643 66537 INFO tempest.lib.common.rest_client [req-ec27006b-a64d-49d8-8694-ed2939d9a973 req-ec27006b-a64d-49d8-8694-ed2939d9a973 ] Request (VolumesAdminNegativeTest:tearDownClass): 200 GET http://10.180.1.21/compute/v2.1/servers/cd54da56-eee6-4f9e-b5d8-1fb6c61cce91 2.906s
2025-11-22 04:00:22.653 66569 INFO tempest.common.waiters [-] State transition "ACTIVE/deleting" ==> "DELETED/None" after 4 second wait
2025-11-22 04:00:22.718 66555 INFO tempest.lib.common.rest_client [req-9d81f27a-ee88-4dd9-808f-449cd22763aa req-9d81f27a-ee88-4dd9-808f-449cd22763aa ] Request (InstanceActionsV221TestJSON:test_get_list_deleted_instance_actions): 200 GET http://10.180.1.21/compute/v2.1/servers/f54a720a-9e5d-4ae7-875c-373099c43dec 2.642s
2025-11-22 04:00:22.724 66551 INFO tempest.lib.common.rest_client [req-dbcd4f7a-5479-4eab-93af-acee3d25295a req-dbcd4f7a-5479-4eab-93af-acee3d25295a ] Request (FlavorsExtraSpecsTestJSON:setUpClass): 201 POST http://10.180.1.21/identity/v3/auth/tokens 0.117s
2025-11-22 04:00:22.790 66529 INFO tempest.lib.common.rest_client [req-74107f5a-5b97-4f9d-8cdd-67a45a5f318c req-74107f5a-5b97-4f9d-8cdd-67a45a5f318c ] Request (ServersAaction247Test:test_create_backup): 200 GET http://10.180.1.21/compute/v2.1/servers/2384a2d6-2614-409c-bff7-55b27b24a9d1 2.689s
2025-11-22 04:00:22.805 66529 INFO tempest.common.waiters [-] State transition "BUILD/spawning" ==> "ACTIVE/None" after 27 second wait
2025-11-22 04:00:22.822 66579 INFO tempest.lib.common.rest_client [req-fb386f52-11bf-4d76-8e63-20985887a072 req-fb386f52-11bf-4d76-8e63-20985887a072 ] Request (SecurityGroupRulesNegativeTestJSON:tearDownClass): 202 DELETE http://10.180.1.21/compute/v2.1/os-security-groups/26e874d3-8083-41a9-b635-2189d0ab3c54 3.079s
2025-11-22 04:00:22.831 66543 INFO tempest.lib.common.rest_client [req-e232af33-6853-4e88-9dc2-cb5288c5ef65 req-e232af33-6853-4e88-9dc2-cb5288c5ef65 ] Request (ListImageFiltersTestJSON:setUpClass): 200 GET http://10.180.1.21/compute/v2.1/images/efbacba3-af1e-40f3-922c-25c2f31b1960 2.709s
2025-11-22 04:00:22.841 66551 INFO tempest.lib.common.rest_client [req-86a1f6b0-b6e5-4959-834b-b84e7e49210c req-86a1f6b0-b6e5-4959-834b-b84e7e49210c ] Request (FlavorsExtraSpecsTestJSON:setUpClass): 201 POST http://10.180.1.21/identity/v3/projects 0.116s
2025-11-22 04:00:22.867 66565 INFO tempest.lib.common.rest_client [req-287eb25e-f49c-442e-8a11-e5062b0f4344 req-287eb25e-f49c-442e-8a11-e5062b0f4344 ] Request (AttachInterfacesUnderV243Test:test_add_remove_fixed_ip): 200 GET http://10.180.1.21/compute/v2.1/servers/758bf357-2efb-46de-81a6-686f610c9003/ips 2.471s
2025-11-22 04:00:22.922 66551 INFO tempest.lib.common.rest_client [req-8ae55acd-45df-436b-861b-82f7fd246afc req-8ae55acd-45df-436b-861b-82f7fd246afc ] Request (FlavorsExtraSpecsTestJSON:setUpClass): 201 POST http://10.180.1.21/identity/v3/users 0.081s
2025-11-22 04:00:22.953 66551 INFO tempest.lib.common.rest_client [req-4799e583-9766-4f20-8fd2-bb5995fc48a5 req-4799e583-9766-4f20-8fd2-bb5995fc48a5 ] Request (FlavorsExtraSpecsTestJSON:setUpClass): 200 GET http://10.180.1.21/identity/v3/roles 0.030s
2025-11-22 04:00:22.970 66577 INFO tempest.lib.common.rest_client [req-1fd2bc8f-e528-485d-b066-47290ce08d98 req-1fd2bc8f-e528-485d-b066-47290ce08d98 ] Request (ServersAdminTestJSON:test_inject_network_info): 200 GET http://10.180.1.21/compute/v2.1/servers/5495280a-4c2b-4a95-9823-cb1ce895a966 2.641s
2025-11-22 04:00:22.978 66521 INFO tempest.lib.common.rest_client [req-49178da1-1bea-4e9f-8719-e6d2aa09f81e req-49178da1-1bea-4e9f-8719-e6d2aa09f81e ] Request (ServersListShow2100Test:test_list_show_rebuild_update_server_2100): 200 GET http://10.180.1.21/compute/v2.1/servers/2450464a-6a96-4a9d-aca1-38fa49edd880 1.605s
2025-11-22 04:00:22.980 66577 INFO tempest.common.waiters [-] State transition "BUILD/spawning" ==> "ACTIVE/None" after 28 second wait
2025-11-22 04:00:22.995 66551 INFO tempest.lib.common.rest_client [req-fe24a962-a086-4317-b783-ef42749825ea req-fe24a962-a086-4317-b783-ef42749825ea ] Request (FlavorsExtraSpecsTestJSON:setUpClass): 204 PUT http://10.180.1.21/identity/v3/projects/b0b4ec03791548daa375fa50f1058672/users/682beeb827964049bd4463984c1ef386/roles/88fc2bdc41724d6f920082328d862343 0.042s
2025-11-22 04:00:23.045 66547 INFO tempest.lib.common.rest_client [req-7f4e8e21-122c-487b-92df-c016e87cdd59 req-7f4e8e21-122c-487b-92df-c016e87cdd59 ] Request (MultipleCreateTestJSON:_run_cleanups): 200 GET http://10.180.1.21/compute/v2.1/servers/3b0ea3cf-ebc7-4384-9cde-1fcf6e606db9 1.661s
2025-11-22 04:00:23.060 66551 INFO tempest.lib.common.rest_client [req-a73f7789-f329-42ef-8be1-0aa8e7590630 req-a73f7789-f329-42ef-8be1-0aa8e7590630 ] Request (FlavorsExtraSpecsTestJSON:setUpClass): 200 GET http://10.180.1.21/identity/v3/roles 0.065s
2025-11-22 04:00:23.088 66551 INFO tempest.lib.common.rest_client [req-10c779f4-ffd7-437c-b75d-7cad6b04876b req-10c779f4-ffd7-437c-b75d-7cad6b04876b ] Request (FlavorsExtraSpecsTestJSON:setUpClass): 204 PUT http://10.180.1.21/identity/v3/projects/b0b4ec03791548daa375fa50f1058672/users/682beeb827964049bd4463984c1ef386/roles/88fc2bdc41724d6f920082328d862343 0.027s
2025-11-22 04:00:23.088 66551 INFO tempest.lib.common.dynamic_creds [-] Dynamic test user 682beeb827964049bd4463984c1ef386 is created with scope project and roles: ['admin']
2025-11-22 04:00:23.088 66551 INFO tempest.lib.common.dynamic_creds [-] Acquired dynamic creds: credentials: Credentials: {'domain_id': 'default', 'domain_name': 'Default', 'username': 'tempest-FlavorsExtraSpecsTestJSON-303420863-project-admin', 'project_domain_id': 'default', 'project_domain_name': 'Default', 'project_id': 'b0b4ec03791548daa375fa50f1058672', 'project_name': 'tempest-FlavorsExtraSpecsTestJSON-303420863', 'tenant_id': 'b0b4ec03791548daa375fa50f1058672', 'tenant_name': 'tempest-FlavorsExtraSpecsTestJSON-303420863', 'user_domain_id': 'default', 'user_domain_name': 'Default', 'user_id': '682beeb827964049bd4463984c1ef386', 'system': None}, Network: None, Subnet: None, Router: None
2025-11-22 04:00:23.089 66551 INFO tempest.lib.common.dynamic_creds [-] Created isolated network resources for: credentials: Credentials: {'domain_id': 'default', 'domain_name': 'Default', 'username': 'tempest-FlavorsExtraSpecsTestJSON-303420863-project-admin', 'project_domain_id': 'default', 'project_domain_name': 'Default', 'project_id': 'b0b4ec03791548daa375fa50f1058672', 'project_name': 'tempest-FlavorsExtraSpecsTestJSON-303420863', 'tenant_id': 'b0b4ec03791548daa375fa50f1058672', 'tenant_name': 'tempest-FlavorsExtraSpecsTestJSON-303420863', 'user_domain_id': 'default', 'user_domain_name': 'Default', 'user_id': '682beeb827964049bd4463984c1ef386', 'system': None}, Network: None, Subnet: None, Router: None
2025-11-22 04:00:23.211 66551 INFO tempest.lib.common.rest_client [req-7f958edd-94a6-4c7f-9525-7ddda8328410 req-7f958edd-94a6-4c7f-9525-7ddda8328410 ] Request (FlavorsExtraSpecsTestJSON:setUpClass): 201 POST http://10.180.1.21/identity/v3/auth/tokens 0.120s
2025-11-22 04:00:23.390 66541 INFO tempest.lib.common.rest_client [req-17d943a9-5496-4a2c-b99f-ec5a3ed09c07 req-17d943a9-5496-4a2c-b99f-ec5a3ed09c07 ] Request (ServerShowV254Test:test_rebuild_server): 202 POST http://10.180.1.21/compute/v2.1/servers 1.945s
2025-11-22 04:00:23.626 66535 INFO tempest.lib.common.rest_client [req-fced31e6-6ee1-4958-8539-c6aa41af2d77 req-fced31e6-6ee1-4958-8539-c6aa41af2d77 ] Request (ServersTestManualDisk:setUpClass): 202 POST http://10.180.1.21/compute/v2.1/servers 1.623s
2025-11-22 04:00:23.720 66557 WARNING tempest.lib.common.ssh [-] Failed to establish authenticated ssh connection to cirros@10.180.180.227 ([Errno None] Unable to connect to port 22 on 10.180.180.227). Number attempts: 3. Retry after 4 seconds.: paramiko.ssh_exception.NoValidConnectionsError: [Errno None] Unable to connect to port 22 on 10.180.180.227
2025-11-22 04:00:23.817 66533 INFO tempest.lib.common.rest_client [req-d80e6b2f-ce30-4418-a184-b999fa71dd00 req-d80e6b2f-ce30-4418-a184-b999fa71dd00 ] Request (FloatingIPsAssociationTestJSON:test_associate_already_associated_floating_ip): 200 GET http://10.180.1.21/compute/v2.1/servers/a5f38726-a400-4b44-a069-f3514bfbaf28 1.790s
2025-11-22 04:00:23.870 66581 INFO tempest.lib.common.rest_client [req-f317537a-680a-4955-8b8c-7bb439e4c39e req-f317537a-680a-4955-8b8c-7bb439e4c39e ] Request (ImagesOneServerNegativeTestJSON:_run_cleanups): 200 POST http://10.180.1.21/compute/v2.1/os-keypairs 1.712s
2025-11-22 04:00:23.897 66549 INFO tempest.lib.common.rest_client [req-f7bc1db5-30d9-4826-b0ec-4e7d1d05ff66 req-f7bc1db5-30d9-4826-b0ec-4e7d1d05ff66 ] Request (AggregatesAdminNegativeTestJSON:_run_cleanups): 200 DELETE http://10.180.1.21/compute/v2.1/os-aggregates/8 1.715s
2025-11-22 04:00:23.919 66573 INFO tempest.lib.common.rest_client [req-020ddd76-4df6-408d-ba0d-9078314c19b5 req-020ddd76-4df6-408d-ba0d-9078314c19b5 ] Request (ServerActionsTestOtherB:test_create_backup): 202 POST http://10.180.1.21/compute/v2.1/servers/61409d2c-bff9-489b-9f26-bed96b20ba25/action 1.905s
2025-11-22 04:00:23.954 66573 INFO tempest.lib.common.rest_client [req-a8b95682-81b5-41eb-94bd-101f7915800b req-a8b95682-81b5-41eb-94bd-101f7915800b ] Request (ServerActionsTestOtherB:test_create_backup): 200 GET http://10.180.1.21/image/v2/images/43205d32-eb0d-4a84-9e3e-dcc11de2e8f7/tasks 0.035s
2025-11-22 04:00:23.991 66571 INFO tempest.lib.common.rest_client [req-e809a3b4-a17b-4e78-a95f-b6db081e1a98 req-e809a3b4-a17b-4e78-a95f-b6db081e1a98 ] Request (ServersAdminNegativeTestJSON:setUpClass): 200 GET http://10.180.1.21/compute/v2.1/servers/b7569349-f04f-40dc-a926-49bfbc4c8df4 1.705s
2025-11-22 04:00:24.017 66546 INFO tempest.lib.common.rest_client [req-80e5179f-34c6-4e65-a4ea-3302f6e3c6bb req-80e5179f-34c6-4e65-a4ea-3302f6e3c6bb ] Request (AttachVolumeShelveTestJSON:test_attach_volume_shelved_or_offload_server): 200 GET http://10.180.1.21/compute/v2.1/servers/c3aada99-abd5-4ed7-8591-85cdffec2265 1.662s
2025-11-22 04:00:24.030 66581 INFO tempest.lib.common.rest_client [req-574336c6-2b51-455d-890f-4f2a713dcea9 req-574336c6-2b51-455d-890f-4f2a713dcea9 ] Request (ImagesOneServerNegativeTestJSON:_run_cleanups): 201 POST http://10.180.1.21/networking/v2.0/security-groups 0.159s
2025-11-22 04:00:24.083 66549 INFO tempest.lib.common.rest_client [req-f7079c93-27f8-4d78-8fd0-ce34d7ff5cc0 req-f7079c93-27f8-4d78-8fd0-ce34d7ff5cc0 ] Request (AggregatesAdminNegativeTestJSON:tearDownClass): 204 DELETE http://10.180.1.21/identity/v3/users/73776ca889b947c39a3d1a7653b44c7b 0.183s
2025-11-22 04:00:24.146 66563 INFO tempest.lib.common.rest_client [req-9bb9ad4f-0260-4511-a113-ef94f495a238 req-9bb9ad4f-0260-4511-a113-ef94f495a238 ] Request (ServerActionsTestJSON:setUpClass): 200 GET http://10.180.1.21/compute/v2.1/servers/8d5b92ba-4ccc-47e5-830e-517eab4c4ed0 1.787s
2025-11-22 04:00:24.148 66581 INFO tempest.lib.common.rest_client [req-45361255-5e50-4909-8893-d28f7df62f5f req-45361255-5e50-4909-8893-d28f7df62f5f ] Request (ImagesOneServerNegativeTestJSON:_run_cleanups): 201 POST http://10.180.1.21/networking/v2.0/security-group-rules 0.117s
2025-11-22 04:00:24.200 66549 INFO tempest.lib.common.rest_client [req-bd07489a-4709-489e-af53-88b4e3c38279 req-bd07489a-4709-489e-af53-88b4e3c38279 ] Request (AggregatesAdminNegativeTestJSON:tearDownClass): 204 DELETE http://10.180.1.21/identity/v3/users/fba123b99d1b4b69a953957016c9b899 0.116s
2025-11-22 04:00:24.200 66549 INFO tempest.lib.common.dynamic_creds [-] Deleting project and security group for project: af4148dc8af74a15aeae6f60b2515104
2025-11-22 04:00:24.209 66523 INFO tempest.lib.common.rest_client [req-5dcd8d56-8f9e-44d2-ad25-fc39cd2c7651 req-5dcd8d56-8f9e-44d2-ad25-fc39cd2c7651 ] Request (QuotasTestJSON:test_get_default_quotas): 200 GET http://10.180.1.21/compute/v2.1/os-quota-sets/f3e715be5b0244e4b9962dc77f8d4af2/defaults 1.841s
2025-11-22 04:00:24.212 66575 INFO tempest.lib.common.rest_client [req-5b0736c0-379c-478a-a68b-bb0f3159e2fa req-5b0736c0-379c-478a-a68b-bb0f3159e2fa ] Request (SecurityGroupsNegativeTestJSON:test_delete_security_group_without_passing_id): 404 DELETE http://10.180.1.21/compute/v2.1/os-security-groups/ 1.755s
2025-11-22 04:00:24.263 66549 INFO tempest.lib.common.rest_client [req-927012ad-4c09-43a7-b8cd-b0e99128c878 req-927012ad-4c09-43a7-b8cd-b0e99128c878 ] Request (AggregatesAdminNegativeTestJSON:tearDownClass): 201 POST http://10.180.1.21/identity/v3/auth/tokens 0.062s
2025-11-22 04:00:24.276 66581 INFO tempest.lib.common.rest_client [req-f83b8d78-1dae-4898-89f2-489cab0c8504 req-f83b8d78-1dae-4898-89f2-489cab0c8504 ] Request (ImagesOneServerNegativeTestJSON:_run_cleanups): 201 POST http://10.180.1.21/networking/v2.0/security-group-rules 0.128s
2025-11-22 04:00:24.296 66531 INFO tempest.lib.common.rest_client [req-1fdfe491-3936-476a-aa50-cc0ef509fa91 req-1fdfe491-3936-476a-aa50-cc0ef509fa91 ] Request (DeleteServersTestJSON:test_delete_active_server): 200 GET http://10.180.1.21/compute/v2.1/servers/a3434930-3c1f-4934-a408-eff15470e1ae 1.585s
2025-11-22 04:00:24.494 66549 INFO tempest.lib.common.rest_client [req-db30783e-9543-4a11-92bc-e62d3e9fb64d req-db30783e-9543-4a11-92bc-e62d3e9fb64d ] Request (AggregatesAdminNegativeTestJSON:tearDownClass): 200 GET http://10.180.1.21/networking/v2.0/security-groups?tenant_id=af4148dc8af74a15aeae6f60b2515104&name=default 0.231s
2025-11-22 04:00:24.541 66525 INFO tempest.lib.common.rest_client [req-08ace966-cd2a-446a-a0b3-79e4d4d6bd47 req-08ace966-cd2a-446a-a0b3-79e4d4d6bd47 ] Request (ImagesTestJSON:test_create_image_from_suspended_server): 200 GET http://10.180.1.21/compute/v2.1/servers/e1098156-ed26-4119-aa10-1c0530a9723c 2.123s
2025-11-22 04:00:24.642 66549 INFO tempest.lib.common.rest_client [req-21cc9740-a993-4f06-b470-a4312029985c req-21cc9740-a993-4f06-b470-a4312029985c ] Request (AggregatesAdminNegativeTestJSON:tearDownClass): 204 DELETE http://10.180.1.21/networking/v2.0/security-groups/3f1d73df-85b7-4116-83ba-2b0f7351ae7b 0.148s
2025-11-22 04:00:24.767 66549 INFO tempest.lib.common.rest_client [req-47c526c3-874d-46ad-92bb-d6b379dab6eb req-47c526c3-874d-46ad-92bb-d6b379dab6eb ] Request (AggregatesAdminNegativeTestJSON:tearDownClass): 204 DELETE http://10.180.1.21/identity/v3/projects/af4148dc8af74a15aeae6f60b2515104 0.124s
2025-11-22 04:00:24.768 66549 INFO tempest.lib.common.dynamic_creds [-] Deleting project and security group for project: abba0cf57e5f4ee8afe1b34c3266d296
2025-11-22 04:00:24.830 66579 INFO tempest.lib.common.rest_client [req-d07ef4da-31fe-46a1-81da-316735e62fb9 req-d07ef4da-31fe-46a1-81da-316735e62fb9 ] Request (SecurityGroupRulesNegativeTestJSON:tearDownClass): 202 DELETE http://10.180.1.21/compute/v2.1/os-security-groups/631ee27f-1d69-4305-9f0c-cdbde257c8d7 2.007s
2025-11-22 04:00:24.891 66581 INFO tempest.lib.common.rest_client [req-85c611de-fec8-435e-9f7c-2a4c68c9258f req-85c611de-fec8-435e-9f7c-2a4c68c9258f ] Request (ImagesOneServerNegativeTestJSON:_run_cleanups): 201 POST http://10.180.1.21/networking/v2.0/floatingips 0.614s
2025-11-22 04:00:24.894 66529 INFO tempest.lib.common.rest_client [req-bb60a7bb-0647-49dd-87cd-7896e326195f req-bb60a7bb-0647-49dd-87cd-7896e326195f ] Request (ServersAaction247Test:test_create_backup): 202 POST http://10.180.1.21/compute/v2.1/servers/2384a2d6-2614-409c-bff7-55b27b24a9d1/action 2.088s
2025-11-22 04:00:24.949 66565 INFO tempest.lib.common.rest_client [req-45788d3d-ff74-490d-90e6-672d558b4dd5 req-45788d3d-ff74-490d-90e6-672d558b4dd5 ] Request (AttachInterfacesUnderV243Test:_run_cleanups): 204 DELETE http://10.180.1.21/compute/v2.1/servers/758bf357-2efb-46de-81a6-686f610c9003 2.078s
2025-11-22 04:00:24.975 66581 INFO tempest.lib.common.rest_client [req-4eab8a97-9e5a-46fe-b4ec-e407db095fbf req-4eab8a97-9e5a-46fe-b4ec-e407db095fbf ] Request (ImagesOneServerNegativeTestJSON:_run_cleanups): 201 POST http://10.180.1.21/identity/v3/auth/tokens 0.080s
2025-11-22 04:00:24.976 66581 INFO tempest.lib.common.fixed_network [-] (ImagesOneServerNegativeTestJSON:_run_cleanups) Found network {'id': '85975bfc-59f8-43fd-b244-23d1500527da', 'name': 'tempest-ImagesOneServerNegativeTestJSON-701923768-network', 'tenant_id': '0ce9e5cf5a8a4057b096f8146d6da0e3', 'project_id': '0ce9e5cf5a8a4057b096f8146d6da0e3', 'admin_state_up': True, 'mtu': 8950, 'status': 'ACTIVE', 'subnets': [], 'shared': False, 'port_security_enabled': True, 'router:external': False, 'provider:network_type': 'vlan', 'provider:physical_network': 'default', 'provider:segmentation_id': 347, 'availability_zone_hints': [], 'availability_zones': [], 'ipv4_address_scope': None, 'ipv6_address_scope': None, 'description': '', 'tags': [], 'created_at': '2025-11-22T03:58:07Z', 'updated_at': '2025-11-22T03:58:07Z', 'revision_number': 1} available for tenant
2025-11-22 04:00:24.981 66549 INFO tempest.lib.common.rest_client [req-6ee3d420-88f9-4cb1-b565-4d34069b3fc6 req-6ee3d420-88f9-4cb1-b565-4d34069b3fc6 ] Request (AggregatesAdminNegativeTestJSON:tearDownClass): 200 GET http://10.180.1.21/networking/v2.0/security-groups?tenant_id=abba0cf57e5f4ee8afe1b34c3266d296&name=default 0.213s
2025-11-22 04:00:25.026 66539 INFO tempest.lib.common.rest_client [req-09f2a8fe-8a38-4c8c-9118-55712fa94238 req-09f2a8fe-8a38-4c8c-9118-55712fa94238 ] Request (ListServersNegativeTestJSON:setUpClass): 200 GET http://10.180.1.21/compute/v2.1/servers/09025781-ef8d-4894-a7b3-5da058a34d19 1.881s
2025-11-22 04:00:25.074 66577 INFO tempest.lib.common.rest_client [req-878eb8fd-e3b1-41da-8e48-543183fd0705 req-878eb8fd-e3b1-41da-8e48-543183fd0705 ] Request (ServersAdminTestJSON:test_inject_network_info): 202 POST http://10.180.1.21/compute/v2.1/servers/5495280a-4c2b-4a95-9823-cb1ce895a966/action 2.093s
2025-11-22 04:00:25.141 66549 INFO tempest.lib.common.rest_client [req-9921276d-a111-4601-b12c-3d1a14430656 req-9921276d-a111-4601-b12c-3d1a14430656 ] Request (AggregatesAdminNegativeTestJSON:tearDownClass): 204 DELETE http://10.180.1.21/networking/v2.0/security-groups/ec45f6e4-ae96-4c90-8e07-bb8613ba507f 0.160s
2025-11-22 04:00:25.147 66551 INFO tempest.lib.common.rest_client [req-abeadbda-9124-4e7d-80be-92ec6252d498 req-abeadbda-9124-4e7d-80be-92ec6252d498 ] Request (FlavorsExtraSpecsTestJSON:setUpClass): 200 POST http://10.180.1.21/compute/v2.1/flavors 1.934s
2025-11-22 04:00:25.176 66541 INFO tempest.lib.common.rest_client [req-73143c7f-8dd3-441f-bd31-885b329848af req-73143c7f-8dd3-441f-bd31-885b329848af ] Request (ServerShowV254Test:test_rebuild_server): 200 GET http://10.180.1.21/compute/v2.1/servers/a090d2e2-a6b5-4e8b-91b1-a94b8fd30e9d 1.784s
2025-11-22 04:00:25.215 66527 INFO tempest.lib.common.rest_client [req-d2b2da88-b1a0-4daf-8fe6-32e55426a800 req-d2b2da88-b1a0-4daf-8fe6-32e55426a800 ] Request (ServerTagsTestJSON:setUpClass): 200 GET http://10.180.1.21/compute/v2.1/servers/68de0f7f-5b75-48f9-9a56-7089e36d2b42 1.657s
2025-11-22 04:00:25.266 66549 INFO tempest.lib.common.rest_client [req-8e166fbe-831a-4353-95f7-4fabda1ad5b5 req-8e166fbe-831a-4353-95f7-4fabda1ad5b5 ] Request (AggregatesAdminNegativeTestJSON:tearDownClass): 204 DELETE http://10.180.1.21/identity/v3/projects/abba0cf57e5f4ee8afe1b34c3266d296 0.124s
2025-11-22 04:00:25.290 66535 INFO tempest.lib.common.rest_client [req-34ca3aca-be5e-4456-9e36-3f16f8d8bdd6 req-34ca3aca-be5e-4456-9e36-3f16f8d8bdd6 ] Request (ServersTestManualDisk:setUpClass): 200 GET http://10.180.1.21/compute/v2.1/servers/f01dc932-1237-4ce5-bdce-ef3645dd22c5 1.662s
2025-11-22 04:00:25.310 66537 INFO tempest.lib.common.rest_client [req-25eb8dc1-9814-42d6-bf4b-1ec93ade0e09 req-25eb8dc1-9814-42d6-bf4b-1ec93ade0e09 ] Request (VolumesAdminNegativeTest:tearDownClass): 404 GET http://10.180.1.21/compute/v2.1/servers/cd54da56-eee6-4f9e-b5d8-1fb6c61cce91 1.657s
2025-11-22 04:00:25.316 66559 INFO tempest.lib.common.rest_client [req-ded1e6df-4fa7-4d3e-9801-4bb118ab9c10 req-ded1e6df-4fa7-4d3e-9801-4bb118ab9c10 ] Request (MigrationsAdminTest:test_list_migrations_in_flavor_resize_situation): 200 GET http://10.180.1.21/compute/v2.1/servers/6e410dc7-bbec-4a14-891f-0588f1c95069 1.754s
2025-11-22 04:00:25.333 66549 INFO tempest.lib.common.rest_client [req-b904e8d4-4584-403b-8c01-a96f5b65699a req-b904e8d4-4584-403b-8c01-a96f5b65699a ] Request (AZAdminNegativeTestJSON:setUpClass): 201 POST http://10.180.1.21/identity/v3/auth/tokens 0.066s
2025-11-22 04:00:25.365 66549 INFO tempest.lib.common.rest_client [req-401b609c-4b8a-429c-bb60-590a7a8d08bf req-401b609c-4b8a-429c-bb60-590a7a8d08bf ] Request (AZAdminNegativeTestJSON:setUpClass): 201 POST http://10.180.1.21/identity/v3/auth/tokens 0.028s
2025-11-22 04:00:25.371 66569 INFO tempest.lib.common.rest_client [req-dc6c34fc-66cb-4cc0-a6a4-3df434872d44 req-dc6c34fc-66cb-4cc0-a6a4-3df434872d44 ] Request (VolumesAssistedSnapshotsTest:tearDownClass): 200 GET http://10.180.1.21/compute/v2.1/servers/b7eb4e9f-0957-43de-9f8a-a938761025a2 1.717s
2025-11-22 04:00:25.386 66555 INFO tempest.lib.common.rest_client [req-e74e41ad-2f89-4928-a540-1b3092afd735 req-e74e41ad-2f89-4928-a540-1b3092afd735 ] Request (InstanceActionsV221TestJSON:test_get_list_deleted_instance_actions): 200 GET http://10.180.1.21/compute/v2.1/servers/f54a720a-9e5d-4ae7-875c-373099c43dec 1.656s
2025-11-22 04:00:25.390 66549 INFO tempest.lib.common.rest_client [req-4c387450-a981-4ae1-8139-c777a9a8deef req-4c387450-a981-4ae1-8139-c777a9a8deef ] Request (AZAdminNegativeTestJSON:setUpClass): 200 GET http://10.180.1.21/identity/v3/domains?name=Default 0.025s
2025-11-22 04:00:25.413 66543 INFO tempest.lib.common.rest_client [req-1196e7c4-247a-4c08-bfc4-2a897850232b req-1196e7c4-247a-4c08-bfc4-2a897850232b ] Request (ListImageFiltersTestJSON:setUpClass): 200 GET http://10.180.1.21/compute/v2.1/images/efbacba3-af1e-40f3-922c-25c2f31b1960 1.573s
2025-11-22 04:00:25.422 66549 INFO tempest.lib.common.rest_client [req-a1093194-5c83-4b59-96eb-140e63982276 req-a1093194-5c83-4b59-96eb-140e63982276 ] Request (AZAdminNegativeTestJSON:setUpClass): 201 POST http://10.180.1.21/identity/v3/projects 0.030s
2025-11-22 04:00:25.480 66521 INFO tempest.lib.common.rest_client [req-4a3f84f7-9a99-4504-9254-891d20f59b9d req-4a3f84f7-9a99-4504-9254-891d20f59b9d ] Request (ServersListShow2100Test:test_list_show_rebuild_update_server_2100): 200 GET http://10.180.1.21/compute/v2.1/servers/2450464a-6a96-4a9d-aca1-38fa49edd880 1.489s
2025-11-22 04:00:25.484 66549 INFO tempest.lib.common.rest_client [req-d6ed9563-0223-4e8f-884c-244a707c0337 req-d6ed9563-0223-4e8f-884c-244a707c0337 ] Request (AZAdminNegativeTestJSON:setUpClass): 201 POST http://10.180.1.21/identity/v3/users 0.062s
2025-11-22 04:00:25.501 66573 INFO tempest.lib.common.rest_client [req-8e46a4fb-66bf-4267-8411-030099f4e0a0 req-8e46a4fb-66bf-4267-8411-030099f4e0a0 ] Request (ServerActionsTestOtherB:test_create_backup): 200 GET http://10.180.1.21/compute/v2.1/servers/61409d2c-bff9-489b-9f26-bed96b20ba25 1.546s
2025-11-22 04:00:25.515 66549 INFO tempest.lib.common.rest_client [req-dde3d90d-d0e3-4491-b5d5-337de9968c62 req-dde3d90d-d0e3-4491-b5d5-337de9968c62 ] Request (AZAdminNegativeTestJSON:setUpClass): 200 GET http://10.180.1.21/identity/v3/roles 0.030s
2025-11-22 04:00:25.550 66549 INFO tempest.lib.common.rest_client [req-42cea347-ac73-4c57-b6c2-9f0cfd54f1c4 req-42cea347-ac73-4c57-b6c2-9f0cfd54f1c4 ] Request (AZAdminNegativeTestJSON:setUpClass): 204 PUT http://10.180.1.21/identity/v3/projects/cfd6a12327324b9f85118dfd48a8fa77/users/bece82b358f14cfd8016beb5cb1f10bf/roles/acd5777349bd48e5bffac74adfa2d281 0.035s
2025-11-22 04:00:25.551 66549 INFO tempest.lib.common.dynamic_creds [-] Dynamic test user bece82b358f14cfd8016beb5cb1f10bf is created with scope project and roles: ['member']
2025-11-22 04:00:25.551 66549 INFO tempest.lib.common.dynamic_creds [-] Acquired dynamic creds: credentials: Credentials: {'domain_id': 'default', 'domain_name': 'Default', 'username': 'tempest-AZAdminNegativeTestJSON-516668045-project-member', 'project_domain_id': 'default', 'project_domain_name': 'Default', 'project_id': 'cfd6a12327324b9f85118dfd48a8fa77', 'project_name': 'tempest-AZAdminNegativeTestJSON-516668045', 'tenant_id': 'cfd6a12327324b9f85118dfd48a8fa77', 'tenant_name': 'tempest-AZAdminNegativeTestJSON-516668045', 'user_domain_id': 'default', 'user_domain_name': 'Default', 'user_id': 'bece82b358f14cfd8016beb5cb1f10bf', 'system': None}, Network: None, Subnet: None, Router: None
2025-11-22 04:00:25.551 66549 INFO tempest.lib.common.dynamic_creds [-] Created isolated network resources for: credentials: Credentials: {'domain_id': 'default', 'domain_name': 'Default', 'username': 'tempest-AZAdminNegativeTestJSON-516668045-project-member', 'project_domain_id': 'default', 'project_domain_name': 'Default', 'project_id': 'cfd6a12327324b9f85118dfd48a8fa77', 'project_name': 'tempest-AZAdminNegativeTestJSON-516668045', 'tenant_id': 'cfd6a12327324b9f85118dfd48a8fa77', 'tenant_name': 'tempest-AZAdminNegativeTestJSON-516668045', 'user_domain_id': 'default', 'user_domain_name': 'Default', 'user_id': 'bece82b358f14cfd8016beb5cb1f10bf', 'system': None}, Network: None, Subnet: None, Router: None
2025-11-22 04:00:25.566 66547 INFO tempest.lib.common.rest_client [req-70367ca0-93ff-42e3-993d-ec079d66c5a2 req-70367ca0-93ff-42e3-993d-ec079d66c5a2 ] Request (MultipleCreateTestJSON:_run_cleanups): 200 GET http://10.180.1.21/compute/v2.1/servers/3b0ea3cf-ebc7-4384-9cde-1fcf6e606db9 1.511s
2025-11-22 04:00:25.638 66549 INFO tempest.lib.common.rest_client [req-c35d468d-3df5-4610-b792-8629e8036237 req-c35d468d-3df5-4610-b792-8629e8036237 ] Request (AZAdminNegativeTestJSON:setUpClass): 201 POST http://10.180.1.21/identity/v3/auth/tokens 0.083s
2025-11-22 04:00:25.671 66575 INFO tempest.lib.common.rest_client [req-d27c4ce6-c0b2-41cc-a803-26875fb610ea req-d27c4ce6-c0b2-41cc-a803-26875fb610ea ] Request (SecurityGroupsNegativeTestJSON:test_delete_the_default_security_group): 200 GET http://10.180.1.21/compute/v2.1/os-security-groups 1.458s
2025-11-22 04:00:25.721 66523 INFO tempest.lib.common.rest_client [req-ffe0b095-e38b-4759-b4a7-afce96f59cc6 req-ffe0b095-e38b-4759-b4a7-afce96f59cc6 ] Request (QuotasTestJSON:test_get_quotas): 200 GET http://10.180.1.21/compute/v2.1/os-quota-sets/f3e715be5b0244e4b9962dc77f8d4af2 1.507s
2025-11-22 04:00:25.725 66549 INFO tempest.lib.common.rest_client [req-6fd9a371-45f0-49d9-ad3d-0897eb81d873 req-6fd9a371-45f0-49d9-ad3d-0897eb81d873 ] Request (AZAdminNegativeTestJSON:setUpClass): 201 POST http://10.180.1.21/identity/v3/projects 0.085s
2025-11-22 04:00:25.837 66549 INFO tempest.lib.common.rest_client [req-8375adda-985f-47db-b8b5-4fe01370ddda req-8375adda-985f-47db-b8b5-4fe01370ddda ] Request (AZAdminNegativeTestJSON:setUpClass): 201 POST http://10.180.1.21/identity/v3/users 0.111s
2025-11-22 04:00:25.859 66549 INFO tempest.lib.common.rest_client [req-24310918-82d2-42d9-bc7e-8f956fad4517 req-24310918-82d2-42d9-bc7e-8f956fad4517 ] Request (AZAdminNegativeTestJSON:setUpClass): 200 GET http://10.180.1.21/identity/v3/roles 0.022s
2025-11-22 04:00:25.894 66549 INFO tempest.lib.common.rest_client [req-d4cfdf30-90ba-4981-ba9c-c864afcc4a40 req-d4cfdf30-90ba-4981-ba9c-c864afcc4a40 ] Request (AZAdminNegativeTestJSON:setUpClass): 204 PUT http://10.180.1.21/identity/v3/projects/fb060938e6f648699bea717ebd2529e8/users/75be21ffcefe41eea62c4eb1839e324c/roles/88fc2bdc41724d6f920082328d862343 0.034s
2025-11-22 04:00:25.898 66533 INFO tempest.lib.common.rest_client [req-e7e186ea-246e-42b6-ab4d-029de2515620 req-e7e186ea-246e-42b6-ab4d-029de2515620 ] Request (FloatingIPsAssociationTestJSON:test_associate_already_associated_floating_ip): 200 GET http://10.180.1.21/compute/v2.1/servers/a5f38726-a400-4b44-a069-f3514bfbaf28 1.068s
2025-11-22 04:00:25.973 66549 INFO tempest.lib.common.rest_client [req-d18cdcac-3c9c-49cf-8533-89c4c08f675b req-d18cdcac-3c9c-49cf-8533-89c4c08f675b ] Request (AZAdminNegativeTestJSON:setUpClass): 200 GET http://10.180.1.21/identity/v3/roles 0.078s
2025-11-22 04:00:25.996 66549 INFO tempest.lib.common.rest_client [req-c7bf6534-63d5-4fa3-b566-1b5264cc1819 req-c7bf6534-63d5-4fa3-b566-1b5264cc1819 ] Request (AZAdminNegativeTestJSON:setUpClass): 204 PUT http://10.180.1.21/identity/v3/projects/fb060938e6f648699bea717ebd2529e8/users/75be21ffcefe41eea62c4eb1839e324c/roles/88fc2bdc41724d6f920082328d862343 0.022s
2025-11-22 04:00:25.996 66549 INFO tempest.lib.common.dynamic_creds [-] Dynamic test user 75be21ffcefe41eea62c4eb1839e324c is created with scope project and roles: ['admin']
2025-11-22 04:00:25.997 66549 INFO tempest.lib.common.dynamic_creds [-] Acquired dynamic creds: credentials: Credentials: {'domain_id': 'default', 'domain_name': 'Default', 'username': 'tempest-AZAdminNegativeTestJSON-1244669975-project-admin', 'project_domain_id': 'default', 'project_domain_name': 'Default', 'project_id': 'fb060938e6f648699bea717ebd2529e8', 'project_name': 'tempest-AZAdminNegativeTestJSON-1244669975', 'tenant_id': 'fb060938e6f648699bea717ebd2529e8', 'tenant_name': 'tempest-AZAdminNegativeTestJSON-1244669975', 'user_domain_id': 'default', 'user_domain_name': 'Default', 'user_id': '75be21ffcefe41eea62c4eb1839e324c', 'system': None}, Network: None, Subnet: None, Router: None
2025-11-22 04:00:25.997 66549 INFO tempest.lib.common.dynamic_creds [-] Created isolated network resources for: credentials: Credentials: {'domain_id': 'default', 'domain_name': 'Default', 'username': 'tempest-AZAdminNegativeTestJSON-1244669975-project-admin', 'project_domain_id': 'default', 'project_domain_name': 'Default', 'project_id': 'fb060938e6f648699bea717ebd2529e8', 'project_name': 'tempest-AZAdminNegativeTestJSON-1244669975', 'tenant_id': 'fb060938e6f648699bea717ebd2529e8', 'tenant_name': 'tempest-AZAdminNegativeTestJSON-1244669975', 'user_domain_id': 'default', 'user_domain_name': 'Default', 'user_id': '75be21ffcefe41eea62c4eb1839e324c', 'system': None}, Network: None, Subnet: None, Router: None
2025-11-22 04:00:26.111 66549 INFO tempest.lib.common.rest_client [req-1cffc9e0-e525-4eb5-8937-d8fa97a19278 req-1cffc9e0-e525-4eb5-8937-d8fa97a19278 ] Request (AZAdminNegativeTestJSON:setUpClass): 201 POST http://10.180.1.21/identity/v3/auth/tokens 0.108s
2025-11-22 04:00:26.147 66579 INFO tempest.lib.common.rest_client [req-48e54e42-f896-476a-850d-c87e69b0ca40 req-48e54e42-f896-476a-850d-c87e69b0ca40 ] Request (SecurityGroupRulesNegativeTestJSON:tearDownClass): 202 DELETE http://10.180.1.21/compute/v2.1/os-security-groups/beb8fd1b-f119-499b-9b29-69418f7eb045 1.317s
2025-11-22 04:00:26.258 66529 INFO tempest.lib.common.rest_client [req-46eaa07e-4acd-4907-886c-1a32281683d2 req-46eaa07e-4acd-4907-886c-1a32281683d2 ] Request (ServersAaction247Test:tearDownClass): 204 DELETE http://10.180.1.21/compute/v2.1/servers/2384a2d6-2614-409c-bff7-55b27b24a9d1 1.360s
2025-11-22 04:00:26.283 66537 INFO tempest.lib.common.rest_client [req-2429d707-c6cc-41ec-9c83-0ea876b95cac req-2429d707-c6cc-41ec-9c83-0ea876b95cac ] Request (VolumesAdminNegativeTest:tearDownClass): 200 PUT http://10.180.1.21/networking/v2.0/routers/6c14b928-f2d1-400d-9841-f7460a4699de/remove_router_interface 0.972s
