2025-11-22 04:01:13.501 66523 INFO tempest.lib.common.rest_client [req-a175e13b-f46d-4b0c-8875-ba75c677c892 req-a175e13b-f46d-4b0c-8875-ba75c677c892 ] Request (VolumesTestJSON:tearDownClass): 404 GET http://10.180.1.21/volume/v3/volumes/505218ed-9eab-4c51-a8c3-12c6bc436f78 0.020s
2025-11-22 04:01:13.557 66523 INFO tempest.lib.common.rest_client [req-0df74f64-a3b9-4291-aa80-25cd4b8eafac req-0df74f64-a3b9-4291-aa80-25cd4b8eafac ] Request (VolumesTestJSON:tearDownClass): 202 DELETE http://10.180.1.21/volume/v3/volumes/a25961b4-bf49-4cf6-add5-effe38337d34 0.056s
2025-11-22 04:01:13.605 66523 INFO tempest.lib.common.rest_client [req-e65db4f3-6c0b-43ea-b142-4d6b0440658f req-e65db4f3-6c0b-43ea-b142-4d6b0440658f ] Request (VolumesTestJSON:tearDownClass): 200 GET http://10.180.1.21/volume/v3/volumes/a25961b4-bf49-4cf6-add5-effe38337d34 0.047s
2025-11-22 04:01:13.718 66565 INFO tempest.lib.common.rest_client [req-e142e603-bfe6-4d9e-ad55-e1866ac2c44d req-e142e603-bfe6-4d9e-ad55-e1866ac2c44d ] Request (AttachInterfacesUnderV243Test:tearDownClass): 204 DELETE http://10.180.1.21/networking/v2.0/subnets/237305e2-7155-46d0-aad9-826149b6b11d 0.508s
2025-11-22 04:01:14.520 66563 WARNING tempest.lib.common.ssh [-] Failed to establish authenticated ssh connection to cirros@10.180.180.212 ([Errno None] Unable to connect to port 22 on 10.180.180.212). Number attempts: 5. Retry after 6 seconds.: paramiko.ssh_exception.NoValidConnectionsError: [Errno None] Unable to connect to port 22 on 10.180.180.212
2025-11-22 04:01:14.636 66523 INFO tempest.lib.common.rest_client [req-0078344e-9e1a-425b-89ab-dfc82d4c6252 req-0078344e-9e1a-425b-89ab-dfc82d4c6252 ] Request (VolumesTestJSON:tearDownClass): 404 GET http://10.180.1.21/volume/v3/volumes/a25961b4-bf49-4cf6-add5-effe38337d34 0.020s
2025-11-22 04:01:14.644 66529 INFO tempest.lib.common.rest_client [req-4741faac-da18-4210-8978-c695be751614 req-4741faac-da18-4210-8978-c695be751614 ] Request (ServerMetadataTestJSON:setUpClass): 200 PUT http://10.180.1.21/networking/v2.0/routers/41802c18-272c-4950-8b94-647485417696/add_router_interface 1.304s
2025-11-22 04:01:14.644 66529 INFO tempest.lib.common.dynamic_creds [-] Created isolated network resources for: credentials: Credentials: {'domain_id': 'default', 'domain_name': 'Default', 'username': 'tempest-ServerMetadataTestJSON-691729706-project-member', 'project_domain_id': 'default', 'project_domain_name': 'Default', 'project_id': 'b4f30529fc9d4b419d52f4e46c75c09e', 'project_name': 'tempest-ServerMetadataTestJSON-691729706', 'tenant_id': 'b4f30529fc9d4b419d52f4e46c75c09e', 'tenant_name': 'tempest-ServerMetadataTestJSON-691729706', 'user_domain_id': 'default', 'user_domain_name': 'Default', 'user_id': '57f70a5681a941f39c57a52e7613b91d', 'system': None}, Network: {'id': '21b42458-3a99-4ca3-8652-b921907f7867', 'name': 'tempest-ServerMetadataTestJSON-1232548887-network', 'tenant_id': 'b4f30529fc9d4b419d52f4e46c75c09e', 'project_id': 'b4f30529fc9d4b419d52f4e46c75c09e', 'admin_state_up': True, 'mtu': 8950, 'status': 'ACTIVE', 'subnets': [], 'shared': False, 'port_security_enabled': True, 'router:external': False, 'provider:network_type': 'vlan', 'provider:physical_network': 'default', 'provider:segmentation_id': 483, 'availability_zone_hints': [], 'availability_zones': [], 'ipv4_address_scope': None, 'ipv6_address_scope': None, 'description': '', 'tags': [], 'created_at': '2025-11-22T04:01:11Z', 'updated_at': '2025-11-22T04:01:11Z', 'revision_number': 1}, Subnet: {'id': '5486b50d-8fb1-4a47-a92f-c10a8a33873e', 'name': 'tempest-ServerMetadataTestJSON-1232548887-subnet', 'tenant_id': 'b4f30529fc9d4b419d52f4e46c75c09e', 'network_id': '21b42458-3a99-4ca3-8652-b921907f7867', 'ip_version': 4, 'subnetpool_id': None, 'enable_dhcp': True, 'ipv6_ra_mode': None, 'ipv6_address_mode': None, 'gateway_ip': '192.168.128.1', 'cidr': '192.168.128.0/28', 'allocation_pools': [{'start': '192.168.128.2', 'end': '192.168.128.14'}], 'host_routes': [], 'dns_nameservers': [], 'description': '', 'router:external': False, 'service_types': [], 'tags': [], 'created_at': '2025-11-22T04:01:11Z', 'updated_at': '2025-11-22T04:01:11Z', 'revision_number': 0, 'project_id': 'b4f30529fc9d4b419d52f4e46c75c09e'}, Router: {'id': '41802c18-272c-4950-8b94-647485417696', 'name': 'tempest-ServerMetadataTestJSON-1232548887-router', 'tenant_id': 'b4f30529fc9d4b419d52f4e46c75c09e', 'admin_state_up': True, 'status': 'ACTIVE', 'external_gateway_info': {'network_id': 'ed3249cc-0a43-4de1-a5f5-4940d9c74af3', 'external_fixed_ips': [{'subnet_id': 'f83f4751-8aab-4337-b7b9-f3c70d626b23', 'ip_address': '10.180.180.215'}], 'enable_snat': True}, 'description': '', 'availability_zones': [], 'distributed': False, 'ha': False, 'availability_zone_hints': [], 'routes': [], 'flavor_id': None, 'tags': [], 'created_at': '2025-11-22T04:01:12Z', 'updated_at': '2025-11-22T04:01:13Z', 'revision_number': 2, 'project_id': 'b4f30529fc9d4b419d52f4e46c75c09e'}
2025-11-22 04:01:14.737 66537 INFO tempest.lib.common.rest_client [req-36743238-28d5-48cd-85d0-5beaf9db8157 req-36743238-28d5-48cd-85d0-5beaf9db8157 ] Request (ServersTestJSON:setUpClass): 200 GET http://10.180.1.21/compute/v2.1/servers/8cfc98a1-626c-4c89-89be-34121d69ba07 3.996s
2025-11-22 04:01:14.737 66529 INFO tempest.lib.common.rest_client [req-433e3b3a-d66b-4ce6-874e-8155587a2817 req-433e3b3a-d66b-4ce6-874e-8155587a2817 ] Request (ServerMetadataTestJSON:setUpClass): 201 POST http://10.180.1.21/identity/v3/auth/tokens 0.084s
2025-11-22 04:01:14.811 66523 INFO tempest.lib.common.rest_client [req-f9cfa4e4-8ef3-4d95-aa9d-ce188461b389 req-f9cfa4e4-8ef3-4d95-aa9d-ce188461b389 ] Request (VolumesTestJSON:tearDownClass): 204 DELETE http://10.180.1.21/identity/v3/users/3b4bae41ee0e47648b68ca2010210d97 0.175s
2025-11-22 04:01:14.812 66523 INFO tempest.lib.common.dynamic_creds [-] Deleting project and security group for project: ce05a92d36da4c9a8945c82c3a7286c4
2025-11-22 04:01:14.859 66529 INFO tempest.lib.common.rest_client [req-f5aa242c-8323-432a-84e0-c2c367c5412b req-f5aa242c-8323-432a-84e0-c2c367c5412b ] Request (ServerMetadataTestJSON:setUpClass): 201 POST http://10.180.1.21/identity/v3/auth/tokens 0.118s
2025-11-22 04:01:14.860 66529 INFO tempest.lib.common.fixed_network [-] (ServerMetadataTestJSON:setUpClass) Found network {'id': '21b42458-3a99-4ca3-8652-b921907f7867', 'name': 'tempest-ServerMetadataTestJSON-1232548887-network', 'tenant_id': 'b4f30529fc9d4b419d52f4e46c75c09e', 'project_id': 'b4f30529fc9d4b419d52f4e46c75c09e', 'admin_state_up': True, 'mtu': 8950, 'status': 'ACTIVE', 'subnets': [], 'shared': False, 'port_security_enabled': True, 'router:external': False, 'provider:network_type': 'vlan', 'provider:physical_network': 'default', 'provider:segmentation_id': 483, 'availability_zone_hints': [], 'availability_zones': [], 'ipv4_address_scope': None, 'ipv6_address_scope': None, 'description': '', 'tags': [], 'created_at': '2025-11-22T04:01:11Z', 'updated_at': '2025-11-22T04:01:11Z', 'revision_number': 1} available for tenant
2025-11-22 04:01:14.885 66551 INFO tempest.lib.common.rest_client [req-3359532b-6317-433c-ae7c-95db9b550646 req-3359532b-6317-433c-ae7c-95db9b550646 ] Request (FlavorsExtraSpecsTestJSON:tearDownClass): 204 DELETE http://10.180.1.21/networking/v2.0/security-groups/5f61bffd-7af6-413d-b18f-30df2f09fe9e 1.392s
2025-11-22 04:01:14.940 66523 INFO tempest.lib.common.rest_client [req-09a503dc-9b87-43e9-9cb8-90b2ddda3248 req-09a503dc-9b87-43e9-9cb8-90b2ddda3248 ] Request (VolumesTestJSON:tearDownClass): 201 POST http://10.180.1.21/identity/v3/auth/tokens 0.128s
2025-11-22 04:01:15.083 66551 INFO tempest.lib.common.rest_client [req-3d80b883-0278-4602-a9d0-ce1326d6920a req-3d80b883-0278-4602-a9d0-ce1326d6920a ] Request (FlavorsExtraSpecsTestJSON:tearDownClass): 204 DELETE http://10.180.1.21/identity/v3/projects/b0b4ec03791548daa375fa50f1058672 0.197s
2025-11-22 04:01:15.176 66551 INFO tempest.lib.common.rest_client [req-938c08d4-f0f3-44fb-9111-614e0d5859f7 req-938c08d4-f0f3-44fb-9111-614e0d5859f7 ] Request (HypervisorAdminNegativeTestJSON:setUpClass): 201 POST http://10.180.1.21/identity/v3/auth/tokens 0.092s
2025-11-22 04:01:15.228 66547 INFO tempest.lib.common.rest_client [req-d734dca2-7765-4d8e-93db-6c6ff38564ac req-d734dca2-7765-4d8e-93db-6c6ff38564ac ] Request (MultipleCreateTestJSON:test_multiple_create_with_reservation_return): 200 GET http://10.180.1.21/compute/v2.1/servers/0e1b6179-3636-4061-bfd1-c70a68632b60 4.553s
2025-11-22 04:01:15.236 66551 INFO tempest.lib.common.rest_client [req-d0c509fa-f2a3-4d5d-8639-61bbd4a04459 req-d0c509fa-f2a3-4d5d-8639-61bbd4a04459 ] Request (HypervisorAdminNegativeTestJSON:setUpClass): 201 POST http://10.180.1.21/identity/v3/auth/tokens 0.057s
2025-11-22 04:01:15.238 66547 INFO tempest.common.waiters [-] State transition "BUILD/None" ==> "BUILD/spawning" after 28 second wait
2025-11-22 04:01:15.272 66551 INFO tempest.lib.common.rest_client [req-223d7614-1a65-43db-bbac-82d7c8751689 req-223d7614-1a65-43db-bbac-82d7c8751689 ] Request (HypervisorAdminNegativeTestJSON:setUpClass): 200 GET http://10.180.1.21/identity/v3/domains?name=Default 0.036s
2025-11-22 04:01:15.311 66551 INFO tempest.lib.common.rest_client [req-5fad26e1-be0e-46ae-b486-fc55c0a3c108 req-5fad26e1-be0e-46ae-b486-fc55c0a3c108 ] Request (HypervisorAdminNegativeTestJSON:setUpClass): 201 POST http://10.180.1.21/identity/v3/projects 0.039s
2025-11-22 04:01:15.364 66565 INFO tempest.lib.common.rest_client [req-13167e78-cbc8-425f-92c5-397d1d90dbee req-13167e78-cbc8-425f-92c5-397d1d90dbee ] Request (AttachInterfacesUnderV243Test:tearDownClass): 204 DELETE http://10.180.1.21/networking/v2.0/networks/7a641612-69b1-4c8c-8a10-05e0a5884e63 1.645s
2025-11-22 04:01:15.380 66551 INFO tempest.lib.common.rest_client [req-0243d3a7-1cd5-47c5-9e34-45bb386e9241 req-0243d3a7-1cd5-47c5-9e34-45bb386e9241 ] Request (HypervisorAdminNegativeTestJSON:setUpClass): 201 POST http://10.180.1.21/identity/v3/users 0.067s
2025-11-22 04:01:15.403 66551 INFO tempest.lib.common.rest_client [req-83f0fceb-e78d-48fd-927a-73776d85fae5 req-83f0fceb-e78d-48fd-927a-73776d85fae5 ] Request (HypervisorAdminNegativeTestJSON:setUpClass): 200 GET http://10.180.1.21/identity/v3/roles 0.022s
2025-11-22 04:01:15.435 66521 INFO tempest.lib.common.rest_client [req-2e951c67-60ea-4088-92fb-301f308b65e0 req-2e951c67-60ea-4088-92fb-301f308b65e0 ] Request (ServersListShow2100Test:test_list_show_rebuild_update_server_2100): 202 POST http://10.180.1.21/compute/v2.1/servers/2450464a-6a96-4a9d-aca1-38fa49edd880/action 4.683s
2025-11-22 04:01:15.441 66551 INFO tempest.lib.common.rest_client [req-42b62e2b-ab45-4bc6-aa66-65d91201e69d req-42b62e2b-ab45-4bc6-aa66-65d91201e69d ] Request (HypervisorAdminNegativeTestJSON:setUpClass): 204 PUT http://10.180.1.21/identity/v3/projects/3143f27214d746dcbace633b1227e768/users/58cf7f06e0e54dbc98c4f57de46b2009/roles/acd5777349bd48e5bffac74adfa2d281 0.037s
2025-11-22 04:01:15.441 66551 INFO tempest.lib.common.dynamic_creds [-] Dynamic test user 58cf7f06e0e54dbc98c4f57de46b2009 is created with scope project and roles: ['member']
2025-11-22 04:01:15.442 66551 INFO tempest.lib.common.dynamic_creds [-] Acquired dynamic creds: credentials: Credentials: {'domain_id': 'default', 'domain_name': 'Default', 'username': 'tempest-HypervisorAdminNegativeTestJSON-932367151-project-member', 'project_domain_id': 'default', 'project_domain_name': 'Default', 'project_id': '3143f27214d746dcbace633b1227e768', 'project_name': 'tempest-HypervisorAdminNegativeTestJSON-932367151', 'tenant_id': '3143f27214d746dcbace633b1227e768', 'tenant_name': 'tempest-HypervisorAdminNegativeTestJSON-932367151', 'user_domain_id': 'default', 'user_domain_name': 'Default', 'user_id': '58cf7f06e0e54dbc98c4f57de46b2009', 'system': None}, Network: None, Subnet: None, Router: None
2025-11-22 04:01:15.442 66551 INFO tempest.lib.common.dynamic_creds [-] Created isolated network resources for: credentials: Credentials: {'domain_id': 'default', 'domain_name': 'Default', 'username': 'tempest-HypervisorAdminNegativeTestJSON-932367151-project-member', 'project_domain_id': 'default', 'project_domain_name': 'Default', 'project_id': '3143f27214d746dcbace633b1227e768', 'project_name': 'tempest-HypervisorAdminNegativeTestJSON-932367151', 'tenant_id': '3143f27214d746dcbace633b1227e768', 'tenant_name': 'tempest-HypervisorAdminNegativeTestJSON-932367151', 'user_domain_id': 'default', 'user_domain_name': 'Default', 'user_id': '58cf7f06e0e54dbc98c4f57de46b2009', 'system': None}, Network: None, Subnet: None, Router: None
2025-11-22 04:01:15.492 66523 INFO tempest.lib.common.rest_client [req-98816025-3e51-48f5-9740-2b3abdf0668b req-98816025-3e51-48f5-9740-2b3abdf0668b ] Request (VolumesTestJSON:tearDownClass): 200 GET http://10.180.1.21/networking/v2.0/security-groups?tenant_id=ce05a92d36da4c9a8945c82c3a7286c4&name=default 0.551s
2025-11-22 04:01:15.507 66565 INFO tempest.lib.common.rest_client [req-98effe65-a122-4e79-a266-4d8cd8598488 req-98effe65-a122-4e79-a266-4d8cd8598488 ] Request (AttachInterfacesUnderV243Test:tearDownClass): 204 DELETE http://10.180.1.21/identity/v3/users/845b906f02ff4404876335bf78f43c4d 0.143s
2025-11-22 04:01:15.507 66565 INFO tempest.lib.common.dynamic_creds [-] Deleting project and security group for project: 2e4ecc38af2b44d190185c0e32e1e3d0
2025-11-22 04:01:15.544 66551 INFO tempest.lib.common.rest_client [req-d220a8e2-1f30-4ad1-8c6f-589216508508 req-d220a8e2-1f30-4ad1-8c6f-589216508508 ] Request (HypervisorAdminNegativeTestJSON:setUpClass): 201 POST http://10.180.1.21/identity/v3/auth/tokens 0.094s
2025-11-22 04:01:15.573 66557 INFO tempest.lib.common.rest_client [req-87236f0b-2206-4a72-b076-f20d44288500 req-87236f0b-2206-4a72-b076-f20d44288500 ] Request (AttachInterfacesTestJSON:test_create_list_show_delete_interfaces_by_fixed_ip): 200 GET http://10.180.1.21/compute/v2.1/servers/427b8d20-c22e-43cc-8523-65defd17efaf/os-interface 4.790s
2025-11-22 04:01:15.661 66551 INFO tempest.lib.common.rest_client [req-500362ef-efe3-4848-8076-fcb70d048550 req-500362ef-efe3-4848-8076-fcb70d048550 ] Request (HypervisorAdminNegativeTestJSON:setUpClass): 201 POST http://10.180.1.21/identity/v3/projects 0.116s
2025-11-22 04:01:15.742 66546 WARNING tempest.lib.common.ssh [-] Failed to establish authenticated ssh connection to cirros@10.180.180.250 ([Errno None] Unable to connect to port 22 on 10.180.180.250). Number attempts: 5. Retry after 6 seconds.: paramiko.ssh_exception.NoValidConnectionsError: [Errno None] Unable to connect to port 22 on 10.180.180.250
2025-11-22 04:01:15.817 66551 INFO tempest.lib.common.rest_client [req-d6e6c961-b44e-45b3-a2d0-4da78db4d034 req-d6e6c961-b44e-45b3-a2d0-4da78db4d034 ] Request (HypervisorAdminNegativeTestJSON:setUpClass): 201 POST http://10.180.1.21/identity/v3/users 0.155s
2025-11-22 04:01:15.841 66523 INFO tempest.lib.common.rest_client [req-251ea557-891b-44a9-a478-5d3d86703528 req-251ea557-891b-44a9-a478-5d3d86703528 ] Request (VolumesTestJSON:tearDownClass): 204 DELETE http://10.180.1.21/networking/v2.0/security-groups/2cfa4713-0743-4830-aceb-64c82ff94581 0.348s
2025-11-22 04:01:15.848 66551 INFO tempest.lib.common.rest_client [req-19f79f24-9537-4942-90f5-da8c3b1e7a48 req-19f79f24-9537-4942-90f5-da8c3b1e7a48 ] Request (HypervisorAdminNegativeTestJSON:setUpClass): 200 GET http://10.180.1.21/identity/v3/roles 0.030s
2025-11-22 04:01:15.869 66539 INFO tempest.lib.common.rest_client [req-07e8f141-9263-451c-a1af-c939fe9eea6b req-07e8f141-9263-451c-a1af-c939fe9eea6b ] Request (ListServersNegativeTestJSON:setUpClass): 200 GET http://10.180.1.21/compute/v2.1/servers/09025781-ef8d-4894-a7b3-5da058a34d19 4.875s
2025-11-22 04:01:15.889 66565 INFO tempest.lib.common.rest_client [req-d0837579-dcad-4f26-b35c-78a37ee26377 req-d0837579-dcad-4f26-b35c-78a37ee26377 ] Request (AttachInterfacesUnderV243Test:tearDownClass): 200 GET http://10.180.1.21/networking/v2.0/security-groups?tenant_id=2e4ecc38af2b44d190185c0e32e1e3d0&name=default 0.381s
2025-11-22 04:01:15.896 66551 INFO tempest.lib.common.rest_client [req-e84be86d-75d3-4f79-93f0-f16b55d0f203 req-e84be86d-75d3-4f79-93f0-f16b55d0f203 ] Request (HypervisorAdminNegativeTestJSON:setUpClass): 204 PUT http://10.180.1.21/identity/v3/projects/fd69318241874131823a7268c79494c2/users/7e462b3fa95d4d38bb574dd378e82307/roles/88fc2bdc41724d6f920082328d862343 0.048s
2025-11-22 04:01:15.988 66551 INFO tempest.lib.common.rest_client [req-233cd828-2100-4dc8-a592-3019bb4eae35 req-233cd828-2100-4dc8-a592-3019bb4eae35 ] Request (HypervisorAdminNegativeTestJSON:setUpClass): 200 GET http://10.180.1.21/identity/v3/roles 0.092s
2025-11-22 04:01:16.030 66523 INFO tempest.lib.common.rest_client [req-c967aa4d-7633-41dc-9f3c-d88591697ff7 req-c967aa4d-7633-41dc-9f3c-d88591697ff7 ] Request (VolumesTestJSON:tearDownClass): 204 DELETE http://10.180.1.21/identity/v3/projects/ce05a92d36da4c9a8945c82c3a7286c4 0.189s
2025-11-22 04:01:16.078 66551 INFO tempest.lib.common.rest_client [req-df842eef-bbe0-4263-986e-5acc5c1e18a8 req-df842eef-bbe0-4263-986e-5acc5c1e18a8 ] Request (HypervisorAdminNegativeTestJSON:setUpClass): 204 PUT http://10.180.1.21/identity/v3/projects/fd69318241874131823a7268c79494c2/users/7e462b3fa95d4d38bb574dd378e82307/roles/88fc2bdc41724d6f920082328d862343 0.089s
2025-11-22 04:01:16.078 66551 INFO tempest.lib.common.dynamic_creds [-] Dynamic test user 7e462b3fa95d4d38bb574dd378e82307 is created with scope project and roles: ['admin']
2025-11-22 04:01:16.078 66551 INFO tempest.lib.common.dynamic_creds [-] Acquired dynamic creds: credentials: Credentials: {'domain_id': 'default', 'domain_name': 'Default', 'username': 'tempest-HypervisorAdminNegativeTestJSON-31964058-project-admin', 'project_domain_id': 'default', 'project_domain_name': 'Default', 'project_id': 'fd69318241874131823a7268c79494c2', 'project_name': 'tempest-HypervisorAdminNegativeTestJSON-31964058', 'tenant_id': 'fd69318241874131823a7268c79494c2', 'tenant_name': 'tempest-HypervisorAdminNegativeTestJSON-31964058', 'user_domain_id': 'default', 'user_domain_name': 'Default', 'user_id': '7e462b3fa95d4d38bb574dd378e82307', 'system': None}, Network: None, Subnet: None, Router: None
2025-11-22 04:01:16.078 66551 INFO tempest.lib.common.dynamic_creds [-] Created isolated network resources for: credentials: Credentials: {'domain_id': 'default', 'domain_name': 'Default', 'username': 'tempest-HypervisorAdminNegativeTestJSON-31964058-project-admin', 'project_domain_id': 'default', 'project_domain_name': 'Default', 'project_id': 'fd69318241874131823a7268c79494c2', 'project_name': 'tempest-HypervisorAdminNegativeTestJSON-31964058', 'tenant_id': 'fd69318241874131823a7268c79494c2', 'tenant_name': 'tempest-HypervisorAdminNegativeTestJSON-31964058', 'user_domain_id': 'default', 'user_domain_name': 'Default', 'user_id': '7e462b3fa95d4d38bb574dd378e82307', 'system': None}, Network: None, Subnet: None, Router: None
2025-11-22 04:01:16.090 66565 INFO tempest.lib.common.rest_client [req-a1381394-cde5-4757-9821-4ef0ebdc8777 req-a1381394-cde5-4757-9821-4ef0ebdc8777 ] Request (AttachInterfacesUnderV243Test:tearDownClass): 204 DELETE http://10.180.1.21/networking/v2.0/security-groups/ccf47686-01cd-41dc-98fe-8967c482dd2a 0.201s
2025-11-22 04:01:16.125 66533 INFO tempest.lib.common.rest_client [req-62ca8300-e937-4d10-b1a0-6368e60464ad req-62ca8300-e937-4d10-b1a0-6368e60464ad ] Request (FloatingIPsAssociationTestJSON:tearDownClass): 200 GET http://10.180.1.21/compute/v2.1/servers/a5f38726-a400-4b44-a069-f3514bfbaf28 4.997s
2025-11-22 04:01:16.229 66551 INFO tempest.lib.common.rest_client [req-17437a9d-aae7-4995-8766-5dbfd7af5ae4 req-17437a9d-aae7-4995-8766-5dbfd7af5ae4 ] Request (HypervisorAdminNegativeTestJSON:setUpClass): 201 POST http://10.180.1.21/identity/v3/auth/tokens 0.147s
2025-11-22 04:01:16.250 66565 INFO tempest.lib.common.rest_client [req-b1d6cc24-018e-4a70-933a-a57b7803e2af req-b1d6cc24-018e-4a70-933a-a57b7803e2af ] Request (AttachInterfacesUnderV243Test:tearDownClass): 204 DELETE http://10.180.1.21/identity/v3/projects/2e4ecc38af2b44d190185c0e32e1e3d0 0.160s
2025-11-22 04:01:16.340 66565 INFO tempest.lib.common.rest_client [req-cc265aa2-5f18-4128-9a29-ec50004ef2a2 req-cc265aa2-5f18-4128-9a29-ec50004ef2a2 ] Request (ServersTestBootFromVolume:setUpClass): 201 POST http://10.180.1.21/identity/v3/auth/tokens 0.088s
2025-11-22 04:01:16.382 66565 INFO tempest.lib.common.rest_client [req-c2a03e1b-0a47-4b56-b10e-131f89714292 req-c2a03e1b-0a47-4b56-b10e-131f89714292 ] Request (ServersTestBootFromVolume:setUpClass): 201 POST http://10.180.1.21/identity/v3/auth/tokens 0.040s
2025-11-22 04:01:16.418 66541 INFO tempest.lib.common.rest_client [req-78ac7e6b-4772-48e5-af80-c666ac6ab157 req-78ac7e6b-4772-48e5-af80-c666ac6ab157 ] Request (ServerShowV254Test:test_rebuild_server): 202 POST http://10.180.1.21/compute/v2.1/servers/a090d2e2-a6b5-4e8b-91b1-a94b8fd30e9d/action 5.205s
2025-11-22 04:01:16.419 66565 INFO tempest.lib.common.rest_client [req-083c2ac9-526b-454e-8064-f27dcc0400ac req-083c2ac9-526b-454e-8064-f27dcc0400ac ] Request (ServersTestBootFromVolume:setUpClass): 200 GET http://10.180.1.21/identity/v3/domains?name=Default 0.036s
2025-11-22 04:01:16.451 66565 INFO tempest.lib.common.rest_client [req-28d8cd43-1ba6-4986-9714-522dd33dc02c req-28d8cd43-1ba6-4986-9714-522dd33dc02c ] Request (ServersTestBootFromVolume:setUpClass): 201 POST http://10.180.1.21/identity/v3/projects 0.031s
2025-11-22 04:01:16.549 66565 INFO tempest.lib.common.rest_client [req-eb116347-4db6-4678-a0b6-04cc79d4a3d9 req-eb116347-4db6-4678-a0b6-04cc79d4a3d9 ] Request (ServersTestBootFromVolume:setUpClass): 201 POST http://10.180.1.21/identity/v3/users 0.097s
2025-11-22 04:01:16.573 66565 INFO tempest.lib.common.rest_client [req-b9c30999-be87-4ec6-a0be-ba3cfa8d0c3c req-b9c30999-be87-4ec6-a0be-ba3cfa8d0c3c ] Request (ServersTestBootFromVolume:setUpClass): 200 GET http://10.180.1.21/identity/v3/roles 0.023s
2025-11-22 04:01:16.581 66571 INFO tempest.lib.common.rest_client [req-18aac315-a7ff-434c-b462-d99bc95360fa req-18aac315-a7ff-434c-b462-d99bc95360fa ] Request (ServersAdminNegativeTestJSON:test_migrate_server_invalid_state): 202 POST http://10.180.1.21/compute/v2.1/servers 5.559s
2025-11-22 04:01:16.599 66527 INFO tempest.lib.common.rest_client [req-2001073a-37a2-410e-b644-2aa8760055e2 req-2001073a-37a2-410e-b644-2aa8760055e2 ] Request (ServerTagsTestJSON:test_create_delete_tag): 200 GET http://10.180.1.21/compute/v2.1/servers/68de0f7f-5b75-48f9-9a56-7089e36d2b42/tags 5.264s
2025-11-22 04:01:16.608 66565 INFO tempest.lib.common.rest_client [req-249caca3-5026-4ba9-a8be-93e53ac91be0 req-249caca3-5026-4ba9-a8be-93e53ac91be0 ] Request (ServersTestBootFromVolume:setUpClass): 204 PUT http://10.180.1.21/identity/v3/projects/a2e0849ecfa24cbc8717d9b22c8ff6a9/users/769a8c733ced41cba61c756faea70c24/roles/acd5777349bd48e5bffac74adfa2d281 0.035s
2025-11-22 04:01:16.609 66565 INFO tempest.lib.common.dynamic_creds [-] Dynamic test user 769a8c733ced41cba61c756faea70c24 is created with scope project and roles: ['member']
2025-11-22 04:01:16.609 66565 INFO tempest.lib.common.dynamic_creds [-] Acquired dynamic creds: credentials: Credentials: {'domain_id': 'default', 'domain_name': 'Default', 'username': 'tempest-ServersTestBootFromVolume-659118806-project-member', 'project_domain_id': 'default', 'project_domain_name': 'Default', 'project_id': 'a2e0849ecfa24cbc8717d9b22c8ff6a9', 'project_name': 'tempest-ServersTestBootFromVolume-659118806', 'tenant_id': 'a2e0849ecfa24cbc8717d9b22c8ff6a9', 'tenant_name': 'tempest-ServersTestBootFromVolume-659118806', 'user_domain_id': 'default', 'user_domain_name': 'Default', 'user_id': '769a8c733ced41cba61c756faea70c24', 'system': None}, Network: None, Subnet: None, Router: None
2025-11-22 04:01:16.680 66565 INFO tempest.lib.common.rest_client [req-bea8b263-d134-4719-8278-49631457b8d3 req-bea8b263-d134-4719-8278-49631457b8d3 ] Request (ServersTestBootFromVolume:setUpClass): 201 POST http://10.180.1.21/identity/v3/auth/tokens 0.070s
2025-11-22 04:01:16.728 66535 INFO tempest.lib.common.rest_client [req-914d9748-ac2d-4fa6-9796-138d119ddc1f req-914d9748-ac2d-4fa6-9796-138d119ddc1f ] Request (ServersTestManualDisk:setUpClass): 200 GET http://10.180.1.21/compute/v2.1/servers/f01dc932-1237-4ce5-bdce-ef3645dd22c5 5.509s
2025-11-22 04:01:16.736 66535 INFO tempest.common.waiters [-] State transition "BUILD/spawning" ==> "ACTIVE/None" after 51 second wait
2025-11-22 04:01:16.739 66579 INFO tempest.lib.common.rest_client [req-d45706a8-89dd-4c37-a4d2-79b73b5b1667 req-d45706a8-89dd-4c37-a4d2-79b73b5b1667 ] Request (AttachInterfacesV270Test:test_create_get_list_interfaces): 200 GET http://10.180.1.21/compute/v2.1/servers/f95e9fc5-48ad-43be-8ab1-807f9c6a5386 5.096s
2025-11-22 04:01:17.055 66565 INFO tempest.lib.common.rest_client [req-35315247-94bf-4de8-86f4-c364e0d0566b req-35315247-94bf-4de8-86f4-c364e0d0566b ] Request (ServersTestBootFromVolume:setUpClass): 201 POST http://10.180.1.21/networking/v2.0/networks 0.375s
2025-11-22 04:01:17.118 66531 INFO tempest.lib.common.rest_client [req-1bd1d643-c3c0-42f0-9f92-1e95828de7ec req-1bd1d643-c3c0-42f0-9f92-1e95828de7ec ] Request (DeleteServersTestJSON:test_delete_server_while_in_attached_volume): 200 GET http://10.180.1.21/compute/v2.1/servers/78215cf3-d956-45d0-8a23-8cd5d0e65cec 5.398s
2025-11-22 04:01:17.159 66549 INFO tempest.lib.common.rest_client [req-276bd451-4304-459f-b190-61d27d6e0a18 req-276bd451-4304-459f-b190-61d27d6e0a18 ] Request (FloatingIPsNegativeTestJSON:setUpClass): 200 GET http://10.180.1.21/compute/v2.1/os-floating-ips 5.350s
2025-11-22 04:01:17.325 66565 INFO tempest.lib.common.rest_client [req-669027f5-77fe-4673-840b-2ae5be602d4c req-669027f5-77fe-4673-840b-2ae5be602d4c ] Request (ServersTestBootFromVolume:setUpClass): 201 POST http://10.180.1.21/networking/v2.0/subnets 0.267s
2025-11-22 04:01:17.462 66555 INFO tempest.lib.common.rest_client [req-9785dc21-037b-4509-9d48-9afc1add0677 req-9785dc21-037b-4509-9d48-9afc1add0677 ] Request (InstanceActionsNegativeTestJSON:setUpClass): 200 GET http://10.180.1.21/compute/v2.1/servers/c4571114-c757-4d7c-9a63-bd09994f1749 5.411s
2025-11-22 04:01:17.856 66581 INFO tempest.lib.common.rest_client [req-54cf9601-5e90-4d9a-9562-c8998cf0bfac req-54cf9601-5e90-4d9a-9562-c8998cf0bfac ] Request (ImagesOneServerNegativeTestJSON:_run_cleanups): 200 GET http://10.180.1.21/compute/v2.1/servers/63de16b7-8dc2-4a33-9107-9c3dc44c10f0 5.887s
2025-11-22 04:01:17.864 66581 INFO tempest.common.waiters [-] State transition "BUILD/spawning" ==> "ACTIVE/None" after 42 second wait
2025-11-22 04:01:18.056 66573 INFO tempest.lib.common.rest_client [req-3aa3cfdd-79a0-4f0b-bbd3-8913673fbf5f req-3aa3cfdd-79a0-4f0b-bbd3-8913673fbf5f ] Request (ServerActionsTestOtherB:test_resize_server_confirm_from_stopped): 200 GET http://10.180.1.21/compute/v2.1/servers/61409d2c-bff9-489b-9f26-bed96b20ba25 5.924s
2025-11-22 04:01:18.136 66577 INFO tempest.lib.common.rest_client [req-a64bbb9d-185f-441c-98f7-9cdb9b4d828b req-a64bbb9d-185f-441c-98f7-9cdb9b4d828b ] Request (ServersAdminTestJSON:test_rebuild_server_in_error_state): 202 POST http://10.180.1.21/compute/v2.1/servers/147531b4-0ca1-4322-8775-b6b83d1aedfa/action 5.494s
2025-11-22 04:01:18.231 66565 INFO tempest.lib.common.rest_client [req-65d11609-a7da-4cdf-9289-f84a689b50cc req-65d11609-a7da-4cdf-9289-f84a689b50cc ] Request (ServersTestBootFromVolume:setUpClass): 201 POST http://10.180.1.21/networking/v2.0/routers 0.904s
2025-11-22 04:01:18.287 66583 INFO tempest.lib.common.rest_client [req-a780128f-33bd-4428-9b31-f157aec15980 req-a780128f-33bd-4428-9b31-f157aec15980 ] Request (ServersWithSpecificFlavorTestJSON:test_verify_created_server_ephemeral_disk): 200 GET http://10.180.1.21/compute/v2.1/servers/9d66e70c-f012-46f4-928c-139c7439f4af 5.553s
2025-11-22 04:01:18.397 66543 INFO tempest.lib.common.rest_client [req-b44ccd0a-d638-449a-a0f9-8ce6ced5374f req-b44ccd0a-d638-449a-a0f9-8ce6ced5374f ] Request (ListImageFiltersTestJSON:setUpClass): 202 POST http://10.180.1.21/compute/v2.1/servers/777f91b4-9564-4aec-b473-4a393af2465d/action 5.888s
2025-11-22 04:01:18.432 66561 INFO tempest.lib.common.rest_client [req-ceb01f6c-d61d-42a0-adc1-167d4dd91145 req-ceb01f6c-d61d-42a0-adc1-167d4dd91145 ] Request (ServersTestFqdnHostnames:tearDownClass): 404 GET http://10.180.1.21/compute/v2.1/servers/5d8ae394-6478-41d3-8bd3-5c10f54b14e3 4.904s
2025-11-22 04:01:18.571 66569 INFO tempest.lib.common.rest_client [req-7b1d7bf2-3dab-42d8-8f66-25233ebf8f3e req-7b1d7bf2-3dab-42d8-8f66-25233ebf8f3e ] Request (ServerDiagnosticsNegativeTest:test_get_server_diagnostics_by_non_admin): 200 GET http://10.180.1.21/compute/v2.1/servers/1097f4f6-0969-49a4-8ca8-5d958b0b8bfc 4.321s
2025-11-22 04:01:18.583 66569 INFO tempest.common.waiters [-] State transition "BUILD/scheduling" ==> "BUILD/None" after 5 second wait
2025-11-22 04:01:18.600 66559 INFO tempest.lib.common.rest_client [req-67384e9c-b354-4406-9e15-740ea982be99 req-67384e9c-b354-4406-9e15-740ea982be99 ] Request (MigrationsAdminTest:test_list_migrations_in_flavor_resize_situation): 200 GET http://10.180.1.21/compute/v2.1/servers/6e410dc7-bbec-4a14-891f-0588f1c95069 5.272s
2025-11-22 04:01:18.656 66525 INFO tempest.lib.common.rest_client [req-5e226efe-45f6-4e08-b58f-a6dd6dc619b4 req-5e226efe-45f6-4e08-b58f-a6dd6dc619b4 ] Request (ImagesTestJSON:test_create_server_from_snapshot): 200 GET http://10.180.1.21/compute/v2.1/servers/55e2cac9-535c-46aa-871b-16363ecc6a01 4.277s
2025-11-22 04:01:18.735 66521 INFO tempest.lib.common.rest_client [req-07071a4f-3883-41f8-bd28-5c32c29f36ed req-07071a4f-3883-41f8-bd28-5c32c29f36ed ] Request (ServersListShow2100Test:test_list_show_rebuild_update_server_2100): 200 GET http://10.180.1.21/compute/v2.1/servers/2450464a-6a96-4a9d-aca1-38fa49edd880 3.288s
2025-11-22 04:01:18.830 66537 INFO tempest.lib.common.rest_client [req-e5e893f8-70de-4437-8052-dc436ce737bb req-e5e893f8-70de-4437-8052-dc436ce737bb ] Request (ServersTestJSON:setUpClass): 200 GET http://10.180.1.21/compute/v2.1/servers/8cfc98a1-626c-4c89-89be-34121d69ba07 3.080s
2025-11-22 04:01:18.932 66551 INFO tempest.lib.common.rest_client [req-bc6298e4-1025-4b52-976d-9a77f3943fb3 req-bc6298e4-1025-4b52-976d-9a77f3943fb3 ] Request (HypervisorAdminNegativeTestJSON:test_get_hypervisor_list_details_with_non_admin_user): 403 GET http://10.180.1.21/compute/v2.1/os-hypervisors/detail 2.701s
2025-11-22 04:01:19.223 66565 INFO tempest.lib.common.rest_client [req-80f8b60d-5050-488c-a8a7-e448de36c6ef req-80f8b60d-5050-488c-a8a7-e448de36c6ef ] Request (ServersTestBootFromVolume:setUpClass): 200 PUT http://10.180.1.21/networking/v2.0/routers/86920638-12fb-4b25-a439-6914b12f44ac/add_router_interface 0.991s
2025-11-22 04:01:19.224 66565 INFO tempest.lib.common.dynamic_creds [-] Created isolated network resources for: credentials: Credentials: {'domain_id': 'default', 'domain_name': 'Default', 'username': 'tempest-ServersTestBootFromVolume-659118806-project-member', 'project_domain_id': 'default', 'project_domain_name': 'Default', 'project_id': 'a2e0849ecfa24cbc8717d9b22c8ff6a9', 'project_name': 'tempest-ServersTestBootFromVolume-659118806', 'tenant_id': 'a2e0849ecfa24cbc8717d9b22c8ff6a9', 'tenant_name': 'tempest-ServersTestBootFromVolume-659118806', 'user_domain_id': 'default', 'user_domain_name': 'Default', 'user_id': '769a8c733ced41cba61c756faea70c24', 'system': None}, Network: {'id': '9bb288b3-627b-4c77-87f4-e131514e046e', 'name': 'tempest-ServersTestBootFromVolume-1648268327-network', 'tenant_id': 'a2e0849ecfa24cbc8717d9b22c8ff6a9', 'project_id': 'a2e0849ecfa24cbc8717d9b22c8ff6a9', 'admin_state_up': True, 'mtu': 8950, 'status': 'ACTIVE', 'subnets': [], 'shared': False, 'port_security_enabled': True, 'router:external': False, 'provider:network_type': 'vlan', 'provider:physical_network': 'default', 'provider:segmentation_id': 26, 'availability_zone_hints': [], 'availability_zones': [], 'ipv4_address_scope': None, 'ipv6_address_scope': None, 'description': '', 'tags': [], 'created_at': '2025-11-22T04:01:16Z', 'updated_at': '2025-11-22T04:01:16Z', 'revision_number': 1}, Subnet: {'id': '142b4962-7c30-4200-8e3b-ab2079d3e603', 'name': 'tempest-ServersTestBootFromVolume-1648268327-subnet', 'tenant_id': 'a2e0849ecfa24cbc8717d9b22c8ff6a9', 'network_id': '9bb288b3-627b-4c77-87f4-e131514e046e', 'ip_version': 4, 'subnetpool_id': None, 'enable_dhcp': True, 'ipv6_ra_mode': None, 'ipv6_address_mode': None, 'gateway_ip': '192.168.128.1', 'cidr': '192.168.128.0/28', 'allocation_pools': [{'start': '192.168.128.2', 'end': '192.168.128.14'}], 'host_routes': [], 'dns_nameservers': [], 'description': '', 'router:external': False, 'service_types': [], 'tags': [], 'created_at': '2025-11-22T04:01:17Z', 'updated_at': '2025-11-22T04:01:17Z', 'revision_number': 0, 'project_id': 'a2e0849ecfa24cbc8717d9b22c8ff6a9'}, Router: {'id': '86920638-12fb-4b25-a439-6914b12f44ac', 'name': 'tempest-ServersTestBootFromVolume-1648268327-router', 'tenant_id': 'a2e0849ecfa24cbc8717d9b22c8ff6a9', 'admin_state_up': True, 'status': 'ACTIVE', 'external_gateway_info': {'network_id': 'ed3249cc-0a43-4de1-a5f5-4940d9c74af3', 'external_fixed_ips': [{'subnet_id': 'f83f4751-8aab-4337-b7b9-f3c70d626b23', 'ip_address': '10.180.180.199'}], 'enable_snat': True}, 'description': '', 'availability_zones': [], 'distributed': False, 'ha': False, 'availability_zone_hints': [], 'routes': [], 'flavor_id': None, 'tags': [], 'created_at': '2025-11-22T04:01:17Z', 'updated_at': '2025-11-22T04:01:17Z', 'revision_number': 2, 'project_id': 'a2e0849ecfa24cbc8717d9b22c8ff6a9'}
2025-11-22 04:01:19.339 66565 INFO tempest.lib.common.rest_client [req-fd4bffb8-2ae0-4f43-affd-a89f50a8f412 req-fd4bffb8-2ae0-4f43-affd-a89f50a8f412 ] Request (ServersTestBootFromVolume:setUpClass): 201 POST http://10.180.1.21/identity/v3/auth/tokens 0.107s
2025-11-22 04:01:19.355 66547 INFO tempest.lib.common.rest_client [req-3223a0d1-c268-447a-8b12-6e7f62a89981 req-3223a0d1-c268-447a-8b12-6e7f62a89981 ] Request (MultipleCreateTestJSON:test_multiple_create_with_reservation_return): 200 GET http://10.180.1.21/compute/v2.1/servers/0e1b6179-3636-4061-bfd1-c70a68632b60 3.116s
2025-11-22 04:01:19.496 66541 INFO tempest.lib.common.rest_client [req-e90c13e5-445c-44c6-975d-a5a05af7d0dc req-e90c13e5-445c-44c6-975d-a5a05af7d0dc ] Request (ServerShowV254Test:test_rebuild_server): 200 GET http://10.180.1.21/compute/v2.1/servers/a090d2e2-a6b5-4e8b-91b1-a94b8fd30e9d 3.071s
2025-11-22 04:01:19.536 66529 INFO tempest.lib.common.rest_client [req-4cce1782-1dc5-45ab-a623-237e87026f80 req-4cce1782-1dc5-45ab-a623-237e87026f80 ] Request (ServerMetadataTestJSON:setUpClass): 202 POST http://10.180.1.21/compute/v2.1/servers 4.675s
2025-11-22 04:01:19.590 66557 INFO tempest.lib.common.rest_client [req-9438f0ca-17a7-4918-855d-ce6aec87880e req-9438f0ca-17a7-4918-855d-ce6aec87880e ] Request (AttachInterfacesTestJSON:test_create_list_show_delete_interfaces_by_fixed_ip): 200 GET http://10.180.1.21/compute/v2.1/servers/427b8d20-c22e-43cc-8523-65defd17efaf/os-interface 3.013s
2025-11-22 04:01:19.610 66571 INFO tempest.lib.common.rest_client [req-dbee20ff-266f-49a4-b337-24e002b9248c req-dbee20ff-266f-49a4-b337-24e002b9248c ] Request (ServersAdminNegativeTestJSON:test_migrate_server_invalid_state): 200 GET http://10.180.1.21/compute/v2.1/servers/707744d0-cb16-48dd-be8b-4833791cce67 3.027s
2025-11-22 04:01:19.631 66557 INFO tempest.lib.common.rest_client [req-d6c90fa8-867f-44d4-93f9-61ea52966d49 req-d6c90fa8-867f-44d4-93f9-61ea52966d49 ] Request (AttachInterfacesTestJSON:_run_cleanups): 404 DELETE http://10.180.1.21/networking/v2.0/ports/846a443f-a1bf-48aa-9730-ad62325e9e76 0.038s
2025-11-22 04:01:19.689 66527 INFO tempest.lib.common.rest_client [req-632c01f5-285a-4bfe-9089-1e7b8447bbcb req-632c01f5-285a-4bfe-9089-1e7b8447bbcb ] Request (ServerTagsTestJSON:test_create_delete_tag): 204 DELETE http://10.180.1.21/compute/v2.1/servers/68de0f7f-5b75-48f9-9a56-7089e36d2b42/tags/tempest-tag-1922917562 3.089s
2025-11-22 04:01:19.699 66535 INFO tempest.lib.common.rest_client [req-64837367-ada0-403b-bdd7-fbefb6a43227 req-64837367-ada0-403b-bdd7-fbefb6a43227 ] Request (ServersTestManualDisk:setUpClass): 200 GET http://10.180.1.21/compute/v2.1/servers/f01dc932-1237-4ce5-bdce-ef3645dd22c5/os-interface 2.962s
2025-11-22 04:01:20.366 66535 INFO tempest.lib.common.rest_client [req-7f04c0cc-52cd-4d5f-ae71-e3a22d4adbeb req-7f04c0cc-52cd-4d5f-ae71-e3a22d4adbeb ] Request (ServersTestManualDisk:setUpClass): 200 PUT http://10.180.1.21/networking/v2.0/floatingips/f0cdbe4b-d6d4-4eba-bb0a-12436e28ea71 0.665s
2025-11-22 04:01:20.397 66539 INFO tempest.lib.common.rest_client [req-f925267b-4c4f-4c63-bc07-b4b735c8c617 req-f925267b-4c4f-4c63-bc07-b4b735c8c617 ] Request (ListServersNegativeTestJSON:setUpClass): 200 GET http://10.180.1.21/compute/v2.1/servers/09025781-ef8d-4894-a7b3-5da058a34d19 3.511s
2025-11-22 04:01:20.418 66533 INFO tempest.lib.common.rest_client [req-9652de61-dea4-4fd9-ab3d-82e0747ffc9e req-9652de61-dea4-4fd9-ab3d-82e0747ffc9e ] Request (FloatingIPsAssociationTestJSON:tearDownClass): 200 GET http://10.180.1.21/compute/v2.1/servers/a5f38726-a400-4b44-a069-f3514bfbaf28 3.284s
2025-11-22 04:01:20.466 66549 INFO tempest.lib.common.rest_client [req-c32db393-7ec4-455b-8ad4-5e72ddfd53dc req-c32db393-7ec4-455b-8ad4-5e72ddfd53dc ] Request (FloatingIPsNegativeTestJSON:test_allocate_floating_ip_from_nonexistent_pool): 404 POST http://10.180.1.21/compute/v2.1/os-floating-ips 3.303s
2025-11-22 04:01:20.758 66579 INFO tempest.lib.common.rest_client [req-af3ad435-c77f-4a67-8349-09fbc63aa384 req-af3ad435-c77f-4a67-8349-09fbc63aa384 ] Request (AttachInterfacesV270Test:test_create_get_list_interfaces): 200 GET http://10.180.1.21/compute/v2.1/servers/f95e9fc5-48ad-43be-8ab1-807f9c6a5386 3.002s
2025-11-22 04:01:20.775 66579 INFO tempest.common.waiters [-] State transition "BUILD/None" ==> "BUILD/spawning" after 34 second wait
2025-11-22 04:01:20.794 66581 INFO tempest.lib.common.rest_client [req-46b9e6ef-36b2-4478-a08c-47eff65d200b req-46b9e6ef-36b2-4478-a08c-47eff65d200b ] Request (ImagesOneServerNegativeTestJSON:setUp): 200 GET http://10.180.1.21/compute/v2.1/servers/63de16b7-8dc2-4a33-9107-9c3dc44c10f0 2.928s
2025-11-22 04:01:20.863 66531 INFO tempest.lib.common.rest_client [req-0b63aee0-d44e-482b-b5d0-460e88b3bc83 req-0b63aee0-d44e-482b-b5d0-460e88b3bc83 ] Request (DeleteServersTestJSON:test_delete_server_while_in_attached_volume): 200 GET http://10.180.1.21/compute/v2.1/servers/78215cf3-d956-45d0-8a23-8cd5d0e65cec 2.734s
2025-11-22 04:01:20.922 66543 INFO tempest.lib.common.rest_client [req-b763ddbf-8185-4e6b-bb97-1e424bf52b62 req-b763ddbf-8185-4e6b-bb97-1e424bf52b62 ] Request (ListImageFiltersTestJSON:setUpClass): 200 GET http://10.180.1.21/compute/v2.1/images/d0e50c68-457e-47bf-9e87-2201b54d18f5 2.524s
2025-11-22 04:01:20.939 66561 INFO tempest.lib.common.rest_client [req-d418cae8-4e0a-424c-bb58-50f2f0a8fd9a req-d418cae8-4e0a-424c-bb58-50f2f0a8fd9a ] Request (ServersTestFqdnHostnames:tearDownClass): 202 DELETE http://10.180.1.21/compute/v2.1/os-keypairs/tempest-keypair-584779779 2.507s
2025-11-22 04:01:21.071 66577 INFO tempest.lib.common.rest_client [req-9b6339eb-c2f7-4cef-93ba-d12ae90d8213 req-9b6339eb-c2f7-4cef-93ba-d12ae90d8213 ] Request (ServersAdminTestJSON:test_rebuild_server_in_error_state): 202 POST http://10.180.1.21/compute/v2.1/servers/147531b4-0ca1-4322-8775-b6b83d1aedfa/action 2.934s
2025-11-22 04:01:21.082 66551 INFO tempest.lib.common.rest_client [req-a53f565a-252a-4508-acc3-1c5fdf1c278a req-a53f565a-252a-4508-acc3-1c5fdf1c278a ] Request (HypervisorAdminNegativeTestJSON:test_get_hypervisor_list_with_non_admin_user): 403 GET http://10.180.1.21/compute/v2.1/os-hypervisors 2.149s
2025-11-22 04:01:21.095 66561 INFO tempest.lib.common.rest_client [req-9b447969-2877-4b5e-a8cd-d2c140db452c req-9b447969-2877-4b5e-a8cd-d2c140db452c ] Request (ServersTestFqdnHostnames:tearDownClass): 204 DELETE http://10.180.1.21/networking/v2.0/security-groups/e2366e46-3358-4f73-9eaa-ab48fb27e53c 0.155s
2025-11-22 04:01:21.167 66561 INFO tempest.lib.common.rest_client [req-09326e36-c4f5-4570-8644-d98cf7d745aa req-09326e36-c4f5-4570-8644-d98cf7d745aa ] Request (ServersTestFqdnHostnames:tearDownClass): 404 GET http://10.180.1.21/networking/v2.0/security-groups/e2366e46-3358-4f73-9eaa-ab48fb27e53c 0.071s
2025-11-22 04:01:21.180 66555 INFO tempest.lib.common.rest_client [req-64778118-398d-4576-a81d-ceca86d5a20d req-64778118-398d-4576-a81d-ceca86d5a20d ] Request (InstanceActionsNegativeTestJSON:setUpClass): 200 GET http://10.180.1.21/compute/v2.1/servers/c4571114-c757-4d7c-9a63-bd09994f1749 2.710s
2025-11-22 04:01:21.259 66573 INFO tempest.lib.common.rest_client [req-0def2059-5a1d-4231-8b85-2d1e7a2e8350 req-0def2059-5a1d-4231-8b85-2d1e7a2e8350 ] Request (ServerActionsTestOtherB:test_resize_server_confirm_from_stopped): 200 GET http://10.180.1.21/compute/v2.1/servers/61409d2c-bff9-489b-9f26-bed96b20ba25 2.193s
2025-11-22 04:01:21.286 66583 INFO tempest.lib.common.rest_client [req-0175d57a-e3b9-4cdd-a6d7-f4997d73db28 req-0175d57a-e3b9-4cdd-a6d7-f4997d73db28 ] Request (ServersWithSpecificFlavorTestJSON:test_verify_created_server_ephemeral_disk): 200 GET http://10.180.1.21/compute/v2.1/servers/9d66e70c-f012-46f4-928c-139c7439f4af 1.988s
2025-11-22 04:01:21.335 66565 INFO tempest.lib.common.rest_client [req-7c7106d0-d867-4a91-ad78-92138e9d25a1 req-7c7106d0-d867-4a91-ad78-92138e9d25a1 ] Request (ServersTestBootFromVolume:setUpClass): 200 POST http://10.180.1.21/compute/v2.1/os-keypairs 1.994s
2025-11-22 04:01:21.346 66529 INFO tempest.lib.common.rest_client [req-0eaa39ed-c69b-41fe-bf29-2a6a0e43df6a req-0eaa39ed-c69b-41fe-bf29-2a6a0e43df6a ] Request (ServerMetadataTestJSON:setUpClass): 200 GET http://10.180.1.21/compute/v2.1/servers/8a6d7813-ad0d-4afc-90f8-cb269921a61f 1.808s
2025-11-22 04:01:21.440 66561 INFO tempest.lib.common.rest_client [req-416ac5d3-34c8-4ef9-bbd8-514629890364 req-416ac5d3-34c8-4ef9-bbd8-514629890364 ] Request (ServersTestFqdnHostnames:tearDownClass): 204 DELETE http://10.180.1.21/networking/v2.0/floatingips/272365f2-425c-4fd6-a1b1-9e67fb0de0bc 0.272s
2025-11-22 04:01:21.448 66565 INFO tempest.lib.common.rest_client [req-7d033c97-0874-4f7e-bd9f-632843d4f5f8 req-7d033c97-0874-4f7e-bd9f-632843d4f5f8 ] Request (ServersTestBootFromVolume:setUpClass): 201 POST http://10.180.1.21/networking/v2.0/security-groups 0.112s
2025-11-22 04:01:21.464 66569 INFO tempest.lib.common.rest_client [req-a6406234-9c12-4039-8661-b20f4e49481d req-a6406234-9c12-4039-8661-b20f4e49481d ] Request (ServerDiagnosticsNegativeTest:test_get_server_diagnostics_by_non_admin): 200 GET http://10.180.1.21/compute/v2.1/servers/1097f4f6-0969-49a4-8ca8-5d958b0b8bfc 1.879s
2025-11-22 04:01:21.552 66557 INFO tempest.lib.common.rest_client [req-caa82198-ef45-4129-a54a-8163236c6714 req-caa82198-ef45-4129-a54a-8163236c6714 ] Request (AttachInterfacesTestJSON:_run_cleanups): 204 DELETE http://10.180.1.21/compute/v2.1/servers/427b8d20-c22e-43cc-8523-65defd17efaf 1.919s
2025-11-22 04:01:21.567 66565 INFO tempest.lib.common.rest_client [req-323fba3d-ae46-4504-8ef3-6d9e12eb191f req-323fba3d-ae46-4504-8ef3-6d9e12eb191f ] Request (ServersTestBootFromVolume:setUpClass): 201 POST http://10.180.1.21/networking/v2.0/security-group-rules 0.118s
2025-11-22 04:01:21.604 66559 INFO tempest.lib.common.rest_client [req-6a29d4ee-f094-4f07-b073-01e9719e7ea4 req-6a29d4ee-f094-4f07-b073-01e9719e7ea4 ] Request (MigrationsAdminTest:test_list_migrations_in_flavor_resize_situation): 200 GET http://10.180.1.21/compute/v2.1/servers/6e410dc7-bbec-4a14-891f-0588f1c95069 1.992s
2025-11-22 04:01:21.632 66527 INFO tempest.lib.common.rest_client [req-7c2bdec6-d5c3-423e-814f-ba55f174cb8f req-7c2bdec6-d5c3-423e-814f-ba55f174cb8f ] Request (ServerTagsTestJSON:test_create_delete_tag): 200 GET http://10.180.1.21/compute/v2.1/servers/68de0f7f-5b75-48f9-9a56-7089e36d2b42/tags 1.942s
2025-11-22 04:01:21.698 66565 INFO tempest.lib.common.rest_client [req-58a2999a-7204-442e-9b8e-2e34c9f3c91f req-58a2999a-7204-442e-9b8e-2e34c9f3c91f ] Request (ServersTestBootFromVolume:setUpClass): 201 POST http://10.180.1.21/networking/v2.0/security-group-rules 0.131s
2025-11-22 04:01:21.722 66525 INFO tempest.lib.common.rest_client [req-2976917b-20c3-44f9-b92e-0959df7c66be req-2976917b-20c3-44f9-b92e-0959df7c66be ] Request (ImagesTestJSON:test_create_server_from_snapshot): 200 GET http://10.180.1.21/compute/v2.1/servers/55e2cac9-535c-46aa-871b-16363ecc6a01 2.053s
2025-11-22 04:01:22.253 66546 WARNING tempest.lib.common.ssh [-] Failed to establish authenticated ssh connection to cirros@10.180.180.250 ([Errno None] Unable to connect to port 22 on 10.180.180.250). Number attempts: 6. Retry after 7 seconds.: paramiko.ssh_exception.NoValidConnectionsError: [Errno None] Unable to connect to port 22 on 10.180.180.250
2025-11-22 04:01:22.335 66565 INFO tempest.lib.common.rest_client [req-83f1d32e-8b1b-4204-86ae-653199e0163e req-83f1d32e-8b1b-4204-86ae-653199e0163e ] Request (ServersTestBootFromVolume:setUpClass): 201 POST http://10.180.1.21/networking/v2.0/floatingips 0.636s
2025-11-22 04:01:22.376 66521 INFO tempest.lib.common.rest_client [req-39670f92-b7c9-480e-ae92-f831835e4193 req-39670f92-b7c9-480e-ae92-f831835e4193 ] Request (ServersListShow2100Test:test_list_show_rebuild_update_server_2100): 200 GET http://10.180.1.21/compute/v2.1/servers/2450464a-6a96-4a9d-aca1-38fa49edd880 2.624s
2025-11-22 04:01:22.382 66565 INFO tempest.lib.common.rest_client [req-c4890961-a13e-48dd-aee5-ff6585add72b req-c4890961-a13e-48dd-aee5-ff6585add72b ] Request (ServersTestBootFromVolume:setUpClass): 201 POST http://10.180.1.21/identity/v3/auth/tokens 0.039s
2025-11-22 04:01:22.382 66565 INFO tempest.lib.common.fixed_network [-] (ServersTestBootFromVolume:setUpClass) Found network {'id': '9bb288b3-627b-4c77-87f4-e131514e046e', 'name': 'tempest-ServersTestBootFromVolume-1648268327-network', 'tenant_id': 'a2e0849ecfa24cbc8717d9b22c8ff6a9', 'project_id': 'a2e0849ecfa24cbc8717d9b22c8ff6a9', 'admin_state_up': True, 'mtu': 8950, 'status': 'ACTIVE', 'subnets': [], 'shared': False, 'port_security_enabled': True, 'router:external': False, 'provider:network_type': 'vlan', 'provider:physical_network': 'default', 'provider:segmentation_id': 26, 'availability_zone_hints': [], 'availability_zones': [], 'ipv4_address_scope': None, 'ipv6_address_scope': None, 'description': '', 'tags': [], 'created_at': '2025-11-22T04:01:16Z', 'updated_at': '2025-11-22T04:01:16Z', 'revision_number': 1} available for tenant
2025-11-22 04:01:22.435 66537 INFO tempest.lib.common.rest_client [req-18712678-431e-4780-b08e-adb643b9a1a3 req-18712678-431e-4780-b08e-adb643b9a1a3 ] Request (ServersTestJSON:setUpClass): 200 GET http://10.180.1.21/compute/v2.1/servers/8cfc98a1-626c-4c89-89be-34121d69ba07 2.593s
2025-11-22 04:01:22.475 66561 INFO tempest.lib.common.rest_client [req-8072954b-1f4a-48d7-b815-f45155b5e07b req-8072954b-1f4a-48d7-b815-f45155b5e07b ] Request (ServersTestFqdnHostnames:tearDownClass): 200 PUT http://10.180.1.21/networking/v2.0/routers/46d816bc-a89f-4fd7-8eef-cd34a386ea01/remove_router_interface 1.035s
2025-11-22 04:01:22.970 66565 INFO tempest.lib.common.rest_client [req-a5130616-8e92-4bbe-89c9-1ae2f2f70b8c req-a5130616-8e92-4bbe-89c9-1ae2f2f70b8c ] Request (ServersTestBootFromVolume:setUpClass): 202 POST http://10.180.1.21/volume/v3/volumes 0.587s
2025-11-22 04:01:23.028 66565 INFO tempest.lib.common.rest_client [req-47ea0ef2-fac2-45f5-b8d2-fd53b5b9173b req-47ea0ef2-fac2-45f5-b8d2-fd53b5b9173b ] Request (ServersTestBootFromVolume:setUpClass): 200 GET http://10.180.1.21/volume/v3/volumes/299c2ebf-35d1-4445-ab30-24dae7ac0b45 0.047s
2025-11-22 04:01:23.113 66561 INFO tempest.lib.common.rest_client [req-09b0f1be-eef5-4cdc-bcdf-8f6f4326aab2 req-09b0f1be-eef5-4cdc-bcdf-8f6f4326aab2 ] Request (ServersTestFqdnHostnames:tearDownClass): 204 DELETE http://10.180.1.21/networking/v2.0/routers/46d816bc-a89f-4fd7-8eef-cd34a386ea01 0.637s
2025-11-22 04:01:23.136 66535 INFO tempest.lib.common.rest_client [req-adecf9f2-98b2-4eca-8602-1e09832e9e87 req-adecf9f2-98b2-4eca-8602-1e09832e9e87 ] Request (ServersTestManualDisk:setUpClass): 200 GET http://10.180.1.21/compute/v2.1/servers/f01dc932-1237-4ce5-bdce-ef3645dd22c5 2.769s
2025-11-22 04:01:23.147 66535 INFO tempest.lib.common.ssh [-] Creating ssh connection to '10.180.180.221:22' as 'cirros' with public key authentication
2025-11-22 04:01:23.214 66547 INFO tempest.lib.common.rest_client [req-20fc3377-fb70-4847-b6ed-f1c712fb24ce req-20fc3377-fb70-4847-b6ed-f1c712fb24ce ] Request (MultipleCreateTestJSON:test_multiple_create_with_reservation_return): 200 GET http://10.180.1.21/compute/v2.1/servers/0e1b6179-3636-4061-bfd1-c70a68632b60 2.846s
2025-11-22 04:01:23.394 66561 INFO tempest.lib.common.rest_client [req-72c45e34-25cf-462c-9143-475a1155d040 req-72c45e34-25cf-462c-9143-475a1155d040 ] Request (ServersTestFqdnHostnames:tearDownClass): 204 DELETE http://10.180.1.21/networking/v2.0/subnets/ff15394b-3ab6-465d-affa-018954dcc88a 0.281s
2025-11-22 04:01:23.416 66549 INFO tempest.lib.common.rest_client [req-7dfc3110-dbe0-4e59-9753-5e8f0721aa38 req-7dfc3110-dbe0-4e59-9753-5e8f0721aa38 ] Request (FloatingIPsNegativeTestJSON:test_delete_nonexistent_floating_ip): 404 DELETE http://10.180.1.21/compute/v2.1/os-floating-ips/8d7774a5-d8c0-468a-bbdd-7c945aca854d 2.948s
2025-11-22 04:01:23.477 66541 INFO tempest.lib.common.rest_client [req-02c0dcc8-0d0a-487c-adef-2cac0a17ab98 req-02c0dcc8-0d0a-487c-adef-2cac0a17ab98 ] Request (ServerShowV254Test:test_rebuild_server): 200 GET http://10.180.1.21/compute/v2.1/servers/a090d2e2-a6b5-4e8b-91b1-a94b8fd30e9d 2.971s
2025-11-22 04:01:23.488 66541 INFO tempest.common.waiters [-] State transition "REBUILD/rebuild_block_device_mapping" ==> "REBUILD/rebuild_spawning" after 4 second wait
