2025-11-22 04:00:51.735 66563 WARNING tempest.lib.common.ssh [-] Failed to establish authenticated ssh connection to cirros@10.180.180.212 ([Errno None] Unable to connect to port 22 on 10.180.180.212). Number attempts: 2. Retry after 3 seconds.: paramiko.ssh_exception.NoValidConnectionsError: [Errno None] Unable to connect to port 22 on 10.180.180.212
2025-11-22 04:00:52.257 66555 INFO tempest.lib.common.rest_client [req-135fe584-e811-40ea-a9bb-9fcbc6e12be4 req-135fe584-e811-40ea-a9bb-9fcbc6e12be4 ] Request (InstanceActionsV221TestJSON:tearDownClass): 200 PUT http://10.180.1.21/networking/v2.0/routers/3aaeb155-93f8-4a5d-a7c9-fb6f9406b652/remove_router_interface 0.811s
2025-11-22 04:00:52.315 66541 INFO tempest.lib.common.rest_client [req-deb9f25d-2d87-4da3-a832-6adb485fae81 req-deb9f25d-2d87-4da3-a832-6adb485fae81 ] Request (ServerShowV254Test:test_rebuild_server): 200 GET http://10.180.1.21/compute/v2.1/servers/a090d2e2-a6b5-4e8b-91b1-a94b8fd30e9d 2.859s
2025-11-22 04:00:52.696 66555 INFO tempest.lib.common.rest_client [req-0fdde0e1-c8a6-4275-bf0a-0debb6915114 req-0fdde0e1-c8a6-4275-bf0a-0debb6915114 ] Request (InstanceActionsV221TestJSON:tearDownClass): 204 DELETE http://10.180.1.21/networking/v2.0/routers/3aaeb155-93f8-4a5d-a7c9-fb6f9406b652 0.439s
2025-11-22 04:00:53.057 66555 INFO tempest.lib.common.rest_client [req-ba6ea804-6694-4b1c-b95b-1358254284f1 req-ba6ea804-6694-4b1c-b95b-1358254284f1 ] Request (InstanceActionsV221TestJSON:tearDownClass): 204 DELETE http://10.180.1.21/networking/v2.0/subnets/3c1831c3-b750-441c-849d-9a53127a114b 0.360s
2025-11-22 04:00:53.150 66527 INFO tempest.lib.common.rest_client [req-a470b9f3-9c5d-447f-8c83-86585edd6636 req-a470b9f3-9c5d-447f-8c83-86585edd6636 ] Request (ServerTagsTestJSON:setUpClass): 200 GET http://10.180.1.21/compute/v2.1/servers/68de0f7f-5b75-48f9-9a56-7089e36d2b42 3.648s
2025-11-22 04:00:53.356 66529 INFO tempest.lib.common.rest_client [req-3e596d98-d051-49e8-a421-8e84ddaa6a93 req-3e596d98-d051-49e8-a421-8e84ddaa6a93 ] Request (ServersAaction247Test:tearDownClass): 200 GET http://10.180.1.21/compute/v2.1/servers/2384a2d6-2614-409c-bff7-55b27b24a9d1 3.840s
2025-11-22 04:00:53.399 66555 INFO tempest.lib.common.rest_client [req-d57de3a3-86b0-4a2e-b5aa-7bbfbd995fbc req-d57de3a3-86b0-4a2e-b5aa-7bbfbd995fbc ] Request (InstanceActionsV221TestJSON:tearDownClass): 204 DELETE http://10.180.1.21/networking/v2.0/networks/5f37a867-6844-45b5-9a1a-d89bbf3ea78e 0.341s
2025-11-22 04:00:53.506 66535 INFO tempest.lib.common.rest_client [req-6808fd85-ff1a-497c-81d2-e59e886f297d req-6808fd85-ff1a-497c-81d2-e59e886f297d ] Request (ServersTestManualDisk:setUpClass): 200 GET http://10.180.1.21/compute/v2.1/servers/f01dc932-1237-4ce5-bdce-ef3645dd22c5 3.923s
2025-11-22 04:00:53.588 66555 INFO tempest.lib.common.rest_client [req-51888242-800b-446a-9fd1-bd2a5a067f54 req-51888242-800b-446a-9fd1-bd2a5a067f54 ] Request (InstanceActionsV221TestJSON:tearDownClass): 204 DELETE http://10.180.1.21/identity/v3/users/9494a2a465e3449b922e17f811894eb0 0.189s
2025-11-22 04:00:53.588 66555 INFO tempest.lib.common.dynamic_creds [-] Deleting project and security group for project: d23f278f2d194944a8c498795d9e221d
2025-11-22 04:00:53.752 66555 INFO tempest.lib.common.rest_client [req-e3219291-940c-486a-a802-4e6fd2d39ce7 req-e3219291-940c-486a-a802-4e6fd2d39ce7 ] Request (InstanceActionsV221TestJSON:tearDownClass): 200 GET http://10.180.1.21/networking/v2.0/security-groups?tenant_id=d23f278f2d194944a8c498795d9e221d&name=default 0.163s
2025-11-22 04:00:53.769 66559 INFO tempest.lib.common.rest_client [req-4efa3ef1-e5d2-405b-8208-40596e2d2c11 req-4efa3ef1-e5d2-405b-8208-40596e2d2c11 ] Request (MigrationsAdminTest:test_list_migrations_in_flavor_resize_situation): 200 GET http://10.180.1.21/compute/v2.1/servers/6e410dc7-bbec-4a14-891f-0588f1c95069 4.047s
2025-11-22 04:00:53.899 66555 INFO tempest.lib.common.rest_client [req-d1f163da-b185-4cb3-b312-fcf17db18b22 req-d1f163da-b185-4cb3-b312-fcf17db18b22 ] Request (InstanceActionsV221TestJSON:tearDownClass): 204 DELETE http://10.180.1.21/networking/v2.0/security-groups/e69de8bb-8f7f-4a32-80de-d1a41b3d56fc 0.146s
2025-11-22 04:00:53.904 66577 INFO tempest.lib.common.rest_client [req-89edce14-61fe-4c1c-8424-a3f97a63e0fa req-89edce14-61fe-4c1c-8424-a3f97a63e0fa ] Request (ServersAdminTestJSON:test_list_servers_filter_by_error_status): 202 POST http://10.180.1.21/compute/v2.1/servers/147531b4-0ca1-4322-8775-b6b83d1aedfa/action 4.153s
2025-11-22 04:00:53.925 66569 INFO tempest.lib.common.rest_client [req-6e9a4eaa-6eaf-43e2-92d6-99d51f78c7f9 req-6e9a4eaa-6eaf-43e2-92d6-99d51f78c7f9 ] Request (VolumesAssistedSnapshotsTest:tearDownClass): 404 GET http://10.180.1.21/compute/v2.1/servers/b7eb4e9f-0957-43de-9f8a-a938761025a2 4.133s
2025-11-22 04:00:54.005 66521 INFO tempest.lib.common.rest_client [req-054911dc-0bea-4b94-abaf-201e8531d40b req-054911dc-0bea-4b94-abaf-201e8531d40b ] Request (ServersListShow2100Test:test_list_show_rebuild_update_server_2100): 200 GET http://10.180.1.21/compute/v2.1/servers/2450464a-6a96-4a9d-aca1-38fa49edd880 4.137s
2025-11-22 04:00:54.013 66555 INFO tempest.lib.common.rest_client [req-dbc18769-c2c1-46da-8197-1627b7c5ee5f req-dbc18769-c2c1-46da-8197-1627b7c5ee5f ] Request (InstanceActionsV221TestJSON:tearDownClass): 204 DELETE http://10.180.1.21/identity/v3/projects/d23f278f2d194944a8c498795d9e221d 0.114s
2025-11-22 04:00:54.018 66521 INFO tempest.common.waiters [-] State transition "BUILD/block_device_mapping" ==> "BUILD/spawning" after 34 second wait
2025-11-22 04:00:54.081 66555 INFO tempest.lib.common.rest_client [req-6dee3753-8f5b-4592-92fb-f569dd418313 req-6dee3753-8f5b-4592-92fb-f569dd418313 ] Request (InstanceActionsNegativeTestJSON:setUpClass): 201 POST http://10.180.1.21/identity/v3/auth/tokens 0.065s
2025-11-22 04:00:54.084 66523 INFO tempest.lib.common.rest_client [req-409e82b7-9e9c-433a-8671-4ddae2b1ade9 req-409e82b7-9e9c-433a-8671-4ddae2b1ade9 ] Request (VolumesTestJSON:test_volume_list_param_limit): 200 GET http://10.180.1.21/compute/v2.1/os-volumes?limit=2 4.035s
2025-11-22 04:00:54.119 66555 INFO tempest.lib.common.rest_client [req-fe54e3ce-e62f-4130-99a7-9f57e4e6efcc req-fe54e3ce-e62f-4130-99a7-9f57e4e6efcc ] Request (InstanceActionsNegativeTestJSON:setUpClass): 201 POST http://10.180.1.21/identity/v3/auth/tokens 0.033s
2025-11-22 04:00:54.145 66555 INFO tempest.lib.common.rest_client [req-d5b21f63-fc6b-47ae-99a5-4c7c751b3e6c req-d5b21f63-fc6b-47ae-99a5-4c7c751b3e6c ] Request (InstanceActionsNegativeTestJSON:setUpClass): 200 GET http://10.180.1.21/identity/v3/domains?name=Default 0.026s
2025-11-22 04:00:54.162 66565 INFO tempest.lib.common.rest_client [req-b1d8f240-cf3f-4030-9da2-78fb5f62de32 req-b1d8f240-cf3f-4030-9da2-78fb5f62de32 ] Request (AttachInterfacesUnderV243Test:_run_cleanups): 200 GET http://10.180.1.21/compute/v2.1/servers/758bf357-2efb-46de-81a6-686f610c9003 4.050s
2025-11-22 04:00:54.173 66555 INFO tempest.lib.common.rest_client [req-2095dcee-38d3-43b9-9afe-c8399d950f46 req-2095dcee-38d3-43b9-9afe-c8399d950f46 ] Request (InstanceActionsNegativeTestJSON:setUpClass): 201 POST http://10.180.1.21/identity/v3/projects 0.027s
2025-11-22 04:00:54.225 66579 INFO tempest.lib.common.rest_client [req-9a0591f2-90da-4c4c-aab5-a43f240044d2 req-9a0591f2-90da-4c4c-aab5-a43f240044d2 ] Request (AttachInterfacesV270Test:test_create_get_list_interfaces): 200 GET http://10.180.1.21/compute/v2.1/servers/f95e9fc5-48ad-43be-8ab1-807f9c6a5386 3.956s
2025-11-22 04:00:54.243 66579 INFO tempest.common.waiters [-] State transition "BUILD/scheduling" ==> "BUILD/None" after 8 second wait
2025-11-22 04:00:54.258 66555 INFO tempest.lib.common.rest_client [req-ddac827d-8a96-42ac-865b-bf75f9349673 req-ddac827d-8a96-42ac-865b-bf75f9349673 ] Request (InstanceActionsNegativeTestJSON:setUpClass): 201 POST http://10.180.1.21/identity/v3/users 0.084s
2025-11-22 04:00:54.287 66555 INFO tempest.lib.common.rest_client [req-7ac2a078-923c-41ac-86b1-92bd714ead2b req-7ac2a078-923c-41ac-86b1-92bd714ead2b ] Request (InstanceActionsNegativeTestJSON:setUpClass): 200 GET http://10.180.1.21/identity/v3/roles 0.028s
2025-11-22 04:00:54.289 66531 INFO tempest.lib.common.rest_client [req-6e82fc71-a050-4994-a701-81181fd38806 req-6e82fc71-a050-4994-a701-81181fd38806 ] Request (DeleteServersTestJSON:test_delete_server_while_in_attached_volume): 200 GET http://10.180.1.21/compute/v2.1/servers/78215cf3-d956-45d0-8a23-8cd5d0e65cec 4.002s
2025-11-22 04:00:54.297 66531 INFO tempest.common.waiters [-] State transition "BUILD/scheduling" ==> "BUILD/None" after 8 second wait
2025-11-22 04:00:54.326 66555 INFO tempest.lib.common.rest_client [req-884a6e41-9c65-4b96-aed4-abc6033c4b89 req-884a6e41-9c65-4b96-aed4-abc6033c4b89 ] Request (InstanceActionsNegativeTestJSON:setUpClass): 204 PUT http://10.180.1.21/identity/v3/projects/9939942abf6d46a9860910b38b8e0957/users/4668347a76784147b5b19984e0f88b02/roles/acd5777349bd48e5bffac74adfa2d281 0.039s
2025-11-22 04:00:54.326 66555 INFO tempest.lib.common.dynamic_creds [-] Dynamic test user 4668347a76784147b5b19984e0f88b02 is created with scope project and roles: ['member']
2025-11-22 04:00:54.327 66555 INFO tempest.lib.common.dynamic_creds [-] Acquired dynamic creds: credentials: Credentials: {'domain_id': 'default', 'domain_name': 'Default', 'username': 'tempest-InstanceActionsNegativeTestJSON-1095332923-project-member', 'project_domain_id': 'default', 'project_domain_name': 'Default', 'project_id': '9939942abf6d46a9860910b38b8e0957', 'project_name': 'tempest-InstanceActionsNegativeTestJSON-1095332923', 'tenant_id': '9939942abf6d46a9860910b38b8e0957', 'tenant_name': 'tempest-InstanceActionsNegativeTestJSON-1095332923', 'user_domain_id': 'default', 'user_domain_name': 'Default', 'user_id': '4668347a76784147b5b19984e0f88b02', 'system': None}, Network: None, Subnet: None, Router: None
2025-11-22 04:00:54.343 66581 INFO tempest.lib.common.rest_client [req-057fd5fc-b8f1-4c4a-b3db-6759d33b050c req-057fd5fc-b8f1-4c4a-b3db-6759d33b050c ] Request (ImagesOneServerNegativeTestJSON:_run_cleanups): 200 GET http://10.180.1.21/compute/v2.1/servers/63de16b7-8dc2-4a33-9107-9c3dc44c10f0 3.937s
2025-11-22 04:00:54.394 66555 INFO tempest.lib.common.rest_client [req-94e1436f-eb27-4118-ac64-5bae6e1378e1 req-94e1436f-eb27-4118-ac64-5bae6e1378e1 ] Request (InstanceActionsNegativeTestJSON:setUpClass): 201 POST http://10.180.1.21/identity/v3/auth/tokens 0.067s
2025-11-22 04:00:54.704 66555 INFO tempest.lib.common.rest_client [req-9f3a82ab-1928-4196-bb23-a44626aa3cbc req-9f3a82ab-1928-4196-bb23-a44626aa3cbc ] Request (InstanceActionsNegativeTestJSON:setUpClass): 201 POST http://10.180.1.21/networking/v2.0/networks 0.309s
2025-11-22 04:00:55.001 66546 WARNING tempest.lib.common.ssh [-] Failed to establish authenticated ssh connection to cirros@10.180.180.250 ([Errno None] Unable to connect to port 22 on 10.180.180.250). Number attempts: 1. Retry after 2 seconds.: paramiko.ssh_exception.NoValidConnectionsError: [Errno None] Unable to connect to port 22 on 10.180.180.250
2025-11-22 04:00:55.044 66555 INFO tempest.lib.common.rest_client [req-5edf4c12-14f5-4168-985b-761b61bd2062 req-5edf4c12-14f5-4168-985b-761b61bd2062 ] Request (InstanceActionsNegativeTestJSON:setUpClass): 201 POST http://10.180.1.21/networking/v2.0/subnets 0.339s
2025-11-22 04:00:55.146 66549 INFO tempest.lib.common.rest_client [req-7b9c5c5e-530c-4fc5-857e-cc10dd91bb8d req-7b9c5c5e-530c-4fc5-857e-cc10dd91bb8d ] Request (FloatingIPsTestJSON:test_delete_floating_ip): 200 POST http://10.180.1.21/compute/v2.1/os-floating-ips 4.729s
2025-11-22 04:00:55.188 66543 INFO tempest.lib.common.rest_client [req-a75f089f-ef83-4a07-8afe-5011a3c9315a req-a75f089f-ef83-4a07-8afe-5011a3c9315a ] Request (ListImageFiltersTestJSON:setUpClass): 200 GET http://10.180.1.21/compute/v2.1/images/2801093f-c483-43de-ad63-02e4d196cdfb 4.732s
2025-11-22 04:00:55.487 66573 INFO tempest.lib.common.rest_client [req-db172923-4a53-4153-b6f9-511fd89e28b8 req-db172923-4a53-4153-b6f9-511fd89e28b8 ] Request (ServerActionsTestOtherB:tearDown): 200 GET http://10.180.1.21/compute/v2.1/servers/61409d2c-bff9-489b-9f26-bed96b20ba25 4.958s
2025-11-22 04:00:55.689 66539 INFO tempest.lib.common.rest_client [req-3c8002cf-78c0-413f-bee0-491c3ef8c192 req-3c8002cf-78c0-413f-bee0-491c3ef8c192 ] Request (ListServersNegativeTestJSON:setUpClass): 200 GET http://10.180.1.21/compute/v2.1/servers/d5f71f46-5835-402f-a27e-e7e85b48ccbb 5.006s
2025-11-22 04:00:55.702 66539 INFO tempest.common.waiters [-] State transition "BUILD/spawning" ==> "ACTIVE/None" after 6 second wait
2025-11-22 04:00:55.842 66555 INFO tempest.lib.common.rest_client [req-b4b197c1-3852-4502-b0b9-366980020f4a req-b4b197c1-3852-4502-b0b9-366980020f4a ] Request (InstanceActionsNegativeTestJSON:setUpClass): 201 POST http://10.180.1.21/networking/v2.0/routers 0.797s
2025-11-22 04:00:55.867 66571 INFO tempest.lib.common.rest_client [req-69871770-6e55-496d-ac86-7597ffdd6df2 req-69871770-6e55-496d-ac86-7597ffdd6df2 ] Request (ServersAdminNegativeTestJSON:setUpClass): 200 GET http://10.180.1.21/compute/v2.1/servers/b7569349-f04f-40dc-a926-49bfbc4c8df4 5.122s
2025-11-22 04:00:55.880 66571 INFO tempest.common.waiters [-] State transition "BUILD/None" ==> "BUILD/networking" after 31 second wait
2025-11-22 04:00:56.201 66561 INFO tempest.lib.common.rest_client [req-49f3263c-1bce-4a74-8bb7-bed14d552086 req-49f3263c-1bce-4a74-8bb7-bed14d552086 ] Request (ServersTestFqdnHostnames:tearDownClass): 200 GET http://10.180.1.21/compute/v2.1/servers/5d8ae394-6478-41d3-8bd3-5c10f54b14e3 5.319s
2025-11-22 04:00:56.749 66555 INFO tempest.lib.common.rest_client [req-dce45c17-f520-4148-9fff-9ca0d99f3b08 req-dce45c17-f520-4148-9fff-9ca0d99f3b08 ] Request (InstanceActionsNegativeTestJSON:setUpClass): 200 PUT http://10.180.1.21/networking/v2.0/routers/79ffd14f-0920-4a8f-84c5-81cb289748f2/add_router_interface 0.906s
2025-11-22 04:00:56.749 66555 INFO tempest.lib.common.dynamic_creds [-] Created isolated network resources for: credentials: Credentials: {'domain_id': 'default', 'domain_name': 'Default', 'username': 'tempest-InstanceActionsNegativeTestJSON-1095332923-project-member', 'project_domain_id': 'default', 'project_domain_name': 'Default', 'project_id': '9939942abf6d46a9860910b38b8e0957', 'project_name': 'tempest-InstanceActionsNegativeTestJSON-1095332923', 'tenant_id': '9939942abf6d46a9860910b38b8e0957', 'tenant_name': 'tempest-InstanceActionsNegativeTestJSON-1095332923', 'user_domain_id': 'default', 'user_domain_name': 'Default', 'user_id': '4668347a76784147b5b19984e0f88b02', 'system': None}, Network: {'id': '36bc4812-5bfd-4b08-b2a1-7b4e2f70149d', 'name': 'tempest-InstanceActionsNegativeTestJSON-2022386653-network', 'tenant_id': '9939942abf6d46a9860910b38b8e0957', 'project_id': '9939942abf6d46a9860910b38b8e0957', 'admin_state_up': True, 'mtu': 8950, 'status': 'ACTIVE', 'subnets': [], 'shared': False, 'port_security_enabled': True, 'router:external': False, 'provider:network_type': 'vlan', 'provider:physical_network': 'default', 'provider:segmentation_id': 582, 'availability_zone_hints': [], 'availability_zones': [], 'ipv4_address_scope': None, 'ipv6_address_scope': None, 'description': '', 'tags': [], 'created_at': '2025-11-22T04:00:54Z', 'updated_at': '2025-11-22T04:00:54Z', 'revision_number': 1}, Subnet: {'id': '1e3c1a94-75b0-4a38-83af-b02238b1486b', 'name': 'tempest-InstanceActionsNegativeTestJSON-2022386653-subnet', 'tenant_id': '9939942abf6d46a9860910b38b8e0957', 'network_id': '36bc4812-5bfd-4b08-b2a1-7b4e2f70149d', 'ip_version': 4, 'subnetpool_id': None, 'enable_dhcp': True, 'ipv6_ra_mode': None, 'ipv6_address_mode': None, 'gateway_ip': '192.168.128.1', 'cidr': '192.168.128.0/28', 'allocation_pools': [{'start': '192.168.128.2', 'end': '192.168.128.14'}], 'host_routes': [], 'dns_nameservers': [], 'description': '', 'router:external': False, 'service_types': [], 'tags': [], 'created_at': '2025-11-22T04:00:54Z', 'updated_at': '2025-11-22T04:00:54Z', 'revision_number': 0, 'project_id': '9939942abf6d46a9860910b38b8e0957'}, Router: {'id': '79ffd14f-0920-4a8f-84c5-81cb289748f2', 'name': 'tempest-InstanceActionsNegativeTestJSON-2022386653-router', 'tenant_id': '9939942abf6d46a9860910b38b8e0957', 'admin_state_up': True, 'status': 'ACTIVE', 'external_gateway_info': {'network_id': 'ed3249cc-0a43-4de1-a5f5-4940d9c74af3', 'external_fixed_ips': [{'subnet_id': 'f83f4751-8aab-4337-b7b9-f3c70d626b23', 'ip_address': '10.180.180.246'}], 'enable_snat': True}, 'description': '', 'availability_zones': [], 'distributed': False, 'ha': False, 'availability_zone_hints': [], 'routes': [], 'flavor_id': None, 'tags': [], 'created_at': '2025-11-22T04:00:55Z', 'updated_at': '2025-11-22T04:00:55Z', 'revision_number': 2, 'project_id': '9939942abf6d46a9860910b38b8e0957'}
2025-11-22 04:00:56.776 66547 INFO tempest.lib.common.rest_client [req-3a444eb9-fd7f-408f-bff5-639b75bc1ed9 req-3a444eb9-fd7f-408f-bff5-639b75bc1ed9 ] Request (MultipleCreateTestJSON:test_multiple_create_with_reservation_return): 200 GET http://10.180.1.21/compute/v2.1/servers/0e1b6179-3636-4061-bfd1-c70a68632b60 5.835s
2025-11-22 04:00:56.860 66537 INFO tempest.lib.common.rest_client [req-c8b1d79f-5c3e-4795-9f5f-81dffee31463 req-c8b1d79f-5c3e-4795-9f5f-81dffee31463 ] Request (ServersTestJSON:setUpClass): 200 GET http://10.180.1.21/compute/v2.1/servers/8cfc98a1-626c-4c89-89be-34121d69ba07 5.863s
2025-11-22 04:00:56.861 66555 INFO tempest.lib.common.rest_client [req-5af95083-c440-4e5b-8594-6fb0dc62911e req-5af95083-c440-4e5b-8594-6fb0dc62911e ] Request (InstanceActionsNegativeTestJSON:setUpClass): 201 POST http://10.180.1.21/identity/v3/auth/tokens 0.107s
2025-11-22 04:00:56.869 66537 INFO tempest.common.waiters [-] State transition "BUILD/scheduling" ==> "BUILD/None" after 7 second wait
2025-11-22 04:00:56.904 66555 INFO tempest.lib.common.rest_client [req-3b47991d-5fda-40b1-a17d-eac02f95dfd0 req-3b47991d-5fda-40b1-a17d-eac02f95dfd0 ] Request (InstanceActionsNegativeTestJSON:setUpClass): 201 POST http://10.180.1.21/identity/v3/auth/tokens 0.039s
2025-11-22 04:00:56.904 66555 INFO tempest.lib.common.fixed_network [-] (InstanceActionsNegativeTestJSON:setUpClass) Found network {'id': '36bc4812-5bfd-4b08-b2a1-7b4e2f70149d', 'name': 'tempest-InstanceActionsNegativeTestJSON-2022386653-network', 'tenant_id': '9939942abf6d46a9860910b38b8e0957', 'project_id': '9939942abf6d46a9860910b38b8e0957', 'admin_state_up': True, 'mtu': 8950, 'status': 'ACTIVE', 'subnets': [], 'shared': False, 'port_security_enabled': True, 'router:external': False, 'provider:network_type': 'vlan', 'provider:physical_network': 'default', 'provider:segmentation_id': 582, 'availability_zone_hints': [], 'availability_zones': [], 'ipv4_address_scope': None, 'ipv6_address_scope': None, 'description': '', 'tags': [], 'created_at': '2025-11-22T04:00:54Z', 'updated_at': '2025-11-22T04:00:54Z', 'revision_number': 1} available for tenant
2025-11-22 04:00:56.989 66583 INFO tempest.lib.common.rest_client [req-4401d282-05b6-4134-9fb0-1406a381458b req-4401d282-05b6-4134-9fb0-1406a381458b ] Request (ServersWithSpecificFlavorTestJSON:test_verify_created_server_ephemeral_disk): 204 DELETE http://10.180.1.21/compute/v2.1/servers/58d37b3b-3d81-4d0e-acab-c13f2a70bdfe 5.827s
2025-11-22 04:00:57.073 66583 INFO tempest.lib.common.rest_client [req-6a6620db-4ea4-4d16-a099-a462c23bfd58 req-6a6620db-4ea4-4d16-a099-a462c23bfd58 ] Request (ServersWithSpecificFlavorTestJSON:test_verify_created_server_ephemeral_disk): 201 POST http://10.180.1.21/identity/v3/auth/tokens 0.080s
2025-11-22 04:00:57.073 66583 INFO tempest.lib.common.fixed_network [-] (ServersWithSpecificFlavorTestJSON:test_verify_created_server_ephemeral_disk) Found network {'id': '09d9f355-c695-435f-9767-d4035ca3c972', 'name': 'tempest-ServersWithSpecificFlavorTestJSON-1442447999-network', 'tenant_id': 'a97262ba0043405ea91c84a06eaec55a', 'project_id': 'a97262ba0043405ea91c84a06eaec55a', 'admin_state_up': True, 'mtu': 8950, 'status': 'ACTIVE', 'subnets': [], 'shared': False, 'port_security_enabled': True, 'router:external': False, 'provider:network_type': 'vlan', 'provider:physical_network': 'default', 'provider:segmentation_id': 547, 'availability_zone_hints': [], 'availability_zones': [], 'ipv4_address_scope': None, 'ipv6_address_scope': None, 'description': '', 'tags': [], 'created_at': '2025-11-22T03:58:07Z', 'updated_at': '2025-11-22T03:58:07Z', 'revision_number': 1} available for tenant
2025-11-22 04:00:57.085 66533 INFO tempest.lib.common.rest_client [req-9bcb1300-a991-427c-a123-1525fc84a0dc req-9bcb1300-a991-427c-a123-1525fc84a0dc ] Request (FloatingIPsAssociationTestJSON:_run_cleanups): 204 DELETE http://10.180.1.21/compute/v2.1/servers/a5f38726-a400-4b44-a069-f3514bfbaf28 5.702s
2025-11-22 04:00:57.100 66551 INFO tempest.lib.common.rest_client [req-63bed4a8-eb42-48f3-a20f-c64ada54a398 req-63bed4a8-eb42-48f3-a20f-c64ada54a398 ] Request (FlavorsExtraSpecsTestJSON:test_flavor_set_get_update_show_unset_keys): 200 GET http://10.180.1.21/compute/v2.1/flavors/1097786704/os-extra_specs 5.680s
2025-11-22 04:00:57.427 66525 INFO tempest.lib.common.rest_client [req-e045b229-f509-4a41-b407-5783fd278551 req-e045b229-f509-4a41-b407-5783fd278551 ] Request (ImagesTestJSON:test_create_server_from_snapshot): 202 POST http://10.180.1.21/compute/v2.1/servers 5.767s
2025-11-22 04:00:57.552 66541 INFO tempest.lib.common.rest_client [req-ff2f75ac-601a-4a88-a811-136903aaccb9 req-ff2f75ac-601a-4a88-a811-136903aaccb9 ] Request (ServerShowV254Test:test_rebuild_server): 200 GET http://10.180.1.21/compute/v2.1/servers/a090d2e2-a6b5-4e8b-91b1-a94b8fd30e9d 4.224s
2025-11-22 04:00:57.763 66577 INFO tempest.lib.common.rest_client [req-ffb8071d-9e6d-4d37-bafb-d080c3f6ec8e req-ffb8071d-9e6d-4d37-bafb-d080c3f6ec8e ] Request (ServersAdminTestJSON:test_list_servers_filter_by_error_status): 200 GET http://10.180.1.21/compute/v2.1/servers?status=error 3.858s
2025-11-22 04:00:57.783 66569 INFO tempest.lib.common.rest_client [req-59810845-c2df-4890-8fd6-0ab90893febc req-59810845-c2df-4890-8fd6-0ab90893febc ] Request (VolumesAssistedSnapshotsTest:tearDownClass): 202 DELETE http://10.180.1.21/compute/v2.1/os-keypairs/tempest-keypair-977552787 3.857s
2025-11-22 04:00:57.856 66523 INFO tempest.lib.common.rest_client [req-46cebf62-831e-487f-8907-4a686404db6c req-46cebf62-831e-487f-8907-4a686404db6c ] Request (VolumesTestJSON:test_volume_list_param_offset_and_limit): 200 GET http://10.180.1.21/compute/v2.1/os-volumes 3.766s
2025-11-22 04:00:57.917 66569 INFO tempest.lib.common.rest_client [req-2cc23a8b-25c7-44e5-bd9c-19122b5e23e0 req-2cc23a8b-25c7-44e5-bd9c-19122b5e23e0 ] Request (VolumesAssistedSnapshotsTest:tearDownClass): 204 DELETE http://10.180.1.21/networking/v2.0/security-groups/028bf773-85e2-4b3a-ab23-22af2b7cee97 0.133s
2025-11-22 04:00:58.006 66569 INFO tempest.lib.common.rest_client [req-a5148750-17c8-4aa8-8ec1-05e207879b5b req-a5148750-17c8-4aa8-8ec1-05e207879b5b ] Request (VolumesAssistedSnapshotsTest:tearDownClass): 404 GET http://10.180.1.21/networking/v2.0/security-groups/028bf773-85e2-4b3a-ab23-22af2b7cee97 0.089s
2025-11-22 04:00:58.072 66546 WARNING tempest.lib.common.ssh [-] Failed to establish authenticated ssh connection to cirros@10.180.180.250 ([Errno None] Unable to connect to port 22 on 10.180.180.250). Number attempts: 2. Retry after 3 seconds.: paramiko.ssh_exception.NoValidConnectionsError: [Errno None] Unable to connect to port 22 on 10.180.180.250
2025-11-22 04:00:58.078 66527 INFO tempest.lib.common.rest_client [req-3f0c8267-3790-4d5d-a0ad-df0411ab5143 req-3f0c8267-3790-4d5d-a0ad-df0411ab5143 ] Request (ServerTagsTestJSON:setUpClass): 200 GET http://10.180.1.21/compute/v2.1/servers/68de0f7f-5b75-48f9-9a56-7089e36d2b42 3.916s
2025-11-22 04:00:58.095 66527 INFO tempest.common.waiters [-] State transition "BUILD/spawning" ==> "ACTIVE/None" after 40 second wait
2025-11-22 04:00:58.178 66529 INFO tempest.lib.common.rest_client [req-f0f819fc-4528-47d1-814a-48d263b23a06 req-f0f819fc-4528-47d1-814a-48d263b23a06 ] Request (ServersAaction247Test:tearDownClass): 200 GET http://10.180.1.21/compute/v2.1/servers/2384a2d6-2614-409c-bff7-55b27b24a9d1 3.809s
2025-11-22 04:00:58.308 66535 INFO tempest.lib.common.rest_client [req-63cafaf8-671a-41de-b41c-fd2f6ece7eb6 req-63cafaf8-671a-41de-b41c-fd2f6ece7eb6 ] Request (ServersTestManualDisk:setUpClass): 200 GET http://10.180.1.21/compute/v2.1/servers/f01dc932-1237-4ce5-bdce-ef3645dd22c5 3.784s
2025-11-22 04:00:58.328 66563 WARNING tempest.lib.common.ssh [-] Failed to establish authenticated ssh connection to cirros@10.180.180.212 ([Errno None] Unable to connect to port 22 on 10.180.180.212). Number attempts: 3. Retry after 4 seconds.: paramiko.ssh_exception.NoValidConnectionsError: [Errno None] Unable to connect to port 22 on 10.180.180.212
2025-11-22 04:00:58.424 66569 INFO tempest.lib.common.rest_client [req-d064746c-2c20-40c5-b900-7441b467adc7 req-d064746c-2c20-40c5-b900-7441b467adc7 ] Request (VolumesAssistedSnapshotsTest:tearDownClass): 204 DELETE http://10.180.1.21/networking/v2.0/floatingips/3120888b-41d9-4f94-9879-bc3dd49b7b09 0.417s
2025-11-22 04:00:58.446 66569 INFO tempest.lib.common.rest_client [req-dfc3298e-f91e-471d-ae01-b14f994f5da9 req-dfc3298e-f91e-471d-ae01-b14f994f5da9 ] Request (VolumesAssistedSnapshotsTest:tearDownClass): 404 DELETE http://10.180.1.21/volume/v3/volumes/ca5b9e3f-5768-4506-8070-019eee6ae048 0.022s
2025-11-22 04:00:58.464 66569 INFO tempest.lib.common.rest_client [req-ca254b30-4124-4264-940e-69e5e7d18d50 req-ca254b30-4124-4264-940e-69e5e7d18d50 ] Request (VolumesAssistedSnapshotsTest:tearDownClass): 404 GET http://10.180.1.21/volume/v3/volumes/ca5b9e3f-5768-4506-8070-019eee6ae048 0.018s
2025-11-22 04:00:58.492 66559 INFO tempest.lib.common.rest_client [req-8ec0344a-9f67-4c36-bca1-a0bc40bf68e1 req-8ec0344a-9f67-4c36-bca1-a0bc40bf68e1 ] Request (MigrationsAdminTest:test_list_migrations_in_flavor_resize_situation): 200 GET http://10.180.1.21/compute/v2.1/servers/6e410dc7-bbec-4a14-891f-0588f1c95069 3.714s
2025-11-22 04:00:58.508 66559 INFO tempest.common.waiters [-] State transition "RESIZE/resize_prep" ==> "RESIZE/resize_migrating" after 36 second wait
2025-11-22 04:00:58.594 66521 INFO tempest.lib.common.rest_client [req-5d816355-58cc-4948-b27f-4892bd2f1679 req-5d816355-58cc-4948-b27f-4892bd2f1679 ] Request (ServersListShow2100Test:test_list_show_rebuild_update_server_2100): 200 GET http://10.180.1.21/compute/v2.1/servers/2450464a-6a96-4a9d-aca1-38fa49edd880 3.575s
2025-11-22 04:00:58.606 66521 INFO tempest.common.waiters [-] State transition "BUILD/spawning" ==> "ACTIVE/None" after 38 second wait
2025-11-22 04:00:59.070 66549 INFO tempest.lib.common.rest_client [req-1ed5e87d-db48-4d12-a101-1b4c2e766885 req-1ed5e87d-db48-4d12-a101-1b4c2e766885 ] Request (FloatingIPsTestJSON:test_delete_floating_ip): 202 DELETE http://10.180.1.21/compute/v2.1/os-floating-ips/127a32d8-f9ba-4ac3-9c0b-db9f320f8e9d 3.921s
2025-11-22 04:00:59.189 66565 INFO tempest.lib.common.rest_client [req-b2464074-8843-48bd-a4f8-716a5338fc8b req-b2464074-8843-48bd-a4f8-716a5338fc8b ] Request (AttachInterfacesUnderV243Test:_run_cleanups): 200 GET http://10.180.1.21/compute/v2.1/servers/758bf357-2efb-46de-81a6-686f610c9003 4.017s
2025-11-22 04:00:59.340 66579 INFO tempest.lib.common.rest_client [req-a3386d86-cd36-409c-8dac-687f6b4e3685 req-a3386d86-cd36-409c-8dac-687f6b4e3685 ] Request (AttachInterfacesV270Test:test_create_get_list_interfaces): 200 GET http://10.180.1.21/compute/v2.1/servers/f95e9fc5-48ad-43be-8ab1-807f9c6a5386 4.096s
2025-11-22 04:00:59.374 66569 INFO tempest.lib.common.rest_client [req-98966117-dd07-40b2-b3d9-4be14b630307 req-98966117-dd07-40b2-b3d9-4be14b630307 ] Request (VolumesAssistedSnapshotsTest:tearDownClass): 200 PUT http://10.180.1.21/networking/v2.0/routers/b42a8c43-62a3-4598-873b-31348d2f8ba6/remove_router_interface 0.909s
2025-11-22 04:00:59.439 66531 INFO tempest.lib.common.rest_client [req-417bcbce-bd09-43de-8913-fea99187753a req-417bcbce-bd09-43de-8913-fea99187753a ] Request (DeleteServersTestJSON:test_delete_server_while_in_attached_volume): 200 GET http://10.180.1.21/compute/v2.1/servers/78215cf3-d956-45d0-8a23-8cd5d0e65cec 4.140s
2025-11-22 04:00:59.866 66569 INFO tempest.lib.common.rest_client [req-63c29eab-bf03-49d2-a5af-13dfa9197dfb req-63c29eab-bf03-49d2-a5af-13dfa9197dfb ] Request (VolumesAssistedSnapshotsTest:tearDownClass): 204 DELETE http://10.180.1.21/networking/v2.0/routers/b42a8c43-62a3-4598-873b-31348d2f8ba6 0.491s
2025-11-22 04:00:59.895 66581 INFO tempest.lib.common.rest_client [req-e3f9fe1f-d854-4329-ba19-848f7f60ba81 req-e3f9fe1f-d854-4329-ba19-848f7f60ba81 ] Request (ImagesOneServerNegativeTestJSON:_run_cleanups): 200 GET http://10.180.1.21/compute/v2.1/servers/63de16b7-8dc2-4a33-9107-9c3dc44c10f0 4.543s
2025-11-22 04:01:00.050 66569 INFO tempest.lib.common.rest_client [req-4d7f7481-f207-49e7-9810-d7e08e578c64 req-4d7f7481-f207-49e7-9810-d7e08e578c64 ] Request (VolumesAssistedSnapshotsTest:tearDownClass): 204 DELETE http://10.180.1.21/networking/v2.0/subnets/db9c621f-1307-45af-8ec3-bd897f4422f5 0.184s
2025-11-22 04:01:00.089 66557 INFO tempest.lib.common.rest_client [req-5642290b-f0f9-4abd-a406-9d3992c01afd req-5642290b-f0f9-4abd-a406-9d3992c01afd ] Request (AttachInterfacesTestJSON:test_create_list_show_delete_interfaces_by_fixed_ip): 200 POST http://10.180.1.21/compute/v2.1/servers/427b8d20-c22e-43cc-8523-65defd17efaf/os-interface 11.770s
2025-11-22 04:01:00.151 66573 INFO tempest.lib.common.rest_client [req-096773ad-2fa3-47da-9919-5db9610bef36 req-096773ad-2fa3-47da-9919-5db9610bef36 ] Request (ServerActionsTestOtherB:setUp): 200 GET http://10.180.1.21/compute/v2.1/servers/61409d2c-bff9-489b-9f26-bed96b20ba25 4.653s
2025-11-22 04:01:00.202 66543 INFO tempest.lib.common.rest_client [req-046f8807-de40-4ab9-8de1-1953df9a245f req-046f8807-de40-4ab9-8de1-1953df9a245f ] Request (ListImageFiltersTestJSON:setUpClass): 200 GET http://10.180.1.21/compute/v2.1/images/2801093f-c483-43de-ad63-02e4d196cdfb 4.010s
2025-11-22 04:01:00.411 66539 INFO tempest.lib.common.rest_client [req-78bb34a4-0794-4a7d-a02e-68ac30df814a req-78bb34a4-0794-4a7d-a02e-68ac30df814a ] Request (ListServersNegativeTestJSON:setUpClass): 200 GET http://10.180.1.21/compute/v2.1/servers/dddf13f5-e534-4740-a706-e215f46afc82 4.708s
2025-11-22 04:01:00.433 66569 INFO tempest.lib.common.rest_client [req-200c925c-b9c9-4cfb-81be-4ca1d4c8012c req-200c925c-b9c9-4cfb-81be-4ca1d4c8012c ] Request (VolumesAssistedSnapshotsTest:tearDownClass): 204 DELETE http://10.180.1.21/networking/v2.0/networks/e243ad54-9d41-482d-9278-701d0bddb3e0 0.383s
2025-11-22 04:01:00.493 66571 INFO tempest.lib.common.rest_client [req-90796765-32df-46dd-bbff-a3313be7eaf4 req-90796765-32df-46dd-bbff-a3313be7eaf4 ] Request (ServersAdminNegativeTestJSON:setUpClass): 200 GET http://10.180.1.21/compute/v2.1/servers/b7569349-f04f-40dc-a926-49bfbc4c8df4 3.611s
2025-11-22 04:01:00.503 66571 INFO tempest.common.waiters [-] State transition "BUILD/networking" ==> "BUILD/spawning" after 36 second wait
2025-11-22 04:01:01.341 66555 INFO tempest.lib.common.rest_client [req-c175a34f-26f4-4ad0-ae7c-ad88ae8af5f6 req-c175a34f-26f4-4ad0-ae7c-ad88ae8af5f6 ] Request (InstanceActionsNegativeTestJSON:setUpClass): 202 POST http://10.180.1.21/compute/v2.1/servers 4.436s
2025-11-22 04:01:01.356 66569 INFO tempest.lib.common.rest_client [req-c27b5017-2cad-4069-82a2-6406c00749f4 req-c27b5017-2cad-4069-82a2-6406c00749f4 ] Request (VolumesAssistedSnapshotsTest:tearDownClass): 200 PUT http://10.180.1.21/networking/v2.0/routers/55f33e09-0a32-4828-8a0f-eacac8700b6c/remove_router_interface 0.922s
2025-11-22 04:01:01.360 66583 INFO tempest.lib.common.rest_client [req-e3a807cf-473d-4d3e-ab58-c892ea072fb7 req-e3a807cf-473d-4d3e-ab58-c892ea072fb7 ] Request (ServersWithSpecificFlavorTestJSON:test_verify_created_server_ephemeral_disk): 202 POST http://10.180.1.21/compute/v2.1/servers 4.286s
2025-11-22 04:01:01.391 66551 INFO tempest.lib.common.rest_client [req-69a6fc01-6747-42b8-9f49-e87ecf882b4f req-69a6fc01-6747-42b8-9f49-e87ecf882b4f ] Request (FlavorsExtraSpecsTestJSON:test_flavor_set_get_update_show_unset_keys): 200 DELETE http://10.180.1.21/compute/v2.1/flavors/1097786704/os-extra_specs/hw:numa_nodes 4.290s
2025-11-22 04:01:01.655 66561 INFO tempest.lib.common.rest_client [req-90aa80c2-f06f-41ad-926f-f0f0795ac22b req-90aa80c2-f06f-41ad-926f-f0f0795ac22b ] Request (ServersTestFqdnHostnames:tearDownClass): 200 GET http://10.180.1.21/compute/v2.1/servers/5d8ae394-6478-41d3-8bd3-5c10f54b14e3 4.442s
2025-11-22 04:01:01.915 66569 INFO tempest.lib.common.rest_client [req-88c44574-8111-4931-8faf-27de64048525 req-88c44574-8111-4931-8faf-27de64048525 ] Request (VolumesAssistedSnapshotsTest:tearDownClass): 204 DELETE http://10.180.1.21/networking/v2.0/routers/55f33e09-0a32-4828-8a0f-eacac8700b6c 0.557s
2025-11-22 04:01:01.945 66525 INFO tempest.lib.common.rest_client [req-6466e089-353d-444b-8e8c-730cd6228cf5 req-6466e089-353d-444b-8e8c-730cd6228cf5 ] Request (ImagesTestJSON:test_create_server_from_snapshot): 200 GET http://10.180.1.21/compute/v2.1/servers/55e2cac9-535c-46aa-871b-16363ecc6a01 4.516s
2025-11-22 04:01:02.026 66577 INFO tempest.lib.common.rest_client [req-bc594b03-3f17-4d1e-96bd-a60b76f66a68 req-bc594b03-3f17-4d1e-96bd-a60b76f66a68 ] Request (ServersAdminTestJSON:test_list_servers_filter_by_error_status): 202 POST http://10.180.1.21/compute/v2.1/servers/147531b4-0ca1-4322-8775-b6b83d1aedfa/action 4.260s
2025-11-22 04:01:02.071 66569 INFO tempest.lib.common.rest_client [req-c1d62241-84cc-4d6d-855b-ff47505a2c3c req-c1d62241-84cc-4d6d-855b-ff47505a2c3c ] Request (VolumesAssistedSnapshotsTest:tearDownClass): 204 DELETE http://10.180.1.21/networking/v2.0/subnets/6e751a26-5383-4003-bb9e-790cf55a755c 0.155s
2025-11-22 04:01:02.110 66547 INFO tempest.lib.common.rest_client [req-8a4c0aa0-0487-4fa7-80cb-cd3a9254c750 req-8a4c0aa0-0487-4fa7-80cb-cd3a9254c750 ] Request (MultipleCreateTestJSON:test_multiple_create_with_reservation_return): 200 GET http://10.180.1.21/compute/v2.1/servers/0e1b6179-3636-4061-bfd1-c70a68632b60 4.325s
2025-11-22 04:01:02.165 66523 INFO tempest.lib.common.rest_client [req-1e282fe2-d0c1-41d9-a2d0-9324ddf056a3 req-1e282fe2-d0c1-41d9-a2d0-9324ddf056a3 ] Request (VolumesTestJSON:test_volume_list_param_offset_and_limit): 200 GET http://10.180.1.21/compute/v2.1/os-volumes?offset=1&limit=1 4.305s
2025-11-22 04:01:02.350 66537 INFO tempest.lib.common.rest_client [req-7088d4fd-e512-46ec-a07e-7800c812f114 req-7088d4fd-e512-46ec-a07e-7800c812f114 ] Request (ServersTestJSON:setUpClass): 200 GET http://10.180.1.21/compute/v2.1/servers/8cfc98a1-626c-4c89-89be-34121d69ba07 4.480s
2025-11-22 04:01:02.450 66569 INFO tempest.lib.common.rest_client [req-97f11351-99ae-42f1-a1eb-4c1638ae9955 req-97f11351-99ae-42f1-a1eb-4c1638ae9955 ] Request (VolumesAssistedSnapshotsTest:tearDownClass): 204 DELETE http://10.180.1.21/networking/v2.0/networks/d928aa59-240e-4557-8eb9-e2dad5bd06ad 0.379s
2025-11-22 04:01:02.456 66527 INFO tempest.lib.common.rest_client [req-9d7475b2-d5c4-4963-9f16-7dc89e8ee8ba req-9d7475b2-d5c4-4963-9f16-7dc89e8ee8ba ] Request (ServerTagsTestJSON:test_check_tag_existence): 201 PUT http://10.180.1.21/compute/v2.1/servers/68de0f7f-5b75-48f9-9a56-7089e36d2b42/tags/tempest-tag-500877568 4.357s
2025-11-22 04:01:02.540 66541 INFO tempest.lib.common.rest_client [req-68f77bda-7629-4710-9da5-db1b21dad574 req-68f77bda-7629-4710-9da5-db1b21dad574 ] Request (ServerShowV254Test:test_rebuild_server): 200 GET http://10.180.1.21/compute/v2.1/servers/a090d2e2-a6b5-4e8b-91b1-a94b8fd30e9d 3.976s
2025-11-22 04:01:02.549 66541 INFO tempest.common.waiters [-] State transition "BUILD/None" ==> "BUILD/spawning" after 37 second wait
2025-11-22 04:01:02.678 66533 INFO tempest.lib.common.rest_client [req-12704bb9-3bbf-4e69-ab4a-d064b700f4e6 req-12704bb9-3bbf-4e69-ab4a-d064b700f4e6 ] Request (FloatingIPsAssociationTestJSON:test_associate_disassociate_floating_ip): 202 POST http://10.180.1.21/compute/v2.1/servers/379c46d0-bc0f-4ddf-96b3-357cad3a8830/action 5.591s
2025-11-22 04:01:03.204 66549 INFO tempest.lib.common.rest_client [req-7a7af671-adab-482c-9c29-8f17e02b29f4 req-7a7af671-adab-482c-9c29-8f17e02b29f4 ] Request (FloatingIPsTestJSON:test_delete_floating_ip): 404 GET http://10.180.1.21/compute/v2.1/os-floating-ips/127a32d8-f9ba-4ac3-9c0b-db9f320f8e9d 4.134s
2025-11-22 04:01:03.220 66521 INFO tempest.lib.common.rest_client [req-a7c4397a-62d8-499d-a458-f535a7e0c748 req-a7c4397a-62d8-499d-a458-f535a7e0c748 ] Request (ServersListShow2100Test:test_list_show_rebuild_update_server_2100): 200 GET http://10.180.1.21/compute/v2.1/servers/detail 4.613s
2025-11-22 04:01:03.289 66529 INFO tempest.lib.common.rest_client [req-1a887696-79b8-4075-83a0-60ccd988aa09 req-1a887696-79b8-4075-83a0-60ccd988aa09 ] Request (ServersAaction247Test:tearDownClass): 200 GET http://10.180.1.21/compute/v2.1/servers/2384a2d6-2614-409c-bff7-55b27b24a9d1 4.099s
2025-11-22 04:01:03.298 66535 INFO tempest.lib.common.rest_client [req-7a6f0dac-319f-4d9a-89e6-05b290a4e465 req-7a6f0dac-319f-4d9a-89e6-05b290a4e465 ] Request (ServersTestManualDisk:setUpClass): 200 GET http://10.180.1.21/compute/v2.1/servers/f01dc932-1237-4ce5-bdce-ef3645dd22c5 3.978s
2025-11-22 04:01:03.309 66535 INFO tempest.common.waiters [-] State transition "BUILD/None" ==> "BUILD/networking" after 38 second wait
2025-11-22 04:01:03.393 66569 INFO tempest.lib.common.rest_client [req-1e77461e-f61b-4e72-b263-b534edcaf458 req-1e77461e-f61b-4e72-b263-b534edcaf458 ] Request (VolumesAssistedSnapshotsTest:tearDownClass): 200 PUT http://10.180.1.21/networking/v2.0/routers/81b63b44-f5cf-4911-a730-335de15a99c9/remove_router_interface 0.942s
2025-11-22 04:01:03.429 66559 INFO tempest.lib.common.rest_client [req-8df9d8ea-8a80-4e2e-9911-3ab1411bea4e req-8df9d8ea-8a80-4e2e-9911-3ab1411bea4e ] Request (MigrationsAdminTest:test_list_migrations_in_flavor_resize_situation): 200 GET http://10.180.1.21/compute/v2.1/servers/6e410dc7-bbec-4a14-891f-0588f1c95069 3.920s
2025-11-22 04:01:03.438 66559 INFO tempest.common.waiters [-] State transition "RESIZE/resize_migrating" ==> "RESIZE/resize_migrated" after 41 second wait
2025-11-22 04:01:03.461 66557 INFO tempest.lib.common.rest_client [req-b7de25b0-2d05-4dbd-88f8-a56eb7eb7e9c req-b7de25b0-2d05-4dbd-88f8-a56eb7eb7e9c ] Request (AttachInterfacesTestJSON:test_create_list_show_delete_interfaces_by_fixed_ip): 200 GET http://10.180.1.21/compute/v2.1/servers/427b8d20-c22e-43cc-8523-65defd17efaf/os-interface/846a443f-a1bf-48aa-9730-ad62325e9e76 3.369s
2025-11-22 04:01:03.498 66565 INFO tempest.lib.common.rest_client [req-ea35b97a-37f3-4e73-8753-27be55cb0f2f req-ea35b97a-37f3-4e73-8753-27be55cb0f2f ] Request (AttachInterfacesUnderV243Test:_run_cleanups): 404 GET http://10.180.1.21/compute/v2.1/servers/758bf357-2efb-46de-81a6-686f610c9003 3.298s
2025-11-22 04:01:03.533 66573 INFO tempest.lib.common.rest_client [req-f99293d0-8d42-40a8-9813-8bb6c9f37c65 req-f99293d0-8d42-40a8-9813-8bb6c9f37c65 ] Request (ServerActionsTestOtherB:test_resize_server_confirm_from_stopped): 202 POST http://10.180.1.21/compute/v2.1/servers/61409d2c-bff9-489b-9f26-bed96b20ba25/action 3.371s
2025-11-22 04:01:03.617 66539 INFO tempest.lib.common.rest_client [req-be81eded-d979-4b22-894e-66648bcf0288 req-be81eded-d979-4b22-894e-66648bcf0288 ] Request (ListServersNegativeTestJSON:setUpClass): 204 DELETE http://10.180.1.21/compute/v2.1/servers/09025781-ef8d-4894-a7b3-5da058a34d19 3.188s
2025-11-22 04:01:03.930 66569 INFO tempest.lib.common.rest_client [req-a71049bf-730c-4453-b1ad-4f26fc7c6c13 req-a71049bf-730c-4453-b1ad-4f26fc7c6c13 ] Request (VolumesAssistedSnapshotsTest:tearDownClass): 204 DELETE http://10.180.1.21/networking/v2.0/routers/81b63b44-f5cf-4911-a730-335de15a99c9 0.536s
2025-11-22 04:01:03.935 66579 INFO tempest.lib.common.rest_client [req-7f1d20d8-29d5-4fe3-9474-7431beb5d99d req-7f1d20d8-29d5-4fe3-9474-7431beb5d99d ] Request (AttachInterfacesV270Test:test_create_get_list_interfaces): 200 GET http://10.180.1.21/compute/v2.1/servers/f95e9fc5-48ad-43be-8ab1-807f9c6a5386 3.584s
2025-11-22 04:01:03.945 66531 INFO tempest.lib.common.rest_client [req-13f4d867-0065-485a-890b-70f7234d436b req-13f4d867-0065-485a-890b-70f7234d436b ] Request (DeleteServersTestJSON:test_delete_server_while_in_attached_volume): 200 GET http://10.180.1.21/compute/v2.1/servers/78215cf3-d956-45d0-8a23-8cd5d0e65cec 3.496s
2025-11-22 04:01:04.003 66543 INFO tempest.lib.common.rest_client [req-b98172a1-f941-42a8-91df-711a1ec7c94d req-b98172a1-f941-42a8-91df-711a1ec7c94d ] Request (ListImageFiltersTestJSON:setUpClass): 200 GET http://10.180.1.21/compute/v2.1/images/2801093f-c483-43de-ad63-02e4d196cdfb 2.794s
2025-11-22 04:01:04.196 66569 INFO tempest.lib.common.rest_client [req-d5a7e6f5-67d0-4bfd-ac14-59841c122ca1 req-d5a7e6f5-67d0-4bfd-ac14-59841c122ca1 ] Request (VolumesAssistedSnapshotsTest:tearDownClass): 204 DELETE http://10.180.1.21/networking/v2.0/subnets/dfbce9ee-ca28-4984-ab92-4cfec1bde4ff 0.266s
2025-11-22 04:01:04.231 66581 INFO tempest.lib.common.rest_client [req-60d3f509-bc91-4799-bbda-7fd8eb52cd4b req-60d3f509-bc91-4799-bbda-7fd8eb52cd4b ] Request (ImagesOneServerNegativeTestJSON:_run_cleanups): 200 GET http://10.180.1.21/compute/v2.1/servers/63de16b7-8dc2-4a33-9107-9c3dc44c10f0 3.324s
2025-11-22 04:01:04.298 66555 INFO tempest.lib.common.rest_client [req-af07a164-1dad-4f8c-9edf-ac4d93efc47f req-af07a164-1dad-4f8c-9edf-ac4d93efc47f ] Request (InstanceActionsNegativeTestJSON:setUpClass): 200 GET http://10.180.1.21/compute/v2.1/servers/c4571114-c757-4d7c-9a63-bd09994f1749 2.955s
2025-11-22 04:01:04.318 66551 INFO tempest.lib.common.rest_client [req-d6b14ef7-217e-471c-b2bc-c401c3288cbd req-d6b14ef7-217e-471c-b2bc-c401c3288cbd ] Request (FlavorsExtraSpecsTestJSON:test_flavor_set_get_update_show_unset_keys): 200 DELETE http://10.180.1.21/compute/v2.1/flavors/1097786704/os-extra_specs/hw:cpu_policy 2.926s
2025-11-22 04:01:04.570 66569 INFO tempest.lib.common.rest_client [req-b9d0b7a7-f5c1-461d-82d1-a67064f8a880 req-b9d0b7a7-f5c1-461d-82d1-a67064f8a880 ] Request (VolumesAssistedSnapshotsTest:tearDownClass): 204 DELETE http://10.180.1.21/networking/v2.0/networks/7fb0b547-e013-4477-9fb2-471a9d0d9f70 0.374s
2025-11-22 04:01:04.615 66583 INFO tempest.lib.common.rest_client [req-8a3d7325-9292-4ae7-bbf3-f574168bd91f req-8a3d7325-9292-4ae7-bbf3-f574168bd91f ] Request (ServersWithSpecificFlavorTestJSON:test_verify_created_server_ephemeral_disk): 200 GET http://10.180.1.21/compute/v2.1/servers/9d66e70c-f012-46f4-928c-139c7439f4af 3.253s
2025-11-22 04:01:04.661 66569 INFO tempest.lib.common.rest_client [req-c207294c-79bf-46c5-917c-504fb32a50bf req-c207294c-79bf-46c5-917c-504fb32a50bf ] Request (VolumesAssistedSnapshotsTest:tearDownClass): 204 DELETE http://10.180.1.21/identity/v3/users/5a1348aafd254db29419c6c51e165402 0.090s
2025-11-22 04:01:04.663 66546 WARNING tempest.lib.common.ssh [-] Failed to establish authenticated ssh connection to cirros@10.180.180.250 ([Errno None] Unable to connect to port 22 on 10.180.180.250). Number attempts: 3. Retry after 4 seconds.: paramiko.ssh_exception.NoValidConnectionsError: [Errno None] Unable to connect to port 22 on 10.180.180.250
2025-11-22 04:01:04.789 66569 INFO tempest.lib.common.rest_client [req-1f7a64b8-342d-4751-92eb-f2328e7fa539 req-1f7a64b8-342d-4751-92eb-f2328e7fa539 ] Request (VolumesAssistedSnapshotsTest:tearDownClass): 204 DELETE http://10.180.1.21/identity/v3/users/8eb671aa48114d98b12bd3d7b8e50b68 0.127s
2025-11-22 04:01:04.822 66571 INFO tempest.lib.common.rest_client [req-0ee1a958-e2c5-482f-bbe7-afa5ce9892c0 req-0ee1a958-e2c5-482f-bbe7-afa5ce9892c0 ] Request (ServersAdminNegativeTestJSON:setUpClass): 200 GET http://10.180.1.21/compute/v2.1/servers/b7569349-f04f-40dc-a926-49bfbc4c8df4 3.318s
2025-11-22 04:01:04.879 66523 INFO tempest.lib.common.rest_client [req-5f7e10a3-b338-447c-ac76-45cafd06d083 req-5f7e10a3-b338-447c-ac76-45cafd06d083 ] Request (VolumesTestJSON:test_volume_list_with_detail_param_limit): 200 GET http://10.180.1.21/compute/v2.1/os-volumes/detail?limit=2 2.706s
2025-11-22 04:01:04.898 66527 INFO tempest.lib.common.rest_client [req-ccb356fc-a96e-4da9-bccd-e66c4583e615 req-ccb356fc-a96e-4da9-bccd-e66c4583e615 ] Request (ServerTagsTestJSON:test_check_tag_existence): 204 GET http://10.180.1.21/compute/v2.1/servers/68de0f7f-5b75-48f9-9a56-7089e36d2b42/tags/tempest-tag-500877568 2.441s
2025-11-22 04:01:04.966 66569 INFO tempest.lib.common.rest_client [req-1ebc85cf-f245-4adc-9a24-0011a76240da req-1ebc85cf-f245-4adc-9a24-0011a76240da ] Request (VolumesAssistedSnapshotsTest:tearDownClass): 204 DELETE http://10.180.1.21/identity/v3/users/2ea9158ccde84e4c85a2092f82e82059 0.176s
2025-11-22 04:01:04.966 66569 INFO tempest.lib.common.dynamic_creds [-] Deleting project and security group for project: f2e2326193e44b308ef8793a62d214bc
2025-11-22 04:01:05.026 66577 INFO tempest.lib.common.rest_client [req-8d50e4f9-f6a4-4d63-93d3-a9e981298d4d req-8d50e4f9-f6a4-4d63-93d3-a9e981298d4d ] Request (ServersAdminTestJSON:test_list_servers_filter_by_error_status): 200 GET http://10.180.1.21/compute/v2.1/servers/147531b4-0ca1-4322-8775-b6b83d1aedfa 3.000s
2025-11-22 04:01:05.089 66561 INFO tempest.lib.common.rest_client [req-0e29c1f7-86b3-481f-9106-315a3e53ff5f req-0e29c1f7-86b3-481f-9106-315a3e53ff5f ] Request (ServersTestFqdnHostnames:tearDownClass): 200 GET http://10.180.1.21/compute/v2.1/servers/5d8ae394-6478-41d3-8bd3-5c10f54b14e3 2.422s
2025-11-22 04:01:05.107 66569 INFO tempest.lib.common.rest_client [req-73a469e5-69ac-4aae-ad05-a34ceb8ef028 req-73a469e5-69ac-4aae-ad05-a34ceb8ef028 ] Request (VolumesAssistedSnapshotsTest:tearDownClass): 200 GET http://10.180.1.21/networking/v2.0/security-groups?tenant_id=f2e2326193e44b308ef8793a62d214bc&name=default 0.140s
2025-11-22 04:01:05.345 66569 INFO tempest.lib.common.rest_client [req-7214a235-28d4-4d10-ac03-b347f852420a req-7214a235-28d4-4d10-ac03-b347f852420a ] Request (VolumesAssistedSnapshotsTest:tearDownClass): 204 DELETE http://10.180.1.21/networking/v2.0/security-groups/e71f8879-5b66-4c63-b9f5-67276e6ca9da 0.238s
2025-11-22 04:01:05.376 66525 INFO tempest.lib.common.rest_client [req-0fb5d8fd-dcbb-414f-b1a7-50104b753541 req-0fb5d8fd-dcbb-414f-b1a7-50104b753541 ] Request (ImagesTestJSON:test_create_server_from_snapshot): 200 GET http://10.180.1.21/compute/v2.1/servers/55e2cac9-535c-46aa-871b-16363ecc6a01 2.421s
2025-11-22 04:01:05.459 66533 INFO tempest.lib.common.rest_client [req-e1fd589b-8c28-466b-9afe-3247eb8b2afe req-e1fd589b-8c28-466b-9afe-3247eb8b2afe ] Request (FloatingIPsAssociationTestJSON:test_associate_disassociate_floating_ip): 200 GET http://10.180.1.21/compute/v2.1/os-floating-ips/3b702f8b-8fdd-4110-a922-ce606a087d8b 2.780s
2025-11-22 04:01:05.481 66569 INFO tempest.lib.common.rest_client [req-2bfb3528-4658-484a-ad63-3612b5c0d14c req-2bfb3528-4658-484a-ad63-3612b5c0d14c ] Request (VolumesAssistedSnapshotsTest:tearDownClass): 204 DELETE http://10.180.1.21/identity/v3/projects/f2e2326193e44b308ef8793a62d214bc 0.135s
2025-11-22 04:01:05.481 66569 INFO tempest.lib.common.dynamic_creds [-] Deleting project and security group for project: 4663fe6a953842f1a3e62fa31de0216b
2025-11-22 04:01:05.509 66547 INFO tempest.lib.common.rest_client [req-617a0e0c-2f09-445c-95b7-5952df0c1021 req-617a0e0c-2f09-445c-95b7-5952df0c1021 ] Request (MultipleCreateTestJSON:test_multiple_create_with_reservation_return): 200 GET http://10.180.1.21/compute/v2.1/servers/0e1b6179-3636-4061-bfd1-c70a68632b60 2.391s
2025-11-22 04:01:05.521 66549 INFO tempest.lib.common.rest_client [req-9576b041-e6d6-4fa8-89cc-fceed63e2c69 req-9576b041-e6d6-4fa8-89cc-fceed63e2c69 ] Request (FloatingIPsTestJSON:_run_cleanups): 404 DELETE http://10.180.1.21/compute/v2.1/os-floating-ips/127a32d8-f9ba-4ac3-9c0b-db9f320f8e9d 2.315s
2025-11-22 04:01:05.539 66569 INFO tempest.lib.common.rest_client [req-7a3dab72-d9d7-44e4-bf38-ec1e70986494 req-7a3dab72-d9d7-44e4-bf38-ec1e70986494 ] Request (VolumesAssistedSnapshotsTest:tearDownClass): 200 GET http://10.180.1.21/networking/v2.0/security-groups?tenant_id=4663fe6a953842f1a3e62fa31de0216b&name=default 0.058s
2025-11-22 04:01:05.646 66569 INFO tempest.lib.common.rest_client [req-18b50671-b851-4d00-8d49-98184d3847ab req-18b50671-b851-4d00-8d49-98184d3847ab ] Request (VolumesAssistedSnapshotsTest:tearDownClass): 204 DELETE http://10.180.1.21/networking/v2.0/security-groups/fde35535-1789-45d3-84b0-a714e8c43e12 0.106s
2025-11-22 04:01:05.669 66537 INFO tempest.lib.common.rest_client [req-dcf54674-b5bf-4ecd-bdbe-3a928470bd06 req-dcf54674-b5bf-4ecd-bdbe-3a928470bd06 ] Request (ServersTestJSON:setUpClass): 200 GET http://10.180.1.21/compute/v2.1/servers/8cfc98a1-626c-4c89-89be-34121d69ba07 2.302s
2025-11-22 04:01:05.692 66521 INFO tempest.lib.common.rest_client [req-79e8d6cd-a433-4a67-b2eb-d44cf2f910ce req-79e8d6cd-a433-4a67-b2eb-d44cf2f910ce ] Request (ServersListShow2100Test:test_list_show_rebuild_update_server_2100): 200 GET http://10.180.1.21/compute/v2.1/servers/2450464a-6a96-4a9d-aca1-38fa49edd880 2.460s
2025-11-22 04:01:05.713 66565 INFO tempest.lib.common.rest_client [req-f834bf07-27e8-47d1-9690-b27911180045 req-f834bf07-27e8-47d1-9690-b27911180045 ] Request (AttachInterfacesUnderV243Test:_run_cleanups): 202 DELETE http://10.180.1.21/compute/v2.1/os-keypairs/tempest-keypair-789355139 2.214s
2025-11-22 04:01:05.751 66569 INFO tempest.lib.common.rest_client [req-9ab6a854-8a33-4ea4-ad4f-ba07ee0f2091 req-9ab6a854-8a33-4ea4-ad4f-ba07ee0f2091 ] Request (VolumesAssistedSnapshotsTest:tearDownClass): 204 DELETE http://10.180.1.21/identity/v3/projects/4663fe6a953842f1a3e62fa31de0216b 0.105s
2025-11-22 04:01:05.752 66569 INFO tempest.lib.common.dynamic_creds [-] Deleting project and security group for project: 56adffd1162040419e8d4435caaaf858
