2025-11-22 04:00:36.985 66537 INFO tempest.lib.common.dynamic_creds [-] Acquired dynamic creds: credentials: Credentials: {'domain_id': 'default', 'domain_name': 'Default', 'username': 'tempest-ServersTestJSON-554636972-project-member', 'project_domain_id': 'default', 'project_domain_name': 'Default', 'project_id': 'ea72a73530504cb0b1d3aed8263dc5f0', 'project_name': 'tempest-ServersTestJSON-554636972', 'tenant_id': 'ea72a73530504cb0b1d3aed8263dc5f0', 'tenant_name': 'tempest-ServersTestJSON-554636972', 'user_domain_id': 'default', 'user_domain_name': 'Default', 'user_id': '8e400f3084d443df876cccbc364bebf4', 'system': None}, Network: None, Subnet: None, Router: None
2025-11-22 04:00:37.051 66537 INFO tempest.lib.common.rest_client [req-f1987ab7-4767-480d-aec3-da2964dc863f req-f1987ab7-4767-480d-aec3-da2964dc863f ] Request (ServersTestJSON:setUpClass): 201 POST http://10.180.1.21/identity/v3/auth/tokens 0.067s
2025-11-22 04:00:37.137 66549 INFO tempest.lib.common.rest_client [req-d8ea8a80-c21f-44ea-b62f-b52265771c30 req-d8ea8a80-c21f-44ea-b62f-b52265771c30 ] Request (FloatingIPsTestJSON:setUpClass): 200 PUT http://10.180.1.21/networking/v2.0/routers/7b705edd-5b4d-44ae-bc97-6f344858e983/add_router_interface 0.973s
2025-11-22 04:00:37.137 66549 INFO tempest.lib.common.dynamic_creds [-] Created isolated network resources for: credentials: Credentials: {'domain_id': 'default', 'domain_name': 'Default', 'username': 'tempest-FloatingIPsTestJSON-1784413329-project-member', 'project_domain_id': 'default', 'project_domain_name': 'Default', 'project_id': 'fd63b0b246be423c970a8f120a7cf0b4', 'project_name': 'tempest-FloatingIPsTestJSON-1784413329', 'tenant_id': 'fd63b0b246be423c970a8f120a7cf0b4', 'tenant_name': 'tempest-FloatingIPsTestJSON-1784413329', 'user_domain_id': 'default', 'user_domain_name': 'Default', 'user_id': 'e600a037cd3e47abaeba54d2ab70a315', 'system': None}, Network: {'id': '85cc102d-4944-4b94-a4d7-5ea9b3220ccb', 'name': 'tempest-FloatingIPsTestJSON-128378506-network', 'tenant_id': 'fd63b0b246be423c970a8f120a7cf0b4', 'project_id': 'fd63b0b246be423c970a8f120a7cf0b4', 'admin_state_up': True, 'mtu': 8950, 'status': 'ACTIVE', 'subnets': [], 'shared': False, 'port_security_enabled': True, 'router:external': False, 'provider:network_type': 'vlan', 'provider:physical_network': 'default', 'provider:segmentation_id': 688, 'availability_zone_hints': [], 'availability_zones': [], 'ipv4_address_scope': None, 'ipv6_address_scope': None, 'description': '', 'tags': [], 'created_at': '2025-11-22T04:00:33Z', 'updated_at': '2025-11-22T04:00:33Z', 'revision_number': 1}, Subnet: {'id': 'd9f8850b-8fea-43eb-a4df-4562df64ce13', 'name': 'tempest-FloatingIPsTestJSON-128378506-subnet', 'tenant_id': 'fd63b0b246be423c970a8f120a7cf0b4', 'network_id': '85cc102d-4944-4b94-a4d7-5ea9b3220ccb', 'ip_version': 4, 'subnetpool_id': None, 'enable_dhcp': True, 'ipv6_ra_mode': None, 'ipv6_address_mode': None, 'gateway_ip': '192.168.128.1', 'cidr': '192.168.128.0/28', 'allocation_pools': [{'start': '192.168.128.2', 'end': '192.168.128.14'}], 'host_routes': [], 'dns_nameservers': [], 'description': '', 'router:external': False, 'service_types': [], 'tags': [], 'created_at': '2025-11-22T04:00:35Z', 'updated_at': '2025-11-22T04:00:35Z', 'revision_number': 0, 'project_id': 'fd63b0b246be423c970a8f120a7cf0b4'}, Router: {'id': '7b705edd-5b4d-44ae-bc97-6f344858e983', 'name': 'tempest-FloatingIPsTestJSON-128378506-router', 'tenant_id': 'fd63b0b246be423c970a8f120a7cf0b4', 'admin_state_up': True, 'status': 'ACTIVE', 'external_gateway_info': {'network_id': 'ed3249cc-0a43-4de1-a5f5-4940d9c74af3', 'external_fixed_ips': [{'subnet_id': 'f83f4751-8aab-4337-b7b9-f3c70d626b23', 'ip_address': '10.180.180.208'}], 'enable_snat': True}, 'description': '', 'availability_zones': [], 'distributed': False, 'ha': False, 'availability_zone_hints': [], 'routes': [], 'flavor_id': None, 'tags': [], 'created_at': '2025-11-22T04:00:35Z', 'updated_at': '2025-11-22T04:00:35Z', 'revision_number': 2, 'project_id': 'fd63b0b246be423c970a8f120a7cf0b4'}
2025-11-22 04:00:37.226 66549 INFO tempest.lib.common.rest_client [req-c6a0ecff-09e0-4cfd-8f11-b0149653846b req-c6a0ecff-09e0-4cfd-8f11-b0149653846b ] Request (FloatingIPsTestJSON:setUpClass): 201 POST http://10.180.1.21/identity/v3/auth/tokens 0.085s
2025-11-22 04:00:37.352 66537 INFO tempest.lib.common.rest_client [req-4fbce291-c4d3-4f30-8d3a-b8702d5156f0 req-4fbce291-c4d3-4f30-8d3a-b8702d5156f0 ] Request (ServersTestJSON:setUpClass): 201 POST http://10.180.1.21/networking/v2.0/networks 0.300s
2025-11-22 04:00:37.509 66537 INFO tempest.lib.common.rest_client [req-8a8526cc-0753-4029-a22a-687e720fcf13 req-8a8526cc-0753-4029-a22a-687e720fcf13 ] Request (ServersTestJSON:setUpClass): 201 POST http://10.180.1.21/networking/v2.0/subnets 0.156s
2025-11-22 04:00:38.337 66537 INFO tempest.lib.common.rest_client [req-cb6c1f19-2f39-417a-a217-c83be848ef5b req-cb6c1f19-2f39-417a-a217-c83be848ef5b ] Request (ServersTestJSON:setUpClass): 201 POST http://10.180.1.21/networking/v2.0/routers 0.827s
2025-11-22 04:00:38.750 66561 INFO paramiko.transport [-] Connected (version 2.0, client dropbear_2020.81)
2025-11-22 04:00:38.858 66561 INFO paramiko.transport [-] Authentication (publickey) successful!
2025-11-22 04:00:38.859 66561 INFO tempest.lib.common.ssh [-] ssh connection to cirros@10.180.180.190 successfully created
2025-11-22 04:00:39.675 66537 INFO tempest.lib.common.rest_client [req-7f1cbec7-7155-4256-8f7e-5e14f2ad8c8d req-7f1cbec7-7155-4256-8f7e-5e14f2ad8c8d ] Request (ServersTestJSON:setUpClass): 200 PUT http://10.180.1.21/networking/v2.0/routers/01b0e951-19a1-4a99-8144-5e5aed182dfa/add_router_interface 1.337s
2025-11-22 04:00:39.675 66537 INFO tempest.lib.common.dynamic_creds [-] Created isolated network resources for: credentials: Credentials: {'domain_id': 'default', 'domain_name': 'Default', 'username': 'tempest-ServersTestJSON-554636972-project-member', 'project_domain_id': 'default', 'project_domain_name': 'Default', 'project_id': 'ea72a73530504cb0b1d3aed8263dc5f0', 'project_name': 'tempest-ServersTestJSON-554636972', 'tenant_id': 'ea72a73530504cb0b1d3aed8263dc5f0', 'tenant_name': 'tempest-ServersTestJSON-554636972', 'user_domain_id': 'default', 'user_domain_name': 'Default', 'user_id': '8e400f3084d443df876cccbc364bebf4', 'system': None}, Network: {'id': '651f3ecb-82bb-4b67-9658-7ebcdc6fa162', 'name': 'tempest-ServersTestJSON-1138828765-network', 'tenant_id': 'ea72a73530504cb0b1d3aed8263dc5f0', 'project_id': 'ea72a73530504cb0b1d3aed8263dc5f0', 'admin_state_up': True, 'mtu': 8950, 'status': 'ACTIVE', 'subnets': [], 'shared': False, 'port_security_enabled': True, 'router:external': False, 'provider:network_type': 'vlan', 'provider:physical_network': 'default', 'provider:segmentation_id': 559, 'availability_zone_hints': [], 'availability_zones': [], 'ipv4_address_scope': None, 'ipv6_address_scope': None, 'description': '', 'tags': [], 'created_at': '2025-11-22T04:00:37Z', 'updated_at': '2025-11-22T04:00:37Z', 'revision_number': 1}, Subnet: {'id': '69e6a8bd-9f42-4b06-ace5-27392cfbc017', 'name': 'tempest-ServersTestJSON-1138828765-subnet', 'tenant_id': 'ea72a73530504cb0b1d3aed8263dc5f0', 'network_id': '651f3ecb-82bb-4b67-9658-7ebcdc6fa162', 'ip_version': 4, 'subnetpool_id': None, 'enable_dhcp': True, 'ipv6_ra_mode': None, 'ipv6_address_mode': None, 'gateway_ip': '192.168.128.1', 'cidr': '192.168.128.0/28', 'allocation_pools': [{'start': '192.168.128.2', 'end': '192.168.128.14'}], 'host_routes': [], 'dns_nameservers': [], 'description': '', 'router:external': False, 'service_types': [], 'tags': [], 'created_at': '2025-11-22T04:00:37Z', 'updated_at': '2025-11-22T04:00:37Z', 'revision_number': 0, 'project_id': 'ea72a73530504cb0b1d3aed8263dc5f0'}, Router: {'id': '01b0e951-19a1-4a99-8144-5e5aed182dfa', 'name': 'tempest-ServersTestJSON-1138828765-router', 'tenant_id': 'ea72a73530504cb0b1d3aed8263dc5f0', 'admin_state_up': True, 'status': 'ACTIVE', 'external_gateway_info': {'network_id': 'ed3249cc-0a43-4de1-a5f5-4940d9c74af3', 'external_fixed_ips': [{'subnet_id': 'f83f4751-8aab-4337-b7b9-f3c70d626b23', 'ip_address': '10.180.180.128'}], 'enable_snat': True}, 'description': '', 'availability_zones': [], 'distributed': False, 'ha': False, 'availability_zone_hints': [], 'routes': [], 'flavor_id': None, 'tags': [], 'created_at': '2025-11-22T04:00:37Z', 'updated_at': '2025-11-22T04:00:38Z', 'revision_number': 2, 'project_id': 'ea72a73530504cb0b1d3aed8263dc5f0'}
2025-11-22 04:00:39.703 66543 INFO tempest.lib.common.rest_client [req-90e45e27-9b92-45d5-bec3-1e56b1659fb3 req-90e45e27-9b92-45d5-bec3-1e56b1659fb3 ] Request (ListImageFiltersTestJSON:setUpClass): 200 GET http://10.180.1.21/compute/v2.1/images/efbacba3-af1e-40f3-922c-25c2f31b1960 9.469s
2025-11-22 04:00:39.707 66525 INFO tempest.lib.common.rest_client [req-0b0c8e9d-d0ae-43ed-ad53-146b047f4308 req-0b0c8e9d-d0ae-43ed-ad53-146b047f4308 ] Request (ImagesTestJSON:test_create_image_from_suspended_server): 200 GET http://10.180.1.21/compute/v2.1/images/2e470f53-2ba0-4821-9a13-c996aa9de42b 9.236s
2025-11-22 04:00:39.780 66535 INFO tempest.lib.common.rest_client [req-29c8f22e-f0df-4304-b19e-38f72582ed22 req-29c8f22e-f0df-4304-b19e-38f72582ed22 ] Request (ServersTestManualDisk:setUpClass): 200 GET http://10.180.1.21/compute/v2.1/servers/f01dc932-1237-4ce5-bdce-ef3645dd22c5 9.087s
2025-11-22 04:00:39.788 66535 INFO tempest.common.waiters [-] State transition "BUILD/scheduling" ==> "BUILD/None" after 14 second wait
2025-11-22 04:00:39.805 66537 INFO tempest.lib.common.rest_client [req-3e6e6660-09c8-49dd-bdab-b4523dab27d9 req-3e6e6660-09c8-49dd-bdab-b4523dab27d9 ] Request (ServersTestJSON:setUpClass): 201 POST http://10.180.1.21/identity/v3/auth/tokens 0.122s
2025-11-22 04:00:40.014 66559 INFO tempest.lib.common.rest_client [req-e1eb4d51-4514-4e2d-b7e0-0ae4cd3863ab req-e1eb4d51-4514-4e2d-b7e0-0ae4cd3863ab ] Request (MigrationsAdminTest:test_list_migrations_in_flavor_resize_situation): 200 GET http://10.180.1.21/compute/v2.1/servers/6e410dc7-bbec-4a14-891f-0588f1c95069 8.853s
2025-11-22 04:00:40.133 66569 INFO tempest.lib.common.rest_client [req-02ffe1ed-c634-4528-8729-f2582b604742 req-02ffe1ed-c634-4528-8729-f2582b604742 ] Request (VolumesAssistedSnapshotsTest:tearDownClass): 200 GET http://10.180.1.21/compute/v2.1/servers/b7eb4e9f-0957-43de-9f8a-a938761025a2 8.959s
2025-11-22 04:00:40.218 66555 INFO tempest.lib.common.rest_client [req-336b52bd-cd3c-4077-868c-0b7425cba9bb req-336b52bd-cd3c-4077-868c-0b7425cba9bb ] Request (InstanceActionsV221TestJSON:test_get_list_deleted_instance_actions): 200 GET http://10.180.1.21/compute/v2.1/servers/f54a720a-9e5d-4ae7-875c-373099c43dec 8.489s
2025-11-22 04:00:40.248 66557 INFO paramiko.transport [-] Connected (version 2.0, client dropbear_2020.81)
2025-11-22 04:00:40.267 66547 INFO tempest.lib.common.rest_client [req-28629fce-71bd-4f8c-84e2-c3343b5b5063 req-28629fce-71bd-4f8c-84e2-c3343b5b5063 ] Request (MultipleCreateTestJSON:test_multiple_create_with_reservation_return): 202 POST http://10.180.1.21/compute/v2.1/servers 9.342s
2025-11-22 04:00:40.316 66521 INFO tempest.lib.common.rest_client [req-0f3f5866-d442-4bc2-8041-689bed31ac59 req-0f3f5866-d442-4bc2-8041-689bed31ac59 ] Request (ServersListShow2100Test:test_list_show_rebuild_update_server_2100): 200 GET http://10.180.1.21/compute/v2.1/servers/2450464a-6a96-4a9d-aca1-38fa49edd880 8.562s
2025-11-22 04:00:40.332 66523 INFO tempest.lib.common.rest_client [req-012b6ee3-f659-4fa8-8774-5d1a30453699 req-012b6ee3-f659-4fa8-8774-5d1a30453699 ] Request (VolumesTestJSON:setUpClass): 200 GET http://10.180.1.21/compute/v2.1/os-volumes/a25961b4-bf49-4cf6-add5-effe38337d34 8.089s
2025-11-22 04:00:40.362 66557 INFO paramiko.transport [-] Authentication (publickey) successful!
2025-11-22 04:00:40.362 66557 INFO tempest.lib.common.ssh [-] ssh connection to cirros@10.180.180.227 successfully created
2025-11-22 04:00:40.365 66551 INFO tempest.lib.common.rest_client [req-39f0a9a3-fa48-47dd-b929-81ac29543251 req-39f0a9a3-fa48-47dd-b929-81ac29543251 ] Request (FlavorsExtraSpecsTestJSON:test_flavor_non_admin_get_specific_key): 200 POST http://10.180.1.21/compute/v2.1/flavors/1097786704/os-extra_specs 7.490s
2025-11-22 04:00:40.546 66523 INFO tempest.lib.common.rest_client [req-78a9f6f4-4818-4b0d-a9f9-785af8e8ea3b req-78a9f6f4-4818-4b0d-a9f9-785af8e8ea3b ] Request (VolumesTestJSON:setUpClass): 202 POST http://10.180.1.21/volume/v3/volumes 0.210s
2025-11-22 04:00:40.572 66583 WARNING tempest.lib.common.ssh [-] Failed to establish authenticated ssh connection to cirros@10.180.180.253 ([Errno None] Unable to connect to port 22 on 10.180.180.253). Number attempts: 9. Retry after 10 seconds.: paramiko.ssh_exception.NoValidConnectionsError: [Errno None] Unable to connect to port 22 on 10.180.180.253
2025-11-22 04:00:40.581 66523 INFO tempest.lib.common.rest_client [req-1a7c9c5f-4478-4d58-a680-1bcbb08dd2c6 req-1a7c9c5f-4478-4d58-a680-1bcbb08dd2c6 ] Request (VolumesTestJSON:setUpClass): 200 GET http://10.180.1.21/volume/v3/volumes/505218ed-9eab-4c51-a8c3-12c6bc436f78 0.029s
2025-11-22 04:00:40.676 66573 INFO tempest.lib.common.rest_client [req-216366d4-0278-4df2-bdae-665b37ef4c88 req-216366d4-0278-4df2-bdae-665b37ef4c88 ] Request (ServerActionsTestOtherB:test_create_backup): 200 GET http://10.180.1.21/compute/v2.1/servers/61409d2c-bff9-489b-9f26-bed96b20ba25 7.013s
2025-11-22 04:00:41.354 66565 INFO tempest.lib.common.rest_client [req-804a8f71-12fe-4f5b-b99c-c2ab0f9d2c4f req-804a8f71-12fe-4f5b-b99c-c2ab0f9d2c4f ] Request (AttachInterfacesUnderV243Test:_run_cleanups): 200 GET http://10.180.1.21/compute/v2.1/servers/758bf357-2efb-46de-81a6-686f610c9003 6.826s
2025-11-22 04:00:41.417 66577 INFO tempest.lib.common.rest_client [req-6ab62203-eb62-43af-8bb5-ac2d4fc38726 req-6ab62203-eb62-43af-8bb5-ac2d4fc38726 ] Request (ServersAdminTestJSON:test_list_servers_by_admin_with_specified_tenant): 200 GET http://10.180.1.21/compute/v2.1/servers/detail?tenant_id=2d04960b751c4d75bd2850f2f00596ed 6.435s
2025-11-22 04:00:41.624 66523 INFO tempest.lib.common.rest_client [req-e1ff7bf3-0843-4c5d-93eb-275d2796a6bd req-e1ff7bf3-0843-4c5d-93eb-275d2796a6bd ] Request (VolumesTestJSON:setUpClass): 200 GET http://10.180.1.21/volume/v3/volumes/505218ed-9eab-4c51-a8c3-12c6bc436f78 0.034s
2025-11-22 04:00:41.631 66523 INFO tempest.common.waiters [-] volume 505218ed-9eab-4c51-a8c3-12c6bc436f78 reached available after waiting for 1.631836 seconds
2025-11-22 04:00:41.680 66533 INFO tempest.lib.common.rest_client [req-92901e2f-db06-450a-a286-c1d50702d33f req-92901e2f-db06-450a-a286-c1d50702d33f ] Request (FloatingIPsAssociationTestJSON:test_associate_already_associated_floating_ip): 202 POST http://10.180.1.21/compute/v2.1/servers/379c46d0-bc0f-4ddf-96b3-357cad3a8830/action 8.980s
2025-11-22 04:00:41.822 66575 INFO tempest.lib.common.rest_client [req-4fcb7cfc-ef93-42b3-aa2d-e012e6b3c824 req-4fcb7cfc-ef93-42b3-aa2d-e012e6b3c824 ] Request (SecurityGroupsNegativeTestJSON:test_update_non_existent_security_group): 404 PUT http://10.180.1.21/compute/v2.1/os-security-groups/ba4782fb-6377-44e7-8e9a-1973a5a9d997 6.081s
2025-11-22 04:00:42.382 66579 INFO tempest.lib.common.rest_client [req-a3d76928-ce96-48bf-a9b4-5d017eb80ec8 req-a3d76928-ce96-48bf-a9b4-5d017eb80ec8 ] Request (AttachInterfacesV270Test:test_create_get_list_interfaces): 202 POST http://10.180.1.21/compute/v2.1/servers 7.310s
2025-11-22 04:00:42.521 66581 INFO tempest.lib.common.rest_client [req-1e164ad6-c42c-40e7-a0c6-e762ab211f78 req-1e164ad6-c42c-40e7-a0c6-e762ab211f78 ] Request (ImagesOneServerNegativeTestJSON:_run_cleanups): 200 GET http://10.180.1.21/compute/v2.1/servers/63de16b7-8dc2-4a33-9107-9c3dc44c10f0 6.509s
2025-11-22 04:00:42.725 66563 INFO tempest.lib.common.rest_client [req-60f5302c-8816-4421-b9b8-486892284a26 req-60f5302c-8816-4421-b9b8-486892284a26 ] Request (ServerActionsTestJSON:setUpClass): 200 GET http://10.180.1.21/compute/v2.1/servers/8d5b92ba-4ccc-47e5-830e-517eab4c4ed0/os-interface 6.630s
2025-11-22 04:00:42.757 66531 INFO tempest.lib.common.rest_client [req-482f076a-73d6-4e2e-96ac-7ccdfc357baa req-482f076a-73d6-4e2e-96ac-7ccdfc357baa ] Request (DeleteServersTestJSON:test_delete_server_while_in_attached_volume): 202 POST http://10.180.1.21/compute/v2.1/servers 6.904s
2025-11-22 04:00:42.964 66575 INFO tempest.lib.common.rest_client [req-735ce783-9014-4cc0-97c9-54d77a8cb371 req-735ce783-9014-4cc0-97c9-54d77a8cb371 ] Request (SecurityGroupsNegativeTestJSON:tearDownClass): 200 PUT http://10.180.1.21/networking/v2.0/routers/a12f1bc4-cb5b-4e03-acc6-5f1fa03abb43/remove_router_interface 1.132s
2025-11-22 04:00:43.074 66571 INFO tempest.lib.common.rest_client [req-c86a6a95-3362-42a5-94c2-0f9020d58338 req-c86a6a95-3362-42a5-94c2-0f9020d58338 ] Request (ServersAdminNegativeTestJSON:setUpClass): 200 GET http://10.180.1.21/compute/v2.1/servers/b7569349-f04f-40dc-a926-49bfbc4c8df4 6.779s
2025-11-22 04:00:43.513 66563 INFO tempest.lib.common.rest_client [req-808f0c94-ee7d-4a0f-bbb0-05f0c7970a0a req-808f0c94-ee7d-4a0f-bbb0-05f0c7970a0a ] Request (ServerActionsTestJSON:setUpClass): 200 PUT http://10.180.1.21/networking/v2.0/floatingips/9af3eb10-1828-441e-be8a-955ab746a180 0.783s
2025-11-22 04:00:43.514 66563 INFO tempest.lib.common.ssh [-] Creating ssh connection to '10.180.180.212:22' as 'cirros' with public key authentication
2025-11-22 04:00:43.626 66575 INFO tempest.lib.common.rest_client [req-402c975c-aefe-4987-b81b-97d0c7a422a5 req-402c975c-aefe-4987-b81b-97d0c7a422a5 ] Request (SecurityGroupsNegativeTestJSON:tearDownClass): 204 DELETE http://10.180.1.21/networking/v2.0/routers/a12f1bc4-cb5b-4e03-acc6-5f1fa03abb43 0.659s
2025-11-22 04:00:43.650 66546 INFO tempest.lib.common.rest_client [req-c32fca38-0d46-409a-80a3-07767b4c6308 req-c32fca38-0d46-409a-80a3-07767b4c6308 ] Request (AttachVolumeShelveTestJSON:test_attach_volume_shelved_or_offload_server): 200 GET http://10.180.1.21/compute/v2.1/servers/c3aada99-abd5-4ed7-8591-85cdffec2265 6.852s
2025-11-22 04:00:44.212 66575 INFO tempest.lib.common.rest_client [req-86cafbe6-2f61-4307-a96a-9f1b064b6dba req-86cafbe6-2f61-4307-a96a-9f1b064b6dba ] Request (SecurityGroupsNegativeTestJSON:tearDownClass): 204 DELETE http://10.180.1.21/networking/v2.0/subnets/91b7d948-0dc8-4ed9-bda7-cebe2ddc7efe 0.585s
2025-11-22 04:00:44.280 66539 INFO tempest.lib.common.rest_client [req-b95260fa-5c52-44b7-8496-bb10db6e693f req-b95260fa-5c52-44b7-8496-bb10db6e693f ] Request (ListServersNegativeTestJSON:setUpClass): 200 GET http://10.180.1.21/compute/v2.1/servers/09025781-ef8d-4894-a7b3-5da058a34d19 7.000s
2025-11-22 04:00:44.310 66549 INFO tempest.lib.common.rest_client [req-917ca03d-e27c-48c3-be0f-5c1a6c1fd29e req-917ca03d-e27c-48c3-be0f-5c1a6c1fd29e ] Request (FloatingIPsTestJSON:test_allocate_floating_ip): 200 POST http://10.180.1.21/compute/v2.1/os-floating-ips 7.082s
2025-11-22 04:00:44.354 66541 INFO tempest.lib.common.rest_client [req-619ad236-299b-4a85-8205-9e6f482bed96 req-619ad236-299b-4a85-8205-9e6f482bed96 ] Request (ServerShowV254Test:test_rebuild_server): 200 GET http://10.180.1.21/compute/v2.1/servers/a090d2e2-a6b5-4e8b-91b1-a94b8fd30e9d 6.991s
2025-11-22 04:00:44.358 66575 INFO tempest.lib.common.rest_client [req-e958b9a8-5a27-49ed-ae62-5df23b768df9 req-e958b9a8-5a27-49ed-ae62-5df23b768df9 ] Request (SecurityGroupsNegativeTestJSON:tearDownClass): 204 DELETE http://10.180.1.21/networking/v2.0/networks/c81d42b7-5fd0-4a42-8440-853c3c0716f5 0.145s
2025-11-22 04:00:44.386 66527 INFO tempest.lib.common.rest_client [req-af22c6de-1d48-4f6a-99ff-e9fe06e56eb9 req-af22c6de-1d48-4f6a-99ff-e9fe06e56eb9 ] Request (ServerTagsTestJSON:setUpClass): 200 GET http://10.180.1.21/compute/v2.1/servers/68de0f7f-5b75-48f9-9a56-7089e36d2b42 6.931s
2025-11-22 04:00:44.444 66529 INFO tempest.lib.common.rest_client [req-fe9945da-ff5b-46bd-a298-ddf78dd053b6 req-fe9945da-ff5b-46bd-a298-ddf78dd053b6 ] Request (ServersAaction247Test:tearDownClass): 200 GET http://10.180.1.21/compute/v2.1/servers/2384a2d6-2614-409c-bff7-55b27b24a9d1 6.919s
2025-11-22 04:00:44.467 66575 INFO tempest.lib.common.rest_client [req-49528898-5f03-40f0-a180-7562a34805b1 req-49528898-5f03-40f0-a180-7562a34805b1 ] Request (SecurityGroupsNegativeTestJSON:tearDownClass): 204 DELETE http://10.180.1.21/identity/v3/users/a3ec9c2fe19f479c81fb9b73d4c7e2b3 0.108s
2025-11-22 04:00:44.467 66575 INFO tempest.lib.common.dynamic_creds [-] Deleting project and security group for project: f0d568f87edf44359b0d3772bc6ba7ad
2025-11-22 04:00:44.500 66561 INFO tempest.lib.common.rest_client [req-e93e14da-d778-4ca7-bede-4b66cf7beb01 req-e93e14da-d778-4ca7-bede-4b66cf7beb01 ] Request (ServersTestFqdnHostnames:tearDownClass): 204 DELETE http://10.180.1.21/compute/v2.1/servers/5d8ae394-6478-41d3-8bd3-5c10f54b14e3 5.630s
2025-11-22 04:00:44.503 66575 INFO tempest.lib.common.rest_client [req-7613c82d-ec0e-4dfe-9c2a-1344a3d83009 req-7613c82d-ec0e-4dfe-9c2a-1344a3d83009 ] Request (SecurityGroupsNegativeTestJSON:tearDownClass): 200 GET http://10.180.1.21/networking/v2.0/security-groups?tenant_id=f0d568f87edf44359b0d3772bc6ba7ad&name=default 0.036s
2025-11-22 04:00:44.561 66543 INFO tempest.lib.common.rest_client [req-7c496a39-6620-42cd-b326-6aa1015463df req-7c496a39-6620-42cd-b326-6aa1015463df ] Request (ListImageFiltersTestJSON:setUpClass): 200 GET http://10.180.1.21/compute/v2.1/servers/777f91b4-9564-4aec-b473-4a393af2465d 4.853s
2025-11-22 04:00:44.627 66575 INFO tempest.lib.common.rest_client [req-2b9dc968-9d76-4a8c-8fdd-85ae15562b7f req-2b9dc968-9d76-4a8c-8fdd-85ae15562b7f ] Request (SecurityGroupsNegativeTestJSON:tearDownClass): 204 DELETE http://10.180.1.21/networking/v2.0/security-groups/a728c57c-3521-4d7a-8348-69a537f39b44 0.123s
2025-11-22 04:00:44.647 66537 INFO tempest.lib.common.rest_client [req-c20f3f9c-ac26-4b4d-a207-c4dd9a973a75 req-c20f3f9c-ac26-4b4d-a207-c4dd9a973a75 ] Request (ServersTestJSON:setUpClass): 200 POST http://10.180.1.21/compute/v2.1/os-keypairs 4.840s
2025-11-22 04:00:44.698 66547 INFO tempest.lib.common.rest_client [req-a3aec309-9c64-44b5-ab87-099d8d7be45a req-a3aec309-9c64-44b5-ab87-099d8d7be45a ] Request (MultipleCreateTestJSON:test_multiple_create_with_reservation_return): 200 GET http://10.180.1.21/compute/v2.1/servers 4.430s
2025-11-22 04:00:44.710 66551 INFO tempest.lib.common.rest_client [req-d3037af9-6192-4809-95ca-bed621522baf req-d3037af9-6192-4809-95ca-bed621522baf ] Request (FlavorsExtraSpecsTestJSON:test_flavor_non_admin_get_specific_key): 200 GET http://10.180.1.21/compute/v2.1/flavors/1097786704/os-extra_specs/hw:numa_nodes 4.344s
2025-11-22 04:00:44.751 66575 INFO tempest.lib.common.rest_client [req-90f1c432-6b90-4b6e-8139-b1e8b6c89b40 req-90f1c432-6b90-4b6e-8139-b1e8b6c89b40 ] Request (SecurityGroupsNegativeTestJSON:tearDownClass): 204 DELETE http://10.180.1.21/identity/v3/projects/f0d568f87edf44359b0d3772bc6ba7ad 0.123s
2025-11-22 04:00:44.756 66525 INFO tempest.lib.common.rest_client [req-ba51810b-59bc-4cc4-affb-f9a7914e317f req-ba51810b-59bc-4cc4-affb-f9a7914e317f ] Request (ImagesTestJSON:test_create_image_from_suspended_server): 200 GET http://10.180.1.21/compute/v2.1/images/2e470f53-2ba0-4821-9a13-c996aa9de42b 4.042s
2025-11-22 04:00:44.773 66557 INFO tempest.lib.common.rest_client [req-9f9e06ff-48c2-4022-b0d5-ba135e57b85b req-9f9e06ff-48c2-4022-b0d5-ba135e57b85b ] Request (AttachInterfacesTestJSON:test_create_list_show_delete_interfaces_by_fixed_ip): 200 GET http://10.180.1.21/compute/v2.1/servers/427b8d20-c22e-43cc-8523-65defd17efaf/os-interface 4.410s
2025-11-22 04:00:44.803 66537 INFO tempest.lib.common.rest_client [req-5caf188c-deaf-4604-8655-be37b3474a23 req-5caf188c-deaf-4604-8655-be37b3474a23 ] Request (ServersTestJSON:setUpClass): 201 POST http://10.180.1.21/networking/v2.0/security-groups 0.154s
2025-11-22 04:00:44.849 66535 INFO tempest.lib.common.rest_client [req-27c31cd4-d24b-4842-b6d1-1babff3cb648 req-27c31cd4-d24b-4842-b6d1-1babff3cb648 ] Request (ServersTestManualDisk:setUpClass): 200 GET http://10.180.1.21/compute/v2.1/servers/f01dc932-1237-4ce5-bdce-ef3645dd22c5 4.059s
2025-11-22 04:00:44.924 66537 INFO tempest.lib.common.rest_client [req-de89e7cc-0402-455b-a23d-f456820de385 req-de89e7cc-0402-455b-a23d-f456820de385 ] Request (ServersTestJSON:setUpClass): 201 POST http://10.180.1.21/networking/v2.0/security-group-rules 0.121s
2025-11-22 04:00:44.926 66559 INFO tempest.lib.common.rest_client [req-f11b8fe0-254f-419f-9483-da552746375e req-f11b8fe0-254f-419f-9483-da552746375e ] Request (MigrationsAdminTest:test_list_migrations_in_flavor_resize_situation): 200 GET http://10.180.1.21/compute/v2.1/servers/6e410dc7-bbec-4a14-891f-0588f1c95069 3.900s
2025-11-22 04:00:44.937 66569 INFO tempest.lib.common.rest_client [req-bf4ce739-f627-4176-a317-f6d981a91861 req-bf4ce739-f627-4176-a317-f6d981a91861 ] Request (VolumesAssistedSnapshotsTest:tearDownClass): 200 GET http://10.180.1.21/compute/v2.1/servers/b7eb4e9f-0957-43de-9f8a-a938761025a2 3.793s
2025-11-22 04:00:44.955 66555 INFO tempest.lib.common.rest_client [req-6892fd82-1a3f-403d-af02-c05e14345c2e req-6892fd82-1a3f-403d-af02-c05e14345c2e ] Request (InstanceActionsV221TestJSON:test_get_list_deleted_instance_actions): 404 GET http://10.180.1.21/compute/v2.1/servers/f54a720a-9e5d-4ae7-875c-373099c43dec 3.726s
2025-11-22 04:00:45.017 66521 INFO tempest.lib.common.rest_client [req-b366bc37-85c6-4f3e-8a39-9d1cccf0a651 req-b366bc37-85c6-4f3e-8a39-9d1cccf0a651 ] Request (ServersListShow2100Test:test_list_show_rebuild_update_server_2100): 200 GET http://10.180.1.21/compute/v2.1/servers/2450464a-6a96-4a9d-aca1-38fa49edd880 3.674s
2025-11-22 04:00:45.020 66537 INFO tempest.lib.common.rest_client [req-8a8d6c3e-28df-4dd2-87ae-085853724426 req-8a8d6c3e-28df-4dd2-87ae-085853724426 ] Request (ServersTestJSON:setUpClass): 201 POST http://10.180.1.21/networking/v2.0/security-group-rules 0.095s
2025-11-22 04:00:45.078 66523 INFO tempest.lib.common.rest_client [req-86b8d022-297a-460b-bd87-c38c6a8795c9 req-86b8d022-297a-460b-bd87-c38c6a8795c9 ] Request (VolumesTestJSON:setUpClass): 200 GET http://10.180.1.21/compute/v2.1/os-volumes/505218ed-9eab-4c51-a8c3-12c6bc436f78 3.446s
2025-11-22 04:00:45.235 66523 INFO tempest.lib.common.rest_client [req-d56b2eb6-6fd0-4aec-be50-08717e57944d req-d56b2eb6-6fd0-4aec-be50-08717e57944d ] Request (VolumesTestJSON:setUpClass): 202 POST http://10.180.1.21/volume/v3/volumes 0.155s
2025-11-22 04:00:45.264 66523 INFO tempest.lib.common.rest_client [req-43465913-6d6a-46a2-9809-fc9a2273efb6 req-43465913-6d6a-46a2-9809-fc9a2273efb6 ] Request (VolumesTestJSON:setUpClass): 200 GET http://10.180.1.21/volume/v3/volumes/0fd3b15b-a214-47b3-bd85-55068bcb2ee5 0.023s
2025-11-22 04:00:45.520 66537 INFO tempest.lib.common.rest_client [req-e0fae55a-166d-4f60-ac01-780c8af7ada1 req-e0fae55a-166d-4f60-ac01-780c8af7ada1 ] Request (ServersTestJSON:setUpClass): 201 POST http://10.180.1.21/networking/v2.0/floatingips 0.499s
2025-11-22 04:00:45.550 66577 INFO tempest.lib.common.rest_client [req-ede905f3-02a6-4ebb-b98a-42bd5464b3c4 req-ede905f3-02a6-4ebb-b98a-42bd5464b3c4 ] Request (ServersAdminTestJSON:test_list_servers_by_admin_with_specified_tenant): 200 GET http://10.180.1.21/compute/v2.1/servers/detail?all_tenants=&tenant_id=2d04960b751c4d75bd2850f2f00596ed 4.116s
2025-11-22 04:00:45.611 66537 INFO tempest.lib.common.rest_client [req-51239235-486c-41c2-ada1-583acc509068 req-51239235-486c-41c2-ada1-583acc509068 ] Request (ServersTestJSON:setUpClass): 201 POST http://10.180.1.21/identity/v3/auth/tokens 0.086s
2025-11-22 04:00:45.611 66537 INFO tempest.lib.common.fixed_network [-] (ServersTestJSON:setUpClass) Found network {'id': '651f3ecb-82bb-4b67-9658-7ebcdc6fa162', 'name': 'tempest-ServersTestJSON-1138828765-network', 'tenant_id': 'ea72a73530504cb0b1d3aed8263dc5f0', 'project_id': 'ea72a73530504cb0b1d3aed8263dc5f0', 'admin_state_up': True, 'mtu': 8950, 'status': 'ACTIVE', 'subnets': [], 'shared': False, 'port_security_enabled': True, 'router:external': False, 'provider:network_type': 'vlan', 'provider:physical_network': 'default', 'provider:segmentation_id': 559, 'availability_zone_hints': [], 'availability_zones': [], 'ipv4_address_scope': None, 'ipv6_address_scope': None, 'description': '', 'tags': [], 'created_at': '2025-11-22T04:00:37Z', 'updated_at': '2025-11-22T04:00:37Z', 'revision_number': 1} available for tenant
2025-11-22 04:00:46.305 66523 INFO tempest.lib.common.rest_client [req-59335186-8857-4272-9cb7-eadb2f2a036c req-59335186-8857-4272-9cb7-eadb2f2a036c ] Request (VolumesTestJSON:setUpClass): 200 GET http://10.180.1.21/volume/v3/volumes/0fd3b15b-a214-47b3-bd85-55068bcb2ee5 0.034s
2025-11-22 04:00:46.311 66523 INFO tempest.common.waiters [-] volume 0fd3b15b-a214-47b3-bd85-55068bcb2ee5 reached available after waiting for 1.311879 seconds
2025-11-22 04:00:46.544 66573 INFO tempest.lib.common.rest_client [req-9273accc-b7e5-4c12-8ec3-ddfcb4e92687 req-9273accc-b7e5-4c12-8ec3-ddfcb4e92687 ] Request (ServerActionsTestOtherB:test_create_backup): 200 GET http://10.180.1.21/compute/v2.1/servers/61409d2c-bff9-489b-9f26-bed96b20ba25 4.857s
2025-11-22 04:00:46.551 66573 INFO tempest.common.waiters [-] State transition "ACTIVE/image_uploading" ==> "ACTIVE/None" after 21 second wait
2025-11-22 04:00:46.563 66573 INFO tempest.lib.common.rest_client [req-1d2e0ed7-6b98-4607-87e3-0baf16ffd3fe req-1d2e0ed7-6b98-4607-87e3-0baf16ffd3fe ] Request (ServerActionsTestOtherB:test_create_backup): 404 GET http://10.180.1.21/image/v2/images/51e1c750-1995-4068-a198-5b0531750b5c 0.012s
2025-11-22 04:00:46.591 66573 INFO tempest.lib.common.rest_client [req-36487a50-14ed-43d6-b031-134091221871 req-36487a50-14ed-43d6-b031-134091221871 ] Request (ServerActionsTestOtherB:test_create_backup): 200 GET http://10.180.1.21/image/v2/images?status=active&sort_key=created_at&sort_dir=asc&image_type=backup&backup_type=daily&instance_uuid=61409d2c-bff9-489b-9f26-bed96b20ba25 0.028s
2025-11-22 04:00:46.654 66565 INFO tempest.lib.common.rest_client [req-1c544cb9-a43d-418e-a4ea-0ed4d9ee2b4d req-1c544cb9-a43d-418e-a4ea-0ed4d9ee2b4d ] Request (AttachInterfacesUnderV243Test:_run_cleanups): 200 GET http://10.180.1.21/compute/v2.1/servers/758bf357-2efb-46de-81a6-686f610c9003 4.291s
2025-11-22 04:00:46.720 66579 INFO tempest.lib.common.rest_client [req-e3c213e7-d994-470c-83ff-37d141c26ac5 req-e3c213e7-d994-470c-83ff-37d141c26ac5 ] Request (AttachInterfacesV270Test:test_create_get_list_interfaces): 200 GET http://10.180.1.21/compute/v2.1/servers/f95e9fc5-48ad-43be-8ab1-807f9c6a5386 4.337s
2025-11-22 04:00:46.856 66531 INFO tempest.lib.common.rest_client [req-2c15ea91-95eb-437a-804f-4bd56d21c3a3 req-2c15ea91-95eb-437a-804f-4bd56d21c3a3 ] Request (DeleteServersTestJSON:test_delete_server_while_in_attached_volume): 200 GET http://10.180.1.21/compute/v2.1/servers/78215cf3-d956-45d0-8a23-8cd5d0e65cec 4.097s
2025-11-22 04:00:47.303 66581 INFO tempest.lib.common.rest_client [req-a193e42b-5936-479a-add1-d5e5a38b2971 req-a193e42b-5936-479a-add1-d5e5a38b2971 ] Request (ImagesOneServerNegativeTestJSON:_run_cleanups): 200 GET http://10.180.1.21/compute/v2.1/servers/63de16b7-8dc2-4a33-9107-9c3dc44c10f0 3.771s
2025-11-22 04:00:47.408 66571 INFO tempest.lib.common.rest_client [req-c0cbd115-b26d-4729-a07a-54e657d04a7d req-c0cbd115-b26d-4729-a07a-54e657d04a7d ] Request (ServersAdminNegativeTestJSON:setUpClass): 200 GET http://10.180.1.21/compute/v2.1/servers/b7569349-f04f-40dc-a926-49bfbc4c8df4 3.324s
2025-11-22 04:00:47.517 66549 INFO tempest.lib.common.rest_client [req-7b047661-8c0f-40de-8f55-f7ccbb19e240 req-7b047661-8c0f-40de-8f55-f7ccbb19e240 ] Request (FloatingIPsTestJSON:test_allocate_floating_ip): 200 GET http://10.180.1.21/compute/v2.1/os-floating-ips/a44d7c1b-542c-4d4f-901b-0d0f20788764 3.204s
2025-11-22 04:00:47.578 66561 INFO tempest.lib.common.rest_client [req-adee1d4e-a1d2-4675-aef8-0ff3203a8690 req-adee1d4e-a1d2-4675-aef8-0ff3203a8690 ] Request (ServersTestFqdnHostnames:tearDownClass): 200 GET http://10.180.1.21/compute/v2.1/servers/5d8ae394-6478-41d3-8bd3-5c10f54b14e3 3.077s
2025-11-22 04:00:47.586 66533 INFO tempest.lib.common.rest_client [req-596c2017-1aff-4660-9604-3a1b7b9ac90b req-596c2017-1aff-4660-9604-3a1b7b9ac90b ] Request (FloatingIPsAssociationTestJSON:test_associate_already_associated_floating_ip): 202 POST http://10.180.1.21/compute/v2.1/servers/a5f38726-a400-4b44-a069-f3514bfbaf28/action 5.906s
2025-11-22 04:00:47.699 66546 INFO tempest.lib.common.rest_client [req-ef2e23df-a459-49a0-bfbf-1d7db3bce66d req-ef2e23df-a459-49a0-bfbf-1d7db3bce66d ] Request (AttachVolumeShelveTestJSON:test_attach_volume_shelved_or_offload_server): 200 GET http://10.180.1.21/compute/v2.1/servers/c3aada99-abd5-4ed7-8591-85cdffec2265 3.037s
2025-11-22 04:00:47.718 66546 INFO tempest.common.waiters [-] State transition "BUILD/spawning" ==> "ACTIVE/None" after 35 second wait
2025-11-22 04:00:47.767 66547 INFO tempest.lib.common.rest_client [req-2a5dfcbd-3ce8-42b3-8bad-b92163b70a05 req-2a5dfcbd-3ce8-42b3-8bad-b92163b70a05 ] Request (MultipleCreateTestJSON:test_multiple_create_with_reservation_return): 200 GET http://10.180.1.21/compute/v2.1/servers/0e1b6179-3636-4061-bfd1-c70a68632b60 3.066s
2025-11-22 04:00:47.811 66551 INFO tempest.lib.common.rest_client [req-610f5b2b-2e58-4a1d-95e7-1d00e84eb1ce req-610f5b2b-2e58-4a1d-95e7-1d00e84eb1ce ] Request (FlavorsExtraSpecsTestJSON:test_flavor_set_get_update_show_unset_keys): 200 POST http://10.180.1.21/compute/v2.1/flavors/1097786704/os-extra_specs 3.099s
2025-11-22 04:00:47.865 66525 INFO tempest.lib.common.rest_client [req-7c52f0d2-2f38-488d-848f-c8cf5507a7b3 req-7c52f0d2-2f38-488d-848f-c8cf5507a7b3 ] Request (ImagesTestJSON:test_create_image_from_suspended_server): 200 GET http://10.180.1.21/compute/v2.1/images/2e470f53-2ba0-4821-9a13-c996aa9de42b 3.104s
2025-11-22 04:00:47.894 66525 INFO tempest.lib.common.rest_client [req-28405573-1a9c-4fe2-93be-b68e4e2eb785 req-28405573-1a9c-4fe2-93be-b68e4e2eb785 ] Request (ImagesTestJSON:test_create_image_from_suspended_server): 200 GET http://10.180.1.21/image/v2/images/2e470f53-2ba0-4821-9a13-c996aa9de42b/tasks 0.024s
2025-11-22 04:00:48.219 66557 INFO tempest.lib.common.rest_client [req-543bd030-9976-4fbf-9553-182db0397701 req-543bd030-9976-4fbf-9553-182db0397701 ] Request (AttachInterfacesTestJSON:test_create_list_show_delete_interfaces_by_fixed_ip): 200 GET http://10.180.1.21/compute/v2.1/servers/427b8d20-c22e-43cc-8523-65defd17efaf/os-interface/6eed1e76-b72f-4aba-bdb7-7f16db1d8a10 3.442s
2025-11-22 04:00:48.284 66555 INFO tempest.lib.common.rest_client [req-f0d968b8-4401-40e1-9986-3bf5cb9903c6 req-f0d968b8-4401-40e1-9986-3bf5cb9903c6 ] Request (InstanceActionsV221TestJSON:test_get_list_deleted_instance_actions): 200 GET http://10.180.1.21/compute/v2.1/servers/f54a720a-9e5d-4ae7-875c-373099c43dec/os-instance-actions 3.328s
2025-11-22 04:00:48.289 66557 INFO tempest.lib.common.rest_client [req-a181af91-5dd4-4c95-8179-0aaa41f8c9eb req-a181af91-5dd4-4c95-8179-0aaa41f8c9eb ] Request (AttachInterfacesTestJSON:test_create_list_show_delete_interfaces_by_fixed_ip): 200 GET http://10.180.1.21/networking/v2.0/ports?network_id=d382e33f-0dc7-44c3-8bbd-6ca772ed9c55 0.067s
2025-11-22 04:00:48.317 66557 INFO tempest.lib.common.rest_client [req-65836fac-b889-4996-ba76-b58d040981e9 req-65836fac-b889-4996-ba76-b58d040981e9 ] Request (AttachInterfacesTestJSON:test_create_list_show_delete_interfaces_by_fixed_ip): 200 GET http://10.180.1.21/networking/v2.0/subnets/92e33a7c-3190-4c5d-a3af-ba52cbde5d28 0.028s
2025-11-22 04:00:48.387 66543 INFO tempest.lib.common.rest_client [req-2f16fcd1-a69e-43ec-8d76-0dc4b6254d2f req-2f16fcd1-a69e-43ec-8d76-0dc4b6254d2f ] Request (ListImageFiltersTestJSON:setUpClass): 202 POST http://10.180.1.21/compute/v2.1/servers/475c7170-3838-4b03-a724-399e7fa86fe6/action 3.813s
2025-11-22 04:00:48.389 66539 INFO tempest.lib.common.rest_client [req-9997aa8e-4b6a-4068-8927-ede7dd8eb1a2 req-9997aa8e-4b6a-4068-8927-ede7dd8eb1a2 ] Request (ListServersNegativeTestJSON:setUpClass): 200 GET http://10.180.1.21/compute/v2.1/servers/09025781-ef8d-4894-a7b3-5da058a34d19 3.099s
2025-11-22 04:00:48.398 66539 INFO tempest.common.waiters [-] State transition "BUILD/spawning" ==> "ACTIVE/None" after 31 second wait
2025-11-22 04:00:48.446 66541 INFO tempest.lib.common.rest_client [req-4e5235e4-a0e5-420b-a605-323f7f57094b req-4e5235e4-a0e5-420b-a605-323f7f57094b ] Request (ServerShowV254Test:test_rebuild_server): 200 GET http://10.180.1.21/compute/v2.1/servers/a090d2e2-a6b5-4e8b-91b1-a94b8fd30e9d 3.077s
2025-11-22 04:00:48.492 66527 INFO tempest.lib.common.rest_client [req-a20dc7ce-8a31-4845-b0ff-e31ea5a3242b req-a20dc7ce-8a31-4845-b0ff-e31ea5a3242b ] Request (ServerTagsTestJSON:setUpClass): 200 GET http://10.180.1.21/compute/v2.1/servers/68de0f7f-5b75-48f9-9a56-7089e36d2b42 3.090s
2025-11-22 04:00:48.501 66527 INFO tempest.common.waiters [-] State transition "BUILD/None" ==> "BUILD/spawning" after 30 second wait
2025-11-22 04:00:48.506 66529 INFO tempest.lib.common.rest_client [req-3c15de63-3d17-4a1e-b6af-35df4b56ceb3 req-3c15de63-3d17-4a1e-b6af-35df4b56ceb3 ] Request (ServersAaction247Test:tearDownClass): 200 GET http://10.180.1.21/compute/v2.1/servers/2384a2d6-2614-409c-bff7-55b27b24a9d1 3.052s
2025-11-22 04:00:48.521 66577 INFO tempest.lib.common.rest_client [req-7c283e0f-aeee-4df3-9dfd-f1fe090bed4f req-7c283e0f-aeee-4df3-9dfd-f1fe090bed4f ] Request (ServersAdminTestJSON:test_list_servers_by_admin_with_specified_tenant): 200 GET http://10.180.1.21/compute/v2.1/servers/detail?all_tenants=&tenant_id=ccae167ac2bb420e82aee0e7cc10aa57 2.957s
2025-11-22 04:00:48.575 66535 INFO tempest.lib.common.rest_client [req-ba6b9826-edc7-40d1-8323-c3613a317770 req-ba6b9826-edc7-40d1-8323-c3613a317770 ] Request (ServersTestManualDisk:setUpClass): 200 GET http://10.180.1.21/compute/v2.1/servers/f01dc932-1237-4ce5-bdce-ef3645dd22c5 2.715s
2025-11-22 04:00:48.664 66563 WARNING tempest.lib.common.ssh [-] Failed to establish authenticated ssh connection to cirros@10.180.180.212 ([Errno None] Unable to connect to port 22 on 10.180.180.212). Number attempts: 1. Retry after 2 seconds.: paramiko.ssh_exception.NoValidConnectionsError: [Errno None] Unable to connect to port 22 on 10.180.180.212
2025-11-22 04:00:48.715 66559 INFO tempest.lib.common.rest_client [req-e4cdf993-e68d-482d-ba34-064896814b30 req-e4cdf993-e68d-482d-ba34-064896814b30 ] Request (MigrationsAdminTest:test_list_migrations_in_flavor_resize_situation): 200 GET http://10.180.1.21/compute/v2.1/servers/6e410dc7-bbec-4a14-891f-0588f1c95069 2.780s
2025-11-22 04:00:48.780 66569 INFO tempest.lib.common.rest_client [req-bd700648-3fe9-4846-8ed7-8cb72e46a131 req-bd700648-3fe9-4846-8ed7-8cb72e46a131 ] Request (VolumesAssistedSnapshotsTest:tearDownClass): 200 GET http://10.180.1.21/compute/v2.1/servers/b7eb4e9f-0957-43de-9f8a-a938761025a2 2.830s
2025-11-22 04:00:48.855 66521 INFO tempest.lib.common.rest_client [req-cb168a55-b939-4100-aad3-93208d27c7e1 req-cb168a55-b939-4100-aad3-93208d27c7e1 ] Request (ServersListShow2100Test:test_list_show_rebuild_update_server_2100): 200 GET http://10.180.1.21/compute/v2.1/servers/2450464a-6a96-4a9d-aca1-38fa49edd880 2.819s
2025-11-22 04:00:48.858 66537 INFO tempest.lib.common.rest_client [req-88e6d271-37b6-408f-be66-dfb743aed56e req-88e6d271-37b6-408f-be66-dfb743aed56e ] Request (ServersTestJSON:setUpClass): 202 POST http://10.180.1.21/compute/v2.1/servers 3.246s
2025-11-22 04:00:48.866 66521 INFO tempest.common.waiters [-] State transition "BUILD/None" ==> "BUILD/block_device_mapping" after 28 second wait
2025-11-22 04:00:48.899 66523 INFO tempest.lib.common.rest_client [req-e1bafed1-c939-49b6-9c6d-e4bee02be948 req-e1bafed1-c939-49b6-9c6d-e4bee02be948 ] Request (VolumesTestJSON:setUpClass): 200 GET http://10.180.1.21/compute/v2.1/os-volumes/0fd3b15b-a214-47b3-bd85-55068bcb2ee5 2.587s
2025-11-22 04:00:48.980 66573 INFO tempest.lib.common.rest_client [req-e80a0189-2dc5-432a-a8f1-8b90c87e132c req-e80a0189-2dc5-432a-a8f1-8b90c87e132c ] Request (ServerActionsTestOtherB:tearDown): 200 GET http://10.180.1.21/compute/v2.1/servers/61409d2c-bff9-489b-9f26-bed96b20ba25 2.388s
2025-11-22 04:00:49.026 66549 INFO tempest.lib.common.rest_client [req-63ef9991-a08e-434e-9ff1-4cca77fc809c req-63ef9991-a08e-434e-9ff1-4cca77fc809c ] Request (FloatingIPsTestJSON:test_allocate_floating_ip): 200 GET http://10.180.1.21/compute/v2.1/os-floating-ips 1.506s
2025-11-22 04:00:49.086 66573 INFO tempest.lib.common.rest_client [req-92d904ec-c1ad-43b5-adff-56a072b24e63 req-92d904ec-c1ad-43b5-adff-56a072b24e63 ] Request (ServerActionsTestOtherB:_run_cleanups): 204 DELETE http://10.180.1.21/image/v2/images/43205d32-eb0d-4a84-9e3e-dcc11de2e8f7 0.098s
2025-11-22 04:00:49.100 66565 INFO tempest.lib.common.rest_client [req-835b69fd-690c-40d0-a83b-308908ba2f8a req-835b69fd-690c-40d0-a83b-308908ba2f8a ] Request (AttachInterfacesUnderV243Test:_run_cleanups): 200 GET http://10.180.1.21/compute/v2.1/servers/758bf357-2efb-46de-81a6-686f610c9003 1.438s
2025-11-22 04:00:49.189 66573 INFO tempest.lib.common.rest_client [req-8ea7187d-61f3-4742-a202-dfa3f396640b req-8ea7187d-61f3-4742-a202-dfa3f396640b ] Request (ServerActionsTestOtherB:_run_cleanups): 204 DELETE http://10.180.1.21/image/v2/images/1289c350-fcd1-4377-98a0-78b0358f3f2b 0.103s
2025-11-22 04:00:49.205 66546 INFO tempest.lib.common.rest_client [req-d6b18b7d-515d-402f-8a75-369b5cbb1096 req-d6b18b7d-515d-402f-8a75-369b5cbb1096 ] Request (AttachVolumeShelveTestJSON:test_attach_volume_shelved_or_offload_server): 200 GET http://10.180.1.21/compute/v2.1/servers/c3aada99-abd5-4ed7-8591-85cdffec2265/os-interface 1.486s
2025-11-22 04:00:49.213 66533 INFO tempest.lib.common.rest_client [req-819176fc-0cbd-4ed7-b734-99304bca4c35 req-819176fc-0cbd-4ed7-b734-99304bca4c35 ] Request (FloatingIPsAssociationTestJSON:test_associate_already_associated_floating_ip): 409 POST http://10.180.1.21/compute/v2.1/servers/379c46d0-bc0f-4ddf-96b3-357cad3a8830/action 1.627s
2025-11-22 04:00:49.228 66551 INFO tempest.lib.common.rest_client [req-8407c9a8-26ee-4a78-8508-72e32d2c27ae req-8407c9a8-26ee-4a78-8508-72e32d2c27ae ] Request (FlavorsExtraSpecsTestJSON:test_flavor_set_get_update_show_unset_keys): 200 GET http://10.180.1.21/compute/v2.1/flavors/1097786704/os-extra_specs 1.413s
2025-11-22 04:00:49.258 66579 INFO tempest.lib.common.rest_client [req-476f01d9-0628-4d12-b850-5d06afd47678 req-476f01d9-0628-4d12-b850-5d06afd47678 ] Request (AttachInterfacesV270Test:test_create_get_list_interfaces): 200 GET http://10.180.1.21/compute/v2.1/servers/f95e9fc5-48ad-43be-8ab1-807f9c6a5386 1.518s
2025-11-22 04:00:49.279 66531 INFO tempest.lib.common.rest_client [req-989aa9b8-cbe9-4c5a-9c87-c52c69ed01d1 req-989aa9b8-cbe9-4c5a-9c87-c52c69ed01d1 ] Request (DeleteServersTestJSON:test_delete_server_while_in_attached_volume): 200 GET http://10.180.1.21/compute/v2.1/servers/78215cf3-d956-45d0-8a23-8cd5d0e65cec 1.413s
2025-11-22 04:00:49.298 66555 INFO tempest.lib.common.rest_client [req-7c298e42-7b0f-4e1e-9409-a542af41db6b req-7c298e42-7b0f-4e1e-9409-a542af41db6b ] Request (InstanceActionsV221TestJSON:tearDownClass): 404 DELETE http://10.180.1.21/compute/v2.1/servers/f54a720a-9e5d-4ae7-875c-373099c43dec 1.009s
2025-11-22 04:00:49.355 66525 INFO tempest.lib.common.rest_client [req-af473bbe-b4b4-42e9-a88d-303aca934da7 req-af473bbe-b4b4-42e9-a88d-303aca934da7 ] Request (ImagesTestJSON:_run_cleanups): 204 DELETE http://10.180.1.21/compute/v2.1/images/2e470f53-2ba0-4821-9a13-c996aa9de42b 1.460s
2025-11-22 04:00:49.397 66581 INFO tempest.lib.common.rest_client [req-90f71b62-195f-431b-95aa-cda4d8cfe5ad req-90f71b62-195f-431b-95aa-cda4d8cfe5ad ] Request (ImagesOneServerNegativeTestJSON:_run_cleanups): 200 GET http://10.180.1.21/compute/v2.1/servers/63de16b7-8dc2-4a33-9107-9c3dc44c10f0 1.077s
2025-11-22 04:00:49.449 66543 INFO tempest.lib.common.rest_client [req-f4204c8a-390a-4780-9e64-b2b5f94f12f2 req-f4204c8a-390a-4780-9e64-b2b5f94f12f2 ] Request (ListImageFiltersTestJSON:setUpClass): 200 GET http://10.180.1.21/compute/v2.1/images/2801093f-c483-43de-ad63-02e4d196cdfb 1.060s
2025-11-22 04:00:49.674 66539 INFO tempest.lib.common.rest_client [req-3abc72ff-eff4-4a75-98c2-df2f56418e3c req-3abc72ff-eff4-4a75-98c2-df2f56418e3c ] Request (ListServersNegativeTestJSON:setUpClass): 200 GET http://10.180.1.21/compute/v2.1/servers/d5f71f46-5835-402f-a27e-e7e85b48ccbb 1.276s
2025-11-22 04:00:49.737 66571 INFO tempest.lib.common.rest_client [req-6e2e109d-2124-421d-8d6f-98a98ed52db7 req-6e2e109d-2124-421d-8d6f-98a98ed52db7 ] Request (ServersAdminNegativeTestJSON:setUpClass): 200 GET http://10.180.1.21/compute/v2.1/servers/b7569349-f04f-40dc-a926-49bfbc4c8df4 1.321s
2025-11-22 04:00:49.744 66577 INFO tempest.lib.common.rest_client [req-9484ac62-3db6-4f9f-80ee-370ff2d5d670 req-9484ac62-3db6-4f9f-80ee-370ff2d5d670 ] Request (ServersAdminTestJSON:test_list_servers_detailed_filter_by_invalid_status): 200 GET http://10.180.1.21/compute/v2.1/servers/detail?status=invalid_status 1.215s
2025-11-22 04:00:49.845 66546 INFO tempest.lib.common.rest_client [req-edb55322-c5d6-408e-bcd0-5bc142670b19 req-edb55322-c5d6-408e-bcd0-5bc142670b19 ] Request (AttachVolumeShelveTestJSON:test_attach_volume_shelved_or_offload_server): 200 PUT http://10.180.1.21/networking/v2.0/floatingips/01cde689-0495-4dc5-9fbc-a1267c54a30d 0.638s
2025-11-22 04:00:49.847 66546 INFO tempest.lib.common.ssh [-] Creating ssh connection to '10.180.180.250:22' as 'cirros' with public key authentication
2025-11-22 04:00:49.874 66561 INFO tempest.lib.common.rest_client [req-a9506a77-a8ea-4042-b428-f09c8b87959e req-a9506a77-a8ea-4042-b428-f09c8b87959e ] Request (ServersTestFqdnHostnames:tearDownClass): 200 GET http://10.180.1.21/compute/v2.1/servers/5d8ae394-6478-41d3-8bd3-5c10f54b14e3 1.285s
2025-11-22 04:00:49.881 66561 INFO tempest.common.waiters [-] State transition "ACTIVE/deleting" ==> "DELETED/None" after 2 second wait
2025-11-22 04:00:49.932 66547 INFO tempest.lib.common.rest_client [req-3be1be7c-bb75-4aab-875a-b050da8f2079 req-3be1be7c-bb75-4aab-875a-b050da8f2079 ] Request (MultipleCreateTestJSON:test_multiple_create_with_reservation_return): 200 GET http://10.180.1.21/compute/v2.1/servers/0e1b6179-3636-4061-bfd1-c70a68632b60 1.155s
2025-11-22 04:00:49.988 66537 INFO tempest.lib.common.rest_client [req-5fe72850-47ca-442b-adcb-005b2d21474e req-5fe72850-47ca-442b-adcb-005b2d21474e ] Request (ServersTestJSON:setUpClass): 200 GET http://10.180.1.21/compute/v2.1/servers/8cfc98a1-626c-4c89-89be-34121d69ba07 1.128s
2025-11-22 04:00:50.045 66523 INFO tempest.lib.common.rest_client [req-6ccb12da-46ed-4288-9d0a-ae190e200b7e req-6ccb12da-46ed-4288-9d0a-ae190e200b7e ] Request (VolumesTestJSON:test_volume_list): 200 GET http://10.180.1.21/compute/v2.1/os-volumes 1.143s
2025-11-22 04:00:50.416 66549 INFO tempest.lib.common.rest_client [req-ae69548a-3b4c-4dd3-ae72-b67e44a4bc19 req-ae69548a-3b4c-4dd3-ae72-b67e44a4bc19 ] Request (FloatingIPsTestJSON:_run_cleanups): 202 DELETE http://10.180.1.21/compute/v2.1/os-floating-ips/a44d7c1b-542c-4d4f-901b-0d0f20788764 1.386s
2025-11-22 04:00:50.521 66573 INFO tempest.lib.common.rest_client [req-5b1759d3-ff85-433b-88c7-cadbb946bfc5 req-5b1759d3-ff85-433b-88c7-cadbb946bfc5 ] Request (ServerActionsTestOtherB:setUp): 200 GET http://10.180.1.21/compute/v2.1/servers/61409d2c-bff9-489b-9f26-bed96b20ba25 1.330s
2025-11-22 04:00:51.086 66583 INFO paramiko.transport [-] Connected (version 2.0, client dropbear_2020.81)
2025-11-22 04:00:51.152 66583 INFO paramiko.transport [-] Authentication (publickey) successful!
2025-11-22 04:00:51.154 66583 INFO tempest.lib.common.ssh [-] ssh connection to cirros@10.180.180.253 successfully created
2025-11-22 04:00:51.383 66533 INFO tempest.lib.common.rest_client [req-8d3bd259-e2b1-4299-a297-948af4d78635 req-8d3bd259-e2b1-4299-a297-948af4d78635 ] Request (FloatingIPsAssociationTestJSON:_run_cleanups): 202 POST http://10.180.1.21/compute/v2.1/servers/a5f38726-a400-4b44-a069-f3514bfbaf28/action 2.169s
2025-11-22 04:00:51.419 66551 INFO tempest.lib.common.rest_client [req-27e15837-8668-4e69-a0a8-e0df03eeaaf6 req-27e15837-8668-4e69-a0a8-e0df03eeaaf6 ] Request (FlavorsExtraSpecsTestJSON:test_flavor_set_get_update_show_unset_keys): 200 PUT http://10.180.1.21/compute/v2.1/flavors/1097786704/os-extra_specs/hw:numa_nodes 2.189s
2025-11-22 04:00:51.445 66555 INFO tempest.lib.common.rest_client [req-b59afd13-d5cb-4d44-aa70-304ab3ed2fc4 req-b59afd13-d5cb-4d44-aa70-304ab3ed2fc4 ] Request (InstanceActionsV221TestJSON:tearDownClass): 404 GET http://10.180.1.21/compute/v2.1/servers/f54a720a-9e5d-4ae7-875c-373099c43dec 2.146s
2025-11-22 04:00:51.572 66525 INFO tempest.lib.common.rest_client [req-331054f4-b1b2-4ce1-a0aa-e5d63a85c321 req-331054f4-b1b2-4ce1-a0aa-e5d63a85c321 ] Request (ImagesTestJSON:_run_cleanups): 204 DELETE http://10.180.1.21/compute/v2.1/servers/e1098156-ed26-4119-aa10-1c0530a9723c 2.216s
2025-11-22 04:00:51.659 66525 INFO tempest.lib.common.rest_client [req-adb39a8c-cfc9-4d36-b9c5-f78a05225019 req-adb39a8c-cfc9-4d36-b9c5-f78a05225019 ] Request (ImagesTestJSON:test_create_server_from_snapshot): 201 POST http://10.180.1.21/identity/v3/auth/tokens 0.082s
2025-11-22 04:00:51.660 66525 INFO tempest.lib.common.fixed_network [-] (ImagesTestJSON:test_create_server_from_snapshot) Found network {'id': '62db85d5-2ac3-42ae-8b9e-3eeb3cb46e61', 'name': 'tempest-ImagesTestJSON-1020703224-network', 'tenant_id': '032fcc9cbaa04232886cf5b58ed687b1', 'project_id': '032fcc9cbaa04232886cf5b58ed687b1', 'admin_state_up': True, 'mtu': 8950, 'status': 'ACTIVE', 'subnets': [], 'shared': False, 'port_security_enabled': True, 'router:external': False, 'provider:network_type': 'vlan', 'provider:physical_network': 'default', 'provider:segmentation_id': 325, 'availability_zone_hints': [], 'availability_zones': [], 'ipv4_address_scope': None, 'ipv6_address_scope': None, 'description': '', 'tags': [], 'created_at': '2025-11-22T03:58:06Z', 'updated_at': '2025-11-22T03:58:06Z', 'revision_number': 1} available for tenant
