2025-11-22 04:33:02.594 66357 INFO tempest.lib.common.rest_client [req-3b4a979a-f7f0-4e48-86e1-4abaf65fa884 req-3b4a979a-f7f0-4e48-86e1-4abaf65fa884 ] Request (ListImageFiltersTestJSON:tearDownClass): 200 GET http://10.180.1.21/compute/v2.1/servers/4031ac4c-5d83-4b6f-b8b6-74793604b77a 0.330s
2025-11-22 04:33:02.629 66409 INFO tempest.lib.common.rest_client [req-7f57afb4-0332-4c11-9269-fee86d218c9e req-7f57afb4-0332-4c11-9269-fee86d218c9e ] Request (ServersAdminNegativeTestJSON:tearDownClass): 204 DELETE http://10.180.1.21/identity/v3/projects/7649821e2b544f06b6c805f3276f1429 0.107s
2025-11-22 04:33:02.629 66409 INFO tempest.lib.common.dynamic_creds [-] Deleting project and security group for project: d607d504cba0478fb8715ff5c8d2f78e
2025-11-22 04:33:02.676 66401 INFO tempest.lib.common.rest_client [req-2f0eec7d-b3c6-4f15-940d-21173e1d9acd req-2f0eec7d-b3c6-4f15-940d-21173e1d9acd ] Request (FloatingIPsAssociationNegativeTestJSON:tearDownClass): 200 GET http://10.180.1.21/compute/v2.1/servers/d79d3983-d81c-4d11-96a6-369cfe728127 0.404s
2025-11-22 04:33:02.696 66409 INFO tempest.lib.common.rest_client [req-94e3e290-ea97-4d36-b045-d48636ca70ae req-94e3e290-ea97-4d36-b045-d48636ca70ae ] Request (ServersAdminNegativeTestJSON:tearDownClass): 200 GET http://10.180.1.21/networking/v2.0/security-groups?tenant_id=d607d504cba0478fb8715ff5c8d2f78e&name=default 0.066s
2025-11-22 04:33:02.725 66377 INFO tempest.lib.common.rest_client [req-e7dd326c-94f9-4e5a-99c7-f505063ceafb req-e7dd326c-94f9-4e5a-99c7-f505063ceafb ] Request (MigrationsAdminTest:test_resize_server_revert_deleted_flavor): 200 GET http://10.180.1.21/compute/v2.1/servers/d742aec9-0d98-4b84-a109-ade52aeb78a4 0.398s
2025-11-22 04:33:02.754 66415 INFO tempest.lib.common.rest_client [req-aee70a31-cc52-4b39-870c-4a7a39146af0 req-aee70a31-cc52-4b39-870c-4a7a39146af0 ] Request (ServerTagsTestJSON:test_delete_all_tags): 200 GET http://10.180.1.21/compute/v2.1/servers/e5fc0417-2680-457f-8760-af261a5ac23f/tags 0.365s
2025-11-22 04:33:02.860 66351 WARNING tempest.lib.common.ssh [-] Failed to establish authenticated ssh connection to cirros@10.180.180.248 ([Errno None] Unable to connect to port 22 on 10.180.180.248). Number attempts: 1. Retry after 2 seconds.: paramiko.ssh_exception.NoValidConnectionsError: [Errno None] Unable to connect to port 22 on 10.180.180.248
2025-11-22 04:33:02.868 66409 INFO tempest.lib.common.rest_client [req-a1619639-c15e-4a1a-8be3-d40b6b33a317 req-a1619639-c15e-4a1a-8be3-d40b6b33a317 ] Request (ServersAdminNegativeTestJSON:tearDownClass): 204 DELETE http://10.180.1.21/networking/v2.0/security-groups/aa8c9176-c0d4-4732-93ba-a80e6182488b 0.171s
2025-11-22 04:33:02.983 66353 INFO tempest.lib.common.rest_client [req-61d0c309-1802-4c7d-8629-9a1ba5765f72 req-61d0c309-1802-4c7d-8629-9a1ba5765f72 ] Request (ServerDiskConfigTestJSON:test_rebuild_server_with_auto_disk_config): 200 GET http://10.180.1.21/compute/v2.1/servers/d73ebbf0-9621-4861-aa95-ec504c9f253d 0.590s
2025-11-22 04:33:03.002 66409 INFO tempest.lib.common.rest_client [req-20087d88-e745-4807-852d-fdf9db5d7f04 req-20087d88-e745-4807-852d-fdf9db5d7f04 ] Request (ServersAdminNegativeTestJSON:tearDownClass): 204 DELETE http://10.180.1.21/identity/v3/projects/d607d504cba0478fb8715ff5c8d2f78e 0.133s
2025-11-22 04:33:03.078 66409 INFO tempest.lib.common.rest_client [req-66cd6145-62fe-440f-8378-c0a273b68a4f req-66cd6145-62fe-440f-8378-c0a273b68a4f ] Request (ServersTestMultiNic:setUpClass): 201 POST http://10.180.1.21/identity/v3/auth/tokens 0.073s
2025-11-22 04:33:03.109 66409 INFO tempest.lib.common.rest_client [req-46d3497f-afa8-4777-ab3b-ecffc697318c req-46d3497f-afa8-4777-ab3b-ecffc697318c ] Request (ServersTestMultiNic:setUpClass): 201 POST http://10.180.1.21/identity/v3/auth/tokens 0.028s
2025-11-22 04:33:03.114 66379 WARNING tempest.lib.common.ssh [-] Failed to establish authenticated ssh connection to cirros@10.180.180.216 ([Errno None] Unable to connect to port 22 on 10.180.180.216). Number attempts: 10. Retry after 11 seconds.: paramiko.ssh_exception.NoValidConnectionsError: [Errno None] Unable to connect to port 22 on 10.180.180.216
2025-11-22 04:33:03.137 66409 INFO tempest.lib.common.rest_client [req-046b2df4-0fa9-439c-86de-1865d8a57759 req-046b2df4-0fa9-439c-86de-1865d8a57759 ] Request (ServersTestMultiNic:setUpClass): 200 GET http://10.180.1.21/identity/v3/domains?name=Default 0.027s
2025-11-22 04:33:03.158 66371 INFO tempest.lib.common.rest_client [req-31d51b1a-c80b-4d86-8556-83c8fa8da47a req-31d51b1a-c80b-4d86-8556-83c8fa8da47a ] Request (AttachInterfacesUnderV243Test:tearDownClass): 200 PUT http://10.180.1.21/networking/v2.0/routers/dd9b80d6-3707-451d-a9f9-7402fd824f41/remove_router_interface 0.860s
2025-11-22 04:33:03.184 66409 INFO tempest.lib.common.rest_client [req-1a85cd73-99b1-4844-acff-df3e48557a41 req-1a85cd73-99b1-4844-acff-df3e48557a41 ] Request (ServersTestMultiNic:setUpClass): 201 POST http://10.180.1.21/identity/v3/projects 0.047s
2025-11-22 04:33:03.201 66403 INFO tempest.lib.common.rest_client [req-d38e8726-af96-49e8-8b5c-05831e61ce40 req-d38e8726-af96-49e8-8b5c-05831e61ce40 ] Request (ServersNegativeTestJSON:setUpClass): 200 GET http://10.180.1.21/compute/v2.1/servers/a22ac876-ae59-457c-a2d2-9de8fcbe1a81 0.872s
2025-11-22 04:33:03.263 66367 INFO tempest.lib.common.rest_client [req-b62582a3-a9cb-487e-8003-8271d47c5587 req-b62582a3-a9cb-487e-8003-8271d47c5587 ] Request (ImagesOneServerTestJSON:tearDownClass): 200 GET http://10.180.1.21/compute/v2.1/servers/194fee91-f50b-439c-9f97-24eca664c849 0.874s
2025-11-22 04:33:03.276 66409 INFO tempest.lib.common.rest_client [req-29d33196-aa71-4646-a705-6c9770579d81 req-29d33196-aa71-4646-a705-6c9770579d81 ] Request (ServersTestMultiNic:setUpClass): 201 POST http://10.180.1.21/identity/v3/users 0.091s
2025-11-22 04:33:03.316 66409 INFO tempest.lib.common.rest_client [req-1ab7cfea-b7cf-4ef4-ae82-a91b963870c3 req-1ab7cfea-b7cf-4ef4-ae82-a91b963870c3 ] Request (ServersTestMultiNic:setUpClass): 200 GET http://10.180.1.21/identity/v3/roles 0.037s
2025-11-22 04:33:03.367 66413 INFO tempest.lib.common.rest_client [req-5284e063-3878-477c-8b11-fc9ffa400605 req-5284e063-3878-477c-8b11-fc9ffa400605 ] Request (VolumesAssistedSnapshotsTest:tearDownClass): 200 GET http://10.180.1.21/compute/v2.1/servers/b91405c7-49e7-4579-9553-498d1287bb98 0.914s
2025-11-22 04:33:03.371 66409 INFO tempest.lib.common.rest_client [req-45198039-95f1-48b4-9476-8932b6edd025 req-45198039-95f1-48b4-9476-8932b6edd025 ] Request (ServersTestMultiNic:setUpClass): 204 PUT http://10.180.1.21/identity/v3/projects/edce7743ec93483da537aafe72efd301/users/2dbd0cc6ce104a5da0b47b047ae6943f/roles/29412f339a6c4112bea53e0eb99ea894 0.055s
2025-11-22 04:33:03.372 66409 INFO tempest.lib.common.dynamic_creds [-] Dynamic test user 2dbd0cc6ce104a5da0b47b047ae6943f is created with scope project and roles: ['member']
2025-11-22 04:33:03.372 66409 INFO tempest.lib.common.dynamic_creds [-] Acquired dynamic creds: credentials: Credentials: {'domain_id': 'default', 'domain_name': 'Default', 'username': 'tempest-ServersTestMultiNic-681779130-project-member', 'project_domain_id': 'default', 'project_domain_name': 'Default', 'project_id': 'edce7743ec93483da537aafe72efd301', 'project_name': 'tempest-ServersTestMultiNic-681779130', 'tenant_id': 'edce7743ec93483da537aafe72efd301', 'tenant_name': 'tempest-ServersTestMultiNic-681779130', 'user_domain_id': 'default', 'user_domain_name': 'Default', 'user_id': '2dbd0cc6ce104a5da0b47b047ae6943f', 'system': None}, Network: None, Subnet: None, Router: None
2025-11-22 04:33:03.384 66391 INFO tempest.lib.common.rest_client [req-4f62d79b-ca22-419e-bd80-3c1f9223a5cc req-4f62d79b-ca22-419e-bd80-3c1f9223a5cc ] Request (ServersTestFqdnHostnames:tearDownClass): 200 GET http://10.180.1.21/compute/v2.1/servers/979bc542-5e49-4fe5-a697-c96a85707fd4 0.768s
2025-11-22 04:33:03.442 66375 INFO tempest.lib.common.rest_client [req-64384dd2-1133-49b1-842d-bfa242cbe2a7 req-64384dd2-1133-49b1-842d-bfa242cbe2a7 ] Request (ServerShowV257Test:tearDownClass): 200 GET http://10.180.1.21/compute/v2.1/servers/ea39cdba-2b34-47f9-bb96-798e4bb2e63d 0.716s
2025-11-22 04:33:03.453 66409 INFO tempest.lib.common.rest_client [req-1b00ab2c-ada9-4882-87b3-0be582bae588 req-1b00ab2c-ada9-4882-87b3-0be582bae588 ] Request (ServersTestMultiNic:setUpClass): 201 POST http://10.180.1.21/identity/v3/auth/tokens 0.081s
2025-11-22 04:33:03.488 66415 INFO tempest.lib.common.rest_client [req-21104243-274a-4a28-a507-ecb569aec45f req-21104243-274a-4a28-a507-ecb569aec45f ] Request (ServerTagsTestJSON:_run_cleanups): 204 DELETE http://10.180.1.21/compute/v2.1/servers/e5fc0417-2680-457f-8760-af261a5ac23f/tags 0.733s
2025-11-22 04:33:03.721 66409 INFO tempest.lib.common.rest_client [req-e990f9fa-0807-4ba4-9ee6-4085424f6278 req-e990f9fa-0807-4ba4-9ee6-4085424f6278 ] Request (ServersTestMultiNic:setUpClass): 201 POST http://10.180.1.21/networking/v2.0/networks 0.267s
2025-11-22 04:33:03.753 66371 INFO tempest.lib.common.rest_client [req-db66ad6e-733f-4613-9830-54d948771b37 req-db66ad6e-733f-4613-9830-54d948771b37 ] Request (AttachInterfacesUnderV243Test:tearDownClass): 204 DELETE http://10.180.1.21/networking/v2.0/routers/dd9b80d6-3707-451d-a9f9-7402fd824f41 0.594s
2025-11-22 04:33:03.754 66381 INFO tempest.lib.common.rest_client [req-47e8e920-f211-4332-a458-83f0bcca48a7 req-47e8e920-f211-4332-a458-83f0bcca48a7 ] Request (ImagesTestJSON:test_create_image_from_suspended_server): 200 GET http://10.180.1.21/compute/v2.1/servers/b57abb80-017f-46b3-b940-c2de22b888fb 1.007s
2025-11-22 04:33:03.762 66381 INFO tempest.common.waiters [-] State transition "BUILD/spawning" ==> "ACTIVE/None" after 36 second wait
2025-11-22 04:33:03.771 66395 INFO tempest.lib.common.rest_client [req-d3abef2e-aa16-4c55-9c97-0188f4f14257 req-d3abef2e-aa16-4c55-9c97-0188f4f14257 ] Request (ListServersNegativeTestJSON:setUpClass): 200 GET http://10.180.1.21/compute/v2.1/servers/600fb982-729e-4f28-87b0-27d789cdbc2e 0.948s
2025-11-22 04:33:03.914 66409 INFO tempest.lib.common.rest_client [req-53018f7f-36f7-44f3-9a32-0fefd48faaff req-53018f7f-36f7-44f3-9a32-0fefd48faaff ] Request (ServersTestMultiNic:setUpClass): 201 POST http://10.180.1.21/networking/v2.0/subnets 0.193s
2025-11-22 04:33:03.926 66371 INFO tempest.lib.common.rest_client [req-c28e5f4d-4232-4f69-a535-1d195048fa21 req-c28e5f4d-4232-4f69-a535-1d195048fa21 ] Request (AttachInterfacesUnderV243Test:tearDownClass): 204 DELETE http://10.180.1.21/networking/v2.0/subnets/696bd8f3-84fc-4e71-a61c-952990c781b2 0.172s
2025-11-22 04:33:04.000 66363 INFO tempest.lib.common.rest_client [req-a38ad373-3f5e-47ea-9226-77d7f303f860 req-a38ad373-3f5e-47ea-9226-77d7f303f860 ] Request (ServersTestJSON:test_create_server_specify_multibyte_character_name): 200 GET http://10.180.1.21/compute/v2.1/servers/4c307382-726d-43b9-b068-658df2f21c5e 1.041s
2025-11-22 04:33:04.569 66371 INFO tempest.lib.common.rest_client [req-162c8a8b-5db0-43f8-811a-ede5ed995693 req-162c8a8b-5db0-43f8-811a-ede5ed995693 ] Request (AttachInterfacesUnderV243Test:tearDownClass): 204 DELETE http://10.180.1.21/networking/v2.0/networks/cf935b15-82a4-45db-92a1-11f3c0935028 0.643s
2025-11-22 04:33:04.628 66397 INFO tempest.lib.common.rest_client [req-0d65415f-d0ba-4702-8d75-159de07a13d2 req-0d65415f-d0ba-4702-8d75-159de07a13d2 ] Request (DeleteServersTestJSON:test_delete_server_while_in_shelved_state): 200 GET http://10.180.1.21/compute/v2.1/servers/8905caed-7546-4366-80e3-5aad5469c4a7 1.773s
2025-11-22 04:33:04.639 66397 INFO tempest.common.waiters [-] State transition "ACTIVE/shelving" ==> "ACTIVE/shelving_image_pending_upload" after 3 second wait
2025-11-22 04:33:04.656 66359 INFO tempest.lib.common.rest_client [req-07b10f6f-eea6-4693-89b2-98da7ce48a75 req-07b10f6f-eea6-4693-89b2-98da7ce48a75 ] Request (ListServerFiltersTestJSON:tearDownClass): 200 GET http://10.180.1.21/compute/v2.1/servers/520aa36a-46c8-4fd8-947d-8934c5ee8235 1.627s
2025-11-22 04:33:04.698 66371 INFO tempest.lib.common.rest_client [req-1b5b5749-b492-4919-ade8-b0ce31cf995c req-1b5b5749-b492-4919-ade8-b0ce31cf995c ] Request (AttachInterfacesUnderV243Test:tearDownClass): 204 DELETE http://10.180.1.21/identity/v3/users/bada1d98be1c4224b4ef1125f8564cbf 0.128s
2025-11-22 04:33:04.698 66371 INFO tempest.lib.common.dynamic_creds [-] Deleting project and security group for project: 095814acc3cc4d59ba2a07db884b1fbf
2025-11-22 04:33:05.202 66409 INFO tempest.lib.common.rest_client [req-21d589d0-643c-41cd-b071-e5831ddfdd7f req-21d589d0-643c-41cd-b071-e5831ddfdd7f ] Request (ServersTestMultiNic:setUpClass): 201 POST http://10.180.1.21/networking/v2.0/routers 1.287s
2025-11-22 04:33:05.301 66371 INFO tempest.lib.common.rest_client [req-8cebc19b-322e-4304-8be4-e2e3d2db7514 req-8cebc19b-322e-4304-8be4-e2e3d2db7514 ] Request (AttachInterfacesUnderV243Test:tearDownClass): 200 GET http://10.180.1.21/networking/v2.0/security-groups?tenant_id=095814acc3cc4d59ba2a07db884b1fbf&name=default 0.602s
2025-11-22 04:33:05.325 66405 INFO tempest.lib.common.rest_client [req-6ba72024-1c13-4677-8f09-d04f8eec26e6 req-6ba72024-1c13-4677-8f09-d04f8eec26e6 ] Request (ServerMetadataTestJSON:tearDownClass): 200 GET http://10.180.1.21/compute/v2.1/servers/483e13f3-710c-4221-9fc9-090418c6703c 2.275s
2025-11-22 04:33:05.336 66387 INFO tempest.lib.common.rest_client [req-7a143386-16e7-4b80-bd4e-c22cd41c0e75 req-7a143386-16e7-4b80-bd4e-c22cd41c0e75 ] Request (ServerActionsTestOtherA:test_rebuild_server_in_stop_state): 200 GET http://10.180.1.21/compute/v2.1/servers/21b2e418-877f-4710-881f-a82f2d194a84 2.225s
2025-11-22 04:33:06.236 66409 INFO tempest.lib.common.rest_client [req-f7061004-d68b-4df3-875c-01c19f4e8b62 req-f7061004-d68b-4df3-875c-01c19f4e8b62 ] Request (ServersTestMultiNic:setUpClass): 200 PUT http://10.180.1.21/networking/v2.0/routers/7513fe2f-2239-4e28-bf93-ea7bcbf2fb5a/add_router_interface 1.034s
2025-11-22 04:33:06.237 66409 INFO tempest.lib.common.dynamic_creds [-] Created isolated network resources for: credentials: Credentials: {'domain_id': 'default', 'domain_name': 'Default', 'username': 'tempest-ServersTestMultiNic-681779130-project-member', 'project_domain_id': 'default', 'project_domain_name': 'Default', 'project_id': 'edce7743ec93483da537aafe72efd301', 'project_name': 'tempest-ServersTestMultiNic-681779130', 'tenant_id': 'edce7743ec93483da537aafe72efd301', 'tenant_name': 'tempest-ServersTestMultiNic-681779130', 'user_domain_id': 'default', 'user_domain_name': 'Default', 'user_id': '2dbd0cc6ce104a5da0b47b047ae6943f', 'system': None}, Network: {'id': '0b9e0b62-606f-4bc1-a188-69af18854e3e', 'name': 'tempest-ServersTestMultiNic-1908741447-network', 'tenant_id': 'edce7743ec93483da537aafe72efd301', 'project_id': 'edce7743ec93483da537aafe72efd301', 'admin_state_up': True, 'mtu': 8950, 'status': 'ACTIVE', 'subnets': [], 'shared': False, 'port_security_enabled': True, 'router:external': False, 'provider:network_type': 'vlan', 'provider:physical_network': 'default', 'provider:segmentation_id': 387, 'availability_zone_hints': [], 'availability_zones': [], 'ipv4_address_scope': None, 'ipv6_address_scope': None, 'description': '', 'tags': [], 'created_at': '2025-11-22T04:33:03Z', 'updated_at': '2025-11-22T04:33:03Z', 'revision_number': 1}, Subnet: {'id': 'd4ff8526-2ca2-4a7b-b88b-80c7c46be211', 'name': 'tempest-ServersTestMultiNic-1908741447-subnet', 'tenant_id': 'edce7743ec93483da537aafe72efd301', 'network_id': '0b9e0b62-606f-4bc1-a188-69af18854e3e', 'ip_version': 4, 'subnetpool_id': None, 'enable_dhcp': True, 'ipv6_ra_mode': None, 'ipv6_address_mode': None, 'gateway_ip': '192.168.128.1', 'cidr': '192.168.128.0/28', 'allocation_pools': [{'start': '192.168.128.2', 'end': '192.168.128.14'}], 'host_routes': [], 'dns_nameservers': [], 'description': '', 'router:external': False, 'service_types': [], 'tags': [], 'created_at': '2025-11-22T04:33:03Z', 'updated_at': '2025-11-22T04:33:03Z', 'revision_number': 0, 'project_id': 'edce7743ec93483da537aafe72efd301'}, Router: {'id': '7513fe2f-2239-4e28-bf93-ea7bcbf2fb5a', 'name': 'tempest-ServersTestMultiNic-1908741447-router', 'tenant_id': 'edce7743ec93483da537aafe72efd301', 'admin_state_up': True, 'status': 'ACTIVE', 'external_gateway_info': {'network_id': 'f91fcdb9-b67b-4fcd-9181-9dab83686f6f', 'external_fixed_ips': [{'subnet_id': 'e068e256-07b8-4622-8d81-902fabb5a8af', 'ip_address': '10.180.180.191'}], 'enable_snat': True}, 'description': '', 'availability_zones': [], 'distributed': False, 'ha': False, 'availability_zone_hints': [], 'routes': [], 'flavor_id': None, 'tags': [], 'created_at': '2025-11-22T04:33:04Z', 'updated_at': '2025-11-22T04:33:04Z', 'revision_number': 2, 'project_id': 'edce7743ec93483da537aafe72efd301'}
2025-11-22 04:33:06.262 66389 WARNING tempest.lib.common.ssh [-] Failed to establish authenticated ssh connection to cirros@10.180.180.231 ([Errno None] Unable to connect to port 22 on 10.180.180.231). Number attempts: 4. Retry after 5 seconds.: paramiko.ssh_exception.NoValidConnectionsError: [Errno None] Unable to connect to port 22 on 10.180.180.231
2025-11-22 04:33:06.348 66409 INFO tempest.lib.common.rest_client [req-c2b7498c-8add-406e-a19b-2357df900442 req-c2b7498c-8add-406e-a19b-2357df900442 ] Request (ServersTestMultiNic:setUpClass): 201 POST http://10.180.1.21/identity/v3/auth/tokens 0.108s
2025-11-22 04:33:06.421 66371 INFO tempest.lib.common.rest_client [req-bbc6230d-82a6-44a2-9a32-a3cfed1cb4c2 req-bbc6230d-82a6-44a2-9a32-a3cfed1cb4c2 ] Request (AttachInterfacesUnderV243Test:tearDownClass): 204 DELETE http://10.180.1.21/networking/v2.0/security-groups/6f88fc9e-be93-4bea-ac63-980a7de0b27d 1.119s
2025-11-22 04:33:06.453 66355 INFO tempest.lib.common.rest_client [req-c1ce6a75-c227-4cea-98af-cb4e86d53865 req-c1ce6a75-c227-4cea-98af-cb4e86d53865 ] Request (ServersAdminTestJSON:tearDownClass): 200 GET http://10.180.1.21/compute/v2.1/servers/51e93dd2-2068-4d67-861c-e8a50069343c 3.187s
2025-11-22 04:33:06.463 66355 INFO tempest.common.waiters [-] State transition "ACTIVE/deleting" ==> "DELETED/None" after 6 second wait
2025-11-22 04:33:06.543 66361 INFO tempest.lib.common.rest_client [req-a32091fb-8c9e-41ec-9ac6-697a2accd9c2 req-a32091fb-8c9e-41ec-9ac6-697a2accd9c2 ] Request (FloatingIPsAssociationTestJSON:test_associate_already_associated_floating_ip): 200 GET http://10.180.1.21/compute/v2.1/servers/0704d636-7818-4603-9ff6-f0acf9e01072 3.201s
2025-11-22 04:33:06.551 66361 INFO tempest.common.waiters [-] State transition "BUILD/None" ==> "BUILD/spawning" after 35 second wait
2025-11-22 04:33:06.572 66371 INFO tempest.lib.common.rest_client [req-c4e55eb4-495c-4be2-b734-08e17b6ebf2a req-c4e55eb4-495c-4be2-b734-08e17b6ebf2a ] Request (AttachInterfacesUnderV243Test:tearDownClass): 204 DELETE http://10.180.1.21/identity/v3/projects/095814acc3cc4d59ba2a07db884b1fbf 0.150s
2025-11-22 04:33:06.620 66415 INFO tempest.lib.common.rest_client [req-94265716-6a38-43b0-af28-03112dd71c2a req-94265716-6a38-43b0-af28-03112dd71c2a ] Request (ServerTagsTestJSON:test_update_all_tags): 201 PUT http://10.180.1.21/compute/v2.1/servers/e5fc0417-2680-457f-8760-af261a5ac23f/tags/tempest-tag-1057278816 3.130s
2025-11-22 04:33:06.626 66399 INFO tempest.lib.common.rest_client [req-0a72f466-cb1c-4bcc-bba8-4743c15d5fef req-0a72f466-cb1c-4bcc-bba8-4743c15d5fef ] Request (ServersListShow296Test:tearDownClass): 200 GET http://10.180.1.21/compute/v2.1/servers/8f323541-d3f4-4210-bd23-0b8aadab5d95 3.207s
2025-11-22 04:33:06.648 66371 INFO tempest.lib.common.rest_client [req-d40ccdf9-00f4-4e9c-b76d-bb945d0974ba req-d40ccdf9-00f4-4e9c-b76d-bb945d0974ba ] Request (MultipleCreateNegativeTestJSON:setUpClass): 201 POST http://10.180.1.21/identity/v3/auth/tokens 0.074s
2025-11-22 04:33:06.691 66371 INFO tempest.lib.common.rest_client [req-eea38f74-15e9-4dcb-a762-97fbdd3e4637 req-eea38f74-15e9-4dcb-a762-97fbdd3e4637 ] Request (MultipleCreateNegativeTestJSON:setUpClass): 201 POST http://10.180.1.21/identity/v3/auth/tokens 0.039s
2025-11-22 04:33:06.726 66371 INFO tempest.lib.common.rest_client [req-0873b8d3-6fd2-4071-9678-faa691026de9 req-0873b8d3-6fd2-4071-9678-faa691026de9 ] Request (MultipleCreateNegativeTestJSON:setUpClass): 200 GET http://10.180.1.21/identity/v3/domains?name=Default 0.035s
2025-11-22 04:33:06.813 66371 INFO tempest.lib.common.rest_client [req-41862a88-14fd-4c73-80a2-3e5637c77448 req-41862a88-14fd-4c73-80a2-3e5637c77448 ] Request (MultipleCreateNegativeTestJSON:setUpClass): 201 POST http://10.180.1.21/identity/v3/projects 0.086s
2025-11-22 04:33:06.817 66409 INFO tempest.lib.common.rest_client [req-1d36e4f5-609a-4614-ab07-625a5a3deb3b req-1d36e4f5-609a-4614-ab07-625a5a3deb3b ] Request (ServersTestMultiNic:test_verify_duplicate_network_nics): 201 POST http://10.180.1.21/networking/v2.0/networks 0.466s
2025-11-22 04:33:06.848 66401 INFO tempest.lib.common.rest_client [req-f0ce6cfd-ad2d-4937-8ef3-f21a8ffaef30 req-f0ce6cfd-ad2d-4937-8ef3-f21a8ffaef30 ] Request (FloatingIPsAssociationNegativeTestJSON:tearDownClass): 200 GET http://10.180.1.21/compute/v2.1/servers/d79d3983-d81c-4d11-96a6-369cfe728127 3.163s
2025-11-22 04:33:06.868 66357 INFO tempest.lib.common.rest_client [req-6c40ef21-8123-4367-a775-7d602f4ab543 req-6c40ef21-8123-4367-a775-7d602f4ab543 ] Request (ListImageFiltersTestJSON:tearDownClass): 200 GET http://10.180.1.21/compute/v2.1/servers/4031ac4c-5d83-4b6f-b8b6-74793604b77a 3.265s
2025-11-22 04:33:06.949 66371 INFO tempest.lib.common.rest_client [req-db0e2e72-544a-49b3-89f5-4a7d9182f673 req-db0e2e72-544a-49b3-89f5-4a7d9182f673 ] Request (MultipleCreateNegativeTestJSON:setUpClass): 201 POST http://10.180.1.21/identity/v3/users 0.135s
2025-11-22 04:33:06.995 66371 INFO tempest.lib.common.rest_client [req-ec8652a1-60b9-4b82-8ee0-fc602a3e32d8 req-ec8652a1-60b9-4b82-8ee0-fc602a3e32d8 ] Request (MultipleCreateNegativeTestJSON:setUpClass): 200 GET http://10.180.1.21/identity/v3/roles 0.046s
2025-11-22 04:33:07.002 66381 INFO tempest.lib.common.rest_client [req-a6f21fd9-fd3b-4e92-867c-4cc02bca37f0 req-a6f21fd9-fd3b-4e92-867c-4cc02bca37f0 ] Request (ImagesTestJSON:test_create_image_from_suspended_server): 202 POST http://10.180.1.21/compute/v2.1/servers/b57abb80-017f-46b3-b940-c2de22b888fb/action 3.239s
2025-11-22 04:33:07.049 66371 INFO tempest.lib.common.rest_client [req-346b077b-8c4d-4899-bc77-bf72db861d4e req-346b077b-8c4d-4899-bc77-bf72db861d4e ] Request (MultipleCreateNegativeTestJSON:setUpClass): 204 PUT http://10.180.1.21/identity/v3/projects/44421d773c2244299970e0b7ea568804/users/b128664a8859440990f64855c7cc8e4c/roles/29412f339a6c4112bea53e0eb99ea894 0.052s
2025-11-22 04:33:07.049 66371 INFO tempest.lib.common.dynamic_creds [-] Dynamic test user b128664a8859440990f64855c7cc8e4c is created with scope project and roles: ['member']
2025-11-22 04:33:07.049 66371 INFO tempest.lib.common.dynamic_creds [-] Acquired dynamic creds: credentials: Credentials: {'domain_id': 'default', 'domain_name': 'Default', 'username': 'tempest-MultipleCreateNegativeTestJSON-903405522-project-member', 'project_domain_id': 'default', 'project_domain_name': 'Default', 'project_id': '44421d773c2244299970e0b7ea568804', 'project_name': 'tempest-MultipleCreateNegativeTestJSON-903405522', 'tenant_id': '44421d773c2244299970e0b7ea568804', 'tenant_name': 'tempest-MultipleCreateNegativeTestJSON-903405522', 'user_domain_id': 'default', 'user_domain_name': 'Default', 'user_id': 'b128664a8859440990f64855c7cc8e4c', 'system': None}, Network: None, Subnet: None, Router: None
2025-11-22 04:33:07.049 66371 INFO tempest.lib.common.dynamic_creds [-] Created isolated network resources for: credentials: Credentials: {'domain_id': 'default', 'domain_name': 'Default', 'username': 'tempest-MultipleCreateNegativeTestJSON-903405522-project-member', 'project_domain_id': 'default', 'project_domain_name': 'Default', 'project_id': '44421d773c2244299970e0b7ea568804', 'project_name': 'tempest-MultipleCreateNegativeTestJSON-903405522', 'tenant_id': '44421d773c2244299970e0b7ea568804', 'tenant_name': 'tempest-MultipleCreateNegativeTestJSON-903405522', 'user_domain_id': 'default', 'user_domain_name': 'Default', 'user_id': 'b128664a8859440990f64855c7cc8e4c', 'system': None}, Network: None, Subnet: None, Router: None
2025-11-22 04:33:07.155 66371 INFO tempest.lib.common.rest_client [req-9d11c636-6b0e-4923-92b0-c573128245be req-9d11c636-6b0e-4923-92b0-c573128245be ] Request (MultipleCreateNegativeTestJSON:setUpClass): 201 POST http://10.180.1.21/identity/v3/auth/tokens 0.097s
2025-11-22 04:33:07.166 66353 INFO tempest.lib.common.rest_client [req-6d14e9c3-1b54-4ea1-9afd-57049968e184 req-6d14e9c3-1b54-4ea1-9afd-57049968e184 ] Request (ServerDiskConfigTestJSON:test_rebuild_server_with_auto_disk_config): 200 GET http://10.180.1.21/compute/v2.1/servers/d73ebbf0-9621-4861-aa95-ec504c9f253d 3.176s
2025-11-22 04:33:07.197 66371 INFO tempest.lib.common.rest_client [req-30f1d0be-1e15-493c-b842-4f1f430f945d req-30f1d0be-1e15-493c-b842-4f1f430f945d ] Request (MultipleCreateNegativeTestJSON:test_max_count_less_than_min_count): 201 POST http://10.180.1.21/identity/v3/auth/tokens 0.038s
2025-11-22 04:33:07.198 66371 INFO tempest.lib.common.fixed_network [-] (MultipleCreateNegativeTestJSON:test_max_count_less_than_min_count) Found network None available for tenant
2025-11-22 04:33:07.198 66409 INFO tempest.lib.common.rest_client [req-29aac58b-6cf4-4fef-9650-cd16d6d9c858 req-29aac58b-6cf4-4fef-9650-cd16d6d9c858 ] Request (ServersTestMultiNic:test_verify_duplicate_network_nics): 201 POST http://10.180.1.21/networking/v2.0/subnets 0.380s
2025-11-22 04:33:07.234 66377 INFO tempest.lib.common.rest_client [req-231950c2-5549-4b53-be1e-e7df57c542a2 req-231950c2-5549-4b53-be1e-e7df57c542a2 ] Request (MigrationsAdminTest:test_resize_server_revert_deleted_flavor): 200 GET http://10.180.1.21/compute/v2.1/servers/d742aec9-0d98-4b84-a109-ade52aeb78a4 3.496s
2025-11-22 04:33:07.242 66377 INFO tempest.common.waiters [-] State transition "BUILD/None" ==> "BUILD/networking" after 35 second wait
2025-11-22 04:33:07.337 66409 INFO tempest.lib.common.rest_client [req-9bce0a0c-d838-4dc1-990e-e7a2368dbf3d req-9bce0a0c-d838-4dc1-990e-e7a2368dbf3d ] Request (ServersTestMultiNic:test_verify_duplicate_network_nics): 201 POST http://10.180.1.21/networking/v2.0/networks 0.139s
2025-11-22 04:33:07.462 66367 INFO tempest.lib.common.rest_client [req-b2c864ab-2fef-4107-9b90-7705d7ca342d req-b2c864ab-2fef-4107-9b90-7705d7ca342d ] Request (ImagesOneServerTestJSON:tearDownClass): 200 GET http://10.180.1.21/compute/v2.1/servers/194fee91-f50b-439c-9f97-24eca664c849 3.184s
2025-11-22 04:33:07.489 66413 INFO tempest.lib.common.rest_client [req-dbd25b7a-3229-4810-aef7-a26a46739bdf req-dbd25b7a-3229-4810-aef7-a26a46739bdf ] Request (VolumesAssistedSnapshotsTest:tearDownClass): 404 GET http://10.180.1.21/compute/v2.1/servers/b91405c7-49e7-4579-9553-498d1287bb98 3.110s
2025-11-22 04:33:07.683 66409 INFO tempest.lib.common.rest_client [req-3e9dcebd-5042-479a-8758-f3d7ace71a80 req-3e9dcebd-5042-479a-8758-f3d7ace71a80 ] Request (ServersTestMultiNic:test_verify_duplicate_network_nics): 201 POST http://10.180.1.21/networking/v2.0/subnets 0.345s
2025-11-22 04:33:07.720 66403 INFO tempest.lib.common.rest_client [req-70586c63-6db5-4d45-8755-ddca46789d31 req-70586c63-6db5-4d45-8755-ddca46789d31 ] Request (ServersNegativeTestJSON:setUpClass): 200 GET http://10.180.1.21/compute/v2.1/servers/a22ac876-ae59-457c-a2d2-9de8fcbe1a81 3.508s
2025-11-22 04:33:07.728 66403 INFO tempest.common.waiters [-] State transition "BUILD/spawning" ==> "ACTIVE/None" after 40 second wait
2025-11-22 04:33:07.761 66409 INFO tempest.lib.common.rest_client [req-bc7ed5cb-81da-4bae-a367-280932543182 req-bc7ed5cb-81da-4bae-a367-280932543182 ] Request (ServersTestMultiNic:test_verify_duplicate_network_nics): 201 POST http://10.180.1.21/identity/v3/auth/tokens 0.075s
2025-11-22 04:33:07.763 66409 INFO tempest.lib.common.fixed_network [-] (ServersTestMultiNic:test_verify_duplicate_network_nics) Found network {'id': '0b9e0b62-606f-4bc1-a188-69af18854e3e', 'name': 'tempest-ServersTestMultiNic-1908741447-network', 'tenant_id': 'edce7743ec93483da537aafe72efd301', 'project_id': 'edce7743ec93483da537aafe72efd301', 'admin_state_up': True, 'mtu': 8950, 'status': 'ACTIVE', 'subnets': [], 'shared': False, 'port_security_enabled': True, 'router:external': False, 'provider:network_type': 'vlan', 'provider:physical_network': 'default', 'provider:segmentation_id': 387, 'availability_zone_hints': [], 'availability_zones': [], 'ipv4_address_scope': None, 'ipv6_address_scope': None, 'description': '', 'tags': [], 'created_at': '2025-11-22T04:33:03Z', 'updated_at': '2025-11-22T04:33:03Z', 'revision_number': 1} available for tenant
2025-11-22 04:33:07.774 66391 INFO tempest.lib.common.rest_client [req-d8702f8d-db54-4970-8ba7-465a2b66eb72 req-d8702f8d-db54-4970-8ba7-465a2b66eb72 ] Request (ServersTestFqdnHostnames:tearDownClass): 200 GET http://10.180.1.21/compute/v2.1/servers/979bc542-5e49-4fe5-a697-c96a85707fd4 3.378s
2025-11-22 04:33:07.811 66375 INFO tempest.lib.common.rest_client [req-f5922341-fd10-4472-b18b-58d22a599df9 req-f5922341-fd10-4472-b18b-58d22a599df9 ] Request (ServerShowV257Test:tearDownClass): 200 GET http://10.180.1.21/compute/v2.1/servers/ea39cdba-2b34-47f9-bb96-798e4bb2e63d 3.355s
2025-11-22 04:33:07.851 66395 INFO tempest.lib.common.rest_client [req-0c9184f2-ac94-4423-b644-bb6e7ed526b9 req-0c9184f2-ac94-4423-b644-bb6e7ed526b9 ] Request (ListServersNegativeTestJSON:setUpClass): 200 GET http://10.180.1.21/compute/v2.1/servers/600fb982-729e-4f28-87b0-27d789cdbc2e 3.070s
2025-11-22 04:33:07.895 66363 INFO tempest.lib.common.rest_client [req-b5f3f994-f930-4e32-9180-0d3fde57b3b6 req-b5f3f994-f930-4e32-9180-0d3fde57b3b6 ] Request (ServersTestJSON:test_create_server_specify_multibyte_character_name): 200 GET http://10.180.1.21/compute/v2.1/servers/4c307382-726d-43b9-b068-658df2f21c5e 2.885s
2025-11-22 04:33:08.014 66359 INFO tempest.lib.common.rest_client [req-a3a5c8f6-cbbd-43dd-b8c1-c91ed39b8578 req-a3a5c8f6-cbbd-43dd-b8c1-c91ed39b8578 ] Request (ListServerFiltersTestJSON:tearDownClass): 200 GET http://10.180.1.21/compute/v2.1/servers/520aa36a-46c8-4fd8-947d-8934c5ee8235 2.350s
2025-11-22 04:33:08.042 66397 INFO tempest.lib.common.rest_client [req-dd962fab-0c6e-4a26-8697-454be374d124 req-dd962fab-0c6e-4a26-8697-454be374d124 ] Request (DeleteServersTestJSON:test_delete_server_while_in_shelved_state): 200 GET http://10.180.1.21/compute/v2.1/servers/8905caed-7546-4366-80e3-5aad5469c4a7 2.402s
2025-11-22 04:33:08.051 66397 INFO tempest.common.waiters [-] State transition "ACTIVE/shelving_image_pending_upload" ==> "ACTIVE/shelving_image_uploading" after 7 second wait
2025-11-22 04:33:08.101 66405 INFO tempest.lib.common.rest_client [req-5127a60e-e8a0-466b-ac2e-564147e64cb4 req-5127a60e-e8a0-466b-ac2e-564147e64cb4 ] Request (ServerMetadataTestJSON:tearDownClass): 200 GET http://10.180.1.21/compute/v2.1/servers/483e13f3-710c-4221-9fc9-090418c6703c 1.768s
2025-11-22 04:33:08.118 66387 INFO tempest.lib.common.rest_client [req-ef984206-e90d-4a08-8554-bd18bb5ab928 req-ef984206-e90d-4a08-8554-bd18bb5ab928 ] Request (ServerActionsTestOtherA:test_rebuild_server_in_stop_state): 200 GET http://10.180.1.21/compute/v2.1/servers/21b2e418-877f-4710-881f-a82f2d194a84 1.773s
2025-11-22 04:33:08.189 66415 INFO tempest.lib.common.rest_client [req-26194e14-bb36-4314-801f-9f84a97a0789 req-26194e14-bb36-4314-801f-9f84a97a0789 ] Request (ServerTagsTestJSON:test_update_all_tags): 201 PUT http://10.180.1.21/compute/v2.1/servers/e5fc0417-2680-457f-8760-af261a5ac23f/tags/tempest-tag-969204438 1.568s
2025-11-22 04:33:08.288 66371 INFO tempest.lib.common.rest_client [req-7d4d19f1-7b69-4cec-bfb1-331fe10a9120 req-7d4d19f1-7b69-4cec-bfb1-331fe10a9120 ] Request (MultipleCreateNegativeTestJSON:test_max_count_less_than_min_count): 400 POST http://10.180.1.21/compute/v2.1/servers 1.090s
2025-11-22 04:33:08.298 66381 INFO tempest.lib.common.rest_client [req-6f4837a6-7b0c-4e34-b986-812a39f6ef3c req-6f4837a6-7b0c-4e34-b986-812a39f6ef3c ] Request (ImagesTestJSON:test_create_image_from_suspended_server): 200 GET http://10.180.1.21/compute/v2.1/servers/b57abb80-017f-46b3-b940-c2de22b888fb 1.296s
2025-11-22 04:33:08.335 66413 INFO tempest.lib.common.rest_client [req-affda39a-5ba1-4d7f-b883-c500f7126b4a req-affda39a-5ba1-4d7f-b883-c500f7126b4a ] Request (VolumesAssistedSnapshotsTest:tearDownClass): 202 DELETE http://10.180.1.21/compute/v2.1/os-keypairs/tempest-keypair-1608877143 0.846s
2025-11-22 04:33:08.340 66371 INFO tempest.lib.common.rest_client [req-a56ed629-feda-4322-8de5-b9fc0ea22d51 req-a56ed629-feda-4322-8de5-b9fc0ea22d51 ] Request (MultipleCreateNegativeTestJSON:test_max_count_less_than_one): 201 POST http://10.180.1.21/identity/v3/auth/tokens 0.039s
2025-11-22 04:33:08.341 66371 INFO tempest.lib.common.fixed_network [-] (MultipleCreateNegativeTestJSON:test_max_count_less_than_one) Found network None available for tenant
2025-11-22 04:33:08.426 66351 WARNING tempest.lib.common.ssh [-] Failed to establish authenticated ssh connection to cirros@10.180.180.248 ([Errno None] Unable to connect to port 22 on 10.180.180.248). Number attempts: 2. Retry after 3 seconds.: paramiko.ssh_exception.NoValidConnectionsError: [Errno None] Unable to connect to port 22 on 10.180.180.248
2025-11-22 04:33:08.439 66413 INFO tempest.lib.common.rest_client [req-d57155ae-9716-4e41-886d-72053c8deb89 req-d57155ae-9716-4e41-886d-72053c8deb89 ] Request (VolumesAssistedSnapshotsTest:tearDownClass): 204 DELETE http://10.180.1.21/networking/v2.0/security-groups/c5ce6400-2109-4c84-b2da-30e330c81a70 0.103s
2025-11-22 04:33:08.462 66355 INFO tempest.lib.common.rest_client [req-0733db3b-9fc1-492b-afaf-6d7fc2082a56 req-0733db3b-9fc1-492b-afaf-6d7fc2082a56 ] Request (ServersAdminTestJSON:tearDownClass): 200 GET http://10.180.1.21/compute/v2.1/servers/51e93dd2-2068-4d67-861c-e8a50069343c 0.998s
2025-11-22 04:33:08.502 66413 INFO tempest.lib.common.rest_client [req-12cfd6a3-4929-436f-bf08-506f93fa7350 req-12cfd6a3-4929-436f-bf08-506f93fa7350 ] Request (VolumesAssistedSnapshotsTest:tearDownClass): 404 GET http://10.180.1.21/networking/v2.0/security-groups/c5ce6400-2109-4c84-b2da-30e330c81a70 0.063s
2025-11-22 04:33:08.615 66361 INFO tempest.lib.common.rest_client [req-c905e379-a6f8-4b17-99b4-738cfaea239f req-c905e379-a6f8-4b17-99b4-738cfaea239f ] Request (FloatingIPsAssociationTestJSON:test_associate_already_associated_floating_ip): 200 GET http://10.180.1.21/compute/v2.1/servers/0704d636-7818-4603-9ff6-f0acf9e01072 1.064s
2025-11-22 04:33:08.736 66403 INFO tempest.lib.common.rest_client [req-b8df9501-2837-46b7-9321-59a6bcbcfa14 req-b8df9501-2837-46b7-9321-59a6bcbcfa14 ] Request (ServersNegativeTestJSON:setUpClass): 204 DELETE http://10.180.1.21/compute/v2.1/servers/a22ac876-ae59-457c-a2d2-9de8fcbe1a81 1.007s
2025-11-22 04:33:08.868 66399 INFO tempest.lib.common.rest_client [req-7d85a0cc-1387-4951-a313-49fe3ab05986 req-7d85a0cc-1387-4951-a313-49fe3ab05986 ] Request (ServersListShow296Test:tearDownClass): 200 GET http://10.180.1.21/compute/v2.1/servers/8f323541-d3f4-4210-bd23-0b8aadab5d95 1.226s
2025-11-22 04:33:08.925 66413 INFO tempest.lib.common.rest_client [req-ed835ab4-a08b-413a-9823-4ac407f4fb98 req-ed835ab4-a08b-413a-9823-4ac407f4fb98 ] Request (VolumesAssistedSnapshotsTest:tearDownClass): 204 DELETE http://10.180.1.21/networking/v2.0/floatingips/d4741aa7-9eb2-40b3-ad94-18d466e38b71 0.422s
2025-11-22 04:33:08.945 66413 INFO tempest.lib.common.rest_client [req-4a7b234b-be3d-4847-8703-90e681edbb47 req-4a7b234b-be3d-4847-8703-90e681edbb47 ] Request (VolumesAssistedSnapshotsTest:tearDownClass): 404 DELETE http://10.180.1.21/volume/v3/volumes/d1a7d681-c804-42c8-82e4-6e50065c46a8 0.019s
2025-11-22 04:33:08.968 66413 INFO tempest.lib.common.rest_client [req-7d35c076-7e3c-4c6f-9419-21f306881919 req-7d35c076-7e3c-4c6f-9419-21f306881919 ] Request (VolumesAssistedSnapshotsTest:tearDownClass): 404 GET http://10.180.1.21/volume/v3/volumes/d1a7d681-c804-42c8-82e4-6e50065c46a8 0.023s
2025-11-22 04:33:08.996 66401 INFO tempest.lib.common.rest_client [req-64042d52-ff71-48de-8344-f5e359dbd1fc req-64042d52-ff71-48de-8344-f5e359dbd1fc ] Request (FloatingIPsAssociationNegativeTestJSON:tearDownClass): 200 GET http://10.180.1.21/compute/v2.1/servers/d79d3983-d81c-4d11-96a6-369cfe728127 1.133s
2025-11-22 04:33:09.010 66401 INFO tempest.common.waiters [-] State transition "ACTIVE/deleting" ==> "DELETED/None" after 7 second wait
2025-11-22 04:33:09.163 66357 INFO tempest.lib.common.rest_client [req-a2b0dade-d927-4d8b-9cfb-3fc6d0f16c54 req-a2b0dade-d927-4d8b-9cfb-3fc6d0f16c54 ] Request (ListImageFiltersTestJSON:tearDownClass): 200 GET http://10.180.1.21/compute/v2.1/servers/4031ac4c-5d83-4b6f-b8b6-74793604b77a 1.279s
2025-11-22 04:33:09.294 66353 INFO tempest.lib.common.rest_client [req-bb071664-aed4-49b2-8dd4-848ee1756278 req-bb071664-aed4-49b2-8dd4-848ee1756278 ] Request (ServerDiskConfigTestJSON:test_rebuild_server_with_auto_disk_config): 200 GET http://10.180.1.21/compute/v2.1/servers/d73ebbf0-9621-4861-aa95-ec504c9f253d 1.119s
2025-11-22 04:33:09.365 66415 INFO tempest.lib.common.rest_client [req-36454eeb-f9e4-44d2-bff0-4a66f1b66985 req-36454eeb-f9e4-44d2-bff0-4a66f1b66985 ] Request (ServerTagsTestJSON:test_update_all_tags): 200 PUT http://10.180.1.21/compute/v2.1/servers/e5fc0417-2680-457f-8760-af261a5ac23f/tags 1.175s
2025-11-22 04:33:09.546 66377 INFO tempest.lib.common.rest_client [req-1879c210-f7be-48e2-9d2f-4a5719fc76a4 req-1879c210-f7be-48e2-9d2f-4a5719fc76a4 ] Request (MigrationsAdminTest:test_resize_server_revert_deleted_flavor): 200 GET http://10.180.1.21/compute/v2.1/servers/d742aec9-0d98-4b84-a109-ade52aeb78a4 1.303s
2025-11-22 04:33:09.554 66371 INFO tempest.lib.common.rest_client [req-ccac2c92-98ed-4530-be63-59aaa43cc86e req-ccac2c92-98ed-4530-be63-59aaa43cc86e ] Request (MultipleCreateNegativeTestJSON:test_max_count_less_than_one): 400 POST http://10.180.1.21/compute/v2.1/servers 1.212s
2025-11-22 04:33:09.555 66377 INFO tempest.common.waiters [-] State transition "BUILD/networking" ==> "BUILD/spawning" after 37 second wait
2025-11-22 04:33:09.581 66369 WARNING tempest.lib.common.ssh [-] Failed to establish authenticated ssh connection to cirros@10.180.180.225 ([Errno None] Unable to connect to port 22 on 10.180.180.225). Number attempts: 7. Retry after 8 seconds.: paramiko.ssh_exception.NoValidConnectionsError: [Errno None] Unable to connect to port 22 on 10.180.180.225
2025-11-22 04:33:09.603 66371 INFO tempest.lib.common.rest_client [req-ea3b32ba-5a8a-43e7-b014-92e8df304d40 req-ea3b32ba-5a8a-43e7-b014-92e8df304d40 ] Request (MultipleCreateNegativeTestJSON:test_max_count_non_integer): 201 POST http://10.180.1.21/identity/v3/auth/tokens 0.045s
2025-11-22 04:33:09.604 66371 INFO tempest.lib.common.fixed_network [-] (MultipleCreateNegativeTestJSON:test_max_count_non_integer) Found network None available for tenant
2025-11-22 04:33:09.642 66367 INFO tempest.lib.common.rest_client [req-b36354f1-f2f7-428f-90a8-5a24ba209c33 req-b36354f1-f2f7-428f-90a8-5a24ba209c33 ] Request (ImagesOneServerTestJSON:tearDownClass): 200 GET http://10.180.1.21/compute/v2.1/servers/194fee91-f50b-439c-9f97-24eca664c849 1.171s
2025-11-22 04:33:09.667 66409 INFO tempest.lib.common.rest_client [req-5d5c4577-2912-438a-adf9-7fa2917f1827 req-5d5c4577-2912-438a-adf9-7fa2917f1827 ] Request (ServersTestMultiNic:test_verify_duplicate_network_nics): 202 POST http://10.180.1.21/compute/v2.1/servers 1.903s
2025-11-22 04:33:09.787 66391 INFO tempest.lib.common.rest_client [req-edfb3c77-65e0-45e5-8b0e-0093dab23d67 req-edfb3c77-65e0-45e5-8b0e-0093dab23d67 ] Request (ServersTestFqdnHostnames:tearDownClass): 200 GET http://10.180.1.21/compute/v2.1/servers/979bc542-5e49-4fe5-a697-c96a85707fd4 1.003s
2025-11-22 04:33:09.838 66403 INFO tempest.lib.common.rest_client [req-9f6342b3-a067-4af5-9310-584f5abc80bd req-9f6342b3-a067-4af5-9310-584f5abc80bd ] Request (ServersNegativeTestJSON:setUpClass): 200 GET http://10.180.1.21/compute/v2.1/servers/a22ac876-ae59-457c-a2d2-9de8fcbe1a81 1.102s
2025-11-22 04:33:09.855 66413 INFO tempest.lib.common.rest_client [req-25e78824-e87a-4cdf-86b2-ec7554d70044 req-25e78824-e87a-4cdf-86b2-ec7554d70044 ] Request (VolumesAssistedSnapshotsTest:tearDownClass): 200 PUT http://10.180.1.21/networking/v2.0/routers/04375db7-dcc6-4d77-89f4-27222b766404/remove_router_interface 0.886s
2025-11-22 04:33:09.888 66375 INFO tempest.lib.common.rest_client [req-489d4345-8ebe-478e-b0b8-9220ce6fb0de req-489d4345-8ebe-478e-b0b8-9220ce6fb0de ] Request (ServerShowV257Test:tearDownClass): 200 GET http://10.180.1.21/compute/v2.1/servers/ea39cdba-2b34-47f9-bb96-798e4bb2e63d 1.063s
2025-11-22 04:33:09.921 66395 INFO tempest.lib.common.rest_client [req-9051aaef-e2e4-45f3-8f35-5649b2af1dbd req-9051aaef-e2e4-45f3-8f35-5649b2af1dbd ] Request (ListServersNegativeTestJSON:setUpClass): 200 GET http://10.180.1.21/compute/v2.1/servers/600fb982-729e-4f28-87b0-27d789cdbc2e 1.060s
2025-11-22 04:33:09.996 66363 INFO tempest.lib.common.rest_client [req-724d1453-46ad-4025-9079-7054accebccf req-724d1453-46ad-4025-9079-7054accebccf ] Request (ServersTestJSON:test_create_server_specify_multibyte_character_name): 200 GET http://10.180.1.21/compute/v2.1/servers/4c307382-726d-43b9-b068-658df2f21c5e 1.089s
2025-11-22 04:33:10.054 66359 INFO tempest.lib.common.rest_client [req-b6153370-9ba6-49cf-8d61-698b9c9ea542 req-b6153370-9ba6-49cf-8d61-698b9c9ea542 ] Request (ListServerFiltersTestJSON:tearDownClass): 200 GET http://10.180.1.21/compute/v2.1/servers/520aa36a-46c8-4fd8-947d-8934c5ee8235 1.029s
2025-11-22 04:33:10.242 66405 INFO tempest.lib.common.rest_client [req-e5603adc-d5a3-4d82-8097-45d6297740c9 req-e5603adc-d5a3-4d82-8097-45d6297740c9 ] Request (ServerMetadataTestJSON:tearDownClass): 200 GET http://10.180.1.21/compute/v2.1/servers/483e13f3-710c-4221-9fc9-090418c6703c 1.131s
2025-11-22 04:33:10.277 66397 INFO tempest.lib.common.rest_client [req-17ed0b71-a3d5-44f2-910d-e19662f64c99 req-17ed0b71-a3d5-44f2-910d-e19662f64c99 ] Request (DeleteServersTestJSON:test_delete_server_while_in_shelved_state): 200 GET http://10.180.1.21/compute/v2.1/servers/8905caed-7546-4366-80e3-5aad5469c4a7 1.224s
2025-11-22 04:33:10.314 66387 INFO tempest.lib.common.rest_client [req-7d70518d-a906-4789-a437-2ee835b08ac3 req-7d70518d-a906-4789-a437-2ee835b08ac3 ] Request (ServerActionsTestOtherA:test_rebuild_server_in_stop_state): 200 GET http://10.180.1.21/compute/v2.1/servers/21b2e418-877f-4710-881f-a82f2d194a84 1.186s
2025-11-22 04:33:10.340 66415 INFO tempest.lib.common.rest_client [req-cf0d769a-0c81-4cfb-80a4-06d79af9d9e9 req-cf0d769a-0c81-4cfb-80a4-06d79af9d9e9 ] Request (ServerTagsTestJSON:test_update_all_tags): 200 GET http://10.180.1.21/compute/v2.1/servers/e5fc0417-2680-457f-8760-af261a5ac23f/tags 0.972s
2025-11-22 04:33:10.391 66413 INFO tempest.lib.common.rest_client [req-ca811a75-29f3-4f21-89a7-b22456f6febf req-ca811a75-29f3-4f21-89a7-b22456f6febf ] Request (VolumesAssistedSnapshotsTest:tearDownClass): 204 DELETE http://10.180.1.21/networking/v2.0/routers/04375db7-dcc6-4d77-89f4-27222b766404 0.535s
2025-11-22 04:33:10.458 66355 INFO tempest.lib.common.rest_client [req-a1ff2430-3798-4312-9a86-c490b71b21e9 req-a1ff2430-3798-4312-9a86-c490b71b21e9 ] Request (ServersAdminTestJSON:tearDownClass): 200 GET http://10.180.1.21/compute/v2.1/servers/51e93dd2-2068-4d67-861c-e8a50069343c 0.985s
2025-11-22 04:33:10.466 66371 INFO tempest.lib.common.rest_client [req-e7561bea-cdac-4a3f-9bd9-03a0389c9606 req-e7561bea-cdac-4a3f-9bd9-03a0389c9606 ] Request (MultipleCreateNegativeTestJSON:test_max_count_non_integer): 400 POST http://10.180.1.21/compute/v2.1/servers 0.862s
2025-11-22 04:33:10.492 66381 INFO tempest.lib.common.rest_client [req-ea0676f1-3299-4da1-a069-845da87dbf38 req-ea0676f1-3299-4da1-a069-845da87dbf38 ] Request (ImagesTestJSON:test_create_image_from_suspended_server): 200 GET http://10.180.1.21/compute/v2.1/servers/b57abb80-017f-46b3-b940-c2de22b888fb 1.176s
2025-11-22 04:33:10.507 66381 INFO tempest.common.waiters [-] State transition "ACTIVE/suspending" ==> "SUSPENDED/None" after 2 second wait
2025-11-22 04:33:10.527 66371 INFO tempest.lib.common.rest_client [req-9335a074-9c24-4ee3-8f77-9384bc868156 req-9335a074-9c24-4ee3-8f77-9384bc868156 ] Request (MultipleCreateNegativeTestJSON:test_min_count_less_than_one): 201 POST http://10.180.1.21/identity/v3/auth/tokens 0.053s
2025-11-22 04:33:10.529 66371 INFO tempest.lib.common.fixed_network [-] (MultipleCreateNegativeTestJSON:test_min_count_less_than_one) Found network None available for tenant
2025-11-22 04:33:10.550 66413 INFO tempest.lib.common.rest_client [req-2c6d5504-27f8-4327-b95c-72caa9a4ceb6 req-2c6d5504-27f8-4327-b95c-72caa9a4ceb6 ] Request (VolumesAssistedSnapshotsTest:tearDownClass): 204 DELETE http://10.180.1.21/networking/v2.0/subnets/9859da66-762d-4c52-a9ad-e852374cc8a6 0.159s
2025-11-22 04:33:10.585 66409 INFO tempest.lib.common.rest_client [req-c62a9178-0861-4434-b1e0-72277aacb2cd req-c62a9178-0861-4434-b1e0-72277aacb2cd ] Request (ServersTestMultiNic:test_verify_duplicate_network_nics): 200 GET http://10.180.1.21/compute/v2.1/servers/83d5bacb-9667-4ed3-b9d1-99d5ea88bb89 0.916s
2025-11-22 04:33:10.661 66361 INFO tempest.lib.common.rest_client [req-1ae46c21-cdce-449d-a5a4-fad449fe39bb req-1ae46c21-cdce-449d-a5a4-fad449fe39bb ] Request (FloatingIPsAssociationTestJSON:test_associate_already_associated_floating_ip): 200 GET http://10.180.1.21/compute/v2.1/servers/0704d636-7818-4603-9ff6-f0acf9e01072 1.036s
2025-11-22 04:33:10.693 66399 INFO tempest.lib.common.rest_client [req-124035a2-d2a9-47c4-afed-2633552fcdb5 req-124035a2-d2a9-47c4-afed-2633552fcdb5 ] Request (ServersListShow296Test:tearDownClass): 200 GET http://10.180.1.21/compute/v2.1/servers/8f323541-d3f4-4210-bd23-0b8aadab5d95 0.811s
2025-11-22 04:33:10.733 66401 INFO tempest.lib.common.rest_client [req-d1d6b1d1-94be-4963-8b12-fcb7be216b72 req-d1d6b1d1-94be-4963-8b12-fcb7be216b72 ] Request (FloatingIPsAssociationNegativeTestJSON:tearDownClass): 200 GET http://10.180.1.21/compute/v2.1/servers/d79d3983-d81c-4d11-96a6-369cfe728127 0.723s
2025-11-22 04:33:10.804 66353 INFO tempest.lib.common.rest_client [req-24c0d07c-0890-42ff-85d7-096afb3e4652 req-24c0d07c-0890-42ff-85d7-096afb3e4652 ] Request (ServerDiskConfigTestJSON:test_rebuild_server_with_auto_disk_config): 200 GET http://10.180.1.21/compute/v2.1/servers/d73ebbf0-9621-4861-aa95-ec504c9f253d 0.498s
2025-11-22 04:33:10.866 66415 INFO tempest.lib.common.rest_client [req-f6c46c85-5591-4cb6-95a3-1f22d6d39ec8 req-f6c46c85-5591-4cb6-95a3-1f22d6d39ec8 ] Request (ServerTagsTestJSON:_run_cleanups): 204 DELETE http://10.180.1.21/compute/v2.1/servers/e5fc0417-2680-457f-8760-af261a5ac23f/tags 0.525s
2025-11-22 04:33:10.867 66357 INFO tempest.lib.common.rest_client [req-129dd0b3-6b6c-4024-82fb-fe3b5e56ae8f req-129dd0b3-6b6c-4024-82fb-fe3b5e56ae8f ] Request (ListImageFiltersTestJSON:tearDownClass): 200 GET http://10.180.1.21/compute/v2.1/servers/4031ac4c-5d83-4b6f-b8b6-74793604b77a 0.697s
2025-11-22 04:33:10.878 66371 INFO tempest.lib.common.rest_client [req-dee75b32-7ca8-4d68-a1e6-32d4cbb907cc req-dee75b32-7ca8-4d68-a1e6-32d4cbb907cc ] Request (MultipleCreateNegativeTestJSON:test_min_count_less_than_one): 400 POST http://10.180.1.21/compute/v2.1/servers 0.348s
2025-11-22 04:33:10.932 66413 INFO tempest.lib.common.rest_client [req-3c306f59-1666-4f13-9614-0e737becf264 req-3c306f59-1666-4f13-9614-0e737becf264 ] Request (VolumesAssistedSnapshotsTest:tearDownClass): 204 DELETE http://10.180.1.21/networking/v2.0/networks/a29a7094-c170-41be-a600-5c40f59fc344 0.382s
2025-11-22 04:33:10.939 66371 INFO tempest.lib.common.rest_client [req-d9281375-2e2c-41d2-9fbd-326d4c1f44e3 req-d9281375-2e2c-41d2-9fbd-326d4c1f44e3 ] Request (MultipleCreateNegativeTestJSON:test_min_count_non_integer): 201 POST http://10.180.1.21/identity/v3/auth/tokens 0.054s
2025-11-22 04:33:10.939 66371 INFO tempest.lib.common.fixed_network [-] (MultipleCreateNegativeTestJSON:test_min_count_non_integer) Found network None available for tenant
2025-11-22 04:33:11.367 66377 INFO tempest.lib.common.rest_client [req-4d1ba717-fe22-4c69-b857-0ae23d8a4286 req-4d1ba717-fe22-4c69-b857-0ae23d8a4286 ] Request (MigrationsAdminTest:test_resize_server_revert_deleted_flavor): 200 GET http://10.180.1.21/compute/v2.1/servers/d742aec9-0d98-4b84-a109-ade52aeb78a4 0.812s
2025-11-22 04:33:11.476 66367 INFO tempest.lib.common.rest_client [req-04e66809-c034-4f34-a98d-0f93de5cb72c req-04e66809-c034-4f34-a98d-0f93de5cb72c ] Request (ImagesOneServerTestJSON:tearDownClass): 200 GET http://10.180.1.21/compute/v2.1/servers/194fee91-f50b-439c-9f97-24eca664c849 0.826s
2025-11-22 04:33:11.504 66381 INFO tempest.lib.common.rest_client [req-1ba4af28-c271-4d9f-a971-e3c2cf0edfe6 req-1ba4af28-c271-4d9f-a971-e3c2cf0edfe6 ] Request (ImagesTestJSON:test_create_image_from_suspended_server): 202 POST http://10.180.1.21/compute/v2.1/servers/b57abb80-017f-46b3-b940-c2de22b888fb/action 0.996s
2025-11-22 04:33:11.553 66391 INFO tempest.lib.common.rest_client [req-eb22a2fc-3a82-46cb-a713-27f8be808e81 req-eb22a2fc-3a82-46cb-a713-27f8be808e81 ] Request (ServersTestFqdnHostnames:tearDownClass): 200 GET http://10.180.1.21/compute/v2.1/servers/979bc542-5e49-4fe5-a697-c96a85707fd4 0.748s
2025-11-22 04:33:11.622 66403 INFO tempest.lib.common.rest_client [req-b0e30069-2b4b-4897-b5b1-e529a834ca1a req-b0e30069-2b4b-4897-b5b1-e529a834ca1a ] Request (ServersNegativeTestJSON:setUpClass): 200 GET http://10.180.1.21/compute/v2.1/servers/a22ac876-ae59-457c-a2d2-9de8fcbe1a81 0.771s
2025-11-22 04:33:11.670 66415 INFO tempest.lib.common.rest_client [req-99ad2d3c-1464-48d1-b451-76bb2c97f156 req-99ad2d3c-1464-48d1-b451-76bb2c97f156 ] Request (ServerTagsTestJSON:tearDownClass): 204 DELETE http://10.180.1.21/compute/v2.1/servers/e5fc0417-2680-457f-8760-af261a5ac23f 0.791s
