2025-11-22 04:29:50.659 66389 INFO tempest.lib.common.dynamic_creds [-] Deleting project and security group for project: ff2ffc865d984c00b134f385ce30977c
2025-11-22 04:29:50.662 66353 INFO tempest.lib.common.rest_client [req-c056608a-a2ff-4834-a924-f07092cc4d19 req-c056608a-a2ff-4834-a924-f07092cc4d19 ] Request (ServicesAdminNegativeTestJSON:tearDownClass): 204 DELETE http://10.180.1.21/identity/v3/projects/39c6ec1835794b8cb8daa3ea7c837147 0.111s
2025-11-22 04:29:50.663 66353 INFO tempest.lib.common.dynamic_creds [-] Deleting project and security group for project: 9ca63900250c4be2a85018bec038a4db
2025-11-22 04:29:50.672 66381 INFO tempest.lib.common.rest_client [req-6f36196b-592b-4ce3-bc0a-f987e008216a req-6f36196b-592b-4ce3-bc0a-f987e008216a ] Request (VolumesAdminNegativeTest:test_update_attached_volume_with_nonexistent_volume_in_uri): 200 GET http://10.180.1.21/compute/v2.1/servers/0d42bcc4-5140-44ef-9bc2-ded82ac2c6a4 1.905s
2025-11-22 04:29:50.691 66375 INFO tempest.lib.common.rest_client [req-7c421bdf-ea55-4434-9773-eb2e74ffbca8 req-7c421bdf-ea55-4434-9773-eb2e74ffbca8 ] Request (FlavorsAccessNegativeTestJSON:test_flavor_access_list_with_public_flavor): 200 POST http://10.180.1.21/compute/v2.1/flavors 1.773s
2025-11-22 04:29:50.724 66385 INFO tempest.lib.common.rest_client [req-566d659f-dd1d-49b7-94d4-448ecd45a760 req-566d659f-dd1d-49b7-94d4-448ecd45a760 ] Request (KeyPairsV22TestJSON:test_keypair_create_delete): 201 POST http://10.180.1.21/compute/v2.1/os-keypairs 1.797s
2025-11-22 04:29:50.731 66395 INFO tempest.lib.common.rest_client [req-6642878b-114e-41b1-b1cb-7ad986ea6f2e req-6642878b-114e-41b1-b1cb-7ad986ea6f2e ] Request (QuotaClassesAdminTestJSON:tearDownClass): 204 DELETE http://10.180.1.21/networking/v2.0/security-groups/430e2370-81c9-4401-82ad-09605831d56b 0.277s
2025-11-22 04:29:50.733 66379 INFO tempest.lib.common.rest_client [req-36f2ba0b-3e15-438c-96df-e72c0b95940b req-36f2ba0b-3e15-438c-96df-e72c0b95940b ] Request (HostsAdminNegativeTestJSON:test_update_host_with_invalid_maintenance_mode): 400 PUT http://10.180.1.21/compute/v2.1/os-hosts/devstack 1.756s
2025-11-22 04:29:50.743 66391 INFO tempest.lib.common.rest_client [req-cce8b0aa-9bed-43fa-8935-0f04b9816952 req-cce8b0aa-9bed-43fa-8935-0f04b9816952 ] Request (NetworksTest:tearDownClass): 204 DELETE http://10.180.1.21/networking/v2.0/security-groups/05db1e64-3786-4edb-bd18-95ad8a5ce6f0 0.094s
2025-11-22 04:29:50.749 66365 INFO tempest.lib.common.rest_client [req-3e091157-ad16-496e-bc4c-6580c9d797a1 req-3e091157-ad16-496e-bc4c-6580c9d797a1 ] Request (FlavorsAccessTestJSON:test_flavor_access_list_with_private_flavor): 200 GET http://10.180.1.21/compute/v2.1/flavors/1426051323/os-flavor-access 1.757s
2025-11-22 04:29:50.759 66411 INFO tempest.lib.common.rest_client [req-86654f8c-8e9d-438d-84d3-535ea55ff276 req-86654f8c-8e9d-438d-84d3-535ea55ff276 ] Request (FlavorsExtraSpecsNegativeTestJSON:test_flavor_unset_nonexistent_key): 404 DELETE http://10.180.1.21/compute/v2.1/flavors/1402253596/os-extra_specs/hw:cpu_thread_policy 1.731s
2025-11-22 04:29:50.766 66367 INFO tempest.lib.common.rest_client [req-e065ffde-762d-431f-8a56-f268b178453c req-e065ffde-762d-431f-8a56-f268b178453c ] Request (HypervisorAdminNegativeUnderV252Test:test_show_servers_with_non_admin_user): 403 GET http://10.180.1.21/compute/v2.1/os-hypervisors/1/servers 1.716s
2025-11-22 04:29:50.772 66377 INFO tempest.lib.common.rest_client [req-95378e24-488f-4aee-8f3b-7954844f78b8 req-95378e24-488f-4aee-8f3b-7954844f78b8 ] Request (HypervisorAdminNegativeTestJSON:test_get_hypervisor_stats_with_non_admin_user): 403 GET http://10.180.1.21/compute/v2.1/os-hypervisors/statistics 1.709s
2025-11-22 04:29:50.825 66409 INFO tempest.lib.common.rest_client [req-bc65716e-963c-4153-aff2-8fd90acb7cf5 req-bc65716e-963c-4153-aff2-8fd90acb7cf5 ] Request (FlavorsV255TestJSON:tearDownClass): 204 DELETE http://10.180.1.21/identity/v3/projects/786d51eced5143ada1268a8916bd7231 0.174s
2025-11-22 04:29:50.825 66409 INFO tempest.lib.common.dynamic_creds [-] Deleting project and security group for project: 73e3d2243afa416290ba070f2e497e94
2025-11-22 04:29:50.841 66415 INFO tempest.lib.common.rest_client [req-7eac00a7-104b-4a57-bdcf-c04069adf76f req-7eac00a7-104b-4a57-bdcf-c04069adf76f ] Request (ServerGroupTestJSON:test_create_delete_multiple_server_groups_with_same_name_policy): 200 POST http://10.180.1.21/compute/v2.1/os-server-groups 1.714s
2025-11-22 04:29:50.849 66353 INFO tempest.lib.common.rest_client [req-87b5d27c-c45a-4449-8a1f-5e0149f9b5b9 req-87b5d27c-c45a-4449-8a1f-5e0149f9b5b9 ] Request (ServicesAdminNegativeTestJSON:tearDownClass): 200 GET http://10.180.1.21/networking/v2.0/security-groups?tenant_id=9ca63900250c4be2a85018bec038a4db&name=default 0.185s
2025-11-22 04:29:50.876 66389 INFO tempest.lib.common.rest_client [req-ec16304a-24fd-47af-ba4c-ff8eaeb20841 req-ec16304a-24fd-47af-ba4c-ff8eaeb20841 ] Request (FlavorsV261TestJSON:tearDownClass): 200 GET http://10.180.1.21/networking/v2.0/security-groups?tenant_id=ff2ffc865d984c00b134f385ce30977c&name=default 0.217s
2025-11-22 04:29:50.928 66395 INFO tempest.lib.common.rest_client [req-391a95ae-b675-4bbb-aad3-6c25851a3826 req-391a95ae-b675-4bbb-aad3-6c25851a3826 ] Request (QuotaClassesAdminTestJSON:tearDownClass): 204 DELETE http://10.180.1.21/identity/v3/projects/37799a301375404f951343d1e939595d 0.196s
2025-11-22 04:29:50.928 66395 INFO tempest.lib.common.dynamic_creds [-] Deleting project and security group for project: 48e81377370f46b9b19166f20d0d1ab1
2025-11-22 04:29:50.933 66393 INFO tempest.lib.common.rest_client [req-8d9ca093-157d-4584-bf87-00f5301c6671 req-8d9ca093-157d-4584-bf87-00f5301c6671 ] Request (DeleteServersAdminTestJSON:test_admin_delete_servers_of_others): 204 DELETE http://10.180.1.21/compute/v2.1/servers/3bff829e-239f-4b35-8d03-bccd33d4ed26 2.044s
2025-11-22 04:29:50.938 66391 INFO tempest.lib.common.rest_client [req-08cdd435-63d0-4d2e-be41-606877b4743c req-08cdd435-63d0-4d2e-be41-606877b4743c ] Request (NetworksTest:tearDownClass): 204 DELETE http://10.180.1.21/identity/v3/projects/3d88c1006e8f4a67b8d93e7c6d70e837 0.195s
2025-11-22 04:29:50.969 66409 INFO tempest.lib.common.rest_client [req-5d9e3b29-caa5-4b25-845c-e2245d755461 req-5d9e3b29-caa5-4b25-845c-e2245d755461 ] Request (FlavorsV255TestJSON:tearDownClass): 200 GET http://10.180.1.21/networking/v2.0/security-groups?tenant_id=73e3d2243afa416290ba070f2e497e94&name=default 0.143s
2025-11-22 04:29:50.981 66353 INFO tempest.lib.common.rest_client [req-41d27744-e05e-4b6e-9519-0593e4a60638 req-41d27744-e05e-4b6e-9519-0593e4a60638 ] Request (ServicesAdminNegativeTestJSON:tearDownClass): 204 DELETE http://10.180.1.21/networking/v2.0/security-groups/d201e4f9-e924-4f0c-b333-c717724351a7 0.131s
2025-11-22 04:29:51.009 66391 INFO tempest.lib.common.rest_client [req-c88eb794-2133-4c0f-ad82-5b705c6199b4 req-c88eb794-2133-4c0f-ad82-5b705c6199b4 ] Request (AttachInterfacesV270Test:setUpClass): 201 POST http://10.180.1.21/identity/v3/auth/tokens 0.068s
2025-11-22 04:29:51.044 66389 INFO tempest.lib.common.rest_client [req-84b7a3a7-4e68-474e-92c8-138692c4d965 req-84b7a3a7-4e68-474e-92c8-138692c4d965 ] Request (FlavorsV261TestJSON:tearDownClass): 204 DELETE http://10.180.1.21/networking/v2.0/security-groups/7527449b-a89c-4553-91d8-1f6443f744fa 0.167s
2025-11-22 04:29:51.051 66391 INFO tempest.lib.common.rest_client [req-5022b247-d593-4937-8662-854968047ec9 req-5022b247-d593-4937-8662-854968047ec9 ] Request (AttachInterfacesV270Test:setUpClass): 201 POST http://10.180.1.21/identity/v3/auth/tokens 0.035s
2025-11-22 04:29:51.090 66353 INFO tempest.lib.common.rest_client [req-5fb355ac-0938-4b3a-94c9-8768c9fa45e7 req-5fb355ac-0938-4b3a-94c9-8768c9fa45e7 ] Request (ServicesAdminNegativeTestJSON:tearDownClass): 204 DELETE http://10.180.1.21/identity/v3/projects/9ca63900250c4be2a85018bec038a4db 0.109s
2025-11-22 04:29:51.121 66395 INFO tempest.lib.common.rest_client [req-4c01e40e-6090-4dba-9cf5-666be1fb6c24 req-4c01e40e-6090-4dba-9cf5-666be1fb6c24 ] Request (QuotaClassesAdminTestJSON:tearDownClass): 200 GET http://10.180.1.21/networking/v2.0/security-groups?tenant_id=48e81377370f46b9b19166f20d0d1ab1&name=default 0.192s
2025-11-22 04:29:51.144 66389 INFO tempest.lib.common.rest_client [req-8bfdfe79-2046-4a40-9bda-994ff3932f93 req-8bfdfe79-2046-4a40-9bda-994ff3932f93 ] Request (FlavorsV261TestJSON:tearDownClass): 204 DELETE http://10.180.1.21/identity/v3/projects/ff2ffc865d984c00b134f385ce30977c 0.100s
2025-11-22 04:29:51.212 66391 INFO tempest.lib.common.rest_client [req-eaed84f6-cd8f-4770-afad-0f9b4388b91d req-eaed84f6-cd8f-4770-afad-0f9b4388b91d ] Request (AttachInterfacesV270Test:setUpClass): 200 GET http://10.180.1.21/identity/v3/domains?name=Default 0.161s
2025-11-22 04:29:51.215 66363 INFO tempest.lib.common.rest_client [req-8b2c4f11-31fc-4a61-8368-d2ba0b07acb2 req-8b2c4f11-31fc-4a61-8368-d2ba0b07acb2 ] Request (SecurityGroupsTestAdminJSON:_run_cleanups): 202 DELETE http://10.180.1.21/compute/v2.1/os-security-groups/97cbde1a-37cd-43e9-abf8-091f1be67c96 1.928s
2025-11-22 04:29:51.218 66409 INFO tempest.lib.common.rest_client [req-58d51b6a-265d-411a-8eab-5fedc95b3e70 req-58d51b6a-265d-411a-8eab-5fedc95b3e70 ] Request (FlavorsV255TestJSON:tearDownClass): 204 DELETE http://10.180.1.21/networking/v2.0/security-groups/54420d0c-06b7-40de-8cb1-f0a048b4b8b9 0.248s
2025-11-22 04:29:51.219 66353 INFO tempest.lib.common.rest_client [req-fa327e92-df87-473c-a5c0-374798356f84 req-fa327e92-df87-473c-a5c0-374798356f84 ] Request (FloatingIPDetailsTestJSON:setUpClass): 201 POST http://10.180.1.21/identity/v3/auth/tokens 0.127s
2025-11-22 04:29:51.247 66401 INFO tempest.lib.common.rest_client [req-9b8b6e82-ed33-4e56-ad60-b840a6ccd65b req-9b8b6e82-ed33-4e56-ad60-b840a6ccd65b ] Request (FlavorsAdminTestJSON:test_create_flavor_with_int_id): 200 POST http://10.180.1.21/compute/v2.1/flavors 1.828s
2025-11-22 04:29:51.251 66389 INFO tempest.lib.common.rest_client [req-917c43db-21c5-4171-9ae1-2d7aedb4e66e req-917c43db-21c5-4171-9ae1-2d7aedb4e66e ] Request (KeyPairsV210TestJSON:setUpClass): 201 POST http://10.180.1.21/identity/v3/auth/tokens 0.105s
2025-11-22 04:29:51.258 66399 INFO tempest.lib.common.rest_client [req-0ba6fff7-7414-47ff-84b1-287c02df4bcd req-0ba6fff7-7414-47ff-84b1-287c02df4bcd ] Request (ServerAddressesNegativeTestJSON:setUpClass): 200 GET http://10.180.1.21/compute/v2.1/servers/08a6401e-1117-4a74-b6e0-a811620cefdd 1.921s
2025-11-22 04:29:51.277 66369 INFO tempest.lib.common.rest_client [req-726c3d2a-30fc-4d3a-9dba-d2e662831a49 req-726c3d2a-30fc-4d3a-9dba-d2e662831a49 ] Request (ServersWithSpecificFlavorTestJSON:test_verify_created_server_ephemeral_disk): 200 POST http://10.180.1.21/compute/v2.1/flavors/503346560/os-extra_specs 1.849s
2025-11-22 04:29:51.285 66403 INFO tempest.lib.common.rest_client [req-20954940-778b-41ce-bbb8-4f66dbfd192d req-20954940-778b-41ce-bbb8-4f66dbfd192d ] Request (AggregatesAdminNegativeTestJSON:_run_cleanups): 200 DELETE http://10.180.1.21/compute/v2.1/os-aggregates/2 1.441s
2025-11-22 04:29:51.299 66395 INFO tempest.lib.common.rest_client [req-8e32e2ba-6bf2-4ed6-9d63-2eecdd6b96c5 req-8e32e2ba-6bf2-4ed6-9d63-2eecdd6b96c5 ] Request (QuotaClassesAdminTestJSON:tearDownClass): 204 DELETE http://10.180.1.21/networking/v2.0/security-groups/49fc7c92-ec50-400f-aebe-1ba6f7e3a9b9 0.177s
2025-11-22 04:29:51.302 66391 INFO tempest.lib.common.rest_client [req-0f7e5070-4ad1-44c1-9366-120d42c45bd9 req-0f7e5070-4ad1-44c1-9366-120d42c45bd9 ] Request (AttachInterfacesV270Test:setUpClass): 201 POST http://10.180.1.21/identity/v3/projects 0.089s
2025-11-22 04:29:51.322 66371 INFO tempest.lib.common.rest_client [req-d2b0ff22-0658-464b-a395-d3a70c0bf280 req-d2b0ff22-0658-464b-a395-d3a70c0bf280 ] Request (KeyPairsNegativeTestJSON:test_create_keypair_with_empty_public_key): 400 POST http://10.180.1.21/compute/v2.1/os-keypairs 1.471s
2025-11-22 04:29:51.352 66351 INFO tempest.lib.common.rest_client [req-598502c1-963c-4e9f-9d4a-3f4e118ef1fc req-598502c1-963c-4e9f-9d4a-3f4e118ef1fc ] Request (HostsAdminTestJSON:test_show_host_detail): 200 GET http://10.180.1.21/compute/v2.1/os-hosts 1.473s
2025-11-22 04:29:51.362 66413 INFO tempest.lib.common.rest_client [req-37fba268-9f33-4f1d-8133-44b7a089ca70 req-37fba268-9f33-4f1d-8133-44b7a089ca70 ] Request (VolumesAssistedSnapshotsTest:test_volume_assisted_snapshot_create_delete): 200 GET http://10.180.1.21/compute/v2.1/servers/b91405c7-49e7-4579-9553-498d1287bb98 1.492s
2025-11-22 04:29:51.371 66413 INFO tempest.common.waiters [-] State transition "BUILD/None" ==> "BUILD/networking" after 3 second wait
2025-11-22 04:29:51.379 66353 INFO tempest.lib.common.rest_client [req-5e0a4241-3452-4624-a118-c812f88b1a15 req-5e0a4241-3452-4624-a118-c812f88b1a15 ] Request (FloatingIPDetailsTestJSON:setUpClass): 201 POST http://10.180.1.21/identity/v3/auth/tokens 0.153s
2025-11-22 04:29:51.416 66409 INFO tempest.lib.common.rest_client [req-a1af0760-8b33-43d8-b472-5a2276b2e991 req-a1af0760-8b33-43d8-b472-5a2276b2e991 ] Request (FlavorsV255TestJSON:tearDownClass): 204 DELETE http://10.180.1.21/identity/v3/projects/73e3d2243afa416290ba070f2e497e94 0.196s
2025-11-22 04:29:51.439 66389 INFO tempest.lib.common.rest_client [req-92b1ba7a-3dd6-4b8c-88bd-de1edfb12a9a req-92b1ba7a-3dd6-4b8c-88bd-de1edfb12a9a ] Request (KeyPairsV210TestJSON:setUpClass): 201 POST http://10.180.1.21/identity/v3/auth/tokens 0.184s
2025-11-22 04:29:51.472 66391 INFO tempest.lib.common.rest_client [req-eb3c33f5-833a-468b-816b-4e3d84f48ec7 req-eb3c33f5-833a-468b-816b-4e3d84f48ec7 ] Request (AttachInterfacesV270Test:setUpClass): 201 POST http://10.180.1.21/identity/v3/users 0.170s
2025-11-22 04:29:51.497 66405 INFO tempest.lib.common.rest_client [req-3c50bdd4-6be9-4fbc-93c7-37c417317325 req-3c50bdd4-6be9-4fbc-93c7-37c417317325 ] Request (ServerDiagnosticsTest:tearDownClass): 204 DELETE http://10.180.1.21/compute/v2.1/servers/798463ae-3d9f-47f5-bd24-9de329757d3b 1.537s
2025-11-22 04:29:51.502 66359 INFO tempest.lib.common.rest_client [req-aea09688-df6d-43fe-8b69-26bc1361eaf9 req-aea09688-df6d-43fe-8b69-26bc1361eaf9 ] Request (ServerDiagnosticsNegativeTest:tearDownClass): 204 DELETE http://10.180.1.21/compute/v2.1/servers/1a1c9688-7920-48c4-9d4b-4ebd90fbf555 1.550s
2025-11-22 04:29:51.513 66375 INFO tempest.lib.common.rest_client [req-e7120d7a-541c-47d8-a604-674af50d1b0a req-e7120d7a-541c-47d8-a604-674af50d1b0a ] Request (FlavorsAccessNegativeTestJSON:test_flavor_access_list_with_public_flavor): 404 GET http://10.180.1.21/compute/v2.1/flavors/418731553/os-flavor-access 0.818s
2025-11-22 04:29:51.529 66385 INFO tempest.lib.common.rest_client [req-43cbad2b-5721-4831-81a5-4eb16a75e2af req-43cbad2b-5721-4831-81a5-4eb16a75e2af ] Request (KeyPairsV22TestJSON:_run_cleanups): 204 DELETE http://10.180.1.21/compute/v2.1/os-keypairs/tempest-keypair-1986669303 0.803s
2025-11-22 04:29:51.535 66395 INFO tempest.lib.common.rest_client [req-e667e598-e8a4-4698-bec0-aab72e76c738 req-e667e598-e8a4-4698-bec0-aab72e76c738 ] Request (QuotaClassesAdminTestJSON:tearDownClass): 204 DELETE http://10.180.1.21/identity/v3/projects/48e81377370f46b9b19166f20d0d1ab1 0.236s
2025-11-22 04:29:51.538 66379 INFO tempest.lib.common.rest_client [req-c043e722-85a4-4d28-a967-68677a0e8b9a req-c043e722-85a4-4d28-a967-68677a0e8b9a ] Request (HostsAdminNegativeTestJSON:test_update_host_with_invalid_status): 400 PUT http://10.180.1.21/compute/v2.1/os-hosts/devstack 0.802s
2025-11-22 04:29:51.553 66365 INFO tempest.lib.common.rest_client [req-853c9ad6-e300-4ec7-be3a-609eef990916 req-853c9ad6-e300-4ec7-be3a-609eef990916 ] Request (FlavorsAccessTestJSON:_run_cleanups): 202 DELETE http://10.180.1.21/compute/v2.1/flavors/1426051323 0.803s
2025-11-22 04:29:51.560 66411 INFO tempest.lib.common.rest_client [req-df0375ee-3178-4690-a8d9-290872f38fae req-df0375ee-3178-4690-a8d9-290872f38fae ] Request (FlavorsExtraSpecsNegativeTestJSON:test_flavor_update_mismatch_key): 400 PUT http://10.180.1.21/compute/v2.1/flavors/1402253596/os-extra_specs/hw:numa_nodes 0.799s
2025-11-22 04:29:51.571 66367 INFO tempest.lib.common.rest_client [req-9f0bc136-a6b8-497a-95fc-5a0a3f35a520 req-9f0bc136-a6b8-497a-95fc-5a0a3f35a520 ] Request (HypervisorAdminNegativeUnderV252Test:test_show_servers_with_nonexistent_hypervisor): 404 GET http://10.180.1.21/compute/v2.1/os-hypervisors/71850a8d-efca-437d-8704-2f3349e345aa/servers 0.804s
2025-11-22 04:29:51.611 66409 INFO tempest.lib.common.rest_client [req-cf8b17b2-4d35-4767-a212-7f2e9fa8154f req-cf8b17b2-4d35-4767-a212-7f2e9fa8154f ] Request (ServersAdminNegativeTestJSON:setUpClass): 201 POST http://10.180.1.21/identity/v3/auth/tokens 0.192s
2025-11-22 04:29:51.614 66353 INFO tempest.lib.common.rest_client [req-33f4d769-183c-48f7-8eb6-ce45c3c3d687 req-33f4d769-183c-48f7-8eb6-ce45c3c3d687 ] Request (FloatingIPDetailsTestJSON:setUpClass): 200 GET http://10.180.1.21/identity/v3/domains?name=Default 0.234s
2025-11-22 04:29:51.638 66389 INFO tempest.lib.common.rest_client [req-d36f1845-0803-4121-8cd7-63d6dbe266a5 req-d36f1845-0803-4121-8cd7-63d6dbe266a5 ] Request (KeyPairsV210TestJSON:setUpClass): 200 GET http://10.180.1.21/identity/v3/domains?name=Default 0.199s
2025-11-22 04:29:51.639 66391 INFO tempest.lib.common.rest_client [req-5a729354-67c4-4725-8a11-0e9716f401bf req-5a729354-67c4-4725-8a11-0e9716f401bf ] Request (AttachInterfacesV270Test:setUpClass): 200 GET http://10.180.1.21/identity/v3/roles 0.166s
2025-11-22 04:29:51.669 66395 INFO tempest.lib.common.rest_client [req-57ec9db5-abf6-4079-8329-013872cf100b req-57ec9db5-abf6-4079-8329-013872cf100b ] Request (ServersAdmin275Test:setUpClass): 201 POST http://10.180.1.21/identity/v3/auth/tokens 0.132s
2025-11-22 04:29:51.790 66377 INFO tempest.lib.common.rest_client [req-a47e939e-b0d8-4746-a16e-edfd14a17bcb req-a47e939e-b0d8-4746-a16e-edfd14a17bcb ] Request (HypervisorAdminNegativeTestJSON:test_get_hypervisor_uptime_with_non_admin_user): 200 GET http://10.180.1.21/compute/v2.1/os-hypervisors 1.016s
2025-11-22 04:29:51.830 66367 INFO tempest.lib.common.rest_client [req-58582ae6-8dc5-4dca-9d52-eb5235f9f6ca req-58582ae6-8dc5-4dca-9d52-eb5235f9f6ca ] Request (HypervisorAdminNegativeUnderV252Test:tearDownClass): 204 DELETE http://10.180.1.21/identity/v3/users/f0615db648864504a6558b878396076d 0.256s
2025-11-22 04:29:51.876 66415 INFO tempest.lib.common.rest_client [req-7f4f3e34-bb39-4974-975e-28652e9e9548 req-7f4f3e34-bb39-4974-975e-28652e9e9548 ] Request (ServerGroupTestJSON:test_create_delete_multiple_server_groups_with_same_name_policy): 204 DELETE http://10.180.1.21/compute/v2.1/os-server-groups/aed54665-3086-4e8a-8b6c-eac89a6cd111 1.033s
2025-11-22 04:29:51.908 66409 INFO tempest.lib.common.rest_client [req-39a9c94d-e897-4cca-b28c-8ea6e38889cd req-39a9c94d-e897-4cca-b28c-8ea6e38889cd ] Request (ServersAdminNegativeTestJSON:setUpClass): 201 POST http://10.180.1.21/identity/v3/auth/tokens 0.293s
2025-11-22 04:29:51.953 66389 INFO tempest.lib.common.rest_client [req-6e1a8256-5395-4a6c-a4ce-43fadf218e3c req-6e1a8256-5395-4a6c-a4ce-43fadf218e3c ] Request (KeyPairsV210TestJSON:setUpClass): 201 POST http://10.180.1.21/identity/v3/projects 0.314s
2025-11-22 04:29:51.960 66353 INFO tempest.lib.common.rest_client [req-78a0bb73-b0ae-4fca-8eb6-bb6cc00d28b0 req-78a0bb73-b0ae-4fca-8eb6-bb6cc00d28b0 ] Request (FloatingIPDetailsTestJSON:setUpClass): 201 POST http://10.180.1.21/identity/v3/projects 0.345s
2025-11-22 04:29:52.030 66393 INFO tempest.lib.common.rest_client [req-b65aa271-6245-4d77-b160-3174cd75a4b9 req-b65aa271-6245-4d77-b160-3174cd75a4b9 ] Request (DeleteServersAdminTestJSON:test_admin_delete_servers_of_others): 200 GET http://10.180.1.21/compute/v2.1/servers/3bff829e-239f-4b35-8d03-bccd33d4ed26 1.097s
2025-11-22 04:29:52.061 66395 INFO tempest.lib.common.rest_client [req-66d0affa-239f-44a0-b112-26485131f13f req-66d0affa-239f-44a0-b112-26485131f13f ] Request (ServersAdmin275Test:setUpClass): 201 POST http://10.180.1.21/identity/v3/auth/tokens 0.388s
2025-11-22 04:29:52.129 66391 INFO tempest.lib.common.rest_client [req-bb2c38ff-eda0-4d0c-a1cb-ca092b625948 req-bb2c38ff-eda0-4d0c-a1cb-ca092b625948 ] Request (AttachInterfacesV270Test:setUpClass): 204 PUT http://10.180.1.21/identity/v3/projects/090f58c5c19d4ae39ed4d346a5be54f4/users/1967d8442f2a42f08067d483e4676755/roles/29412f339a6c4112bea53e0eb99ea894 0.489s
2025-11-22 04:29:52.129 66391 INFO tempest.lib.common.dynamic_creds [-] Dynamic test user 1967d8442f2a42f08067d483e4676755 is created with scope project and roles: ['member']
2025-11-22 04:29:52.129 66391 INFO tempest.lib.common.dynamic_creds [-] Acquired dynamic creds: credentials: Credentials: {'domain_id': 'default', 'domain_name': 'Default', 'username': 'tempest-AttachInterfacesV270Test-20339854-project-member', 'project_domain_id': 'default', 'project_domain_name': 'Default', 'project_id': '090f58c5c19d4ae39ed4d346a5be54f4', 'project_name': 'tempest-AttachInterfacesV270Test-20339854', 'tenant_id': '090f58c5c19d4ae39ed4d346a5be54f4', 'tenant_name': 'tempest-AttachInterfacesV270Test-20339854', 'user_domain_id': 'default', 'user_domain_name': 'Default', 'user_id': '1967d8442f2a42f08067d483e4676755', 'system': None}, Network: None, Subnet: None, Router: None
2025-11-22 04:29:52.187 66363 INFO tempest.lib.common.rest_client [req-84afce08-b6fb-4f2b-ae39-08efb579219f req-84afce08-b6fb-4f2b-ae39-08efb579219f ] Request (SecurityGroupsTestAdminJSON:_run_cleanups): 202 DELETE http://10.180.1.21/compute/v2.1/os-security-groups/8ff7cb73-a885-474d-925d-bc1ac9ac6aa2 0.971s
2025-11-22 04:29:52.195 66367 INFO tempest.lib.common.rest_client [req-75914726-2bdf-4948-8e9b-a83a3b73189a req-75914726-2bdf-4948-8e9b-a83a3b73189a ] Request (HypervisorAdminNegativeUnderV252Test:tearDownClass): 204 DELETE http://10.180.1.21/identity/v3/users/98c939f141a94247bb754fde55565d63 0.364s
2025-11-22 04:29:52.195 66367 INFO tempest.lib.common.dynamic_creds [-] Deleting project and security group for project: e4731b25eab24795aeff737819456f77
2025-11-22 04:29:52.210 66401 INFO tempest.lib.common.rest_client [req-1a10a7b1-61c0-4afd-8a92-0d535a3ed19f req-1a10a7b1-61c0-4afd-8a92-0d535a3ed19f ] Request (FlavorsAdminTestJSON:_run_cleanups): 202 DELETE http://10.180.1.21/compute/v2.1/flavors/979250067 0.960s
2025-11-22 04:29:52.246 66369 INFO tempest.lib.common.rest_client [req-1a4af90f-d536-419d-9096-214d89c1bf36 req-1a4af90f-d536-419d-9096-214d89c1bf36 ] Request (ValidationResourcesFixture:setUp): 200 POST http://10.180.1.21/compute/v2.1/os-keypairs 0.967s
2025-11-22 04:29:52.275 66409 INFO tempest.lib.common.rest_client [req-c4583d5f-7d23-45c7-a5b1-f77f036e0020 req-c4583d5f-7d23-45c7-a5b1-f77f036e0020 ] Request (ServersAdminNegativeTestJSON:setUpClass): 200 GET http://10.180.1.21/identity/v3/domains?name=Default 0.366s
2025-11-22 04:29:52.275 66403 INFO tempest.lib.common.rest_client [req-b63195ce-7ba0-4b4a-80d7-d0b007d4dd51 req-b63195ce-7ba0-4b4a-80d7-d0b007d4dd51 ] Request (AggregatesAdminNegativeTestJSON:test_aggregate_add_non_exist_host): 200 POST http://10.180.1.21/compute/v2.1/os-aggregates 0.988s
2025-11-22 04:29:52.281 66371 INFO tempest.lib.common.rest_client [req-46257eba-1693-4260-92bb-42b9c3744004 req-46257eba-1693-4260-92bb-42b9c3744004 ] Request (KeyPairsNegativeTestJSON:test_create_keypair_with_long_keynames): 400 POST http://10.180.1.21/compute/v2.1/os-keypairs 0.956s
2025-11-22 04:29:52.302 66389 INFO tempest.lib.common.rest_client [req-734e1321-9ac7-4ff5-94c1-3882f0dff1be req-734e1321-9ac7-4ff5-94c1-3882f0dff1be ] Request (KeyPairsV210TestJSON:setUpClass): 201 POST http://10.180.1.21/identity/v3/users 0.349s
2025-11-22 04:29:52.323 66353 INFO tempest.lib.common.rest_client [req-249da6e6-a09f-45ed-b41d-3a005326f91e req-249da6e6-a09f-45ed-b41d-3a005326f91e ] Request (FloatingIPDetailsTestJSON:setUpClass): 201 POST http://10.180.1.21/identity/v3/users 0.363s
2025-11-22 04:29:52.335 66395 INFO tempest.lib.common.rest_client [req-aa2029ff-1224-4f82-89c9-356a646125bd req-aa2029ff-1224-4f82-89c9-356a646125bd ] Request (ServersAdmin275Test:setUpClass): 200 GET http://10.180.1.21/identity/v3/domains?name=Default 0.274s
2025-11-22 04:29:52.359 66391 INFO tempest.lib.common.rest_client [req-6c799f04-9c1e-48bc-b6a0-8cd84e981f21 req-6c799f04-9c1e-48bc-b6a0-8cd84e981f21 ] Request (AttachInterfacesV270Test:setUpClass): 201 POST http://10.180.1.21/identity/v3/auth/tokens 0.230s
2025-11-22 04:29:52.375 66369 INFO tempest.lib.common.rest_client [req-127ad265-da39-493f-915e-e6fd6a0f9d4e req-127ad265-da39-493f-915e-e6fd6a0f9d4e ] Request (ValidationResourcesFixture:setUp): 201 POST http://10.180.1.21/networking/v2.0/security-groups 0.126s
2025-11-22 04:29:52.383 66367 INFO tempest.lib.common.rest_client [req-a4719a97-ab4e-4e65-be10-c2249c3b26b0 req-a4719a97-ab4e-4e65-be10-c2249c3b26b0 ] Request (HypervisorAdminNegativeUnderV252Test:tearDownClass): 201 POST http://10.180.1.21/identity/v3/auth/tokens 0.188s
2025-11-22 04:29:52.409 66409 INFO tempest.lib.common.rest_client [req-fe27ae7c-04dc-4f6a-8f82-21221c5813bb req-fe27ae7c-04dc-4f6a-8f82-21221c5813bb ] Request (ServersAdminNegativeTestJSON:setUpClass): 201 POST http://10.180.1.21/identity/v3/projects 0.134s
2025-11-22 04:29:52.464 66389 INFO tempest.lib.common.rest_client [req-47af23e3-5ebe-439c-9824-090971e3cf8e req-47af23e3-5ebe-439c-9824-090971e3cf8e ] Request (KeyPairsV210TestJSON:setUpClass): 200 GET http://10.180.1.21/identity/v3/roles 0.161s
2025-11-22 04:29:52.493 66383 INFO tempest.lib.common.rest_client [req-97804c6b-c4ff-443c-9caa-4549efcb44c3 req-97804c6b-c4ff-443c-9caa-4549efcb44c3 ] Request (QuotasAdminTestJSON:test_delete_quota): 200 GET http://10.180.1.21/compute/v2.1/os-quota-sets/fc8ae12c80f7425084b8bb6541f930c5 2.290s
2025-11-22 04:29:52.494 66353 INFO tempest.lib.common.rest_client [req-7cf8ac06-78cd-4247-94eb-59fc8d833b04 req-7cf8ac06-78cd-4247-94eb-59fc8d833b04 ] Request (FloatingIPDetailsTestJSON:setUpClass): 200 GET http://10.180.1.21/identity/v3/roles 0.170s
2025-11-22 04:29:52.531 66395 INFO tempest.lib.common.rest_client [req-f8b703ed-4133-4f37-9364-09cc78a02e89 req-f8b703ed-4133-4f37-9364-09cc78a02e89 ] Request (ServersAdmin275Test:setUpClass): 201 POST http://10.180.1.21/identity/v3/projects 0.195s
2025-11-22 04:29:52.549 66351 INFO tempest.lib.common.rest_client [req-d0085f28-4b7e-4802-95ea-6ec56ca507b8 req-d0085f28-4b7e-4802-95ea-6ec56ca507b8 ] Request (HostsAdminTestJSON:test_show_host_detail): 200 GET http://10.180.1.21/compute/v2.1/os-hosts/cpu-1 1.196s
2025-11-22 04:29:52.613 66409 INFO tempest.lib.common.rest_client [req-4eb3b5a3-96a3-42d4-99ba-d0849d700df0 req-4eb3b5a3-96a3-42d4-99ba-d0849d700df0 ] Request (ServersAdminNegativeTestJSON:setUpClass): 201 POST http://10.180.1.21/identity/v3/users 0.203s
2025-11-22 04:29:52.647 66353 INFO tempest.lib.common.rest_client [req-96f9cae9-d898-4953-83ba-9a489efb5a3b req-96f9cae9-d898-4953-83ba-9a489efb5a3b ] Request (FloatingIPDetailsTestJSON:setUpClass): 204 PUT http://10.180.1.21/identity/v3/projects/189a47431890435d93ae15a019ceafbd/users/aa28d6a2f01045e299ac52e06cada6cb/roles/29412f339a6c4112bea53e0eb99ea894 0.152s
2025-11-22 04:29:52.647 66353 INFO tempest.lib.common.dynamic_creds [-] Dynamic test user aa28d6a2f01045e299ac52e06cada6cb is created with scope project and roles: ['member']
2025-11-22 04:29:52.647 66353 INFO tempest.lib.common.dynamic_creds [-] Acquired dynamic creds: credentials: Credentials: {'domain_id': 'default', 'domain_name': 'Default', 'username': 'tempest-FloatingIPDetailsTestJSON-1388325117-project-member', 'project_domain_id': 'default', 'project_domain_name': 'Default', 'project_id': '189a47431890435d93ae15a019ceafbd', 'project_name': 'tempest-FloatingIPDetailsTestJSON-1388325117', 'tenant_id': '189a47431890435d93ae15a019ceafbd', 'tenant_name': 'tempest-FloatingIPDetailsTestJSON-1388325117', 'user_domain_id': 'default', 'user_domain_name': 'Default', 'user_id': 'aa28d6a2f01045e299ac52e06cada6cb', 'system': None}, Network: None, Subnet: None, Router: None
2025-11-22 04:29:52.649 66389 INFO tempest.lib.common.rest_client [req-16ab7443-6a86-44ac-9229-fb1a4613fdac req-16ab7443-6a86-44ac-9229-fb1a4613fdac ] Request (KeyPairsV210TestJSON:setUpClass): 204 PUT http://10.180.1.21/identity/v3/projects/ca966171a39441a0b66668118a3ec55b/users/d5b69846a098450da31300a4358ae81f/roles/29412f339a6c4112bea53e0eb99ea894 0.184s
2025-11-22 04:29:52.649 66389 INFO tempest.lib.common.dynamic_creds [-] Dynamic test user d5b69846a098450da31300a4358ae81f is created with scope project and roles: ['member']
2025-11-22 04:29:52.650 66389 INFO tempest.lib.common.dynamic_creds [-] Acquired dynamic creds: credentials: Credentials: {'domain_id': 'default', 'domain_name': 'Default', 'username': 'tempest-KeyPairsV210TestJSON-1878214161-project-member', 'project_domain_id': 'default', 'project_domain_name': 'Default', 'project_id': 'ca966171a39441a0b66668118a3ec55b', 'project_name': 'tempest-KeyPairsV210TestJSON-1878214161', 'tenant_id': 'ca966171a39441a0b66668118a3ec55b', 'tenant_name': 'tempest-KeyPairsV210TestJSON-1878214161', 'user_domain_id': 'default', 'user_domain_name': 'Default', 'user_id': 'd5b69846a098450da31300a4358ae81f', 'system': None}, Network: None, Subnet: None, Router: None
2025-11-22 04:29:52.650 66389 INFO tempest.lib.common.dynamic_creds [-] Created isolated network resources for: credentials: Credentials: {'domain_id': 'default', 'domain_name': 'Default', 'username': 'tempest-KeyPairsV210TestJSON-1878214161-project-member', 'project_domain_id': 'default', 'project_domain_name': 'Default', 'project_id': 'ca966171a39441a0b66668118a3ec55b', 'project_name': 'tempest-KeyPairsV210TestJSON-1878214161', 'tenant_id': 'ca966171a39441a0b66668118a3ec55b', 'tenant_name': 'tempest-KeyPairsV210TestJSON-1878214161', 'user_domain_id': 'default', 'user_domain_name': 'Default', 'user_id': 'd5b69846a098450da31300a4358ae81f', 'system': None}, Network: None, Subnet: None, Router: None
2025-11-22 04:29:52.708 66395 INFO tempest.lib.common.rest_client [req-b61541e5-2617-4e36-81ba-6788deb6fdfa req-b61541e5-2617-4e36-81ba-6788deb6fdfa ] Request (ServersAdmin275Test:setUpClass): 201 POST http://10.180.1.21/identity/v3/users 0.176s
2025-11-22 04:29:52.782 66351 INFO tempest.lib.common.rest_client [req-d36c6665-d336-4dba-8984-7d6dcb085c6b req-d36c6665-d336-4dba-8984-7d6dcb085c6b ] Request (HostsAdminTestJSON:tearDownClass): 204 DELETE http://10.180.1.21/identity/v3/users/b83ef5a10fac4e819e71e46e48becd66 0.230s
2025-11-22 04:29:52.850 66409 INFO tempest.lib.common.rest_client [req-6ec642d4-2f49-4a42-8b77-2921cd1dcd7e req-6ec642d4-2f49-4a42-8b77-2921cd1dcd7e ] Request (ServersAdminNegativeTestJSON:setUpClass): 200 GET http://10.180.1.21/identity/v3/roles 0.236s
2025-11-22 04:29:52.854 66353 INFO tempest.lib.common.rest_client [req-f93eefd3-e9a6-4aca-99f6-78e8b18c2575 req-f93eefd3-e9a6-4aca-99f6-78e8b18c2575 ] Request (FloatingIPDetailsTestJSON:setUpClass): 201 POST http://10.180.1.21/identity/v3/auth/tokens 0.206s
2025-11-22 04:29:52.876 66395 INFO tempest.lib.common.rest_client [req-266cb663-0bdd-4956-85df-80977c6b277d req-266cb663-0bdd-4956-85df-80977c6b277d ] Request (ServersAdmin275Test:setUpClass): 200 GET http://10.180.1.21/identity/v3/roles 0.167s
2025-11-22 04:29:52.920 66389 INFO tempest.lib.common.rest_client [req-f35cb311-1aa5-499c-88e8-13ae77797a77 req-f35cb311-1aa5-499c-88e8-13ae77797a77 ] Request (KeyPairsV210TestJSON:setUpClass): 201 POST http://10.180.1.21/identity/v3/auth/tokens 0.263s
2025-11-22 04:29:52.947 66351 INFO tempest.lib.common.rest_client [req-018e4e62-d105-45af-9b8a-8e01a2efd511 req-018e4e62-d105-45af-9b8a-8e01a2efd511 ] Request (HostsAdminTestJSON:tearDownClass): 204 DELETE http://10.180.1.21/identity/v3/users/7ae63425dd1d4f15943e439878d6d86b 0.164s
2025-11-22 04:29:52.947 66351 INFO tempest.lib.common.dynamic_creds [-] Deleting project and security group for project: 25b96c4955f4408da8655c3edc0c5c94
2025-11-22 04:29:52.968 66391 INFO tempest.lib.common.rest_client [req-93cf82c9-e9db-4771-8fae-a8a9407a9f12 req-93cf82c9-e9db-4771-8fae-a8a9407a9f12 ] Request (AttachInterfacesV270Test:setUpClass): 201 POST http://10.180.1.21/networking/v2.0/networks 0.608s
2025-11-22 04:29:53.005 66409 INFO tempest.lib.common.rest_client [req-d9037fec-1228-4454-af87-9d8603af920f req-d9037fec-1228-4454-af87-9d8603af920f ] Request (ServersAdminNegativeTestJSON:setUpClass): 204 PUT http://10.180.1.21/identity/v3/projects/d607d504cba0478fb8715ff5c8d2f78e/users/fc73877345374559beea4d44faf1895c/roles/29412f339a6c4112bea53e0eb99ea894 0.155s
2025-11-22 04:29:53.006 66409 INFO tempest.lib.common.dynamic_creds [-] Dynamic test user fc73877345374559beea4d44faf1895c is created with scope project and roles: ['member']
2025-11-22 04:29:53.006 66409 INFO tempest.lib.common.dynamic_creds [-] Acquired dynamic creds: credentials: Credentials: {'domain_id': 'default', 'domain_name': 'Default', 'username': 'tempest-ServersAdminNegativeTestJSON-1396292550-project-member', 'project_domain_id': 'default', 'project_domain_name': 'Default', 'project_id': 'd607d504cba0478fb8715ff5c8d2f78e', 'project_name': 'tempest-ServersAdminNegativeTestJSON-1396292550', 'tenant_id': 'd607d504cba0478fb8715ff5c8d2f78e', 'tenant_name': 'tempest-ServersAdminNegativeTestJSON-1396292550', 'user_domain_id': 'default', 'user_domain_name': 'Default', 'user_id': 'fc73877345374559beea4d44faf1895c', 'system': None}, Network: None, Subnet: None, Router: None
2025-11-22 04:29:53.006 66409 INFO tempest.lib.common.dynamic_creds [-] Created isolated network resources for: credentials: Credentials: {'domain_id': 'default', 'domain_name': 'Default', 'username': 'tempest-ServersAdminNegativeTestJSON-1396292550-project-member', 'project_domain_id': 'default', 'project_domain_name': 'Default', 'project_id': 'd607d504cba0478fb8715ff5c8d2f78e', 'project_name': 'tempest-ServersAdminNegativeTestJSON-1396292550', 'tenant_id': 'd607d504cba0478fb8715ff5c8d2f78e', 'tenant_name': 'tempest-ServersAdminNegativeTestJSON-1396292550', 'user_domain_id': 'default', 'user_domain_name': 'Default', 'user_id': 'fc73877345374559beea4d44faf1895c', 'system': None}, Network: None, Subnet: None, Router: None
2025-11-22 04:29:53.064 66369 INFO tempest.lib.common.rest_client [req-f0878912-d6d4-47e0-affb-c9bdd5589304 req-f0878912-d6d4-47e0-affb-c9bdd5589304 ] Request (ValidationResourcesFixture:setUp): 201 POST http://10.180.1.21/networking/v2.0/security-group-rules 0.689s
2025-11-22 04:29:53.066 66395 INFO tempest.lib.common.rest_client [req-b1f49401-a8cf-47cb-94fb-ea2226e4114f req-b1f49401-a8cf-47cb-94fb-ea2226e4114f ] Request (ServersAdmin275Test:setUpClass): 204 PUT http://10.180.1.21/identity/v3/projects/3e9b892738a342eeac7d62bd57e7ce8d/users/37643813ec434c1c8f8d0d56d92e8c1f/roles/29412f339a6c4112bea53e0eb99ea894 0.190s
2025-11-22 04:29:53.067 66395 INFO tempest.lib.common.dynamic_creds [-] Dynamic test user 37643813ec434c1c8f8d0d56d92e8c1f is created with scope project and roles: ['member']
2025-11-22 04:29:53.067 66395 INFO tempest.lib.common.dynamic_creds [-] Acquired dynamic creds: credentials: Credentials: {'domain_id': 'default', 'domain_name': 'Default', 'username': 'tempest-ServersAdmin275Test-448401749-project-member', 'project_domain_id': 'default', 'project_domain_name': 'Default', 'project_id': '3e9b892738a342eeac7d62bd57e7ce8d', 'project_name': 'tempest-ServersAdmin275Test-448401749', 'tenant_id': '3e9b892738a342eeac7d62bd57e7ce8d', 'tenant_name': 'tempest-ServersAdmin275Test-448401749', 'user_domain_id': 'default', 'user_domain_name': 'Default', 'user_id': '37643813ec434c1c8f8d0d56d92e8c1f', 'system': None}, Network: None, Subnet: None, Router: None
2025-11-22 04:29:53.067 66395 INFO tempest.lib.common.dynamic_creds [-] Created isolated network resources for: credentials: Credentials: {'domain_id': 'default', 'domain_name': 'Default', 'username': 'tempest-ServersAdmin275Test-448401749-project-member', 'project_domain_id': 'default', 'project_domain_name': 'Default', 'project_id': '3e9b892738a342eeac7d62bd57e7ce8d', 'project_name': 'tempest-ServersAdmin275Test-448401749', 'tenant_id': '3e9b892738a342eeac7d62bd57e7ce8d', 'tenant_name': 'tempest-ServersAdmin275Test-448401749', 'user_domain_id': 'default', 'user_domain_name': 'Default', 'user_id': '37643813ec434c1c8f8d0d56d92e8c1f', 'system': None}, Network: None, Subnet: None, Router: None
2025-11-22 04:29:53.072 66389 INFO tempest.lib.common.rest_client [req-5f6c548c-6e7b-4680-8ee9-aa05a4cc15f3 req-5f6c548c-6e7b-4680-8ee9-aa05a4cc15f3 ] Request (KeyPairsV210TestJSON:setUpClass): 201 POST http://10.180.1.21/identity/v3/projects 0.151s
2025-11-22 04:29:53.134 66351 INFO tempest.lib.common.rest_client [req-6b14d048-e250-40ec-b44b-164d37fb0526 req-6b14d048-e250-40ec-b44b-164d37fb0526 ] Request (HostsAdminTestJSON:tearDownClass): 201 POST http://10.180.1.21/identity/v3/auth/tokens 0.187s
2025-11-22 04:29:53.222 66409 INFO tempest.lib.common.rest_client [req-7132670d-a9b1-4b84-b6b6-d6dc58ddcceb req-7132670d-a9b1-4b84-b6b6-d6dc58ddcceb ] Request (ServersAdminNegativeTestJSON:setUpClass): 201 POST http://10.180.1.21/identity/v3/auth/tokens 0.213s
2025-11-22 04:29:53.240 66357 INFO tempest.lib.common.rest_client [req-80f00210-2385-4e5a-82a8-1946b27f0c3f req-80f00210-2385-4e5a-82a8-1946b27f0c3f ] Request (ListImageFiltersTestJSON:setUpClass): 204 PUT http://10.180.1.21/image/v2/images/0f17ab21-543f-4fbb-99d2-91216a617e18/file 2.094s
2025-11-22 04:29:53.252 66389 INFO tempest.lib.common.rest_client [req-b3ccc542-6891-4586-9f3c-f0e81850a68d req-b3ccc542-6891-4586-9f3c-f0e81850a68d ] Request (KeyPairsV210TestJSON:setUpClass): 201 POST http://10.180.1.21/identity/v3/users 0.179s
2025-11-22 04:29:53.276 66409 INFO tempest.lib.common.rest_client [req-e3642a0b-c672-4076-be1c-64027bceb214 req-e3642a0b-c672-4076-be1c-64027bceb214 ] Request (ServersAdminNegativeTestJSON:setUpClass): 201 POST http://10.180.1.21/identity/v3/projects 0.053s
2025-11-22 04:29:53.291 66395 INFO tempest.lib.common.rest_client [req-3762cd68-4c87-463b-8475-f15329b868b9 req-3762cd68-4c87-463b-8475-f15329b868b9 ] Request (ServersAdmin275Test:setUpClass): 201 POST http://10.180.1.21/identity/v3/auth/tokens 0.220s
2025-11-22 04:29:53.325 66389 INFO tempest.lib.common.rest_client [req-77f2979b-2510-4b87-88cc-bf80400024ad req-77f2979b-2510-4b87-88cc-bf80400024ad ] Request (KeyPairsV210TestJSON:setUpClass): 200 GET http://10.180.1.21/identity/v3/roles 0.073s
2025-11-22 04:29:53.341 66367 INFO tempest.lib.common.rest_client [req-cd3684ed-502f-4469-881f-e71a7b3e8882 req-cd3684ed-502f-4469-881f-e71a7b3e8882 ] Request (HypervisorAdminNegativeUnderV252Test:tearDownClass): 200 GET http://10.180.1.21/networking/v2.0/security-groups?tenant_id=e4731b25eab24795aeff737819456f77&name=default 0.957s
2025-11-22 04:29:53.343 66409 INFO tempest.lib.common.rest_client [req-48139e0b-7274-4919-9abc-94d8a7418e28 req-48139e0b-7274-4919-9abc-94d8a7418e28 ] Request (ServersAdminNegativeTestJSON:setUpClass): 201 POST http://10.180.1.21/identity/v3/users 0.067s
2025-11-22 04:29:53.350 66395 INFO tempest.lib.common.rest_client [req-b88ef99e-b4f2-4c21-9840-bb4c40a79b44 req-b88ef99e-b4f2-4c21-9840-bb4c40a79b44 ] Request (ServersAdmin275Test:setUpClass): 201 POST http://10.180.1.21/identity/v3/projects 0.058s
2025-11-22 04:29:53.365 66389 INFO tempest.lib.common.rest_client [req-4c0ba267-a32d-486b-b30b-fe4254d5fc5b req-4c0ba267-a32d-486b-b30b-fe4254d5fc5b ] Request (KeyPairsV210TestJSON:setUpClass): 204 PUT http://10.180.1.21/identity/v3/projects/5c709f8b200e4be692fc7bf1c3ab4ffe/users/34e81e8e128b4b328320e217c51c74f7/roles/1b9b64b376094f59b224ad54ccb30224 0.039s
2025-11-22 04:29:53.374 66355 INFO tempest.lib.common.rest_client [req-867781fc-ae98-4c7d-adeb-d8eb6b922c77 req-867781fc-ae98-4c7d-adeb-d8eb6b922c77 ] Request (ServersAdminTestJSON:setUpClass): 200 GET http://10.180.1.21/compute/v2.1/servers/42707e81-b984-4ac1-8cb1-f22ca9d48f25 2.042s
2025-11-22 04:29:53.420 66395 INFO tempest.lib.common.rest_client [req-da47de01-4b20-447c-9255-0d5c5bca57cb req-da47de01-4b20-447c-9255-0d5c5bca57cb ] Request (ServersAdmin275Test:setUpClass): 201 POST http://10.180.1.21/identity/v3/users 0.069s
2025-11-22 04:29:53.430 66409 INFO tempest.lib.common.rest_client [req-49378d41-0687-4e55-800e-2c9af4d960ea req-49378d41-0687-4e55-800e-2c9af4d960ea ] Request (ServersAdminNegativeTestJSON:setUpClass): 200 GET http://10.180.1.21/identity/v3/roles 0.086s
2025-11-22 04:29:53.439 66389 INFO tempest.lib.common.rest_client [req-fc6cf2f1-ca77-40f3-bb5a-2de4193ecbfb req-fc6cf2f1-ca77-40f3-bb5a-2de4193ecbfb ] Request (KeyPairsV210TestJSON:setUpClass): 200 GET http://10.180.1.21/identity/v3/roles 0.073s
2025-11-22 04:29:53.448 66395 INFO tempest.lib.common.rest_client [req-6bf12ffa-a41e-4921-b38c-7224624b5628 req-6bf12ffa-a41e-4921-b38c-7224624b5628 ] Request (ServersAdmin275Test:setUpClass): 200 GET http://10.180.1.21/identity/v3/roles 0.028s
2025-11-22 04:29:53.462 66389 INFO tempest.lib.common.rest_client [req-15563c66-15a1-45d3-bf05-31de2615dd0c req-15563c66-15a1-45d3-bf05-31de2615dd0c ] Request (KeyPairsV210TestJSON:setUpClass): 204 PUT http://10.180.1.21/identity/v3/projects/5c709f8b200e4be692fc7bf1c3ab4ffe/users/34e81e8e128b4b328320e217c51c74f7/roles/1b9b64b376094f59b224ad54ccb30224 0.022s
2025-11-22 04:29:53.462 66389 INFO tempest.lib.common.dynamic_creds [-] Dynamic test user 34e81e8e128b4b328320e217c51c74f7 is created with scope project and roles: ['admin']
2025-11-22 04:29:53.462 66389 INFO tempest.lib.common.dynamic_creds [-] Acquired dynamic creds: credentials: Credentials: {'domain_id': 'default', 'domain_name': 'Default', 'username': 'tempest-KeyPairsV210TestJSON-1347019487-project-admin', 'project_domain_id': 'default', 'project_domain_name': 'Default', 'project_id': '5c709f8b200e4be692fc7bf1c3ab4ffe', 'project_name': 'tempest-KeyPairsV210TestJSON-1347019487', 'tenant_id': '5c709f8b200e4be692fc7bf1c3ab4ffe', 'tenant_name': 'tempest-KeyPairsV210TestJSON-1347019487', 'user_domain_id': 'default', 'user_domain_name': 'Default', 'user_id': '34e81e8e128b4b328320e217c51c74f7', 'system': None}, Network: None, Subnet: None, Router: None
2025-11-22 04:29:53.462 66389 INFO tempest.lib.common.dynamic_creds [-] Created isolated network resources for: credentials: Credentials: {'domain_id': 'default', 'domain_name': 'Default', 'username': 'tempest-KeyPairsV210TestJSON-1347019487-project-admin', 'project_domain_id': 'default', 'project_domain_name': 'Default', 'project_id': '5c709f8b200e4be692fc7bf1c3ab4ffe', 'project_name': 'tempest-KeyPairsV210TestJSON-1347019487', 'tenant_id': '5c709f8b200e4be692fc7bf1c3ab4ffe', 'tenant_name': 'tempest-KeyPairsV210TestJSON-1347019487', 'user_domain_id': 'default', 'user_domain_name': 'Default', 'user_id': '34e81e8e128b4b328320e217c51c74f7', 'system': None}, Network: None, Subnet: None, Router: None
2025-11-22 04:29:53.464 66409 INFO tempest.lib.common.rest_client [req-c4704fac-9f97-49cf-bb8b-062817a92c8e req-c4704fac-9f97-49cf-bb8b-062817a92c8e ] Request (ServersAdminNegativeTestJSON:setUpClass): 204 PUT http://10.180.1.21/identity/v3/projects/7649821e2b544f06b6c805f3276f1429/users/c014f87780da4be4a2bfd76e024e8e78/roles/1b9b64b376094f59b224ad54ccb30224 0.033s
2025-11-22 04:29:53.528 66409 INFO tempest.lib.common.rest_client [req-caad1ec2-af88-494c-8e6e-5c01d8923e1f req-caad1ec2-af88-494c-8e6e-5c01d8923e1f ] Request (ServersAdminNegativeTestJSON:setUpClass): 200 GET http://10.180.1.21/identity/v3/roles 0.063s
2025-11-22 04:29:53.532 66395 INFO tempest.lib.common.rest_client [req-1f779ba6-0b81-4dcc-8d1d-6a12c4f4d6cb req-1f779ba6-0b81-4dcc-8d1d-6a12c4f4d6cb ] Request (ServersAdmin275Test:setUpClass): 204 PUT http://10.180.1.21/identity/v3/projects/5ab7934f3eab49a284f215a0a0b0c2f9/users/9894800554ce4122a5726e639c8de2d1/roles/1b9b64b376094f59b224ad54ccb30224 0.083s
2025-11-22 04:29:53.592 66389 INFO tempest.lib.common.rest_client [req-653d6bb7-f935-4c58-b204-4a110bea3edf req-653d6bb7-f935-4c58-b204-4a110bea3edf ] Request (KeyPairsV210TestJSON:setUpClass): 201 POST http://10.180.1.21/identity/v3/auth/tokens 0.125s
2025-11-22 04:29:53.607 66409 INFO tempest.lib.common.rest_client [req-e2d8ce60-2721-4be6-853b-7bda2be1539a req-e2d8ce60-2721-4be6-853b-7bda2be1539a ] Request (ServersAdminNegativeTestJSON:setUpClass): 204 PUT http://10.180.1.21/identity/v3/projects/7649821e2b544f06b6c805f3276f1429/users/c014f87780da4be4a2bfd76e024e8e78/roles/1b9b64b376094f59b224ad54ccb30224 0.078s
2025-11-22 04:29:53.607 66409 INFO tempest.lib.common.dynamic_creds [-] Dynamic test user c014f87780da4be4a2bfd76e024e8e78 is created with scope project and roles: ['admin']
2025-11-22 04:29:53.607 66409 INFO tempest.lib.common.dynamic_creds [-] Acquired dynamic creds: credentials: Credentials: {'domain_id': 'default', 'domain_name': 'Default', 'username': 'tempest-ServersAdminNegativeTestJSON-699451895-project-admin', 'project_domain_id': 'default', 'project_domain_name': 'Default', 'project_id': '7649821e2b544f06b6c805f3276f1429', 'project_name': 'tempest-ServersAdminNegativeTestJSON-699451895', 'tenant_id': '7649821e2b544f06b6c805f3276f1429', 'tenant_name': 'tempest-ServersAdminNegativeTestJSON-699451895', 'user_domain_id': 'default', 'user_domain_name': 'Default', 'user_id': 'c014f87780da4be4a2bfd76e024e8e78', 'system': None}, Network: None, Subnet: None, Router: None
2025-11-22 04:29:53.607 66409 INFO tempest.lib.common.dynamic_creds [-] Created isolated network resources for: credentials: Credentials: {'domain_id': 'default', 'domain_name': 'Default', 'username': 'tempest-ServersAdminNegativeTestJSON-699451895-project-admin', 'project_domain_id': 'default', 'project_domain_name': 'Default', 'project_id': '7649821e2b544f06b6c805f3276f1429', 'project_name': 'tempest-ServersAdminNegativeTestJSON-699451895', 'tenant_id': '7649821e2b544f06b6c805f3276f1429', 'tenant_name': 'tempest-ServersAdminNegativeTestJSON-699451895', 'user_domain_id': 'default', 'user_domain_name': 'Default', 'user_id': 'c014f87780da4be4a2bfd76e024e8e78', 'system': None}, Network: None, Subnet: None, Router: None
2025-11-22 04:29:53.654 66395 INFO tempest.lib.common.rest_client [req-31e5764d-4306-48ce-86e8-0cfea1ae2e61 req-31e5764d-4306-48ce-86e8-0cfea1ae2e61 ] Request (ServersAdmin275Test:setUpClass): 200 GET http://10.180.1.21/identity/v3/roles 0.122s
2025-11-22 04:29:53.673 66395 INFO tempest.lib.common.rest_client [req-8aa13816-e494-4bd2-9fe3-0d91be577df5 req-8aa13816-e494-4bd2-9fe3-0d91be577df5 ] Request (ServersAdmin275Test:setUpClass): 204 PUT http://10.180.1.21/identity/v3/projects/5ab7934f3eab49a284f215a0a0b0c2f9/users/9894800554ce4122a5726e639c8de2d1/roles/1b9b64b376094f59b224ad54ccb30224 0.018s
2025-11-22 04:29:53.673 66395 INFO tempest.lib.common.dynamic_creds [-] Dynamic test user 9894800554ce4122a5726e639c8de2d1 is created with scope project and roles: ['admin']
2025-11-22 04:29:53.674 66395 INFO tempest.lib.common.dynamic_creds [-] Acquired dynamic creds: credentials: Credentials: {'domain_id': 'default', 'domain_name': 'Default', 'username': 'tempest-ServersAdmin275Test-1462602954-project-admin', 'project_domain_id': 'default', 'project_domain_name': 'Default', 'project_id': '5ab7934f3eab49a284f215a0a0b0c2f9', 'project_name': 'tempest-ServersAdmin275Test-1462602954', 'tenant_id': '5ab7934f3eab49a284f215a0a0b0c2f9', 'tenant_name': 'tempest-ServersAdmin275Test-1462602954', 'user_domain_id': 'default', 'user_domain_name': 'Default', 'user_id': '9894800554ce4122a5726e639c8de2d1', 'system': None}, Network: None, Subnet: None, Router: None
2025-11-22 04:29:53.675 66395 INFO tempest.lib.common.dynamic_creds [-] Created isolated network resources for: credentials: Credentials: {'domain_id': 'default', 'domain_name': 'Default', 'username': 'tempest-ServersAdmin275Test-1462602954-project-admin', 'project_domain_id': 'default', 'project_domain_name': 'Default', 'project_id': '5ab7934f3eab49a284f215a0a0b0c2f9', 'project_name': 'tempest-ServersAdmin275Test-1462602954', 'tenant_id': '5ab7934f3eab49a284f215a0a0b0c2f9', 'tenant_name': 'tempest-ServersAdmin275Test-1462602954', 'user_domain_id': 'default', 'user_domain_name': 'Default', 'user_id': '9894800554ce4122a5726e639c8de2d1', 'system': None}, Network: None, Subnet: None, Router: None
2025-11-22 04:29:53.685 66409 INFO tempest.lib.common.rest_client [req-7957ad6c-217d-4cc5-a2be-425c81b54b51 req-7957ad6c-217d-4cc5-a2be-425c81b54b51 ] Request (ServersAdminNegativeTestJSON:setUpClass): 201 POST http://10.180.1.21/identity/v3/auth/tokens 0.074s
2025-11-22 04:29:53.686 66409 WARNING tempest.lib.common.rest_client [-] Deprecated: "tenant_id" property is deprecated for removal, use "project_id" instead
2025-11-22 04:29:53.760 66409 INFO tempest.lib.common.rest_client [req-e60e4a88-06d0-488c-ae59-b3c2281c03a7 req-e60e4a88-06d0-488c-ae59-b3c2281c03a7 ] Request (ServersAdminNegativeTestJSON:setUpClass): 201 POST http://10.180.1.21/identity/v3/auth/tokens 0.067s
2025-11-22 04:29:53.761 66409 INFO tempest.lib.common.fixed_network [-] (ServersAdminNegativeTestJSON:setUpClass) Found network None available for tenant
2025-11-22 04:29:53.762 66395 INFO tempest.lib.common.rest_client [req-109dc179-1f2e-42c8-ae15-0d78404f555f req-109dc179-1f2e-42c8-ae15-0d78404f555f ] Request (ServersAdmin275Test:setUpClass): 201 POST http://10.180.1.21/identity/v3/auth/tokens 0.084s
2025-11-22 04:29:53.806 66353 INFO tempest.lib.common.rest_client [req-dd6db80f-9681-41fe-84d4-2da75d1fdda5 req-dd6db80f-9681-41fe-84d4-2da75d1fdda5 ] Request (FloatingIPDetailsTestJSON:setUpClass): 201 POST http://10.180.1.21/networking/v2.0/networks 0.952s
2025-11-22 04:29:53.841 66395 INFO tempest.lib.common.rest_client [req-58d2e6ca-1299-494e-8c50-399d450693b9 req-58d2e6ca-1299-494e-8c50-399d450693b9 ] Request (ServersAdmin275Test:test_rebuild_update_server_275): 201 POST http://10.180.1.21/identity/v3/auth/tokens 0.075s
2025-11-22 04:29:53.842 66395 INFO tempest.lib.common.fixed_network [-] (ServersAdmin275Test:test_rebuild_update_server_275) Found network None available for tenant
