2025-11-22 04:29:53.888 66391 INFO tempest.lib.common.rest_client [req-b76d47ec-581d-4bdd-bc17-021912cb78f7 req-b76d47ec-581d-4bdd-bc17-021912cb78f7 ] Request (AttachInterfacesV270Test:setUpClass): 201 POST http://10.180.1.21/networking/v2.0/subnets 0.919s
2025-11-22 04:29:53.926 66369 INFO tempest.lib.common.rest_client [req-d5599243-d231-4cf3-bfd1-7bd7eda1f03d req-d5599243-d231-4cf3-bfd1-7bd7eda1f03d ] Request (ValidationResourcesFixture:setUp): 201 POST http://10.180.1.21/networking/v2.0/security-group-rules 0.861s
2025-11-22 04:29:54.048 66367 INFO tempest.lib.common.rest_client [req-e4a60ecf-770f-41ab-a130-1cad88d99be7 req-e4a60ecf-770f-41ab-a130-1cad88d99be7 ] Request (HypervisorAdminNegativeUnderV252Test:tearDownClass): 204 DELETE http://10.180.1.21/networking/v2.0/security-groups/284534c5-3288-42d6-a5f2-a2f5e714d63e 0.706s
2025-11-22 04:29:54.118 66367 INFO tempest.lib.common.rest_client [req-c1c6065f-23fd-46d0-8267-4b99bda7653f req-c1c6065f-23fd-46d0-8267-4b99bda7653f ] Request (HypervisorAdminNegativeUnderV252Test:tearDownClass): 204 DELETE http://10.180.1.21/identity/v3/projects/e4731b25eab24795aeff737819456f77 0.070s
2025-11-22 04:29:54.119 66367 INFO tempest.lib.common.dynamic_creds [-] Deleting project and security group for project: 0362e9d4a9c24a46a6d277a207b71792
2025-11-22 04:29:54.129 66351 INFO tempest.lib.common.rest_client [req-f3963d1a-441c-4d77-aff5-8754b0c03e11 req-f3963d1a-441c-4d77-aff5-8754b0c03e11 ] Request (HostsAdminTestJSON:tearDownClass): 200 GET http://10.180.1.21/networking/v2.0/security-groups?tenant_id=25b96c4955f4408da8655c3edc0c5c94&name=default 0.994s
2025-11-22 04:29:54.137 66407 INFO tempest.lib.common.rest_client [req-25c7efbc-583f-4646-af5f-ac213c43570c req-25c7efbc-583f-4646-af5f-ac213c43570c ] Request (ServerExternalEventsTest:test_create_server_external_events): 200 GET http://10.180.1.21/compute/v2.1/servers/d0bbfa93-4aec-43de-b7fb-de2c810e9f31 2.663s
2025-11-22 04:29:54.312 66353 INFO tempest.lib.common.rest_client [req-ce9bc030-6cb8-4d2c-887b-b5a12f149337 req-ce9bc030-6cb8-4d2c-887b-b5a12f149337 ] Request (FloatingIPDetailsTestJSON:setUpClass): 201 POST http://10.180.1.21/networking/v2.0/subnets 0.505s
2025-11-22 04:29:54.716 66369 INFO tempest.lib.common.rest_client [req-690e726e-1085-4c6f-93b6-796db245a9d2 req-690e726e-1085-4c6f-93b6-796db245a9d2 ] Request (ValidationResourcesFixture:setUp): 201 POST http://10.180.1.21/networking/v2.0/floatingips 0.790s
2025-11-22 04:29:54.808 66369 INFO tempest.lib.common.rest_client [req-00b1eb8e-202d-4f56-80db-e0ec0ac7c665 req-00b1eb8e-202d-4f56-80db-e0ec0ac7c665 ] Request (ServersWithSpecificFlavorTestJSON:test_verify_created_server_ephemeral_disk): 201 POST http://10.180.1.21/identity/v3/auth/tokens 0.086s
2025-11-22 04:29:54.808 66369 INFO tempest.lib.common.fixed_network [-] (ServersWithSpecificFlavorTestJSON:test_verify_created_server_ephemeral_disk) Found network {'id': '32218b84-5f43-409a-972f-8358557a9fcd', 'name': 'tempest-ServersWithSpecificFlavorTestJSON-1262536054-network', 'tenant_id': '5af3ad7536c94dd8849dfc581d065f69', 'project_id': '5af3ad7536c94dd8849dfc581d065f69', 'admin_state_up': True, 'mtu': 8950, 'status': 'ACTIVE', 'subnets': [], 'shared': False, 'port_security_enabled': True, 'router:external': False, 'provider:network_type': 'vlan', 'provider:physical_network': 'default', 'provider:segmentation_id': 35, 'availability_zone_hints': [], 'availability_zones': [], 'ipv4_address_scope': None, 'ipv6_address_scope': None, 'description': '', 'tags': [], 'created_at': '2025-11-22T04:29:19Z', 'updated_at': '2025-11-22T04:29:19Z', 'revision_number': 1} available for tenant
2025-11-22 04:29:54.847 66391 INFO tempest.lib.common.rest_client [req-35e3fdf1-c951-41ed-91bc-726b4b816b2e req-35e3fdf1-c951-41ed-91bc-726b4b816b2e ] Request (AttachInterfacesV270Test:setUpClass): 201 POST http://10.180.1.21/networking/v2.0/routers 0.958s
2025-11-22 04:29:54.931 66405 INFO tempest.lib.common.rest_client [req-605bf3c0-2728-42e0-a77d-964042fcc8af req-605bf3c0-2728-42e0-a77d-964042fcc8af ] Request (ServerDiagnosticsTest:tearDownClass): 200 GET http://10.180.1.21/compute/v2.1/servers/798463ae-3d9f-47f5-bd24-9de329757d3b 3.433s
2025-11-22 04:29:54.959 66375 INFO tempest.lib.common.rest_client [req-d344e4b5-11f6-4091-a2d0-5f384c16b6c0 req-d344e4b5-11f6-4091-a2d0-5f384c16b6c0 ] Request (FlavorsAccessNegativeTestJSON:_run_cleanups): 202 DELETE http://10.180.1.21/compute/v2.1/flavors/418731553 3.446s
2025-11-22 04:29:55.006 66385 INFO tempest.lib.common.rest_client [req-a86c0034-2819-4a49-b7b4-9b4dc32a2321 req-a86c0034-2819-4a49-b7b4-9b4dc32a2321 ] Request (KeyPairsV22TestJSON:test_keypair_create_with_pub_key): 201 POST http://10.180.1.21/compute/v2.1/os-keypairs 3.475s
2025-11-22 04:29:55.016 66379 INFO tempest.lib.common.rest_client [req-a8ea4f8b-e8bd-4e64-8e23-ab214655c021 req-a8ea4f8b-e8bd-4e64-8e23-ab214655c021 ] Request (HostsAdminNegativeTestJSON:test_update_host_with_non_admin_user): 403 PUT http://10.180.1.21/compute/v2.1/os-hosts/devstack 3.475s
2025-11-22 04:29:55.044 66365 INFO tempest.lib.common.rest_client [req-140204ed-8aaf-445f-b36d-ce4a12025019 req-140204ed-8aaf-445f-b36d-ce4a12025019 ] Request (FlavorsAccessTestJSON:_run_cleanups): 200 GET http://10.180.1.21/compute/v2.1/flavors/detail 3.490s
2025-11-22 04:29:55.052 66411 INFO tempest.lib.common.rest_client [req-806a7479-f3c6-4226-b73a-6ee50b55007d req-806a7479-f3c6-4226-b73a-6ee50b55007d ] Request (FlavorsExtraSpecsNegativeTestJSON:test_flavor_update_more_key): 400 PUT http://10.180.1.21/compute/v2.1/flavors/1402253596/os-extra_specs/hw:numa_nodes 3.485s
2025-11-22 04:29:55.060 66367 INFO tempest.lib.common.rest_client [req-8cd8218c-6d1d-482d-b4ac-429db76bb5e5 req-8cd8218c-6d1d-482d-b4ac-429db76bb5e5 ] Request (HypervisorAdminNegativeUnderV252Test:tearDownClass): 200 GET http://10.180.1.21/networking/v2.0/security-groups?tenant_id=0362e9d4a9c24a46a6d277a207b71792&name=default 0.941s
2025-11-22 04:29:55.112 66351 INFO tempest.lib.common.rest_client [req-ac412296-8aff-40e0-b52b-340d6e9975c7 req-ac412296-8aff-40e0-b52b-340d6e9975c7 ] Request (HostsAdminTestJSON:tearDownClass): 204 DELETE http://10.180.1.21/networking/v2.0/security-groups/535c8c2b-8906-49a3-93eb-77df566357b1 0.983s
2025-11-22 04:29:55.220 66365 INFO tempest.lib.common.rest_client [req-1168a7eb-72f3-4dc6-8f78-50780f8be9a5 req-1168a7eb-72f3-4dc6-8f78-50780f8be9a5 ] Request (FlavorsAccessTestJSON:tearDownClass): 204 DELETE http://10.180.1.21/identity/v3/users/25e4f64f64634a4cb2e9f3c971466d7a 0.168s
2025-11-22 04:29:55.255 66351 INFO tempest.lib.common.rest_client [req-c9e86d09-236d-4ad4-a727-8166d3022795 req-c9e86d09-236d-4ad4-a727-8166d3022795 ] Request (HostsAdminTestJSON:tearDownClass): 204 DELETE http://10.180.1.21/identity/v3/projects/25b96c4955f4408da8655c3edc0c5c94 0.143s
2025-11-22 04:29:55.256 66351 INFO tempest.lib.common.dynamic_creds [-] Deleting project and security group for project: da79d18ffa584fe7af0375f0a72f42d9
2025-11-22 04:29:55.329 66365 INFO tempest.lib.common.rest_client [req-741d23e7-c49e-4ae0-b545-392092b788d7 req-741d23e7-c49e-4ae0-b545-392092b788d7 ] Request (FlavorsAccessTestJSON:tearDownClass): 204 DELETE http://10.180.1.21/identity/v3/users/d9160c0db8a044478868d6d452b3e0dc 0.108s
2025-11-22 04:29:55.329 66365 INFO tempest.lib.common.dynamic_creds [-] Deleting project and security group for project: 65f338baaedb4469bfea35089ac279bf
2025-11-22 04:29:55.405 66365 INFO tempest.lib.common.rest_client [req-4b71b2ea-d6c2-4700-81ae-59ce7b293238 req-4b71b2ea-d6c2-4700-81ae-59ce7b293238 ] Request (FlavorsAccessTestJSON:tearDownClass): 201 POST http://10.180.1.21/identity/v3/auth/tokens 0.076s
2025-11-22 04:29:56.087 66353 INFO tempest.lib.common.rest_client [req-57bd378a-268b-4377-ad83-ac7212702686 req-57bd378a-268b-4377-ad83-ac7212702686 ] Request (FloatingIPDetailsTestJSON:setUpClass): 201 POST http://10.180.1.21/networking/v2.0/routers 1.774s
2025-11-22 04:29:56.245 66367 INFO tempest.lib.common.rest_client [req-a0948198-be52-4f6a-8b54-cc5434f9e302 req-a0948198-be52-4f6a-8b54-cc5434f9e302 ] Request (HypervisorAdminNegativeUnderV252Test:tearDownClass): 204 DELETE http://10.180.1.21/networking/v2.0/security-groups/444157fb-d4ed-4412-940f-5d1909e3b8d0 1.183s
2025-11-22 04:29:56.331 66367 INFO tempest.lib.common.rest_client [req-48ec0955-6dec-4419-ac57-2b357f3a015b req-48ec0955-6dec-4419-ac57-2b357f3a015b ] Request (HypervisorAdminNegativeUnderV252Test:tearDownClass): 204 DELETE http://10.180.1.21/identity/v3/projects/0362e9d4a9c24a46a6d277a207b71792 0.085s
2025-11-22 04:29:56.351 66359 INFO tempest.lib.common.rest_client [req-fe09ff53-caf3-485a-a9b4-300e94bded4f req-fe09ff53-caf3-485a-a9b4-300e94bded4f ] Request (ServerDiagnosticsNegativeTest:tearDownClass): 200 GET http://10.180.1.21/compute/v2.1/servers/1a1c9688-7920-48c4-9d4b-4ebd90fbf555 4.848s
2025-11-22 04:29:56.420 66367 INFO tempest.lib.common.rest_client [req-8df85535-c743-44dc-b3f4-7feaef032a84 req-8df85535-c743-44dc-b3f4-7feaef032a84 ] Request (ServicesAdminNegativeV253TestJSON:setUpClass): 201 POST http://10.180.1.21/identity/v3/auth/tokens 0.088s
2025-11-22 04:29:56.455 66367 INFO tempest.lib.common.rest_client [req-72468f15-fd3b-42f8-b6ab-d322e8516c74 req-72468f15-fd3b-42f8-b6ab-d322e8516c74 ] Request (ServicesAdminNegativeV253TestJSON:setUpClass): 201 POST http://10.180.1.21/identity/v3/auth/tokens 0.031s
2025-11-22 04:29:56.468 66351 INFO tempest.lib.common.rest_client [req-a30edea3-2659-4f9e-81f7-3e2ddb85fd37 req-a30edea3-2659-4f9e-81f7-3e2ddb85fd37 ] Request (HostsAdminTestJSON:tearDownClass): 200 GET http://10.180.1.21/networking/v2.0/security-groups?tenant_id=da79d18ffa584fe7af0375f0a72f42d9&name=default 1.211s
2025-11-22 04:29:56.490 66367 INFO tempest.lib.common.rest_client [req-1703a2ab-1933-43ed-9ae0-eeb9e72431d0 req-1703a2ab-1933-43ed-9ae0-eeb9e72431d0 ] Request (ServicesAdminNegativeV253TestJSON:setUpClass): 200 GET http://10.180.1.21/identity/v3/domains?name=Default 0.035s
2025-11-22 04:29:56.524 66367 INFO tempest.lib.common.rest_client [req-6cf37b9e-382a-49f1-8dd7-6b6a85d1baee req-6cf37b9e-382a-49f1-8dd7-6b6a85d1baee ] Request (ServicesAdminNegativeV253TestJSON:setUpClass): 201 POST http://10.180.1.21/identity/v3/projects 0.033s
2025-11-22 04:29:56.586 66367 INFO tempest.lib.common.rest_client [req-dba53592-e77e-4591-bb59-cda825292f9d req-dba53592-e77e-4591-bb59-cda825292f9d ] Request (ServicesAdminNegativeV253TestJSON:setUpClass): 201 POST http://10.180.1.21/identity/v3/users 0.062s
2025-11-22 04:29:56.609 66367 INFO tempest.lib.common.rest_client [req-40163d5c-8185-4ab0-8d42-f8422c31af58 req-40163d5c-8185-4ab0-8d42-f8422c31af58 ] Request (ServicesAdminNegativeV253TestJSON:setUpClass): 200 GET http://10.180.1.21/identity/v3/roles 0.022s
2025-11-22 04:29:56.641 66367 INFO tempest.lib.common.rest_client [req-b831957d-97b0-4103-9d49-c14513a45adc req-b831957d-97b0-4103-9d49-c14513a45adc ] Request (ServicesAdminNegativeV253TestJSON:setUpClass): 204 PUT http://10.180.1.21/identity/v3/projects/16e8e9e9dc524dc29b0e9bf5697f7618/users/d2c2b75f154e42de89a99d2e005a6ac5/roles/29412f339a6c4112bea53e0eb99ea894 0.032s
2025-11-22 04:29:56.642 66367 INFO tempest.lib.common.dynamic_creds [-] Dynamic test user d2c2b75f154e42de89a99d2e005a6ac5 is created with scope project and roles: ['member']
2025-11-22 04:29:56.642 66367 INFO tempest.lib.common.dynamic_creds [-] Acquired dynamic creds: credentials: Credentials: {'domain_id': 'default', 'domain_name': 'Default', 'username': 'tempest-ServicesAdminNegativeV253TestJSON-68919179-project-member', 'project_domain_id': 'default', 'project_domain_name': 'Default', 'project_id': '16e8e9e9dc524dc29b0e9bf5697f7618', 'project_name': 'tempest-ServicesAdminNegativeV253TestJSON-68919179', 'tenant_id': '16e8e9e9dc524dc29b0e9bf5697f7618', 'tenant_name': 'tempest-ServicesAdminNegativeV253TestJSON-68919179', 'user_domain_id': 'default', 'user_domain_name': 'Default', 'user_id': 'd2c2b75f154e42de89a99d2e005a6ac5', 'system': None}, Network: None, Subnet: None, Router: None
2025-11-22 04:29:56.642 66367 INFO tempest.lib.common.dynamic_creds [-] Created isolated network resources for: credentials: Credentials: {'domain_id': 'default', 'domain_name': 'Default', 'username': 'tempest-ServicesAdminNegativeV253TestJSON-68919179-project-member', 'project_domain_id': 'default', 'project_domain_name': 'Default', 'project_id': '16e8e9e9dc524dc29b0e9bf5697f7618', 'project_name': 'tempest-ServicesAdminNegativeV253TestJSON-68919179', 'tenant_id': '16e8e9e9dc524dc29b0e9bf5697f7618', 'tenant_name': 'tempest-ServicesAdminNegativeV253TestJSON-68919179', 'user_domain_id': 'default', 'user_domain_name': 'Default', 'user_id': 'd2c2b75f154e42de89a99d2e005a6ac5', 'system': None}, Network: None, Subnet: None, Router: None
2025-11-22 04:29:56.693 66365 INFO tempest.lib.common.rest_client [req-e1737db5-7877-4963-a755-cdd28a5196fd req-e1737db5-7877-4963-a755-cdd28a5196fd ] Request (FlavorsAccessTestJSON:tearDownClass): 200 GET http://10.180.1.21/networking/v2.0/security-groups?tenant_id=65f338baaedb4469bfea35089ac279bf&name=default 1.287s
2025-11-22 04:29:56.732 66367 INFO tempest.lib.common.rest_client [req-f4e57252-d4a3-4fea-b12b-40a0168ec374 req-f4e57252-d4a3-4fea-b12b-40a0168ec374 ] Request (ServicesAdminNegativeV253TestJSON:setUpClass): 201 POST http://10.180.1.21/identity/v3/auth/tokens 0.087s
2025-11-22 04:29:56.795 66367 INFO tempest.lib.common.rest_client [req-3d68b95e-7a06-4155-82c4-910471d46239 req-3d68b95e-7a06-4155-82c4-910471d46239 ] Request (ServicesAdminNegativeV253TestJSON:setUpClass): 201 POST http://10.180.1.21/identity/v3/projects 0.062s
2025-11-22 04:29:56.872 66367 INFO tempest.lib.common.rest_client [req-2c091d00-7e39-4d52-94a1-e8dfe6a0dc42 req-2c091d00-7e39-4d52-94a1-e8dfe6a0dc42 ] Request (ServicesAdminNegativeV253TestJSON:setUpClass): 201 POST http://10.180.1.21/identity/v3/users 0.077s
2025-11-22 04:29:56.894 66367 INFO tempest.lib.common.rest_client [req-a29e8e9f-797b-4dd6-bcbf-56dc8ab27712 req-a29e8e9f-797b-4dd6-bcbf-56dc8ab27712 ] Request (ServicesAdminNegativeV253TestJSON:setUpClass): 200 GET http://10.180.1.21/identity/v3/roles 0.022s
2025-11-22 04:29:56.930 66367 INFO tempest.lib.common.rest_client [req-fbe38c6b-5c4b-4033-8163-91da93b72743 req-fbe38c6b-5c4b-4033-8163-91da93b72743 ] Request (ServicesAdminNegativeV253TestJSON:setUpClass): 204 PUT http://10.180.1.21/identity/v3/projects/5668eb2b9df94587a04020a28c2a4410/users/f53cfeec0ec3436297cd2d886c08e2b3/roles/1b9b64b376094f59b224ad54ccb30224 0.035s
2025-11-22 04:29:56.989 66391 INFO tempest.lib.common.rest_client [req-3e6ddcb0-7f42-40e1-b794-969d2b1e862a req-3e6ddcb0-7f42-40e1-b794-969d2b1e862a ] Request (AttachInterfacesV270Test:setUpClass): 200 PUT http://10.180.1.21/networking/v2.0/routers/ce52e315-b705-4947-97a8-93f766efdaa3/add_router_interface 2.141s
2025-11-22 04:29:56.989 66391 INFO tempest.lib.common.dynamic_creds [-] Created isolated network resources for: credentials: Credentials: {'domain_id': 'default', 'domain_name': 'Default', 'username': 'tempest-AttachInterfacesV270Test-20339854-project-member', 'project_domain_id': 'default', 'project_domain_name': 'Default', 'project_id': '090f58c5c19d4ae39ed4d346a5be54f4', 'project_name': 'tempest-AttachInterfacesV270Test-20339854', 'tenant_id': '090f58c5c19d4ae39ed4d346a5be54f4', 'tenant_name': 'tempest-AttachInterfacesV270Test-20339854', 'user_domain_id': 'default', 'user_domain_name': 'Default', 'user_id': '1967d8442f2a42f08067d483e4676755', 'system': None}, Network: {'id': '66b59c8c-8c84-4917-895d-9b04b5fecec6', 'name': 'tempest-AttachInterfacesV270Test-2063725296-network', 'tenant_id': '090f58c5c19d4ae39ed4d346a5be54f4', 'project_id': '090f58c5c19d4ae39ed4d346a5be54f4', 'admin_state_up': True, 'mtu': 8950, 'status': 'ACTIVE', 'subnets': [], 'shared': False, 'port_security_enabled': True, 'router:external': False, 'provider:network_type': 'vlan', 'provider:physical_network': 'default', 'provider:segmentation_id': 675, 'availability_zone_hints': [], 'availability_zones': [], 'ipv4_address_scope': None, 'ipv6_address_scope': None, 'description': '', 'tags': [], 'created_at': '2025-11-22T04:29:52Z', 'updated_at': '2025-11-22T04:29:52Z', 'revision_number': 1}, Subnet: {'id': '8bfbbb50-4cf2-469f-a889-54de62690b79', 'name': 'tempest-AttachInterfacesV270Test-2063725296-subnet', 'tenant_id': '090f58c5c19d4ae39ed4d346a5be54f4', 'network_id': '66b59c8c-8c84-4917-895d-9b04b5fecec6', 'ip_version': 4, 'subnetpool_id': None, 'enable_dhcp': True, 'ipv6_ra_mode': None, 'ipv6_address_mode': None, 'gateway_ip': '192.168.128.1', 'cidr': '192.168.128.0/28', 'allocation_pools': [{'start': '192.168.128.2', 'end': '192.168.128.14'}], 'host_routes': [], 'dns_nameservers': [], 'description': '', 'router:external': False, 'service_types': [], 'tags': [], 'created_at': '2025-11-22T04:29:53Z', 'updated_at': '2025-11-22T04:29:53Z', 'revision_number': 0, 'project_id': '090f58c5c19d4ae39ed4d346a5be54f4'}, Router: {'id': 'ce52e315-b705-4947-97a8-93f766efdaa3', 'name': 'tempest-AttachInterfacesV270Test-2063725296-router', 'tenant_id': '090f58c5c19d4ae39ed4d346a5be54f4', 'admin_state_up': True, 'status': 'ACTIVE', 'external_gateway_info': {'network_id': 'f91fcdb9-b67b-4fcd-9181-9dab83686f6f', 'external_fixed_ips': [{'subnet_id': 'e068e256-07b8-4622-8d81-902fabb5a8af', 'ip_address': '10.180.180.243'}], 'enable_snat': True}, 'description': '', 'availability_zones': [], 'distributed': False, 'ha': False, 'availability_zone_hints': [], 'routes': [], 'flavor_id': None, 'tags': [], 'created_at': '2025-11-22T04:29:54Z', 'updated_at': '2025-11-22T04:29:54Z', 'revision_number': 2, 'project_id': '090f58c5c19d4ae39ed4d346a5be54f4'}
2025-11-22 04:29:57.001 66367 INFO tempest.lib.common.rest_client [req-cfcb3def-1d0d-4aa7-803e-48229b798f09 req-cfcb3def-1d0d-4aa7-803e-48229b798f09 ] Request (ServicesAdminNegativeV253TestJSON:setUpClass): 200 GET http://10.180.1.21/identity/v3/roles 0.071s
2025-11-22 04:29:57.020 66367 INFO tempest.lib.common.rest_client [req-abf78114-7b7b-49e5-91d1-cc8ef0c72080 req-abf78114-7b7b-49e5-91d1-cc8ef0c72080 ] Request (ServicesAdminNegativeV253TestJSON:setUpClass): 204 PUT http://10.180.1.21/identity/v3/projects/5668eb2b9df94587a04020a28c2a4410/users/f53cfeec0ec3436297cd2d886c08e2b3/roles/1b9b64b376094f59b224ad54ccb30224 0.018s
2025-11-22 04:29:57.021 66367 INFO tempest.lib.common.dynamic_creds [-] Dynamic test user f53cfeec0ec3436297cd2d886c08e2b3 is created with scope project and roles: ['admin']
2025-11-22 04:29:57.021 66367 INFO tempest.lib.common.dynamic_creds [-] Acquired dynamic creds: credentials: Credentials: {'domain_id': 'default', 'domain_name': 'Default', 'username': 'tempest-ServicesAdminNegativeV253TestJSON-163248997-project-admin', 'project_domain_id': 'default', 'project_domain_name': 'Default', 'project_id': '5668eb2b9df94587a04020a28c2a4410', 'project_name': 'tempest-ServicesAdminNegativeV253TestJSON-163248997', 'tenant_id': '5668eb2b9df94587a04020a28c2a4410', 'tenant_name': 'tempest-ServicesAdminNegativeV253TestJSON-163248997', 'user_domain_id': 'default', 'user_domain_name': 'Default', 'user_id': 'f53cfeec0ec3436297cd2d886c08e2b3', 'system': None}, Network: None, Subnet: None, Router: None
2025-11-22 04:29:57.021 66367 INFO tempest.lib.common.dynamic_creds [-] Created isolated network resources for: credentials: Credentials: {'domain_id': 'default', 'domain_name': 'Default', 'username': 'tempest-ServicesAdminNegativeV253TestJSON-163248997-project-admin', 'project_domain_id': 'default', 'project_domain_name': 'Default', 'project_id': '5668eb2b9df94587a04020a28c2a4410', 'project_name': 'tempest-ServicesAdminNegativeV253TestJSON-163248997', 'tenant_id': '5668eb2b9df94587a04020a28c2a4410', 'tenant_name': 'tempest-ServicesAdminNegativeV253TestJSON-163248997', 'user_domain_id': 'default', 'user_domain_name': 'Default', 'user_id': 'f53cfeec0ec3436297cd2d886c08e2b3', 'system': None}, Network: None, Subnet: None, Router: None
2025-11-22 04:29:57.078 66391 INFO tempest.lib.common.rest_client [req-f064ef64-e9d3-4c6d-beea-209d0c206e22 req-f064ef64-e9d3-4c6d-beea-209d0c206e22 ] Request (AttachInterfacesV270Test:setUpClass): 201 POST http://10.180.1.21/identity/v3/auth/tokens 0.083s
2025-11-22 04:29:57.112 66367 INFO tempest.lib.common.rest_client [req-57390b4a-bec2-45c4-b5b7-9f4c5f92ca0d req-57390b4a-bec2-45c4-b5b7-9f4c5f92ca0d ] Request (ServicesAdminNegativeV253TestJSON:setUpClass): 201 POST http://10.180.1.21/identity/v3/auth/tokens 0.087s
2025-11-22 04:29:57.117 66391 INFO tempest.lib.common.rest_client [req-3e5424bd-7e70-4b81-8bfa-ee40f8925ce0 req-3e5424bd-7e70-4b81-8bfa-ee40f8925ce0 ] Request (AttachInterfacesV270Test:test_create_get_list_interfaces): 201 POST http://10.180.1.21/identity/v3/auth/tokens 0.032s
2025-11-22 04:29:57.117 66391 INFO tempest.lib.common.fixed_network [-] (AttachInterfacesV270Test:test_create_get_list_interfaces) Found network {'id': '66b59c8c-8c84-4917-895d-9b04b5fecec6', 'name': 'tempest-AttachInterfacesV270Test-2063725296-network', 'tenant_id': '090f58c5c19d4ae39ed4d346a5be54f4', 'project_id': '090f58c5c19d4ae39ed4d346a5be54f4', 'admin_state_up': True, 'mtu': 8950, 'status': 'ACTIVE', 'subnets': [], 'shared': False, 'port_security_enabled': True, 'router:external': False, 'provider:network_type': 'vlan', 'provider:physical_network': 'default', 'provider:segmentation_id': 675, 'availability_zone_hints': [], 'availability_zones': [], 'ipv4_address_scope': None, 'ipv6_address_scope': None, 'description': '', 'tags': [], 'created_at': '2025-11-22T04:29:52Z', 'updated_at': '2025-11-22T04:29:52Z', 'revision_number': 1} available for tenant
2025-11-22 04:29:57.903 66353 INFO tempest.lib.common.rest_client [req-0b05b507-47eb-4f25-8e7c-6bc46a8aa0b1 req-0b05b507-47eb-4f25-8e7c-6bc46a8aa0b1 ] Request (FloatingIPDetailsTestJSON:setUpClass): 200 PUT http://10.180.1.21/networking/v2.0/routers/eace567a-2766-4b82-8f6d-f92cef0b68ae/add_router_interface 1.815s
2025-11-22 04:29:57.903 66353 INFO tempest.lib.common.dynamic_creds [-] Created isolated network resources for: credentials: Credentials: {'domain_id': 'default', 'domain_name': 'Default', 'username': 'tempest-FloatingIPDetailsTestJSON-1388325117-project-member', 'project_domain_id': 'default', 'project_domain_name': 'Default', 'project_id': '189a47431890435d93ae15a019ceafbd', 'project_name': 'tempest-FloatingIPDetailsTestJSON-1388325117', 'tenant_id': '189a47431890435d93ae15a019ceafbd', 'tenant_name': 'tempest-FloatingIPDetailsTestJSON-1388325117', 'user_domain_id': 'default', 'user_domain_name': 'Default', 'user_id': 'aa28d6a2f01045e299ac52e06cada6cb', 'system': None}, Network: {'id': 'eded8e29-dd3b-4bc9-b2df-47da7b96fdc6', 'name': 'tempest-FloatingIPDetailsTestJSON-1892249682-network', 'tenant_id': '189a47431890435d93ae15a019ceafbd', 'project_id': '189a47431890435d93ae15a019ceafbd', 'admin_state_up': True, 'mtu': 8950, 'status': 'ACTIVE', 'subnets': [], 'shared': False, 'port_security_enabled': True, 'router:external': False, 'provider:network_type': 'vlan', 'provider:physical_network': 'default', 'provider:segmentation_id': 525, 'availability_zone_hints': [], 'availability_zones': [], 'ipv4_address_scope': None, 'ipv6_address_scope': None, 'description': '', 'tags': [], 'created_at': '2025-11-22T04:29:53Z', 'updated_at': '2025-11-22T04:29:53Z', 'revision_number': 1}, Subnet: {'id': '5fd3f321-a03f-4cfc-b0ee-09df76db8037', 'name': 'tempest-FloatingIPDetailsTestJSON-1892249682-subnet', 'tenant_id': '189a47431890435d93ae15a019ceafbd', 'network_id': 'eded8e29-dd3b-4bc9-b2df-47da7b96fdc6', 'ip_version': 4, 'subnetpool_id': None, 'enable_dhcp': True, 'ipv6_ra_mode': None, 'ipv6_address_mode': None, 'gateway_ip': '192.168.128.1', 'cidr': '192.168.128.0/28', 'allocation_pools': [{'start': '192.168.128.2', 'end': '192.168.128.14'}], 'host_routes': [], 'dns_nameservers': [], 'description': '', 'router:external': False, 'service_types': [], 'tags': [], 'created_at': '2025-11-22T04:29:54Z', 'updated_at': '2025-11-22T04:29:54Z', 'revision_number': 0, 'project_id': '189a47431890435d93ae15a019ceafbd'}, Router: {'id': 'eace567a-2766-4b82-8f6d-f92cef0b68ae', 'name': 'tempest-FloatingIPDetailsTestJSON-1892249682-router', 'tenant_id': '189a47431890435d93ae15a019ceafbd', 'admin_state_up': True, 'status': 'ACTIVE', 'external_gateway_info': {'network_id': 'f91fcdb9-b67b-4fcd-9181-9dab83686f6f', 'external_fixed_ips': [{'subnet_id': 'e068e256-07b8-4622-8d81-902fabb5a8af', 'ip_address': '10.180.180.153'}], 'enable_snat': True}, 'description': '', 'availability_zones': [], 'distributed': False, 'ha': False, 'availability_zone_hints': [], 'routes': [], 'flavor_id': None, 'tags': [], 'created_at': '2025-11-22T04:29:55Z', 'updated_at': '2025-11-22T04:29:55Z', 'revision_number': 2, 'project_id': '189a47431890435d93ae15a019ceafbd'}
2025-11-22 04:29:57.989 66353 INFO tempest.lib.common.rest_client [req-ea77c0ae-81f8-4e79-9e9b-ad5d2c27e2b2 req-ea77c0ae-81f8-4e79-9e9b-ad5d2c27e2b2 ] Request (FloatingIPDetailsTestJSON:setUpClass): 201 POST http://10.180.1.21/identity/v3/auth/tokens 0.079s
2025-11-22 04:29:58.012 66397 INFO tempest.lib.common.rest_client [req-e6c62708-4b4b-4581-a7f4-9451fff1c0bc req-e6c62708-4b4b-4581-a7f4-9451fff1c0bc ] Request (DeleteServersTestJSON:test_delete_active_server): 200 GET http://10.180.1.21/compute/v2.1/servers/7286aa27-ff7d-46cd-851a-6be6d2b9de7c 6.422s
2025-11-22 04:29:58.019 66397 INFO tempest.common.waiters [-] State transition "BUILD/None" ==> "BUILD/spawning" after 8 second wait
2025-11-22 04:29:58.021 66377 INFO tempest.lib.common.rest_client [req-1a0515df-7de3-4cfc-9474-a2a7fa06571f req-1a0515df-7de3-4cfc-9474-a2a7fa06571f ] Request (HypervisorAdminNegativeTestJSON:test_get_hypervisor_uptime_with_non_admin_user): 403 GET http://10.180.1.21/compute/v2.1/os-hypervisors/1/uptime 6.229s
2025-11-22 04:29:58.043 66415 INFO tempest.lib.common.rest_client [req-a899a345-d258-47a6-9e1b-6fff27a19b07 req-a899a345-d258-47a6-9e1b-6fff27a19b07 ] Request (ServerGroupTestJSON:test_create_delete_multiple_server_groups_with_same_name_policy): 200 GET http://10.180.1.21/compute/v2.1/os-server-groups 6.167s
2025-11-22 04:29:58.056 66381 INFO tempest.lib.common.rest_client [req-27e77829-19c0-4c5d-ba52-2c484dafb761 req-27e77829-19c0-4c5d-ba52-2c484dafb761 ] Request (VolumesAdminNegativeTest:test_update_attached_volume_with_nonexistent_volume_in_uri): 200 GET http://10.180.1.21/compute/v2.1/servers/0d42bcc4-5140-44ef-9bc2-ded82ac2c6a4 6.376s
2025-11-22 04:29:58.063 66381 INFO tempest.common.waiters [-] State transition "BUILD/None" ==> "BUILD/networking" after 8 second wait
2025-11-22 04:29:58.081 66401 INFO tempest.lib.common.rest_client [req-cf0e3163-7605-401c-8e1d-04ad6060900c req-cf0e3163-7605-401c-8e1d-04ad6060900c ] Request (FlavorsAdminTestJSON:_run_cleanups): 200 GET http://10.180.1.21/compute/v2.1/flavors/detail 5.871s
2025-11-22 04:29:58.138 66351 INFO tempest.lib.common.rest_client [req-80706ce8-d4fb-4eaf-9748-9073f57691bd req-80706ce8-d4fb-4eaf-9748-9073f57691bd ] Request (HostsAdminTestJSON:tearDownClass): 204 DELETE http://10.180.1.21/networking/v2.0/security-groups/016eb4a0-43ac-4ced-901d-18d7ac0e7778 1.670s
2025-11-22 04:29:58.215 66365 INFO tempest.lib.common.rest_client [req-608b98b9-3e99-40fd-b066-a92c105c145f req-608b98b9-3e99-40fd-b066-a92c105c145f ] Request (FlavorsAccessTestJSON:tearDownClass): 204 DELETE http://10.180.1.21/networking/v2.0/security-groups/823afc2c-266a-4a4c-a2d7-3472ecd07524 1.522s
2025-11-22 04:29:58.264 66351 INFO tempest.lib.common.rest_client [req-49cc6a9d-c0be-405d-b9e2-3540ebb27347 req-49cc6a9d-c0be-405d-b9e2-3540ebb27347 ] Request (HostsAdminTestJSON:tearDownClass): 204 DELETE http://10.180.1.21/identity/v3/projects/da79d18ffa584fe7af0375f0a72f42d9 0.125s
2025-11-22 04:29:58.304 66351 INFO tempest.lib.common.rest_client [req-ab10f577-a92b-4995-abf4-fa5b84b7408f req-ab10f577-a92b-4995-abf4-fa5b84b7408f ] Request (FloatingIPsTestJSON:setUpClass): 201 POST http://10.180.1.21/identity/v3/auth/tokens 0.038s
2025-11-22 04:29:58.344 66365 INFO tempest.lib.common.rest_client [req-0bc561b2-b9bb-4966-9854-ceac7c5310ce req-0bc561b2-b9bb-4966-9854-ceac7c5310ce ] Request (FlavorsAccessTestJSON:tearDownClass): 204 DELETE http://10.180.1.21/identity/v3/projects/65f338baaedb4469bfea35089ac279bf 0.128s
2025-11-22 04:29:58.344 66365 INFO tempest.lib.common.dynamic_creds [-] Deleting project and security group for project: 1549618bcd71461b9e7f7a49f0301291
2025-11-22 04:29:58.375 66351 INFO tempest.lib.common.rest_client [req-cd016847-aebd-44f6-bdb5-f2d5926b9b93 req-cd016847-aebd-44f6-bdb5-f2d5926b9b93 ] Request (FloatingIPsTestJSON:setUpClass): 201 POST http://10.180.1.21/identity/v3/auth/tokens 0.068s
2025-11-22 04:29:58.410 66351 INFO tempest.lib.common.rest_client [req-4ac6ceb4-ceeb-484a-a8e7-eed5db6df042 req-4ac6ceb4-ceeb-484a-a8e7-eed5db6df042 ] Request (FloatingIPsTestJSON:setUpClass): 200 GET http://10.180.1.21/identity/v3/domains?name=Default 0.034s
2025-11-22 04:29:58.456 66351 INFO tempest.lib.common.rest_client [req-2c137ebc-6faf-44f6-a69c-da61abedd940 req-2c137ebc-6faf-44f6-a69c-da61abedd940 ] Request (FloatingIPsTestJSON:setUpClass): 201 POST http://10.180.1.21/identity/v3/projects 0.045s
2025-11-22 04:29:58.561 66351 INFO tempest.lib.common.rest_client [req-80f110bc-411b-4398-bb5c-8c69cc49188c req-80f110bc-411b-4398-bb5c-8c69cc49188c ] Request (FloatingIPsTestJSON:setUpClass): 201 POST http://10.180.1.21/identity/v3/users 0.105s
2025-11-22 04:29:58.588 66351 INFO tempest.lib.common.rest_client [req-612c6a0b-fc1f-4dc2-ba3e-48f5b09700bf req-612c6a0b-fc1f-4dc2-ba3e-48f5b09700bf ] Request (FloatingIPsTestJSON:setUpClass): 200 GET http://10.180.1.21/identity/v3/roles 0.025s
2025-11-22 04:29:58.612 66365 INFO tempest.lib.common.rest_client [req-13a7d8a9-9562-428b-8e92-f8e50448e0bc req-13a7d8a9-9562-428b-8e92-f8e50448e0bc ] Request (FlavorsAccessTestJSON:tearDownClass): 200 GET http://10.180.1.21/networking/v2.0/security-groups?tenant_id=1549618bcd71461b9e7f7a49f0301291&name=default 0.267s
2025-11-22 04:29:58.622 66351 INFO tempest.lib.common.rest_client [req-2d565758-7a7a-424a-a6f0-ec139280efa6 req-2d565758-7a7a-424a-a6f0-ec139280efa6 ] Request (FloatingIPsTestJSON:setUpClass): 204 PUT http://10.180.1.21/identity/v3/projects/5e9a75b8e44243459a84732dfa13ee11/users/ed8aec4c263f4a8eb68a2c6e504166af/roles/29412f339a6c4112bea53e0eb99ea894 0.033s
2025-11-22 04:29:58.622 66351 INFO tempest.lib.common.dynamic_creds [-] Dynamic test user ed8aec4c263f4a8eb68a2c6e504166af is created with scope project and roles: ['member']
2025-11-22 04:29:58.623 66351 INFO tempest.lib.common.dynamic_creds [-] Acquired dynamic creds: credentials: Credentials: {'domain_id': 'default', 'domain_name': 'Default', 'username': 'tempest-FloatingIPsTestJSON-1330273059-project-member', 'project_domain_id': 'default', 'project_domain_name': 'Default', 'project_id': '5e9a75b8e44243459a84732dfa13ee11', 'project_name': 'tempest-FloatingIPsTestJSON-1330273059', 'tenant_id': '5e9a75b8e44243459a84732dfa13ee11', 'tenant_name': 'tempest-FloatingIPsTestJSON-1330273059', 'user_domain_id': 'default', 'user_domain_name': 'Default', 'user_id': 'ed8aec4c263f4a8eb68a2c6e504166af', 'system': None}, Network: None, Subnet: None, Router: None
2025-11-22 04:29:58.658 66399 INFO tempest.lib.common.rest_client [req-c0fcec88-251c-4178-a58c-b51efe314155 req-c0fcec88-251c-4178-a58c-b51efe314155 ] Request (ServerAddressesNegativeTestJSON:setUpClass): 200 GET http://10.180.1.21/compute/v2.1/servers/08a6401e-1117-4a74-b6e0-a811620cefdd 6.391s
2025-11-22 04:29:58.665 66399 INFO tempest.common.waiters [-] State transition "BUILD/spawning" ==> "ACTIVE/None" after 21 second wait
2025-11-22 04:29:58.686 66403 INFO tempest.lib.common.rest_client [req-ed267f70-b1b1-4a13-900c-d647643cc6b3 req-ed267f70-b1b1-4a13-900c-d647643cc6b3 ] Request (AggregatesAdminNegativeTestJSON:test_aggregate_add_non_exist_host): 404 POST http://10.180.1.21/compute/v2.1/os-aggregates/3/action 6.409s
2025-11-22 04:29:58.688 66351 INFO tempest.lib.common.rest_client [req-da47f038-f612-4f33-a780-98a614ba7239 req-da47f038-f612-4f33-a780-98a614ba7239 ] Request (FloatingIPsTestJSON:setUpClass): 201 POST http://10.180.1.21/identity/v3/auth/tokens 0.065s
2025-11-22 04:29:58.711 66363 INFO tempest.lib.common.rest_client [req-7379565c-220c-4cd3-bfe1-ee2f312f7ce8 req-7379565c-220c-4cd3-bfe1-ee2f312f7ce8 ] Request (SecurityGroupsTestAdminJSON:_run_cleanups): 202 DELETE http://10.180.1.21/compute/v2.1/os-security-groups/e7030b4c-acbd-48c9-9ab2-526e44073ceb 6.523s
2025-11-22 04:29:58.721 66371 INFO tempest.lib.common.rest_client [req-a6ddcbdd-3606-4658-a54e-a5c90f7d7b71 req-a6ddcbdd-3606-4658-a54e-a5c90f7d7b71 ] Request (KeyPairsNegativeTestJSON:test_keypair_create_with_invalid_pub_key): 400 POST http://10.180.1.21/compute/v2.1/os-keypairs 6.439s
2025-11-22 04:29:58.780 66365 INFO tempest.lib.common.rest_client [req-e95ca4a0-fc21-4df0-bc91-a478e41cc309 req-e95ca4a0-fc21-4df0-bc91-a478e41cc309 ] Request (FlavorsAccessTestJSON:tearDownClass): 204 DELETE http://10.180.1.21/networking/v2.0/security-groups/f0f44148-c2cb-45ee-ab27-05b49a8945dc 0.167s
2025-11-22 04:29:58.882 66365 INFO tempest.lib.common.rest_client [req-54ee2886-6a13-4789-8d8a-4a984b263a6c req-54ee2886-6a13-4789-8d8a-4a984b263a6c ] Request (FlavorsAccessTestJSON:tearDownClass): 204 DELETE http://10.180.1.21/identity/v3/projects/1549618bcd71461b9e7f7a49f0301291 0.102s
2025-11-22 04:29:58.986 66383 INFO tempest.lib.common.rest_client [req-7cbc964b-7872-45a2-9dd1-5053c23221a3 req-7cbc964b-7872-45a2-9dd1-5053c23221a3 ] Request (QuotasAdminTestJSON:test_delete_quota): 200 PUT http://10.180.1.21/compute/v2.1/os-quota-sets/fc8ae12c80f7425084b8bb6541f930c5 6.488s
2025-11-22 04:29:59.017 66365 INFO tempest.lib.common.rest_client [req-00344554-8060-45e2-a037-5cb13108671a req-00344554-8060-45e2-a037-5cb13108671a ] Request (ServersV294TestFqdnHostnames:setUpClass): 201 POST http://10.180.1.21/identity/v3/auth/tokens 0.132s
2025-11-22 04:29:59.019 66393 INFO tempest.lib.common.rest_client [req-2accf829-837a-4e11-a684-b1677e58f045 req-2accf829-837a-4e11-a684-b1677e58f045 ] Request (DeleteServersAdminTestJSON:test_admin_delete_servers_of_others): 404 GET http://10.180.1.21/compute/v2.1/servers/3bff829e-239f-4b35-8d03-bccd33d4ed26 5.978s
2025-11-22 04:29:59.064 66365 INFO tempest.lib.common.rest_client [req-3205ae29-29e3-4b7a-9d8e-364666994463 req-3205ae29-29e3-4b7a-9d8e-364666994463 ] Request (ServersV294TestFqdnHostnames:setUpClass): 201 POST http://10.180.1.21/identity/v3/auth/tokens 0.040s
2025-11-22 04:29:59.067 66357 INFO tempest.lib.common.rest_client [req-8f68f897-82fd-472e-b1cf-901226842c05 req-8f68f897-82fd-472e-b1cf-901226842c05 ] Request (ListImageFiltersTestJSON:setUpClass): 200 GET http://10.180.1.21/compute/v2.1/images/0f17ab21-543f-4fbb-99d2-91216a617e18 5.826s
2025-11-22 04:29:59.097 66365 INFO tempest.lib.common.rest_client [req-0e7f389f-86df-4acb-aa82-ae00e75c3941 req-0e7f389f-86df-4acb-aa82-ae00e75c3941 ] Request (ServersV294TestFqdnHostnames:setUpClass): 200 GET http://10.180.1.21/identity/v3/domains?name=Default 0.032s
2025-11-22 04:29:59.131 66365 INFO tempest.lib.common.rest_client [req-fec3eae7-e6a8-4d63-9b3f-a632fa1d9346 req-fec3eae7-e6a8-4d63-9b3f-a632fa1d9346 ] Request (ServersV294TestFqdnHostnames:setUpClass): 201 POST http://10.180.1.21/identity/v3/projects 0.034s
2025-11-22 04:29:59.134 66393 INFO tempest.lib.common.rest_client [req-cc148afc-4596-4388-bd52-5dedba9ef4ea req-cc148afc-4596-4388-bd52-5dedba9ef4ea ] Request (DeleteServersAdminTestJSON:test_delete_server_while_in_error_state): 201 POST http://10.180.1.21/identity/v3/auth/tokens 0.102s
2025-11-22 04:29:59.135 66393 INFO tempest.lib.common.fixed_network [-] (DeleteServersAdminTestJSON:test_delete_server_while_in_error_state) Found network None available for tenant
2025-11-22 04:29:59.197 66365 INFO tempest.lib.common.rest_client [req-148b9d2f-12f6-4e3f-9939-4ea70ef30dd9 req-148b9d2f-12f6-4e3f-9939-4ea70ef30dd9 ] Request (ServersV294TestFqdnHostnames:setUpClass): 201 POST http://10.180.1.21/identity/v3/users 0.065s
2025-11-22 04:29:59.222 66365 INFO tempest.lib.common.rest_client [req-d96c2433-cb4a-4bed-9dfc-a7b56e62b594 req-d96c2433-cb4a-4bed-9dfc-a7b56e62b594 ] Request (ServersV294TestFqdnHostnames:setUpClass): 200 GET http://10.180.1.21/identity/v3/roles 0.024s
2025-11-22 04:29:59.252 66365 INFO tempest.lib.common.rest_client [req-ebbb597f-64b0-48aa-aec7-8313703c7663 req-ebbb597f-64b0-48aa-aec7-8313703c7663 ] Request (ServersV294TestFqdnHostnames:setUpClass): 204 PUT http://10.180.1.21/identity/v3/projects/e47c24ebd0b049efbc11a3ad903b4de0/users/8870513cabd04e079acf7b528ea92b44/roles/29412f339a6c4112bea53e0eb99ea894 0.029s
2025-11-22 04:29:59.252 66351 INFO tempest.lib.common.rest_client [req-7faa35ed-9a3c-4b58-a9ab-c7e4f8bf481b req-7faa35ed-9a3c-4b58-a9ab-c7e4f8bf481b ] Request (FloatingIPsTestJSON:setUpClass): 201 POST http://10.180.1.21/networking/v2.0/networks 0.563s
2025-11-22 04:29:59.252 66365 INFO tempest.lib.common.dynamic_creds [-] Dynamic test user 8870513cabd04e079acf7b528ea92b44 is created with scope project and roles: ['member']
2025-11-22 04:29:59.252 66365 INFO tempest.lib.common.dynamic_creds [-] Acquired dynamic creds: credentials: Credentials: {'domain_id': 'default', 'domain_name': 'Default', 'username': 'tempest-ServersV294TestFqdnHostnames-2052689092-project-member', 'project_domain_id': 'default', 'project_domain_name': 'Default', 'project_id': 'e47c24ebd0b049efbc11a3ad903b4de0', 'project_name': 'tempest-ServersV294TestFqdnHostnames-2052689092', 'tenant_id': 'e47c24ebd0b049efbc11a3ad903b4de0', 'tenant_name': 'tempest-ServersV294TestFqdnHostnames-2052689092', 'user_domain_id': 'default', 'user_domain_name': 'Default', 'user_id': '8870513cabd04e079acf7b528ea92b44', 'system': None}, Network: None, Subnet: None, Router: None
2025-11-22 04:29:59.292 66389 INFO tempest.lib.common.rest_client [req-73fe06d1-1191-469e-89ce-3d3b6369a710 req-73fe06d1-1191-469e-89ce-3d3b6369a710 ] Request (KeyPairsV210TestJSON:test_admin_manage_keypairs_for_other_users): 201 POST http://10.180.1.21/compute/v2.1/os-keypairs 5.699s
2025-11-22 04:29:59.326 66365 INFO tempest.lib.common.rest_client [req-4843de14-845e-459c-938c-92be3a4c6280 req-4843de14-845e-459c-938c-92be3a4c6280 ] Request (ServersV294TestFqdnHostnames:setUpClass): 201 POST http://10.180.1.21/identity/v3/auth/tokens 0.073s
2025-11-22 04:29:59.579 66351 INFO tempest.lib.common.rest_client [req-6ae22230-a427-45bc-b6f2-e4dd66d53c11 req-6ae22230-a427-45bc-b6f2-e4dd66d53c11 ] Request (FloatingIPsTestJSON:setUpClass): 201 POST http://10.180.1.21/networking/v2.0/subnets 0.327s
2025-11-22 04:29:59.892 66365 INFO tempest.lib.common.rest_client [req-faf0c8c7-a08b-46c8-8709-98fa11c617fb req-faf0c8c7-a08b-46c8-8709-98fa11c617fb ] Request (ServersV294TestFqdnHostnames:setUpClass): 201 POST http://10.180.1.21/networking/v2.0/networks 0.564s
2025-11-22 04:29:59.943 66413 INFO tempest.lib.common.rest_client [req-950f7e0d-7001-4270-8f9a-3d57e53123c2 req-950f7e0d-7001-4270-8f9a-3d57e53123c2 ] Request (VolumesAssistedSnapshotsTest:test_volume_assisted_snapshot_create_delete): 200 GET http://10.180.1.21/compute/v2.1/servers/b91405c7-49e7-4579-9553-498d1287bb98 7.569s
2025-11-22 04:29:59.952 66413 INFO tempest.common.waiters [-] State transition "BUILD/networking" ==> "BUILD/spawning" after 11 second wait
2025-11-22 04:30:00.186 66395 INFO tempest.lib.common.rest_client [req-c5b2702f-7e55-436f-80ed-d310cca2a6a3 req-c5b2702f-7e55-436f-80ed-d310cca2a6a3 ] Request (ServersAdmin275Test:test_rebuild_update_server_275): 202 POST http://10.180.1.21/compute/v2.1/servers 6.343s
2025-11-22 04:30:00.506 66365 INFO tempest.lib.common.rest_client [req-f8f8c1cf-ae2a-4e89-8c3d-f33c9b42627a req-f8f8c1cf-ae2a-4e89-8c3d-f33c9b42627a ] Request (ServersV294TestFqdnHostnames:setUpClass): 201 POST http://10.180.1.21/networking/v2.0/subnets 0.613s
2025-11-22 04:30:00.773 66351 INFO tempest.lib.common.rest_client [req-a9ec4fba-135f-4f29-ad08-8d72e2a7654f req-a9ec4fba-135f-4f29-ad08-8d72e2a7654f ] Request (FloatingIPsTestJSON:setUpClass): 201 POST http://10.180.1.21/networking/v2.0/routers 1.193s
2025-11-22 04:30:00.854 66355 INFO tempest.lib.common.rest_client [req-2d646771-202c-4bc1-9772-daa7aba7c55b req-2d646771-202c-4bc1-9772-daa7aba7c55b ] Request (ServersAdminTestJSON:setUpClass): 200 GET http://10.180.1.21/compute/v2.1/servers/42707e81-b984-4ac1-8cb1-f22ca9d48f25 6.472s
2025-11-22 04:30:01.715 66351 INFO tempest.lib.common.rest_client [req-bc025da8-a904-44ba-b8e0-d027ca93d0a8 req-bc025da8-a904-44ba-b8e0-d027ca93d0a8 ] Request (FloatingIPsTestJSON:setUpClass): 200 PUT http://10.180.1.21/networking/v2.0/routers/f468b990-11a6-4443-bc92-8d381a7916b8/add_router_interface 0.941s
2025-11-22 04:30:01.715 66351 INFO tempest.lib.common.dynamic_creds [-] Created isolated network resources for: credentials: Credentials: {'domain_id': 'default', 'domain_name': 'Default', 'username': 'tempest-FloatingIPsTestJSON-1330273059-project-member', 'project_domain_id': 'default', 'project_domain_name': 'Default', 'project_id': '5e9a75b8e44243459a84732dfa13ee11', 'project_name': 'tempest-FloatingIPsTestJSON-1330273059', 'tenant_id': '5e9a75b8e44243459a84732dfa13ee11', 'tenant_name': 'tempest-FloatingIPsTestJSON-1330273059', 'user_domain_id': 'default', 'user_domain_name': 'Default', 'user_id': 'ed8aec4c263f4a8eb68a2c6e504166af', 'system': None}, Network: {'id': '92d1611f-9ba9-4e0e-9148-64289b4fb206', 'name': 'tempest-FloatingIPsTestJSON-318674449-network', 'tenant_id': '5e9a75b8e44243459a84732dfa13ee11', 'project_id': '5e9a75b8e44243459a84732dfa13ee11', 'admin_state_up': True, 'mtu': 8950, 'status': 'ACTIVE', 'subnets': [], 'shared': False, 'port_security_enabled': True, 'router:external': False, 'provider:network_type': 'vlan', 'provider:physical_network': 'default', 'provider:segmentation_id': 445, 'availability_zone_hints': [], 'availability_zones': [], 'ipv4_address_scope': None, 'ipv6_address_scope': None, 'description': '', 'tags': [], 'created_at': '2025-11-22T04:29:59Z', 'updated_at': '2025-11-22T04:29:59Z', 'revision_number': 1}, Subnet: {'id': '83b6a740-ad26-4128-abe8-ff58bc532fa6', 'name': 'tempest-FloatingIPsTestJSON-318674449-subnet', 'tenant_id': '5e9a75b8e44243459a84732dfa13ee11', 'network_id': '92d1611f-9ba9-4e0e-9148-64289b4fb206', 'ip_version': 4, 'subnetpool_id': None, 'enable_dhcp': True, 'ipv6_ra_mode': None, 'ipv6_address_mode': None, 'gateway_ip': '192.168.128.1', 'cidr': '192.168.128.0/28', 'allocation_pools': [{'start': '192.168.128.2', 'end': '192.168.128.14'}], 'host_routes': [], 'dns_nameservers': [], 'description': '', 'router:external': False, 'service_types': [], 'tags': [], 'created_at': '2025-11-22T04:29:59Z', 'updated_at': '2025-11-22T04:29:59Z', 'revision_number': 0, 'project_id': '5e9a75b8e44243459a84732dfa13ee11'}, Router: {'id': 'f468b990-11a6-4443-bc92-8d381a7916b8', 'name': 'tempest-FloatingIPsTestJSON-318674449-router', 'tenant_id': '5e9a75b8e44243459a84732dfa13ee11', 'admin_state_up': True, 'status': 'ACTIVE', 'external_gateway_info': {'network_id': 'f91fcdb9-b67b-4fcd-9181-9dab83686f6f', 'external_fixed_ips': [{'subnet_id': 'e068e256-07b8-4622-8d81-902fabb5a8af', 'ip_address': '10.180.180.230'}], 'enable_snat': True}, 'description': '', 'availability_zones': [], 'distributed': False, 'ha': False, 'availability_zone_hints': [], 'routes': [], 'flavor_id': None, 'tags': [], 'created_at': '2025-11-22T04:30:00Z', 'updated_at': '2025-11-22T04:30:00Z', 'revision_number': 2, 'project_id': '5e9a75b8e44243459a84732dfa13ee11'}
2025-11-22 04:30:01.772 66365 INFO tempest.lib.common.rest_client [req-75178c59-1b9d-4d5f-9be8-cef162a866b7 req-75178c59-1b9d-4d5f-9be8-cef162a866b7 ] Request (ServersV294TestFqdnHostnames:setUpClass): 201 POST http://10.180.1.21/networking/v2.0/routers 1.265s
2025-11-22 04:30:01.812 66351 INFO tempest.lib.common.rest_client [req-0ace6fe9-22ae-484c-a5b2-bffd0fbcc942 req-0ace6fe9-22ae-484c-a5b2-bffd0fbcc942 ] Request (FloatingIPsTestJSON:setUpClass): 201 POST http://10.180.1.21/identity/v3/auth/tokens 0.092s
2025-11-22 04:30:01.821 66409 INFO tempest.lib.common.rest_client [req-7407b890-0e27-41aa-abe4-0d3f58f0cfdb req-7407b890-0e27-41aa-abe4-0d3f58f0cfdb ] Request (ServersAdminNegativeTestJSON:setUpClass): 202 POST http://10.180.1.21/compute/v2.1/servers 8.059s
2025-11-22 04:30:01.856 66375 INFO tempest.lib.common.rest_client [req-64274300-7a30-4b60-91e9-4416acaccc3c req-64274300-7a30-4b60-91e9-4416acaccc3c ] Request (FlavorsAccessNegativeTestJSON:_run_cleanups): 200 GET http://10.180.1.21/compute/v2.1/flavors/detail 6.896s
2025-11-22 04:30:01.887 66385 INFO tempest.lib.common.rest_client [req-082ca632-7843-4d68-bd85-3115f6646a94 req-082ca632-7843-4d68-bd85-3115f6646a94 ] Request (KeyPairsV22TestJSON:_run_cleanups): 204 DELETE http://10.180.1.21/compute/v2.1/os-keypairs/tempest-keypair-1137373034 6.879s
2025-11-22 04:30:01.894 66379 INFO tempest.lib.common.rest_client [req-aff7f72c-af5a-4315-bf71-8a5823c590d4 req-aff7f72c-af5a-4315-bf71-8a5823c590d4 ] Request (HostsAdminNegativeTestJSON:test_update_host_without_param): 400 PUT http://10.180.1.21/compute/v2.1/os-hosts/devstack 6.875s
2025-11-22 04:30:01.916 66411 INFO tempest.lib.common.rest_client [req-e6eda120-61df-45a5-9b49-cd64a6b7332d req-e6eda120-61df-45a5-9b49-cd64a6b7332d ] Request (FlavorsExtraSpecsNegativeTestJSON:tearDownClass): 202 DELETE http://10.180.1.21/compute/v2.1/flavors/1402253596 6.862s
2025-11-22 04:30:02.232 66407 INFO tempest.lib.common.rest_client [req-150e99c0-8afd-4aa3-bac4-f14426a9e925 req-150e99c0-8afd-4aa3-bac4-f14426a9e925 ] Request (ServerExternalEventsTest:test_create_server_external_events): 200 GET http://10.180.1.21/compute/v2.1/servers/d0bbfa93-4aec-43de-b7fb-de2c810e9f31 7.087s
2025-11-22 04:30:02.249 66407 INFO tempest.common.waiters [-] State transition "BUILD/spawning" ==> "ACTIVE/None" after 26 second wait
2025-11-22 04:30:02.306 66405 INFO tempest.lib.common.rest_client [req-49895031-cc6b-4014-894a-35fe471c81c3 req-49895031-cc6b-4014-894a-35fe471c81c3 ] Request (ServerDiagnosticsTest:tearDownClass): 404 GET http://10.180.1.21/compute/v2.1/servers/798463ae-3d9f-47f5-bd24-9de329757d3b 6.366s
2025-11-22 04:30:02.421 66367 INFO tempest.lib.common.rest_client [req-111d6047-330c-4473-9ce4-a63d090d8cd4 req-111d6047-330c-4473-9ce4-a63d090d8cd4 ] Request (ServicesAdminNegativeV253TestJSON:test_disable_log_reason_with_invalid_service_id): 404 PUT http://10.180.1.21/compute/v2.1/os-services/2e7aabc7-1af2-41e7-9c28-dae8a1de263b 5.307s
2025-11-22 04:30:02.440 66405 INFO tempest.lib.common.rest_client [req-075afba3-eb41-4e1b-8370-3502c053788e req-075afba3-eb41-4e1b-8370-3502c053788e ] Request (ServerDiagnosticsTest:tearDownClass): 204 DELETE http://10.180.1.21/identity/v3/users/7e81c42213744f3a90a03f5c2cef19ae 0.132s
2025-11-22 04:30:02.579 66369 INFO tempest.lib.common.rest_client [req-2ed96ae0-1db0-405b-9a76-f0938b2039cf req-2ed96ae0-1db0-405b-9a76-f0938b2039cf ] Request (ServersWithSpecificFlavorTestJSON:test_verify_created_server_ephemeral_disk): 202 POST http://10.180.1.21/compute/v2.1/servers 7.770s
2025-11-22 04:30:02.604 66359 INFO tempest.lib.common.rest_client [req-129d784a-e1c7-441d-8d71-e73681b9ebbf req-129d784a-e1c7-441d-8d71-e73681b9ebbf ] Request (ServerDiagnosticsNegativeTest:tearDownClass): 404 GET http://10.180.1.21/compute/v2.1/servers/1a1c9688-7920-48c4-9d4b-4ebd90fbf555 5.243s
2025-11-22 04:30:02.617 66405 INFO tempest.lib.common.rest_client [req-33f39420-6d45-402a-b49d-907bb3379527 req-33f39420-6d45-402a-b49d-907bb3379527 ] Request (ServerDiagnosticsTest:tearDownClass): 204 DELETE http://10.180.1.21/identity/v3/users/81d5e0c5c03f4571a01a0eda9673a8c1 0.176s
2025-11-22 04:30:02.617 66405 INFO tempest.lib.common.dynamic_creds [-] Deleting project and security group for project: 3183277d4da849328d32833e52fd05aa
2025-11-22 04:30:02.766 66359 INFO tempest.lib.common.rest_client [req-1db28666-e692-4283-9e98-e0b414a452c0 req-1db28666-e692-4283-9e98-e0b414a452c0 ] Request (ServerDiagnosticsNegativeTest:tearDownClass): 204 DELETE http://10.180.1.21/identity/v3/users/9c9dda151deb45deba56b48a45627ad9 0.161s
2025-11-22 04:30:02.784 66405 INFO tempest.lib.common.rest_client [req-95f29dd2-b71a-4065-aad2-2f086d96bc83 req-95f29dd2-b71a-4065-aad2-2f086d96bc83 ] Request (ServerDiagnosticsTest:tearDownClass): 201 POST http://10.180.1.21/identity/v3/auth/tokens 0.167s
2025-11-22 04:30:02.931 66359 INFO tempest.lib.common.rest_client [req-25809567-31d7-455b-b1d2-5af7cebc9105 req-25809567-31d7-455b-b1d2-5af7cebc9105 ] Request (ServerDiagnosticsNegativeTest:tearDownClass): 204 DELETE http://10.180.1.21/identity/v3/users/14c677ce8ccc40dea7fb13206511ccb4 0.165s
2025-11-22 04:30:02.932 66359 INFO tempest.lib.common.dynamic_creds [-] Deleting project and security group for project: 1b65a35a6dfb4e43a38fefe8cff12131
2025-11-22 04:30:03.013 66365 INFO tempest.lib.common.rest_client [req-5e8a7cd8-23e1-4fe0-a5a6-4615cdf8a1bd req-5e8a7cd8-23e1-4fe0-a5a6-4615cdf8a1bd ] Request (ServersV294TestFqdnHostnames:setUpClass): 200 PUT http://10.180.1.21/networking/v2.0/routers/00b7dbc5-1217-420f-a096-0f7e366e44d6/add_router_interface 1.240s
