2025-11-22 04:33:46.237 66401 INFO tempest.lib.common.rest_client [req-c77771dd-3fff-4aa0-b329-f00cfa76ff07 req-c77771dd-3fff-4aa0-b329-f00cfa76ff07 ] Request (ServerRescueTestJSONUnderV235:setUpClass): 200 GET http://10.180.1.21/compute/v2.1/servers/74312858-c98b-4e8b-8a88-bff32a5a8a94 0.535s
2025-11-22 04:33:46.304 66361 INFO tempest.lib.common.rest_client [req-99e2bbf3-e05a-45da-af6d-50d214740698 req-99e2bbf3-e05a-45da-af6d-50d214740698 ] Request (FloatingIPsAssociationTestJSON:tearDownClass): 200 GET http://10.180.1.21/compute/v2.1/servers/0704d636-7818-4603-9ff6-f0acf9e01072 0.392s
2025-11-22 04:33:46.379 66395 INFO tempest.lib.common.rest_client [req-344f65a5-e6cb-4e20-9ef1-e756bbeefead req-344f65a5-e6cb-4e20-9ef1-e756bbeefead ] Request (ListServersNegativeTestJSON:setUpClass): 200 GET http://10.180.1.21/compute/v2.1/servers/aa4832a9-9736-4258-9da4-d9ec5841bb95 0.540s
2025-11-22 04:33:46.400 66389 INFO tempest.lib.common.rest_client [req-3b2c4216-3d68-4263-821d-be183ba7ba3d req-3b2c4216-3d68-4263-821d-be183ba7ba3d ] Request (ServerActionsV293TestJSON:tearDownClass): 200 GET http://10.180.1.21/compute/v2.1/servers/0c0776eb-2d06-4038-9515-5ce1c16113f8 0.459s
2025-11-22 04:33:46.426 66351 INFO tempest.lib.common.rest_client [req-a4b48d6a-a4f1-4413-80f8-73accca6c27b req-a4b48d6a-a4f1-4413-80f8-73accca6c27b ] Request (ServerActionsTestJSON:test_lock_unlock_server): 409 POST http://10.180.1.21/compute/v2.1/servers/11af8a7e-1dc4-4b12-8834-f57b7d891134/action 0.410s
2025-11-22 04:33:46.477 66357 INFO tempest.lib.common.rest_client [req-95694779-9ca7-49b0-b2fa-a3dade9c3d35 req-95694779-9ca7-49b0-b2fa-a3dade9c3d35 ] Request (ListImageFiltersTestJSON:tearDownClass): 204 DELETE http://10.180.1.21/compute/v2.1/images/811866b2-b7a2-46bc-a47a-bb0226e97b7c 0.364s
2025-11-22 04:33:46.493 66409 INFO tempest.lib.common.rest_client [req-e871bfdf-df22-48af-b5f3-bddb95912beb req-e871bfdf-df22-48af-b5f3-bddb95912beb ] Request (ServersTestMultiNic:test_verify_duplicate_network_nics): 200 GET http://10.180.1.21/compute/v2.1/servers/83d5bacb-9667-4ed3-b9d1-99d5ea88bb89 0.481s
2025-11-22 04:33:46.584 66355 INFO tempest.lib.common.rest_client [req-2b8e4a69-7430-4792-8d0a-835c92b8dfe7 req-2b8e4a69-7430-4792-8d0a-835c92b8dfe7 ] Request (ServersAdminTestJSON:tearDownClass): 200 GET http://10.180.1.21/compute/v2.1/servers/81fdad7d-883c-4c7a-af16-84abf73eded1 0.392s
2025-11-22 04:33:46.638 66403 INFO tempest.lib.common.rest_client [req-6c3adb0c-5c34-4203-85a6-fafaa859982b req-6c3adb0c-5c34-4203-85a6-fafaa859982b ] Request (ServersNegativeTestJSON:tearDown): 200 GET http://10.180.1.21/compute/v2.1/servers/6ab2835a-8d7b-4fd9-93cc-29141cbf1447 0.455s
2025-11-22 04:33:46.646 66363 INFO tempest.lib.common.rest_client [req-c8327314-9fc3-44c0-8573-bf020ee0b9f9 req-c8327314-9fc3-44c0-8573-bf020ee0b9f9 ] Request (ServersTestJSON:test_create_server_with_ipv6_addr_only): 200 GET http://10.180.1.21/compute/v2.1/servers/b5df23ab-4391-426b-a590-c3df6e305e6a 0.384s
2025-11-22 04:33:46.711 66391 INFO tempest.lib.common.rest_client [req-6afee818-1345-4cd4-b229-c09627dd0ca6 req-6afee818-1345-4cd4-b229-c09627dd0ca6 ] Request (ServersNegativeTestMultiTenantJSON:setUpClass): 200 GET http://10.180.1.21/compute/v2.1/servers/5fac991d-13a1-41b3-acaa-c4f4e04fe67b 0.356s
2025-11-22 04:33:46.824 66377 INFO tempest.lib.common.rest_client [req-47011a9e-3318-4c5f-84a9-97083eccd3af req-47011a9e-3318-4c5f-84a9-97083eccd3af ] Request (MigrationsAdminTest:test_resize_server_revert_deleted_flavor): 200 GET http://10.180.1.21/compute/v2.1/servers/d742aec9-0d98-4b84-a109-ade52aeb78a4 0.527s
2025-11-22 04:33:46.841 66379 WARNING tempest.lib.common.ssh [-] Failed to establish authenticated ssh connection to cirros@10.180.180.216 ([Errno None] Unable to connect to port 22 on 10.180.180.216). Number attempts: 13. Retry after 14 seconds.: paramiko.ssh_exception.NoValidConnectionsError: [Errno None] Unable to connect to port 22 on 10.180.180.216
2025-11-22 04:33:46.852 66395 INFO tempest.lib.common.rest_client [req-46b71bc1-47af-4b4a-a3aa-b8eb4a523201 req-46b71bc1-47af-4b4a-a3aa-b8eb4a523201 ] Request (ListServersNegativeTestJSON:setUpClass): 200 GET http://10.180.1.21/compute/v2.1/servers/fcb8fb07-55d6-43bf-b9f0-9e9ba6c0287f 0.463s
2025-11-22 04:33:46.883 66381 INFO tempest.lib.common.rest_client [req-a0ada4b9-cd8a-4d05-8b90-cb2ea1836ce8 req-a0ada4b9-cd8a-4d05-8b90-cb2ea1836ce8 ] Request (ImagesTestJSON:test_create_server_from_snapshot): 200 GET http://10.180.1.21/compute/v2.1/servers/bf74f214-31bd-463e-b74e-f4e6d9b26f2a 0.466s
2025-11-22 04:33:46.920 66351 INFO tempest.lib.common.rest_client [req-2f1024ea-6bbd-481d-80cc-2c91b0ced935 req-2f1024ea-6bbd-481d-80cc-2c91b0ced935 ] Request (ServerActionsTestJSON:test_lock_unlock_server): 202 POST http://10.180.1.21/compute/v2.1/servers/11af8a7e-1dc4-4b12-8834-f57b7d891134/action 0.493s
2025-11-22 04:33:46.942 66357 INFO tempest.lib.common.rest_client [req-aa24fd24-0083-4ff5-936b-9b63b9c94086 req-aa24fd24-0083-4ff5-936b-9b63b9c94086 ] Request (ListImageFiltersTestJSON:tearDownClass): 204 DELETE http://10.180.1.21/compute/v2.1/images/0f17ab21-543f-4fbb-99d2-91216a617e18 0.464s
2025-11-22 04:33:47.045 66403 INFO tempest.lib.common.rest_client [req-7e7e6cbe-038a-4052-9b8a-9a569962c3ff req-7e7e6cbe-038a-4052-9b8a-9a569962c3ff ] Request (ServersNegativeTestJSON:setUp): 200 GET http://10.180.1.21/compute/v2.1/servers/6ab2835a-8d7b-4fd9-93cc-29141cbf1447 0.398s
2025-11-22 04:33:47.103 66387 INFO tempest.lib.common.rest_client [req-21217a48-113d-426b-bde7-c7593aac8c3a req-21217a48-113d-426b-bde7-c7593aac8c3a ] Request (ServerActionsTestOtherA:test_rebuild_server_in_stop_state): 200 GET http://10.180.1.21/compute/v2.1/servers/21b2e418-877f-4710-881f-a82f2d194a84 0.286s
2025-11-22 04:33:47.110 66387 INFO tempest.common.waiters [-] State transition "REBUILD/rebuild_block_device_mapping" ==> "REBUILD/rebuild_spawning" after 2 second wait
2025-11-22 04:33:47.134 66395 INFO tempest.lib.common.rest_client [req-b9319be0-169f-4a5e-bc0c-51a9ffbe1472 req-b9319be0-169f-4a5e-bc0c-51a9ffbe1472 ] Request (ListServersNegativeTestJSON:setUpClass): 204 DELETE http://10.180.1.21/compute/v2.1/servers/fcb8fb07-55d6-43bf-b9f0-9e9ba6c0287f 0.272s
2025-11-22 04:33:47.168 66351 INFO tempest.lib.common.rest_client [req-4be7a76e-c252-46e3-b0de-478049b71041 req-4be7a76e-c252-46e3-b0de-478049b71041 ] Request (ServerActionsTestJSON:test_lock_unlock_server): 202 POST http://10.180.1.21/compute/v2.1/servers/11af8a7e-1dc4-4b12-8834-f57b7d891134/action 0.248s
2025-11-22 04:33:47.203 66357 INFO tempest.lib.common.rest_client [req-f669ba8b-a4d3-4c69-9ca3-75390f9bb16a req-f669ba8b-a4d3-4c69-9ca3-75390f9bb16a ] Request (ListImageFiltersTestJSON:tearDownClass): 204 DELETE http://10.180.1.21/compute/v2.1/images/bd388d8c-dd16-4396-b291-fed0adcb9ea9 0.260s
2025-11-22 04:33:47.224 66397 INFO tempest.lib.common.rest_client [req-94bcb58d-eccf-4c9e-aa56-96d0d16d5d3c req-94bcb58d-eccf-4c9e-aa56-96d0d16d5d3c ] Request (DeleteServersTestJSON:test_delete_server_while_in_shelved_state): 404 GET http://10.180.1.21/compute/v2.1/servers/8905caed-7546-4366-80e3-5aad5469c4a7 0.126s
2025-11-22 04:33:47.235 66413 INFO tempest.lib.common.rest_client [req-fbc46ddf-a497-4435-9930-3f92a59ddbfc req-fbc46ddf-a497-4435-9930-3f92a59ddbfc ] Request (SecurityGroupsTestJSON:test_list_security_groups_by_server): 200 GET http://10.180.1.21/compute/v2.1/servers/80e7ac8d-151b-4746-b462-c6a7cf9ba1dc 0.243s
2025-11-22 04:33:47.242 66403 INFO tempest.lib.common.rest_client [req-b077706f-c9fa-4914-9ba8-cc412fb4952d req-b077706f-c9fa-4914-9ba8-cc412fb4952d ] Request (ServersNegativeTestJSON:test_create_server_from_non_bootable_volume): 202 POST http://10.180.1.21/volume/v3/volumes 0.187s
2025-11-22 04:33:47.278 66403 INFO tempest.lib.common.rest_client [req-fa547060-3d09-48cd-a95b-070473e4c90b req-fa547060-3d09-48cd-a95b-070473e4c90b ] Request (ServersNegativeTestJSON:test_create_server_from_non_bootable_volume): 200 GET http://10.180.1.21/volume/v3/volumes/46e45ca3-278b-42a3-acc1-f9a0de5a3a8d 0.025s
2025-11-22 04:33:47.296 66397 INFO tempest.lib.common.rest_client [req-d9f875c9-b490-4695-ba01-12d56e1f6db8 req-d9f875c9-b490-4695-ba01-12d56e1f6db8 ] Request (DeleteServersTestJSON:test_delete_server_while_in_shutoff_state): 201 POST http://10.180.1.21/identity/v3/auth/tokens 0.066s
2025-11-22 04:33:47.296 66397 INFO tempest.lib.common.fixed_network [-] (DeleteServersTestJSON:test_delete_server_while_in_shutoff_state) Found network {'id': '0e2d8a40-6cf5-45fd-9326-ebb4ecda0f87', 'name': 'tempest-DeleteServersTestJSON-1854643794-network', 'tenant_id': 'e7e4680af13841c8828d561432b7ac02', 'project_id': 'e7e4680af13841c8828d561432b7ac02', 'admin_state_up': True, 'mtu': 8950, 'status': 'ACTIVE', 'subnets': [], 'shared': False, 'port_security_enabled': True, 'router:external': False, 'provider:network_type': 'vlan', 'provider:physical_network': 'default', 'provider:segmentation_id': 600, 'availability_zone_hints': [], 'availability_zones': [], 'ipv4_address_scope': None, 'ipv6_address_scope': None, 'description': '', 'tags': [], 'created_at': '2025-11-22T04:29:43Z', 'updated_at': '2025-11-22T04:29:43Z', 'revision_number': 1} available for tenant
2025-11-22 04:33:47.338 66369 WARNING tempest.lib.common.ssh [-] Failed to establish authenticated ssh connection to cirros@10.180.180.225 ([Errno None] Unable to connect to port 22 on 10.180.180.225). Number attempts: 10. Retry after 11 seconds.: paramiko.ssh_exception.NoValidConnectionsError: [Errno None] Unable to connect to port 22 on 10.180.180.225
2025-11-22 04:33:47.349 66357 INFO tempest.lib.common.rest_client [req-77e0c574-152a-4556-831b-affc610e336b req-77e0c574-152a-4556-831b-affc610e336b ] Request (ListImageFiltersTestJSON:tearDownClass): 204 DELETE http://10.180.1.21/identity/v3/users/e2517f4891f04ae29ddb14c0bb8d9df1 0.145s
2025-11-22 04:33:47.349 66357 INFO tempest.lib.common.dynamic_creds [-] Deleting project and security group for project: ffc2c7112a03498fb742ea1f3c7a407f
2025-11-22 04:33:47.356 66353 INFO tempest.lib.common.rest_client [req-0ceaf241-d2b4-47cc-b2a6-10f6e455853c req-0ceaf241-d2b4-47cc-b2a6-10f6e455853c ] Request (ServerDiskConfigTestJSON:test_rebuild_server_with_auto_disk_config): 200 GET http://10.180.1.21/compute/v2.1/servers/d73ebbf0-9621-4861-aa95-ec504c9f253d 0.204s
2025-11-22 04:33:47.357 66395 INFO tempest.lib.common.rest_client [req-7b829687-5640-49ea-8bcb-7bd0018e0509 req-7b829687-5640-49ea-8bcb-7bd0018e0509 ] Request (ListServersNegativeTestJSON:setUpClass): 200 GET http://10.180.1.21/compute/v2.1/servers/fcb8fb07-55d6-43bf-b9f0-9e9ba6c0287f 0.222s
2025-11-22 04:33:47.363 66353 INFO tempest.common.waiters [-] State transition "REBUILD/rebuild_spawning" ==> "ACTIVE/None" after 9 second wait
2025-11-22 04:33:47.378 66359 INFO tempest.lib.common.rest_client [req-3d579579-41b0-4595-8246-d49f1a1e629c req-3d579579-41b0-4595-8246-d49f1a1e629c ] Request (ListServerFiltersTestJSON:tearDownClass): 404 GET http://10.180.1.21/compute/v2.1/servers/af111d8a-60fb-481d-afcb-ff219ce0de80 0.143s
2025-11-22 04:33:47.419 66357 INFO tempest.lib.common.rest_client [req-3105b15b-cac7-4289-9c5e-4b8df8f6375b req-3105b15b-cac7-4289-9c5e-4b8df8f6375b ] Request (ListImageFiltersTestJSON:tearDownClass): 201 POST http://10.180.1.21/identity/v3/auth/tokens 0.070s
2025-11-22 04:33:47.428 66401 INFO tempest.lib.common.rest_client [req-59e80cbd-90ea-49ff-a7e0-b183e5cb5bcb req-59e80cbd-90ea-49ff-a7e0-b183e5cb5bcb ] Request (ServerRescueTestJSONUnderV235:setUpClass): 200 GET http://10.180.1.21/compute/v2.1/servers/74312858-c98b-4e8b-8a88-bff32a5a8a94 0.183s
2025-11-22 04:33:47.436 66401 INFO tempest.common.waiters [-] State transition "BUILD/scheduling" ==> "BUILD/None" after 1 second wait
2025-11-22 04:33:47.520 66357 INFO tempest.lib.common.rest_client [req-09252f84-1d1b-49d6-8845-a7e233c90898 req-09252f84-1d1b-49d6-8845-a7e233c90898 ] Request (ListImageFiltersTestJSON:tearDownClass): 200 GET http://10.180.1.21/networking/v2.0/security-groups?tenant_id=ffc2c7112a03498fb742ea1f3c7a407f&name=default 0.101s
2025-11-22 04:33:47.563 66351 INFO tempest.lib.common.rest_client [req-d50b4171-d9a8-490c-aac5-c97a71015bb1 req-d50b4171-d9a8-490c-aac5-c97a71015bb1 ] Request (ServerActionsTestJSON:test_lock_unlock_server): 200 GET http://10.180.1.21/compute/v2.1/servers/11af8a7e-1dc4-4b12-8834-f57b7d891134 0.395s
2025-11-22 04:33:47.614 66357 INFO tempest.lib.common.rest_client [req-17a138a5-0fca-49f6-804f-ad612ab691a5 req-17a138a5-0fca-49f6-804f-ad612ab691a5 ] Request (ListImageFiltersTestJSON:tearDownClass): 204 DELETE http://10.180.1.21/networking/v2.0/security-groups/fdc7601c-fb13-4bed-8af5-454bff4da6cf 0.093s
2025-11-22 04:33:47.646 66361 INFO tempest.lib.common.rest_client [req-7d45870b-0f13-4500-b856-b1b687b816fc req-7d45870b-0f13-4500-b856-b1b687b816fc ] Request (FloatingIPsAssociationTestJSON:tearDownClass): 200 GET http://10.180.1.21/compute/v2.1/servers/0704d636-7818-4603-9ff6-f0acf9e01072 0.334s
2025-11-22 04:33:47.684 66357 INFO tempest.lib.common.rest_client [req-c024159f-7180-44ec-96d3-e32f17d1098a req-c024159f-7180-44ec-96d3-e32f17d1098a ] Request (ListImageFiltersTestJSON:tearDownClass): 204 DELETE http://10.180.1.21/identity/v3/projects/ffc2c7112a03498fb742ea1f3c7a407f 0.070s
2025-11-22 04:33:47.685 66357 INFO tempest.test [-] raised in ServerStableDeviceRescueTest.setUpClass. Invoking tearDownClass.
2025-11-22 04:33:47.761 66357 INFO tempest.lib.common.rest_client [req-0d19f797-8ee1-41d9-adf1-154ab3e6b1b7 req-0d19f797-8ee1-41d9-adf1-154ab3e6b1b7 ] Request (AttachVolumeTestJSON:setUpClass): 201 POST http://10.180.1.21/identity/v3/auth/tokens 0.072s
2025-11-22 04:33:47.779 66397 INFO tempest.lib.common.rest_client [req-bf330917-9bb6-4c3d-985a-2618b775253d req-bf330917-9bb6-4c3d-985a-2618b775253d ] Request (DeleteServersTestJSON:test_delete_server_while_in_shutoff_state): 202 POST http://10.180.1.21/compute/v2.1/servers 0.482s
2025-11-22 04:33:47.796 66353 INFO tempest.lib.common.rest_client [req-d29d1604-7dae-4797-94ec-25b2dce5a3bb req-d29d1604-7dae-4797-94ec-25b2dce5a3bb ] Request (ServerDiskConfigTestJSON:test_rebuild_server_with_auto_disk_config): 200 GET http://10.180.1.21/compute/v2.1/servers/d73ebbf0-9621-4861-aa95-ec504c9f253d 0.433s
2025-11-22 04:33:47.802 66357 INFO tempest.lib.common.rest_client [req-f8c0b98b-24ba-4d8c-9eca-020624b15aab req-f8c0b98b-24ba-4d8c-9eca-020624b15aab ] Request (AttachVolumeTestJSON:setUpClass): 201 POST http://10.180.1.21/identity/v3/auth/tokens 0.037s
2025-11-22 04:33:47.831 66357 INFO tempest.lib.common.rest_client [req-95207850-12ca-45e1-8678-fe33de9940ed req-95207850-12ca-45e1-8678-fe33de9940ed ] Request (AttachVolumeTestJSON:setUpClass): 200 GET http://10.180.1.21/identity/v3/domains?name=Default 0.028s
2025-11-22 04:33:47.864 66357 INFO tempest.lib.common.rest_client [req-15e2052c-c5cb-4dea-a706-199a772a8bd3 req-15e2052c-c5cb-4dea-a706-199a772a8bd3 ] Request (AttachVolumeTestJSON:setUpClass): 201 POST http://10.180.1.21/identity/v3/projects 0.033s
2025-11-22 04:33:47.873 66359 INFO tempest.lib.common.rest_client [req-016365e9-247e-42bc-a16f-f5061c460299 req-016365e9-247e-42bc-a16f-f5061c460299 ] Request (ListServerFiltersTestJSON:tearDownClass): 204 DELETE http://10.180.1.21/compute/v2.1/servers/8dc53e6b-d2df-446f-af12-73f67b717546 0.495s
2025-11-22 04:33:47.878 66389 INFO tempest.lib.common.rest_client [req-f3807986-fcff-4e5a-a6da-c16668fd85bf req-f3807986-fcff-4e5a-a6da-c16668fd85bf ] Request (ServerActionsV293TestJSON:tearDownClass): 200 GET http://10.180.1.21/compute/v2.1/servers/0c0776eb-2d06-4038-9515-5ce1c16113f8 0.464s
2025-11-22 04:33:47.935 66357 INFO tempest.lib.common.rest_client [req-ab568a5d-d53b-4d0b-85c2-e9ad87681abc req-ab568a5d-d53b-4d0b-85c2-e9ad87681abc ] Request (AttachVolumeTestJSON:setUpClass): 201 POST http://10.180.1.21/identity/v3/users 0.070s
2025-11-22 04:33:47.953 66355 INFO tempest.lib.common.rest_client [req-fd2938d0-be24-44c7-8673-0bf1511f95f2 req-fd2938d0-be24-44c7-8673-0bf1511f95f2 ] Request (ServersAdminTestJSON:tearDownClass): 200 GET http://10.180.1.21/compute/v2.1/servers/81fdad7d-883c-4c7a-af16-84abf73eded1 0.362s
2025-11-22 04:33:47.957 66357 INFO tempest.lib.common.rest_client [req-71d1b125-f8a6-4556-9439-d8c04b7f8771 req-71d1b125-f8a6-4556-9439-d8c04b7f8771 ] Request (AttachVolumeTestJSON:setUpClass): 200 GET http://10.180.1.21/identity/v3/roles 0.022s
2025-11-22 04:33:47.983 66409 INFO tempest.lib.common.rest_client [req-5cdc280f-b572-4fca-9afe-30802406e627 req-5cdc280f-b572-4fca-9afe-30802406e627 ] Request (ServersTestMultiNic:test_verify_duplicate_network_nics): 200 GET http://10.180.1.21/compute/v2.1/servers/83d5bacb-9667-4ed3-b9d1-99d5ea88bb89 0.482s
2025-11-22 04:33:47.984 66357 INFO tempest.lib.common.rest_client [req-392d9d68-7caa-45d2-88a6-ec8d97d7b02c req-392d9d68-7caa-45d2-88a6-ec8d97d7b02c ] Request (AttachVolumeTestJSON:setUpClass): 204 PUT http://10.180.1.21/identity/v3/projects/442f1894b0da4e139b2a8090c12161f6/users/7ef189de24b04bc19935659b6851c7d8/roles/29412f339a6c4112bea53e0eb99ea894 0.026s
2025-11-22 04:33:47.984 66357 INFO tempest.lib.common.dynamic_creds [-] Dynamic test user 7ef189de24b04bc19935659b6851c7d8 is created with scope project and roles: ['member']
2025-11-22 04:33:47.985 66357 INFO tempest.lib.common.dynamic_creds [-] Acquired dynamic creds: credentials: Credentials: {'domain_id': 'default', 'domain_name': 'Default', 'username': 'tempest-AttachVolumeTestJSON-243931194-project-member', 'project_domain_id': 'default', 'project_domain_name': 'Default', 'project_id': '442f1894b0da4e139b2a8090c12161f6', 'project_name': 'tempest-AttachVolumeTestJSON-243931194', 'tenant_id': '442f1894b0da4e139b2a8090c12161f6', 'tenant_name': 'tempest-AttachVolumeTestJSON-243931194', 'user_domain_id': 'default', 'user_domain_name': 'Default', 'user_id': '7ef189de24b04bc19935659b6851c7d8', 'system': None}, Network: None, Subnet: None, Router: None
2025-11-22 04:33:48.009 66363 INFO tempest.lib.common.rest_client [req-8eb8466b-fbdd-4eaa-8230-910a4e79c6ee req-8eb8466b-fbdd-4eaa-8230-910a4e79c6ee ] Request (ServersTestJSON:test_create_server_with_ipv6_addr_only): 200 GET http://10.180.1.21/compute/v2.1/servers/b5df23ab-4391-426b-a590-c3df6e305e6a 0.351s
2025-11-22 04:33:48.054 66397 INFO tempest.lib.common.rest_client [req-9734615f-4d81-4bab-8e48-d00d299305ed req-9734615f-4d81-4bab-8e48-d00d299305ed ] Request (DeleteServersTestJSON:test_delete_server_while_in_shutoff_state): 200 GET http://10.180.1.21/compute/v2.1/servers/8564acfe-4596-45e1-9161-b71d78cdfdb1 0.273s
2025-11-22 04:33:48.054 66391 INFO tempest.lib.common.rest_client [req-57e51ff5-3581-489c-a5b9-cd1f4222582e req-57e51ff5-3581-489c-a5b9-cd1f4222582e ] Request (ServersNegativeTestMultiTenantJSON:setUpClass): 200 GET http://10.180.1.21/compute/v2.1/servers/5fac991d-13a1-41b3-acaa-c4f4e04fe67b 0.335s
2025-11-22 04:33:48.066 66357 INFO tempest.lib.common.rest_client [req-ab35a301-b275-4143-b4ea-da50e9911bd8 req-ab35a301-b275-4143-b4ea-da50e9911bd8 ] Request (AttachVolumeTestJSON:setUpClass): 201 POST http://10.180.1.21/identity/v3/auth/tokens 0.081s
2025-11-22 04:33:48.165 66353 INFO tempest.lib.common.rest_client [req-36990a03-0e02-44f7-95ca-43293733387d req-36990a03-0e02-44f7-95ca-43293733387d ] Request (ServerDiskConfigTestJSON:_run_cleanups): 204 DELETE http://10.180.1.21/compute/v2.1/servers/d73ebbf0-9621-4861-aa95-ec504c9f253d 0.361s
2025-11-22 04:33:48.198 66377 INFO tempest.lib.common.rest_client [req-c4cceac6-e5d4-443b-ab1f-6484ee125262 req-c4cceac6-e5d4-443b-ab1f-6484ee125262 ] Request (MigrationsAdminTest:test_resize_server_revert_deleted_flavor): 200 GET http://10.180.1.21/compute/v2.1/servers/d742aec9-0d98-4b84-a109-ade52aeb78a4 0.365s
2025-11-22 04:33:48.266 66353 INFO tempest.lib.common.rest_client [req-678e7eda-c8cf-430c-b184-20f5dbb93f1c req-678e7eda-c8cf-430c-b184-20f5dbb93f1c ] Request (ServerDiskConfigTestJSON:test_rebuild_server_with_manual_disk_config): 201 POST http://10.180.1.21/identity/v3/auth/tokens 0.095s
2025-11-22 04:33:48.267 66353 INFO tempest.lib.common.fixed_network [-] (ServerDiskConfigTestJSON:test_rebuild_server_with_manual_disk_config) Found network {'id': '08d68a3d-fee0-4e32-bd2b-52553994a1a4', 'name': 'tempest-ServerDiskConfigTestJSON-1687727522-network', 'tenant_id': '85f9088c6d11482994eeb300852b0c37', 'project_id': '85f9088c6d11482994eeb300852b0c37', 'admin_state_up': True, 'mtu': 8950, 'status': 'ACTIVE', 'subnets': [], 'shared': False, 'port_security_enabled': True, 'router:external': False, 'provider:network_type': 'vlan', 'provider:physical_network': 'default', 'provider:segmentation_id': 695, 'availability_zone_hints': [], 'availability_zones': [], 'ipv4_address_scope': None, 'ipv6_address_scope': None, 'description': '', 'tags': [], 'created_at': '2025-11-22T04:32:41Z', 'updated_at': '2025-11-22T04:32:41Z', 'revision_number': 1} available for tenant
2025-11-22 04:33:48.323 66403 INFO tempest.lib.common.rest_client [req-21ceb9af-a843-44f9-9b54-b6a7d0979302 req-21ceb9af-a843-44f9-9b54-b6a7d0979302 ] Request (ServersNegativeTestJSON:test_create_server_from_non_bootable_volume): 200 GET http://10.180.1.21/volume/v3/volumes/46e45ca3-278b-42a3-acc1-f9a0de5a3a8d 0.037s
2025-11-22 04:33:48.330 66403 INFO tempest.common.waiters [-] volume 46e45ca3-278b-42a3-acc1-f9a0de5a3a8d reached available after waiting for 1.330538 seconds
2025-11-22 04:33:48.335 66381 INFO tempest.lib.common.rest_client [req-b3334d5f-d20b-4cea-b276-349724abf890 req-b3334d5f-d20b-4cea-b276-349724abf890 ] Request (ImagesTestJSON:test_create_server_from_snapshot): 200 GET http://10.180.1.21/compute/v2.1/servers/bf74f214-31bd-463e-b74e-f4e6d9b26f2a 0.442s
2025-11-22 04:33:48.355 66359 INFO tempest.lib.common.rest_client [req-e4f0456e-84a1-46bb-9bd8-35a75837cd9b req-e4f0456e-84a1-46bb-9bd8-35a75837cd9b ] Request (ListServerFiltersTestJSON:tearDownClass): 200 GET http://10.180.1.21/compute/v2.1/servers/8dc53e6b-d2df-446f-af12-73f67b717546 0.481s
2025-11-22 04:33:48.376 66403 INFO tempest.lib.common.rest_client [req-c4df8107-cf50-4814-adbd-9ee8b86d47bb req-c4df8107-cf50-4814-adbd-9ee8b86d47bb ] Request (ServersNegativeTestJSON:test_create_server_from_non_bootable_volume): 200 POST http://10.180.1.21/volume/v3/volumes/46e45ca3-278b-42a3-acc1-f9a0de5a3a8d/action 0.045s
2025-11-22 04:33:48.376 66357 INFO tempest.lib.common.rest_client [req-5d7ecede-2766-4902-a47a-97944b49d2a7 req-5d7ecede-2766-4902-a47a-97944b49d2a7 ] Request (AttachVolumeTestJSON:setUpClass): 201 POST http://10.180.1.21/networking/v2.0/networks 0.310s
2025-11-22 04:33:48.412 66403 INFO tempest.lib.common.rest_client [req-492e6057-28c7-4686-97fc-bdf9616cdd86 req-492e6057-28c7-4686-97fc-bdf9616cdd86 ] Request (ServersNegativeTestJSON:test_create_server_from_non_bootable_volume): 200 GET http://10.180.1.21/volume/v3/volumes/46e45ca3-278b-42a3-acc1-f9a0de5a3a8d 0.036s
2025-11-22 04:33:48.480 66387 INFO tempest.lib.common.rest_client [req-f5fb8a2d-5993-44b0-b97b-f26629a87697 req-f5fb8a2d-5993-44b0-b97b-f26629a87697 ] Request (ServerActionsTestOtherA:test_rebuild_server_in_stop_state): 200 GET http://10.180.1.21/compute/v2.1/servers/21b2e418-877f-4710-881f-a82f2d194a84 0.369s
2025-11-22 04:33:48.499 66403 INFO tempest.lib.common.rest_client [req-26594183-a8e3-49de-85bf-c70e04582660 req-26594183-a8e3-49de-85bf-c70e04582660 ] Request (ServersNegativeTestJSON:test_create_server_from_non_bootable_volume): 201 POST http://10.180.1.21/identity/v3/auth/tokens 0.071s
2025-11-22 04:33:48.499 66403 INFO tempest.lib.common.fixed_network [-] (ServersNegativeTestJSON:test_create_server_from_non_bootable_volume) Found network {'id': 'f4af0be7-1f77-4b64-aeac-b0ed40113622', 'name': 'tempest-ServersNegativeTestJSON-400980315-network', 'tenant_id': '85c88c13c331484da8ae58036e7acaf0', 'project_id': '85c88c13c331484da8ae58036e7acaf0', 'admin_state_up': True, 'mtu': 8950, 'status': 'ACTIVE', 'subnets': [], 'shared': False, 'port_security_enabled': True, 'router:external': False, 'provider:network_type': 'vlan', 'provider:physical_network': 'default', 'provider:segmentation_id': 603, 'availability_zone_hints': [], 'availability_zones': [], 'ipv4_address_scope': None, 'ipv6_address_scope': None, 'description': '', 'tags': [], 'created_at': '2025-11-22T04:31:47Z', 'updated_at': '2025-11-22T04:31:47Z', 'revision_number': 1} available for tenant
2025-11-22 04:33:48.502 66413 INFO tempest.lib.common.rest_client [req-8f57a244-9a79-437b-8d86-2a48161f4a5e req-8f57a244-9a79-437b-8d86-2a48161f4a5e ] Request (SecurityGroupsTestJSON:test_list_security_groups_by_server): 200 GET http://10.180.1.21/compute/v2.1/servers/80e7ac8d-151b-4746-b462-c6a7cf9ba1dc 0.253s
2025-11-22 04:33:48.598 66357 INFO tempest.lib.common.rest_client [req-7777ff4e-3db5-45b4-82f7-2e8fd773bb83 req-7777ff4e-3db5-45b4-82f7-2e8fd773bb83 ] Request (AttachVolumeTestJSON:setUpClass): 201 POST http://10.180.1.21/networking/v2.0/subnets 0.221s
2025-11-22 04:33:48.640 66395 INFO tempest.lib.common.rest_client [req-546596fd-a33c-42b1-8b4b-ec9814f2be3b req-546596fd-a33c-42b1-8b4b-ec9814f2be3b ] Request (ListServersNegativeTestJSON:setUpClass): 200 GET http://10.180.1.21/compute/v2.1/servers/fcb8fb07-55d6-43bf-b9f0-9e9ba6c0287f 0.275s
2025-11-22 04:33:48.745 66401 INFO tempest.lib.common.rest_client [req-01951286-46e2-4039-ab4a-3e291d080bcb req-01951286-46e2-4039-ab4a-3e291d080bcb ] Request (ServerRescueTestJSONUnderV235:setUpClass): 200 GET http://10.180.1.21/compute/v2.1/servers/74312858-c98b-4e8b-8a88-bff32a5a8a94 0.309s
2025-11-22 04:33:48.810 66403 INFO tempest.lib.common.rest_client [req-0860eba4-4e0e-451e-9315-5bd97c2f3785 req-0860eba4-4e0e-451e-9315-5bd97c2f3785 ] Request (ServersNegativeTestJSON:test_create_server_from_non_bootable_volume): 400 POST http://10.180.1.21/compute/v2.1/servers 0.310s
2025-11-22 04:33:48.937 66353 INFO tempest.lib.common.rest_client [req-a318d287-dbf8-4a45-974e-b2cd0a833733 req-a318d287-dbf8-4a45-974e-b2cd0a833733 ] Request (ServerDiskConfigTestJSON:test_rebuild_server_with_manual_disk_config): 202 POST http://10.180.1.21/compute/v2.1/servers 0.670s
2025-11-22 04:33:48.946 66351 INFO tempest.lib.common.rest_client [req-c899fb3e-7eab-48fe-bfc6-70c59a6a4979 req-c899fb3e-7eab-48fe-bfc6-70c59a6a4979 ] Request (ServerActionsTestJSON:test_lock_unlock_server): 200 GET http://10.180.1.21/compute/v2.1/servers/11af8a7e-1dc4-4b12-8834-f57b7d891134 0.373s
2025-11-22 04:33:49.052 66361 INFO tempest.lib.common.rest_client [req-18e3620f-60bd-4aaa-b771-9c9f57f6a4c9 req-18e3620f-60bd-4aaa-b771-9c9f57f6a4c9 ] Request (FloatingIPsAssociationTestJSON:tearDownClass): 200 GET http://10.180.1.21/compute/v2.1/servers/0704d636-7818-4603-9ff6-f0acf9e01072 0.394s
2025-11-22 04:33:49.189 66403 INFO tempest.lib.common.rest_client [req-e2019a10-feda-4b7b-a0df-3a93e98243b1 req-e2019a10-feda-4b7b-a0df-3a93e98243b1 ] Request (ServersNegativeTestJSON:tearDown): 200 GET http://10.180.1.21/compute/v2.1/servers/6ab2835a-8d7b-4fd9-93cc-29141cbf1447 0.378s
2025-11-22 04:33:49.212 66389 INFO tempest.lib.common.rest_client [req-279ed97a-17c0-4ede-983f-b1be56163a87 req-279ed97a-17c0-4ede-983f-b1be56163a87 ] Request (ServerActionsV293TestJSON:tearDownClass): 200 GET http://10.180.1.21/compute/v2.1/servers/0c0776eb-2d06-4038-9515-5ce1c16113f8 0.323s
2025-11-22 04:33:49.264 66353 INFO tempest.lib.common.rest_client [req-102cbffd-270b-4626-ba51-54c3dab64d18 req-102cbffd-270b-4626-ba51-54c3dab64d18 ] Request (ServerDiskConfigTestJSON:test_rebuild_server_with_manual_disk_config): 200 GET http://10.180.1.21/compute/v2.1/servers/f0bcf184-5715-4d46-b5f5-6df4c361e8d3 0.324s
2025-11-22 04:33:49.342 66355 INFO tempest.lib.common.rest_client [req-26c62405-14d2-49b3-8575-20841567f511 req-26c62405-14d2-49b3-8575-20841567f511 ] Request (ServersAdminTestJSON:tearDownClass): 200 GET http://10.180.1.21/compute/v2.1/servers/81fdad7d-883c-4c7a-af16-84abf73eded1 0.380s
2025-11-22 04:33:49.432 66363 INFO tempest.lib.common.rest_client [req-d3b119f2-f7ff-4b86-b4a6-f727d0676685 req-d3b119f2-f7ff-4b86-b4a6-f727d0676685 ] Request (ServersTestJSON:test_create_server_with_ipv6_addr_only): 200 GET http://10.180.1.21/compute/v2.1/servers/b5df23ab-4391-426b-a590-c3df6e305e6a 0.409s
2025-11-22 04:33:49.456 66409 INFO tempest.lib.common.rest_client [req-9a49e4a0-4d9d-4c72-9edf-d813a67f66c8 req-9a49e4a0-4d9d-4c72-9edf-d813a67f66c8 ] Request (ServersTestMultiNic:test_verify_duplicate_network_nics): 200 GET http://10.180.1.21/compute/v2.1/servers/83d5bacb-9667-4ed3-b9d1-99d5ea88bb89 0.461s
2025-11-22 04:33:49.523 66391 INFO tempest.lib.common.rest_client [req-31352a4d-a693-4d48-9fa2-5ecb85a0aa7f req-31352a4d-a693-4d48-9fa2-5ecb85a0aa7f ] Request (ServersNegativeTestMultiTenantJSON:setUpClass): 200 GET http://10.180.1.21/compute/v2.1/servers/5fac991d-13a1-41b3-acaa-c4f4e04fe67b 0.458s
2025-11-22 04:33:49.529 66357 INFO tempest.lib.common.rest_client [req-cbc151ff-4c0e-4d0a-87e2-3b947f33260f req-cbc151ff-4c0e-4d0a-87e2-3b947f33260f ] Request (AttachVolumeTestJSON:setUpClass): 201 POST http://10.180.1.21/networking/v2.0/routers 0.931s
2025-11-22 04:33:49.539 66397 INFO tempest.lib.common.rest_client [req-8a6b4d90-e8ef-4765-a758-d0594db694c3 req-8a6b4d90-e8ef-4765-a758-d0594db694c3 ] Request (DeleteServersTestJSON:test_delete_server_while_in_shutoff_state): 200 GET http://10.180.1.21/compute/v2.1/servers/8564acfe-4596-45e1-9161-b71d78cdfdb1 0.468s
2025-11-22 04:33:49.548 66397 INFO tempest.common.waiters [-] State transition "BUILD/scheduling" ==> "BUILD/None" after 1 second wait
2025-11-22 04:33:49.686 66403 INFO tempest.lib.common.rest_client [req-5c25355a-1d6c-4aa0-8aeb-839bbbcff90e req-5c25355a-1d6c-4aa0-8aeb-839bbbcff90e ] Request (ServersNegativeTestJSON:setUp): 200 GET http://10.180.1.21/compute/v2.1/servers/6ab2835a-8d7b-4fd9-93cc-29141cbf1447 0.486s
2025-11-22 04:33:49.714 66377 INFO tempest.lib.common.rest_client [req-a9bda9de-d5b0-48a9-b854-99205d0eb50f req-a9bda9de-d5b0-48a9-b854-99205d0eb50f ] Request (MigrationsAdminTest:test_resize_server_revert_deleted_flavor): 200 GET http://10.180.1.21/compute/v2.1/servers/d742aec9-0d98-4b84-a109-ade52aeb78a4 0.503s
2025-11-22 04:33:49.754 66381 INFO tempest.lib.common.rest_client [req-892d2160-5956-4518-b6e8-e5939911a4d1 req-892d2160-5956-4518-b6e8-e5939911a4d1 ] Request (ImagesTestJSON:test_create_server_from_snapshot): 200 GET http://10.180.1.21/compute/v2.1/servers/bf74f214-31bd-463e-b74e-f4e6d9b26f2a 0.408s
2025-11-22 04:33:49.830 66359 INFO tempest.lib.common.rest_client [req-7ea9f2bc-6cdd-4ac9-ba19-3b13e14c0ee7 req-7ea9f2bc-6cdd-4ac9-ba19-3b13e14c0ee7 ] Request (ListServerFiltersTestJSON:tearDownClass): 200 GET http://10.180.1.21/compute/v2.1/servers/8dc53e6b-d2df-446f-af12-73f67b717546 0.461s
2025-11-22 04:33:49.903 66403 INFO tempest.lib.common.rest_client [req-76b6875b-0a18-4c99-b9a3-4e667513d2de req-76b6875b-0a18-4c99-b9a3-4e667513d2de ] Request (ServersNegativeTestJSON:test_create_server_invalid_bdm_in_2nd_dict): 202 POST http://10.180.1.21/volume/v3/volumes 0.204s
2025-11-22 04:33:49.926 66387 INFO tempest.lib.common.rest_client [req-1459289d-3c54-4b01-8fdd-6e292bc8ce89 req-1459289d-3c54-4b01-8fdd-6e292bc8ce89 ] Request (ServerActionsTestOtherA:test_rebuild_server_in_stop_state): 200 GET http://10.180.1.21/compute/v2.1/servers/21b2e418-877f-4710-881f-a82f2d194a84 0.434s
2025-11-22 04:33:49.953 66403 INFO tempest.lib.common.rest_client [req-a6a16d5c-24a4-4baa-ba46-4a6bbc16824f req-a6a16d5c-24a4-4baa-ba46-4a6bbc16824f ] Request (ServersNegativeTestJSON:test_create_server_invalid_bdm_in_2nd_dict): 200 GET http://10.180.1.21/volume/v3/volumes/895ccfb1-302d-406d-97c9-80cd9688d997 0.043s
2025-11-22 04:33:49.995 66413 INFO tempest.lib.common.rest_client [req-35faed11-ef24-4ddc-9d5d-258b8f61119d req-35faed11-ef24-4ddc-9d5d-258b8f61119d ] Request (SecurityGroupsTestJSON:test_list_security_groups_by_server): 200 GET http://10.180.1.21/compute/v2.1/servers/80e7ac8d-151b-4746-b462-c6a7cf9ba1dc 0.484s
2025-11-22 04:33:50.384 66395 INFO tempest.lib.common.rest_client [req-01f70b16-fce4-4436-a08b-9bdfe4aa784a req-01f70b16-fce4-4436-a08b-9bdfe4aa784a ] Request (ListServersNegativeTestJSON:setUpClass): 200 GET http://10.180.1.21/compute/v2.1/servers/fcb8fb07-55d6-43bf-b9f0-9e9ba6c0287f 0.735s
2025-11-22 04:33:50.401 66401 INFO tempest.lib.common.rest_client [req-8979367e-8193-43c9-8e5b-7e0be7b7f725 req-8979367e-8193-43c9-8e5b-7e0be7b7f725 ] Request (ServerRescueTestJSONUnderV235:setUpClass): 200 GET http://10.180.1.21/compute/v2.1/servers/74312858-c98b-4e8b-8a88-bff32a5a8a94 0.646s
2025-11-22 04:33:50.607 66357 INFO tempest.lib.common.rest_client [req-bb38a1c4-f6cf-45fc-ac4f-04f44e0b4e24 req-bb38a1c4-f6cf-45fc-ac4f-04f44e0b4e24 ] Request (AttachVolumeTestJSON:setUpClass): 200 PUT http://10.180.1.21/networking/v2.0/routers/315cc45a-4014-469b-92d4-3fe78e115d30/add_router_interface 1.077s
2025-11-22 04:33:50.607 66357 INFO tempest.lib.common.dynamic_creds [-] Created isolated network resources for: credentials: Credentials: {'domain_id': 'default', 'domain_name': 'Default', 'username': 'tempest-AttachVolumeTestJSON-243931194-project-member', 'project_domain_id': 'default', 'project_domain_name': 'Default', 'project_id': '442f1894b0da4e139b2a8090c12161f6', 'project_name': 'tempest-AttachVolumeTestJSON-243931194', 'tenant_id': '442f1894b0da4e139b2a8090c12161f6', 'tenant_name': 'tempest-AttachVolumeTestJSON-243931194', 'user_domain_id': 'default', 'user_domain_name': 'Default', 'user_id': '7ef189de24b04bc19935659b6851c7d8', 'system': None}, Network: {'id': '03d5775a-ab15-49ca-ab4b-a0bfdf2e4b13', 'name': 'tempest-AttachVolumeTestJSON-98507048-network', 'tenant_id': '442f1894b0da4e139b2a8090c12161f6', 'project_id': '442f1894b0da4e139b2a8090c12161f6', 'admin_state_up': True, 'mtu': 8950, 'status': 'ACTIVE', 'subnets': [], 'shared': False, 'port_security_enabled': True, 'router:external': False, 'provider:network_type': 'vlan', 'provider:physical_network': 'default', 'provider:segmentation_id': 774, 'availability_zone_hints': [], 'availability_zones': [], 'ipv4_address_scope': None, 'ipv6_address_scope': None, 'description': '', 'tags': [], 'created_at': '2025-11-22T04:33:48Z', 'updated_at': '2025-11-22T04:33:48Z', 'revision_number': 1}, Subnet: {'id': '9bcecea9-ad19-45d1-930a-0e078379c6e4', 'name': 'tempest-AttachVolumeTestJSON-98507048-subnet', 'tenant_id': '442f1894b0da4e139b2a8090c12161f6', 'network_id': '03d5775a-ab15-49ca-ab4b-a0bfdf2e4b13', 'ip_version': 4, 'subnetpool_id': None, 'enable_dhcp': True, 'ipv6_ra_mode': None, 'ipv6_address_mode': None, 'gateway_ip': '192.168.128.1', 'cidr': '192.168.128.0/28', 'allocation_pools': [{'start': '192.168.128.2', 'end': '192.168.128.14'}], 'host_routes': [], 'dns_nameservers': [], 'description': '', 'router:external': False, 'service_types': [], 'tags': [], 'created_at': '2025-11-22T04:33:48Z', 'updated_at': '2025-11-22T04:33:48Z', 'revision_number': 0, 'project_id': '442f1894b0da4e139b2a8090c12161f6'}, Router: {'id': '315cc45a-4014-469b-92d4-3fe78e115d30', 'name': 'tempest-AttachVolumeTestJSON-98507048-router', 'tenant_id': '442f1894b0da4e139b2a8090c12161f6', 'admin_state_up': True, 'status': 'ACTIVE', 'external_gateway_info': {'network_id': 'f91fcdb9-b67b-4fcd-9181-9dab83686f6f', 'external_fixed_ips': [{'subnet_id': 'e068e256-07b8-4622-8d81-902fabb5a8af', 'ip_address': '10.180.180.211'}], 'enable_snat': True}, 'description': '', 'availability_zones': [], 'distributed': False, 'ha': False, 'availability_zone_hints': [], 'routes': [], 'flavor_id': None, 'tags': [], 'created_at': '2025-11-22T04:33:48Z', 'updated_at': '2025-11-22T04:33:49Z', 'revision_number': 2, 'project_id': '442f1894b0da4e139b2a8090c12161f6'}
2025-11-22 04:33:50.719 66361 INFO tempest.lib.common.rest_client [req-497a51c4-8883-412b-9845-cc7ba4b4235c req-497a51c4-8883-412b-9845-cc7ba4b4235c ] Request (FloatingIPsAssociationTestJSON:tearDownClass): 200 GET http://10.180.1.21/compute/v2.1/servers/0704d636-7818-4603-9ff6-f0acf9e01072 0.657s
2025-11-22 04:33:50.737 66357 INFO tempest.lib.common.rest_client [req-52b9d242-ae82-4ca5-889a-a55633bc5c97 req-52b9d242-ae82-4ca5-889a-a55633bc5c97 ] Request (AttachVolumeTestJSON:setUpClass): 201 POST http://10.180.1.21/identity/v3/auth/tokens 0.127s
2025-11-22 04:33:50.785 66351 INFO tempest.lib.common.rest_client [req-dceea81f-54a7-4ca0-94e0-823999a979bb req-dceea81f-54a7-4ca0-94e0-823999a979bb ] Request (ServerActionsTestJSON:test_lock_unlock_server): 200 GET http://10.180.1.21/compute/v2.1/servers/11af8a7e-1dc4-4b12-8834-f57b7d891134 0.829s
2025-11-22 04:33:50.794 66351 INFO tempest.common.waiters [-] State transition "ACTIVE/powering-off" ==> "SHUTOFF/None" after 3 second wait
2025-11-22 04:33:50.875 66389 INFO tempest.lib.common.rest_client [req-eb4408c5-c725-4478-971d-2c793b687eb8 req-eb4408c5-c725-4478-971d-2c793b687eb8 ] Request (ServerActionsV293TestJSON:tearDownClass): 200 GET http://10.180.1.21/compute/v2.1/servers/0c0776eb-2d06-4038-9515-5ce1c16113f8 0.651s
2025-11-22 04:33:50.900 66353 INFO tempest.lib.common.rest_client [req-5dc3fbd0-8ceb-405c-a47b-7de68e09cdbb req-5dc3fbd0-8ceb-405c-a47b-7de68e09cdbb ] Request (ServerDiskConfigTestJSON:test_rebuild_server_with_manual_disk_config): 200 GET http://10.180.1.21/compute/v2.1/servers/f0bcf184-5715-4d46-b5f5-6df4c361e8d3 0.621s
2025-11-22 04:33:50.909 66353 INFO tempest.common.waiters [-] State transition "BUILD/scheduling" ==> "BUILD/None" after 1 second wait
2025-11-22 04:33:50.967 66355 INFO tempest.lib.common.rest_client [req-79ec71dc-ce29-42ef-b863-a1049db2e93f req-79ec71dc-ce29-42ef-b863-a1049db2e93f ] Request (ServersAdminTestJSON:tearDownClass): 200 GET http://10.180.1.21/compute/v2.1/servers/81fdad7d-883c-4c7a-af16-84abf73eded1 0.613s
2025-11-22 04:33:51.002 66403 INFO tempest.lib.common.rest_client [req-c24fbc09-7395-4395-8059-8c8e465c9f54 req-c24fbc09-7395-4395-8059-8c8e465c9f54 ] Request (ServersNegativeTestJSON:test_create_server_invalid_bdm_in_2nd_dict): 200 GET http://10.180.1.21/volume/v3/volumes/895ccfb1-302d-406d-97c9-80cd9688d997 0.040s
2025-11-22 04:33:51.010 66403 INFO tempest.common.waiters [-] volume 895ccfb1-302d-406d-97c9-80cd9688d997 reached available after waiting for 2.010574 seconds
2025-11-22 04:33:51.015 66363 INFO tempest.lib.common.rest_client [req-4adbf34e-b4f5-40be-8900-1b6b08390d57 req-4adbf34e-b4f5-40be-8900-1b6b08390d57 ] Request (ServersTestJSON:test_create_server_with_ipv6_addr_only): 200 GET http://10.180.1.21/compute/v2.1/servers/b5df23ab-4391-426b-a590-c3df6e305e6a 0.575s
2025-11-22 04:33:51.065 66403 INFO tempest.lib.common.rest_client [req-9b07a10b-baf5-4ed3-9f12-31d69ea0b7d8 req-9b07a10b-baf5-4ed3-9f12-31d69ea0b7d8 ] Request (ServersNegativeTestJSON:test_create_server_invalid_bdm_in_2nd_dict): 201 POST http://10.180.1.21/identity/v3/auth/tokens 0.052s
2025-11-22 04:33:51.066 66403 INFO tempest.lib.common.fixed_network [-] (ServersNegativeTestJSON:test_create_server_invalid_bdm_in_2nd_dict) Found network {'id': 'f4af0be7-1f77-4b64-aeac-b0ed40113622', 'name': 'tempest-ServersNegativeTestJSON-400980315-network', 'tenant_id': '85c88c13c331484da8ae58036e7acaf0', 'project_id': '85c88c13c331484da8ae58036e7acaf0', 'admin_state_up': True, 'mtu': 8950, 'status': 'ACTIVE', 'subnets': [], 'shared': False, 'port_security_enabled': True, 'router:external': False, 'provider:network_type': 'vlan', 'provider:physical_network': 'default', 'provider:segmentation_id': 603, 'availability_zone_hints': [], 'availability_zones': [], 'ipv4_address_scope': None, 'ipv6_address_scope': None, 'description': '', 'tags': [], 'created_at': '2025-11-22T04:31:47Z', 'updated_at': '2025-11-22T04:31:47Z', 'revision_number': 1} available for tenant
2025-11-22 04:33:51.163 66391 INFO tempest.lib.common.rest_client [req-ce3c628d-e74d-4e33-a93e-3708c9661b69 req-ce3c628d-e74d-4e33-a93e-3708c9661b69 ] Request (ServersNegativeTestMultiTenantJSON:setUpClass): 200 GET http://10.180.1.21/compute/v2.1/servers/5fac991d-13a1-41b3-acaa-c4f4e04fe67b 0.631s
2025-11-22 04:33:51.186 66409 INFO tempest.lib.common.rest_client [req-b023ec16-7e21-4905-950a-c6ca03bed65b req-b023ec16-7e21-4905-950a-c6ca03bed65b ] Request (ServersTestMultiNic:test_verify_duplicate_network_nics): 200 GET http://10.180.1.21/compute/v2.1/servers/83d5bacb-9667-4ed3-b9d1-99d5ea88bb89 0.717s
2025-11-22 04:33:51.242 66397 INFO tempest.lib.common.rest_client [req-2ba1355f-e74b-4e82-85d9-9a245fe5e7f1 req-2ba1355f-e74b-4e82-85d9-9a245fe5e7f1 ] Request (DeleteServersTestJSON:test_delete_server_while_in_shutoff_state): 200 GET http://10.180.1.21/compute/v2.1/servers/8564acfe-4596-45e1-9161-b71d78cdfdb1 0.689s
2025-11-22 04:33:51.318 66377 INFO tempest.lib.common.rest_client [req-4c52d71f-c27b-4a50-aefb-06622ec28ac8 req-4c52d71f-c27b-4a50-aefb-06622ec28ac8 ] Request (MigrationsAdminTest:test_resize_server_revert_deleted_flavor): 200 GET http://10.180.1.21/compute/v2.1/servers/d742aec9-0d98-4b84-a109-ade52aeb78a4 0.585s
2025-11-22 04:33:51.354 66357 INFO tempest.lib.common.rest_client [req-50bde6d2-510a-460d-bfe6-bf693ace4218 req-50bde6d2-510a-460d-bfe6-bf693ace4218 ] Request (ValidationResourcesFixture:setUp): 200 POST http://10.180.1.21/compute/v2.1/os-keypairs 0.614s
2025-11-22 04:33:51.375 66381 INFO tempest.lib.common.rest_client [req-fd926e1d-d59c-4c6c-bdda-dc2f2f884bf5 req-fd926e1d-d59c-4c6c-bdda-dc2f2f884bf5 ] Request (ImagesTestJSON:test_create_server_from_snapshot): 200 GET http://10.180.1.21/compute/v2.1/servers/bf74f214-31bd-463e-b74e-f4e6d9b26f2a 0.609s
2025-11-22 04:33:51.413 66351 INFO tempest.lib.common.rest_client [req-bf047ebb-8352-4a94-bba6-67903e11ee89 req-bf047ebb-8352-4a94-bba6-67903e11ee89 ] Request (ServerActionsTestJSON:test_lock_unlock_server): 202 POST http://10.180.1.21/compute/v2.1/servers/11af8a7e-1dc4-4b12-8834-f57b7d891134/action 0.618s
2025-11-22 04:33:51.444 66359 INFO tempest.lib.common.rest_client [req-3eda3e31-a9d7-4e93-ab26-0d902d3912ee req-3eda3e31-a9d7-4e93-ab26-0d902d3912ee ] Request (ListServerFiltersTestJSON:tearDownClass): 200 GET http://10.180.1.21/compute/v2.1/servers/8dc53e6b-d2df-446f-af12-73f67b717546 0.602s
2025-11-22 04:33:51.488 66357 INFO tempest.lib.common.rest_client [req-35f0f715-cab4-4fe1-b3b3-cb4f8c05d782 req-35f0f715-cab4-4fe1-b3b3-cb4f8c05d782 ] Request (ValidationResourcesFixture:setUp): 201 POST http://10.180.1.21/networking/v2.0/security-groups 0.132s
2025-11-22 04:33:51.507 66413 INFO tempest.lib.common.rest_client [req-a4e389f5-4daf-46c9-886a-f50b785929ea req-a4e389f5-4daf-46c9-886a-f50b785929ea ] Request (SecurityGroupsTestJSON:test_list_security_groups_by_server): 200 GET http://10.180.1.21/compute/v2.1/servers/80e7ac8d-151b-4746-b462-c6a7cf9ba1dc 0.502s
2025-11-22 04:33:51.519 66403 INFO tempest.lib.common.rest_client [req-48f16f42-eea7-47d0-b131-d68922c885a9 req-48f16f42-eea7-47d0-b131-d68922c885a9 ] Request (ServersNegativeTestJSON:test_create_server_invalid_bdm_in_2nd_dict): 400 POST http://10.180.1.21/compute/v2.1/servers 0.452s
2025-11-22 04:33:51.586 66387 INFO tempest.lib.common.rest_client [req-cfb0388b-44c2-4a1d-9fb6-6edf9968f8fe req-cfb0388b-44c2-4a1d-9fb6-6edf9968f8fe ] Request (ServerActionsTestOtherA:test_rebuild_server_in_stop_state): 200 GET http://10.180.1.21/compute/v2.1/servers/21b2e418-877f-4710-881f-a82f2d194a84 0.644s
2025-11-22 04:33:51.604 66395 INFO tempest.lib.common.rest_client [req-8b49e7e5-8f28-4000-b51a-dd2fac924395 req-8b49e7e5-8f28-4000-b51a-dd2fac924395 ] Request (ListServersNegativeTestJSON:setUpClass): 200 GET http://10.180.1.21/compute/v2.1/servers/fcb8fb07-55d6-43bf-b9f0-9e9ba6c0287f 0.200s
2025-11-22 04:33:51.607 66357 INFO tempest.lib.common.rest_client [req-143e0ed0-42fa-47e6-bc50-5605db899e68 req-143e0ed0-42fa-47e6-bc50-5605db899e68 ] Request (ValidationResourcesFixture:setUp): 201 POST http://10.180.1.21/networking/v2.0/security-group-rules 0.118s
2025-11-22 04:33:51.618 66395 INFO tempest.common.waiters [-] State transition "ACTIVE/deleting" ==> "DELETED/None" after 4 second wait
2025-11-22 04:33:51.708 66401 INFO tempest.lib.common.rest_client [req-c5eb79c3-1a7b-4100-a178-b1b1034cde36 req-c5eb79c3-1a7b-4100-a178-b1b1034cde36 ] Request (ServerRescueTestJSONUnderV235:setUpClass): 200 GET http://10.180.1.21/compute/v2.1/servers/74312858-c98b-4e8b-8a88-bff32a5a8a94 0.293s
2025-11-22 04:33:51.711 66357 INFO tempest.lib.common.rest_client [req-e114f583-61fb-4d0f-b03e-68d37f1131e2 req-e114f583-61fb-4d0f-b03e-68d37f1131e2 ] Request (ValidationResourcesFixture:setUp): 201 POST http://10.180.1.21/networking/v2.0/security-group-rules 0.103s
2025-11-22 04:33:51.734 66351 INFO tempest.lib.common.rest_client [req-6b4c6b51-5f0e-4f82-aeb1-1276df140ede req-6b4c6b51-5f0e-4f82-aeb1-1276df140ede ] Request (ServerActionsTestJSON:test_lock_unlock_server): 200 GET http://10.180.1.21/compute/v2.1/servers/11af8a7e-1dc4-4b12-8834-f57b7d891134 0.321s
2025-11-22 04:33:51.851 66361 INFO tempest.lib.common.rest_client [req-12a4c8d2-1741-444f-9190-aef37744dc62 req-12a4c8d2-1741-444f-9190-aef37744dc62 ] Request (FloatingIPsAssociationTestJSON:tearDownClass): 200 GET http://10.180.1.21/compute/v2.1/servers/0704d636-7818-4603-9ff6-f0acf9e01072 0.121s
2025-11-22 04:33:51.877 66403 INFO tempest.lib.common.rest_client [req-bd19af54-c783-425c-9a3d-6e04593b62d9 req-bd19af54-c783-425c-9a3d-6e04593b62d9 ] Request (ServersNegativeTestJSON:tearDown): 200 GET http://10.180.1.21/compute/v2.1/servers/6ab2835a-8d7b-4fd9-93cc-29141cbf1447 0.357s
2025-11-22 04:33:51.985 66389 INFO tempest.lib.common.rest_client [req-52a5fd58-f51b-4c00-aa3f-25fd59215d8b req-52a5fd58-f51b-4c00-aa3f-25fd59215d8b ] Request (ServerActionsV293TestJSON:tearDownClass): 200 GET http://10.180.1.21/compute/v2.1/servers/0c0776eb-2d06-4038-9515-5ce1c16113f8 0.095s
2025-11-22 04:33:52.016 66403 INFO tempest.lib.common.rest_client [req-91a4753d-40b5-4677-a11a-643d44216a02 req-91a4753d-40b5-4677-a11a-643d44216a02 ] Request (ServersNegativeTestJSON:setUp): 200 GET http://10.180.1.21/compute/v2.1/servers/6ab2835a-8d7b-4fd9-93cc-29141cbf1447 0.131s
2025-11-22 04:33:52.058 66353 INFO tempest.lib.common.rest_client [req-cc1b1126-bf95-4022-8ae4-4aa51c1d0e29 req-cc1b1126-bf95-4022-8ae4-4aa51c1d0e29 ] Request (ServerDiskConfigTestJSON:test_rebuild_server_with_manual_disk_config): 200 GET http://10.180.1.21/compute/v2.1/servers/f0bcf184-5715-4d46-b5f5-6df4c361e8d3 0.147s
2025-11-22 04:33:52.070 66403 INFO tempest.lib.common.rest_client [req-0341a77f-dfb8-4b86-bd86-8c4e8b177a04 req-0341a77f-dfb8-4b86-bd86-8c4e8b177a04 ] Request (ServersNegativeTestJSON:test_create_server_metadata_exceeds_length_limit): 201 POST http://10.180.1.21/identity/v3/auth/tokens 0.044s
2025-11-22 04:33:52.071 66403 INFO tempest.lib.common.fixed_network [-] (ServersNegativeTestJSON:test_create_server_metadata_exceeds_length_limit) Found network {'id': 'f4af0be7-1f77-4b64-aeac-b0ed40113622', 'name': 'tempest-ServersNegativeTestJSON-400980315-network', 'tenant_id': '85c88c13c331484da8ae58036e7acaf0', 'project_id': '85c88c13c331484da8ae58036e7acaf0', 'admin_state_up': True, 'mtu': 8950, 'status': 'ACTIVE', 'subnets': [], 'shared': False, 'port_security_enabled': True, 'router:external': False, 'provider:network_type': 'vlan', 'provider:physical_network': 'default', 'provider:segmentation_id': 603, 'availability_zone_hints': [], 'availability_zones': [], 'ipv4_address_scope': None, 'ipv6_address_scope': None, 'description': '', 'tags': [], 'created_at': '2025-11-22T04:31:47Z', 'updated_at': '2025-11-22T04:31:47Z', 'revision_number': 1} available for tenant
2025-11-22 04:33:52.100 66355 INFO tempest.lib.common.rest_client [req-14a50e9c-3ebc-4f1d-8325-77b62d6a0b7f req-14a50e9c-3ebc-4f1d-8325-77b62d6a0b7f ] Request (ServersAdminTestJSON:tearDownClass): 200 GET http://10.180.1.21/compute/v2.1/servers/81fdad7d-883c-4c7a-af16-84abf73eded1 0.124s
2025-11-22 04:33:52.105 66403 INFO tempest.lib.common.rest_client [req-91484251-71ff-4123-837d-4dc0c98db958 req-91484251-71ff-4123-837d-4dc0c98db958 ] Request (ServersNegativeTestJSON:test_create_server_metadata_exceeds_length_limit): 400 POST http://10.180.1.21/compute/v2.1/servers 0.034s
2025-11-22 04:33:52.128 66363 INFO tempest.lib.common.rest_client [req-23ec454a-4ca0-4afd-aecc-0aeb790deb8e req-23ec454a-4ca0-4afd-aecc-0aeb790deb8e ] Request (ServersTestJSON:test_create_server_with_ipv6_addr_only): 200 GET http://10.180.1.21/compute/v2.1/servers/b5df23ab-4391-426b-a590-c3df6e305e6a 0.103s
2025-11-22 04:33:52.225 66403 INFO tempest.lib.common.rest_client [req-4e740f9f-2743-42e1-a297-d9172c6dbe42 req-4e740f9f-2743-42e1-a297-d9172c6dbe42 ] Request (ServersNegativeTestJSON:tearDown): 200 GET http://10.180.1.21/compute/v2.1/servers/6ab2835a-8d7b-4fd9-93cc-29141cbf1447 0.119s
2025-11-22 04:33:52.231 66357 INFO tempest.lib.common.rest_client [req-1d3ae7b0-ef72-4394-a44a-39450b78aded req-1d3ae7b0-ef72-4394-a44a-39450b78aded ] Request (ValidationResourcesFixture:setUp): 201 POST http://10.180.1.21/networking/v2.0/floatingips 0.520s
2025-11-22 04:33:52.257 66391 INFO tempest.lib.common.rest_client [req-1ebb7dff-c906-4714-8eac-57b2723c2502 req-1ebb7dff-c906-4714-8eac-57b2723c2502 ] Request (ServersNegativeTestMultiTenantJSON:setUpClass): 200 GET http://10.180.1.21/compute/v2.1/servers/5fac991d-13a1-41b3-acaa-c4f4e04fe67b 0.085s
2025-11-22 04:33:52.273 66357 INFO tempest.lib.common.rest_client [req-ff269af9-2dc7-4782-a0ca-eb0c24b57bfc req-ff269af9-2dc7-4782-a0ca-eb0c24b57bfc ] Request (AttachVolumeTestJSON:test_attach_detach_volume): 201 POST http://10.180.1.21/identity/v3/auth/tokens 0.035s
