2025-11-22 05:30:39.548 66652 INFO tempest.lib.common.fixed_network [-] (MultipleCreateTestJSON:test_multiple_create) Found network {'id': 'e3c5be5f-e256-48dd-abe5-17c510331508', 'name': 'tempest-MultipleCreateTestJSON-1853570195-network', 'tenant_id': 'b6a13d75992d4bc7b534f867bb29bc40', 'project_id': 'b6a13d75992d4bc7b534f867bb29bc40', 'admin_state_up': True, 'mtu': 8950, 'status': 'ACTIVE', 'subnets': [], 'shared': False, 'port_security_enabled': True, 'router:external': False, 'provider:network_type': 'vlan', 'provider:physical_network': 'default', 'provider:segmentation_id': 706, 'availability_zone_hints': [], 'availability_zones': [], 'ipv4_address_scope': None, 'ipv6_address_scope': None, 'description': '', 'tags': [], 'created_at': '2025-11-22T05:30:36Z', 'updated_at': '2025-11-22T05:30:36Z', 'revision_number': 1} available for tenant
2025-11-22 05:30:39.667 66694 INFO tempest.lib.common.rest_client [req-1282b613-b7f1-4133-bdc9-b26c51e78b3a req-1282b613-b7f1-4133-bdc9-b26c51e78b3a ] Request (FlavorsExtraSpecsTestJSON:tearDownClass): 204 DELETE http://10.180.1.21/networking/v2.0/security-groups/141588f6-5ad3-4cbe-a64f-6e68dfd1d93e 0.884s
2025-11-22 05:30:39.745 66680 INFO tempest.lib.common.rest_client [req-88abd7e8-efea-48f6-bb6a-85d2e0e0bae1 req-88abd7e8-efea-48f6-bb6a-85d2e0e0bae1 ] Request (ServersTestJSON:setUpClass): 200 GET http://10.180.1.21/compute/v2.1/servers/d2eec08a-d39a-486e-bc1d-a428b330d9bb 4.784s
2025-11-22 05:30:39.754 66680 INFO tempest.common.waiters [-] State transition "BUILD/None" ==> "BUILD/spawning" after 15 second wait
2025-11-22 05:30:39.760 66694 INFO tempest.lib.common.rest_client [req-c20808b9-4308-4789-8d8f-5173e6a8e614 req-c20808b9-4308-4789-8d8f-5173e6a8e614 ] Request (FlavorsExtraSpecsTestJSON:tearDownClass): 204 DELETE http://10.180.1.21/identity/v3/projects/1605a1d286be4e2195c0d2fa707975f8 0.093s
2025-11-22 05:30:39.761 66694 INFO tempest.lib.common.dynamic_creds [-] Deleting project and security group for project: 3393ce59480147d3be474b9295842667
2025-11-22 05:30:39.837 66648 INFO tempest.lib.common.rest_client [req-afce4ef6-9ff1-4088-a6ca-18e6d90979d1 req-afce4ef6-9ff1-4088-a6ca-18e6d90979d1 ] Request (ServerDiagnosticsTest:test_get_server_diagnostics): 200 GET http://10.180.1.21/compute/v2.1/servers/0ae0a6d2-2b1d-4044-8d92-fb67d09e230b 4.387s
2025-11-22 05:30:39.848 66648 INFO tempest.common.waiters [-] State transition "BUILD/spawning" ==> "ACTIVE/None" after 35 second wait
2025-11-22 05:30:39.910 66702 INFO tempest.lib.common.rest_client [req-bb1223bf-02f0-4af8-9c6e-56fdcca503e6 req-bb1223bf-02f0-4af8-9c6e-56fdcca503e6 ] Request (InstanceActionsNegativeTestJSON:tearDownClass): 204 DELETE http://10.180.1.21/compute/v2.1/servers/3063aa5a-5fcd-4195-b15d-d13bac82b0e7 3.607s
2025-11-22 05:30:39.934 66670 INFO tempest.lib.common.rest_client [req-1c6327de-6ec0-4558-a4c8-a3d1ee837804 req-1c6327de-6ec0-4558-a4c8-a3d1ee837804 ] Request (ImagesDeleteNegativeTestJSON:test_delete_image_non_hex_string_id): 404 DELETE http://10.180.1.21/compute/v2.1/images/0d40151c-1ac8-4aa3-b643-c090e08280bj 3.463s
2025-11-22 05:30:39.941 66704 INFO tempest.lib.common.rest_client [req-ea9e1d35-86dd-494e-b0d0-b79f47e4e8e9 req-ea9e1d35-86dd-494e-b0d0-b79f47e4e8e9 ] Request (SecurityGroupsNegativeTestJSON:test_delete_security_group_without_passing_id): 404 DELETE http://10.180.1.21/compute/v2.1/os-security-groups/ 3.462s
2025-11-22 05:30:40.037 66694 INFO tempest.lib.common.rest_client [req-e10a21b6-f458-43f8-90b2-87aac6e2d409 req-e10a21b6-f458-43f8-90b2-87aac6e2d409 ] Request (FlavorsExtraSpecsTestJSON:tearDownClass): 200 GET http://10.180.1.21/networking/v2.0/security-groups?tenant_id=3393ce59480147d3be474b9295842667&name=default 0.276s
2025-11-22 05:30:40.144 66668 INFO tempest.lib.common.rest_client [req-9bd64073-7207-4467-bc15-96ed747f993a req-9bd64073-7207-4467-bc15-96ed747f993a ] Request (QuotasAdminTestV236:test_get_updated_quotas): 200 GET http://10.180.1.21/compute/v2.1/os-quota-sets/e58017cab14d43f3b9bd9b84ae02959f/detail 3.379s
2025-11-22 05:30:40.192 66668 INFO tempest.lib.common.rest_client [req-d066742d-94ed-4516-9525-72f5d86df3f7 req-d066742d-94ed-4516-9525-72f5d86df3f7 ] Request (QuotasAdminTestV236:test_get_updated_quotas): 200 GET http://10.180.1.21/identity/v3/domains?name=Default 0.041s
2025-11-22 05:30:40.230 66668 INFO tempest.lib.common.rest_client [req-3697dfa1-b85d-4e05-98f6-cf1dd1c23383 req-3697dfa1-b85d-4e05-98f6-cf1dd1c23383 ] Request (QuotasAdminTestV236:test_get_updated_quotas): 201 POST http://10.180.1.21/identity/v3/users 0.037s
2025-11-22 05:30:40.260 66668 INFO tempest.lib.common.rest_client [req-30015c9c-1de1-4a19-8696-8c069a7e8e9e req-30015c9c-1de1-4a19-8696-8c069a7e8e9e ] Request (QuotasAdminTestV236:test_get_updated_quotas): 200 GET http://10.180.1.21/identity/v3/domains?name=Default 0.026s
2025-11-22 05:30:40.294 66694 INFO tempest.lib.common.rest_client [req-3c17ba6c-9ba3-40a2-b491-9cddd06b932f req-3c17ba6c-9ba3-40a2-b491-9cddd06b932f ] Request (FlavorsExtraSpecsTestJSON:tearDownClass): 204 DELETE http://10.180.1.21/networking/v2.0/security-groups/33f870af-8c5d-4273-9c05-7dda0ae928a5 0.256s
2025-11-22 05:30:40.445 66694 INFO tempest.lib.common.rest_client [req-d502e152-de7b-4580-b8d7-d29bfef8b105 req-d502e152-de7b-4580-b8d7-d29bfef8b105 ] Request (FlavorsExtraSpecsTestJSON:tearDownClass): 204 DELETE http://10.180.1.21/identity/v3/projects/3393ce59480147d3be474b9295842667 0.151s
2025-11-22 05:30:40.530 66694 INFO tempest.lib.common.rest_client [req-417ed22a-dbe8-469d-8972-b6473bedc940 req-417ed22a-dbe8-469d-8972-b6473bedc940 ] Request (QuotaClassesAdmin257Test:setUpClass): 201 POST http://10.180.1.21/identity/v3/auth/tokens 0.082s
2025-11-22 05:30:40.550 66690 INFO tempest.lib.common.rest_client [req-009dd3bb-cbe6-4d2d-91c4-e486fa1e6f40 req-009dd3bb-cbe6-4d2d-91c4-e486fa1e6f40 ] Request (VolumesAssistedSnapshotsTest:test_volume_assisted_snapshot_create_delete): 200 GET http://10.180.1.21/compute/v2.1/servers/264e23ec-392c-4cd4-b1d9-f3c1cbd153d2 3.703s
2025-11-22 05:30:40.557 66690 INFO tempest.common.waiters [-] State transition "BUILD/spawning" ==> "ACTIVE/None" after 34 second wait
2025-11-22 05:30:40.583 66694 INFO tempest.lib.common.rest_client [req-394678f7-ee40-432c-9a1c-9cf98b703c7c req-394678f7-ee40-432c-9a1c-9cf98b703c7c ] Request (QuotaClassesAdmin257Test:setUpClass): 201 POST http://10.180.1.21/identity/v3/auth/tokens 0.048s
2025-11-22 05:30:40.613 66694 INFO tempest.lib.common.rest_client [req-5e7bca22-7ea1-44ff-9bc0-55356490c370 req-5e7bca22-7ea1-44ff-9bc0-55356490c370 ] Request (QuotaClassesAdmin257Test:setUpClass): 200 GET http://10.180.1.21/identity/v3/domains?name=Default 0.029s
2025-11-22 05:30:40.646 66694 INFO tempest.lib.common.rest_client [req-a4ff9753-49d4-4909-93ae-d11953f5a2dd req-a4ff9753-49d4-4909-93ae-d11953f5a2dd ] Request (QuotaClassesAdmin257Test:setUpClass): 201 POST http://10.180.1.21/identity/v3/projects 0.033s
2025-11-22 05:30:40.715 66694 INFO tempest.lib.common.rest_client [req-a3578d22-815a-40d2-9ba2-819ce3f76ba5 req-a3578d22-815a-40d2-9ba2-819ce3f76ba5 ] Request (QuotaClassesAdmin257Test:setUpClass): 201 POST http://10.180.1.21/identity/v3/users 0.069s
2025-11-22 05:30:40.747 66694 INFO tempest.lib.common.rest_client [req-e8e689b4-d4f1-4c3d-b7ed-dd3227df714d req-e8e689b4-d4f1-4c3d-b7ed-dd3227df714d ] Request (QuotaClassesAdmin257Test:setUpClass): 200 GET http://10.180.1.21/identity/v3/roles 0.031s
2025-11-22 05:30:40.751 66696 INFO tempest.lib.common.rest_client [req-b47def2c-3b5d-4943-bc4f-a9daab8cd7dc req-b47def2c-3b5d-4943-bc4f-a9daab8cd7dc ] Request (ServersTestFqdnHostnames:test_create_server_with_fqdn_name): 200 GET http://10.180.1.21/compute/v2.1/servers/b4b51abb-0473-4179-a7c7-f092a2e835ea 3.853s
2025-11-22 05:30:40.787 66694 INFO tempest.lib.common.rest_client [req-27111ba7-9178-43ab-9ebb-ae0b3fb10270 req-27111ba7-9178-43ab-9ebb-ae0b3fb10270 ] Request (QuotaClassesAdmin257Test:setUpClass): 204 PUT http://10.180.1.21/identity/v3/projects/8afc5217efe54f8bb3ac0208ef281f21/users/81fcdcc0f1474c69b27d4667287bf3a7/roles/167bc9e5701849eeb42cde9f57edf410 0.039s
2025-11-22 05:30:40.787 66694 INFO tempest.lib.common.dynamic_creds [-] Dynamic test user 81fcdcc0f1474c69b27d4667287bf3a7 is created with scope project and roles: ['member']
2025-11-22 05:30:40.788 66694 INFO tempest.lib.common.dynamic_creds [-] Acquired dynamic creds: credentials: Credentials: {'domain_id': 'default', 'domain_name': 'Default', 'username': 'tempest-QuotaClassesAdmin257Test-728208966-project-member', 'project_domain_id': 'default', 'project_domain_name': 'Default', 'project_id': '8afc5217efe54f8bb3ac0208ef281f21', 'project_name': 'tempest-QuotaClassesAdmin257Test-728208966', 'tenant_id': '8afc5217efe54f8bb3ac0208ef281f21', 'tenant_name': 'tempest-QuotaClassesAdmin257Test-728208966', 'user_domain_id': 'default', 'user_domain_name': 'Default', 'user_id': '81fcdcc0f1474c69b27d4667287bf3a7', 'system': None}, Network: None, Subnet: None, Router: None
2025-11-22 05:30:40.788 66694 INFO tempest.lib.common.dynamic_creds [-] Created isolated network resources for: credentials: Credentials: {'domain_id': 'default', 'domain_name': 'Default', 'username': 'tempest-QuotaClassesAdmin257Test-728208966-project-member', 'project_domain_id': 'default', 'project_domain_name': 'Default', 'project_id': '8afc5217efe54f8bb3ac0208ef281f21', 'project_name': 'tempest-QuotaClassesAdmin257Test-728208966', 'tenant_id': '8afc5217efe54f8bb3ac0208ef281f21', 'tenant_name': 'tempest-QuotaClassesAdmin257Test-728208966', 'user_domain_id': 'default', 'user_domain_name': 'Default', 'user_id': '81fcdcc0f1474c69b27d4667287bf3a7', 'system': None}, Network: None, Subnet: None, Router: None
2025-11-22 05:30:40.832 66662 INFO tempest.lib.common.rest_client [req-b6d4b372-6d1b-4ad4-9f3a-897e0cc0c058 req-b6d4b372-6d1b-4ad4-9f3a-897e0cc0c058 ] Request (ServersAdminNegativeTestJSON:test_migrate_server_invalid_state): 200 GET http://10.180.1.21/compute/v2.1/servers/8e3d5e8f-eaa1-4471-a96d-a1b18c378c9a 3.775s
2025-11-22 05:30:40.872 66666 INFO tempest.lib.common.rest_client [req-d1de9bfe-d95a-4a0f-a8f8-c8628350abdb req-d1de9bfe-d95a-4a0f-a8f8-c8628350abdb ] Request (FloatingIPsTestJSON:_run_cleanups): 202 DELETE http://10.180.1.21/compute/v2.1/os-floating-ips/8763280e-5aab-4af4-919d-70c1cf0a856b 4.540s
2025-11-22 05:30:40.876 66694 INFO tempest.lib.common.rest_client [req-419b2770-088f-461f-9c06-1d3c5aae9f03 req-419b2770-088f-461f-9c06-1d3c5aae9f03 ] Request (QuotaClassesAdmin257Test:setUpClass): 201 POST http://10.180.1.21/identity/v3/auth/tokens 0.083s
2025-11-22 05:30:40.966 66694 INFO tempest.lib.common.rest_client [req-e0220758-1b8e-4835-a778-6ffeea27b52b req-e0220758-1b8e-4835-a778-6ffeea27b52b ] Request (QuotaClassesAdmin257Test:setUpClass): 201 POST http://10.180.1.21/identity/v3/projects 0.089s
2025-11-22 05:30:41.060 66694 INFO tempest.lib.common.rest_client [req-a24b1d6c-854a-4512-a64a-bd894c3c73ff req-a24b1d6c-854a-4512-a64a-bd894c3c73ff ] Request (QuotaClassesAdmin257Test:setUpClass): 201 POST http://10.180.1.21/identity/v3/users 0.093s
2025-11-22 05:30:41.077 66692 INFO tempest.lib.common.rest_client [req-cc1f0d68-ac4a-4152-9aa2-f74e2720968c req-cc1f0d68-ac4a-4152-9aa2-f74e2720968c ] Request (KeyPairsV22TestJSON:test_keypairsv22_create_list_show_with_type): 201 POST http://10.180.1.21/compute/v2.1/os-keypairs 3.860s
2025-11-22 05:30:41.086 66694 INFO tempest.lib.common.rest_client [req-cc2cf167-7999-4667-a68c-6fb6e0d9ceeb req-cc2cf167-7999-4667-a68c-6fb6e0d9ceeb ] Request (QuotaClassesAdmin257Test:setUpClass): 200 GET http://10.180.1.21/identity/v3/roles 0.026s
2025-11-22 05:30:41.131 66694 INFO tempest.lib.common.rest_client [req-e25bec0e-0953-4c5b-a2a1-6612da53324f req-e25bec0e-0953-4c5b-a2a1-6612da53324f ] Request (QuotaClassesAdmin257Test:setUpClass): 204 PUT http://10.180.1.21/identity/v3/projects/f35d407b044c43c5903c7766e09ee2b0/users/da09e86c46bb456783287e6444791158/roles/5bf22048130548b995705e74d1c36ea7 0.044s
2025-11-22 05:30:41.217 66694 INFO tempest.lib.common.rest_client [req-a170e5b6-9ce8-41af-b9e1-2a4758dfee95 req-a170e5b6-9ce8-41af-b9e1-2a4758dfee95 ] Request (QuotaClassesAdmin257Test:setUpClass): 200 GET http://10.180.1.21/identity/v3/roles 0.085s
2025-11-22 05:30:41.244 66694 INFO tempest.lib.common.rest_client [req-1ed2aac9-5bf4-41d3-8d5c-7ee73c65edc3 req-1ed2aac9-5bf4-41d3-8d5c-7ee73c65edc3 ] Request (QuotaClassesAdmin257Test:setUpClass): 204 PUT http://10.180.1.21/identity/v3/projects/f35d407b044c43c5903c7766e09ee2b0/users/da09e86c46bb456783287e6444791158/roles/5bf22048130548b995705e74d1c36ea7 0.026s
2025-11-22 05:30:41.245 66694 INFO tempest.lib.common.dynamic_creds [-] Dynamic test user da09e86c46bb456783287e6444791158 is created with scope project and roles: ['admin']
2025-11-22 05:30:41.245 66694 INFO tempest.lib.common.dynamic_creds [-] Acquired dynamic creds: credentials: Credentials: {'domain_id': 'default', 'domain_name': 'Default', 'username': 'tempest-QuotaClassesAdmin257Test-66473226-project-admin', 'project_domain_id': 'default', 'project_domain_name': 'Default', 'project_id': 'f35d407b044c43c5903c7766e09ee2b0', 'project_name': 'tempest-QuotaClassesAdmin257Test-66473226', 'tenant_id': 'f35d407b044c43c5903c7766e09ee2b0', 'tenant_name': 'tempest-QuotaClassesAdmin257Test-66473226', 'user_domain_id': 'default', 'user_domain_name': 'Default', 'user_id': 'da09e86c46bb456783287e6444791158', 'system': None}, Network: None, Subnet: None, Router: None
2025-11-22 05:30:41.245 66694 INFO tempest.lib.common.dynamic_creds [-] Created isolated network resources for: credentials: Credentials: {'domain_id': 'default', 'domain_name': 'Default', 'username': 'tempest-QuotaClassesAdmin257Test-66473226-project-admin', 'project_domain_id': 'default', 'project_domain_name': 'Default', 'project_id': 'f35d407b044c43c5903c7766e09ee2b0', 'project_name': 'tempest-QuotaClassesAdmin257Test-66473226', 'tenant_id': 'f35d407b044c43c5903c7766e09ee2b0', 'tenant_name': 'tempest-QuotaClassesAdmin257Test-66473226', 'user_domain_id': 'default', 'user_domain_name': 'Default', 'user_id': 'da09e86c46bb456783287e6444791158', 'system': None}, Network: None, Subnet: None, Router: None
2025-11-22 05:30:41.271 66698 INFO tempest.lib.common.rest_client [req-feb00eca-8032-47d0-b9df-658dce189edb req-feb00eca-8032-47d0-b9df-658dce189edb ] Request (SecurityGroupsTestAdminJSON:test_list_security_groups_list_all_tenants_filter): 200 POST http://10.180.1.21/compute/v2.1/os-security-groups 4.022s
2025-11-22 05:30:41.295 66678 INFO tempest.lib.common.rest_client [req-ab772ebb-6b3d-4d1c-b60f-3f72beedc767 req-ab772ebb-6b3d-4d1c-b60f-3f72beedc767 ] Request (ImagesOneServerTestJSON:test_create_delete_image): 200 GET http://10.180.1.21/compute/v2.1/servers/aaf1c4e7-cf75-4a9d-80ac-6985e468621f 4.024s
2025-11-22 05:30:41.321 66650 INFO tempest.lib.common.rest_client [req-84c7456e-d600-4162-b799-c0758b44762d req-84c7456e-d600-4162-b799-c0758b44762d ] Request (FlavorsAdminTestJSON:test_create_list_flavor_without_extra_data): 200 POST http://10.180.1.21/compute/v2.1/flavors 4.020s
2025-11-22 05:30:41.327 66664 INFO tempest.lib.common.rest_client [req-0e098ec6-66fa-490d-bfad-048491ead03c req-0e098ec6-66fa-490d-bfad-048491ead03c ] Request (AggregatesAdminNegativeTestJSON:test_aggregate_create_aggregate_name_length_less_than_1): 400 POST http://10.180.1.21/compute/v2.1/os-aggregates 4.020s
2025-11-22 05:30:41.336 66646 INFO tempest.lib.common.rest_client [req-e5484cff-73a8-45d9-af25-6671848d16dc req-e5484cff-73a8-45d9-af25-6671848d16dc ] Request (MigrationsAdminTest:test_list_migrations_in_flavor_resize_situation): 200 GET http://10.180.1.21/compute/v2.1/servers/e6f1fdaa-548b-4853-8af5-7a15d288c5fd 4.035s
2025-11-22 05:30:41.352 66694 INFO tempest.lib.common.rest_client [req-7d29f9fe-fa4f-4ea7-a210-9a061e8da105 req-7d29f9fe-fa4f-4ea7-a210-9a061e8da105 ] Request (QuotaClassesAdmin257Test:setUpClass): 201 POST http://10.180.1.21/identity/v3/auth/tokens 0.103s
2025-11-22 05:30:41.391 66674 INFO tempest.lib.common.rest_client [req-238441db-b66d-4706-b7f2-f44ba0d64121 req-238441db-b66d-4706-b7f2-f44ba0d64121 ] Request (ServerExternalEventsTest:tearDownClass): 200 GET http://10.180.1.21/compute/v2.1/servers/1e9421ba-de41-4316-9d1e-cbc66165dcf1 3.995s
2025-11-22 05:30:41.391 66684 INFO tempest.lib.common.rest_client [req-e98cc2b9-ac89-4bd8-8042-7670b497e28f req-e98cc2b9-ac89-4bd8-8042-7670b497e28f ] Request (ImagesNegativeTestJSON:test_create_image_from_deleted_server): 200 GET http://10.180.1.21/compute/v2.1/servers/3448899e-3a21-4037-b412-4074ef62c387 3.939s
2025-11-22 05:30:41.399 66674 INFO tempest.common.waiters [-] State transition "ACTIVE/deleting" ==> "DELETED/None" after 5 second wait
2025-11-22 05:30:41.464 66658 INFO tempest.lib.common.rest_client [req-94663feb-4d30-4a86-b06e-a50786f3c80c req-94663feb-4d30-4a86-b06e-a50786f3c80c ] Request (TenantUsagesTestJSON:tearDownClass): 200 GET http://10.180.1.21/compute/v2.1/servers/c102f61c-4d19-496c-8591-1e9ee77b1156 3.910s
2025-11-22 05:30:41.478 66676 INFO tempest.lib.common.rest_client [req-2125453b-5d1b-424b-8bbd-42f104bfbcc3 req-2125453b-5d1b-424b-8bbd-42f104bfbcc3 ] Request (VolumesAdminNegativeTest:tearDownClass): 204 DELETE http://10.180.1.21/compute/v2.1/servers/5dc038d2-9205-4c87-b216-266a56e3391c 3.862s
2025-11-22 05:30:41.488 66660 INFO tempest.lib.common.rest_client [req-822160d5-139f-4373-ad96-3aa867ddf63d req-822160d5-139f-4373-ad96-3aa867ddf63d ] Request (DeleteServersAdminTestJSON:test_admin_delete_servers_of_others): 404 GET http://10.180.1.21/compute/v2.1/servers/13088bb9-4863-40d0-869d-4a758108ae42 3.837s
2025-11-22 05:30:41.508 66708 INFO tempest.lib.common.rest_client [req-6f9325b8-adaa-4069-a9ef-d5e82cb6e358 req-6f9325b8-adaa-4069-a9ef-d5e82cb6e358 ] Request (FlavorsAccessNegativeTestJSON:_run_cleanups): 202 DELETE http://10.180.1.21/compute/v2.1/flavors/2114055034 3.426s
2025-11-22 05:30:41.590 66660 INFO tempest.lib.common.rest_client [req-df8d3b0e-89a6-4c88-87ef-d26bac312c16 req-df8d3b0e-89a6-4c88-87ef-d26bac312c16 ] Request (DeleteServersAdminTestJSON:test_delete_server_while_in_error_state): 201 POST http://10.180.1.21/identity/v3/auth/tokens 0.092s
2025-11-22 05:30:41.590 66660 INFO tempest.lib.common.fixed_network [-] (DeleteServersAdminTestJSON:test_delete_server_while_in_error_state) Found network None available for tenant
2025-11-22 05:30:41.595 66654 INFO tempest.lib.common.rest_client [req-c735185a-5aa0-47ab-b6f1-ad27c3c73630 req-c735185a-5aa0-47ab-b6f1-ad27c3c73630 ] Request (ServersAdmin275Test:_run_cleanups): 200 GET http://10.180.1.21/compute/v2.1/servers/544ad147-aabb-4a09-acfc-62d5fb3bc74f 3.684s
2025-11-22 05:30:41.649 66700 INFO tempest.lib.common.rest_client [req-69222fa7-5755-442f-a8b9-052bde33d204 req-69222fa7-5755-442f-a8b9-052bde33d204 ] Request (ServerActionsTestOtherA:setUpClass): 200 GET http://10.180.1.21/compute/v2.1/servers/0f3e888d-f299-4dbd-9bb1-e54b13836b73 3.462s
2025-11-22 05:30:41.665 66672 INFO tempest.lib.common.rest_client [req-c09d438a-7e48-43bc-97e9-e04036937cc0 req-c09d438a-7e48-43bc-97e9-e04036937cc0 ] Request (ImagesTestJSON:test_create_image_from_stopped_server): 200 GET http://10.180.1.21/compute/v2.1/servers/d413c793-3514-418e-b52d-4c2755984d04 3.458s
2025-11-22 05:30:41.779 66656 INFO tempest.lib.common.rest_client [req-59625a0d-d297-40c2-8545-a8d5bf8b73b3 req-59625a0d-d297-40c2-8545-a8d5bf8b73b3 ] Request (ServersAdminTestJSON:setUpClass): 200 GET http://10.180.1.21/compute/v2.1/servers/4cadd346-d812-4e9f-988d-5bb3acc97a6a 3.269s
2025-11-22 05:30:41.851 66656 INFO tempest.lib.common.rest_client [req-dc102998-178a-4044-b983-35ee68fd7774 req-dc102998-178a-4044-b983-35ee68fd7774 ] Request (ServersAdminTestJSON:test_create_server_with_scheduling_hint): 201 POST http://10.180.1.21/identity/v3/auth/tokens 0.060s
2025-11-22 05:30:41.852 66656 INFO tempest.lib.common.fixed_network [-] (ServersAdminTestJSON:test_create_server_with_scheduling_hint) Found network {'id': '319c7785-fe7c-4d67-95b9-21afb84923ce', 'name': 'tempest-ServersAdminTestJSON-1215134791-network', 'tenant_id': '6184e0e102114d8588f96eb76ae53a12', 'project_id': '6184e0e102114d8588f96eb76ae53a12', 'admin_state_up': True, 'mtu': 8950, 'status': 'ACTIVE', 'subnets': [], 'shared': False, 'port_security_enabled': True, 'router:external': False, 'provider:network_type': 'vlan', 'provider:physical_network': 'default', 'provider:segmentation_id': 924, 'availability_zone_hints': [], 'availability_zones': [], 'ipv4_address_scope': None, 'ipv6_address_scope': None, 'description': '', 'tags': [], 'created_at': '2025-11-22T05:29:42Z', 'updated_at': '2025-11-22T05:29:42Z', 'revision_number': 1} available for tenant
2025-11-22 05:30:42.794 66688 INFO tempest.lib.common.rest_client [req-5a83f07d-8eb3-4ff4-9ab4-317ce4dc51b7 req-5a83f07d-8eb3-4ff4-9ab4-317ce4dc51b7 ] Request (AttachInterfacesV270Test:test_create_get_list_interfaces): 202 POST http://10.180.1.21/compute/v2.1/servers 4.152s
2025-11-22 05:30:42.801 66652 INFO tempest.lib.common.rest_client [req-a53dc897-07e3-4ece-a586-5fcc79ac5741 req-a53dc897-07e3-4ece-a586-5fcc79ac5741 ] Request (MultipleCreateTestJSON:test_multiple_create): 202 POST http://10.180.1.21/compute/v2.1/servers 3.252s
2025-11-22 05:30:42.859 66682 INFO tempest.lib.common.rest_client [req-4423e15e-1dbc-4607-a869-40a059ecdd23 req-4423e15e-1dbc-4607-a869-40a059ecdd23 ] Request (ServersWithSpecificFlavorTestJSON:test_verify_created_server_ephemeral_disk): 200 GET http://10.180.1.21/compute/v2.1/servers/9046e6f5-a347-4629-98e8-2e7d636d756b 3.292s
2025-11-22 05:30:42.924 66702 INFO tempest.lib.common.rest_client [req-bb3a1f4b-f770-4632-96df-646732adac06 req-bb3a1f4b-f770-4632-96df-646732adac06 ] Request (InstanceActionsNegativeTestJSON:tearDownClass): 200 GET http://10.180.1.21/compute/v2.1/servers/3063aa5a-5fcd-4195-b15d-d13bac82b0e7 3.013s
2025-11-22 05:30:42.942 66670 INFO tempest.lib.common.rest_client [req-c7c15a3e-9afd-43d0-b7d7-ee92862a5429 req-c7c15a3e-9afd-43d0-b7d7-ee92862a5429 ] Request (ImagesDeleteNegativeTestJSON:test_delete_image_with_id_over_character_limit): 404 DELETE http://10.180.1.21/compute/v2.1/images/403dd827-13f3-409b-b488-85f9980cf41b1 3.006s
2025-11-22 05:30:43.121 66704 INFO tempest.lib.common.rest_client [req-de408887-0f01-4137-aa8a-40afb71595d1 req-de408887-0f01-4137-aa8a-40afb71595d1 ] Request (SecurityGroupsNegativeTestJSON:test_delete_the_default_security_group): 200 GET http://10.180.1.21/compute/v2.1/os-security-groups 3.178s
2025-11-22 05:30:43.297 66668 INFO tempest.lib.common.rest_client [req-ccd62b1d-2305-4b99-bbe5-94a4ed799b33 req-ccd62b1d-2305-4b99-bbe5-94a4ed799b33 ] Request (QuotasAdminTestV236:test_get_updated_quotas): 200 PUT http://10.180.1.21/compute/v2.1/os-quota-sets/e58017cab14d43f3b9bd9b84ae02959f?user_id=42d9327d28a64fbe8a799e8d8d79dac0 3.036s
2025-11-22 05:30:43.390 66690 INFO tempest.lib.common.rest_client [req-3d1e0e62-1d1e-4914-bd8a-f8a187594201 req-3d1e0e62-1d1e-4914-bd8a-f8a187594201 ] Request (VolumesAssistedSnapshotsTest:test_volume_assisted_snapshot_create_delete): 200 GET http://10.180.1.21/compute/v2.1/servers/264e23ec-392c-4cd4-b1d9-f3c1cbd153d2/os-interface 2.832s
2025-11-22 05:30:43.457 66648 INFO tempest.lib.common.rest_client [req-79644985-dc21-4576-bf4a-ee2c30bf6088 req-79644985-dc21-4576-bf4a-ee2c30bf6088 ] Request (ServerDiagnosticsTest:test_get_server_diagnostics): 200 GET http://10.180.1.21/compute/v2.1/servers/0ae0a6d2-2b1d-4044-8d92-fb67d09e230b/diagnostics 3.608s
2025-11-22 05:30:44.177 66680 INFO tempest.lib.common.rest_client [req-07be80a5-b732-41f0-830b-ea1869de2cb3 req-07be80a5-b732-41f0-830b-ea1869de2cb3 ] Request (ServersTestJSON:setUpClass): 200 GET http://10.180.1.21/compute/v2.1/servers/d2eec08a-d39a-486e-bc1d-a428b330d9bb 3.421s
2025-11-22 05:30:44.194 66692 INFO tempest.lib.common.rest_client [req-1cba8b59-ad90-46f1-93d2-c8f199f9d112 req-1cba8b59-ad90-46f1-93d2-c8f199f9d112 ] Request (KeyPairsV22TestJSON:test_keypairsv22_create_list_show_with_type): 200 GET http://10.180.1.21/compute/v2.1/os-keypairs/tempest-keypair-373391879 3.115s
2025-11-22 05:30:44.445 66690 INFO tempest.lib.common.rest_client [req-73a34aae-6425-40e7-8b03-522c617feb34 req-73a34aae-6425-40e7-8b03-522c617feb34 ] Request (VolumesAssistedSnapshotsTest:test_volume_assisted_snapshot_create_delete): 200 PUT http://10.180.1.21/networking/v2.0/floatingips/507d02ca-2ee1-4211-9dc3-fd8aba683f96 1.052s
2025-11-22 05:30:44.446 66690 INFO tempest.lib.common.ssh [-] Creating ssh connection to '10.180.180.234:22' as 'cirros' with public key authentication
2025-11-22 05:30:44.731 66698 INFO tempest.lib.common.rest_client [req-0fcdbc77-1ef4-4850-868c-38bbf5b504ff req-0fcdbc77-1ef4-4850-868c-38bbf5b504ff ] Request (SecurityGroupsTestAdminJSON:test_list_security_groups_list_all_tenants_filter): 200 POST http://10.180.1.21/compute/v2.1/os-security-groups 3.452s
2025-11-22 05:30:44.770 66666 INFO tempest.lib.common.rest_client [req-8dc1aa17-0794-4d9c-a841-8caf37fc2a7f req-8dc1aa17-0794-4d9c-a841-8caf37fc2a7f ] Request (FloatingIPsTestJSON:test_delete_floating_ip): 200 POST http://10.180.1.21/compute/v2.1/os-floating-ips 3.896s
2025-11-22 05:30:44.775 66678 INFO tempest.lib.common.rest_client [req-ff122b14-1913-4f11-a3b7-51d948a05856 req-ff122b14-1913-4f11-a3b7-51d948a05856 ] Request (ImagesOneServerTestJSON:test_create_delete_image): 200 GET http://10.180.1.21/compute/v2.1/images/9091d514-5c66-406f-9d2f-e525bd8c141b 3.467s
2025-11-22 05:30:44.783 66664 INFO tempest.lib.common.rest_client [req-cb04780c-d0d1-4997-bb1d-a3c1068cc793 req-cb04780c-d0d1-4997-bb1d-a3c1068cc793 ] Request (AggregatesAdminNegativeTestJSON:test_aggregate_create_as_user): 403 POST http://10.180.1.21/compute/v2.1/os-aggregates 3.454s
2025-11-22 05:30:44.786 66650 INFO tempest.lib.common.rest_client [req-e062ec96-0f5c-4629-8b1d-321f5ebed43c req-e062ec96-0f5c-4629-8b1d-321f5ebed43c ] Request (FlavorsAdminTestJSON:test_create_list_flavor_without_extra_data): 200 GET http://10.180.1.21/compute/v2.1/flavors/577464769 3.461s
2025-11-22 05:30:44.816 66708 INFO tempest.lib.common.rest_client [req-a59859f4-df97-4409-8bfc-a189d2c26c25 req-a59859f4-df97-4409-8bfc-a189d2c26c25 ] Request (FlavorsAccessNegativeTestJSON:_run_cleanups): 200 GET http://10.180.1.21/compute/v2.1/flavors/detail 3.307s
2025-11-22 05:30:44.871 66676 INFO tempest.lib.common.rest_client [req-6ad49658-4de3-4fb6-8778-77a02bf3bbcb req-6ad49658-4de3-4fb6-8778-77a02bf3bbcb ] Request (VolumesAdminNegativeTest:tearDownClass): 200 GET http://10.180.1.21/compute/v2.1/servers/5dc038d2-9205-4c87-b216-266a56e3391c 3.393s
2025-11-22 05:30:45.053 66696 INFO tempest.lib.common.rest_client [req-a9c28e7a-0720-411b-b5e6-246be9c34d04 req-a9c28e7a-0720-411b-b5e6-246be9c34d04 ] Request (ServersTestFqdnHostnames:test_create_server_with_fqdn_name): 200 GET http://10.180.1.21/compute/v2.1/servers/b4b51abb-0473-4179-a7c7-f092a2e835ea 3.293s
2025-11-22 05:30:45.099 66660 INFO tempest.lib.common.rest_client [req-234d9fc4-c6f5-4129-bfec-1fef596da4be req-234d9fc4-c6f5-4129-bfec-1fef596da4be ] Request (DeleteServersAdminTestJSON:test_delete_server_while_in_error_state): 202 POST http://10.180.1.21/compute/v2.1/servers 3.507s
2025-11-22 05:30:45.239 66662 INFO tempest.lib.common.rest_client [req-a40e05fa-b50b-4b9e-b2ef-4646d88e7ec8 req-a40e05fa-b50b-4b9e-b2ef-4646d88e7ec8 ] Request (ServersAdminNegativeTestJSON:test_migrate_server_invalid_state): 200 GET http://10.180.1.21/compute/v2.1/servers/8e3d5e8f-eaa1-4471-a96d-a1b18c378c9a 3.396s
2025-11-22 05:30:45.247 66662 INFO tempest.common.waiters [-] State transition "BUILD/None" ==> "BUILD/spawning" after 20 second wait
2025-11-22 05:30:45.301 66646 INFO tempest.lib.common.rest_client [req-84caaec7-15f3-4929-950f-0f34c3651ee0 req-84caaec7-15f3-4929-950f-0f34c3651ee0 ] Request (MigrationsAdminTest:test_list_migrations_in_flavor_resize_situation): 200 GET http://10.180.1.21/compute/v2.1/servers/e6f1fdaa-548b-4853-8af5-7a15d288c5fd 2.956s
2025-11-22 05:30:45.308 66646 INFO tempest.common.waiters [-] State transition "BUILD/None" ==> "BUILD/networking" after 20 second wait
2025-11-22 05:30:45.355 66674 INFO tempest.lib.common.rest_client [req-c856de1b-d2b1-4fdb-9070-164287ebb6b6 req-c856de1b-d2b1-4fdb-9070-164287ebb6b6 ] Request (ServerExternalEventsTest:tearDownClass): 200 GET http://10.180.1.21/compute/v2.1/servers/1e9421ba-de41-4316-9d1e-cbc66165dcf1 2.955s
2025-11-22 05:30:45.406 66684 INFO tempest.lib.common.rest_client [req-1396bb02-52b6-440b-a4aa-cadf984bc8f5 req-1396bb02-52b6-440b-a4aa-cadf984bc8f5 ] Request (ImagesNegativeTestJSON:test_create_image_from_deleted_server): 200 GET http://10.180.1.21/compute/v2.1/servers/3448899e-3a21-4037-b412-4074ef62c387 3.000s
2025-11-22 05:30:45.429 66656 INFO tempest.lib.common.rest_client [req-42244e62-cf8d-48b0-af69-f622db4e0ca6 req-42244e62-cf8d-48b0-af69-f622db4e0ca6 ] Request (ServersAdminTestJSON:test_create_server_with_scheduling_hint): 202 POST http://10.180.1.21/compute/v2.1/servers 3.577s
2025-11-22 05:30:45.467 66658 INFO tempest.lib.common.rest_client [req-05a52477-1bfc-4fa4-9b5c-c09afeba3968 req-05a52477-1bfc-4fa4-9b5c-c09afeba3968 ] Request (TenantUsagesTestJSON:tearDownClass): 200 GET http://10.180.1.21/compute/v2.1/servers/c102f61c-4d19-496c-8591-1e9ee77b1156 2.995s
2025-11-22 05:30:45.484 66654 INFO tempest.lib.common.rest_client [req-1e53f457-21ce-46f1-8ff9-250695b04fbe req-1e53f457-21ce-46f1-8ff9-250695b04fbe ] Request (ServersAdmin275Test:_run_cleanups): 200 GET http://10.180.1.21/compute/v2.1/servers/544ad147-aabb-4a09-acfc-62d5fb3bc74f 2.875s
2025-11-22 05:30:45.499 66654 INFO tempest.common.waiters [-] State transition "REBUILD/rebuild_spawning" ==> "ACTIVE/None" after 9 second wait
2025-11-22 05:30:45.554 66672 INFO tempest.lib.common.rest_client [req-4f27063f-4f7d-4619-8684-82dcef749626 req-4f27063f-4f7d-4619-8684-82dcef749626 ] Request (ImagesTestJSON:test_create_image_from_stopped_server): 200 GET http://10.180.1.21/compute/v2.1/servers/d413c793-3514-418e-b52d-4c2755984d04 2.880s
2025-11-22 05:30:45.572 66700 INFO tempest.lib.common.rest_client [req-9e947c80-5d08-4b17-a523-2fe571bcf707 req-9e947c80-5d08-4b17-a523-2fe571bcf707 ] Request (ServerActionsTestOtherA:setUpClass): 200 GET http://10.180.1.21/compute/v2.1/servers/0f3e888d-f299-4dbd-9bb1-e54b13836b73 2.914s
2025-11-22 05:30:45.580 66700 INFO tempest.common.waiters [-] State transition "BUILD/spawning" ==> "ACTIVE/None" after 29 second wait
2025-11-22 05:30:45.615 66688 INFO tempest.lib.common.rest_client [req-fd519d19-c174-41f1-a8b8-542784508919 req-fd519d19-c174-41f1-a8b8-542784508919 ] Request (AttachInterfacesV270Test:test_create_get_list_interfaces): 200 GET http://10.180.1.21/compute/v2.1/servers/33f3d3fb-0dd8-4927-a920-e26fa1e6fba4 2.819s
2025-11-22 05:30:45.636 66670 INFO tempest.lib.common.rest_client [req-0cdbc1f8-a7b3-4f2b-b17a-a70878534108 req-0cdbc1f8-a7b3-4f2b-b17a-a70878534108 ] Request (ImagesDeleteNegativeTestJSON:test_delete_image_with_invalid_image_id): 404 DELETE http://10.180.1.21/compute/v2.1/images/tempest-invalid-168942842 2.693s
2025-11-22 05:30:45.683 66652 INFO tempest.lib.common.rest_client [req-42f76dbc-96ff-494d-9052-ddf9ea64532e req-42f76dbc-96ff-494d-9052-ddf9ea64532e ] Request (MultipleCreateTestJSON:test_multiple_create): 200 GET http://10.180.1.21/compute/v2.1/servers 2.879s
2025-11-22 05:30:45.748 66668 INFO tempest.lib.common.rest_client [req-8f5cbfd0-436f-4b02-b5f5-eba42de2be68 req-8f5cbfd0-436f-4b02-b5f5-eba42de2be68 ] Request (QuotasAdminTestV236:test_get_updated_quotas): 200 GET http://10.180.1.21/compute/v2.1/os-quota-sets/e58017cab14d43f3b9bd9b84ae02959f?user_id=42d9327d28a64fbe8a799e8d8d79dac0 2.449s
2025-11-22 05:30:45.781 66704 INFO tempest.lib.common.rest_client [req-7894895c-5913-4def-940e-66bc61e33f30 req-7894895c-5913-4def-940e-66bc61e33f30 ] Request (SecurityGroupsNegativeTestJSON:test_delete_the_default_security_group): 400 DELETE http://10.180.1.21/compute/v2.1/os-security-groups/925b0b4a-ae2a-4eb4-b1d6-3da231c7c0cf 2.654s
2025-11-22 05:30:45.848 66648 INFO tempest.lib.common.rest_client [req-c37f84e4-4fd7-40bb-a221-41f5bbb2fa04 req-c37f84e4-4fd7-40bb-a221-41f5bbb2fa04 ] Request (ServerDiagnosticsTest:tearDownClass): 204 DELETE http://10.180.1.21/compute/v2.1/servers/0ae0a6d2-2b1d-4044-8d92-fb67d09e230b 2.389s
2025-11-22 05:30:45.881 66682 INFO tempest.lib.common.rest_client [req-1c178528-9387-4c1f-ad3c-5fc220db8516 req-1c178528-9387-4c1f-ad3c-5fc220db8516 ] Request (ServersWithSpecificFlavorTestJSON:test_verify_created_server_ephemeral_disk): 200 GET http://10.180.1.21/compute/v2.1/servers/9046e6f5-a347-4629-98e8-2e7d636d756b 2.010s
2025-11-22 05:30:45.890 66668 INFO tempest.lib.common.rest_client [req-59366b4f-0331-4486-82b3-6424685c915e req-59366b4f-0331-4486-82b3-6424685c915e ] Request (QuotasAdminTestV236:_run_cleanups): 204 DELETE http://10.180.1.21/identity/v3/users/42d9327d28a64fbe8a799e8d8d79dac0 0.140s
2025-11-22 05:30:45.899 66692 INFO tempest.lib.common.rest_client [req-4e39ce70-1d08-40a7-9728-0f246fdb1390 req-4e39ce70-1d08-40a7-9728-0f246fdb1390 ] Request (KeyPairsV22TestJSON:test_keypairsv22_create_list_show_with_type): 200 GET http://10.180.1.21/compute/v2.1/os-keypairs 1.703s
2025-11-22 05:30:45.945 66702 INFO tempest.lib.common.rest_client [req-088ec01f-25da-476e-84d2-01c1874aac94 req-088ec01f-25da-476e-84d2-01c1874aac94 ] Request (InstanceActionsNegativeTestJSON:tearDownClass): 200 GET http://10.180.1.21/compute/v2.1/servers/3063aa5a-5fcd-4195-b15d-d13bac82b0e7 2.009s
2025-11-22 05:30:45.953 66702 INFO tempest.common.waiters [-] State transition "ACTIVE/deleting" ==> "DELETED/None" after 3 second wait
2025-11-22 05:30:46.078 66668 INFO tempest.lib.common.rest_client [req-de02a74f-299e-4ab6-a78f-02ca5f98dce0 req-de02a74f-299e-4ab6-a78f-02ca5f98dce0 ] Request (QuotasAdminTestV236:_run_cleanups): 204 DELETE http://10.180.1.21/identity/v3/projects/e58017cab14d43f3b9bd9b84ae02959f 0.188s
2025-11-22 05:30:46.224 66668 INFO tempest.lib.common.rest_client [req-b87e1de1-f251-4da5-babc-60781a13a1b6 req-b87e1de1-f251-4da5-babc-60781a13a1b6 ] Request (QuotasAdminTestV236:tearDownClass): 204 DELETE http://10.180.1.21/identity/v3/users/64c8fade3cab4459b616a0bd60d00d4d 0.144s
2025-11-22 05:30:46.272 66698 INFO tempest.lib.common.rest_client [req-3a60d1b7-56a0-4be7-822e-67c420a0535f req-3a60d1b7-56a0-4be7-822e-67c420a0535f ] Request (SecurityGroupsTestAdminJSON:test_list_security_groups_list_all_tenants_filter): 200 POST http://10.180.1.21/compute/v2.1/os-security-groups 1.538s
2025-11-22 05:30:46.285 66678 INFO tempest.lib.common.rest_client [req-73aff7af-7441-4764-9f85-25ff93acf30c req-73aff7af-7441-4764-9f85-25ff93acf30c ] Request (ImagesOneServerTestJSON:test_create_delete_image): 200 GET http://10.180.1.21/compute/v2.1/flavors/42 1.503s
2025-11-22 05:30:46.313 66664 INFO tempest.lib.common.rest_client [req-d84e7057-2689-429c-931f-c6c2cb99f6d8 req-d84e7057-2689-429c-931f-c6c2cb99f6d8 ] Request (AggregatesAdminNegativeTestJSON:test_aggregate_create_with_existent_aggregate_name): 200 POST http://10.180.1.21/compute/v2.1/os-aggregates 1.528s
2025-11-22 05:30:46.321 66668 INFO tempest.lib.common.rest_client [req-67afb8ed-4795-47a8-900f-40798dbbb3c2 req-67afb8ed-4795-47a8-900f-40798dbbb3c2 ] Request (QuotasAdminTestV236:tearDownClass): 204 DELETE http://10.180.1.21/identity/v3/users/6bd11db2ca534f388e9a82c209d08c11 0.096s
2025-11-22 05:30:46.321 66668 INFO tempest.lib.common.dynamic_creds [-] Deleting project and security group for project: 0f6b497bc626418f97782b2b9fbbf120
2025-11-22 05:30:46.495 66650 INFO tempest.lib.common.rest_client [req-97070c5b-7796-4a32-a890-fe31708c8746 req-97070c5b-7796-4a32-a890-fe31708c8746 ] Request (FlavorsAdminTestJSON:test_create_list_flavor_without_extra_data): 200 GET http://10.180.1.21/compute/v2.1/flavors/detail 1.706s
2025-11-22 05:30:46.513 66708 INFO tempest.lib.common.rest_client [req-b3c35ee1-c73b-4682-a9a1-48477f2d4768 req-b3c35ee1-c73b-4682-a9a1-48477f2d4768 ] Request (FlavorsAccessNegativeTestJSON:test_flavor_non_admin_remove): 200 POST http://10.180.1.21/compute/v2.1/flavors 1.687s
2025-11-22 05:30:46.531 66668 INFO tempest.lib.common.rest_client [req-3941be81-50a0-4ce1-b44b-9cc0ffb8b114 req-3941be81-50a0-4ce1-b44b-9cc0ffb8b114 ] Request (QuotasAdminTestV236:tearDownClass): 201 POST http://10.180.1.21/identity/v3/auth/tokens 0.209s
2025-11-22 05:30:46.571 66666 INFO tempest.lib.common.rest_client [req-73f1f435-e28f-42e7-9e0f-1b5012cfe330 req-73f1f435-e28f-42e7-9e0f-1b5012cfe330 ] Request (FloatingIPsTestJSON:test_delete_floating_ip): 202 DELETE http://10.180.1.21/compute/v2.1/os-floating-ips/bb70120b-6fbd-4cc9-bea9-5822fa65129d 1.799s
2025-11-22 05:30:46.722 66668 INFO tempest.lib.common.rest_client [req-2fdce5f2-0cca-4670-9151-416fc1a5166e req-2fdce5f2-0cca-4670-9151-416fc1a5166e ] Request (QuotasAdminTestV236:tearDownClass): 200 GET http://10.180.1.21/networking/v2.0/security-groups?tenant_id=0f6b497bc626418f97782b2b9fbbf120&name=default 0.190s
2025-11-22 05:30:46.741 66660 INFO tempest.lib.common.rest_client [req-b9aad8e7-e878-48be-8144-b2fc819e73ef req-b9aad8e7-e878-48be-8144-b2fc819e73ef ] Request (DeleteServersAdminTestJSON:test_delete_server_while_in_error_state): 200 GET http://10.180.1.21/compute/v2.1/servers/6291a640-2907-4af7-b3ac-084d9a9424fa 1.640s
2025-11-22 05:30:46.920 66668 INFO tempest.lib.common.rest_client [req-cd029bf2-b0bf-4f3d-82cd-b07481cab35d req-cd029bf2-b0bf-4f3d-82cd-b07481cab35d ] Request (QuotasAdminTestV236:tearDownClass): 204 DELETE http://10.180.1.21/networking/v2.0/security-groups/38307954-c215-40c0-823d-c49f7ec9ac8c 0.197s
2025-11-22 05:30:46.948 66656 INFO tempest.lib.common.rest_client [req-0f48bbf3-dfce-4aee-80c8-22b67102dade req-0f48bbf3-dfce-4aee-80c8-22b67102dade ] Request (ServersAdminTestJSON:test_create_server_with_scheduling_hint): 200 GET http://10.180.1.21/compute/v2.1/servers/deb114c7-3664-4446-a394-e6d2f5d1c8ab 1.516s
2025-11-22 05:30:46.995 66680 INFO tempest.lib.common.rest_client [req-b0a7c9a4-0c93-4991-9a9d-edebbd79366e req-b0a7c9a4-0c93-4991-9a9d-edebbd79366e ] Request (ServersTestJSON:setUpClass): 200 GET http://10.180.1.21/compute/v2.1/servers/d2eec08a-d39a-486e-bc1d-a428b330d9bb 1.809s
2025-11-22 05:30:47.049 66668 INFO tempest.lib.common.rest_client [req-e9febee5-52c2-4573-a715-f49f7f3ab047 req-e9febee5-52c2-4573-a715-f49f7f3ab047 ] Request (QuotasAdminTestV236:tearDownClass): 204 DELETE http://10.180.1.21/identity/v3/projects/0f6b497bc626418f97782b2b9fbbf120 0.129s
2025-11-22 05:30:47.049 66668 INFO tempest.lib.common.dynamic_creds [-] Deleting project and security group for project: e891b99571474847a6c15191426698de
2025-11-22 05:30:47.088 66654 INFO tempest.lib.common.rest_client [req-ba650243-dd30-4d30-a56f-6555c9eb409d req-ba650243-dd30-4d30-a56f-6555c9eb409d ] Request (ServersAdmin275Test:tearDownClass): 204 DELETE http://10.180.1.21/compute/v2.1/servers/544ad147-aabb-4a09-acfc-62d5fb3bc74f 1.583s
2025-11-22 05:30:47.110 66670 INFO tempest.lib.common.rest_client [req-e47b5cd6-8f88-4f5f-ab6d-b21d0416f254 req-e47b5cd6-8f88-4f5f-ab6d-b21d0416f254 ] Request (ImagesDeleteNegativeTestJSON:test_delete_non_existent_image): 404 DELETE http://10.180.1.21/compute/v2.1/images/db9604a0-8167-4813-b69e-ccaf35f6741b 1.473s
2025-11-22 05:30:47.149 66700 INFO tempest.lib.common.rest_client [req-7c087415-9e2c-47ad-8893-b374f6cae0f1 req-7c087415-9e2c-47ad-8893-b374f6cae0f1 ] Request (ServerActionsTestOtherA:setUpClass): 200 GET http://10.180.1.21/compute/v2.1/servers/0f3e888d-f299-4dbd-9bb1-e54b13836b73/os-interface 1.569s
2025-11-22 05:30:47.262 66670 INFO tempest.lib.common.rest_client [req-e188e1ba-1b14-4c46-8c6c-164147f8fd8e req-e188e1ba-1b14-4c46-8c6c-164147f8fd8e ] Request (ImagesDeleteNegativeTestJSON:tearDownClass): 204 DELETE http://10.180.1.21/identity/v3/users/475c594d99b642b9b3611a24c3ec0929 0.150s
2025-11-22 05:30:47.262 66670 INFO tempest.lib.common.dynamic_creds [-] Deleting project and security group for project: 984935ff3b8c42fc9e002083250b4167
2025-11-22 05:30:47.274 66668 INFO tempest.lib.common.rest_client [req-8193946b-c97a-4045-b687-c49eea2b975e req-8193946b-c97a-4045-b687-c49eea2b975e ] Request (QuotasAdminTestV236:tearDownClass): 200 GET http://10.180.1.21/networking/v2.0/security-groups?tenant_id=e891b99571474847a6c15191426698de&name=default 0.224s
2025-11-22 05:30:47.300 66652 INFO tempest.lib.common.rest_client [req-1297b7c2-f950-4048-a37b-10ba07f2f431 req-1297b7c2-f950-4048-a37b-10ba07f2f431 ] Request (MultipleCreateTestJSON:test_multiple_create): 200 GET http://10.180.1.21/compute/v2.1/servers/5e4c514b-70fe-4a25-9286-add6dca08879 1.614s
2025-11-22 05:30:47.333 66670 INFO tempest.lib.common.rest_client [req-04aa6c5d-362a-476e-a4f1-eeca84764066 req-04aa6c5d-362a-476e-a4f1-eeca84764066 ] Request (ImagesDeleteNegativeTestJSON:tearDownClass): 201 POST http://10.180.1.21/identity/v3/auth/tokens 0.070s
2025-11-22 05:30:47.510 66704 INFO tempest.lib.common.rest_client [req-8157c8c9-0df1-453b-b116-bb8369a645a5 req-8157c8c9-0df1-453b-b116-bb8369a645a5 ] Request (SecurityGroupsNegativeTestJSON:test_security_group_get_nonexistent_group): 404 GET http://10.180.1.21/compute/v2.1/os-security-groups/87b34a2e-f051-468e-9192-aa6b4eef6a20 1.723s
2025-11-22 05:30:47.599 66668 INFO tempest.lib.common.rest_client [req-4a500cf8-6a56-42a0-87fa-76e9b6b98d4c req-4a500cf8-6a56-42a0-87fa-76e9b6b98d4c ] Request (QuotasAdminTestV236:tearDownClass): 204 DELETE http://10.180.1.21/networking/v2.0/security-groups/13b4d049-5293-4a1a-835f-cd5ced58caa9 0.324s
2025-11-22 05:30:47.677 66668 INFO tempest.lib.common.rest_client [req-ca59dda0-39e6-4b72-9da9-2a53d46f782e req-ca59dda0-39e6-4b72-9da9-2a53d46f782e ] Request (QuotasAdminTestV236:tearDownClass): 204 DELETE http://10.180.1.21/identity/v3/projects/e891b99571474847a6c15191426698de 0.078s
2025-11-22 05:30:47.738 66668 INFO tempest.lib.common.rest_client [req-40170a6f-4a34-4544-b9ee-ee03ee3f9023 req-40170a6f-4a34-4544-b9ee-ee03ee3f9023 ] Request (AttachInterfacesUnderV243Test:setUpClass): 201 POST http://10.180.1.21/identity/v3/auth/tokens 0.059s
2025-11-22 05:30:47.769 66668 INFO tempest.lib.common.rest_client [req-cc01c492-fdf7-4466-a8eb-df850924e5e4 req-cc01c492-fdf7-4466-a8eb-df850924e5e4 ] Request (AttachInterfacesUnderV243Test:setUpClass): 201 POST http://10.180.1.21/identity/v3/auth/tokens 0.027s
2025-11-22 05:30:47.795 66700 INFO tempest.lib.common.rest_client [req-6e904167-79cc-4239-a5a8-97d6b2da8e61 req-6e904167-79cc-4239-a5a8-97d6b2da8e61 ] Request (ServerActionsTestOtherA:setUpClass): 200 PUT http://10.180.1.21/networking/v2.0/floatingips/8a2246c8-15b2-4fad-964f-d12c310c9005 0.643s
2025-11-22 05:30:47.796 66700 INFO tempest.lib.common.ssh [-] Creating ssh connection to '10.180.180.139:22' as 'cirros' with public key authentication
2025-11-22 05:30:47.801 66668 INFO tempest.lib.common.rest_client [req-464ac72a-d2a5-403b-84e7-c6d484b20def req-464ac72a-d2a5-403b-84e7-c6d484b20def ] Request (AttachInterfacesUnderV243Test:setUpClass): 200 GET http://10.180.1.21/identity/v3/domains?name=Default 0.032s
2025-11-22 05:30:47.834 66668 INFO tempest.lib.common.rest_client [req-b987a738-31ea-4b63-be26-43d5e9d2e2c3 req-b987a738-31ea-4b63-be26-43d5e9d2e2c3 ] Request (AttachInterfacesUnderV243Test:setUpClass): 201 POST http://10.180.1.21/identity/v3/projects 0.033s
2025-11-22 05:30:47.839 66670 INFO tempest.lib.common.rest_client [req-b73ed842-09ae-4796-b7c7-c53dd58f33d7 req-b73ed842-09ae-4796-b7c7-c53dd58f33d7 ] Request (ImagesDeleteNegativeTestJSON:tearDownClass): 200 GET http://10.180.1.21/networking/v2.0/security-groups?tenant_id=984935ff3b8c42fc9e002083250b4167&name=default 0.506s
2025-11-22 05:30:47.844 66676 INFO tempest.lib.common.rest_client [req-3ed2ffa5-eca7-4fa2-9579-81020b7db8c0 req-3ed2ffa5-eca7-4fa2-9579-81020b7db8c0 ] Request (VolumesAdminNegativeTest:tearDownClass): 200 GET http://10.180.1.21/compute/v2.1/servers/5dc038d2-9205-4c87-b216-266a56e3391c 1.956s
2025-11-22 05:30:47.851 66676 INFO tempest.common.waiters [-] State transition "ACTIVE/deleting" ==> "DELETED/None" after 3 second wait
2025-11-22 05:30:47.877 66692 INFO tempest.lib.common.rest_client [req-bd13ad52-b4af-4d52-95ca-163d4d9b4755 req-bd13ad52-b4af-4d52-95ca-163d4d9b4755 ] Request (KeyPairsV22TestJSON:_run_cleanups): 204 DELETE http://10.180.1.21/compute/v2.1/os-keypairs/tempest-keypair-373391879 1.975s
2025-11-22 05:30:47.883 66648 INFO tempest.lib.common.rest_client [req-9682e6d6-a54a-4169-bef7-0f116194011b req-9682e6d6-a54a-4169-bef7-0f116194011b ] Request (ServerDiagnosticsTest:tearDownClass): 200 GET http://10.180.1.21/compute/v2.1/servers/0ae0a6d2-2b1d-4044-8d92-fb67d09e230b 2.034s
2025-11-22 05:30:47.942 66668 INFO tempest.lib.common.rest_client [req-c7134f61-b30e-49b6-8f6f-11f2c66f6726 req-c7134f61-b30e-49b6-8f6f-11f2c66f6726 ] Request (AttachInterfacesUnderV243Test:setUpClass): 201 POST http://10.180.1.21/identity/v3/users 0.107s
2025-11-22 05:30:48.058 66670 INFO tempest.lib.common.rest_client [req-37739b12-be07-4d26-b6ae-eb9ca514c551 req-37739b12-be07-4d26-b6ae-eb9ca514c551 ] Request (ImagesDeleteNegativeTestJSON:tearDownClass): 204 DELETE http://10.180.1.21/networking/v2.0/security-groups/0188fc14-d62d-45ce-a253-410b5d17baec 0.217s
2025-11-22 05:30:48.083 66692 INFO tempest.lib.common.rest_client [req-6e278a9b-9aa5-4b74-be86-8bc614597443 req-6e278a9b-9aa5-4b74-be86-8bc614597443 ] Request (KeyPairsV22TestJSON:tearDownClass): 204 DELETE http://10.180.1.21/identity/v3/users/a6bedd68ae014057b542b3f491f7b570 0.203s
2025-11-22 05:30:48.083 66692 INFO tempest.lib.common.dynamic_creds [-] Deleting project and security group for project: ea47ff01e28a4993b9742342598d3aac
2025-11-22 05:30:48.113 66696 INFO tempest.lib.common.rest_client [req-229307d4-7d7f-46d7-968d-492a00c8a531 req-229307d4-7d7f-46d7-968d-492a00c8a531 ] Request (ServersTestFqdnHostnames:test_create_server_with_fqdn_name): 200 GET http://10.180.1.21/compute/v2.1/servers/b4b51abb-0473-4179-a7c7-f092a2e835ea 2.052s
2025-11-22 05:30:48.124 66696 INFO tempest.common.waiters [-] State transition "BUILD/spawning" ==> "ACTIVE/None" after 30 second wait
2025-11-22 05:30:48.155 66668 INFO tempest.lib.common.rest_client [req-069a4d85-df64-40e4-88b0-299f1aa0b90b req-069a4d85-df64-40e4-88b0-299f1aa0b90b ] Request (AttachInterfacesUnderV243Test:setUpClass): 200 GET http://10.180.1.21/identity/v3/roles 0.212s
2025-11-22 05:30:48.194 66694 INFO tempest.lib.common.rest_client [req-354f5eac-57a1-43a8-ab11-560e497c1a2e req-354f5eac-57a1-43a8-ab11-560e497c1a2e ] Request (QuotaClassesAdmin257Test:test_update_default_quotas): 200 GET http://10.180.1.21/compute/v2.1/os-quota-class-sets/default 2.073s
2025-11-22 05:30:48.235 66670 INFO tempest.lib.common.rest_client [req-b9bb4d63-7c4c-4876-bcf2-f89c7c5e3ef1 req-b9bb4d63-7c4c-4876-bcf2-f89c7c5e3ef1 ] Request (ImagesDeleteNegativeTestJSON:tearDownClass): 204 DELETE http://10.180.1.21/identity/v3/projects/984935ff3b8c42fc9e002083250b4167 0.177s
2025-11-22 05:30:48.251 66692 INFO tempest.lib.common.rest_client [req-a9e0bfc3-4846-4a53-8d07-9906fc58c25c req-a9e0bfc3-4846-4a53-8d07-9906fc58c25c ] Request (KeyPairsV22TestJSON:tearDownClass): 201 POST http://10.180.1.21/identity/v3/auth/tokens 0.168s
2025-11-22 05:30:48.291 66670 INFO tempest.lib.common.rest_client [req-c3216b2e-eb4f-47f5-9c4f-d2e4b6f5c59c req-c3216b2e-eb4f-47f5-9c4f-d2e4b6f5c59c ] Request (KeyPairsNegativeTestJSON:setUpClass): 201 POST http://10.180.1.21/identity/v3/auth/tokens 0.054s
2025-11-22 05:30:48.310 66668 INFO tempest.lib.common.rest_client [req-16abca7d-2aba-46cc-9726-08e4696c958a req-16abca7d-2aba-46cc-9726-08e4696c958a ] Request (AttachInterfacesUnderV243Test:setUpClass): 204 PUT http://10.180.1.21/identity/v3/projects/d901d1ea80b6414e8227e4423cc274e8/users/e6fda84392144f049dfec598f675569a/roles/167bc9e5701849eeb42cde9f57edf410 0.155s
2025-11-22 05:30:48.310 66668 INFO tempest.lib.common.dynamic_creds [-] Dynamic test user e6fda84392144f049dfec598f675569a is created with scope project and roles: ['member']
2025-11-22 05:30:48.311 66668 INFO tempest.lib.common.dynamic_creds [-] Acquired dynamic creds: credentials: Credentials: {'domain_id': 'default', 'domain_name': 'Default', 'username': 'tempest-AttachInterfacesUnderV243Test-1916301848-project-member', 'project_domain_id': 'default', 'project_domain_name': 'Default', 'project_id': 'd901d1ea80b6414e8227e4423cc274e8', 'project_name': 'tempest-AttachInterfacesUnderV243Test-1916301848', 'tenant_id': 'd901d1ea80b6414e8227e4423cc274e8', 'tenant_name': 'tempest-AttachInterfacesUnderV243Test-1916301848', 'user_domain_id': 'default', 'user_domain_name': 'Default', 'user_id': 'e6fda84392144f049dfec598f675569a', 'system': None}, Network: None, Subnet: None, Router: None
2025-11-22 05:30:48.362 66698 INFO tempest.lib.common.rest_client [req-0cfb2a1c-cce7-403e-8c07-7fb70e058502 req-0cfb2a1c-cce7-403e-8c07-7fb70e058502 ] Request (SecurityGroupsTestAdminJSON:test_list_security_groups_list_all_tenants_filter): 200 POST http://10.180.1.21/compute/v2.1/os-security-groups 2.087s
2025-11-22 05:30:48.367 66670 INFO tempest.lib.common.rest_client [req-7e94636f-c5ca-4014-9fb1-a1066850df9e req-7e94636f-c5ca-4014-9fb1-a1066850df9e ] Request (KeyPairsNegativeTestJSON:setUpClass): 201 POST http://10.180.1.21/identity/v3/auth/tokens 0.074s
2025-11-22 05:30:48.378 66668 INFO tempest.lib.common.rest_client [req-89fcb9da-7f9c-4d9c-bcd6-79fef755620a req-89fcb9da-7f9c-4d9c-bcd6-79fef755620a ] Request (AttachInterfacesUnderV243Test:setUpClass): 201 POST http://10.180.1.21/identity/v3/auth/tokens 0.067s
2025-11-22 05:30:48.397 66662 INFO tempest.lib.common.rest_client [req-96e035e4-02b3-43a4-b04b-fffcb652ddd2 req-96e035e4-02b3-43a4-b04b-fffcb652ddd2 ] Request (ServersAdminNegativeTestJSON:test_migrate_server_invalid_state): 200 GET http://10.180.1.21/compute/v2.1/servers/8e3d5e8f-eaa1-4471-a96d-a1b18c378c9a 2.149s
