2025-11-22 05:31:27.265 66682 WARNING tempest.lib.common.ssh [-] Failed to establish authenticated ssh connection to cirros@10.180.180.249 ([Errno None] Unable to connect to port 22 on 10.180.180.249). Number attempts: 3. Retry after 4 seconds.: paramiko.ssh_exception.NoValidConnectionsError: [Errno None] Unable to connect to port 22 on 10.180.180.249
2025-11-22 05:31:27.290 66698 INFO tempest.lib.common.rest_client [req-d82bfbd1-18c6-4477-9257-37253e6c2b4e req-d82bfbd1-18c6-4477-9257-37253e6c2b4e ] Request (FloatingIPsAssociationNegativeTestJSON:setUpClass): 204 PUT http://10.180.1.21/identity/v3/projects/faa93d67ea5c4db696353508481ba646/users/7a187c1b5f8c4671836b1222ad4f0c79/roles/167bc9e5701849eeb42cde9f57edf410 0.028s
2025-11-22 05:31:27.290 66698 INFO tempest.lib.common.dynamic_creds [-] Dynamic test user 7a187c1b5f8c4671836b1222ad4f0c79 is created with scope project and roles: ['member']
2025-11-22 05:31:27.291 66698 INFO tempest.lib.common.dynamic_creds [-] Acquired dynamic creds: credentials: Credentials: {'domain_id': 'default', 'domain_name': 'Default', 'username': 'tempest-FloatingIPsAssociationNegativeTestJSON-1186371402-project-member', 'project_domain_id': 'default', 'project_domain_name': 'Default', 'project_id': 'faa93d67ea5c4db696353508481ba646', 'project_name': 'tempest-FloatingIPsAssociationNegativeTestJSON-1186371402', 'tenant_id': 'faa93d67ea5c4db696353508481ba646', 'tenant_name': 'tempest-FloatingIPsAssociationNegativeTestJSON-1186371402', 'user_domain_id': 'default', 'user_domain_name': 'Default', 'user_id': '7a187c1b5f8c4671836b1222ad4f0c79', 'system': None}, Network: None, Subnet: None, Router: None
2025-11-22 05:31:27.365 66698 INFO tempest.lib.common.rest_client [req-c945a8e0-2478-44f4-83c6-ba7a8a7674f6 req-c945a8e0-2478-44f4-83c6-ba7a8a7674f6 ] Request (FloatingIPsAssociationNegativeTestJSON:setUpClass): 201 POST http://10.180.1.21/identity/v3/auth/tokens 0.074s
2025-11-22 05:31:27.394 66660 INFO tempest.lib.common.rest_client [req-ed6bda22-f5f2-41d9-b433-96bf48e1425e req-ed6bda22-f5f2-41d9-b433-96bf48e1425e ] Request (DeleteServersAdminTestJSON:test_delete_server_while_in_error_state): 200 GET http://10.180.1.21/compute/v2.1/servers/6291a640-2907-4af7-b3ac-084d9a9424fa 2.882s
2025-11-22 05:31:27.508 66708 INFO tempest.lib.common.rest_client [req-5970ff9b-fcef-4ee7-bc76-b9d11b15d320 req-5970ff9b-fcef-4ee7-bc76-b9d11b15d320 ] Request (FlavorsAccessNegativeTestJSON:tearDownClass): 200 GET http://10.180.1.21/networking/v2.0/security-groups?tenant_id=1373eb24d80244deb5b644c5c0bf586d&name=default 0.799s
2025-11-22 05:31:27.873 66698 INFO tempest.lib.common.rest_client [req-307165b0-4298-4bfa-9a09-123c2d84c003 req-307165b0-4298-4bfa-9a09-123c2d84c003 ] Request (FloatingIPsAssociationNegativeTestJSON:setUpClass): 201 POST http://10.180.1.21/networking/v2.0/networks 0.506s
2025-11-22 05:31:27.965 66708 INFO tempest.lib.common.rest_client [req-5256de06-a491-43b6-b9f5-37b04c66f37c req-5256de06-a491-43b6-b9f5-37b04c66f37c ] Request (FlavorsAccessNegativeTestJSON:tearDownClass): 204 DELETE http://10.180.1.21/networking/v2.0/security-groups/262a6556-e671-4060-96a3-5e969f5f6838 0.456s
2025-11-22 05:31:27.991 66648 INFO tempest.lib.common.rest_client [req-3b6e0a7f-e746-40ec-b70e-37cead8a5247 req-3b6e0a7f-e746-40ec-b70e-37cead8a5247 ] Request (FloatingIPsNegativeTestJSON:setUpClass): 200 GET http://10.180.1.21/compute/v2.1/os-floating-ips 3.254s
2025-11-22 05:31:28.033 66674 INFO tempest.lib.common.rest_client [req-66bf3aca-2bcf-4d2b-bed3-765fadedb50c req-66bf3aca-2bcf-4d2b-bed3-765fadedb50c ] Request (ServicesAdminNegativeTestJSON:test_get_service_with_valid_service_and_invalid_host): 200 GET http://10.180.1.21/compute/v2.1/os-services?host=xxx&binary=nova-scheduler 3.274s
2025-11-22 05:31:28.082 66670 INFO tempest.lib.common.rest_client [req-a4fe703e-eaa3-4fba-a6b3-d04a2e7709ea req-a4fe703e-eaa3-4fba-a6b3-d04a2e7709ea ] Request (KeyPairsNegativeTestJSON:test_keypair_create_with_invalid_pub_key): 400 POST http://10.180.1.21/compute/v2.1/os-keypairs 3.283s
2025-11-22 05:31:28.087 66708 INFO tempest.lib.common.rest_client [req-50c5d3ad-1301-4f91-b7a7-2e3aa56f6c5a req-50c5d3ad-1301-4f91-b7a7-2e3aa56f6c5a ] Request (FlavorsAccessNegativeTestJSON:tearDownClass): 204 DELETE http://10.180.1.21/identity/v3/projects/1373eb24d80244deb5b644c5c0bf586d 0.122s
2025-11-22 05:31:28.087 66708 INFO tempest.lib.common.dynamic_creds [-] Deleting project and security group for project: 0d5c88e1002f45d69ecabbaee4b0381e
2025-11-22 05:31:28.096 66664 INFO tempest.lib.common.rest_client [req-e615edfd-77d5-4cc8-9bf0-0c7dc3265feb req-e615edfd-77d5-4cc8-9bf0-0c7dc3265feb ] Request (AggregatesAdminNegativeTestJSON:test_aggregate_get_details_with_invalid_id): 404 GET http://10.180.1.21/compute/v2.1/os-aggregates/-1 3.273s
2025-11-22 05:31:28.109 66650 INFO tempest.lib.common.rest_client [req-4c4f6713-cc27-449b-b773-b44fadb8607c req-4c4f6713-cc27-449b-b773-b44fadb8607c ] Request (FlavorsAdminTestJSON:test_is_public_string_variations): 200 GET http://10.180.1.21/compute/v2.1/flavors/detail?is_public=false 3.268s
2025-11-22 05:31:28.156 66654 INFO tempest.lib.common.rest_client [req-ce5cb832-14ca-4d68-a084-af33772a1274 req-ce5cb832-14ca-4d68-a084-af33772a1274 ] Request (ImagesOneServerNegativeTestJSON:setUpClass): 201 POST http://10.180.1.21/networking/v2.0/routers 1.731s
2025-11-22 05:31:28.301 66698 INFO tempest.lib.common.rest_client [req-d6f35b37-1c2d-4b79-bb47-4c43879447e5 req-d6f35b37-1c2d-4b79-bb47-4c43879447e5 ] Request (FloatingIPsAssociationNegativeTestJSON:setUpClass): 201 POST http://10.180.1.21/networking/v2.0/subnets 0.428s
2025-11-22 05:31:28.311 66700 WARNING tempest.lib.common.ssh [-] Failed to establish authenticated ssh connection to cirros@10.180.180.139 ([Errno None] Unable to connect to port 22 on 10.180.180.139). Number attempts: 7. Retry after 8 seconds.: paramiko.ssh_exception.NoValidConnectionsError: [Errno None] Unable to connect to port 22 on 10.180.180.139
2025-11-22 05:31:28.366 66708 INFO tempest.lib.common.rest_client [req-cf14842f-f622-4a67-b900-72be50535808 req-cf14842f-f622-4a67-b900-72be50535808 ] Request (FlavorsAccessNegativeTestJSON:tearDownClass): 200 GET http://10.180.1.21/networking/v2.0/security-groups?tenant_id=0d5c88e1002f45d69ecabbaee4b0381e&name=default 0.278s
2025-11-22 05:31:29.342 66654 INFO tempest.lib.common.rest_client [req-083f1232-bb15-471b-9e17-777c5c41d0cb req-083f1232-bb15-471b-9e17-777c5c41d0cb ] Request (ImagesOneServerNegativeTestJSON:setUpClass): 200 PUT http://10.180.1.21/networking/v2.0/routers/5d9333be-d218-4ceb-a866-3054c3db5109/add_router_interface 1.185s
2025-11-22 05:31:29.342 66654 INFO tempest.lib.common.dynamic_creds [-] Created isolated network resources for: credentials: Credentials: {'domain_id': 'default', 'domain_name': 'Default', 'username': 'tempest-ImagesOneServerNegativeTestJSON-648158146-project-member', 'project_domain_id': 'default', 'project_domain_name': 'Default', 'project_id': 'b5626b5281e54c01ade9241fbd7ec511', 'project_name': 'tempest-ImagesOneServerNegativeTestJSON-648158146', 'tenant_id': 'b5626b5281e54c01ade9241fbd7ec511', 'tenant_name': 'tempest-ImagesOneServerNegativeTestJSON-648158146', 'user_domain_id': 'default', 'user_domain_name': 'Default', 'user_id': 'bcbac28f5580405eba450423d9c2a76e', 'system': None}, Network: {'id': '5a58de6d-2aa6-4f82-8ecb-3f2a7b0ff08b', 'name': 'tempest-ImagesOneServerNegativeTestJSON-569796351-network', 'tenant_id': 'b5626b5281e54c01ade9241fbd7ec511', 'project_id': 'b5626b5281e54c01ade9241fbd7ec511', 'admin_state_up': True, 'mtu': 8950, 'status': 'ACTIVE', 'subnets': [], 'shared': False, 'port_security_enabled': True, 'router:external': False, 'provider:network_type': 'vlan', 'provider:physical_network': 'default', 'provider:segmentation_id': 894, 'availability_zone_hints': [], 'availability_zones': [], 'ipv4_address_scope': None, 'ipv6_address_scope': None, 'description': '', 'tags': [], 'created_at': '2025-11-22T05:31:25Z', 'updated_at': '2025-11-22T05:31:25Z', 'revision_number': 1}, Subnet: {'id': 'f70b19cc-de09-48ba-832d-c2df5eb165e7', 'name': 'tempest-ImagesOneServerNegativeTestJSON-569796351-subnet', 'tenant_id': 'b5626b5281e54c01ade9241fbd7ec511', 'network_id': '5a58de6d-2aa6-4f82-8ecb-3f2a7b0ff08b', 'ip_version': 4, 'subnetpool_id': None, 'enable_dhcp': True, 'ipv6_ra_mode': None, 'ipv6_address_mode': None, 'gateway_ip': '192.168.128.1', 'cidr': '192.168.128.0/28', 'allocation_pools': [{'start': '192.168.128.2', 'end': '192.168.128.14'}], 'host_routes': [], 'dns_nameservers': [], 'description': '', 'router:external': False, 'service_types': [], 'tags': [], 'created_at': '2025-11-22T05:31:26Z', 'updated_at': '2025-11-22T05:31:26Z', 'revision_number': 0, 'project_id': 'b5626b5281e54c01ade9241fbd7ec511'}, Router: {'id': '5d9333be-d218-4ceb-a866-3054c3db5109', 'name': 'tempest-ImagesOneServerNegativeTestJSON-569796351-router', 'tenant_id': 'b5626b5281e54c01ade9241fbd7ec511', 'admin_state_up': True, 'status': 'ACTIVE', 'external_gateway_info': {'network_id': '5fc6035a-d8b1-4ace-9d46-dd6536aa2ece', 'external_fixed_ips': [{'subnet_id': 'a419307b-8987-4e57-a63e-3626c14a9602', 'ip_address': '10.180.180.190'}], 'enable_snat': True}, 'description': '', 'availability_zones': [], 'distributed': False, 'ha': False, 'availability_zone_hints': [], 'routes': [], 'flavor_id': None, 'tags': [], 'created_at': '2025-11-22T05:31:26Z', 'updated_at': '2025-11-22T05:31:27Z', 'revision_number': 2, 'project_id': 'b5626b5281e54c01ade9241fbd7ec511'}
2025-11-22 05:31:29.475 66654 INFO tempest.lib.common.rest_client [req-ce207a35-0f3e-4334-a14c-c8c861b419e0 req-ce207a35-0f3e-4334-a14c-c8c861b419e0 ] Request (ImagesOneServerNegativeTestJSON:setUpClass): 201 POST http://10.180.1.21/identity/v3/auth/tokens 0.129s
2025-11-22 05:31:29.506 66708 INFO tempest.lib.common.rest_client [req-1edc0dab-c2ad-402c-9a5f-6798340142ac req-1edc0dab-c2ad-402c-9a5f-6798340142ac ] Request (FlavorsAccessNegativeTestJSON:tearDownClass): 204 DELETE http://10.180.1.21/networking/v2.0/security-groups/78b4fb43-2a16-4426-9392-6ccd71c039e8 1.140s
2025-11-22 05:31:29.522 66654 INFO tempest.lib.common.rest_client [req-b7b5ab21-a652-4a2d-b224-31abcaa9f598 req-b7b5ab21-a652-4a2d-b224-31abcaa9f598 ] Request (ImagesOneServerNegativeTestJSON:setUpClass): 201 POST http://10.180.1.21/identity/v3/auth/tokens 0.040s
2025-11-22 05:31:29.523 66654 INFO tempest.lib.common.fixed_network [-] (ImagesOneServerNegativeTestJSON:setUpClass) Found network {'id': '5a58de6d-2aa6-4f82-8ecb-3f2a7b0ff08b', 'name': 'tempest-ImagesOneServerNegativeTestJSON-569796351-network', 'tenant_id': 'b5626b5281e54c01ade9241fbd7ec511', 'project_id': 'b5626b5281e54c01ade9241fbd7ec511', 'admin_state_up': True, 'mtu': 8950, 'status': 'ACTIVE', 'subnets': [], 'shared': False, 'port_security_enabled': True, 'router:external': False, 'provider:network_type': 'vlan', 'provider:physical_network': 'default', 'provider:segmentation_id': 894, 'availability_zone_hints': [], 'availability_zones': [], 'ipv4_address_scope': None, 'ipv6_address_scope': None, 'description': '', 'tags': [], 'created_at': '2025-11-22T05:31:25Z', 'updated_at': '2025-11-22T05:31:25Z', 'revision_number': 1} available for tenant
2025-11-22 05:31:29.625 66708 INFO tempest.lib.common.rest_client [req-e59a9b85-61f2-4ed1-8a66-b4a9c66c0086 req-e59a9b85-61f2-4ed1-8a66-b4a9c66c0086 ] Request (FlavorsAccessNegativeTestJSON:tearDownClass): 204 DELETE http://10.180.1.21/identity/v3/projects/0d5c88e1002f45d69ecabbaee4b0381e 0.118s
2025-11-22 05:31:29.626 66708 INFO tempest.test [-] raised in TestVolumeSwap.setUpClass. Invoking tearDownClass.
2025-11-22 05:31:29.694 66708 INFO tempest.lib.common.rest_client [req-88fecd5c-a170-43f2-b483-96b2d29e7c1c req-88fecd5c-a170-43f2-b483-96b2d29e7c1c ] Request (AttachVolumeNegativeTest:setUpClass): 201 POST http://10.180.1.21/identity/v3/auth/tokens 0.063s
2025-11-22 05:31:29.700 66698 INFO tempest.lib.common.rest_client [req-4a796db7-2ac6-4b63-9515-5dc9e25452e7 req-4a796db7-2ac6-4b63-9515-5dc9e25452e7 ] Request (FloatingIPsAssociationNegativeTestJSON:setUpClass): 201 POST http://10.180.1.21/networking/v2.0/routers 1.398s
2025-11-22 05:31:29.734 66708 INFO tempest.lib.common.rest_client [req-44012ce9-d861-447e-a117-fc397f8330aa req-44012ce9-d861-447e-a117-fc397f8330aa ] Request (AttachVolumeNegativeTest:setUpClass): 201 POST http://10.180.1.21/identity/v3/auth/tokens 0.037s
2025-11-22 05:31:29.746 66656 INFO tempest.lib.common.rest_client [req-1c48327b-e2a3-4d9a-ac2a-d0805eb95e25 req-1c48327b-e2a3-4d9a-ac2a-d0805eb95e25 ] Request (ServersAdminTestJSON:test_create_server_with_scheduling_hint): 200 GET http://10.180.1.21/compute/v2.1/servers/deb114c7-3664-4446-a394-e6d2f5d1c8ab 4.788s
2025-11-22 05:31:29.784 66708 INFO tempest.lib.common.rest_client [req-ba166580-0b84-4c05-a8e4-61e2db195cf7 req-ba166580-0b84-4c05-a8e4-61e2db195cf7 ] Request (AttachVolumeNegativeTest:setUpClass): 200 GET http://10.180.1.21/identity/v3/domains?name=Default 0.049s
2025-11-22 05:31:29.831 66708 INFO tempest.lib.common.rest_client [req-fe1aa811-48d5-4c21-947e-240b110ad0a2 req-fe1aa811-48d5-4c21-947e-240b110ad0a2 ] Request (AttachVolumeNegativeTest:setUpClass): 201 POST http://10.180.1.21/identity/v3/projects 0.047s
2025-11-22 05:31:29.944 66708 INFO tempest.lib.common.rest_client [req-2b4670a7-cab1-47cf-b6e7-4bc99883243b req-2b4670a7-cab1-47cf-b6e7-4bc99883243b ] Request (AttachVolumeNegativeTest:setUpClass): 201 POST http://10.180.1.21/identity/v3/users 0.113s
2025-11-22 05:31:29.982 66708 INFO tempest.lib.common.rest_client [req-92ab0339-b571-41e6-8976-955a923014a0 req-92ab0339-b571-41e6-8976-955a923014a0 ] Request (AttachVolumeNegativeTest:setUpClass): 200 GET http://10.180.1.21/identity/v3/roles 0.037s
2025-11-22 05:31:30.037 66708 INFO tempest.lib.common.rest_client [req-c5f4b59a-7d9f-4485-b9a5-0928d9ea49e7 req-c5f4b59a-7d9f-4485-b9a5-0928d9ea49e7 ] Request (AttachVolumeNegativeTest:setUpClass): 204 PUT http://10.180.1.21/identity/v3/projects/015f02e903e44ef0879eead7e091a51d/users/18bfcea6e9824196b51d67b382f8bb36/roles/167bc9e5701849eeb42cde9f57edf410 0.055s
2025-11-22 05:31:30.038 66708 INFO tempest.lib.common.dynamic_creds [-] Dynamic test user 18bfcea6e9824196b51d67b382f8bb36 is created with scope project and roles: ['member']
2025-11-22 05:31:30.038 66708 INFO tempest.lib.common.dynamic_creds [-] Acquired dynamic creds: credentials: Credentials: {'domain_id': 'default', 'domain_name': 'Default', 'username': 'tempest-AttachVolumeNegativeTest-1277021693-project-member', 'project_domain_id': 'default', 'project_domain_name': 'Default', 'project_id': '015f02e903e44ef0879eead7e091a51d', 'project_name': 'tempest-AttachVolumeNegativeTest-1277021693', 'tenant_id': '015f02e903e44ef0879eead7e091a51d', 'tenant_name': 'tempest-AttachVolumeNegativeTest-1277021693', 'user_domain_id': 'default', 'user_domain_name': 'Default', 'user_id': '18bfcea6e9824196b51d67b382f8bb36', 'system': None}, Network: None, Subnet: None, Router: None
2025-11-22 05:31:30.125 66658 INFO tempest.lib.common.rest_client [req-eda124a5-5952-4d6c-850b-acb597c9aad8 req-eda124a5-5952-4d6c-850b-acb597c9aad8 ] Request (FloatingIPDetailsTestJSON:_run_cleanups): 202 DELETE http://10.180.1.21/compute/v2.1/os-floating-ips/eba33e5c-e62f-4c3f-86e9-e5ef494ca15e 5.393s
2025-11-22 05:31:30.145 66708 INFO tempest.lib.common.rest_client [req-61b0b055-7f6e-469b-9351-233c1f2ff097 req-61b0b055-7f6e-469b-9351-233c1f2ff097 ] Request (AttachVolumeNegativeTest:setUpClass): 201 POST http://10.180.1.21/identity/v3/auth/tokens 0.106s
2025-11-22 05:31:31.331 66698 INFO tempest.lib.common.rest_client [req-f7f74051-63a6-40f0-9cc9-f920b9ddafcb req-f7f74051-63a6-40f0-9cc9-f920b9ddafcb ] Request (FloatingIPsAssociationNegativeTestJSON:setUpClass): 200 PUT http://10.180.1.21/networking/v2.0/routers/f4e90fb5-8694-42d7-b8f0-0012092c4f60/add_router_interface 1.630s
2025-11-22 05:31:31.331 66698 INFO tempest.lib.common.dynamic_creds [-] Created isolated network resources for: credentials: Credentials: {'domain_id': 'default', 'domain_name': 'Default', 'username': 'tempest-FloatingIPsAssociationNegativeTestJSON-1186371402-project-member', 'project_domain_id': 'default', 'project_domain_name': 'Default', 'project_id': 'faa93d67ea5c4db696353508481ba646', 'project_name': 'tempest-FloatingIPsAssociationNegativeTestJSON-1186371402', 'tenant_id': 'faa93d67ea5c4db696353508481ba646', 'tenant_name': 'tempest-FloatingIPsAssociationNegativeTestJSON-1186371402', 'user_domain_id': 'default', 'user_domain_name': 'Default', 'user_id': '7a187c1b5f8c4671836b1222ad4f0c79', 'system': None}, Network: {'id': '279e9677-84bd-41f8-a7de-14e43483efd6', 'name': 'tempest-FloatingIPsAssociationNegativeTestJSON-931641269-network', 'tenant_id': 'faa93d67ea5c4db696353508481ba646', 'project_id': 'faa93d67ea5c4db696353508481ba646', 'admin_state_up': True, 'mtu': 8950, 'status': 'ACTIVE', 'subnets': [], 'shared': False, 'port_security_enabled': True, 'router:external': False, 'provider:network_type': 'vlan', 'provider:physical_network': 'default', 'provider:segmentation_id': 322, 'availability_zone_hints': [], 'availability_zones': [], 'ipv4_address_scope': None, 'ipv6_address_scope': None, 'description': '', 'tags': [], 'created_at': '2025-11-22T05:31:27Z', 'updated_at': '2025-11-22T05:31:27Z', 'revision_number': 1}, Subnet: {'id': '4a5e8a24-c59c-46ff-8a5d-d993cd28f245', 'name': 'tempest-FloatingIPsAssociationNegativeTestJSON-931641269-subnet', 'tenant_id': 'faa93d67ea5c4db696353508481ba646', 'network_id': '279e9677-84bd-41f8-a7de-14e43483efd6', 'ip_version': 4, 'subnetpool_id': None, 'enable_dhcp': True, 'ipv6_ra_mode': None, 'ipv6_address_mode': None, 'gateway_ip': '192.168.128.1', 'cidr': '192.168.128.0/28', 'allocation_pools': [{'start': '192.168.128.2', 'end': '192.168.128.14'}], 'host_routes': [], 'dns_nameservers': [], 'description': '', 'router:external': False, 'service_types': [], 'tags': [], 'created_at': '2025-11-22T05:31:28Z', 'updated_at': '2025-11-22T05:31:28Z', 'revision_number': 0, 'project_id': 'faa93d67ea5c4db696353508481ba646'}, Router: {'id': 'f4e90fb5-8694-42d7-b8f0-0012092c4f60', 'name': 'tempest-FloatingIPsAssociationNegativeTestJSON-931641269-router', 'tenant_id': 'faa93d67ea5c4db696353508481ba646', 'admin_state_up': True, 'status': 'ACTIVE', 'external_gateway_info': {'network_id': '5fc6035a-d8b1-4ace-9d46-dd6536aa2ece', 'external_fixed_ips': [{'subnet_id': 'a419307b-8987-4e57-a63e-3626c14a9602', 'ip_address': '10.180.180.208'}], 'enable_snat': True}, 'description': '', 'availability_zones': [], 'distributed': False, 'ha': False, 'availability_zone_hints': [], 'routes': [], 'flavor_id': None, 'tags': [], 'created_at': '2025-11-22T05:31:28Z', 'updated_at': '2025-11-22T05:31:29Z', 'revision_number': 2, 'project_id': 'faa93d67ea5c4db696353508481ba646'}
2025-11-22 05:31:31.447 66698 INFO tempest.lib.common.rest_client [req-9527975b-12d6-4f9f-9ee2-cb454e15c94c req-9527975b-12d6-4f9f-9ee2-cb454e15c94c ] Request (FloatingIPsAssociationNegativeTestJSON:setUpClass): 201 POST http://10.180.1.21/identity/v3/auth/tokens 0.112s
2025-11-22 05:31:31.463 66678 INFO tempest.lib.common.rest_client [req-7e07cb3a-f6cd-4175-8768-b97100d47cee req-7e07cb3a-f6cd-4175-8768-b97100d47cee ] Request (ImagesOneServerTestJSON:test_create_image_specify_multibyte_character_image_name): 200 GET http://10.180.1.21/compute/v2.1/servers/aaf1c4e7-cf75-4a9d-80ac-6985e468621f 6.450s
2025-11-22 05:31:31.495 66698 INFO tempest.lib.common.rest_client [req-96feb9c0-5f8f-435f-8094-5031031a6255 req-96feb9c0-5f8f-435f-8094-5031031a6255 ] Request (FloatingIPsAssociationNegativeTestJSON:setUpClass): 201 POST http://10.180.1.21/identity/v3/auth/tokens 0.045s
2025-11-22 05:31:31.495 66698 INFO tempest.lib.common.fixed_network [-] (FloatingIPsAssociationNegativeTestJSON:setUpClass) Found network {'id': '279e9677-84bd-41f8-a7de-14e43483efd6', 'name': 'tempest-FloatingIPsAssociationNegativeTestJSON-931641269-network', 'tenant_id': 'faa93d67ea5c4db696353508481ba646', 'project_id': 'faa93d67ea5c4db696353508481ba646', 'admin_state_up': True, 'mtu': 8950, 'status': 'ACTIVE', 'subnets': [], 'shared': False, 'port_security_enabled': True, 'router:external': False, 'provider:network_type': 'vlan', 'provider:physical_network': 'default', 'provider:segmentation_id': 322, 'availability_zone_hints': [], 'availability_zones': [], 'ipv4_address_scope': None, 'ipv6_address_scope': None, 'description': '', 'tags': [], 'created_at': '2025-11-22T05:31:27Z', 'updated_at': '2025-11-22T05:31:27Z', 'revision_number': 1} available for tenant
2025-11-22 05:31:31.592 66708 INFO tempest.lib.common.rest_client [req-b6d03366-7d4c-4223-a3a1-5a1057690fd3 req-b6d03366-7d4c-4223-a3a1-5a1057690fd3 ] Request (AttachVolumeNegativeTest:setUpClass): 201 POST http://10.180.1.21/networking/v2.0/networks 1.446s
2025-11-22 05:31:31.673 66666 INFO tempest.lib.common.rest_client [req-71abe3ff-ea98-4205-857f-c0a1e48de0c1 req-71abe3ff-ea98-4205-857f-c0a1e48de0c1 ] Request (SecurityGroupRulesTestJSON:test_security_group_rules_create_with_optional_group_id): 200 POST http://10.180.1.21/compute/v2.1/os-security-group-rules 6.586s
2025-11-22 05:31:31.676 66666 WARNING tempest.lib.common.rest_client [-] Deprecated: "tenant_id" property is deprecated for removal, use "project_id" instead
2025-11-22 05:31:31.752 66646 INFO tempest.lib.common.rest_client [req-09bcae7b-cd17-4bd5-9b78-4e96034e183f req-09bcae7b-cd17-4bd5-9b78-4e96034e183f ] Request (MigrationsAdminTest:test_list_migrations_in_flavor_resize_situation): 200 GET http://10.180.1.21/compute/v2.1/servers/e6f1fdaa-548b-4853-8af5-7a15d288c5fd 6.139s
2025-11-22 05:31:31.800 66672 INFO tempest.lib.common.rest_client [req-40213978-5633-4180-8739-55dbd8bea550 req-40213978-5633-4180-8739-55dbd8bea550 ] Request (ImagesTestJSON:test_create_image_from_stopped_server): 200 GET http://10.180.1.21/compute/v2.1/images/c99f882d-c149-4548-ad32-cec70cf0193b 5.965s
2025-11-22 05:31:31.823 66704 INFO tempest.lib.common.rest_client [req-95d898fa-a208-46df-badd-f1b785e2b1ce req-95d898fa-a208-46df-badd-f1b785e2b1ce ] Request (ServerPasswordTestJSON:setUpClass): 200 GET http://10.180.1.21/compute/v2.1/servers/1f3e4358-acec-4689-9166-fd2e1355fe74 6.197s
2025-11-22 05:31:31.896 66708 INFO tempest.lib.common.rest_client [req-1004b9ef-1dd2-4638-8492-38f429e4917e req-1004b9ef-1dd2-4638-8492-38f429e4917e ] Request (AttachVolumeNegativeTest:setUpClass): 201 POST http://10.180.1.21/networking/v2.0/subnets 0.304s
2025-11-22 05:31:31.910 66702 INFO tempest.lib.common.rest_client [req-812b1b10-5e26-4ef4-baeb-4c2e677e9561 req-812b1b10-5e26-4ef4-baeb-4c2e677e9561 ] Request (ServerMetadataTestJSON:setUpClass): 200 GET http://10.180.1.21/compute/v2.1/servers/7a1cfbea-56cc-43d3-a0e6-8ae73e8805d3 5.992s
2025-11-22 05:31:31.944 66706 INFO tempest.lib.common.rest_client [req-57f315b1-b8bf-4485-8dab-122de8e453d2 req-57f315b1-b8bf-4485-8dab-122de8e453d2 ] Request (ServerDiagnosticsV248Test:tearDownClass): 404 GET http://10.180.1.21/compute/v2.1/servers/b2f09fe5-2571-46e1-a6be-bb062debec4b 6.020s
2025-11-22 05:31:31.976 66652 INFO tempest.lib.common.rest_client [req-492df359-025d-488c-842f-ca7cb050befe req-492df359-025d-488c-842f-ca7cb050befe ] Request (MultipleCreateTestJSON:_run_cleanups): 204 DELETE http://10.180.1.21/compute/v2.1/servers/65f689e8-93de-4ec3-95ec-6570bfd0e0ed 6.074s
2025-11-22 05:31:32.061 66688 INFO tempest.lib.common.rest_client [req-473b2312-8106-4f01-a5dd-b5db095dd623 req-473b2312-8106-4f01-a5dd-b5db095dd623 ] Request (AttachInterfacesV270Test:tearDownClass): 200 GET http://10.180.1.21/compute/v2.1/servers/33f3d3fb-0dd8-4927-a920-e26fa1e6fba4 5.989s
2025-11-22 05:31:32.132 66706 INFO tempest.lib.common.rest_client [req-c3ea0cb4-9ec8-4c1c-9bc9-9fc38fb9b592 req-c3ea0cb4-9ec8-4c1c-9bc9-9fc38fb9b592 ] Request (ServerDiagnosticsV248Test:tearDownClass): 204 DELETE http://10.180.1.21/identity/v3/users/2e5be486b856469ba1a1fb919916a13c 0.185s
2025-11-22 05:31:32.143 66692 INFO tempest.lib.common.rest_client [req-e0d596d6-40aa-456d-b0a9-f067cbeed8ff req-e0d596d6-40aa-456d-b0a9-f067cbeed8ff ] Request (ListServersNegativeTestJSON:setUpClass): 200 GET http://10.180.1.21/compute/v2.1/servers/a01c93a7-8a26-4288-83ce-2182a205f7c1 6.027s
2025-11-22 05:31:32.161 66662 INFO tempest.lib.common.rest_client [req-1cf18a68-f066-4ea2-9c4c-28ab79518b53 req-1cf18a68-f066-4ea2-9c4c-28ab79518b53 ] Request (ServersAdminNegativeTestJSON:test_resize_server_using_overlimit_ram): 200 POST http://10.180.1.21/compute/v2.1/flavors 5.901s
2025-11-22 05:31:32.171 66684 INFO tempest.lib.common.rest_client [req-5f891fb1-6639-4e5a-8763-53a44a47238e req-5f891fb1-6639-4e5a-8763-53a44a47238e ] Request (ImagesNegativeTestJSON:test_create_image_from_deleted_server): 200 GET http://10.180.1.21/compute/v2.1/servers/3448899e-3a21-4037-b412-4074ef62c387 5.979s
2025-11-22 05:31:32.211 66676 INFO tempest.lib.common.rest_client [req-60d0b745-e065-4188-977b-81cbb58d01ae req-60d0b745-e065-4188-977b-81cbb58d01ae ] Request (ListImageFiltersTestJSON:setUpClass): 200 GET http://10.180.1.21/compute/v2.1/images/a16ded9f-4855-4b8f-8fe8-ff27841060d4 5.668s
2025-11-22 05:31:32.266 66668 INFO tempest.lib.common.rest_client [req-34086070-2b6d-4e32-aa28-0ac22517cd2c req-34086070-2b6d-4e32-aa28-0ac22517cd2c ] Request (AttachInterfacesUnderV243Test:test_add_remove_fixed_ip): 200 GET http://10.180.1.21/compute/v2.1/servers/1963ebd5-bcda-40c3-9207-0fb28d5497f2 5.843s
2025-11-22 05:31:32.293 66706 INFO tempest.lib.common.rest_client [req-bb20eddd-6de5-48cf-b9ec-273ec02479c5 req-bb20eddd-6de5-48cf-b9ec-273ec02479c5 ] Request (ServerDiagnosticsV248Test:tearDownClass): 204 DELETE http://10.180.1.21/identity/v3/users/835c7e6921b94eae88f273524d7cfe49 0.161s
2025-11-22 05:31:32.293 66706 INFO tempest.lib.common.dynamic_creds [-] Deleting project and security group for project: 0c67a69398ac4ac09afab60197b2a42a
2025-11-22 05:31:32.347 66694 INFO tempest.lib.common.rest_client [req-7d131a0f-ed74-4eaa-bf25-3d2406b548d4 req-7d131a0f-ed74-4eaa-bf25-3d2406b548d4 ] Request (FloatingIPsAssociationTestJSON:setUpClass): 200 GET http://10.180.1.21/compute/v2.1/servers/09ca44d7-5547-4a3e-8cda-e3ccac2ea0fc 5.443s
2025-11-22 05:31:32.372 66706 INFO tempest.lib.common.rest_client [req-71e67036-33d5-4903-9bd7-99e99232c368 req-71e67036-33d5-4903-9bd7-99e99232c368 ] Request (ServerDiagnosticsV248Test:tearDownClass): 201 POST http://10.180.1.21/identity/v3/auth/tokens 0.079s
2025-11-22 05:31:32.444 66648 INFO tempest.lib.common.rest_client [req-7ceb78da-eee3-4b5a-95f5-1ffc25891346 req-7ceb78da-eee3-4b5a-95f5-1ffc25891346 ] Request (FloatingIPsNegativeTestJSON:test_allocate_floating_ip_from_nonexistent_pool): 404 POST http://10.180.1.21/compute/v2.1/os-floating-ips 4.448s
2025-11-22 05:31:32.561 66674 INFO tempest.lib.common.rest_client [req-48ae675c-1be4-462a-8e90-dfce27ebfeb0 req-48ae675c-1be4-462a-8e90-dfce27ebfeb0 ] Request (ServicesAdminNegativeTestJSON:test_list_services_with_non_admin_user): 403 GET http://10.180.1.21/compute/v2.1/os-services 4.525s
2025-11-22 05:31:32.580 66670 INFO tempest.lib.common.rest_client [req-01e56e1c-6d71-495a-ac19-d994670e3992 req-01e56e1c-6d71-495a-ac19-d994670e3992 ] Request (KeyPairsNegativeTestJSON:test_keypair_delete_nonexistent_key): 404 DELETE http://10.180.1.21/compute/v2.1/os-keypairs/tempest-keypair-non-existent-143302149 4.496s
2025-11-22 05:31:32.586 66664 INFO tempest.lib.common.rest_client [req-59e7fc01-e5d8-4a0c-901c-ac3ed2fb6b27 req-59e7fc01-e5d8-4a0c-901c-ac3ed2fb6b27 ] Request (AggregatesAdminNegativeTestJSON:test_aggregate_list_as_user): 403 GET http://10.180.1.21/compute/v2.1/os-aggregates 4.488s
2025-11-22 05:31:32.601 66650 INFO tempest.lib.common.rest_client [req-740dc3c2-646a-4aa2-83c6-c7255a5e01fd req-740dc3c2-646a-4aa2-83c6-c7255a5e01fd ] Request (FlavorsAdminTestJSON:test_is_public_string_variations): 200 GET http://10.180.1.21/compute/v2.1/flavors/detail?is_public=no 4.489s
2025-11-22 05:31:32.656 66674 INFO tempest.lib.common.rest_client [req-dafadda4-4be1-4bf9-8d54-c1baead12cef req-dafadda4-4be1-4bf9-8d54-c1baead12cef ] Request (ServicesAdminNegativeTestJSON:tearDownClass): 204 DELETE http://10.180.1.21/identity/v3/users/a594a4556fab4ae6b440af1b0bf34b4d 0.091s
2025-11-22 05:31:32.667 66670 INFO tempest.lib.common.rest_client [req-f9013946-b4ca-4791-82f1-4ee59699bce6 req-f9013946-b4ca-4791-82f1-4ee59699bce6 ] Request (KeyPairsNegativeTestJSON:tearDownClass): 204 DELETE http://10.180.1.21/identity/v3/users/463a58e0432f47f8814e2f0fcfe4d85d 0.084s
2025-11-22 05:31:32.667 66670 INFO tempest.lib.common.dynamic_creds [-] Deleting project and security group for project: 77877f6942614cd8822f2e1957f6ac58
2025-11-22 05:31:32.672 66706 INFO tempest.lib.common.rest_client [req-f10bf184-fdcb-447d-8e7d-6fdc9c19dc8e req-f10bf184-fdcb-447d-8e7d-6fdc9c19dc8e ] Request (ServerDiagnosticsV248Test:tearDownClass): 200 GET http://10.180.1.21/networking/v2.0/security-groups?tenant_id=0c67a69398ac4ac09afab60197b2a42a&name=default 0.298s
2025-11-22 05:31:32.731 66670 INFO tempest.lib.common.rest_client [req-356fcc6a-e5ea-405c-925a-51ad851aaa6b req-356fcc6a-e5ea-405c-925a-51ad851aaa6b ] Request (KeyPairsNegativeTestJSON:tearDownClass): 201 POST http://10.180.1.21/identity/v3/auth/tokens 0.063s
2025-11-22 05:31:32.794 66674 INFO tempest.lib.common.rest_client [req-86b4dc02-5774-487f-a5d1-40a12428b52a req-86b4dc02-5774-487f-a5d1-40a12428b52a ] Request (ServicesAdminNegativeTestJSON:tearDownClass): 204 DELETE http://10.180.1.21/identity/v3/users/14ea215a8d9943fb9390bdd11f0e3661 0.138s
2025-11-22 05:31:32.795 66674 INFO tempest.lib.common.dynamic_creds [-] Deleting project and security group for project: 242e53354fc747c591152d8ab4ed6b1e
2025-11-22 05:31:32.842 66708 INFO tempest.lib.common.rest_client [req-a8c9254c-7e05-4e40-bd11-2e7755d868fa req-a8c9254c-7e05-4e40-bd11-2e7755d868fa ] Request (AttachVolumeNegativeTest:setUpClass): 201 POST http://10.180.1.21/networking/v2.0/routers 0.944s
2025-11-22 05:31:32.868 66706 INFO tempest.lib.common.rest_client [req-4101c43e-f80a-4b94-b40a-7a56a3d063d0 req-4101c43e-f80a-4b94-b40a-7a56a3d063d0 ] Request (ServerDiagnosticsV248Test:tearDownClass): 204 DELETE http://10.180.1.21/networking/v2.0/security-groups/e183749d-f4b8-400a-af22-716ec01cdede 0.195s
2025-11-22 05:31:32.880 66674 INFO tempest.lib.common.rest_client [req-bafa6998-8eec-410c-81f0-8721978b9940 req-bafa6998-8eec-410c-81f0-8721978b9940 ] Request (ServicesAdminNegativeTestJSON:tearDownClass): 201 POST http://10.180.1.21/identity/v3/auth/tokens 0.085s
2025-11-22 05:31:32.889 66686 INFO tempest.lib.common.rest_client [req-37dbc224-66e6-4e1b-ae80-bcab7b0164ae req-37dbc224-66e6-4e1b-ae80-bcab7b0164ae ] Request (FlavorsV2NegativeTest:test_boot_with_low_ram): 400 POST http://10.180.1.21/compute/v2.1/servers 6.027s
2025-11-22 05:31:32.954 66660 INFO tempest.lib.common.rest_client [req-9d034d13-cdef-4088-99fd-bae5559213b9 req-9d034d13-cdef-4088-99fd-bae5559213b9 ] Request (DeleteServersAdminTestJSON:test_delete_server_while_in_error_state): 200 GET http://10.180.1.21/compute/v2.1/servers/6291a640-2907-4af7-b3ac-084d9a9424fa 4.552s
2025-11-22 05:31:32.956 66686 INFO tempest.lib.common.rest_client [req-731f9dbc-7808-452b-8655-49a28705eb7a req-731f9dbc-7808-452b-8655-49a28705eb7a ] Request (FlavorsV2NegativeTest:_run_cleanups): 204 DELETE http://10.180.1.21/image/v2/images/8b0bbc10-6946-4a22-b9f6-d43180f5319c 0.066s
2025-11-22 05:31:32.969 66660 INFO tempest.common.waiters [-] State transition "BUILD/spawning" ==> "ACTIVE/None" after 46 second wait
2025-11-22 05:31:33.020 66706 INFO tempest.lib.common.rest_client [req-35452391-6712-4653-adda-a636879f2cc4 req-35452391-6712-4653-adda-a636879f2cc4 ] Request (ServerDiagnosticsV248Test:tearDownClass): 204 DELETE http://10.180.1.21/identity/v3/projects/0c67a69398ac4ac09afab60197b2a42a 0.152s
2025-11-22 05:31:33.021 66706 INFO tempest.lib.common.dynamic_creds [-] Deleting project and security group for project: 0a0fe5f4bcfa4094b9abf366e740ffd3
2025-11-22 05:31:33.154 66670 INFO tempest.lib.common.rest_client [req-517ea541-b825-486d-b60f-36e0dadc4684 req-517ea541-b825-486d-b60f-36e0dadc4684 ] Request (KeyPairsNegativeTestJSON:tearDownClass): 200 GET http://10.180.1.21/networking/v2.0/security-groups?tenant_id=77877f6942614cd8822f2e1957f6ac58&name=default 0.422s
2025-11-22 05:31:33.199 66686 INFO tempest.lib.common.rest_client [req-d4c1a8b9-e44b-4090-b0c5-ac42c275ed54 req-d4c1a8b9-e44b-4090-b0c5-ac42c275ed54 ] Request (FlavorsV2NegativeTest:tearDownClass): 204 DELETE http://10.180.1.21/identity/v3/users/e0cf9e6ed5644b34b3e7096a14abdfe5 0.242s
2025-11-22 05:31:33.199 66686 INFO tempest.lib.common.dynamic_creds [-] Deleting project and security group for project: 8f06051d9fe4473d8631b88f61b88227
2025-11-22 05:31:33.263 66686 INFO tempest.lib.common.rest_client [req-ad42f50b-6ca9-43fe-98d1-87443b2e574d req-ad42f50b-6ca9-43fe-98d1-87443b2e574d ] Request (FlavorsV2NegativeTest:tearDownClass): 201 POST http://10.180.1.21/identity/v3/auth/tokens 0.063s
2025-11-22 05:31:33.410 66696 WARNING tempest.lib.common.ssh [-] Failed to establish authenticated ssh connection to cirros@10.180.180.201 ([Errno None] Unable to connect to port 22 on 10.180.180.201). Number attempts: 6. Retry after 7 seconds.: paramiko.ssh_exception.NoValidConnectionsError: [Errno None] Unable to connect to port 22 on 10.180.180.201
2025-11-22 05:31:33.415 66674 INFO tempest.lib.common.rest_client [req-8c4012e4-c69c-4768-b7ad-8f6f81a77086 req-8c4012e4-c69c-4768-b7ad-8f6f81a77086 ] Request (ServicesAdminNegativeTestJSON:tearDownClass): 200 GET http://10.180.1.21/networking/v2.0/security-groups?tenant_id=242e53354fc747c591152d8ab4ed6b1e&name=default 0.534s
2025-11-22 05:31:33.683 66706 INFO tempest.lib.common.rest_client [req-8509895a-986f-4bab-bca6-2ce15263bbe7 req-8509895a-986f-4bab-bca6-2ce15263bbe7 ] Request (ServerDiagnosticsV248Test:tearDownClass): 200 GET http://10.180.1.21/networking/v2.0/security-groups?tenant_id=0a0fe5f4bcfa4094b9abf366e740ffd3&name=default 0.662s
2025-11-22 05:31:33.789 66670 INFO tempest.lib.common.rest_client [req-13e66f9a-5d3c-4193-916e-0cc93f1d3399 req-13e66f9a-5d3c-4193-916e-0cc93f1d3399 ] Request (KeyPairsNegativeTestJSON:tearDownClass): 204 DELETE http://10.180.1.21/networking/v2.0/security-groups/14641aed-6928-48c3-af89-394aadd71882 0.635s
2025-11-22 05:31:33.862 66670 INFO tempest.lib.common.rest_client [req-d7c43e49-8f1b-42d3-9ef4-76fd2fa226d7 req-d7c43e49-8f1b-42d3-9ef4-76fd2fa226d7 ] Request (KeyPairsNegativeTestJSON:tearDownClass): 204 DELETE http://10.180.1.21/identity/v3/projects/77877f6942614cd8822f2e1957f6ac58 0.072s
2025-11-22 05:31:33.932 66670 INFO tempest.lib.common.rest_client [req-a00b8806-d0a2-463d-ada2-0fb7849198f8 req-a00b8806-d0a2-463d-ada2-0fb7849198f8 ] Request (ServerRescueTestJSONUnderV235:setUpClass): 201 POST http://10.180.1.21/identity/v3/auth/tokens 0.068s
2025-11-22 05:31:33.964 66670 INFO tempest.lib.common.rest_client [req-7f042a12-30c7-449a-9233-35340c1598fe req-7f042a12-30c7-449a-9233-35340c1598fe ] Request (ServerRescueTestJSONUnderV235:setUpClass): 201 POST http://10.180.1.21/identity/v3/auth/tokens 0.029s
2025-11-22 05:31:33.995 66670 INFO tempest.lib.common.rest_client [req-5df8ff59-f7e6-4a79-b86c-1274cefa5ec8 req-5df8ff59-f7e6-4a79-b86c-1274cefa5ec8 ] Request (ServerRescueTestJSONUnderV235:setUpClass): 200 GET http://10.180.1.21/identity/v3/domains?name=Default 0.031s
2025-11-22 05:31:34.036 66670 INFO tempest.lib.common.rest_client [req-7d9987d3-7c0d-4a98-bd19-42b4e0aa1313 req-7d9987d3-7c0d-4a98-bd19-42b4e0aa1313 ] Request (ServerRescueTestJSONUnderV235:setUpClass): 201 POST http://10.180.1.21/identity/v3/projects 0.039s
2025-11-22 05:31:34.065 66708 INFO tempest.lib.common.rest_client [req-66e1b00c-8555-407b-82a0-44e756a9120f req-66e1b00c-8555-407b-82a0-44e756a9120f ] Request (AttachVolumeNegativeTest:setUpClass): 200 PUT http://10.180.1.21/networking/v2.0/routers/b9b1bd53-7b99-4b7c-9540-85622d1282ec/add_router_interface 1.223s
2025-11-22 05:31:34.065 66686 INFO tempest.lib.common.rest_client [req-8dddb51d-7efb-4529-8165-473d2214e1e5 req-8dddb51d-7efb-4529-8165-473d2214e1e5 ] Request (FlavorsV2NegativeTest:tearDownClass): 200 GET http://10.180.1.21/networking/v2.0/security-groups?tenant_id=8f06051d9fe4473d8631b88f61b88227&name=default 0.801s
2025-11-22 05:31:34.065 66708 INFO tempest.lib.common.dynamic_creds [-] Created isolated network resources for: credentials: Credentials: {'domain_id': 'default', 'domain_name': 'Default', 'username': 'tempest-AttachVolumeNegativeTest-1277021693-project-member', 'project_domain_id': 'default', 'project_domain_name': 'Default', 'project_id': '015f02e903e44ef0879eead7e091a51d', 'project_name': 'tempest-AttachVolumeNegativeTest-1277021693', 'tenant_id': '015f02e903e44ef0879eead7e091a51d', 'tenant_name': 'tempest-AttachVolumeNegativeTest-1277021693', 'user_domain_id': 'default', 'user_domain_name': 'Default', 'user_id': '18bfcea6e9824196b51d67b382f8bb36', 'system': None}, Network: {'id': 'd01e47de-29ad-4fa7-a4fd-8493d743559a', 'name': 'tempest-AttachVolumeNegativeTest-319030501-network', 'tenant_id': '015f02e903e44ef0879eead7e091a51d', 'project_id': '015f02e903e44ef0879eead7e091a51d', 'admin_state_up': True, 'mtu': 8950, 'status': 'ACTIVE', 'subnets': [], 'shared': False, 'port_security_enabled': True, 'router:external': False, 'provider:network_type': 'vlan', 'provider:physical_network': 'default', 'provider:segmentation_id': 731, 'availability_zone_hints': [], 'availability_zones': [], 'ipv4_address_scope': None, 'ipv6_address_scope': None, 'description': '', 'tags': [], 'created_at': '2025-11-22T05:31:31Z', 'updated_at': '2025-11-22T05:31:31Z', 'revision_number': 1}, Subnet: {'id': '1664f7d4-557e-4d72-8854-2c92b2b88843', 'name': 'tempest-AttachVolumeNegativeTest-319030501-subnet', 'tenant_id': '015f02e903e44ef0879eead7e091a51d', 'network_id': 'd01e47de-29ad-4fa7-a4fd-8493d743559a', 'ip_version': 4, 'subnetpool_id': None, 'enable_dhcp': True, 'ipv6_ra_mode': None, 'ipv6_address_mode': None, 'gateway_ip': '192.168.128.1', 'cidr': '192.168.128.0/28', 'allocation_pools': [{'start': '192.168.128.2', 'end': '192.168.128.14'}], 'host_routes': [], 'dns_nameservers': [], 'description': '', 'router:external': False, 'service_types': [], 'tags': [], 'created_at': '2025-11-22T05:31:31Z', 'updated_at': '2025-11-22T05:31:31Z', 'revision_number': 0, 'project_id': '015f02e903e44ef0879eead7e091a51d'}, Router: {'id': 'b9b1bd53-7b99-4b7c-9540-85622d1282ec', 'name': 'tempest-AttachVolumeNegativeTest-319030501-router', 'tenant_id': '015f02e903e44ef0879eead7e091a51d', 'admin_state_up': True, 'status': 'ACTIVE', 'external_gateway_info': {'network_id': '5fc6035a-d8b1-4ace-9d46-dd6536aa2ece', 'external_fixed_ips': [{'subnet_id': 'a419307b-8987-4e57-a63e-3626c14a9602', 'ip_address': '10.180.180.163'}], 'enable_snat': True}, 'description': '', 'availability_zones': [], 'distributed': False, 'ha': False, 'availability_zone_hints': [], 'routes': [], 'flavor_id': None, 'tags': [], 'created_at': '2025-11-22T05:31:31Z', 'updated_at': '2025-11-22T05:31:32Z', 'revision_number': 2, 'project_id': '015f02e903e44ef0879eead7e091a51d'}
2025-11-22 05:31:34.112 66670 INFO tempest.lib.common.rest_client [req-e8df45d2-fd0e-4bf6-a198-99c2ab2f95ee req-e8df45d2-fd0e-4bf6-a198-99c2ab2f95ee ] Request (ServerRescueTestJSONUnderV235:setUpClass): 201 POST http://10.180.1.21/identity/v3/users 0.076s
2025-11-22 05:31:34.134 66670 INFO tempest.lib.common.rest_client [req-39b301be-d76a-4b0a-aae1-168abd1a0359 req-39b301be-d76a-4b0a-aae1-168abd1a0359 ] Request (ServerRescueTestJSONUnderV235:setUpClass): 200 GET http://10.180.1.21/identity/v3/roles 0.021s
2025-11-22 05:31:34.160 66708 INFO tempest.lib.common.rest_client [req-18878ce4-b8e4-40a9-bf8e-2d7992373823 req-18878ce4-b8e4-40a9-bf8e-2d7992373823 ] Request (AttachVolumeNegativeTest:setUpClass): 201 POST http://10.180.1.21/identity/v3/auth/tokens 0.091s
2025-11-22 05:31:34.168 66670 INFO tempest.lib.common.rest_client [req-b7eb1f8e-97e3-4baf-8698-2f8526ddfe98 req-b7eb1f8e-97e3-4baf-8698-2f8526ddfe98 ] Request (ServerRescueTestJSONUnderV235:setUpClass): 204 PUT http://10.180.1.21/identity/v3/projects/8d8f6d32a56446448fc02646753beefb/users/b61f34c90bac4dd8be476a2eb32a828e/roles/167bc9e5701849eeb42cde9f57edf410 0.033s
2025-11-22 05:31:34.168 66670 INFO tempest.lib.common.dynamic_creds [-] Dynamic test user b61f34c90bac4dd8be476a2eb32a828e is created with scope project and roles: ['member']
2025-11-22 05:31:34.169 66670 INFO tempest.lib.common.dynamic_creds [-] Acquired dynamic creds: credentials: Credentials: {'domain_id': 'default', 'domain_name': 'Default', 'username': 'tempest-ServerRescueTestJSONUnderV235-2036827869-project-member', 'project_domain_id': 'default', 'project_domain_name': 'Default', 'project_id': '8d8f6d32a56446448fc02646753beefb', 'project_name': 'tempest-ServerRescueTestJSONUnderV235-2036827869', 'tenant_id': '8d8f6d32a56446448fc02646753beefb', 'tenant_name': 'tempest-ServerRescueTestJSONUnderV235-2036827869', 'user_domain_id': 'default', 'user_domain_name': 'Default', 'user_id': 'b61f34c90bac4dd8be476a2eb32a828e', 'system': None}, Network: None, Subnet: None, Router: None
2025-11-22 05:31:34.173 66674 INFO tempest.lib.common.rest_client [req-74933d99-d9aa-42b5-9cfd-cadc6fe13561 req-74933d99-d9aa-42b5-9cfd-cadc6fe13561 ] Request (ServicesAdminNegativeTestJSON:tearDownClass): 204 DELETE http://10.180.1.21/networking/v2.0/security-groups/2f6c5a8a-0efe-440d-a292-cc07bbfe0eb8 0.758s
2025-11-22 05:31:34.239 66670 INFO tempest.lib.common.rest_client [req-0805f817-0763-4571-aa7c-06bd5a0d7471 req-0805f817-0763-4571-aa7c-06bd5a0d7471 ] Request (ServerRescueTestJSONUnderV235:setUpClass): 201 POST http://10.180.1.21/identity/v3/auth/tokens 0.069s
2025-11-22 05:31:34.265 66706 INFO tempest.lib.common.rest_client [req-1b7b9cc2-785f-43bb-a7ba-3c7d5e45cbd7 req-1b7b9cc2-785f-43bb-a7ba-3c7d5e45cbd7 ] Request (ServerDiagnosticsV248Test:tearDownClass): 204 DELETE http://10.180.1.21/networking/v2.0/security-groups/422eb958-2921-434f-92eb-cec8e563d773 0.582s
2025-11-22 05:31:34.274 66686 INFO tempest.lib.common.rest_client [req-49c2ae01-c66c-4503-8a47-d0754cf4ba23 req-49c2ae01-c66c-4503-8a47-d0754cf4ba23 ] Request (FlavorsV2NegativeTest:tearDownClass): 204 DELETE http://10.180.1.21/networking/v2.0/security-groups/f7294365-7e9c-45ad-962c-34546b746869 0.208s
2025-11-22 05:31:34.281 66658 INFO tempest.lib.common.rest_client [req-ed741455-9df9-43e6-bf96-e1ea4cf37f3c req-ed741455-9df9-43e6-bf96-e1ea4cf37f3c ] Request (FloatingIPDetailsTestJSON:test_list_floating_ips): 200 GET http://10.180.1.21/compute/v2.1/os-floating-ips 4.155s
2025-11-22 05:31:34.305 66680 WARNING tempest.lib.common.ssh [-] Failed to establish authenticated ssh connection to cirros@10.180.180.196 ([Errno None] Unable to connect to port 22 on 10.180.180.196). Number attempts: 5. Retry after 6 seconds.: paramiko.ssh_exception.NoValidConnectionsError: [Errno None] Unable to connect to port 22 on 10.180.180.196
2025-11-22 05:31:34.317 66674 INFO tempest.lib.common.rest_client [req-eba4dad0-4cf8-4007-98a0-d3c25731f044 req-eba4dad0-4cf8-4007-98a0-d3c25731f044 ] Request (ServicesAdminNegativeTestJSON:tearDownClass): 204 DELETE http://10.180.1.21/identity/v3/projects/242e53354fc747c591152d8ab4ed6b1e 0.144s
2025-11-22 05:31:34.318 66674 INFO tempest.lib.common.dynamic_creds [-] Deleting project and security group for project: 1fc58312b2c340a5aab7a1e92f6d2589
2025-11-22 05:31:34.384 66706 INFO tempest.lib.common.rest_client [req-6b55935d-af31-4610-bd9e-c5629f47206a req-6b55935d-af31-4610-bd9e-c5629f47206a ] Request (ServerDiagnosticsV248Test:tearDownClass): 204 DELETE http://10.180.1.21/identity/v3/projects/0a0fe5f4bcfa4094b9abf366e740ffd3 0.118s
2025-11-22 05:31:34.458 66686 INFO tempest.lib.common.rest_client [req-98437792-2f47-4471-982c-02a4be4a28f2 req-98437792-2f47-4471-982c-02a4be4a28f2 ] Request (FlavorsV2NegativeTest:tearDownClass): 204 DELETE http://10.180.1.21/identity/v3/projects/8f06051d9fe4473d8631b88f61b88227 0.184s
2025-11-22 05:31:34.501 66706 INFO tempest.lib.common.rest_client [req-b0b9c941-2f88-4cff-97ca-41ba81929844 req-b0b9c941-2f88-4cff-97ca-41ba81929844 ] Request (DeleteServersTestJSON:setUpClass): 201 POST http://10.180.1.21/identity/v3/auth/tokens 0.116s
2025-11-22 05:31:34.527 66686 INFO tempest.lib.common.rest_client [req-e522e001-451e-4044-a19a-45b6bda8b962 req-e522e001-451e-4044-a19a-45b6bda8b962 ] Request (ListImageFiltersNegativeTestJSON:setUpClass): 201 POST http://10.180.1.21/identity/v3/auth/tokens 0.067s
2025-11-22 05:31:34.535 66706 INFO tempest.lib.common.rest_client [req-2dde41eb-72b5-4a4c-9fe9-6621db44f29a req-2dde41eb-72b5-4a4c-9fe9-6621db44f29a ] Request (DeleteServersTestJSON:setUpClass): 201 POST http://10.180.1.21/identity/v3/auth/tokens 0.031s
2025-11-22 05:31:34.537 66674 INFO tempest.lib.common.rest_client [req-62106775-ec8d-4ade-a25d-5e51361b5602 req-62106775-ec8d-4ade-a25d-5e51361b5602 ] Request (ServicesAdminNegativeTestJSON:tearDownClass): 200 GET http://10.180.1.21/networking/v2.0/security-groups?tenant_id=1fc58312b2c340a5aab7a1e92f6d2589&name=default 0.218s
2025-11-22 05:31:34.564 66686 INFO tempest.lib.common.rest_client [req-f4df14c2-1672-47c0-8ce1-98912e87fde0 req-f4df14c2-1672-47c0-8ce1-98912e87fde0 ] Request (ListImageFiltersNegativeTestJSON:setUpClass): 201 POST http://10.180.1.21/identity/v3/auth/tokens 0.034s
2025-11-22 05:31:34.564 66706 INFO tempest.lib.common.rest_client [req-5f894f3c-7df0-474c-97a1-9ede543ac027 req-5f894f3c-7df0-474c-97a1-9ede543ac027 ] Request (DeleteServersTestJSON:setUpClass): 200 GET http://10.180.1.21/identity/v3/domains?name=Default 0.028s
2025-11-22 05:31:34.594 66686 INFO tempest.lib.common.rest_client [req-4bb1b5ff-0fc0-49db-9710-491f8e3d106a req-4bb1b5ff-0fc0-49db-9710-491f8e3d106a ] Request (ListImageFiltersNegativeTestJSON:setUpClass): 200 GET http://10.180.1.21/identity/v3/domains?name=Default 0.029s
2025-11-22 05:31:34.617 66706 INFO tempest.lib.common.rest_client [req-390cd159-a727-4334-b7cc-33b8870dbd03 req-390cd159-a727-4334-b7cc-33b8870dbd03 ] Request (DeleteServersTestJSON:setUpClass): 201 POST http://10.180.1.21/identity/v3/projects 0.053s
2025-11-22 05:31:34.645 66686 INFO tempest.lib.common.rest_client [req-58241c99-a4b3-4150-896e-0b4731161614 req-58241c99-a4b3-4150-896e-0b4731161614 ] Request (ListImageFiltersNegativeTestJSON:setUpClass): 201 POST http://10.180.1.21/identity/v3/projects 0.050s
2025-11-22 05:31:34.685 66670 INFO tempest.lib.common.rest_client [req-ffee3cd6-1524-4863-b9cb-243487474795 req-ffee3cd6-1524-4863-b9cb-243487474795 ] Request (ServerRescueTestJSONUnderV235:setUpClass): 201 POST http://10.180.1.21/networking/v2.0/networks 0.446s
2025-11-22 05:31:34.717 66686 INFO tempest.lib.common.rest_client [req-eb92afd8-dcd1-46a1-85c5-f5649f2cddfd req-eb92afd8-dcd1-46a1-85c5-f5649f2cddfd ] Request (ListImageFiltersNegativeTestJSON:setUpClass): 201 POST http://10.180.1.21/identity/v3/users 0.072s
2025-11-22 05:31:34.736 66706 INFO tempest.lib.common.rest_client [req-3dae2882-2867-4bef-98f6-ab0f83665f30 req-3dae2882-2867-4bef-98f6-ab0f83665f30 ] Request (DeleteServersTestJSON:setUpClass): 201 POST http://10.180.1.21/identity/v3/users 0.117s
2025-11-22 05:31:34.741 66686 INFO tempest.lib.common.rest_client [req-dba2cfb4-6528-41cf-a33b-c08add8fb7e7 req-dba2cfb4-6528-41cf-a33b-c08add8fb7e7 ] Request (ListImageFiltersNegativeTestJSON:setUpClass): 200 GET http://10.180.1.21/identity/v3/roles 0.023s
2025-11-22 05:31:34.762 66706 INFO tempest.lib.common.rest_client [req-1caa4d66-e511-4afd-ba78-95b3d070aa48 req-1caa4d66-e511-4afd-ba78-95b3d070aa48 ] Request (DeleteServersTestJSON:setUpClass): 200 GET http://10.180.1.21/identity/v3/roles 0.026s
2025-11-22 05:31:34.783 66686 INFO tempest.lib.common.rest_client [req-714e2e63-a303-47f6-a801-db24d1431e1f req-714e2e63-a303-47f6-a801-db24d1431e1f ] Request (ListImageFiltersNegativeTestJSON:setUpClass): 204 PUT http://10.180.1.21/identity/v3/projects/93809ec756874e44aa545793729bc65d/users/c752e832bcd14388897bf4134d24caea/roles/167bc9e5701849eeb42cde9f57edf410 0.041s
2025-11-22 05:31:34.783 66686 INFO tempest.lib.common.dynamic_creds [-] Dynamic test user c752e832bcd14388897bf4134d24caea is created with scope project and roles: ['member']
2025-11-22 05:31:34.783 66686 INFO tempest.lib.common.dynamic_creds [-] Acquired dynamic creds: credentials: Credentials: {'domain_id': 'default', 'domain_name': 'Default', 'username': 'tempest-ListImageFiltersNegativeTestJSON-1842378055-project-member', 'project_domain_id': 'default', 'project_domain_name': 'Default', 'project_id': '93809ec756874e44aa545793729bc65d', 'project_name': 'tempest-ListImageFiltersNegativeTestJSON-1842378055', 'tenant_id': '93809ec756874e44aa545793729bc65d', 'tenant_name': 'tempest-ListImageFiltersNegativeTestJSON-1842378055', 'user_domain_id': 'default', 'user_domain_name': 'Default', 'user_id': 'c752e832bcd14388897bf4134d24caea', 'system': None}, Network: None, Subnet: None, Router: None
2025-11-22 05:31:34.783 66686 INFO tempest.lib.common.dynamic_creds [-] Created isolated network resources for: credentials: Credentials: {'domain_id': 'default', 'domain_name': 'Default', 'username': 'tempest-ListImageFiltersNegativeTestJSON-1842378055-project-member', 'project_domain_id': 'default', 'project_domain_name': 'Default', 'project_id': '93809ec756874e44aa545793729bc65d', 'project_name': 'tempest-ListImageFiltersNegativeTestJSON-1842378055', 'tenant_id': '93809ec756874e44aa545793729bc65d', 'tenant_name': 'tempest-ListImageFiltersNegativeTestJSON-1842378055', 'user_domain_id': 'default', 'user_domain_name': 'Default', 'user_id': 'c752e832bcd14388897bf4134d24caea', 'system': None}, Network: None, Subnet: None, Router: None
