2025-11-22 05:31:08.082 66694 INFO tempest.lib.common.rest_client [req-9bdbc54c-397c-439e-9082-959baae305c4 req-9bdbc54c-397c-439e-9082-959baae305c4 ] Request (FloatingIPsAssociationTestJSON:setUpClass): 201 POST http://10.180.1.21/networking/v2.0/networks 0.560s
2025-11-22 05:31:08.258 66662 INFO tempest.lib.common.rest_client [req-0a535405-df54-404c-8f51-1f3a7c81c03f req-0a535405-df54-404c-8f51-1f3a7c81c03f ] Request (ServersAdminNegativeTestJSON:test_migrate_server_invalid_state): 200 GET http://10.180.1.21/compute/v2.1/servers/8e3d5e8f-eaa1-4471-a96d-a1b18c378c9a 4.816s
2025-11-22 05:31:08.276 66702 INFO tempest.lib.common.rest_client [req-9b58ccad-dddf-4e4a-a7d8-c822bd28b6cd req-9b58ccad-dddf-4e4a-a7d8-c822bd28b6cd ] Request (InstanceActionsNegativeTestJSON:tearDownClass): 200 GET http://10.180.1.21/networking/v2.0/security-groups?tenant_id=51883c7a157d4bd5b000ebe5c416432d&name=default 0.536s
2025-11-22 05:31:08.302 66652 INFO tempest.lib.common.rest_client [req-ca305d80-8216-4784-9ac3-93558b566210 req-ca305d80-8216-4784-9ac3-93558b566210 ] Request (MultipleCreateTestJSON:test_multiple_create): 200 GET http://10.180.1.21/compute/v2.1/servers/5e4c514b-70fe-4a25-9286-add6dca08879 4.711s
2025-11-22 05:31:08.450 66680 WARNING tempest.lib.common.ssh [-] Failed to establish authenticated ssh connection to cirros@10.180.180.196 ([Errno None] Unable to connect to port 22 on 10.180.180.196). Number attempts: 1. Retry after 2 seconds.: paramiko.ssh_exception.NoValidConnectionsError: [Errno None] Unable to connect to port 22 on 10.180.180.196
2025-11-22 05:31:08.470 66694 INFO tempest.lib.common.rest_client [req-9fd071d9-9064-49c6-b62d-a0730d1e6cf4 req-9fd071d9-9064-49c6-b62d-a0730d1e6cf4 ] Request (FloatingIPsAssociationTestJSON:setUpClass): 201 POST http://10.180.1.21/networking/v2.0/subnets 0.387s
2025-11-22 05:31:08.568 66702 INFO tempest.lib.common.rest_client [req-045e96a8-f3c8-43ab-9dbf-92caec8827e7 req-045e96a8-f3c8-43ab-9dbf-92caec8827e7 ] Request (InstanceActionsNegativeTestJSON:tearDownClass): 204 DELETE http://10.180.1.21/networking/v2.0/security-groups/bdf86511-0f9e-41c0-abd7-814d69de861d 0.292s
2025-11-22 05:31:08.775 66702 INFO tempest.lib.common.rest_client [req-e1aefc2c-5ec4-49bf-95db-ae8610ff7375 req-e1aefc2c-5ec4-49bf-95db-ae8610ff7375 ] Request (InstanceActionsNegativeTestJSON:tearDownClass): 204 DELETE http://10.180.1.21/identity/v3/projects/51883c7a157d4bd5b000ebe5c416432d 0.206s
2025-11-22 05:31:08.780 66700 WARNING tempest.lib.common.ssh [-] Failed to establish authenticated ssh connection to cirros@10.180.180.139 ([Errno None] Unable to connect to port 22 on 10.180.180.139). Number attempts: 4. Retry after 5 seconds.: paramiko.ssh_exception.NoValidConnectionsError: [Errno None] Unable to connect to port 22 on 10.180.180.139
2025-11-22 05:31:08.832 66676 INFO tempest.lib.common.rest_client [req-fed4eada-b86f-4e4b-8742-998f7c1dc5ed req-fed4eada-b86f-4e4b-8742-998f7c1dc5ed ] Request (VolumesAdminNegativeTest:tearDownClass): 200 GET http://10.180.1.21/compute/v2.1/servers/5dc038d2-9205-4c87-b216-266a56e3391c 4.648s
2025-11-22 05:31:08.856 66702 INFO tempest.lib.common.rest_client [req-7c5c25f8-b341-4fad-8572-1a8ecb3855bf req-7c5c25f8-b341-4fad-8572-1a8ecb3855bf ] Request (ServerMetadataTestJSON:setUpClass): 201 POST http://10.180.1.21/identity/v3/auth/tokens 0.079s
2025-11-22 05:31:08.890 66702 INFO tempest.lib.common.rest_client [req-5b8a3fe4-a01c-48ed-86fd-89e4a70d966b req-5b8a3fe4-a01c-48ed-86fd-89e4a70d966b ] Request (ServerMetadataTestJSON:setUpClass): 201 POST http://10.180.1.21/identity/v3/auth/tokens 0.031s
2025-11-22 05:31:08.921 66702 INFO tempest.lib.common.rest_client [req-b78c555d-067c-41fd-89ab-1d1b163f9767 req-b78c555d-067c-41fd-89ab-1d1b163f9767 ] Request (ServerMetadataTestJSON:setUpClass): 200 GET http://10.180.1.21/identity/v3/domains?name=Default 0.030s
2025-11-22 05:31:08.979 66702 INFO tempest.lib.common.rest_client [req-18e85566-e4c5-4609-b454-9ed50609ee7c req-18e85566-e4c5-4609-b454-9ed50609ee7c ] Request (ServerMetadataTestJSON:setUpClass): 201 POST http://10.180.1.21/identity/v3/projects 0.057s
2025-11-22 05:31:09.071 66702 INFO tempest.lib.common.rest_client [req-74f992bd-f41b-4de7-875a-6470af1955c2 req-74f992bd-f41b-4de7-875a-6470af1955c2 ] Request (ServerMetadataTestJSON:setUpClass): 201 POST http://10.180.1.21/identity/v3/users 0.092s
2025-11-22 05:31:09.096 66702 INFO tempest.lib.common.rest_client [req-6f67e95f-3d05-4190-a1be-97722de52cb0 req-6f67e95f-3d05-4190-a1be-97722de52cb0 ] Request (ServerMetadataTestJSON:setUpClass): 200 GET http://10.180.1.21/identity/v3/roles 0.024s
2025-11-22 05:31:09.132 66702 INFO tempest.lib.common.rest_client [req-1f10a1ee-5b5d-48be-ac41-1936762ab0ca req-1f10a1ee-5b5d-48be-ac41-1936762ab0ca ] Request (ServerMetadataTestJSON:setUpClass): 204 PUT http://10.180.1.21/identity/v3/projects/cd3a55981f034099ae17820bc53d339e/users/bc721ab10abf4f60b9b43ec08fd5dedc/roles/167bc9e5701849eeb42cde9f57edf410 0.035s
2025-11-22 05:31:09.132 66702 INFO tempest.lib.common.dynamic_creds [-] Dynamic test user bc721ab10abf4f60b9b43ec08fd5dedc is created with scope project and roles: ['member']
2025-11-22 05:31:09.132 66702 INFO tempest.lib.common.dynamic_creds [-] Acquired dynamic creds: credentials: Credentials: {'domain_id': 'default', 'domain_name': 'Default', 'username': 'tempest-ServerMetadataTestJSON-1429582745-project-member', 'project_domain_id': 'default', 'project_domain_name': 'Default', 'project_id': 'cd3a55981f034099ae17820bc53d339e', 'project_name': 'tempest-ServerMetadataTestJSON-1429582745', 'tenant_id': 'cd3a55981f034099ae17820bc53d339e', 'tenant_name': 'tempest-ServerMetadataTestJSON-1429582745', 'user_domain_id': 'default', 'user_domain_name': 'Default', 'user_id': 'bc721ab10abf4f60b9b43ec08fd5dedc', 'system': None}, Network: None, Subnet: None, Router: None
2025-11-22 05:31:09.206 66702 INFO tempest.lib.common.rest_client [req-551914a9-6698-4ce8-8f7b-2423db410b95 req-551914a9-6698-4ce8-8f7b-2423db410b95 ] Request (ServerMetadataTestJSON:setUpClass): 201 POST http://10.180.1.21/identity/v3/auth/tokens 0.074s
2025-11-22 05:31:09.441 66646 INFO tempest.lib.common.rest_client [req-cfef67f3-3d7a-40f5-90ca-361fb81aa985 req-cfef67f3-3d7a-40f5-90ca-361fb81aa985 ] Request (MigrationsAdminTest:test_list_migrations_in_flavor_resize_situation): 200 GET http://10.180.1.21/compute/v2.1/servers/e6f1fdaa-548b-4853-8af5-7a15d288c5fd 5.739s
2025-11-22 05:31:09.492 66648 INFO tempest.lib.common.rest_client [req-c2d5696c-64d4-4a9c-b3d0-b56215370cd3 req-c2d5696c-64d4-4a9c-b3d0-b56215370cd3 ] Request (ServerDiagnosticsTest:tearDownClass): 200 GET http://10.180.1.21/compute/v2.1/servers/0ae0a6d2-2b1d-4044-8d92-fb67d09e230b 5.208s
2025-11-22 05:31:09.736 66702 INFO tempest.lib.common.rest_client [req-e103da73-7e72-4400-a975-88fb4ec293bd req-e103da73-7e72-4400-a975-88fb4ec293bd ] Request (ServerMetadataTestJSON:setUpClass): 201 POST http://10.180.1.21/networking/v2.0/networks 0.529s
2025-11-22 05:31:09.867 66704 INFO tempest.lib.common.rest_client [req-43d70a2c-0b5a-4dc1-a869-c44c6363c1e4 req-43d70a2c-0b5a-4dc1-a869-c44c6363c1e4 ] Request (ServerPasswordTestJSON:setUpClass): 200 GET http://10.180.1.21/compute/v2.1/servers/1f3e4358-acec-4689-9166-fd2e1355fe74 5.334s
2025-11-22 05:31:09.959 66694 INFO tempest.lib.common.rest_client [req-4fe66905-1a00-4d4b-be3d-3ad10bd8cdd6 req-4fe66905-1a00-4d4b-be3d-3ad10bd8cdd6 ] Request (FloatingIPsAssociationTestJSON:setUpClass): 201 POST http://10.180.1.21/networking/v2.0/routers 1.488s
2025-11-22 05:31:10.011 66686 INFO tempest.lib.common.rest_client [req-68c68908-c8b7-47b4-92e2-1b54d0b3bf37 req-68c68908-c8b7-47b4-92e2-1b54d0b3bf37 ] Request (QuotaClassesAdminTestJSON:test_update_default_quotas): 200 GET http://10.180.1.21/compute/v2.1/os-quota-class-sets/default 4.984s
2025-11-22 05:31:10.075 66702 INFO tempest.lib.common.rest_client [req-ff1cecf0-9661-44af-bd2b-2f81ab1246d3 req-ff1cecf0-9661-44af-bd2b-2f81ab1246d3 ] Request (ServerMetadataTestJSON:setUpClass): 201 POST http://10.180.1.21/networking/v2.0/subnets 0.337s
2025-11-22 05:31:10.936 66694 INFO tempest.lib.common.rest_client [req-413f9905-c56b-4818-9b9e-9d517d810187 req-413f9905-c56b-4818-9b9e-9d517d810187 ] Request (FloatingIPsAssociationTestJSON:setUpClass): 200 PUT http://10.180.1.21/networking/v2.0/routers/e9e70cd7-00be-4c70-b311-1290dd9aaa37/add_router_interface 0.976s
2025-11-22 05:31:10.936 66694 INFO tempest.lib.common.dynamic_creds [-] Created isolated network resources for: credentials: Credentials: {'domain_id': 'default', 'domain_name': 'Default', 'username': 'tempest-FloatingIPsAssociationTestJSON-86139712-project-member', 'project_domain_id': 'default', 'project_domain_name': 'Default', 'project_id': '0ebd9bdccda04106bd8481716e86376b', 'project_name': 'tempest-FloatingIPsAssociationTestJSON-86139712', 'tenant_id': '0ebd9bdccda04106bd8481716e86376b', 'tenant_name': 'tempest-FloatingIPsAssociationTestJSON-86139712', 'user_domain_id': 'default', 'user_domain_name': 'Default', 'user_id': 'ffe37a32f21249bea165f426c7c7c126', 'system': None}, Network: {'id': 'bfebd8c8-fc68-41d6-8cbd-e69813bdb418', 'name': 'tempest-FloatingIPsAssociationTestJSON-474052381-network', 'tenant_id': '0ebd9bdccda04106bd8481716e86376b', 'project_id': '0ebd9bdccda04106bd8481716e86376b', 'admin_state_up': True, 'mtu': 8950, 'status': 'ACTIVE', 'subnets': [], 'shared': False, 'port_security_enabled': True, 'router:external': False, 'provider:network_type': 'vlan', 'provider:physical_network': 'default', 'provider:segmentation_id': 426, 'availability_zone_hints': [], 'availability_zones': [], 'ipv4_address_scope': None, 'ipv6_address_scope': None, 'description': '', 'tags': [], 'created_at': '2025-11-22T05:31:07Z', 'updated_at': '2025-11-22T05:31:08Z', 'revision_number': 1}, Subnet: {'id': '8310ced6-7e92-4dff-bf7d-77e3f1881dc0', 'name': 'tempest-FloatingIPsAssociationTestJSON-474052381-subnet', 'tenant_id': '0ebd9bdccda04106bd8481716e86376b', 'network_id': 'bfebd8c8-fc68-41d6-8cbd-e69813bdb418', 'ip_version': 4, 'subnetpool_id': None, 'enable_dhcp': True, 'ipv6_ra_mode': None, 'ipv6_address_mode': None, 'gateway_ip': '192.168.128.1', 'cidr': '192.168.128.0/28', 'allocation_pools': [{'start': '192.168.128.2', 'end': '192.168.128.14'}], 'host_routes': [], 'dns_nameservers': [], 'description': '', 'router:external': False, 'service_types': [], 'tags': [], 'created_at': '2025-11-22T05:31:08Z', 'updated_at': '2025-11-22T05:31:08Z', 'revision_number': 0, 'project_id': '0ebd9bdccda04106bd8481716e86376b'}, Router: {'id': 'e9e70cd7-00be-4c70-b311-1290dd9aaa37', 'name': 'tempest-FloatingIPsAssociationTestJSON-474052381-router', 'tenant_id': '0ebd9bdccda04106bd8481716e86376b', 'admin_state_up': True, 'status': 'ACTIVE', 'external_gateway_info': {'network_id': '5fc6035a-d8b1-4ace-9d46-dd6536aa2ece', 'external_fixed_ips': [{'subnet_id': 'a419307b-8987-4e57-a63e-3626c14a9602', 'ip_address': '10.180.180.192'}], 'enable_snat': True}, 'description': '', 'availability_zones': [], 'distributed': False, 'ha': False, 'availability_zone_hints': [], 'routes': [], 'flavor_id': None, 'tags': [], 'created_at': '2025-11-22T05:31:08Z', 'updated_at': '2025-11-22T05:31:09Z', 'revision_number': 2, 'project_id': '0ebd9bdccda04106bd8481716e86376b'}
2025-11-22 05:31:11.015 66682 INFO tempest.lib.common.rest_client [req-700ce1fd-dec3-4aa3-abd8-608f4e05f1ff req-700ce1fd-dec3-4aa3-abd8-608f4e05f1ff ] Request (ServersWithSpecificFlavorTestJSON:test_verify_created_server_ephemeral_disk): 200 GET http://10.180.1.21/compute/v2.1/servers/9046e6f5-a347-4629-98e8-2e7d636d756b/os-interface 5.649s
2025-11-22 05:31:11.081 66694 INFO tempest.lib.common.rest_client [req-47d5622a-de09-40e5-86f1-a6d7253355f8 req-47d5622a-de09-40e5-86f1-a6d7253355f8 ] Request (FloatingIPsAssociationTestJSON:setUpClass): 201 POST http://10.180.1.21/identity/v3/auth/tokens 0.135s
2025-11-22 05:31:11.118 66694 INFO tempest.lib.common.rest_client [req-88755a4b-9994-4d22-beae-d5199677e3a9 req-88755a4b-9994-4d22-beae-d5199677e3a9 ] Request (FloatingIPsAssociationTestJSON:setUpClass): 201 POST http://10.180.1.21/identity/v3/auth/tokens 0.032s
2025-11-22 05:31:11.119 66694 INFO tempest.lib.common.fixed_network [-] (FloatingIPsAssociationTestJSON:setUpClass) Found network {'id': 'bfebd8c8-fc68-41d6-8cbd-e69813bdb418', 'name': 'tempest-FloatingIPsAssociationTestJSON-474052381-network', 'tenant_id': '0ebd9bdccda04106bd8481716e86376b', 'project_id': '0ebd9bdccda04106bd8481716e86376b', 'admin_state_up': True, 'mtu': 8950, 'status': 'ACTIVE', 'subnets': [], 'shared': False, 'port_security_enabled': True, 'router:external': False, 'provider:network_type': 'vlan', 'provider:physical_network': 'default', 'provider:segmentation_id': 426, 'availability_zone_hints': [], 'availability_zones': [], 'ipv4_address_scope': None, 'ipv6_address_scope': None, 'description': '', 'tags': [], 'created_at': '2025-11-22T05:31:07Z', 'updated_at': '2025-11-22T05:31:08Z', 'revision_number': 1} available for tenant
2025-11-22 05:31:11.522 66680 WARNING tempest.lib.common.ssh [-] Failed to establish authenticated ssh connection to cirros@10.180.180.196 ([Errno None] Unable to connect to port 22 on 10.180.180.196). Number attempts: 2. Retry after 3 seconds.: paramiko.ssh_exception.NoValidConnectionsError: [Errno None] Unable to connect to port 22 on 10.180.180.196
2025-11-22 05:31:11.723 66702 INFO tempest.lib.common.rest_client [req-29d86944-1848-4d7b-a71a-9a64d692871e req-29d86944-1848-4d7b-a71a-9a64d692871e ] Request (ServerMetadataTestJSON:setUpClass): 201 POST http://10.180.1.21/networking/v2.0/routers 1.646s
2025-11-22 05:31:12.358 66690 WARNING tempest.lib.common.ssh [-] Failed to establish authenticated ssh connection to cirros@10.180.180.234 ([Errno None] Unable to connect to port 22 on 10.180.180.234). Number attempts: 5. Retry after 6 seconds.: paramiko.ssh_exception.NoValidConnectionsError: [Errno None] Unable to connect to port 22 on 10.180.180.234
2025-11-22 05:31:12.398 66682 INFO tempest.lib.common.rest_client [req-2c4f1bad-db3c-4362-b6e4-50874312c1a4 req-2c4f1bad-db3c-4362-b6e4-50874312c1a4 ] Request (ServersWithSpecificFlavorTestJSON:test_verify_created_server_ephemeral_disk): 200 PUT http://10.180.1.21/networking/v2.0/floatingips/b7ad26c8-7632-4f39-89bb-fcf9ff004e85 1.379s
2025-11-22 05:31:12.968 66684 INFO tempest.lib.common.rest_client [req-6f84932e-5e5f-415b-9e3f-1b079a6b4c31 req-6f84932e-5e5f-415b-9e3f-1b079a6b4c31 ] Request (ImagesNegativeTestJSON:test_create_image_from_deleted_server): 200 GET http://10.180.1.21/compute/v2.1/servers/3448899e-3a21-4037-b412-4074ef62c387 7.296s
2025-11-22 05:31:12.984 66684 INFO tempest.common.waiters [-] State transition "BUILD/spawning" ==> "ACTIVE/None" after 36 second wait
2025-11-22 05:31:13.069 66658 INFO tempest.lib.common.rest_client [req-a7b3295a-5b5f-469a-bbff-c9dfb4875f71 req-a7b3295a-5b5f-469a-bbff-c9dfb4875f71 ] Request (FloatingIPDetailsTestJSON:setUpClass): 200 POST http://10.180.1.21/compute/v2.1/os-floating-ips 8.702s
2025-11-22 05:31:13.162 66706 INFO tempest.lib.common.rest_client [req-f769d06e-b16f-4848-b4a2-4cf3015e87fc req-f769d06e-b16f-4848-b4a2-4cf3015e87fc ] Request (ServerDiagnosticsV248Test:tearDownClass): 200 GET http://10.180.1.21/compute/v2.1/servers/b2f09fe5-2571-46e1-a6be-bb062debec4b 7.269s
2025-11-22 05:31:13.174 66706 INFO tempest.common.waiters [-] State transition "ACTIVE/deleting" ==> "DELETED/None" after 9 second wait
2025-11-22 05:31:13.262 66672 INFO tempest.lib.common.rest_client [req-bee7e1fa-acad-4892-9c44-951f2f1cd202 req-bee7e1fa-acad-4892-9c44-951f2f1cd202 ] Request (ImagesTestJSON:test_create_image_from_stopped_server): 200 GET http://10.180.1.21/compute/v2.1/servers/d413c793-3514-418e-b52d-4c2755984d04 7.336s
2025-11-22 05:31:13.272 66672 INFO tempest.common.waiters [-] State transition "BUILD/spawning" ==> "ACTIVE/None" after 41 second wait
2025-11-22 05:31:13.298 66674 INFO tempest.lib.common.rest_client [req-14a6ac60-d477-4ee8-b7be-bae30fc7d23c req-14a6ac60-d477-4ee8-b7be-bae30fc7d23c ] Request (ServicesAdminNegativeTestJSON:test_get_service_by_invalid_params): 200 GET http://10.180.1.21/compute/v2.1/os-services 7.177s
2025-11-22 05:31:13.334 66664 INFO tempest.lib.common.rest_client [req-336e9b18-63bb-4699-89c5-e9368a290a14 req-336e9b18-63bb-4699-89c5-e9368a290a14 ] Request (AggregatesAdminNegativeTestJSON:_run_cleanups): 200 DELETE http://10.180.1.21/compute/v2.1/os-aggregates/5 6.460s
2025-11-22 05:31:13.384 66670 INFO tempest.lib.common.rest_client [req-95242aa8-8408-47a1-8090-421924f4e5aa req-95242aa8-8408-47a1-8090-421924f4e5aa ] Request (KeyPairsNegativeTestJSON:test_create_keypair_with_duplicate_name): 409 POST http://10.180.1.21/compute/v2.1/os-keypairs 6.452s
2025-11-22 05:31:13.412 66650 INFO tempest.lib.common.rest_client [req-c243d06f-2ba1-4bf4-a18a-06d157c0ecce req-c243d06f-2ba1-4bf4-a18a-06d157c0ecce ] Request (FlavorsAdminTestJSON:_run_cleanups): 202 DELETE http://10.180.1.21/compute/v2.1/flavors/852739554 6.476s
2025-11-22 05:31:13.469 66666 INFO tempest.lib.common.rest_client [req-700b3091-b4c6-4c17-a674-eac38ef81d80 req-700b3091-b4c6-4c17-a674-eac38ef81d80 ] Request (SecurityGroupRulesTestJSON:test_security_group_rules_create): 200 POST http://10.180.1.21/compute/v2.1/os-security-group-rules 6.852s
2025-11-22 05:31:13.492 66692 INFO tempest.lib.common.rest_client [req-e7d480cc-e5cd-4348-9cba-c60793e9d24b req-e7d480cc-e5cd-4348-9cba-c60793e9d24b ] Request (ListServersNegativeTestJSON:setUpClass): 200 GET http://10.180.1.21/compute/v2.1/servers/a01c93a7-8a26-4288-83ce-2182a205f7c1 6.393s
2025-11-22 05:31:13.518 66708 INFO tempest.lib.common.rest_client [req-1fe93cdb-c339-4056-883d-161deafcae8b req-1fe93cdb-c339-4056-883d-161deafcae8b ] Request (FlavorsAccessNegativeTestJSON:_run_cleanups): 200 GET http://10.180.1.21/compute/v2.1/flavors/detail 6.126s
2025-11-22 05:31:13.594 66698 INFO tempest.lib.common.rest_client [req-ffb1ccbb-faf7-4adf-a670-41968e604928 req-ffb1ccbb-faf7-4adf-a670-41968e604928 ] Request (SecurityGroupsTestAdminJSON:_run_cleanups): 202 DELETE http://10.180.1.21/compute/v2.1/os-security-groups/6a52ad95-43af-4995-be70-3d445e0e0fde 6.213s
2025-11-22 05:31:13.607 66702 INFO tempest.lib.common.rest_client [req-e292593e-2c45-4e80-b9a1-2310cde8a50c req-e292593e-2c45-4e80-b9a1-2310cde8a50c ] Request (ServerMetadataTestJSON:setUpClass): 200 PUT http://10.180.1.21/networking/v2.0/routers/a8a700c9-f68c-4215-92fd-89c23c834526/add_router_interface 1.883s
2025-11-22 05:31:13.607 66702 INFO tempest.lib.common.dynamic_creds [-] Created isolated network resources for: credentials: Credentials: {'domain_id': 'default', 'domain_name': 'Default', 'username': 'tempest-ServerMetadataTestJSON-1429582745-project-member', 'project_domain_id': 'default', 'project_domain_name': 'Default', 'project_id': 'cd3a55981f034099ae17820bc53d339e', 'project_name': 'tempest-ServerMetadataTestJSON-1429582745', 'tenant_id': 'cd3a55981f034099ae17820bc53d339e', 'tenant_name': 'tempest-ServerMetadataTestJSON-1429582745', 'user_domain_id': 'default', 'user_domain_name': 'Default', 'user_id': 'bc721ab10abf4f60b9b43ec08fd5dedc', 'system': None}, Network: {'id': '5cb21ff7-e5cc-48ec-a53a-75ed3d3c36c5', 'name': 'tempest-ServerMetadataTestJSON-725361395-network', 'tenant_id': 'cd3a55981f034099ae17820bc53d339e', 'project_id': 'cd3a55981f034099ae17820bc53d339e', 'admin_state_up': True, 'mtu': 8950, 'status': 'ACTIVE', 'subnets': [], 'shared': False, 'port_security_enabled': True, 'router:external': False, 'provider:network_type': 'vlan', 'provider:physical_network': 'default', 'provider:segmentation_id': 312, 'availability_zone_hints': [], 'availability_zones': [], 'ipv4_address_scope': None, 'ipv6_address_scope': None, 'description': '', 'tags': [], 'created_at': '2025-11-22T05:31:09Z', 'updated_at': '2025-11-22T05:31:09Z', 'revision_number': 1}, Subnet: {'id': 'b8798808-350b-4c96-a617-03c6235a5164', 'name': 'tempest-ServerMetadataTestJSON-725361395-subnet', 'tenant_id': 'cd3a55981f034099ae17820bc53d339e', 'network_id': '5cb21ff7-e5cc-48ec-a53a-75ed3d3c36c5', 'ip_version': 4, 'subnetpool_id': None, 'enable_dhcp': True, 'ipv6_ra_mode': None, 'ipv6_address_mode': None, 'gateway_ip': '192.168.128.1', 'cidr': '192.168.128.0/28', 'allocation_pools': [{'start': '192.168.128.2', 'end': '192.168.128.14'}], 'host_routes': [], 'dns_nameservers': [], 'description': '', 'router:external': False, 'service_types': [], 'tags': [], 'created_at': '2025-11-22T05:31:09Z', 'updated_at': '2025-11-22T05:31:09Z', 'revision_number': 0, 'project_id': 'cd3a55981f034099ae17820bc53d339e'}, Router: {'id': 'a8a700c9-f68c-4215-92fd-89c23c834526', 'name': 'tempest-ServerMetadataTestJSON-725361395-router', 'tenant_id': 'cd3a55981f034099ae17820bc53d339e', 'admin_state_up': True, 'status': 'ACTIVE', 'external_gateway_info': {'network_id': '5fc6035a-d8b1-4ace-9d46-dd6536aa2ece', 'external_fixed_ips': [{'subnet_id': 'a419307b-8987-4e57-a63e-3626c14a9602', 'ip_address': '10.180.180.205'}], 'enable_snat': True}, 'description': '', 'availability_zones': [], 'distributed': False, 'ha': False, 'availability_zone_hints': [], 'routes': [], 'flavor_id': None, 'tags': [], 'created_at': '2025-11-22T05:31:10Z', 'updated_at': '2025-11-22T05:31:11Z', 'revision_number': 2, 'project_id': 'cd3a55981f034099ae17820bc53d339e'}
2025-11-22 05:31:13.663 66668 INFO tempest.lib.common.rest_client [req-7129734f-a879-4c04-a6e0-0917efd3a289 req-7129734f-a879-4c04-a6e0-0917efd3a289 ] Request (AttachInterfacesUnderV243Test:test_add_remove_fixed_ip): 200 GET http://10.180.1.21/compute/v2.1/servers/1963ebd5-bcda-40c3-9207-0fb28d5497f2 5.874s
2025-11-22 05:31:13.716 66688 INFO tempest.lib.common.rest_client [req-1f5e42cd-5fc1-4668-a3c2-10fc4e58ec8c req-1f5e42cd-5fc1-4668-a3c2-10fc4e58ec8c ] Request (AttachInterfacesV270Test:test_create_get_list_interfaces): 200 GET http://10.180.1.21/compute/v2.1/servers/33f3d3fb-0dd8-4927-a920-e26fa1e6fba4 6.000s
2025-11-22 05:31:13.719 66702 INFO tempest.lib.common.rest_client [req-9bf4b6df-2dc5-42f6-bef8-1298bb7b2f85 req-9bf4b6df-2dc5-42f6-bef8-1298bb7b2f85 ] Request (ServerMetadataTestJSON:setUpClass): 201 POST http://10.180.1.21/identity/v3/auth/tokens 0.108s
2025-11-22 05:31:13.727 66688 INFO tempest.common.waiters [-] State transition "BUILD/block_device_mapping" ==> "BUILD/spawning" after 28 second wait
2025-11-22 05:31:13.759 66654 INFO tempest.lib.common.rest_client [req-a6558517-e2f5-42a3-beaf-3d5050a3a020 req-a6558517-e2f5-42a3-beaf-3d5050a3a020 ] Request (ServersAdmin275Test:tearDownClass): 200 GET http://10.180.1.21/compute/v2.1/servers/544ad147-aabb-4a09-acfc-62d5fb3bc74f 5.894s
2025-11-22 05:31:13.764 66702 INFO tempest.lib.common.rest_client [req-e272cb70-b026-487c-8731-871b92aa7e50 req-e272cb70-b026-487c-8731-871b92aa7e50 ] Request (ServerMetadataTestJSON:setUpClass): 201 POST http://10.180.1.21/identity/v3/auth/tokens 0.041s
2025-11-22 05:31:13.765 66702 INFO tempest.lib.common.fixed_network [-] (ServerMetadataTestJSON:setUpClass) Found network {'id': '5cb21ff7-e5cc-48ec-a53a-75ed3d3c36c5', 'name': 'tempest-ServerMetadataTestJSON-725361395-network', 'tenant_id': 'cd3a55981f034099ae17820bc53d339e', 'project_id': 'cd3a55981f034099ae17820bc53d339e', 'admin_state_up': True, 'mtu': 8950, 'status': 'ACTIVE', 'subnets': [], 'shared': False, 'port_security_enabled': True, 'router:external': False, 'provider:network_type': 'vlan', 'provider:physical_network': 'default', 'provider:segmentation_id': 312, 'availability_zone_hints': [], 'availability_zones': [], 'ipv4_address_scope': None, 'ipv6_address_scope': None, 'description': '', 'tags': [], 'created_at': '2025-11-22T05:31:09Z', 'updated_at': '2025-11-22T05:31:09Z', 'revision_number': 1} available for tenant
2025-11-22 05:31:13.810 66678 INFO tempest.lib.common.rest_client [req-992b97b4-1c55-4b6d-a45a-02fdf6b98840 req-992b97b4-1c55-4b6d-a45a-02fdf6b98840 ] Request (ImagesOneServerTestJSON:test_create_image_specify_multibyte_character_image_name): 200 GET http://10.180.1.21/compute/v2.1/images/2e0e544e-75d2-4e0c-a5c3-522c951250a8 5.894s
2025-11-22 05:31:13.825 66660 INFO tempest.lib.common.rest_client [req-f627fb40-6801-4c7a-855e-4d6079b3a790 req-f627fb40-6801-4c7a-855e-4d6079b3a790 ] Request (DeleteServersAdminTestJSON:test_delete_server_while_in_error_state): 200 GET http://10.180.1.21/compute/v2.1/servers/6291a640-2907-4af7-b3ac-084d9a9424fa 5.953s
2025-11-22 05:31:13.886 66656 INFO tempest.lib.common.rest_client [req-19700582-4455-42f1-986a-59d6de34423a req-19700582-4455-42f1-986a-59d6de34423a ] Request (ServersAdminTestJSON:test_create_server_with_scheduling_hint): 200 GET http://10.180.1.21/compute/v2.1/servers/deb114c7-3664-4446-a394-e6d2f5d1c8ab 5.845s
2025-11-22 05:31:13.930 66662 INFO tempest.lib.common.rest_client [req-a5e8705c-d620-45c9-b9a5-6ddf984a0111 req-a5e8705c-d620-45c9-b9a5-6ddf984a0111 ] Request (ServersAdminNegativeTestJSON:test_migrate_server_invalid_state): 409 POST http://10.180.1.21/compute/v2.1/servers/8e3d5e8f-eaa1-4471-a96d-a1b18c378c9a/action 5.660s
2025-11-22 05:31:13.958 66676 INFO tempest.lib.common.rest_client [req-ff8a97f9-f789-4473-b87e-b2ed1ae84502 req-ff8a97f9-f789-4473-b87e-b2ed1ae84502 ] Request (VolumesAdminNegativeTest:tearDownClass): 404 GET http://10.180.1.21/compute/v2.1/servers/5dc038d2-9205-4c87-b216-266a56e3391c 4.118s
2025-11-22 05:31:14.034 66652 INFO tempest.lib.common.rest_client [req-e9acf95d-be04-4b5d-a97b-7ebac28e5b1f req-e9acf95d-be04-4b5d-a97b-7ebac28e5b1f ] Request (MultipleCreateTestJSON:test_multiple_create): 200 GET http://10.180.1.21/compute/v2.1/servers/5e4c514b-70fe-4a25-9286-add6dca08879 4.724s
2025-11-22 05:31:14.041 66652 INFO tempest.common.waiters [-] State transition "BUILD/None" ==> "BUILD/spawning" after 27 second wait
2025-11-22 05:31:14.140 66686 INFO tempest.lib.common.rest_client [req-b541e043-2606-4891-9c8f-5d9a2af485fd req-b541e043-2606-4891-9c8f-5d9a2af485fd ] Request (QuotaClassesAdminTestJSON:test_update_default_quotas): 200 PUT http://10.180.1.21/compute/v2.1/os-quota-class-sets/default 4.126s
2025-11-22 05:31:14.212 66646 INFO tempest.lib.common.rest_client [req-396e5b96-8706-4b9e-82c3-ae4ae01dd562 req-396e5b96-8706-4b9e-82c3-ae4ae01dd562 ] Request (MigrationsAdminTest:test_list_migrations_in_flavor_resize_situation): 200 GET http://10.180.1.21/compute/v2.1/servers/e6f1fdaa-548b-4853-8af5-7a15d288c5fd 3.764s
2025-11-22 05:31:14.223 66648 INFO tempest.lib.common.rest_client [req-6f7d25df-71c3-40a7-88f2-16f6b37eafee req-6f7d25df-71c3-40a7-88f2-16f6b37eafee ] Request (ServerDiagnosticsTest:tearDownClass): 200 GET http://10.180.1.21/compute/v2.1/servers/0ae0a6d2-2b1d-4044-8d92-fb67d09e230b 3.722s
2025-11-22 05:31:14.264 66704 INFO tempest.lib.common.rest_client [req-904be6f9-0f75-406a-8474-26e13c77f877 req-904be6f9-0f75-406a-8474-26e13c77f877 ] Request (ServerPasswordTestJSON:setUpClass): 200 GET http://10.180.1.21/compute/v2.1/servers/1f3e4358-acec-4689-9166-fd2e1355fe74 3.384s
2025-11-22 05:31:14.287 66700 WARNING tempest.lib.common.ssh [-] Failed to establish authenticated ssh connection to cirros@10.180.180.139 ([Errno None] Unable to connect to port 22 on 10.180.180.139). Number attempts: 5. Retry after 6 seconds.: paramiko.ssh_exception.NoValidConnectionsError: [Errno None] Unable to connect to port 22 on 10.180.180.139
2025-11-22 05:31:14.499 66682 INFO tempest.lib.common.rest_client [req-2fb16ca7-c2d1-4702-8acf-630243984ea0 req-2fb16ca7-c2d1-4702-8acf-630243984ea0 ] Request (ServersWithSpecificFlavorTestJSON:test_verify_created_server_ephemeral_disk): 200 GET http://10.180.1.21/compute/v2.1/servers/9046e6f5-a347-4629-98e8-2e7d636d756b 2.100s
2025-11-22 05:31:14.515 66682 INFO tempest.lib.common.ssh [-] Creating ssh connection to '10.180.180.249:22' as 'cirros' with public key authentication
2025-11-22 05:31:14.603 66684 INFO tempest.lib.common.rest_client [req-99e4389e-d9e9-4929-8568-df1291965dbe req-99e4389e-d9e9-4929-8568-df1291965dbe ] Request (ImagesNegativeTestJSON:test_create_image_from_deleted_server): 204 DELETE http://10.180.1.21/compute/v2.1/servers/3448899e-3a21-4037-b412-4074ef62c387 1.618s
2025-11-22 05:31:14.844 66676 INFO tempest.lib.common.rest_client [req-49d7d4d3-3695-4ef5-8434-34c408b3e5fc req-49d7d4d3-3695-4ef5-8434-34c408b3e5fc ] Request (VolumesAdminNegativeTest:tearDownClass): 200 PUT http://10.180.1.21/networking/v2.0/routers/60f01c7f-dbf2-49d7-821f-15074d0ffda3/remove_router_interface 0.886s
2025-11-22 05:31:14.891 66694 INFO tempest.lib.common.rest_client [req-9089e594-c41b-4004-b42b-928dd2fa3919 req-9089e594-c41b-4004-b42b-928dd2fa3919 ] Request (FloatingIPsAssociationTestJSON:setUpClass): 202 POST http://10.180.1.21/compute/v2.1/servers 3.771s
2025-11-22 05:31:14.997 66672 INFO tempest.lib.common.rest_client [req-25e8137b-f8c9-40ca-bc5a-2777cbec5bc9 req-25e8137b-f8c9-40ca-bc5a-2777cbec5bc9 ] Request (ImagesTestJSON:test_create_image_from_stopped_server): 202 POST http://10.180.1.21/compute/v2.1/servers/d413c793-3514-418e-b52d-4c2755984d04/action 1.725s
2025-11-22 05:31:15.028 66674 INFO tempest.lib.common.rest_client [req-60fcb62e-2137-4113-9446-a91ea50424a3 req-60fcb62e-2137-4113-9446-a91ea50424a3 ] Request (ServicesAdminNegativeTestJSON:test_get_service_by_invalid_params): 200 GET http://10.180.1.21/compute/v2.1/os-services?xxx=nova-compute 1.727s
2025-11-22 05:31:15.055 66664 INFO tempest.lib.common.rest_client [req-f4bf210f-98d6-467d-b572-273d4e9d5f35 req-f4bf210f-98d6-467d-b572-273d4e9d5f35 ] Request (AggregatesAdminNegativeTestJSON:test_aggregate_delete_with_invalid_id): 404 DELETE http://10.180.1.21/compute/v2.1/os-aggregates/-1 1.718s
2025-11-22 05:31:15.084 66670 INFO tempest.lib.common.rest_client [req-ddfd8db7-21aa-4e49-8061-e1d707c005ae req-ddfd8db7-21aa-4e49-8061-e1d707c005ae ] Request (KeyPairsNegativeTestJSON:test_create_keypair_with_duplicate_name): 202 DELETE http://10.180.1.21/compute/v2.1/os-keypairs/tempest-keypair-185511027 1.699s
2025-11-22 05:31:15.109 66650 INFO tempest.lib.common.rest_client [req-95ebf184-3240-41e7-af7d-2b456216a6b5 req-95ebf184-3240-41e7-af7d-2b456216a6b5 ] Request (FlavorsAdminTestJSON:_run_cleanups): 200 GET http://10.180.1.21/compute/v2.1/flavors/detail 1.696s
2025-11-22 05:31:15.233 66696 WARNING tempest.lib.common.ssh [-] Failed to establish authenticated ssh connection to cirros@10.180.180.201 ([Errno None] Unable to connect to port 22 on 10.180.180.201). Number attempts: 4. Retry after 5 seconds.: paramiko.ssh_exception.NoValidConnectionsError: [Errno None] Unable to connect to port 22 on 10.180.180.201
2025-11-22 05:31:15.424 66676 INFO tempest.lib.common.rest_client [req-d60184d1-9531-4a43-acb0-48cb256b0a3f req-d60184d1-9531-4a43-acb0-48cb256b0a3f ] Request (VolumesAdminNegativeTest:tearDownClass): 204 DELETE http://10.180.1.21/networking/v2.0/routers/60f01c7f-dbf2-49d7-821f-15074d0ffda3 0.579s
2025-11-22 05:31:15.517 66666 INFO tempest.lib.common.rest_client [req-1770aa42-8ff3-473e-8156-7f0c59ba5ec7 req-1770aa42-8ff3-473e-8156-7f0c59ba5ec7 ] Request (SecurityGroupRulesTestJSON:test_security_group_rules_create_with_optional_cidr): 200 POST http://10.180.1.21/compute/v2.1/os-security-groups 2.041s
2025-11-22 05:31:15.559 66708 INFO tempest.lib.common.rest_client [req-6ae6b778-c743-4993-8696-5cf88aa8daff req-6ae6b778-c743-4993-8696-5cf88aa8daff ] Request (FlavorsAccessNegativeTestJSON:test_remove_flavor_access_not_found): 200 POST http://10.180.1.21/compute/v2.1/flavors 2.036s
2025-11-22 05:31:15.625 66658 INFO tempest.lib.common.rest_client [req-671202d8-25ab-46e7-ab11-9a5c1f37ea25 req-671202d8-25ab-46e7-ab11-9a5c1f37ea25 ] Request (FloatingIPDetailsTestJSON:setUpClass): 200 POST http://10.180.1.21/compute/v2.1/os-floating-ips 2.551s
2025-11-22 05:31:15.721 66676 INFO tempest.lib.common.rest_client [req-9a717e3b-b337-4883-8cff-fd8c347ee968 req-9a717e3b-b337-4883-8cff-fd8c347ee968 ] Request (VolumesAdminNegativeTest:tearDownClass): 204 DELETE http://10.180.1.21/networking/v2.0/subnets/85391b17-eb5d-4ca6-b81c-48a8db4e6ce7 0.296s
2025-11-22 05:31:16.191 66676 INFO tempest.lib.common.rest_client [req-88456f82-2219-47ac-9130-e1dbaa609b45 req-88456f82-2219-47ac-9130-e1dbaa609b45 ] Request (VolumesAdminNegativeTest:tearDownClass): 204 DELETE http://10.180.1.21/networking/v2.0/networks/6a1069d9-d5df-48ce-bd5f-c4c7f537b027 0.469s
2025-11-22 05:31:16.304 66698 INFO tempest.lib.common.rest_client [req-90a8b550-af3f-4041-b010-7133ffb3ac91 req-90a8b550-af3f-4041-b010-7133ffb3ac91 ] Request (SecurityGroupsTestAdminJSON:_run_cleanups): 202 DELETE http://10.180.1.21/compute/v2.1/os-security-groups/d2681e59-a046-4d7c-9394-1df8006c71f3 2.708s
2025-11-22 05:31:16.310 66662 INFO tempest.lib.common.rest_client [req-fddffc59-0675-4b73-be22-d8ac48598a11 req-fddffc59-0675-4b73-be22-d8ac48598a11 ] Request (ServersAdminNegativeTestJSON:test_reset_state_server_invalid_state): 400 POST http://10.180.1.21/compute/v2.1/servers/945e5e53-a0a8-427f-b465-57d66dbf03a5/action 2.378s
2025-11-22 05:31:16.326 66686 INFO tempest.lib.common.rest_client [req-2270a030-70e9-4af9-aecb-a71397ff51b9 req-2270a030-70e9-4af9-aecb-a71397ff51b9 ] Request (QuotaClassesAdminTestJSON:test_update_default_quotas): 200 GET http://10.180.1.21/compute/v2.1/os-quota-class-sets/default 2.182s
2025-11-22 05:31:17.033 66676 INFO tempest.lib.common.rest_client [req-6f7829b4-5272-4312-a6e5-d108356e877f req-6f7829b4-5272-4312-a6e5-d108356e877f ] Request (VolumesAdminNegativeTest:tearDownClass): 200 PUT http://10.180.1.21/networking/v2.0/routers/c2571db9-2074-4def-95ab-be0b1aa7e8f1/remove_router_interface 0.840s
2025-11-22 05:31:17.201 66706 INFO tempest.lib.common.rest_client [req-3d3c6a19-c938-43d7-9e1f-32bf87143479 req-3d3c6a19-c938-43d7-9e1f-32bf87143479 ] Request (ServerDiagnosticsV248Test:tearDownClass): 200 GET http://10.180.1.21/compute/v2.1/servers/b2f09fe5-2571-46e1-a6be-bb062debec4b 3.026s
2025-11-22 05:31:17.604 66682 WARNING tempest.lib.common.ssh [-] Failed to establish authenticated ssh connection to cirros@10.180.180.249 ([Errno None] Unable to connect to port 22 on 10.180.180.249). Number attempts: 1. Retry after 2 seconds.: paramiko.ssh_exception.NoValidConnectionsError: [Errno None] Unable to connect to port 22 on 10.180.180.249
2025-11-22 05:31:17.692 66676 INFO tempest.lib.common.rest_client [req-321b4ec1-1e81-41d1-9068-c756f37bf07a req-321b4ec1-1e81-41d1-9068-c756f37bf07a ] Request (VolumesAdminNegativeTest:tearDownClass): 204 DELETE http://10.180.1.21/networking/v2.0/routers/c2571db9-2074-4def-95ab-be0b1aa7e8f1 0.658s
2025-11-22 05:31:17.930 66692 INFO tempest.lib.common.rest_client [req-e69b0649-91fe-4784-b078-072cc0f0de35 req-e69b0649-91fe-4784-b078-072cc0f0de35 ] Request (ListServersNegativeTestJSON:setUpClass): 200 GET http://10.180.1.21/compute/v2.1/servers/a01c93a7-8a26-4288-83ce-2182a205f7c1 3.427s
2025-11-22 05:31:18.114 66680 WARNING tempest.lib.common.ssh [-] Failed to establish authenticated ssh connection to cirros@10.180.180.196 ([Errno None] Unable to connect to port 22 on 10.180.180.196). Number attempts: 3. Retry after 4 seconds.: paramiko.ssh_exception.NoValidConnectionsError: [Errno None] Unable to connect to port 22 on 10.180.180.196
2025-11-22 05:31:18.146 66676 INFO tempest.lib.common.rest_client [req-b41eca09-4df0-43eb-8139-d85a46e2a32d req-b41eca09-4df0-43eb-8139-d85a46e2a32d ] Request (VolumesAdminNegativeTest:tearDownClass): 204 DELETE http://10.180.1.21/networking/v2.0/subnets/d23cd9f0-6d44-4898-8d18-61b761f33463 0.453s
2025-11-22 05:31:18.241 66684 INFO tempest.lib.common.rest_client [req-a2ef0c2a-45d6-4ca5-b02d-7f129d39c124 req-a2ef0c2a-45d6-4ca5-b02d-7f129d39c124 ] Request (ImagesNegativeTestJSON:test_create_image_from_deleted_server): 200 GET http://10.180.1.21/compute/v2.1/servers/3448899e-3a21-4037-b412-4074ef62c387 3.637s
2025-11-22 05:31:18.368 66668 INFO tempest.lib.common.rest_client [req-53adbdc9-5bb5-403e-97ea-d164a5d4a297 req-53adbdc9-5bb5-403e-97ea-d164a5d4a297 ] Request (AttachInterfacesUnderV243Test:test_add_remove_fixed_ip): 200 GET http://10.180.1.21/compute/v2.1/servers/1963ebd5-bcda-40c3-9207-0fb28d5497f2 3.691s
2025-11-22 05:31:18.407 66702 INFO tempest.lib.common.rest_client [req-27ddda42-05d5-4bb3-bb03-a7c835efbfd0 req-27ddda42-05d5-4bb3-bb03-a7c835efbfd0 ] Request (ServerMetadataTestJSON:setUpClass): 202 POST http://10.180.1.21/compute/v2.1/servers 4.641s
2025-11-22 05:31:18.497 66676 INFO tempest.lib.common.rest_client [req-00ee5d76-29ac-4ee5-ad68-2be6ad52c6fb req-00ee5d76-29ac-4ee5-ad68-2be6ad52c6fb ] Request (VolumesAdminNegativeTest:tearDownClass): 204 DELETE http://10.180.1.21/networking/v2.0/networks/1c37f5c3-8230-40f2-ac33-852951fe99ea 0.351s
2025-11-22 05:31:18.513 66654 INFO tempest.lib.common.rest_client [req-d9e6d4db-8def-436d-9f63-771ce66e75c7 req-d9e6d4db-8def-436d-9f63-771ce66e75c7 ] Request (ServersAdmin275Test:tearDownClass): 200 GET http://10.180.1.21/compute/v2.1/servers/544ad147-aabb-4a09-acfc-62d5fb3bc74f 3.738s
2025-11-22 05:31:18.541 66688 INFO tempest.lib.common.rest_client [req-d1d649ca-fa13-4e08-8488-2e8d405522aa req-d1d649ca-fa13-4e08-8488-2e8d405522aa ] Request (AttachInterfacesV270Test:test_create_get_list_interfaces): 200 GET http://10.180.1.21/compute/v2.1/servers/33f3d3fb-0dd8-4927-a920-e26fa1e6fba4 3.812s
2025-11-22 05:31:18.556 66688 INFO tempest.common.waiters [-] State transition "BUILD/spawning" ==> "ACTIVE/None" after 33 second wait
2025-11-22 05:31:18.560 66678 INFO tempest.lib.common.rest_client [req-7820b581-cabd-447b-8b5e-ce6d364c6172 req-7820b581-cabd-447b-8b5e-ce6d364c6172 ] Request (ImagesOneServerTestJSON:test_create_image_specify_multibyte_character_image_name): 200 GET http://10.180.1.21/compute/v2.1/images/2e0e544e-75d2-4e0c-a5c3-522c951250a8 3.741s
2025-11-22 05:31:18.689 66694 INFO tempest.lib.common.rest_client [req-cbf49231-f540-4bdb-9c42-5b28d4268eee req-cbf49231-f540-4bdb-9c42-5b28d4268eee ] Request (FloatingIPsAssociationTestJSON:setUpClass): 200 GET http://10.180.1.21/compute/v2.1/servers/09ca44d7-5547-4a3e-8cda-e3ccac2ea0fc 3.796s
2025-11-22 05:31:18.715 66660 INFO tempest.lib.common.rest_client [req-0ce15ed6-da86-4f1d-a029-15fcc0b7e13e req-0ce15ed6-da86-4f1d-a029-15fcc0b7e13e ] Request (DeleteServersAdminTestJSON:test_delete_server_while_in_error_state): 200 GET http://10.180.1.21/compute/v2.1/servers/6291a640-2907-4af7-b3ac-084d9a9424fa 3.873s
2025-11-22 05:31:18.722 66660 INFO tempest.common.waiters [-] State transition "BUILD/None" ==> "BUILD/spawning" after 32 second wait
2025-11-22 05:31:18.766 66656 INFO tempest.lib.common.rest_client [req-b03ea8da-e037-4497-b697-7cd9a93a47af req-b03ea8da-e037-4497-b697-7cd9a93a47af ] Request (ServersAdminTestJSON:test_create_server_with_scheduling_hint): 200 GET http://10.180.1.21/compute/v2.1/servers/deb114c7-3664-4446-a394-e6d2f5d1c8ab 3.861s
2025-11-22 05:31:18.793 66674 INFO tempest.lib.common.rest_client [req-5a0435ee-35f8-4a5d-aa00-def17dd47508 req-5a0435ee-35f8-4a5d-aa00-def17dd47508 ] Request (ServicesAdminNegativeTestJSON:test_get_service_by_invalid_service_and_valid_host): 200 GET http://10.180.1.21/compute/v2.1/os-services 3.758s
2025-11-22 05:31:18.866 66690 WARNING tempest.lib.common.ssh [-] Failed to establish authenticated ssh connection to cirros@10.180.180.234 ([Errno None] Unable to connect to port 22 on 10.180.180.234). Number attempts: 6. Retry after 7 seconds.: paramiko.ssh_exception.NoValidConnectionsError: [Errno None] Unable to connect to port 22 on 10.180.180.234
2025-11-22 05:31:18.885 66672 INFO tempest.lib.common.rest_client [req-761ab0ac-a3b2-4a7b-ae19-2a2936b0dfc9 req-761ab0ac-a3b2-4a7b-ae19-2a2936b0dfc9 ] Request (ImagesTestJSON:test_create_image_from_stopped_server): 200 GET http://10.180.1.21/compute/v2.1/servers/d413c793-3514-418e-b52d-4c2755984d04 3.886s
2025-11-22 05:31:18.909 66664 INFO tempest.lib.common.rest_client [req-a8313c15-0c3e-403c-b1bc-0ebf3c275492 req-a8313c15-0c3e-403c-b1bc-0ebf3c275492 ] Request (AggregatesAdminNegativeTestJSON:test_aggregate_get_details_as_user): 200 POST http://10.180.1.21/compute/v2.1/os-aggregates 3.852s
2025-11-22 05:31:18.909 66652 INFO tempest.lib.common.rest_client [req-3115313b-6dca-42d5-8a95-f2ee9a8c71a3 req-3115313b-6dca-42d5-8a95-f2ee9a8c71a3 ] Request (MultipleCreateTestJSON:test_multiple_create): 200 GET http://10.180.1.21/compute/v2.1/servers/5e4c514b-70fe-4a25-9286-add6dca08879 3.867s
2025-11-22 05:31:18.912 66670 INFO tempest.lib.common.rest_client [req-c46a9c82-9958-4609-ac1a-af2ab874fca0 req-c46a9c82-9958-4609-ac1a-af2ab874fca0 ] Request (KeyPairsNegativeTestJSON:test_create_keypair_with_empty_name_string): 400 POST http://10.180.1.21/compute/v2.1/os-keypairs 3.824s
2025-11-22 05:31:18.934 66650 INFO tempest.lib.common.rest_client [req-6ff849e6-6dcb-4092-b7ba-63d451384af0 req-6ff849e6-6dcb-4092-b7ba-63d451384af0 ] Request (FlavorsAdminTestJSON:test_is_public_string_variations): 200 POST http://10.180.1.21/compute/v2.1/flavors 3.816s
2025-11-22 05:31:18.957 66648 INFO tempest.lib.common.rest_client [req-2e9444b7-3545-4d07-a94c-6be595c6c493 req-2e9444b7-3545-4d07-a94c-6be595c6c493 ] Request (ServerDiagnosticsTest:tearDownClass): 404 GET http://10.180.1.21/compute/v2.1/servers/0ae0a6d2-2b1d-4044-8d92-fb67d09e230b 3.722s
2025-11-22 05:31:19.090 66646 INFO tempest.lib.common.rest_client [req-9d82a0af-1912-4139-b447-3f188df647fd req-9d82a0af-1912-4139-b447-3f188df647fd ] Request (MigrationsAdminTest:test_list_migrations_in_flavor_resize_situation): 200 GET http://10.180.1.21/compute/v2.1/servers/e6f1fdaa-548b-4853-8af5-7a15d288c5fd 3.869s
2025-11-22 05:31:19.101 66648 INFO tempest.lib.common.rest_client [req-7c0e8567-bc7a-4be6-b06e-68a87a7fe964 req-7c0e8567-bc7a-4be6-b06e-68a87a7fe964 ] Request (ServerDiagnosticsTest:tearDownClass): 204 DELETE http://10.180.1.21/identity/v3/users/5c9951c1121143e1a35dc5bb07087903 0.144s
2025-11-22 05:31:19.106 66704 INFO tempest.lib.common.rest_client [req-345b3000-b7f6-4175-80d5-3641efa97722 req-345b3000-b7f6-4175-80d5-3641efa97722 ] Request (ServerPasswordTestJSON:setUpClass): 200 GET http://10.180.1.21/compute/v2.1/servers/1f3e4358-acec-4689-9166-fd2e1355fe74 3.832s
2025-11-22 05:31:19.234 66648 INFO tempest.lib.common.rest_client [req-78b91e9a-a6c8-41bc-abce-252f5b4696b2 req-78b91e9a-a6c8-41bc-abce-252f5b4696b2 ] Request (ServerDiagnosticsTest:tearDownClass): 204 DELETE http://10.180.1.21/identity/v3/users/636ee1afd2b345498636d89b7dbcb1f8 0.132s
2025-11-22 05:31:19.234 66648 INFO tempest.lib.common.dynamic_creds [-] Deleting project and security group for project: b5040ddeabe34ac4867dd52ac8362620
2025-11-22 05:31:19.286 66666 INFO tempest.lib.common.rest_client [req-ebeedb2f-f07b-490d-8409-99f7f963e55d req-ebeedb2f-f07b-490d-8409-99f7f963e55d ] Request (SecurityGroupRulesTestJSON:test_security_group_rules_create_with_optional_cidr): 200 POST http://10.180.1.21/compute/v2.1/os-security-group-rules 3.764s
2025-11-22 05:31:19.298 66708 INFO tempest.lib.common.rest_client [req-6e9a87a0-5757-4652-8ba2-5c9587baab1d req-6e9a87a0-5757-4652-8ba2-5c9587baab1d ] Request (FlavorsAccessNegativeTestJSON:test_remove_flavor_access_not_found): 404 POST http://10.180.1.21/compute/v2.1/flavors/1678010524/action 3.735s
2025-11-22 05:31:19.311 66648 INFO tempest.lib.common.rest_client [req-f7d5ee20-5eef-4f69-bd93-a17bc930d11f req-f7d5ee20-5eef-4f69-bd93-a17bc930d11f ] Request (ServerDiagnosticsTest:tearDownClass): 201 POST http://10.180.1.21/identity/v3/auth/tokens 0.076s
2025-11-22 05:31:19.613 66648 INFO tempest.lib.common.rest_client [req-e7dd0cd6-5d2b-4816-8d9f-72352d3639e2 req-e7dd0cd6-5d2b-4816-8d9f-72352d3639e2 ] Request (ServerDiagnosticsTest:tearDownClass): 200 GET http://10.180.1.21/networking/v2.0/security-groups?tenant_id=b5040ddeabe34ac4867dd52ac8362620&name=default 0.301s
2025-11-22 05:31:19.876 66676 INFO tempest.lib.common.rest_client [req-6e2a76e6-974c-4e81-9ada-9ffeadc56d32 req-6e2a76e6-974c-4e81-9ada-9ffeadc56d32 ] Request (VolumesAdminNegativeTest:tearDownClass): 200 PUT http://10.180.1.21/networking/v2.0/routers/9f42e974-5c39-4cc2-bc6d-535131ed60d6/remove_router_interface 1.378s
2025-11-22 05:31:20.017 66648 INFO tempest.lib.common.rest_client [req-167dd085-e916-4179-a8ab-e39101ec6e20 req-167dd085-e916-4179-a8ab-e39101ec6e20 ] Request (ServerDiagnosticsTest:tearDownClass): 204 DELETE http://10.180.1.21/networking/v2.0/security-groups/6802497f-2bd1-40fb-b81b-c96e4c39eba4 0.403s
2025-11-22 05:31:20.122 66648 INFO tempest.lib.common.rest_client [req-0eb4f315-01cb-4eb0-ae41-e91dd0a0d9d5 req-0eb4f315-01cb-4eb0-ae41-e91dd0a0d9d5 ] Request (ServerDiagnosticsTest:tearDownClass): 204 DELETE http://10.180.1.21/identity/v3/projects/b5040ddeabe34ac4867dd52ac8362620 0.103s
2025-11-22 05:31:20.122 66648 INFO tempest.lib.common.dynamic_creds [-] Deleting project and security group for project: 0e0e69195af34a8bbcd6f28f5b354c81
2025-11-22 05:31:20.201 66698 INFO tempest.lib.common.rest_client [req-2acaf514-5d87-4c35-b29e-8b3c963477b8 req-2acaf514-5d87-4c35-b29e-8b3c963477b8 ] Request (SecurityGroupsTestAdminJSON:_run_cleanups): 202 DELETE http://10.180.1.21/compute/v2.1/os-security-groups/f9dbf520-a4fb-4af4-b090-7b6debc82b24 3.896s
2025-11-22 05:31:20.210 66662 INFO tempest.lib.common.rest_client [req-af8a4771-050c-44e1-b717-1f0bb5e984bc req-af8a4771-050c-44e1-b717-1f0bb5e984bc ] Request (ServersAdminNegativeTestJSON:test_reset_state_server_invalid_type): 400 POST http://10.180.1.21/compute/v2.1/servers/945e5e53-a0a8-427f-b465-57d66dbf03a5/action 3.897s
2025-11-22 05:31:20.285 66648 INFO tempest.lib.common.rest_client [req-17d92717-122b-4ced-ada3-87de294584f4 req-17d92717-122b-4ced-ada3-87de294584f4 ] Request (ServerDiagnosticsTest:tearDownClass): 200 GET http://10.180.1.21/networking/v2.0/security-groups?tenant_id=0e0e69195af34a8bbcd6f28f5b354c81&name=default 0.163s
2025-11-22 05:31:20.307 66686 INFO tempest.lib.common.rest_client [req-e80072ab-8fbe-474c-9f35-bb60a1054d20 req-e80072ab-8fbe-474c-9f35-bb60a1054d20 ] Request (QuotaClassesAdminTestJSON:_run_cleanups): 200 PUT http://10.180.1.21/compute/v2.1/os-quota-class-sets/default 3.977s
2025-11-22 05:31:20.505 66686 INFO tempest.lib.common.rest_client [req-a0b02628-cb4b-41d5-9404-3d8a6cdd8699 req-a0b02628-cb4b-41d5-9404-3d8a6cdd8699 ] Request (QuotaClassesAdminTestJSON:tearDownClass): 204 DELETE http://10.180.1.21/identity/v3/users/f16d0dfacbc944659e91eac56887e2b8 0.183s
2025-11-22 05:31:20.551 66648 INFO tempest.lib.common.rest_client [req-d7be44a8-bb47-4f9d-a34f-aa617a32f59b req-d7be44a8-bb47-4f9d-a34f-aa617a32f59b ] Request (ServerDiagnosticsTest:tearDownClass): 204 DELETE http://10.180.1.21/networking/v2.0/security-groups/2e47bee0-dcb8-4eb6-adc5-ba3dc6df46c9 0.265s
2025-11-22 05:31:20.673 66682 WARNING tempest.lib.common.ssh [-] Failed to establish authenticated ssh connection to cirros@10.180.180.249 ([Errno None] Unable to connect to port 22 on 10.180.180.249). Number attempts: 2. Retry after 3 seconds.: paramiko.ssh_exception.NoValidConnectionsError: [Errno None] Unable to connect to port 22 on 10.180.180.249
2025-11-22 05:31:20.689 66686 INFO tempest.lib.common.rest_client [req-bb49b086-0238-4c30-9461-31797e418732 req-bb49b086-0238-4c30-9461-31797e418732 ] Request (QuotaClassesAdminTestJSON:tearDownClass): 204 DELETE http://10.180.1.21/identity/v3/users/1d58150af09a44859520f86462068544 0.183s
2025-11-22 05:31:20.689 66686 INFO tempest.lib.common.dynamic_creds [-] Deleting project and security group for project: 7b7df315616c47209cc3a9d9b780a498
2025-11-22 05:31:20.694 66648 INFO tempest.lib.common.rest_client [req-48a94a58-0723-4923-bbbc-df1a28ad55df req-48a94a58-0723-4923-bbbc-df1a28ad55df ] Request (ServerDiagnosticsTest:tearDownClass): 204 DELETE http://10.180.1.21/identity/v3/projects/0e0e69195af34a8bbcd6f28f5b354c81 0.142s
2025-11-22 05:31:20.760 66676 INFO tempest.lib.common.rest_client [req-1f00d207-e359-4535-8857-b191c556fef7 req-1f00d207-e359-4535-8857-b191c556fef7 ] Request (VolumesAdminNegativeTest:tearDownClass): 204 DELETE http://10.180.1.21/networking/v2.0/routers/9f42e974-5c39-4cc2-bc6d-535131ed60d6 0.883s
2025-11-22 05:31:20.766 66686 INFO tempest.lib.common.rest_client [req-0f5efc63-3ce9-415d-9156-ebdac8300bfc req-0f5efc63-3ce9-415d-9156-ebdac8300bfc ] Request (QuotaClassesAdminTestJSON:tearDownClass): 201 POST http://10.180.1.21/identity/v3/auth/tokens 0.076s
2025-11-22 05:31:20.779 66648 INFO tempest.lib.common.rest_client [req-735d92ff-a58d-4e0b-968f-6ba5bdc7cdc8 req-735d92ff-a58d-4e0b-968f-6ba5bdc7cdc8 ] Request (FloatingIPsNegativeTestJSON:setUpClass): 201 POST http://10.180.1.21/identity/v3/auth/tokens 0.083s
2025-11-22 05:31:20.787 66706 INFO tempest.lib.common.rest_client [req-cf854882-1c9f-48a2-8a90-2246de34d56f req-cf854882-1c9f-48a2-8a90-2246de34d56f ] Request (ServerDiagnosticsV248Test:tearDownClass): 200 GET http://10.180.1.21/compute/v2.1/servers/b2f09fe5-2571-46e1-a6be-bb062debec4b 2.575s
2025-11-22 05:31:20.799 66700 WARNING tempest.lib.common.ssh [-] Failed to establish authenticated ssh connection to cirros@10.180.180.139 ([Errno None] Unable to connect to port 22 on 10.180.180.139). Number attempts: 6. Retry after 7 seconds.: paramiko.ssh_exception.NoValidConnectionsError: [Errno None] Unable to connect to port 22 on 10.180.180.139
2025-11-22 05:31:20.826 66648 INFO tempest.lib.common.rest_client [req-ad0b902c-eabc-427d-b2df-0b4982b2729e req-ad0b902c-eabc-427d-b2df-0b4982b2729e ] Request (FloatingIPsNegativeTestJSON:setUpClass): 201 POST http://10.180.1.21/identity/v3/auth/tokens 0.044s
2025-11-22 05:31:20.842 66658 INFO tempest.lib.common.rest_client [req-f9be95e4-8ffe-46c6-aee2-ccdb6c47dbcc req-f9be95e4-8ffe-46c6-aee2-ccdb6c47dbcc ] Request (FloatingIPDetailsTestJSON:test_get_floating_ip_details): 200 POST http://10.180.1.21/compute/v2.1/os-floating-ips 5.213s
2025-11-22 05:31:20.868 66648 INFO tempest.lib.common.rest_client [req-ef02f5dd-e654-4615-8766-85eec1a3588f req-ef02f5dd-e654-4615-8766-85eec1a3588f ] Request (FloatingIPsNegativeTestJSON:setUpClass): 200 GET http://10.180.1.21/identity/v3/domains?name=Default 0.042s
