2025-11-22 05:30:32.769 66700 INFO tempest.common.waiters [-] State transition "BUILD/None" ==> "BUILD/spawning" after 16 second wait
2025-11-22 05:30:32.811 66672 INFO tempest.lib.common.rest_client [req-726825b7-1a94-430c-868b-e674709c9b7b req-726825b7-1a94-430c-868b-e674709c9b7b ] Request (ImagesTestJSON:test_create_image_from_stopped_server): 200 GET http://10.180.1.21/compute/v2.1/servers/d413c793-3514-418e-b52d-4c2755984d04 4.257s
2025-11-22 05:30:32.819 66676 INFO tempest.lib.common.rest_client [req-6b01406f-e1b0-46d2-a71f-992832aae29c req-6b01406f-e1b0-46d2-a71f-992832aae29c ] Request (VolumesAdminNegativeTest:test_update_attached_volume_with_nonexistent_volume_in_uri): 202 POST http://10.180.1.21/volume/v3/volumes 0.445s
2025-11-22 05:30:32.869 66670 INFO tempest.lib.common.rest_client [req-8c1eda36-b359-4862-8bc7-a6381afe0efa req-8c1eda36-b359-4862-8bc7-a6381afe0efa ] Request (ImagesDeleteNegativeTestJSON:test_delete_image_blank_id): 404 DELETE http://10.180.1.21/compute/v2.1/images/ 4.206s
2025-11-22 05:30:32.869 66688 INFO tempest.lib.common.rest_client [req-ce354c23-c4ad-4103-a6ec-d3b0b4c2b0e0 req-ce354c23-c4ad-4103-a6ec-d3b0b4c2b0e0 ] Request (QuotasAdminTestJSON:tearDownClass): 204 DELETE http://10.180.1.21/identity/v3/users/e1d9953bc47b445082e358c849d94885 0.142s
2025-11-22 05:30:32.889 66676 INFO tempest.lib.common.rest_client [req-cb5ddc02-8bb5-4917-9817-57664cad2c50 req-cb5ddc02-8bb5-4917-9817-57664cad2c50 ] Request (VolumesAdminNegativeTest:test_update_attached_volume_with_nonexistent_volume_in_uri): 200 GET http://10.180.1.21/volume/v3/volumes/a35abed5-4020-422b-abc7-1584dc810d15 0.060s
2025-11-22 05:30:33.001 66668 INFO tempest.lib.common.rest_client [req-947abbed-2139-45c1-b4b8-e739688d1dff req-947abbed-2139-45c1-b4b8-e739688d1dff ] Request (QuotasAdminTestV236:test_get_updated_quotas): 200 GET http://10.180.1.21/identity/v3/domains?name=Default 0.225s
2025-11-22 05:30:33.071 66668 INFO tempest.lib.common.rest_client [req-f3346f86-a0c2-42ad-a4a5-1c6c9f262704 req-f3346f86-a0c2-42ad-a4a5-1c6c9f262704 ] Request (QuotasAdminTestV236:test_get_updated_quotas): 201 POST http://10.180.1.21/identity/v3/projects 0.069s
2025-11-22 05:30:33.124 66656 INFO tempest.lib.common.rest_client [req-9b7da9a5-8f68-4eca-b816-20da5f63d9d7 req-9b7da9a5-8f68-4eca-b816-20da5f63d9d7 ] Request (ServersAdminTestJSON:setUpClass): 200 GET http://10.180.1.21/compute/v2.1/servers/aff24bd5-df35-49e0-90b5-d2859fd2cda1 4.103s
2025-11-22 05:30:33.166 66668 INFO tempest.lib.common.rest_client [req-36f6ec42-8782-4592-844e-4b941154d34a req-36f6ec42-8782-4592-844e-4b941154d34a ] Request (QuotasAdminTestV236:test_get_updated_quotas): 200 GET http://10.180.1.21/identity/v3/domains?name=Default 0.092s
2025-11-22 05:30:33.375 66688 INFO tempest.lib.common.rest_client [req-ae2dd49e-915c-4510-9883-7bca9d842e73 req-ae2dd49e-915c-4510-9883-7bca9d842e73 ] Request (QuotasAdminTestJSON:tearDownClass): 204 DELETE http://10.180.1.21/identity/v3/users/4123b2386e4b4a4489b5b80ef7261863 0.506s
2025-11-22 05:30:33.376 66688 INFO tempest.lib.common.dynamic_creds [-] Deleting project and security group for project: 795f516ffcdf467593f5cdad6ed66757
2025-11-22 05:30:33.401 66652 INFO tempest.lib.common.rest_client [req-97eba3ef-0bba-4007-b519-66d90cdc05ea req-97eba3ef-0bba-4007-b519-66d90cdc05ea ] Request (TenantUsagesNegativeTestJSON:test_list_usage_all_tenants_with_non_admin_user): 403 GET http://10.180.1.21/compute/v2.1/os-simple-tenant-usage?start=2025-11-21T05%3A30%3A21.135428&end=2025-11-23T05%3A30%3A21.135428&detailed=1 3.926s
2025-11-22 05:30:33.494 66654 INFO tempest.lib.common.rest_client [req-a5613e28-cb4b-43b7-a3e6-6100c97cb03c req-a5613e28-cb4b-43b7-a3e6-6100c97cb03c ] Request (ServersAdmin275Test:test_rebuild_update_server_275): 202 POST http://10.180.1.21/compute/v2.1/servers/544ad147-aabb-4a09-acfc-62d5fb3bc74f/action 4.654s
2025-11-22 05:30:33.501 66688 INFO tempest.lib.common.rest_client [req-55ca2856-0f06-4ebe-8bd2-91601ace6ccf req-55ca2856-0f06-4ebe-8bd2-91601ace6ccf ] Request (QuotasAdminTestJSON:tearDownClass): 201 POST http://10.180.1.21/identity/v3/auth/tokens 0.124s
2025-11-22 05:30:33.536 66682 INFO tempest.lib.common.rest_client [req-11f7da52-ac6e-4016-b372-449fc0dc87ce req-11f7da52-ac6e-4016-b372-449fc0dc87ce ] Request (ServersWithSpecificFlavorTestJSON:test_verify_created_server_ephemeral_disk): 200 GET http://10.180.1.21/compute/v2.1/servers/9046e6f5-a347-4629-98e8-2e7d636d756b 3.961s
2025-11-22 05:30:33.550 66682 INFO tempest.common.waiters [-] State transition "BUILD/scheduling" ==> "BUILD/None" after 5 second wait
2025-11-22 05:30:33.572 66652 INFO tempest.lib.common.rest_client [req-50d07fc4-3c9f-4e87-acce-09a47d51c4e7 req-50d07fc4-3c9f-4e87-acce-09a47d51c4e7 ] Request (TenantUsagesNegativeTestJSON:tearDownClass): 204 DELETE http://10.180.1.21/identity/v3/users/a3b064cd1b65445a80c1ccd5a6f55b18 0.169s
2025-11-22 05:30:33.724 66652 INFO tempest.lib.common.rest_client [req-50088d2c-eac3-4095-802c-50847b759c31 req-50088d2c-eac3-4095-802c-50847b759c31 ] Request (TenantUsagesNegativeTestJSON:tearDownClass): 204 DELETE http://10.180.1.21/identity/v3/users/7c1727cd22aa49bebb19d5c724886a04 0.151s
2025-11-22 05:30:33.724 66652 INFO tempest.lib.common.dynamic_creds [-] Deleting project and security group for project: 6558c6b67dd4445a81cd2ebe09909b04
2025-11-22 05:30:33.818 66652 INFO tempest.lib.common.rest_client [req-6f320af6-4f47-4542-8069-31662a4a6453 req-6f320af6-4f47-4542-8069-31662a4a6453 ] Request (TenantUsagesNegativeTestJSON:tearDownClass): 201 POST http://10.180.1.21/identity/v3/auth/tokens 0.093s
2025-11-22 05:30:33.839 66688 INFO tempest.lib.common.rest_client [req-80160b3d-34d9-48af-8501-40a360b8b86f req-80160b3d-34d9-48af-8501-40a360b8b86f ] Request (QuotasAdminTestJSON:tearDownClass): 200 GET http://10.180.1.21/networking/v2.0/security-groups?tenant_id=795f516ffcdf467593f5cdad6ed66757&name=default 0.338s
2025-11-22 05:30:33.945 66680 INFO tempest.lib.common.rest_client [req-0f564b4f-0952-491a-b835-bfed0c18ab57 req-0f564b4f-0952-491a-b835-bfed0c18ab57 ] Request (ServersTestJSON:setUpClass): 200 GET http://10.180.1.21/compute/v2.1/servers/d2eec08a-d39a-486e-bc1d-a428b330d9bb 3.449s
2025-11-22 05:30:33.956 66676 INFO tempest.lib.common.rest_client [req-081aa94b-c903-4dd0-a3e8-4ff7d440e089 req-081aa94b-c903-4dd0-a3e8-4ff7d440e089 ] Request (VolumesAdminNegativeTest:test_update_attached_volume_with_nonexistent_volume_in_uri): 200 GET http://10.180.1.21/volume/v3/volumes/a35abed5-4020-422b-abc7-1584dc810d15 0.057s
2025-11-22 05:30:33.959 66698 INFO tempest.lib.common.rest_client [req-504f8dc3-74d8-4527-a9bc-eb65724c5a8a req-504f8dc3-74d8-4527-a9bc-eb65724c5a8a ] Request (QuotasAdminNegativeTest:test_update_quota_normal_user): 403 PUT http://10.180.1.21/compute/v2.1/os-quota-sets/7c8393260f284bbf85369861b25a1b28 3.444s
2025-11-22 05:30:33.970 66676 INFO tempest.common.waiters [-] volume a35abed5-4020-422b-abc7-1584dc810d15 reached available after waiting for 1.970266 seconds
2025-11-22 05:30:33.983 66692 INFO tempest.lib.common.rest_client [req-3a9b52d6-2736-491b-9a45-9556a3952126 req-3a9b52d6-2736-491b-9a45-9556a3952126 ] Request (KeyPairsV22TestJSON:test_keypairsv22_create_list_show): 200 GET http://10.180.1.21/compute/v2.1/os-keypairs 3.453s
2025-11-22 05:30:34.057 66678 INFO tempest.lib.common.rest_client [req-ad14b130-0e5b-4b16-8dd0-99fcd64c6b04 req-ad14b130-0e5b-4b16-8dd0-99fcd64c6b04 ] Request (ImagesOneServerTestJSON:test_create_delete_image): 200 GET http://10.180.1.21/compute/v2.1/images/3e31ed48-d733-4d94-9b86-cb4a7ca9e056 3.501s
2025-11-22 05:30:34.083 66650 INFO tempest.lib.common.rest_client [req-ea879b00-2d06-45c0-b816-df72762df882 req-ea879b00-2d06-45c0-b816-df72762df882 ] Request (FlavorsAdminTestJSON:_run_cleanups): 202 DELETE http://10.180.1.21/compute/v2.1/flavors/39d8b16f-7279-4597-b007-5e995696985a 3.522s
2025-11-22 05:30:34.124 66664 INFO tempest.lib.common.rest_client [req-7a1db6f7-6ee6-40a3-a77f-fb90a6d65f43 req-7a1db6f7-6ee6-40a3-a77f-fb90a6d65f43 ] Request (AggregatesAdminNegativeTestJSON:_run_cleanups): 200 DELETE http://10.180.1.21/compute/v2.1/os-aggregates/3 3.543s
2025-11-22 05:30:34.145 66698 INFO tempest.lib.common.rest_client [req-56b8411e-ea12-4874-ac13-e2a846d4ce9f req-56b8411e-ea12-4874-ac13-e2a846d4ce9f ] Request (QuotasAdminNegativeTest:tearDownClass): 204 DELETE http://10.180.1.21/identity/v3/users/495bce252ed4451e869bb753128f3b0a 0.184s
2025-11-22 05:30:34.232 66688 INFO tempest.lib.common.rest_client [req-ceae477f-f69e-4e68-b0bf-b5b8b28ef23b req-ceae477f-f69e-4e68-b0bf-b5b8b28ef23b ] Request (QuotasAdminTestJSON:tearDownClass): 204 DELETE http://10.180.1.21/networking/v2.0/security-groups/a46771a1-443b-42d5-b021-5d356ff0346f 0.392s
2025-11-22 05:30:34.275 66698 INFO tempest.lib.common.rest_client [req-7ec896a0-dd51-4231-a049-626bbf590391 req-7ec896a0-dd51-4231-a049-626bbf590391 ] Request (QuotasAdminNegativeTest:tearDownClass): 204 DELETE http://10.180.1.21/identity/v3/users/cd4cb5bf164e4de88736be62a05bb03b 0.130s
2025-11-22 05:30:34.275 66698 INFO tempest.lib.common.dynamic_creds [-] Deleting project and security group for project: 7c8393260f284bbf85369861b25a1b28
2025-11-22 05:30:34.339 66698 INFO tempest.lib.common.rest_client [req-d46e89f4-f9bf-499e-921c-16cef7f10ab3 req-d46e89f4-f9bf-499e-921c-16cef7f10ab3 ] Request (QuotasAdminNegativeTest:tearDownClass): 201 POST http://10.180.1.21/identity/v3/auth/tokens 0.063s
2025-11-22 05:30:34.350 66652 INFO tempest.lib.common.rest_client [req-5cb359a8-8741-410e-8212-704dd4a9dc8b req-5cb359a8-8741-410e-8212-704dd4a9dc8b ] Request (TenantUsagesNegativeTestJSON:tearDownClass): 200 GET http://10.180.1.21/networking/v2.0/security-groups?tenant_id=6558c6b67dd4445a81cd2ebe09909b04&name=default 0.532s
2025-11-22 05:30:34.362 66688 INFO tempest.lib.common.rest_client [req-2a017326-fc4e-449d-83da-efb5a7c76674 req-2a017326-fc4e-449d-83da-efb5a7c76674 ] Request (QuotasAdminTestJSON:tearDownClass): 204 DELETE http://10.180.1.21/identity/v3/projects/795f516ffcdf467593f5cdad6ed66757 0.129s
2025-11-22 05:30:34.362 66688 INFO tempest.lib.common.dynamic_creds [-] Deleting project and security group for project: 9e5b4d10f8f14f7cb2a162c7676b1459
2025-11-22 05:30:34.439 66648 INFO tempest.lib.common.rest_client [req-8db0f0da-1d18-47a2-bd4d-5fe508352926 req-8db0f0da-1d18-47a2-bd4d-5fe508352926 ] Request (ServerDiagnosticsTest:test_get_server_diagnostics): 200 GET http://10.180.1.21/compute/v2.1/servers/0ae0a6d2-2b1d-4044-8d92-fb67d09e230b 3.961s
2025-11-22 05:30:34.453 66706 INFO tempest.lib.common.rest_client [req-39ed3820-295e-42b3-8807-9dd046e9da41 req-39ed3820-295e-42b3-8807-9dd046e9da41 ] Request (ServerDiagnosticsV248Test:test_get_server_diagnostics): 200 GET http://10.180.1.21/compute/v2.1/servers/b2f09fe5-2571-46e1-a6be-bb062debec4b 3.436s
2025-11-22 05:30:34.463 66706 INFO tempest.common.waiters [-] State transition "BUILD/spawning" ==> "ACTIVE/None" after 28 second wait
2025-11-22 05:30:34.465 66708 INFO tempest.lib.common.rest_client [req-51e79ed6-d63a-4f2a-9750-0370b3ec9c27 req-51e79ed6-d63a-4f2a-9750-0370b3ec9c27 ] Request (FlavorsAccessNegativeTestJSON:test_flavor_non_admin_add): 200 POST http://10.180.1.21/compute/v2.1/flavors 3.368s
2025-11-22 05:30:34.475 66694 INFO tempest.lib.common.rest_client [req-aeed478d-2e4a-4119-9911-e00fb357a218 req-aeed478d-2e4a-4119-9911-e00fb357a218 ] Request (FlavorsExtraSpecsTestJSON:tearDownClass): 202 DELETE http://10.180.1.21/compute/v2.1/flavors/370866052 3.371s
2025-11-22 05:30:34.779 66698 INFO tempest.lib.common.rest_client [req-c590e5d3-035a-4909-83b3-aa96fa34c608 req-c590e5d3-035a-4909-83b3-aa96fa34c608 ] Request (QuotasAdminNegativeTest:tearDownClass): 200 GET http://10.180.1.21/networking/v2.0/security-groups?tenant_id=7c8393260f284bbf85369861b25a1b28&name=default 0.440s
2025-11-22 05:30:34.873 66652 INFO tempest.lib.common.rest_client [req-e2cbf234-f503-4b2c-871c-6ca6aa03f67e req-e2cbf234-f503-4b2c-871c-6ca6aa03f67e ] Request (TenantUsagesNegativeTestJSON:tearDownClass): 204 DELETE http://10.180.1.21/networking/v2.0/security-groups/9ae171ee-dd0a-45c4-9d47-469c90307074 0.522s
2025-11-22 05:30:34.971 66652 INFO tempest.lib.common.rest_client [req-0fcb97a4-bf76-488e-a931-7e20b74fa48a req-0fcb97a4-bf76-488e-a931-7e20b74fa48a ] Request (TenantUsagesNegativeTestJSON:tearDownClass): 204 DELETE http://10.180.1.21/identity/v3/projects/6558c6b67dd4445a81cd2ebe09909b04 0.097s
2025-11-22 05:30:34.971 66652 INFO tempest.lib.common.dynamic_creds [-] Deleting project and security group for project: 2cdbfa2510bf4705a1020ad3ab8de811
2025-11-22 05:30:35.012 66688 INFO tempest.lib.common.rest_client [req-028b91a7-3378-4ffe-a3d2-f8d05b145574 req-028b91a7-3378-4ffe-a3d2-f8d05b145574 ] Request (QuotasAdminTestJSON:tearDownClass): 200 GET http://10.180.1.21/networking/v2.0/security-groups?tenant_id=9e5b4d10f8f14f7cb2a162c7676b1459&name=default 0.650s
2025-11-22 05:30:35.305 66698 INFO tempest.lib.common.rest_client [req-08bbd657-2345-41de-b039-3c57657f5981 req-08bbd657-2345-41de-b039-3c57657f5981 ] Request (QuotasAdminNegativeTest:tearDownClass): 204 DELETE http://10.180.1.21/networking/v2.0/security-groups/46c02d74-84c1-4f2d-876a-31526f4a2ba1 0.525s
2025-11-22 05:30:35.408 66652 INFO tempest.lib.common.rest_client [req-5e9e577d-865a-4029-b77b-91c2da327370 req-5e9e577d-865a-4029-b77b-91c2da327370 ] Request (TenantUsagesNegativeTestJSON:tearDownClass): 200 GET http://10.180.1.21/networking/v2.0/security-groups?tenant_id=2cdbfa2510bf4705a1020ad3ab8de811&name=default 0.436s
2025-11-22 05:30:35.412 66698 INFO tempest.lib.common.rest_client [req-7391561f-88b4-4aa0-81d9-0eb9c62eba20 req-7391561f-88b4-4aa0-81d9-0eb9c62eba20 ] Request (QuotasAdminNegativeTest:tearDownClass): 204 DELETE http://10.180.1.21/identity/v3/projects/7c8393260f284bbf85369861b25a1b28 0.106s
2025-11-22 05:30:35.413 66698 INFO tempest.lib.common.dynamic_creds [-] Deleting project and security group for project: c15ae26140ad4b4086aae1a188ee832c
2025-11-22 05:30:35.482 66688 INFO tempest.lib.common.rest_client [req-41cd794c-d776-4eaa-a3e9-e4749667766e req-41cd794c-d776-4eaa-a3e9-e4749667766e ] Request (QuotasAdminTestJSON:tearDownClass): 204 DELETE http://10.180.1.21/networking/v2.0/security-groups/fc044990-52b7-4381-9ece-09b44318d50e 0.469s
2025-11-22 05:30:35.611 66688 INFO tempest.lib.common.rest_client [req-95c1c96a-a5ab-4b9d-abfb-ac79dfa528d3 req-95c1c96a-a5ab-4b9d-abfb-ac79dfa528d3 ] Request (QuotasAdminTestJSON:tearDownClass): 204 DELETE http://10.180.1.21/identity/v3/projects/9e5b4d10f8f14f7cb2a162c7676b1459 0.129s
2025-11-22 05:30:35.612 66688 INFO tempest.test [-] raised in UnshelveToHostMultiNodesTest.setUpClass. Invoking tearDownClass.
2025-11-22 05:30:35.687 66688 INFO tempest.lib.common.rest_client [req-1e4db423-200f-46d4-9803-92e6526c22d5 req-1e4db423-200f-46d4-9803-92e6526c22d5 ] Request (AttachInterfacesV270Test:setUpClass): 201 POST http://10.180.1.21/identity/v3/auth/tokens 0.071s
2025-11-22 05:30:35.731 66688 INFO tempest.lib.common.rest_client [req-1ea317e2-2170-4f84-bc2c-563ea6290c50 req-1ea317e2-2170-4f84-bc2c-563ea6290c50 ] Request (AttachInterfacesV270Test:setUpClass): 201 POST http://10.180.1.21/identity/v3/auth/tokens 0.040s
2025-11-22 05:30:35.767 66688 INFO tempest.lib.common.rest_client [req-4e471751-d073-40ad-8770-ffbdf6c68dbe req-4e471751-d073-40ad-8770-ffbdf6c68dbe ] Request (AttachInterfacesV270Test:setUpClass): 200 GET http://10.180.1.21/identity/v3/domains?name=Default 0.035s
2025-11-22 05:30:35.801 66688 INFO tempest.lib.common.rest_client [req-a32ac37b-c33e-47ec-989b-d236bbc01c73 req-a32ac37b-c33e-47ec-989b-d236bbc01c73 ] Request (AttachInterfacesV270Test:setUpClass): 201 POST http://10.180.1.21/identity/v3/projects 0.033s
2025-11-22 05:30:35.836 66690 INFO tempest.lib.common.rest_client [req-32744d00-e258-4885-9405-fbc4a4285b6e req-32744d00-e258-4885-9405-fbc4a4285b6e ] Request (VolumesAssistedSnapshotsTest:test_volume_assisted_snapshot_create_delete): 200 GET http://10.180.1.21/compute/v2.1/servers/264e23ec-392c-4cd4-b1d9-f3c1cbd153d2 4.694s
2025-11-22 05:30:35.876 66688 INFO tempest.lib.common.rest_client [req-e072b1a8-87c6-4040-b07a-71888b4f8c71 req-e072b1a8-87c6-4040-b07a-71888b4f8c71 ] Request (AttachInterfacesV270Test:setUpClass): 201 POST http://10.180.1.21/identity/v3/users 0.075s
2025-11-22 05:30:35.890 66696 INFO tempest.lib.common.rest_client [req-76e58428-e9a1-4823-bf22-b40e53880a2f req-76e58428-e9a1-4823-bf22-b40e53880a2f ] Request (ServersTestFqdnHostnames:test_create_server_with_fqdn_name): 200 GET http://10.180.1.21/compute/v2.1/servers/b4b51abb-0473-4179-a7c7-f092a2e835ea 4.634s
2025-11-22 05:30:35.898 66696 INFO tempest.common.waiters [-] State transition "BUILD/None" ==> "BUILD/spawning" after 17 second wait
2025-11-22 05:30:35.900 66688 INFO tempest.lib.common.rest_client [req-f7751727-1321-4035-947c-1967103b3e5f req-f7751727-1321-4035-947c-1967103b3e5f ] Request (AttachInterfacesV270Test:setUpClass): 200 GET http://10.180.1.21/identity/v3/roles 0.023s
2025-11-22 05:30:35.942 66688 INFO tempest.lib.common.rest_client [req-2077c1fd-64f7-4e55-bafe-ca0d98a26f81 req-2077c1fd-64f7-4e55-bafe-ca0d98a26f81 ] Request (AttachInterfacesV270Test:setUpClass): 204 PUT http://10.180.1.21/identity/v3/projects/29febd87f9164ffcb5f2c6cd5a4ed6ec/users/69a9f67f7fd1442891dc872439352590/roles/167bc9e5701849eeb42cde9f57edf410 0.041s
2025-11-22 05:30:35.942 66688 INFO tempest.lib.common.dynamic_creds [-] Dynamic test user 69a9f67f7fd1442891dc872439352590 is created with scope project and roles: ['member']
2025-11-22 05:30:35.942 66688 INFO tempest.lib.common.dynamic_creds [-] Acquired dynamic creds: credentials: Credentials: {'domain_id': 'default', 'domain_name': 'Default', 'username': 'tempest-AttachInterfacesV270Test-639698652-project-member', 'project_domain_id': 'default', 'project_domain_name': 'Default', 'project_id': '29febd87f9164ffcb5f2c6cd5a4ed6ec', 'project_name': 'tempest-AttachInterfacesV270Test-639698652', 'tenant_id': '29febd87f9164ffcb5f2c6cd5a4ed6ec', 'tenant_name': 'tempest-AttachInterfacesV270Test-639698652', 'user_domain_id': 'default', 'user_domain_name': 'Default', 'user_id': '69a9f67f7fd1442891dc872439352590', 'system': None}, Network: None, Subnet: None, Router: None
2025-11-22 05:30:35.991 66652 INFO tempest.lib.common.rest_client [req-fb2bd6f4-4b39-44e9-991e-5bdbd8cedc19 req-fb2bd6f4-4b39-44e9-991e-5bdbd8cedc19 ] Request (TenantUsagesNegativeTestJSON:tearDownClass): 204 DELETE http://10.180.1.21/networking/v2.0/security-groups/04fb27ca-3e38-4cde-aaa4-ebeef8a5bba4 0.583s
2025-11-22 05:30:36.025 66688 INFO tempest.lib.common.rest_client [req-06e48816-dc90-4f84-af9d-5a285f95c8c7 req-06e48816-dc90-4f84-af9d-5a285f95c8c7 ] Request (AttachInterfacesV270Test:setUpClass): 201 POST http://10.180.1.21/identity/v3/auth/tokens 0.083s
2025-11-22 05:30:36.050 66662 INFO tempest.lib.common.rest_client [req-8e6b0f3b-1f75-436f-86bb-e5034457a8de req-8e6b0f3b-1f75-436f-86bb-e5034457a8de ] Request (ServersAdminNegativeTestJSON:test_migrate_server_invalid_state): 200 GET http://10.180.1.21/compute/v2.1/servers/8e3d5e8f-eaa1-4471-a96d-a1b18c378c9a 4.774s
2025-11-22 05:30:36.071 66698 INFO tempest.lib.common.rest_client [req-11c579c4-0912-456a-ba34-1488b50e201a req-11c579c4-0912-456a-ba34-1488b50e201a ] Request (QuotasAdminNegativeTest:tearDownClass): 200 GET http://10.180.1.21/networking/v2.0/security-groups?tenant_id=c15ae26140ad4b4086aae1a188ee832c&name=default 0.659s
2025-11-22 05:30:36.098 66652 INFO tempest.lib.common.rest_client [req-7bd87fcd-b9b2-4c68-8d4b-cb7982e124c4 req-7bd87fcd-b9b2-4c68-8d4b-cb7982e124c4 ] Request (TenantUsagesNegativeTestJSON:tearDownClass): 204 DELETE http://10.180.1.21/identity/v3/projects/2cdbfa2510bf4705a1020ad3ab8de811 0.106s
2025-11-22 05:30:36.166 66652 INFO tempest.lib.common.rest_client [req-60e7b9a8-c2e8-4697-bd82-c86a361c3b04 req-60e7b9a8-c2e8-4697-bd82-c86a361c3b04 ] Request (MultipleCreateTestJSON:setUpClass): 201 POST http://10.180.1.21/identity/v3/auth/tokens 0.066s
2025-11-22 05:30:36.198 66652 INFO tempest.lib.common.rest_client [req-8abc9775-425f-4d74-b1b6-0e8fa3649a0e req-8abc9775-425f-4d74-b1b6-0e8fa3649a0e ] Request (MultipleCreateTestJSON:setUpClass): 201 POST http://10.180.1.21/identity/v3/auth/tokens 0.028s
2025-11-22 05:30:36.222 66652 INFO tempest.lib.common.rest_client [req-3f7618ff-1d8d-4ce5-af0b-0ea628421692 req-3f7618ff-1d8d-4ce5-af0b-0ea628421692 ] Request (MultipleCreateTestJSON:setUpClass): 200 GET http://10.180.1.21/identity/v3/domains?name=Default 0.023s
2025-11-22 05:30:36.226 66698 INFO tempest.lib.common.rest_client [req-cd56be60-13b3-47c3-a9b1-9b7e2fe2ba5a req-cd56be60-13b3-47c3-a9b1-9b7e2fe2ba5a ] Request (QuotasAdminNegativeTest:tearDownClass): 204 DELETE http://10.180.1.21/networking/v2.0/security-groups/163f3563-9a04-4a0e-9b8a-b46044834057 0.153s
2025-11-22 05:30:36.252 66652 INFO tempest.lib.common.rest_client [req-4d7754ed-1518-445b-aba5-e61eb4877d6b req-4d7754ed-1518-445b-aba5-e61eb4877d6b ] Request (MultipleCreateTestJSON:setUpClass): 201 POST http://10.180.1.21/identity/v3/projects 0.029s
2025-11-22 05:30:36.286 66646 INFO tempest.lib.common.rest_client [req-3fe52fa8-bcd0-4545-9d2a-a86b0fd9543e req-3fe52fa8-bcd0-4545-9d2a-a86b0fd9543e ] Request (MigrationsAdminTest:test_list_migrations_in_flavor_resize_situation): 200 GET http://10.180.1.21/compute/v2.1/servers/e6f1fdaa-548b-4853-8af5-7a15d288c5fd 4.216s
2025-11-22 05:30:36.293 66698 INFO tempest.lib.common.rest_client [req-52ce9f4d-b78b-4ed6-b035-6d8dbbb1a100 req-52ce9f4d-b78b-4ed6-b035-6d8dbbb1a100 ] Request (QuotasAdminNegativeTest:tearDownClass): 204 DELETE http://10.180.1.21/identity/v3/projects/c15ae26140ad4b4086aae1a188ee832c 0.066s
2025-11-22 05:30:36.302 66702 INFO tempest.lib.common.rest_client [req-ebf398a0-e97d-4e69-8430-01f5e9ffc18f req-ebf398a0-e97d-4e69-8430-01f5e9ffc18f ] Request (InstanceActionsNegativeTestJSON:test_list_instance_actions_non_existent_server): 404 GET http://10.180.1.21/compute/v2.1/servers/da42f8a9-9719-45f2-8c3e-40cdca43bc5d/os-instance-actions 4.172s
2025-11-22 05:30:36.327 66666 INFO tempest.lib.common.rest_client [req-01eaec3e-766f-4401-9204-14568fb93150 req-01eaec3e-766f-4401-9204-14568fb93150 ] Request (FloatingIPsTestJSON:test_allocate_floating_ip): 200 GET http://10.180.1.21/compute/v2.1/os-floating-ips 4.272s
2025-11-22 05:30:36.367 66698 INFO tempest.lib.common.rest_client [req-7161d188-a9b5-4557-b0fd-126362f755a9 req-7161d188-a9b5-4557-b0fd-126362f755a9 ] Request (SecurityGroupsTestAdminJSON:setUpClass): 201 POST http://10.180.1.21/identity/v3/auth/tokens 0.071s
2025-11-22 05:30:36.368 66652 INFO tempest.lib.common.rest_client [req-1cb9b494-970d-4a6d-9ac3-4c852d557404 req-1cb9b494-970d-4a6d-9ac3-4c852d557404 ] Request (MultipleCreateTestJSON:setUpClass): 201 POST http://10.180.1.21/identity/v3/users 0.115s
2025-11-22 05:30:36.387 66674 INFO tempest.lib.common.rest_client [req-1f3ad747-d566-489c-abd0-134f883abd06 req-1f3ad747-d566-489c-abd0-134f883abd06 ] Request (ServerExternalEventsTest:tearDownClass): 200 GET http://10.180.1.21/compute/v2.1/servers/1e9421ba-de41-4316-9d1e-cbc66165dcf1 4.173s
2025-11-22 05:30:36.391 66688 INFO tempest.lib.common.rest_client [req-6df1f842-2608-49df-afac-4a9a31a16fee req-6df1f842-2608-49df-afac-4a9a31a16fee ] Request (AttachInterfacesV270Test:setUpClass): 201 POST http://10.180.1.21/networking/v2.0/networks 0.365s
2025-11-22 05:30:36.395 66652 INFO tempest.lib.common.rest_client [req-9b7e32d7-efb5-42d0-94e0-39ecdf80d63f req-9b7e32d7-efb5-42d0-94e0-39ecdf80d63f ] Request (MultipleCreateTestJSON:setUpClass): 200 GET http://10.180.1.21/identity/v3/roles 0.027s
2025-11-22 05:30:36.420 66698 INFO tempest.lib.common.rest_client [req-41b27f74-1b90-418e-bf83-7dc4fc5754a1 req-41b27f74-1b90-418e-bf83-7dc4fc5754a1 ] Request (SecurityGroupsTestAdminJSON:setUpClass): 201 POST http://10.180.1.21/identity/v3/auth/tokens 0.047s
2025-11-22 05:30:36.440 66684 INFO tempest.lib.common.rest_client [req-815e30ec-ba0b-4dba-928f-a3cd3ec33421 req-815e30ec-ba0b-4dba-928f-a3cd3ec33421 ] Request (ImagesNegativeTestJSON:test_create_image_from_deleted_server): 200 GET http://10.180.1.21/compute/v2.1/servers/3448899e-3a21-4037-b412-4074ef62c387 3.850s
2025-11-22 05:30:36.444 66652 INFO tempest.lib.common.rest_client [req-7dec9ec0-c771-4d0e-8d28-fad9d94c66e7 req-7dec9ec0-c771-4d0e-8d28-fad9d94c66e7 ] Request (MultipleCreateTestJSON:setUpClass): 204 PUT http://10.180.1.21/identity/v3/projects/b6a13d75992d4bc7b534f867bb29bc40/users/b61251e425ff4667bf1e9b45fc98cb5c/roles/167bc9e5701849eeb42cde9f57edf410 0.048s
2025-11-22 05:30:36.444 66652 INFO tempest.lib.common.dynamic_creds [-] Dynamic test user b61251e425ff4667bf1e9b45fc98cb5c is created with scope project and roles: ['member']
2025-11-22 05:30:36.445 66652 INFO tempest.lib.common.dynamic_creds [-] Acquired dynamic creds: credentials: Credentials: {'domain_id': 'default', 'domain_name': 'Default', 'username': 'tempest-MultipleCreateTestJSON-754596718-project-member', 'project_domain_id': 'default', 'project_domain_name': 'Default', 'project_id': 'b6a13d75992d4bc7b534f867bb29bc40', 'project_name': 'tempest-MultipleCreateTestJSON-754596718', 'tenant_id': 'b6a13d75992d4bc7b534f867bb29bc40', 'tenant_name': 'tempest-MultipleCreateTestJSON-754596718', 'user_domain_id': 'default', 'user_domain_name': 'Default', 'user_id': 'b61251e425ff4667bf1e9b45fc98cb5c', 'system': None}, Network: None, Subnet: None, Router: None
2025-11-22 05:30:36.469 66670 INFO tempest.lib.common.rest_client [req-60c76bde-5994-408e-b767-4224f1ffe04d req-60c76bde-5994-408e-b767-4224f1ffe04d ] Request (ImagesDeleteNegativeTestJSON:test_delete_image_negative_image_id): 404 DELETE http://10.180.1.21/compute/v2.1/images/-1 3.596s
2025-11-22 05:30:36.477 66704 INFO tempest.lib.common.rest_client [req-50c45c06-17b5-4802-9c52-3e5f1aebd4ff req-50c45c06-17b5-4802-9c52-3e5f1aebd4ff ] Request (SecurityGroupsNegativeTestJSON:test_delete_nonexistent_security_group): 404 DELETE http://10.180.1.21/compute/v2.1/os-security-groups/cfb4f151-4af9-49be-bc63-2d5b398d12bd 4.310s
2025-11-22 05:30:36.511 66698 INFO tempest.lib.common.rest_client [req-fecd8ad6-4cb9-467c-b7ea-74451cc7b870 req-fecd8ad6-4cb9-467c-b7ea-74451cc7b870 ] Request (SecurityGroupsTestAdminJSON:setUpClass): 200 GET http://10.180.1.21/identity/v3/domains?name=Default 0.091s
2025-11-22 05:30:36.516 66652 INFO tempest.lib.common.rest_client [req-0471c247-870c-4671-8cab-358fa04af45b req-0471c247-870c-4671-8cab-358fa04af45b ] Request (MultipleCreateTestJSON:setUpClass): 201 POST http://10.180.1.21/identity/v3/auth/tokens 0.070s
2025-11-22 05:30:36.540 66658 INFO tempest.lib.common.rest_client [req-9ed2db26-1568-4e12-884a-e2be1f4444fd req-9ed2db26-1568-4e12-884a-e2be1f4444fd ] Request (TenantUsagesTestJSON:tearDownClass): 200 GET http://10.180.1.21/compute/v2.1/servers/c102f61c-4d19-496c-8591-1e9ee77b1156 3.448s
2025-11-22 05:30:36.572 66698 INFO tempest.lib.common.rest_client [req-96c2f908-94b6-47b8-8188-fc75cd50ae2a req-96c2f908-94b6-47b8-8188-fc75cd50ae2a ] Request (SecurityGroupsTestAdminJSON:setUpClass): 201 POST http://10.180.1.21/identity/v3/projects 0.060s
2025-11-22 05:30:36.618 66688 INFO tempest.lib.common.rest_client [req-9052e186-3175-4edd-a5da-5e0810d932be req-9052e186-3175-4edd-a5da-5e0810d932be ] Request (AttachInterfacesV270Test:setUpClass): 201 POST http://10.180.1.21/networking/v2.0/subnets 0.226s
2025-11-22 05:30:36.639 66660 INFO tempest.lib.common.rest_client [req-7c506dfd-f82e-46b5-b456-a766b491db74 req-7c506dfd-f82e-46b5-b456-a766b491db74 ] Request (DeleteServersAdminTestJSON:test_admin_delete_servers_of_others): 200 GET http://10.180.1.21/compute/v2.1/servers/13088bb9-4863-40d0-869d-4a758108ae42 3.198s
2025-11-22 05:30:36.686 66698 INFO tempest.lib.common.rest_client [req-02f64072-9520-4380-ab5d-b3caaeaf9158 req-02f64072-9520-4380-ab5d-b3caaeaf9158 ] Request (SecurityGroupsTestAdminJSON:setUpClass): 201 POST http://10.180.1.21/identity/v3/users 0.113s
2025-11-22 05:30:36.710 66698 INFO tempest.lib.common.rest_client [req-57ffe25f-fed6-4502-a0e9-84e1b7c31523 req-57ffe25f-fed6-4502-a0e9-84e1b7c31523 ] Request (SecurityGroupsTestAdminJSON:setUpClass): 200 GET http://10.180.1.21/identity/v3/roles 0.022s
2025-11-22 05:30:36.748 66698 INFO tempest.lib.common.rest_client [req-61c78c3f-910e-4430-a82a-17b64415b677 req-61c78c3f-910e-4430-a82a-17b64415b677 ] Request (SecurityGroupsTestAdminJSON:setUpClass): 204 PUT http://10.180.1.21/identity/v3/projects/eb78f5e0f98c4348ae4dafa42170643a/users/1948b24b0b844d68905fff4373910ade/roles/167bc9e5701849eeb42cde9f57edf410 0.038s
2025-11-22 05:30:36.748 66698 INFO tempest.lib.common.dynamic_creds [-] Dynamic test user 1948b24b0b844d68905fff4373910ade is created with scope project and roles: ['member']
2025-11-22 05:30:36.749 66698 INFO tempest.lib.common.dynamic_creds [-] Acquired dynamic creds: credentials: Credentials: {'domain_id': 'default', 'domain_name': 'Default', 'username': 'tempest-SecurityGroupsTestAdminJSON-889610843-project-member', 'project_domain_id': 'default', 'project_domain_name': 'Default', 'project_id': 'eb78f5e0f98c4348ae4dafa42170643a', 'project_name': 'tempest-SecurityGroupsTestAdminJSON-889610843', 'tenant_id': 'eb78f5e0f98c4348ae4dafa42170643a', 'tenant_name': 'tempest-SecurityGroupsTestAdminJSON-889610843', 'user_domain_id': 'default', 'user_domain_name': 'Default', 'user_id': '1948b24b0b844d68905fff4373910ade', 'system': None}, Network: None, Subnet: None, Router: None
2025-11-22 05:30:36.749 66698 INFO tempest.lib.common.dynamic_creds [-] Created isolated network resources for: credentials: Credentials: {'domain_id': 'default', 'domain_name': 'Default', 'username': 'tempest-SecurityGroupsTestAdminJSON-889610843-project-member', 'project_domain_id': 'default', 'project_domain_name': 'Default', 'project_id': 'eb78f5e0f98c4348ae4dafa42170643a', 'project_name': 'tempest-SecurityGroupsTestAdminJSON-889610843', 'tenant_id': 'eb78f5e0f98c4348ae4dafa42170643a', 'tenant_name': 'tempest-SecurityGroupsTestAdminJSON-889610843', 'user_domain_id': 'default', 'user_domain_name': 'Default', 'user_id': '1948b24b0b844d68905fff4373910ade', 'system': None}, Network: None, Subnet: None, Router: None
2025-11-22 05:30:36.762 66668 INFO tempest.lib.common.rest_client [req-7691d5f3-c700-4e78-9b42-b49d739ed0ce req-7691d5f3-c700-4e78-9b42-b49d739ed0ce ] Request (QuotasAdminTestV236:test_get_updated_quotas): 200 PUT http://10.180.1.21/compute/v2.1/os-quota-sets/e58017cab14d43f3b9bd9b84ae02959f 3.596s
2025-11-22 05:30:36.836 66698 INFO tempest.lib.common.rest_client [req-2da2b76f-c584-4865-9d8c-a85defa78dcf req-2da2b76f-c584-4865-9d8c-a85defa78dcf ] Request (SecurityGroupsTestAdminJSON:setUpClass): 201 POST http://10.180.1.21/identity/v3/auth/tokens 0.083s
2025-11-22 05:30:36.872 66652 INFO tempest.lib.common.rest_client [req-99550fcf-8343-4d5b-91ac-a3358d01aa1e req-99550fcf-8343-4d5b-91ac-a3358d01aa1e ] Request (MultipleCreateTestJSON:setUpClass): 201 POST http://10.180.1.21/networking/v2.0/networks 0.356s
2025-11-22 05:30:36.899 66654 INFO tempest.lib.common.rest_client [req-e335ae98-ed44-40a3-9b53-ff02b18ee8cc req-e335ae98-ed44-40a3-9b53-ff02b18ee8cc ] Request (ServersAdmin275Test:_run_cleanups): 200 GET http://10.180.1.21/compute/v2.1/servers/544ad147-aabb-4a09-acfc-62d5fb3bc74f 3.391s
2025-11-22 05:30:36.900 66698 INFO tempest.lib.common.rest_client [req-610e6de3-e72a-4f7a-8696-fb3c45634508 req-610e6de3-e72a-4f7a-8696-fb3c45634508 ] Request (SecurityGroupsTestAdminJSON:setUpClass): 201 POST http://10.180.1.21/identity/v3/projects 0.064s
2025-11-22 05:30:37.000 66698 INFO tempest.lib.common.rest_client [req-3cffbaa3-315f-4814-8727-8c37e815ef36 req-3cffbaa3-315f-4814-8727-8c37e815ef36 ] Request (SecurityGroupsTestAdminJSON:setUpClass): 201 POST http://10.180.1.21/identity/v3/users 0.099s
2025-11-22 05:30:37.026 66698 INFO tempest.lib.common.rest_client [req-023eb026-711e-4744-9bcc-9a352c130335 req-023eb026-711e-4744-9bcc-9a352c130335 ] Request (SecurityGroupsTestAdminJSON:setUpClass): 200 GET http://10.180.1.21/identity/v3/roles 0.025s
2025-11-22 05:30:37.059 66698 INFO tempest.lib.common.rest_client [req-a09b949f-f681-4a90-8c7d-ed3ea49cd675 req-a09b949f-f681-4a90-8c7d-ed3ea49cd675 ] Request (SecurityGroupsTestAdminJSON:setUpClass): 204 PUT http://10.180.1.21/identity/v3/projects/f7e545c24513431f90bf5902cb05d3ec/users/de3c3bef112f4919b47383e99777e840/roles/5bf22048130548b995705e74d1c36ea7 0.033s
2025-11-22 05:30:37.126 66698 INFO tempest.lib.common.rest_client [req-a10037e0-eab4-4a32-98b9-110bf0c466a7 req-a10037e0-eab4-4a32-98b9-110bf0c466a7 ] Request (SecurityGroupsTestAdminJSON:setUpClass): 200 GET http://10.180.1.21/identity/v3/roles 0.066s
2025-11-22 05:30:37.131 66652 INFO tempest.lib.common.rest_client [req-aaa52dfe-aea2-44aa-875b-9acb5af7e6bd req-aaa52dfe-aea2-44aa-875b-9acb5af7e6bd ] Request (MultipleCreateTestJSON:setUpClass): 201 POST http://10.180.1.21/networking/v2.0/subnets 0.258s
2025-11-22 05:30:37.145 66698 INFO tempest.lib.common.rest_client [req-f1560966-78a4-45b9-b1fb-f04e4a7b9658 req-f1560966-78a4-45b9-b1fb-f04e4a7b9658 ] Request (SecurityGroupsTestAdminJSON:setUpClass): 204 PUT http://10.180.1.21/identity/v3/projects/f7e545c24513431f90bf5902cb05d3ec/users/de3c3bef112f4919b47383e99777e840/roles/5bf22048130548b995705e74d1c36ea7 0.018s
2025-11-22 05:30:37.145 66698 INFO tempest.lib.common.dynamic_creds [-] Dynamic test user de3c3bef112f4919b47383e99777e840 is created with scope project and roles: ['admin']
2025-11-22 05:30:37.145 66698 INFO tempest.lib.common.dynamic_creds [-] Acquired dynamic creds: credentials: Credentials: {'domain_id': 'default', 'domain_name': 'Default', 'username': 'tempest-SecurityGroupsTestAdminJSON-975330848-project-admin', 'project_domain_id': 'default', 'project_domain_name': 'Default', 'project_id': 'f7e545c24513431f90bf5902cb05d3ec', 'project_name': 'tempest-SecurityGroupsTestAdminJSON-975330848', 'tenant_id': 'f7e545c24513431f90bf5902cb05d3ec', 'tenant_name': 'tempest-SecurityGroupsTestAdminJSON-975330848', 'user_domain_id': 'default', 'user_domain_name': 'Default', 'user_id': 'de3c3bef112f4919b47383e99777e840', 'system': None}, Network: None, Subnet: None, Router: None
2025-11-22 05:30:37.145 66698 INFO tempest.lib.common.dynamic_creds [-] Created isolated network resources for: credentials: Credentials: {'domain_id': 'default', 'domain_name': 'Default', 'username': 'tempest-SecurityGroupsTestAdminJSON-975330848-project-admin', 'project_domain_id': 'default', 'project_domain_name': 'Default', 'project_id': 'f7e545c24513431f90bf5902cb05d3ec', 'project_name': 'tempest-SecurityGroupsTestAdminJSON-975330848', 'tenant_id': 'f7e545c24513431f90bf5902cb05d3ec', 'tenant_name': 'tempest-SecurityGroupsTestAdminJSON-975330848', 'user_domain_id': 'default', 'user_domain_name': 'Default', 'user_id': 'de3c3bef112f4919b47383e99777e840', 'system': None}, Network: None, Subnet: None, Router: None
2025-11-22 05:30:37.172 66700 INFO tempest.lib.common.rest_client [req-ea6cbf94-763f-4e07-a0e1-b89800b6dd8b req-ea6cbf94-763f-4e07-a0e1-b89800b6dd8b ] Request (ServerActionsTestOtherA:setUpClass): 200 GET http://10.180.1.21/compute/v2.1/servers/0f3e888d-f299-4dbd-9bb1-e54b13836b73 3.401s
2025-11-22 05:30:37.194 66672 INFO tempest.lib.common.rest_client [req-a0a76370-f9aa-4b2f-9ace-eb8d5ffc6258 req-a0a76370-f9aa-4b2f-9ace-eb8d5ffc6258 ] Request (ImagesTestJSON:test_create_image_from_stopped_server): 200 GET http://10.180.1.21/compute/v2.1/servers/d413c793-3514-418e-b52d-4c2755984d04 3.371s
2025-11-22 05:30:37.206 66672 INFO tempest.common.waiters [-] State transition "BUILD/scheduling" ==> "BUILD/None" after 5 second wait
2025-11-22 05:30:37.215 66692 INFO tempest.lib.common.rest_client [req-f6123bc0-38dd-4bb4-9881-21e3e5cc3ffa req-f6123bc0-38dd-4bb4-9881-21e3e5cc3ffa ] Request (KeyPairsV22TestJSON:_run_cleanups): 204 DELETE http://10.180.1.21/compute/v2.1/os-keypairs/tempest-keypair-1019020847 3.229s
2025-11-22 05:30:37.246 66698 INFO tempest.lib.common.rest_client [req-65ae1903-5aa2-44e9-ac11-d9a08ea39154 req-65ae1903-5aa2-44e9-ac11-d9a08ea39154 ] Request (SecurityGroupsTestAdminJSON:setUpClass): 201 POST http://10.180.1.21/identity/v3/auth/tokens 0.098s
2025-11-22 05:30:37.267 66678 INFO tempest.lib.common.rest_client [req-97b3884b-651d-488c-a651-925341f26df7 req-97b3884b-651d-488c-a651-925341f26df7 ] Request (ImagesOneServerTestJSON:test_create_delete_image): 200 GET http://10.180.1.21/compute/v2.1/images/3e31ed48-d733-4d94-9b86-cb4a7ca9e056 3.203s
2025-11-22 05:30:37.295 66650 INFO tempest.lib.common.rest_client [req-e0264189-fb50-4d6f-9380-28d4a2ce2acf req-e0264189-fb50-4d6f-9380-28d4a2ce2acf ] Request (FlavorsAdminTestJSON:_run_cleanups): 200 GET http://10.180.1.21/compute/v2.1/flavors/detail 3.212s
2025-11-22 05:30:37.305 66664 INFO tempest.lib.common.rest_client [req-d22d230d-d06d-45e2-b012-8963d532563e req-d22d230d-d06d-45e2-b012-8963d532563e ] Request (AggregatesAdminNegativeTestJSON:test_aggregate_create_aggregate_name_length_exceeds_255): 400 POST http://10.180.1.21/compute/v2.1/os-aggregates 3.174s
2025-11-22 05:30:37.370 66676 INFO tempest.lib.common.rest_client [req-4bb9d302-0892-4756-bc6b-f6bd81e613e1 req-4bb9d302-0892-4756-bc6b-f6bd81e613e1 ] Request (VolumesAdminNegativeTest:test_update_attached_volume_with_nonexistent_volume_in_uri): 404 PUT http://10.180.1.21/compute/v2.1/servers/5dc038d2-9205-4c87-b216-266a56e3391c/os-volume_attachments/157a4f34-81e7-4398-b4d2-0069f3121e6a 3.399s
2025-11-22 05:30:37.442 66676 INFO tempest.lib.common.rest_client [req-c5a5f458-bbff-4d7d-a0bc-d70bf0e581ab req-c5a5f458-bbff-4d7d-a0bc-d70bf0e581ab ] Request (VolumesAdminNegativeTest:tearDownClass): 202 DELETE http://10.180.1.21/volume/v3/volumes/a35abed5-4020-422b-abc7-1584dc810d15 0.071s
2025-11-22 05:30:37.512 66688 INFO tempest.lib.common.rest_client [req-bd4c816c-a8c6-48d8-b7c9-f0c26d336c24 req-bd4c816c-a8c6-48d8-b7c9-f0c26d336c24 ] Request (AttachInterfacesV270Test:setUpClass): 201 POST http://10.180.1.21/networking/v2.0/routers 0.893s
2025-11-22 05:30:37.615 66676 INFO tempest.lib.common.rest_client [req-cbf4b3ed-05aa-49e9-b355-ac6024db5229 req-cbf4b3ed-05aa-49e9-b355-ac6024db5229 ] Request (VolumesAdminNegativeTest:tearDownClass): 404 GET http://10.180.1.21/volume/v3/volumes/a35abed5-4020-422b-abc7-1584dc810d15 0.173s
2025-11-22 05:30:38.004 66706 INFO tempest.lib.common.rest_client [req-49820469-b17e-43f5-b1be-2fccf8fa0353 req-49820469-b17e-43f5-b1be-2fccf8fa0353 ] Request (ServerDiagnosticsV248Test:test_get_server_diagnostics): 200 GET http://10.180.1.21/compute/v2.1/servers/b2f09fe5-2571-46e1-a6be-bb062debec4b/diagnostics 3.540s
2025-11-22 05:30:38.081 66708 INFO tempest.lib.common.rest_client [req-2cb01fb4-8350-4319-8ad1-aeeeac323b4c req-2cb01fb4-8350-4319-8ad1-aeeeac323b4c ] Request (FlavorsAccessNegativeTestJSON:test_flavor_non_admin_add): 403 POST http://10.180.1.21/compute/v2.1/flavors/2114055034/action 3.610s
2025-11-22 05:30:38.109 66694 INFO tempest.lib.common.rest_client [req-8409250b-f7ee-41d4-95ef-5b33be66f9dc req-8409250b-f7ee-41d4-95ef-5b33be66f9dc ] Request (FlavorsExtraSpecsTestJSON:tearDownClass): 200 GET http://10.180.1.21/compute/v2.1/flavors/detail 3.633s
2025-11-22 05:30:38.119 66652 INFO tempest.lib.common.rest_client [req-7fafa1ae-ae3a-4170-9229-778094bca5a0 req-7fafa1ae-ae3a-4170-9229-778094bca5a0 ] Request (MultipleCreateTestJSON:setUpClass): 201 POST http://10.180.1.21/networking/v2.0/routers 0.988s
2025-11-22 05:30:38.232 66694 INFO tempest.lib.common.rest_client [req-4213b5e5-19aa-451d-8288-dba7f41fd79b req-4213b5e5-19aa-451d-8288-dba7f41fd79b ] Request (FlavorsExtraSpecsTestJSON:tearDownClass): 204 DELETE http://10.180.1.21/identity/v3/users/dfc8d26e8d644d22acf27151f298618b 0.118s
2025-11-22 05:30:38.342 66694 INFO tempest.lib.common.rest_client [req-6d705c3c-b33e-4c35-b8ec-70d14827727d req-6d705c3c-b33e-4c35-b8ec-70d14827727d ] Request (FlavorsExtraSpecsTestJSON:tearDownClass): 204 DELETE http://10.180.1.21/identity/v3/users/8632095f12374c26b3640f7a6d685bce 0.109s
2025-11-22 05:30:38.342 66694 INFO tempest.lib.common.dynamic_creds [-] Deleting project and security group for project: 1605a1d286be4e2195c0d2fa707975f8
2025-11-22 05:30:38.406 66694 INFO tempest.lib.common.rest_client [req-3e52e030-053e-444b-a61f-767e1cb3704c req-3e52e030-053e-444b-a61f-767e1cb3704c ] Request (FlavorsExtraSpecsTestJSON:tearDownClass): 201 POST http://10.180.1.21/identity/v3/auth/tokens 0.064s
2025-11-22 05:30:38.500 66656 INFO tempest.lib.common.rest_client [req-6a1ef2ba-ac3c-4caf-a569-99f45aecefd9 req-6a1ef2ba-ac3c-4caf-a569-99f45aecefd9 ] Request (ServersAdminTestJSON:setUpClass): 200 GET http://10.180.1.21/compute/v2.1/servers/aff24bd5-df35-49e0-90b5-d2859fd2cda1 4.364s
2025-11-22 05:30:38.509 66656 INFO tempest.common.waiters [-] State transition "BUILD/spawning" ==> "ACTIVE/None" after 34 second wait
2025-11-22 05:30:38.531 66688 INFO tempest.lib.common.rest_client [req-ae63f8d6-fdc0-46ef-b50a-d578a662711a req-ae63f8d6-fdc0-46ef-b50a-d578a662711a ] Request (AttachInterfacesV270Test:setUpClass): 200 PUT http://10.180.1.21/networking/v2.0/routers/00344dd8-7174-48e2-88a8-ed5e37c019c5/add_router_interface 1.018s
2025-11-22 05:30:38.531 66688 INFO tempest.lib.common.dynamic_creds [-] Created isolated network resources for: credentials: Credentials: {'domain_id': 'default', 'domain_name': 'Default', 'username': 'tempest-AttachInterfacesV270Test-639698652-project-member', 'project_domain_id': 'default', 'project_domain_name': 'Default', 'project_id': '29febd87f9164ffcb5f2c6cd5a4ed6ec', 'project_name': 'tempest-AttachInterfacesV270Test-639698652', 'tenant_id': '29febd87f9164ffcb5f2c6cd5a4ed6ec', 'tenant_name': 'tempest-AttachInterfacesV270Test-639698652', 'user_domain_id': 'default', 'user_domain_name': 'Default', 'user_id': '69a9f67f7fd1442891dc872439352590', 'system': None}, Network: {'id': '5bb9d190-059e-4008-b586-c585fa7a67ea', 'name': 'tempest-AttachInterfacesV270Test-961708124-network', 'tenant_id': '29febd87f9164ffcb5f2c6cd5a4ed6ec', 'project_id': '29febd87f9164ffcb5f2c6cd5a4ed6ec', 'admin_state_up': True, 'mtu': 8950, 'status': 'ACTIVE', 'subnets': [], 'shared': False, 'port_security_enabled': True, 'router:external': False, 'provider:network_type': 'vlan', 'provider:physical_network': 'default', 'provider:segmentation_id': 443, 'availability_zone_hints': [], 'availability_zones': [], 'ipv4_address_scope': None, 'ipv6_address_scope': None, 'description': '', 'tags': [], 'created_at': '2025-11-22T05:30:36Z', 'updated_at': '2025-11-22T05:30:36Z', 'revision_number': 1}, Subnet: {'id': '50ab2371-638a-40ed-8d5e-e92bfb3f2e2f', 'name': 'tempest-AttachInterfacesV270Test-961708124-subnet', 'tenant_id': '29febd87f9164ffcb5f2c6cd5a4ed6ec', 'network_id': '5bb9d190-059e-4008-b586-c585fa7a67ea', 'ip_version': 4, 'subnetpool_id': None, 'enable_dhcp': True, 'ipv6_ra_mode': None, 'ipv6_address_mode': None, 'gateway_ip': '192.168.128.1', 'cidr': '192.168.128.0/28', 'allocation_pools': [{'start': '192.168.128.2', 'end': '192.168.128.14'}], 'host_routes': [], 'dns_nameservers': [], 'description': '', 'router:external': False, 'service_types': [], 'tags': [], 'created_at': '2025-11-22T05:30:36Z', 'updated_at': '2025-11-22T05:30:36Z', 'revision_number': 0, 'project_id': '29febd87f9164ffcb5f2c6cd5a4ed6ec'}, Router: {'id': '00344dd8-7174-48e2-88a8-ed5e37c019c5', 'name': 'tempest-AttachInterfacesV270Test-961708124-router', 'tenant_id': '29febd87f9164ffcb5f2c6cd5a4ed6ec', 'admin_state_up': True, 'status': 'ACTIVE', 'external_gateway_info': {'network_id': '5fc6035a-d8b1-4ace-9d46-dd6536aa2ece', 'external_fixed_ips': [{'subnet_id': 'a419307b-8987-4e57-a63e-3626c14a9602', 'ip_address': '10.180.180.166'}], 'enable_snat': True}, 'description': '', 'availability_zones': [], 'distributed': False, 'ha': False, 'availability_zone_hints': [], 'routes': [], 'flavor_id': None, 'tags': [], 'created_at': '2025-11-22T05:30:36Z', 'updated_at': '2025-11-22T05:30:37Z', 'revision_number': 2, 'project_id': '29febd87f9164ffcb5f2c6cd5a4ed6ec'}
2025-11-22 05:30:38.553 66682 INFO tempest.lib.common.rest_client [req-bdb4a341-41fb-4cfc-94d0-6766b919b61a req-bdb4a341-41fb-4cfc-94d0-6766b919b61a ] Request (ServersWithSpecificFlavorTestJSON:test_verify_created_server_ephemeral_disk): 200 GET http://10.180.1.21/compute/v2.1/servers/9046e6f5-a347-4629-98e8-2e7d636d756b 4.002s
2025-11-22 05:30:38.612 66688 INFO tempest.lib.common.rest_client [req-e566c022-3644-4767-a7ab-aaf56765fa65 req-e566c022-3644-4767-a7ab-aaf56765fa65 ] Request (AttachInterfacesV270Test:setUpClass): 201 POST http://10.180.1.21/identity/v3/auth/tokens 0.077s
2025-11-22 05:30:38.641 66688 INFO tempest.lib.common.rest_client [req-80e8cc4e-2ef6-4ea5-938b-1366d434bb42 req-80e8cc4e-2ef6-4ea5-938b-1366d434bb42 ] Request (AttachInterfacesV270Test:test_create_get_list_interfaces): 201 POST http://10.180.1.21/identity/v3/auth/tokens 0.025s
2025-11-22 05:30:38.641 66688 INFO tempest.lib.common.fixed_network [-] (AttachInterfacesV270Test:test_create_get_list_interfaces) Found network {'id': '5bb9d190-059e-4008-b586-c585fa7a67ea', 'name': 'tempest-AttachInterfacesV270Test-961708124-network', 'tenant_id': '29febd87f9164ffcb5f2c6cd5a4ed6ec', 'project_id': '29febd87f9164ffcb5f2c6cd5a4ed6ec', 'admin_state_up': True, 'mtu': 8950, 'status': 'ACTIVE', 'subnets': [], 'shared': False, 'port_security_enabled': True, 'router:external': False, 'provider:network_type': 'vlan', 'provider:physical_network': 'default', 'provider:segmentation_id': 443, 'availability_zone_hints': [], 'availability_zones': [], 'ipv4_address_scope': None, 'ipv6_address_scope': None, 'description': '', 'tags': [], 'created_at': '2025-11-22T05:30:36Z', 'updated_at': '2025-11-22T05:30:36Z', 'revision_number': 1} available for tenant
2025-11-22 05:30:38.783 66694 INFO tempest.lib.common.rest_client [req-7ddf3563-cd9b-46fb-a596-0e3b2c06bffb req-7ddf3563-cd9b-46fb-a596-0e3b2c06bffb ] Request (FlavorsExtraSpecsTestJSON:tearDownClass): 200 GET http://10.180.1.21/networking/v2.0/security-groups?tenant_id=1605a1d286be4e2195c0d2fa707975f8&name=default 0.376s
2025-11-22 05:30:39.376 66652 INFO tempest.lib.common.rest_client [req-ed568ea2-aa34-4425-9a5f-07c5fae49dcd req-ed568ea2-aa34-4425-9a5f-07c5fae49dcd ] Request (MultipleCreateTestJSON:setUpClass): 200 PUT http://10.180.1.21/networking/v2.0/routers/a00fea89-7862-4464-966c-efed1837af3a/add_router_interface 1.256s
2025-11-22 05:30:39.377 66652 INFO tempest.lib.common.dynamic_creds [-] Created isolated network resources for: credentials: Credentials: {'domain_id': 'default', 'domain_name': 'Default', 'username': 'tempest-MultipleCreateTestJSON-754596718-project-member', 'project_domain_id': 'default', 'project_domain_name': 'Default', 'project_id': 'b6a13d75992d4bc7b534f867bb29bc40', 'project_name': 'tempest-MultipleCreateTestJSON-754596718', 'tenant_id': 'b6a13d75992d4bc7b534f867bb29bc40', 'tenant_name': 'tempest-MultipleCreateTestJSON-754596718', 'user_domain_id': 'default', 'user_domain_name': 'Default', 'user_id': 'b61251e425ff4667bf1e9b45fc98cb5c', 'system': None}, Network: {'id': 'e3c5be5f-e256-48dd-abe5-17c510331508', 'name': 'tempest-MultipleCreateTestJSON-1853570195-network', 'tenant_id': 'b6a13d75992d4bc7b534f867bb29bc40', 'project_id': 'b6a13d75992d4bc7b534f867bb29bc40', 'admin_state_up': True, 'mtu': 8950, 'status': 'ACTIVE', 'subnets': [], 'shared': False, 'port_security_enabled': True, 'router:external': False, 'provider:network_type': 'vlan', 'provider:physical_network': 'default', 'provider:segmentation_id': 706, 'availability_zone_hints': [], 'availability_zones': [], 'ipv4_address_scope': None, 'ipv6_address_scope': None, 'description': '', 'tags': [], 'created_at': '2025-11-22T05:30:36Z', 'updated_at': '2025-11-22T05:30:36Z', 'revision_number': 1}, Subnet: {'id': '1cf96c2d-816f-4c33-bd7c-89b3d050e0b8', 'name': 'tempest-MultipleCreateTestJSON-1853570195-subnet', 'tenant_id': 'b6a13d75992d4bc7b534f867bb29bc40', 'network_id': 'e3c5be5f-e256-48dd-abe5-17c510331508', 'ip_version': 4, 'subnetpool_id': None, 'enable_dhcp': True, 'ipv6_ra_mode': None, 'ipv6_address_mode': None, 'gateway_ip': '192.168.128.1', 'cidr': '192.168.128.0/28', 'allocation_pools': [{'start': '192.168.128.2', 'end': '192.168.128.14'}], 'host_routes': [], 'dns_nameservers': [], 'description': '', 'router:external': False, 'service_types': [], 'tags': [], 'created_at': '2025-11-22T05:30:36Z', 'updated_at': '2025-11-22T05:30:36Z', 'revision_number': 0, 'project_id': 'b6a13d75992d4bc7b534f867bb29bc40'}, Router: {'id': 'a00fea89-7862-4464-966c-efed1837af3a', 'name': 'tempest-MultipleCreateTestJSON-1853570195-router', 'tenant_id': 'b6a13d75992d4bc7b534f867bb29bc40', 'admin_state_up': True, 'status': 'ACTIVE', 'external_gateway_info': {'network_id': '5fc6035a-d8b1-4ace-9d46-dd6536aa2ece', 'external_fixed_ips': [{'subnet_id': 'a419307b-8987-4e57-a63e-3626c14a9602', 'ip_address': '10.180.180.135'}], 'enable_snat': True}, 'description': '', 'availability_zones': [], 'distributed': False, 'ha': False, 'availability_zone_hints': [], 'routes': [], 'flavor_id': None, 'tags': [], 'created_at': '2025-11-22T05:30:37Z', 'updated_at': '2025-11-22T05:30:37Z', 'revision_number': 2, 'project_id': 'b6a13d75992d4bc7b534f867bb29bc40'}
2025-11-22 05:30:39.501 66652 INFO tempest.lib.common.rest_client [req-d22b58f5-8803-4827-b964-6e8b70667da3 req-d22b58f5-8803-4827-b964-6e8b70667da3 ] Request (MultipleCreateTestJSON:setUpClass): 201 POST http://10.180.1.21/identity/v3/auth/tokens 0.121s
2025-11-22 05:30:39.547 66652 INFO tempest.lib.common.rest_client [req-5f24a28b-4a63-48d3-96c1-3c6b3f6f045a req-5f24a28b-4a63-48d3-96c1-3c6b3f6f045a ] Request (MultipleCreateTestJSON:test_multiple_create): 201 POST http://10.180.1.21/identity/v3/auth/tokens 0.042s
