2025-11-22 05:31:34.822 66706 INFO tempest.lib.common.rest_client [req-1b09d17e-b92f-40e0-a0a9-25ba18c21541 req-1b09d17e-b92f-40e0-a0a9-25ba18c21541 ] Request (DeleteServersTestJSON:setUpClass): 204 PUT http://10.180.1.21/identity/v3/projects/1682dcf6cf704cecbb5fe39c82e278ef/users/b7301986e4f749aaafab15debde44107/roles/167bc9e5701849eeb42cde9f57edf410 0.059s
2025-11-22 05:31:34.822 66706 INFO tempest.lib.common.dynamic_creds [-] Dynamic test user b7301986e4f749aaafab15debde44107 is created with scope project and roles: ['member']
2025-11-22 05:31:34.822 66706 INFO tempest.lib.common.dynamic_creds [-] Acquired dynamic creds: credentials: Credentials: {'domain_id': 'default', 'domain_name': 'Default', 'username': 'tempest-DeleteServersTestJSON-405740389-project-member', 'project_domain_id': 'default', 'project_domain_name': 'Default', 'project_id': '1682dcf6cf704cecbb5fe39c82e278ef', 'project_name': 'tempest-DeleteServersTestJSON-405740389', 'tenant_id': '1682dcf6cf704cecbb5fe39c82e278ef', 'tenant_name': 'tempest-DeleteServersTestJSON-405740389', 'user_domain_id': 'default', 'user_domain_name': 'Default', 'user_id': 'b7301986e4f749aaafab15debde44107', 'system': None}, Network: None, Subnet: None, Router: None
2025-11-22 05:31:34.876 66686 INFO tempest.lib.common.rest_client [req-b1e5b8f4-389c-43a6-bddf-deef593c765f req-b1e5b8f4-389c-43a6-bddf-deef593c765f ] Request (ListImageFiltersNegativeTestJSON:setUpClass): 201 POST http://10.180.1.21/identity/v3/auth/tokens 0.090s
2025-11-22 05:31:34.882 66682 WARNING tempest.lib.common.ssh [-] Failed to establish authenticated ssh connection to cirros@10.180.180.249 ([Errno None] Unable to connect to port 22 on 10.180.180.249). Number attempts: 4. Retry after 5 seconds.: paramiko.ssh_exception.NoValidConnectionsError: [Errno None] Unable to connect to port 22 on 10.180.180.249
2025-11-22 05:31:34.890 66690 INFO paramiko.transport [-] Connected (version 2.0, client dropbear_2020.81)
2025-11-22 05:31:34.895 66706 INFO tempest.lib.common.rest_client [req-d64507cb-66e4-49c7-9991-a321050472ce req-d64507cb-66e4-49c7-9991-a321050472ce ] Request (DeleteServersTestJSON:setUpClass): 201 POST http://10.180.1.21/identity/v3/auth/tokens 0.073s
2025-11-22 05:31:34.911 66674 INFO tempest.lib.common.rest_client [req-ac1a7add-c837-442c-8ade-698109c03d10 req-ac1a7add-c837-442c-8ade-698109c03d10 ] Request (ServicesAdminNegativeTestJSON:tearDownClass): 204 DELETE http://10.180.1.21/networking/v2.0/security-groups/199b1cde-380c-4f29-84ee-b08192580ea3 0.374s
2025-11-22 05:31:34.948 66656 INFO tempest.lib.common.rest_client [req-5888aaaf-9d75-468a-92b9-b46849e92229 req-5888aaaf-9d75-468a-92b9-b46849e92229 ] Request (ServersAdminTestJSON:test_create_server_with_scheduling_hint): 200 GET http://10.180.1.21/compute/v2.1/servers/deb114c7-3664-4446-a394-e6d2f5d1c8ab 4.192s
2025-11-22 05:31:34.959 66656 INFO tempest.common.waiters [-] State transition "BUILD/spawning" ==> "ACTIVE/None" after 48 second wait
2025-11-22 05:31:34.999 66690 INFO paramiko.transport [-] Authentication (publickey) successful!
2025-11-22 05:31:34.999 66690 INFO tempest.lib.common.ssh [-] ssh connection to cirros@10.180.180.234 successfully created
2025-11-22 05:31:35.055 66674 INFO tempest.lib.common.rest_client [req-a9a96a23-5dee-4496-b04c-d55a7c5e0e74 req-a9a96a23-5dee-4496-b04c-d55a7c5e0e74 ] Request (ServicesAdminNegativeTestJSON:tearDownClass): 204 DELETE http://10.180.1.21/identity/v3/projects/1fc58312b2c340a5aab7a1e92f6d2589 0.144s
2025-11-22 05:31:35.057 66656 INFO tempest.lib.common.rest_client [req-28997a46-36f9-4f03-bfa7-e90be2058ef7 req-28997a46-36f9-4f03-bfa7-e90be2058ef7 ] Request (ServersAdminTestJSON:test_inject_network_info): 201 POST http://10.180.1.21/identity/v3/auth/tokens 0.087s
2025-11-22 05:31:35.057 66656 INFO tempest.lib.common.fixed_network [-] (ServersAdminTestJSON:test_inject_network_info) Found network {'id': '319c7785-fe7c-4d67-95b9-21afb84923ce', 'name': 'tempest-ServersAdminTestJSON-1215134791-network', 'tenant_id': '6184e0e102114d8588f96eb76ae53a12', 'project_id': '6184e0e102114d8588f96eb76ae53a12', 'admin_state_up': True, 'mtu': 8950, 'status': 'ACTIVE', 'subnets': [], 'shared': False, 'port_security_enabled': True, 'router:external': False, 'provider:network_type': 'vlan', 'provider:physical_network': 'default', 'provider:segmentation_id': 924, 'availability_zone_hints': [], 'availability_zones': [], 'ipv4_address_scope': None, 'ipv6_address_scope': None, 'description': '', 'tags': [], 'created_at': '2025-11-22T05:29:42Z', 'updated_at': '2025-11-22T05:29:42Z', 'revision_number': 1} available for tenant
2025-11-22 05:31:35.161 66670 INFO tempest.lib.common.rest_client [req-c211cf2c-5109-484d-acf2-3164fac04c24 req-c211cf2c-5109-484d-acf2-3164fac04c24 ] Request (ServerRescueTestJSONUnderV235:setUpClass): 201 POST http://10.180.1.21/networking/v2.0/subnets 0.475s
2025-11-22 05:31:35.171 66674 INFO tempest.lib.common.rest_client [req-8cfe9bc4-3524-4d3e-bc62-6c935181c4fc req-8cfe9bc4-3524-4d3e-bc62-6c935181c4fc ] Request (FlavorsV2TestJSON:setUpClass): 201 POST http://10.180.1.21/identity/v3/auth/tokens 0.110s
2025-11-22 05:31:35.170 66654 INFO tempest.lib.common.rest_client [req-7a767c6e-6072-4d5a-8d42-dabc074620f0 req-7a767c6e-6072-4d5a-8d42-dabc074620f0 ] Request (ImagesOneServerNegativeTestJSON:setUpClass): 202 POST http://10.180.1.21/compute/v2.1/servers 5.647s
2025-11-22 05:31:35.188 66678 INFO tempest.lib.common.rest_client [req-1077c448-0059-463a-89b7-ba3128c64e83 req-1077c448-0059-463a-89b7-ba3128c64e83 ] Request (ImagesOneServerTestJSON:tearDownClass): 204 DELETE http://10.180.1.21/compute/v2.1/images/2e0e544e-75d2-4e0c-a5c3-522c951250a8 3.715s
2025-11-22 05:31:35.284 66674 INFO tempest.lib.common.rest_client [req-3ea4b3f0-14a2-4ff2-a4e8-97a6bfbb8c65 req-3ea4b3f0-14a2-4ff2-a4e8-97a6bfbb8c65 ] Request (FlavorsV2TestJSON:setUpClass): 201 POST http://10.180.1.21/identity/v3/auth/tokens 0.108s
2025-11-22 05:31:35.316 66674 INFO tempest.lib.common.rest_client [req-fc95c34e-639f-489c-aeac-b96d14d25524 req-fc95c34e-639f-489c-aeac-b96d14d25524 ] Request (FlavorsV2TestJSON:setUpClass): 200 GET http://10.180.1.21/identity/v3/domains?name=Default 0.031s
2025-11-22 05:31:35.358 66674 INFO tempest.lib.common.rest_client [req-318c3226-bbc7-4c41-9f56-d0337430a676 req-318c3226-bbc7-4c41-9f56-d0337430a676 ] Request (FlavorsV2TestJSON:setUpClass): 201 POST http://10.180.1.21/identity/v3/projects 0.039s
2025-11-22 05:31:35.451 66674 INFO tempest.lib.common.rest_client [req-203be1e6-87f4-48c7-8e94-6eee038e9e31 req-203be1e6-87f4-48c7-8e94-6eee038e9e31 ] Request (FlavorsV2TestJSON:setUpClass): 201 POST http://10.180.1.21/identity/v3/users 0.092s
2025-11-22 05:31:35.475 66674 INFO tempest.lib.common.rest_client [req-12ff7d9e-da4e-41b0-88c1-dd0dc1c19843 req-12ff7d9e-da4e-41b0-88c1-dd0dc1c19843 ] Request (FlavorsV2TestJSON:setUpClass): 200 GET http://10.180.1.21/identity/v3/roles 0.024s
2025-11-22 05:31:35.507 66706 INFO tempest.lib.common.rest_client [req-d4dcf985-56cd-473f-bd8b-8c7a35e8cff0 req-d4dcf985-56cd-473f-bd8b-8c7a35e8cff0 ] Request (DeleteServersTestJSON:setUpClass): 201 POST http://10.180.1.21/networking/v2.0/networks 0.610s
2025-11-22 05:31:35.513 66674 INFO tempest.lib.common.rest_client [req-884cd5c0-ae90-4635-ab16-8b7633af1006 req-884cd5c0-ae90-4635-ab16-8b7633af1006 ] Request (FlavorsV2TestJSON:setUpClass): 204 PUT http://10.180.1.21/identity/v3/projects/9840db2c6ced4c2eb6265e7c52fa8513/users/e34671b95afd479d9129602a975d3b5c/roles/167bc9e5701849eeb42cde9f57edf410 0.038s
2025-11-22 05:31:35.515 66674 INFO tempest.lib.common.dynamic_creds [-] Dynamic test user e34671b95afd479d9129602a975d3b5c is created with scope project and roles: ['member']
2025-11-22 05:31:35.515 66674 INFO tempest.lib.common.dynamic_creds [-] Acquired dynamic creds: credentials: Credentials: {'domain_id': 'default', 'domain_name': 'Default', 'username': 'tempest-FlavorsV2TestJSON-1850339720-project-member', 'project_domain_id': 'default', 'project_domain_name': 'Default', 'project_id': '9840db2c6ced4c2eb6265e7c52fa8513', 'project_name': 'tempest-FlavorsV2TestJSON-1850339720', 'tenant_id': '9840db2c6ced4c2eb6265e7c52fa8513', 'tenant_name': 'tempest-FlavorsV2TestJSON-1850339720', 'user_domain_id': 'default', 'user_domain_name': 'Default', 'user_id': 'e34671b95afd479d9129602a975d3b5c', 'system': None}, Network: None, Subnet: None, Router: None
2025-11-22 05:31:35.515 66674 INFO tempest.lib.common.dynamic_creds [-] Created isolated network resources for: credentials: Credentials: {'domain_id': 'default', 'domain_name': 'Default', 'username': 'tempest-FlavorsV2TestJSON-1850339720-project-member', 'project_domain_id': 'default', 'project_domain_name': 'Default', 'project_id': '9840db2c6ced4c2eb6265e7c52fa8513', 'project_name': 'tempest-FlavorsV2TestJSON-1850339720', 'tenant_id': '9840db2c6ced4c2eb6265e7c52fa8513', 'tenant_name': 'tempest-FlavorsV2TestJSON-1850339720', 'user_domain_id': 'default', 'user_domain_name': 'Default', 'user_id': 'e34671b95afd479d9129602a975d3b5c', 'system': None}, Network: None, Subnet: None, Router: None
2025-11-22 05:31:35.628 66674 INFO tempest.lib.common.rest_client [req-bcb42c82-189b-4de9-832b-64b4867d46d0 req-bcb42c82-189b-4de9-832b-64b4867d46d0 ] Request (FlavorsV2TestJSON:setUpClass): 201 POST http://10.180.1.21/identity/v3/auth/tokens 0.105s
2025-11-22 05:31:35.631 66666 INFO tempest.lib.common.rest_client [req-053f22f5-ff47-42d4-b8df-31147f55554f req-053f22f5-ff47-42d4-b8df-31147f55554f ] Request (SecurityGroupRulesTestJSON:test_security_group_rules_delete_when_peer_group_deleted): 200 POST http://10.180.1.21/compute/v2.1/os-security-groups 3.954s
2025-11-22 05:31:35.756 66652 INFO tempest.lib.common.rest_client [req-b9efd923-aca7-4d99-b5bc-d3e01ae8e9d9 req-b9efd923-aca7-4d99-b5bc-d3e01ae8e9d9 ] Request (MultipleCreateTestJSON:_run_cleanups): 204 DELETE http://10.180.1.21/compute/v2.1/servers/5e4c514b-70fe-4a25-9286-add6dca08879 3.779s
2025-11-22 05:31:35.924 66662 INFO tempest.lib.common.rest_client [req-c989b016-bff7-4f8b-9452-e689878c95dd req-c989b016-bff7-4f8b-9452-e689878c95dd ] Request (ServersAdminNegativeTestJSON:test_resize_server_using_overlimit_ram): 403 POST http://10.180.1.21/compute/v2.1/servers/945e5e53-a0a8-427f-b465-57d66dbf03a5/action 3.759s
2025-11-22 05:31:35.976 66676 INFO tempest.lib.common.rest_client [req-541e2523-e619-42ea-913d-db4839d865fb req-541e2523-e619-42ea-913d-db4839d865fb ] Request (ListImageFiltersTestJSON:setUpClass): 200 GET http://10.180.1.21/compute/v2.1/images/a16ded9f-4855-4b8f-8fe8-ff27841060d4 3.760s
2025-11-22 05:31:36.406 66670 INFO tempest.lib.common.rest_client [req-f2e43d70-7ed7-4439-a02f-fb62fe1e6b4b req-f2e43d70-7ed7-4439-a02f-fb62fe1e6b4b ] Request (ServerRescueTestJSONUnderV235:setUpClass): 201 POST http://10.180.1.21/networking/v2.0/routers 1.244s
2025-11-22 05:31:36.432 66648 INFO tempest.lib.common.rest_client [req-ec5555f0-23d0-4687-aeb5-321a82be8b18 req-ec5555f0-23d0-4687-aeb5-321a82be8b18 ] Request (FloatingIPsNegativeTestJSON:test_delete_nonexistent_floating_ip): 404 DELETE http://10.180.1.21/compute/v2.1/os-floating-ips/9887b447-74d3-40a1-a6b9-428de6fdb04d 3.985s
2025-11-22 05:31:36.466 66664 INFO tempest.lib.common.rest_client [req-2af9dcd0-0c80-48cc-9a2d-263b84a21f4c req-2af9dcd0-0c80-48cc-9a2d-263b84a21f4c ] Request (AggregatesAdminNegativeTestJSON:test_aggregate_remove_host_as_user): 200 POST http://10.180.1.21/compute/v2.1/os-aggregates 3.877s
2025-11-22 05:31:36.481 66650 INFO tempest.lib.common.rest_client [req-634f64ca-0051-4c01-86ee-301bf562d78e req-634f64ca-0051-4c01-86ee-301bf562d78e ] Request (FlavorsAdminTestJSON:test_is_public_string_variations): 200 GET http://10.180.1.21/compute/v2.1/flavors/detail?is_public=0 3.875s
2025-11-22 05:31:36.505 66706 INFO tempest.lib.common.rest_client [req-3071af48-de76-4dd3-a27a-64b7271c5e69 req-3071af48-de76-4dd3-a27a-64b7271c5e69 ] Request (DeleteServersTestJSON:setUpClass): 201 POST http://10.180.1.21/networking/v2.0/subnets 0.996s
2025-11-22 05:31:36.515 66676 INFO tempest.lib.common.rest_client [req-64084337-ee32-4e1c-bed3-b950eb62cbab req-64084337-ee32-4e1c-bed3-b950eb62cbab ] Request (ListImageFiltersTestJSON:setUpClass): 201 POST http://10.180.1.21/image/v2/images 0.535s
2025-11-22 05:31:36.822 66700 INFO paramiko.transport [-] Connected (version 2.0, client dropbear_2020.81)
2025-11-22 05:31:36.885 66700 INFO paramiko.transport [-] Authentication (publickey) successful!
2025-11-22 05:31:36.886 66700 INFO tempest.lib.common.ssh [-] ssh connection to cirros@10.180.180.139 successfully created
2025-11-22 05:31:37.374 66670 INFO tempest.lib.common.rest_client [req-1d161e24-92fc-472b-909d-9a712ec7f35e req-1d161e24-92fc-472b-909d-9a712ec7f35e ] Request (ServerRescueTestJSONUnderV235:setUpClass): 200 PUT http://10.180.1.21/networking/v2.0/routers/885e4a55-d654-4865-8b37-4513fd9402e4/add_router_interface 0.967s
2025-11-22 05:31:37.374 66670 INFO tempest.lib.common.dynamic_creds [-] Created isolated network resources for: credentials: Credentials: {'domain_id': 'default', 'domain_name': 'Default', 'username': 'tempest-ServerRescueTestJSONUnderV235-2036827869-project-member', 'project_domain_id': 'default', 'project_domain_name': 'Default', 'project_id': '8d8f6d32a56446448fc02646753beefb', 'project_name': 'tempest-ServerRescueTestJSONUnderV235-2036827869', 'tenant_id': '8d8f6d32a56446448fc02646753beefb', 'tenant_name': 'tempest-ServerRescueTestJSONUnderV235-2036827869', 'user_domain_id': 'default', 'user_domain_name': 'Default', 'user_id': 'b61f34c90bac4dd8be476a2eb32a828e', 'system': None}, Network: {'id': '1e1436ab-886b-475c-bac5-6ed795e33970', 'name': 'tempest-ServerRescueTestJSONUnderV235-445765267-network', 'tenant_id': '8d8f6d32a56446448fc02646753beefb', 'project_id': '8d8f6d32a56446448fc02646753beefb', 'admin_state_up': True, 'mtu': 8950, 'status': 'ACTIVE', 'subnets': [], 'shared': False, 'port_security_enabled': True, 'router:external': False, 'provider:network_type': 'vlan', 'provider:physical_network': 'default', 'provider:segmentation_id': 514, 'availability_zone_hints': [], 'availability_zones': [], 'ipv4_address_scope': None, 'ipv6_address_scope': None, 'description': '', 'tags': [], 'created_at': '2025-11-22T05:31:34Z', 'updated_at': '2025-11-22T05:31:34Z', 'revision_number': 1}, Subnet: {'id': 'cff99dca-5006-4c67-b2d1-516ab63d1c69', 'name': 'tempest-ServerRescueTestJSONUnderV235-445765267-subnet', 'tenant_id': '8d8f6d32a56446448fc02646753beefb', 'network_id': '1e1436ab-886b-475c-bac5-6ed795e33970', 'ip_version': 4, 'subnetpool_id': None, 'enable_dhcp': False, 'ipv6_ra_mode': None, 'ipv6_address_mode': None, 'gateway_ip': '192.168.128.1', 'cidr': '192.168.128.0/28', 'allocation_pools': [{'start': '192.168.128.2', 'end': '192.168.128.14'}], 'host_routes': [], 'dns_nameservers': [], 'description': '', 'router:external': False, 'service_types': [], 'tags': [], 'created_at': '2025-11-22T05:31:34Z', 'updated_at': '2025-11-22T05:31:34Z', 'revision_number': 0, 'project_id': '8d8f6d32a56446448fc02646753beefb'}, Router: {'id': '885e4a55-d654-4865-8b37-4513fd9402e4', 'name': 'tempest-ServerRescueTestJSONUnderV235-445765267-router', 'tenant_id': '8d8f6d32a56446448fc02646753beefb', 'admin_state_up': True, 'status': 'ACTIVE', 'external_gateway_info': {'network_id': '5fc6035a-d8b1-4ace-9d46-dd6536aa2ece', 'external_fixed_ips': [{'subnet_id': 'a419307b-8987-4e57-a63e-3626c14a9602', 'ip_address': '10.180.180.232'}], 'enable_snat': True}, 'description': '', 'availability_zones': [], 'distributed': False, 'ha': False, 'availability_zone_hints': [], 'routes': [], 'flavor_id': None, 'tags': [], 'created_at': '2025-11-22T05:31:35Z', 'updated_at': '2025-11-22T05:31:35Z', 'revision_number': 2, 'project_id': '8d8f6d32a56446448fc02646753beefb'}
2025-11-22 05:31:37.475 66670 INFO tempest.lib.common.rest_client [req-4c67da60-9dec-4d19-9cfa-95ffb5dbe26e req-4c67da60-9dec-4d19-9cfa-95ffb5dbe26e ] Request (ServerRescueTestJSONUnderV235:setUpClass): 201 POST http://10.180.1.21/identity/v3/auth/tokens 0.097s
2025-11-22 05:31:37.509 66670 INFO tempest.lib.common.rest_client [req-5b025852-38fd-497d-b765-289dea50d37a req-5b025852-38fd-497d-b765-289dea50d37a ] Request (ServerRescueTestJSONUnderV235:setUpClass): 201 POST http://10.180.1.21/identity/v3/auth/tokens 0.027s
2025-11-22 05:31:37.509 66670 INFO tempest.lib.common.fixed_network [-] (ServerRescueTestJSONUnderV235:setUpClass) Found network {'id': '1e1436ab-886b-475c-bac5-6ed795e33970', 'name': 'tempest-ServerRescueTestJSONUnderV235-445765267-network', 'tenant_id': '8d8f6d32a56446448fc02646753beefb', 'project_id': '8d8f6d32a56446448fc02646753beefb', 'admin_state_up': True, 'mtu': 8950, 'status': 'ACTIVE', 'subnets': [], 'shared': False, 'port_security_enabled': True, 'router:external': False, 'provider:network_type': 'vlan', 'provider:physical_network': 'default', 'provider:segmentation_id': 514, 'availability_zone_hints': [], 'availability_zones': [], 'ipv4_address_scope': None, 'ipv6_address_scope': None, 'description': '', 'tags': [], 'created_at': '2025-11-22T05:31:34Z', 'updated_at': '2025-11-22T05:31:34Z', 'revision_number': 1} available for tenant
2025-11-22 05:31:38.187 66648 INFO tempest.lib.common.rest_client [req-108c7a0e-edf0-40e4-91d7-ff9f3b26f1b1 req-108c7a0e-edf0-40e4-91d7-ff9f3b26f1b1 ] Request (FloatingIPsNegativeTestJSON:tearDownClass): 200 PUT http://10.180.1.21/networking/v2.0/routers/dba30461-93c0-430d-9a5f-3d5dff59b46f/remove_router_interface 1.752s
2025-11-22 05:31:38.291 66676 INFO tempest.lib.common.rest_client [req-a2fc49b8-5e1c-4dd7-b655-3442d1f8ddf4 req-a2fc49b8-5e1c-4dd7-b655-3442d1f8ddf4 ] Request (ListImageFiltersTestJSON:setUpClass): 204 PUT http://10.180.1.21/image/v2/images/49a130f7-63d6-4548-9b7a-6478970ef24d/file 0.774s
2025-11-22 05:31:38.871 66648 INFO tempest.lib.common.rest_client [req-f10208e5-ea1f-47c7-bf28-66eb85bed203 req-f10208e5-ea1f-47c7-bf28-66eb85bed203 ] Request (FloatingIPsNegativeTestJSON:tearDownClass): 204 DELETE http://10.180.1.21/networking/v2.0/routers/dba30461-93c0-430d-9a5f-3d5dff59b46f 0.684s
2025-11-22 05:31:38.963 66646 INFO tempest.lib.common.rest_client [req-288a84f3-f762-497f-bb9e-b244d8b0f953 req-288a84f3-f762-497f-bb9e-b244d8b0f953 ] Request (MigrationsAdminTest:test_list_migrations_in_flavor_resize_situation): 200 GET http://10.180.1.21/compute/v2.1/servers/e6f1fdaa-548b-4853-8af5-7a15d288c5fd 6.202s
2025-11-22 05:31:38.969 66706 INFO tempest.lib.common.rest_client [req-3c1ba306-9cc5-4f06-a76b-0f0296b904a1 req-3c1ba306-9cc5-4f06-a76b-0f0296b904a1 ] Request (DeleteServersTestJSON:setUpClass): 201 POST http://10.180.1.21/networking/v2.0/routers 2.463s
2025-11-22 05:31:38.971 66646 INFO tempest.common.waiters [-] State transition "RESIZE/resize_prep" ==> "RESIZE/resize_migrating" after 29 second wait
2025-11-22 05:31:39.021 66672 INFO tempest.lib.common.rest_client [req-ad8a2b98-0f50-4d81-bc04-eb40c71c28e6 req-ad8a2b98-0f50-4d81-bc04-eb40c71c28e6 ] Request (ImagesTestJSON:test_create_image_from_stopped_server): 200 GET http://10.180.1.21/compute/v2.1/images/c99f882d-c149-4548-ad32-cec70cf0193b 6.215s
2025-11-22 05:31:39.378 66648 INFO tempest.lib.common.rest_client [req-7aab912f-f729-4358-9ea0-e2717a93586c req-7aab912f-f729-4358-9ea0-e2717a93586c ] Request (FloatingIPsNegativeTestJSON:tearDownClass): 204 DELETE http://10.180.1.21/networking/v2.0/subnets/3ca266da-f476-481c-942b-ec5c5b5f81e1 0.506s
2025-11-22 05:31:39.472 66698 INFO tempest.lib.common.rest_client [req-66340875-1831-4ee4-b5c3-c046b5a54913 req-66340875-1831-4ee4-b5c3-c046b5a54913 ] Request (FloatingIPsAssociationNegativeTestJSON:setUpClass): 202 POST http://10.180.1.21/compute/v2.1/servers 7.976s
2025-11-22 05:31:40.367 66706 INFO tempest.lib.common.rest_client [req-2917c9a1-5561-4528-870a-c92abffcfef3 req-2917c9a1-5561-4528-870a-c92abffcfef3 ] Request (DeleteServersTestJSON:setUpClass): 200 PUT http://10.180.1.21/networking/v2.0/routers/1844abef-08be-4969-bc0a-2a6a8fe5e8ba/add_router_interface 1.397s
2025-11-22 05:31:40.367 66706 INFO tempest.lib.common.dynamic_creds [-] Created isolated network resources for: credentials: Credentials: {'domain_id': 'default', 'domain_name': 'Default', 'username': 'tempest-DeleteServersTestJSON-405740389-project-member', 'project_domain_id': 'default', 'project_domain_name': 'Default', 'project_id': '1682dcf6cf704cecbb5fe39c82e278ef', 'project_name': 'tempest-DeleteServersTestJSON-405740389', 'tenant_id': '1682dcf6cf704cecbb5fe39c82e278ef', 'tenant_name': 'tempest-DeleteServersTestJSON-405740389', 'user_domain_id': 'default', 'user_domain_name': 'Default', 'user_id': 'b7301986e4f749aaafab15debde44107', 'system': None}, Network: {'id': '15f92dc0-548f-47f1-943f-29ae76813e9f', 'name': 'tempest-DeleteServersTestJSON-974953315-network', 'tenant_id': '1682dcf6cf704cecbb5fe39c82e278ef', 'project_id': '1682dcf6cf704cecbb5fe39c82e278ef', 'admin_state_up': True, 'mtu': 8950, 'status': 'ACTIVE', 'subnets': [], 'shared': False, 'port_security_enabled': True, 'router:external': False, 'provider:network_type': 'vlan', 'provider:physical_network': 'default', 'provider:segmentation_id': 140, 'availability_zone_hints': [], 'availability_zones': [], 'ipv4_address_scope': None, 'ipv6_address_scope': None, 'description': '', 'tags': [], 'created_at': '2025-11-22T05:31:35Z', 'updated_at': '2025-11-22T05:31:35Z', 'revision_number': 1}, Subnet: {'id': '408f12ac-5061-4325-9659-d4dedd1cd710', 'name': 'tempest-DeleteServersTestJSON-974953315-subnet', 'tenant_id': '1682dcf6cf704cecbb5fe39c82e278ef', 'network_id': '15f92dc0-548f-47f1-943f-29ae76813e9f', 'ip_version': 4, 'subnetpool_id': None, 'enable_dhcp': True, 'ipv6_ra_mode': None, 'ipv6_address_mode': None, 'gateway_ip': '192.168.128.1', 'cidr': '192.168.128.0/28', 'allocation_pools': [{'start': '192.168.128.2', 'end': '192.168.128.14'}], 'host_routes': [], 'dns_nameservers': [], 'description': '', 'router:external': False, 'service_types': [], 'tags': [], 'created_at': '2025-11-22T05:31:36Z', 'updated_at': '2025-11-22T05:31:36Z', 'revision_number': 0, 'project_id': '1682dcf6cf704cecbb5fe39c82e278ef'}, Router: {'id': '1844abef-08be-4969-bc0a-2a6a8fe5e8ba', 'name': 'tempest-DeleteServersTestJSON-974953315-router', 'tenant_id': '1682dcf6cf704cecbb5fe39c82e278ef', 'admin_state_up': True, 'status': 'ACTIVE', 'external_gateway_info': {'network_id': '5fc6035a-d8b1-4ace-9d46-dd6536aa2ece', 'external_fixed_ips': [{'subnet_id': 'a419307b-8987-4e57-a63e-3626c14a9602', 'ip_address': '10.180.180.188'}], 'enable_snat': True}, 'description': '', 'availability_zones': [], 'distributed': False, 'ha': False, 'availability_zone_hints': [], 'routes': [], 'flavor_id': None, 'tags': [], 'created_at': '2025-11-22T05:31:38Z', 'updated_at': '2025-11-22T05:31:38Z', 'revision_number': 2, 'project_id': '1682dcf6cf704cecbb5fe39c82e278ef'}
2025-11-22 05:31:40.456 66706 INFO tempest.lib.common.rest_client [req-68b9580c-ee13-4dcf-9ecf-c089857fb3ad req-68b9580c-ee13-4dcf-9ecf-c089857fb3ad ] Request (DeleteServersTestJSON:setUpClass): 201 POST http://10.180.1.21/identity/v3/auth/tokens 0.086s
2025-11-22 05:31:40.489 66706 INFO tempest.lib.common.rest_client [req-35242289-114e-43a9-9e95-deeb7cf51834 req-35242289-114e-43a9-9e95-deeb7cf51834 ] Request (DeleteServersTestJSON:test_delete_active_server): 201 POST http://10.180.1.21/identity/v3/auth/tokens 0.028s
2025-11-22 05:31:40.489 66706 INFO tempest.lib.common.fixed_network [-] (DeleteServersTestJSON:test_delete_active_server) Found network {'id': '15f92dc0-548f-47f1-943f-29ae76813e9f', 'name': 'tempest-DeleteServersTestJSON-974953315-network', 'tenant_id': '1682dcf6cf704cecbb5fe39c82e278ef', 'project_id': '1682dcf6cf704cecbb5fe39c82e278ef', 'admin_state_up': True, 'mtu': 8950, 'status': 'ACTIVE', 'subnets': [], 'shared': False, 'port_security_enabled': True, 'router:external': False, 'provider:network_type': 'vlan', 'provider:physical_network': 'default', 'provider:segmentation_id': 140, 'availability_zone_hints': [], 'availability_zones': [], 'ipv4_address_scope': None, 'ipv6_address_scope': None, 'description': '', 'tags': [], 'created_at': '2025-11-22T05:31:35Z', 'updated_at': '2025-11-22T05:31:35Z', 'revision_number': 1} available for tenant
2025-11-22 05:31:40.509 66648 INFO tempest.lib.common.rest_client [req-5a7ef9ef-aa4d-4be3-b067-5239c1556751 req-5a7ef9ef-aa4d-4be3-b067-5239c1556751 ] Request (FloatingIPsNegativeTestJSON:tearDownClass): 204 DELETE http://10.180.1.21/networking/v2.0/networks/ac7ba2c5-e854-439f-a068-2652e7305ecf 1.131s
2025-11-22 05:31:40.539 66704 INFO tempest.lib.common.rest_client [req-221dd716-11f9-43d5-95b0-ecf231268b38 req-221dd716-11f9-43d5-95b0-ecf231268b38 ] Request (ServerPasswordTestJSON:setUpClass): 200 GET http://10.180.1.21/compute/v2.1/servers/1f3e4358-acec-4689-9166-fd2e1355fe74 7.706s
2025-11-22 05:31:40.548 66704 INFO tempest.common.waiters [-] State transition "BUILD/None" ==> "BUILD/spawning" after 31 second wait
2025-11-22 05:31:40.578 66702 INFO tempest.lib.common.rest_client [req-ae690589-2542-4615-90ad-c482c1cff619 req-ae690589-2542-4615-90ad-c482c1cff619 ] Request (ServerMetadataTestJSON:setUpClass): 200 GET http://10.180.1.21/compute/v2.1/servers/7a1cfbea-56cc-43d3-a0e6-8ae73e8805d3 7.655s
2025-11-22 05:31:40.624 66660 INFO tempest.lib.common.rest_client [req-7d9b1c79-1d6d-42ca-bd11-0b0a3ac19e65 req-7d9b1c79-1d6d-42ca-bd11-0b0a3ac19e65 ] Request (DeleteServersAdminTestJSON:test_delete_server_while_in_error_state): 202 POST http://10.180.1.21/compute/v2.1/servers/6291a640-2907-4af7-b3ac-084d9a9424fa/action 7.655s
2025-11-22 05:31:40.639 66648 INFO tempest.lib.common.rest_client [req-6e9988b7-f99f-4094-8bb0-a168199ea34f req-6e9988b7-f99f-4094-8bb0-a168199ea34f ] Request (FloatingIPsNegativeTestJSON:tearDownClass): 204 DELETE http://10.180.1.21/identity/v3/users/8efc2bb540c74b0fa60e951d5d63b86c 0.129s
2025-11-22 05:31:40.639 66648 INFO tempest.lib.common.dynamic_creds [-] Deleting project and security group for project: b1ebb70624254bb98b0ff3dd0ecb7c3a
2025-11-22 05:31:40.665 66688 INFO tempest.lib.common.rest_client [req-737d1c1c-c444-4871-822c-99487280f372 req-737d1c1c-c444-4871-822c-99487280f372 ] Request (AttachInterfacesV270Test:tearDownClass): 200 GET http://10.180.1.21/compute/v2.1/servers/33f3d3fb-0dd8-4927-a920-e26fa1e6fba4 7.589s
2025-11-22 05:31:40.706 66648 INFO tempest.lib.common.rest_client [req-bddc883a-4fe2-4597-8dcc-bad20d6487dc req-bddc883a-4fe2-4597-8dcc-bad20d6487dc ] Request (FloatingIPsNegativeTestJSON:tearDownClass): 200 GET http://10.180.1.21/networking/v2.0/security-groups?tenant_id=b1ebb70624254bb98b0ff3dd0ecb7c3a&name=default 0.067s
2025-11-22 05:31:41.106 66684 INFO tempest.lib.common.rest_client [req-ef716c9b-7acd-4edc-92fc-fa88dff5bcc0 req-ef716c9b-7acd-4edc-92fc-fa88dff5bcc0 ] Request (ImagesNegativeTestJSON:test_create_image_from_deleted_server): 200 GET http://10.180.1.21/compute/v2.1/servers/3448899e-3a21-4037-b412-4074ef62c387 7.925s
2025-11-22 05:31:41.191 66692 INFO tempest.lib.common.rest_client [req-79e910e5-6b62-46c9-ac92-14da420f212b req-79e910e5-6b62-46c9-ac92-14da420f212b ] Request (ListServersNegativeTestJSON:setUpClass): 200 GET http://10.180.1.21/compute/v2.1/servers/a01c93a7-8a26-4288-83ce-2182a205f7c1 8.039s
2025-11-22 05:31:41.198 66692 INFO tempest.common.waiters [-] State transition "BUILD/None" ==> "BUILD/spawning" after 28 second wait
2025-11-22 05:31:41.253 66648 INFO tempest.lib.common.rest_client [req-1a4634b3-d0fe-461c-9c86-15ae1964f51a req-1a4634b3-d0fe-461c-9c86-15ae1964f51a ] Request (FloatingIPsNegativeTestJSON:tearDownClass): 204 DELETE http://10.180.1.21/networking/v2.0/security-groups/8a8b7d18-b1ef-4e87-b50f-8a5768545e18 0.546s
2025-11-22 05:31:41.379 66694 INFO tempest.lib.common.rest_client [req-5064d9c9-5706-4019-8cef-1aaa9df4b181 req-5064d9c9-5706-4019-8cef-1aaa9df4b181 ] Request (FloatingIPsAssociationTestJSON:setUpClass): 200 GET http://10.180.1.21/compute/v2.1/servers/09ca44d7-5547-4a3e-8cda-e3ccac2ea0fc 8.021s
2025-11-22 05:31:41.401 66668 INFO tempest.lib.common.rest_client [req-85df2060-3d12-481c-8620-a01d4b6dd829 req-85df2060-3d12-481c-8620-a01d4b6dd829 ] Request (AttachInterfacesUnderV243Test:test_add_remove_fixed_ip): 200 GET http://10.180.1.21/compute/v2.1/servers/1963ebd5-bcda-40c3-9207-0fb28d5497f2 8.122s
2025-11-22 05:31:41.413 66668 INFO tempest.common.waiters [-] State transition "BUILD/None" ==> "BUILD/block_device_mapping" after 28 second wait
2025-11-22 05:31:41.432 66648 INFO tempest.lib.common.rest_client [req-dcf3dd26-a6ed-4149-aa74-364182e6aa7c req-dcf3dd26-a6ed-4149-aa74-364182e6aa7c ] Request (FloatingIPsNegativeTestJSON:tearDownClass): 204 DELETE http://10.180.1.21/identity/v3/projects/b1ebb70624254bb98b0ff3dd0ecb7c3a 0.179s
2025-11-22 05:31:41.499 66648 INFO tempest.lib.common.rest_client [req-f86a8b75-4b9e-48bd-ac35-ecf931e0495d req-f86a8b75-4b9e-48bd-ac35-ecf931e0495d ] Request (ServerDiskConfigTestJSON:setUpClass): 201 POST http://10.180.1.21/identity/v3/auth/tokens 0.065s
2025-11-22 05:31:41.542 66648 INFO tempest.lib.common.rest_client [req-80ad99a2-f18c-4694-8d9c-93b28fd95b70 req-80ad99a2-f18c-4694-8d9c-93b28fd95b70 ] Request (ServerDiskConfigTestJSON:setUpClass): 201 POST http://10.180.1.21/identity/v3/auth/tokens 0.038s
2025-11-22 05:31:41.571 66648 INFO tempest.lib.common.rest_client [req-570dab88-6716-407c-bb57-4136ea224193 req-570dab88-6716-407c-bb57-4136ea224193 ] Request (ServerDiskConfigTestJSON:setUpClass): 200 GET http://10.180.1.21/identity/v3/domains?name=Default 0.028s
2025-11-22 05:31:41.621 66648 INFO tempest.lib.common.rest_client [req-8ecb9afb-5006-43eb-9a6a-f1f93ef043e7 req-8ecb9afb-5006-43eb-9a6a-f1f93ef043e7 ] Request (ServerDiskConfigTestJSON:setUpClass): 201 POST http://10.180.1.21/identity/v3/projects 0.050s
2025-11-22 05:31:41.634 66708 INFO tempest.lib.common.rest_client [req-0b4966ed-eebb-40bf-934a-5d5280111315 req-0b4966ed-eebb-40bf-934a-5d5280111315 ] Request (ValidationResourcesFixture:setUp): 200 POST http://10.180.1.21/compute/v2.1/os-keypairs 7.470s
2025-11-22 05:31:41.714 66648 INFO tempest.lib.common.rest_client [req-5073d317-da43-42fe-89ac-3a4d19c45ec7 req-5073d317-da43-42fe-89ac-3a4d19c45ec7 ] Request (ServerDiskConfigTestJSON:setUpClass): 201 POST http://10.180.1.21/identity/v3/users 0.091s
2025-11-22 05:31:41.739 66648 INFO tempest.lib.common.rest_client [req-50192775-14ad-473d-a416-24a5065207d8 req-50192775-14ad-473d-a416-24a5065207d8 ] Request (ServerDiskConfigTestJSON:setUpClass): 200 GET http://10.180.1.21/identity/v3/roles 0.025s
2025-11-22 05:31:41.766 66686 INFO tempest.lib.common.rest_client [req-6625f3e4-993d-491b-8b1f-1b1774629511 req-6625f3e4-993d-491b-8b1f-1b1774629511 ] Request (ListImageFiltersNegativeTestJSON:test_get_nonexistent_image): 404 GET http://10.180.1.21/compute/v2.1/images/7d1ad9fa-eca6-4a0a-ab9e-fd32ad4b61dd 6.886s
2025-11-22 05:31:41.771 66648 INFO tempest.lib.common.rest_client [req-7d504037-f860-4b0d-a990-bdcb8499f961 req-7d504037-f860-4b0d-a990-bdcb8499f961 ] Request (ServerDiskConfigTestJSON:setUpClass): 204 PUT http://10.180.1.21/identity/v3/projects/b3e9e571141548cb8c228d782510effb/users/d0551ccb745049eda4dc231c29596309/roles/167bc9e5701849eeb42cde9f57edf410 0.032s
2025-11-22 05:31:41.772 66648 INFO tempest.lib.common.dynamic_creds [-] Dynamic test user d0551ccb745049eda4dc231c29596309 is created with scope project and roles: ['member']
2025-11-22 05:31:41.772 66648 INFO tempest.lib.common.dynamic_creds [-] Acquired dynamic creds: credentials: Credentials: {'domain_id': 'default', 'domain_name': 'Default', 'username': 'tempest-ServerDiskConfigTestJSON-1156528770-project-member', 'project_domain_id': 'default', 'project_domain_name': 'Default', 'project_id': 'b3e9e571141548cb8c228d782510effb', 'project_name': 'tempest-ServerDiskConfigTestJSON-1156528770', 'tenant_id': 'b3e9e571141548cb8c228d782510effb', 'tenant_name': 'tempest-ServerDiskConfigTestJSON-1156528770', 'user_domain_id': 'default', 'user_domain_name': 'Default', 'user_id': 'd0551ccb745049eda4dc231c29596309', 'system': None}, Network: None, Subnet: None, Router: None
2025-11-22 05:31:41.861 66648 INFO tempest.lib.common.rest_client [req-6a58d105-d785-406e-9e75-7408a85b813e req-6a58d105-d785-406e-9e75-7408a85b813e ] Request (ServerDiskConfigTestJSON:setUpClass): 201 POST http://10.180.1.21/identity/v3/auth/tokens 0.088s
2025-11-22 05:31:41.915 66686 INFO tempest.lib.common.rest_client [req-0bc13abf-81b8-4723-a43c-4edf09fb2b44 req-0bc13abf-81b8-4723-a43c-4edf09fb2b44 ] Request (ListImageFiltersNegativeTestJSON:tearDownClass): 204 DELETE http://10.180.1.21/identity/v3/users/c752e832bcd14388897bf4134d24caea 0.148s
2025-11-22 05:31:41.915 66686 INFO tempest.lib.common.dynamic_creds [-] Deleting project and security group for project: 93809ec756874e44aa545793729bc65d
2025-11-22 05:31:41.932 66658 INFO tempest.lib.common.rest_client [req-d833cae9-adf5-4ea1-b807-70425c5442d3 req-d833cae9-adf5-4ea1-b807-70425c5442d3 ] Request (FloatingIPDetailsTestJSON:tearDownClass): 202 DELETE http://10.180.1.21/compute/v2.1/os-floating-ips/f8670065-0230-4543-9f63-aedb903a1bbe 7.645s
2025-11-22 05:31:41.983 66686 INFO tempest.lib.common.rest_client [req-104be726-bb98-47b4-a75f-b4d840c5d585 req-104be726-bb98-47b4-a75f-b4d840c5d585 ] Request (ListImageFiltersNegativeTestJSON:tearDownClass): 201 POST http://10.180.1.21/identity/v3/auth/tokens 0.066s
2025-11-22 05:31:42.117 66708 INFO tempest.lib.common.rest_client [req-1c4fbb96-00f6-41fa-b658-ec4284c78032 req-1c4fbb96-00f6-41fa-b658-ec4284c78032 ] Request (ValidationResourcesFixture:setUp): 201 POST http://10.180.1.21/networking/v2.0/security-groups 0.481s
2025-11-22 05:31:42.392 66648 INFO tempest.lib.common.rest_client [req-2dfd7e24-be4f-4976-aa92-163bff535eb8 req-2dfd7e24-be4f-4976-aa92-163bff535eb8 ] Request (ServerDiskConfigTestJSON:setUpClass): 201 POST http://10.180.1.21/networking/v2.0/networks 0.529s
2025-11-22 05:31:42.566 66686 INFO tempest.lib.common.rest_client [req-3634920f-cd86-431a-838f-378ea110e902 req-3634920f-cd86-431a-838f-378ea110e902 ] Request (ListImageFiltersNegativeTestJSON:tearDownClass): 200 GET http://10.180.1.21/networking/v2.0/security-groups?tenant_id=93809ec756874e44aa545793729bc65d&name=default 0.582s
2025-11-22 05:31:42.680 66708 INFO tempest.lib.common.rest_client [req-e13c5911-8a08-4856-88d5-dd8c8cc4a195 req-e13c5911-8a08-4856-88d5-dd8c8cc4a195 ] Request (ValidationResourcesFixture:setUp): 201 POST http://10.180.1.21/networking/v2.0/security-group-rules 0.563s
2025-11-22 05:31:42.877 66648 INFO tempest.lib.common.rest_client [req-d07e2526-8199-4f64-bd8b-079f2c977d26 req-d07e2526-8199-4f64-bd8b-079f2c977d26 ] Request (ServerDiskConfigTestJSON:setUpClass): 201 POST http://10.180.1.21/networking/v2.0/subnets 0.485s
2025-11-22 05:31:42.917 66686 INFO tempest.lib.common.rest_client [req-eb2bfd5e-d8e2-41a5-8d8d-fd263d77ecf0 req-eb2bfd5e-d8e2-41a5-8d8d-fd263d77ecf0 ] Request (ListImageFiltersNegativeTestJSON:tearDownClass): 204 DELETE http://10.180.1.21/networking/v2.0/security-groups/8167eab9-6e50-4216-80e4-555a5ec31933 0.351s
2025-11-22 05:31:42.996 66708 INFO tempest.lib.common.rest_client [req-08503f2d-1ae7-4bda-8dc0-05e4ac52502a req-08503f2d-1ae7-4bda-8dc0-05e4ac52502a ] Request (ValidationResourcesFixture:setUp): 201 POST http://10.180.1.21/networking/v2.0/security-group-rules 0.315s
2025-11-22 05:31:43.058 66686 INFO tempest.lib.common.rest_client [req-c3df5f17-8ef4-49d2-9d6a-1ae22487d36c req-c3df5f17-8ef4-49d2-9d6a-1ae22487d36c ] Request (ListImageFiltersNegativeTestJSON:tearDownClass): 204 DELETE http://10.180.1.21/identity/v3/projects/93809ec756874e44aa545793729bc65d 0.140s
2025-11-22 05:31:43.137 66686 INFO tempest.lib.common.rest_client [req-2d1aa44a-5cf7-4970-8acb-8f5f9fa53fb6 req-2d1aa44a-5cf7-4970-8acb-8f5f9fa53fb6 ] Request (AttachInterfacesTestJSON:setUpClass): 201 POST http://10.180.1.21/identity/v3/auth/tokens 0.077s
2025-11-22 05:31:43.164 66686 INFO tempest.lib.common.rest_client [req-05917e88-e4fe-44d1-8aa0-97f7c9c3829f req-05917e88-e4fe-44d1-8aa0-97f7c9c3829f ] Request (AttachInterfacesTestJSON:setUpClass): 201 POST http://10.180.1.21/identity/v3/auth/tokens 0.025s
2025-11-22 05:31:43.191 66686 INFO tempest.lib.common.rest_client [req-8d624d7f-6902-482c-8d8c-fde33088fe59 req-8d624d7f-6902-482c-8d8c-fde33088fe59 ] Request (AttachInterfacesTestJSON:setUpClass): 200 GET http://10.180.1.21/identity/v3/domains?name=Default 0.026s
2025-11-22 05:31:43.227 66686 INFO tempest.lib.common.rest_client [req-bd303a0c-baa1-4fe2-bb4e-875bbb1a424a req-bd303a0c-baa1-4fe2-bb4e-875bbb1a424a ] Request (AttachInterfacesTestJSON:setUpClass): 201 POST http://10.180.1.21/identity/v3/projects 0.035s
2025-11-22 05:31:43.292 66686 INFO tempest.lib.common.rest_client [req-d9c9030e-ab36-42af-afd5-c9c8995f0495 req-d9c9030e-ab36-42af-afd5-c9c8995f0495 ] Request (AttachInterfacesTestJSON:setUpClass): 201 POST http://10.180.1.21/identity/v3/users 0.065s
2025-11-22 05:31:43.317 66686 INFO tempest.lib.common.rest_client [req-30b576e8-5518-4fcb-baa5-bf6819159808 req-30b576e8-5518-4fcb-baa5-bf6819159808 ] Request (AttachInterfacesTestJSON:setUpClass): 200 GET http://10.180.1.21/identity/v3/roles 0.023s
2025-11-22 05:31:43.342 66686 INFO tempest.lib.common.rest_client [req-ee934d99-1edb-4e49-8413-8cfbcab885db req-ee934d99-1edb-4e49-8413-8cfbcab885db ] Request (AttachInterfacesTestJSON:setUpClass): 204 PUT http://10.180.1.21/identity/v3/projects/70226a622f964acba2640d31413e29c9/users/ec36894ca7fe4b448bd2354c1928c498/roles/167bc9e5701849eeb42cde9f57edf410 0.025s
2025-11-22 05:31:43.343 66686 INFO tempest.lib.common.dynamic_creds [-] Dynamic test user ec36894ca7fe4b448bd2354c1928c498 is created with scope project and roles: ['member']
2025-11-22 05:31:43.343 66686 INFO tempest.lib.common.dynamic_creds [-] Acquired dynamic creds: credentials: Credentials: {'domain_id': 'default', 'domain_name': 'Default', 'username': 'tempest-AttachInterfacesTestJSON-1085641786-project-member', 'project_domain_id': 'default', 'project_domain_name': 'Default', 'project_id': '70226a622f964acba2640d31413e29c9', 'project_name': 'tempest-AttachInterfacesTestJSON-1085641786', 'tenant_id': '70226a622f964acba2640d31413e29c9', 'tenant_name': 'tempest-AttachInterfacesTestJSON-1085641786', 'user_domain_id': 'default', 'user_domain_name': 'Default', 'user_id': 'ec36894ca7fe4b448bd2354c1928c498', 'system': None}, Network: None, Subnet: None, Router: None
2025-11-22 05:31:43.421 66686 INFO tempest.lib.common.rest_client [req-b7e199cf-04e1-4b9c-b964-4b2dec89fb23 req-b7e199cf-04e1-4b9c-b964-4b2dec89fb23 ] Request (AttachInterfacesTestJSON:setUpClass): 201 POST http://10.180.1.21/identity/v3/auth/tokens 0.078s
2025-11-22 05:31:43.457 66682 WARNING tempest.lib.common.ssh [-] Failed to establish authenticated ssh connection to cirros@10.180.180.249 ([Errno None] Unable to connect to port 22 on 10.180.180.249). Number attempts: 5. Retry after 6 seconds.: paramiko.ssh_exception.NoValidConnectionsError: [Errno None] Unable to connect to port 22 on 10.180.180.249
2025-11-22 05:31:43.472 66690 INFO tempest.lib.common.rest_client [req-5f920c9c-6eee-4fa9-b7ee-0bd819f8f3d5 req-5f920c9c-6eee-4fa9-b7ee-0bd819f8f3d5 ] Request (VolumesAssistedSnapshotsTest:test_volume_assisted_snapshot_create_delete): 200 POST http://10.180.1.21/compute/v2.1/servers/264e23ec-392c-4cd4-b1d9-f3c1cbd153d2/os-volume_attachments 8.472s
2025-11-22 05:31:43.515 66690 INFO tempest.lib.common.rest_client [req-66da25b9-2787-467b-a08a-b5308f32fdfa req-66da25b9-2787-467b-a08a-b5308f32fdfa ] Request (VolumesAssistedSnapshotsTest:test_volume_assisted_snapshot_create_delete): 200 GET http://10.180.1.21/volume/v3/volumes/8dda525e-20fa-4282-a9c4-edefb2d6dfda 0.042s
2025-11-22 05:31:43.616 66708 INFO tempest.lib.common.rest_client [req-eef2e28e-bbc4-4d7a-a0aa-0a568f1ddb66 req-eef2e28e-bbc4-4d7a-a0aa-0a568f1ddb66 ] Request (ValidationResourcesFixture:setUp): 201 POST http://10.180.1.21/networking/v2.0/floatingips 0.620s
2025-11-22 05:31:43.691 66708 INFO tempest.lib.common.rest_client [req-ae195432-5b09-40e1-973d-fd530f1f192f req-ae195432-5b09-40e1-973d-fd530f1f192f ] Request (AttachVolumeNegativeTest:test_attach_attached_volume_to_different_server): 201 POST http://10.180.1.21/identity/v3/auth/tokens 0.071s
2025-11-22 05:31:43.691 66708 INFO tempest.lib.common.fixed_network [-] (AttachVolumeNegativeTest:test_attach_attached_volume_to_different_server) Found network {'id': 'd01e47de-29ad-4fa7-a4fd-8493d743559a', 'name': 'tempest-AttachVolumeNegativeTest-319030501-network', 'tenant_id': '015f02e903e44ef0879eead7e091a51d', 'project_id': '015f02e903e44ef0879eead7e091a51d', 'admin_state_up': True, 'mtu': 8950, 'status': 'ACTIVE', 'subnets': [], 'shared': False, 'port_security_enabled': True, 'router:external': False, 'provider:network_type': 'vlan', 'provider:physical_network': 'default', 'provider:segmentation_id': 731, 'availability_zone_hints': [], 'availability_zones': [], 'ipv4_address_scope': None, 'ipv6_address_scope': None, 'description': '', 'tags': [], 'created_at': '2025-11-22T05:31:31Z', 'updated_at': '2025-11-22T05:31:31Z', 'revision_number': 1} available for tenant
2025-11-22 05:31:43.755 66648 INFO tempest.lib.common.rest_client [req-cd77ad2d-88d3-4cd3-a310-630d16b122ce req-cd77ad2d-88d3-4cd3-a310-630d16b122ce ] Request (ServerDiskConfigTestJSON:setUpClass): 201 POST http://10.180.1.21/networking/v2.0/routers 0.877s
2025-11-22 05:31:43.788 66654 INFO tempest.lib.common.rest_client [req-14f69e7b-e026-4d27-b21f-a4314568eebf req-14f69e7b-e026-4d27-b21f-a4314568eebf ] Request (ImagesOneServerNegativeTestJSON:setUpClass): 200 GET http://10.180.1.21/compute/v2.1/servers/de68dba2-ecda-4ca5-84c0-cb1f1a8cb5da 8.615s
2025-11-22 05:31:43.823 66678 INFO tempest.lib.common.rest_client [req-80273754-bbc2-4b19-a6cf-0652acbd1061 req-80273754-bbc2-4b19-a6cf-0652acbd1061 ] Request (ImagesOneServerTestJSON:tearDownClass): 404 DELETE http://10.180.1.21/compute/v2.1/images/3e31ed48-d733-4d94-9b86-cb4a7ca9e056 8.635s
2025-11-22 05:31:43.907 66680 WARNING tempest.lib.common.ssh [-] Failed to establish authenticated ssh connection to cirros@10.180.180.196 ([Errno None] Unable to connect to port 22 on 10.180.180.196). Number attempts: 6. Retry after 7 seconds.: paramiko.ssh_exception.NoValidConnectionsError: [Errno None] Unable to connect to port 22 on 10.180.180.196
2025-11-22 05:31:43.940 66656 INFO tempest.lib.common.rest_client [req-ead09aac-09f6-4c5d-8115-f44e524c2efd req-ead09aac-09f6-4c5d-8115-f44e524c2efd ] Request (ServersAdminTestJSON:test_inject_network_info): 202 POST http://10.180.1.21/compute/v2.1/servers 8.883s
2025-11-22 05:31:43.970 66696 WARNING tempest.lib.common.ssh [-] Failed to establish authenticated ssh connection to cirros@10.180.180.201 ([Errno None] Unable to connect to port 22 on 10.180.180.201). Number attempts: 7. Retry after 8 seconds.: paramiko.ssh_exception.NoValidConnectionsError: [Errno None] Unable to connect to port 22 on 10.180.180.201
2025-11-22 05:31:44.038 66674 INFO tempest.lib.common.rest_client [req-846e3fe3-cbaa-431f-b19d-6abf343cdf2a req-846e3fe3-cbaa-431f-b19d-6abf343cdf2a ] Request (FlavorsV2TestJSON:test_get_flavor): 200 GET http://10.180.1.21/compute/v2.1/flavors/42 8.408s
2025-11-22 05:31:44.140 66686 INFO tempest.lib.common.rest_client [req-49b47647-d856-48fa-9c12-9cfd6521e978 req-49b47647-d856-48fa-9c12-9cfd6521e978 ] Request (AttachInterfacesTestJSON:setUpClass): 201 POST http://10.180.1.21/networking/v2.0/networks 0.718s
2025-11-22 05:31:44.573 66690 INFO tempest.lib.common.rest_client [req-623310f1-d60d-4853-a58f-1e50a75f9b86 req-623310f1-d60d-4853-a58f-1e50a75f9b86 ] Request (VolumesAssistedSnapshotsTest:test_volume_assisted_snapshot_create_delete): 200 GET http://10.180.1.21/volume/v3/volumes/8dda525e-20fa-4282-a9c4-edefb2d6dfda 0.044s
2025-11-22 05:31:44.754 66666 INFO tempest.lib.common.rest_client [req-297d2c25-06e0-4ffe-878e-d73109f96f55 req-297d2c25-06e0-4ffe-878e-d73109f96f55 ] Request (SecurityGroupRulesTestJSON:test_security_group_rules_delete_when_peer_group_deleted): 200 POST http://10.180.1.21/compute/v2.1/os-security-groups 9.116s
2025-11-22 05:31:44.775 66652 INFO tempest.lib.common.rest_client [req-198ab9cb-0b2d-462b-9d1b-1d5b81f27246 req-198ab9cb-0b2d-462b-9d1b-1d5b81f27246 ] Request (MultipleCreateTestJSON:_run_cleanups): 200 GET http://10.180.1.21/compute/v2.1/servers/65f689e8-93de-4ec3-95ec-6570bfd0e0ed 9.019s
2025-11-22 05:31:44.782 66662 INFO tempest.lib.common.rest_client [req-0bbafca1-e9a9-426a-a6af-ed0acfe09863 req-0bbafca1-e9a9-426a-a6af-ed0acfe09863 ] Request (ServersAdminNegativeTestJSON:_run_cleanups): 202 DELETE http://10.180.1.21/compute/v2.1/flavors/826186961 8.857s
2025-11-22 05:31:44.807 66650 INFO tempest.lib.common.rest_client [req-aa312861-21e7-4dea-9aaa-0e3523bf9fcf req-aa312861-21e7-4dea-9aaa-0e3523bf9fcf ] Request (FlavorsAdminTestJSON:test_is_public_string_variations): 200 GET http://10.180.1.21/compute/v2.1/flavors/detail?is_public=t 8.322s
2025-11-22 05:31:44.994 66686 INFO tempest.lib.common.rest_client [req-1e63556c-a293-415a-90b0-2c640ade9056 req-1e63556c-a293-415a-90b0-2c640ade9056 ] Request (AttachInterfacesTestJSON:setUpClass): 201 POST http://10.180.1.21/networking/v2.0/subnets 0.853s
2025-11-22 05:31:45.153 66664 INFO tempest.lib.common.rest_client [req-98008848-ff06-4c9b-a743-ee704a3b959e req-98008848-ff06-4c9b-a743-ee704a3b959e ] Request (AggregatesAdminNegativeTestJSON:test_aggregate_remove_host_as_user): 200 POST http://10.180.1.21/compute/v2.1/os-aggregates/7/action 8.685s
2025-11-22 05:31:45.390 66648 INFO tempest.lib.common.rest_client [req-7ecee3e4-382d-4c09-a059-ea07d0531200 req-7ecee3e4-382d-4c09-a059-ea07d0531200 ] Request (ServerDiskConfigTestJSON:setUpClass): 200 PUT http://10.180.1.21/networking/v2.0/routers/536fd311-33be-47d6-9bf5-31f728a6308c/add_router_interface 1.635s
2025-11-22 05:31:45.391 66648 INFO tempest.lib.common.dynamic_creds [-] Created isolated network resources for: credentials: Credentials: {'domain_id': 'default', 'domain_name': 'Default', 'username': 'tempest-ServerDiskConfigTestJSON-1156528770-project-member', 'project_domain_id': 'default', 'project_domain_name': 'Default', 'project_id': 'b3e9e571141548cb8c228d782510effb', 'project_name': 'tempest-ServerDiskConfigTestJSON-1156528770', 'tenant_id': 'b3e9e571141548cb8c228d782510effb', 'tenant_name': 'tempest-ServerDiskConfigTestJSON-1156528770', 'user_domain_id': 'default', 'user_domain_name': 'Default', 'user_id': 'd0551ccb745049eda4dc231c29596309', 'system': None}, Network: {'id': '5005b96a-8e9c-435a-bbea-7886ed50c51b', 'name': 'tempest-ServerDiskConfigTestJSON-1745714847-network', 'tenant_id': 'b3e9e571141548cb8c228d782510effb', 'project_id': 'b3e9e571141548cb8c228d782510effb', 'admin_state_up': True, 'mtu': 8950, 'status': 'ACTIVE', 'subnets': [], 'shared': False, 'port_security_enabled': True, 'router:external': False, 'provider:network_type': 'vlan', 'provider:physical_network': 'default', 'provider:segmentation_id': 23, 'availability_zone_hints': [], 'availability_zones': [], 'ipv4_address_scope': None, 'ipv6_address_scope': None, 'description': '', 'tags': [], 'created_at': '2025-11-22T05:31:42Z', 'updated_at': '2025-11-22T05:31:42Z', 'revision_number': 1}, Subnet: {'id': 'bded904d-f25f-4f54-bfa6-3347c078b568', 'name': 'tempest-ServerDiskConfigTestJSON-1745714847-subnet', 'tenant_id': 'b3e9e571141548cb8c228d782510effb', 'network_id': '5005b96a-8e9c-435a-bbea-7886ed50c51b', 'ip_version': 4, 'subnetpool_id': None, 'enable_dhcp': True, 'ipv6_ra_mode': None, 'ipv6_address_mode': None, 'gateway_ip': '192.168.128.1', 'cidr': '192.168.128.0/28', 'allocation_pools': [{'start': '192.168.128.2', 'end': '192.168.128.14'}], 'host_routes': [], 'dns_nameservers': [], 'description': '', 'router:external': False, 'service_types': [], 'tags': [], 'created_at': '2025-11-22T05:31:42Z', 'updated_at': '2025-11-22T05:31:42Z', 'revision_number': 0, 'project_id': 'b3e9e571141548cb8c228d782510effb'}, Router: {'id': '536fd311-33be-47d6-9bf5-31f728a6308c', 'name': 'tempest-ServerDiskConfigTestJSON-1745714847-router', 'tenant_id': 'b3e9e571141548cb8c228d782510effb', 'admin_state_up': True, 'status': 'ACTIVE', 'external_gateway_info': {'network_id': '5fc6035a-d8b1-4ace-9d46-dd6536aa2ece', 'external_fixed_ips': [{'subnet_id': 'a419307b-8987-4e57-a63e-3626c14a9602', 'ip_address': '10.180.180.193'}], 'enable_snat': True}, 'description': '', 'availability_zones': [], 'distributed': False, 'ha': False, 'availability_zone_hints': [], 'routes': [], 'flavor_id': None, 'tags': [], 'created_at': '2025-11-22T05:31:43Z', 'updated_at': '2025-11-22T05:31:43Z', 'revision_number': 2, 'project_id': 'b3e9e571141548cb8c228d782510effb'}
2025-11-22 05:31:45.467 66648 INFO tempest.lib.common.rest_client [req-3691577c-60d9-4e1a-836c-e851f5586340 req-3691577c-60d9-4e1a-836c-e851f5586340 ] Request (ServerDiskConfigTestJSON:setUpClass): 201 POST http://10.180.1.21/identity/v3/auth/tokens 0.070s
2025-11-22 05:31:45.504 66648 INFO tempest.lib.common.rest_client [req-9c2ae8b1-a449-4e93-ba21-1ccaf184a8ef req-9c2ae8b1-a449-4e93-ba21-1ccaf184a8ef ] Request (ServerDiskConfigTestJSON:test_rebuild_server_with_auto_disk_config): 201 POST http://10.180.1.21/identity/v3/auth/tokens 0.032s
