2025-11-22 06:32:41.365 66789 INFO tempest.lib.common.dynamic_creds [-] Created isolated network resources for: credentials: Credentials: {'domain_id': 'default', 'domain_name': 'Default', 'username': 'tempest-AttachVolumeShelveTestJSON-2019605850-project-member', 'project_domain_id': 'default', 'project_domain_name': 'Default', 'project_id': '12fc6ab7689749ab8b90a598f1d99d86', 'project_name': 'tempest-AttachVolumeShelveTestJSON-2019605850', 'tenant_id': '12fc6ab7689749ab8b90a598f1d99d86', 'tenant_name': 'tempest-AttachVolumeShelveTestJSON-2019605850', 'user_domain_id': 'default', 'user_domain_name': 'Default', 'user_id': '43af755f93624e61bd558a1e936ba763', 'system': None}, Network: {'id': 'a2bd8bd2-fbe8-4dc6-ba49-b7b5edcc5ebd', 'name': 'tempest-AttachVolumeShelveTestJSON-216142669-network', 'tenant_id': '12fc6ab7689749ab8b90a598f1d99d86', 'project_id': '12fc6ab7689749ab8b90a598f1d99d86', 'admin_state_up': True, 'mtu': 8950, 'status': 'ACTIVE', 'subnets': [], 'shared': False, 'port_security_enabled': True, 'router:external': False, 'provider:network_type': 'vlan', 'provider:physical_network': 'default', 'provider:segmentation_id': 766, 'availability_zone_hints': [], 'availability_zones': [], 'ipv4_address_scope': None, 'ipv6_address_scope': None, 'description': '', 'tags': [], 'created_at': '2025-11-22T06:32:39Z', 'updated_at': '2025-11-22T06:32:39Z', 'revision_number': 1}, Subnet: {'id': '3b118212-753e-49b3-a33c-8db7df45d325', 'name': 'tempest-AttachVolumeShelveTestJSON-216142669-subnet', 'tenant_id': '12fc6ab7689749ab8b90a598f1d99d86', 'network_id': 'a2bd8bd2-fbe8-4dc6-ba49-b7b5edcc5ebd', 'ip_version': 4, 'subnetpool_id': None, 'enable_dhcp': True, 'ipv6_ra_mode': None, 'ipv6_address_mode': None, 'gateway_ip': '192.168.128.1', 'cidr': '192.168.128.0/28', 'allocation_pools': [{'start': '192.168.128.2', 'end': '192.168.128.14'}], 'host_routes': [], 'dns_nameservers': [], 'description': '', 'router:external': False, 'service_types': [], 'tags': [], 'created_at': '2025-11-22T06:32:39Z', 'updated_at': '2025-11-22T06:32:39Z', 'revision_number': 0, 'project_id': '12fc6ab7689749ab8b90a598f1d99d86'}, Router: {'id': '54ce6719-22dd-4829-8a46-0229ad1609ec', 'name': 'tempest-AttachVolumeShelveTestJSON-216142669-router', 'tenant_id': '12fc6ab7689749ab8b90a598f1d99d86', 'admin_state_up': True, 'status': 'ACTIVE', 'external_gateway_info': {'network_id': '96d6059f-02e8-4992-9c1d-cd2cbd21a54f', 'external_fixed_ips': [{'subnet_id': '8a4cb86b-6c9c-4d22-bc39-85dca5da1c45', 'ip_address': '10.180.180.219'}], 'enable_snat': True}, 'description': '', 'availability_zones': [], 'distributed': False, 'ha': False, 'availability_zone_hints': [], 'routes': [], 'flavor_id': None, 'tags': [], 'created_at': '2025-11-22T06:32:39Z', 'updated_at': '2025-11-22T06:32:40Z', 'revision_number': 2, 'project_id': '12fc6ab7689749ab8b90a598f1d99d86'}
2025-11-22 06:32:41.449 66803 INFO tempest.lib.common.rest_client [req-177585b7-3d1b-4823-b99e-702ce4eecd30 req-177585b7-3d1b-4823-b99e-702ce4eecd30 ] Request (FloatingIPsAssociationTestJSON:test_associate_already_associated_floating_ip): 200 GET http://10.180.1.21/compute/v2.1/servers/cb840df9-d0ed-4fcc-b7c5-153e0e038c69 4.010s
2025-11-22 06:32:41.499 66795 INFO tempest.lib.common.rest_client [req-29236132-0e6c-425e-9c82-48c91cbadc91 req-29236132-0e6c-425e-9c82-48c91cbadc91 ] Request (SecurityGroupRulesTestJSON:tearDownClass): 200 PUT http://10.180.1.21/networking/v2.0/routers/8e5484ed-e46d-49aa-9845-e67ea56db7c5/remove_router_interface 0.808s
2025-11-22 06:32:41.502 66789 INFO tempest.lib.common.rest_client [req-acc98690-fa25-4cf0-a2f4-dd2b17f0d982 req-acc98690-fa25-4cf0-a2f4-dd2b17f0d982 ] Request (AttachVolumeShelveTestJSON:setUpClass): 201 POST http://10.180.1.21/identity/v3/auth/tokens 0.130s
2025-11-22 06:32:41.510 66831 INFO tempest.lib.common.rest_client [req-cea3c6ea-f461-4f01-85dc-ff1057fdf61d req-cea3c6ea-f461-4f01-85dc-ff1057fdf61d ] Request (ServerShowV254Test:test_rebuild_server): 201 POST http://10.180.1.21/compute/v2.1/os-keypairs 3.706s
2025-11-22 06:32:41.514 66829 INFO tempest.lib.common.rest_client [req-959bffa1-5b00-446e-88c5-239fc25f6b2b req-959bffa1-5b00-446e-88c5-239fc25f6b2b ] Request (AttachInterfacesTestJSON:test_create_list_show_delete_interfaces_by_fixed_ip): 202 POST http://10.180.1.21/compute/v2.1/servers 4.953s
2025-11-22 06:32:41.713 66773 INFO tempest.lib.common.rest_client [req-744a8e73-4d0f-4736-a662-38a7d2973d93 req-744a8e73-4d0f-4736-a662-38a7d2973d93 ] Request (ServerRescueTestJSON:tearDownClass): 200 GET http://10.180.1.21/compute/v2.1/servers/38ad9f29-8dd5-42a7-aaaf-faa9687e18dc 3.093s
2025-11-22 06:32:41.721 66773 INFO tempest.common.waiters [-] State transition "ACTIVE/deleting" ==> "DELETED/None" after 4 second wait
2025-11-22 06:32:41.808 66801 INFO tempest.lib.common.rest_client [req-420d88d1-b283-44e9-a5ac-e906a3379be0 req-420d88d1-b283-44e9-a5ac-e906a3379be0 ] Request (SecurityGroupsNegativeTestJSON:test_delete_the_default_security_group): 200 GET http://10.180.1.21/compute/v2.1/os-security-groups 3.120s
2025-11-22 06:32:41.979 66819 INFO tempest.lib.common.rest_client [req-da370d0b-6786-491c-bb36-b6e8484fe4ae req-da370d0b-6786-491c-bb36-b6e8484fe4ae ] Request (ServerActionsTestJSON:setUpClass): 200 GET http://10.180.1.21/compute/v2.1/servers/fa4bcf40-50b4-401e-8b0e-d2c59ac95e46/os-interface 3.008s
2025-11-22 06:32:42.026 66811 INFO tempest.lib.common.rest_client [req-2a6b9209-9806-4f1a-87a6-475281cd7b29 req-2a6b9209-9806-4f1a-87a6-475281cd7b29 ] Request (DeleteServersTestJSON:test_delete_active_server): 200 GET http://10.180.1.21/compute/v2.1/servers/805b6183-6cc6-4071-a958-347adac9e524 3.197s
2025-11-22 06:32:42.038 66811 INFO tempest.common.waiters [-] State transition "BUILD/spawning" ==> "ACTIVE/None" after 38 second wait
2025-11-22 06:32:42.045 66795 INFO tempest.lib.common.rest_client [req-0cc54e17-6d66-48d1-bddc-57f3c8c6e4f6 req-0cc54e17-6d66-48d1-bddc-57f3c8c6e4f6 ] Request (SecurityGroupRulesTestJSON:tearDownClass): 204 DELETE http://10.180.1.21/networking/v2.0/routers/8e5484ed-e46d-49aa-9845-e67ea56db7c5 0.544s
2025-11-22 06:32:42.058 66785 INFO tempest.lib.common.rest_client [req-a2f6950d-be23-4d14-aeb2-ebde8bfef2c0 req-a2f6950d-be23-4d14-aeb2-ebde8bfef2c0 ] Request (SecurityGroupsTestJSON:test_security_group_create_get_delete): 404 GET http://10.180.1.21/compute/v2.1/os-security-groups/44825aeb-c066-4fbb-b940-d8bf1110acef 2.420s
2025-11-22 06:32:42.293 66795 INFO tempest.lib.common.rest_client [req-683653b3-2146-496c-bd0a-8014ba9d32ae req-683653b3-2146-496c-bd0a-8014ba9d32ae ] Request (SecurityGroupRulesTestJSON:tearDownClass): 204 DELETE http://10.180.1.21/networking/v2.0/subnets/fbb3ae9f-702d-4cc3-a9e9-412b38ec88a9 0.248s
2025-11-22 06:32:42.334 66807 INFO tempest.lib.common.rest_client [req-1806041a-9335-40dc-83c2-5da7dd75a526 req-1806041a-9335-40dc-83c2-5da7dd75a526 ] Request (ImagesOneServerNegativeTestJSON:setUpClass): 200 GET http://10.180.1.21/compute/v2.1/servers/e5c6ed6b-73c9-47d0-b166-ff873422b943 2.681s
2025-11-22 06:32:42.363 66779 INFO tempest.lib.common.rest_client [req-5d489ff5-7670-4ad5-8f99-da7c61073c5a req-5d489ff5-7670-4ad5-8f99-da7c61073c5a ] Request (TenantUsagesTestJSON:tearDownClass): 200 GET http://10.180.1.21/compute/v2.1/servers/2f03a33a-067b-4986-a56e-20cbe9da07bb 2.695s
2025-11-22 06:32:42.375 66791 INFO tempest.lib.common.rest_client [req-01f53039-9424-4ff5-8b12-c3011857c736 req-01f53039-9424-4ff5-8b12-c3011857c736 ] Request (ServersAdminNegativeTestJSON:test_resize_server_using_overlimit_vcpus): 200 POST http://10.180.1.21/compute/v2.1/flavors 2.601s
2025-11-22 06:32:42.509 66813 INFO tempest.lib.common.rest_client [req-b5dce00e-7a67-4d26-b3b3-881ae54f19bd req-b5dce00e-7a67-4d26-b3b3-881ae54f19bd ] Request (ServersListShow296Test:tearDownClass): 204 DELETE http://10.180.1.21/compute/v2.1/servers/cafb2df1-c2e0-4be7-986f-3ad3b72b83cb 2.490s
2025-11-22 06:32:42.532 66833 INFO tempest.lib.common.rest_client [req-84062417-bebf-433a-8c65-0ffb3ddbc3a4 req-84062417-bebf-433a-8c65-0ffb3ddbc3a4 ] Request (KeyPairsV22TestJSON:_run_cleanups): 204 DELETE http://10.180.1.21/compute/v2.1/os-keypairs/tempest-KeyPairsV22TestJSON-keypair-1817591100 2.335s
2025-11-22 06:32:42.694 66795 INFO tempest.lib.common.rest_client [req-be674380-752e-442e-ad4f-e9301afe157b req-be674380-752e-442e-ad4f-e9301afe157b ] Request (SecurityGroupRulesTestJSON:tearDownClass): 204 DELETE http://10.180.1.21/networking/v2.0/networks/f05d7594-ec39-4f44-8a1c-e9ab053fbabd 0.400s
2025-11-22 06:32:42.758 66819 INFO tempest.lib.common.rest_client [req-fe90a849-be7e-429b-abcd-329fa8ca6e9a req-fe90a849-be7e-429b-abcd-329fa8ca6e9a ] Request (ServerActionsTestJSON:setUpClass): 200 PUT http://10.180.1.21/networking/v2.0/floatingips/b9909f7e-a738-4738-8d04-f6580ec18aad 0.774s
2025-11-22 06:32:42.760 66819 INFO tempest.lib.common.ssh [-] Creating ssh connection to '10.180.180.164:22' as 'cirros' with public key authentication
2025-11-22 06:32:42.772 66799 INFO tempest.lib.common.rest_client [req-19fed26b-8f05-4fd5-9212-6317a1335e4a req-19fed26b-8f05-4fd5-9212-6317a1335e4a ] Request (ServersTestJSON:setUpClass): 200 GET http://10.180.1.21/compute/v2.1/servers/c60b11d3-18cc-4214-be5d-f74a6b07f41d/os-interface 2.915s
2025-11-22 06:32:42.795 66817 INFO tempest.lib.common.rest_client [req-d036502c-a8e9-4a15-bf67-353d6c9bcdac req-d036502c-a8e9-4a15-bf67-353d6c9bcdac ] Request (KeyPairsV2TestJSON:_run_cleanups): 202 DELETE http://10.180.1.21/compute/v2.1/os-keypairs/tempest-keypair-1678863930 2.524s
2025-11-22 06:32:42.817 66775 INFO tempest.lib.common.rest_client [req-2ddb7490-44ba-4c1a-9f35-861ea480e66f req-2ddb7490-44ba-4c1a-9f35-861ea480e66f ] Request (AggregatesAdminNegativeTestJSON:_run_cleanups): 200 DELETE http://10.180.1.21/compute/v2.1/os-aggregates/7 2.470s
2025-11-22 06:32:42.855 66795 INFO tempest.lib.common.rest_client [req-a657ff67-f751-41d1-8384-825274fbe575 req-a657ff67-f751-41d1-8384-825274fbe575 ] Request (SecurityGroupRulesTestJSON:tearDownClass): 204 DELETE http://10.180.1.21/identity/v3/users/1dcb37871e50456a8a14c5eee3f4bd40 0.161s
2025-11-22 06:32:42.856 66795 INFO tempest.lib.common.dynamic_creds [-] Deleting project and security group for project: 981f6f41bbc1437e96a1a443a61eca88
2025-11-22 06:32:42.868 66821 INFO tempest.lib.common.rest_client [req-4063e20f-9ea4-4fd1-9891-be1e666f48cd req-4063e20f-9ea4-4fd1-9891-be1e666f48cd ] Request (ServerGroupTestJSON:test_create_server_with_scheduler_hint_group): 200 GET http://10.180.1.21/compute/v2.1/servers/f5791fd9-577b-44cc-9172-f9f5626abc19 2.633s
2025-11-22 06:32:42.939 66795 INFO tempest.lib.common.rest_client [req-acf8be52-5bf9-4aa3-9239-6813b5c0fa39 req-acf8be52-5bf9-4aa3-9239-6813b5c0fa39 ] Request (SecurityGroupRulesTestJSON:tearDownClass): 200 GET http://10.180.1.21/networking/v2.0/security-groups?tenant_id=981f6f41bbc1437e96a1a443a61eca88&name=default 0.082s
2025-11-22 06:32:43.363 66799 INFO tempest.lib.common.rest_client [req-927d8a13-9518-4ed9-9bdd-db24d207feab req-927d8a13-9518-4ed9-9bdd-db24d207feab ] Request (ServersTestJSON:setUpClass): 200 PUT http://10.180.1.21/networking/v2.0/floatingips/818075f7-7bd1-4d1d-8663-e2bd9f1a2ee4 0.588s
2025-11-22 06:32:43.393 66788 INFO tempest.lib.common.rest_client [req-aa49009e-624f-488c-8598-5c66143412ee req-aa49009e-624f-488c-8598-5c66143412ee ] Request (AttachInterfacesV270Test:tearDownClass): 200 GET http://10.180.1.21/compute/v2.1/servers/041b1431-811c-4b4b-a090-9d3642c9adfd 2.710s
2025-11-22 06:32:43.402 66783 INFO tempest.lib.common.rest_client [req-deb54c9b-aa21-46fb-9119-a0c84f10d68e req-deb54c9b-aa21-46fb-9119-a0c84f10d68e ] Request (ServerRescueTestJSONUnderV235:setUpClass): 200 GET http://10.180.1.21/compute/v2.1/servers/4fb27e65-98ef-4121-b77e-b41436a331fc 2.820s
2025-11-22 06:32:43.473 66795 INFO tempest.lib.common.rest_client [req-dc66c2bb-0a8a-4877-9ce1-398be05b9bb6 req-dc66c2bb-0a8a-4877-9ce1-398be05b9bb6 ] Request (SecurityGroupRulesTestJSON:tearDownClass): 204 DELETE http://10.180.1.21/networking/v2.0/security-groups/5dc43cff-f7eb-4b9f-b543-7c2e5102f698 0.534s
2025-11-22 06:32:43.544 66777 INFO tempest.lib.common.rest_client [req-a9906fe6-be57-46c8-8d94-0a9b1e873f44 req-a9906fe6-be57-46c8-8d94-0a9b1e873f44 ] Request (ServersAdminTestJSON:test_inject_network_info): 200 GET http://10.180.1.21/compute/v2.1/servers/93c310f9-a3f4-485b-9945-11ac726d3346 2.391s
2025-11-22 06:32:43.550 66781 INFO tempest.lib.common.rest_client [req-2921c031-d649-445c-b318-48d2f680f5e8 req-2921c031-d649-445c-b318-48d2f680f5e8 ] Request (MigrationsAdminTest:test_list_migrations_in_flavor_resize_situation): 200 GET http://10.180.1.21/compute/v2.1/servers/9dc00581-ffad-40b4-81e3-8d9816f4f7a9 2.514s
2025-11-22 06:32:43.560 66781 INFO tempest.common.waiters [-] State transition "VERIFY_RESIZE/None" ==> "ACTIVE/None" after 24 second wait
2025-11-22 06:32:43.595 66827 WARNING tempest.lib.common.ssh [-] Failed to establish authenticated ssh connection to cirros@10.180.180.145 ([Errno None] Unable to connect to port 22 on 10.180.180.145). Number attempts: 1. Retry after 2 seconds.: paramiko.ssh_exception.NoValidConnectionsError: [Errno None] Unable to connect to port 22 on 10.180.180.145
2025-11-22 06:32:43.605 66795 INFO tempest.lib.common.rest_client [req-8eaf9aea-c127-449c-9d98-f6d16d2d092b req-8eaf9aea-c127-449c-9d98-f6d16d2d092b ] Request (SecurityGroupRulesTestJSON:tearDownClass): 204 DELETE http://10.180.1.21/identity/v3/projects/981f6f41bbc1437e96a1a443a61eca88 0.131s
2025-11-22 06:32:43.607 66823 INFO tempest.lib.common.rest_client [req-946b1864-3275-4244-af6f-c9f94ccd94ee req-946b1864-3275-4244-af6f-c9f94ccd94ee ] Request (ServersNegativeTestMultiTenantJSON:setUpClass): 200 GET http://10.180.1.21/compute/v2.1/servers/e4bb9442-dedd-40c5-8729-ee8b6c8a54a9 2.381s
2025-11-22 06:32:43.612 66793 INFO tempest.lib.common.rest_client [req-a494a0bf-65b1-44d6-bd77-092faff7b969 req-a494a0bf-65b1-44d6-bd77-092faff7b969 ] Request (ServersAdmin275Test:test_rebuild_update_server_275): 200 GET http://10.180.1.21/compute/v2.1/servers/5eca1810-d57a-4b03-92e1-1c933e6b2638 2.445s
2025-11-22 06:32:43.692 66795 INFO tempest.lib.common.rest_client [req-873a9d20-f943-4871-9583-5027d675e234 req-873a9d20-f943-4871-9583-5027d675e234 ] Request (ServersTestMultiNic:setUpClass): 201 POST http://10.180.1.21/identity/v3/auth/tokens 0.084s
2025-11-22 06:32:43.737 66795 INFO tempest.lib.common.rest_client [req-f8e37b0c-9ad9-4aa6-b706-207714065d47 req-f8e37b0c-9ad9-4aa6-b706-207714065d47 ] Request (ServersTestMultiNic:setUpClass): 201 POST http://10.180.1.21/identity/v3/auth/tokens 0.041s
2025-11-22 06:32:43.766 66795 INFO tempest.lib.common.rest_client [req-9d488934-dc1a-4956-8e16-b910c0065e4a req-9d488934-dc1a-4956-8e16-b910c0065e4a ] Request (ServersTestMultiNic:setUpClass): 200 GET http://10.180.1.21/identity/v3/domains?name=Default 0.029s
2025-11-22 06:32:43.786 66789 INFO tempest.lib.common.rest_client [req-f5b3c67e-e174-4872-ab93-32a9286704bb req-f5b3c67e-e174-4872-ab93-32a9286704bb ] Request (ValidationResourcesFixture:setUp): 201 POST http://10.180.1.21/compute/v2.1/os-keypairs 2.282s
2025-11-22 06:32:43.796 66795 INFO tempest.lib.common.rest_client [req-b195bc11-b4da-4a8a-bfe7-5e3911db1731 req-b195bc11-b4da-4a8a-bfe7-5e3911db1731 ] Request (ServersTestMultiNic:setUpClass): 201 POST http://10.180.1.21/identity/v3/projects 0.028s
2025-11-22 06:32:43.857 66829 INFO tempest.lib.common.rest_client [req-d12add06-b3ea-4773-becd-811310379b88 req-d12add06-b3ea-4773-becd-811310379b88 ] Request (AttachInterfacesTestJSON:test_create_list_show_delete_interfaces_by_fixed_ip): 200 GET http://10.180.1.21/compute/v2.1/servers/9379bd73-c87f-4d0c-8515-4c9084c79ec0 2.341s
2025-11-22 06:32:43.866 66795 INFO tempest.lib.common.rest_client [req-f87f50fb-3319-40cb-b947-7dfc7773850e req-f87f50fb-3319-40cb-b947-7dfc7773850e ] Request (ServersTestMultiNic:setUpClass): 201 POST http://10.180.1.21/identity/v3/users 0.069s
2025-11-22 06:32:43.889 66831 INFO tempest.lib.common.rest_client [req-e0bdac7d-8f2a-4877-856e-4f4d712cfb91 req-e0bdac7d-8f2a-4877-856e-4f4d712cfb91 ] Request (ServerShowV254Test:test_rebuild_server): 202 POST http://10.180.1.21/compute/v2.1/servers/d112987d-8568-47b8-a9cc-a6172e8ce788/action 2.377s
2025-11-22 06:32:43.907 66795 INFO tempest.lib.common.rest_client [req-2ad51b23-47cb-42f6-9dde-e34b5d3b0107 req-2ad51b23-47cb-42f6-9dde-e34b5d3b0107 ] Request (ServersTestMultiNic:setUpClass): 200 GET http://10.180.1.21/identity/v3/roles 0.040s
2025-11-22 06:32:43.962 66795 INFO tempest.lib.common.rest_client [req-b01deed1-6119-4c1b-9269-760153ef78ac req-b01deed1-6119-4c1b-9269-760153ef78ac ] Request (ServersTestMultiNic:setUpClass): 204 PUT http://10.180.1.21/identity/v3/projects/304e51aaad284517b211a8e2108eff40/users/611375d80a5b4e82b7630e3d81260246/roles/acac36c4d9934d82bc56fe8a46c8cfe0 0.054s
2025-11-22 06:32:43.962 66795 INFO tempest.lib.common.dynamic_creds [-] Dynamic test user 611375d80a5b4e82b7630e3d81260246 is created with scope project and roles: ['member']
2025-11-22 06:32:43.962 66795 INFO tempest.lib.common.dynamic_creds [-] Acquired dynamic creds: credentials: Credentials: {'domain_id': 'default', 'domain_name': 'Default', 'username': 'tempest-ServersTestMultiNic-2138638854-project-member', 'project_domain_id': 'default', 'project_domain_name': 'Default', 'project_id': '304e51aaad284517b211a8e2108eff40', 'project_name': 'tempest-ServersTestMultiNic-2138638854', 'tenant_id': '304e51aaad284517b211a8e2108eff40', 'tenant_name': 'tempest-ServersTestMultiNic-2138638854', 'user_domain_id': 'default', 'user_domain_name': 'Default', 'user_id': '611375d80a5b4e82b7630e3d81260246', 'system': None}, Network: None, Subnet: None, Router: None
2025-11-22 06:32:43.963 66789 INFO tempest.lib.common.rest_client [req-c4ed4eba-cf11-4391-a20d-c6f61f46b802 req-c4ed4eba-cf11-4391-a20d-c6f61f46b802 ] Request (ValidationResourcesFixture:setUp): 201 POST http://10.180.1.21/networking/v2.0/security-groups 0.175s
2025-11-22 06:32:43.965 66771 WARNING tempest.lib.common.ssh [-] Failed to establish authenticated ssh connection to cirros@10.180.180.131 ([Errno None] Unable to connect to port 22 on 10.180.180.131). Number attempts: 7. Retry after 8 seconds.: paramiko.ssh_exception.NoValidConnectionsError: [Errno None] Unable to connect to port 22 on 10.180.180.131
2025-11-22 06:32:43.982 66801 INFO tempest.lib.common.rest_client [req-0b52d4ae-1cab-4e2e-b67e-81aeaf35a39a req-0b52d4ae-1cab-4e2e-b67e-81aeaf35a39a ] Request (SecurityGroupsNegativeTestJSON:test_delete_the_default_security_group): 400 DELETE http://10.180.1.21/compute/v2.1/os-security-groups/c86ba3d0-a56d-40f7-a10b-bfa8c6ba89bb 2.169s
2025-11-22 06:32:44.043 66811 INFO tempest.lib.common.rest_client [req-3e8afc03-933a-4efb-a2bc-0d4b50e5ddae req-3e8afc03-933a-4efb-a2bc-0d4b50e5ddae ] Request (DeleteServersTestJSON:test_delete_active_server): 204 DELETE http://10.180.1.21/compute/v2.1/servers/805b6183-6cc6-4071-a958-347adac9e524 2.005s
2025-11-22 06:32:44.054 66795 INFO tempest.lib.common.rest_client [req-62ae7c1d-b8b5-4157-954f-d6967b78976a req-62ae7c1d-b8b5-4157-954f-d6967b78976a ] Request (ServersTestMultiNic:setUpClass): 201 POST http://10.180.1.21/identity/v3/auth/tokens 0.092s
2025-11-22 06:32:44.059 66789 INFO tempest.lib.common.rest_client [req-d5cf4ed2-6ea8-4fee-a283-c74cff4ea595 req-d5cf4ed2-6ea8-4fee-a283-c74cff4ea595 ] Request (ValidationResourcesFixture:setUp): 201 POST http://10.180.1.21/networking/v2.0/security-group-rules 0.095s
2025-11-22 06:32:44.119 66785 INFO tempest.lib.common.rest_client [req-d6558b1a-b7a3-4e47-8539-d1473f735479 req-d6558b1a-b7a3-4e47-8539-d1473f735479 ] Request (SecurityGroupsTestJSON:test_security_groups_create_list_delete): 200 POST http://10.180.1.21/compute/v2.1/os-security-groups 2.060s
2025-11-22 06:32:44.224 66791 INFO tempest.lib.common.rest_client [req-7d454ab4-bdf0-4310-b963-ba6845690f25 req-7d454ab4-bdf0-4310-b963-ba6845690f25 ] Request (ServersAdminNegativeTestJSON:test_resize_server_using_overlimit_vcpus): 403 POST http://10.180.1.21/compute/v2.1/servers/1f934a81-b08e-439a-bff5-e64d17ca3608/action 1.845s
2025-11-22 06:32:44.271 66789 INFO tempest.lib.common.rest_client [req-d50161b1-621f-45bd-82e6-683e55d80657 req-d50161b1-621f-45bd-82e6-683e55d80657 ] Request (ValidationResourcesFixture:setUp): 201 POST http://10.180.1.21/networking/v2.0/security-group-rules 0.212s
2025-11-22 06:32:44.372 66803 INFO tempest.lib.common.rest_client [req-597b2fdb-02b9-4470-8438-bc4d27e4ee21 req-597b2fdb-02b9-4470-8438-bc4d27e4ee21 ] Request (FloatingIPsAssociationTestJSON:test_associate_already_associated_floating_ip): 200 GET http://10.180.1.21/compute/v2.1/servers/cb840df9-d0ed-4fcc-b7c5-153e0e038c69 1.911s
2025-11-22 06:32:44.392 66833 INFO tempest.lib.common.rest_client [req-3dcca5e8-8a8f-4f17-9436-8e8571b3fc90 req-3dcca5e8-8a8f-4f17-9436-8e8571b3fc90 ] Request (KeyPairsV22TestJSON:_run_cleanups): 204 DELETE http://10.180.1.21/compute/v2.1/os-keypairs/tempest-KeyPairsV22TestJSON-keypair-296985040 1.859s
2025-11-22 06:32:44.448 66795 INFO tempest.lib.common.rest_client [req-d14643db-5bcf-47e0-8cdd-e54ea73ce722 req-d14643db-5bcf-47e0-8cdd-e54ea73ce722 ] Request (ServersTestMultiNic:setUpClass): 201 POST http://10.180.1.21/networking/v2.0/networks 0.392s
2025-11-22 06:32:44.481 66813 INFO tempest.lib.common.rest_client [req-e9045ab5-3b90-4d1f-873a-d1ce9fd61bbf req-e9045ab5-3b90-4d1f-873a-d1ce9fd61bbf ] Request (ServersListShow296Test:tearDownClass): 200 GET http://10.180.1.21/compute/v2.1/servers/cafb2df1-c2e0-4be7-986f-3ad3b72b83cb 1.970s
2025-11-22 06:32:44.526 66817 INFO tempest.lib.common.rest_client [req-a29abe5f-7473-4f3e-ae6b-8f1f7f0c0c08 req-a29abe5f-7473-4f3e-ae6b-8f1f7f0c0c08 ] Request (KeyPairsV2TestJSON:test_keypair_create_with_pub_key): 200 POST http://10.180.1.21/compute/v2.1/os-keypairs 1.729s
2025-11-22 06:32:44.548 66775 INFO tempest.lib.common.rest_client [req-44655ea6-ef0f-408d-b6aa-4c5a9662ba4f req-44655ea6-ef0f-408d-b6aa-4c5a9662ba4f ] Request (AggregatesAdminNegativeTestJSON:test_aggregate_remove_nonexistent_host): 200 POST http://10.180.1.21/compute/v2.1/os-aggregates 1.727s
2025-11-22 06:32:44.571 66810 INFO tempest.lib.common.rest_client [req-a51ae26e-44f2-476f-b6e7-5a255834c29a req-a51ae26e-44f2-476f-b6e7-5a255834c29a ] Request (HostsAdminTestJSON:test_list_hosts_with_zone): 200 GET http://10.180.1.21/compute/v2.1/os-hosts 1.749s
2025-11-22 06:32:44.792 66789 INFO tempest.lib.common.rest_client [req-9ebe187b-ccce-45c1-9c8e-fbab682cae6c req-9ebe187b-ccce-45c1-9c8e-fbab682cae6c ] Request (ValidationResourcesFixture:setUp): 201 POST http://10.180.1.21/networking/v2.0/floatingips 0.519s
2025-11-22 06:32:44.851 66773 INFO tempest.lib.common.rest_client [req-844dbc75-1a88-43f9-9248-a035b48bc155 req-844dbc75-1a88-43f9-9248-a035b48bc155 ] Request (ServerRescueTestJSON:tearDownClass): 200 GET http://10.180.1.21/compute/v2.1/servers/38ad9f29-8dd5-42a7-aaaf-faa9687e18dc 2.129s
2025-11-22 06:32:44.891 66789 INFO tempest.lib.common.rest_client [req-24a3588d-3583-419b-a6ec-993d22d21fbb req-24a3588d-3583-419b-a6ec-993d22d21fbb ] Request (AttachVolumeShelveTestJSON:test_attach_volume_shelved_or_offload_server): 201 POST http://10.180.1.21/identity/v3/auth/tokens 0.092s
2025-11-22 06:32:44.891 66789 INFO tempest.lib.common.fixed_network [-] (AttachVolumeShelveTestJSON:test_attach_volume_shelved_or_offload_server) Found network {'id': 'a2bd8bd2-fbe8-4dc6-ba49-b7b5edcc5ebd', 'name': 'tempest-AttachVolumeShelveTestJSON-216142669-network', 'tenant_id': '12fc6ab7689749ab8b90a598f1d99d86', 'project_id': '12fc6ab7689749ab8b90a598f1d99d86', 'admin_state_up': True, 'mtu': 8950, 'status': 'ACTIVE', 'subnets': [], 'shared': False, 'port_security_enabled': True, 'router:external': False, 'provider:network_type': 'vlan', 'provider:physical_network': 'default', 'provider:segmentation_id': 766, 'availability_zone_hints': [], 'availability_zones': [], 'ipv4_address_scope': None, 'ipv6_address_scope': None, 'description': '', 'tags': [], 'created_at': '2025-11-22T06:32:39Z', 'updated_at': '2025-11-22T06:32:39Z', 'revision_number': 1} available for tenant
2025-11-22 06:32:44.910 66807 INFO tempest.lib.common.rest_client [req-253d802a-6a7b-48e9-884d-eeba3675eee8 req-253d802a-6a7b-48e9-884d-eeba3675eee8 ] Request (ImagesOneServerNegativeTestJSON:setUpClass): 200 GET http://10.180.1.21/compute/v2.1/servers/e5c6ed6b-73c9-47d0-b166-ff873422b943 1.562s
2025-11-22 06:32:45.053 66795 INFO tempest.lib.common.rest_client [req-3f65f8d3-c797-419b-9a6f-91cd73b27342 req-3f65f8d3-c797-419b-9a6f-91cd73b27342 ] Request (ServersTestMultiNic:setUpClass): 201 POST http://10.180.1.21/networking/v2.0/subnets 0.604s
2025-11-22 06:32:45.182 66815 WARNING tempest.lib.common.ssh [-] Failed to establish authenticated ssh connection to cirros@10.180.180.172 ([Errno None] Unable to connect to port 22 on 10.180.180.172). Number attempts: 7. Retry after 8 seconds.: paramiko.ssh_exception.NoValidConnectionsError: [Errno None] Unable to connect to port 22 on 10.180.180.172
2025-11-22 06:32:45.205 66779 INFO tempest.lib.common.rest_client [req-ae51eab4-ab86-435e-aa3e-a5b682b2a06d req-ae51eab4-ab86-435e-aa3e-a5b682b2a06d ] Request (TenantUsagesTestJSON:tearDownClass): 200 GET http://10.180.1.21/compute/v2.1/servers/2f03a33a-067b-4986-a56e-20cbe9da07bb 1.832s
2025-11-22 06:32:45.926 66795 INFO tempest.lib.common.rest_client [req-5071a218-d293-4dfd-9ee6-c7ab70094f29 req-5071a218-d293-4dfd-9ee6-c7ab70094f29 ] Request (ServersTestMultiNic:setUpClass): 201 POST http://10.180.1.21/networking/v2.0/routers 0.873s
2025-11-22 06:32:45.989 66799 INFO tempest.lib.common.rest_client [req-feff8fd3-c04b-4199-b876-355fc5dfb0ae req-feff8fd3-c04b-4199-b876-355fc5dfb0ae ] Request (ServersTestJSON:setUpClass): 200 GET http://10.180.1.21/compute/v2.1/servers/c60b11d3-18cc-4214-be5d-f74a6b07f41d 2.625s
2025-11-22 06:32:45.999 66799 INFO tempest.lib.common.ssh [-] Creating ssh connection to '10.180.180.166:22' as 'cirros' with public key authentication
2025-11-22 06:32:46.652 66827 WARNING tempest.lib.common.ssh [-] Failed to establish authenticated ssh connection to cirros@10.180.180.145 ([Errno None] Unable to connect to port 22 on 10.180.180.145). Number attempts: 2. Retry after 3 seconds.: paramiko.ssh_exception.NoValidConnectionsError: [Errno None] Unable to connect to port 22 on 10.180.180.145
2025-11-22 06:32:46.705 66781 INFO tempest.lib.common.rest_client [req-2e3b9d6f-03d3-4598-8bad-ae25bd732ae4 req-2e3b9d6f-03d3-4598-8bad-ae25bd732ae4 ] Request (MigrationsAdminTest:test_list_migrations_in_flavor_resize_situation): 200 GET http://10.180.1.21/compute/v2.1/servers/9dc00581-ffad-40b4-81e3-8d9816f4f7a9 3.144s
2025-11-22 06:32:46.845 66819 WARNING tempest.lib.common.ssh [-] Failed to establish authenticated ssh connection to cirros@10.180.180.164 ([Errno None] Unable to connect to port 22 on 10.180.180.164). Number attempts: 1. Retry after 2 seconds.: paramiko.ssh_exception.NoValidConnectionsError: [Errno None] Unable to connect to port 22 on 10.180.180.164
2025-11-22 06:32:46.848 66821 INFO tempest.lib.common.rest_client [req-e4b3894f-465a-4660-9572-f2a43ecae7dc req-e4b3894f-465a-4660-9572-f2a43ecae7dc ] Request (ServerGroupTestJSON:test_create_server_with_scheduler_hint_group): 200 GET http://10.180.1.21/compute/v2.1/servers/f5791fd9-577b-44cc-9172-f9f5626abc19 2.971s
2025-11-22 06:32:46.860 66821 INFO tempest.common.waiters [-] State transition "BUILD/spawning" ==> "ACTIVE/None" after 28 second wait
2025-11-22 06:32:46.862 66831 INFO tempest.lib.common.rest_client [req-dacc1cc1-2032-4720-bd1b-7d9aba8689b2 req-dacc1cc1-2032-4720-bd1b-7d9aba8689b2 ] Request (ServerShowV254Test:test_rebuild_server): 200 GET http://10.180.1.21/compute/v2.1/servers/d112987d-8568-47b8-a9cc-a6172e8ce788 2.966s
2025-11-22 06:32:46.912 66795 INFO tempest.lib.common.rest_client [req-68e5da51-eeba-48f1-89e5-bce5248d4d21 req-68e5da51-eeba-48f1-89e5-bce5248d4d21 ] Request (ServersTestMultiNic:setUpClass): 200 PUT http://10.180.1.21/networking/v2.0/routers/0b348322-c014-4ccd-b225-21b8bfccabf5/add_router_interface 0.985s
2025-11-22 06:32:46.913 66795 INFO tempest.lib.common.dynamic_creds [-] Created isolated network resources for: credentials: Credentials: {'domain_id': 'default', 'domain_name': 'Default', 'username': 'tempest-ServersTestMultiNic-2138638854-project-member', 'project_domain_id': 'default', 'project_domain_name': 'Default', 'project_id': '304e51aaad284517b211a8e2108eff40', 'project_name': 'tempest-ServersTestMultiNic-2138638854', 'tenant_id': '304e51aaad284517b211a8e2108eff40', 'tenant_name': 'tempest-ServersTestMultiNic-2138638854', 'user_domain_id': 'default', 'user_domain_name': 'Default', 'user_id': '611375d80a5b4e82b7630e3d81260246', 'system': None}, Network: {'id': '6ebe75a3-83c3-4a2f-b1c6-eb987ed9dcdb', 'name': 'tempest-ServersTestMultiNic-538866230-network', 'tenant_id': '304e51aaad284517b211a8e2108eff40', 'project_id': '304e51aaad284517b211a8e2108eff40', 'admin_state_up': True, 'mtu': 8950, 'status': 'ACTIVE', 'subnets': [], 'shared': False, 'port_security_enabled': True, 'router:external': False, 'provider:network_type': 'vlan', 'provider:physical_network': 'default', 'provider:segmentation_id': 900, 'availability_zone_hints': [], 'availability_zones': [], 'ipv4_address_scope': None, 'ipv6_address_scope': None, 'description': '', 'tags': [], 'created_at': '2025-11-22T06:32:44Z', 'updated_at': '2025-11-22T06:32:44Z', 'revision_number': 1}, Subnet: {'id': '9fd3d9fe-fdb5-4e16-9e87-887dfd82935d', 'name': 'tempest-ServersTestMultiNic-538866230-subnet', 'tenant_id': '304e51aaad284517b211a8e2108eff40', 'network_id': '6ebe75a3-83c3-4a2f-b1c6-eb987ed9dcdb', 'ip_version': 4, 'subnetpool_id': None, 'enable_dhcp': True, 'ipv6_ra_mode': None, 'ipv6_address_mode': None, 'gateway_ip': '192.168.128.1', 'cidr': '192.168.128.0/28', 'allocation_pools': [{'start': '192.168.128.2', 'end': '192.168.128.14'}], 'host_routes': [], 'dns_nameservers': [], 'description': '', 'router:external': False, 'service_types': [], 'tags': [], 'created_at': '2025-11-22T06:32:44Z', 'updated_at': '2025-11-22T06:32:44Z', 'revision_number': 0, 'project_id': '304e51aaad284517b211a8e2108eff40'}, Router: {'id': '0b348322-c014-4ccd-b225-21b8bfccabf5', 'name': 'tempest-ServersTestMultiNic-538866230-router', 'tenant_id': '304e51aaad284517b211a8e2108eff40', 'admin_state_up': True, 'status': 'ACTIVE', 'external_gateway_info': {'network_id': '96d6059f-02e8-4992-9c1d-cd2cbd21a54f', 'external_fixed_ips': [{'subnet_id': '8a4cb86b-6c9c-4d22-bc39-85dca5da1c45', 'ip_address': '10.180.180.148'}], 'enable_snat': True}, 'description': '', 'availability_zones': [], 'distributed': False, 'ha': False, 'availability_zone_hints': [], 'routes': [], 'flavor_id': None, 'tags': [], 'created_at': '2025-11-22T06:32:45Z', 'updated_at': '2025-11-22T06:32:45Z', 'revision_number': 2, 'project_id': '304e51aaad284517b211a8e2108eff40'}
2025-11-22 06:32:46.998 66795 INFO tempest.lib.common.rest_client [req-80fffe86-ca52-4f95-bc07-0e7800ebc209 req-80fffe86-ca52-4f95-bc07-0e7800ebc209 ] Request (ServersTestMultiNic:setUpClass): 201 POST http://10.180.1.21/identity/v3/auth/tokens 0.082s
2025-11-22 06:32:47.026 66801 INFO tempest.lib.common.rest_client [req-92524221-893f-4998-8703-255c1ce43194 req-92524221-893f-4998-8703-255c1ce43194 ] Request (SecurityGroupsNegativeTestJSON:test_security_group_get_nonexistent_group): 404 GET http://10.180.1.21/compute/v2.1/os-security-groups/b71309ce-4cc7-4f3f-8b6a-e18a6d4a8869 3.037s
2025-11-22 06:32:47.049 66811 INFO tempest.lib.common.rest_client [req-c0640f63-1969-49e4-a305-e4a561ce05f0 req-c0640f63-1969-49e4-a305-e4a561ce05f0 ] Request (DeleteServersTestJSON:test_delete_active_server): 200 GET http://10.180.1.21/compute/v2.1/servers/805b6183-6cc6-4071-a958-347adac9e524 3.005s
2025-11-22 06:32:47.068 66791 INFO tempest.lib.common.rest_client [req-a56ac52c-5fbc-4ea7-b1c1-e8ed7f8aa547 req-a56ac52c-5fbc-4ea7-b1c1-e8ed7f8aa547 ] Request (ServersAdminNegativeTestJSON:_run_cleanups): 202 DELETE http://10.180.1.21/compute/v2.1/flavors/810042107 2.843s
2025-11-22 06:32:47.131 66833 INFO tempest.lib.common.rest_client [req-2448714c-8a4d-4b9c-aff3-9ae956966acc req-2448714c-8a4d-4b9c-aff3-9ae956966acc ] Request (KeyPairsV22TestJSON:test_keypairsv22_create_list_show): 201 POST http://10.180.1.21/compute/v2.1/os-keypairs 2.737s
2025-11-22 06:32:47.250 66795 INFO tempest.lib.common.rest_client [req-c60c95bc-5683-4bca-a82a-046afac8a416 req-c60c95bc-5683-4bca-a82a-046afac8a416 ] Request (ServersTestMultiNic:test_verify_duplicate_network_nics): 201 POST http://10.180.1.21/networking/v2.0/networks 0.250s
2025-11-22 06:32:47.365 66785 INFO tempest.lib.common.rest_client [req-9a191fba-b47a-4f30-9efd-acb9f9bd6909 req-9a191fba-b47a-4f30-9efd-acb9f9bd6909 ] Request (SecurityGroupsTestJSON:test_security_groups_create_list_delete): 200 POST http://10.180.1.21/compute/v2.1/os-security-groups 3.241s
2025-11-22 06:32:47.390 66788 INFO tempest.lib.common.rest_client [req-c667ddef-27ae-452d-975c-24144c7921eb req-c667ddef-27ae-452d-975c-24144c7921eb ] Request (AttachInterfacesV270Test:tearDownClass): 200 GET http://10.180.1.21/compute/v2.1/servers/041b1431-811c-4b4b-a090-9d3642c9adfd 2.986s
2025-11-22 06:32:47.408 66817 INFO tempest.lib.common.rest_client [req-cff69644-d304-4c98-a43d-d26dad683e8f req-cff69644-d304-4c98-a43d-d26dad683e8f ] Request (KeyPairsV2TestJSON:_run_cleanups): 202 DELETE http://10.180.1.21/compute/v2.1/os-keypairs/tempest-keypair-2001104174 2.880s
2025-11-22 06:32:47.430 66775 INFO tempest.lib.common.rest_client [req-28cc0b7d-ec64-4515-9bc3-96b4733802c8 req-28cc0b7d-ec64-4515-9bc3-96b4733802c8 ] Request (AggregatesAdminNegativeTestJSON:test_aggregate_remove_nonexistent_host): 404 POST http://10.180.1.21/compute/v2.1/os-aggregates/8/action 2.879s
2025-11-22 06:32:47.631 66795 INFO tempest.lib.common.rest_client [req-bc234b4f-3e8a-4c16-8796-1cc4ab5629e7 req-bc234b4f-3e8a-4c16-8796-1cc4ab5629e7 ] Request (ServersTestMultiNic:test_verify_duplicate_network_nics): 201 POST http://10.180.1.21/networking/v2.0/subnets 0.380s
2025-11-22 06:32:47.704 66783 INFO tempest.lib.common.rest_client [req-ec512266-3628-40c1-b0f0-7432f58dd0d7 req-ec512266-3628-40c1-b0f0-7432f58dd0d7 ] Request (ServerRescueTestJSONUnderV235:setUpClass): 200 GET http://10.180.1.21/compute/v2.1/servers/4fb27e65-98ef-4121-b77e-b41436a331fc 3.291s
2025-11-22 06:32:47.713 66783 INFO tempest.common.waiters [-] State transition "BUILD/spawning" ==> "ACTIVE/None" after 28 second wait
2025-11-22 06:32:47.732 66810 INFO tempest.lib.common.rest_client [req-eb081110-7aeb-429e-98fc-d56a6ef62461 req-eb081110-7aeb-429e-98fc-d56a6ef62461 ] Request (HostsAdminTestJSON:test_list_hosts_with_zone): 200 GET http://10.180.1.21/compute/v2.1/os-hosts?zone=internal 3.159s
2025-11-22 06:32:47.865 66795 INFO tempest.lib.common.rest_client [req-113ac695-8bf3-4d41-8060-0792bc484495 req-113ac695-8bf3-4d41-8060-0792bc484495 ] Request (ServersTestMultiNic:test_verify_duplicate_network_nics): 201 POST http://10.180.1.21/networking/v2.0/networks 0.234s
2025-11-22 06:32:47.899 66777 INFO tempest.lib.common.rest_client [req-88db4cd1-2865-4a74-a834-294c19730948 req-88db4cd1-2865-4a74-a834-294c19730948 ] Request (ServersAdminTestJSON:test_inject_network_info): 200 GET http://10.180.1.21/compute/v2.1/servers/93c310f9-a3f4-485b-9945-11ac726d3346 3.344s
2025-11-22 06:32:48.165 66795 INFO tempest.lib.common.rest_client [req-a121c189-6486-4eab-9ee2-5d0ac5805949 req-a121c189-6486-4eab-9ee2-5d0ac5805949 ] Request (ServersTestMultiNic:test_verify_duplicate_network_nics): 201 POST http://10.180.1.21/networking/v2.0/subnets 0.299s
2025-11-22 06:32:48.213 66795 INFO tempest.lib.common.rest_client [req-a7372987-ab59-450a-8473-ff629df58d8a req-a7372987-ab59-450a-8473-ff629df58d8a ] Request (ServersTestMultiNic:test_verify_duplicate_network_nics): 201 POST http://10.180.1.21/identity/v3/auth/tokens 0.045s
2025-11-22 06:32:48.214 66795 INFO tempest.lib.common.fixed_network [-] (ServersTestMultiNic:test_verify_duplicate_network_nics) Found network {'id': '6ebe75a3-83c3-4a2f-b1c6-eb987ed9dcdb', 'name': 'tempest-ServersTestMultiNic-538866230-network', 'tenant_id': '304e51aaad284517b211a8e2108eff40', 'project_id': '304e51aaad284517b211a8e2108eff40', 'admin_state_up': True, 'mtu': 8950, 'status': 'ACTIVE', 'subnets': [], 'shared': False, 'port_security_enabled': True, 'router:external': False, 'provider:network_type': 'vlan', 'provider:physical_network': 'default', 'provider:segmentation_id': 900, 'availability_zone_hints': [], 'availability_zones': [], 'ipv4_address_scope': None, 'ipv6_address_scope': None, 'description': '', 'tags': [], 'created_at': '2025-11-22T06:32:44Z', 'updated_at': '2025-11-22T06:32:44Z', 'revision_number': 1} available for tenant
2025-11-22 06:32:48.220 66793 INFO tempest.lib.common.rest_client [req-e8e4e3ad-84c6-4ae1-bd89-0496c1474ae2 req-e8e4e3ad-84c6-4ae1-bd89-0496c1474ae2 ] Request (ServersAdmin275Test:test_rebuild_update_server_275): 200 GET http://10.180.1.21/compute/v2.1/servers/5eca1810-d57a-4b03-92e1-1c933e6b2638 3.591s
2025-11-22 06:32:48.255 66823 INFO tempest.lib.common.rest_client [req-7260b50d-7dad-420d-b123-dc3184c7d7e8 req-7260b50d-7dad-420d-b123-dc3184c7d7e8 ] Request (ServersNegativeTestMultiTenantJSON:setUpClass): 200 GET http://10.180.1.21/compute/v2.1/servers/e4bb9442-dedd-40c5-8729-ee8b6c8a54a9 3.638s
2025-11-22 06:32:48.264 66823 INFO tempest.common.waiters [-] State transition "BUILD/None" ==> "BUILD/spawning" after 29 second wait
2025-11-22 06:32:48.344 66829 INFO tempest.lib.common.rest_client [req-fa882240-9192-47d1-94e5-fae12dd46044 req-fa882240-9192-47d1-94e5-fae12dd46044 ] Request (AttachInterfacesTestJSON:test_create_list_show_delete_interfaces_by_fixed_ip): 200 GET http://10.180.1.21/compute/v2.1/servers/9379bd73-c87f-4d0c-8515-4c9084c79ec0 3.471s
2025-11-22 06:32:48.485 66803 INFO tempest.lib.common.rest_client [req-431b3803-447e-4e01-998e-75482b6306d9 req-431b3803-447e-4e01-998e-75482b6306d9 ] Request (FloatingIPsAssociationTestJSON:test_associate_already_associated_floating_ip): 200 GET http://10.180.1.21/compute/v2.1/servers/cb840df9-d0ed-4fcc-b7c5-153e0e038c69 3.106s
2025-11-22 06:32:48.657 66813 INFO tempest.lib.common.rest_client [req-5a4f6292-e45f-45a5-95ae-ea251ea8c656 req-5a4f6292-e45f-45a5-95ae-ea251ea8c656 ] Request (ServersListShow296Test:tearDownClass): 200 GET http://10.180.1.21/compute/v2.1/servers/cafb2df1-c2e0-4be7-986f-3ad3b72b83cb 3.162s
2025-11-22 06:32:48.672 66813 INFO tempest.common.waiters [-] State transition "ACTIVE/deleting" ==> "DELETED/None" after 4 second wait
2025-11-22 06:32:48.680 66797 WARNING tempest.lib.common.ssh [-] Failed to establish authenticated ssh connection to cirros@10.180.180.245 ([Errno None] Unable to connect to port 22 on 10.180.180.245). Number attempts: 9. Retry after 10 seconds.: paramiko.ssh_exception.NoValidConnectionsError: [Errno None] Unable to connect to port 22 on 10.180.180.245
2025-11-22 06:32:48.800 66773 INFO tempest.lib.common.rest_client [req-80571fac-1a28-4533-a220-be411603c0a2 req-80571fac-1a28-4533-a220-be411603c0a2 ] Request (ServerRescueTestJSON:tearDownClass): 200 GET http://10.180.1.21/compute/v2.1/servers/38ad9f29-8dd5-42a7-aaaf-faa9687e18dc 2.936s
2025-11-22 06:32:48.959 66789 INFO tempest.lib.common.rest_client [req-cef53a34-2c82-4b1e-bf89-75aa37380308 req-cef53a34-2c82-4b1e-bf89-75aa37380308 ] Request (AttachVolumeShelveTestJSON:test_attach_volume_shelved_or_offload_server): 202 POST http://10.180.1.21/compute/v2.1/servers 4.067s
2025-11-22 06:32:48.996 66807 INFO tempest.lib.common.rest_client [req-9d985be5-cd62-4281-893b-5e68d2746c1a req-9d985be5-cd62-4281-893b-5e68d2746c1a ] Request (ImagesOneServerNegativeTestJSON:setUpClass): 200 GET http://10.180.1.21/compute/v2.1/servers/e5c6ed6b-73c9-47d0-b166-ff873422b943 3.077s
2025-11-22 06:32:49.009 66807 INFO tempest.common.waiters [-] State transition "BUILD/None" ==> "BUILD/spawning" after 29 second wait
2025-11-22 06:32:49.039 66781 INFO tempest.lib.common.rest_client [req-1cf19bb0-bf74-4c6e-b65a-44f71ad99669 req-1cf19bb0-bf74-4c6e-b65a-44f71ad99669 ] Request (MigrationsAdminTest:test_list_migrations_in_flavor_resize_situation): 200 POST http://10.180.1.21/compute/v2.1/os-keypairs 2.327s
2025-11-22 06:32:49.072 66779 INFO tempest.lib.common.rest_client [req-0f78cf0a-2d9c-4605-b1c3-b401987a30be req-0f78cf0a-2d9c-4605-b1c3-b401987a30be ] Request (TenantUsagesTestJSON:tearDownClass): 200 GET http://10.180.1.21/compute/v2.1/servers/2f03a33a-067b-4986-a56e-20cbe9da07bb 2.858s
2025-11-22 06:32:49.076 66821 INFO tempest.lib.common.rest_client [req-3a8b53b8-d6a7-44d5-96a3-a0c5014fbb9d req-3a8b53b8-d6a7-44d5-96a3-a0c5014fbb9d ] Request (ServerGroupTestJSON:test_create_server_with_scheduler_hint_group): 200 GET http://10.180.1.21/compute/v2.1/os-server-groups/422bb1db-6767-452d-b658-5a5f0fd0d690 2.215s
2025-11-22 06:32:49.086 66799 WARNING tempest.lib.common.ssh [-] Failed to establish authenticated ssh connection to cirros@10.180.180.166 ([Errno None] Unable to connect to port 22 on 10.180.180.166). Number attempts: 1. Retry after 2 seconds.: paramiko.ssh_exception.NoValidConnectionsError: [Errno None] Unable to connect to port 22 on 10.180.180.166
2025-11-22 06:32:49.107 66801 INFO tempest.lib.common.rest_client [req-05a535b2-7cfe-49bd-b6a5-7ddafa1ccfba req-05a535b2-7cfe-49bd-b6a5-7ddafa1ccfba ] Request (SecurityGroupsNegativeTestJSON:test_update_non_existent_security_group): 404 PUT http://10.180.1.21/compute/v2.1/os-security-groups/50371bd4-618b-4189-897b-9f262e637c85 2.079s
2025-11-22 06:32:49.116 66791 INFO tempest.lib.common.rest_client [req-1bc1cb31-569a-437b-b79a-b702ebb958b7 req-1bc1cb31-569a-437b-b79a-b702ebb958b7 ] Request (ServersAdminNegativeTestJSON:_run_cleanups): 200 GET http://10.180.1.21/compute/v2.1/flavors/detail 2.047s
2025-11-22 06:32:49.123 66833 INFO tempest.lib.common.rest_client [req-55c3aa9b-92a7-49b4-92fd-aacccd423de8 req-55c3aa9b-92a7-49b4-92fd-aacccd423de8 ] Request (KeyPairsV22TestJSON:test_keypairsv22_create_list_show): 200 GET http://10.180.1.21/compute/v2.1/os-keypairs/tempest-keypair-640849997 1.990s
2025-11-22 06:32:49.166 66817 INFO tempest.lib.common.rest_client [req-6d69c82f-ed38-4a76-982d-10171138906a req-6d69c82f-ed38-4a76-982d-10171138906a ] Request (KeyPairsV2TestJSON:test_keypairs_create_list_delete): 200 POST http://10.180.1.21/compute/v2.1/os-keypairs 1.756s
2025-11-22 06:32:49.193 66775 INFO tempest.lib.common.rest_client [req-6fc4d130-ef06-4bc9-b0ed-24a48c00747d req-6fc4d130-ef06-4bc9-b0ed-24a48c00747d ] Request (AggregatesAdminNegativeTestJSON:_run_cleanups): 200 DELETE http://10.180.1.21/compute/v2.1/os-aggregates/8 1.763s
2025-11-22 06:32:49.216 66781 INFO tempest.lib.common.rest_client [req-80eca5ff-8b8f-4e5e-9ad3-ffaf97c63377 req-80eca5ff-8b8f-4e5e-9ad3-ffaf97c63377 ] Request (MigrationsAdminTest:test_list_migrations_in_flavor_resize_situation): 201 POST http://10.180.1.21/networking/v2.0/security-groups 0.175s
2025-11-22 06:32:49.308 66783 INFO tempest.lib.common.rest_client [req-ebf8ff14-e715-486c-b959-6a3a559267d6 req-ebf8ff14-e715-486c-b959-6a3a559267d6 ] Request (ServerRescueTestJSONUnderV235:setUpClass): 200 POST http://10.180.1.21/compute/v2.1/servers/4fb27e65-98ef-4121-b77e-b41436a331fc/action 1.595s
2025-11-22 06:32:49.323 66775 INFO tempest.lib.common.rest_client [req-604ef0d9-a1e9-4a21-9086-160185d1eb69 req-604ef0d9-a1e9-4a21-9086-160185d1eb69 ] Request (AggregatesAdminNegativeTestJSON:tearDownClass): 204 DELETE http://10.180.1.21/identity/v3/users/ae7859898c6142dda837a4cf117f6e84 0.128s
2025-11-22 06:32:49.336 66810 INFO tempest.lib.common.rest_client [req-42c94559-3903-4341-9c1c-a43df5d9e6d0 req-42c94559-3903-4341-9c1c-a43df5d9e6d0 ] Request (HostsAdminTestJSON:test_show_host_detail): 200 GET http://10.180.1.21/compute/v2.1/os-hosts 1.600s
2025-11-22 06:32:49.398 66785 INFO tempest.lib.common.rest_client [req-d719f8c7-1d52-4108-adf1-2c4c2a2b1b8f req-d719f8c7-1d52-4108-adf1-2c4c2a2b1b8f ] Request (SecurityGroupsTestJSON:test_security_groups_create_list_delete): 200 POST http://10.180.1.21/compute/v2.1/os-security-groups 2.030s
2025-11-22 06:32:49.453 66775 INFO tempest.lib.common.rest_client [req-83976e37-bb0e-4c97-af0e-4d58a6099b1f req-83976e37-bb0e-4c97-af0e-4d58a6099b1f ] Request (AggregatesAdminNegativeTestJSON:tearDownClass): 204 DELETE http://10.180.1.21/identity/v3/users/cbff6fccc3f444d4b8cf86e0546f0afa 0.129s
2025-11-22 06:32:49.453 66775 INFO tempest.lib.common.dynamic_creds [-] Deleting project and security group for project: b3eaff99ff7443e1aaf31f87d3662253
2025-11-22 06:32:49.508 66781 INFO tempest.lib.common.rest_client [req-96b5f2fe-c4a2-4a19-9616-60bf9f9e2cd8 req-96b5f2fe-c4a2-4a19-9616-60bf9f9e2cd8 ] Request (MigrationsAdminTest:test_list_migrations_in_flavor_resize_situation): 201 POST http://10.180.1.21/networking/v2.0/security-group-rules 0.291s
2025-11-22 06:32:49.538 66775 INFO tempest.lib.common.rest_client [req-166772c8-babd-44a6-b90a-4dd43b408c8d req-166772c8-babd-44a6-b90a-4dd43b408c8d ] Request (AggregatesAdminNegativeTestJSON:tearDownClass): 201 POST http://10.180.1.21/identity/v3/auth/tokens 0.085s
2025-11-22 06:32:49.541 66831 INFO tempest.lib.common.rest_client [req-6049503d-1765-4548-a161-269449652228 req-6049503d-1765-4548-a161-269449652228 ] Request (ServerShowV254Test:test_rebuild_server): 200 GET http://10.180.1.21/compute/v2.1/servers/d112987d-8568-47b8-a9cc-a6172e8ce788 1.668s
2025-11-22 06:32:49.555 66811 INFO tempest.lib.common.rest_client [req-d494dcd8-ecaa-4b99-ad2f-111f9fe56d6b req-d494dcd8-ecaa-4b99-ad2f-111f9fe56d6b ] Request (DeleteServersTestJSON:test_delete_active_server): 200 GET http://10.180.1.21/compute/v2.1/servers/805b6183-6cc6-4071-a958-347adac9e524 1.488s
2025-11-22 06:32:49.559 66831 INFO tempest.common.waiters [-] State transition "REBUILD/rebuild_block_device_mapping" ==> "REBUILD/rebuild_spawning" after 3 second wait
2025-11-22 06:32:49.564 66811 INFO tempest.common.waiters [-] State transition "ACTIVE/deleting" ==> "DELETED/None" after 2 second wait
2025-11-22 06:32:49.693 66781 INFO tempest.lib.common.rest_client [req-ef43d456-0e2f-40ff-84fa-8e74098bed65 req-ef43d456-0e2f-40ff-84fa-8e74098bed65 ] Request (MigrationsAdminTest:test_list_migrations_in_flavor_resize_situation): 201 POST http://10.180.1.21/networking/v2.0/security-group-rules 0.184s
2025-11-22 06:32:49.905 66775 INFO tempest.lib.common.rest_client [req-ff0cbb3d-b15f-4acf-93d5-2d856f407dc8 req-ff0cbb3d-b15f-4acf-93d5-2d856f407dc8 ] Request (AggregatesAdminNegativeTestJSON:tearDownClass): 200 GET http://10.180.1.21/networking/v2.0/security-groups?tenant_id=b3eaff99ff7443e1aaf31f87d3662253&name=default 0.366s
2025-11-22 06:32:49.917 66819 WARNING tempest.lib.common.ssh [-] Failed to establish authenticated ssh connection to cirros@10.180.180.164 ([Errno None] Unable to connect to port 22 on 10.180.180.164). Number attempts: 2. Retry after 3 seconds.: paramiko.ssh_exception.NoValidConnectionsError: [Errno None] Unable to connect to port 22 on 10.180.180.164
2025-11-22 06:32:50.013 66788 INFO tempest.lib.common.rest_client [req-aeb771e1-bcb5-4619-8d20-79492cb79b33 req-aeb771e1-bcb5-4619-8d20-79492cb79b33 ] Request (AttachInterfacesV270Test:tearDownClass): 200 GET http://10.180.1.21/compute/v2.1/servers/041b1431-811c-4b4b-a090-9d3642c9adfd 1.611s
2025-11-22 06:32:50.061 66801 INFO tempest.lib.common.rest_client [req-7c70d1d4-225f-4a49-b35d-05a3878fd0e5 req-7c70d1d4-225f-4a49-b35d-05a3878fd0e5 ] Request (SecurityGroupsNegativeTestJSON:tearDownClass): 200 PUT http://10.180.1.21/networking/v2.0/routers/57f7e528-9437-4010-94d9-ce87261a38d2/remove_router_interface 0.950s
2025-11-22 06:32:50.261 66775 INFO tempest.lib.common.rest_client [req-be103d69-df02-4870-a86b-e78a3196c525 req-be103d69-df02-4870-a86b-e78a3196c525 ] Request (AggregatesAdminNegativeTestJSON:tearDownClass): 204 DELETE http://10.180.1.21/networking/v2.0/security-groups/543c96dd-4318-4d32-8775-dab8b33cb61c 0.356s
2025-11-22 06:32:50.380 66775 INFO tempest.lib.common.rest_client [req-b98c24bb-45b8-4992-ae4b-fe66958e8114 req-b98c24bb-45b8-4992-ae4b-fe66958e8114 ] Request (AggregatesAdminNegativeTestJSON:tearDownClass): 204 DELETE http://10.180.1.21/identity/v3/projects/b3eaff99ff7443e1aaf31f87d3662253 0.117s
2025-11-22 06:32:50.381 66775 INFO tempest.lib.common.dynamic_creds [-] Deleting project and security group for project: e3817adad36647f195981c9422d0b38d
2025-11-22 06:32:50.537 66781 INFO tempest.lib.common.rest_client [req-0e7fe2a8-e2d6-4f58-bcf8-3ae18aad54c0 req-0e7fe2a8-e2d6-4f58-bcf8-3ae18aad54c0 ] Request (MigrationsAdminTest:test_list_migrations_in_flavor_resize_situation): 201 POST http://10.180.1.21/networking/v2.0/floatingips 0.844s
2025-11-22 06:32:50.802 66801 INFO tempest.lib.common.rest_client [req-d920534d-68de-422b-890d-1170c51896bd req-d920534d-68de-422b-890d-1170c51896bd ] Request (SecurityGroupsNegativeTestJSON:tearDownClass): 204 DELETE http://10.180.1.21/networking/v2.0/routers/57f7e528-9437-4010-94d9-ce87261a38d2 0.741s
2025-11-22 06:32:50.865 66777 INFO tempest.lib.common.rest_client [req-5cfb603d-4e9a-4040-8b4c-493f9733e3ac req-5cfb603d-4e9a-4040-8b4c-493f9733e3ac ] Request (ServersAdminTestJSON:test_inject_network_info): 200 GET http://10.180.1.21/compute/v2.1/servers/93c310f9-a3f4-485b-9945-11ac726d3346 1.958s
2025-11-22 06:32:50.874 66777 INFO tempest.common.waiters [-] State transition "BUILD/spawning" ==> "ACTIVE/None" after 31 second wait
2025-11-22 06:32:50.911 66775 INFO tempest.lib.common.rest_client [req-607c4302-b71d-49fe-bd44-42ade373e93a req-607c4302-b71d-49fe-bd44-42ade373e93a ] Request (AggregatesAdminNegativeTestJSON:tearDownClass): 200 GET http://10.180.1.21/networking/v2.0/security-groups?tenant_id=e3817adad36647f195981c9422d0b38d&name=default 0.531s
