2025-11-22 06:32:51.043 66801 INFO tempest.lib.common.rest_client [req-4c6bf2db-7c20-4ac8-aeb2-c7b2392633d9 req-4c6bf2db-7c20-4ac8-aeb2-c7b2392633d9 ] Request (SecurityGroupsNegativeTestJSON:tearDownClass): 204 DELETE http://10.180.1.21/networking/v2.0/subnets/94455cb6-a277-4195-9d9e-7d1c939dfae4 0.240s
2025-11-22 06:32:51.066 66789 INFO tempest.lib.common.rest_client [req-ca0938ca-1f92-44d7-96b9-b0f98cfc16f9 req-ca0938ca-1f92-44d7-96b9-b0f98cfc16f9 ] Request (AttachVolumeShelveTestJSON:test_attach_volume_shelved_or_offload_server): 200 GET http://10.180.1.21/compute/v2.1/servers/5ad07fca-4bcf-47f0-9d0f-9609561fdd8c 2.105s
2025-11-22 06:32:51.129 66775 INFO tempest.lib.common.rest_client [req-7e4e343b-c202-49ee-ac7b-5be89e66dbc4 req-7e4e343b-c202-49ee-ac7b-5be89e66dbc4 ] Request (AggregatesAdminNegativeTestJSON:tearDownClass): 204 DELETE http://10.180.1.21/networking/v2.0/security-groups/a3c70e02-3e33-477c-8efb-0055badb72dd 0.217s
2025-11-22 06:32:51.175 66821 INFO tempest.lib.common.rest_client [req-59dc1d47-d6cc-4c24-b503-c96af64076b4 req-59dc1d47-d6cc-4c24-b503-c96af64076b4 ] Request (ServerGroupTestJSON:_run_cleanups): 204 DELETE http://10.180.1.21/compute/v2.1/servers/f5791fd9-577b-44cc-9172-f9f5626abc19 2.097s
2025-11-22 06:32:51.188 66833 INFO tempest.lib.common.rest_client [req-b223135f-99bc-41f8-8479-c5e1904f24a4 req-b223135f-99bc-41f8-8479-c5e1904f24a4 ] Request (KeyPairsV22TestJSON:test_keypairsv22_create_list_show): 200 GET http://10.180.1.21/compute/v2.1/os-keypairs 2.062s
2025-11-22 06:32:51.243 66791 INFO tempest.lib.common.rest_client [req-2e152248-9730-4706-9744-e8ae01430032 req-2e152248-9730-4706-9744-e8ae01430032 ] Request (ServersAdminNegativeTestJSON:test_restore_server_invalid_state): 409 POST http://10.180.1.21/compute/v2.1/servers/1f934a81-b08e-439a-bff5-e64d17ca3608/action 2.115s
2025-11-22 06:32:51.302 66775 INFO tempest.lib.common.rest_client [req-b440c4be-1a96-4ad4-8c48-d9d1c5efd1d8 req-b440c4be-1a96-4ad4-8c48-d9d1c5efd1d8 ] Request (AggregatesAdminNegativeTestJSON:tearDownClass): 204 DELETE http://10.180.1.21/identity/v3/projects/e3817adad36647f195981c9422d0b38d 0.172s
2025-11-22 06:32:51.303 66775 INFO tempest.test [-] raised in ServersOnMultiNodesTest.setUpClass. Invoking tearDownClass.
2025-11-22 06:32:51.307 66817 INFO tempest.lib.common.rest_client [req-cd97c683-8b63-4248-910c-a422ad4054dc req-cd97c683-8b63-4248-910c-a422ad4054dc ] Request (KeyPairsV2TestJSON:test_keypairs_create_list_delete): 200 POST http://10.180.1.21/compute/v2.1/os-keypairs 2.138s
2025-11-22 06:32:51.355 66801 INFO tempest.lib.common.rest_client [req-6b1615e9-aac7-4c88-8407-a8600b87c939 req-6b1615e9-aac7-4c88-8407-a8600b87c939 ] Request (SecurityGroupsNegativeTestJSON:tearDownClass): 204 DELETE http://10.180.1.21/networking/v2.0/networks/ff37eb7a-190c-4f91-a009-e1ed3ae16f84 0.311s
2025-11-22 06:32:51.398 66775 INFO tempest.lib.common.rest_client [req-4ff53e55-6fc9-4f37-8517-8a29822c0beb req-4ff53e55-6fc9-4f37-8517-8a29822c0beb ] Request (ImagesOneServerTestJSON:setUpClass): 201 POST http://10.180.1.21/identity/v3/auth/tokens 0.091s
2025-11-22 06:32:51.492 66801 INFO tempest.lib.common.rest_client [req-e4fd9bb7-f80f-4b22-a628-cda8f41f89ec req-e4fd9bb7-f80f-4b22-a628-cda8f41f89ec ] Request (SecurityGroupsNegativeTestJSON:tearDownClass): 204 DELETE http://10.180.1.21/identity/v3/users/6aa57213600e4cefa7695f245600035c 0.136s
2025-11-22 06:32:51.492 66801 INFO tempest.lib.common.dynamic_creds [-] Deleting project and security group for project: 4b0333c9fd6c462bb035d961b9871941
2025-11-22 06:32:51.530 66801 INFO tempest.lib.common.rest_client [req-dcbbfea8-2986-483c-88cd-b1994c931528 req-dcbbfea8-2986-483c-88cd-b1994c931528 ] Request (SecurityGroupsNegativeTestJSON:tearDownClass): 200 GET http://10.180.1.21/networking/v2.0/security-groups?tenant_id=4b0333c9fd6c462bb035d961b9871941&name=default 0.037s
2025-11-22 06:32:51.552 66775 INFO tempest.lib.common.rest_client [req-e5a5c80f-c80f-4272-abba-29dd27d37bce req-e5a5c80f-c80f-4272-abba-29dd27d37bce ] Request (ImagesOneServerTestJSON:setUpClass): 201 POST http://10.180.1.21/identity/v3/auth/tokens 0.148s
2025-11-22 06:32:51.577 66775 INFO tempest.lib.common.rest_client [req-a52c886b-1290-420b-8eb1-de193b42a9d4 req-a52c886b-1290-420b-8eb1-de193b42a9d4 ] Request (ImagesOneServerTestJSON:setUpClass): 200 GET http://10.180.1.21/identity/v3/domains?name=Default 0.025s
2025-11-22 06:32:51.608 66775 INFO tempest.lib.common.rest_client [req-49d1ddd4-9917-4f63-8a5d-8a264d79480a req-49d1ddd4-9917-4f63-8a5d-8a264d79480a ] Request (ImagesOneServerTestJSON:setUpClass): 201 POST http://10.180.1.21/identity/v3/projects 0.030s
2025-11-22 06:32:51.654 66795 INFO tempest.lib.common.rest_client [req-58e02aa7-7c59-4f7f-90cc-70286d7e1bdb req-58e02aa7-7c59-4f7f-90cc-70286d7e1bdb ] Request (ServersTestMultiNic:test_verify_duplicate_network_nics): 202 POST http://10.180.1.21/compute/v2.1/servers 3.439s
2025-11-22 06:32:51.660 66805 INFO tempest.lib.common.rest_client [req-f372833e-6c75-4c68-b4c0-32d02740f3dd req-f372833e-6c75-4c68-b4c0-32d02740f3dd ] Request (QuotasTestJSON:test_compare_tenant_quotas_with_default_quotas): 200 GET http://10.180.1.21/compute/v2.1/os-quota-sets/d8ba43848c234c7793cfecb2bc2dd720/defaults 2.457s
2025-11-22 06:32:51.701 66775 INFO tempest.lib.common.rest_client [req-dde60385-41f6-49d7-a83a-d66b30cca46a req-dde60385-41f6-49d7-a83a-d66b30cca46a ] Request (ImagesOneServerTestJSON:setUpClass): 201 POST http://10.180.1.21/identity/v3/users 0.092s
2025-11-22 06:32:51.704 66801 INFO tempest.lib.common.rest_client [req-5d2d3a45-9478-4925-a9b6-bc6c692a58ab req-5d2d3a45-9478-4925-a9b6-bc6c692a58ab ] Request (SecurityGroupsNegativeTestJSON:tearDownClass): 204 DELETE http://10.180.1.21/networking/v2.0/security-groups/c86ba3d0-a56d-40f7-a10b-bfa8c6ba89bb 0.174s
2025-11-22 06:32:51.739 66793 INFO tempest.lib.common.rest_client [req-3dcb52d1-b075-431e-ba49-66826e0807ac req-3dcb52d1-b075-431e-ba49-66826e0807ac ] Request (ServersAdmin275Test:test_rebuild_update_server_275): 200 GET http://10.180.1.21/compute/v2.1/servers/5eca1810-d57a-4b03-92e1-1c933e6b2638 2.508s
2025-11-22 06:32:51.746 66775 INFO tempest.lib.common.rest_client [req-4c196a8e-0c64-44e5-9ca0-b50fe4709d69 req-4c196a8e-0c64-44e5-9ca0-b50fe4709d69 ] Request (ImagesOneServerTestJSON:setUpClass): 200 GET http://10.180.1.21/identity/v3/roles 0.044s
2025-11-22 06:32:51.753 66793 INFO tempest.common.waiters [-] State transition "BUILD/None" ==> "BUILD/spawning" after 20 second wait
2025-11-22 06:32:51.780 66801 INFO tempest.lib.common.rest_client [req-d52b13d1-a265-4fc3-9efe-b5f067749d91 req-d52b13d1-a265-4fc3-9efe-b5f067749d91 ] Request (SecurityGroupsNegativeTestJSON:tearDownClass): 204 DELETE http://10.180.1.21/identity/v3/projects/4b0333c9fd6c462bb035d961b9871941 0.075s
2025-11-22 06:32:51.816 66801 INFO tempest.lib.common.rest_client [req-f8f56f6e-181f-4f0b-90e9-e859e59a1faf req-f8f56f6e-181f-4f0b-90e9-e859e59a1faf ] Request (ServersV294TestFqdnHostnames:setUpClass): 201 POST http://10.180.1.21/identity/v3/auth/tokens 0.035s
2025-11-22 06:32:51.846 66775 INFO tempest.lib.common.rest_client [req-7eca9eac-0de2-44b6-81b8-b6aec4fdae07 req-7eca9eac-0de2-44b6-81b8-b6aec4fdae07 ] Request (ImagesOneServerTestJSON:setUpClass): 204 PUT http://10.180.1.21/identity/v3/projects/b1504a2d9a8447be9247134bf6468fdc/users/5e2825275e7340f581d8fef439f4e51f/roles/acac36c4d9934d82bc56fe8a46c8cfe0 0.100s
2025-11-22 06:32:51.846 66775 INFO tempest.lib.common.dynamic_creds [-] Dynamic test user 5e2825275e7340f581d8fef439f4e51f is created with scope project and roles: ['member']
2025-11-22 06:32:51.847 66775 INFO tempest.lib.common.dynamic_creds [-] Acquired dynamic creds: credentials: Credentials: {'domain_id': 'default', 'domain_name': 'Default', 'username': 'tempest-ImagesOneServerTestJSON-962917959-project-member', 'project_domain_id': 'default', 'project_domain_name': 'Default', 'project_id': 'b1504a2d9a8447be9247134bf6468fdc', 'project_name': 'tempest-ImagesOneServerTestJSON-962917959', 'tenant_id': 'b1504a2d9a8447be9247134bf6468fdc', 'tenant_name': 'tempest-ImagesOneServerTestJSON-962917959', 'user_domain_id': 'default', 'user_domain_name': 'Default', 'user_id': '5e2825275e7340f581d8fef439f4e51f', 'system': None}, Network: None, Subnet: None, Router: None
2025-11-22 06:32:51.875 66823 INFO tempest.lib.common.rest_client [req-81d25c6f-e7e7-4ffe-bf2e-d379bdddf422 req-81d25c6f-e7e7-4ffe-bf2e-d379bdddf422 ] Request (ServersNegativeTestMultiTenantJSON:setUpClass): 200 GET http://10.180.1.21/compute/v2.1/servers/e4bb9442-dedd-40c5-8729-ee8b6c8a54a9 2.606s
2025-11-22 06:32:51.891 66801 INFO tempest.lib.common.rest_client [req-ac7b5072-ac54-43c3-b443-c8043a14efe4 req-ac7b5072-ac54-43c3-b443-c8043a14efe4 ] Request (ServersV294TestFqdnHostnames:setUpClass): 201 POST http://10.180.1.21/identity/v3/auth/tokens 0.072s
2025-11-22 06:32:51.917 66775 INFO tempest.lib.common.rest_client [req-db9e97de-bd17-4d99-820c-13e87c786cda req-db9e97de-bd17-4d99-820c-13e87c786cda ] Request (ImagesOneServerTestJSON:setUpClass): 201 POST http://10.180.1.21/identity/v3/auth/tokens 0.070s
2025-11-22 06:32:51.918 66801 INFO tempest.lib.common.rest_client [req-0c872bfa-7e27-4425-b9cc-cf7fe4abdd82 req-0c872bfa-7e27-4425-b9cc-cf7fe4abdd82 ] Request (ServersV294TestFqdnHostnames:setUpClass): 200 GET http://10.180.1.21/identity/v3/domains?name=Default 0.024s
2025-11-22 06:32:51.920 66783 INFO tempest.lib.common.rest_client [req-132d13d1-100b-4bf9-9a89-d6ebfce5c776 req-132d13d1-100b-4bf9-9a89-d6ebfce5c776 ] Request (ServerRescueTestJSONUnderV235:setUpClass): 200 GET http://10.180.1.21/compute/v2.1/servers/4fb27e65-98ef-4121-b77e-b41436a331fc 2.611s
2025-11-22 06:32:51.947 66810 INFO tempest.lib.common.rest_client [req-14045fc7-dbe8-4049-938f-7d14f0a7a054 req-14045fc7-dbe8-4049-938f-7d14f0a7a054 ] Request (HostsAdminTestJSON:test_show_host_detail): 200 GET http://10.180.1.21/compute/v2.1/os-hosts/cpu-1 2.609s
2025-11-22 06:32:51.952 66801 INFO tempest.lib.common.rest_client [req-269acb58-c951-4525-8e45-a4f7b9a51b16 req-269acb58-c951-4525-8e45-a4f7b9a51b16 ] Request (ServersV294TestFqdnHostnames:setUpClass): 201 POST http://10.180.1.21/identity/v3/projects 0.033s
2025-11-22 06:32:52.016 66829 INFO tempest.lib.common.rest_client [req-b82302bf-9d39-4d9f-aa7e-a24d62dc8a90 req-b82302bf-9d39-4d9f-aa7e-a24d62dc8a90 ] Request (AttachInterfacesTestJSON:test_create_list_show_delete_interfaces_by_fixed_ip): 200 GET http://10.180.1.21/compute/v2.1/servers/9379bd73-c87f-4d0c-8515-4c9084c79ec0 2.664s
2025-11-22 06:32:52.079 66801 INFO tempest.lib.common.rest_client [req-620fa61e-ed2f-4811-9e74-dfa767b2bb4b req-620fa61e-ed2f-4811-9e74-dfa767b2bb4b ] Request (ServersV294TestFqdnHostnames:setUpClass): 201 POST http://10.180.1.21/identity/v3/users 0.126s
2025-11-22 06:32:52.089 66785 INFO tempest.lib.common.rest_client [req-d42e2ab6-bf09-4f92-8138-9f22456cb779 req-d42e2ab6-bf09-4f92-8138-9f22456cb779 ] Request (SecurityGroupsTestJSON:test_security_groups_create_list_delete): 200 GET http://10.180.1.21/compute/v2.1/os-security-groups 2.685s
2025-11-22 06:32:52.115 66803 INFO tempest.lib.common.rest_client [req-a563e126-d305-4e5e-b01b-e6461ad99e3c req-a563e126-d305-4e5e-b01b-e6461ad99e3c ] Request (FloatingIPsAssociationTestJSON:test_associate_already_associated_floating_ip): 200 GET http://10.180.1.21/compute/v2.1/servers/cb840df9-d0ed-4fcc-b7c5-153e0e038c69 2.619s
2025-11-22 06:32:52.141 66810 INFO tempest.lib.common.rest_client [req-b1fec78f-7365-4bcf-b21c-b37027cad22d req-b1fec78f-7365-4bcf-b21c-b37027cad22d ] Request (HostsAdminTestJSON:tearDownClass): 204 DELETE http://10.180.1.21/identity/v3/users/042b6057a26547d9873ceb174a254ef6 0.190s
2025-11-22 06:32:52.157 66799 WARNING tempest.lib.common.ssh [-] Failed to establish authenticated ssh connection to cirros@10.180.180.166 ([Errno None] Unable to connect to port 22 on 10.180.180.166). Number attempts: 2. Retry after 3 seconds.: paramiko.ssh_exception.NoValidConnectionsError: [Errno None] Unable to connect to port 22 on 10.180.180.166
2025-11-22 06:32:52.159 66801 INFO tempest.lib.common.rest_client [req-bb86abb7-5fdc-481e-a648-cbd39cdaebae req-bb86abb7-5fdc-481e-a648-cbd39cdaebae ] Request (ServersV294TestFqdnHostnames:setUpClass): 200 GET http://10.180.1.21/identity/v3/roles 0.080s
2025-11-22 06:32:52.203 66813 INFO tempest.lib.common.rest_client [req-289c55b6-f287-4121-a0f1-5a6bf1f6e4e6 req-289c55b6-f287-4121-a0f1-5a6bf1f6e4e6 ] Request (ServersListShow296Test:tearDownClass): 200 GET http://10.180.1.21/compute/v2.1/servers/cafb2df1-c2e0-4be7-986f-3ad3b72b83cb 2.531s
2025-11-22 06:32:52.210 66773 INFO tempest.lib.common.rest_client [req-e42b15da-cc18-4016-989b-2aa36afbb15b req-e42b15da-cc18-4016-989b-2aa36afbb15b ] Request (ServerRescueTestJSON:tearDownClass): 200 GET http://10.180.1.21/compute/v2.1/servers/38ad9f29-8dd5-42a7-aaaf-faa9687e18dc 2.401s
2025-11-22 06:32:52.247 66827 WARNING tempest.lib.common.ssh [-] Failed to establish authenticated ssh connection to cirros@10.180.180.145 ([Errno None] Unable to connect to port 22 on 10.180.180.145). Number attempts: 3. Retry after 4 seconds.: paramiko.ssh_exception.NoValidConnectionsError: [Errno None] Unable to connect to port 22 on 10.180.180.145
2025-11-22 06:32:52.272 66801 INFO tempest.lib.common.rest_client [req-be9570db-94db-4022-b7c3-3db4b1650a44 req-be9570db-94db-4022-b7c3-3db4b1650a44 ] Request (ServersV294TestFqdnHostnames:setUpClass): 204 PUT http://10.180.1.21/identity/v3/projects/5334462c235a406c9e6e02b5c671fb39/users/257369225a984d7c849b44e42e5962d7/roles/acac36c4d9934d82bc56fe8a46c8cfe0 0.111s
2025-11-22 06:32:52.272 66801 INFO tempest.lib.common.dynamic_creds [-] Dynamic test user 257369225a984d7c849b44e42e5962d7 is created with scope project and roles: ['member']
2025-11-22 06:32:52.272 66801 INFO tempest.lib.common.dynamic_creds [-] Acquired dynamic creds: credentials: Credentials: {'domain_id': 'default', 'domain_name': 'Default', 'username': 'tempest-ServersV294TestFqdnHostnames-2104051553-project-member', 'project_domain_id': 'default', 'project_domain_name': 'Default', 'project_id': '5334462c235a406c9e6e02b5c671fb39', 'project_name': 'tempest-ServersV294TestFqdnHostnames-2104051553', 'tenant_id': '5334462c235a406c9e6e02b5c671fb39', 'tenant_name': 'tempest-ServersV294TestFqdnHostnames-2104051553', 'user_domain_id': 'default', 'user_domain_name': 'Default', 'user_id': '257369225a984d7c849b44e42e5962d7', 'system': None}, Network: None, Subnet: None, Router: None
2025-11-22 06:32:52.345 66810 INFO tempest.lib.common.rest_client [req-9c9d51a6-8243-497a-a65d-14446c7ab09c req-9c9d51a6-8243-497a-a65d-14446c7ab09c ] Request (HostsAdminTestJSON:tearDownClass): 204 DELETE http://10.180.1.21/identity/v3/users/2847638d05074921af15cc36ab7c35bd 0.203s
2025-11-22 06:32:52.345 66810 INFO tempest.lib.common.dynamic_creds [-] Deleting project and security group for project: 016a09b8cb02473b9ad0563e4d5d40c5
2025-11-22 06:32:52.363 66779 INFO tempest.lib.common.rest_client [req-751703d0-41f5-4956-93b1-cbdc7115608f req-751703d0-41f5-4956-93b1-cbdc7115608f ] Request (TenantUsagesTestJSON:tearDownClass): 200 GET http://10.180.1.21/compute/v2.1/servers/2f03a33a-067b-4986-a56e-20cbe9da07bb 2.274s
2025-11-22 06:32:52.378 66781 INFO tempest.lib.common.rest_client [req-9f510a35-68b8-4dc7-9eec-6f53893a3ab6 req-9f510a35-68b8-4dc7-9eec-6f53893a3ab6 ] Request (MigrationsAdminTest:test_list_migrations_in_flavor_resize_situation): 200 GET http://10.180.1.21/compute/v2.1/os-migrations 1.840s
2025-11-22 06:32:52.396 66801 INFO tempest.lib.common.rest_client [req-f85aa993-d34f-48a3-8f50-c82b1cb2f7c9 req-f85aa993-d34f-48a3-8f50-c82b1cb2f7c9 ] Request (ServersV294TestFqdnHostnames:setUpClass): 201 POST http://10.180.1.21/identity/v3/auth/tokens 0.123s
2025-11-22 06:32:52.411 66807 INFO tempest.lib.common.rest_client [req-ebaa47ea-26fc-4b93-81c9-7e1e4946c9ad req-ebaa47ea-26fc-4b93-81c9-7e1e4946c9ad ] Request (ImagesOneServerNegativeTestJSON:setUpClass): 200 GET http://10.180.1.21/compute/v2.1/servers/e5c6ed6b-73c9-47d0-b166-ff873422b943 2.401s
2025-11-22 06:32:52.413 66775 INFO tempest.lib.common.rest_client [req-bb70f876-ed45-4d30-b961-e339b577d115 req-bb70f876-ed45-4d30-b961-e339b577d115 ] Request (ImagesOneServerTestJSON:setUpClass): 201 POST http://10.180.1.21/networking/v2.0/networks 0.495s
2025-11-22 06:32:52.459 66810 INFO tempest.lib.common.rest_client [req-0cef6f2c-dd16-48f9-8112-01cd3e1905b0 req-0cef6f2c-dd16-48f9-8112-01cd3e1905b0 ] Request (HostsAdminTestJSON:tearDownClass): 201 POST http://10.180.1.21/identity/v3/auth/tokens 0.113s
2025-11-22 06:32:52.479 66771 INFO paramiko.transport [-] Connected (version 2.0, client dropbear_2020.81)
2025-11-22 06:32:52.600 66771 INFO paramiko.transport [-] Authentication (publickey) successful!
2025-11-22 06:32:52.600 66771 INFO tempest.lib.common.ssh [-] ssh connection to cirros@10.180.180.131 successfully created
2025-11-22 06:32:52.608 66775 INFO tempest.lib.common.rest_client [req-a3fb94c1-ff92-4715-a9bc-39665a863b76 req-a3fb94c1-ff92-4715-a9bc-39665a863b76 ] Request (ImagesOneServerTestJSON:setUpClass): 201 POST http://10.180.1.21/networking/v2.0/subnets 0.194s
2025-11-22 06:32:52.636 66831 INFO tempest.lib.common.rest_client [req-3fa0c710-d4d7-454e-b90e-6e6cb1640b84 req-3fa0c710-d4d7-454e-b90e-6e6cb1640b84 ] Request (ServerShowV254Test:test_rebuild_server): 200 GET http://10.180.1.21/compute/v2.1/servers/d112987d-8568-47b8-a9cc-a6172e8ce788 2.075s
2025-11-22 06:32:52.738 66801 INFO tempest.lib.common.rest_client [req-d1c8bc9c-719b-421b-9470-e28ebf458bf9 req-d1c8bc9c-719b-421b-9470-e28ebf458bf9 ] Request (ServersV294TestFqdnHostnames:setUpClass): 201 POST http://10.180.1.21/networking/v2.0/networks 0.341s
2025-11-22 06:32:52.741 66810 INFO tempest.lib.common.rest_client [req-7a8c8415-1d64-498e-8b53-ebcb81331d26 req-7a8c8415-1d64-498e-8b53-ebcb81331d26 ] Request (HostsAdminTestJSON:tearDownClass): 200 GET http://10.180.1.21/networking/v2.0/security-groups?tenant_id=016a09b8cb02473b9ad0563e4d5d40c5&name=default 0.282s
2025-11-22 06:32:52.763 66811 INFO tempest.lib.common.rest_client [req-f5277a7b-ccfd-4362-8318-61f119153c07 req-f5277a7b-ccfd-4362-8318-61f119153c07 ] Request (DeleteServersTestJSON:test_delete_active_server): 200 GET http://10.180.1.21/compute/v2.1/servers/805b6183-6cc6-4071-a958-347adac9e524 2.198s
2025-11-22 06:32:52.821 66777 INFO tempest.lib.common.rest_client [req-3786febf-239d-45cf-9382-9beeba4d8b40 req-3786febf-239d-45cf-9382-9beeba4d8b40 ] Request (ServersAdminTestJSON:test_inject_network_info): 202 POST http://10.180.1.21/compute/v2.1/servers/93c310f9-a3f4-485b-9945-11ac726d3346/action 1.947s
2025-11-22 06:32:52.911 66801 INFO tempest.lib.common.rest_client [req-9f047218-ea6d-4c0b-8604-c7a5a9fbcc76 req-9f047218-ea6d-4c0b-8604-c7a5a9fbcc76 ] Request (ServersV294TestFqdnHostnames:setUpClass): 201 POST http://10.180.1.21/networking/v2.0/subnets 0.173s
2025-11-22 06:32:53.005 66810 INFO tempest.lib.common.rest_client [req-54d208eb-e22e-42c4-86b2-7042fe869814 req-54d208eb-e22e-42c4-86b2-7042fe869814 ] Request (HostsAdminTestJSON:tearDownClass): 204 DELETE http://10.180.1.21/networking/v2.0/security-groups/5ae52e4c-3b93-48b9-a5f0-924b91497ec0 0.263s
2025-11-22 06:32:53.030 66788 INFO tempest.lib.common.rest_client [req-f6901bd4-735d-440f-9608-e0ef4bca6fe6 req-f6901bd4-735d-440f-9608-e0ef4bca6fe6 ] Request (AttachInterfacesV270Test:tearDownClass): 200 GET http://10.180.1.21/compute/v2.1/servers/041b1431-811c-4b4b-a090-9d3642c9adfd 2.003s
2025-11-22 06:32:53.049 66833 INFO tempest.lib.common.rest_client [req-d3bae7e9-5b68-4b9b-9f81-227f8db5389f req-d3bae7e9-5b68-4b9b-9f81-227f8db5389f ] Request (KeyPairsV22TestJSON:_run_cleanups): 204 DELETE http://10.180.1.21/compute/v2.1/os-keypairs/tempest-keypair-640849997 1.859s
2025-11-22 06:32:53.090 66810 INFO tempest.lib.common.rest_client [req-83df7a97-3585-4e10-be0b-4f4941090cf3 req-83df7a97-3585-4e10-be0b-4f4941090cf3 ] Request (HostsAdminTestJSON:tearDownClass): 204 DELETE http://10.180.1.21/identity/v3/projects/016a09b8cb02473b9ad0563e4d5d40c5 0.083s
2025-11-22 06:32:53.090 66810 INFO tempest.lib.common.dynamic_creds [-] Deleting project and security group for project: 54125222ad514c2f9d2f75fb34841335
2025-11-22 06:32:53.169 66791 INFO tempest.lib.common.rest_client [req-20f56002-3201-4869-9e1f-bdc4d0bf060a req-20f56002-3201-4869-9e1f-bdc4d0bf060a ] Request (ServersAdminNegativeTestJSON:tearDownClass): 204 DELETE http://10.180.1.21/compute/v2.1/servers/70664403-5788-4539-b565-9a61e163dd50 1.922s
2025-11-22 06:32:53.211 66817 INFO tempest.lib.common.rest_client [req-561036cf-305c-42ef-b435-24ce1e481d83 req-561036cf-305c-42ef-b435-24ce1e481d83 ] Request (KeyPairsV2TestJSON:test_keypairs_create_list_delete): 200 POST http://10.180.1.21/compute/v2.1/os-keypairs 1.902s
2025-11-22 06:32:53.630 66775 INFO tempest.lib.common.rest_client [req-4ee3e6a8-513b-41f1-b3e2-0f12c07b8470 req-4ee3e6a8-513b-41f1-b3e2-0f12c07b8470 ] Request (ImagesOneServerTestJSON:setUpClass): 201 POST http://10.180.1.21/networking/v2.0/routers 1.022s
2025-11-22 06:32:53.675 66821 INFO tempest.lib.common.rest_client [req-59fd9222-c609-4f60-b481-2e7ae51886b9 req-59fd9222-c609-4f60-b481-2e7ae51886b9 ] Request (ServerGroupTestJSON:_run_cleanups): 200 GET http://10.180.1.21/compute/v2.1/servers/f5791fd9-577b-44cc-9172-f9f5626abc19 2.499s
2025-11-22 06:32:53.795 66810 INFO tempest.lib.common.rest_client [req-b00d4138-4846-49f0-ba76-0241da1053ea req-b00d4138-4846-49f0-ba76-0241da1053ea ] Request (HostsAdminTestJSON:tearDownClass): 200 GET http://10.180.1.21/networking/v2.0/security-groups?tenant_id=54125222ad514c2f9d2f75fb34841335&name=default 0.705s
2025-11-22 06:32:53.823 66795 INFO tempest.lib.common.rest_client [req-1f3fdf9e-7298-4e2f-8019-0a5d226ce3ce req-1f3fdf9e-7298-4e2f-8019-0a5d226ce3ce ] Request (ServersTestMultiNic:test_verify_duplicate_network_nics): 200 GET http://10.180.1.21/compute/v2.1/servers/87712a95-0d28-4647-b5e5-37f92c4eb875 2.166s
2025-11-22 06:32:53.857 66805 INFO tempest.lib.common.rest_client [req-5ce5993b-3b04-4c97-b343-8417469e3851 req-5ce5993b-3b04-4c97-b343-8417469e3851 ] Request (QuotasTestJSON:test_compare_tenant_quotas_with_default_quotas): 200 GET http://10.180.1.21/compute/v2.1/os-quota-sets/d8ba43848c234c7793cfecb2bc2dd720 2.194s
2025-11-22 06:32:53.999 66801 INFO tempest.lib.common.rest_client [req-86d97303-7a6f-4107-bb68-3bfdf3174a78 req-86d97303-7a6f-4107-bb68-3bfdf3174a78 ] Request (ServersV294TestFqdnHostnames:setUpClass): 201 POST http://10.180.1.21/networking/v2.0/routers 1.087s
2025-11-22 06:32:54.164 66810 INFO tempest.lib.common.rest_client [req-5463b3de-b8c9-41c0-bc26-35ba0afb1a33 req-5463b3de-b8c9-41c0-bc26-35ba0afb1a33 ] Request (HostsAdminTestJSON:tearDownClass): 204 DELETE http://10.180.1.21/networking/v2.0/security-groups/ada999f8-eea3-4c38-99e3-3eb1a5fc908e 0.368s
2025-11-22 06:32:54.267 66789 INFO tempest.lib.common.rest_client [req-7ebd1241-ef0f-42d3-94f8-6eb049e8ff94 req-7ebd1241-ef0f-42d3-94f8-6eb049e8ff94 ] Request (AttachVolumeShelveTestJSON:test_attach_volume_shelved_or_offload_server): 200 GET http://10.180.1.21/compute/v2.1/servers/5ad07fca-4bcf-47f0-9d0f-9609561fdd8c 2.190s
2025-11-22 06:32:54.287 66781 INFO tempest.lib.common.rest_client [req-9a765aaf-8fff-4954-9b28-4af0a2d6dad2 req-9a765aaf-8fff-4954-9b28-4af0a2d6dad2 ] Request (MigrationsAdminTest:test_resize_server_revert_deleted_flavor): 200 GET http://10.180.1.21/compute/v2.1/flavors/42 1.901s
2025-11-22 06:32:54.361 66810 INFO tempest.lib.common.rest_client [req-ec767b8c-20c6-480d-9b79-9b6befc0ba8f req-ec767b8c-20c6-480d-9b79-9b6befc0ba8f ] Request (HostsAdminTestJSON:tearDownClass): 204 DELETE http://10.180.1.21/identity/v3/projects/54125222ad514c2f9d2f75fb34841335 0.196s
2025-11-22 06:32:54.439 66771 INFO tempest.lib.common.rest_client [req-6fa1544a-469d-4f09-84f5-576e5469dceb req-6fa1544a-469d-4f09-84f5-576e5469dceb ] Request (ServersWithSpecificFlavorTestJSON:test_verify_created_server_ephemeral_disk): 204 DELETE http://10.180.1.21/compute/v2.1/servers/a1955af9-e5f8-4ab7-8ca0-23e342155bae 1.826s
2025-11-22 06:32:54.514 66810 INFO tempest.lib.common.rest_client [req-d6840037-7edc-4ef9-9844-14daa56f489f req-d6840037-7edc-4ef9-9844-14daa56f489f ] Request (QuotaClassesAdminTestJSON:setUpClass): 201 POST http://10.180.1.21/identity/v3/auth/tokens 0.151s
2025-11-22 06:32:54.545 66771 INFO tempest.lib.common.rest_client [req-dcb12758-0a29-4359-912e-4b8e6c58c235 req-dcb12758-0a29-4359-912e-4b8e6c58c235 ] Request (ServersWithSpecificFlavorTestJSON:test_verify_created_server_ephemeral_disk): 201 POST http://10.180.1.21/identity/v3/auth/tokens 0.102s
2025-11-22 06:32:54.545 66771 INFO tempest.lib.common.fixed_network [-] (ServersWithSpecificFlavorTestJSON:test_verify_created_server_ephemeral_disk) Found network {'id': 'd3a20bab-ac4f-41c3-ab2b-fdd4205614be', 'name': 'tempest-ServersWithSpecificFlavorTestJSON-220014434-network', 'tenant_id': 'c6570c286b2a484c9a9284a89df20241', 'project_id': 'c6570c286b2a484c9a9284a89df20241', 'admin_state_up': True, 'mtu': 8950, 'status': 'ACTIVE', 'subnets': [], 'shared': False, 'port_security_enabled': True, 'router:external': False, 'provider:network_type': 'vlan', 'provider:physical_network': 'default', 'provider:segmentation_id': 922, 'availability_zone_hints': [], 'availability_zones': [], 'ipv4_address_scope': None, 'ipv6_address_scope': None, 'description': '', 'tags': [], 'created_at': '2025-11-22T06:30:41Z', 'updated_at': '2025-11-22T06:30:42Z', 'revision_number': 1} available for tenant
2025-11-22 06:32:54.551 66810 INFO tempest.lib.common.rest_client [req-c746fcec-4230-4dc9-8e8a-23364ae68b1f req-c746fcec-4230-4dc9-8e8a-23364ae68b1f ] Request (QuotaClassesAdminTestJSON:setUpClass): 201 POST http://10.180.1.21/identity/v3/auth/tokens 0.035s
2025-11-22 06:32:54.577 66810 INFO tempest.lib.common.rest_client [req-ef505f71-6e98-48bb-972b-07f5f6607abe req-ef505f71-6e98-48bb-972b-07f5f6607abe ] Request (QuotaClassesAdminTestJSON:setUpClass): 200 GET http://10.180.1.21/identity/v3/domains?name=Default 0.025s
2025-11-22 06:32:54.620 66810 INFO tempest.lib.common.rest_client [req-e01583e6-3517-48c6-a9a8-88136407a016 req-e01583e6-3517-48c6-a9a8-88136407a016 ] Request (QuotaClassesAdminTestJSON:setUpClass): 201 POST http://10.180.1.21/identity/v3/projects 0.042s
2025-11-22 06:32:54.693 66810 INFO tempest.lib.common.rest_client [req-baec7d67-e3d1-4b7b-aede-31ca088c9c1d req-baec7d67-e3d1-4b7b-aede-31ca088c9c1d ] Request (QuotaClassesAdminTestJSON:setUpClass): 201 POST http://10.180.1.21/identity/v3/users 0.073s
2025-11-22 06:32:54.740 66810 INFO tempest.lib.common.rest_client [req-e93c6d96-0f6d-4f90-92fe-7bcc40552091 req-e93c6d96-0f6d-4f90-92fe-7bcc40552091 ] Request (QuotaClassesAdminTestJSON:setUpClass): 200 GET http://10.180.1.21/identity/v3/roles 0.046s
2025-11-22 06:32:54.789 66810 INFO tempest.lib.common.rest_client [req-ac6d268b-8ea6-4cda-903c-14dff18f3496 req-ac6d268b-8ea6-4cda-903c-14dff18f3496 ] Request (QuotaClassesAdminTestJSON:setUpClass): 204 PUT http://10.180.1.21/identity/v3/projects/f8a97a8875214cfba2d9f012b835d1dc/users/006680bb7a3c4544b042ee1b06357b7d/roles/acac36c4d9934d82bc56fe8a46c8cfe0 0.049s
2025-11-22 06:32:54.789 66810 INFO tempest.lib.common.dynamic_creds [-] Dynamic test user 006680bb7a3c4544b042ee1b06357b7d is created with scope project and roles: ['member']
2025-11-22 06:32:54.790 66810 INFO tempest.lib.common.dynamic_creds [-] Acquired dynamic creds: credentials: Credentials: {'domain_id': 'default', 'domain_name': 'Default', 'username': 'tempest-QuotaClassesAdminTestJSON-291218112-project-member', 'project_domain_id': 'default', 'project_domain_name': 'Default', 'project_id': 'f8a97a8875214cfba2d9f012b835d1dc', 'project_name': 'tempest-QuotaClassesAdminTestJSON-291218112', 'tenant_id': 'f8a97a8875214cfba2d9f012b835d1dc', 'tenant_name': 'tempest-QuotaClassesAdminTestJSON-291218112', 'user_domain_id': 'default', 'user_domain_name': 'Default', 'user_id': '006680bb7a3c4544b042ee1b06357b7d', 'system': None}, Network: None, Subnet: None, Router: None
2025-11-22 06:32:54.790 66810 INFO tempest.lib.common.dynamic_creds [-] Created isolated network resources for: credentials: Credentials: {'domain_id': 'default', 'domain_name': 'Default', 'username': 'tempest-QuotaClassesAdminTestJSON-291218112-project-member', 'project_domain_id': 'default', 'project_domain_name': 'Default', 'project_id': 'f8a97a8875214cfba2d9f012b835d1dc', 'project_name': 'tempest-QuotaClassesAdminTestJSON-291218112', 'tenant_id': 'f8a97a8875214cfba2d9f012b835d1dc', 'tenant_name': 'tempest-QuotaClassesAdminTestJSON-291218112', 'user_domain_id': 'default', 'user_domain_name': 'Default', 'user_id': '006680bb7a3c4544b042ee1b06357b7d', 'system': None}, Network: None, Subnet: None, Router: None
2025-11-22 06:32:54.885 66810 INFO tempest.lib.common.rest_client [req-d915099a-97de-4d71-99d8-0be0a39e84b3 req-d915099a-97de-4d71-99d8-0be0a39e84b3 ] Request (QuotaClassesAdminTestJSON:setUpClass): 201 POST http://10.180.1.21/identity/v3/auth/tokens 0.091s
2025-11-22 06:32:54.935 66775 INFO tempest.lib.common.rest_client [req-1083858d-1817-4cce-bd36-d220a7a76154 req-1083858d-1817-4cce-bd36-d220a7a76154 ] Request (ImagesOneServerTestJSON:setUpClass): 200 PUT http://10.180.1.21/networking/v2.0/routers/99087e38-fad3-4d2a-b6df-a9980971ce46/add_router_interface 1.304s
2025-11-22 06:32:54.935 66775 INFO tempest.lib.common.dynamic_creds [-] Created isolated network resources for: credentials: Credentials: {'domain_id': 'default', 'domain_name': 'Default', 'username': 'tempest-ImagesOneServerTestJSON-962917959-project-member', 'project_domain_id': 'default', 'project_domain_name': 'Default', 'project_id': 'b1504a2d9a8447be9247134bf6468fdc', 'project_name': 'tempest-ImagesOneServerTestJSON-962917959', 'tenant_id': 'b1504a2d9a8447be9247134bf6468fdc', 'tenant_name': 'tempest-ImagesOneServerTestJSON-962917959', 'user_domain_id': 'default', 'user_domain_name': 'Default', 'user_id': '5e2825275e7340f581d8fef439f4e51f', 'system': None}, Network: {'id': 'c4320095-5a9f-49e1-8746-3e0f70604cf4', 'name': 'tempest-ImagesOneServerTestJSON-1039595320-network', 'tenant_id': 'b1504a2d9a8447be9247134bf6468fdc', 'project_id': 'b1504a2d9a8447be9247134bf6468fdc', 'admin_state_up': True, 'mtu': 8950, 'status': 'ACTIVE', 'subnets': [], 'shared': False, 'port_security_enabled': True, 'router:external': False, 'provider:network_type': 'vlan', 'provider:physical_network': 'default', 'provider:segmentation_id': 257, 'availability_zone_hints': [], 'availability_zones': [], 'ipv4_address_scope': None, 'ipv6_address_scope': None, 'description': '', 'tags': [], 'created_at': '2025-11-22T06:32:52Z', 'updated_at': '2025-11-22T06:32:52Z', 'revision_number': 1}, Subnet: {'id': '280b3847-76d2-456d-8d86-5f4c31e748f6', 'name': 'tempest-ImagesOneServerTestJSON-1039595320-subnet', 'tenant_id': 'b1504a2d9a8447be9247134bf6468fdc', 'network_id': 'c4320095-5a9f-49e1-8746-3e0f70604cf4', 'ip_version': 4, 'subnetpool_id': None, 'enable_dhcp': True, 'ipv6_ra_mode': None, 'ipv6_address_mode': None, 'gateway_ip': '192.168.128.1', 'cidr': '192.168.128.0/28', 'allocation_pools': [{'start': '192.168.128.2', 'end': '192.168.128.14'}], 'host_routes': [], 'dns_nameservers': [], 'description': '', 'router:external': False, 'service_types': [], 'tags': [], 'created_at': '2025-11-22T06:32:52Z', 'updated_at': '2025-11-22T06:32:52Z', 'revision_number': 0, 'project_id': 'b1504a2d9a8447be9247134bf6468fdc'}, Router: {'id': '99087e38-fad3-4d2a-b6df-a9980971ce46', 'name': 'tempest-ImagesOneServerTestJSON-1039595320-router', 'tenant_id': 'b1504a2d9a8447be9247134bf6468fdc', 'admin_state_up': True, 'status': 'ACTIVE', 'external_gateway_info': {'network_id': '96d6059f-02e8-4992-9c1d-cd2cbd21a54f', 'external_fixed_ips': [{'subnet_id': '8a4cb86b-6c9c-4d22-bc39-85dca5da1c45', 'ip_address': '10.180.180.181'}], 'enable_snat': True}, 'description': '', 'availability_zones': [], 'distributed': False, 'ha': False, 'availability_zone_hints': [], 'routes': [], 'flavor_id': None, 'tags': [], 'created_at': '2025-11-22T06:32:52Z', 'updated_at': '2025-11-22T06:32:53Z', 'revision_number': 2, 'project_id': 'b1504a2d9a8447be9247134bf6468fdc'}
2025-11-22 06:32:54.973 66810 INFO tempest.lib.common.rest_client [req-f5f3070b-c3f0-4837-b5b3-999738930f01 req-f5f3070b-c3f0-4837-b5b3-999738930f01 ] Request (QuotaClassesAdminTestJSON:setUpClass): 201 POST http://10.180.1.21/identity/v3/projects 0.087s
2025-11-22 06:32:55.021 66775 INFO tempest.lib.common.rest_client [req-d7149042-789d-4d33-9176-bbd63c016d62 req-d7149042-789d-4d33-9176-bbd63c016d62 ] Request (ImagesOneServerTestJSON:setUpClass): 201 POST http://10.180.1.21/identity/v3/auth/tokens 0.080s
2025-11-22 06:32:55.043 66810 INFO tempest.lib.common.rest_client [req-35b0633d-982e-4571-b738-2cace91ab729 req-35b0633d-982e-4571-b738-2cace91ab729 ] Request (QuotaClassesAdminTestJSON:setUpClass): 201 POST http://10.180.1.21/identity/v3/users 0.069s
2025-11-22 06:32:55.059 66775 INFO tempest.lib.common.rest_client [req-4318105a-b25a-4fcd-be6e-da0633b4292c req-4318105a-b25a-4fcd-be6e-da0633b4292c ] Request (ImagesOneServerTestJSON:setUpClass): 201 POST http://10.180.1.21/identity/v3/auth/tokens 0.031s
2025-11-22 06:32:55.060 66775 INFO tempest.lib.common.fixed_network [-] (ImagesOneServerTestJSON:setUpClass) Found network {'id': 'c4320095-5a9f-49e1-8746-3e0f70604cf4', 'name': 'tempest-ImagesOneServerTestJSON-1039595320-network', 'tenant_id': 'b1504a2d9a8447be9247134bf6468fdc', 'project_id': 'b1504a2d9a8447be9247134bf6468fdc', 'admin_state_up': True, 'mtu': 8950, 'status': 'ACTIVE', 'subnets': [], 'shared': False, 'port_security_enabled': True, 'router:external': False, 'provider:network_type': 'vlan', 'provider:physical_network': 'default', 'provider:segmentation_id': 257, 'availability_zone_hints': [], 'availability_zones': [], 'ipv4_address_scope': None, 'ipv6_address_scope': None, 'description': '', 'tags': [], 'created_at': '2025-11-22T06:32:52Z', 'updated_at': '2025-11-22T06:32:52Z', 'revision_number': 1} available for tenant
2025-11-22 06:32:55.073 66810 INFO tempest.lib.common.rest_client [req-6bb1449d-0d34-46d8-9daa-729ea8a2220e req-6bb1449d-0d34-46d8-9daa-729ea8a2220e ] Request (QuotaClassesAdminTestJSON:setUpClass): 200 GET http://10.180.1.21/identity/v3/roles 0.029s
2025-11-22 06:32:55.120 66810 INFO tempest.lib.common.rest_client [req-7557c119-b3b0-43e9-8acf-4a94c601c172 req-7557c119-b3b0-43e9-8acf-4a94c601c172 ] Request (QuotaClassesAdminTestJSON:setUpClass): 204 PUT http://10.180.1.21/identity/v3/projects/53b8c0e5f1c847168c8bfa1bf3ae2faf/users/7fe2431da2054332a710091e09782bdd/roles/844c5b6baaaf4509b5930c828ff99245 0.047s
2025-11-22 06:32:55.207 66810 INFO tempest.lib.common.rest_client [req-08e25d76-9ee2-46b1-88e1-7e15ba354bef req-08e25d76-9ee2-46b1-88e1-7e15ba354bef ] Request (QuotaClassesAdminTestJSON:setUpClass): 200 GET http://10.180.1.21/identity/v3/roles 0.085s
2025-11-22 06:32:55.235 66810 INFO tempest.lib.common.rest_client [req-a22c7756-26d2-4fd9-a21a-2b8de6b75e23 req-a22c7756-26d2-4fd9-a21a-2b8de6b75e23 ] Request (QuotaClassesAdminTestJSON:setUpClass): 204 PUT http://10.180.1.21/identity/v3/projects/53b8c0e5f1c847168c8bfa1bf3ae2faf/users/7fe2431da2054332a710091e09782bdd/roles/844c5b6baaaf4509b5930c828ff99245 0.028s
2025-11-22 06:32:55.235 66810 INFO tempest.lib.common.dynamic_creds [-] Dynamic test user 7fe2431da2054332a710091e09782bdd is created with scope project and roles: ['admin']
2025-11-22 06:32:55.236 66810 INFO tempest.lib.common.dynamic_creds [-] Acquired dynamic creds: credentials: Credentials: {'domain_id': 'default', 'domain_name': 'Default', 'username': 'tempest-QuotaClassesAdminTestJSON-2099067687-project-admin', 'project_domain_id': 'default', 'project_domain_name': 'Default', 'project_id': '53b8c0e5f1c847168c8bfa1bf3ae2faf', 'project_name': 'tempest-QuotaClassesAdminTestJSON-2099067687', 'tenant_id': '53b8c0e5f1c847168c8bfa1bf3ae2faf', 'tenant_name': 'tempest-QuotaClassesAdminTestJSON-2099067687', 'user_domain_id': 'default', 'user_domain_name': 'Default', 'user_id': '7fe2431da2054332a710091e09782bdd', 'system': None}, Network: None, Subnet: None, Router: None
2025-11-22 06:32:55.236 66810 INFO tempest.lib.common.dynamic_creds [-] Created isolated network resources for: credentials: Credentials: {'domain_id': 'default', 'domain_name': 'Default', 'username': 'tempest-QuotaClassesAdminTestJSON-2099067687-project-admin', 'project_domain_id': 'default', 'project_domain_name': 'Default', 'project_id': '53b8c0e5f1c847168c8bfa1bf3ae2faf', 'project_name': 'tempest-QuotaClassesAdminTestJSON-2099067687', 'tenant_id': '53b8c0e5f1c847168c8bfa1bf3ae2faf', 'tenant_name': 'tempest-QuotaClassesAdminTestJSON-2099067687', 'user_domain_id': 'default', 'user_domain_name': 'Default', 'user_id': '7fe2431da2054332a710091e09782bdd', 'system': None}, Network: None, Subnet: None, Router: None
2025-11-22 06:32:55.366 66785 INFO tempest.lib.common.rest_client [req-0831beda-b6e6-4581-97e8-6c1c84720940 req-0831beda-b6e6-4581-97e8-6c1c84720940 ] Request (SecurityGroupsTestJSON:test_security_groups_create_list_delete): 202 DELETE http://10.180.1.21/compute/v2.1/os-security-groups/618a10c4-c73d-4f8f-96af-dbd5672a240f 3.273s
2025-11-22 06:32:55.385 66810 INFO tempest.lib.common.rest_client [req-93f72764-224d-4b3c-8e73-2478d03ace4e req-93f72764-224d-4b3c-8e73-2478d03ace4e ] Request (QuotaClassesAdminTestJSON:setUpClass): 201 POST http://10.180.1.21/identity/v3/auth/tokens 0.144s
2025-11-22 06:32:55.449 66777 INFO tempest.lib.common.rest_client [req-2da3f78e-9ce7-4745-89d7-c61c72e360d8 req-2da3f78e-9ce7-4745-89d7-c61c72e360d8 ] Request (ServersAdminTestJSON:test_list_servers_by_admin): 200 GET http://10.180.1.21/compute/v2.1/servers/detail 2.626s
2025-11-22 06:32:55.451 66801 INFO tempest.lib.common.rest_client [req-ac933a7c-f9c7-4e11-a8a5-ad38ac80e405 req-ac933a7c-f9c7-4e11-a8a5-ad38ac80e405 ] Request (ServersV294TestFqdnHostnames:setUpClass): 200 PUT http://10.180.1.21/networking/v2.0/routers/d211e3ba-4698-41ef-ab46-6a09aa05771d/add_router_interface 1.451s
2025-11-22 06:32:55.452 66801 INFO tempest.lib.common.dynamic_creds [-] Created isolated network resources for: credentials: Credentials: {'domain_id': 'default', 'domain_name': 'Default', 'username': 'tempest-ServersV294TestFqdnHostnames-2104051553-project-member', 'project_domain_id': 'default', 'project_domain_name': 'Default', 'project_id': '5334462c235a406c9e6e02b5c671fb39', 'project_name': 'tempest-ServersV294TestFqdnHostnames-2104051553', 'tenant_id': '5334462c235a406c9e6e02b5c671fb39', 'tenant_name': 'tempest-ServersV294TestFqdnHostnames-2104051553', 'user_domain_id': 'default', 'user_domain_name': 'Default', 'user_id': '257369225a984d7c849b44e42e5962d7', 'system': None}, Network: {'id': 'c7a07537-8631-47cf-9b9a-30a99fa21a42', 'name': 'tempest-ServersV294TestFqdnHostnames-953837946-network', 'tenant_id': '5334462c235a406c9e6e02b5c671fb39', 'project_id': '5334462c235a406c9e6e02b5c671fb39', 'admin_state_up': True, 'mtu': 8950, 'status': 'ACTIVE', 'subnets': [], 'shared': False, 'port_security_enabled': True, 'router:external': False, 'provider:network_type': 'vlan', 'provider:physical_network': 'default', 'provider:segmentation_id': 985, 'availability_zone_hints': [], 'availability_zones': [], 'ipv4_address_scope': None, 'ipv6_address_scope': None, 'description': '', 'tags': [], 'created_at': '2025-11-22T06:32:52Z', 'updated_at': '2025-11-22T06:32:52Z', 'revision_number': 1}, Subnet: {'id': '06bae1f3-3b31-4fd7-9ed4-0768a5011bdc', 'name': 'tempest-ServersV294TestFqdnHostnames-953837946-subnet', 'tenant_id': '5334462c235a406c9e6e02b5c671fb39', 'network_id': 'c7a07537-8631-47cf-9b9a-30a99fa21a42', 'ip_version': 4, 'subnetpool_id': None, 'enable_dhcp': True, 'ipv6_ra_mode': None, 'ipv6_address_mode': None, 'gateway_ip': '192.168.128.1', 'cidr': '192.168.128.0/28', 'allocation_pools': [{'start': '192.168.128.2', 'end': '192.168.128.14'}], 'host_routes': [], 'dns_nameservers': [], 'description': '', 'router:external': False, 'service_types': [], 'tags': [], 'created_at': '2025-11-22T06:32:52Z', 'updated_at': '2025-11-22T06:32:52Z', 'revision_number': 0, 'project_id': '5334462c235a406c9e6e02b5c671fb39'}, Router: {'id': 'd211e3ba-4698-41ef-ab46-6a09aa05771d', 'name': 'tempest-ServersV294TestFqdnHostnames-953837946-router', 'tenant_id': '5334462c235a406c9e6e02b5c671fb39', 'admin_state_up': True, 'status': 'ACTIVE', 'external_gateway_info': {'network_id': '96d6059f-02e8-4992-9c1d-cd2cbd21a54f', 'external_fixed_ips': [{'subnet_id': '8a4cb86b-6c9c-4d22-bc39-85dca5da1c45', 'ip_address': '10.180.180.167'}], 'enable_snat': True}, 'description': '', 'availability_zones': [], 'distributed': False, 'ha': False, 'availability_zone_hints': [], 'routes': [], 'flavor_id': None, 'tags': [], 'created_at': '2025-11-22T06:32:53Z', 'updated_at': '2025-11-22T06:32:53Z', 'revision_number': 2, 'project_id': '5334462c235a406c9e6e02b5c671fb39'}
2025-11-22 06:32:55.455 66793 INFO tempest.lib.common.rest_client [req-782b88a6-92d7-4598-b2c2-208ebee83112 req-782b88a6-92d7-4598-b2c2-208ebee83112 ] Request (ServersAdmin275Test:test_rebuild_update_server_275): 200 GET http://10.180.1.21/compute/v2.1/servers/5eca1810-d57a-4b03-92e1-1c933e6b2638 2.700s
2025-11-22 06:32:55.555 66801 INFO tempest.lib.common.rest_client [req-f807a267-742f-4037-a00b-54ddc4f9ee65 req-f807a267-742f-4037-a00b-54ddc4f9ee65 ] Request (ServersV294TestFqdnHostnames:setUpClass): 201 POST http://10.180.1.21/identity/v3/auth/tokens 0.096s
2025-11-22 06:32:55.725 66823 INFO tempest.lib.common.rest_client [req-c30453bf-cbe3-4407-9b38-7174420331a0 req-c30453bf-cbe3-4407-9b38-7174420331a0 ] Request (ServersNegativeTestMultiTenantJSON:setUpClass): 200 GET http://10.180.1.21/compute/v2.1/servers/e4bb9442-dedd-40c5-8729-ee8b6c8a54a9 2.840s
2025-11-22 06:32:55.733 66823 INFO tempest.common.waiters [-] State transition "BUILD/spawning" ==> "ACTIVE/None" after 36 second wait
2025-11-22 06:32:55.788 66783 INFO tempest.lib.common.rest_client [req-c1b4215e-0c43-42c2-84db-b58566b138c6 req-c1b4215e-0c43-42c2-84db-b58566b138c6 ] Request (ServerRescueTestJSONUnderV235:setUpClass): 200 GET http://10.180.1.21/compute/v2.1/servers/4fb27e65-98ef-4121-b77e-b41436a331fc 2.860s
2025-11-22 06:32:55.880 66829 INFO tempest.lib.common.rest_client [req-028dc4d8-7bde-47ce-9d6c-e95d7570c5a5 req-028dc4d8-7bde-47ce-9d6c-e95d7570c5a5 ] Request (AttachInterfacesTestJSON:test_create_list_show_delete_interfaces_by_fixed_ip): 200 GET http://10.180.1.21/compute/v2.1/servers/9379bd73-c87f-4d0c-8515-4c9084c79ec0 2.855s
2025-11-22 06:32:55.954 66803 INFO tempest.lib.common.rest_client [req-208a7fb9-4c51-4c24-9a99-1fd80c4cdaa4 req-208a7fb9-4c51-4c24-9a99-1fd80c4cdaa4 ] Request (FloatingIPsAssociationTestJSON:test_associate_already_associated_floating_ip): 200 GET http://10.180.1.21/compute/v2.1/servers/cb840df9-d0ed-4fcc-b7c5-153e0e038c69 2.825s
2025-11-22 06:32:56.020 66791 INFO tempest.lib.common.rest_client [req-9afb7cd0-97ed-461f-9db0-01fff8f13aa5 req-9afb7cd0-97ed-461f-9db0-01fff8f13aa5 ] Request (ServersAdminNegativeTestJSON:tearDownClass): 200 GET http://10.180.1.21/compute/v2.1/servers/70664403-5788-4539-b565-9a61e163dd50 2.850s
2025-11-22 06:32:56.037 66817 INFO tempest.lib.common.rest_client [req-6213822b-dc0d-48db-9160-f5349f4fc626 req-6213822b-dc0d-48db-9160-f5349f4fc626 ] Request (KeyPairsV2TestJSON:test_keypairs_create_list_delete): 200 GET http://10.180.1.21/compute/v2.1/os-keypairs 2.823s
2025-11-22 06:32:56.165 66813 INFO tempest.lib.common.rest_client [req-81af78d7-2318-4ecc-9c4a-5fa05b86e775 req-81af78d7-2318-4ecc-9c4a-5fa05b86e775 ] Request (ServersListShow296Test:tearDownClass): 200 GET http://10.180.1.21/compute/v2.1/servers/cafb2df1-c2e0-4be7-986f-3ad3b72b83cb 2.944s
2025-11-22 06:32:56.186 66833 INFO tempest.lib.common.rest_client [req-4bdd8ea6-a2f3-4f73-ae54-d494a0c9b3d2 req-4bdd8ea6-a2f3-4f73-ae54-d494a0c9b3d2 ] Request (KeyPairsV22TestJSON:test_keypairsv22_create_list_show_with_type): 201 POST http://10.180.1.21/compute/v2.1/os-keypairs 3.135s
2025-11-22 06:32:56.189 66773 INFO tempest.lib.common.rest_client [req-05c19c40-2e2f-4133-a64f-0a5442571094 req-05c19c40-2e2f-4133-a64f-0a5442571094 ] Request (ServerRescueTestJSON:tearDownClass): 404 GET http://10.180.1.21/compute/v2.1/servers/38ad9f29-8dd5-42a7-aaaf-faa9687e18dc 2.964s
2025-11-22 06:32:56.212 66779 INFO tempest.lib.common.rest_client [req-21f3502f-92aa-4a73-9490-ab510b699de8 req-21f3502f-92aa-4a73-9490-ab510b699de8 ] Request (TenantUsagesTestJSON:tearDownClass): 404 GET http://10.180.1.21/compute/v2.1/servers/2f03a33a-067b-4986-a56e-20cbe9da07bb 2.838s
2025-11-22 06:32:56.298 66831 INFO tempest.lib.common.rest_client [req-dbb2c704-73f7-4302-a970-7a76b2c47e70 req-dbb2c704-73f7-4302-a970-7a76b2c47e70 ] Request (ServerShowV254Test:test_rebuild_server): 200 GET http://10.180.1.21/compute/v2.1/servers/d112987d-8568-47b8-a9cc-a6172e8ce788 2.647s
2025-11-22 06:32:56.308 66831 INFO tempest.common.waiters [-] State transition "REBUILD/rebuild_spawning" ==> "ACTIVE/None" after 10 second wait
2025-11-22 06:32:56.377 66807 INFO tempest.lib.common.rest_client [req-eb4ad5cd-e31f-43a0-ac9d-650746140aad req-eb4ad5cd-e31f-43a0-ac9d-650746140aad ] Request (ImagesOneServerNegativeTestJSON:setUpClass): 200 GET http://10.180.1.21/compute/v2.1/servers/e5c6ed6b-73c9-47d0-b166-ff873422b943 2.950s
2025-11-22 06:32:56.388 66779 INFO tempest.lib.common.rest_client [req-738c6b39-3299-4345-a72a-be92c6b75604 req-738c6b39-3299-4345-a72a-be92c6b75604 ] Request (TenantUsagesTestJSON:tearDownClass): 204 DELETE http://10.180.1.21/identity/v3/users/5cedaece671b45ceb3c71c2ab8842c0d 0.175s
2025-11-22 06:32:56.400 66811 INFO tempest.lib.common.rest_client [req-1d61becb-25cb-42ac-a582-c294925a5342 req-1d61becb-25cb-42ac-a582-c294925a5342 ] Request (DeleteServersTestJSON:test_delete_active_server): 200 GET http://10.180.1.21/compute/v2.1/servers/805b6183-6cc6-4071-a958-347adac9e524 2.628s
2025-11-22 06:32:56.442 66788 INFO tempest.lib.common.rest_client [req-90213ae4-63a3-4d7c-b0fe-f639d15e3bf4 req-90213ae4-63a3-4d7c-b0fe-f639d15e3bf4 ] Request (AttachInterfacesV270Test:tearDownClass): 404 GET http://10.180.1.21/compute/v2.1/servers/041b1431-811c-4b4b-a090-9d3642c9adfd 2.397s
2025-11-22 06:32:56.471 66781 INFO tempest.lib.common.rest_client [req-093fc5f3-f03d-4d8f-938b-b5834641d5bb req-093fc5f3-f03d-4d8f-938b-b5834641d5bb ] Request (MigrationsAdminTest:test_resize_server_revert_deleted_flavor): 200 POST http://10.180.1.21/compute/v2.1/flavors 2.179s
2025-11-22 06:32:56.510 66819 WARNING tempest.lib.common.ssh [-] Failed to establish authenticated ssh connection to cirros@10.180.180.164 ([Errno None] Unable to connect to port 22 on 10.180.180.164). Number attempts: 3. Retry after 4 seconds.: paramiko.ssh_exception.NoValidConnectionsError: [Errno None] Unable to connect to port 22 on 10.180.180.164
2025-11-22 06:32:56.562 66805 INFO tempest.lib.common.rest_client [req-19493c2f-c769-4ae0-a3eb-ab6f7fe72ccf req-19493c2f-c769-4ae0-a3eb-ab6f7fe72ccf ] Request (QuotasTestJSON:test_get_default_quotas): 200 GET http://10.180.1.21/compute/v2.1/os-quota-sets/d8ba43848c234c7793cfecb2bc2dd720/defaults 2.698s
2025-11-22 06:32:56.566 66779 INFO tempest.lib.common.rest_client [req-e36de7a1-6bdc-4db9-9f7a-880b3b603284 req-e36de7a1-6bdc-4db9-9f7a-880b3b603284 ] Request (TenantUsagesTestJSON:tearDownClass): 204 DELETE http://10.180.1.21/identity/v3/users/99717ec2db904f45b58f91f4e95b0469 0.177s
2025-11-22 06:32:56.566 66779 INFO tempest.lib.common.dynamic_creds [-] Deleting project and security group for project: 563618c1576e4f18b3b06537a6f174bc
2025-11-22 06:32:56.657 66779 INFO tempest.lib.common.rest_client [req-20ea760f-c974-4feb-a086-748f13cf3b34 req-20ea760f-c974-4feb-a086-748f13cf3b34 ] Request (TenantUsagesTestJSON:tearDownClass): 201 POST http://10.180.1.21/identity/v3/auth/tokens 0.091s
2025-11-22 06:32:56.709 66821 INFO tempest.lib.common.rest_client [req-67e4cef4-0891-4946-8e62-fd6226376d21 req-67e4cef4-0891-4946-8e62-fd6226376d21 ] Request (ServerGroupTestJSON:_run_cleanups): 200 GET http://10.180.1.21/compute/v2.1/servers/f5791fd9-577b-44cc-9172-f9f5626abc19 2.023s
2025-11-22 06:32:56.721 66821 INFO tempest.common.waiters [-] State transition "ACTIVE/deleting" ==> "DELETED/None" after 3 second wait
2025-11-22 06:32:56.754 66827 WARNING tempest.lib.common.ssh [-] Failed to establish authenticated ssh connection to cirros@10.180.180.145 ([Errno None] Unable to connect to port 22 on 10.180.180.145). Number attempts: 4. Retry after 5 seconds.: paramiko.ssh_exception.NoValidConnectionsError: [Errno None] Unable to connect to port 22 on 10.180.180.145
2025-11-22 06:32:56.764 66815 WARNING tempest.lib.common.ssh [-] Failed to establish authenticated ssh connection to cirros@10.180.180.172 ([Errno None] Unable to connect to port 22 on 10.180.180.172). Number attempts: 8. Retry after 9 seconds.: paramiko.ssh_exception.NoValidConnectionsError: [Errno None] Unable to connect to port 22 on 10.180.180.172
2025-11-22 06:32:57.239 66779 INFO tempest.lib.common.rest_client [req-79e4addb-9896-47a6-b6bb-505073044644 req-79e4addb-9896-47a6-b6bb-505073044644 ] Request (TenantUsagesTestJSON:tearDownClass): 200 GET http://10.180.1.21/networking/v2.0/security-groups?tenant_id=563618c1576e4f18b3b06537a6f174bc&name=default 0.581s
2025-11-22 06:32:57.332 66795 INFO tempest.lib.common.rest_client [req-3580c4f7-5dd9-45e2-934d-0cb0fe5cca1f req-3580c4f7-5dd9-45e2-934d-0cb0fe5cca1f ] Request (ServersTestMultiNic:test_verify_duplicate_network_nics): 200 GET http://10.180.1.21/compute/v2.1/servers/87712a95-0d28-4647-b5e5-37f92c4eb875 2.493s
2025-11-22 06:32:57.351 66788 INFO tempest.lib.common.rest_client [req-7efbbcd7-eff3-476e-b8c1-c90ad22aa8a5 req-7efbbcd7-eff3-476e-b8c1-c90ad22aa8a5 ] Request (AttachInterfacesV270Test:tearDownClass): 200 PUT http://10.180.1.21/networking/v2.0/routers/30f5051d-283a-4846-ba93-0a16f4832141/remove_router_interface 0.908s
