2025-12-12 16:57:54.446 65524 INFO tempest.lib.common.rest_client [req-f1a4cae7-5d86-4ef3-8357-da1cd2048222 req-f1a4cae7-5d86-4ef3-8357-da1cd2048222 ] Request (ServerGroupTestJSON:test_create_server_with_scheduler_hint_group): 200 GET http://10.180.1.21/compute/v2.1/servers/6bef7f6e-f1b2-4ce6-b3eb-bf81fb921c40 0.634s
2025-12-12 16:57:54.477 65534 INFO tempest.lib.common.rest_client [req-f3270fb7-16f3-4eb9-86b6-4408a3c4d380 req-f3270fb7-16f3-4eb9-86b6-4408a3c4d380 ] Request (ListImageFiltersTestJSON:tearDownClass): 200 GET http://10.180.1.21/compute/v2.1/servers/1fe0960d-a18e-4c8a-aafd-c5484b24286e 0.589s
2025-12-12 16:57:54.545 65494 INFO tempest.lib.common.rest_client [req-156328d7-364e-4c3a-b9c5-94f66e46f2f0 req-156328d7-364e-4c3a-b9c5-94f66e46f2f0 ] Request (ServerMetadataTestJSON:tearDownClass): 200 GET http://10.180.1.21/compute/v2.1/servers/d940bba9-ca37-4693-9e2e-4c13ad72d03e 0.527s
2025-12-12 16:57:54.578 65518 INFO tempest.lib.common.rest_client [req-43a6a861-130b-4df7-8517-b07df76a7edb req-43a6a861-130b-4df7-8517-b07df76a7edb ] Request (ServerActionsTestOtherB:test_create_backup): 200 GET http://10.180.1.21/compute/v2.1/servers/eeb993e6-dd41-4a29-8205-b5a4e5e73f3b 0.620s
2025-12-12 16:57:54.623 65502 INFO tempest.lib.common.rest_client [req-3c0596f3-23b1-44d3-8d2b-725c7dec2064 req-3c0596f3-23b1-44d3-8d2b-725c7dec2064 ] Request (ImagesOneServerNegativeTestJSON:_run_cleanups): 200 GET http://10.180.1.21/compute/v2.1/servers/507bebe3-6f51-4ba5-ab6f-5503d621b5ba 0.509s
2025-12-12 16:57:54.661 65478 INFO tempest.lib.common.rest_client [req-4caae34a-128c-4cdb-b904-044f2e9efbbc req-4caae34a-128c-4cdb-b904-044f2e9efbbc ] Request (AttachInterfacesV270Test:tearDownClass): 200 GET http://10.180.1.21/compute/v2.1/servers/dc81ea0b-967d-4b0e-ae61-027bf9f0fe7d 0.456s
2025-12-12 16:57:54.719 65508 INFO tempest.lib.common.rest_client [req-ed8edcec-a7aa-4ef4-be63-8bb3b9671d8a req-ed8edcec-a7aa-4ef4-be63-8bb3b9671d8a ] Request (ServerDiskConfigTestJSON:test_rebuild_server_with_manual_disk_config): 200 GET http://10.180.1.21/compute/v2.1/servers/50f68407-ceb1-4426-b388-63c9aa9df7a8 0.477s
2025-12-12 16:57:54.748 65532 INFO tempest.lib.common.rest_client [req-f7d30cfe-7fd5-4cc3-965b-bd7e83e78734 req-f7d30cfe-7fd5-4cc3-965b-bd7e83e78734 ] Request (ServerExternalEventsTest:tearDownClass): 200 GET http://10.180.1.21/compute/v2.1/servers/cc22abaf-ef02-4961-bd16-153f90f29f40 0.382s
2025-12-12 16:57:54.787 65498 INFO tempest.lib.common.rest_client [req-963d74ea-aeb5-4c31-aac2-07297362fa7b req-963d74ea-aeb5-4c31-aac2-07297362fa7b ] Request (SecurityGroupsTestJSON:test_server_security_groups): 200 GET http://10.180.1.21/compute/v2.1/servers/c78e2fdf-fb9c-4c0d-9073-13a0baf013e1 0.252s
2025-12-12 16:57:54.842 65482 INFO tempest.lib.common.rest_client [req-e7ac9451-b090-44a9-9dfd-4b6bf3048d8f req-e7ac9451-b090-44a9-9dfd-4b6bf3048d8f ] Request (InstanceActionsTestJSON:tearDownClass): 200 GET http://10.180.1.21/compute/v2.1/servers/81a50887-b653-496c-99d4-cac705dac356 0.139s
2025-12-12 16:57:55.029 65496 INFO tempest.lib.common.rest_client [req-5253eb41-b617-4018-ae62-a12e5902569f req-5253eb41-b617-4018-ae62-a12e5902569f ] Request (ServersTestMultiNic:test_verify_multiple_nics_order): 200 GET http://10.180.1.21/compute/v2.1/servers/277da346-9e39-42a9-8df0-12486b9cc591 0.296s
2025-12-12 16:57:55.047 65514 INFO tempest.lib.common.rest_client [req-15517459-fba7-40c8-98b1-03831c79471a req-15517459-fba7-40c8-98b1-03831c79471a ] Request (ListServersNegativeTestJSON:setUpClass): 200 GET http://10.180.1.21/compute/v2.1/servers/08199d27-e25c-4e79-9a2b-e3e79a99e1bc 0.224s
2025-12-12 16:57:55.054 65514 INFO tempest.common.waiters [-] State transition "BUILD/networking" ==> "BUILD/spawning" after 39 second wait
2025-12-12 16:57:55.183 65488 INFO tempest.lib.common.rest_client [req-28a8848b-2390-4caa-91e4-133f14265850 req-28a8848b-2390-4caa-91e4-133f14265850 ] Request (DeleteServersTestJSON:test_delete_active_server): 200 GET http://10.180.1.21/compute/v2.1/servers/b45c553e-d7bd-4812-b3d6-fd6e0130c947 0.068s
2025-12-12 16:57:55.339 65516 INFO tempest.lib.common.rest_client [req-c9354f7e-2784-4364-a262-3320ff09e559 req-c9354f7e-2784-4364-a262-3320ff09e559 ] Request (ServersAdminNegativeTestJSON:tearDownClass): 200 GET http://10.180.1.21/compute/v2.1/servers/19b900ac-f507-4466-a5e8-e93f07c2476c 0.081s
2025-12-12 16:57:55.363 65512 INFO tempest.lib.common.rest_client [req-861253b2-d37d-4a77-90b8-b6caa780d5dc req-861253b2-d37d-4a77-90b8-b6caa780d5dc ] Request (MigrationsAdminTest:test_resize_server_revert_deleted_flavor): 200 GET http://10.180.1.21/compute/v2.1/servers/9a3f867e-c5cf-47bd-9ce1-af8ddef7e2d1 0.123s
2025-12-12 16:57:55.389 65492 INFO tempest.lib.common.rest_client [req-6bd1ff14-9423-405b-9509-7a9c9c4dd379 req-6bd1ff14-9423-405b-9509-7a9c9c4dd379 ] Request (ServerRescueTestJSON:test_rescue_unrescue_instance): 200 GET http://10.180.1.21/compute/v2.1/servers/e6937eb9-27e2-4454-9c7d-d583b7e50e11 0.077s
2025-12-12 16:57:55.400 65504 INFO tempest.lib.common.rest_client [req-f89d5e6b-d46a-4cdd-b5b3-c9b17adda2e3 req-f89d5e6b-d46a-4cdd-b5b3-c9b17adda2e3 ] Request (ImagesTestJSON:test_create_server_from_snapshot): 200 GET http://10.180.1.21/compute/v2.1/images/b98e47cf-bb1a-407c-a742-e8a784204e57 0.087s
2025-12-12 16:57:55.449 65474 INFO tempest.lib.common.rest_client [req-3f7aa97d-6cc1-4da9-8742-34adf69b6700 req-3f7aa97d-6cc1-4da9-8742-34adf69b6700 ] Request (ServerMetadataNegativeTestJSON:setUpClass): 200 GET http://10.180.1.21/compute/v2.1/servers/efce01b3-db69-4fc6-8dd8-d4b0e80abb48 0.056s
2025-12-12 16:57:55.484 65510 INFO tempest.lib.common.rest_client [req-c55727e0-6d2d-4d39-9e86-6f011a3d690d req-c55727e0-6d2d-4d39-9e86-6f011a3d690d ] Request (ServersAdminTestJSON:tearDownClass): 200 GET http://10.180.1.21/compute/v2.1/servers/3c0f4436-36b1-4fde-b2f0-716de3d895e1 0.069s
2025-12-12 16:57:55.514 65524 INFO tempest.lib.common.rest_client [req-2413f136-be63-4351-9a8e-3173cf31b9e3 req-2413f136-be63-4351-9a8e-3173cf31b9e3 ] Request (ServerGroupTestJSON:test_create_server_with_scheduler_hint_group): 200 GET http://10.180.1.21/compute/v2.1/servers/6bef7f6e-f1b2-4ce6-b3eb-bf81fb921c40 0.056s
2025-12-12 16:57:55.559 65534 INFO tempest.lib.common.rest_client [req-2b7482d9-a8f4-4735-803e-aa91dcb953c8 req-2b7482d9-a8f4-4735-803e-aa91dcb953c8 ] Request (ListImageFiltersTestJSON:tearDownClass): 200 GET http://10.180.1.21/compute/v2.1/servers/1fe0960d-a18e-4c8a-aafd-c5484b24286e 0.074s
2025-12-12 16:57:55.678 65494 INFO tempest.lib.common.rest_client [req-13a3705d-0869-4629-a5fe-26a27c9f8563 req-13a3705d-0869-4629-a5fe-26a27c9f8563 ] Request (ServerMetadataTestJSON:tearDownClass): 200 GET http://10.180.1.21/compute/v2.1/servers/d940bba9-ca37-4693-9e2e-4c13ad72d03e 0.123s
2025-12-12 16:57:55.769 65518 INFO tempest.lib.common.rest_client [req-88c7370b-0f26-4a31-90b9-1c7c0b645421 req-88c7370b-0f26-4a31-90b9-1c7c0b645421 ] Request (ServerActionsTestOtherB:test_create_backup): 200 GET http://10.180.1.21/compute/v2.1/servers/eeb993e6-dd41-4a29-8205-b5a4e5e73f3b 0.177s
2025-12-12 16:57:55.781 65502 INFO tempest.lib.common.rest_client [req-5b8154a1-c2c0-4cf5-90ad-f1b5932aebc3 req-5b8154a1-c2c0-4cf5-90ad-f1b5932aebc3 ] Request (ImagesOneServerNegativeTestJSON:_run_cleanups): 200 GET http://10.180.1.21/compute/v2.1/servers/507bebe3-6f51-4ba5-ab6f-5503d621b5ba 0.148s
2025-12-12 16:57:55.852 65508 INFO tempest.lib.common.rest_client [req-1d9382da-7832-4653-9624-9e992671d317 req-1d9382da-7832-4653-9624-9e992671d317 ] Request (ServerDiskConfigTestJSON:test_rebuild_server_with_manual_disk_config): 200 GET http://10.180.1.21/compute/v2.1/servers/50f68407-ceb1-4426-b388-63c9aa9df7a8 0.124s
2025-12-12 16:57:55.876 65478 INFO tempest.lib.common.rest_client [req-c50ecebd-0040-44f2-bd07-2cff6b3268fd req-c50ecebd-0040-44f2-bd07-2cff6b3268fd ] Request (AttachInterfacesV270Test:tearDownClass): 200 GET http://10.180.1.21/compute/v2.1/servers/dc81ea0b-967d-4b0e-ae61-027bf9f0fe7d 0.202s
2025-12-12 16:57:55.938 65532 INFO tempest.lib.common.rest_client [req-bd629bed-f1bb-41c5-b70f-442cfe14ee82 req-bd629bed-f1bb-41c5-b70f-442cfe14ee82 ] Request (ServerExternalEventsTest:tearDownClass): 200 GET http://10.180.1.21/compute/v2.1/servers/cc22abaf-ef02-4961-bd16-153f90f29f40 0.182s
2025-12-12 16:57:55.955 65498 INFO tempest.lib.common.rest_client [req-6052573f-ce5f-41b2-bb2b-52f812707933 req-6052573f-ce5f-41b2-bb2b-52f812707933 ] Request (SecurityGroupsTestJSON:test_server_security_groups): 200 GET http://10.180.1.21/compute/v2.1/servers/c78e2fdf-fb9c-4c0d-9073-13a0baf013e1 0.155s
2025-12-12 16:57:56.007 65482 INFO tempest.lib.common.rest_client [req-0719003e-aa82-4450-895b-9210aba69077 req-0719003e-aa82-4450-895b-9210aba69077 ] Request (InstanceActionsTestJSON:tearDownClass): 200 GET http://10.180.1.21/compute/v2.1/servers/81a50887-b653-496c-99d4-cac705dac356 0.157s
2025-12-12 16:57:56.144 65496 INFO tempest.lib.common.rest_client [req-85970c88-4f63-41a9-9714-d9e475f6d5c5 req-85970c88-4f63-41a9-9714-d9e475f6d5c5 ] Request (ServersTestMultiNic:test_verify_multiple_nics_order): 200 GET http://10.180.1.21/compute/v2.1/servers/277da346-9e39-42a9-8df0-12486b9cc591 0.107s
2025-12-12 16:57:56.155 65514 INFO tempest.lib.common.rest_client [req-10cc3de9-8252-4a70-b4ec-2fb7ac26a3f0 req-10cc3de9-8252-4a70-b4ec-2fb7ac26a3f0 ] Request (ListServersNegativeTestJSON:setUpClass): 200 GET http://10.180.1.21/compute/v2.1/servers/08199d27-e25c-4e79-9a2b-e3e79a99e1bc 0.100s
2025-12-12 16:57:56.257 65488 INFO tempest.lib.common.rest_client [req-73fd3aa6-6977-4e64-9de0-9500430b27d3 req-73fd3aa6-6977-4e64-9de0-9500430b27d3 ] Request (DeleteServersTestJSON:test_delete_active_server): 200 GET http://10.180.1.21/compute/v2.1/servers/b45c553e-d7bd-4812-b3d6-fd6e0130c947 0.065s
2025-12-12 16:57:56.280 65480 WARNING tempest.lib.common.ssh [-] Failed to establish authenticated ssh connection to cirros@10.180.180.158 ([Errno None] Unable to connect to port 22 on 10.180.180.158). Number attempts: 1. Retry after 2 seconds.: paramiko.ssh_exception.NoValidConnectionsError: [Errno None] Unable to connect to port 22 on 10.180.180.158
2025-12-12 16:57:56.410 65516 INFO tempest.lib.common.rest_client [req-7bb8cc9c-14db-4a70-aa21-eb5b97fbd081 req-7bb8cc9c-14db-4a70-aa21-eb5b97fbd081 ] Request (ServersAdminNegativeTestJSON:tearDownClass): 200 GET http://10.180.1.21/compute/v2.1/servers/19b900ac-f507-4466-a5e8-e93f07c2476c 0.064s
2025-12-12 16:57:56.497 65492 INFO tempest.lib.common.rest_client [req-64bacb0c-c4a5-4bc4-86cc-dd983ae034b1 req-64bacb0c-c4a5-4bc4-86cc-dd983ae034b1 ] Request (ServerRescueTestJSON:test_rescue_unrescue_instance): 200 GET http://10.180.1.21/compute/v2.1/servers/e6937eb9-27e2-4454-9c7d-d583b7e50e11 0.099s
2025-12-12 16:57:56.523 65512 INFO tempest.lib.common.rest_client [req-842b3f5a-7deb-4fb0-92bf-29919ffccc69 req-842b3f5a-7deb-4fb0-92bf-29919ffccc69 ] Request (MigrationsAdminTest:test_resize_server_revert_deleted_flavor): 200 GET http://10.180.1.21/compute/v2.1/servers/9a3f867e-c5cf-47bd-9ce1-af8ddef7e2d1 0.152s
2025-12-12 16:57:56.536 65504 INFO tempest.lib.common.rest_client [req-ac1ed2f5-1644-4b93-ab7b-b4025d15d4c1 req-ac1ed2f5-1644-4b93-ab7b-b4025d15d4c1 ] Request (ImagesTestJSON:test_create_server_from_snapshot): 200 GET http://10.180.1.21/compute/v2.1/images/b98e47cf-bb1a-407c-a742-e8a784204e57 0.129s
2025-12-12 16:57:56.580 65474 INFO tempest.lib.common.rest_client [req-dfd12c63-8d19-42e2-93fc-7d34fb08f24f req-dfd12c63-8d19-42e2-93fc-7d34fb08f24f ] Request (ServerMetadataNegativeTestJSON:setUpClass): 200 GET http://10.180.1.21/compute/v2.1/servers/efce01b3-db69-4fc6-8dd8-d4b0e80abb48 0.122s
2025-12-12 16:57:56.590 65474 INFO tempest.common.waiters [-] State transition "BUILD/None" ==> "BUILD/networking" after 39 second wait
2025-12-12 16:57:56.605 65510 INFO tempest.lib.common.rest_client [req-e22ed61c-7ea0-4142-8851-cbe42d21ede2 req-e22ed61c-7ea0-4142-8851-cbe42d21ede2 ] Request (ServersAdminTestJSON:tearDownClass): 200 GET http://10.180.1.21/compute/v2.1/servers/3c0f4436-36b1-4fde-b2f0-716de3d895e1 0.109s
2025-12-12 16:57:56.632 65524 INFO tempest.lib.common.rest_client [req-91f4dabc-7244-46df-bab4-12260f563276 req-91f4dabc-7244-46df-bab4-12260f563276 ] Request (ServerGroupTestJSON:test_create_server_with_scheduler_hint_group): 200 GET http://10.180.1.21/compute/v2.1/servers/6bef7f6e-f1b2-4ce6-b3eb-bf81fb921c40 0.105s
2025-12-12 16:57:56.664 65534 INFO tempest.lib.common.rest_client [req-8c59f1db-2ef7-4d1f-be77-d351f8ce7b5a req-8c59f1db-2ef7-4d1f-be77-d351f8ce7b5a ] Request (ListImageFiltersTestJSON:tearDownClass): 200 GET http://10.180.1.21/compute/v2.1/servers/1fe0960d-a18e-4c8a-aafd-c5484b24286e 0.097s
2025-12-12 16:57:56.757 65494 INFO tempest.lib.common.rest_client [req-f6eeb2e0-d315-4874-a57a-930f18bef931 req-f6eeb2e0-d315-4874-a57a-930f18bef931 ] Request (ServerMetadataTestJSON:tearDownClass): 200 GET http://10.180.1.21/compute/v2.1/servers/d940bba9-ca37-4693-9e2e-4c13ad72d03e 0.067s
2025-12-12 16:57:56.907 65502 INFO tempest.lib.common.rest_client [req-e78704e0-cc43-47b9-9235-3767195a8113 req-e78704e0-cc43-47b9-9235-3767195a8113 ] Request (ImagesOneServerNegativeTestJSON:_run_cleanups): 200 GET http://10.180.1.21/compute/v2.1/servers/507bebe3-6f51-4ba5-ab6f-5503d621b5ba 0.113s
2025-12-12 16:57:56.985 65484 WARNING tempest.lib.common.ssh [-] Failed to establish authenticated ssh connection to cirros@10.180.180.156 ([Errno None] Unable to connect to port 22 on 10.180.180.156). Number attempts: 6. Retry after 7 seconds.: paramiko.ssh_exception.NoValidConnectionsError: [Errno None] Unable to connect to port 22 on 10.180.180.156
2025-12-12 16:57:56.987 65518 INFO tempest.lib.common.rest_client [req-e0b7f154-88b3-4347-b12d-a06117c0c102 req-e0b7f154-88b3-4347-b12d-a06117c0c102 ] Request (ServerActionsTestOtherB:test_create_backup): 200 GET http://10.180.1.21/compute/v2.1/servers/eeb993e6-dd41-4a29-8205-b5a4e5e73f3b 0.200s
2025-12-12 16:57:57.006 65508 INFO tempest.lib.common.rest_client [req-6198cdd1-d145-43b0-a359-8754591f377c req-6198cdd1-d145-43b0-a359-8754591f377c ] Request (ServerDiskConfigTestJSON:test_rebuild_server_with_manual_disk_config): 200 GET http://10.180.1.21/compute/v2.1/servers/50f68407-ceb1-4426-b388-63c9aa9df7a8 0.142s
2025-12-12 16:57:57.071 65478 INFO tempest.lib.common.rest_client [req-c51dc2fa-fd3d-4936-9c1b-18674f488efc req-c51dc2fa-fd3d-4936-9c1b-18674f488efc ] Request (AttachInterfacesV270Test:tearDownClass): 200 GET http://10.180.1.21/compute/v2.1/servers/dc81ea0b-967d-4b0e-ae61-027bf9f0fe7d 0.184s
2025-12-12 16:57:57.098 65532 INFO tempest.lib.common.rest_client [req-adf72675-9850-4d93-93eb-8f7253564f49 req-adf72675-9850-4d93-93eb-8f7253564f49 ] Request (ServerExternalEventsTest:tearDownClass): 200 GET http://10.180.1.21/compute/v2.1/servers/cc22abaf-ef02-4961-bd16-153f90f29f40 0.151s
2025-12-12 16:57:57.153 65498 INFO tempest.lib.common.rest_client [req-630c887b-789a-44c5-9ee9-679a27528064 req-630c887b-789a-44c5-9ee9-679a27528064 ] Request (SecurityGroupsTestJSON:test_server_security_groups): 200 GET http://10.180.1.21/compute/v2.1/servers/c78e2fdf-fb9c-4c0d-9073-13a0baf013e1 0.188s
2025-12-12 16:57:57.207 65482 INFO tempest.lib.common.rest_client [req-091db4a6-f3c7-4474-9d2b-d14b459bc0e9 req-091db4a6-f3c7-4474-9d2b-d14b459bc0e9 ] Request (InstanceActionsTestJSON:tearDownClass): 200 GET http://10.180.1.21/compute/v2.1/servers/81a50887-b653-496c-99d4-cac705dac356 0.192s
2025-12-12 16:57:57.361 65496 INFO tempest.lib.common.rest_client [req-c5400315-b37d-4821-9acb-7700d3a3d502 req-c5400315-b37d-4821-9acb-7700d3a3d502 ] Request (ServersTestMultiNic:test_verify_multiple_nics_order): 200 GET http://10.180.1.21/compute/v2.1/servers/277da346-9e39-42a9-8df0-12486b9cc591 0.208s
2025-12-12 16:57:57.404 65514 INFO tempest.lib.common.rest_client [req-3db1e737-0cb5-4224-81f0-ef6de06e1091 req-3db1e737-0cb5-4224-81f0-ef6de06e1091 ] Request (ListServersNegativeTestJSON:setUpClass): 200 GET http://10.180.1.21/compute/v2.1/servers/08199d27-e25c-4e79-9a2b-e3e79a99e1bc 0.240s
2025-12-12 16:57:57.434 65488 INFO tempest.lib.common.rest_client [req-f21a50d0-a886-465a-b761-91f1387ac004 req-f21a50d0-a886-465a-b761-91f1387ac004 ] Request (DeleteServersTestJSON:test_delete_active_server): 200 GET http://10.180.1.21/compute/v2.1/servers/b45c553e-d7bd-4812-b3d6-fd6e0130c947 0.169s
2025-12-12 16:57:57.506 65516 INFO tempest.lib.common.rest_client [req-6207a8c7-dcdc-4049-a269-03249aa5cbb6 req-6207a8c7-dcdc-4049-a269-03249aa5cbb6 ] Request (ServersAdminNegativeTestJSON:tearDownClass): 200 GET http://10.180.1.21/compute/v2.1/servers/19b900ac-f507-4466-a5e8-e93f07c2476c 0.087s
2025-12-12 16:57:57.576 65492 INFO tempest.lib.common.rest_client [req-188cfd2c-35cc-445b-9ea7-d9d4c0c78ad5 req-188cfd2c-35cc-445b-9ea7-d9d4c0c78ad5 ] Request (ServerRescueTestJSON:test_rescue_unrescue_instance): 200 GET http://10.180.1.21/compute/v2.1/servers/e6937eb9-27e2-4454-9c7d-d583b7e50e11 0.070s
2025-12-12 16:57:57.625 65504 INFO tempest.lib.common.rest_client [req-84c524d0-c040-4277-b7ff-73a490db4045 req-84c524d0-c040-4277-b7ff-73a490db4045 ] Request (ImagesTestJSON:test_create_server_from_snapshot): 200 GET http://10.180.1.21/compute/v2.1/images/b98e47cf-bb1a-407c-a742-e8a784204e57 0.084s
2025-12-12 16:57:57.694 65512 INFO tempest.lib.common.rest_client [req-85c3153a-9c5b-4070-a633-0acec13bd746 req-85c3153a-9c5b-4070-a633-0acec13bd746 ] Request (MigrationsAdminTest:test_resize_server_revert_deleted_flavor): 200 GET http://10.180.1.21/compute/v2.1/servers/9a3f867e-c5cf-47bd-9ce1-af8ddef7e2d1 0.163s
2025-12-12 16:57:57.832 65510 INFO tempest.lib.common.rest_client [req-08b46da7-38dd-48eb-beeb-1acc157809c1 req-08b46da7-38dd-48eb-beeb-1acc157809c1 ] Request (ServersAdminTestJSON:tearDownClass): 200 GET http://10.180.1.21/compute/v2.1/servers/3c0f4436-36b1-4fde-b2f0-716de3d895e1 0.218s
2025-12-12 16:57:57.842 65537 WARNING tempest.lib.common.ssh [-] Failed to establish authenticated ssh connection to cirros@10.180.180.235 ([Errno None] Unable to connect to port 22 on 10.180.180.235). Number attempts: 5. Retry after 6 seconds.: paramiko.ssh_exception.NoValidConnectionsError: [Errno None] Unable to connect to port 22 on 10.180.180.235
2025-12-12 16:57:57.868 65474 INFO tempest.lib.common.rest_client [req-4b21c5b0-2c70-4863-8421-288f14758264 req-4b21c5b0-2c70-4863-8421-288f14758264 ] Request (ServerMetadataNegativeTestJSON:setUpClass): 200 GET http://10.180.1.21/compute/v2.1/servers/efce01b3-db69-4fc6-8dd8-d4b0e80abb48 0.276s
2025-12-12 16:57:57.878 65474 INFO tempest.common.waiters [-] State transition "BUILD/networking" ==> "BUILD/spawning" after 40 second wait
2025-12-12 16:57:57.941 65524 INFO tempest.lib.common.rest_client [req-417731eb-2d09-4ad3-b328-351d43d1a6f0 req-417731eb-2d09-4ad3-b328-351d43d1a6f0 ] Request (ServerGroupTestJSON:test_create_server_with_scheduler_hint_group): 200 GET http://10.180.1.21/compute/v2.1/servers/6bef7f6e-f1b2-4ce6-b3eb-bf81fb921c40 0.299s
2025-12-12 16:57:57.958 65534 INFO tempest.lib.common.rest_client [req-d9240614-4fd7-43b2-9e85-fb097aebde24 req-d9240614-4fd7-43b2-9e85-fb097aebde24 ] Request (ListImageFiltersTestJSON:tearDownClass): 200 GET http://10.180.1.21/compute/v2.1/servers/1fe0960d-a18e-4c8a-aafd-c5484b24286e 0.285s
2025-12-12 16:57:58.020 65494 INFO tempest.lib.common.rest_client [req-07ce75cf-2532-47be-80af-e21f601c01fa req-07ce75cf-2532-47be-80af-e21f601c01fa ] Request (ServerMetadataTestJSON:tearDownClass): 200 GET http://10.180.1.21/compute/v2.1/servers/d940bba9-ca37-4693-9e2e-4c13ad72d03e 0.250s
2025-12-12 16:57:58.087 65502 INFO tempest.lib.common.rest_client [req-63b292bb-c78c-408e-b39b-839f7f1268da req-63b292bb-c78c-408e-b39b-839f7f1268da ] Request (ImagesOneServerNegativeTestJSON:_run_cleanups): 200 GET http://10.180.1.21/compute/v2.1/servers/507bebe3-6f51-4ba5-ab6f-5503d621b5ba 0.171s
2025-12-12 16:57:58.201 65506 WARNING tempest.lib.common.ssh [-] Failed to establish authenticated ssh connection to cirros@10.180.180.133 ([Errno None] Unable to connect to port 22 on 10.180.180.133). Number attempts: 1. Retry after 2 seconds.: paramiko.ssh_exception.NoValidConnectionsError: [Errno None] Unable to connect to port 22 on 10.180.180.133
2025-12-12 16:57:58.222 65508 INFO tempest.lib.common.rest_client [req-6eb89aee-4994-4c9c-9581-fb9a1e36391e req-6eb89aee-4994-4c9c-9581-fb9a1e36391e ] Request (ServerDiskConfigTestJSON:test_rebuild_server_with_manual_disk_config): 200 GET http://10.180.1.21/compute/v2.1/servers/50f68407-ceb1-4426-b388-63c9aa9df7a8 0.207s
2025-12-12 16:57:58.304 65518 INFO tempest.lib.common.rest_client [req-1fb767c1-6be2-4f4c-8cce-d5cb21503d6b req-1fb767c1-6be2-4f4c-8cce-d5cb21503d6b ] Request (ServerActionsTestOtherB:test_create_backup): 200 GET http://10.180.1.21/compute/v2.1/servers/eeb993e6-dd41-4a29-8205-b5a4e5e73f3b 0.306s
2025-12-12 16:57:58.316 65518 INFO tempest.common.waiters [-] State transition "ACTIVE/image_uploading" ==> "ACTIVE/None" after 20 second wait
2025-12-12 16:57:58.338 65518 INFO tempest.lib.common.rest_client [req-d0278640-117e-4ac4-8dc9-0018a95bc374 req-d0278640-117e-4ac4-8dc9-0018a95bc374 ] Request (ServerActionsTestOtherB:test_create_backup): 404 GET http://10.180.1.21/image/v2/images/161a6423-4de2-48d9-abfa-2ad41710bd43 0.022s
2025-12-12 16:57:58.354 65478 INFO tempest.lib.common.rest_client [req-c48f2889-3ed4-4da8-bfc0-c983fa7971dd req-c48f2889-3ed4-4da8-bfc0-c983fa7971dd ] Request (AttachInterfacesV270Test:tearDownClass): 200 GET http://10.180.1.21/compute/v2.1/servers/dc81ea0b-967d-4b0e-ae61-027bf9f0fe7d 0.269s
2025-12-12 16:57:58.387 65518 INFO tempest.lib.common.rest_client [req-82475f5b-8536-45ec-ba0c-689e151d5b38 req-82475f5b-8536-45ec-ba0c-689e151d5b38 ] Request (ServerActionsTestOtherB:test_create_backup): 200 GET http://10.180.1.21/image/v2/images?status=active&sort_key=created_at&sort_dir=asc&image_type=backup&backup_type=daily&instance_uuid=eeb993e6-dd41-4a29-8205-b5a4e5e73f3b 0.049s
2025-12-12 16:57:58.387 65532 INFO tempest.lib.common.rest_client [req-7c5768dc-a22c-4974-83e3-825c33d6a06f req-7c5768dc-a22c-4974-83e3-825c33d6a06f ] Request (ServerExternalEventsTest:tearDownClass): 200 GET http://10.180.1.21/compute/v2.1/servers/cc22abaf-ef02-4961-bd16-153f90f29f40 0.276s
2025-12-12 16:57:58.433 65498 INFO tempest.lib.common.rest_client [req-d35aa9cc-ac31-4293-a2f1-6aa04a144df3 req-d35aa9cc-ac31-4293-a2f1-6aa04a144df3 ] Request (SecurityGroupsTestJSON:test_server_security_groups): 200 GET http://10.180.1.21/compute/v2.1/servers/c78e2fdf-fb9c-4c0d-9073-13a0baf013e1 0.265s
2025-12-12 16:57:58.461 65482 INFO tempest.lib.common.rest_client [req-af98efbd-023b-4231-a282-83a252a917b6 req-af98efbd-023b-4231-a282-83a252a917b6 ] Request (InstanceActionsTestJSON:tearDownClass): 200 GET http://10.180.1.21/compute/v2.1/servers/81a50887-b653-496c-99d4-cac705dac356 0.244s
2025-12-12 16:57:58.657 65496 INFO tempest.lib.common.rest_client [req-362c1b28-33e6-49e7-8b93-322b13460ec3 req-362c1b28-33e6-49e7-8b93-322b13460ec3 ] Request (ServersTestMultiNic:test_verify_multiple_nics_order): 200 GET http://10.180.1.21/compute/v2.1/servers/277da346-9e39-42a9-8df0-12486b9cc591 0.287s
2025-12-12 16:57:58.673 65518 INFO tempest.lib.common.rest_client [req-ead2e063-740e-408e-893d-edce5159c8b6 req-ead2e063-740e-408e-893d-edce5159c8b6 ] Request (ServerActionsTestOtherB:tearDown): 200 GET http://10.180.1.21/compute/v2.1/servers/eeb993e6-dd41-4a29-8205-b5a4e5e73f3b 0.285s
2025-12-12 16:57:58.762 65488 INFO tempest.lib.common.rest_client [req-901d2aa3-7ec1-459a-b647-29839260a0fa req-901d2aa3-7ec1-459a-b647-29839260a0fa ] Request (DeleteServersTestJSON:test_delete_active_server): 200 GET http://10.180.1.21/compute/v2.1/servers/b45c553e-d7bd-4812-b3d6-fd6e0130c947 0.319s
2025-12-12 16:57:58.774 65514 INFO tempest.lib.common.rest_client [req-83acc3e6-52b6-4d69-8fa1-92d8a98b4903 req-83acc3e6-52b6-4d69-8fa1-92d8a98b4903 ] Request (ListServersNegativeTestJSON:setUpClass): 200 GET http://10.180.1.21/compute/v2.1/servers/08199d27-e25c-4e79-9a2b-e3e79a99e1bc 0.360s
2025-12-12 16:57:58.812 65518 INFO tempest.lib.common.rest_client [req-13f1a709-d029-4911-bd3e-bab76aba1311 req-13f1a709-d029-4911-bd3e-bab76aba1311 ] Request (ServerActionsTestOtherB:_run_cleanups): 204 DELETE http://10.180.1.21/image/v2/images/7510c706-b772-4df0-a646-5b60f021b7ec 0.130s
2025-12-12 16:57:58.844 65492 INFO tempest.lib.common.rest_client [req-e4cd62d0-f2af-4edf-b1eb-14c5ab96564a req-e4cd62d0-f2af-4edf-b1eb-14c5ab96564a ] Request (ServerRescueTestJSON:test_rescue_unrescue_instance): 200 GET http://10.180.1.21/compute/v2.1/servers/e6937eb9-27e2-4454-9c7d-d583b7e50e11 0.259s
2025-12-12 16:57:58.856 65516 INFO tempest.lib.common.rest_client [req-b8d6a294-34ad-4b15-b578-ec1fb7b42da3 req-b8d6a294-34ad-4b15-b578-ec1fb7b42da3 ] Request (ServersAdminNegativeTestJSON:tearDownClass): 200 GET http://10.180.1.21/compute/v2.1/servers/19b900ac-f507-4466-a5e8-e93f07c2476c 0.338s
2025-12-12 16:57:58.888 65504 INFO tempest.lib.common.rest_client [req-ee6da902-1ed8-403b-b0cf-5658291a6fa6 req-ee6da902-1ed8-403b-b0cf-5658291a6fa6 ] Request (ImagesTestJSON:test_create_server_from_snapshot): 200 GET http://10.180.1.21/compute/v2.1/images/b98e47cf-bb1a-407c-a742-e8a784204e57 0.258s
2025-12-12 16:57:58.913 65510 INFO tempest.lib.common.rest_client [req-4b9ec60c-5574-42b8-a9e0-b27744444178 req-4b9ec60c-5574-42b8-a9e0-b27744444178 ] Request (ServersAdminTestJSON:tearDownClass): 404 GET http://10.180.1.21/compute/v2.1/servers/3c0f4436-36b1-4fde-b2f0-716de3d895e1 0.067s
2025-12-12 16:57:58.948 65518 INFO tempest.lib.common.rest_client [req-85bea489-b66e-4523-807b-aa08c08302be req-85bea489-b66e-4523-807b-aa08c08302be ] Request (ServerActionsTestOtherB:_run_cleanups): 204 DELETE http://10.180.1.21/image/v2/images/ecd41759-df9d-464e-95a9-2237ee2f64ad 0.136s
2025-12-12 16:57:58.987 65512 INFO tempest.lib.common.rest_client [req-55b30735-69fc-4da1-b31e-996658719876 req-55b30735-69fc-4da1-b31e-996658719876 ] Request (MigrationsAdminTest:test_resize_server_revert_deleted_flavor): 200 GET http://10.180.1.21/compute/v2.1/servers/9a3f867e-c5cf-47bd-9ce1-af8ddef7e2d1 0.283s
2025-12-12 16:57:59.022 65474 INFO tempest.lib.common.rest_client [req-5a6322f2-8fa4-43ac-aebb-c6e25e9e2239 req-5a6322f2-8fa4-43ac-aebb-c6e25e9e2239 ] Request (ServerMetadataNegativeTestJSON:setUpClass): 200 GET http://10.180.1.21/compute/v2.1/servers/efce01b3-db69-4fc6-8dd8-d4b0e80abb48 0.143s
2025-12-12 16:57:59.067 65510 INFO tempest.lib.common.rest_client [req-199f4fb2-ff9d-409c-a06a-53c9477dcfb1 req-199f4fb2-ff9d-409c-a06a-53c9477dcfb1 ] Request (ServersAdminTestJSON:tearDownClass): 204 DELETE http://10.180.1.21/compute/v2.1/servers/35803abc-21be-4640-9df4-d9d70ee52cc8 0.154s
2025-12-12 16:57:59.122 65524 INFO tempest.lib.common.rest_client [req-d6c6e9b0-48c7-416e-a880-5e1afd283d1b req-d6c6e9b0-48c7-416e-a880-5e1afd283d1b ] Request (ServerGroupTestJSON:test_create_server_with_scheduler_hint_group): 200 GET http://10.180.1.21/compute/v2.1/servers/6bef7f6e-f1b2-4ce6-b3eb-bf81fb921c40 0.169s
2025-12-12 16:57:59.153 65518 INFO tempest.lib.common.rest_client [req-4ba01778-3c5c-467f-b259-ec673120ef5d req-4ba01778-3c5c-467f-b259-ec673120ef5d ] Request (ServerActionsTestOtherB:setUp): 200 GET http://10.180.1.21/compute/v2.1/servers/eeb993e6-dd41-4a29-8205-b5a4e5e73f3b 0.204s
2025-12-12 16:57:59.188 65534 INFO tempest.lib.common.rest_client [req-9465779b-4fe4-4268-b384-4c0264d79264 req-9465779b-4fe4-4268-b384-4c0264d79264 ] Request (ListImageFiltersTestJSON:tearDownClass): 200 GET http://10.180.1.21/compute/v2.1/servers/1fe0960d-a18e-4c8a-aafd-c5484b24286e 0.219s
2025-12-12 16:57:59.224 65494 INFO tempest.lib.common.rest_client [req-f389cb50-108b-4780-a64e-c0c4aa6078e2 req-f389cb50-108b-4780-a64e-c0c4aa6078e2 ] Request (ServerMetadataTestJSON:tearDownClass): 200 GET http://10.180.1.21/compute/v2.1/servers/d940bba9-ca37-4693-9e2e-4c13ad72d03e 0.191s
2025-12-12 16:57:59.282 65502 INFO tempest.lib.common.rest_client [req-263696bb-e849-471f-90eb-90aabf204484 req-263696bb-e849-471f-90eb-90aabf204484 ] Request (ImagesOneServerNegativeTestJSON:_run_cleanups): 200 GET http://10.180.1.21/compute/v2.1/servers/507bebe3-6f51-4ba5-ab6f-5503d621b5ba 0.187s
2025-12-12 16:57:59.322 65510 INFO tempest.lib.common.rest_client [req-3b9c6f99-7967-4fce-87ee-f4391d740071 req-3b9c6f99-7967-4fce-87ee-f4391d740071 ] Request (ServersAdminTestJSON:tearDownClass): 200 GET http://10.180.1.21/compute/v2.1/servers/35803abc-21be-4640-9df4-d9d70ee52cc8 0.255s
2025-12-12 16:57:59.393 65518 INFO tempest.lib.common.rest_client [req-b5e770c9-189b-404a-8d04-08ed5e732e0d req-b5e770c9-189b-404a-8d04-08ed5e732e0d ] Request (ServerActionsTestOtherB:tearDown): 200 GET http://10.180.1.21/compute/v2.1/servers/eeb993e6-dd41-4a29-8205-b5a4e5e73f3b 0.229s
2025-12-12 16:57:59.413 65508 INFO tempest.lib.common.rest_client [req-1d9dc68d-ee87-4477-95b0-d0282a6e1163 req-1d9dc68d-ee87-4477-95b0-d0282a6e1163 ] Request (ServerDiskConfigTestJSON:test_rebuild_server_with_manual_disk_config): 200 GET http://10.180.1.21/compute/v2.1/servers/50f68407-ceb1-4426-b388-63c9aa9df7a8 0.179s
2025-12-12 16:57:59.459 65478 INFO tempest.lib.common.rest_client [req-2f3b70ca-270a-4801-93e2-cae242160538 req-2f3b70ca-270a-4801-93e2-cae242160538 ] Request (AttachInterfacesV270Test:tearDownClass): 200 GET http://10.180.1.21/compute/v2.1/servers/dc81ea0b-967d-4b0e-ae61-027bf9f0fe7d 0.091s
2025-12-12 16:57:59.479 65532 INFO tempest.lib.common.rest_client [req-43365a1c-01c0-42b7-93b1-72dc22b8f649 req-43365a1c-01c0-42b7-93b1-72dc22b8f649 ] Request (ServerExternalEventsTest:tearDownClass): 200 GET http://10.180.1.21/compute/v2.1/servers/cc22abaf-ef02-4961-bd16-153f90f29f40 0.083s
2025-12-12 16:57:59.550 65498 INFO tempest.lib.common.rest_client [req-82aedb01-fdbc-4c8a-911c-77e554027ba7 req-82aedb01-fdbc-4c8a-911c-77e554027ba7 ] Request (SecurityGroupsTestJSON:test_server_security_groups): 200 GET http://10.180.1.21/compute/v2.1/servers/c78e2fdf-fb9c-4c0d-9073-13a0baf013e1 0.104s
2025-12-12 16:57:59.580 65518 INFO tempest.lib.common.rest_client [req-b7cba92a-9ee0-4947-bc71-56a4f04bcd69 req-b7cba92a-9ee0-4947-bc71-56a4f04bcd69 ] Request (ServerActionsTestOtherB:setUp): 200 GET http://10.180.1.21/compute/v2.1/servers/eeb993e6-dd41-4a29-8205-b5a4e5e73f3b 0.177s
2025-12-12 16:57:59.626 65482 INFO tempest.lib.common.rest_client [req-1ea45711-f1a3-4fe8-ad64-0af7a406c09e req-1ea45711-f1a3-4fe8-ad64-0af7a406c09e ] Request (InstanceActionsTestJSON:tearDownClass): 200 GET http://10.180.1.21/compute/v2.1/servers/81a50887-b653-496c-99d4-cac705dac356 0.156s
2025-12-12 16:57:59.648 65518 INFO tempest.lib.common.rest_client [req-d58b65f6-d754-44d2-80e2-32c9bc52a17c req-d58b65f6-d754-44d2-80e2-32c9bc52a17c ] Request (ServerActionsTestOtherB:test_resize_server_confirm_from_stopped): 202 POST http://10.180.1.21/compute/v2.1/servers/eeb993e6-dd41-4a29-8205-b5a4e5e73f3b/action 0.060s
2025-12-12 16:57:59.805 65518 INFO tempest.lib.common.rest_client [req-98aedc0c-70f8-497a-881f-afa8054ad797 req-98aedc0c-70f8-497a-881f-afa8054ad797 ] Request (ServerActionsTestOtherB:test_resize_server_confirm_from_stopped): 200 GET http://10.180.1.21/compute/v2.1/servers/eeb993e6-dd41-4a29-8205-b5a4e5e73f3b 0.155s
2025-12-12 16:57:59.829 65496 INFO tempest.lib.common.rest_client [req-ff514619-a282-4fa2-a365-b07ce8ba83da req-ff514619-a282-4fa2-a365-b07ce8ba83da ] Request (ServersTestMultiNic:test_verify_multiple_nics_order): 200 GET http://10.180.1.21/compute/v2.1/servers/277da346-9e39-42a9-8df0-12486b9cc591 0.159s
2025-12-12 16:57:59.840 65496 INFO tempest.common.waiters [-] State transition "BUILD/spawning" ==> "ACTIVE/None" after 44 second wait
2025-12-12 16:57:59.922 65488 INFO tempest.lib.common.rest_client [req-26697bc6-68b5-4ec3-b5fb-9ec42b93ed5d req-26697bc6-68b5-4ec3-b5fb-9ec42b93ed5d ] Request (DeleteServersTestJSON:test_delete_active_server): 200 GET http://10.180.1.21/compute/v2.1/servers/b45c553e-d7bd-4812-b3d6-fd6e0130c947 0.152s
2025-12-12 16:57:59.960 65496 INFO tempest.lib.common.rest_client [req-9d910c78-f1b9-475f-aa65-1e1d53f517db req-9d910c78-f1b9-475f-aa65-1e1d53f517db ] Request (ServersTestMultiNic:test_verify_multiple_nics_order): 200 GET http://10.180.1.21/compute/v2.1/servers/277da346-9e39-42a9-8df0-12486b9cc591/ips 0.119s
2025-12-12 16:57:59.999 65514 INFO tempest.lib.common.rest_client [req-6bc357ec-34c8-46cf-b5bd-35b6103a8c8e req-6bc357ec-34c8-46cf-b5bd-35b6103a8c8e ] Request (ListServersNegativeTestJSON:setUpClass): 200 GET http://10.180.1.21/compute/v2.1/servers/08199d27-e25c-4e79-9a2b-e3e79a99e1bc 0.214s
2025-12-12 16:58:00.020 65492 INFO tempest.lib.common.rest_client [req-7abceb20-9693-4172-8ebb-4c29f9c86979 req-7abceb20-9693-4172-8ebb-4c29f9c86979 ] Request (ServerRescueTestJSON:test_rescue_unrescue_instance): 200 GET http://10.180.1.21/compute/v2.1/servers/e6937eb9-27e2-4454-9c7d-d583b7e50e11 0.166s
2025-12-12 16:58:00.055 65530 INFO paramiko.transport [-] Connected (version 2.0, client dropbear_2020.81)
2025-12-12 16:58:00.058 65504 INFO tempest.lib.common.rest_client [req-67ecc125-b12f-4122-a5da-14c3493922a2 req-67ecc125-b12f-4122-a5da-14c3493922a2 ] Request (ImagesTestJSON:test_create_server_from_snapshot): 200 GET http://10.180.1.21/compute/v2.1/images/b98e47cf-bb1a-407c-a742-e8a784204e57 0.165s
2025-12-12 16:58:00.071 65516 INFO tempest.lib.common.rest_client [req-4d3aaef9-1c97-49bd-b9a0-0e4fc0e0d8fd req-4d3aaef9-1c97-49bd-b9a0-0e4fc0e0d8fd ] Request (ServersAdminNegativeTestJSON:tearDownClass): 200 GET http://10.180.1.21/compute/v2.1/servers/19b900ac-f507-4466-a5e8-e93f07c2476c 0.204s
2025-12-12 16:58:00.145 65496 INFO tempest.lib.common.rest_client [req-718d1d4e-69eb-4850-bf20-d36b6f0227d1 req-718d1d4e-69eb-4850-bf20-d36b6f0227d1 ] Request (ServersTestMultiNic:_run_cleanups): 204 DELETE http://10.180.1.21/compute/v2.1/servers/277da346-9e39-42a9-8df0-12486b9cc591 0.182s
2025-12-12 16:58:00.168 65530 INFO paramiko.transport [-] Authentication (publickey) successful!
2025-12-12 16:58:00.169 65530 INFO tempest.lib.common.ssh [-] ssh connection to cirros@10.180.180.220 successfully created
2025-12-12 16:58:00.181 65512 INFO tempest.lib.common.rest_client [req-bc5e5a8b-ec56-405c-915b-d30befbce17b req-bc5e5a8b-ec56-405c-915b-d30befbce17b ] Request (MigrationsAdminTest:test_resize_server_revert_deleted_flavor): 200 GET http://10.180.1.21/compute/v2.1/servers/9a3f867e-c5cf-47bd-9ce1-af8ddef7e2d1 0.186s
2025-12-12 16:58:00.238 65524 INFO tempest.lib.common.rest_client [req-dc090073-8c0a-4f7b-a1c7-67826114fd96 req-dc090073-8c0a-4f7b-a1c7-67826114fd96 ] Request (ServerGroupTestJSON:test_create_server_with_scheduler_hint_group): 200 GET http://10.180.1.21/compute/v2.1/servers/6bef7f6e-f1b2-4ce6-b3eb-bf81fb921c40 0.107s
2025-12-12 16:58:00.252 65474 INFO tempest.lib.common.rest_client [req-300cad64-75bf-4684-8566-6625384551ff req-300cad64-75bf-4684-8566-6625384551ff ] Request (ServerMetadataNegativeTestJSON:setUpClass): 200 GET http://10.180.1.21/compute/v2.1/servers/efce01b3-db69-4fc6-8dd8-d4b0e80abb48 0.221s
2025-12-12 16:58:00.373 65530 INFO tempest.lib.common.rest_client [req-11d44f97-3b81-498b-b47d-3febcc267082 req-11d44f97-3b81-498b-b47d-3febcc267082 ] Request (AttachInterfacesUnderV243Test:test_add_remove_fixed_ip): 200 GET http://10.180.1.21/compute/v2.1/servers/ca4add3e-3327-4828-8627-4231347408ed/os-interface 0.203s
2025-12-12 16:58:00.441 65534 INFO tempest.lib.common.rest_client [req-9130933d-812a-43bb-bc6d-1122be5523f8 req-9130933d-812a-43bb-bc6d-1122be5523f8 ] Request (ListImageFiltersTestJSON:tearDownClass): 200 GET http://10.180.1.21/compute/v2.1/servers/1fe0960d-a18e-4c8a-aafd-c5484b24286e 0.240s
2025-12-12 16:58:00.451 65496 INFO tempest.lib.common.rest_client [req-cea67bef-5b5b-4a0e-b631-652c6e0e43b0 req-cea67bef-5b5b-4a0e-b631-652c6e0e43b0 ] Request (ServersTestMultiNic:_run_cleanups): 200 GET http://10.180.1.21/compute/v2.1/servers/277da346-9e39-42a9-8df0-12486b9cc591 0.305s
2025-12-12 16:58:00.512 65494 INFO tempest.lib.common.rest_client [req-b43cdb61-b675-4bf4-b0c4-1efc73525108 req-b43cdb61-b675-4bf4-b0c4-1efc73525108 ] Request (ServerMetadataTestJSON:tearDownClass): 200 GET http://10.180.1.21/compute/v2.1/servers/d940bba9-ca37-4693-9e2e-4c13ad72d03e 0.280s
2025-12-12 16:58:00.522 65502 INFO tempest.lib.common.rest_client [req-f9d787f0-742f-4813-99f2-ca6ef4ad4e11 req-f9d787f0-742f-4813-99f2-ca6ef4ad4e11 ] Request (ImagesOneServerNegativeTestJSON:_run_cleanups): 200 GET http://10.180.1.21/compute/v2.1/servers/507bebe3-6f51-4ba5-ab6f-5503d621b5ba 0.231s
2025-12-12 16:58:00.593 65530 INFO tempest.lib.common.rest_client [req-e21024f1-f4cb-41fd-972f-7c8a3a8f2286 req-e21024f1-f4cb-41fd-972f-7c8a3a8f2286 ] Request (AttachInterfacesUnderV243Test:test_add_remove_fixed_ip): 200 GET http://10.180.1.21/compute/v2.1/servers/ca4add3e-3327-4828-8627-4231347408ed/os-interface/7237cabd-cc25-410b-a518-5f70a471b2de 0.217s
2025-12-12 16:58:00.652 65508 INFO tempest.lib.common.rest_client [req-2ec73ccd-8c9d-4e83-a873-4b0119d5e8a0 req-2ec73ccd-8c9d-4e83-a873-4b0119d5e8a0 ] Request (ServerDiskConfigTestJSON:test_rebuild_server_with_manual_disk_config): 200 GET http://10.180.1.21/compute/v2.1/servers/50f68407-ceb1-4426-b388-63c9aa9df7a8 0.231s
2025-12-12 16:58:00.654 65510 INFO tempest.lib.common.rest_client [req-8350ed0b-eac8-42e4-88fa-adbcb47438e9 req-8350ed0b-eac8-42e4-88fa-adbcb47438e9 ] Request (ServersAdminTestJSON:tearDownClass): 200 GET http://10.180.1.21/compute/v2.1/servers/35803abc-21be-4640-9df4-d9d70ee52cc8 0.324s
2025-12-12 16:58:00.733 65478 INFO tempest.lib.common.rest_client [req-a61d84f5-40bd-433c-8481-0d4aca99f637 req-a61d84f5-40bd-433c-8481-0d4aca99f637 ] Request (AttachInterfacesV270Test:tearDownClass): 200 GET http://10.180.1.21/compute/v2.1/servers/dc81ea0b-967d-4b0e-ae61-027bf9f0fe7d 0.259s
2025-12-12 16:58:00.749 65532 INFO tempest.lib.common.rest_client [req-730e6f83-65a4-4580-9fdd-07676a927dac req-730e6f83-65a4-4580-9fdd-07676a927dac ] Request (ServerExternalEventsTest:tearDownClass): 200 GET http://10.180.1.21/compute/v2.1/servers/cc22abaf-ef02-4961-bd16-153f90f29f40 0.262s
2025-12-12 16:58:00.785 65530 INFO tempest.lib.common.rest_client [req-eac3fc0e-4404-4ad2-beb0-205340b41659 req-eac3fc0e-4404-4ad2-beb0-205340b41659 ] Request (AttachInterfacesUnderV243Test:test_add_remove_fixed_ip): 200 GET http://10.180.1.21/compute/v2.1/servers/ca4add3e-3327-4828-8627-4231347408ed/ips 0.190s
2025-12-12 16:58:00.814 65498 INFO tempest.lib.common.rest_client [req-62e5a257-edb4-4258-9e31-342de41f2813 req-62e5a257-edb4-4258-9e31-342de41f2813 ] Request (SecurityGroupsTestJSON:test_server_security_groups): 200 GET http://10.180.1.21/compute/v2.1/servers/c78e2fdf-fb9c-4c0d-9073-13a0baf013e1 0.257s
2025-12-12 16:58:00.875 65482 INFO tempest.lib.common.rest_client [req-1a7b9319-5f82-45cc-b8ff-6442e96226c8 req-1a7b9319-5f82-45cc-b8ff-6442e96226c8 ] Request (InstanceActionsTestJSON:tearDownClass): 200 GET http://10.180.1.21/compute/v2.1/servers/81a50887-b653-496c-99d4-cac705dac356 0.240s
2025-12-12 16:58:00.878 65530 INFO tempest.lib.common.rest_client [req-11f87421-2563-4d0b-9747-5aa9d381de5f req-11f87421-2563-4d0b-9747-5aa9d381de5f ] Request (AttachInterfacesUnderV243Test:test_add_remove_fixed_ip): 202 POST http://10.180.1.21/compute/v2.1/servers/ca4add3e-3327-4828-8627-4231347408ed/action 0.088s
2025-12-12 16:58:00.920 65530 INFO tempest.lib.common.rest_client [req-87ee7ed6-69ec-4ee3-a9c4-4d58b99c9a3a req-87ee7ed6-69ec-4ee3-a9c4-4d58b99c9a3a ] Request (AttachInterfacesUnderV243Test:test_add_remove_fixed_ip): 200 GET http://10.180.1.21/compute/v2.1/servers/ca4add3e-3327-4828-8627-4231347408ed/ips 0.042s
2025-12-12 16:58:01.018 65488 INFO tempest.lib.common.rest_client [req-faac4ee6-c045-4050-938a-36775c8e4498 req-faac4ee6-c045-4050-938a-36775c8e4498 ] Request (DeleteServersTestJSON:test_delete_active_server): 200 GET http://10.180.1.21/compute/v2.1/servers/b45c553e-d7bd-4812-b3d6-fd6e0130c947 0.085s
2025-12-12 16:58:01.053 65518 INFO tempest.lib.common.rest_client [req-113069bc-4a54-4101-87b4-d06342b47c43 req-113069bc-4a54-4101-87b4-d06342b47c43 ] Request (ServerActionsTestOtherB:test_resize_server_confirm_from_stopped): 200 GET http://10.180.1.21/compute/v2.1/servers/eeb993e6-dd41-4a29-8205-b5a4e5e73f3b 0.237s
2025-12-12 16:58:01.151 65492 INFO tempest.lib.common.rest_client [req-dbe5443a-0991-4c3b-897e-20c1a3fe9b88 req-dbe5443a-0991-4c3b-897e-20c1a3fe9b88 ] Request (ServerRescueTestJSON:test_rescue_unrescue_instance): 200 GET http://10.180.1.21/compute/v2.1/servers/e6937eb9-27e2-4454-9c7d-d583b7e50e11 0.123s
2025-12-12 16:58:01.199 65514 INFO tempest.lib.common.rest_client [req-58c3325e-3713-456c-b76a-67164d4ea2e4 req-58c3325e-3713-456c-b76a-67164d4ea2e4 ] Request (ListServersNegativeTestJSON:setUpClass): 200 GET http://10.180.1.21/compute/v2.1/servers/08199d27-e25c-4e79-9a2b-e3e79a99e1bc 0.192s
2025-12-12 16:58:01.205 65504 INFO tempest.lib.common.rest_client [req-8fea6ca4-c6d0-46fa-a629-7b2f6d8d2d7d req-8fea6ca4-c6d0-46fa-a629-7b2f6d8d2d7d ] Request (ImagesTestJSON:test_create_server_from_snapshot): 200 GET http://10.180.1.21/compute/v2.1/images/b98e47cf-bb1a-407c-a742-e8a784204e57 0.143s
2025-12-12 16:58:01.272 65506 WARNING tempest.lib.common.ssh [-] Failed to establish authenticated ssh connection to cirros@10.180.180.133 ([Errno None] Unable to connect to port 22 on 10.180.180.133). Number attempts: 2. Retry after 3 seconds.: paramiko.ssh_exception.NoValidConnectionsError: [Errno None] Unable to connect to port 22 on 10.180.180.133
2025-12-12 16:58:01.314 65516 INFO tempest.lib.common.rest_client [req-374aa30a-a5a6-4dec-94c1-d43b1b864350 req-374aa30a-a5a6-4dec-94c1-d43b1b864350 ] Request (ServersAdminNegativeTestJSON:tearDownClass): 200 GET http://10.180.1.21/compute/v2.1/servers/19b900ac-f507-4466-a5e8-e93f07c2476c 0.234s
2025-12-12 16:58:01.368 65512 INFO tempest.lib.common.rest_client [req-3ce2fbb2-4c5b-45a4-8dc5-745da27d77c5 req-3ce2fbb2-4c5b-45a4-8dc5-745da27d77c5 ] Request (MigrationsAdminTest:test_resize_server_revert_deleted_flavor): 200 GET http://10.180.1.21/compute/v2.1/servers/9a3f867e-c5cf-47bd-9ce1-af8ddef7e2d1 0.178s
2025-12-12 16:58:01.392 65524 INFO tempest.lib.common.rest_client [req-26e9fba5-b862-4b7a-9ba2-bd696c5e78bf req-26e9fba5-b862-4b7a-9ba2-bd696c5e78bf ] Request (ServerGroupTestJSON:test_create_server_with_scheduler_hint_group): 200 GET http://10.180.1.21/compute/v2.1/servers/6bef7f6e-f1b2-4ce6-b3eb-bf81fb921c40 0.141s
2025-12-12 16:58:01.527 65474 INFO tempest.lib.common.rest_client [req-b6b324bd-8c2a-4035-b207-cc0eb8d0db85 req-b6b324bd-8c2a-4035-b207-cc0eb8d0db85 ] Request (ServerMetadataNegativeTestJSON:setUpClass): 200 GET http://10.180.1.21/compute/v2.1/servers/efce01b3-db69-4fc6-8dd8-d4b0e80abb48 0.265s
2025-12-12 16:58:01.549 65534 INFO tempest.lib.common.rest_client [req-d6cb2a5d-53b2-4081-82a7-14876e6f180f req-d6cb2a5d-53b2-4081-82a7-14876e6f180f ] Request (ListImageFiltersTestJSON:tearDownClass): 200 GET http://10.180.1.21/compute/v2.1/servers/1fe0960d-a18e-4c8a-aafd-c5484b24286e 0.099s
2025-12-12 16:58:01.641 65496 INFO tempest.lib.common.rest_client [req-077f75cb-37b6-4f71-87b0-1b218728efef req-077f75cb-37b6-4f71-87b0-1b218728efef ] Request (ServersTestMultiNic:_run_cleanups): 200 GET http://10.180.1.21/compute/v2.1/servers/277da346-9e39-42a9-8df0-12486b9cc591 0.181s
2025-12-12 16:58:01.655 65494 INFO tempest.lib.common.rest_client [req-2bc498fd-7bba-4e1e-83fe-a4bb5d5d5f93 req-2bc498fd-7bba-4e1e-83fe-a4bb5d5d5f93 ] Request (ServerMetadataTestJSON:tearDownClass): 200 GET http://10.180.1.21/compute/v2.1/servers/d940bba9-ca37-4693-9e2e-4c13ad72d03e 0.135s
2025-12-12 16:58:01.723 65502 INFO tempest.lib.common.rest_client [req-aef2cf44-b940-44a9-8274-5c4ac4dd9e5d req-aef2cf44-b940-44a9-8274-5c4ac4dd9e5d ] Request (ImagesOneServerNegativeTestJSON:_run_cleanups): 200 GET http://10.180.1.21/compute/v2.1/servers/507bebe3-6f51-4ba5-ab6f-5503d621b5ba 0.190s
2025-12-12 16:58:01.738 65508 INFO tempest.lib.common.rest_client [req-711e8803-4c1f-4f93-8f4c-36bf9972d497 req-711e8803-4c1f-4f93-8f4c-36bf9972d497 ] Request (ServerDiskConfigTestJSON:test_rebuild_server_with_manual_disk_config): 200 GET http://10.180.1.21/compute/v2.1/servers/50f68407-ceb1-4426-b388-63c9aa9df7a8 0.077s
2025-12-12 16:58:01.848 65480 WARNING tempest.lib.common.ssh [-] Failed to establish authenticated ssh connection to cirros@10.180.180.158 ([Errno None] Unable to connect to port 22 on 10.180.180.158). Number attempts: 2. Retry after 3 seconds.: paramiko.ssh_exception.NoValidConnectionsError: [Errno None] Unable to connect to port 22 on 10.180.180.158
2025-12-12 16:58:01.960 65478 INFO tempest.lib.common.rest_client [req-474134a4-7c9f-4752-9446-469a0bc9b4e9 req-474134a4-7c9f-4752-9446-469a0bc9b4e9 ] Request (AttachInterfacesV270Test:tearDownClass): 200 GET http://10.180.1.21/compute/v2.1/servers/dc81ea0b-967d-4b0e-ae61-027bf9f0fe7d 0.211s
2025-12-12 16:58:01.983 65510 INFO tempest.lib.common.rest_client [req-27f6c6a2-7499-4b57-8a18-5592dd7374af req-27f6c6a2-7499-4b57-8a18-5592dd7374af ] Request (ServersAdminTestJSON:tearDownClass): 200 GET http://10.180.1.21/compute/v2.1/servers/35803abc-21be-4640-9df4-d9d70ee52cc8 0.319s
2025-12-12 16:58:02.075 65532 INFO tempest.lib.common.rest_client [req-d5b3c1db-e8d6-4e43-93b6-f4b338aed770 req-d5b3c1db-e8d6-4e43-93b6-f4b338aed770 ] Request (ServerExternalEventsTest:tearDownClass): 200 GET http://10.180.1.21/compute/v2.1/servers/cc22abaf-ef02-4961-bd16-153f90f29f40 0.316s
2025-12-12 16:58:02.099 65498 INFO tempest.lib.common.rest_client [req-18bf2626-cb92-48fd-add2-2460f9e5a8d6 req-18bf2626-cb92-48fd-add2-2460f9e5a8d6 ] Request (SecurityGroupsTestJSON:test_server_security_groups): 200 GET http://10.180.1.21/compute/v2.1/servers/c78e2fdf-fb9c-4c0d-9073-13a0baf013e1 0.275s
2025-12-12 16:58:02.140 65530 INFO tempest.lib.common.rest_client [req-54e44005-15eb-47a4-93dc-55eae1d9af85 req-54e44005-15eb-47a4-93dc-55eae1d9af85 ] Request (AttachInterfacesUnderV243Test:test_add_remove_fixed_ip): 200 GET http://10.180.1.21/compute/v2.1/servers/ca4add3e-3327-4828-8627-4231347408ed/ips 0.215s
2025-12-12 16:58:02.170 65482 INFO tempest.lib.common.rest_client [req-10612f41-4f91-496c-909d-544271fcecca req-10612f41-4f91-496c-909d-544271fcecca ] Request (InstanceActionsTestJSON:tearDownClass): 200 GET http://10.180.1.21/compute/v2.1/servers/81a50887-b653-496c-99d4-cac705dac356 0.286s
2025-12-12 16:58:02.250 65488 INFO tempest.lib.common.rest_client [req-e739326c-384b-410c-99bd-79c359437fe4 req-e739326c-384b-410c-99bd-79c359437fe4 ] Request (DeleteServersTestJSON:test_delete_active_server): 200 GET http://10.180.1.21/compute/v2.1/servers/b45c553e-d7bd-4812-b3d6-fd6e0130c947 0.222s
2025-12-12 16:58:02.343 65518 INFO tempest.lib.common.rest_client [req-04708320-351e-4b6b-bda4-f774d39fb171 req-04708320-351e-4b6b-bda4-f774d39fb171 ] Request (ServerActionsTestOtherB:test_resize_server_confirm_from_stopped): 200 GET http://10.180.1.21/compute/v2.1/servers/eeb993e6-dd41-4a29-8205-b5a4e5e73f3b 0.268s
2025-12-12 16:58:02.354 65518 INFO tempest.common.waiters [-] State transition "ACTIVE/powering-off" ==> "SHUTOFF/None" after 3 second wait
2025-12-12 16:58:02.360 65492 INFO tempest.lib.common.rest_client [req-f2583a0e-d4cf-4027-8170-1051120191da req-f2583a0e-d4cf-4027-8170-1051120191da ] Request (ServerRescueTestJSON:test_rescue_unrescue_instance): 200 GET http://10.180.1.21/compute/v2.1/servers/e6937eb9-27e2-4454-9c7d-d583b7e50e11 0.196s
2025-12-12 16:58:02.419 65504 INFO tempest.lib.common.rest_client [req-b00854f9-7993-456f-b1f0-003caff3469c req-b00854f9-7993-456f-b1f0-003caff3469c ] Request (ImagesTestJSON:test_create_server_from_snapshot): 200 GET http://10.180.1.21/compute/v2.1/images/b98e47cf-bb1a-407c-a742-e8a784204e57 0.205s
2025-12-12 16:58:02.477 65514 INFO tempest.lib.common.rest_client [req-8ead1fbc-d32c-44db-93c3-2f29407f45d5 req-8ead1fbc-d32c-44db-93c3-2f29407f45d5 ] Request (ListServersNegativeTestJSON:setUpClass): 200 GET http://10.180.1.21/compute/v2.1/servers/08199d27-e25c-4e79-9a2b-e3e79a99e1bc 0.264s
2025-12-12 16:58:02.489 65516 INFO tempest.lib.common.rest_client [req-03aeed6f-f556-4612-9e0e-a40903d1278e req-03aeed6f-f556-4612-9e0e-a40903d1278e ] Request (ServersAdminNegativeTestJSON:tearDownClass): 200 GET http://10.180.1.21/compute/v2.1/servers/19b900ac-f507-4466-a5e8-e93f07c2476c 0.166s
2025-12-12 16:58:02.631 65518 INFO tempest.lib.common.rest_client [req-421337f7-34e2-462c-b970-8d5824aa5a28 req-421337f7-34e2-462c-b970-8d5824aa5a28 ] Request (ServerActionsTestOtherB:test_resize_server_confirm_from_stopped): 202 POST http://10.180.1.21/compute/v2.1/servers/eeb993e6-dd41-4a29-8205-b5a4e5e73f3b/action 0.277s
2025-12-12 16:58:02.636 65512 INFO tempest.lib.common.rest_client [req-c01eb916-816e-402d-b044-d8fb23723c40 req-c01eb916-816e-402d-b044-d8fb23723c40 ] Request (MigrationsAdminTest:test_resize_server_revert_deleted_flavor): 200 GET http://10.180.1.21/compute/v2.1/servers/9a3f867e-c5cf-47bd-9ce1-af8ddef7e2d1 0.251s
2025-12-12 16:58:02.724 65524 INFO tempest.lib.common.rest_client [req-0f354f84-b5e3-43fc-b250-8a7b3a9b181e req-0f354f84-b5e3-43fc-b250-8a7b3a9b181e ] Request (ServerGroupTestJSON:test_create_server_with_scheduler_hint_group): 200 GET http://10.180.1.21/compute/v2.1/servers/6bef7f6e-f1b2-4ce6-b3eb-bf81fb921c40 0.323s
2025-12-12 16:58:02.781 65474 INFO tempest.lib.common.rest_client [req-372be1d1-6cd6-4bac-9a13-0a13541bc303 req-372be1d1-6cd6-4bac-9a13-0a13541bc303 ] Request (ServerMetadataNegativeTestJSON:setUpClass): 200 GET http://10.180.1.21/compute/v2.1/servers/efce01b3-db69-4fc6-8dd8-d4b0e80abb48 0.246s
2025-12-12 16:58:02.805 65534 INFO tempest.lib.common.rest_client [req-be515a5c-95fc-46bb-9ccd-ac7b2743c1db req-be515a5c-95fc-46bb-9ccd-ac7b2743c1db ] Request (ListImageFiltersTestJSON:tearDownClass): 200 GET http://10.180.1.21/compute/v2.1/servers/1fe0960d-a18e-4c8a-aafd-c5484b24286e 0.246s
