2025-12-12 16:56:32.305 65514 INFO tempest.lib.common.rest_client [req-a0ed28f2-03f8-4a5f-b502-4edea7d911fc req-a0ed28f2-03f8-4a5f-b502-4edea7d911fc ] Request (VolumesAdminNegativeTest:tearDownClass): 200 GET http://10.180.1.21/compute/v2.1/servers/b95320f5-2e3d-49cc-8207-8fe2f0f7acb4 1.276s
2025-12-12 16:56:32.326 65488 INFO tempest.lib.common.rest_client [req-bd485fa6-b7c0-4469-bc0a-a2a8ec08a2db req-bd485fa6-b7c0-4469-bc0a-a2a8ec08a2db ] Request (DeleteServersTestJSON:setUpClass): 200 PUT http://10.180.1.21/networking/v2.0/routers/4a957b3f-d5bd-47ca-8456-19351ad29f65/add_router_interface 1.024s
2025-12-12 16:56:32.326 65488 INFO tempest.lib.common.dynamic_creds [-] Created isolated network resources for: credentials: Credentials: {'domain_id': 'default', 'domain_name': 'Default', 'username': 'tempest-DeleteServersTestJSON-1686995245-project-member', 'project_domain_id': 'default', 'project_domain_name': 'Default', 'project_id': '881ba8a593ec47329444bc0879b72fa7', 'project_name': 'tempest-DeleteServersTestJSON-1686995245', 'tenant_id': '881ba8a593ec47329444bc0879b72fa7', 'tenant_name': 'tempest-DeleteServersTestJSON-1686995245', 'user_domain_id': 'default', 'user_domain_name': 'Default', 'user_id': '771aa8b0437648d98f704536354df98e', 'system': None}, Network: {'id': 'e8cf2c49-72ee-4f1f-9c41-143c7f2a78da', 'name': 'tempest-DeleteServersTestJSON-231574987-network', 'tenant_id': '881ba8a593ec47329444bc0879b72fa7', 'project_id': '881ba8a593ec47329444bc0879b72fa7', 'admin_state_up': True, 'mtu': 8950, 'status': 'ACTIVE', 'subnets': [], 'shared': False, 'port_security_enabled': True, 'router:external': False, 'provider:network_type': 'vlan', 'provider:physical_network': 'default', 'provider:segmentation_id': 496, 'availability_zone_hints': [], 'availability_zones': [], 'ipv4_address_scope': None, 'ipv6_address_scope': None, 'description': '', 'tags': [], 'created_at': '2025-12-12T16:56:29Z', 'updated_at': '2025-12-12T16:56:29Z', 'revision_number': 1}, Subnet: {'id': '9039f376-91c4-43f8-90ee-91ac97728c83', 'name': 'tempest-DeleteServersTestJSON-231574987-subnet', 'tenant_id': '881ba8a593ec47329444bc0879b72fa7', 'network_id': 'e8cf2c49-72ee-4f1f-9c41-143c7f2a78da', 'ip_version': 4, 'subnetpool_id': None, 'enable_dhcp': True, 'ipv6_ra_mode': None, 'ipv6_address_mode': None, 'gateway_ip': '192.168.128.1', 'cidr': '192.168.128.0/28', 'allocation_pools': [{'start': '192.168.128.2', 'end': '192.168.128.14'}], 'host_routes': [], 'dns_nameservers': [], 'description': '', 'router:external': False, 'service_types': [], 'tags': [], 'created_at': '2025-12-12T16:56:29Z', 'updated_at': '2025-12-12T16:56:29Z', 'revision_number': 0, 'project_id': '881ba8a593ec47329444bc0879b72fa7'}, Router: {'id': '4a957b3f-d5bd-47ca-8456-19351ad29f65', 'name': 'tempest-DeleteServersTestJSON-231574987-router', 'tenant_id': '881ba8a593ec47329444bc0879b72fa7', 'admin_state_up': True, 'status': 'ACTIVE', 'external_gateway_info': {'network_id': 'd5b55444-7110-48c6-b0ae-7378b1c678ba', 'external_fixed_ips': [{'subnet_id': '3d1c5f5d-9b3c-42ce-89e4-7bc4390e93b1', 'ip_address': '10.180.180.231'}], 'enable_snat': True}, 'description': '', 'availability_zones': [], 'distributed': False, 'ha': False, 'availability_zone_hints': [], 'routes': [], 'flavor_id': None, 'tags': [], 'created_at': '2025-12-12T16:56:30Z', 'updated_at': '2025-12-12T16:56:30Z', 'revision_number': 2, 'project_id': '881ba8a593ec47329444bc0879b72fa7'}
2025-12-12 16:56:32.329 65476 INFO tempest.lib.common.rest_client [req-b5b5582b-d931-4fb2-bcb3-a65e5c640588 req-b5b5582b-d931-4fb2-bcb3-a65e5c640588 ] Request (MultipleCreateTestJSON:test_multiple_create_with_reservation_return): 200 GET http://10.180.1.21/compute/v2.1/servers/2751a325-b63f-4acd-bbec-897d1d6f0a6a 1.469s
2025-12-12 16:56:32.365 65484 INFO tempest.lib.common.rest_client [req-1dd913d1-8a8e-497c-bc66-fa7edace50fc req-1dd913d1-8a8e-497c-bc66-fa7edace50fc ] Request (ServersTestFqdnHostnames:test_create_server_with_fqdn_name): 200 GET http://10.180.1.21/compute/v2.1/servers/f5f78548-b226-4888-8cc2-645053d2e645 1.318s
2025-12-12 16:56:32.405 65528 INFO tempest.lib.common.rest_client [req-3c8d7581-d08d-40cb-a48e-dd2f1a614954 req-3c8d7581-d08d-40cb-a48e-dd2f1a614954 ] Request (ServersAdmin275Test:tearDownClass): 200 GET http://10.180.1.21/compute/v2.1/servers/f02dcf00-0069-406c-a565-f123d79551af 1.283s
2025-12-12 16:56:32.427 65498 INFO tempest.lib.common.rest_client [req-2ac83f7f-3d05-43ec-bc79-f94408aa582c req-2ac83f7f-3d05-43ec-bc79-f94408aa582c ] Request (SecurityGroupsTestJSON:test_server_security_groups): 200 GET http://10.180.1.21/compute/v2.1/servers/c78e2fdf-fb9c-4c0d-9073-13a0baf013e1 1.293s
2025-12-12 16:56:32.432 65488 INFO tempest.lib.common.rest_client [req-1e669f9a-e29c-471f-b2df-a9cd0c083f37 req-1e669f9a-e29c-471f-b2df-a9cd0c083f37 ] Request (DeleteServersTestJSON:setUpClass): 201 POST http://10.180.1.21/identity/v3/auth/tokens 0.099s
2025-12-12 16:56:32.463 65494 INFO tempest.lib.common.rest_client [req-d3bf0ccd-15d5-480b-9e9e-b924b879c8a4 req-d3bf0ccd-15d5-480b-9e9e-b924b879c8a4 ] Request (ServerMetadataTestJSON:setUpClass): 200 GET http://10.180.1.21/compute/v2.1/servers/d940bba9-ca37-4693-9e2e-4c13ad72d03e 1.264s
2025-12-12 16:56:32.474 65488 INFO tempest.lib.common.rest_client [req-84365e46-8867-4b8c-8ba7-bf980d502880 req-84365e46-8867-4b8c-8ba7-bf980d502880 ] Request (DeleteServersTestJSON:test_delete_active_server): 201 POST http://10.180.1.21/identity/v3/auth/tokens 0.038s
2025-12-12 16:56:32.475 65488 INFO tempest.lib.common.fixed_network [-] (DeleteServersTestJSON:test_delete_active_server) Found network {'id': 'e8cf2c49-72ee-4f1f-9c41-143c7f2a78da', 'name': 'tempest-DeleteServersTestJSON-231574987-network', 'tenant_id': '881ba8a593ec47329444bc0879b72fa7', 'project_id': '881ba8a593ec47329444bc0879b72fa7', 'admin_state_up': True, 'mtu': 8950, 'status': 'ACTIVE', 'subnets': [], 'shared': False, 'port_security_enabled': True, 'router:external': False, 'provider:network_type': 'vlan', 'provider:physical_network': 'default', 'provider:segmentation_id': 496, 'availability_zone_hints': [], 'availability_zones': [], 'ipv4_address_scope': None, 'ipv6_address_scope': None, 'description': '', 'tags': [], 'created_at': '2025-12-12T16:56:29Z', 'updated_at': '2025-12-12T16:56:29Z', 'revision_number': 1} available for tenant
2025-12-12 16:56:32.487 65530 INFO tempest.lib.common.rest_client [req-7894c6ff-bdf2-4f70-a53b-cf31d8cb2a81 req-7894c6ff-bdf2-4f70-a53b-cf31d8cb2a81 ] Request (AttachInterfacesUnderV243Test:test_add_remove_fixed_ip): 200 GET http://10.180.1.21/compute/v2.1/servers/ca4add3e-3327-4828-8627-4231347408ed 1.230s
2025-12-12 16:56:32.601 65520 INFO tempest.lib.common.rest_client [req-db2bed2f-1bbf-493f-97bf-7845a83ff802 req-db2bed2f-1bbf-493f-97bf-7845a83ff802 ] Request (AttachVolumeShelveTestJSON:test_attach_volume_shelved_or_offload_server): 200 GET http://10.180.1.21/compute/v2.1/servers/39ac3f90-6c98-42b7-b42e-766f78a98048 1.033s
2025-12-12 16:56:32.623 65532 INFO tempest.lib.common.rest_client [req-3843454e-0df6-4720-9fa6-6649c1b346e3 req-3843454e-0df6-4720-9fa6-6649c1b346e3 ] Request (DeleteServersAdminTestJSON:test_delete_server_while_in_error_state): 404 GET http://10.180.1.21/compute/v2.1/servers/b89231a6-6e7b-4ad3-86cb-e5f6ea5983d6 0.981s
2025-12-12 16:56:32.700 65516 INFO tempest.lib.common.rest_client [req-0b12b6a4-9fda-4953-ad01-0524030e82ea req-0b12b6a4-9fda-4953-ad01-0524030e82ea ] Request (ServersAdminNegativeTestJSON:test_migrate_server_invalid_state): 200 GET http://10.180.1.21/compute/v2.1/servers/38a2c161-4929-41f4-867f-b95a955604a8 1.285s
2025-12-12 16:56:32.752 65500 INFO tempest.lib.common.rest_client [req-47fdc39d-e2bb-44e4-9356-08c1c057c8f9 req-47fdc39d-e2bb-44e4-9356-08c1c057c8f9 ] Request (ServersTestBootFromVolume:tearDownClass): 204 DELETE http://10.180.1.21/compute/v2.1/servers/54c87c5e-3398-4995-b2d4-e45c60b8c560 1.066s
2025-12-12 16:56:32.840 65524 INFO tempest.lib.common.rest_client [req-c39bf182-b6d3-411f-afe5-3f2796b8e21b req-c39bf182-b6d3-411f-afe5-3f2796b8e21b ] Request (ServersTestJSON:tearDownClass): 204 DELETE http://10.180.1.21/compute/v2.1/servers/3020f3e7-bff5-4dca-97ed-88068d8c0952 1.153s
2025-12-12 16:56:32.887 65510 INFO tempest.lib.common.rest_client [req-81cf8740-91a0-414f-b237-ead7cbe14c2b req-81cf8740-91a0-414f-b237-ead7cbe14c2b ] Request (ServersAdminTestJSON:test_list_servers_by_admin_with_specified_tenant): 200 GET http://10.180.1.21/compute/v2.1/servers/detail?tenant_id=76f40ea3a7234ad384e41595fc4a6098 0.836s
2025-12-12 16:56:32.992 65508 INFO tempest.lib.common.rest_client [req-4c268dd8-274d-439a-9bad-beec6cc714b6 req-4c268dd8-274d-439a-9bad-beec6cc714b6 ] Request (ServerDiskConfigTestJSON:test_rebuild_server_with_auto_disk_config): 200 GET http://10.180.1.21/compute/v2.1/servers/9ef444ab-b81f-48d2-bf08-bf1a792a9de5 0.838s
2025-12-12 16:56:33.065 65478 INFO tempest.lib.common.rest_client [req-715663d9-6f88-4038-8e7d-a0028dfea7f7 req-715663d9-6f88-4038-8e7d-a0028dfea7f7 ] Request (AttachInterfacesV270Test:test_create_get_list_interfaces): 200 GET http://10.180.1.21/compute/v2.1/servers/dc81ea0b-967d-4b0e-ae61-027bf9f0fe7d 0.878s
2025-12-12 16:56:33.115 65512 INFO tempest.lib.common.rest_client [req-8ceb0a37-599c-4271-a0a7-fe19a39d4297 req-8ceb0a37-599c-4271-a0a7-fe19a39d4297 ] Request (MigrationsAdminTest:test_resize_server_revert_deleted_flavor): 200 GET http://10.180.1.21/compute/v2.1/servers/9a3f867e-c5cf-47bd-9ce1-af8ddef7e2d1 0.884s
2025-12-12 16:56:33.197 65506 INFO tempest.lib.common.rest_client [req-ff3bd934-b4d5-4647-8e47-11241a5cf2d4 req-ff3bd934-b4d5-4647-8e47-11241a5cf2d4 ] Request (ServerTagsTestJSON:tearDownClass): 200 GET http://10.180.1.21/compute/v2.1/servers/279bb941-0a4a-4d28-b564-5641f5a1d119 0.899s
2025-12-12 16:56:33.270 65480 INFO tempest.lib.common.rest_client [req-ae2a173b-e373-4690-a3d2-40a6ee28d555 req-ae2a173b-e373-4690-a3d2-40a6ee28d555 ] Request (ServersWithSpecificFlavorTestJSON:test_verify_created_server_ephemeral_disk): 202 POST http://10.180.1.21/compute/v2.1/servers 1.527s
2025-12-12 16:56:33.273 65474 INFO tempest.lib.common.rest_client [req-7dc72b8f-182b-4419-9ed7-73335a351edd req-7dc72b8f-182b-4419-9ed7-73335a351edd ] Request (ServerDiagnosticsTest:tearDownClass): 200 GET http://10.180.1.21/compute/v2.1/servers/16d8c55b-0e7a-4ac2-b21c-c1f93bb86a08 0.818s
2025-12-12 16:56:33.281 65474 INFO tempest.common.waiters [-] State transition "ACTIVE/deleting" ==> "DELETED/None" after 2 second wait
2025-12-12 16:56:33.569 65504 INFO tempest.lib.common.rest_client [req-29df49a8-bb52-48b2-85a6-0fb6c191f58f req-29df49a8-bb52-48b2-85a6-0fb6c191f58f ] Request (ImagesTestJSON:test_create_image_from_suspended_server): 200 GET http://10.180.1.21/compute/v2.1/images/0a8fb667-278d-4282-9952-3a5e33554134 1.046s
2025-12-12 16:56:33.596 65532 INFO tempest.lib.common.rest_client [req-0cb1fab1-5f8a-40f9-8bf9-2d7e1c04eafb req-0cb1fab1-5f8a-40f9-8bf9-2d7e1c04eafb ] Request (DeleteServersAdminTestJSON:tearDownClass): 404 DELETE http://10.180.1.21/compute/v2.1/servers/b89231a6-6e7b-4ad3-86cb-e5f6ea5983d6 0.972s
2025-12-12 16:56:33.663 65482 INFO tempest.lib.common.rest_client [req-060970d7-7a2e-47ff-a204-eb71f5832373 req-060970d7-7a2e-47ff-a204-eb71f5832373 ] Request (InstanceActionsTestJSON:setUpClass): 200 GET http://10.180.1.21/compute/v2.1/servers/81a50887-b653-496c-99d4-cac705dac356 0.911s
2025-12-12 16:56:33.809 65500 INFO tempest.lib.common.rest_client [req-f6fb694b-8383-403e-baab-166bd7087f2b req-f6fb694b-8383-403e-baab-166bd7087f2b ] Request (ServersTestBootFromVolume:tearDownClass): 200 GET http://10.180.1.21/compute/v2.1/servers/54c87c5e-3398-4995-b2d4-e45c60b8c560 1.056s
2025-12-12 16:56:33.864 65488 INFO tempest.lib.common.rest_client [req-60dc3c85-6b51-45fa-ac72-488237c1f87b req-60dc3c85-6b51-45fa-ac72-488237c1f87b ] Request (DeleteServersTestJSON:test_delete_active_server): 202 POST http://10.180.1.21/compute/v2.1/servers 1.388s
2025-12-12 16:56:33.955 65526 INFO tempest.lib.common.rest_client [req-f49c1d3a-d996-4a1a-8f7c-1ff48345d6a5 req-f49c1d3a-d996-4a1a-8f7c-1ff48345d6a5 ] Request (ServerShowV254Test:tearDownClass): 200 GET http://10.180.1.21/compute/v2.1/servers/4a21bef7-0d2f-487f-acbd-a643636accc7 1.114s
2025-12-12 16:56:33.980 65524 INFO tempest.lib.common.rest_client [req-2b0d5821-9a3e-4b4a-b733-33db9652ed48 req-2b0d5821-9a3e-4b4a-b733-33db9652ed48 ] Request (ServersTestJSON:tearDownClass): 200 GET http://10.180.1.21/compute/v2.1/servers/3020f3e7-bff5-4dca-97ed-88068d8c0952 1.139s
2025-12-12 16:56:34.011 65537 WARNING tempest.lib.common.ssh [-] Failed to establish authenticated ssh connection to cirros@10.180.180.235 ([Errno None] Unable to connect to port 22 on 10.180.180.235). Number attempts: 6. Retry after 7 seconds.: paramiko.ssh_exception.NoValidConnectionsError: [Errno None] Unable to connect to port 22 on 10.180.180.235
2025-12-12 16:56:34.059 65496 INFO tempest.lib.common.rest_client [req-30dcaa8a-f9f7-48a0-a5b8-bc3b1083b554 req-30dcaa8a-f9f7-48a0-a5b8-bc3b1083b554 ] Request (ServersTestMultiNic:_run_cleanups): 200 GET http://10.180.1.21/compute/v2.1/servers/80d3db6c-4f5f-4481-8092-76b0b11b3861 1.082s
2025-12-12 16:56:34.108 65534 INFO tempest.lib.common.rest_client [req-0e20e429-52c4-4c7c-80d7-3c67aa2a14c1 req-0e20e429-52c4-4c7c-80d7-3c67aa2a14c1 ] Request (ListImageFiltersTestJSON:setUpClass): 200 GET http://10.180.1.21/compute/v2.1/images/789ded13-8e0a-4b3a-8047-435d006cc09a 1.086s
2025-12-12 16:56:34.205 65492 INFO tempest.lib.common.rest_client [req-de6a0333-72ac-4239-bdc1-beca445dbb7f req-de6a0333-72ac-4239-bdc1-beca445dbb7f ] Request (ServerRescueTestJSON:setUpClass): 200 GET http://10.180.1.21/compute/v2.1/servers/182adcd9-4599-43d5-8904-cdfec758bd53 1.073s
2025-12-12 16:56:34.237 65510 INFO tempest.lib.common.rest_client [req-a7967e01-9603-4fe1-914e-bf4ba11ac7d4 req-a7967e01-9603-4fe1-914e-bf4ba11ac7d4 ] Request (ServersAdminTestJSON:test_list_servers_by_admin_with_specified_tenant): 200 GET http://10.180.1.21/compute/v2.1/servers/detail?all_tenants=&tenant_id=76f40ea3a7234ad384e41595fc4a6098 1.340s
2025-12-12 16:56:34.279 65502 INFO tempest.lib.common.rest_client [req-d69f6865-ac1b-4e1c-bae8-17d123be58de req-d69f6865-ac1b-4e1c-bae8-17d123be58de ] Request (ImagesOneServerNegativeTestJSON:_run_cleanups): 200 GET http://10.180.1.21/compute/v2.1/servers/507bebe3-6f51-4ba5-ab6f-5503d621b5ba 1.123s
2025-12-12 16:56:34.288 65480 INFO tempest.lib.common.rest_client [req-cf8ef27d-2ffc-46d2-9be0-ad1e2d3157c8 req-cf8ef27d-2ffc-46d2-9be0-ad1e2d3157c8 ] Request (ServersWithSpecificFlavorTestJSON:test_verify_created_server_ephemeral_disk): 200 GET http://10.180.1.21/compute/v2.1/servers/0f68d4f2-6a57-474e-8f85-2ba68d059472 1.016s
2025-12-12 16:56:34.443 65514 INFO tempest.lib.common.rest_client [req-1f364534-ffab-45a4-831b-e27664ea20ae req-1f364534-ffab-45a4-831b-e27664ea20ae ] Request (VolumesAdminNegativeTest:tearDownClass): 200 GET http://10.180.1.21/compute/v2.1/servers/b95320f5-2e3d-49cc-8207-8fe2f0f7acb4 1.127s
2025-12-12 16:56:34.484 65476 INFO tempest.lib.common.rest_client [req-d094048e-0d4b-42d7-898b-8eb8f11c2bcf req-d094048e-0d4b-42d7-898b-8eb8f11c2bcf ] Request (MultipleCreateTestJSON:test_multiple_create_with_reservation_return): 200 GET http://10.180.1.21/compute/v2.1/servers/2751a325-b63f-4acd-bbec-897d1d6f0a6a 1.141s
2025-12-12 16:56:34.496 65476 INFO tempest.common.waiters [-] State transition "BUILD/spawning" ==> "ACTIVE/None" after 38 second wait
2025-12-12 16:56:34.533 65484 INFO tempest.lib.common.rest_client [req-170d0aff-ab7c-4ce8-acc3-974c5fefec01 req-170d0aff-ab7c-4ce8-acc3-974c5fefec01 ] Request (ServersTestFqdnHostnames:test_create_server_with_fqdn_name): 200 GET http://10.180.1.21/compute/v2.1/servers/f5f78548-b226-4888-8cc2-645053d2e645 1.157s
2025-12-12 16:56:34.583 65528 INFO tempest.lib.common.rest_client [req-51fb9ae9-b2be-4e94-b9e6-30398762cd81 req-51fb9ae9-b2be-4e94-b9e6-30398762cd81 ] Request (ServersAdmin275Test:tearDownClass): 200 GET http://10.180.1.21/compute/v2.1/servers/f02dcf00-0069-406c-a565-f123d79551af 1.158s
2025-12-12 16:56:34.592 65498 INFO tempest.lib.common.rest_client [req-14cce03d-5195-4b2a-88f9-c0b6b9cbfc22 req-14cce03d-5195-4b2a-88f9-c0b6b9cbfc22 ] Request (SecurityGroupsTestJSON:test_server_security_groups): 200 GET http://10.180.1.21/compute/v2.1/servers/c78e2fdf-fb9c-4c0d-9073-13a0baf013e1 1.156s
2025-12-12 16:56:34.662 65494 INFO tempest.lib.common.rest_client [req-bdab4f43-004c-480a-a106-b0e5cf6f51c4 req-bdab4f43-004c-480a-a106-b0e5cf6f51c4 ] Request (ServerMetadataTestJSON:setUpClass): 200 GET http://10.180.1.21/compute/v2.1/servers/d940bba9-ca37-4693-9e2e-4c13ad72d03e 1.191s
2025-12-12 16:56:34.679 65530 INFO tempest.lib.common.rest_client [req-6ceeb964-d7a8-43c1-906a-806a691f0629 req-6ceeb964-d7a8-43c1-906a-806a691f0629 ] Request (AttachInterfacesUnderV243Test:test_add_remove_fixed_ip): 200 GET http://10.180.1.21/compute/v2.1/servers/ca4add3e-3327-4828-8627-4231347408ed 1.182s
2025-12-12 16:56:34.690 65530 INFO tempest.common.waiters [-] State transition "BUILD/None" ==> "BUILD/networking" after 36 second wait
2025-12-12 16:56:34.709 65532 INFO tempest.lib.common.rest_client [req-c14b7320-66a1-4950-9c53-4ae1eb83a168 req-c14b7320-66a1-4950-9c53-4ae1eb83a168 ] Request (DeleteServersAdminTestJSON:tearDownClass): 404 GET http://10.180.1.21/compute/v2.1/servers/b89231a6-6e7b-4ad3-86cb-e5f6ea5983d6 1.112s
2025-12-12 16:56:34.945 65520 INFO tempest.lib.common.rest_client [req-5a28aa3d-1415-458c-90ab-20e51e6f2fbb req-5a28aa3d-1415-458c-90ab-20e51e6f2fbb ] Request (AttachVolumeShelveTestJSON:test_attach_volume_shelved_or_offload_server): 200 GET http://10.180.1.21/compute/v2.1/servers/39ac3f90-6c98-42b7-b42e-766f78a98048 1.334s
2025-12-12 16:56:34.960 65520 INFO tempest.common.waiters [-] State transition "BUILD/spawning" ==> "ACTIVE/None" after 40 second wait
2025-12-12 16:56:34.970 65516 INFO tempest.lib.common.rest_client [req-495f70e0-6239-4b5e-a5c9-b955d69292f1 req-495f70e0-6239-4b5e-a5c9-b955d69292f1 ] Request (ServersAdminNegativeTestJSON:test_migrate_server_invalid_state): 200 GET http://10.180.1.21/compute/v2.1/servers/38a2c161-4929-41f4-867f-b95a955604a8 1.261s
2025-12-12 16:56:34.983 65516 INFO tempest.common.waiters [-] State transition "ACTIVE/suspending" ==> "SUSPENDED/None" after 2 second wait
2025-12-12 16:56:35.020 65488 INFO tempest.lib.common.rest_client [req-d0d799c4-125c-41a8-a43a-3bb837a33e35 req-d0d799c4-125c-41a8-a43a-3bb837a33e35 ] Request (DeleteServersTestJSON:test_delete_active_server): 200 GET http://10.180.1.21/compute/v2.1/servers/b45c553e-d7bd-4812-b3d6-fd6e0130c947 1.152s
2025-12-12 16:56:35.064 65508 INFO tempest.lib.common.rest_client [req-44b94984-4439-498e-a578-2a85c20d3318 req-44b94984-4439-498e-a578-2a85c20d3318 ] Request (ServerDiskConfigTestJSON:test_rebuild_server_with_auto_disk_config): 200 GET http://10.180.1.21/compute/v2.1/servers/9ef444ab-b81f-48d2-bf08-bf1a792a9de5 1.057s
2025-12-12 16:56:35.192 65478 INFO tempest.lib.common.rest_client [req-d03c9ab7-7e5f-48b5-be07-febd709b49d6 req-d03c9ab7-7e5f-48b5-be07-febd709b49d6 ] Request (AttachInterfacesV270Test:test_create_get_list_interfaces): 200 GET http://10.180.1.21/compute/v2.1/servers/dc81ea0b-967d-4b0e-ae61-027bf9f0fe7d 1.116s
2025-12-12 16:56:35.215 65512 INFO tempest.lib.common.rest_client [req-5458799e-9c09-481a-82de-0fa746e5d035 req-5458799e-9c09-481a-82de-0fa746e5d035 ] Request (MigrationsAdminTest:test_resize_server_revert_deleted_flavor): 200 GET http://10.180.1.21/compute/v2.1/servers/9a3f867e-c5cf-47bd-9ce1-af8ddef7e2d1 1.091s
2025-12-12 16:56:35.224 65512 INFO tempest.common.waiters [-] State transition "BUILD/scheduling" ==> "BUILD/None" after 4 second wait
2025-12-12 16:56:35.267 65510 INFO tempest.lib.common.rest_client [req-0f178112-18b3-4901-b9da-d758d9187e88 req-0f178112-18b3-4901-b9da-d758d9187e88 ] Request (ServersAdminTestJSON:test_list_servers_by_admin_with_specified_tenant): 200 GET http://10.180.1.21/compute/v2.1/servers/detail?all_tenants=&tenant_id=d5208c9a1baa474b95a3fec757d541a0 1.017s
2025-12-12 16:56:35.379 65506 INFO tempest.lib.common.rest_client [req-2f861fbe-0ff6-41e0-bdd1-aa31cfa0b575 req-2f861fbe-0ff6-41e0-bdd1-aa31cfa0b575 ] Request (ServerTagsTestJSON:tearDownClass): 200 GET http://10.180.1.21/compute/v2.1/servers/279bb941-0a4a-4d28-b564-5641f5a1d119 1.170s
2025-12-12 16:56:35.427 65474 INFO tempest.lib.common.rest_client [req-d7d41880-1bb2-4424-9aa9-4200f3e15403 req-d7d41880-1bb2-4424-9aa9-4200f3e15403 ] Request (ServerDiagnosticsTest:tearDownClass): 200 GET http://10.180.1.21/compute/v2.1/servers/16d8c55b-0e7a-4ac2-b21c-c1f93bb86a08 1.145s
2025-12-12 16:56:35.473 65504 INFO tempest.lib.common.rest_client [req-116123fd-904b-49ac-9c4e-12b8f8f68a20 req-116123fd-904b-49ac-9c4e-12b8f8f68a20 ] Request (ImagesTestJSON:test_create_image_from_suspended_server): 200 GET http://10.180.1.21/compute/v2.1/images/0a8fb667-278d-4282-9952-3a5e33554134 0.896s
2025-12-12 16:56:35.976 65482 INFO tempest.lib.common.rest_client [req-45571a0f-9b86-46a7-8792-ba7606a8d176 req-45571a0f-9b86-46a7-8792-ba7606a8d176 ] Request (InstanceActionsTestJSON:setUpClass): 200 GET http://10.180.1.21/compute/v2.1/servers/81a50887-b653-496c-99d4-cac705dac356 1.300s
2025-12-12 16:56:36.007 65476 INFO tempest.lib.common.rest_client [req-f4988332-73be-427c-985e-c1e553206813 req-f4988332-73be-427c-985e-c1e553206813 ] Request (MultipleCreateTestJSON:test_multiple_create_with_reservation_return): 200 GET http://10.180.1.21/compute/v2.1/servers/cbdd70ab-2c0a-4f68-a060-0ea0e727ca77 1.510s
2025-12-12 16:56:36.008 65532 INFO tempest.lib.common.rest_client [req-cd2176eb-927e-44ee-af53-527f406ba88f req-cd2176eb-927e-44ee-af53-527f406ba88f ] Request (DeleteServersAdminTestJSON:tearDownClass): 404 DELETE http://10.180.1.21/compute/v2.1/servers/8c7e4710-f568-44b6-831a-0056800fad24 1.298s
2025-12-12 16:56:36.192 65520 INFO tempest.lib.common.rest_client [req-6c8554b3-226b-4bed-b846-927fb8c65aeb req-6c8554b3-226b-4bed-b846-927fb8c65aeb ] Request (AttachVolumeShelveTestJSON:test_attach_volume_shelved_or_offload_server): 200 GET http://10.180.1.21/compute/v2.1/servers/39ac3f90-6c98-42b7-b42e-766f78a98048/os-interface 1.232s
2025-12-12 16:56:36.232 65500 INFO tempest.lib.common.rest_client [req-9d09491e-5e8c-4d3c-bdc0-8d6b0e0ff3f7 req-9d09491e-5e8c-4d3c-bdc0-8d6b0e0ff3f7 ] Request (ServersTestBootFromVolume:tearDownClass): 200 GET http://10.180.1.21/compute/v2.1/servers/54c87c5e-3398-4995-b2d4-e45c60b8c560 1.413s
2025-12-12 16:56:36.672 65518 WARNING tempest.lib.common.ssh [-] Failed to establish authenticated ssh connection to cirros@10.180.180.244 ([Errno None] Unable to connect to port 22 on 10.180.180.244). Number attempts: 9. Retry after 10 seconds.: paramiko.ssh_exception.NoValidConnectionsError: [Errno None] Unable to connect to port 22 on 10.180.180.244
2025-12-12 16:56:36.845 65520 INFO tempest.lib.common.rest_client [req-2021c07e-ed92-44ea-ae98-f879a1f366d1 req-2021c07e-ed92-44ea-ae98-f879a1f366d1 ] Request (AttachVolumeShelveTestJSON:test_attach_volume_shelved_or_offload_server): 200 PUT http://10.180.1.21/networking/v2.0/floatingips/10132620-cd3a-4c60-a105-0621d4f68a59 0.650s
2025-12-12 16:56:36.847 65520 INFO tempest.lib.common.ssh [-] Creating ssh connection to '10.180.180.181:22' as 'cirros' with public key authentication
2025-12-12 16:56:36.873 65526 INFO tempest.lib.common.rest_client [req-6aad07e3-eb83-4842-bca2-45e89dd23bba req-6aad07e3-eb83-4842-bca2-45e89dd23bba ] Request (ServerShowV254Test:tearDownClass): 200 GET http://10.180.1.21/compute/v2.1/servers/4a21bef7-0d2f-487f-acbd-a643636accc7 1.903s
2025-12-12 16:56:37.155 65516 INFO tempest.lib.common.rest_client [req-0f9aacef-c2b7-4651-bbf4-fd7fdb8d63ab req-0f9aacef-c2b7-4651-bbf4-fd7fdb8d63ab ] Request (ServersAdminNegativeTestJSON:test_migrate_server_invalid_state): 409 POST http://10.180.1.21/compute/v2.1/servers/38a2c161-4929-41f4-867f-b95a955604a8/action 2.172s
2025-12-12 16:56:37.196 65524 INFO tempest.lib.common.rest_client [req-89d1bcdc-2e5c-4cc4-ba6c-d0aacf5d2017 req-89d1bcdc-2e5c-4cc4-ba6c-d0aacf5d2017 ] Request (ServersTestJSON:tearDownClass): 200 GET http://10.180.1.21/compute/v2.1/servers/3020f3e7-bff5-4dca-97ed-88068d8c0952 2.201s
2025-12-12 16:56:37.286 65534 INFO tempest.lib.common.rest_client [req-0d3b760b-2640-4455-9a3f-bfbc9bc16b4d req-0d3b760b-2640-4455-9a3f-bfbc9bc16b4d ] Request (ListImageFiltersTestJSON:setUpClass): 200 GET http://10.180.1.21/compute/v2.1/images/789ded13-8e0a-4b3a-8047-435d006cc09a 2.170s
2025-12-12 16:56:37.314 65496 INFO tempest.lib.common.rest_client [req-fb77ed68-e0d1-4895-8ffb-59d134a7332a req-fb77ed68-e0d1-4895-8ffb-59d134a7332a ] Request (ServersTestMultiNic:_run_cleanups): 200 GET http://10.180.1.21/compute/v2.1/servers/80d3db6c-4f5f-4481-8092-76b0b11b3861 2.242s
2025-12-12 16:56:37.321 65510 INFO tempest.lib.common.rest_client [req-4dc56f74-75c0-4c7d-afb1-6ee9492ab51a req-4dc56f74-75c0-4c7d-afb1-6ee9492ab51a ] Request (ServersAdminTestJSON:test_list_servers_detailed_filter_by_invalid_status): 200 GET http://10.180.1.21/compute/v2.1/servers/detail?status=invalid_status 2.039s
2025-12-12 16:56:37.361 65492 INFO tempest.lib.common.rest_client [req-dda0886a-439d-4ca6-b319-c091553c6b14 req-dda0886a-439d-4ca6-b319-c091553c6b14 ] Request (ServerRescueTestJSON:setUpClass): 200 GET http://10.180.1.21/compute/v2.1/servers/182adcd9-4599-43d5-8904-cdfec758bd53 2.146s
2025-12-12 16:56:37.369 65490 WARNING tempest.lib.common.ssh [-] Failed to establish authenticated ssh connection to cirros@10.180.180.142 ([Errno None] Unable to connect to port 22 on 10.180.180.142). Number attempts: 10. Retry after 11 seconds.: paramiko.ssh_exception.NoValidConnectionsError: [Errno None] Unable to connect to port 22 on 10.180.180.142
2025-12-12 16:56:37.384 65502 INFO tempest.lib.common.rest_client [req-2d3f60b9-4aa3-41f0-99bc-673426ebefe1 req-2d3f60b9-4aa3-41f0-99bc-673426ebefe1 ] Request (ImagesOneServerNegativeTestJSON:_run_cleanups): 200 GET http://10.180.1.21/compute/v2.1/servers/507bebe3-6f51-4ba5-ab6f-5503d621b5ba 2.097s
2025-12-12 16:56:37.393 65502 INFO tempest.common.waiters [-] State transition "BUILD/scheduling" ==> "BUILD/None" after 5 second wait
2025-12-12 16:56:37.415 65480 INFO tempest.lib.common.rest_client [req-8f3c1a8e-1179-4ab1-a691-d97d0ad68eb3 req-8f3c1a8e-1179-4ab1-a691-d97d0ad68eb3 ] Request (ServersWithSpecificFlavorTestJSON:test_verify_created_server_ephemeral_disk): 200 GET http://10.180.1.21/compute/v2.1/servers/0f68d4f2-6a57-474e-8f85-2ba68d059472 2.119s
2025-12-12 16:56:37.456 65514 INFO tempest.lib.common.rest_client [req-11040f29-8687-48a1-a906-365ccf0e6220 req-11040f29-8687-48a1-a906-365ccf0e6220 ] Request (VolumesAdminNegativeTest:tearDownClass): 200 GET http://10.180.1.21/compute/v2.1/servers/b95320f5-2e3d-49cc-8207-8fe2f0f7acb4 2.003s
2025-12-12 16:56:37.463 65484 INFO tempest.lib.common.rest_client [req-e00979f6-9031-4ebc-aa4f-a11dc92d89cc req-e00979f6-9031-4ebc-aa4f-a11dc92d89cc ] Request (ServersTestFqdnHostnames:test_create_server_with_fqdn_name): 200 GET http://10.180.1.21/compute/v2.1/servers/f5f78548-b226-4888-8cc2-645053d2e645 1.920s
2025-12-12 16:56:37.532 65498 INFO tempest.lib.common.rest_client [req-7bcf8172-79e0-4e20-b21c-d2379c7fb0e9 req-7bcf8172-79e0-4e20-b21c-d2379c7fb0e9 ] Request (SecurityGroupsTestJSON:test_server_security_groups): 200 GET http://10.180.1.21/compute/v2.1/servers/c78e2fdf-fb9c-4c0d-9073-13a0baf013e1 1.925s
2025-12-12 16:56:37.547 65528 INFO tempest.lib.common.rest_client [req-04d829a2-8db5-4142-ae9f-9d17efbce99e req-04d829a2-8db5-4142-ae9f-9d17efbce99e ] Request (ServersAdmin275Test:tearDownClass): 200 GET http://10.180.1.21/compute/v2.1/servers/f02dcf00-0069-406c-a565-f123d79551af 1.953s
2025-12-12 16:56:37.584 65494 INFO tempest.lib.common.rest_client [req-9f02a5cc-f6a8-4861-9b37-7dbc1582e0de req-9f02a5cc-f6a8-4861-9b37-7dbc1582e0de ] Request (ServerMetadataTestJSON:setUpClass): 200 GET http://10.180.1.21/compute/v2.1/servers/d940bba9-ca37-4693-9e2e-4c13ad72d03e 1.908s
2025-12-12 16:56:37.628 65532 INFO tempest.lib.common.rest_client [req-1a574710-5a4a-4a3c-aac0-24cec5542079 req-1a574710-5a4a-4a3c-aac0-24cec5542079 ] Request (DeleteServersAdminTestJSON:tearDownClass): 404 GET http://10.180.1.21/compute/v2.1/servers/8c7e4710-f568-44b6-831a-0056800fad24 1.619s
2025-12-12 16:56:37.710 65530 INFO tempest.lib.common.rest_client [req-565a7165-002d-4c04-a273-a31a40430037 req-565a7165-002d-4c04-a273-a31a40430037 ] Request (AttachInterfacesUnderV243Test:test_add_remove_fixed_ip): 200 GET http://10.180.1.21/compute/v2.1/servers/ca4add3e-3327-4828-8627-4231347408ed 2.017s
2025-12-12 16:56:37.718 65530 INFO tempest.common.waiters [-] State transition "BUILD/networking" ==> "BUILD/spawning" after 39 second wait
2025-12-12 16:56:37.739 65476 INFO tempest.lib.common.rest_client [req-3b461f60-aa37-4e1a-a761-572d793fe398 req-3b461f60-aa37-4e1a-a761-572d793fe398 ] Request (MultipleCreateTestJSON:tearDownClass): 204 DELETE http://10.180.1.21/compute/v2.1/servers/cbdd70ab-2c0a-4f68-a060-0ea0e727ca77 1.721s
2025-12-12 16:56:37.746 65532 INFO tempest.lib.common.rest_client [req-88701bb3-d31e-49d0-adc3-ad5581d4123c req-88701bb3-d31e-49d0-adc3-ad5581d4123c ] Request (DeleteServersAdminTestJSON:tearDownClass): 204 DELETE http://10.180.1.21/identity/v3/users/743164e44084453b99f2f8030228340f 0.117s
2025-12-12 16:56:37.777 65488 INFO tempest.lib.common.rest_client [req-0f2df1e3-013f-4b6d-9aac-bac7e0017b60 req-0f2df1e3-013f-4b6d-9aac-bac7e0017b60 ] Request (DeleteServersTestJSON:test_delete_active_server): 200 GET http://10.180.1.21/compute/v2.1/servers/b45c553e-d7bd-4812-b3d6-fd6e0130c947 1.739s
2025-12-12 16:56:37.820 65508 INFO tempest.lib.common.rest_client [req-6eb09cc2-6ebc-4f7c-bc12-b21e73699633 req-6eb09cc2-6ebc-4f7c-bc12-b21e73699633 ] Request (ServerDiskConfigTestJSON:test_rebuild_server_with_auto_disk_config): 200 GET http://10.180.1.21/compute/v2.1/servers/9ef444ab-b81f-48d2-bf08-bf1a792a9de5 1.740s
2025-12-12 16:56:37.840 65478 INFO tempest.lib.common.rest_client [req-653e8276-6075-4a72-ae90-c67281c55f3d req-653e8276-6075-4a72-ae90-c67281c55f3d ] Request (AttachInterfacesV270Test:test_create_get_list_interfaces): 200 GET http://10.180.1.21/compute/v2.1/servers/dc81ea0b-967d-4b0e-ae61-027bf9f0fe7d 1.631s
2025-12-12 16:56:37.866 65506 INFO tempest.lib.common.rest_client [req-31149de9-95fd-4ece-84f2-c95332d5abe7 req-31149de9-95fd-4ece-84f2-c95332d5abe7 ] Request (ServerTagsTestJSON:tearDownClass): 404 GET http://10.180.1.21/compute/v2.1/servers/279bb941-0a4a-4d28-b564-5641f5a1d119 1.475s
2025-12-12 16:56:37.882 65512 INFO tempest.lib.common.rest_client [req-82cdb7d3-8c54-49c6-8851-815acb57f845 req-82cdb7d3-8c54-49c6-8851-815acb57f845 ] Request (MigrationsAdminTest:test_resize_server_revert_deleted_flavor): 200 GET http://10.180.1.21/compute/v2.1/servers/9a3f867e-c5cf-47bd-9ce1-af8ddef7e2d1 1.657s
2025-12-12 16:56:37.899 65532 INFO tempest.lib.common.rest_client [req-8fa2dd94-d69d-474a-bf2f-bcebe7196e5d req-8fa2dd94-d69d-474a-bf2f-bcebe7196e5d ] Request (DeleteServersAdminTestJSON:tearDownClass): 204 DELETE http://10.180.1.21/identity/v3/users/d9b3a3bc5a9b4b86808eda2405e3b90c 0.153s
2025-12-12 16:56:37.900 65532 INFO tempest.lib.common.dynamic_creds [-] Deleting project and security group for project: eaecf0b885dc4353921450169ebdece8
2025-12-12 16:56:37.953 65474 INFO tempest.lib.common.rest_client [req-0917744d-99db-488e-b727-7c65c6fdad5d req-0917744d-99db-488e-b727-7c65c6fdad5d ] Request (ServerDiagnosticsTest:tearDownClass): 200 GET http://10.180.1.21/compute/v2.1/servers/16d8c55b-0e7a-4ac2-b21c-c1f93bb86a08 1.515s
2025-12-12 16:56:37.994 65532 INFO tempest.lib.common.rest_client [req-8f876895-2482-4285-9870-d432c7e4bcb6 req-8f876895-2482-4285-9870-d432c7e4bcb6 ] Request (DeleteServersAdminTestJSON:tearDownClass): 201 POST http://10.180.1.21/identity/v3/auth/tokens 0.094s
2025-12-12 16:56:38.028 65482 INFO tempest.lib.common.rest_client [req-b8111ded-7763-420a-bc31-39d9c05c794f req-b8111ded-7763-420a-bc31-39d9c05c794f ] Request (InstanceActionsTestJSON:setUpClass): 200 GET http://10.180.1.21/compute/v2.1/servers/81a50887-b653-496c-99d4-cac705dac356 1.040s
2025-12-12 16:56:38.035 65516 INFO tempest.lib.common.rest_client [req-569a6979-d404-4f4d-a272-d58a08d49ad0 req-569a6979-d404-4f4d-a272-d58a08d49ad0 ] Request (ServersAdminNegativeTestJSON:test_reset_state_server_invalid_state): 400 POST http://10.180.1.21/compute/v2.1/servers/19b900ac-f507-4466-a5e8-e93f07c2476c/action 0.878s
2025-12-12 16:56:38.135 65532 INFO tempest.lib.common.rest_client [req-322022bc-1124-4028-8a92-e9fde171ba11 req-322022bc-1124-4028-8a92-e9fde171ba11 ] Request (DeleteServersAdminTestJSON:tearDownClass): 200 GET http://10.180.1.21/networking/v2.0/security-groups?tenant_id=eaecf0b885dc4353921450169ebdece8&name=default 0.141s
2025-12-12 16:56:38.161 65500 INFO tempest.lib.common.rest_client [req-8cc95477-2e71-402e-ade4-b7c391f5e0a2 req-8cc95477-2e71-402e-ade4-b7c391f5e0a2 ] Request (ServersTestBootFromVolume:tearDownClass): 200 GET http://10.180.1.21/compute/v2.1/servers/54c87c5e-3398-4995-b2d4-e45c60b8c560 0.911s
2025-12-12 16:56:38.238 65510 INFO tempest.lib.common.rest_client [req-f542e7c6-b183-4ccf-8004-7e97ce73583d req-f542e7c6-b183-4ccf-8004-7e97ce73583d ] Request (ServersAdminTestJSON:test_list_servers_filter_by_error_status): 202 POST http://10.180.1.21/compute/v2.1/servers/7d78faaf-b4cc-4ccb-8089-38e1965c75bc/action 0.908s
2025-12-12 16:56:38.289 65532 INFO tempest.lib.common.rest_client [req-a74e833a-d8ec-4a99-a93b-6c0d0a94e0d4 req-a74e833a-d8ec-4a99-a93b-6c0d0a94e0d4 ] Request (DeleteServersAdminTestJSON:tearDownClass): 204 DELETE http://10.180.1.21/networking/v2.0/security-groups/416df7e5-52a8-484d-a488-4f4f2380f0a6 0.153s
2025-12-12 16:56:38.357 65476 INFO tempest.lib.common.rest_client [req-7bc34e72-bbcb-4f99-8f66-5b0a81e9e944 req-7bc34e72-bbcb-4f99-8f66-5b0a81e9e944 ] Request (MultipleCreateTestJSON:tearDownClass): 204 DELETE http://10.180.1.21/compute/v2.1/servers/2751a325-b63f-4acd-bbec-897d1d6f0a6a 0.617s
2025-12-12 16:56:38.384 65532 INFO tempest.lib.common.rest_client [req-274d7c93-b878-4785-aecb-b10f0187ab4e req-274d7c93-b878-4785-aecb-b10f0187ab4e ] Request (DeleteServersAdminTestJSON:tearDownClass): 204 DELETE http://10.180.1.21/identity/v3/projects/eaecf0b885dc4353921450169ebdece8 0.095s
2025-12-12 16:56:38.385 65532 INFO tempest.lib.common.dynamic_creds [-] Deleting project and security group for project: 7cc773a1c32248bea62004ad7f189376
2025-12-12 16:56:38.537 65532 INFO tempest.lib.common.rest_client [req-f8977066-779f-4752-acd3-fde0a41630b4 req-f8977066-779f-4752-acd3-fde0a41630b4 ] Request (DeleteServersAdminTestJSON:tearDownClass): 200 GET http://10.180.1.21/networking/v2.0/security-groups?tenant_id=7cc773a1c32248bea62004ad7f189376&name=default 0.152s
2025-12-12 16:56:38.595 65526 INFO tempest.lib.common.rest_client [req-74be3ae6-6f08-4287-9433-5fdb57b8ed19 req-74be3ae6-6f08-4287-9433-5fdb57b8ed19 ] Request (ServerShowV254Test:tearDownClass): 200 GET http://10.180.1.21/compute/v2.1/servers/4a21bef7-0d2f-487f-acbd-a643636accc7 0.706s
2025-12-12 16:56:38.601 65516 INFO tempest.lib.common.rest_client [req-6d8709e5-8624-4aa1-839c-046f650d617c req-6d8709e5-8624-4aa1-839c-046f650d617c ] Request (ServersAdminNegativeTestJSON:test_reset_state_server_invalid_type): 400 POST http://10.180.1.21/compute/v2.1/servers/19b900ac-f507-4466-a5e8-e93f07c2476c/action 0.564s
2025-12-12 16:56:38.679 65532 INFO tempest.lib.common.rest_client [req-e1864e60-bf21-44e3-ad49-204cd45892cc req-e1864e60-bf21-44e3-ad49-204cd45892cc ] Request (DeleteServersAdminTestJSON:tearDownClass): 204 DELETE http://10.180.1.21/networking/v2.0/security-groups/f8371ba2-ba1c-4f6f-b0e8-c4f3f3913a0e 0.141s
2025-12-12 16:56:38.760 65524 INFO tempest.lib.common.rest_client [req-ef80b55a-4009-462e-b498-6016fd11f8a6 req-ef80b55a-4009-462e-b498-6016fd11f8a6 ] Request (ServersTestJSON:tearDownClass): 200 GET http://10.180.1.21/compute/v2.1/servers/3020f3e7-bff5-4dca-97ed-88068d8c0952 0.552s
2025-12-12 16:56:38.769 65524 INFO tempest.common.waiters [-] State transition "ACTIVE/deleting" ==> "DELETED/None" after 5 second wait
2025-12-12 16:56:38.821 65506 INFO tempest.lib.common.rest_client [req-490df0f5-c928-4452-b03c-af85b21f06e7 req-490df0f5-c928-4452-b03c-af85b21f06e7 ] Request (ServerTagsTestJSON:tearDownClass): 200 PUT http://10.180.1.21/networking/v2.0/routers/0eafa9c9-d5d1-4443-8100-56cfb8b3e2e6/remove_router_interface 0.954s
2025-12-12 16:56:38.853 65532 INFO tempest.lib.common.rest_client [req-096415d1-cffd-455a-ba37-14ba472e8342 req-096415d1-cffd-455a-ba37-14ba472e8342 ] Request (DeleteServersAdminTestJSON:tearDownClass): 204 DELETE http://10.180.1.21/identity/v3/projects/7cc773a1c32248bea62004ad7f189376 0.174s
2025-12-12 16:56:38.854 65532 INFO tempest.test [-] raised in LiveMigrationRemoteConsolesV26Test.setUpClass. Invoking tearDownClass.
2025-12-12 16:56:38.904 65510 INFO tempest.lib.common.rest_client [req-78cb9eeb-1065-4577-a0ef-fa9fac09caaa req-78cb9eeb-1065-4577-a0ef-fa9fac09caaa ] Request (ServersAdminTestJSON:test_list_servers_filter_by_error_status): 200 GET http://10.180.1.21/compute/v2.1/servers?status=error 0.665s
2025-12-12 16:56:38.952 65532 INFO tempest.lib.common.rest_client [req-ddab3594-2c7e-4c94-86a2-f576ce78a3a6 req-ddab3594-2c7e-4c94-86a2-f576ce78a3a6 ] Request (ServerExternalEventsTest:setUpClass): 201 POST http://10.180.1.21/identity/v3/auth/tokens 0.095s
2025-12-12 16:56:38.995 65532 INFO tempest.lib.common.rest_client [req-2af2a454-c267-4459-b0b3-16bbc8fe68b0 req-2af2a454-c267-4459-b0b3-16bbc8fe68b0 ] Request (ServerExternalEventsTest:setUpClass): 201 POST http://10.180.1.21/identity/v3/auth/tokens 0.040s
2025-12-12 16:56:39.028 65532 INFO tempest.lib.common.rest_client [req-1dbe3a74-1836-490f-8cac-90111a2433d0 req-1dbe3a74-1836-490f-8cac-90111a2433d0 ] Request (ServerExternalEventsTest:setUpClass): 200 GET http://10.180.1.21/identity/v3/domains?name=Default 0.032s
2025-12-12 16:56:39.094 65532 INFO tempest.lib.common.rest_client [req-fb6106e3-a920-4456-b547-e0225fe07925 req-fb6106e3-a920-4456-b547-e0225fe07925 ] Request (ServerExternalEventsTest:setUpClass): 201 POST http://10.180.1.21/identity/v3/projects 0.065s
2025-12-12 16:56:39.185 65532 INFO tempest.lib.common.rest_client [req-5de7cc75-f3c8-4c04-8c00-0879c5fa3cbd req-5de7cc75-f3c8-4c04-8c00-0879c5fa3cbd ] Request (ServerExternalEventsTest:setUpClass): 201 POST http://10.180.1.21/identity/v3/users 0.091s
2025-12-12 16:56:39.207 65532 INFO tempest.lib.common.rest_client [req-83d74f95-bf30-4033-bdbf-d687f044f688 req-83d74f95-bf30-4033-bdbf-d687f044f688 ] Request (ServerExternalEventsTest:setUpClass): 200 GET http://10.180.1.21/identity/v3/roles 0.021s
2025-12-12 16:56:39.240 65532 INFO tempest.lib.common.rest_client [req-cff3f4c0-2e88-4a78-b71d-f27a211099da req-cff3f4c0-2e88-4a78-b71d-f27a211099da ] Request (ServerExternalEventsTest:setUpClass): 204 PUT http://10.180.1.21/identity/v3/projects/86f6d3db78b84c9eb3c67d87393e2d06/users/70eccd889e774611abde520ef5eb13c4/roles/911b48ebd0ba4d70b7c30a88840223f7 0.033s
2025-12-12 16:56:39.241 65532 INFO tempest.lib.common.dynamic_creds [-] Dynamic test user 70eccd889e774611abde520ef5eb13c4 is created with scope project and roles: ['member']
2025-12-12 16:56:39.241 65532 INFO tempest.lib.common.dynamic_creds [-] Acquired dynamic creds: credentials: Credentials: {'domain_id': 'default', 'domain_name': 'Default', 'username': 'tempest-ServerExternalEventsTest-376125758-project-member', 'project_domain_id': 'default', 'project_domain_name': 'Default', 'project_id': '86f6d3db78b84c9eb3c67d87393e2d06', 'project_name': 'tempest-ServerExternalEventsTest-376125758', 'tenant_id': '86f6d3db78b84c9eb3c67d87393e2d06', 'tenant_name': 'tempest-ServerExternalEventsTest-376125758', 'user_domain_id': 'default', 'user_domain_name': 'Default', 'user_id': '70eccd889e774611abde520ef5eb13c4', 'system': None}, Network: None, Subnet: None, Router: None
2025-12-12 16:56:39.241 65532 INFO tempest.lib.common.dynamic_creds [-] Created isolated network resources for: credentials: Credentials: {'domain_id': 'default', 'domain_name': 'Default', 'username': 'tempest-ServerExternalEventsTest-376125758-project-member', 'project_domain_id': 'default', 'project_domain_name': 'Default', 'project_id': '86f6d3db78b84c9eb3c67d87393e2d06', 'project_name': 'tempest-ServerExternalEventsTest-376125758', 'tenant_id': '86f6d3db78b84c9eb3c67d87393e2d06', 'tenant_name': 'tempest-ServerExternalEventsTest-376125758', 'user_domain_id': 'default', 'user_domain_name': 'Default', 'user_id': '70eccd889e774611abde520ef5eb13c4', 'system': None}, Network: None, Subnet: None, Router: None
2025-12-12 16:56:39.322 65532 INFO tempest.lib.common.rest_client [req-5c74770e-405d-4ba7-8b1a-19f93d9b2a54 req-5c74770e-405d-4ba7-8b1a-19f93d9b2a54 ] Request (ServerExternalEventsTest:setUpClass): 201 POST http://10.180.1.21/identity/v3/auth/tokens 0.077s
2025-12-12 16:56:39.348 65506 INFO tempest.lib.common.rest_client [req-1f8db87c-b741-4103-8cec-d28d58f42398 req-1f8db87c-b741-4103-8cec-d28d58f42398 ] Request (ServerTagsTestJSON:tearDownClass): 204 DELETE http://10.180.1.21/networking/v2.0/routers/0eafa9c9-d5d1-4443-8100-56cfb8b3e2e6 0.527s
2025-12-12 16:56:39.398 65532 INFO tempest.lib.common.rest_client [req-152b4289-4971-4d48-b425-a682833d87b6 req-152b4289-4971-4d48-b425-a682833d87b6 ] Request (ServerExternalEventsTest:setUpClass): 201 POST http://10.180.1.21/identity/v3/projects 0.075s
2025-12-12 16:56:39.477 65532 INFO tempest.lib.common.rest_client [req-e0e2f608-4c89-45dd-8a78-dffafec20427 req-e0e2f608-4c89-45dd-8a78-dffafec20427 ] Request (ServerExternalEventsTest:setUpClass): 201 POST http://10.180.1.21/identity/v3/users 0.079s
2025-12-12 16:56:39.502 65532 INFO tempest.lib.common.rest_client [req-f445511d-4fe6-4ff2-aa0b-bc7688275e45 req-f445511d-4fe6-4ff2-aa0b-bc7688275e45 ] Request (ServerExternalEventsTest:setUpClass): 200 GET http://10.180.1.21/identity/v3/roles 0.025s
2025-12-12 16:56:39.504 65506 INFO tempest.lib.common.rest_client [req-89aaa596-6872-42da-b4e4-20c9f1615164 req-89aaa596-6872-42da-b4e4-20c9f1615164 ] Request (ServerTagsTestJSON:tearDownClass): 204 DELETE http://10.180.1.21/networking/v2.0/subnets/d21dce13-9e84-4d6e-a95a-e39a0c096eb9 0.155s
2025-12-12 16:56:39.534 65532 INFO tempest.lib.common.rest_client [req-93001cd9-2e41-414e-99ac-02838c271ada req-93001cd9-2e41-414e-99ac-02838c271ada ] Request (ServerExternalEventsTest:setUpClass): 204 PUT http://10.180.1.21/identity/v3/projects/d4194fe9f6dd498c95560d80a0d3be8c/users/19361bde8f0b455abb3b618867459a86/roles/0dbb41e9f6f545f280949460eff0df9d 0.031s
2025-12-12 16:56:39.596 65532 INFO tempest.lib.common.rest_client [req-6610f498-835c-4934-b0d8-17907134d6e8 req-6610f498-835c-4934-b0d8-17907134d6e8 ] Request (ServerExternalEventsTest:setUpClass): 200 GET http://10.180.1.21/identity/v3/roles 0.061s
2025-12-12 16:56:39.621 65532 INFO tempest.lib.common.rest_client [req-9c437a38-be76-4821-88e9-522b5609e0d1 req-9c437a38-be76-4821-88e9-522b5609e0d1 ] Request (ServerExternalEventsTest:setUpClass): 204 PUT http://10.180.1.21/identity/v3/projects/d4194fe9f6dd498c95560d80a0d3be8c/users/19361bde8f0b455abb3b618867459a86/roles/0dbb41e9f6f545f280949460eff0df9d 0.025s
2025-12-12 16:56:39.622 65532 INFO tempest.lib.common.dynamic_creds [-] Dynamic test user 19361bde8f0b455abb3b618867459a86 is created with scope project and roles: ['admin']
2025-12-12 16:56:39.622 65532 INFO tempest.lib.common.dynamic_creds [-] Acquired dynamic creds: credentials: Credentials: {'domain_id': 'default', 'domain_name': 'Default', 'username': 'tempest-ServerExternalEventsTest-1396670395-project-admin', 'project_domain_id': 'default', 'project_domain_name': 'Default', 'project_id': 'd4194fe9f6dd498c95560d80a0d3be8c', 'project_name': 'tempest-ServerExternalEventsTest-1396670395', 'tenant_id': 'd4194fe9f6dd498c95560d80a0d3be8c', 'tenant_name': 'tempest-ServerExternalEventsTest-1396670395', 'user_domain_id': 'default', 'user_domain_name': 'Default', 'user_id': '19361bde8f0b455abb3b618867459a86', 'system': None}, Network: None, Subnet: None, Router: None
2025-12-12 16:56:39.622 65532 INFO tempest.lib.common.dynamic_creds [-] Created isolated network resources for: credentials: Credentials: {'domain_id': 'default', 'domain_name': 'Default', 'username': 'tempest-ServerExternalEventsTest-1396670395-project-admin', 'project_domain_id': 'default', 'project_domain_name': 'Default', 'project_id': 'd4194fe9f6dd498c95560d80a0d3be8c', 'project_name': 'tempest-ServerExternalEventsTest-1396670395', 'tenant_id': 'd4194fe9f6dd498c95560d80a0d3be8c', 'tenant_name': 'tempest-ServerExternalEventsTest-1396670395', 'user_domain_id': 'default', 'user_domain_name': 'Default', 'user_id': '19361bde8f0b455abb3b618867459a86', 'system': None}, Network: None, Subnet: None, Router: None
2025-12-12 16:56:39.711 65532 INFO tempest.lib.common.rest_client [req-ff642ee5-5925-4183-b618-2703351bb9d5 req-ff642ee5-5925-4183-b618-2703351bb9d5 ] Request (ServerExternalEventsTest:setUpClass): 201 POST http://10.180.1.21/identity/v3/auth/tokens 0.086s
2025-12-12 16:56:39.794 65532 INFO tempest.lib.common.rest_client [req-9684513f-fdc1-43b5-a62b-7f4257d9ae39 req-9684513f-fdc1-43b5-a62b-7f4257d9ae39 ] Request (ServerExternalEventsTest:setUpClass): 201 POST http://10.180.1.21/identity/v3/projects 0.082s
2025-12-12 16:56:39.811 65506 INFO tempest.lib.common.rest_client [req-bc3d245c-e50b-469f-ad5c-df139449f817 req-bc3d245c-e50b-469f-ad5c-df139449f817 ] Request (ServerTagsTestJSON:tearDownClass): 204 DELETE http://10.180.1.21/networking/v2.0/networks/80b9fda8-ebb0-4422-be18-4430e93fdba8 0.306s
2025-12-12 16:56:39.879 65532 INFO tempest.lib.common.rest_client [req-a8ef2d48-8121-46b1-a430-10fcb68c612c req-a8ef2d48-8121-46b1-a430-10fcb68c612c ] Request (ServerExternalEventsTest:setUpClass): 201 POST http://10.180.1.21/identity/v3/users 0.084s
2025-12-12 16:56:39.903 65532 INFO tempest.lib.common.rest_client [req-41b25ab8-e083-48da-9931-6fe5484d2930 req-41b25ab8-e083-48da-9931-6fe5484d2930 ] Request (ServerExternalEventsTest:setUpClass): 200 GET http://10.180.1.21/identity/v3/roles 0.023s
2025-12-12 16:56:39.932 65506 INFO tempest.lib.common.rest_client [req-4d223160-f57a-4633-945d-a14971934cb0 req-4d223160-f57a-4633-945d-a14971934cb0 ] Request (ServerTagsTestJSON:tearDownClass): 204 DELETE http://10.180.1.21/identity/v3/users/af0ef8de975347de9935f7ea705bf704 0.120s
2025-12-12 16:56:39.932 65506 INFO tempest.lib.common.dynamic_creds [-] Deleting project and security group for project: afcbf629f2844f5695c38ec02c550166
2025-12-12 16:56:39.972 65506 INFO tempest.lib.common.rest_client [req-c16669c7-6530-4954-b39c-6484976353cf req-c16669c7-6530-4954-b39c-6484976353cf ] Request (ServerTagsTestJSON:tearDownClass): 200 GET http://10.180.1.21/networking/v2.0/security-groups?tenant_id=afcbf629f2844f5695c38ec02c550166&name=default 0.039s
2025-12-12 16:56:39.977 65532 INFO tempest.lib.common.rest_client [req-c5464396-78eb-467e-a060-f6b8f2b1071c req-c5464396-78eb-467e-a060-f6b8f2b1071c ] Request (ServerExternalEventsTest:setUpClass): 204 PUT http://10.180.1.21/identity/v3/projects/2974403e84b54ffa927a3d0f9b57bc14/users/aebefba40edb4f3a88350308f6cf35cf/roles/0f77d1f41a97421686353c7fb0989a38 0.073s
2025-12-12 16:56:40.098 65532 INFO tempest.lib.common.rest_client [req-f33b9fd3-4905-486d-adf4-35165e73ff85 req-f33b9fd3-4905-486d-adf4-35165e73ff85 ] Request (ServerExternalEventsTest:setUpClass): 200 GET http://10.180.1.21/identity/v3/roles 0.121s
2025-12-12 16:56:40.101 65506 INFO tempest.lib.common.rest_client [req-2bb64ce2-672d-4ab1-80be-cbb1491ba503 req-2bb64ce2-672d-4ab1-80be-cbb1491ba503 ] Request (ServerTagsTestJSON:tearDownClass): 204 DELETE http://10.180.1.21/networking/v2.0/security-groups/5e524fc2-f045-49dd-9b9d-694845e21af8 0.129s
2025-12-12 16:56:40.126 65532 INFO tempest.lib.common.rest_client [req-a0f1becb-e964-47e3-81de-2b3d4c94ac88 req-a0f1becb-e964-47e3-81de-2b3d4c94ac88 ] Request (ServerExternalEventsTest:setUpClass): 204 PUT http://10.180.1.21/identity/v3/projects/2974403e84b54ffa927a3d0f9b57bc14/users/aebefba40edb4f3a88350308f6cf35cf/roles/0dbb41e9f6f545f280949460eff0df9d 0.027s
2025-12-12 16:56:40.126 65532 INFO tempest.lib.common.dynamic_creds [-] Dynamic test user aebefba40edb4f3a88350308f6cf35cf is created with scope project and roles: ['service', 'admin']
2025-12-12 16:56:40.126 65532 INFO tempest.lib.common.dynamic_creds [-] Acquired dynamic creds: credentials: Credentials: {'domain_id': 'default', 'domain_name': 'Default', 'username': 'tempest-ServerExternalEventsTest-1969400374-project', 'project_domain_id': 'default', 'project_domain_name': 'Default', 'project_id': '2974403e84b54ffa927a3d0f9b57bc14', 'project_name': 'tempest-ServerExternalEventsTest-1969400374', 'tenant_id': '2974403e84b54ffa927a3d0f9b57bc14', 'tenant_name': 'tempest-ServerExternalEventsTest-1969400374', 'user_domain_id': 'default', 'user_domain_name': 'Default', 'user_id': 'aebefba40edb4f3a88350308f6cf35cf', 'system': None}, Network: None, Subnet: None, Router: None
2025-12-12 16:56:40.126 65532 INFO tempest.lib.common.dynamic_creds [-] Created isolated network resources for: credentials: Credentials: {'domain_id': 'default', 'domain_name': 'Default', 'username': 'tempest-ServerExternalEventsTest-1969400374-project', 'project_domain_id': 'default', 'project_domain_name': 'Default', 'project_id': '2974403e84b54ffa927a3d0f9b57bc14', 'project_name': 'tempest-ServerExternalEventsTest-1969400374', 'tenant_id': '2974403e84b54ffa927a3d0f9b57bc14', 'tenant_name': 'tempest-ServerExternalEventsTest-1969400374', 'user_domain_id': 'default', 'user_domain_name': 'Default', 'user_id': 'aebefba40edb4f3a88350308f6cf35cf', 'system': None}, Network: None, Subnet: None, Router: None
