2025-12-12 16:55:08.682 65528 INFO tempest.lib.common.rest_client [req-16910325-f7b8-4471-a0f8-fd8775612d5d req-16910325-f7b8-4471-a0f8-fd8775612d5d ] Request (ServersAdmin275Test:setUpClass): 200 GET http://10.180.1.21/identity/v3/roles 0.110s
2025-12-12 16:55:08.715 65528 INFO tempest.lib.common.rest_client [req-e6386816-cff6-45fd-8d58-40889848d686 req-e6386816-cff6-45fd-8d58-40889848d686 ] Request (ServersAdmin275Test:setUpClass): 204 PUT http://10.180.1.21/identity/v3/projects/22b514d4f42448229c5d1f64741a7102/users/6ee8ab2b87344ac78654a326dab61b6e/roles/0dbb41e9f6f545f280949460eff0df9d 0.032s
2025-12-12 16:55:08.715 65532 INFO tempest.lib.common.rest_client [req-484d3c98-1675-4f0a-bcb8-30cec9dc7160 req-484d3c98-1675-4f0a-bcb8-30cec9dc7160 ] Request (DeleteServersAdminTestJSON:test_admin_delete_servers_of_others): 404 GET http://10.180.1.21/compute/v2.1/servers/8c7e4710-f568-44b6-831a-0056800fad24 3.416s
2025-12-12 16:55:08.715 65528 INFO tempest.lib.common.dynamic_creds [-] Dynamic test user 6ee8ab2b87344ac78654a326dab61b6e is created with scope project and roles: ['admin']
2025-12-12 16:55:08.715 65528 INFO tempest.lib.common.dynamic_creds [-] Acquired dynamic creds: credentials: Credentials: {'domain_id': 'default', 'domain_name': 'Default', 'username': 'tempest-ServersAdmin275Test-112875601-project-admin', 'project_domain_id': 'default', 'project_domain_name': 'Default', 'project_id': '22b514d4f42448229c5d1f64741a7102', 'project_name': 'tempest-ServersAdmin275Test-112875601', 'tenant_id': '22b514d4f42448229c5d1f64741a7102', 'tenant_name': 'tempest-ServersAdmin275Test-112875601', 'user_domain_id': 'default', 'user_domain_name': 'Default', 'user_id': '6ee8ab2b87344ac78654a326dab61b6e', 'system': None}, Network: None, Subnet: None, Router: None
2025-12-12 16:55:08.715 65528 INFO tempest.lib.common.dynamic_creds [-] Created isolated network resources for: credentials: Credentials: {'domain_id': 'default', 'domain_name': 'Default', 'username': 'tempest-ServersAdmin275Test-112875601-project-admin', 'project_domain_id': 'default', 'project_domain_name': 'Default', 'project_id': '22b514d4f42448229c5d1f64741a7102', 'project_name': 'tempest-ServersAdmin275Test-112875601', 'tenant_id': '22b514d4f42448229c5d1f64741a7102', 'tenant_name': 'tempest-ServersAdmin275Test-112875601', 'user_domain_id': 'default', 'user_domain_name': 'Default', 'user_id': '6ee8ab2b87344ac78654a326dab61b6e', 'system': None}, Network: None, Subnet: None, Router: None
2025-12-12 16:55:08.785 65506 INFO tempest.lib.common.rest_client [req-d68499fa-2817-40e5-9d04-23deaf038e8e req-d68499fa-2817-40e5-9d04-23deaf038e8e ] Request (ServerTagsTestJSON:test_create_delete_tag): 204 DELETE http://10.180.1.21/compute/v2.1/servers/279bb941-0a4a-4d28-b564-5641f5a1d119/tags/tempest-tag-1069419966 2.691s
2025-12-12 16:55:08.790 65510 INFO tempest.lib.common.rest_client [req-357a154f-0cd0-4fd7-af8e-eff5e36fe394 req-357a154f-0cd0-4fd7-af8e-eff5e36fe394 ] Request (ServersAdminTestJSON:test_create_server_with_scheduling_hint): 201 POST http://10.180.1.21/identity/v3/auth/tokens 0.098s
2025-12-12 16:55:08.791 65510 INFO tempest.lib.common.fixed_network [-] (ServersAdminTestJSON:test_create_server_with_scheduling_hint) Found network {'id': '79400e9c-92e8-4786-a6b2-73bdfa9e9d7e', 'name': 'tempest-ServersAdminTestJSON-1445003548-network', 'tenant_id': '76f40ea3a7234ad384e41595fc4a6098', 'project_id': '76f40ea3a7234ad384e41595fc4a6098', 'admin_state_up': True, 'mtu': 8950, 'status': 'ACTIVE', 'subnets': [], 'shared': False, 'port_security_enabled': True, 'router:external': False, 'provider:network_type': 'vlan', 'provider:physical_network': 'default', 'provider:segmentation_id': 118, 'availability_zone_hints': [], 'availability_zones': [], 'ipv4_address_scope': None, 'ipv6_address_scope': None, 'description': '', 'tags': [], 'created_at': '2025-12-12T16:54:03Z', 'updated_at': '2025-12-12T16:54:03Z', 'revision_number': 1} available for tenant
2025-12-12 16:55:08.863 65526 INFO tempest.lib.common.rest_client [req-7d4b5400-2eda-4b8b-992e-752119caefeb req-7d4b5400-2eda-4b8b-992e-752119caefeb ] Request (TenantUsagesNegativeTestJSON:test_get_usage_tenant_with_empty_tenant_id): 404 GET http://10.180.1.21/compute/v2.1/os-simple-tenant-usage/?start=2025-12-11T16%3A55%3A05.802634&end=2025-12-13T16%3A55%3A05.802634 3.060s
2025-12-12 16:55:08.864 65526 WARNING tempest.lib.common.rest_client [-] Deprecated: "tenant_id" property is deprecated for removal, use "project_id" instead
2025-12-12 16:55:08.881 65528 INFO tempest.lib.common.rest_client [req-55121056-be9d-437a-a37c-790c1c8bb5bf req-55121056-be9d-437a-a37c-790c1c8bb5bf ] Request (ServersAdmin275Test:setUpClass): 201 POST http://10.180.1.21/identity/v3/auth/tokens 0.163s
2025-12-12 16:55:08.887 65482 INFO tempest.lib.common.rest_client [req-b9233629-5028-4f79-a4be-7d8a7fa3d178 req-b9233629-5028-4f79-a4be-7d8a7fa3d178 ] Request (ServerDiagnosticsNegativeTest:tearDownClass): 404 GET http://10.180.1.21/compute/v2.1/servers/dee65e4c-430a-486e-aaaa-3ba45249e3ce 2.689s
2025-12-12 16:55:08.940 65532 INFO tempest.lib.common.rest_client [req-bed3b756-fd3a-4551-a093-b46a80ef83ac req-bed3b756-fd3a-4551-a093-b46a80ef83ac ] Request (DeleteServersAdminTestJSON:test_delete_server_while_in_error_state): 201 POST http://10.180.1.21/identity/v3/auth/tokens 0.216s
2025-12-12 16:55:08.941 65532 INFO tempest.lib.common.fixed_network [-] (DeleteServersAdminTestJSON:test_delete_server_while_in_error_state) Found network None available for tenant
2025-12-12 16:55:08.960 65518 INFO tempest.lib.common.rest_client [req-8576f242-efc5-43be-9505-d1afe61733b7 req-8576f242-efc5-43be-9505-d1afe61733b7 ] Request (ServerActionsTestOtherB:setUpClass): 200 GET http://10.180.1.21/compute/v2.1/servers/eeb993e6-dd41-4a29-8205-b5a4e5e73f3b 1.880s
2025-12-12 16:55:08.964 65498 INFO tempest.lib.common.rest_client [req-c096a5de-be3b-4a1f-a0d9-c5df61fc68ec req-c096a5de-be3b-4a1f-a0d9-c5df61fc68ec ] Request (SecurityGroupsTestJSON:test_list_security_groups_by_server): 200 GET http://10.180.1.21/compute/v2.1/servers/aa498fc7-2ee1-49a2-a0ab-40016740a37f 2.779s
2025-12-12 16:55:08.975 65498 INFO tempest.common.waiters [-] State transition "BUILD/spawning" ==> "ACTIVE/None" after 36 second wait
2025-12-12 16:55:09.014 65528 INFO tempest.lib.common.rest_client [req-d1d9c455-3f00-47f1-8d28-7199d7a2eee5 req-d1d9c455-3f00-47f1-8d28-7199d7a2eee5 ] Request (ServersAdmin275Test:test_rebuild_update_server_275): 201 POST http://10.180.1.21/identity/v3/auth/tokens 0.124s
2025-12-12 16:55:09.014 65528 INFO tempest.lib.common.fixed_network [-] (ServersAdmin275Test:test_rebuild_update_server_275) Found network None available for tenant
2025-12-12 16:55:09.070 65482 INFO tempest.lib.common.rest_client [req-68a5854a-be1d-4268-b9bb-8cfa288f3729 req-68a5854a-be1d-4268-b9bb-8cfa288f3729 ] Request (ServerDiagnosticsNegativeTest:tearDownClass): 204 DELETE http://10.180.1.21/identity/v3/users/1e6df220583d42ecaab31f322c89a447 0.182s
2025-12-12 16:55:09.191 65537 INFO tempest.lib.common.rest_client [req-e3a71457-5c00-481b-8379-c245b96972b0 req-e3a71457-5c00-481b-8379-c245b96972b0 ] Request (ServerActionsTestJSON:setUpClass): 200 POST http://10.180.1.21/compute/v2.1/os-keypairs 1.970s
2025-12-12 16:55:09.230 65482 INFO tempest.lib.common.rest_client [req-8be40819-6e78-456d-8c1e-7b84a9c4251d req-8be40819-6e78-456d-8c1e-7b84a9c4251d ] Request (ServerDiagnosticsNegativeTest:tearDownClass): 204 DELETE http://10.180.1.21/identity/v3/users/38d8e1171e3d43db8b72521dac35e5a3 0.159s
2025-12-12 16:55:09.230 65482 INFO tempest.lib.common.dynamic_creds [-] Deleting project and security group for project: 48812a66f1c24e12b7035b5b86db9f46
2025-12-12 16:55:09.311 65486 INFO tempest.lib.common.rest_client [req-f1105eac-23bc-4d70-a620-feac06fdb4a8 req-f1105eac-23bc-4d70-a620-feac06fdb4a8 ] Request (ExtensionsTest:test_get_extension): 200 GET http://10.180.1.21/compute/v2.1/extensions/os-consoles 2.052s
2025-12-12 16:55:09.326 65494 INFO tempest.lib.common.rest_client [req-5b0bb5b9-695a-4b46-8fd9-885c3f590452 req-5b0bb5b9-695a-4b46-8fd9-885c3f590452 ] Request (QuotaClassesAdmin257Test:test_update_default_quotas): 200 GET http://10.180.1.21/compute/v2.1/os-quota-class-sets/default 1.951s
2025-12-12 16:55:09.370 65537 INFO tempest.lib.common.rest_client [req-0a205836-1713-401b-b42f-f4fbb625c601 req-0a205836-1713-401b-b42f-f4fbb625c601 ] Request (ServerActionsTestJSON:setUpClass): 201 POST http://10.180.1.21/networking/v2.0/security-groups 0.176s
2025-12-12 16:55:09.377 65482 INFO tempest.lib.common.rest_client [req-d96aaecc-dee5-433c-a4e7-bde8d477cc1c req-d96aaecc-dee5-433c-a4e7-bde8d477cc1c ] Request (ServerDiagnosticsNegativeTest:tearDownClass): 201 POST http://10.180.1.21/identity/v3/auth/tokens 0.147s
2025-12-12 16:55:09.506 65537 INFO tempest.lib.common.rest_client [req-c50ecf02-ae62-4b8e-95c4-8fd0ba902d3d req-c50ecf02-ae62-4b8e-95c4-8fd0ba902d3d ] Request (ServerActionsTestJSON:setUpClass): 201 POST http://10.180.1.21/networking/v2.0/security-group-rules 0.136s
2025-12-12 16:55:09.765 65537 INFO tempest.lib.common.rest_client [req-b66e4845-211f-400c-bf63-c9a508f14061 req-b66e4845-211f-400c-bf63-c9a508f14061 ] Request (ServerActionsTestJSON:setUpClass): 201 POST http://10.180.1.21/networking/v2.0/security-group-rules 0.258s
2025-12-12 16:55:09.786 65482 INFO tempest.lib.common.rest_client [req-49a04b0f-4eaf-4b18-b5a2-520f468b542c req-49a04b0f-4eaf-4b18-b5a2-520f468b542c ] Request (ServerDiagnosticsNegativeTest:tearDownClass): 200 GET http://10.180.1.21/networking/v2.0/security-groups?tenant_id=48812a66f1c24e12b7035b5b86db9f46&name=default 0.409s
2025-12-12 16:55:09.832 65502 INFO tempest.lib.common.rest_client [req-4a83925d-09b2-4e44-83bd-8255f14bd2b4 req-4a83925d-09b2-4e44-83bd-8255f14bd2b4 ] Request (ImagesOneServerNegativeTestJSON:setUp): 200 GET http://10.180.1.21/compute/v2.1/servers/7a11aa9e-71b5-4006-9474-7d3a9d54bcb4 2.444s
2025-12-12 16:55:09.859 65484 INFO tempest.lib.common.rest_client [req-e803e53c-0811-4502-abb0-07cda706b49a req-e803e53c-0811-4502-abb0-07cda706b49a ] Request (AggregatesAdminNegativeTestJSON:_run_cleanups): 200 DELETE http://10.180.1.21/compute/v2.1/os-aggregates/4 2.418s
2025-12-12 16:55:09.907 65478 INFO tempest.lib.common.rest_client [req-100d5cfa-86bd-473c-b825-fdcda0555dd7 req-100d5cfa-86bd-473c-b825-fdcda0555dd7 ] Request (ImagesMetadataTestJSON:test_set_image_metadata_item): 200 GET http://10.180.1.21/compute/v2.1/images/4efc3f1e-09c0-4c75-b109-4ff763e1942f/metadata 2.063s
2025-12-12 16:55:09.941 65508 INFO tempest.lib.common.rest_client [req-f2c929ad-32bd-4bb5-abd7-891842cef119 req-f2c929ad-32bd-4bb5-abd7-891842cef119 ] Request (FlavorsAdminTestJSON:test_is_public_string_variations): 200 GET http://10.180.1.21/compute/v2.1/flavors/detail?is_public=yes 2.067s
2025-12-12 16:55:09.955 65482 INFO tempest.lib.common.rest_client [req-c9332457-6611-4130-b8fe-9933ac5b245f req-c9332457-6611-4130-b8fe-9933ac5b245f ] Request (ServerDiagnosticsNegativeTest:tearDownClass): 204 DELETE http://10.180.1.21/networking/v2.0/security-groups/bf107a67-e5fa-41b1-99e4-c26cb107ed3a 0.168s
2025-12-12 16:55:10.002 65530 INFO tempest.lib.common.rest_client [req-cf10f71b-e734-456b-a5f9-dd7cf9a0fd94 req-cf10f71b-e734-456b-a5f9-dd7cf9a0fd94 ] Request (FloatingIPDetailsTestJSON:test_get_floating_ip_details): 200 POST http://10.180.1.21/compute/v2.1/os-floating-ips 2.748s
2025-12-12 16:55:10.069 65482 INFO tempest.lib.common.rest_client [req-eec2d9d7-b1ff-485d-8fa9-0afae1940d29 req-eec2d9d7-b1ff-485d-8fa9-0afae1940d29 ] Request (ServerDiagnosticsNegativeTest:tearDownClass): 204 DELETE http://10.180.1.21/identity/v3/projects/48812a66f1c24e12b7035b5b86db9f46 0.114s
2025-12-12 16:55:10.069 65482 INFO tempest.lib.common.dynamic_creds [-] Deleting project and security group for project: 03af80340d62458aae1d48a23e394730
2025-12-12 16:55:10.112 65496 INFO tempest.lib.common.rest_client [req-0e65ef0c-2c1e-49f3-b3c5-52a20d5b4eb9 req-0e65ef0c-2c1e-49f3-b3c5-52a20d5b4eb9 ] Request (SecurityGroupRulesNegativeTestJSON:tearDownClass): 202 DELETE http://10.180.1.21/compute/v2.1/os-security-groups/b6075e8a-5ecb-424e-9322-10f84835afe1 2.212s
2025-12-12 16:55:10.133 65488 INFO tempest.lib.common.rest_client [req-aaa87f04-f008-418c-ba3c-997c2ce7e922 req-aaa87f04-f008-418c-ba3c-997c2ce7e922 ] Request (KeyPairsV2TestJSON:_run_cleanups): 202 DELETE http://10.180.1.21/compute/v2.1/os-keypairs/tempest-KeyPairsV2TestJSON-keypair-1630035224 2.159s
2025-12-12 16:55:10.138 65482 INFO tempest.lib.common.rest_client [req-e347e83b-8235-46c9-849c-90e766810f79 req-e347e83b-8235-46c9-849c-90e766810f79 ] Request (ServerDiagnosticsNegativeTest:tearDownClass): 200 GET http://10.180.1.21/networking/v2.0/security-groups?tenant_id=03af80340d62458aae1d48a23e394730&name=default 0.068s
2025-12-12 16:55:10.210 65492 INFO tempest.lib.common.rest_client [req-a31d618d-ea05-46ab-a8ef-5312a40ff1e9 req-a31d618d-ea05-46ab-a8ef-5312a40ff1e9 ] Request (FlavorsAccessNegativeTestJSON:_run_cleanups): 200 POST http://10.180.1.21/compute/v2.1/flavors/218009644/action 2.259s
2025-12-12 16:55:10.250 65482 INFO tempest.lib.common.rest_client [req-f45e41ec-b13d-422e-b43f-e14a1ae8d577 req-f45e41ec-b13d-422e-b43f-e14a1ae8d577 ] Request (ServerDiagnosticsNegativeTest:tearDownClass): 204 DELETE http://10.180.1.21/networking/v2.0/security-groups/c3af0f50-d3c0-4cec-9e7d-9ddf50cb9af9 0.111s
2025-12-12 16:55:10.293 65537 INFO tempest.lib.common.rest_client [req-52360f0a-8ec8-4789-98db-60d18ee61b33 req-52360f0a-8ec8-4789-98db-60d18ee61b33 ] Request (ServerActionsTestJSON:setUpClass): 201 POST http://10.180.1.21/networking/v2.0/floatingips 0.527s
2025-12-12 16:55:10.298 65488 INFO tempest.lib.common.rest_client [req-87c706e7-97c2-4559-99f8-151c2a0dd97a req-87c706e7-97c2-4559-99f8-151c2a0dd97a ] Request (KeyPairsV2TestJSON:tearDownClass): 204 DELETE http://10.180.1.21/identity/v3/users/295f05b2edc64e53a5b0033720350907 0.164s
2025-12-12 16:55:10.299 65488 INFO tempest.lib.common.dynamic_creds [-] Deleting project and security group for project: 0d210d10da5840479053840c477bf97e
2025-12-12 16:55:10.360 65537 INFO tempest.lib.common.rest_client [req-84194f02-9915-4503-a0a6-f056977cf921 req-84194f02-9915-4503-a0a6-f056977cf921 ] Request (ServerActionsTestJSON:setUpClass): 201 POST http://10.180.1.21/identity/v3/auth/tokens 0.062s
2025-12-12 16:55:10.361 65537 INFO tempest.lib.common.fixed_network [-] (ServerActionsTestJSON:setUpClass) Found network {'id': '6360b69a-9812-4f90-8d42-cac91733d540', 'name': 'tempest-ServerActionsTestJSON-146365581-network', 'tenant_id': '4165c753640d499eb5697a7a38a19ea0', 'project_id': '4165c753640d499eb5697a7a38a19ea0', 'admin_state_up': True, 'mtu': 8950, 'status': 'ACTIVE', 'subnets': [], 'shared': False, 'port_security_enabled': True, 'router:external': False, 'provider:network_type': 'vlan', 'provider:physical_network': 'default', 'provider:segmentation_id': 835, 'availability_zone_hints': [], 'availability_zones': [], 'ipv4_address_scope': None, 'ipv6_address_scope': None, 'description': '', 'tags': [], 'created_at': '2025-12-12T16:55:04Z', 'updated_at': '2025-12-12T16:55:04Z', 'revision_number': 1} available for tenant
2025-12-12 16:55:10.379 65482 INFO tempest.lib.common.rest_client [req-b66d6128-ebdd-4d5f-b3e6-67af1749b51d req-b66d6128-ebdd-4d5f-b3e6-67af1749b51d ] Request (ServerDiagnosticsNegativeTest:tearDownClass): 204 DELETE http://10.180.1.21/identity/v3/projects/03af80340d62458aae1d48a23e394730 0.128s
2025-12-12 16:55:10.402 65512 INFO tempest.lib.common.rest_client [req-7f317de0-608c-4fda-90b9-8d97560522bd req-7f317de0-608c-4fda-90b9-8d97560522bd ] Request (MigrationsAdminTest:test_list_migrations_in_flavor_resize_situation): 200 GET http://10.180.1.21/compute/v2.1/servers/ce00aad8-4ea7-4116-8eeb-2297bcc24d6b 2.282s
2025-12-12 16:55:10.429 65488 INFO tempest.lib.common.rest_client [req-35d4890d-5012-4924-ad72-5afe027d0522 req-35d4890d-5012-4924-ad72-5afe027d0522 ] Request (KeyPairsV2TestJSON:tearDownClass): 201 POST http://10.180.1.21/identity/v3/auth/tokens 0.130s
2025-12-12 16:55:10.452 65482 INFO tempest.lib.common.rest_client [req-7af194d7-f800-4e6c-981f-1f4404a19baa req-7af194d7-f800-4e6c-981f-1f4404a19baa ] Request (FlavorsV2TestJSON:setUpClass): 201 POST http://10.180.1.21/identity/v3/auth/tokens 0.071s
2025-12-12 16:55:10.484 65482 INFO tempest.lib.common.rest_client [req-89111622-8786-4752-bfa2-e79dae4008a4 req-89111622-8786-4752-bfa2-e79dae4008a4 ] Request (FlavorsV2TestJSON:setUpClass): 201 POST http://10.180.1.21/identity/v3/auth/tokens 0.029s
2025-12-12 16:55:10.507 65534 INFO tempest.lib.common.rest_client [req-d4048686-9365-4a1c-acdd-23168ea17d44 req-d4048686-9365-4a1c-acdd-23168ea17d44 ] Request (ListImageFiltersTestJSON:setUpClass): 202 POST http://10.180.1.21/compute/v2.1/servers 2.393s
2025-12-12 16:55:10.523 65482 INFO tempest.lib.common.rest_client [req-843ebc0c-3774-44a4-98b6-c62a09305087 req-843ebc0c-3774-44a4-98b6-c62a09305087 ] Request (FlavorsV2TestJSON:setUpClass): 200 GET http://10.180.1.21/identity/v3/domains?name=Default 0.038s
2025-12-12 16:55:10.554 65482 INFO tempest.lib.common.rest_client [req-c8b9e92a-8b2c-44d2-a86e-4d91febe10f7 req-c8b9e92a-8b2c-44d2-a86e-4d91febe10f7 ] Request (FlavorsV2TestJSON:setUpClass): 201 POST http://10.180.1.21/identity/v3/projects 0.030s
2025-12-12 16:55:10.607 65534 INFO tempest.lib.common.rest_client [req-8f14f927-1c58-490e-9521-0e481a62ef87 req-8f14f927-1c58-490e-9521-0e481a62ef87 ] Request (ListImageFiltersTestJSON:setUpClass): 201 POST http://10.180.1.21/identity/v3/auth/tokens 0.094s
2025-12-12 16:55:10.607 65534 INFO tempest.lib.common.fixed_network [-] (ListImageFiltersTestJSON:setUpClass) Found network None available for tenant
2025-12-12 16:55:10.610 65504 INFO tempest.lib.common.rest_client [req-07bd3570-8bef-4c62-b96d-5100ea82406f req-07bd3570-8bef-4c62-b96d-5100ea82406f ] Request (ImagesTestJSON:test_create_image_from_stopped_server): 200 GET http://10.180.1.21/compute/v2.1/images/6ddae5de-77ce-4de4-b15b-680876418608 2.182s
2025-12-12 16:55:10.626 65482 INFO tempest.lib.common.rest_client [req-4ec9cd96-4a98-4311-a48e-9de8b6141251 req-4ec9cd96-4a98-4311-a48e-9de8b6141251 ] Request (FlavorsV2TestJSON:setUpClass): 201 POST http://10.180.1.21/identity/v3/users 0.071s
2025-12-12 16:55:10.650 65482 INFO tempest.lib.common.rest_client [req-58090eba-0861-4ae1-a191-4df220c6a15a req-58090eba-0861-4ae1-a191-4df220c6a15a ] Request (FlavorsV2TestJSON:setUpClass): 200 GET http://10.180.1.21/identity/v3/roles 0.023s
2025-12-12 16:55:10.693 65482 INFO tempest.lib.common.rest_client [req-8eb0bded-ffd5-4528-a253-14ccf2d680f2 req-8eb0bded-ffd5-4528-a253-14ccf2d680f2 ] Request (FlavorsV2TestJSON:setUpClass): 204 PUT http://10.180.1.21/identity/v3/projects/1f00261c6db04cff8e613d93597832a1/users/43e9d18c10744d7da238ccc8bc24e69e/roles/911b48ebd0ba4d70b7c30a88840223f7 0.043s
2025-12-12 16:55:10.694 65482 INFO tempest.lib.common.dynamic_creds [-] Dynamic test user 43e9d18c10744d7da238ccc8bc24e69e is created with scope project and roles: ['member']
2025-12-12 16:55:10.694 65482 INFO tempest.lib.common.dynamic_creds [-] Acquired dynamic creds: credentials: Credentials: {'domain_id': 'default', 'domain_name': 'Default', 'username': 'tempest-FlavorsV2TestJSON-1087316885-project-member', 'project_domain_id': 'default', 'project_domain_name': 'Default', 'project_id': '1f00261c6db04cff8e613d93597832a1', 'project_name': 'tempest-FlavorsV2TestJSON-1087316885', 'tenant_id': '1f00261c6db04cff8e613d93597832a1', 'tenant_name': 'tempest-FlavorsV2TestJSON-1087316885', 'user_domain_id': 'default', 'user_domain_name': 'Default', 'user_id': '43e9d18c10744d7da238ccc8bc24e69e', 'system': None}, Network: None, Subnet: None, Router: None
2025-12-12 16:55:10.694 65482 INFO tempest.lib.common.dynamic_creds [-] Created isolated network resources for: credentials: Credentials: {'domain_id': 'default', 'domain_name': 'Default', 'username': 'tempest-FlavorsV2TestJSON-1087316885-project-member', 'project_domain_id': 'default', 'project_domain_name': 'Default', 'project_id': '1f00261c6db04cff8e613d93597832a1', 'project_name': 'tempest-FlavorsV2TestJSON-1087316885', 'tenant_id': '1f00261c6db04cff8e613d93597832a1', 'tenant_name': 'tempest-FlavorsV2TestJSON-1087316885', 'user_domain_id': 'default', 'user_domain_name': 'Default', 'user_id': '43e9d18c10744d7da238ccc8bc24e69e', 'system': None}, Network: None, Subnet: None, Router: None
2025-12-12 16:55:10.830 65516 INFO tempest.lib.common.rest_client [req-45b06da5-d2c5-471f-8c9b-f63103c0bbff req-45b06da5-d2c5-471f-8c9b-f63103c0bbff ] Request (ServersAdminNegativeTestJSON:setUpClass): 200 GET http://10.180.1.21/compute/v2.1/servers/19b900ac-f507-4466-a5e8-e93f07c2476c 2.389s
2025-12-12 16:55:10.831 65482 INFO tempest.lib.common.rest_client [req-e6ae6d73-0bea-48ab-b913-d0b01faf3d19 req-e6ae6d73-0bea-48ab-b913-d0b01faf3d19 ] Request (FlavorsV2TestJSON:setUpClass): 201 POST http://10.180.1.21/identity/v3/auth/tokens 0.132s
2025-12-12 16:55:10.922 65488 INFO tempest.lib.common.rest_client [req-ed1e384b-53e8-4084-a5cd-73cf87d14e1c req-ed1e384b-53e8-4084-a5cd-73cf87d14e1c ] Request (KeyPairsV2TestJSON:tearDownClass): 200 GET http://10.180.1.21/networking/v2.0/security-groups?tenant_id=0d210d10da5840479053840c477bf97e&name=default 0.492s
2025-12-12 16:55:11.044 65488 INFO tempest.lib.common.rest_client [req-391acb5f-4ded-49ac-9f6c-060e7ddadd81 req-391acb5f-4ded-49ac-9f6c-060e7ddadd81 ] Request (KeyPairsV2TestJSON:tearDownClass): 204 DELETE http://10.180.1.21/networking/v2.0/security-groups/1a85153c-e865-4367-9dd9-0b72fe7fd76f 0.121s
2025-12-12 16:55:11.073 65514 INFO tempest.lib.common.rest_client [req-0f894409-f7c7-4d4f-b1d0-ec170db39ea9 req-0f894409-f7c7-4d4f-b1d0-ec170db39ea9 ] Request (TenantUsagesTestJSON:tearDownClass): 200 GET http://10.180.1.21/compute/v2.1/servers/ffe490fe-6a04-4b8b-92e4-3985e47ff2b5 2.491s
2025-12-12 16:55:11.092 65506 INFO tempest.lib.common.rest_client [req-1839cbb7-8e62-4382-b9ea-52fda15be3b7 req-1839cbb7-8e62-4382-b9ea-52fda15be3b7 ] Request (ServerTagsTestJSON:test_create_delete_tag): 200 GET http://10.180.1.21/compute/v2.1/servers/279bb941-0a4a-4d28-b564-5641f5a1d119/tags 2.306s
2025-12-12 16:55:11.216 65488 INFO tempest.lib.common.rest_client [req-b9840b5d-7b68-4d9d-bd93-9a1188b80164 req-b9840b5d-7b68-4d9d-bd93-9a1188b80164 ] Request (KeyPairsV2TestJSON:tearDownClass): 204 DELETE http://10.180.1.21/identity/v3/projects/0d210d10da5840479053840c477bf97e 0.171s
2025-12-12 16:55:11.288 65488 INFO tempest.lib.common.rest_client [req-d44608b1-19f6-47df-b262-293bdcf101dc req-d44608b1-19f6-47df-b262-293bdcf101dc ] Request (SecurityGroupRulesTestJSON:setUpClass): 201 POST http://10.180.1.21/identity/v3/auth/tokens 0.070s
2025-12-12 16:55:11.322 65488 INFO tempest.lib.common.rest_client [req-309333cd-965b-4176-9354-2e75f8b58a30 req-309333cd-965b-4176-9354-2e75f8b58a30 ] Request (SecurityGroupRulesTestJSON:setUpClass): 201 POST http://10.180.1.21/identity/v3/auth/tokens 0.032s
2025-12-12 16:55:11.353 65488 INFO tempest.lib.common.rest_client [req-89daee1c-05eb-4b6b-ac2e-a9d7a1b89f57 req-89daee1c-05eb-4b6b-ac2e-a9d7a1b89f57 ] Request (SecurityGroupRulesTestJSON:setUpClass): 200 GET http://10.180.1.21/identity/v3/domains?name=Default 0.030s
2025-12-12 16:55:11.388 65488 INFO tempest.lib.common.rest_client [req-c34d1fe9-65b1-4b39-bf09-44ff8c054033 req-c34d1fe9-65b1-4b39-bf09-44ff8c054033 ] Request (SecurityGroupRulesTestJSON:setUpClass): 201 POST http://10.180.1.21/identity/v3/projects 0.034s
2025-12-12 16:55:11.457 65488 INFO tempest.lib.common.rest_client [req-332e52b2-370d-497f-a752-f4adc19098b4 req-332e52b2-370d-497f-a752-f4adc19098b4 ] Request (SecurityGroupRulesTestJSON:setUpClass): 201 POST http://10.180.1.21/identity/v3/users 0.069s
2025-12-12 16:55:11.486 65488 INFO tempest.lib.common.rest_client [req-ec157063-ad08-4fb1-adb8-1c1728afbbbf req-ec157063-ad08-4fb1-adb8-1c1728afbbbf ] Request (SecurityGroupRulesTestJSON:setUpClass): 200 GET http://10.180.1.21/identity/v3/roles 0.028s
2025-12-12 16:55:11.519 65488 INFO tempest.lib.common.rest_client [req-dfc85c0b-b330-4429-abce-4ad715fb0654 req-dfc85c0b-b330-4429-abce-4ad715fb0654 ] Request (SecurityGroupRulesTestJSON:setUpClass): 204 PUT http://10.180.1.21/identity/v3/projects/96f4137e241e4abdaf4a995200977e3d/users/7d13ca7b3c1b4af29a1bce88510a4a86/roles/911b48ebd0ba4d70b7c30a88840223f7 0.033s
2025-12-12 16:55:11.519 65488 INFO tempest.lib.common.dynamic_creds [-] Dynamic test user 7d13ca7b3c1b4af29a1bce88510a4a86 is created with scope project and roles: ['member']
2025-12-12 16:55:11.520 65488 INFO tempest.lib.common.dynamic_creds [-] Acquired dynamic creds: credentials: Credentials: {'domain_id': 'default', 'domain_name': 'Default', 'username': 'tempest-SecurityGroupRulesTestJSON-2091241041-project-member', 'project_domain_id': 'default', 'project_domain_name': 'Default', 'project_id': '96f4137e241e4abdaf4a995200977e3d', 'project_name': 'tempest-SecurityGroupRulesTestJSON-2091241041', 'tenant_id': '96f4137e241e4abdaf4a995200977e3d', 'tenant_name': 'tempest-SecurityGroupRulesTestJSON-2091241041', 'user_domain_id': 'default', 'user_domain_name': 'Default', 'user_id': '7d13ca7b3c1b4af29a1bce88510a4a86', 'system': None}, Network: None, Subnet: None, Router: None
2025-12-12 16:55:11.589 65488 INFO tempest.lib.common.rest_client [req-19cd416b-4418-4aaa-9561-aeb65e62bb5e req-19cd416b-4418-4aaa-9561-aeb65e62bb5e ] Request (SecurityGroupRulesTestJSON:setUpClass): 201 POST http://10.180.1.21/identity/v3/auth/tokens 0.069s
2025-12-12 16:55:11.804 65510 INFO tempest.lib.common.rest_client [req-0ee8d8f9-0ba3-40f7-9ad9-b7a8ad21645a req-0ee8d8f9-0ba3-40f7-9ad9-b7a8ad21645a ] Request (ServersAdminTestJSON:test_create_server_with_scheduling_hint): 202 POST http://10.180.1.21/compute/v2.1/servers 3.012s
2025-12-12 16:55:11.810 65526 INFO tempest.lib.common.rest_client [req-3fb50a72-64a5-421c-b37b-27838b646254 req-3fb50a72-64a5-421c-b37b-27838b646254 ] Request (TenantUsagesNegativeTestJSON:test_get_usage_tenant_with_invalid_date): 400 GET http://10.180.1.21/compute/v2.1/os-simple-tenant-usage/eb223add8da5425890f799b9b1aaaf38?start=2025-12-13T16%3A55%3A05.802634&end=2025-12-11T16%3A55%3A05.802634 2.945s
2025-12-12 16:55:12.042 65488 INFO tempest.lib.common.rest_client [req-c1178aa9-0725-4124-8b31-df83f5dbf1a2 req-c1178aa9-0725-4124-8b31-df83f5dbf1a2 ] Request (SecurityGroupRulesTestJSON:setUpClass): 201 POST http://10.180.1.21/networking/v2.0/networks 0.453s
2025-12-12 16:55:12.325 65488 INFO tempest.lib.common.rest_client [req-bc7835f2-4a07-406c-97f9-515b4a2c7315 req-bc7835f2-4a07-406c-97f9-515b4a2c7315 ] Request (SecurityGroupRulesTestJSON:setUpClass): 201 POST http://10.180.1.21/networking/v2.0/subnets 0.282s
2025-12-12 16:55:12.717 65532 INFO tempest.lib.common.rest_client [req-32010526-e296-4fab-bbdd-04ac6206ccf6 req-32010526-e296-4fab-bbdd-04ac6206ccf6 ] Request (DeleteServersAdminTestJSON:test_delete_server_while_in_error_state): 202 POST http://10.180.1.21/compute/v2.1/servers 3.775s
2025-12-12 16:55:13.036 65524 INFO tempest.lib.common.rest_client [req-c6a4cb88-7353-48de-b1df-c3cf04bb01d1 req-c6a4cb88-7353-48de-b1df-c3cf04bb01d1 ] Request (ServersTestJSON:setUpClass): 200 GET http://10.180.1.21/compute/v2.1/servers/3020f3e7-bff5-4dca-97ed-88068d8c0952 4.082s
2025-12-12 16:55:13.044 65524 INFO tempest.common.waiters [-] State transition "BUILD/None" ==> "BUILD/spawning" after 15 second wait
2025-12-12 16:55:13.332 65488 INFO tempest.lib.common.rest_client [req-3d3118c7-456d-4ca1-a557-7997537abbff req-3d3118c7-456d-4ca1-a557-7997537abbff ] Request (SecurityGroupRulesTestJSON:setUpClass): 201 POST http://10.180.1.21/networking/v2.0/routers 1.006s
2025-12-12 16:55:13.604 65490 WARNING tempest.lib.common.ssh [-] Failed to establish authenticated ssh connection to cirros@10.180.180.142 ([Errno None] Unable to connect to port 22 on 10.180.180.142). Number attempts: 1. Retry after 2 seconds.: paramiko.ssh_exception.NoValidConnectionsError: [Errno None] Unable to connect to port 22 on 10.180.180.142
2025-12-12 16:55:14.169 65488 INFO tempest.lib.common.rest_client [req-6beb0593-2291-45e2-8d74-bd6fb5e96670 req-6beb0593-2291-45e2-8d74-bd6fb5e96670 ] Request (SecurityGroupRulesTestJSON:setUpClass): 200 PUT http://10.180.1.21/networking/v2.0/routers/ea191698-616c-4a77-bf01-4e08d1a0e4c3/add_router_interface 0.836s
2025-12-12 16:55:14.169 65488 INFO tempest.lib.common.dynamic_creds [-] Created isolated network resources for: credentials: Credentials: {'domain_id': 'default', 'domain_name': 'Default', 'username': 'tempest-SecurityGroupRulesTestJSON-2091241041-project-member', 'project_domain_id': 'default', 'project_domain_name': 'Default', 'project_id': '96f4137e241e4abdaf4a995200977e3d', 'project_name': 'tempest-SecurityGroupRulesTestJSON-2091241041', 'tenant_id': '96f4137e241e4abdaf4a995200977e3d', 'tenant_name': 'tempest-SecurityGroupRulesTestJSON-2091241041', 'user_domain_id': 'default', 'user_domain_name': 'Default', 'user_id': '7d13ca7b3c1b4af29a1bce88510a4a86', 'system': None}, Network: {'id': '6a704726-bc82-42cb-b8cd-e72543a3da53', 'name': 'tempest-SecurityGroupRulesTestJSON-1455062848-network', 'tenant_id': '96f4137e241e4abdaf4a995200977e3d', 'project_id': '96f4137e241e4abdaf4a995200977e3d', 'admin_state_up': True, 'mtu': 8950, 'status': 'ACTIVE', 'subnets': [], 'shared': False, 'port_security_enabled': True, 'router:external': False, 'provider:network_type': 'vlan', 'provider:physical_network': 'default', 'provider:segmentation_id': 178, 'availability_zone_hints': [], 'availability_zones': [], 'ipv4_address_scope': None, 'ipv6_address_scope': None, 'description': '', 'tags': [], 'created_at': '2025-12-12T16:55:11Z', 'updated_at': '2025-12-12T16:55:11Z', 'revision_number': 1}, Subnet: {'id': 'a8db040c-2fb0-42a2-8d9c-362d68ee9e0f', 'name': 'tempest-SecurityGroupRulesTestJSON-1455062848-subnet', 'tenant_id': '96f4137e241e4abdaf4a995200977e3d', 'network_id': '6a704726-bc82-42cb-b8cd-e72543a3da53', 'ip_version': 4, 'subnetpool_id': None, 'enable_dhcp': True, 'ipv6_ra_mode': None, 'ipv6_address_mode': None, 'gateway_ip': '192.168.128.1', 'cidr': '192.168.128.0/28', 'allocation_pools': [{'start': '192.168.128.2', 'end': '192.168.128.14'}], 'host_routes': [], 'dns_nameservers': [], 'description': '', 'router:external': False, 'service_types': [], 'tags': [], 'created_at': '2025-12-12T16:55:12Z', 'updated_at': '2025-12-12T16:55:12Z', 'revision_number': 0, 'project_id': '96f4137e241e4abdaf4a995200977e3d'}, Router: {'id': 'ea191698-616c-4a77-bf01-4e08d1a0e4c3', 'name': 'tempest-SecurityGroupRulesTestJSON-1455062848-router', 'tenant_id': '96f4137e241e4abdaf4a995200977e3d', 'admin_state_up': True, 'status': 'ACTIVE', 'external_gateway_info': {'network_id': 'd5b55444-7110-48c6-b0ae-7378b1c678ba', 'external_fixed_ips': [{'subnet_id': '3d1c5f5d-9b3c-42ce-89e4-7bc4390e93b1', 'ip_address': '10.180.180.139'}], 'enable_snat': True}, 'description': '', 'availability_zones': [], 'distributed': False, 'ha': False, 'availability_zone_hints': [], 'routes': [], 'flavor_id': None, 'tags': [], 'created_at': '2025-12-12T16:55:12Z', 'updated_at': '2025-12-12T16:55:12Z', 'revision_number': 2, 'project_id': '96f4137e241e4abdaf4a995200977e3d'}
2025-12-12 16:55:14.256 65488 INFO tempest.lib.common.rest_client [req-66dbb7db-221f-46a7-a1fb-babcf8ad7ea8 req-66dbb7db-221f-46a7-a1fb-babcf8ad7ea8 ] Request (SecurityGroupRulesTestJSON:setUpClass): 201 POST http://10.180.1.21/identity/v3/auth/tokens 0.083s
2025-12-12 16:55:14.552 65498 INFO tempest.lib.common.rest_client [req-0da0ee31-9f6b-48bf-af99-856a84274983 req-0da0ee31-9f6b-48bf-af99-856a84274983 ] Request (SecurityGroupsTestJSON:test_list_security_groups_by_server): 202 POST http://10.180.1.21/compute/v2.1/servers/aa498fc7-2ee1-49a2-a0ab-40016740a37f/action 5.577s
2025-12-12 16:55:14.590 65520 INFO tempest.lib.common.rest_client [req-a0e1760b-143a-447a-896d-0e4d650510c1 req-a0e1760b-143a-447a-896d-0e4d650510c1 ] Request (ImagesNegativeTestJSON:test_create_image_from_deleted_server): 404 GET http://10.180.1.21/compute/v2.1/servers/268ee44d-b455-4fe6-9d78-fa13a39d01cf 5.606s
2025-12-12 16:55:14.888 65528 INFO tempest.lib.common.rest_client [req-d68d886f-fb44-448a-8241-d9d5c31809a0 req-d68d886f-fb44-448a-8241-d9d5c31809a0 ] Request (ServersAdmin275Test:test_rebuild_update_server_275): 202 POST http://10.180.1.21/compute/v2.1/servers 5.872s
2025-12-12 16:55:14.906 65486 INFO tempest.lib.common.rest_client [req-d92064fb-d9b9-4d26-bb8a-6bd8404cf9e8 req-d92064fb-d9b9-4d26-bb8a-6bd8404cf9e8 ] Request (ExtensionsTest:test_list_extensions): 200 GET http://10.180.1.21/compute/v2.1/extensions 5.593s
2025-12-12 16:55:14.956 65494 INFO tempest.lib.common.rest_client [req-9f745686-8f22-43e8-a1aa-f37d6709707a req-9f745686-8f22-43e8-a1aa-f37d6709707a ] Request (QuotaClassesAdmin257Test:_run_cleanups): 200 PUT http://10.180.1.21/compute/v2.1/os-quota-class-sets/default 5.628s
2025-12-12 16:55:15.057 65486 INFO tempest.lib.common.rest_client [req-d20a2c47-042f-47a0-8257-8105e73cd8b2 req-d20a2c47-042f-47a0-8257-8105e73cd8b2 ] Request (ExtensionsTest:tearDownClass): 204 DELETE http://10.180.1.21/identity/v3/users/6768ac9b76d148ad93fd0ee5cb3d2b15 0.137s
2025-12-12 16:55:15.057 65486 INFO tempest.lib.common.dynamic_creds [-] Deleting project and security group for project: 49ae446fa09c435698d4b6f42ed8fb70
2025-12-12 16:55:15.142 65486 INFO tempest.lib.common.rest_client [req-441e1ab7-4f3f-4a1b-9aa6-8f706ca12beb req-441e1ab7-4f3f-4a1b-9aa6-8f706ca12beb ] Request (ExtensionsTest:tearDownClass): 201 POST http://10.180.1.21/identity/v3/auth/tokens 0.084s
2025-12-12 16:55:15.185 65480 INFO tempest.lib.common.rest_client [req-8fffaf2d-54a6-47bd-8f92-c7682d038193 req-8fffaf2d-54a6-47bd-8f92-c7682d038193 ] Request (ServersWithSpecificFlavorTestJSON:test_verify_created_server_ephemeral_disk): 200 GET http://10.180.1.21/compute/v2.1/servers/052a3cce-8130-4d2b-9917-acc8221bae51 5.822s
2025-12-12 16:55:15.200 65480 INFO tempest.common.waiters [-] State transition "BUILD/spawning" ==> "ACTIVE/None" after 28 second wait
2025-12-12 16:55:15.294 65494 INFO tempest.lib.common.rest_client [req-48ca4394-ac0b-41f9-87ff-8d4fcc9cb253 req-48ca4394-ac0b-41f9-87ff-8d4fcc9cb253 ] Request (QuotaClassesAdmin257Test:tearDownClass): 204 DELETE http://10.180.1.21/identity/v3/users/5509d76a4edb4c6d9c6d374092aa06e1 0.335s
2025-12-12 16:55:15.342 65486 INFO tempest.lib.common.rest_client [req-1049815e-acaf-4bb8-b69e-fdb5e43afcb9 req-1049815e-acaf-4bb8-b69e-fdb5e43afcb9 ] Request (ExtensionsTest:tearDownClass): 200 GET http://10.180.1.21/networking/v2.0/security-groups?tenant_id=49ae446fa09c435698d4b6f42ed8fb70&name=default 0.199s
2025-12-12 16:55:15.379 65476 INFO tempest.lib.common.rest_client [req-d36a4c7e-645b-4099-8dbd-80fea9a67acf req-d36a4c7e-645b-4099-8dbd-80fea9a67acf ] Request (MultipleCreateTestJSON:test_multiple_create): 200 GET http://10.180.1.21/compute/v2.1/servers/d704c571-d35b-4255-b0f6-0187739496db 5.852s
2025-12-12 16:55:15.393 65476 INFO tempest.common.waiters [-] State transition "BUILD/spawning" ==> "ACTIVE/None" after 27 second wait
2025-12-12 16:55:15.437 65494 INFO tempest.lib.common.rest_client [req-76f8417b-87a6-477c-a68f-237c273276a1 req-76f8417b-87a6-477c-a68f-237c273276a1 ] Request (QuotaClassesAdmin257Test:tearDownClass): 204 DELETE http://10.180.1.21/identity/v3/users/c811d04e2d674af19b4b36378ab8b6ef 0.142s
2025-12-12 16:55:15.437 65494 INFO tempest.lib.common.dynamic_creds [-] Deleting project and security group for project: 04b1e28dfc4d4c11accdd33a1df69444
2025-12-12 16:55:15.444 65486 INFO tempest.lib.common.rest_client [req-80ffdd98-05d5-4373-a81a-c9383c185657 req-80ffdd98-05d5-4373-a81a-c9383c185657 ] Request (ExtensionsTest:tearDownClass): 204 DELETE http://10.180.1.21/networking/v2.0/security-groups/b8a382ef-51ed-4ccf-897d-9a6fd3fed1ff 0.102s
2025-12-12 16:55:15.527 65494 INFO tempest.lib.common.rest_client [req-ae9dbe16-abd6-46ce-b52b-676037a013d9 req-ae9dbe16-abd6-46ce-b52b-676037a013d9 ] Request (QuotaClassesAdmin257Test:tearDownClass): 201 POST http://10.180.1.21/identity/v3/auth/tokens 0.090s
2025-12-12 16:55:15.579 65486 INFO tempest.lib.common.rest_client [req-0c36565d-eab5-4751-b480-66dfe036ffc2 req-0c36565d-eab5-4751-b480-66dfe036ffc2 ] Request (ExtensionsTest:tearDownClass): 204 DELETE http://10.180.1.21/identity/v3/projects/49ae446fa09c435698d4b6f42ed8fb70 0.134s
2025-12-12 16:55:15.600 65522 INFO tempest.lib.common.rest_client [req-f7525a78-d87b-4327-ae01-b6b8997c135c req-f7525a78-d87b-4327-ae01-b6b8997c135c ] Request (ServersV294TestFqdnHostnames:setUpClass): 200 GET http://10.180.1.21/compute/v2.1/servers/ebc63b1a-93a5-4016-96ff-cc3b6896cd34 6.000s
2025-12-12 16:55:15.844 65500 INFO tempest.lib.common.rest_client [req-888d8790-8211-41e1-9371-00f5adf38e3f req-888d8790-8211-41e1-9371-00f5adf38e3f ] Request (ServersTestBootFromVolume:setUpClass): 200 GET http://10.180.1.21/compute/v2.1/servers/54c87c5e-3398-4995-b2d4-e45c60b8c560 6.154s
2025-12-12 16:55:15.847 65494 INFO tempest.lib.common.rest_client [req-13cfc9cb-6c1e-43f6-8b38-ebe9de4cd283 req-13cfc9cb-6c1e-43f6-8b38-ebe9de4cd283 ] Request (QuotaClassesAdmin257Test:tearDownClass): 200 GET http://10.180.1.21/networking/v2.0/security-groups?tenant_id=04b1e28dfc4d4c11accdd33a1df69444&name=default 0.319s
2025-12-12 16:55:15.853 65502 INFO tempest.lib.common.rest_client [req-3b07299d-9334-441a-909a-6d85620bc75b req-3b07299d-9334-441a-909a-6d85620bc75b ] Request (ImagesOneServerNegativeTestJSON:test_create_image_specify_name_over_character_limit): 400 POST http://10.180.1.21/compute/v2.1/servers/7a11aa9e-71b5-4006-9474-7d3a9d54bcb4/action 6.008s
2025-12-12 16:55:15.853 65500 INFO tempest.common.waiters [-] State transition "BUILD/None" ==> "BUILD/spawning" after 16 second wait
2025-12-12 16:55:15.880 65484 INFO tempest.lib.common.rest_client [req-ba2a64f7-e471-44da-8d72-9bee93c4403b req-ba2a64f7-e471-44da-8d72-9bee93c4403b ] Request (AggregatesAdminNegativeTestJSON:test_aggregate_delete_as_user): 200 POST http://10.180.1.21/compute/v2.1/os-aggregates 6.019s
2025-12-12 16:55:15.968 65494 INFO tempest.lib.common.rest_client [req-3fb787de-a884-4cea-9e99-e160c7c0a6ef req-3fb787de-a884-4cea-9e99-e160c7c0a6ef ] Request (QuotaClassesAdmin257Test:tearDownClass): 204 DELETE http://10.180.1.21/networking/v2.0/security-groups/0cbab75b-ba33-4152-ad59-c91230eb9521 0.121s
2025-12-12 16:55:16.059 65494 INFO tempest.lib.common.rest_client [req-7b575777-dc80-4bd4-a7e4-b64fc1586d67 req-7b575777-dc80-4bd4-a7e4-b64fc1586d67 ] Request (QuotaClassesAdmin257Test:tearDownClass): 204 DELETE http://10.180.1.21/identity/v3/projects/04b1e28dfc4d4c11accdd33a1df69444 0.090s
2025-12-12 16:55:16.059 65494 INFO tempest.lib.common.dynamic_creds [-] Deleting project and security group for project: 56f6faddf76c4dacb33adf122d019885
2025-12-12 16:55:16.124 65478 INFO tempest.lib.common.rest_client [req-d0be13bf-f6c2-4fdb-a46b-d7355c16d31d req-d0be13bf-f6c2-4fdb-a46b-d7355c16d31d ] Request (ImagesMetadataTestJSON:setUp): 200 PUT http://10.180.1.21/compute/v2.1/images/4efc3f1e-09c0-4c75-b109-4ff763e1942f/metadata 6.215s
2025-12-12 16:55:16.149 65508 INFO tempest.lib.common.rest_client [req-d5a49d50-0c97-4548-b24c-90ba069795e1 req-d5a49d50-0c97-4548-b24c-90ba069795e1 ] Request (FlavorsAdminTestJSON:test_is_public_string_variations): 200 GET http://10.180.1.21/compute/v2.1/flavors/detail?is_public=1 6.202s
2025-12-12 16:55:16.183 65494 INFO tempest.lib.common.rest_client [req-9aefaaef-bba0-4398-a9e0-1c2fab656da0 req-9aefaaef-bba0-4398-a9e0-1c2fab656da0 ] Request (QuotaClassesAdmin257Test:tearDownClass): 200 GET http://10.180.1.21/networking/v2.0/security-groups?tenant_id=56f6faddf76c4dacb33adf122d019885&name=default 0.123s
2025-12-12 16:55:16.217 65518 INFO tempest.lib.common.rest_client [req-a299709f-160e-43e7-873c-49034b6a33a3 req-a299709f-160e-43e7-873c-49034b6a33a3 ] Request (ServerActionsTestOtherB:setUpClass): 200 GET http://10.180.1.21/compute/v2.1/servers/eeb993e6-dd41-4a29-8205-b5a4e5e73f3b 6.245s
2025-12-12 16:55:16.283 65494 INFO tempest.lib.common.rest_client [req-de39882a-5dbd-4462-b423-409df7444535 req-de39882a-5dbd-4462-b423-409df7444535 ] Request (QuotaClassesAdmin257Test:tearDownClass): 204 DELETE http://10.180.1.21/networking/v2.0/security-groups/8fb95ecb-4659-41cb-8018-8289fe46a130 0.099s
2025-12-12 16:55:16.374 65530 INFO tempest.lib.common.rest_client [req-c6d96386-1741-4316-ab45-75a61db80f9f req-c6d96386-1741-4316-ab45-75a61db80f9f ] Request (FloatingIPDetailsTestJSON:test_get_floating_ip_details): 200 GET http://10.180.1.21/compute/v2.1/os-floating-ips/c54496c3-f65a-40d8-a52d-a5dd7cb19caf 6.369s
2025-12-12 16:55:16.417 65494 INFO tempest.lib.common.rest_client [req-b8a30d3e-7e56-455f-9bf1-7d9dbf266d64 req-b8a30d3e-7e56-455f-9bf1-7d9dbf266d64 ] Request (QuotaClassesAdmin257Test:tearDownClass): 204 DELETE http://10.180.1.21/identity/v3/projects/56f6faddf76c4dacb33adf122d019885 0.134s
2025-12-12 16:55:16.437 65474 INFO tempest.lib.common.rest_client [req-202269fa-42bc-45c5-8059-3ace7718900a req-202269fa-42bc-45c5-8059-3ace7718900a ] Request (SecurityGroupsTestAdminJSON:test_list_security_groups_list_all_tenants_filter): 200 GET http://10.180.1.21/compute/v2.1/os-security-groups?all_tenants=true 8.290s
2025-12-12 16:55:16.462 65492 INFO tempest.lib.common.rest_client [req-19a401f6-1fc4-40aa-8a59-829e7473789e req-19a401f6-1fc4-40aa-8a59-829e7473789e ] Request (FlavorsAccessNegativeTestJSON:_run_cleanups): 202 DELETE http://10.180.1.21/compute/v2.1/flavors/218009644 6.250s
2025-12-12 16:55:16.497 65496 INFO tempest.lib.common.rest_client [req-5a8cb555-6ea3-40b8-9ba7-4fcee12403e9 req-5a8cb555-6ea3-40b8-9ba7-4fcee12403e9 ] Request (SecurityGroupRulesNegativeTestJSON:tearDownClass): 202 DELETE http://10.180.1.21/compute/v2.1/os-security-groups/cbee0f16-352d-49c9-8673-5481c5fb6db4 6.384s
2025-12-12 16:55:16.514 65494 INFO tempest.lib.common.rest_client [req-fe32e1d6-cc40-466c-a4b0-0675e7d3789e req-fe32e1d6-cc40-466c-a4b0-0675e7d3789e ] Request (FloatingIPsTestJSON:setUpClass): 201 POST http://10.180.1.21/identity/v3/auth/tokens 0.095s
2025-12-12 16:55:16.550 65494 INFO tempest.lib.common.rest_client [req-0b6aa07a-7748-4910-90ce-7f81016a2a6a req-0b6aa07a-7748-4910-90ce-7f81016a2a6a ] Request (FloatingIPsTestJSON:setUpClass): 201 POST http://10.180.1.21/identity/v3/auth/tokens 0.032s
2025-12-12 16:55:16.579 65494 INFO tempest.lib.common.rest_client [req-f8b9269a-c505-4aaf-beca-1ae498b4cfbe req-f8b9269a-c505-4aaf-beca-1ae498b4cfbe ] Request (FloatingIPsTestJSON:setUpClass): 200 GET http://10.180.1.21/identity/v3/domains?name=Default 0.029s
2025-12-12 16:55:16.613 65494 INFO tempest.lib.common.rest_client [req-5d34d913-4bf9-477e-a211-de074c7386aa req-5d34d913-4bf9-477e-a211-de074c7386aa ] Request (FloatingIPsTestJSON:setUpClass): 201 POST http://10.180.1.21/identity/v3/projects 0.033s
2025-12-12 16:55:16.664 65490 WARNING tempest.lib.common.ssh [-] Failed to establish authenticated ssh connection to cirros@10.180.180.142 ([Errno None] Unable to connect to port 22 on 10.180.180.142). Number attempts: 2. Retry after 3 seconds.: paramiko.ssh_exception.NoValidConnectionsError: [Errno None] Unable to connect to port 22 on 10.180.180.142
2025-12-12 16:55:16.699 65494 INFO tempest.lib.common.rest_client [req-ad122a48-f7e5-4090-a902-edd400f3c511 req-ad122a48-f7e5-4090-a902-edd400f3c511 ] Request (FloatingIPsTestJSON:setUpClass): 201 POST http://10.180.1.21/identity/v3/users 0.085s
2025-12-12 16:55:16.722 65494 INFO tempest.lib.common.rest_client [req-f8942033-9868-490d-a80f-f65472394756 req-f8942033-9868-490d-a80f-f65472394756 ] Request (FloatingIPsTestJSON:setUpClass): 200 GET http://10.180.1.21/identity/v3/roles 0.023s
2025-12-12 16:55:16.740 65534 INFO tempest.lib.common.rest_client [req-0d6b1a19-7763-4e23-89a2-93809f079e11 req-0d6b1a19-7763-4e23-89a2-93809f079e11 ] Request (ListImageFiltersTestJSON:setUpClass): 202 POST http://10.180.1.21/compute/v2.1/servers 6.132s
2025-12-12 16:55:16.755 65494 INFO tempest.lib.common.rest_client [req-a34eacab-7b33-42cb-a258-8cd09f1a9e44 req-a34eacab-7b33-42cb-a258-8cd09f1a9e44 ] Request (FloatingIPsTestJSON:setUpClass): 204 PUT http://10.180.1.21/identity/v3/projects/58783861aa624e8c8ed36ab765fd0dcc/users/eb74e18fc78343b79595fe7b6501bec2/roles/911b48ebd0ba4d70b7c30a88840223f7 0.032s
2025-12-12 16:55:16.755 65494 INFO tempest.lib.common.dynamic_creds [-] Dynamic test user eb74e18fc78343b79595fe7b6501bec2 is created with scope project and roles: ['member']
2025-12-12 16:55:16.755 65494 INFO tempest.lib.common.dynamic_creds [-] Acquired dynamic creds: credentials: Credentials: {'domain_id': 'default', 'domain_name': 'Default', 'username': 'tempest-FloatingIPsTestJSON-1101268855-project-member', 'project_domain_id': 'default', 'project_domain_name': 'Default', 'project_id': '58783861aa624e8c8ed36ab765fd0dcc', 'project_name': 'tempest-FloatingIPsTestJSON-1101268855', 'tenant_id': '58783861aa624e8c8ed36ab765fd0dcc', 'tenant_name': 'tempest-FloatingIPsTestJSON-1101268855', 'user_domain_id': 'default', 'user_domain_name': 'Default', 'user_id': 'eb74e18fc78343b79595fe7b6501bec2', 'system': None}, Network: None, Subnet: None, Router: None
2025-12-12 16:55:16.827 65494 INFO tempest.lib.common.rest_client [req-bfd6ff52-5e6b-4a88-82ba-15dd4a009ac1 req-bfd6ff52-5e6b-4a88-82ba-15dd4a009ac1 ] Request (FloatingIPsTestJSON:setUpClass): 201 POST http://10.180.1.21/identity/v3/auth/tokens 0.071s
2025-12-12 16:55:16.916 65537 INFO tempest.lib.common.rest_client [req-54c6b657-4506-43d2-9c27-51070d972f2c req-54c6b657-4506-43d2-9c27-51070d972f2c ] Request (ServerActionsTestJSON:setUpClass): 202 POST http://10.180.1.21/compute/v2.1/servers 6.554s
2025-12-12 16:55:16.918 65482 INFO tempest.lib.common.rest_client [req-e61d2e26-6cbe-4f5e-8cd0-11b5683d8242 req-e61d2e26-6cbe-4f5e-8cd0-11b5683d8242 ] Request (FlavorsV2TestJSON:test_get_flavor): 200 GET http://10.180.1.21/compute/v2.1/flavors/42 6.086s
2025-12-12 16:55:16.964 65506 INFO tempest.lib.common.rest_client [req-bdbd90fc-0eb8-404e-9ed4-6ce88dbf5a1a req-bdbd90fc-0eb8-404e-9ed4-6ce88dbf5a1a ] Request (ServerTagsTestJSON:_run_cleanups): 204 DELETE http://10.180.1.21/compute/v2.1/servers/279bb941-0a4a-4d28-b564-5641f5a1d119/tags 5.871s
2025-12-12 16:55:17.012 65504 INFO tempest.lib.common.rest_client [req-a86c26d1-f80f-4b7a-b0a4-53b622eb91d4 req-a86c26d1-f80f-4b7a-b0a4-53b622eb91d4 ] Request (ImagesTestJSON:test_create_image_from_stopped_server): 200 GET http://10.180.1.21/compute/v2.1/images/6ddae5de-77ce-4de4-b15b-680876418608 5.398s
2025-12-12 16:55:17.084 65510 INFO tempest.lib.common.rest_client [req-e219d2c2-ac86-4d64-86b0-795c1e96c180 req-e219d2c2-ac86-4d64-86b0-795c1e96c180 ] Request (ServersAdminTestJSON:test_create_server_with_scheduling_hint): 200 GET http://10.180.1.21/compute/v2.1/servers/35803abc-21be-4640-9df4-d9d70ee52cc8 5.279s
2025-12-12 16:55:17.112 65512 INFO tempest.lib.common.rest_client [req-6be0537e-b61a-476f-acaa-b4067d1b9eb4 req-6be0537e-b61a-476f-acaa-b4067d1b9eb4 ] Request (MigrationsAdminTest:test_list_migrations_in_flavor_resize_situation): 200 GET http://10.180.1.21/compute/v2.1/servers/ce00aad8-4ea7-4116-8eeb-2297bcc24d6b 5.696s
2025-12-12 16:55:17.157 65494 INFO tempest.lib.common.rest_client [req-64d4b410-90f9-4413-8d72-1203dadc30c0 req-64d4b410-90f9-4413-8d72-1203dadc30c0 ] Request (FloatingIPsTestJSON:setUpClass): 201 POST http://10.180.1.21/networking/v2.0/networks 0.330s
2025-12-12 16:55:17.174 65526 INFO tempest.lib.common.rest_client [req-eda889ec-0f02-4735-b0c7-a571fe2d6689 req-eda889ec-0f02-4735-b0c7-a571fe2d6689 ] Request (TenantUsagesNegativeTestJSON:test_list_usage_all_tenants_with_non_admin_user): 403 GET http://10.180.1.21/compute/v2.1/os-simple-tenant-usage?start=2025-12-11T16%3A55%3A05.802634&end=2025-12-13T16%3A55%3A05.802634&detailed=1 5.362s
2025-12-12 16:55:17.179 65516 INFO tempest.lib.common.rest_client [req-6aed4e52-63ea-441b-897d-043b2679e22d req-6aed4e52-63ea-441b-897d-043b2679e22d ] Request (ServersAdminNegativeTestJSON:setUpClass): 200 GET http://10.180.1.21/compute/v2.1/servers/19b900ac-f507-4466-a5e8-e93f07c2476c 5.336s
2025-12-12 16:55:17.200 65514 INFO tempest.lib.common.rest_client [req-d26e644c-b210-42c3-a150-0456ee5dfdd8 req-d26e644c-b210-42c3-a150-0456ee5dfdd8 ] Request (TenantUsagesTestJSON:tearDownClass): 404 GET http://10.180.1.21/compute/v2.1/servers/ffe490fe-6a04-4b8b-92e4-3985e47ff2b5 5.118s
2025-12-12 16:55:17.248 65532 INFO tempest.lib.common.rest_client [req-ceba6daa-fc05-4478-8745-da7720aa65ac req-ceba6daa-fc05-4478-8745-da7720aa65ac ] Request (DeleteServersAdminTestJSON:test_delete_server_while_in_error_state): 200 GET http://10.180.1.21/compute/v2.1/servers/b89231a6-6e7b-4ad3-86cb-e5f6ea5983d6 4.529s
2025-12-12 16:55:17.316 65514 INFO tempest.lib.common.rest_client [req-723cb9ce-f39a-452d-a4cd-421d803991f2 req-723cb9ce-f39a-452d-a4cd-421d803991f2 ] Request (TenantUsagesTestJSON:tearDownClass): 204 DELETE http://10.180.1.21/identity/v3/users/32b4d0904d4c4638a11e1ed6d5ccaeb7 0.115s
2025-12-12 16:55:17.327 65526 INFO tempest.lib.common.rest_client [req-e367a567-c902-4e88-8e5b-b45b4137e532 req-e367a567-c902-4e88-8e5b-b45b4137e532 ] Request (TenantUsagesNegativeTestJSON:tearDownClass): 204 DELETE http://10.180.1.21/identity/v3/users/f9d8b1b70ff94b23b382db7bc10aa19a 0.149s
2025-12-12 16:55:17.407 65494 INFO tempest.lib.common.rest_client [req-98d13af2-feb8-4c22-ae2e-9ddedf667702 req-98d13af2-feb8-4c22-ae2e-9ddedf667702 ] Request (FloatingIPsTestJSON:setUpClass): 201 POST http://10.180.1.21/networking/v2.0/subnets 0.249s
2025-12-12 16:55:17.432 65524 INFO tempest.lib.common.rest_client [req-36180e83-9534-4c0c-a7ac-31f2bb136b3d req-36180e83-9534-4c0c-a7ac-31f2bb136b3d ] Request (ServersTestJSON:setUpClass): 200 GET http://10.180.1.21/compute/v2.1/servers/3020f3e7-bff5-4dca-97ed-88068d8c0952 3.387s
