2025-11-22 06:01:13.922 66337 INFO tempest.lib.common.rest_client [req-d2f015e6-c8b6-4654-b9e5-1c93a8ef86cf req-d2f015e6-c8b6-4654-b9e5-1c93a8ef86cf ] Request (DeleteServersAdminTestJSON:setUpClass): 201 POST http://10.180.1.21/identity/v3/auth/tokens 0.083s
2025-11-22 06:01:13.957 66337 INFO tempest.lib.common.rest_client [req-e0207c06-d7a1-423a-82df-7c862634a089 req-e0207c06-d7a1-423a-82df-7c862634a089 ] Request (DeleteServersAdminTestJSON:setUpClass): 201 POST http://10.180.1.21/identity/v3/projects 0.034s
2025-11-22 06:01:14.044 66337 INFO tempest.lib.common.rest_client [req-6b34c466-e7cc-4a36-8c55-a7d4700cfa16 req-6b34c466-e7cc-4a36-8c55-a7d4700cfa16 ] Request (DeleteServersAdminTestJSON:setUpClass): 201 POST http://10.180.1.21/identity/v3/users 0.086s
2025-11-22 06:01:14.068 66337 INFO tempest.lib.common.rest_client [req-fcd23843-049d-4046-8016-6af68d73cbe8 req-fcd23843-049d-4046-8016-6af68d73cbe8 ] Request (DeleteServersAdminTestJSON:setUpClass): 200 GET http://10.180.1.21/identity/v3/roles 0.024s
2025-11-22 06:01:14.080 66349 INFO tempest.lib.common.rest_client [req-c8c1e8bd-dfa8-4877-a8f9-5fb3714851bf req-c8c1e8bd-dfa8-4877-a8f9-5fb3714851bf ] Request (ListImageFiltersNegativeTestJSON:tearDownClass): 200 GET http://10.180.1.21/networking/v2.0/security-groups?tenant_id=c76d25bbbefc4c1aa00dc99b872dd155&name=default 0.193s
2025-11-22 06:01:14.113 66337 INFO tempest.lib.common.rest_client [req-672278a8-a4fe-4134-82b5-fe7755dc72d3 req-672278a8-a4fe-4134-82b5-fe7755dc72d3 ] Request (DeleteServersAdminTestJSON:setUpClass): 204 PUT http://10.180.1.21/identity/v3/projects/717e918164254fd0b62c2636cb1a3982/users/b42071721edd4a2c8d383e95311fb9fb/roles/fed164be0445430eb8071a5587627a00 0.045s
2025-11-22 06:01:14.179 66337 INFO tempest.lib.common.rest_client [req-72ff4fd9-ebba-4358-b14f-2e54aa41ff1b req-72ff4fd9-ebba-4358-b14f-2e54aa41ff1b ] Request (DeleteServersAdminTestJSON:setUpClass): 200 GET http://10.180.1.21/identity/v3/roles 0.065s
2025-11-22 06:01:14.190 66321 INFO tempest.test [-] raised in LiveMigrationRemoteConsolesV26Test.setUpClass. Invoking tearDownClass.
2025-11-22 06:01:14.221 66337 INFO tempest.lib.common.rest_client [req-02cb1a1a-c91c-4ce9-b6ad-7c8be97318a4 req-02cb1a1a-c91c-4ce9-b6ad-7c8be97318a4 ] Request (DeleteServersAdminTestJSON:setUpClass): 204 PUT http://10.180.1.21/identity/v3/projects/717e918164254fd0b62c2636cb1a3982/users/b42071721edd4a2c8d383e95311fb9fb/roles/fed164be0445430eb8071a5587627a00 0.041s
2025-11-22 06:01:14.221 66337 INFO tempest.lib.common.dynamic_creds [-] Dynamic test user b42071721edd4a2c8d383e95311fb9fb is created with scope project and roles: ['admin']
2025-11-22 06:01:14.221 66337 INFO tempest.lib.common.dynamic_creds [-] Acquired dynamic creds: credentials: Credentials: {'domain_id': 'default', 'domain_name': 'Default', 'username': 'tempest-DeleteServersAdminTestJSON-1119068216-project-admin', 'project_domain_id': 'default', 'project_domain_name': 'Default', 'project_id': '717e918164254fd0b62c2636cb1a3982', 'project_name': 'tempest-DeleteServersAdminTestJSON-1119068216', 'tenant_id': '717e918164254fd0b62c2636cb1a3982', 'tenant_name': 'tempest-DeleteServersAdminTestJSON-1119068216', 'user_domain_id': 'default', 'user_domain_name': 'Default', 'user_id': 'b42071721edd4a2c8d383e95311fb9fb', 'system': None}, Network: None, Subnet: None, Router: None
2025-11-22 06:01:14.221 66337 INFO tempest.lib.common.dynamic_creds [-] Created isolated network resources for: credentials: Credentials: {'domain_id': 'default', 'domain_name': 'Default', 'username': 'tempest-DeleteServersAdminTestJSON-1119068216-project-admin', 'project_domain_id': 'default', 'project_domain_name': 'Default', 'project_id': '717e918164254fd0b62c2636cb1a3982', 'project_name': 'tempest-DeleteServersAdminTestJSON-1119068216', 'tenant_id': '717e918164254fd0b62c2636cb1a3982', 'tenant_name': 'tempest-DeleteServersAdminTestJSON-1119068216', 'user_domain_id': 'default', 'user_domain_name': 'Default', 'user_id': 'b42071721edd4a2c8d383e95311fb9fb', 'system': None}, Network: None, Subnet: None, Router: None
2025-11-22 06:01:14.238 66349 INFO tempest.lib.common.rest_client [req-3386ce21-4e89-467b-894d-4cb565e05435 req-3386ce21-4e89-467b-894d-4cb565e05435 ] Request (ListImageFiltersNegativeTestJSON:tearDownClass): 204 DELETE http://10.180.1.21/networking/v2.0/security-groups/4cb5ce56-d39f-4377-a7d6-df3b721414aa 0.157s
2025-11-22 06:01:14.259 66347 INFO tempest.lib.common.rest_client [req-243a2ade-b620-4167-ab56-735661248f4f req-243a2ade-b620-4167-ab56-735661248f4f ] Request (FloatingIPDetailsNegativeTestJSON:setUpClass): 201 POST http://10.180.1.21/identity/v3/auth/tokens 0.073s
2025-11-22 06:01:14.268 66355 INFO tempest.lib.common.rest_client [req-2aeea58d-0bab-44b5-81c4-12b0fa0a43fe req-2aeea58d-0bab-44b5-81c4-12b0fa0a43fe ] Request (AZV2TestJSON:setUpClass): 201 POST http://10.180.1.21/identity/v3/auth/tokens 0.031s
2025-11-22 06:01:14.295 66327 INFO tempest.lib.common.rest_client [req-cbdbf946-43f9-4226-a5b5-312371cc36c1 req-cbdbf946-43f9-4226-a5b5-312371cc36c1 ] Request (AZAdminV2TestJSON:setUpClass): 201 POST http://10.180.1.21/identity/v3/auth/tokens 0.081s
2025-11-22 06:01:14.299 66365 INFO tempest.test [-] raised in LiveAutoBlockMigrationV225Test.setUpClass. Invoking tearDownClass.
2025-11-22 06:01:14.327 66349 INFO tempest.lib.common.rest_client [req-59303ad4-0654-4602-99aa-c9b4fd73b691 req-59303ad4-0654-4602-99aa-c9b4fd73b691 ] Request (ListImageFiltersNegativeTestJSON:tearDownClass): 204 DELETE http://10.180.1.21/identity/v3/projects/c76d25bbbefc4c1aa00dc99b872dd155 0.088s
2025-11-22 06:01:14.375 66337 INFO tempest.lib.common.rest_client [req-64482357-59da-4050-9c57-43fda5d828bc req-64482357-59da-4050-9c57-43fda5d828bc ] Request (DeleteServersAdminTestJSON:setUpClass): 201 POST http://10.180.1.21/identity/v3/auth/tokens 0.125s
2025-11-22 06:01:14.375 66325 INFO tempest.lib.common.rest_client [req-64e864e8-f5f8-4b20-bd90-4da4d619d6f9 req-64e864e8-f5f8-4b20-bd90-4da4d619d6f9 ] Request (QuotasAdminTestJSON:setUpClass): 201 POST http://10.180.1.21/identity/v3/auth/tokens 0.131s
2025-11-22 06:01:14.390 66321 INFO tempest.lib.common.rest_client [req-4625742c-aeed-4a47-9fe9-df2bc79e6c06 req-4625742c-aeed-4a47-9fe9-df2bc79e6c06 ] Request (ListImageFiltersTestJSON:setUpClass): 201 POST http://10.180.1.21/identity/v3/auth/tokens 0.138s
2025-11-22 06:01:14.406 66361 INFO tempest.lib.common.rest_client [req-a991b40a-2514-4d84-8bc6-b385a2473c65 req-a991b40a-2514-4d84-8bc6-b385a2473c65 ] Request (DeleteServersTestJSON:setUpClass): 201 POST http://10.180.1.21/identity/v3/auth/tokens 0.156s
2025-11-22 06:01:14.412 66347 INFO tempest.lib.common.rest_client [req-47a65412-896b-4fe9-96c9-97ce7e2746b3 req-47a65412-896b-4fe9-96c9-97ce7e2746b3 ] Request (FloatingIPDetailsNegativeTestJSON:setUpClass): 201 POST http://10.180.1.21/identity/v3/auth/tokens 0.151s
2025-11-22 06:01:14.423 66345 INFO tempest.lib.common.rest_client [req-7c33ab25-0d94-4067-801f-4bb688031677 req-7c33ab25-0d94-4067-801f-4bb688031677 ] Request (TenantUsagesTestJSON:setUpClass): 201 POST http://10.180.1.21/identity/v3/auth/tokens 0.151s
2025-11-22 06:01:14.436 66355 INFO tempest.lib.common.rest_client [req-716bb0f4-05fb-4ee0-8e50-de3df940c93c req-716bb0f4-05fb-4ee0-8e50-de3df940c93c ] Request (AZV2TestJSON:setUpClass): 201 POST http://10.180.1.21/identity/v3/auth/tokens 0.165s
2025-11-22 06:01:14.462 66329 INFO tempest.lib.common.rest_client [req-5288eb7a-41ba-4aab-9e29-54f58930b664 req-5288eb7a-41ba-4aab-9e29-54f58930b664 ] Request (QuotaClassesAdminTestJSON:setUpClass): 201 POST http://10.180.1.21/identity/v3/auth/tokens 0.186s
2025-11-22 06:01:14.469 66367 INFO tempest.lib.common.rest_client [req-a9afff11-94ed-4946-aba3-6aa2456c7769 req-a9afff11-94ed-4946-aba3-6aa2456c7769 ] Request (HostsAdminNegativeTestJSON:setUpClass): 201 POST http://10.180.1.21/identity/v3/auth/tokens 0.198s
2025-11-22 06:01:14.476 66371 INFO tempest.lib.common.rest_client [req-6f9269c8-ec47-41f2-888f-f3e07da55a0d req-6f9269c8-ec47-41f2-888f-f3e07da55a0d ] Request (HypervisorAdminTestJSON:setUpClass): 201 POST http://10.180.1.21/identity/v3/auth/tokens 0.164s
2025-11-22 06:01:14.481 66317 INFO tempest.test [-] raised in ServersOnMultiNodesTest.setUpClass. Invoking tearDownClass.
2025-11-22 06:01:14.488 66327 INFO tempest.lib.common.rest_client [req-59a0f173-7529-453d-a19f-24e854b11e7c req-59a0f173-7529-453d-a19f-24e854b11e7c ] Request (AZAdminV2TestJSON:setUpClass): 201 POST http://10.180.1.21/identity/v3/auth/tokens 0.168s
2025-11-22 06:01:14.502 66349 INFO tempest.lib.common.rest_client [req-902fb216-53d0-4ab5-8f09-8040bcce588c req-902fb216-53d0-4ab5-8f09-8040bcce588c ] Request (SecurityGroupRulesNegativeTestJSON:setUpClass): 201 POST http://10.180.1.21/identity/v3/auth/tokens 0.166s
2025-11-22 06:01:14.508 66365 INFO tempest.lib.common.rest_client [req-db636884-22cf-472b-901d-18f36181d284 req-db636884-22cf-472b-901d-18f36181d284 ] Request (ServerGroupTestJSON:setUpClass): 201 POST http://10.180.1.21/identity/v3/auth/tokens 0.152s
2025-11-22 06:01:14.527 66335 INFO tempest.lib.common.rest_client [req-0d4bc7b7-e0c9-47e8-b83d-0f347c5c4339 req-0d4bc7b7-e0c9-47e8-b83d-0f347c5c4339 ] Request (FlavorsExtraSpecsNegativeTestJSON:setUpClass): 201 POST http://10.180.1.21/identity/v3/auth/tokens 0.161s
2025-11-22 06:01:14.531 66359 INFO tempest.lib.common.rest_client [req-6612ab2a-27af-47df-9b09-693f3b750221 req-6612ab2a-27af-47df-9b09-693f3b750221 ] Request (FlavorsAdminTestJSON:setUpClass): 201 POST http://10.180.1.21/identity/v3/auth/tokens 0.155s
2025-11-22 06:01:14.551 66325 INFO tempest.lib.common.rest_client [req-eb548cc4-1844-4b80-8b1e-491ac3b4a077 req-eb548cc4-1844-4b80-8b1e-491ac3b4a077 ] Request (QuotasAdminTestJSON:setUpClass): 201 POST http://10.180.1.21/identity/v3/auth/tokens 0.166s
2025-11-22 06:01:14.557 66315 INFO tempest.test [-] raised in LiveMigrationWithoutHostTest.setUpClass. Invoking tearDownClass.
2025-11-22 06:01:14.561 66341 INFO tempest.lib.common.rest_client [req-9bfa8508-a0a1-450d-81f9-ec008a9183c4 req-9bfa8508-a0a1-450d-81f9-ec008a9183c4 ] Request (ServersWithSpecificFlavorTestJSON:setUpClass): 201 POST http://10.180.1.21/identity/v3/auth/tokens 0.171s
2025-11-22 06:01:14.590 66321 INFO tempest.lib.common.rest_client [req-675c245d-3175-4834-896a-50dc56e8199e req-675c245d-3175-4834-896a-50dc56e8199e ] Request (ListImageFiltersTestJSON:setUpClass): 201 POST http://10.180.1.21/identity/v3/auth/tokens 0.192s
2025-11-22 06:01:14.604 66337 INFO tempest.lib.common.rest_client [req-976f398e-1e1a-4749-b977-14d7a4dafd2d req-976f398e-1e1a-4749-b977-14d7a4dafd2d ] Request (DeleteServersAdminTestJSON:test_admin_delete_servers_of_others): 201 POST http://10.180.1.21/identity/v3/auth/tokens 0.209s
2025-11-22 06:01:14.605 66337 INFO tempest.lib.common.fixed_network [-] (DeleteServersAdminTestJSON:test_admin_delete_servers_of_others) Found network None available for tenant
2025-11-22 06:01:14.612 66347 INFO tempest.lib.common.rest_client [req-afc002e3-9dac-4716-b8a3-ad15efcbafb9 req-afc002e3-9dac-4716-b8a3-ad15efcbafb9 ] Request (FloatingIPDetailsNegativeTestJSON:setUpClass): 200 GET http://10.180.1.21/identity/v3/domains?name=Default 0.200s
2025-11-22 06:01:14.625 66361 INFO tempest.lib.common.rest_client [req-22412d27-f50b-4109-9e85-a94ce940feaa req-22412d27-f50b-4109-9e85-a94ce940feaa ] Request (DeleteServersTestJSON:setUpClass): 201 POST http://10.180.1.21/identity/v3/auth/tokens 0.211s
2025-11-22 06:01:14.633 66345 INFO tempest.lib.common.rest_client [req-b270c3d5-834e-4fbf-a42d-cf3ef5d2071b req-b270c3d5-834e-4fbf-a42d-cf3ef5d2071b ] Request (TenantUsagesTestJSON:setUpClass): 201 POST http://10.180.1.21/identity/v3/auth/tokens 0.201s
2025-11-22 06:01:14.645 66355 INFO tempest.lib.common.rest_client [req-82cdf5a1-8743-4751-9bff-d0ca191f5724 req-82cdf5a1-8743-4751-9bff-d0ca191f5724 ] Request (AZV2TestJSON:setUpClass): 200 GET http://10.180.1.21/identity/v3/domains?name=Default 0.209s
2025-11-22 06:01:14.657 66319 INFO tempest.lib.common.rest_client [req-b115e1f1-8493-47f3-bfd1-adb41359a7d0 req-b115e1f1-8493-47f3-bfd1-adb41359a7d0 ] Request (HypervisorAdminNegativeTestJSON:setUpClass): 201 POST http://10.180.1.21/identity/v3/auth/tokens 0.195s
2025-11-22 06:01:14.668 66371 INFO tempest.lib.common.rest_client [req-426e14e0-7d69-48c5-bb27-d985c50721b3 req-426e14e0-7d69-48c5-bb27-d985c50721b3 ] Request (HypervisorAdminTestJSON:setUpClass): 201 POST http://10.180.1.21/identity/v3/auth/tokens 0.188s
2025-11-22 06:01:14.683 66329 INFO tempest.lib.common.rest_client [req-bd92160c-afe6-438f-b50d-59d9ca3d0041 req-bd92160c-afe6-438f-b50d-59d9ca3d0041 ] Request (QuotaClassesAdminTestJSON:setUpClass): 201 POST http://10.180.1.21/identity/v3/auth/tokens 0.198s
2025-11-22 06:01:14.690 66367 INFO tempest.lib.common.rest_client [req-fd6f0375-c665-4f1d-b07a-93c1f4058bb2 req-fd6f0375-c665-4f1d-b07a-93c1f4058bb2 ] Request (HostsAdminNegativeTestJSON:setUpClass): 201 POST http://10.180.1.21/identity/v3/auth/tokens 0.217s
2025-11-22 06:01:14.700 66327 INFO tempest.lib.common.rest_client [req-65fcdfbe-4b00-4f36-b323-a773dc4793cd req-65fcdfbe-4b00-4f36-b323-a773dc4793cd ] Request (AZAdminV2TestJSON:setUpClass): 200 GET http://10.180.1.21/identity/v3/domains?name=Default 0.211s
2025-11-22 06:01:14.711 66317 INFO tempest.lib.common.rest_client [req-25b39ded-29d3-46a9-92c7-58cf0146c704 req-25b39ded-29d3-46a9-92c7-58cf0146c704 ] Request (ServicesAdminTestJSON:setUpClass): 201 POST http://10.180.1.21/identity/v3/auth/tokens 0.215s
2025-11-22 06:01:14.721 66380 INFO tempest.lib.common.rest_client [req-5e5ecbf9-79a2-42a0-b4f9-32fa78baa140 req-5e5ecbf9-79a2-42a0-b4f9-32fa78baa140 ] Request (QuotasAdminNegativeTest:setUpClass): 201 POST http://10.180.1.21/identity/v3/auth/tokens 0.226s
2025-11-22 06:01:14.735 66339 INFO tempest.lib.common.rest_client [req-9130cce3-a411-4ca6-b599-9ee7b15605f8 req-9130cce3-a411-4ca6-b599-9ee7b15605f8 ] Request (FlavorsV261TestJSON:setUpClass): 201 POST http://10.180.1.21/identity/v3/auth/tokens 0.229s
2025-11-22 06:01:14.741 66373 INFO tempest.test [-] raised in UpdateMultiattachVolumeNegativeTest.setUpClass. Invoking tearDownClass.
2025-11-22 06:01:14.744 66365 INFO tempest.lib.common.rest_client [req-5b3f8ec7-a872-4834-9180-25fe72650a8c req-5b3f8ec7-a872-4834-9180-25fe72650a8c ] Request (ServerGroupTestJSON:setUpClass): 201 POST http://10.180.1.21/identity/v3/auth/tokens 0.233s
2025-11-22 06:01:14.756 66349 INFO tempest.lib.common.rest_client [req-870e1400-aecb-4f43-9288-6f2fc572842a req-870e1400-aecb-4f43-9288-6f2fc572842a ] Request (SecurityGroupRulesNegativeTestJSON:setUpClass): 201 POST http://10.180.1.21/identity/v3/auth/tokens 0.248s
2025-11-22 06:01:14.765 66343 INFO tempest.lib.common.rest_client [req-a942443c-8991-4e8c-b499-34dd95084fcb req-a942443c-8991-4e8c-b499-34dd95084fcb ] Request (VolumesAssistedSnapshotsTest:setUpClass): 201 POST http://10.180.1.21/identity/v3/auth/tokens 0.253s
2025-11-22 06:01:14.778 66335 INFO tempest.lib.common.rest_client [req-8c003315-0f09-49e0-8376-1ef8749270cd req-8c003315-0f09-49e0-8376-1ef8749270cd ] Request (FlavorsExtraSpecsNegativeTestJSON:setUpClass): 201 POST http://10.180.1.21/identity/v3/auth/tokens 0.244s
2025-11-22 06:01:14.789 66359 INFO tempest.lib.common.rest_client [req-d4c729eb-45ed-4b81-bd60-b687a50203de req-d4c729eb-45ed-4b81-bd60-b687a50203de ] Request (FlavorsAdminTestJSON:setUpClass): 201 POST http://10.180.1.21/identity/v3/auth/tokens 0.251s
2025-11-22 06:01:14.800 66323 INFO tempest.lib.common.rest_client [req-70e0b745-8c48-4b38-9e4d-df645bd6f541 req-70e0b745-8c48-4b38-9e4d-df645bd6f541 ] Request (AZAdminNegativeTestJSON:setUpClass): 201 POST http://10.180.1.21/identity/v3/auth/tokens 0.262s
2025-11-22 06:01:14.809 66325 INFO tempest.lib.common.rest_client [req-44b9654a-5783-45e6-90d2-78c6bbc492dc req-44b9654a-5783-45e6-90d2-78c6bbc492dc ] Request (QuotasAdminTestJSON:setUpClass): 200 GET http://10.180.1.21/identity/v3/domains?name=Default 0.257s
2025-11-22 06:01:14.821 66341 INFO tempest.lib.common.rest_client [req-e58c1729-d3b9-4275-9317-c702099f033a req-e58c1729-d3b9-4275-9317-c702099f033a ] Request (ServersWithSpecificFlavorTestJSON:setUpClass): 201 POST http://10.180.1.21/identity/v3/auth/tokens 0.256s
2025-11-22 06:01:14.831 66315 INFO tempest.lib.common.rest_client [req-b75852e9-a619-4d33-9b52-6cce7dabf5fc req-b75852e9-a619-4d33-9b52-6cce7dabf5fc ] Request (FloatingIPsNegativeTestJSON:setUpClass): 201 POST http://10.180.1.21/identity/v3/auth/tokens 0.266s
2025-11-22 06:01:14.839 66321 INFO tempest.lib.common.rest_client [req-4f16007c-320b-4fae-889c-c0ba93c607d6 req-4f16007c-320b-4fae-889c-c0ba93c607d6 ] Request (ListImageFiltersTestJSON:setUpClass): 200 GET http://10.180.1.21/identity/v3/domains?name=Default 0.249s
2025-11-22 06:01:14.853 66331 INFO tempest.lib.common.rest_client [req-07a75046-9f3e-4f76-8398-38a8e223686a req-07a75046-9f3e-4f76-8398-38a8e223686a ] Request (FlavorsAccessTestJSON:setUpClass): 201 POST http://10.180.1.21/identity/v3/auth/tokens 0.262s
2025-11-22 06:01:14.874 66347 INFO tempest.lib.common.rest_client [req-3c356748-b61d-41ef-9b3f-fb8d87046826 req-3c356748-b61d-41ef-9b3f-fb8d87046826 ] Request (FloatingIPDetailsNegativeTestJSON:setUpClass): 201 POST http://10.180.1.21/identity/v3/projects 0.259s
2025-11-22 06:01:14.922 66357 INFO tempest.lib.common.rest_client [req-2bfb8762-f422-4748-a516-79fdcd274257 req-2bfb8762-f422-4748-a516-79fdcd274257 ] Request (AggregatesAdminNegativeTestJSON:setUpClass): 201 POST http://10.180.1.21/identity/v3/auth/tokens 0.304s
2025-11-22 06:01:14.947 66353 INFO tempest.lib.common.rest_client [req-825f8704-1ed4-4bb3-b1d4-b7d8ba0b771c req-825f8704-1ed4-4bb3-b1d4-b7d8ba0b771c ] Request (FlavorsExtraSpecsTestJSON:setUpClass): 201 POST http://10.180.1.21/identity/v3/auth/tokens 0.329s
2025-11-22 06:01:14.963 66361 INFO tempest.lib.common.rest_client [req-5f6677a2-1164-4fbc-8c05-a432329b9e09 req-5f6677a2-1164-4fbc-8c05-a432329b9e09 ] Request (DeleteServersTestJSON:setUpClass): 200 GET http://10.180.1.21/identity/v3/domains?name=Default 0.336s
2025-11-22 06:01:14.974 66333 INFO tempest.lib.common.rest_client [req-1596be6d-aeb9-4957-831d-5229f47d8a86 req-1596be6d-aeb9-4957-831d-5229f47d8a86 ] Request (NetworksTest:setUpClass): 201 POST http://10.180.1.21/identity/v3/auth/tokens 0.348s
2025-11-22 06:01:14.992 66369 INFO tempest.lib.common.rest_client [req-b706fde4-2b22-462c-9bc8-4bfaaac164c0 req-b706fde4-2b22-462c-9bc8-4bfaaac164c0 ] Request (QuotasAdminTestV236:setUpClass): 201 POST http://10.180.1.21/identity/v3/auth/tokens 0.363s
2025-11-22 06:01:14.994 66345 INFO tempest.lib.common.rest_client [req-574d0604-9fbb-410e-b9b6-5855bf5bb09c req-574d0604-9fbb-410e-b9b6-5855bf5bb09c ] Request (TenantUsagesTestJSON:setUpClass): 200 GET http://10.180.1.21/identity/v3/domains?name=Default 0.361s
2025-11-22 06:01:15.014 66375 INFO tempest.lib.common.rest_client [req-ec68c56a-ad45-4ce6-a32d-27b1418ac802 req-ec68c56a-ad45-4ce6-a32d-27b1418ac802 ] Request (ServersAdmin275Test:setUpClass): 201 POST http://10.180.1.21/identity/v3/auth/tokens 0.372s
2025-11-22 06:01:15.016 66377 INFO tempest.lib.common.rest_client [req-2ea0d079-2fa6-4dd6-a8ac-379e519a9016 req-2ea0d079-2fa6-4dd6-a8ac-379e519a9016 ] Request (FlavorsAccessNegativeTestJSON:setUpClass): 201 POST http://10.180.1.21/identity/v3/auth/tokens 0.370s
2025-11-22 06:01:15.036 66355 INFO tempest.lib.common.rest_client [req-de237ce0-c91b-49d0-9632-9a22fb8dfa6f req-de237ce0-c91b-49d0-9632-9a22fb8dfa6f ] Request (AZV2TestJSON:setUpClass): 201 POST http://10.180.1.21/identity/v3/projects 0.388s
2025-11-22 06:01:15.066 66319 INFO tempest.lib.common.rest_client [req-46dc8335-8010-4a9e-b46b-673478bdd933 req-46dc8335-8010-4a9e-b46b-673478bdd933 ] Request (HypervisorAdminNegativeTestJSON:setUpClass): 201 POST http://10.180.1.21/identity/v3/auth/tokens 0.406s
2025-11-22 06:01:15.081 66371 INFO tempest.lib.common.rest_client [req-7c0fc775-124d-4fe0-8beb-45aabe00ac79 req-7c0fc775-124d-4fe0-8beb-45aabe00ac79 ] Request (HypervisorAdminTestJSON:setUpClass): 200 GET http://10.180.1.21/identity/v3/domains?name=Default 0.412s
2025-11-22 06:01:15.084 66329 INFO tempest.lib.common.rest_client [req-f5fed699-7216-4b46-9b8b-068aad817e62 req-f5fed699-7216-4b46-9b8b-068aad817e62 ] Request (QuotaClassesAdminTestJSON:setUpClass): 200 GET http://10.180.1.21/identity/v3/domains?name=Default 0.399s
2025-11-22 06:01:15.099 66367 INFO tempest.lib.common.rest_client [req-2de952b9-9e2d-4218-a81d-cd229699c9ef req-2de952b9-9e2d-4218-a81d-cd229699c9ef ] Request (HostsAdminNegativeTestJSON:setUpClass): 200 GET http://10.180.1.21/identity/v3/domains?name=Default 0.408s
2025-11-22 06:01:15.106 66327 INFO tempest.lib.common.rest_client [req-b517b8e0-75d1-4da1-bb13-b7bbadfb72ec req-b517b8e0-75d1-4da1-bb13-b7bbadfb72ec ] Request (AZAdminV2TestJSON:setUpClass): 201 POST http://10.180.1.21/identity/v3/projects 0.404s
2025-11-22 06:01:15.147 66351 INFO tempest.lib.common.rest_client [req-df45d095-4a30-412a-b8b3-dcf81cc7525c req-df45d095-4a30-412a-b8b3-dcf81cc7525c ] Request (HypervisorAdminV253TestBase:setUpClass): 201 POST http://10.180.1.21/identity/v3/auth/tokens 0.437s
2025-11-22 06:01:15.154 66317 INFO tempest.lib.common.rest_client [req-a05680b0-0477-4ea1-b38b-a6e0025d65ed req-a05680b0-0477-4ea1-b38b-a6e0025d65ed ] Request (ServicesAdminTestJSON:setUpClass): 201 POST http://10.180.1.21/identity/v3/auth/tokens 0.439s
2025-11-22 06:01:15.169 66380 INFO tempest.lib.common.rest_client [req-35bb37fe-07ec-46e6-99e7-8dbe0b193bf7 req-35bb37fe-07ec-46e6-99e7-8dbe0b193bf7 ] Request (QuotasAdminNegativeTest:setUpClass): 201 POST http://10.180.1.21/identity/v3/auth/tokens 0.444s
2025-11-22 06:01:15.176 66339 INFO tempest.lib.common.rest_client [req-561b7559-21bc-4c1f-ab77-abd076691e4f req-561b7559-21bc-4c1f-ab77-abd076691e4f ] Request (FlavorsV261TestJSON:setUpClass): 201 POST http://10.180.1.21/identity/v3/auth/tokens 0.439s
2025-11-22 06:01:15.188 66365 INFO tempest.lib.common.rest_client [req-5d8b6f6e-1905-45a4-8441-f92faf90eff8 req-5d8b6f6e-1905-45a4-8441-f92faf90eff8 ] Request (ServerGroupTestJSON:setUpClass): 200 GET http://10.180.1.21/identity/v3/domains?name=Default 0.443s
2025-11-22 06:01:15.198 66373 INFO tempest.lib.common.rest_client [req-1135a438-1610-4e26-bc2a-09df985cf76c req-1135a438-1610-4e26-bc2a-09df985cf76c ] Request (SecurityGroupRulesTestJSON:setUpClass): 201 POST http://10.180.1.21/identity/v3/auth/tokens 0.451s
2025-11-22 06:01:15.205 66349 INFO tempest.lib.common.rest_client [req-81849dbf-b8e0-4e6c-952e-60ca24e35c27 req-81849dbf-b8e0-4e6c-952e-60ca24e35c27 ] Request (SecurityGroupRulesNegativeTestJSON:setUpClass): 200 GET http://10.180.1.21/identity/v3/domains?name=Default 0.449s
2025-11-22 06:01:15.219 66343 INFO tempest.lib.common.rest_client [req-5578f687-9ea8-4e9d-9408-c5a13d4c495c req-5578f687-9ea8-4e9d-9408-c5a13d4c495c ] Request (VolumesAssistedSnapshotsTest:setUpClass): 201 POST http://10.180.1.21/identity/v3/auth/tokens 0.450s
2025-11-22 06:01:15.224 66335 INFO tempest.lib.common.rest_client [req-1cdb5e42-2d69-4e82-8215-f4aacedfd14f req-1cdb5e42-2d69-4e82-8215-f4aacedfd14f ] Request (FlavorsExtraSpecsNegativeTestJSON:setUpClass): 200 GET http://10.180.1.21/identity/v3/domains?name=Default 0.445s
2025-11-22 06:01:15.237 66359 INFO tempest.lib.common.rest_client [req-584ec9e6-29bb-47fc-9d96-7f9e8cb3c876 req-584ec9e6-29bb-47fc-9d96-7f9e8cb3c876 ] Request (FlavorsAdminTestJSON:setUpClass): 200 GET http://10.180.1.21/identity/v3/domains?name=Default 0.447s
2025-11-22 06:01:15.244 66323 INFO tempest.lib.common.rest_client [req-8c770d52-b142-4306-9559-7cbde936b79a req-8c770d52-b142-4306-9559-7cbde936b79a ] Request (AZAdminNegativeTestJSON:setUpClass): 201 POST http://10.180.1.21/identity/v3/auth/tokens 0.441s
2025-11-22 06:01:15.258 66325 INFO tempest.lib.common.rest_client [req-2fcd1bd2-4ed4-4a23-8355-89c928b8f7dd req-2fcd1bd2-4ed4-4a23-8355-89c928b8f7dd ] Request (QuotasAdminTestJSON:setUpClass): 201 POST http://10.180.1.21/identity/v3/projects 0.447s
2025-11-22 06:01:15.262 66341 INFO tempest.lib.common.rest_client [req-e86d09d0-6b21-4d68-97a4-7515a6879cb2 req-e86d09d0-6b21-4d68-97a4-7515a6879cb2 ] Request (ServersWithSpecificFlavorTestJSON:setUpClass): 200 GET http://10.180.1.21/identity/v3/domains?name=Default 0.440s
2025-11-22 06:01:15.305 66315 INFO tempest.lib.common.rest_client [req-e706b5e6-f7fb-4633-97ae-db19b62aecde req-e706b5e6-f7fb-4633-97ae-db19b62aecde ] Request (FloatingIPsNegativeTestJSON:setUpClass): 201 POST http://10.180.1.21/identity/v3/auth/tokens 0.472s
2025-11-22 06:01:15.310 66321 INFO tempest.lib.common.rest_client [req-c9a07bf0-ea72-4e33-93c4-76c108b25bc3 req-c9a07bf0-ea72-4e33-93c4-76c108b25bc3 ] Request (ListImageFiltersTestJSON:setUpClass): 201 POST http://10.180.1.21/identity/v3/projects 0.467s
2025-11-22 06:01:15.350 66331 INFO tempest.lib.common.rest_client [req-3b950c26-93bd-40c4-9cf9-7cd02c950156 req-3b950c26-93bd-40c4-9cf9-7cd02c950156 ] Request (FlavorsAccessTestJSON:setUpClass): 201 POST http://10.180.1.21/identity/v3/auth/tokens 0.494s
2025-11-22 06:01:15.354 66347 INFO tempest.lib.common.rest_client [req-aa4c788c-0d99-4935-b2a8-8cdd5f8c7f2a req-aa4c788c-0d99-4935-b2a8-8cdd5f8c7f2a ] Request (FloatingIPDetailsNegativeTestJSON:setUpClass): 201 POST http://10.180.1.21/identity/v3/users 0.480s
2025-11-22 06:01:15.371 66357 INFO tempest.lib.common.rest_client [req-6713a5ee-c6da-49f2-a1dd-5732c36ea3f3 req-6713a5ee-c6da-49f2-a1dd-5732c36ea3f3 ] Request (AggregatesAdminNegativeTestJSON:setUpClass): 201 POST http://10.180.1.21/identity/v3/auth/tokens 0.445s
2025-11-22 06:01:15.375 66353 INFO tempest.lib.common.rest_client [req-5d257992-8eb0-46a7-b2f3-6bddb576d30a req-5d257992-8eb0-46a7-b2f3-6bddb576d30a ] Request (FlavorsExtraSpecsTestJSON:setUpClass): 201 POST http://10.180.1.21/identity/v3/auth/tokens 0.422s
2025-11-22 06:01:15.393 66361 INFO tempest.lib.common.rest_client [req-e0a2946f-f48a-4f78-a963-6c1678fef84a req-e0a2946f-f48a-4f78-a963-6c1678fef84a ] Request (DeleteServersTestJSON:setUpClass): 201 POST http://10.180.1.21/identity/v3/projects 0.427s
2025-11-22 06:01:15.421 66333 INFO tempest.lib.common.rest_client [req-f0eca8e7-dd8a-47fb-8b7f-a9413aaff898 req-f0eca8e7-dd8a-47fb-8b7f-a9413aaff898 ] Request (NetworksTest:setUpClass): 201 POST http://10.180.1.21/identity/v3/auth/tokens 0.442s
2025-11-22 06:01:15.438 66369 INFO tempest.lib.common.rest_client [req-e06c5126-66a7-42a2-a48e-c8a7cf70edb5 req-e06c5126-66a7-42a2-a48e-c8a7cf70edb5 ] Request (QuotasAdminTestV236:setUpClass): 201 POST http://10.180.1.21/identity/v3/auth/tokens 0.443s
2025-11-22 06:01:15.441 66345 INFO tempest.lib.common.rest_client [req-324739dd-f401-4f88-be27-7b44e9ce2d84 req-324739dd-f401-4f88-be27-7b44e9ce2d84 ] Request (TenantUsagesTestJSON:setUpClass): 201 POST http://10.180.1.21/identity/v3/projects 0.444s
2025-11-22 06:01:15.485 66375 INFO tempest.lib.common.rest_client [req-7f629edd-5e31-44d2-ae93-aae6e80db1da req-7f629edd-5e31-44d2-ae93-aae6e80db1da ] Request (ServersAdmin275Test:setUpClass): 201 POST http://10.180.1.21/identity/v3/auth/tokens 0.468s
2025-11-22 06:01:15.487 66377 INFO tempest.lib.common.rest_client [req-e7811eef-1c8a-49c6-aa1e-1b3aef185198 req-e7811eef-1c8a-49c6-aa1e-1b3aef185198 ] Request (FlavorsAccessNegativeTestJSON:setUpClass): 201 POST http://10.180.1.21/identity/v3/auth/tokens 0.467s
2025-11-22 06:01:15.504 66355 INFO tempest.lib.common.rest_client [req-bbee4663-c467-4736-8713-ffbdc782fce3 req-bbee4663-c467-4736-8713-ffbdc782fce3 ] Request (AZV2TestJSON:setUpClass): 201 POST http://10.180.1.21/identity/v3/users 0.467s
2025-11-22 06:01:15.504 66319 INFO tempest.lib.common.rest_client [req-6d7283af-7345-4b26-b0be-101405cf7ce3 req-6d7283af-7345-4b26-b0be-101405cf7ce3 ] Request (HypervisorAdminNegativeTestJSON:setUpClass): 200 GET http://10.180.1.21/identity/v3/domains?name=Default 0.437s
2025-11-22 06:01:15.527 66329 INFO tempest.lib.common.rest_client [req-dc4fedc1-6ee7-4636-a574-74b0865c1e8b req-dc4fedc1-6ee7-4636-a574-74b0865c1e8b ] Request (QuotaClassesAdminTestJSON:setUpClass): 201 POST http://10.180.1.21/identity/v3/projects 0.440s
2025-11-22 06:01:15.528 66371 INFO tempest.lib.common.rest_client [req-3aa8b0be-d939-4101-b257-4da4ba54be66 req-3aa8b0be-d939-4101-b257-4da4ba54be66 ] Request (HypervisorAdminTestJSON:setUpClass): 201 POST http://10.180.1.21/identity/v3/projects 0.445s
2025-11-22 06:01:15.574 66327 INFO tempest.lib.common.rest_client [req-d5d33901-a6d7-45f4-b9bd-e7cc9b712fd3 req-d5d33901-a6d7-45f4-b9bd-e7cc9b712fd3 ] Request (AZAdminV2TestJSON:setUpClass): 201 POST http://10.180.1.21/identity/v3/users 0.467s
2025-11-22 06:01:15.575 66367 INFO tempest.lib.common.rest_client [req-9c45fd51-5c7a-49b1-94b3-005038d6d57d req-9c45fd51-5c7a-49b1-94b3-005038d6d57d ] Request (HostsAdminNegativeTestJSON:setUpClass): 201 POST http://10.180.1.21/identity/v3/projects 0.473s
2025-11-22 06:01:15.619 66317 INFO tempest.lib.common.rest_client [req-a16a5cee-14c5-46c9-81ba-8716f33a04ec req-a16a5cee-14c5-46c9-81ba-8716f33a04ec ] Request (ServicesAdminTestJSON:setUpClass): 200 GET http://10.180.1.21/identity/v3/domains?name=Default 0.464s
2025-11-22 06:01:15.621 66351 INFO tempest.lib.common.rest_client [req-c73391a6-55d2-43a3-b45e-6f77bd0d137b req-c73391a6-55d2-43a3-b45e-6f77bd0d137b ] Request (HypervisorAdminV253TestBase:setUpClass): 201 POST http://10.180.1.21/identity/v3/auth/tokens 0.471s
2025-11-22 06:01:15.637 66380 INFO tempest.lib.common.rest_client [req-ed392ea6-0231-439e-8b3c-6e509ae74ed4 req-ed392ea6-0231-439e-8b3c-6e509ae74ed4 ] Request (QuotasAdminNegativeTest:setUpClass): 200 GET http://10.180.1.21/identity/v3/domains?name=Default 0.467s
2025-11-22 06:01:15.645 66339 INFO tempest.lib.common.rest_client [req-205b3d0a-475a-476a-8118-abdf1d36e248 req-205b3d0a-475a-476a-8118-abdf1d36e248 ] Request (FlavorsV261TestJSON:setUpClass): 200 GET http://10.180.1.21/identity/v3/domains?name=Default 0.468s
2025-11-22 06:01:15.660 66365 INFO tempest.lib.common.rest_client [req-03c9e0cd-e759-4071-9590-37dee58cf825 req-03c9e0cd-e759-4071-9590-37dee58cf825 ] Request (ServerGroupTestJSON:setUpClass): 201 POST http://10.180.1.21/identity/v3/projects 0.470s
2025-11-22 06:01:15.701 66373 INFO tempest.lib.common.rest_client [req-81b88d4c-21af-4e92-aa5f-2fb793e19823 req-81b88d4c-21af-4e92-aa5f-2fb793e19823 ] Request (SecurityGroupRulesTestJSON:setUpClass): 201 POST http://10.180.1.21/identity/v3/auth/tokens 0.500s
2025-11-22 06:01:15.710 66349 INFO tempest.lib.common.rest_client [req-0ea7a8dd-e967-4fa8-8932-70ab79d6724c req-0ea7a8dd-e967-4fa8-8932-70ab79d6724c ] Request (SecurityGroupRulesNegativeTestJSON:setUpClass): 201 POST http://10.180.1.21/identity/v3/projects 0.504s
2025-11-22 06:01:15.720 66343 INFO tempest.lib.common.rest_client [req-4fd97900-d923-47c2-be7d-e02fae0c77a3 req-4fd97900-d923-47c2-be7d-e02fae0c77a3 ] Request (VolumesAssistedSnapshotsTest:setUpClass): 200 GET http://10.180.1.21/identity/v3/domains?name=Default 0.500s
2025-11-22 06:01:15.759 66335 INFO tempest.lib.common.rest_client [req-54dcf5c1-a108-491b-8ed9-cc93c64ef6ea req-54dcf5c1-a108-491b-8ed9-cc93c64ef6ea ] Request (FlavorsExtraSpecsNegativeTestJSON:setUpClass): 201 POST http://10.180.1.21/identity/v3/projects 0.532s
2025-11-22 06:01:15.769 66359 INFO tempest.lib.common.rest_client [req-c2820ac4-7d40-4d6d-9277-94244339c294 req-c2820ac4-7d40-4d6d-9277-94244339c294 ] Request (FlavorsAdminTestJSON:setUpClass): 201 POST http://10.180.1.21/identity/v3/projects 0.529s
2025-11-22 06:01:15.816 66325 INFO tempest.lib.common.rest_client [req-d1e9dda0-5d62-4410-a8bc-bb526422b31c req-d1e9dda0-5d62-4410-a8bc-bb526422b31c ] Request (QuotasAdminTestJSON:setUpClass): 201 POST http://10.180.1.21/identity/v3/users 0.557s
2025-11-22 06:01:15.832 66323 INFO tempest.lib.common.rest_client [req-00b1c31d-5ff6-454a-809c-1e4b0fa34645 req-00b1c31d-5ff6-454a-809c-1e4b0fa34645 ] Request (AZAdminNegativeTestJSON:setUpClass): 200 GET http://10.180.1.21/identity/v3/domains?name=Default 0.587s
2025-11-22 06:01:15.838 66341 INFO tempest.lib.common.rest_client [req-859dbc1b-66e9-4390-81e8-ba901ff208f1 req-859dbc1b-66e9-4390-81e8-ba901ff208f1 ] Request (ServersWithSpecificFlavorTestJSON:setUpClass): 201 POST http://10.180.1.21/identity/v3/projects 0.574s
2025-11-22 06:01:15.878 66315 INFO tempest.lib.common.rest_client [req-1c50759b-b908-4e17-837a-c0100790004c req-1c50759b-b908-4e17-837a-c0100790004c ] Request (FloatingIPsNegativeTestJSON:setUpClass): 200 GET http://10.180.1.21/identity/v3/domains?name=Default 0.572s
2025-11-22 06:01:15.884 66321 INFO tempest.lib.common.rest_client [req-9853217b-eda6-4bfe-9127-7bddb668fb95 req-9853217b-eda6-4bfe-9127-7bddb668fb95 ] Request (ListImageFiltersTestJSON:setUpClass): 201 POST http://10.180.1.21/identity/v3/users 0.573s
2025-11-22 06:01:15.897 66331 INFO tempest.lib.common.rest_client [req-0d346563-07d1-4a71-bdd0-8cd63279a3a4 req-0d346563-07d1-4a71-bdd0-8cd63279a3a4 ] Request (FlavorsAccessTestJSON:setUpClass): 200 GET http://10.180.1.21/identity/v3/domains?name=Default 0.546s
2025-11-22 06:01:15.901 66347 INFO tempest.lib.common.rest_client [req-d8347be9-b83d-4a21-9959-93261542ee7c req-d8347be9-b83d-4a21-9959-93261542ee7c ] Request (FloatingIPDetailsNegativeTestJSON:setUpClass): 200 GET http://10.180.1.21/identity/v3/roles 0.546s
2025-11-22 06:01:15.916 66357 INFO tempest.lib.common.rest_client [req-a07002e0-2d86-4785-895e-0700278eec06 req-a07002e0-2d86-4785-895e-0700278eec06 ] Request (AggregatesAdminNegativeTestJSON:setUpClass): 200 GET http://10.180.1.21/identity/v3/domains?name=Default 0.544s
2025-11-22 06:01:15.919 66353 INFO tempest.lib.common.rest_client [req-cacb52ea-6625-4301-a87b-5fa5af0dc6f9 req-cacb52ea-6625-4301-a87b-5fa5af0dc6f9 ] Request (FlavorsExtraSpecsTestJSON:setUpClass): 200 GET http://10.180.1.21/identity/v3/domains?name=Default 0.543s
2025-11-22 06:01:15.938 66361 INFO tempest.lib.common.rest_client [req-ce13215b-be06-4213-9078-a283af63d69c req-ce13215b-be06-4213-9078-a283af63d69c ] Request (DeleteServersTestJSON:setUpClass): 201 POST http://10.180.1.21/identity/v3/users 0.544s
2025-11-22 06:01:15.956 66333 INFO tempest.lib.common.rest_client [req-a52fc6ea-30e4-47de-a05f-e73f3b5d742c req-a52fc6ea-30e4-47de-a05f-e73f3b5d742c ] Request (NetworksTest:setUpClass): 200 GET http://10.180.1.21/identity/v3/domains?name=Default 0.534s
2025-11-22 06:01:15.978 66369 INFO tempest.lib.common.rest_client [req-6b0b0aff-9489-4bad-b9e9-15df01acb266 req-6b0b0aff-9489-4bad-b9e9-15df01acb266 ] Request (QuotasAdminTestV236:setUpClass): 200 GET http://10.180.1.21/identity/v3/domains?name=Default 0.539s
2025-11-22 06:01:15.986 66345 INFO tempest.lib.common.rest_client [req-0e21be56-9b5f-4944-926f-a3a95f45aa52 req-0e21be56-9b5f-4944-926f-a3a95f45aa52 ] Request (TenantUsagesTestJSON:setUpClass): 201 POST http://10.180.1.21/identity/v3/users 0.544s
2025-11-22 06:01:15.997 66375 INFO tempest.lib.common.rest_client [req-ebc78fa6-25c2-4296-978f-182216060e4b req-ebc78fa6-25c2-4296-978f-182216060e4b ] Request (ServersAdmin275Test:setUpClass): 200 GET http://10.180.1.21/identity/v3/domains?name=Default 0.511s
2025-11-22 06:01:16.005 66377 INFO tempest.lib.common.rest_client [req-6c5b2558-eb01-4001-b25b-5c5b835c6ec1 req-6c5b2558-eb01-4001-b25b-5c5b835c6ec1 ] Request (FlavorsAccessNegativeTestJSON:setUpClass): 200 GET http://10.180.1.21/identity/v3/domains?name=Default 0.517s
2025-11-22 06:01:16.012 66355 INFO tempest.lib.common.rest_client [req-f960a3df-5dd5-4cac-9257-21172e2107a6 req-f960a3df-5dd5-4cac-9257-21172e2107a6 ] Request (AZV2TestJSON:setUpClass): 200 GET http://10.180.1.21/identity/v3/roles 0.507s
2025-11-22 06:01:16.027 66319 INFO tempest.lib.common.rest_client [req-feadfcc6-aa3f-48a8-bcd6-c19dc0aa2967 req-feadfcc6-aa3f-48a8-bcd6-c19dc0aa2967 ] Request (HypervisorAdminNegativeTestJSON:setUpClass): 201 POST http://10.180.1.21/identity/v3/projects 0.520s
2025-11-22 06:01:16.033 66329 INFO tempest.lib.common.rest_client [req-741501c8-606b-4cba-ae29-cd1d421232d9 req-741501c8-606b-4cba-ae29-cd1d421232d9 ] Request (QuotaClassesAdminTestJSON:setUpClass): 201 POST http://10.180.1.21/identity/v3/users 0.505s
2025-11-22 06:01:16.074 66371 INFO tempest.lib.common.rest_client [req-8469ba56-fb2f-4331-8fb2-880b76a376a8 req-8469ba56-fb2f-4331-8fb2-880b76a376a8 ] Request (HypervisorAdminTestJSON:setUpClass): 201 POST http://10.180.1.21/identity/v3/users 0.545s
2025-11-22 06:01:16.077 66327 INFO tempest.lib.common.rest_client [req-fbda8d8b-b23e-4879-a07c-e230b5cf2f3f req-fbda8d8b-b23e-4879-a07c-e230b5cf2f3f ] Request (AZAdminV2TestJSON:setUpClass): 200 GET http://10.180.1.21/identity/v3/roles 0.502s
2025-11-22 06:01:16.092 66367 INFO tempest.lib.common.rest_client [req-30f7b1aa-909d-4875-8134-c40a9b2eda3d req-30f7b1aa-909d-4875-8134-c40a9b2eda3d ] Request (HostsAdminNegativeTestJSON:setUpClass): 201 POST http://10.180.1.21/identity/v3/users 0.517s
2025-11-22 06:01:16.095 66351 INFO tempest.lib.common.rest_client [req-013aa1c2-5505-4876-a312-c2b22d1ab3fe req-013aa1c2-5505-4876-a312-c2b22d1ab3fe ] Request (HypervisorAdminV253TestBase:setUpClass): 200 GET http://10.180.1.21/identity/v3/domains?name=Default 0.474s
2025-11-22 06:01:16.113 66317 INFO tempest.lib.common.rest_client [req-d4a2c485-0753-4a8e-aec0-bc4771db0eed req-d4a2c485-0753-4a8e-aec0-bc4771db0eed ] Request (ServicesAdminTestJSON:setUpClass): 201 POST http://10.180.1.21/identity/v3/projects 0.492s
2025-11-22 06:01:16.117 66380 INFO tempest.lib.common.rest_client [req-cc757426-ff5c-444e-9bdb-c76fa27d5239 req-cc757426-ff5c-444e-9bdb-c76fa27d5239 ] Request (QuotasAdminNegativeTest:setUpClass): 201 POST http://10.180.1.21/identity/v3/projects 0.477s
2025-11-22 06:01:16.163 66365 INFO tempest.lib.common.rest_client [req-e2e5a054-3a90-4eb1-ab18-3aec2899f1d3 req-e2e5a054-3a90-4eb1-ab18-3aec2899f1d3 ] Request (ServerGroupTestJSON:setUpClass): 201 POST http://10.180.1.21/identity/v3/users 0.502s
2025-11-22 06:01:16.183 66373 INFO tempest.lib.common.rest_client [req-05309098-a2ac-4d54-bf93-8ea2aaf2eb19 req-05309098-a2ac-4d54-bf93-8ea2aaf2eb19 ] Request (SecurityGroupRulesTestJSON:setUpClass): 200 GET http://10.180.1.21/identity/v3/domains?name=Default 0.482s
2025-11-22 06:01:16.186 66339 INFO tempest.lib.common.rest_client [req-81c4d4bd-6d4c-4e62-a88e-b5ffa8430b92 req-81c4d4bd-6d4c-4e62-a88e-b5ffa8430b92 ] Request (FlavorsV261TestJSON:setUpClass): 201 POST http://10.180.1.21/identity/v3/projects 0.539s
2025-11-22 06:01:16.229 66349 INFO tempest.lib.common.rest_client [req-ae197c2f-b0d3-4757-9e9c-c840c6f79be4 req-ae197c2f-b0d3-4757-9e9c-c840c6f79be4 ] Request (SecurityGroupRulesNegativeTestJSON:setUpClass): 201 POST http://10.180.1.21/identity/v3/users 0.518s
2025-11-22 06:01:16.236 66343 INFO tempest.lib.common.rest_client [req-c70d7c82-6eea-46d2-a542-b83bcf4c8bf4 req-c70d7c82-6eea-46d2-a542-b83bcf4c8bf4 ] Request (VolumesAssistedSnapshotsTest:setUpClass): 201 POST http://10.180.1.21/identity/v3/projects 0.513s
2025-11-22 06:01:16.249 66335 INFO tempest.lib.common.rest_client [req-fa74f89e-83ea-4325-ae8e-92ac329eda08 req-fa74f89e-83ea-4325-ae8e-92ac329eda08 ] Request (FlavorsExtraSpecsNegativeTestJSON:setUpClass): 201 POST http://10.180.1.21/identity/v3/users 0.489s
2025-11-22 06:01:16.284 66359 INFO tempest.lib.common.rest_client [req-e221214f-12fa-4dcf-967c-e422e853e55d req-e221214f-12fa-4dcf-967c-e422e853e55d ] Request (FlavorsAdminTestJSON:setUpClass): 201 POST http://10.180.1.21/identity/v3/users 0.514s
2025-11-22 06:01:16.289 66325 INFO tempest.lib.common.rest_client [req-a53abfc9-4ba2-4419-bb35-4a523463316a req-a53abfc9-4ba2-4419-bb35-4a523463316a ] Request (QuotasAdminTestJSON:setUpClass): 200 GET http://10.180.1.21/identity/v3/roles 0.473s
2025-11-22 06:01:16.306 66323 INFO tempest.lib.common.rest_client [req-ff97095a-6cbc-4cf4-8a8b-ee39740a5f1e req-ff97095a-6cbc-4cf4-8a8b-ee39740a5f1e ] Request (AZAdminNegativeTestJSON:setUpClass): 201 POST http://10.180.1.21/identity/v3/projects 0.471s
2025-11-22 06:01:16.308 66341 INFO tempest.lib.common.rest_client [req-937fb2ae-f567-47e5-8035-ac9739f61db4 req-937fb2ae-f567-47e5-8035-ac9739f61db4 ] Request (ServersWithSpecificFlavorTestJSON:setUpClass): 201 POST http://10.180.1.21/identity/v3/users 0.470s
2025-11-22 06:01:16.347 66321 INFO tempest.lib.common.rest_client [req-b21cf2de-3c8c-4fe0-ba88-551cd05583b8 req-b21cf2de-3c8c-4fe0-ba88-551cd05583b8 ] Request (ListImageFiltersTestJSON:setUpClass): 200 GET http://10.180.1.21/identity/v3/roles 0.463s
2025-11-22 06:01:16.356 66315 INFO tempest.lib.common.rest_client [req-50c852c6-c8f4-49e7-9801-046f8c0f22f8 req-50c852c6-c8f4-49e7-9801-046f8c0f22f8 ] Request (FloatingIPsNegativeTestJSON:setUpClass): 201 POST http://10.180.1.21/identity/v3/projects 0.475s
2025-11-22 06:01:16.369 66331 INFO tempest.lib.common.rest_client [req-bc1765ea-c662-444a-94a5-1fda6dbf0c02 req-bc1765ea-c662-444a-94a5-1fda6dbf0c02 ] Request (FlavorsAccessTestJSON:setUpClass): 201 POST http://10.180.1.21/identity/v3/projects 0.470s
2025-11-22 06:01:16.418 66357 INFO tempest.lib.common.rest_client [req-0e0b5a42-8b18-4878-b61f-834a1187dab6 req-0e0b5a42-8b18-4878-b61f-834a1187dab6 ] Request (AggregatesAdminNegativeTestJSON:setUpClass): 201 POST http://10.180.1.21/identity/v3/projects 0.500s
2025-11-22 06:01:16.425 66347 INFO tempest.lib.common.rest_client [req-0514c99f-f153-4a7c-9f4b-2c0c7084b19c req-0514c99f-f153-4a7c-9f4b-2c0c7084b19c ] Request (FloatingIPDetailsNegativeTestJSON:setUpClass): 204 PUT http://10.180.1.21/identity/v3/projects/138c3c35d7704303b6a9d48b97b75092/users/4273a2aa8d1c47ada0d93e40090fa905/roles/441e138bd7404a05822fc8c17bab2177 0.523s
2025-11-22 06:01:16.425 66347 INFO tempest.lib.common.dynamic_creds [-] Dynamic test user 4273a2aa8d1c47ada0d93e40090fa905 is created with scope project and roles: ['member']
2025-11-22 06:01:16.426 66347 INFO tempest.lib.common.dynamic_creds [-] Acquired dynamic creds: credentials: Credentials: {'domain_id': 'default', 'domain_name': 'Default', 'username': 'tempest-FloatingIPDetailsNegativeTestJSON-387221672-project-member', 'project_domain_id': 'default', 'project_domain_name': 'Default', 'project_id': '138c3c35d7704303b6a9d48b97b75092', 'project_name': 'tempest-FloatingIPDetailsNegativeTestJSON-387221672', 'tenant_id': '138c3c35d7704303b6a9d48b97b75092', 'tenant_name': 'tempest-FloatingIPDetailsNegativeTestJSON-387221672', 'user_domain_id': 'default', 'user_domain_name': 'Default', 'user_id': '4273a2aa8d1c47ada0d93e40090fa905', 'system': None}, Network: None, Subnet: None, Router: None
2025-11-22 06:01:16.464 66361 INFO tempest.lib.common.rest_client [req-02256220-0d41-4b00-aef3-ca5016d36056 req-02256220-0d41-4b00-aef3-ca5016d36056 ] Request (DeleteServersTestJSON:setUpClass): 200 GET http://10.180.1.21/identity/v3/roles 0.526s
2025-11-22 06:01:16.485 66333 INFO tempest.lib.common.rest_client [req-e4403dc9-2d10-4e47-92c1-20e3b82a7d67 req-e4403dc9-2d10-4e47-92c1-20e3b82a7d67 ] Request (NetworksTest:setUpClass): 201 POST http://10.180.1.21/identity/v3/projects 0.525s
2025-11-22 06:01:16.490 66353 INFO tempest.lib.common.rest_client [req-c8d54ac9-d3ff-4c6f-ae20-32a3a07bb8bb req-c8d54ac9-d3ff-4c6f-ae20-32a3a07bb8bb ] Request (FlavorsExtraSpecsTestJSON:setUpClass): 201 POST http://10.180.1.21/identity/v3/projects 0.568s
2025-11-22 06:01:16.539 66369 INFO tempest.lib.common.rest_client [req-5187c61d-d46e-4b8d-900d-c10c705172b4 req-5187c61d-d46e-4b8d-900d-c10c705172b4 ] Request (QuotasAdminTestV236:setUpClass): 201 POST http://10.180.1.21/identity/v3/projects 0.558s
2025-11-22 06:01:16.579 66345 INFO tempest.lib.common.rest_client [req-4a25fd6e-5453-42ed-b8c6-d2ebbab13378 req-4a25fd6e-5453-42ed-b8c6-d2ebbab13378 ] Request (TenantUsagesTestJSON:setUpClass): 200 GET http://10.180.1.21/identity/v3/roles 0.593s
2025-11-22 06:01:16.601 66375 INFO tempest.lib.common.rest_client [req-101bac04-1171-4751-9506-3696cf87d54c req-101bac04-1171-4751-9506-3696cf87d54c ] Request (ServersAdmin275Test:setUpClass): 201 POST http://10.180.1.21/identity/v3/projects 0.601s
2025-11-22 06:01:16.606 66377 INFO tempest.lib.common.rest_client [req-431a7813-d33b-4ab8-891d-89164009804e req-431a7813-d33b-4ab8-891d-89164009804e ] Request (FlavorsAccessNegativeTestJSON:setUpClass): 201 POST http://10.180.1.21/identity/v3/projects 0.598s
2025-11-22 06:01:16.657 66319 INFO tempest.lib.common.rest_client [req-48aaa50a-96d1-4483-bc0f-45c5e855eb98 req-48aaa50a-96d1-4483-bc0f-45c5e855eb98 ] Request (HypervisorAdminNegativeTestJSON:setUpClass): 201 POST http://10.180.1.21/identity/v3/users 0.629s
2025-11-22 06:01:16.673 66329 INFO tempest.lib.common.rest_client [req-79c98e6d-116d-4951-b954-7bdbb8b7080b req-79c98e6d-116d-4951-b954-7bdbb8b7080b ] Request (QuotaClassesAdminTestJSON:setUpClass): 200 GET http://10.180.1.21/identity/v3/roles 0.639s
2025-11-22 06:01:16.674 66355 INFO tempest.lib.common.rest_client [req-bf4903cd-f165-4b94-8090-61a949739ba0 req-bf4903cd-f165-4b94-8090-61a949739ba0 ] Request (AZV2TestJSON:setUpClass): 204 PUT http://10.180.1.21/identity/v3/projects/d2d901c3ebb64f38bd63b813da7d8fe6/users/01765dd4be5749228f9b16f41853a580/roles/441e138bd7404a05822fc8c17bab2177 0.661s
2025-11-22 06:01:16.674 66355 INFO tempest.lib.common.dynamic_creds [-] Dynamic test user 01765dd4be5749228f9b16f41853a580 is created with scope project and roles: ['member']
2025-11-22 06:01:16.674 66355 INFO tempest.lib.common.dynamic_creds [-] Acquired dynamic creds: credentials: Credentials: {'domain_id': 'default', 'domain_name': 'Default', 'username': 'tempest-AZV2TestJSON-914145408-project-member', 'project_domain_id': 'default', 'project_domain_name': 'Default', 'project_id': 'd2d901c3ebb64f38bd63b813da7d8fe6', 'project_name': 'tempest-AZV2TestJSON-914145408', 'tenant_id': 'd2d901c3ebb64f38bd63b813da7d8fe6', 'tenant_name': 'tempest-AZV2TestJSON-914145408', 'user_domain_id': 'default', 'user_domain_name': 'Default', 'user_id': '01765dd4be5749228f9b16f41853a580', 'system': None}, Network: None, Subnet: None, Router: None
2025-11-22 06:01:16.675 66355 INFO tempest.lib.common.dynamic_creds [-] Created isolated network resources for: credentials: Credentials: {'domain_id': 'default', 'domain_name': 'Default', 'username': 'tempest-AZV2TestJSON-914145408-project-member', 'project_domain_id': 'default', 'project_domain_name': 'Default', 'project_id': 'd2d901c3ebb64f38bd63b813da7d8fe6', 'project_name': 'tempest-AZV2TestJSON-914145408', 'tenant_id': 'd2d901c3ebb64f38bd63b813da7d8fe6', 'tenant_name': 'tempest-AZV2TestJSON-914145408', 'user_domain_id': 'default', 'user_domain_name': 'Default', 'user_id': '01765dd4be5749228f9b16f41853a580', 'system': None}, Network: None, Subnet: None, Router: None
2025-11-22 06:01:16.721 66327 INFO tempest.lib.common.rest_client [req-e71e31ed-8839-4c4f-a31b-7ae962c4477a req-e71e31ed-8839-4c4f-a31b-7ae962c4477a ] Request (AZAdminV2TestJSON:setUpClass): 204 PUT http://10.180.1.21/identity/v3/projects/fa6b4f4a56334668b2cdb83c9ecdb151/users/4a65cb1f56c04ee0be91123596cf44fb/roles/441e138bd7404a05822fc8c17bab2177 0.643s
2025-11-22 06:01:16.721 66327 INFO tempest.lib.common.dynamic_creds [-] Dynamic test user 4a65cb1f56c04ee0be91123596cf44fb is created with scope project and roles: ['member']
2025-11-22 06:01:16.721 66327 INFO tempest.lib.common.dynamic_creds [-] Acquired dynamic creds: credentials: Credentials: {'domain_id': 'default', 'domain_name': 'Default', 'username': 'tempest-AZAdminV2TestJSON-425398925-project-member', 'project_domain_id': 'default', 'project_domain_name': 'Default', 'project_id': 'fa6b4f4a56334668b2cdb83c9ecdb151', 'project_name': 'tempest-AZAdminV2TestJSON-425398925', 'tenant_id': 'fa6b4f4a56334668b2cdb83c9ecdb151', 'tenant_name': 'tempest-AZAdminV2TestJSON-425398925', 'user_domain_id': 'default', 'user_domain_name': 'Default', 'user_id': '4a65cb1f56c04ee0be91123596cf44fb', 'system': None}, Network: None, Subnet: None, Router: None
2025-11-22 06:01:16.721 66371 INFO tempest.lib.common.rest_client [req-04f501b4-d4bc-4b9a-8ef1-f86635c80431 req-04f501b4-d4bc-4b9a-8ef1-f86635c80431 ] Request (HypervisorAdminTestJSON:setUpClass): 200 GET http://10.180.1.21/identity/v3/roles 0.647s
2025-11-22 06:01:16.721 66327 INFO tempest.lib.common.dynamic_creds [-] Created isolated network resources for: credentials: Credentials: {'domain_id': 'default', 'domain_name': 'Default', 'username': 'tempest-AZAdminV2TestJSON-425398925-project-member', 'project_domain_id': 'default', 'project_domain_name': 'Default', 'project_id': 'fa6b4f4a56334668b2cdb83c9ecdb151', 'project_name': 'tempest-AZAdminV2TestJSON-425398925', 'tenant_id': 'fa6b4f4a56334668b2cdb83c9ecdb151', 'tenant_name': 'tempest-AZAdminV2TestJSON-425398925', 'user_domain_id': 'default', 'user_domain_name': 'Default', 'user_id': '4a65cb1f56c04ee0be91123596cf44fb', 'system': None}, Network: None, Subnet: None, Router: None
2025-11-22 06:01:16.761 66367 INFO tempest.lib.common.rest_client [req-08ef926f-7701-446c-8e0d-01b20c40d762 req-08ef926f-7701-446c-8e0d-01b20c40d762 ] Request (HostsAdminNegativeTestJSON:setUpClass): 200 GET http://10.180.1.21/identity/v3/roles 0.668s
2025-11-22 06:01:16.772 66351 INFO tempest.lib.common.rest_client [req-fe34b2a5-b2de-4320-b6c4-d42efd3f5e24 req-fe34b2a5-b2de-4320-b6c4-d42efd3f5e24 ] Request (HypervisorAdminV253TestBase:setUpClass): 201 POST http://10.180.1.21/identity/v3/projects 0.674s
2025-11-22 06:01:16.781 66317 INFO tempest.lib.common.rest_client [req-0fe66780-0bc6-4b4b-9fc9-658f297dd92b req-0fe66780-0bc6-4b4b-9fc9-658f297dd92b ] Request (ServicesAdminTestJSON:setUpClass): 201 POST http://10.180.1.21/identity/v3/users 0.667s
2025-11-22 06:01:16.818 66380 INFO tempest.lib.common.rest_client [req-42d634f4-1be7-46b0-b483-59e3eb0066ef req-42d634f4-1be7-46b0-b483-59e3eb0066ef ] Request (QuotasAdminNegativeTest:setUpClass): 201 POST http://10.180.1.21/identity/v3/users 0.701s
2025-11-22 06:01:16.823 66365 INFO tempest.lib.common.rest_client [req-4aa415af-3afe-48a3-bc54-2bdc54133b2f req-4aa415af-3afe-48a3-bc54-2bdc54133b2f ] Request (ServerGroupTestJSON:setUpClass): 200 GET http://10.180.1.21/identity/v3/roles 0.659s
