2025-11-22 06:04:55.897 66333 INFO tempest.common.waiters [-] State transition "BUILD/block_device_mapping" ==> "BUILD/spawning" after 29 second wait
2025-11-22 06:04:55.958 66315 INFO tempest.lib.common.rest_client [req-4103de91-f92e-495b-b455-5c1eb3b64b7d req-4103de91-f92e-495b-b455-5c1eb3b64b7d ] Request (AttachInterfacesTestJSON:test_create_list_show_delete_interfaces_by_network_port): 200 GET http://10.180.1.21/compute/v2.1/servers/634fc297-5629-40a7-afbf-34148a59e4ac 0.601s
2025-11-22 06:04:55.994 66361 INFO tempest.lib.common.rest_client [req-56d4889b-8d22-4fdd-b4c4-6bae9162d417 req-56d4889b-8d22-4fdd-b4c4-6bae9162d417 ] Request (DeleteServersTestJSON:test_delete_server_while_in_shelved_state): 202 POST http://10.180.1.21/compute/v2.1/servers/232e2cf8-3cf0-4942-ac8d-831ad54d2b48/action 0.844s
2025-11-22 06:04:56.055 66365 INFO tempest.lib.common.rest_client [req-0f5dcf9e-329a-4283-a707-667123fc581a req-0f5dcf9e-329a-4283-a707-667123fc581a ] Request (ServerMetadataNegativeTestJSON:tearDownClass): 204 DELETE http://10.180.1.21/compute/v2.1/servers/3b6a142f-a843-4e63-8186-cba785771aea 0.689s
2025-11-22 06:04:56.147 66347 INFO tempest.lib.common.rest_client [req-9b81a5f0-e4ae-4efe-a2c8-6bbec7b1ec74 req-9b81a5f0-e4ae-4efe-a2c8-6bbec7b1ec74 ] Request (AttachVolumeShelveTestJSON:test_attach_volume_shelved_or_offload_server): 200 GET http://10.180.1.21/compute/v2.1/servers/18d0467f-0305-4447-a35c-ee76b2b17e47 0.712s
2025-11-22 06:04:56.263 66319 INFO tempest.lib.common.rest_client [req-ea2d945c-d034-40e6-aba8-06eae1c62eee req-ea2d945c-d034-40e6-aba8-06eae1c62eee ] Request (ServersNegativeTestJSON:setUpClass): 204 DELETE http://10.180.1.21/compute/v2.1/servers/dd535f99-264e-418f-ad8b-cc327b7dd5ae 0.740s
2025-11-22 06:04:56.296 66345 INFO tempest.lib.common.rest_client [req-55c03b0b-6024-45c1-a228-f552036e0219 req-55c03b0b-6024-45c1-a228-f552036e0219 ] Request (ImagesMetadataTestJSON:setUp): 200 PUT http://10.180.1.21/compute/v2.1/images/6bdaaf68-c796-449c-84ec-a61d602f222a/metadata 0.780s
2025-11-22 06:04:56.329 66343 INFO tempest.lib.common.rest_client [req-f7f43886-4d22-4c36-930e-8f3acba762ed req-f7f43886-4d22-4c36-930e-8f3acba762ed ] Request (SecurityGroupsTestJSON:test_list_security_groups_by_server): 200 GET http://10.180.1.21/compute/v2.1/servers/b4f79948-0191-4932-8da7-f12d4f471e88 0.773s
2025-11-22 06:04:56.367 66375 INFO tempest.lib.common.rest_client [req-19803b98-9f79-4dc2-84ec-c6c493b3014a req-19803b98-9f79-4dc2-84ec-c6c493b3014a ] Request (ListServersNegativeTestJSON:setUpClass): 200 GET http://10.180.1.21/compute/v2.1/servers/02bcadfe-05cb-4e09-9ddf-6976779c52c1 0.756s
2025-11-22 06:04:56.376 66375 INFO tempest.common.waiters [-] State transition "BUILD/scheduling" ==> "BUILD/None" after 9 second wait
2025-11-22 06:04:56.402 66353 INFO tempest.lib.common.rest_client [req-8b957721-2ba7-4dc0-97b6-d619dc7bb388 req-8b957721-2ba7-4dc0-97b6-d619dc7bb388 ] Request (FloatingIPsAssociationTestJSON:tearDownClass): 200 GET http://10.180.1.21/compute/v2.1/servers/3aa4d5ea-53b7-4649-a1d9-a1f1a4110240 0.739s
2025-11-22 06:04:56.433 66329 INFO tempest.lib.common.rest_client [req-8ecd16a2-10dd-4267-831e-434f68c2cff5 req-8ecd16a2-10dd-4267-831e-434f68c2cff5 ] Request (ServerAddressesTestJSON:tearDownClass): 200 GET http://10.180.1.21/compute/v2.1/servers/974c1e1f-fc0e-4744-b661-f07e0c2d6c3a 0.754s
2025-11-22 06:04:56.471 66369 INFO tempest.lib.common.rest_client [req-33e4a66c-ec34-4675-b17f-4e0e5d0bd166 req-33e4a66c-ec34-4675-b17f-4e0e5d0bd166 ] Request (ServersAdminNegativeTestJSON:tearDownClass): 200 GET http://10.180.1.21/compute/v2.1/servers/f4d62571-29f3-4b19-9ba2-b059cbc1baec 0.734s
2025-11-22 06:04:56.566 66327 INFO tempest.lib.common.rest_client [req-151e4a83-7430-468e-bfb6-91841343d1a9 req-151e4a83-7430-468e-bfb6-91841343d1a9 ] Request (ListServerFiltersTestJSON:tearDownClass): 200 GET http://10.180.1.21/compute/v2.1/servers/7e7129b9-1bab-44a4-9486-4536fc899aaf 0.797s
2025-11-22 06:04:56.593 66357 INFO tempest.lib.common.rest_client [req-56db65de-1490-45ad-b6a4-e055e9d5bec2 req-56db65de-1490-45ad-b6a4-e055e9d5bec2 ] Request (ServersTestFqdnHostnames:test_create_server_with_fqdn_name): 200 GET http://10.180.1.21/compute/v2.1/servers/2df49592-df2f-4100-87fa-7f75027f6ef3 0.750s
2025-11-22 06:04:56.639 66337 INFO tempest.lib.common.rest_client [req-edee48df-644e-4033-a634-353b534f4aa9 req-edee48df-644e-4033-a634-353b534f4aa9 ] Request (ServersAdminTestJSON:test_create_server_with_scheduling_hint): 200 GET http://10.180.1.21/compute/v2.1/servers/9bee796e-7229-44ca-8b04-2f9bf1d8ca40 0.741s
2025-11-22 06:04:56.771 66361 INFO tempest.lib.common.rest_client [req-641f245c-dcfe-4fc6-bcd1-7bf4dd04d551 req-641f245c-dcfe-4fc6-bcd1-7bf4dd04d551 ] Request (DeleteServersTestJSON:test_delete_server_while_in_shelved_state): 200 GET http://10.180.1.21/compute/v2.1/servers/232e2cf8-3cf0-4942-ac8d-831ad54d2b48 0.776s
2025-11-22 06:04:56.783 66351 INFO tempest.lib.common.rest_client [req-f3275492-d9b9-439a-995a-267b254aff5a req-f3275492-d9b9-439a-995a-267b254aff5a ] Request (ServerDiskConfigTestJSON:test_rebuild_server_with_manual_disk_config): 200 GET http://10.180.1.21/compute/v2.1/servers/a42062c7-a5ef-4d50-9c96-55938b64d632 0.755s
2025-11-22 06:04:56.848 66331 INFO tempest.lib.common.rest_client [req-0e85721b-97fb-4ffb-ab52-5543a8d0d1f2 req-0e85721b-97fb-4ffb-ab52-5543a8d0d1f2 ] Request (MigrationsAdminTest:test_resize_server_revert_deleted_flavor): 200 GET http://10.180.1.21/compute/v2.1/servers/979092d9-e957-4594-8963-0f34c5be4822 0.666s
2025-11-22 06:04:56.936 66365 INFO tempest.lib.common.rest_client [req-77dc360d-cc7f-4c20-8c33-8debec6c09d6 req-77dc360d-cc7f-4c20-8c33-8debec6c09d6 ] Request (ServerMetadataNegativeTestJSON:tearDownClass): 200 GET http://10.180.1.21/compute/v2.1/servers/3b6a142f-a843-4e63-8186-cba785771aea 0.880s
2025-11-22 06:04:57.103 66319 INFO tempest.lib.common.rest_client [req-04cab522-cffe-465a-9875-679074b95d19 req-04cab522-cffe-465a-9875-679074b95d19 ] Request (ServersNegativeTestJSON:setUpClass): 200 GET http://10.180.1.21/compute/v2.1/servers/dd535f99-264e-418f-ad8b-cc327b7dd5ae 0.839s
2025-11-22 06:04:57.134 66335 INFO tempest.lib.common.rest_client [req-29238c63-db2c-4cc6-86ee-64037d60535b req-29238c63-db2c-4cc6-86ee-64037d60535b ] Request (ServersNegativeTestMultiTenantJSON:tearDownClass): 200 GET http://10.180.1.21/compute/v2.1/servers/c4a361fc-e0bb-4880-a3e3-4a0a8f1e7410 0.839s
2025-11-22 06:04:57.220 66380 INFO tempest.lib.common.rest_client [req-981b930b-d5ed-421c-83ff-b048966b4d6d req-981b930b-d5ed-421c-83ff-b048966b4d6d ] Request (ServersAaction247Test:tearDownClass): 200 GET http://10.180.1.21/compute/v2.1/servers/2afb7746-1ab7-499a-ae6a-0e3b71af0360 0.884s
2025-11-22 06:04:57.305 66355 INFO tempest.lib.common.rest_client [req-b1f2cd70-b5ea-4a2e-bdfa-85fc1272a22b req-b1f2cd70-b5ea-4a2e-bdfa-85fc1272a22b ] Request (ServerShowV247Test:tearDownClass): 200 GET http://10.180.1.21/compute/v2.1/servers/190daab8-0b77-4995-a269-99b09ebb2942 0.933s
2025-11-22 06:04:57.395 66345 INFO tempest.lib.common.rest_client [req-361c1869-dd45-4696-b68c-0388dc5b2592 req-361c1869-dd45-4696-b68c-0388dc5b2592 ] Request (ImagesMetadataTestJSON:test_update_image_metadata): 200 POST http://10.180.1.21/compute/v2.1/images/6bdaaf68-c796-449c-84ec-a61d602f222a/metadata 1.098s
2025-11-22 06:04:57.403 66349 INFO tempest.lib.common.rest_client [req-10176933-e04a-4285-a6a5-8e968919cda6 req-10176933-e04a-4285-a6a5-8e968919cda6 ] Request (ServersListShow296Test:test_list_show_update_rebuild_server_296): 200 GET http://10.180.1.21/compute/v2.1/servers/f700f6e1-ffe0-40df-9405-a1bac50ba012 1.000s
2025-11-22 06:04:57.487 66359 INFO tempest.lib.common.rest_client [req-984f6217-4651-4de7-8035-828f3380ba69 req-984f6217-4651-4de7-8035-828f3380ba69 ] Request (ServerActionsTestOtherB:setUpClass): 200 GET http://10.180.1.21/compute/v2.1/servers/275a2218-43b2-46e2-9e92-63c781ecfc59 0.888s
2025-11-22 06:04:57.504 66317 INFO tempest.lib.common.rest_client [req-b018e1d5-708b-48ef-b14a-410bf807f567 req-b018e1d5-708b-48ef-b14a-410bf807f567 ] Request (ServersListShow298Test:test_list_show_update_rebuild_server_298): 200 GET http://10.180.1.21/compute/v2.1/servers/0935701b-edf9-43a7-b1f3-d24745c05ff2 1.009s
2025-11-22 06:04:57.569 66325 INFO tempest.lib.common.rest_client [req-4d69bc51-ae5a-415d-8bb8-2b275cfe33fe req-4d69bc51-ae5a-415d-8bb8-2b275cfe33fe ] Request (ImagesOneServerTestJSON:test_create_image_specify_multibyte_character_image_name): 200 GET http://10.180.1.21/compute/v2.1/images/b7ed999c-810d-45e0-84d1-c9316975b98a 0.872s
2025-11-22 06:04:57.613 66321 INFO tempest.lib.common.rest_client [req-18185c89-df17-440b-93b4-5eb5600026e3 req-18185c89-df17-440b-93b4-5eb5600026e3 ] Request (ListImageFiltersTestJSON:tearDownClass): 200 GET http://10.180.1.21/compute/v2.1/servers/53146262-156c-4828-ba45-5bf6bd1c695b 0.950s
2025-11-22 06:04:57.678 66315 INFO tempest.lib.common.rest_client [req-d630799e-3db0-440a-bec5-81a8a54c4272 req-d630799e-3db0-440a-bec5-81a8a54c4272 ] Request (AttachInterfacesTestJSON:test_create_list_show_delete_interfaces_by_network_port): 200 GET http://10.180.1.21/compute/v2.1/servers/634fc297-5629-40a7-afbf-34148a59e4ac 0.710s
2025-11-22 06:04:57.715 66333 INFO tempest.lib.common.rest_client [req-ce4f655f-9cab-467a-a2bc-b973a89c8595 req-ce4f655f-9cab-467a-a2bc-b973a89c8595 ] Request (ImagesTestJSON:test_create_server_from_snapshot): 200 GET http://10.180.1.21/compute/v2.1/servers/43e41a26-d9e2-47ee-8696-210279174c3f 0.817s
2025-11-22 06:04:57.779 66339 WARNING tempest.lib.common.ssh [-] Failed to establish authenticated ssh connection to cirros@10.180.180.228 ([Errno None] Unable to connect to port 22 on 10.180.180.228). Number attempts: 1. Retry after 2 seconds.: paramiko.ssh_exception.NoValidConnectionsError: [Errno None] Unable to connect to port 22 on 10.180.180.228
2025-11-22 06:04:57.794 66343 INFO tempest.lib.common.rest_client [req-d36109e3-41b3-42f0-8dc9-74b527c05a90 req-d36109e3-41b3-42f0-8dc9-74b527c05a90 ] Request (SecurityGroupsTestJSON:test_list_security_groups_by_server): 200 GET http://10.180.1.21/compute/v2.1/servers/b4f79948-0191-4932-8da7-f12d4f471e88 0.455s
2025-11-22 06:04:57.817 66347 INFO tempest.lib.common.rest_client [req-a5947819-60a2-43ae-b547-82d2ec4dabda req-a5947819-60a2-43ae-b547-82d2ec4dabda ] Request (AttachVolumeShelveTestJSON:test_attach_volume_shelved_or_offload_server): 200 GET http://10.180.1.21/compute/v2.1/servers/18d0467f-0305-4447-a35c-ee76b2b17e47 0.658s
2025-11-22 06:04:57.858 66345 INFO tempest.lib.common.rest_client [req-ece2a0e8-6e1a-465c-ae56-9142faa7f4da req-ece2a0e8-6e1a-465c-ae56-9142faa7f4da ] Request (ImagesMetadataTestJSON:test_update_image_metadata): 200 GET http://10.180.1.21/compute/v2.1/images/6bdaaf68-c796-449c-84ec-a61d602f222a/metadata 0.461s
2025-11-22 06:04:57.885 66375 INFO tempest.lib.common.rest_client [req-b0fc414f-4f5a-47de-bdd3-62c529f8a020 req-b0fc414f-4f5a-47de-bdd3-62c529f8a020 ] Request (ListServersNegativeTestJSON:setUpClass): 200 GET http://10.180.1.21/compute/v2.1/servers/02bcadfe-05cb-4e09-9ddf-6976779c52c1 0.508s
2025-11-22 06:04:57.924 66353 INFO tempest.lib.common.rest_client [req-9d7ac9c8-6d34-413b-8c5a-cfbb95818034 req-9d7ac9c8-6d34-413b-8c5a-cfbb95818034 ] Request (FloatingIPsAssociationTestJSON:tearDownClass): 200 GET http://10.180.1.21/compute/v2.1/servers/3aa4d5ea-53b7-4649-a1d9-a1f1a4110240 0.512s
2025-11-22 06:04:57.929 66345 INFO tempest.lib.common.rest_client [req-ab8a6acf-c262-4b9a-9c8c-baedb80801e1 req-ab8a6acf-c262-4b9a-9c8c-baedb80801e1 ] Request (ImagesMetadataTestJSON:tearDownClass): 204 DELETE http://10.180.1.21/image/v2/images/6bdaaf68-c796-449c-84ec-a61d602f222a 0.069s
2025-11-22 06:04:57.948 66329 INFO tempest.lib.common.rest_client [req-02ed5165-8a1b-497e-97a6-2cc128dc68ba req-02ed5165-8a1b-497e-97a6-2cc128dc68ba ] Request (ServerAddressesTestJSON:tearDownClass): 200 GET http://10.180.1.21/compute/v2.1/servers/974c1e1f-fc0e-4744-b661-f07e0c2d6c3a 0.503s
2025-11-22 06:04:57.980 66369 INFO tempest.lib.common.rest_client [req-45c5c40f-1e68-4eb7-83d6-142cac175b34 req-45c5c40f-1e68-4eb7-83d6-142cac175b34 ] Request (ServersAdminNegativeTestJSON:tearDownClass): 200 GET http://10.180.1.21/compute/v2.1/servers/f4d62571-29f3-4b19-9ba2-b059cbc1baec 0.498s
2025-11-22 06:04:58.070 66345 INFO tempest.lib.common.rest_client [req-c23b9200-26eb-4840-8769-38b09a824a9d req-c23b9200-26eb-4840-8769-38b09a824a9d ] Request (ImagesMetadataTestJSON:tearDownClass): 204 DELETE http://10.180.1.21/identity/v3/users/f14fed942a8148f8b242f53bf659a9d2 0.140s
2025-11-22 06:04:58.070 66345 INFO tempest.lib.common.dynamic_creds [-] Deleting project and security group for project: eee29da3a4994da2826cea2f42010049
2025-11-22 06:04:58.141 66327 INFO tempest.lib.common.rest_client [req-b40f933d-c25a-4c69-9abe-f46c67b6eaf8 req-b40f933d-c25a-4c69-9abe-f46c67b6eaf8 ] Request (ListServerFiltersTestJSON:tearDownClass): 200 GET http://10.180.1.21/compute/v2.1/servers/7e7129b9-1bab-44a4-9486-4536fc899aaf 0.564s
2025-11-22 06:04:58.173 66345 INFO tempest.lib.common.rest_client [req-5af3f1ac-92cc-456a-9a9b-de9af9dae12a req-5af3f1ac-92cc-456a-9a9b-de9af9dae12a ] Request (ImagesMetadataTestJSON:tearDownClass): 201 POST http://10.180.1.21/identity/v3/auth/tokens 0.102s
2025-11-22 06:04:58.377 66337 INFO tempest.lib.common.rest_client [req-5eff3002-4f5f-4322-a250-6c04a77e3488 req-5eff3002-4f5f-4322-a250-6c04a77e3488 ] Request (ServersAdminTestJSON:test_create_server_with_scheduling_hint): 200 GET http://10.180.1.21/compute/v2.1/servers/9bee796e-7229-44ca-8b04-2f9bf1d8ca40 0.727s
2025-11-22 06:04:58.390 66345 INFO tempest.lib.common.rest_client [req-e4b250a1-fbeb-478b-977d-d8ef3251bc28 req-e4b250a1-fbeb-478b-977d-d8ef3251bc28 ] Request (ImagesMetadataTestJSON:tearDownClass): 200 GET http://10.180.1.21/networking/v2.0/security-groups?tenant_id=eee29da3a4994da2826cea2f42010049&name=default 0.216s
2025-11-22 06:04:58.418 66357 INFO tempest.lib.common.rest_client [req-1865fba6-100a-41e0-8ba0-3690472be6b1 req-1865fba6-100a-41e0-8ba0-3690472be6b1 ] Request (ServersTestFqdnHostnames:test_create_server_with_fqdn_name): 200 GET http://10.180.1.21/compute/v2.1/servers/2df49592-df2f-4100-87fa-7f75027f6ef3 0.816s
2025-11-22 06:04:58.542 66345 INFO tempest.lib.common.rest_client [req-8bbefcf2-c51d-4dda-b24b-28e53120ce9b req-8bbefcf2-c51d-4dda-b24b-28e53120ce9b ] Request (ImagesMetadataTestJSON:tearDownClass): 204 DELETE http://10.180.1.21/networking/v2.0/security-groups/2d00c6cd-fcc1-43a0-bf2c-e67c9a9f1a01 0.151s
2025-11-22 06:04:58.631 66345 INFO tempest.lib.common.rest_client [req-746d22f2-2acb-4aa7-947f-58d49c6fd1ca req-746d22f2-2acb-4aa7-947f-58d49c6fd1ca ] Request (ImagesMetadataTestJSON:tearDownClass): 204 DELETE http://10.180.1.21/identity/v3/projects/eee29da3a4994da2826cea2f42010049 0.088s
2025-11-22 06:04:58.666 66361 INFO tempest.lib.common.rest_client [req-a57b254b-fd06-47d6-8e4c-d0057c72c99c req-a57b254b-fd06-47d6-8e4c-d0057c72c99c ] Request (DeleteServersTestJSON:test_delete_server_while_in_shelved_state): 200 GET http://10.180.1.21/compute/v2.1/servers/232e2cf8-3cf0-4942-ac8d-831ad54d2b48 0.883s
2025-11-22 06:04:58.675 66361 INFO tempest.common.waiters [-] State transition "ACTIVE/shelving" ==> "ACTIVE/shelving_image_pending_upload" after 2 second wait
2025-11-22 06:04:58.715 66345 INFO tempest.lib.common.rest_client [req-697987b0-45f6-4e97-8925-d1e97507ceac req-697987b0-45f6-4e97-8925-d1e97507ceac ] Request (ServerActionsTestOtherA:setUpClass): 201 POST http://10.180.1.21/identity/v3/auth/tokens 0.083s
2025-11-22 06:04:58.743 66351 INFO tempest.lib.common.rest_client [req-09d3b8c5-6cc5-48c5-a5a0-66a984f59063 req-09d3b8c5-6cc5-48c5-a5a0-66a984f59063 ] Request (ServerDiskConfigTestJSON:test_rebuild_server_with_manual_disk_config): 200 GET http://10.180.1.21/compute/v2.1/servers/a42062c7-a5ef-4d50-9c96-55938b64d632 0.943s
2025-11-22 06:04:58.749 66345 INFO tempest.lib.common.rest_client [req-0dd7d8f3-a3af-4de3-92bf-d1f59fec71ba req-0dd7d8f3-a3af-4de3-92bf-d1f59fec71ba ] Request (ServerActionsTestOtherA:setUpClass): 201 POST http://10.180.1.21/identity/v3/auth/tokens 0.030s
2025-11-22 06:04:58.801 66345 INFO tempest.lib.common.rest_client [req-b803e2d0-815c-47e8-81e1-01b816de47e0 req-b803e2d0-815c-47e8-81e1-01b816de47e0 ] Request (ServerActionsTestOtherA:setUpClass): 200 GET http://10.180.1.21/identity/v3/domains?name=Default 0.051s
2025-11-22 06:04:58.835 66331 INFO tempest.lib.common.rest_client [req-50055472-7bbe-4c0e-a5dd-eae3a9f2eb9a req-50055472-7bbe-4c0e-a5dd-eae3a9f2eb9a ] Request (MigrationsAdminTest:test_resize_server_revert_deleted_flavor): 200 GET http://10.180.1.21/compute/v2.1/servers/979092d9-e957-4594-8963-0f34c5be4822 0.971s
2025-11-22 06:04:58.841 66345 INFO tempest.lib.common.rest_client [req-96d1a8fa-355a-4324-baed-9b4fa38a6ba7 req-96d1a8fa-355a-4324-baed-9b4fa38a6ba7 ] Request (ServerActionsTestOtherA:setUpClass): 201 POST http://10.180.1.21/identity/v3/projects 0.039s
2025-11-22 06:04:58.859 66365 INFO tempest.lib.common.rest_client [req-db8595d8-5eb3-401c-926b-9214cbbe8b87 req-db8595d8-5eb3-401c-926b-9214cbbe8b87 ] Request (ServerMetadataNegativeTestJSON:tearDownClass): 200 GET http://10.180.1.21/compute/v2.1/servers/3b6a142f-a843-4e63-8186-cba785771aea 0.912s
2025-11-22 06:04:58.918 66345 INFO tempest.lib.common.rest_client [req-d5a15e1e-4f5b-4c5f-877e-10bd7085378f req-d5a15e1e-4f5b-4c5f-877e-10bd7085378f ] Request (ServerActionsTestOtherA:setUpClass): 201 POST http://10.180.1.21/identity/v3/users 0.076s
2025-11-22 06:04:58.951 66345 INFO tempest.lib.common.rest_client [req-4e6306d4-e5ce-450c-b9bd-3c02a0821604 req-4e6306d4-e5ce-450c-b9bd-3c02a0821604 ] Request (ServerActionsTestOtherA:setUpClass): 200 GET http://10.180.1.21/identity/v3/roles 0.033s
2025-11-22 06:04:58.988 66345 INFO tempest.lib.common.rest_client [req-df3dc96a-d260-4214-bb46-0b75ba7f3134 req-df3dc96a-d260-4214-bb46-0b75ba7f3134 ] Request (ServerActionsTestOtherA:setUpClass): 204 PUT http://10.180.1.21/identity/v3/projects/983905d3dbad4b3f901e369075387ee2/users/f80aa11527dc482a879d4174d7434b51/roles/441e138bd7404a05822fc8c17bab2177 0.036s
2025-11-22 06:04:58.988 66345 INFO tempest.lib.common.dynamic_creds [-] Dynamic test user f80aa11527dc482a879d4174d7434b51 is created with scope project and roles: ['member']
2025-11-22 06:04:58.988 66345 INFO tempest.lib.common.dynamic_creds [-] Acquired dynamic creds: credentials: Credentials: {'domain_id': 'default', 'domain_name': 'Default', 'username': 'tempest-ServerActionsTestOtherA-289083036-project-member', 'project_domain_id': 'default', 'project_domain_name': 'Default', 'project_id': '983905d3dbad4b3f901e369075387ee2', 'project_name': 'tempest-ServerActionsTestOtherA-289083036', 'tenant_id': '983905d3dbad4b3f901e369075387ee2', 'tenant_name': 'tempest-ServerActionsTestOtherA-289083036', 'user_domain_id': 'default', 'user_domain_name': 'Default', 'user_id': 'f80aa11527dc482a879d4174d7434b51', 'system': None}, Network: None, Subnet: None, Router: None
2025-11-22 06:04:59.061 66319 INFO tempest.lib.common.rest_client [req-fcc83004-eb3b-4645-a8ce-1b43ff3937e0 req-fcc83004-eb3b-4645-a8ce-1b43ff3937e0 ] Request (ServersNegativeTestJSON:setUpClass): 200 GET http://10.180.1.21/compute/v2.1/servers/dd535f99-264e-418f-ad8b-cc327b7dd5ae 0.946s
2025-11-22 06:04:59.065 66345 INFO tempest.lib.common.rest_client [req-28936903-5161-4631-9008-77aad8df469a req-28936903-5161-4631-9008-77aad8df469a ] Request (ServerActionsTestOtherA:setUpClass): 201 POST http://10.180.1.21/identity/v3/auth/tokens 0.076s
2025-11-22 06:04:59.073 66335 INFO tempest.lib.common.rest_client [req-2f6ef5a7-3238-4f1f-97d2-5cdca66cb4b2 req-2f6ef5a7-3238-4f1f-97d2-5cdca66cb4b2 ] Request (ServersNegativeTestMultiTenantJSON:tearDownClass): 200 GET http://10.180.1.21/compute/v2.1/servers/c4a361fc-e0bb-4880-a3e3-4a0a8f1e7410 0.931s
2025-11-22 06:04:59.081 66335 INFO tempest.common.waiters [-] State transition "ACTIVE/deleting" ==> "DELETED/None" after 4 second wait
2025-11-22 06:04:59.268 66380 INFO tempest.lib.common.rest_client [req-c9776a89-c819-4b38-a9b7-b2f9051486a4 req-c9776a89-c819-4b38-a9b7-b2f9051486a4 ] Request (ServersAaction247Test:tearDownClass): 200 GET http://10.180.1.21/compute/v2.1/servers/2afb7746-1ab7-499a-ae6a-0e3b71af0360 1.034s
2025-11-22 06:04:59.287 66355 INFO tempest.lib.common.rest_client [req-cc0d9f00-2906-4a49-b6bc-5cd74e176b14 req-cc0d9f00-2906-4a49-b6bc-5cd74e176b14 ] Request (ServerShowV247Test:tearDownClass): 200 GET http://10.180.1.21/compute/v2.1/servers/190daab8-0b77-4995-a269-99b09ebb2942 0.969s
2025-11-22 06:04:59.396 66345 INFO tempest.lib.common.rest_client [req-5815fdf1-6741-478d-b6f1-d06dbcef56a6 req-5815fdf1-6741-478d-b6f1-d06dbcef56a6 ] Request (ServerActionsTestOtherA:setUpClass): 201 POST http://10.180.1.21/networking/v2.0/networks 0.330s
2025-11-22 06:04:59.473 66359 INFO tempest.lib.common.rest_client [req-ec695280-e842-40a7-b1c7-964ce5398e77 req-ec695280-e842-40a7-b1c7-964ce5398e77 ] Request (ServerActionsTestOtherB:setUpClass): 200 GET http://10.180.1.21/compute/v2.1/servers/275a2218-43b2-46e2-9e92-63c781ecfc59 0.974s
2025-11-22 06:04:59.500 66349 INFO tempest.lib.common.rest_client [req-905258e4-94ec-46e1-9ed9-3ed33e89150a req-905258e4-94ec-46e1-9ed9-3ed33e89150a ] Request (ServersListShow296Test:test_list_show_update_rebuild_server_296): 200 GET http://10.180.1.21/compute/v2.1/servers/f700f6e1-ffe0-40df-9405-a1bac50ba012 1.082s
2025-11-22 06:04:59.548 66325 INFO tempest.lib.common.rest_client [req-e85c3a5c-dce5-4519-820e-04cba47a0847 req-e85c3a5c-dce5-4519-820e-04cba47a0847 ] Request (ImagesOneServerTestJSON:test_create_image_specify_multibyte_character_image_name): 200 GET http://10.180.1.21/compute/v2.1/images/b7ed999c-810d-45e0-84d1-c9316975b98a 0.970s
2025-11-22 06:04:59.674 66345 INFO tempest.lib.common.rest_client [req-2ca2f621-49b0-4186-9b3c-ffb687e4514e req-2ca2f621-49b0-4186-9b3c-ffb687e4514e ] Request (ServerActionsTestOtherA:setUpClass): 201 POST http://10.180.1.21/networking/v2.0/subnets 0.277s
2025-11-22 06:04:59.711 66341 WARNING tempest.lib.common.ssh [-] Failed to establish authenticated ssh connection to cirros@10.180.180.240 ([Errno None] Unable to connect to port 22 on 10.180.180.240). Number attempts: 13. Retry after 14 seconds.: paramiko.ssh_exception.NoValidConnectionsError: [Errno None] Unable to connect to port 22 on 10.180.180.240
2025-11-22 06:04:59.749 66317 INFO tempest.lib.common.rest_client [req-fc8e4ed2-0b7e-4aab-bbbb-6dcdff7777c9 req-fc8e4ed2-0b7e-4aab-bbbb-6dcdff7777c9 ] Request (ServersListShow298Test:test_list_show_update_rebuild_server_298): 200 GET http://10.180.1.21/compute/v2.1/servers/0935701b-edf9-43a7-b1f3-d24745c05ff2 1.231s
2025-11-22 06:04:59.758 66321 INFO tempest.lib.common.rest_client [req-ea54da88-7205-4c4a-8adf-9e88f848eefb req-ea54da88-7205-4c4a-8adf-9e88f848eefb ] Request (ListImageFiltersTestJSON:tearDownClass): 200 GET http://10.180.1.21/compute/v2.1/servers/53146262-156c-4828-ba45-5bf6bd1c695b 1.136s
2025-11-22 06:04:59.765 66317 INFO tempest.common.waiters [-] State transition "BUILD/spawning" ==> "ACTIVE/None" after 37 second wait
2025-11-22 06:05:00.283 66339 WARNING tempest.lib.common.ssh [-] Failed to establish authenticated ssh connection to cirros@10.180.180.228 ([Errno None] Unable to connect to port 22 on 10.180.180.228). Number attempts: 2. Retry after 3 seconds.: paramiko.ssh_exception.NoValidConnectionsError: [Errno None] Unable to connect to port 22 on 10.180.180.228
2025-11-22 06:05:00.578 66345 INFO tempest.lib.common.rest_client [req-ca4bd421-56d1-4575-931b-f24e4ce57369 req-ca4bd421-56d1-4575-931b-f24e4ce57369 ] Request (ServerActionsTestOtherA:setUpClass): 201 POST http://10.180.1.21/networking/v2.0/routers 0.903s
2025-11-22 06:05:00.630 66315 INFO tempest.lib.common.rest_client [req-19629a33-18ec-4455-95b2-b3070db7894b req-19629a33-18ec-4455-95b2-b3070db7894b ] Request (AttachInterfacesTestJSON:test_create_list_show_delete_interfaces_by_network_port): 200 GET http://10.180.1.21/compute/v2.1/servers/634fc297-5629-40a7-afbf-34148a59e4ac 1.944s
2025-11-22 06:05:01.048 66343 INFO tempest.lib.common.rest_client [req-1f81ae6b-4a08-490c-b725-149e60599209 req-1f81ae6b-4a08-490c-b725-149e60599209 ] Request (SecurityGroupsTestJSON:test_list_security_groups_by_server): 200 GET http://10.180.1.21/compute/v2.1/servers/b4f79948-0191-4932-8da7-f12d4f471e88 2.245s
2025-11-22 06:05:01.055 66343 INFO tempest.common.waiters [-] State transition "BUILD/scheduling" ==> "BUILD/None" after 14 second wait
2025-11-22 06:05:01.077 66333 INFO tempest.lib.common.rest_client [req-a418b084-2d71-429e-b71c-a1f9341b4222 req-a418b084-2d71-429e-b71c-a1f9341b4222 ] Request (ImagesTestJSON:test_create_server_from_snapshot): 200 GET http://10.180.1.21/compute/v2.1/servers/43e41a26-d9e2-47ee-8696-210279174c3f 2.348s
2025-11-22 06:05:01.245 66375 INFO tempest.lib.common.rest_client [req-7a27b4fe-5da0-415d-b551-144890678acf req-7a27b4fe-5da0-415d-b551-144890678acf ] Request (ListServersNegativeTestJSON:setUpClass): 200 GET http://10.180.1.21/compute/v2.1/servers/02bcadfe-05cb-4e09-9ddf-6976779c52c1 2.349s
2025-11-22 06:05:01.276 66353 INFO tempest.lib.common.rest_client [req-757c24e6-2253-4c80-84c6-222f9ab47537 req-757c24e6-2253-4c80-84c6-222f9ab47537 ] Request (FloatingIPsAssociationTestJSON:tearDownClass): 404 GET http://10.180.1.21/compute/v2.1/servers/3aa4d5ea-53b7-4649-a1d9-a1f1a4110240 2.343s
2025-11-22 06:05:01.307 66347 INFO tempest.lib.common.rest_client [req-698cabdd-7460-44a8-b2e3-d9b32e77f88c req-698cabdd-7460-44a8-b2e3-d9b32e77f88c ] Request (AttachVolumeShelveTestJSON:test_attach_volume_shelved_or_offload_server): 200 GET http://10.180.1.21/compute/v2.1/servers/18d0467f-0305-4447-a35c-ee76b2b17e47 2.480s
2025-11-22 06:05:01.343 66329 INFO tempest.lib.common.rest_client [req-2d1808ee-0ea4-4b16-a3f8-12a2f88feda1 req-2d1808ee-0ea4-4b16-a3f8-12a2f88feda1 ] Request (ServerAddressesTestJSON:tearDownClass): 200 GET http://10.180.1.21/compute/v2.1/servers/974c1e1f-fc0e-4744-b661-f07e0c2d6c3a 2.385s
2025-11-22 06:05:01.372 66369 INFO tempest.lib.common.rest_client [req-4fae0c08-1821-4c50-b0fc-99283a9c3a95 req-4fae0c08-1821-4c50-b0fc-99283a9c3a95 ] Request (ServersAdminNegativeTestJSON:tearDownClass): 200 GET http://10.180.1.21/compute/v2.1/servers/f4d62571-29f3-4b19-9ba2-b059cbc1baec 2.380s
2025-11-22 06:05:01.405 66327 INFO tempest.lib.common.rest_client [req-50af3559-f80d-4bb5-82b0-e9453b779826 req-50af3559-f80d-4bb5-82b0-e9453b779826 ] Request (ListServerFiltersTestJSON:tearDownClass): 200 GET http://10.180.1.21/compute/v2.1/servers/7e7129b9-1bab-44a4-9486-4536fc899aaf 2.253s
2025-11-22 06:05:01.412 66327 INFO tempest.common.waiters [-] State transition "ACTIVE/deleting" ==> "DELETED/None" after 5 second wait
2025-11-22 06:05:01.423 66337 INFO tempest.lib.common.rest_client [req-2edad79e-3c57-4cba-a5c6-cb5642ba5353 req-2edad79e-3c57-4cba-a5c6-cb5642ba5353 ] Request (ServersAdminTestJSON:test_create_server_with_scheduling_hint): 200 GET http://10.180.1.21/compute/v2.1/servers/9bee796e-7229-44ca-8b04-2f9bf1d8ca40 2.037s
2025-11-22 06:05:01.809 66345 INFO tempest.lib.common.rest_client [req-23e3a4fa-3887-4f0e-84d9-559783bdf4d3 req-23e3a4fa-3887-4f0e-84d9-559783bdf4d3 ] Request (ServerActionsTestOtherA:setUpClass): 200 PUT http://10.180.1.21/networking/v2.0/routers/99ced778-7658-4493-b927-5f272285722e/add_router_interface 1.231s
2025-11-22 06:05:01.809 66345 INFO tempest.lib.common.dynamic_creds [-] Created isolated network resources for: credentials: Credentials: {'domain_id': 'default', 'domain_name': 'Default', 'username': 'tempest-ServerActionsTestOtherA-289083036-project-member', 'project_domain_id': 'default', 'project_domain_name': 'Default', 'project_id': '983905d3dbad4b3f901e369075387ee2', 'project_name': 'tempest-ServerActionsTestOtherA-289083036', 'tenant_id': '983905d3dbad4b3f901e369075387ee2', 'tenant_name': 'tempest-ServerActionsTestOtherA-289083036', 'user_domain_id': 'default', 'user_domain_name': 'Default', 'user_id': 'f80aa11527dc482a879d4174d7434b51', 'system': None}, Network: {'id': '3bccaaa0-f86b-4497-9e29-501f1f825b5f', 'name': 'tempest-ServerActionsTestOtherA-1553994889-network', 'tenant_id': '983905d3dbad4b3f901e369075387ee2', 'project_id': '983905d3dbad4b3f901e369075387ee2', 'admin_state_up': True, 'mtu': 8950, 'status': 'ACTIVE', 'subnets': [], 'shared': False, 'port_security_enabled': True, 'router:external': False, 'provider:network_type': 'vlan', 'provider:physical_network': 'default', 'provider:segmentation_id': 837, 'availability_zone_hints': [], 'availability_zones': [], 'ipv4_address_scope': None, 'ipv6_address_scope': None, 'description': '', 'tags': [], 'created_at': '2025-11-22T06:04:59Z', 'updated_at': '2025-11-22T06:04:59Z', 'revision_number': 1}, Subnet: {'id': '6ff12bdc-d341-4fcd-bf1f-1bc8bfb539ed', 'name': 'tempest-ServerActionsTestOtherA-1553994889-subnet', 'tenant_id': '983905d3dbad4b3f901e369075387ee2', 'network_id': '3bccaaa0-f86b-4497-9e29-501f1f825b5f', 'ip_version': 4, 'subnetpool_id': None, 'enable_dhcp': True, 'ipv6_ra_mode': None, 'ipv6_address_mode': None, 'gateway_ip': '192.168.128.1', 'cidr': '192.168.128.0/28', 'allocation_pools': [{'start': '192.168.128.2', 'end': '192.168.128.14'}], 'host_routes': [], 'dns_nameservers': [], 'description': '', 'router:external': False, 'service_types': [], 'tags': [], 'created_at': '2025-11-22T06:04:59Z', 'updated_at': '2025-11-22T06:04:59Z', 'revision_number': 0, 'project_id': '983905d3dbad4b3f901e369075387ee2'}, Router: {'id': '99ced778-7658-4493-b927-5f272285722e', 'name': 'tempest-ServerActionsTestOtherA-1553994889-router', 'tenant_id': '983905d3dbad4b3f901e369075387ee2', 'admin_state_up': True, 'status': 'ACTIVE', 'external_gateway_info': {'network_id': 'aeb262ad-6842-4658-a69a-9c384c5a699b', 'external_fixed_ips': [{'subnet_id': '0b4a6ca0-529e-4f28-be3b-81725e9379b4', 'ip_address': '10.180.180.221'}], 'enable_snat': True}, 'description': '', 'availability_zones': [], 'distributed': False, 'ha': False, 'availability_zone_hints': [], 'routes': [], 'flavor_id': None, 'tags': [], 'created_at': '2025-11-22T06:04:59Z', 'updated_at': '2025-11-22T06:05:00Z', 'revision_number': 2, 'project_id': '983905d3dbad4b3f901e369075387ee2'}
2025-11-22 06:05:01.857 66357 INFO tempest.lib.common.rest_client [req-4e57dfb2-ea58-421b-850d-e981c6787da9 req-4e57dfb2-ea58-421b-850d-e981c6787da9 ] Request (ServersTestFqdnHostnames:test_create_server_with_fqdn_name): 200 GET http://10.180.1.21/compute/v2.1/servers/2df49592-df2f-4100-87fa-7f75027f6ef3 2.428s
2025-11-22 06:05:01.865 66357 INFO tempest.common.waiters [-] State transition "BUILD/None" ==> "BUILD/spawning" after 35 second wait
2025-11-22 06:05:01.918 66345 INFO tempest.lib.common.rest_client [req-59d546ca-ec31-408a-82e2-b7c74b833038 req-59d546ca-ec31-408a-82e2-b7c74b833038 ] Request (ServerActionsTestOtherA:setUpClass): 201 POST http://10.180.1.21/identity/v3/auth/tokens 0.105s
2025-11-22 06:05:01.976 66351 INFO tempest.lib.common.rest_client [req-6bca8137-5463-40d4-b735-45884a6ff447 req-6bca8137-5463-40d4-b735-45884a6ff447 ] Request (ServerDiskConfigTestJSON:test_rebuild_server_with_manual_disk_config): 200 GET http://10.180.1.21/compute/v2.1/servers/a42062c7-a5ef-4d50-9c96-55938b64d632 2.222s
2025-11-22 06:05:01.984 66351 INFO tempest.common.waiters [-] State transition "REBUILD/rebuild_spawning" ==> "ACTIVE/None" after 10 second wait
2025-11-22 06:05:02.056 66361 INFO tempest.lib.common.rest_client [req-de9962d5-4929-4176-951b-2f2939b1917c req-de9962d5-4929-4176-951b-2f2939b1917c ] Request (DeleteServersTestJSON:test_delete_server_while_in_shelved_state): 200 GET http://10.180.1.21/compute/v2.1/servers/232e2cf8-3cf0-4942-ac8d-831ad54d2b48 2.380s
2025-11-22 06:05:02.065 66361 INFO tempest.common.waiters [-] State transition "ACTIVE/shelving_image_pending_upload" ==> "ACTIVE/shelving_image_uploading" after 6 second wait
2025-11-22 06:05:02.175 66331 INFO tempest.lib.common.rest_client [req-57b38ea6-adae-4e18-acac-ac4be10b89bc req-57b38ea6-adae-4e18-acac-ac4be10b89bc ] Request (MigrationsAdminTest:test_resize_server_revert_deleted_flavor): 200 GET http://10.180.1.21/compute/v2.1/servers/979092d9-e957-4594-8963-0f34c5be4822 2.329s
2025-11-22 06:05:02.274 66365 INFO tempest.lib.common.rest_client [req-34c08692-7879-44a4-ad03-40a6f7be5c7a req-34c08692-7879-44a4-ad03-40a6f7be5c7a ] Request (ServerMetadataNegativeTestJSON:tearDownClass): 200 GET http://10.180.1.21/compute/v2.1/servers/3b6a142f-a843-4e63-8186-cba785771aea 2.405s
2025-11-22 06:05:02.284 66365 INFO tempest.common.waiters [-] State transition "ACTIVE/deleting" ==> "DELETED/None" after 6 second wait
2025-11-22 06:05:02.346 66319 INFO tempest.lib.common.rest_client [req-4566328f-234e-4060-a6e1-70e80b605815 req-4566328f-234e-4060-a6e1-70e80b605815 ] Request (ServersNegativeTestJSON:setUpClass): 200 GET http://10.180.1.21/compute/v2.1/servers/dd535f99-264e-418f-ad8b-cc327b7dd5ae 2.273s
2025-11-22 06:05:02.356 66319 INFO tempest.common.waiters [-] State transition "ACTIVE/deleting" ==> "DELETED/None" after 5 second wait
2025-11-22 06:05:02.430 66335 INFO tempest.lib.common.rest_client [req-5825fa90-f582-4142-a383-8bd9980bb836 req-5825fa90-f582-4142-a383-8bd9980bb836 ] Request (ServersNegativeTestMultiTenantJSON:tearDownClass): 200 GET http://10.180.1.21/compute/v2.1/servers/c4a361fc-e0bb-4880-a3e3-4a0a8f1e7410 2.347s
2025-11-22 06:05:02.509 66317 INFO tempest.lib.common.rest_client [req-cd559ae1-3a9e-4a06-9ddd-023cbf644009 req-cd559ae1-3a9e-4a06-9ddd-023cbf644009 ] Request (ServersListShow298Test:test_list_show_update_rebuild_server_298): 200 GET http://10.180.1.21/compute/v2.1/servers/detail 2.741s
2025-11-22 06:05:02.530 66380 INFO tempest.lib.common.rest_client [req-58975f6a-f7e3-4361-914a-a121b6c1dbda req-58975f6a-f7e3-4361-914a-a121b6c1dbda ] Request (ServersAaction247Test:tearDownClass): 200 GET http://10.180.1.21/compute/v2.1/servers/2afb7746-1ab7-499a-ae6a-0e3b71af0360 2.246s
2025-11-22 06:05:02.599 66359 INFO tempest.lib.common.rest_client [req-be775a7a-8360-49c5-bf35-9c3551cfec81 req-be775a7a-8360-49c5-bf35-9c3551cfec81 ] Request (ServerActionsTestOtherB:setUpClass): 200 GET http://10.180.1.21/compute/v2.1/servers/275a2218-43b2-46e2-9e92-63c781ecfc59 2.116s
2025-11-22 06:05:02.604 66355 INFO tempest.lib.common.rest_client [req-02f9699e-804f-4556-8426-0ad984e814c8 req-02f9699e-804f-4556-8426-0ad984e814c8 ] Request (ServerShowV247Test:tearDownClass): 200 GET http://10.180.1.21/compute/v2.1/servers/190daab8-0b77-4995-a269-99b09ebb2942 2.304s
2025-11-22 06:05:02.678 66349 INFO tempest.lib.common.rest_client [req-6ddf101a-3393-40cd-b1ba-b582d64c6d93 req-6ddf101a-3393-40cd-b1ba-b582d64c6d93 ] Request (ServersListShow296Test:test_list_show_update_rebuild_server_296): 200 GET http://10.180.1.21/compute/v2.1/servers/f700f6e1-ffe0-40df-9405-a1bac50ba012 2.159s
2025-11-22 06:05:02.759 66321 INFO tempest.lib.common.rest_client [req-1a364e76-5dae-4709-b737-5148bd93d88f req-1a364e76-5dae-4709-b737-5148bd93d88f ] Request (ListImageFiltersTestJSON:tearDownClass): 200 GET http://10.180.1.21/compute/v2.1/servers/53146262-156c-4828-ba45-5bf6bd1c695b 1.992s
2025-11-22 06:05:03.193 66353 INFO tempest.lib.common.rest_client [req-f348cc97-cf48-4567-b49f-adba1f6eba82 req-f348cc97-cf48-4567-b49f-adba1f6eba82 ] Request (FloatingIPsAssociationTestJSON:tearDownClass): 202 DELETE http://10.180.1.21/compute/v2.1/os-floating-ips/020d524c-b99e-408a-8878-dc6374f6e810 1.917s
2025-11-22 06:05:03.254 66315 INFO tempest.lib.common.rest_client [req-c2486124-f170-44c7-965c-c839df8695d3 req-c2486124-f170-44c7-965c-c839df8695d3 ] Request (AttachInterfacesTestJSON:test_create_list_show_delete_interfaces_by_network_port): 200 GET http://10.180.1.21/compute/v2.1/servers/634fc297-5629-40a7-afbf-34148a59e4ac 1.613s
2025-11-22 06:05:03.403 66345 INFO tempest.lib.common.rest_client [req-d982ae0e-ccad-4f15-90d3-c000c56b3238 req-d982ae0e-ccad-4f15-90d3-c000c56b3238 ] Request (ServerActionsTestOtherA:setUpClass): 200 POST http://10.180.1.21/compute/v2.1/os-keypairs 1.483s
2025-11-22 06:05:03.546 66345 INFO tempest.lib.common.rest_client [req-7cafa4b0-c485-453f-bab2-dd0f6456f4c8 req-7cafa4b0-c485-453f-bab2-dd0f6456f4c8 ] Request (ServerActionsTestOtherA:setUpClass): 201 POST http://10.180.1.21/networking/v2.0/security-groups 0.140s
2025-11-22 06:05:03.574 66351 INFO tempest.lib.common.rest_client [req-63117e29-5795-459e-8ef5-401008637517 req-63117e29-5795-459e-8ef5-401008637517 ] Request (ServerDiskConfigTestJSON:test_rebuild_server_with_manual_disk_config): 200 GET http://10.180.1.21/compute/v2.1/servers/a42062c7-a5ef-4d50-9c96-55938b64d632 1.590s
2025-11-22 06:05:03.643 66345 INFO tempest.lib.common.rest_client [req-fd057027-0edd-4ece-9023-b78d01b38546 req-fd057027-0edd-4ece-9023-b78d01b38546 ] Request (ServerActionsTestOtherA:setUpClass): 201 POST http://10.180.1.21/networking/v2.0/security-group-rules 0.097s
2025-11-22 06:05:03.650 66343 INFO tempest.lib.common.rest_client [req-4c07b30c-c3ef-4dec-8d6d-35efae445634 req-4c07b30c-c3ef-4dec-8d6d-35efae445634 ] Request (SecurityGroupsTestJSON:test_list_security_groups_by_server): 200 GET http://10.180.1.21/compute/v2.1/servers/b4f79948-0191-4932-8da7-f12d4f471e88 1.593s
2025-11-22 06:05:03.742 66345 INFO tempest.lib.common.rest_client [req-1935ea48-9e21-43af-ad18-490f3fffeecf req-1935ea48-9e21-43af-ad18-490f3fffeecf ] Request (ServerActionsTestOtherA:setUpClass): 201 POST http://10.180.1.21/networking/v2.0/security-group-rules 0.098s
2025-11-22 06:05:03.760 66333 INFO tempest.lib.common.rest_client [req-47328476-145c-42d4-9aba-f39bf72a7371 req-47328476-145c-42d4-9aba-f39bf72a7371 ] Request (ImagesTestJSON:test_create_server_from_snapshot): 200 GET http://10.180.1.21/compute/v2.1/servers/43e41a26-d9e2-47ee-8696-210279174c3f 1.668s
2025-11-22 06:05:03.768 66333 INFO tempest.common.waiters [-] State transition "BUILD/spawning" ==> "ACTIVE/None" after 37 second wait
2025-11-22 06:05:03.789 66339 WARNING tempest.lib.common.ssh [-] Failed to establish authenticated ssh connection to cirros@10.180.180.228 ([Errno None] Unable to connect to port 22 on 10.180.180.228). Number attempts: 3. Retry after 4 seconds.: paramiko.ssh_exception.NoValidConnectionsError: [Errno None] Unable to connect to port 22 on 10.180.180.228
2025-11-22 06:05:03.816 66375 INFO tempest.lib.common.rest_client [req-8f198c9c-baf4-4f57-95b4-0e1687616451 req-8f198c9c-baf4-4f57-95b4-0e1687616451 ] Request (ListServersNegativeTestJSON:setUpClass): 200 GET http://10.180.1.21/compute/v2.1/servers/02bcadfe-05cb-4e09-9ddf-6976779c52c1 1.564s
2025-11-22 06:05:03.979 66347 INFO tempest.lib.common.rest_client [req-e6343975-b5c8-4238-9d99-50bd161f818c req-e6343975-b5c8-4238-9d99-50bd161f818c ] Request (AttachVolumeShelveTestJSON:test_attach_volume_shelved_or_offload_server): 200 GET http://10.180.1.21/compute/v2.1/servers/18d0467f-0305-4447-a35c-ee76b2b17e47 1.662s
2025-11-22 06:05:04.202 66345 INFO tempest.lib.common.rest_client [req-7a81e2de-a83c-4ec4-bd2a-5e34401a5a6e req-7a81e2de-a83c-4ec4-bd2a-5e34401a5a6e ] Request (ServerActionsTestOtherA:setUpClass): 201 POST http://10.180.1.21/networking/v2.0/floatingips 0.459s
2025-11-22 06:05:04.228 66329 INFO tempest.lib.common.rest_client [req-96ecfc8e-3ac3-4d26-8f89-fbff6dcaf2ec req-96ecfc8e-3ac3-4d26-8f89-fbff6dcaf2ec ] Request (ServerAddressesTestJSON:tearDownClass): 200 GET http://10.180.1.21/compute/v2.1/servers/974c1e1f-fc0e-4744-b661-f07e0c2d6c3a 1.874s
2025-11-22 06:05:04.245 66345 INFO tempest.lib.common.rest_client [req-8330db7e-cdfa-4700-9e25-807a3face7fb req-8330db7e-cdfa-4700-9e25-807a3face7fb ] Request (ServerActionsTestOtherA:setUpClass): 201 POST http://10.180.1.21/identity/v3/auth/tokens 0.039s
2025-11-22 06:05:04.246 66345 INFO tempest.lib.common.fixed_network [-] (ServerActionsTestOtherA:setUpClass) Found network {'id': '3bccaaa0-f86b-4497-9e29-501f1f825b5f', 'name': 'tempest-ServerActionsTestOtherA-1553994889-network', 'tenant_id': '983905d3dbad4b3f901e369075387ee2', 'project_id': '983905d3dbad4b3f901e369075387ee2', 'admin_state_up': True, 'mtu': 8950, 'status': 'ACTIVE', 'subnets': [], 'shared': False, 'port_security_enabled': True, 'router:external': False, 'provider:network_type': 'vlan', 'provider:physical_network': 'default', 'provider:segmentation_id': 837, 'availability_zone_hints': [], 'availability_zones': [], 'ipv4_address_scope': None, 'ipv6_address_scope': None, 'description': '', 'tags': [], 'created_at': '2025-11-22T06:04:59Z', 'updated_at': '2025-11-22T06:04:59Z', 'revision_number': 1} available for tenant
2025-11-22 06:05:04.298 66369 INFO tempest.lib.common.rest_client [req-3a772d8f-7de5-4fcf-98a0-dffd2c3cea5b req-3a772d8f-7de5-4fcf-98a0-dffd2c3cea5b ] Request (ServersAdminNegativeTestJSON:tearDownClass): 200 GET http://10.180.1.21/compute/v2.1/servers/f4d62571-29f3-4b19-9ba2-b059cbc1baec 1.915s
2025-11-22 06:05:04.367 66327 INFO tempest.lib.common.rest_client [req-431a966c-01fb-45e3-848b-ecdc191ecf2f req-431a966c-01fb-45e3-848b-ecdc191ecf2f ] Request (ListServerFiltersTestJSON:tearDownClass): 200 GET http://10.180.1.21/compute/v2.1/servers/7e7129b9-1bab-44a4-9486-4536fc899aaf 1.954s
2025-11-22 06:05:04.512 66337 INFO tempest.lib.common.rest_client [req-b53bf0f2-8776-4ed2-80d7-1e23ca8bcd72 req-b53bf0f2-8776-4ed2-80d7-1e23ca8bcd72 ] Request (ServersAdminTestJSON:test_create_server_with_scheduling_hint): 200 GET http://10.180.1.21/compute/v2.1/servers/9bee796e-7229-44ca-8b04-2f9bf1d8ca40 2.078s
2025-11-22 06:05:04.518 66337 INFO tempest.common.waiters [-] State transition "BUILD/None" ==> "BUILD/networking" after 38 second wait
2025-11-22 06:05:04.612 66317 INFO tempest.lib.common.rest_client [req-1ca51eff-200d-4470-b679-4a7763f5bd7f req-1ca51eff-200d-4470-b679-4a7763f5bd7f ] Request (ServersListShow298Test:test_list_show_update_rebuild_server_298): 200 GET http://10.180.1.21/compute/v2.1/servers/0935701b-edf9-43a7-b1f3-d24745c05ff2 2.085s
2025-11-22 06:05:04.755 66357 INFO tempest.lib.common.rest_client [req-24fa3fc2-868d-4c61-8a86-2f4fc3c45fcc req-24fa3fc2-868d-4c61-8a86-2f4fc3c45fcc ] Request (ServersTestFqdnHostnames:test_create_server_with_fqdn_name): 200 GET http://10.180.1.21/compute/v2.1/servers/2df49592-df2f-4100-87fa-7f75027f6ef3 1.889s
2025-11-22 06:05:04.898 66361 INFO tempest.lib.common.rest_client [req-c556f90b-9aa7-42ab-a25d-391187c6783b req-c556f90b-9aa7-42ab-a25d-391187c6783b ] Request (DeleteServersTestJSON:test_delete_server_while_in_shelved_state): 200 GET http://10.180.1.21/compute/v2.1/servers/232e2cf8-3cf0-4942-ac8d-831ad54d2b48 1.831s
2025-11-22 06:05:04.953 66331 INFO tempest.lib.common.rest_client [req-ee37aaeb-49ae-4d0c-b767-28b3df7b0e54 req-ee37aaeb-49ae-4d0c-b767-28b3df7b0e54 ] Request (MigrationsAdminTest:test_resize_server_revert_deleted_flavor): 200 GET http://10.180.1.21/compute/v2.1/servers/979092d9-e957-4594-8963-0f34c5be4822 1.767s
2025-11-22 06:05:05.049 66353 INFO tempest.lib.common.rest_client [req-b58ab354-3a23-4c2f-82f1-c35394251b45 req-b58ab354-3a23-4c2f-82f1-c35394251b45 ] Request (FloatingIPsAssociationTestJSON:tearDownClass): 204 DELETE http://10.180.1.21/compute/v2.1/servers/c7b70a2f-6049-4276-b880-147cf9fa5cb3 1.855s
2025-11-22 06:05:05.124 66365 INFO tempest.lib.common.rest_client [req-0c2579f6-3435-400d-b04f-d48422ba69f2 req-0c2579f6-3435-400d-b04f-d48422ba69f2 ] Request (ServerMetadataNegativeTestJSON:tearDownClass): 200 GET http://10.180.1.21/compute/v2.1/servers/3b6a142f-a843-4e63-8186-cba785771aea 1.839s
2025-11-22 06:05:05.185 66319 INFO tempest.lib.common.rest_client [req-2c215163-027e-4dae-be56-20ab0e368c5d req-2c215163-027e-4dae-be56-20ab0e368c5d ] Request (ServersNegativeTestJSON:setUpClass): 200 GET http://10.180.1.21/compute/v2.1/servers/dd535f99-264e-418f-ad8b-cc327b7dd5ae 1.828s
2025-11-22 06:05:05.244 66335 INFO tempest.lib.common.rest_client [req-88b925b3-c238-46b4-a64c-a27d6cfb267f req-88b925b3-c238-46b4-a64c-a27d6cfb267f ] Request (ServersNegativeTestMultiTenantJSON:tearDownClass): 200 GET http://10.180.1.21/compute/v2.1/servers/c4a361fc-e0bb-4880-a3e3-4a0a8f1e7410 1.805s
2025-11-22 06:05:05.306 66380 INFO tempest.lib.common.rest_client [req-fdf24fb0-f729-4764-abb5-e66f30c96a53 req-fdf24fb0-f729-4764-abb5-e66f30c96a53 ] Request (ServersAaction247Test:tearDownClass): 200 GET http://10.180.1.21/compute/v2.1/servers/2afb7746-1ab7-499a-ae6a-0e3b71af0360 1.762s
2025-11-22 06:05:05.330 66373 WARNING tempest.lib.common.ssh [-] Failed to establish authenticated ssh connection to cirros@10.180.180.194 ([Errno None] Unable to connect to port 22 on 10.180.180.194). Number attempts: 7. Retry after 8 seconds.: paramiko.ssh_exception.NoValidConnectionsError: [Errno None] Unable to connect to port 22 on 10.180.180.194
2025-11-22 06:05:05.380 66351 INFO tempest.lib.common.rest_client [req-5024ae2d-092e-47a0-9e45-d8f5db3f5ba4 req-5024ae2d-092e-47a0-9e45-d8f5db3f5ba4 ] Request (ServerDiskConfigTestJSON:_run_cleanups): 204 DELETE http://10.180.1.21/compute/v2.1/servers/a42062c7-a5ef-4d50-9c96-55938b64d632 1.799s
2025-11-22 06:05:05.435 66359 INFO tempest.lib.common.rest_client [req-9fd93e0c-e42b-43db-8bb6-7720c215997f req-9fd93e0c-e42b-43db-8bb6-7720c215997f ] Request (ServerActionsTestOtherB:setUpClass): 200 GET http://10.180.1.21/compute/v2.1/servers/275a2218-43b2-46e2-9e92-63c781ecfc59 1.823s
2025-11-22 06:05:05.460 66351 INFO tempest.lib.common.rest_client [req-d6df0d8f-68a7-45a9-bb62-16b2bc522f31 req-d6df0d8f-68a7-45a9-bb62-16b2bc522f31 ] Request (ServerDiskConfigTestJSON:test_resize_server_from_auto_to_manual): 201 POST http://10.180.1.21/identity/v3/auth/tokens 0.075s
2025-11-22 06:05:05.460 66351 INFO tempest.lib.common.fixed_network [-] (ServerDiskConfigTestJSON:test_resize_server_from_auto_to_manual) Found network {'id': 'fd83785c-75bb-46a4-ad9c-c7cc9b07282e', 'name': 'tempest-ServerDiskConfigTestJSON-989424258-network', 'tenant_id': '0f41bc1b02ad46a8b7825227304a3054', 'project_id': '0f41bc1b02ad46a8b7825227304a3054', 'admin_state_up': True, 'mtu': 8950, 'status': 'ACTIVE', 'subnets': [], 'shared': False, 'port_security_enabled': True, 'router:external': False, 'provider:network_type': 'vlan', 'provider:physical_network': 'default', 'provider:segmentation_id': 472, 'availability_zone_hints': [], 'availability_zones': [], 'ipv4_address_scope': None, 'ipv6_address_scope': None, 'description': '', 'tags': [], 'created_at': '2025-11-22T06:02:43Z', 'updated_at': '2025-11-22T06:02:43Z', 'revision_number': 1} available for tenant
2025-11-22 06:05:05.532 66355 INFO tempest.lib.common.rest_client [req-c80343bd-1a92-4fb0-b8b7-7100c747e02c req-c80343bd-1a92-4fb0-b8b7-7100c747e02c ] Request (ServerShowV247Test:tearDownClass): 200 GET http://10.180.1.21/compute/v2.1/servers/190daab8-0b77-4995-a269-99b09ebb2942 1.914s
2025-11-22 06:05:05.614 66349 INFO tempest.lib.common.rest_client [req-50d14881-875d-4f34-92ee-1a08f6b3666c req-50d14881-875d-4f34-92ee-1a08f6b3666c ] Request (ServersListShow296Test:test_list_show_update_rebuild_server_296): 200 GET http://10.180.1.21/compute/v2.1/servers/f700f6e1-ffe0-40df-9405-a1bac50ba012 1.925s
2025-11-22 06:05:05.626 66349 INFO tempest.common.waiters [-] State transition "BUILD/scheduling" ==> "BUILD/None" after 13 second wait
2025-11-22 06:05:06.773 66325 INFO tempest.lib.common.rest_client [req-183f581c-4b3a-412e-afac-5634bfee0232 req-183f581c-4b3a-412e-afac-5634bfee0232 ] Request (ImagesOneServerTestJSON:test_create_image_specify_multibyte_character_image_name): 200 GET http://10.180.1.21/compute/v2.1/images/b7ed999c-810d-45e0-84d1-c9316975b98a 6.219s
2025-11-22 06:05:06.877 66321 INFO tempest.lib.common.rest_client [req-eec45a33-19c5-4110-a0b5-a1da5df69e63 req-eec45a33-19c5-4110-a0b5-a1da5df69e63 ] Request (ListImageFiltersTestJSON:tearDownClass): 200 GET http://10.180.1.21/compute/v2.1/servers/53146262-156c-4828-ba45-5bf6bd1c695b 3.104s
2025-11-22 06:05:07.240 66333 INFO tempest.lib.common.rest_client [req-58e2e4a7-47e8-4058-bba0-70f77274bc3b req-58e2e4a7-47e8-4058-bba0-70f77274bc3b ] Request (ImagesTestJSON:test_create_server_from_snapshot): 202 POST http://10.180.1.21/compute/v2.1/servers/43e41a26-d9e2-47ee-8696-210279174c3f/action 3.472s
2025-11-22 06:05:07.571 66315 INFO tempest.lib.common.rest_client [req-d675a38b-b55f-4ea6-a9d6-f731d81af1f1 req-d675a38b-b55f-4ea6-a9d6-f731d81af1f1 ] Request (AttachInterfacesTestJSON:test_create_list_show_delete_interfaces_by_network_port): 200 GET http://10.180.1.21/compute/v2.1/servers/634fc297-5629-40a7-afbf-34148a59e4ac 3.306s
2025-11-22 06:05:07.579 66315 INFO tempest.common.waiters [-] State transition "BUILD/None" ==> "BUILD/block_device_mapping" after 37 second wait
2025-11-22 06:05:07.755 66317 INFO tempest.lib.common.rest_client [req-a8400a26-eab5-4dea-9d81-fb394c63dd72 req-a8400a26-eab5-4dea-9d81-fb394c63dd72 ] Request (ServersListShow298Test:test_list_show_update_rebuild_server_298): 200 PUT http://10.180.1.21/compute/v2.1/servers/0935701b-edf9-43a7-b1f3-d24745c05ff2 3.126s
2025-11-22 06:05:08.042 66343 INFO tempest.lib.common.rest_client [req-7089fa4c-34a6-472b-98a8-19bf9d2a8057 req-7089fa4c-34a6-472b-98a8-19bf9d2a8057 ] Request (SecurityGroupsTestJSON:test_list_security_groups_by_server): 200 GET http://10.180.1.21/compute/v2.1/servers/b4f79948-0191-4932-8da7-f12d4f471e88 3.382s
2025-11-22 06:05:08.102 66345 INFO tempest.lib.common.rest_client [req-86e75125-91a4-4cdc-bb91-5ebec44aff49 req-86e75125-91a4-4cdc-bb91-5ebec44aff49 ] Request (ServerActionsTestOtherA:setUpClass): 202 POST http://10.180.1.21/compute/v2.1/servers 3.856s
2025-11-22 06:05:08.125 66375 INFO tempest.lib.common.rest_client [req-0f405913-e8f0-47f6-92b7-a7f40692b3cc req-0f405913-e8f0-47f6-92b7-a7f40692b3cc ] Request (ListServersNegativeTestJSON:setUpClass): 200 GET http://10.180.1.21/compute/v2.1/servers/02bcadfe-05cb-4e09-9ddf-6976779c52c1 3.301s
