2025-11-22 06:02:30.821 66380 INFO tempest.lib.common.rest_client [req-cfc1a8e8-e669-48da-bcca-a66cb22ce521 req-cfc1a8e8-e669-48da-bcca-a66cb22ce521 ] Request (FloatingIPsTestJSON:_run_cleanups): 202 DELETE http://10.180.1.21/compute/v2.1/os-floating-ips/41bd80ef-cab3-42db-a249-774670bf7c73 4.304s
2025-11-22 06:02:30.836 66353 INFO tempest.lib.common.rest_client [req-b40cd0cc-4b46-4d39-9f54-d1cea50bf9ba req-b40cd0cc-4b46-4d39-9f54-d1cea50bf9ba ] Request (FloatingIPsAssociationTestJSON:setUpClass): 200 GET http://10.180.1.21/compute/v2.1/servers/c7b70a2f-6049-4276-b880-147cf9fa5cb3 4.086s
2025-11-22 06:02:30.866 66333 INFO tempest.lib.common.rest_client [req-d756ea03-9117-4fbc-94b4-830811c41ea6 req-d756ea03-9117-4fbc-94b4-830811c41ea6 ] Request (ImagesTestJSON:test_create_image_from_stopped_server): 200 GET http://10.180.1.21/compute/v2.1/images/1e2a07ca-843a-4a45-9d79-d8bf7748960d 4.072s
2025-11-22 06:02:30.980 66345 INFO tempest.lib.common.rest_client [req-4fe3b775-13fc-4ad4-b197-8311df3b0e13 req-4fe3b775-13fc-4ad4-b197-8311df3b0e13 ] Request (FloatingIPsAssociationNegativeTestJSON:setUpClass): 201 POST http://10.180.1.21/networking/v2.0/routers 1.178s
2025-11-22 06:02:31.189 66361 INFO tempest.lib.common.rest_client [req-e6789d8d-3e89-4118-a842-a683eab385b4 req-e6789d8d-3e89-4118-a842-a683eab385b4 ] Request (DeleteServersTestJSON:test_delete_server_while_in_attached_volume): 200 GET http://10.180.1.21/compute/v2.1/servers/913c7bd1-b41b-4a13-99d3-6f968ddc26c6 4.276s
2025-11-22 06:02:31.202 66361 INFO tempest.common.waiters [-] State transition "BUILD/None" ==> "BUILD/spawning" after 10 second wait
2025-11-22 06:02:31.419 66349 INFO tempest.lib.common.rest_client [req-be92798b-bd74-46d3-803b-816b469e7dd8 req-be92798b-bd74-46d3-803b-816b469e7dd8 ] Request (SecurityGroupRulesNegativeTestJSON:tearDownClass): 202 DELETE http://10.180.1.21/compute/v2.1/os-security-groups/57a3e81f-14f5-4ac3-bb5b-c59d1fb2b44e 4.276s
2025-11-22 06:02:31.442 66317 INFO tempest.lib.common.rest_client [req-e2fa77b9-1773-4e7e-bf54-96fb442dd903 req-e2fa77b9-1773-4e7e-bf54-96fb442dd903 ] Request (FlavorsV2TestJSON:test_list_flavors_limit_results): 200 GET http://10.180.1.21/compute/v2.1/flavors?limit=1 4.025s
2025-11-22 06:02:31.580 66329 INFO tempest.lib.common.rest_client [req-f59303da-185a-4d5a-9488-47b56acc5e88 req-f59303da-185a-4d5a-9488-47b56acc5e88 ] Request (QuotaClassesAdminTestJSON:test_update_default_quotas): 200 PUT http://10.180.1.21/compute/v2.1/os-quota-class-sets/default 4.186s
2025-11-22 06:02:31.613 66377 INFO tempest.lib.common.rest_client [req-fff4dbd1-6d0f-4921-82f8-47bfc24f8916 req-fff4dbd1-6d0f-4921-82f8-47bfc24f8916 ] Request (FlavorsAccessNegativeTestJSON:_run_cleanups): 202 DELETE http://10.180.1.21/compute/v2.1/flavors/453147320 4.047s
2025-11-22 06:02:31.922 66355 INFO tempest.lib.common.rest_client [req-96009717-9ec3-41db-8379-dd0cb4e94e93 req-96009717-9ec3-41db-8379-dd0cb4e94e93 ] Request (InstanceActionsTestJSON:tearDownClass): 200 GET http://10.180.1.21/compute/v2.1/servers/666a7403-a4a9-4ad2-98e9-1a08624a7405 4.254s
2025-11-22 06:02:31.936 66355 INFO tempest.common.waiters [-] State transition "ACTIVE/deleting" ==> "DELETED/None" after 5 second wait
2025-11-22 06:02:32.219 66345 INFO tempest.lib.common.rest_client [req-d326a7c3-947a-4cb0-8435-a0b000ac3cc9 req-d326a7c3-947a-4cb0-8435-a0b000ac3cc9 ] Request (FloatingIPsAssociationNegativeTestJSON:setUpClass): 200 PUT http://10.180.1.21/networking/v2.0/routers/8a672ded-8fb3-4dc6-989b-761674c1338d/add_router_interface 1.238s
2025-11-22 06:02:32.219 66345 INFO tempest.lib.common.dynamic_creds [-] Created isolated network resources for: credentials: Credentials: {'domain_id': 'default', 'domain_name': 'Default', 'username': 'tempest-FloatingIPsAssociationNegativeTestJSON-733491585-project-member', 'project_domain_id': 'default', 'project_domain_name': 'Default', 'project_id': '562d5bc403db4e2eb29dcf5e84f06b9f', 'project_name': 'tempest-FloatingIPsAssociationNegativeTestJSON-733491585', 'tenant_id': '562d5bc403db4e2eb29dcf5e84f06b9f', 'tenant_name': 'tempest-FloatingIPsAssociationNegativeTestJSON-733491585', 'user_domain_id': 'default', 'user_domain_name': 'Default', 'user_id': 'c9b72f1bb07e4f2bba76aed9d1ab8675', 'system': None}, Network: {'id': '48487bfa-d45e-4cbd-a012-07975fcb5bed', 'name': 'tempest-FloatingIPsAssociationNegativeTestJSON-1459411034-network', 'tenant_id': '562d5bc403db4e2eb29dcf5e84f06b9f', 'project_id': '562d5bc403db4e2eb29dcf5e84f06b9f', 'admin_state_up': True, 'mtu': 8950, 'status': 'ACTIVE', 'subnets': [], 'shared': False, 'port_security_enabled': True, 'router:external': False, 'provider:network_type': 'vlan', 'provider:physical_network': 'default', 'provider:segmentation_id': 208, 'availability_zone_hints': [], 'availability_zones': [], 'ipv4_address_scope': None, 'ipv6_address_scope': None, 'description': '', 'tags': [], 'created_at': '2025-11-22T06:02:29Z', 'updated_at': '2025-11-22T06:02:29Z', 'revision_number': 1}, Subnet: {'id': 'e036dd15-f085-49b1-b81e-7c2bb87fe856', 'name': 'tempest-FloatingIPsAssociationNegativeTestJSON-1459411034-subnet', 'tenant_id': '562d5bc403db4e2eb29dcf5e84f06b9f', 'network_id': '48487bfa-d45e-4cbd-a012-07975fcb5bed', 'ip_version': 4, 'subnetpool_id': None, 'enable_dhcp': True, 'ipv6_ra_mode': None, 'ipv6_address_mode': None, 'gateway_ip': '192.168.128.1', 'cidr': '192.168.128.0/28', 'allocation_pools': [{'start': '192.168.128.2', 'end': '192.168.128.14'}], 'host_routes': [], 'dns_nameservers': [], 'description': '', 'router:external': False, 'service_types': [], 'tags': [], 'created_at': '2025-11-22T06:02:29Z', 'updated_at': '2025-11-22T06:02:29Z', 'revision_number': 0, 'project_id': '562d5bc403db4e2eb29dcf5e84f06b9f'}, Router: {'id': '8a672ded-8fb3-4dc6-989b-761674c1338d', 'name': 'tempest-FloatingIPsAssociationNegativeTestJSON-1459411034-router', 'tenant_id': '562d5bc403db4e2eb29dcf5e84f06b9f', 'admin_state_up': True, 'status': 'ACTIVE', 'external_gateway_info': {'network_id': 'aeb262ad-6842-4658-a69a-9c384c5a699b', 'external_fixed_ips': [{'subnet_id': '0b4a6ca0-529e-4f28-be3b-81725e9379b4', 'ip_address': '10.180.180.200'}], 'enable_snat': True}, 'description': '', 'availability_zones': [], 'distributed': False, 'ha': False, 'availability_zone_hints': [], 'routes': [], 'flavor_id': None, 'tags': [], 'created_at': '2025-11-22T06:02:30Z', 'updated_at': '2025-11-22T06:02:30Z', 'revision_number': 2, 'project_id': '562d5bc403db4e2eb29dcf5e84f06b9f'}
2025-11-22 06:02:32.327 66345 INFO tempest.lib.common.rest_client [req-7315416f-b5e7-4fcf-b9ef-d5c06389cbcc req-7315416f-b5e7-4fcf-b9ef-d5c06389cbcc ] Request (FloatingIPsAssociationNegativeTestJSON:setUpClass): 201 POST http://10.180.1.21/identity/v3/auth/tokens 0.103s
2025-11-22 06:02:32.373 66345 INFO tempest.lib.common.rest_client [req-87261ca3-a6c8-40e5-825b-ab5c16755ef5 req-87261ca3-a6c8-40e5-825b-ab5c16755ef5 ] Request (FloatingIPsAssociationNegativeTestJSON:setUpClass): 201 POST http://10.180.1.21/identity/v3/auth/tokens 0.042s
2025-11-22 06:02:32.373 66345 INFO tempest.lib.common.fixed_network [-] (FloatingIPsAssociationNegativeTestJSON:setUpClass) Found network {'id': '48487bfa-d45e-4cbd-a012-07975fcb5bed', 'name': 'tempest-FloatingIPsAssociationNegativeTestJSON-1459411034-network', 'tenant_id': '562d5bc403db4e2eb29dcf5e84f06b9f', 'project_id': '562d5bc403db4e2eb29dcf5e84f06b9f', 'admin_state_up': True, 'mtu': 8950, 'status': 'ACTIVE', 'subnets': [], 'shared': False, 'port_security_enabled': True, 'router:external': False, 'provider:network_type': 'vlan', 'provider:physical_network': 'default', 'provider:segmentation_id': 208, 'availability_zone_hints': [], 'availability_zones': [], 'ipv4_address_scope': None, 'ipv6_address_scope': None, 'description': '', 'tags': [], 'created_at': '2025-11-22T06:02:29Z', 'updated_at': '2025-11-22T06:02:29Z', 'revision_number': 1} available for tenant
2025-11-22 06:02:32.546 66369 INFO tempest.lib.common.rest_client [req-0004a073-954b-4db9-b771-b292ff9515e9 req-0004a073-954b-4db9-b771-b292ff9515e9 ] Request (ServersAdminNegativeTestJSON:setUpClass): 202 POST http://10.180.1.21/compute/v2.1/servers 5.042s
2025-11-22 06:02:32.546 66373 INFO tempest.lib.common.rest_client [req-943e1dff-b5c5-4b3f-8727-8d4336aae163 req-943e1dff-b5c5-4b3f-8727-8d4336aae163 ] Request (SecurityGroupRulesTestJSON:_run_cleanups): 202 DELETE http://10.180.1.21/compute/v2.1/os-security-group-rules/92316976-7a88-4d3f-a8f6-a4343168c6eb 4.868s
2025-11-22 06:02:32.557 66323 INFO tempest.lib.common.rest_client [req-cb6a44b9-4f4d-4ca8-8898-d2617cac0aa2 req-cb6a44b9-4f4d-4ca8-8898-d2617cac0aa2 ] Request (HypervisorAdminNegativeUnderV252Test:test_show_servers_with_non_admin_user): 403 GET http://10.180.1.21/compute/v2.1/os-hypervisors/1/servers 4.849s
2025-11-22 06:02:32.579 66335 INFO tempest.lib.common.rest_client [req-dea09595-bdec-4530-9c71-574f2974dde3 req-dea09595-bdec-4530-9c71-574f2974dde3 ] Request (KeyPairsV210TestJSON:_run_cleanups): 204 DELETE http://10.180.1.21/compute/v2.1/os-keypairs/tempest-keypair-896111134?user_id=6054e98ea150430ea0f1ba3a9af27ec0 4.877s
2025-11-22 06:02:32.788 66339 INFO tempest.lib.common.rest_client [req-be93d236-81fa-4894-96a7-82125c704f59 req-be93d236-81fa-4894-96a7-82125c704f59 ] Request (ServerActionsTestJSON:setUpClass): 200 GET http://10.180.1.21/compute/v2.1/servers/12eda953-93e2-4fe8-b705-cc8e73d90287 4.965s
2025-11-22 06:02:32.796 66357 INFO tempest.lib.common.rest_client [req-79571c5e-8fd2-424c-b7b4-0aec57a9e098 req-79571c5e-8fd2-424c-b7b4-0aec57a9e098 ] Request (AggregatesAdminNegativeTestJSON:test_aggregate_delete_as_user): 403 DELETE http://10.180.1.21/compute/v2.1/os-aggregates/5 4.915s
2025-11-22 06:02:32.799 66339 INFO tempest.common.waiters [-] State transition "BUILD/None" ==> "BUILD/spawning" after 9 second wait
2025-11-22 06:02:32.820 66321 INFO tempest.lib.common.rest_client [req-51b76822-d152-426f-8196-119ecb0fc793 req-51b76822-d152-426f-8196-119ecb0fc793 ] Request (ListImageFiltersTestJSON:setUpClass): 200 GET http://10.180.1.21/compute/v2.1/servers/53146262-156c-4828-ba45-5bf6bd1c695b 4.945s
2025-11-22 06:02:32.831 66321 INFO tempest.common.waiters [-] State transition "BUILD/spawning" ==> "ACTIVE/None" after 29 second wait
2025-11-22 06:02:32.848 66359 INFO tempest.lib.common.rest_client [req-297756d2-7939-4899-b38d-b03da4f956a0 req-297756d2-7939-4899-b38d-b03da4f956a0 ] Request (FlavorsAdminTestJSON:_run_cleanups): 200 GET http://10.180.1.21/compute/v2.1/flavors/detail 4.871s
2025-11-22 06:02:32.867 66367 INFO tempest.lib.common.rest_client [req-ead30e10-1fa6-4303-b586-1f16e2a4ac80 req-ead30e10-1fa6-4303-b586-1f16e2a4ac80 ] Request (ServicesAdminNegativeV253TestJSON:test_disable_service_with_invalid_service_id): 404 PUT http://10.180.1.21/compute/v2.1/os-services/39952a3b-bdd1-4516-9d1a-44d0a922de9a 4.860s
2025-11-22 06:02:32.894 66319 INFO tempest.lib.common.rest_client [req-f8edac7a-9d28-471b-8a75-c6843542ed04 req-f8edac7a-9d28-471b-8a75-c6843542ed04 ] Request (TenantUsagesNegativeTestJSON:test_list_usage_all_tenants_with_non_admin_user): 403 GET http://10.180.1.21/compute/v2.1/os-simple-tenant-usage?start=2025-11-21T06%3A02%3A23.922874&end=2025-11-23T06%3A02%3A23.922874&detailed=1 5.006s
2025-11-22 06:02:32.996 66319 INFO tempest.lib.common.rest_client [req-d4197e70-dfbc-47e3-9919-b1dfc577ef9c req-d4197e70-dfbc-47e3-9919-b1dfc577ef9c ] Request (TenantUsagesNegativeTestJSON:tearDownClass): 204 DELETE http://10.180.1.21/identity/v3/users/993109ccbe6b4defbbceeb0c608f6156 0.099s
2025-11-22 06:02:33.004 66375 INFO tempest.lib.common.rest_client [req-fa424259-05ce-45c8-ad83-b463b69af2f0 req-fa424259-05ce-45c8-ad83-b463b69af2f0 ] Request (ServersAdmin275Test:tearDownClass): 204 DELETE http://10.180.1.21/compute/v2.1/servers/db686e5e-d972-4929-9498-b1ca9655a171 4.817s
2025-11-22 06:02:33.046 66341 INFO tempest.lib.common.rest_client [req-1f950911-13ad-4eeb-a165-2849741a046e req-1f950911-13ad-4eeb-a165-2849741a046e ] Request (ServersWithSpecificFlavorTestJSON:test_verify_created_server_ephemeral_disk): 200 GET http://10.180.1.21/compute/v2.1/servers/bf0f1d95-3f91-4d46-b64d-5ad257b64de5 4.990s
2025-11-22 06:02:33.055 66341 INFO tempest.common.waiters [-] State transition "BUILD/spawning" ==> "ACTIVE/None" after 30 second wait
2025-11-22 06:02:33.069 66347 INFO tempest.lib.common.rest_client [req-7c0aca5c-82a9-4514-bb50-f57ff4a769e8 req-7c0aca5c-82a9-4514-bb50-f57ff4a769e8 ] Request (AttachVolumeShelveTestJSON:test_attach_volume_shelved_or_offload_server): 200 GET http://10.180.1.21/compute/v2.1/servers/18d0467f-0305-4447-a35c-ee76b2b17e47 4.842s
2025-11-22 06:02:33.079 66347 INFO tempest.common.waiters [-] State transition "BUILD/None" ==> "BUILD/networking" after 10 second wait
2025-11-22 06:02:33.116 66319 INFO tempest.lib.common.rest_client [req-28d55ede-8287-4809-8a59-5bbf35713a91 req-28d55ede-8287-4809-8a59-5bbf35713a91 ] Request (TenantUsagesNegativeTestJSON:tearDownClass): 204 DELETE http://10.180.1.21/identity/v3/users/f6335493d5c74688b10a3250ece286e1 0.119s
2025-11-22 06:02:33.116 66319 INFO tempest.lib.common.dynamic_creds [-] Deleting project and security group for project: a32dc0ec5ef5408bb7b7211be8b4cf52
2025-11-22 06:02:33.190 66319 INFO tempest.lib.common.rest_client [req-6e45d448-196d-49de-a700-a707688d0f2f req-6e45d448-196d-49de-a700-a707688d0f2f ] Request (TenantUsagesNegativeTestJSON:tearDownClass): 201 POST http://10.180.1.21/identity/v3/auth/tokens 0.073s
2025-11-22 06:02:33.244 66337 INFO tempest.lib.common.rest_client [req-26f75ebe-8838-4dc7-a5ca-a29c9b3ca253 req-26f75ebe-8838-4dc7-a5ca-a29c9b3ca253 ] Request (DeleteServersAdminTestJSON:test_delete_server_while_in_error_state): 200 GET http://10.180.1.21/compute/v2.1/servers/4deb0b81-7e67-477c-9859-a5e12ab1a02a 4.995s
2025-11-22 06:02:33.256 66337 INFO tempest.common.waiters [-] State transition "BUILD/spawning" ==> "ACTIVE/None" after 23 second wait
2025-11-22 06:02:33.459 66319 INFO tempest.lib.common.rest_client [req-cf21a60a-fe64-4bd3-9b60-ea43664f0c5d req-cf21a60a-fe64-4bd3-9b60-ea43664f0c5d ] Request (TenantUsagesNegativeTestJSON:tearDownClass): 200 GET http://10.180.1.21/networking/v2.0/security-groups?tenant_id=a32dc0ec5ef5408bb7b7211be8b4cf52&name=default 0.268s
2025-11-22 06:02:33.501 66365 INFO tempest.lib.common.rest_client [req-68bcd3aa-44ad-417d-ab27-110321f8bf5c req-68bcd3aa-44ad-417d-ab27-110321f8bf5c ] Request (ServerGroupTestJSON:test_create_server_with_scheduler_hint_group): 200 GET http://10.180.1.21/compute/v2.1/servers/eab5a277-d260-4328-a03d-060dbe64443a 5.109s
2025-11-22 06:02:33.564 66331 INFO tempest.lib.common.rest_client [req-70ba0752-7bb0-4920-b158-3b3162cdb1d7 req-70ba0752-7bb0-4920-b158-3b3162cdb1d7 ] Request (MigrationsAdminTest:test_list_migrations_in_flavor_resize_situation): 200 GET http://10.180.1.21/compute/v2.1/servers/65579ab3-120a-4d5d-af09-5123adc267da 4.923s
2025-11-22 06:02:33.663 66319 INFO tempest.lib.common.rest_client [req-e4e46979-a0f4-4acb-b673-673773004ec1 req-e4e46979-a0f4-4acb-b673-673773004ec1 ] Request (TenantUsagesNegativeTestJSON:tearDownClass): 204 DELETE http://10.180.1.21/networking/v2.0/security-groups/5bbff018-290d-4477-8b17-0f8eb49f9e7c 0.204s
2025-11-22 06:02:33.692 66327 INFO tempest.lib.common.rest_client [req-3c388cc6-220e-4fab-935f-4c0f6a09ffce req-3c388cc6-220e-4fab-935f-4c0f6a09ffce ] Request (ServerDiagnosticsTest:tearDownClass): 200 GET http://10.180.1.21/compute/v2.1/servers/00395139-6d23-40cd-a70f-b50e9c038f4f 4.843s
2025-11-22 06:02:33.701 66327 INFO tempest.common.waiters [-] State transition "ACTIVE/deleting" ==> "DELETED/None" after 6 second wait
2025-11-22 06:02:33.740 66319 INFO tempest.lib.common.rest_client [req-b7356c4d-7ae4-4edd-b56a-61ea721e45ab req-b7356c4d-7ae4-4edd-b56a-61ea721e45ab ] Request (TenantUsagesNegativeTestJSON:tearDownClass): 204 DELETE http://10.180.1.21/identity/v3/projects/a32dc0ec5ef5408bb7b7211be8b4cf52 0.076s
2025-11-22 06:02:33.740 66319 INFO tempest.lib.common.dynamic_creds [-] Deleting project and security group for project: cb17a8f76ded457295e27b1a5177a590
2025-11-22 06:02:33.772 66315 INFO tempest.lib.common.rest_client [req-29b70e3e-743a-4d56-919f-541d23b5e457 req-29b70e3e-743a-4d56-919f-541d23b5e457 ] Request (AttachInterfacesTestJSON:test_create_list_show_delete_interfaces_by_fixed_ip): 200 GET http://10.180.1.21/compute/v2.1/servers/69c4425b-f7e5-4ebe-a7b8-772320ac593d 5.124s
2025-11-22 06:02:33.781 66315 INFO tempest.lib.common.ssh [-] Creating ssh connection to '10.180.180.141:22' as 'cirros' with public key authentication
2025-11-22 06:02:33.923 66319 INFO tempest.lib.common.rest_client [req-b833e158-e45d-4553-9523-32737ef144f1 req-b833e158-e45d-4553-9523-32737ef144f1 ] Request (TenantUsagesNegativeTestJSON:tearDownClass): 200 GET http://10.180.1.21/networking/v2.0/security-groups?tenant_id=cb17a8f76ded457295e27b1a5177a590&name=default 0.183s
2025-11-22 06:02:33.961 66325 INFO tempest.lib.common.rest_client [req-605128b9-534a-475f-9531-08621ce6c222 req-605128b9-534a-475f-9531-08621ce6c222 ] Request (ServerExternalEventsTest:test_create_server_external_events): 200 GET http://10.180.1.21/compute/v2.1/servers/ca32c679-ebef-433e-9359-2febc7cb63a0 5.106s
2025-11-22 06:02:33.976 66343 WARNING tempest.lib.common.ssh [-] Failed to establish authenticated ssh connection to cirros@10.180.180.211 ([Errno None] Unable to connect to port 22 on 10.180.180.211). Number attempts: 5. Retry after 6 seconds.: paramiko.ssh_exception.NoValidConnectionsError: [Errno None] Unable to connect to port 22 on 10.180.180.211
2025-11-22 06:02:33.979 66371 INFO tempest.lib.common.rest_client [req-826c0eb2-fa0f-4aad-a0ca-ef049fc2e580 req-826c0eb2-fa0f-4aad-a0ca-ef049fc2e580 ] Request (VolumesAdminNegativeTest:tearDownClass): 200 GET http://10.180.1.21/compute/v2.1/servers/0dc0a6fa-0dc8-4da4-ab13-2d6ba3a6c0e1 3.432s
2025-11-22 06:02:33.991 66371 INFO tempest.common.waiters [-] State transition "ACTIVE/deleting" ==> "DELETED/None" after 4 second wait
2025-11-22 06:02:34.106 66319 INFO tempest.lib.common.rest_client [req-b5d4e0bd-ef48-43ac-8c0e-bcf31f9c52b0 req-b5d4e0bd-ef48-43ac-8c0e-bcf31f9c52b0 ] Request (TenantUsagesNegativeTestJSON:tearDownClass): 204 DELETE http://10.180.1.21/networking/v2.0/security-groups/bcb1f650-a2d5-421d-914e-9566d32426f6 0.182s
2025-11-22 06:02:34.141 66351 INFO tempest.lib.common.rest_client [req-5bd21517-99da-4c68-ba8a-5af9053946ff req-5bd21517-99da-4c68-ba8a-5af9053946ff ] Request (ServerDiagnosticsNegativeTest:tearDownClass): 200 GET http://10.180.1.21/compute/v2.1/servers/ef6b075e-431a-49de-b676-41f95bd4cfa1 2.950s
2025-11-22 06:02:34.230 66319 INFO tempest.lib.common.rest_client [req-e09e7f1e-dac3-4b11-b7c8-feb8075c18bb req-e09e7f1e-dac3-4b11-b7c8-feb8075c18bb ] Request (TenantUsagesNegativeTestJSON:tearDownClass): 204 DELETE http://10.180.1.21/identity/v3/projects/cb17a8f76ded457295e27b1a5177a590 0.123s
2025-11-22 06:02:34.327 66319 INFO tempest.lib.common.rest_client [req-81e312fe-272e-46f9-8448-22f45d492fcd req-81e312fe-272e-46f9-8448-22f45d492fcd ] Request (SecurityGroupsNegativeTestJSON:setUpClass): 201 POST http://10.180.1.21/identity/v3/auth/tokens 0.095s
2025-11-22 06:02:34.361 66319 INFO tempest.lib.common.rest_client [req-3d0b36ab-30cc-4c88-9993-4eb0dda32b15 req-3d0b36ab-30cc-4c88-9993-4eb0dda32b15 ] Request (SecurityGroupsNegativeTestJSON:setUpClass): 201 POST http://10.180.1.21/identity/v3/auth/tokens 0.030s
2025-11-22 06:02:34.391 66319 INFO tempest.lib.common.rest_client [req-4e7306bc-df79-4a82-86c8-a3e5374a8f83 req-4e7306bc-df79-4a82-86c8-a3e5374a8f83 ] Request (SecurityGroupsNegativeTestJSON:setUpClass): 200 GET http://10.180.1.21/identity/v3/domains?name=Default 0.029s
2025-11-22 06:02:34.426 66319 INFO tempest.lib.common.rest_client [req-2078a043-6f3e-491c-91de-557384355d42 req-2078a043-6f3e-491c-91de-557384355d42 ] Request (SecurityGroupsNegativeTestJSON:setUpClass): 201 POST http://10.180.1.21/identity/v3/projects 0.034s
2025-11-22 06:02:34.490 66319 INFO tempest.lib.common.rest_client [req-53109ab5-1131-47a8-87ad-38c1a6f2f406 req-53109ab5-1131-47a8-87ad-38c1a6f2f406 ] Request (SecurityGroupsNegativeTestJSON:setUpClass): 201 POST http://10.180.1.21/identity/v3/users 0.064s
2025-11-22 06:02:34.515 66319 INFO tempest.lib.common.rest_client [req-35031947-7b50-4ddd-8342-ffb8a83c09da req-35031947-7b50-4ddd-8342-ffb8a83c09da ] Request (SecurityGroupsNegativeTestJSON:setUpClass): 200 GET http://10.180.1.21/identity/v3/roles 0.024s
2025-11-22 06:02:34.541 66319 INFO tempest.lib.common.rest_client [req-c137eb38-6561-421a-a99c-f3a141579529 req-c137eb38-6561-421a-a99c-f3a141579529 ] Request (SecurityGroupsNegativeTestJSON:setUpClass): 204 PUT http://10.180.1.21/identity/v3/projects/e3036aa1647947f38249e339f42ab3b3/users/5bcdff659aee48c98e2f24423f149417/roles/441e138bd7404a05822fc8c17bab2177 0.025s
2025-11-22 06:02:34.541 66319 INFO tempest.lib.common.dynamic_creds [-] Dynamic test user 5bcdff659aee48c98e2f24423f149417 is created with scope project and roles: ['member']
2025-11-22 06:02:34.541 66319 INFO tempest.lib.common.dynamic_creds [-] Acquired dynamic creds: credentials: Credentials: {'domain_id': 'default', 'domain_name': 'Default', 'username': 'tempest-SecurityGroupsNegativeTestJSON-1689949625-project-member', 'project_domain_id': 'default', 'project_domain_name': 'Default', 'project_id': 'e3036aa1647947f38249e339f42ab3b3', 'project_name': 'tempest-SecurityGroupsNegativeTestJSON-1689949625', 'tenant_id': 'e3036aa1647947f38249e339f42ab3b3', 'tenant_name': 'tempest-SecurityGroupsNegativeTestJSON-1689949625', 'user_domain_id': 'default', 'user_domain_name': 'Default', 'user_id': '5bcdff659aee48c98e2f24423f149417', 'system': None}, Network: None, Subnet: None, Router: None
2025-11-22 06:02:34.603 66319 INFO tempest.lib.common.rest_client [req-50dde8e9-bfae-43e6-9745-02b14dc39280 req-50dde8e9-bfae-43e6-9745-02b14dc39280 ] Request (SecurityGroupsNegativeTestJSON:setUpClass): 201 POST http://10.180.1.21/identity/v3/auth/tokens 0.062s
2025-11-22 06:02:34.941 66319 INFO tempest.lib.common.rest_client [req-62909ba2-9b55-4218-9db2-13f1e54274d7 req-62909ba2-9b55-4218-9db2-13f1e54274d7 ] Request (SecurityGroupsNegativeTestJSON:setUpClass): 201 POST http://10.180.1.21/networking/v2.0/networks 0.337s
2025-11-22 06:02:35.017 66349 INFO tempest.lib.common.rest_client [req-a04d6b91-5f63-4eab-98c1-266f7de17be7 req-a04d6b91-5f63-4eab-98c1-266f7de17be7 ] Request (SecurityGroupRulesNegativeTestJSON:tearDownClass): 202 DELETE http://10.180.1.21/compute/v2.1/os-security-groups/c1910ef8-fda5-4acf-bb7a-4a05ec661911 3.598s
2025-11-22 06:02:35.234 66317 INFO tempest.lib.common.rest_client [req-cd9f2ac5-bb81-4a1e-8876-9518e53e8c9c req-cd9f2ac5-bb81-4a1e-8876-9518e53e8c9c ] Request (FlavorsV2TestJSON:test_list_flavors_using_marker): 200 GET http://10.180.1.21/compute/v2.1/flavors/42 3.789s
2025-11-22 06:02:35.253 66329 INFO tempest.lib.common.rest_client [req-f7a02dfa-39cf-4c85-a25e-04950b2f2395 req-f7a02dfa-39cf-4c85-a25e-04950b2f2395 ] Request (QuotaClassesAdminTestJSON:test_update_default_quotas): 200 GET http://10.180.1.21/compute/v2.1/os-quota-class-sets/default 3.670s
2025-11-22 06:02:35.269 66319 INFO tempest.lib.common.rest_client [req-48c78fda-0ba7-490d-8e3a-f648e65a331a req-48c78fda-0ba7-490d-8e3a-f648e65a331a ] Request (SecurityGroupsNegativeTestJSON:setUpClass): 201 POST http://10.180.1.21/networking/v2.0/subnets 0.327s
2025-11-22 06:02:35.274 66377 INFO tempest.lib.common.rest_client [req-970c7fca-50a8-476a-a0e8-3bfb2a6f3974 req-970c7fca-50a8-476a-a0e8-3bfb2a6f3974 ] Request (FlavorsAccessNegativeTestJSON:_run_cleanups): 200 GET http://10.180.1.21/compute/v2.1/flavors/detail 3.660s
2025-11-22 06:02:35.350 66380 INFO tempest.lib.common.rest_client [req-f7be1481-c270-455b-88e9-40a33222d840 req-f7be1481-c270-455b-88e9-40a33222d840 ] Request (FloatingIPsTestJSON:test_delete_floating_ip): 200 POST http://10.180.1.21/compute/v2.1/os-floating-ips 4.525s
2025-11-22 06:02:35.391 66333 INFO tempest.lib.common.rest_client [req-32a2fe0f-4ba9-4789-81e4-467d54585dad req-32a2fe0f-4ba9-4789-81e4-467d54585dad ] Request (ImagesTestJSON:test_create_image_from_stopped_server): 200 GET http://10.180.1.21/compute/v2.1/images/1e2a07ca-843a-4a45-9d79-d8bf7748960d 3.517s
2025-11-22 06:02:35.741 66353 INFO tempest.lib.common.rest_client [req-a2039ea4-faac-41a8-a7b7-d0e0a0e71a0b req-a2039ea4-faac-41a8-a7b7-d0e0a0e71a0b ] Request (FloatingIPsAssociationTestJSON:setUpClass): 200 GET http://10.180.1.21/compute/v2.1/servers/c7b70a2f-6049-4276-b880-147cf9fa5cb3 3.895s
2025-11-22 06:02:35.882 66361 INFO tempest.lib.common.rest_client [req-d7df06d3-97f7-4f60-9de8-f2b1783e7299 req-d7df06d3-97f7-4f60-9de8-f2b1783e7299 ] Request (DeleteServersTestJSON:test_delete_server_while_in_attached_volume): 200 GET http://10.180.1.21/compute/v2.1/servers/913c7bd1-b41b-4a13-99d3-6f968ddc26c6 3.678s
2025-11-22 06:02:36.132 66373 INFO tempest.lib.common.rest_client [req-4e5923c0-7c0f-4b65-9615-ce7d40ea51d3 req-4e5923c0-7c0f-4b65-9615-ce7d40ea51d3 ] Request (SecurityGroupRulesTestJSON:tearDownClass): 202 DELETE http://10.180.1.21/compute/v2.1/os-security-groups/013defdb-c047-482d-bfc8-e7fafa05e207 3.585s
2025-11-22 06:02:36.199 66369 INFO tempest.lib.common.rest_client [req-aecc6e6d-5332-4f38-b2d3-a81156e2bb6d req-aecc6e6d-5332-4f38-b2d3-a81156e2bb6d ] Request (ServersAdminNegativeTestJSON:setUpClass): 200 GET http://10.180.1.21/compute/v2.1/servers/39b3f3b5-f7da-4a36-99ee-7a1d22b4e2d4 3.650s
2025-11-22 06:02:36.212 66319 INFO tempest.lib.common.rest_client [req-9216acbf-b299-466f-bbe7-bcad8b39910a req-9216acbf-b299-466f-bbe7-bcad8b39910a ] Request (SecurityGroupsNegativeTestJSON:setUpClass): 201 POST http://10.180.1.21/networking/v2.0/routers 0.943s
2025-11-22 06:02:36.212 66323 INFO tempest.lib.common.rest_client [req-9ffd2f3c-2ca8-493a-b7e3-9063368fb64e req-9ffd2f3c-2ca8-493a-b7e3-9063368fb64e ] Request (HypervisorAdminNegativeUnderV252Test:test_show_servers_with_nonexistent_hypervisor): 404 GET http://10.180.1.21/compute/v2.1/os-hypervisors/152d627b-2b49-4fc6-b170-cfc7439d8061/servers 3.653s
2025-11-22 06:02:36.238 66335 INFO tempest.lib.common.rest_client [req-e0e0f09e-47ee-4e55-bf61-f9d97a224d84 req-e0e0f09e-47ee-4e55-bf61-f9d97a224d84 ] Request (KeyPairsV210TestJSON:_run_cleanups): 204 DELETE http://10.180.1.21/compute/v2.1/os-keypairs/tempest-keypair-623831735?user_id=6054e98ea150430ea0f1ba3a9af27ec0 3.659s
2025-11-22 06:02:36.262 66357 INFO tempest.lib.common.rest_client [req-7b3a842b-7dac-491e-963e-29c5ffe3efed req-7b3a842b-7dac-491e-963e-29c5ffe3efed ] Request (AggregatesAdminNegativeTestJSON:_run_cleanups): 200 DELETE http://10.180.1.21/compute/v2.1/os-aggregates/5 3.466s
2025-11-22 06:02:36.315 66323 INFO tempest.lib.common.rest_client [req-d4e884c5-c892-41ff-8aea-c34723622413 req-d4e884c5-c892-41ff-8aea-c34723622413 ] Request (HypervisorAdminNegativeUnderV252Test:tearDownClass): 204 DELETE http://10.180.1.21/identity/v3/users/e33b675761754931bf967443ee683943 0.100s
2025-11-22 06:02:36.360 66335 INFO tempest.lib.common.rest_client [req-d54f4d00-3b54-4e1f-9b3c-47303987eede req-d54f4d00-3b54-4e1f-9b3c-47303987eede ] Request (KeyPairsV210TestJSON:tearDownClass): 204 DELETE http://10.180.1.21/identity/v3/users/6054e98ea150430ea0f1ba3a9af27ec0 0.119s
2025-11-22 06:02:36.487 66323 INFO tempest.lib.common.rest_client [req-cb14b339-a19f-4924-979f-214eaea2d39a req-cb14b339-a19f-4924-979f-214eaea2d39a ] Request (HypervisorAdminNegativeUnderV252Test:tearDownClass): 204 DELETE http://10.180.1.21/identity/v3/users/147f947190bd452a854a18560123ddff 0.172s
2025-11-22 06:02:36.488 66323 INFO tempest.lib.common.dynamic_creds [-] Deleting project and security group for project: e15e2821f12943ed9d6018730e5d9b87
2025-11-22 06:02:36.492 66335 INFO tempest.lib.common.rest_client [req-a3af1ddc-4aae-402c-8ed9-b85b812b3100 req-a3af1ddc-4aae-402c-8ed9-b85b812b3100 ] Request (KeyPairsV210TestJSON:tearDownClass): 204 DELETE http://10.180.1.21/identity/v3/users/549445550b3f40818f775a65cd5b5ca1 0.132s
2025-11-22 06:02:36.492 66335 INFO tempest.lib.common.dynamic_creds [-] Deleting project and security group for project: 6f497f42051f4e028e0da4b270c03dc4
2025-11-22 06:02:36.515 66321 INFO tempest.lib.common.rest_client [req-b311111a-7af4-4e16-980d-55312fb03988 req-b311111a-7af4-4e16-980d-55312fb03988 ] Request (ListImageFiltersTestJSON:setUpClass): 200 GET http://10.180.1.21/compute/v2.1/servers/9b5eab72-6597-4c2e-9589-05f282b90f18 3.684s
2025-11-22 06:02:36.543 66359 INFO tempest.lib.common.rest_client [req-52af5c3c-c54f-4421-8099-6fca63691ff8 req-52af5c3c-c54f-4421-8099-6fca63691ff8 ] Request (FlavorsAdminTestJSON:test_create_server_with_non_public_flavor): 200 POST http://10.180.1.21/compute/v2.1/flavors 3.686s
2025-11-22 06:02:36.558 66367 INFO tempest.lib.common.rest_client [req-c38f0e48-e883-4685-b29c-80097c38d28a req-c38f0e48-e883-4685-b29c-80097c38d28a ] Request (ServicesAdminNegativeV253TestJSON:test_enable_service_with_invalid_service_id): 404 PUT http://10.180.1.21/compute/v2.1/os-services/39952a3b-bdd1-4516-9d1a-44d0a922de9a 3.687s
2025-11-22 06:02:36.565 66335 INFO tempest.lib.common.rest_client [req-b5b0747e-ed3e-4453-9153-72bdb904c2d8 req-b5b0747e-ed3e-4453-9153-72bdb904c2d8 ] Request (KeyPairsV210TestJSON:tearDownClass): 201 POST http://10.180.1.21/identity/v3/auth/tokens 0.072s
2025-11-22 06:02:36.565 66323 INFO tempest.lib.common.rest_client [req-90002db2-4570-4c58-8ae3-85623ef48b0c req-90002db2-4570-4c58-8ae3-85623ef48b0c ] Request (HypervisorAdminNegativeUnderV252Test:tearDownClass): 201 POST http://10.180.1.21/identity/v3/auth/tokens 0.077s
2025-11-22 06:02:36.574 66345 INFO tempest.lib.common.rest_client [req-b79bb95b-9319-46b8-b458-5ca002ade3e0 req-b79bb95b-9319-46b8-b458-5ca002ade3e0 ] Request (FloatingIPsAssociationNegativeTestJSON:setUpClass): 202 POST http://10.180.1.21/compute/v2.1/servers 4.200s
2025-11-22 06:02:36.785 66335 INFO tempest.lib.common.rest_client [req-e650462a-3632-4e78-9a61-a4a1b7ad5cd9 req-e650462a-3632-4e78-9a61-a4a1b7ad5cd9 ] Request (KeyPairsV210TestJSON:tearDownClass): 200 GET http://10.180.1.21/networking/v2.0/security-groups?tenant_id=6f497f42051f4e028e0da4b270c03dc4&name=default 0.220s
2025-11-22 06:02:36.907 66323 INFO tempest.lib.common.rest_client [req-cd5b498e-3b2f-4fc4-926e-4a20f46ca70b req-cd5b498e-3b2f-4fc4-926e-4a20f46ca70b ] Request (HypervisorAdminNegativeUnderV252Test:tearDownClass): 200 GET http://10.180.1.21/networking/v2.0/security-groups?tenant_id=e15e2821f12943ed9d6018730e5d9b87&name=default 0.341s
2025-11-22 06:02:36.936 66375 INFO tempest.lib.common.rest_client [req-2dbf3694-463d-48b5-93d4-4655a31e6702 req-2dbf3694-463d-48b5-93d4-4655a31e6702 ] Request (ServersAdmin275Test:tearDownClass): 200 GET http://10.180.1.21/compute/v2.1/servers/db686e5e-d972-4929-9498-b1ca9655a171 3.932s
2025-11-22 06:02:36.950 66355 INFO tempest.lib.common.rest_client [req-1252172c-368c-4c51-9d9e-740eb59e5763 req-1252172c-368c-4c51-9d9e-740eb59e5763 ] Request (InstanceActionsTestJSON:tearDownClass): 200 GET http://10.180.1.21/compute/v2.1/servers/666a7403-a4a9-4ad2-98e9-1a08624a7405 4.012s
2025-11-22 06:02:37.029 66337 INFO tempest.lib.common.rest_client [req-25a572a1-2a8e-4267-940d-685fd099fb79 req-25a572a1-2a8e-4267-940d-685fd099fb79 ] Request (DeleteServersAdminTestJSON:test_delete_server_while_in_error_state): 202 POST http://10.180.1.21/compute/v2.1/servers/4deb0b81-7e67-477c-9859-a5e12ab1a02a/action 3.773s
2025-11-22 06:02:37.069 66315 WARNING tempest.lib.common.ssh [-] Failed to establish authenticated ssh connection to cirros@10.180.180.141 ([Errno None] Unable to connect to port 22 on 10.180.180.141). Number attempts: 1. Retry after 2 seconds.: paramiko.ssh_exception.NoValidConnectionsError: [Errno None] Unable to connect to port 22 on 10.180.180.141
2025-11-22 06:02:37.073 66335 INFO tempest.lib.common.rest_client [req-224f4b62-c55c-455a-bb45-0b64a046fbe6 req-224f4b62-c55c-455a-bb45-0b64a046fbe6 ] Request (KeyPairsV210TestJSON:tearDownClass): 204 DELETE http://10.180.1.21/networking/v2.0/security-groups/ffd148ce-a006-4b1e-8c71-1195fbfc1731 0.287s
2025-11-22 06:02:37.187 66323 INFO tempest.lib.common.rest_client [req-4760c274-a787-4783-9dab-86f9cd45d347 req-4760c274-a787-4783-9dab-86f9cd45d347 ] Request (HypervisorAdminNegativeUnderV252Test:tearDownClass): 204 DELETE http://10.180.1.21/networking/v2.0/security-groups/5d7be660-b248-4dae-b53e-b5ae3eae8086 0.280s
2025-11-22 06:02:37.206 66335 INFO tempest.lib.common.rest_client [req-a83a8bdd-9a32-46c1-aa97-9ef4a3799528 req-a83a8bdd-9a32-46c1-aa97-9ef4a3799528 ] Request (KeyPairsV210TestJSON:tearDownClass): 204 DELETE http://10.180.1.21/identity/v3/projects/6f497f42051f4e028e0da4b270c03dc4 0.132s
2025-11-22 06:02:37.206 66335 INFO tempest.lib.common.dynamic_creds [-] Deleting project and security group for project: ac1104a9ffdd4ae69eb42795d055bc33
2025-11-22 06:02:37.231 66319 INFO tempest.lib.common.rest_client [req-6912cd5b-db61-4e58-913c-5426ea60f674 req-6912cd5b-db61-4e58-913c-5426ea60f674 ] Request (SecurityGroupsNegativeTestJSON:setUpClass): 200 PUT http://10.180.1.21/networking/v2.0/routers/787264c6-da47-4868-b090-0e7fd9a2cfe6/add_router_interface 1.018s
2025-11-22 06:02:37.231 66319 INFO tempest.lib.common.dynamic_creds [-] Created isolated network resources for: credentials: Credentials: {'domain_id': 'default', 'domain_name': 'Default', 'username': 'tempest-SecurityGroupsNegativeTestJSON-1689949625-project-member', 'project_domain_id': 'default', 'project_domain_name': 'Default', 'project_id': 'e3036aa1647947f38249e339f42ab3b3', 'project_name': 'tempest-SecurityGroupsNegativeTestJSON-1689949625', 'tenant_id': 'e3036aa1647947f38249e339f42ab3b3', 'tenant_name': 'tempest-SecurityGroupsNegativeTestJSON-1689949625', 'user_domain_id': 'default', 'user_domain_name': 'Default', 'user_id': '5bcdff659aee48c98e2f24423f149417', 'system': None}, Network: {'id': '752fc640-5d07-40a5-8fa7-219cea58d21c', 'name': 'tempest-SecurityGroupsNegativeTestJSON-1994158204-network', 'tenant_id': 'e3036aa1647947f38249e339f42ab3b3', 'project_id': 'e3036aa1647947f38249e339f42ab3b3', 'admin_state_up': True, 'mtu': 8950, 'status': 'ACTIVE', 'subnets': [], 'shared': False, 'port_security_enabled': True, 'router:external': False, 'provider:network_type': 'vlan', 'provider:physical_network': 'default', 'provider:segmentation_id': 35, 'availability_zone_hints': [], 'availability_zones': [], 'ipv4_address_scope': None, 'ipv6_address_scope': None, 'description': '', 'tags': [], 'created_at': '2025-11-22T06:02:34Z', 'updated_at': '2025-11-22T06:02:34Z', 'revision_number': 1}, Subnet: {'id': 'bb6840ab-d343-4e4b-bdf0-1a0f74c0cd5b', 'name': 'tempest-SecurityGroupsNegativeTestJSON-1994158204-subnet', 'tenant_id': 'e3036aa1647947f38249e339f42ab3b3', 'network_id': '752fc640-5d07-40a5-8fa7-219cea58d21c', 'ip_version': 4, 'subnetpool_id': None, 'enable_dhcp': True, 'ipv6_ra_mode': None, 'ipv6_address_mode': None, 'gateway_ip': '192.168.128.1', 'cidr': '192.168.128.0/28', 'allocation_pools': [{'start': '192.168.128.2', 'end': '192.168.128.14'}], 'host_routes': [], 'dns_nameservers': [], 'description': '', 'router:external': False, 'service_types': [], 'tags': [], 'created_at': '2025-11-22T06:02:35Z', 'updated_at': '2025-11-22T06:02:35Z', 'revision_number': 0, 'project_id': 'e3036aa1647947f38249e339f42ab3b3'}, Router: {'id': '787264c6-da47-4868-b090-0e7fd9a2cfe6', 'name': 'tempest-SecurityGroupsNegativeTestJSON-1994158204-router', 'tenant_id': 'e3036aa1647947f38249e339f42ab3b3', 'admin_state_up': True, 'status': 'ACTIVE', 'external_gateway_info': {'network_id': 'aeb262ad-6842-4658-a69a-9c384c5a699b', 'external_fixed_ips': [{'subnet_id': '0b4a6ca0-529e-4f28-be3b-81725e9379b4', 'ip_address': '10.180.180.245'}], 'enable_snat': True}, 'description': '', 'availability_zones': [], 'distributed': False, 'ha': False, 'availability_zone_hints': [], 'routes': [], 'flavor_id': None, 'tags': [], 'created_at': '2025-11-22T06:02:35Z', 'updated_at': '2025-11-22T06:02:35Z', 'revision_number': 2, 'project_id': 'e3036aa1647947f38249e339f42ab3b3'}
2025-11-22 06:02:37.274 66341 INFO tempest.lib.common.rest_client [req-b628193d-60e7-4723-a86a-dfcc113ebe1d req-b628193d-60e7-4723-a86a-dfcc113ebe1d ] Request (ServersWithSpecificFlavorTestJSON:test_verify_created_server_ephemeral_disk): 200 GET http://10.180.1.21/compute/v2.1/servers/bf0f1d95-3f91-4d46-b64d-5ad257b64de5/os-interface 4.219s
2025-11-22 06:02:37.437 66323 INFO tempest.lib.common.rest_client [req-b32ef844-23a8-4e73-a124-9297cc108b4a req-b32ef844-23a8-4e73-a124-9297cc108b4a ] Request (HypervisorAdminNegativeUnderV252Test:tearDownClass): 204 DELETE http://10.180.1.21/identity/v3/projects/e15e2821f12943ed9d6018730e5d9b87 0.249s
2025-11-22 06:02:37.437 66323 INFO tempest.lib.common.dynamic_creds [-] Deleting project and security group for project: 0a4361b275c44383a2350cd9826f0331
2025-11-22 06:02:37.499 66335 INFO tempest.lib.common.rest_client [req-7fbbef08-fe6a-4d94-8715-b9087722f57d req-7fbbef08-fe6a-4d94-8715-b9087722f57d ] Request (KeyPairsV210TestJSON:tearDownClass): 200 GET http://10.180.1.21/networking/v2.0/security-groups?tenant_id=ac1104a9ffdd4ae69eb42795d055bc33&name=default 0.293s
2025-11-22 06:02:37.499 66319 INFO tempest.lib.common.rest_client [req-679e69e3-f35d-449c-8fa0-44c9b4ea2074 req-679e69e3-f35d-449c-8fa0-44c9b4ea2074 ] Request (SecurityGroupsNegativeTestJSON:setUpClass): 201 POST http://10.180.1.21/identity/v3/auth/tokens 0.264s
2025-11-22 06:02:37.632 66339 INFO tempest.lib.common.rest_client [req-00444087-7a16-4850-a6ca-db8e6d59cb8c req-00444087-7a16-4850-a6ca-db8e6d59cb8c ] Request (ServerActionsTestJSON:setUpClass): 200 GET http://10.180.1.21/compute/v2.1/servers/12eda953-93e2-4fe8-b705-cc8e73d90287 3.832s
2025-11-22 06:02:37.748 66323 INFO tempest.lib.common.rest_client [req-887d3d07-0468-425d-a610-da4cc666d466 req-887d3d07-0468-425d-a610-da4cc666d466 ] Request (HypervisorAdminNegativeUnderV252Test:tearDownClass): 200 GET http://10.180.1.21/networking/v2.0/security-groups?tenant_id=0a4361b275c44383a2350cd9826f0331&name=default 0.310s
2025-11-22 06:02:37.878 66335 INFO tempest.lib.common.rest_client [req-eb55bebf-d6a0-4f29-9c69-0e37f30d2d47 req-eb55bebf-d6a0-4f29-9c69-0e37f30d2d47 ] Request (KeyPairsV210TestJSON:tearDownClass): 204 DELETE http://10.180.1.21/networking/v2.0/security-groups/f8ddd105-4d42-4e2e-9b56-991047a8dd13 0.379s
2025-11-22 06:02:37.929 66347 INFO tempest.lib.common.rest_client [req-c9bcb22b-1c00-472c-a3ef-cf395e2911ba req-c9bcb22b-1c00-472c-a3ef-cf395e2911ba ] Request (AttachVolumeShelveTestJSON:test_attach_volume_shelved_or_offload_server): 200 GET http://10.180.1.21/compute/v2.1/servers/18d0467f-0305-4447-a35c-ee76b2b17e47 3.848s
2025-11-22 06:02:37.940 66347 INFO tempest.common.waiters [-] State transition "BUILD/networking" ==> "BUILD/spawning" after 14 second wait
2025-11-22 06:02:38.008 66335 INFO tempest.lib.common.rest_client [req-0beb1710-baba-4634-9894-8fb98be73593 req-0beb1710-baba-4634-9894-8fb98be73593 ] Request (KeyPairsV210TestJSON:tearDownClass): 204 DELETE http://10.180.1.21/identity/v3/projects/ac1104a9ffdd4ae69eb42795d055bc33 0.129s
2025-11-22 06:02:38.009 66335 INFO tempest.test [-] raised in LiveMigrationManagerWorkflowTest.setUpClass. Invoking tearDownClass.
2025-11-22 06:02:38.085 66335 INFO tempest.lib.common.rest_client [req-73bbd74b-ed68-49ad-9cfd-1a83af4a1802 req-73bbd74b-ed68-49ad-9cfd-1a83af4a1802 ] Request (ServerShowV257Test:setUpClass): 201 POST http://10.180.1.21/identity/v3/auth/tokens 0.069s
2025-11-22 06:02:38.105 66323 INFO tempest.lib.common.rest_client [req-567d7d15-a9be-4449-bc23-32ecd56974ef req-567d7d15-a9be-4449-bc23-32ecd56974ef ] Request (HypervisorAdminNegativeUnderV252Test:tearDownClass): 204 DELETE http://10.180.1.21/networking/v2.0/security-groups/3145e17f-c0f5-4484-985d-3f75d7b556e9 0.357s
2025-11-22 06:02:38.125 66335 INFO tempest.lib.common.rest_client [req-6d323e07-cb83-480c-bcaf-fcb1de1c604e req-6d323e07-cb83-480c-bcaf-fcb1de1c604e ] Request (ServerShowV257Test:setUpClass): 201 POST http://10.180.1.21/identity/v3/auth/tokens 0.036s
2025-11-22 06:02:38.150 66335 INFO tempest.lib.common.rest_client [req-1fab5016-840c-43e3-ad09-811c24137bc9 req-1fab5016-840c-43e3-ad09-811c24137bc9 ] Request (ServerShowV257Test:setUpClass): 200 GET http://10.180.1.21/identity/v3/domains?name=Default 0.025s
2025-11-22 06:02:38.191 66335 INFO tempest.lib.common.rest_client [req-f6253439-8775-4c27-8f27-3defe8555f24 req-f6253439-8775-4c27-8f27-3defe8555f24 ] Request (ServerShowV257Test:setUpClass): 201 POST http://10.180.1.21/identity/v3/projects 0.040s
2025-11-22 06:02:38.222 66365 INFO tempest.lib.common.rest_client [req-829483c2-4ee0-4ba1-b8eb-56dc21ba1fc5 req-829483c2-4ee0-4ba1-b8eb-56dc21ba1fc5 ] Request (ServerGroupTestJSON:test_create_server_with_scheduler_hint_group): 200 GET http://10.180.1.21/compute/v2.1/servers/eab5a277-d260-4328-a03d-060dbe64443a 3.710s
2025-11-22 06:02:38.234 66365 INFO tempest.common.waiters [-] State transition "BUILD/spawning" ==> "ACTIVE/None" after 18 second wait
2025-11-22 06:02:38.235 66331 INFO tempest.lib.common.rest_client [req-94ae0fb1-dbb0-45aa-b0f1-96e626b88f7e req-94ae0fb1-dbb0-45aa-b0f1-96e626b88f7e ] Request (MigrationsAdminTest:test_list_migrations_in_flavor_resize_situation): 200 GET http://10.180.1.21/compute/v2.1/servers/65579ab3-120a-4d5d-af09-5123adc267da 3.661s
2025-11-22 06:02:38.248 66323 INFO tempest.lib.common.rest_client [req-bbb91698-bb4e-430d-9025-8cd189a0af5c req-bbb91698-bb4e-430d-9025-8cd189a0af5c ] Request (HypervisorAdminNegativeUnderV252Test:tearDownClass): 204 DELETE http://10.180.1.21/identity/v3/projects/0a4361b275c44383a2350cd9826f0331 0.142s
2025-11-22 06:02:38.353 66335 INFO tempest.lib.common.rest_client [req-e44782bb-dfff-4c09-9e7a-32812f4a116d req-e44782bb-dfff-4c09-9e7a-32812f4a116d ] Request (ServerShowV257Test:setUpClass): 201 POST http://10.180.1.21/identity/v3/users 0.161s
2025-11-22 06:02:38.364 66323 INFO tempest.lib.common.rest_client [req-6efa1d86-7bf1-45ee-ab11-30bd77711b58 req-6efa1d86-7bf1-45ee-ab11-30bd77711b58 ] Request (ImagesNegativeTestJSON:setUpClass): 201 POST http://10.180.1.21/identity/v3/auth/tokens 0.114s
2025-11-22 06:02:38.390 66335 INFO tempest.lib.common.rest_client [req-c9c6a4b9-dd4a-4a66-a7fb-9a8d6a23881c req-c9c6a4b9-dd4a-4a66-a7fb-9a8d6a23881c ] Request (ServerShowV257Test:setUpClass): 200 GET http://10.180.1.21/identity/v3/roles 0.036s
2025-11-22 06:02:38.420 66323 INFO tempest.lib.common.rest_client [req-9e1518dc-d371-4d71-81f3-25db7eb5277c req-9e1518dc-d371-4d71-81f3-25db7eb5277c ] Request (ImagesNegativeTestJSON:setUpClass): 201 POST http://10.180.1.21/identity/v3/auth/tokens 0.052s
2025-11-22 06:02:38.424 66335 INFO tempest.lib.common.rest_client [req-bfa74751-eae9-4b6c-864c-34a56aa3620c req-bfa74751-eae9-4b6c-864c-34a56aa3620c ] Request (ServerShowV257Test:setUpClass): 204 PUT http://10.180.1.21/identity/v3/projects/d5a36219f8ba440fbef9e56efee60c7c/users/fd92a55846a547499dd0695a858ac0b9/roles/441e138bd7404a05822fc8c17bab2177 0.033s
2025-11-22 06:02:38.424 66335 INFO tempest.lib.common.dynamic_creds [-] Dynamic test user fd92a55846a547499dd0695a858ac0b9 is created with scope project and roles: ['member']
2025-11-22 06:02:38.424 66335 INFO tempest.lib.common.dynamic_creds [-] Acquired dynamic creds: credentials: Credentials: {'domain_id': 'default', 'domain_name': 'Default', 'username': 'tempest-ServerShowV257Test-934220868-project-member', 'project_domain_id': 'default', 'project_domain_name': 'Default', 'project_id': 'd5a36219f8ba440fbef9e56efee60c7c', 'project_name': 'tempest-ServerShowV257Test-934220868', 'tenant_id': 'd5a36219f8ba440fbef9e56efee60c7c', 'tenant_name': 'tempest-ServerShowV257Test-934220868', 'user_domain_id': 'default', 'user_domain_name': 'Default', 'user_id': 'fd92a55846a547499dd0695a858ac0b9', 'system': None}, Network: None, Subnet: None, Router: None
2025-11-22 06:02:38.424 66335 INFO tempest.lib.common.dynamic_creds [-] Created isolated network resources for: credentials: Credentials: {'domain_id': 'default', 'domain_name': 'Default', 'username': 'tempest-ServerShowV257Test-934220868-project-member', 'project_domain_id': 'default', 'project_domain_name': 'Default', 'project_id': 'd5a36219f8ba440fbef9e56efee60c7c', 'project_name': 'tempest-ServerShowV257Test-934220868', 'tenant_id': 'd5a36219f8ba440fbef9e56efee60c7c', 'tenant_name': 'tempest-ServerShowV257Test-934220868', 'user_domain_id': 'default', 'user_domain_name': 'Default', 'user_id': 'fd92a55846a547499dd0695a858ac0b9', 'system': None}, Network: None, Subnet: None, Router: None
2025-11-22 06:02:38.493 66323 INFO tempest.lib.common.rest_client [req-e5acd244-0e8b-4507-b36f-eeb84e40f554 req-e5acd244-0e8b-4507-b36f-eeb84e40f554 ] Request (ImagesNegativeTestJSON:setUpClass): 200 GET http://10.180.1.21/identity/v3/domains?name=Default 0.072s
2025-11-22 06:02:38.514 66335 INFO tempest.lib.common.rest_client [req-6cc384e7-ba90-45c3-850d-af2b0c1b1714 req-6cc384e7-ba90-45c3-850d-af2b0c1b1714 ] Request (ServerShowV257Test:setUpClass): 201 POST http://10.180.1.21/identity/v3/auth/tokens 0.086s
2025-11-22 06:02:38.536 66323 INFO tempest.lib.common.rest_client [req-c90ba625-e661-498e-803b-1eee734379a3 req-c90ba625-e661-498e-803b-1eee734379a3 ] Request (ImagesNegativeTestJSON:setUpClass): 201 POST http://10.180.1.21/identity/v3/projects 0.042s
2025-11-22 06:02:38.570 66341 INFO tempest.lib.common.rest_client [req-a8749228-9c16-49fd-9db7-fd24acec8989 req-a8749228-9c16-49fd-9db7-fd24acec8989 ] Request (ServersWithSpecificFlavorTestJSON:test_verify_created_server_ephemeral_disk): 200 PUT http://10.180.1.21/networking/v2.0/floatingips/83eab6b8-4830-4f4c-a168-7868330a44d2 1.288s
2025-11-22 06:02:38.578 66335 INFO tempest.lib.common.rest_client [req-ad23902e-5a70-4adb-bc26-6c36f88ebeb9 req-ad23902e-5a70-4adb-bc26-6c36f88ebeb9 ] Request (ServerShowV257Test:test_rebuild_server): 201 POST http://10.180.1.21/identity/v3/auth/tokens 0.057s
2025-11-22 06:02:38.579 66335 INFO tempest.lib.common.fixed_network [-] (ServerShowV257Test:test_rebuild_server) Found network None available for tenant
2025-11-22 06:02:38.627 66323 INFO tempest.lib.common.rest_client [req-c114ed31-3999-4bef-9915-f233b079a340 req-c114ed31-3999-4bef-9915-f233b079a340 ] Request (ImagesNegativeTestJSON:setUpClass): 201 POST http://10.180.1.21/identity/v3/users 0.090s
2025-11-22 06:02:38.649 66323 INFO tempest.lib.common.rest_client [req-79b90bca-dca3-4c7b-8f4b-9c62f2969ed6 req-79b90bca-dca3-4c7b-8f4b-9c62f2969ed6 ] Request (ImagesNegativeTestJSON:setUpClass): 200 GET http://10.180.1.21/identity/v3/roles 0.021s
2025-11-22 06:02:38.687 66323 INFO tempest.lib.common.rest_client [req-d852f965-5d03-4afc-9c34-f9bdaa62d836 req-d852f965-5d03-4afc-9c34-f9bdaa62d836 ] Request (ImagesNegativeTestJSON:setUpClass): 204 PUT http://10.180.1.21/identity/v3/projects/b57d77476d5048669b4de530d0e90098/users/42f0fd9232114ce284d16b65b4b7dc32/roles/441e138bd7404a05822fc8c17bab2177 0.038s
2025-11-22 06:02:38.688 66323 INFO tempest.lib.common.dynamic_creds [-] Dynamic test user 42f0fd9232114ce284d16b65b4b7dc32 is created with scope project and roles: ['member']
2025-11-22 06:02:38.688 66323 INFO tempest.lib.common.dynamic_creds [-] Acquired dynamic creds: credentials: Credentials: {'domain_id': 'default', 'domain_name': 'Default', 'username': 'tempest-ImagesNegativeTestJSON-1189928510-project-member', 'project_domain_id': 'default', 'project_domain_name': 'Default', 'project_id': 'b57d77476d5048669b4de530d0e90098', 'project_name': 'tempest-ImagesNegativeTestJSON-1189928510', 'tenant_id': 'b57d77476d5048669b4de530d0e90098', 'tenant_name': 'tempest-ImagesNegativeTestJSON-1189928510', 'user_domain_id': 'default', 'user_domain_name': 'Default', 'user_id': '42f0fd9232114ce284d16b65b4b7dc32', 'system': None}, Network: None, Subnet: None, Router: None
2025-11-22 06:02:38.699 66327 INFO tempest.lib.common.rest_client [req-98a4e21c-1723-47ec-9d49-22ec66c00f4f req-98a4e21c-1723-47ec-9d49-22ec66c00f4f ] Request (ServerDiagnosticsTest:tearDownClass): 200 GET http://10.180.1.21/compute/v2.1/servers/00395139-6d23-40cd-a70f-b50e9c038f4f 3.996s
2025-11-22 06:02:38.766 66323 INFO tempest.lib.common.rest_client [req-2e4d49ba-ae0d-4e95-978d-1dc11eb17bde req-2e4d49ba-ae0d-4e95-978d-1dc11eb17bde ] Request (ImagesNegativeTestJSON:setUpClass): 201 POST http://10.180.1.21/identity/v3/auth/tokens 0.078s
2025-11-22 06:02:38.930 66325 INFO tempest.lib.common.rest_client [req-21e3dbed-5b5a-4840-8a7f-2143badbc24e req-21e3dbed-5b5a-4840-8a7f-2143badbc24e ] Request (ServerExternalEventsTest:test_create_server_external_events): 200 GET http://10.180.1.21/compute/v2.1/servers/ca32c679-ebef-433e-9359-2febc7cb63a0 3.961s
2025-11-22 06:02:38.941 66325 INFO tempest.common.waiters [-] State transition "BUILD/spawning" ==> "ACTIVE/None" after 18 second wait
2025-11-22 06:02:38.985 66371 INFO tempest.lib.common.rest_client [req-842b5d4e-c564-41c2-aff7-ac380f5b6504 req-842b5d4e-c564-41c2-aff7-ac380f5b6504 ] Request (VolumesAdminNegativeTest:tearDownClass): 200 GET http://10.180.1.21/compute/v2.1/servers/0dc0a6fa-0dc8-4da4-ab13-2d6ba3a6c0e1 3.992s
2025-11-22 06:02:39.014 66351 INFO tempest.lib.common.rest_client [req-aeaf882f-9da5-487a-8113-05103be65655 req-aeaf882f-9da5-487a-8113-05103be65655 ] Request (ServerDiagnosticsNegativeTest:tearDownClass): 404 GET http://10.180.1.21/compute/v2.1/servers/ef6b075e-431a-49de-b676-41f95bd4cfa1 3.862s
2025-11-22 06:02:39.054 66317 INFO tempest.lib.common.rest_client [req-35a2cb8d-f893-4e58-863e-f382d6040a2e req-35a2cb8d-f893-4e58-863e-f382d6040a2e ] Request (FlavorsV2TestJSON:test_list_flavors_using_marker): 200 GET http://10.180.1.21/compute/v2.1/flavors?marker=42 3.817s
2025-11-22 06:02:39.136 66329 INFO tempest.lib.common.rest_client [req-68ad52c2-cc8d-4be7-8ec0-b06a7abfb932 req-68ad52c2-cc8d-4be7-8ec0-b06a7abfb932 ] Request (QuotaClassesAdminTestJSON:_run_cleanups): 200 PUT http://10.180.1.21/compute/v2.1/os-quota-class-sets/default 3.881s
