2025-11-22 06:02:09.715 66371 INFO tempest.lib.common.rest_client [req-0a276bfb-2a1d-40c1-95b3-29fdc999c20c req-0a276bfb-2a1d-40c1-95b3-29fdc999c20c ] Request (VolumesAdminNegativeTest:test_update_attached_volume_with_nonexistent_volume_in_uri): 200 GET http://10.180.1.21/compute/v2.1/servers/0dc0a6fa-0dc8-4da4-ab13-2d6ba3a6c0e1 5.877s
2025-11-22 06:02:09.727 66371 INFO tempest.common.waiters [-] State transition "BUILD/networking" ==> "BUILD/spawning" after 10 second wait
2025-11-22 06:02:09.735 66380 INFO tempest.lib.common.rest_client [req-ee1d7597-1f5e-4eeb-9cb1-cdeda0356c78 req-ee1d7597-1f5e-4eeb-9cb1-cdeda0356c78 ] Request (FloatingIPsTestJSON:setUpClass): 201 POST http://10.180.1.21/identity/v3/auth/tokens 0.040s
2025-11-22 06:02:09.775 66323 INFO tempest.lib.common.rest_client [req-3dfa6d81-4221-4b20-a510-970162b93bc1 req-3dfa6d81-4221-4b20-a510-970162b93bc1 ] Request (FlavorsV255TestJSON:tearDownClass): 204 DELETE http://10.180.1.21/identity/v3/projects/61547f8c4e96486ba3bec35391a06a45 0.105s
2025-11-22 06:02:09.796 66380 INFO tempest.lib.common.rest_client [req-50472ffd-f334-4971-98c2-958f25503bc0 req-50472ffd-f334-4971-98c2-958f25503bc0 ] Request (FloatingIPsTestJSON:setUpClass): 200 GET http://10.180.1.21/identity/v3/domains?name=Default 0.060s
2025-11-22 06:02:09.816 66323 INFO tempest.lib.common.rest_client [req-dbf66812-ee02-49de-9c43-02815b27fbf3 req-dbf66812-ee02-49de-9c43-02815b27fbf3 ] Request (HypervisorAdminNegativeUnderV252Test:setUpClass): 201 POST http://10.180.1.21/identity/v3/auth/tokens 0.038s
2025-11-22 06:02:09.835 66380 INFO tempest.lib.common.rest_client [req-5540f872-abe9-4869-b639-f2a2835d6d11 req-5540f872-abe9-4869-b639-f2a2835d6d11 ] Request (FloatingIPsTestJSON:setUpClass): 201 POST http://10.180.1.21/identity/v3/projects 0.038s
2025-11-22 06:02:09.864 66321 INFO tempest.lib.common.rest_client [req-b33feec3-7c56-4ae1-98f3-da9e05f93a6c req-b33feec3-7c56-4ae1-98f3-da9e05f93a6c ] Request (ListImageFiltersTestJSON:setUpClass): 200 GET http://10.180.1.21/compute/v2.1/servers/53146262-156c-4828-ba45-5bf6bd1c695b 5.658s
2025-11-22 06:02:09.884 66323 INFO tempest.lib.common.rest_client [req-c6aafd46-5d2e-4ba3-95fc-1b2f0fc6720a req-c6aafd46-5d2e-4ba3-95fc-1b2f0fc6720a ] Request (HypervisorAdminNegativeUnderV252Test:setUpClass): 201 POST http://10.180.1.21/identity/v3/auth/tokens 0.062s
2025-11-22 06:02:09.899 66380 INFO tempest.lib.common.rest_client [req-ce9d6d14-e7ca-41f0-a25e-e7eb235d8c81 req-ce9d6d14-e7ca-41f0-a25e-e7eb235d8c81 ] Request (FloatingIPsTestJSON:setUpClass): 201 POST http://10.180.1.21/identity/v3/users 0.063s
2025-11-22 06:02:09.909 66323 INFO tempest.lib.common.rest_client [req-5a2a387c-c19c-44fc-923e-7ac42ab0ddb2 req-5a2a387c-c19c-44fc-923e-7ac42ab0ddb2 ] Request (HypervisorAdminNegativeUnderV252Test:setUpClass): 200 GET http://10.180.1.21/identity/v3/domains?name=Default 0.025s
2025-11-22 06:02:09.919 66380 INFO tempest.lib.common.rest_client [req-2fa35fab-911f-48d2-961d-c122ae7e31d0 req-2fa35fab-911f-48d2-961d-c122ae7e31d0 ] Request (FloatingIPsTestJSON:setUpClass): 200 GET http://10.180.1.21/identity/v3/roles 0.020s
2025-11-22 06:02:09.926 66327 INFO tempest.lib.common.rest_client [req-880a352a-d493-4232-a655-e999d29aaabd req-880a352a-d493-4232-a655-e999d29aaabd ] Request (ServerDiagnosticsTest:test_get_server_diagnostics): 200 GET http://10.180.1.21/compute/v2.1/servers/00395139-6d23-40cd-a70f-b50e9c038f4f 5.778s
2025-11-22 06:02:09.939 66323 INFO tempest.lib.common.rest_client [req-9a6800df-d135-4fca-9ae9-86b44cff1a93 req-9a6800df-d135-4fca-9ae9-86b44cff1a93 ] Request (HypervisorAdminNegativeUnderV252Test:setUpClass): 201 POST http://10.180.1.21/identity/v3/projects 0.029s
2025-11-22 06:02:09.963 66349 INFO tempest.lib.common.rest_client [req-5c2ecba5-5e49-43b4-aa81-2193413d9009 req-5c2ecba5-5e49-43b4-aa81-2193413d9009 ] Request (SecurityGroupRulesNegativeTestJSON:test_create_security_group_rule_with_invalid_to_port): 400 POST http://10.180.1.21/compute/v2.1/os-security-group-rules 5.155s
2025-11-22 06:02:09.966 66380 INFO tempest.lib.common.rest_client [req-e608c3d7-8089-45e5-95cd-522d1058585e req-e608c3d7-8089-45e5-95cd-522d1058585e ] Request (FloatingIPsTestJSON:setUpClass): 204 PUT http://10.180.1.21/identity/v3/projects/ef56b887f9cc4415b8b459ec5cd1c0ba/users/f158a5c283114943bee770c3428da0e9/roles/441e138bd7404a05822fc8c17bab2177 0.046s
2025-11-22 06:02:09.966 66380 INFO tempest.lib.common.dynamic_creds [-] Dynamic test user f158a5c283114943bee770c3428da0e9 is created with scope project and roles: ['member']
2025-11-22 06:02:09.966 66380 INFO tempest.lib.common.dynamic_creds [-] Acquired dynamic creds: credentials: Credentials: {'domain_id': 'default', 'domain_name': 'Default', 'username': 'tempest-FloatingIPsTestJSON-2057013609-project-member', 'project_domain_id': 'default', 'project_domain_name': 'Default', 'project_id': 'ef56b887f9cc4415b8b459ec5cd1c0ba', 'project_name': 'tempest-FloatingIPsTestJSON-2057013609', 'tenant_id': 'ef56b887f9cc4415b8b459ec5cd1c0ba', 'tenant_name': 'tempest-FloatingIPsTestJSON-2057013609', 'user_domain_id': 'default', 'user_domain_name': 'Default', 'user_id': 'f158a5c283114943bee770c3428da0e9', 'system': None}, Network: None, Subnet: None, Router: None
2025-11-22 06:02:10.029 66341 INFO tempest.lib.common.rest_client [req-8d4719f9-1907-4e07-88f6-2c19bc99481c req-8d4719f9-1907-4e07-88f6-2c19bc99481c ] Request (ServersWithSpecificFlavorTestJSON:test_verify_created_server_ephemeral_disk): 200 GET http://10.180.1.21/compute/v2.1/servers/bf0f1d95-3f91-4d46-b64d-5ad257b64de5 5.049s
2025-11-22 06:02:10.064 66323 INFO tempest.lib.common.rest_client [req-28f1d54d-62cc-4a94-bcd8-fa8d6f600422 req-28f1d54d-62cc-4a94-bcd8-fa8d6f600422 ] Request (HypervisorAdminNegativeUnderV252Test:setUpClass): 201 POST http://10.180.1.21/identity/v3/users 0.124s
2025-11-22 06:02:10.087 66323 INFO tempest.lib.common.rest_client [req-bc6bbbec-748a-451b-9748-5b0e1fd17331 req-bc6bbbec-748a-451b-9748-5b0e1fd17331 ] Request (HypervisorAdminNegativeUnderV252Test:setUpClass): 200 GET http://10.180.1.21/identity/v3/roles 0.022s
2025-11-22 06:02:10.097 66380 INFO tempest.lib.common.rest_client [req-506fd5f4-d449-409f-9164-f0eb5917d77e req-506fd5f4-d449-409f-9164-f0eb5917d77e ] Request (FloatingIPsTestJSON:setUpClass): 201 POST http://10.180.1.21/identity/v3/auth/tokens 0.131s
2025-11-22 06:02:10.119 66323 INFO tempest.lib.common.rest_client [req-1b620025-94b9-4d2c-b54f-53ad5ab74b0c req-1b620025-94b9-4d2c-b54f-53ad5ab74b0c ] Request (HypervisorAdminNegativeUnderV252Test:setUpClass): 204 PUT http://10.180.1.21/identity/v3/projects/0a4361b275c44383a2350cd9826f0331/users/e33b675761754931bf967443ee683943/roles/441e138bd7404a05822fc8c17bab2177 0.032s
2025-11-22 06:02:10.119 66323 INFO tempest.lib.common.dynamic_creds [-] Dynamic test user e33b675761754931bf967443ee683943 is created with scope project and roles: ['member']
2025-11-22 06:02:10.119 66323 INFO tempest.lib.common.dynamic_creds [-] Acquired dynamic creds: credentials: Credentials: {'domain_id': 'default', 'domain_name': 'Default', 'username': 'tempest-HypervisorAdminNegativeUnderV252Test-1047959693-project-member', 'project_domain_id': 'default', 'project_domain_name': 'Default', 'project_id': '0a4361b275c44383a2350cd9826f0331', 'project_name': 'tempest-HypervisorAdminNegativeUnderV252Test-1047959693', 'tenant_id': '0a4361b275c44383a2350cd9826f0331', 'tenant_name': 'tempest-HypervisorAdminNegativeUnderV252Test-1047959693', 'user_domain_id': 'default', 'user_domain_name': 'Default', 'user_id': 'e33b675761754931bf967443ee683943', 'system': None}, Network: None, Subnet: None, Router: None
2025-11-22 06:02:10.120 66323 INFO tempest.lib.common.dynamic_creds [-] Created isolated network resources for: credentials: Credentials: {'domain_id': 'default', 'domain_name': 'Default', 'username': 'tempest-HypervisorAdminNegativeUnderV252Test-1047959693-project-member', 'project_domain_id': 'default', 'project_domain_name': 'Default', 'project_id': '0a4361b275c44383a2350cd9826f0331', 'project_name': 'tempest-HypervisorAdminNegativeUnderV252Test-1047959693', 'tenant_id': '0a4361b275c44383a2350cd9826f0331', 'tenant_name': 'tempest-HypervisorAdminNegativeUnderV252Test-1047959693', 'user_domain_id': 'default', 'user_domain_name': 'Default', 'user_id': 'e33b675761754931bf967443ee683943', 'system': None}, Network: None, Subnet: None, Router: None
2025-11-22 06:02:10.137 66337 INFO tempest.lib.common.rest_client [req-adbfe559-2e02-4ae2-acba-c96ec3487926 req-adbfe559-2e02-4ae2-acba-c96ec3487926 ] Request (DeleteServersAdminTestJSON:test_delete_server_while_in_error_state): 200 GET http://10.180.1.21/compute/v2.1/servers/4deb0b81-7e67-477c-9859-a5e12ab1a02a 4.367s
2025-11-22 06:02:10.151 66367 INFO tempest.lib.common.rest_client [req-a585ae47-c407-400d-91ac-bb0fb8f7a393 req-a585ae47-c407-400d-91ac-bb0fb8f7a393 ] Request (HostsAdminNegativeTestJSON:test_update_nonexistent_host): 404 PUT http://10.180.1.21/compute/v2.1/os-hosts/nonexistent_hostname 4.371s
2025-11-22 06:02:10.158 66357 INFO tempest.lib.common.rest_client [req-db2afc6b-b7d1-4ec6-a2fc-0279d3aef04d req-db2afc6b-b7d1-4ec6-a2fc-0279d3aef04d ] Request (AggregatesAdminNegativeTestJSON:test_aggregate_create_aggregate_name_length_less_than_1): 400 POST http://10.180.1.21/compute/v2.1/os-aggregates 4.371s
2025-11-22 06:02:10.161 66369 INFO tempest.lib.common.rest_client [req-512f8929-32fb-4330-b68b-b279f1d5d85a req-512f8929-32fb-4330-b68b-b279f1d5d85a ] Request (QuotasAdminTestV236:test_get_updated_quotas): 200 PUT http://10.180.1.21/compute/v2.1/os-quota-sets/ac7a282540c245b5922f5f9f7cbdfa68 4.583s
2025-11-22 06:02:10.184 66359 INFO tempest.lib.common.rest_client [req-bd87d20b-4455-4d41-a3bf-e97bd45c9576 req-bd87d20b-4455-4d41-a3bf-e97bd45c9576 ] Request (FlavorsAdminTestJSON:_run_cleanups): 202 DELETE http://10.180.1.21/compute/v2.1/flavors/aed1d516-59ee-45f2-bdb2-f218291db405 4.379s
2025-11-22 06:02:10.189 66353 INFO tempest.lib.common.rest_client [req-4b87866b-0a01-4add-b78b-a7560cd91c07 req-4b87866b-0a01-4add-b78b-a7560cd91c07 ] Request (FlavorsExtraSpecsTestJSON:tearDownClass): 200 GET http://10.180.1.21/compute/v2.1/flavors/detail 4.398s
2025-11-22 06:02:10.207 66323 INFO tempest.lib.common.rest_client [req-edcf9d20-8659-4856-b0c5-ce76ad26d679 req-edcf9d20-8659-4856-b0c5-ce76ad26d679 ] Request (HypervisorAdminNegativeUnderV252Test:setUpClass): 201 POST http://10.180.1.21/identity/v3/auth/tokens 0.084s
2025-11-22 06:02:10.217 66361 INFO tempest.lib.common.rest_client [req-be2714e5-cf6f-4e66-884d-dbf457d187d6 req-be2714e5-cf6f-4e66-884d-dbf457d187d6 ] Request (DeleteServersTestJSON:test_delete_active_server): 404 GET http://10.180.1.21/compute/v2.1/servers/1a45fa67-cafd-4d1c-b254-724760040726 3.430s
2025-11-22 06:02:10.287 66367 INFO tempest.lib.common.rest_client [req-473b3a30-9138-4cd8-850e-b131be83a460 req-473b3a30-9138-4cd8-850e-b131be83a460 ] Request (HostsAdminNegativeTestJSON:tearDownClass): 204 DELETE http://10.180.1.21/identity/v3/users/22872e7652d24352bde6ca95ee6cd8e9 0.135s
2025-11-22 06:02:10.397 66323 INFO tempest.lib.common.rest_client [req-d87b2ab5-98d9-4240-9112-7fa7fdc19f8d req-d87b2ab5-98d9-4240-9112-7fa7fdc19f8d ] Request (HypervisorAdminNegativeUnderV252Test:setUpClass): 201 POST http://10.180.1.21/identity/v3/projects 0.189s
2025-11-22 06:02:10.399 66339 INFO tempest.lib.common.rest_client [req-a0ad2e64-8617-40ed-925e-939385c05e3c req-a0ad2e64-8617-40ed-925e-939385c05e3c ] Request (ServerActionsTestJSON:setUpClass): 200 POST http://10.180.1.21/compute/v2.1/os-keypairs 4.214s
2025-11-22 06:02:10.420 66353 INFO tempest.lib.common.rest_client [req-a5b3d147-5728-4d90-80c8-15676a6cf4a1 req-a5b3d147-5728-4d90-80c8-15676a6cf4a1 ] Request (FlavorsExtraSpecsTestJSON:tearDownClass): 204 DELETE http://10.180.1.21/identity/v3/users/4b653fc8fe8541ca976735ada2299ea6 0.226s
2025-11-22 06:02:10.470 66361 INFO tempest.lib.common.rest_client [req-20ee7349-a732-4ff5-8445-0929ef26f7e3 req-20ee7349-a732-4ff5-8445-0929ef26f7e3 ] Request (DeleteServersTestJSON:test_delete_server_while_in_attached_volume): 201 POST http://10.180.1.21/identity/v3/auth/tokens 0.243s
2025-11-22 06:02:10.471 66361 INFO tempest.lib.common.fixed_network [-] (DeleteServersTestJSON:test_delete_server_while_in_attached_volume) Found network {'id': '96525076-11cb-4ac1-b568-3b2d0c6c31c1', 'name': 'tempest-DeleteServersTestJSON-332490675-network', 'tenant_id': 'd4735d1265f14fbb86fb559ee19c25b9', 'project_id': 'd4735d1265f14fbb86fb559ee19c25b9', 'admin_state_up': True, 'mtu': 8950, 'status': 'ACTIVE', 'subnets': [], 'shared': False, 'port_security_enabled': True, 'router:external': False, 'provider:network_type': 'vlan', 'provider:physical_network': 'default', 'provider:segmentation_id': 958, 'availability_zone_hints': [], 'availability_zones': [], 'ipv4_address_scope': None, 'ipv6_address_scope': None, 'description': '', 'tags': [], 'created_at': '2025-11-22T06:01:18Z', 'updated_at': '2025-11-22T06:01:18Z', 'revision_number': 1} available for tenant
2025-11-22 06:02:10.564 66380 INFO tempest.lib.common.rest_client [req-0063b8f0-8010-41b1-aead-d8aa3a8428d5 req-0063b8f0-8010-41b1-aead-d8aa3a8428d5 ] Request (FloatingIPsTestJSON:setUpClass): 201 POST http://10.180.1.21/networking/v2.0/networks 0.467s
2025-11-22 06:02:10.611 66347 INFO tempest.lib.common.rest_client [req-1860bfcd-c708-4072-8da0-b9bfec2e7fa4 req-1860bfcd-c708-4072-8da0-b9bfec2e7fa4 ] Request (ValidationResourcesFixture:setUp): 201 POST http://10.180.1.21/compute/v2.1/os-keypairs 3.461s
2025-11-22 06:02:10.619 66367 INFO tempest.lib.common.rest_client [req-198a60fb-5dbf-4b31-982b-b806c3ca7b98 req-198a60fb-5dbf-4b31-982b-b806c3ca7b98 ] Request (HostsAdminNegativeTestJSON:tearDownClass): 204 DELETE http://10.180.1.21/identity/v3/users/96b821d7b69f452b82def7ca3b0af0be 0.331s
2025-11-22 06:02:10.619 66367 INFO tempest.lib.common.dynamic_creds [-] Deleting project and security group for project: a74067aa08284ecab650cd11f07a642b
2025-11-22 06:02:10.626 66323 INFO tempest.lib.common.rest_client [req-1487f272-a01c-4e03-affb-e041572f7a76 req-1487f272-a01c-4e03-affb-e041572f7a76 ] Request (HypervisorAdminNegativeUnderV252Test:setUpClass): 201 POST http://10.180.1.21/identity/v3/users 0.227s
2025-11-22 06:02:10.637 66319 INFO tempest.lib.common.rest_client [req-d87eb417-07c3-4e5c-90de-d45c05ff86f6 req-d87eb417-07c3-4e5c-90de-d45c05ff86f6 ] Request (ServicesAdminNegativeTestJSON:test_get_service_with_valid_service_and_invalid_host): 200 GET http://10.180.1.21/compute/v2.1/os-services 3.205s
2025-11-22 06:02:10.667 66351 INFO tempest.lib.common.rest_client [req-9d57ce6e-1258-4bbd-a92e-8d40a7a2e01d req-9d57ce6e-1258-4bbd-a92e-8d40a7a2e01d ] Request (ServerDiagnosticsNegativeTest:test_get_server_diagnostics_by_non_admin): 403 GET http://10.180.1.21/compute/v2.1/servers/ef6b075e-431a-49de-b676-41f95bd4cfa1/diagnostics 3.206s
2025-11-22 06:02:10.693 66367 INFO tempest.lib.common.rest_client [req-796cfe40-338a-437e-bbc1-b7ea2399277f req-796cfe40-338a-437e-bbc1-b7ea2399277f ] Request (HostsAdminNegativeTestJSON:tearDownClass): 201 POST http://10.180.1.21/identity/v3/auth/tokens 0.074s
2025-11-22 06:02:10.699 66377 INFO tempest.lib.common.rest_client [req-99a117bb-c3ee-4bc6-95e8-a4828b94ad1d req-99a117bb-c3ee-4bc6-95e8-a4828b94ad1d ] Request (FlavorsAccessNegativeTestJSON:_run_cleanups): 200 GET http://10.180.1.21/compute/v2.1/flavors/detail 3.217s
2025-11-22 06:02:10.722 66323 INFO tempest.lib.common.rest_client [req-af5f2517-9635-46bf-af97-4a94f6793d9a req-af5f2517-9635-46bf-af97-4a94f6793d9a ] Request (HypervisorAdminNegativeUnderV252Test:setUpClass): 200 GET http://10.180.1.21/identity/v3/roles 0.096s
2025-11-22 06:02:10.753 66317 INFO tempest.lib.common.rest_client [req-e4d843f3-2e1f-42f6-a123-17b795260e37 req-e4d843f3-2e1f-42f6-a123-17b795260e37 ] Request (FlavorsV2TestJSON:test_list_flavors_detailed_using_marker): 200 GET http://10.180.1.21/compute/v2.1/flavors/detail?marker=42 3.235s
2025-11-22 06:02:10.754 66353 INFO tempest.lib.common.rest_client [req-994a398f-0374-48f1-9b0f-e0aa12e2f81b req-994a398f-0374-48f1-9b0f-e0aa12e2f81b ] Request (FlavorsExtraSpecsTestJSON:tearDownClass): 204 DELETE http://10.180.1.21/identity/v3/users/66fa1b5943a64d3ea3d8fcbac52a4294 0.334s
2025-11-22 06:02:10.756 66353 INFO tempest.lib.common.dynamic_creds [-] Deleting project and security group for project: 831332494a1b48b6a0a533356bf59322
2025-11-22 06:02:10.779 66373 INFO tempest.lib.common.rest_client [req-f0b62408-7f5a-4536-9e35-201558e0f089 req-f0b62408-7f5a-4536-9e35-201558e0f089 ] Request (SecurityGroupRulesTestJSON:test_security_group_rules_delete_when_peer_group_deleted): 200 GET http://10.180.1.21/compute/v2.1/os-security-groups/4a0a67ce-4d39-48c3-a97f-26c83acbc288 3.371s
2025-11-22 06:02:10.808 66339 INFO tempest.lib.common.rest_client [req-6d4ba88c-23d1-4b3b-8a5f-a96ffcd5cca5 req-6d4ba88c-23d1-4b3b-8a5f-a96ffcd5cca5 ] Request (ServerActionsTestJSON:setUpClass): 201 POST http://10.180.1.21/networking/v2.0/security-groups 0.406s
2025-11-22 06:02:10.812 66331 INFO tempest.lib.common.rest_client [req-cf675f21-2c06-4166-8977-ca8bf4fb5f10 req-cf675f21-2c06-4166-8977-ca8bf4fb5f10 ] Request (InstanceUsageAuditLogTestJSON:test_list_instance_usage_audit_logs): 200 GET http://10.180.1.21/compute/v2.1/os-instance_usage_audit_log 2.922s
2025-11-22 06:02:10.833 66323 INFO tempest.lib.common.rest_client [req-9ceae57b-46ba-4380-ae20-20deb3b40683 req-9ceae57b-46ba-4380-ae20-20deb3b40683 ] Request (HypervisorAdminNegativeUnderV252Test:setUpClass): 204 PUT http://10.180.1.21/identity/v3/projects/e15e2821f12943ed9d6018730e5d9b87/users/147f947190bd452a854a18560123ddff/roles/fed164be0445430eb8071a5587627a00 0.109s
2025-11-22 06:02:10.857 66353 INFO tempest.lib.common.rest_client [req-066b2857-01c1-44c5-b4eb-c656d0955ebc req-066b2857-01c1-44c5-b4eb-c656d0955ebc ] Request (FlavorsExtraSpecsTestJSON:tearDownClass): 201 POST http://10.180.1.21/identity/v3/auth/tokens 0.101s
2025-11-22 06:02:10.901 66333 INFO tempest.lib.common.rest_client [req-cdcdff73-67b3-4fe6-b6c0-4b264aeb4a3a req-cdcdff73-67b3-4fe6-b6c0-4b264aeb4a3a ] Request (ImagesTestJSON:test_create_image_from_stopped_server): 202 POST http://10.180.1.21/compute/v2.1/servers/e4891c84-09e8-4733-b909-e3dd3125af1b/action 2.840s
2025-11-22 06:02:10.918 66323 INFO tempest.lib.common.rest_client [req-fc3e45c3-6eee-410a-986b-c8c1f092eb32 req-fc3e45c3-6eee-410a-986b-c8c1f092eb32 ] Request (HypervisorAdminNegativeUnderV252Test:setUpClass): 200 GET http://10.180.1.21/identity/v3/roles 0.084s
2025-11-22 06:02:10.922 66347 INFO tempest.lib.common.rest_client [req-c7419d65-7a38-4e51-8510-de904b6123ca req-c7419d65-7a38-4e51-8510-de904b6123ca ] Request (ValidationResourcesFixture:setUp): 201 POST http://10.180.1.21/networking/v2.0/security-groups 0.308s
2025-11-22 06:02:10.960 66331 INFO tempest.lib.common.rest_client [req-bd95887c-643a-45db-b459-a4a013e6d626 req-bd95887c-643a-45db-b459-a4a013e6d626 ] Request (InstanceUsageAuditLogTestJSON:tearDownClass): 204 DELETE http://10.180.1.21/identity/v3/users/0f153da81cf54719bb2db722afe1de0b 0.143s
2025-11-22 06:02:10.979 66323 INFO tempest.lib.common.rest_client [req-10f71459-e388-4f89-8f58-122b567424d0 req-10f71459-e388-4f89-8f58-122b567424d0 ] Request (HypervisorAdminNegativeUnderV252Test:setUpClass): 204 PUT http://10.180.1.21/identity/v3/projects/e15e2821f12943ed9d6018730e5d9b87/users/147f947190bd452a854a18560123ddff/roles/fed164be0445430eb8071a5587627a00 0.059s
2025-11-22 06:02:10.979 66323 INFO tempest.lib.common.dynamic_creds [-] Dynamic test user 147f947190bd452a854a18560123ddff is created with scope project and roles: ['admin']
2025-11-22 06:02:10.979 66323 INFO tempest.lib.common.dynamic_creds [-] Acquired dynamic creds: credentials: Credentials: {'domain_id': 'default', 'domain_name': 'Default', 'username': 'tempest-HypervisorAdminNegativeUnderV252Test-1562477425-project-admin', 'project_domain_id': 'default', 'project_domain_name': 'Default', 'project_id': 'e15e2821f12943ed9d6018730e5d9b87', 'project_name': 'tempest-HypervisorAdminNegativeUnderV252Test-1562477425', 'tenant_id': 'e15e2821f12943ed9d6018730e5d9b87', 'tenant_name': 'tempest-HypervisorAdminNegativeUnderV252Test-1562477425', 'user_domain_id': 'default', 'user_domain_name': 'Default', 'user_id': '147f947190bd452a854a18560123ddff', 'system': None}, Network: None, Subnet: None, Router: None
2025-11-22 06:02:10.980 66323 INFO tempest.lib.common.dynamic_creds [-] Created isolated network resources for: credentials: Credentials: {'domain_id': 'default', 'domain_name': 'Default', 'username': 'tempest-HypervisorAdminNegativeUnderV252Test-1562477425-project-admin', 'project_domain_id': 'default', 'project_domain_name': 'Default', 'project_id': 'e15e2821f12943ed9d6018730e5d9b87', 'project_name': 'tempest-HypervisorAdminNegativeUnderV252Test-1562477425', 'tenant_id': 'e15e2821f12943ed9d6018730e5d9b87', 'tenant_name': 'tempest-HypervisorAdminNegativeUnderV252Test-1562477425', 'user_domain_id': 'default', 'user_domain_name': 'Default', 'user_id': '147f947190bd452a854a18560123ddff', 'system': None}, Network: None, Subnet: None, Router: None
2025-11-22 06:02:11.006 66380 INFO tempest.lib.common.rest_client [req-10d3be8a-75ef-4458-b366-a2b5ffb5caeb req-10d3be8a-75ef-4458-b366-a2b5ffb5caeb ] Request (FloatingIPsTestJSON:setUpClass): 201 POST http://10.180.1.21/networking/v2.0/subnets 0.441s
2025-11-22 06:02:11.073 66323 INFO tempest.lib.common.rest_client [req-37f8c920-b1c0-4a0b-afae-b72c5e887769 req-37f8c920-b1c0-4a0b-afae-b72c5e887769 ] Request (HypervisorAdminNegativeUnderV252Test:setUpClass): 201 POST http://10.180.1.21/identity/v3/auth/tokens 0.090s
2025-11-22 06:02:11.108 66339 INFO tempest.lib.common.rest_client [req-af76c3ab-243f-40a1-8614-c9b167b7965e req-af76c3ab-243f-40a1-8614-c9b167b7965e ] Request (ServerActionsTestJSON:setUpClass): 201 POST http://10.180.1.21/networking/v2.0/security-group-rules 0.300s
2025-11-22 06:02:11.110 66331 INFO tempest.lib.common.rest_client [req-3aea6a47-64e9-4070-98b5-6d3504d5d20d req-3aea6a47-64e9-4070-98b5-6d3504d5d20d ] Request (InstanceUsageAuditLogTestJSON:tearDownClass): 204 DELETE http://10.180.1.21/identity/v3/users/be8bed4c79cb43ee9824b2ad7465554e 0.149s
2025-11-22 06:02:11.110 66331 INFO tempest.lib.common.dynamic_creds [-] Deleting project and security group for project: 72dc604937b74c1f9bc4cfe7b831d670
2025-11-22 06:02:11.175 66331 INFO tempest.lib.common.rest_client [req-201a3615-e192-4377-8059-d331103df958 req-201a3615-e192-4377-8059-d331103df958 ] Request (InstanceUsageAuditLogTestJSON:tearDownClass): 201 POST http://10.180.1.21/identity/v3/auth/tokens 0.065s
2025-11-22 06:02:11.301 66367 INFO tempest.lib.common.rest_client [req-e0be92ba-4ff0-41c8-a68d-3bcdfb98a1ab req-e0be92ba-4ff0-41c8-a68d-3bcdfb98a1ab ] Request (HostsAdminNegativeTestJSON:tearDownClass): 200 GET http://10.180.1.21/networking/v2.0/security-groups?tenant_id=a74067aa08284ecab650cd11f07a642b&name=default 0.607s
2025-11-22 06:02:11.342 66353 INFO tempest.lib.common.rest_client [req-0c14928e-045b-4990-b3b0-451794e1114c req-0c14928e-045b-4990-b3b0-451794e1114c ] Request (FlavorsExtraSpecsTestJSON:tearDownClass): 200 GET http://10.180.1.21/networking/v2.0/security-groups?tenant_id=831332494a1b48b6a0a533356bf59322&name=default 0.484s
2025-11-22 06:02:11.384 66345 INFO tempest.lib.common.rest_client [req-2819a906-bb8e-476d-ad2c-44cba6d78ab3 req-2819a906-bb8e-476d-ad2c-44cba6d78ab3 ] Request (TenantUsagesTestJSON:tearDownClass): 200 GET http://10.180.1.21/compute/v2.1/servers/4b9587a4-96dc-412d-a446-a05c9b0c9e7e 2.630s
2025-11-22 06:02:11.392 66345 INFO tempest.common.waiters [-] State transition "ACTIVE/deleting" ==> "DELETED/None" after 4 second wait
2025-11-22 06:02:11.426 66347 INFO tempest.lib.common.rest_client [req-45f31ee0-338c-4493-afeb-b89ba90bf61e req-45f31ee0-338c-4493-afeb-b89ba90bf61e ] Request (ValidationResourcesFixture:setUp): 201 POST http://10.180.1.21/networking/v2.0/security-group-rules 0.504s
2025-11-22 06:02:11.509 66339 INFO tempest.lib.common.rest_client [req-eccba651-ffcc-441d-bfa1-77716843a3ef req-eccba651-ffcc-441d-bfa1-77716843a3ef ] Request (ServerActionsTestJSON:setUpClass): 201 POST http://10.180.1.21/networking/v2.0/security-group-rules 0.399s
2025-11-22 06:02:11.686 66331 INFO tempest.lib.common.rest_client [req-7edc736d-b91b-4026-9329-965eee84b76b req-7edc736d-b91b-4026-9329-965eee84b76b ] Request (InstanceUsageAuditLogTestJSON:tearDownClass): 200 GET http://10.180.1.21/networking/v2.0/security-groups?tenant_id=72dc604937b74c1f9bc4cfe7b831d670&name=default 0.510s
2025-11-22 06:02:11.801 66367 INFO tempest.lib.common.rest_client [req-5a135d7d-682a-4326-9b21-c367fa45eede req-5a135d7d-682a-4326-9b21-c367fa45eede ] Request (HostsAdminNegativeTestJSON:tearDownClass): 204 DELETE http://10.180.1.21/networking/v2.0/security-groups/2294b2f4-b956-4231-a6b3-689514a6a666 0.499s
2025-11-22 06:02:11.879 66367 INFO tempest.lib.common.rest_client [req-d494fb73-ece2-4721-86ce-487bf7c2d10a req-d494fb73-ece2-4721-86ce-487bf7c2d10a ] Request (HostsAdminNegativeTestJSON:tearDownClass): 204 DELETE http://10.180.1.21/identity/v3/projects/a74067aa08284ecab650cd11f07a642b 0.077s
2025-11-22 06:02:11.879 66367 INFO tempest.lib.common.dynamic_creds [-] Deleting project and security group for project: a9c91cd2837e4ec894223e6f9e36efa8
2025-11-22 06:02:11.888 66353 INFO tempest.lib.common.rest_client [req-9b2b14ce-0559-46ca-b763-d527074a04cd req-9b2b14ce-0559-46ca-b763-d527074a04cd ] Request (FlavorsExtraSpecsTestJSON:tearDownClass): 204 DELETE http://10.180.1.21/networking/v2.0/security-groups/988deb1f-0ebd-4225-8193-caf747be7090 0.545s
2025-11-22 06:02:11.921 66343 INFO tempest.lib.common.rest_client [req-de931d21-82d2-4267-aa0b-c7d75d724ae4 req-de931d21-82d2-4267-aa0b-c7d75d724ae4 ] Request (VolumesAssistedSnapshotsTest:test_volume_assisted_snapshot_create_delete): 200 GET http://10.180.1.21/compute/v2.1/servers/2f5acf7e-89dd-4099-8b64-e7b2627227a6/os-interface 2.906s
2025-11-22 06:02:11.968 66335 INFO tempest.lib.common.rest_client [req-061b786a-fce3-47a1-b7e1-e96d320f4956 req-061b786a-fce3-47a1-b7e1-e96d320f4956 ] Request (KeyPairsV210TestJSON:test_admin_manage_keypairs_for_other_users): 201 POST http://10.180.1.21/compute/v2.1/os-keypairs 2.739s
2025-11-22 06:02:12.017 66347 INFO tempest.lib.common.rest_client [req-86e6ea3d-2c30-4664-898c-45662dc39ed3 req-86e6ea3d-2c30-4664-898c-45662dc39ed3 ] Request (ValidationResourcesFixture:setUp): 201 POST http://10.180.1.21/networking/v2.0/security-group-rules 0.590s
2025-11-22 06:02:12.028 66353 INFO tempest.lib.common.rest_client [req-e3143856-494a-4118-a4f7-bf5a278c2e92 req-e3143856-494a-4118-a4f7-bf5a278c2e92 ] Request (FlavorsExtraSpecsTestJSON:tearDownClass): 204 DELETE http://10.180.1.21/identity/v3/projects/831332494a1b48b6a0a533356bf59322 0.140s
2025-11-22 06:02:12.028 66353 INFO tempest.lib.common.dynamic_creds [-] Deleting project and security group for project: 4a4eb7720fd145c6a9b38e13d3b9224e
2025-11-22 06:02:12.322 66380 INFO tempest.lib.common.rest_client [req-1e4214f1-3719-4834-84d2-1b68758a4451 req-1e4214f1-3719-4834-84d2-1b68758a4451 ] Request (FloatingIPsTestJSON:setUpClass): 201 POST http://10.180.1.21/networking/v2.0/routers 1.316s
2025-11-22 06:02:12.456 66339 INFO tempest.lib.common.rest_client [req-7e3f0445-2b35-4cbc-a242-0afb5a62f148 req-7e3f0445-2b35-4cbc-a242-0afb5a62f148 ] Request (ServerActionsTestJSON:setUpClass): 201 POST http://10.180.1.21/networking/v2.0/floatingips 0.947s
2025-11-22 06:02:12.505 66331 INFO tempest.lib.common.rest_client [req-2e4d208b-842e-4206-9ae9-9d585cc41fcc req-2e4d208b-842e-4206-9ae9-9d585cc41fcc ] Request (InstanceUsageAuditLogTestJSON:tearDownClass): 204 DELETE http://10.180.1.21/networking/v2.0/security-groups/85332f37-cd60-4913-ad97-c0b5a6077b63 0.818s
2025-11-22 06:02:12.538 66339 INFO tempest.lib.common.rest_client [req-73416673-fb41-4a3c-81f2-f8be19ee32ef req-73416673-fb41-4a3c-81f2-f8be19ee32ef ] Request (ServerActionsTestJSON:setUpClass): 201 POST http://10.180.1.21/identity/v3/auth/tokens 0.079s
2025-11-22 06:02:12.538 66339 INFO tempest.lib.common.fixed_network [-] (ServerActionsTestJSON:setUpClass) Found network {'id': 'd6ff1538-9840-4017-adce-3c46c513e720', 'name': 'tempest-ServerActionsTestJSON-1225383339-network', 'tenant_id': 'e981b3c59cdd4a519260bb0290eb1778', 'project_id': 'e981b3c59cdd4a519260bb0290eb1778', 'admin_state_up': True, 'mtu': 8950, 'status': 'ACTIVE', 'subnets': [], 'shared': False, 'port_security_enabled': True, 'router:external': False, 'provider:network_type': 'vlan', 'provider:physical_network': 'default', 'provider:segmentation_id': 570, 'availability_zone_hints': [], 'availability_zones': [], 'ipv4_address_scope': None, 'ipv6_address_scope': None, 'description': '', 'tags': [], 'created_at': '2025-11-22T06:02:03Z', 'updated_at': '2025-11-22T06:02:03Z', 'revision_number': 1} available for tenant
2025-11-22 06:02:12.610 66367 INFO tempest.lib.common.rest_client [req-30657eb7-000a-4adc-ba77-bd8e14df82b7 req-30657eb7-000a-4adc-ba77-bd8e14df82b7 ] Request (HostsAdminNegativeTestJSON:tearDownClass): 200 GET http://10.180.1.21/networking/v2.0/security-groups?tenant_id=a9c91cd2837e4ec894223e6f9e36efa8&name=default 0.730s
2025-11-22 06:02:12.639 66331 INFO tempest.lib.common.rest_client [req-00d5a97d-14f2-4e16-96d8-fc3be2ca5189 req-00d5a97d-14f2-4e16-96d8-fc3be2ca5189 ] Request (InstanceUsageAuditLogTestJSON:tearDownClass): 204 DELETE http://10.180.1.21/identity/v3/projects/72dc604937b74c1f9bc4cfe7b831d670 0.134s
2025-11-22 06:02:12.640 66331 INFO tempest.lib.common.dynamic_creds [-] Deleting project and security group for project: 22f08fb6b6d74bf8833627c45fd005b8
2025-11-22 06:02:12.966 66347 INFO tempest.lib.common.rest_client [req-190367bf-d784-4df6-a05f-0e2d956e6204 req-190367bf-d784-4df6-a05f-0e2d956e6204 ] Request (ValidationResourcesFixture:setUp): 201 POST http://10.180.1.21/networking/v2.0/floatingips 0.948s
2025-11-22 06:02:13.036 66347 INFO tempest.lib.common.rest_client [req-db5ff42c-b922-4d2d-a9f4-0ee89d91a37f req-db5ff42c-b922-4d2d-a9f4-0ee89d91a37f ] Request (AttachVolumeShelveTestJSON:test_attach_volume_shelved_or_offload_server): 201 POST http://10.180.1.21/identity/v3/auth/tokens 0.067s
2025-11-22 06:02:13.037 66347 INFO tempest.lib.common.fixed_network [-] (AttachVolumeShelveTestJSON:test_attach_volume_shelved_or_offload_server) Found network {'id': 'cf8771e3-5e73-4eda-a151-1f05f324ea5d', 'name': 'tempest-AttachVolumeShelveTestJSON-1767254389-network', 'tenant_id': 'cffd9c4928e744c699365ec9efb70343', 'project_id': 'cffd9c4928e744c699365ec9efb70343', 'admin_state_up': True, 'mtu': 8950, 'status': 'ACTIVE', 'subnets': [], 'shared': False, 'port_security_enabled': True, 'router:external': False, 'provider:network_type': 'vlan', 'provider:physical_network': 'default', 'provider:segmentation_id': 378, 'availability_zone_hints': [], 'availability_zones': [], 'ipv4_address_scope': None, 'ipv6_address_scope': None, 'description': '', 'tags': [], 'created_at': '2025-11-22T06:02:03Z', 'updated_at': '2025-11-22T06:02:03Z', 'revision_number': 1} available for tenant
2025-11-22 06:02:13.088 66353 INFO tempest.lib.common.rest_client [req-051abaf2-8b46-4e64-a779-ed4a20e4c346 req-051abaf2-8b46-4e64-a779-ed4a20e4c346 ] Request (FlavorsExtraSpecsTestJSON:tearDownClass): 200 GET http://10.180.1.21/networking/v2.0/security-groups?tenant_id=4a4eb7720fd145c6a9b38e13d3b9224e&name=default 1.059s
2025-11-22 06:02:13.537 66343 INFO tempest.lib.common.rest_client [req-16be8d93-e0ff-465f-b84f-1f5195ac8660 req-16be8d93-e0ff-465f-b84f-1f5195ac8660 ] Request (VolumesAssistedSnapshotsTest:test_volume_assisted_snapshot_create_delete): 200 PUT http://10.180.1.21/networking/v2.0/floatingips/64dfa5b7-661a-4524-aaf4-847de977b983 1.609s
2025-11-22 06:02:13.539 66343 INFO tempest.lib.common.ssh [-] Creating ssh connection to '10.180.180.211:22' as 'cirros' with public key authentication
2025-11-22 06:02:13.723 66367 INFO tempest.lib.common.rest_client [req-4bb70688-3d6c-4157-a713-5a2d0979aaa9 req-4bb70688-3d6c-4157-a713-5a2d0979aaa9 ] Request (HostsAdminNegativeTestJSON:tearDownClass): 204 DELETE http://10.180.1.21/networking/v2.0/security-groups/a60bd73b-7d90-4b1f-8a9a-1f90b13456b4 1.112s
2025-11-22 06:02:13.826 66331 INFO tempest.lib.common.rest_client [req-b2f40451-a484-414a-8661-9d271a5378be req-b2f40451-a484-414a-8661-9d271a5378be ] Request (InstanceUsageAuditLogTestJSON:tearDownClass): 200 GET http://10.180.1.21/networking/v2.0/security-groups?tenant_id=22f08fb6b6d74bf8833627c45fd005b8&name=default 1.186s
2025-11-22 06:02:13.833 66367 INFO tempest.lib.common.rest_client [req-ae0a1043-3213-4b90-b91b-409b1d28e3e7 req-ae0a1043-3213-4b90-b91b-409b1d28e3e7 ] Request (HostsAdminNegativeTestJSON:tearDownClass): 204 DELETE http://10.180.1.21/identity/v3/projects/a9c91cd2837e4ec894223e6f9e36efa8 0.110s
2025-11-22 06:02:13.899 66380 INFO tempest.lib.common.rest_client [req-63e26cb8-01c0-409d-8a3a-d9fe8e030c8f req-63e26cb8-01c0-409d-8a3a-d9fe8e030c8f ] Request (FloatingIPsTestJSON:setUpClass): 200 PUT http://10.180.1.21/networking/v2.0/routers/2008c467-35ea-4959-b481-15dde27d07b0/add_router_interface 1.576s
2025-11-22 06:02:13.899 66380 INFO tempest.lib.common.dynamic_creds [-] Created isolated network resources for: credentials: Credentials: {'domain_id': 'default', 'domain_name': 'Default', 'username': 'tempest-FloatingIPsTestJSON-2057013609-project-member', 'project_domain_id': 'default', 'project_domain_name': 'Default', 'project_id': 'ef56b887f9cc4415b8b459ec5cd1c0ba', 'project_name': 'tempest-FloatingIPsTestJSON-2057013609', 'tenant_id': 'ef56b887f9cc4415b8b459ec5cd1c0ba', 'tenant_name': 'tempest-FloatingIPsTestJSON-2057013609', 'user_domain_id': 'default', 'user_domain_name': 'Default', 'user_id': 'f158a5c283114943bee770c3428da0e9', 'system': None}, Network: {'id': 'e571c16f-3348-4e9d-9183-3df8da821919', 'name': 'tempest-FloatingIPsTestJSON-186539852-network', 'tenant_id': 'ef56b887f9cc4415b8b459ec5cd1c0ba', 'project_id': 'ef56b887f9cc4415b8b459ec5cd1c0ba', 'admin_state_up': True, 'mtu': 8950, 'status': 'ACTIVE', 'subnets': [], 'shared': False, 'port_security_enabled': True, 'router:external': False, 'provider:network_type': 'vlan', 'provider:physical_network': 'default', 'provider:segmentation_id': 366, 'availability_zone_hints': [], 'availability_zones': [], 'ipv4_address_scope': None, 'ipv6_address_scope': None, 'description': '', 'tags': [], 'created_at': '2025-11-22T06:02:10Z', 'updated_at': '2025-11-22T06:02:10Z', 'revision_number': 1}, Subnet: {'id': '373d6fe2-a72b-4ca5-9cc2-53289085ad6c', 'name': 'tempest-FloatingIPsTestJSON-186539852-subnet', 'tenant_id': 'ef56b887f9cc4415b8b459ec5cd1c0ba', 'network_id': 'e571c16f-3348-4e9d-9183-3df8da821919', 'ip_version': 4, 'subnetpool_id': None, 'enable_dhcp': True, 'ipv6_ra_mode': None, 'ipv6_address_mode': None, 'gateway_ip': '192.168.128.1', 'cidr': '192.168.128.0/28', 'allocation_pools': [{'start': '192.168.128.2', 'end': '192.168.128.14'}], 'host_routes': [], 'dns_nameservers': [], 'description': '', 'router:external': False, 'service_types': [], 'tags': [], 'created_at': '2025-11-22T06:02:10Z', 'updated_at': '2025-11-22T06:02:10Z', 'revision_number': 0, 'project_id': 'ef56b887f9cc4415b8b459ec5cd1c0ba'}, Router: {'id': '2008c467-35ea-4959-b481-15dde27d07b0', 'name': 'tempest-FloatingIPsTestJSON-186539852-router', 'tenant_id': 'ef56b887f9cc4415b8b459ec5cd1c0ba', 'admin_state_up': True, 'status': 'ACTIVE', 'external_gateway_info': {'network_id': 'aeb262ad-6842-4658-a69a-9c384c5a699b', 'external_fixed_ips': [{'subnet_id': '0b4a6ca0-529e-4f28-be3b-81725e9379b4', 'ip_address': '10.180.180.177'}], 'enable_snat': True}, 'description': '', 'availability_zones': [], 'distributed': False, 'ha': False, 'availability_zone_hints': [], 'routes': [], 'flavor_id': None, 'tags': [], 'created_at': '2025-11-22T06:02:11Z', 'updated_at': '2025-11-22T06:02:11Z', 'revision_number': 2, 'project_id': 'ef56b887f9cc4415b8b459ec5cd1c0ba'}
2025-11-22 06:02:13.921 66353 INFO tempest.lib.common.rest_client [req-27e6d9cd-3cd1-498d-8133-b4da7e393c03 req-27e6d9cd-3cd1-498d-8133-b4da7e393c03 ] Request (FlavorsExtraSpecsTestJSON:tearDownClass): 204 DELETE http://10.180.1.21/networking/v2.0/security-groups/84b76617-df59-42ce-86bb-e84ab2fd86b5 0.833s
2025-11-22 06:02:13.923 66367 INFO tempest.lib.common.rest_client [req-828d4ccd-dce3-4602-af35-409f21177b91 req-828d4ccd-dce3-4602-af35-409f21177b91 ] Request (HypervisorAdminV228Test:setUpClass): 201 POST http://10.180.1.21/identity/v3/auth/tokens 0.087s
2025-11-22 06:02:13.992 66353 INFO tempest.lib.common.rest_client [req-08376b52-c42d-4d97-ab70-aa85ad5b3859 req-08376b52-c42d-4d97-ab70-aa85ad5b3859 ] Request (FlavorsExtraSpecsTestJSON:tearDownClass): 204 DELETE http://10.180.1.21/identity/v3/projects/4a4eb7720fd145c6a9b38e13d3b9224e 0.070s
2025-11-22 06:02:13.993 66353 INFO tempest.test [-] raised in SpiceDirectConsoleTestJSON.setUpClass. Invoking tearDownClass.
2025-11-22 06:02:14.002 66380 INFO tempest.lib.common.rest_client [req-fbbcecc8-bd18-49dc-9720-03160cdb9a04 req-fbbcecc8-bd18-49dc-9720-03160cdb9a04 ] Request (FloatingIPsTestJSON:setUpClass): 201 POST http://10.180.1.21/identity/v3/auth/tokens 0.100s
2025-11-22 06:02:14.059 66367 INFO tempest.lib.common.rest_client [req-473bc58b-13bf-4653-8597-0b01d527d3ca req-473bc58b-13bf-4653-8597-0b01d527d3ca ] Request (HypervisorAdminV228Test:setUpClass): 201 POST http://10.180.1.21/identity/v3/auth/tokens 0.130s
2025-11-22 06:02:14.086 66367 INFO tempest.lib.common.rest_client [req-87f65613-aed0-44b6-a2e3-68dfeac2d83a req-87f65613-aed0-44b6-a2e3-68dfeac2d83a ] Request (HypervisorAdminV228Test:setUpClass): 200 GET http://10.180.1.21/identity/v3/domains?name=Default 0.026s
2025-11-22 06:02:14.093 66353 INFO tempest.lib.common.rest_client [req-0ab4c09f-6d7e-419a-9db6-0afbc7e0241e req-0ab4c09f-6d7e-419a-9db6-0afbc7e0241e ] Request (FloatingIPsAssociationTestJSON:setUpClass): 201 POST http://10.180.1.21/identity/v3/auth/tokens 0.096s
2025-11-22 06:02:14.102 66331 INFO tempest.lib.common.rest_client [req-23dd673c-a37a-4551-b8e5-d87541c337e3 req-23dd673c-a37a-4551-b8e5-d87541c337e3 ] Request (InstanceUsageAuditLogTestJSON:tearDownClass): 204 DELETE http://10.180.1.21/networking/v2.0/security-groups/3f1d05af-fade-43da-a640-a9f00fd07aad 0.275s
2025-11-22 06:02:14.136 66353 INFO tempest.lib.common.rest_client [req-c05bd473-42a8-4420-9d00-832f99a002af req-c05bd473-42a8-4420-9d00-832f99a002af ] Request (FloatingIPsAssociationTestJSON:setUpClass): 201 POST http://10.180.1.21/identity/v3/auth/tokens 0.037s
2025-11-22 06:02:14.143 66367 INFO tempest.lib.common.rest_client [req-7d863f3c-0e6c-4a7f-9f51-e14abd0e3163 req-7d863f3c-0e6c-4a7f-9f51-e14abd0e3163 ] Request (HypervisorAdminV228Test:setUpClass): 201 POST http://10.180.1.21/identity/v3/projects 0.057s
2025-11-22 06:02:14.167 66365 INFO tempest.lib.common.rest_client [req-70e88ad9-d12b-4de7-828b-87390a85e125 req-70e88ad9-d12b-4de7-828b-87390a85e125 ] Request (ServerGroupTestJSON:test_create_server_with_scheduler_hint_group): 202 POST http://10.180.1.21/compute/v2.1/servers 6.577s
2025-11-22 06:02:14.204 66353 INFO tempest.lib.common.rest_client [req-ccfa25d0-89a8-4ac0-8336-98bf9859d5ee req-ccfa25d0-89a8-4ac0-8336-98bf9859d5ee ] Request (FloatingIPsAssociationTestJSON:setUpClass): 200 GET http://10.180.1.21/identity/v3/domains?name=Default 0.067s
2025-11-22 06:02:14.237 66367 INFO tempest.lib.common.rest_client [req-9e01a9f3-dcbd-4704-a3b6-daaf8c85ce62 req-9e01a9f3-dcbd-4704-a3b6-daaf8c85ce62 ] Request (HypervisorAdminV228Test:setUpClass): 201 POST http://10.180.1.21/identity/v3/users 0.093s
2025-11-22 06:02:14.267 66331 INFO tempest.lib.common.rest_client [req-528d780a-41ee-4209-b0eb-2af2bd7758c9 req-528d780a-41ee-4209-b0eb-2af2bd7758c9 ] Request (InstanceUsageAuditLogTestJSON:tearDownClass): 204 DELETE http://10.180.1.21/identity/v3/projects/22f08fb6b6d74bf8833627c45fd005b8 0.165s
2025-11-22 06:02:14.439 66325 INFO tempest.lib.common.rest_client [req-7dcba550-3f14-4443-8067-7a6734558e10 req-7dcba550-3f14-4443-8067-7a6734558e10 ] Request (ServerExternalEventsTest:test_create_server_external_events): 202 POST http://10.180.1.21/compute/v2.1/servers 5.047s
2025-11-22 06:02:14.494 66353 INFO tempest.lib.common.rest_client [req-6f0c767f-705a-4e74-9ae5-b0737411283a req-6f0c767f-705a-4e74-9ae5-b0737411283a ] Request (FloatingIPsAssociationTestJSON:setUpClass): 201 POST http://10.180.1.21/identity/v3/projects 0.289s
2025-11-22 06:02:14.603 66331 INFO tempest.lib.common.rest_client [req-1ca17dc6-fbd4-4f19-a03e-7d133d12c412 req-1ca17dc6-fbd4-4f19-a03e-7d133d12c412 ] Request (MigrationsAdminTest:setUpClass): 201 POST http://10.180.1.21/identity/v3/auth/tokens 0.332s
2025-11-22 06:02:14.617 66367 INFO tempest.lib.common.rest_client [req-2cc5c0b9-c01a-4842-9ea8-bf8ed57878d1 req-2cc5c0b9-c01a-4842-9ea8-bf8ed57878d1 ] Request (HypervisorAdminV228Test:setUpClass): 200 GET http://10.180.1.21/identity/v3/roles 0.380s
2025-11-22 06:02:14.634 66353 INFO tempest.lib.common.rest_client [req-f1b8b017-a122-471c-bf24-f9360cd2175d req-f1b8b017-a122-471c-bf24-f9360cd2175d ] Request (FloatingIPsAssociationTestJSON:setUpClass): 201 POST http://10.180.1.21/identity/v3/users 0.135s
2025-11-22 06:02:14.663 66331 INFO tempest.lib.common.rest_client [req-6a6950fc-1325-4f8c-bed8-239253cc8ef7 req-6a6950fc-1325-4f8c-bed8-239253cc8ef7 ] Request (MigrationsAdminTest:setUpClass): 201 POST http://10.180.1.21/identity/v3/auth/tokens 0.056s
2025-11-22 06:02:14.679 66367 INFO tempest.lib.common.rest_client [req-9061b513-69e5-4b82-9a64-4a99f83e1161 req-9061b513-69e5-4b82-9a64-4a99f83e1161 ] Request (HypervisorAdminV228Test:setUpClass): 204 PUT http://10.180.1.21/identity/v3/projects/c452614e084c43adb642a2ca6115f6c3/users/1c347e37032641d093c5865b4f691f4f/roles/441e138bd7404a05822fc8c17bab2177 0.061s
2025-11-22 06:02:14.679 66367 INFO tempest.lib.common.dynamic_creds [-] Dynamic test user 1c347e37032641d093c5865b4f691f4f is created with scope project and roles: ['member']
2025-11-22 06:02:14.679 66367 INFO tempest.lib.common.dynamic_creds [-] Acquired dynamic creds: credentials: Credentials: {'domain_id': 'default', 'domain_name': 'Default', 'username': 'tempest-HypervisorAdminV228Test-1328475978-project-member', 'project_domain_id': 'default', 'project_domain_name': 'Default', 'project_id': 'c452614e084c43adb642a2ca6115f6c3', 'project_name': 'tempest-HypervisorAdminV228Test-1328475978', 'tenant_id': 'c452614e084c43adb642a2ca6115f6c3', 'tenant_name': 'tempest-HypervisorAdminV228Test-1328475978', 'user_domain_id': 'default', 'user_domain_name': 'Default', 'user_id': '1c347e37032641d093c5865b4f691f4f', 'system': None}, Network: None, Subnet: None, Router: None
2025-11-22 06:02:14.679 66367 INFO tempest.lib.common.dynamic_creds [-] Created isolated network resources for: credentials: Credentials: {'domain_id': 'default', 'domain_name': 'Default', 'username': 'tempest-HypervisorAdminV228Test-1328475978-project-member', 'project_domain_id': 'default', 'project_domain_name': 'Default', 'project_id': 'c452614e084c43adb642a2ca6115f6c3', 'project_name': 'tempest-HypervisorAdminV228Test-1328475978', 'tenant_id': 'c452614e084c43adb642a2ca6115f6c3', 'tenant_name': 'tempest-HypervisorAdminV228Test-1328475978', 'user_domain_id': 'default', 'user_domain_name': 'Default', 'user_id': '1c347e37032641d093c5865b4f691f4f', 'system': None}, Network: None, Subnet: None, Router: None
2025-11-22 06:02:14.732 66353 INFO tempest.lib.common.rest_client [req-b41ea845-8625-493e-861b-1553f4a7a6fb req-b41ea845-8625-493e-861b-1553f4a7a6fb ] Request (FloatingIPsAssociationTestJSON:setUpClass): 200 GET http://10.180.1.21/identity/v3/roles 0.097s
2025-11-22 06:02:14.758 66331 INFO tempest.lib.common.rest_client [req-57be3f76-4beb-485e-996a-604e43f23258 req-57be3f76-4beb-485e-996a-604e43f23258 ] Request (MigrationsAdminTest:setUpClass): 200 GET http://10.180.1.21/identity/v3/domains?name=Default 0.095s
2025-11-22 06:02:14.785 66353 INFO tempest.lib.common.rest_client [req-df6a7406-6c27-4674-b88f-1d2dd89c5376 req-df6a7406-6c27-4674-b88f-1d2dd89c5376 ] Request (FloatingIPsAssociationTestJSON:setUpClass): 204 PUT http://10.180.1.21/identity/v3/projects/3b03baa4fc464667ac03e0d5bf51e608/users/240e93d671d14c56a267f141d1440481/roles/441e138bd7404a05822fc8c17bab2177 0.052s
2025-11-22 06:02:14.786 66353 INFO tempest.lib.common.dynamic_creds [-] Dynamic test user 240e93d671d14c56a267f141d1440481 is created with scope project and roles: ['member']
2025-11-22 06:02:14.786 66353 INFO tempest.lib.common.dynamic_creds [-] Acquired dynamic creds: credentials: Credentials: {'domain_id': 'default', 'domain_name': 'Default', 'username': 'tempest-FloatingIPsAssociationTestJSON-987097471-project-member', 'project_domain_id': 'default', 'project_domain_name': 'Default', 'project_id': '3b03baa4fc464667ac03e0d5bf51e608', 'project_name': 'tempest-FloatingIPsAssociationTestJSON-987097471', 'tenant_id': '3b03baa4fc464667ac03e0d5bf51e608', 'tenant_name': 'tempest-FloatingIPsAssociationTestJSON-987097471', 'user_domain_id': 'default', 'user_domain_name': 'Default', 'user_id': '240e93d671d14c56a267f141d1440481', 'system': None}, Network: None, Subnet: None, Router: None
2025-11-22 06:02:14.811 66367 INFO tempest.lib.common.rest_client [req-8f5cb35b-ffe2-4fcd-b42a-d847708177be req-8f5cb35b-ffe2-4fcd-b42a-d847708177be ] Request (HypervisorAdminV228Test:setUpClass): 201 POST http://10.180.1.21/identity/v3/auth/tokens 0.127s
2025-11-22 06:02:14.837 66353 INFO tempest.lib.common.rest_client [req-15d46a3e-3559-4ccd-a67f-3949028d4a33 req-15d46a3e-3559-4ccd-a67f-3949028d4a33 ] Request (FloatingIPsAssociationTestJSON:setUpClass): 201 POST http://10.180.1.21/identity/v3/auth/tokens 0.051s
2025-11-22 06:02:14.877 66331 INFO tempest.lib.common.rest_client [req-616b40a3-a7cc-462a-b215-c08ce4470577 req-616b40a3-a7cc-462a-b215-c08ce4470577 ] Request (MigrationsAdminTest:setUpClass): 201 POST http://10.180.1.21/identity/v3/projects 0.118s
2025-11-22 06:02:14.878 66367 INFO tempest.lib.common.rest_client [req-9b761283-79df-47ed-8da8-cada7cdc4a28 req-9b761283-79df-47ed-8da8-cada7cdc4a28 ] Request (HypervisorAdminV228Test:setUpClass): 201 POST http://10.180.1.21/identity/v3/projects 0.066s
2025-11-22 06:02:14.949 66331 INFO tempest.lib.common.rest_client [req-a1630ac5-6bbc-4e01-8ce9-3c90866b1208 req-a1630ac5-6bbc-4e01-8ce9-3c90866b1208 ] Request (MigrationsAdminTest:setUpClass): 201 POST http://10.180.1.21/identity/v3/users 0.071s
2025-11-22 06:02:14.954 66367 INFO tempest.lib.common.rest_client [req-13ba73b6-2ec4-49e8-87fa-d0ed8ec5092a req-13ba73b6-2ec4-49e8-87fa-d0ed8ec5092a ] Request (HypervisorAdminV228Test:setUpClass): 201 POST http://10.180.1.21/identity/v3/users 0.074s
2025-11-22 06:02:14.972 66331 INFO tempest.lib.common.rest_client [req-df088cea-71c4-419a-9166-111774676cd1 req-df088cea-71c4-419a-9166-111774676cd1 ] Request (MigrationsAdminTest:setUpClass): 200 GET http://10.180.1.21/identity/v3/roles 0.022s
2025-11-22 06:02:14.976 66367 INFO tempest.lib.common.rest_client [req-5a0d065e-1b25-46e2-8891-fa834ea4ddb4 req-5a0d065e-1b25-46e2-8891-fa834ea4ddb4 ] Request (HypervisorAdminV228Test:setUpClass): 200 GET http://10.180.1.21/identity/v3/roles 0.021s
2025-11-22 06:02:15.000 66331 INFO tempest.lib.common.rest_client [req-1474863b-055e-44b9-bb71-0a2bf82fea0b req-1474863b-055e-44b9-bb71-0a2bf82fea0b ] Request (MigrationsAdminTest:setUpClass): 204 PUT http://10.180.1.21/identity/v3/projects/be96a7fb65bb48df80359051ca566801/users/a6d47e11380e4c28a35ff3da010125cf/roles/441e138bd7404a05822fc8c17bab2177 0.027s
2025-11-22 06:02:15.000 66331 INFO tempest.lib.common.dynamic_creds [-] Dynamic test user a6d47e11380e4c28a35ff3da010125cf is created with scope project and roles: ['member']
2025-11-22 06:02:15.000 66331 INFO tempest.lib.common.dynamic_creds [-] Acquired dynamic creds: credentials: Credentials: {'domain_id': 'default', 'domain_name': 'Default', 'username': 'tempest-MigrationsAdminTest-706983194-project-member', 'project_domain_id': 'default', 'project_domain_name': 'Default', 'project_id': 'be96a7fb65bb48df80359051ca566801', 'project_name': 'tempest-MigrationsAdminTest-706983194', 'tenant_id': 'be96a7fb65bb48df80359051ca566801', 'tenant_name': 'tempest-MigrationsAdminTest-706983194', 'user_domain_id': 'default', 'user_domain_name': 'Default', 'user_id': 'a6d47e11380e4c28a35ff3da010125cf', 'system': None}, Network: None, Subnet: None, Router: None
2025-11-22 06:02:15.000 66331 INFO tempest.lib.common.dynamic_creds [-] Created isolated network resources for: credentials: Credentials: {'domain_id': 'default', 'domain_name': 'Default', 'username': 'tempest-MigrationsAdminTest-706983194-project-member', 'project_domain_id': 'default', 'project_domain_name': 'Default', 'project_id': 'be96a7fb65bb48df80359051ca566801', 'project_name': 'tempest-MigrationsAdminTest-706983194', 'tenant_id': 'be96a7fb65bb48df80359051ca566801', 'tenant_name': 'tempest-MigrationsAdminTest-706983194', 'user_domain_id': 'default', 'user_domain_name': 'Default', 'user_id': 'a6d47e11380e4c28a35ff3da010125cf', 'system': None}, Network: None, Subnet: None, Router: None
2025-11-22 06:02:15.007 66367 INFO tempest.lib.common.rest_client [req-cf92095a-2d67-4c77-8bc8-78ed96d6312f req-cf92095a-2d67-4c77-8bc8-78ed96d6312f ] Request (HypervisorAdminV228Test:setUpClass): 204 PUT http://10.180.1.21/identity/v3/projects/9caad8e1e3564538bebf9763294ccade/users/bddecc17a6a04e1a95038b835b08d501/roles/fed164be0445430eb8071a5587627a00 0.030s
2025-11-22 06:02:15.068 66367 INFO tempest.lib.common.rest_client [req-9df1f59a-9b90-4d0a-942c-3cb40cf77aeb req-9df1f59a-9b90-4d0a-942c-3cb40cf77aeb ] Request (HypervisorAdminV228Test:setUpClass): 200 GET http://10.180.1.21/identity/v3/roles 0.061s
2025-11-22 06:02:15.095 66331 INFO tempest.lib.common.rest_client [req-e6868dbb-7d3c-430c-8ecf-85bd92230706 req-e6868dbb-7d3c-430c-8ecf-85bd92230706 ] Request (MigrationsAdminTest:setUpClass): 201 POST http://10.180.1.21/identity/v3/auth/tokens 0.091s
