2025-11-22 06:03:16.566 66373 INFO tempest.lib.common.dynamic_creds [-] Created isolated network resources for: credentials: Credentials: {'domain_id': 'default', 'domain_name': 'Default', 'username': 'tempest-AttachInterfacesUnderV243Test-111676604-project-member', 'project_domain_id': 'default', 'project_domain_name': 'Default', 'project_id': '33f6a1dbeac34649bedc38a1f83d52f5', 'project_name': 'tempest-AttachInterfacesUnderV243Test-111676604', 'tenant_id': '33f6a1dbeac34649bedc38a1f83d52f5', 'tenant_name': 'tempest-AttachInterfacesUnderV243Test-111676604', 'user_domain_id': 'default', 'user_domain_name': 'Default', 'user_id': 'e1d51cb78d9b41e09a91752648dfaf87', 'system': None}, Network: {'id': '4eb1b36e-7206-46e5-a92a-529d7c1ffb6d', 'name': 'tempest-AttachInterfacesUnderV243Test-1808165220-network', 'tenant_id': '33f6a1dbeac34649bedc38a1f83d52f5', 'project_id': '33f6a1dbeac34649bedc38a1f83d52f5', 'admin_state_up': True, 'mtu': 8950, 'status': 'ACTIVE', 'subnets': [], 'shared': False, 'port_security_enabled': True, 'router:external': False, 'provider:network_type': 'vlan', 'provider:physical_network': 'default', 'provider:segmentation_id': 736, 'availability_zone_hints': [], 'availability_zones': [], 'ipv4_address_scope': None, 'ipv6_address_scope': None, 'description': '', 'tags': [], 'created_at': '2025-11-22T06:03:14Z', 'updated_at': '2025-11-22T06:03:14Z', 'revision_number': 1}, Subnet: {'id': 'c01140de-23c4-4f3e-893f-37ae83e9d873', 'name': 'tempest-AttachInterfacesUnderV243Test-1808165220-subnet', 'tenant_id': '33f6a1dbeac34649bedc38a1f83d52f5', 'network_id': '4eb1b36e-7206-46e5-a92a-529d7c1ffb6d', 'ip_version': 4, 'subnetpool_id': None, 'enable_dhcp': True, 'ipv6_ra_mode': None, 'ipv6_address_mode': None, 'gateway_ip': '192.168.128.1', 'cidr': '192.168.128.0/28', 'allocation_pools': [{'start': '192.168.128.2', 'end': '192.168.128.14'}], 'host_routes': [], 'dns_nameservers': [], 'description': '', 'router:external': False, 'service_types': [], 'tags': [], 'created_at': '2025-11-22T06:03:14Z', 'updated_at': '2025-11-22T06:03:14Z', 'revision_number': 0, 'project_id': '33f6a1dbeac34649bedc38a1f83d52f5'}, Router: {'id': 'cb9a6aa3-c704-4285-9685-cf92589a85d1', 'name': 'tempest-AttachInterfacesUnderV243Test-1808165220-router', 'tenant_id': '33f6a1dbeac34649bedc38a1f83d52f5', 'admin_state_up': True, 'status': 'ACTIVE', 'external_gateway_info': {'network_id': 'aeb262ad-6842-4658-a69a-9c384c5a699b', 'external_fixed_ips': [{'subnet_id': '0b4a6ca0-529e-4f28-be3b-81725e9379b4', 'ip_address': '10.180.180.151'}], 'enable_snat': True}, 'description': '', 'availability_zones': [], 'distributed': False, 'ha': False, 'availability_zone_hints': [], 'routes': [], 'flavor_id': None, 'tags': [], 'created_at': '2025-11-22T06:03:14Z', 'updated_at': '2025-11-22T06:03:15Z', 'revision_number': 2, 'project_id': '33f6a1dbeac34649bedc38a1f83d52f5'}
2025-11-22 06:03:16.660 66373 INFO tempest.lib.common.rest_client [req-1ac3976f-62a3-41c4-9a87-6f9b21d81a18 req-1ac3976f-62a3-41c4-9a87-6f9b21d81a18 ] Request (AttachInterfacesUnderV243Test:setUpClass): 201 POST http://10.180.1.21/identity/v3/auth/tokens 0.087s
2025-11-22 06:03:16.767 66353 INFO tempest.lib.common.rest_client [req-8ba61fcf-cfd8-424d-bf76-bf31bc6e09a3 req-8ba61fcf-cfd8-424d-bf76-bf31bc6e09a3 ] Request (FloatingIPsAssociationTestJSON:test_associate_already_associated_floating_ip): 200 GET http://10.180.1.21/compute/v2.1/servers/3aa4d5ea-53b7-4649-a1d9-a1f1a4110240 6.293s
2025-11-22 06:03:16.838 66319 INFO tempest.lib.common.rest_client [req-4b0673cd-90a7-488f-a461-cd36230c8364 req-4b0673cd-90a7-488f-a461-cd36230c8364 ] Request (ServersNegativeTestJSON:setUpClass): 201 POST http://10.180.1.21/networking/v2.0/networks 0.865s
2025-11-22 06:03:16.858 66335 INFO tempest.lib.common.rest_client [req-8705768e-5bf3-4aad-a206-b04e72b9c202 req-8705768e-5bf3-4aad-a206-b04e72b9c202 ] Request (ServerShowV257Test:test_rebuild_server): 200 GET http://10.180.1.21/compute/v2.1/servers/9f1d6ff0-dccd-4ea6-925d-e8a3d19d97ef 6.318s
2025-11-22 06:03:16.863 66355 INFO tempest.lib.common.rest_client [req-c3485ed5-9621-4c3c-aa97-e5dc7c671e62 req-c3485ed5-9621-4c3c-aa97-e5dc7c671e62 ] Request (MultipleCreateNegativeTestJSON:test_min_count_less_than_one): 400 POST http://10.180.1.21/compute/v2.1/servers 6.282s
2025-11-22 06:03:16.939 66355 INFO tempest.lib.common.rest_client [req-5c251855-afec-495c-89f7-0b5ba7d32861 req-5c251855-afec-495c-89f7-0b5ba7d32861 ] Request (MultipleCreateNegativeTestJSON:test_min_count_non_integer): 201 POST http://10.180.1.21/identity/v3/auth/tokens 0.070s
2025-11-22 06:03:16.940 66355 INFO tempest.lib.common.fixed_network [-] (MultipleCreateNegativeTestJSON:test_min_count_non_integer) Found network None available for tenant
2025-11-22 06:03:17.006 66319 INFO tempest.lib.common.rest_client [req-051a82b8-c0b9-4eb4-b063-b1bc68dbd3e8 req-051a82b8-c0b9-4eb4-b063-b1bc68dbd3e8 ] Request (ServersNegativeTestJSON:setUpClass): 201 POST http://10.180.1.21/networking/v2.0/subnets 0.168s
2025-11-22 06:03:17.027 66317 INFO tempest.lib.common.rest_client [req-65d98d33-ee06-4016-ab8d-9c42e0999b94 req-65d98d33-ee06-4016-ab8d-9c42e0999b94 ] Request (ServerAddressesNegativeTestJSON:setUpClass): 200 GET http://10.180.1.21/compute/v2.1/servers/6eaceb5d-75ad-4d09-ba41-019214650c1e 6.367s
2025-11-22 06:03:17.694 66319 INFO tempest.lib.common.rest_client [req-310146e4-5c4e-4fbf-b1e5-4beddf9277dd req-310146e4-5c4e-4fbf-b1e5-4beddf9277dd ] Request (ServersNegativeTestJSON:setUpClass): 201 POST http://10.180.1.21/networking/v2.0/routers 0.687s
2025-11-22 06:03:17.727 66349 INFO tempest.lib.common.rest_client [req-d63582e5-8f05-4610-8ce4-22354495b23e req-d63582e5-8f05-4610-8ce4-22354495b23e ] Request (ServersV294TestFqdnHostnames:setUpClass): 200 GET http://10.180.1.21/compute/v2.1/servers/ce5d4079-89f2-464e-a50f-0877edf2ef27 6.982s
2025-11-22 06:03:18.066 66341 WARNING tempest.lib.common.ssh [-] Failed to establish authenticated ssh connection to cirros@10.180.180.240 ([Errno None] Unable to connect to port 22 on 10.180.180.240). Number attempts: 5. Retry after 6 seconds.: paramiko.ssh_exception.NoValidConnectionsError: [Errno None] Unable to connect to port 22 on 10.180.180.240
2025-11-22 06:03:18.280 66321 INFO tempest.lib.common.rest_client [req-1b0851b0-ddcd-420f-9735-d925778f2924 req-1b0851b0-ddcd-420f-9735-d925778f2924 ] Request (ListImageFiltersTestJSON:setUpClass): 202 POST http://10.180.1.21/compute/v2.1/servers/53146262-156c-4828-ba45-5bf6bd1c695b/action 7.415s
2025-11-22 06:03:18.319 66343 INFO tempest.lib.common.rest_client [req-285f1887-f337-46ec-bb30-267b9e0bc212 req-285f1887-f337-46ec-bb30-267b9e0bc212 ] Request (VolumesAssistedSnapshotsTest:_run_cleanups): 200 GET http://10.180.1.21/compute/v2.1/servers/2f5acf7e-89dd-4099-8b64-e7b2627227a6/os-volume_attachments 7.421s
2025-11-22 06:03:18.377 66343 INFO tempest.lib.common.rest_client [req-e4ba7c00-0a8e-4084-a909-5531eb37ec9d req-e4ba7c00-0a8e-4084-a909-5531eb37ec9d ] Request (VolumesAssistedSnapshotsTest:_run_cleanups): 200 GET http://10.180.1.21/volume/v3/volumes/915936b3-8288-43e6-9270-6b8a93842276 0.056s
2025-11-22 06:03:18.387 66343 INFO tempest.common.waiters [-] volume 915936b3-8288-43e6-9270-6b8a93842276 reached available after waiting for 0.387233 seconds
2025-11-22 06:03:18.468 66343 INFO tempest.lib.common.rest_client [req-2a86d7e8-818e-40cf-a6ff-46e81721625c req-2a86d7e8-818e-40cf-a6ff-46e81721625c ] Request (VolumesAssistedSnapshotsTest:_run_cleanups): 202 DELETE http://10.180.1.21/volume/v3/volumes/915936b3-8288-43e6-9270-6b8a93842276 0.080s
2025-11-22 06:03:18.498 66343 INFO tempest.lib.common.rest_client [req-c439590e-b495-4550-ade6-de8c9c783d76 req-c439590e-b495-4550-ade6-de8c9c783d76 ] Request (VolumesAssistedSnapshotsTest:_run_cleanups): 200 GET http://10.180.1.21/volume/v3/volumes/915936b3-8288-43e6-9270-6b8a93842276 0.030s
2025-11-22 06:03:18.780 66319 INFO tempest.lib.common.rest_client [req-32f3f9f5-df74-4d7a-afa5-a3dee4c4f013 req-32f3f9f5-df74-4d7a-afa5-a3dee4c4f013 ] Request (ServersNegativeTestJSON:setUpClass): 200 PUT http://10.180.1.21/networking/v2.0/routers/851c9e06-0034-4d51-8494-1bd64d71070b/add_router_interface 1.085s
2025-11-22 06:03:18.780 66319 INFO tempest.lib.common.dynamic_creds [-] Created isolated network resources for: credentials: Credentials: {'domain_id': 'default', 'domain_name': 'Default', 'username': 'tempest-ServersNegativeTestJSON-146671754-project-member', 'project_domain_id': 'default', 'project_domain_name': 'Default', 'project_id': '6f1fb66629434b0c95e8f8ed7aab0841', 'project_name': 'tempest-ServersNegativeTestJSON-146671754', 'tenant_id': '6f1fb66629434b0c95e8f8ed7aab0841', 'tenant_name': 'tempest-ServersNegativeTestJSON-146671754', 'user_domain_id': 'default', 'user_domain_name': 'Default', 'user_id': '2054133f4a864a04b51aa05be2cddc5d', 'system': None}, Network: {'id': '7c0a79e4-1287-48f1-ba42-4e20ab68a924', 'name': 'tempest-ServersNegativeTestJSON-1280756534-network', 'tenant_id': '6f1fb66629434b0c95e8f8ed7aab0841', 'project_id': '6f1fb66629434b0c95e8f8ed7aab0841', 'admin_state_up': True, 'mtu': 8950, 'status': 'ACTIVE', 'subnets': [], 'shared': False, 'port_security_enabled': True, 'router:external': False, 'provider:network_type': 'vlan', 'provider:physical_network': 'default', 'provider:segmentation_id': 291, 'availability_zone_hints': [], 'availability_zones': [], 'ipv4_address_scope': None, 'ipv6_address_scope': None, 'description': '', 'tags': [], 'created_at': '2025-11-22T06:03:16Z', 'updated_at': '2025-11-22T06:03:16Z', 'revision_number': 1}, Subnet: {'id': 'b0b9deff-204f-4d19-8684-9f321eda6f4e', 'name': 'tempest-ServersNegativeTestJSON-1280756534-subnet', 'tenant_id': '6f1fb66629434b0c95e8f8ed7aab0841', 'network_id': '7c0a79e4-1287-48f1-ba42-4e20ab68a924', 'ip_version': 4, 'subnetpool_id': None, 'enable_dhcp': True, 'ipv6_ra_mode': None, 'ipv6_address_mode': None, 'gateway_ip': '192.168.128.1', 'cidr': '192.168.128.0/28', 'allocation_pools': [{'start': '192.168.128.2', 'end': '192.168.128.14'}], 'host_routes': [], 'dns_nameservers': [], 'description': '', 'router:external': False, 'service_types': [], 'tags': [], 'created_at': '2025-11-22T06:03:16Z', 'updated_at': '2025-11-22T06:03:16Z', 'revision_number': 0, 'project_id': '6f1fb66629434b0c95e8f8ed7aab0841'}, Router: {'id': '851c9e06-0034-4d51-8494-1bd64d71070b', 'name': 'tempest-ServersNegativeTestJSON-1280756534-router', 'tenant_id': '6f1fb66629434b0c95e8f8ed7aab0841', 'admin_state_up': True, 'status': 'ACTIVE', 'external_gateway_info': {'network_id': 'aeb262ad-6842-4658-a69a-9c384c5a699b', 'external_fixed_ips': [{'subnet_id': '0b4a6ca0-529e-4f28-be3b-81725e9379b4', 'ip_address': '10.180.180.144'}], 'enable_snat': True}, 'description': '', 'availability_zones': [], 'distributed': False, 'ha': False, 'availability_zone_hints': [], 'routes': [], 'flavor_id': None, 'tags': [], 'created_at': '2025-11-22T06:03:17Z', 'updated_at': '2025-11-22T06:03:17Z', 'revision_number': 2, 'project_id': '6f1fb66629434b0c95e8f8ed7aab0841'}
2025-11-22 06:03:18.806 66361 INFO tempest.lib.common.rest_client [req-2a35d0a1-44c7-4c2f-a724-8819dd71eade req-2a35d0a1-44c7-4c2f-a724-8819dd71eade ] Request (DeleteServersTestJSON:test_delete_server_while_in_attached_volume): 200 GET http://10.180.1.21/compute/v2.1/servers/913c7bd1-b41b-4a13-99d3-6f968ddc26c6 7.651s
2025-11-22 06:03:18.818 66361 INFO tempest.common.waiters [-] State transition "ACTIVE/deleting" ==> "DELETED/None" after 8 second wait
2025-11-22 06:03:18.879 66319 INFO tempest.lib.common.rest_client [req-a05a2894-3885-4560-9f68-b80d58f4ae7a req-a05a2894-3885-4560-9f68-b80d58f4ae7a ] Request (ServersNegativeTestJSON:setUpClass): 201 POST http://10.180.1.21/identity/v3/auth/tokens 0.095s
2025-11-22 06:03:18.892 66333 INFO tempest.lib.common.rest_client [req-b6a21562-9ab2-4a1f-82f4-f41701bacf85 req-b6a21562-9ab2-4a1f-82f4-f41701bacf85 ] Request (ImagesTestJSON:test_create_image_from_suspended_server): 200 GET http://10.180.1.21/compute/v2.1/servers/f1d75e38-7c9e-4355-9dbf-ff7e80e1d916 7.347s
2025-11-22 06:03:18.922 66319 INFO tempest.lib.common.rest_client [req-a5675fcf-22db-46fd-a408-7b895cf9d727 req-a5675fcf-22db-46fd-a408-7b895cf9d727 ] Request (ServersNegativeTestJSON:setUpClass): 201 POST http://10.180.1.21/identity/v3/auth/tokens 0.036s
2025-11-22 06:03:18.922 66319 INFO tempest.lib.common.fixed_network [-] (ServersNegativeTestJSON:setUpClass) Found network {'id': '7c0a79e4-1287-48f1-ba42-4e20ab68a924', 'name': 'tempest-ServersNegativeTestJSON-1280756534-network', 'tenant_id': '6f1fb66629434b0c95e8f8ed7aab0841', 'project_id': '6f1fb66629434b0c95e8f8ed7aab0841', 'admin_state_up': True, 'mtu': 8950, 'status': 'ACTIVE', 'subnets': [], 'shared': False, 'port_security_enabled': True, 'router:external': False, 'provider:network_type': 'vlan', 'provider:physical_network': 'default', 'provider:segmentation_id': 291, 'availability_zone_hints': [], 'availability_zones': [], 'ipv4_address_scope': None, 'ipv6_address_scope': None, 'description': '', 'tags': [], 'created_at': '2025-11-22T06:03:16Z', 'updated_at': '2025-11-22T06:03:16Z', 'revision_number': 1} available for tenant
2025-11-22 06:03:19.132 66331 INFO tempest.lib.common.rest_client [req-250b9afe-abe4-4aae-9f82-133a2b86613d req-250b9afe-abe4-4aae-9f82-133a2b86613d ] Request (MigrationsAdminTest:test_list_migrations_in_flavor_resize_situation): 200 GET http://10.180.1.21/compute/v2.1/servers/65579ab3-120a-4d5d-af09-5123adc267da 7.464s
2025-11-22 06:03:19.157 66337 INFO tempest.lib.common.rest_client [req-910545fe-6c4e-4e98-9e0a-21108712975e req-910545fe-6c4e-4e98-9e0a-21108712975e ] Request (DeleteServersAdminTestJSON:tearDownClass): 404 GET http://10.180.1.21/compute/v2.1/servers/4deb0b81-7e67-477c-9859-a5e12ab1a02a 7.462s
2025-11-22 06:03:19.185 66365 INFO tempest.lib.common.rest_client [req-ea66ff20-533d-466e-a2b3-d7a2321dd93a req-ea66ff20-533d-466e-a2b3-d7a2321dd93a ] Request (ServerGroupTestJSON:test_show_server_group): 200 GET http://10.180.1.21/compute/v2.1/os-server-groups/6a969495-bb6c-4e85-9059-873dcd4e3668 7.454s
2025-11-22 06:03:19.197 66377 INFO tempest.lib.common.rest_client [req-dab6080a-6bc7-4ca5-b17d-e94c0871bfef req-dab6080a-6bc7-4ca5-b17d-e94c0871bfef ] Request (QuotaClassesAdmin257Test:test_update_default_quotas): 200 GET http://10.180.1.21/compute/v2.1/os-quota-class-sets/default 7.397s
2025-11-22 06:03:19.357 66339 INFO paramiko.transport [-] Connected (version 2.0, client dropbear_2020.81)
2025-11-22 06:03:19.461 66329 INFO tempest.lib.common.rest_client [req-26b35b25-1bd0-42d0-a3b8-07465769dc6b req-26b35b25-1bd0-42d0-a3b8-07465769dc6b ] Request (FloatingIPDetailsTestJSON:test_get_floating_ip_details): 200 GET http://10.180.1.21/compute/v2.1/os-floating-ips/fb03c88d-7364-4efc-b067-499cbf0878d2 7.454s
2025-11-22 06:03:19.468 66339 INFO paramiko.transport [-] Authentication (publickey) successful!
2025-11-22 06:03:19.468 66339 INFO tempest.lib.common.ssh [-] ssh connection to cirros@10.180.180.228 successfully created
2025-11-22 06:03:19.540 66343 INFO tempest.lib.common.rest_client [req-e63770bf-2773-4896-98c6-9bfbc9abf28f req-e63770bf-2773-4896-98c6-9bfbc9abf28f ] Request (VolumesAssistedSnapshotsTest:_run_cleanups): 200 GET http://10.180.1.21/volume/v3/volumes/915936b3-8288-43e6-9270-6b8a93842276 0.033s
2025-11-22 06:03:19.644 66351 INFO tempest.lib.common.rest_client [req-3ad02e00-3198-49bc-9fca-b74fc8dd8cb2 req-3ad02e00-3198-49bc-9fca-b74fc8dd8cb2 ] Request (ServerDiskConfigTestJSON:test_rebuild_server_with_auto_disk_config): 200 GET http://10.180.1.21/compute/v2.1/servers/8b8b649b-1c15-4cc6-a28d-9fce8db08914 7.548s
2025-11-22 06:03:19.651 66351 INFO tempest.common.waiters [-] State transition "BUILD/spawning" ==> "ACTIVE/None" after 19 second wait
2025-11-22 06:03:19.774 66357 INFO tempest.lib.common.rest_client [req-88bd6dc5-829d-4161-9749-d42d176dd710 req-88bd6dc5-829d-4161-9749-d42d176dd710 ] Request (AggregatesAdminNegativeTestJSON:test_aggregate_remove_host_as_user): 200 POST http://10.180.1.21/compute/v2.1/os-aggregates/7/action 7.405s
2025-11-22 06:03:19.819 66380 INFO tempest.lib.common.rest_client [req-eefbb55b-c4d8-4b81-a9d5-96a122bafb18 req-eefbb55b-c4d8-4b81-a9d5-96a122bafb18 ] Request (KeyPairsNegativeTestJSON:test_create_keypair_with_duplicate_name): 409 POST http://10.180.1.21/compute/v2.1/os-keypairs 7.384s
2025-11-22 06:03:19.835 66359 INFO tempest.lib.common.rest_client [req-2a5b0ef8-895f-478a-9647-4248e85c6885 req-2a5b0ef8-895f-478a-9647-4248e85c6885 ] Request (FlavorsAdminTestJSON:test_is_public_string_variations): 200 GET http://10.180.1.21/compute/v2.1/flavors/detail?is_public=no 7.379s
2025-11-22 06:03:19.855 66325 INFO tempest.lib.common.rest_client [req-0b98f76c-4f63-43ff-b9d6-5463d7c472ae req-0b98f76c-4f63-43ff-b9d6-5463d7c472ae ] Request (ServerExternalEventsTest:tearDownClass): 404 GET http://10.180.1.21/compute/v2.1/servers/ca32c679-ebef-433e-9359-2febc7cb63a0 7.278s
2025-11-22 06:03:19.914 66369 INFO tempest.lib.common.rest_client [req-ce4a8f89-a6e4-4d8b-96e7-552613e89f51 req-ce4a8f89-a6e4-4d8b-96e7-552613e89f51 ] Request (ServersAdminNegativeTestJSON:test_migrate_server_invalid_state): 200 GET http://10.180.1.21/compute/v2.1/servers/f4d62571-29f3-4b19-9ba2-b059cbc1baec 7.021s
2025-11-22 06:03:19.966 66325 INFO tempest.lib.common.rest_client [req-9d164581-e34c-4186-b51e-3f95dab2cc8a req-9d164581-e34c-4186-b51e-3f95dab2cc8a ] Request (ServerExternalEventsTest:tearDownClass): 204 DELETE http://10.180.1.21/identity/v3/users/9b61aad5fe8548dc88341a25bca235d8 0.110s
2025-11-22 06:03:19.973 66375 INFO tempest.lib.common.rest_client [req-b242298e-ab1c-4d89-827d-5f64a065425d req-b242298e-ab1c-4d89-827d-5f64a065425d ] Request (AttachInterfacesV270Test:test_create_get_list_interfaces): 200 GET http://10.180.1.21/compute/v2.1/servers/4dddf7ee-b0e2-41cf-a171-cb8c247dc399 6.809s
2025-11-22 06:03:20.033 66327 INFO tempest.lib.common.rest_client [req-6a43a3d5-23fe-4070-9837-f86cce662a8b req-6a43a3d5-23fe-4070-9837-f86cce662a8b ] Request (ListServerFiltersTestJSON:setUpClass): 200 GET http://10.180.1.21/compute/v2.1/servers/7e7129b9-1bab-44a4-9486-4536fc899aaf 6.694s
2025-11-22 06:03:20.091 66325 INFO tempest.lib.common.rest_client [req-c81f00e7-0686-43b3-a90e-ff20d84c57dc req-c81f00e7-0686-43b3-a90e-ff20d84c57dc ] Request (ServerExternalEventsTest:tearDownClass): 204 DELETE http://10.180.1.21/identity/v3/users/aff2617cd52d4fa9842a8abecb17f5e7 0.125s
2025-11-22 06:03:20.207 66325 INFO tempest.lib.common.rest_client [req-634ead1e-e92d-45bc-9501-ef1fad5214af req-634ead1e-e92d-45bc-9501-ef1fad5214af ] Request (ServerExternalEventsTest:tearDownClass): 204 DELETE http://10.180.1.21/identity/v3/users/26bc174c07a24b1d851cab315e344d4f 0.115s
2025-11-22 06:03:20.207 66325 INFO tempest.lib.common.dynamic_creds [-] Deleting project and security group for project: bf3cdb7d7f6040e08aa9803a429e060c
2025-11-22 06:03:20.298 66325 INFO tempest.lib.common.rest_client [req-3b5adfa2-9889-4277-9534-c9fa5a7df5a4 req-3b5adfa2-9889-4277-9534-c9fa5a7df5a4 ] Request (ServerExternalEventsTest:tearDownClass): 201 POST http://10.180.1.21/identity/v3/auth/tokens 0.091s
2025-11-22 06:03:20.590 66343 INFO tempest.lib.common.rest_client [req-8795aaa1-27ea-4253-ae76-2a809dbf1895 req-8795aaa1-27ea-4253-ae76-2a809dbf1895 ] Request (VolumesAssistedSnapshotsTest:_run_cleanups): 200 GET http://10.180.1.21/volume/v3/volumes/915936b3-8288-43e6-9270-6b8a93842276 0.040s
2025-11-22 06:03:20.982 66325 INFO tempest.lib.common.rest_client [req-cd58e310-b39d-42d2-b301-c3567abe564a req-cd58e310-b39d-42d2-b301-c3567abe564a ] Request (ServerExternalEventsTest:tearDownClass): 200 GET http://10.180.1.21/networking/v2.0/security-groups?tenant_id=bf3cdb7d7f6040e08aa9803a429e060c&name=default 0.684s
2025-11-22 06:03:21.032 66347 INFO paramiko.transport [-] Connected (version 2.0, client dropbear_2020.81)
2025-11-22 06:03:21.145 66347 INFO paramiko.transport [-] Authentication (publickey) successful!
2025-11-22 06:03:21.145 66347 INFO tempest.lib.common.ssh [-] ssh connection to cirros@10.180.180.175 successfully created
2025-11-22 06:03:21.625 66343 INFO tempest.lib.common.rest_client [req-cebd8906-fd22-4832-aceb-fed43c60cf34 req-cebd8906-fd22-4832-aceb-fed43c60cf34 ] Request (VolumesAssistedSnapshotsTest:_run_cleanups): 404 GET http://10.180.1.21/volume/v3/volumes/915936b3-8288-43e6-9270-6b8a93842276 0.022s
2025-11-22 06:03:21.705 66325 INFO tempest.lib.common.rest_client [req-7479f109-6d84-4d46-975a-2cef1e5c860d req-7479f109-6d84-4d46-975a-2cef1e5c860d ] Request (ServerExternalEventsTest:tearDownClass): 204 DELETE http://10.180.1.21/networking/v2.0/security-groups/4633c23a-5d51-44ad-88b7-46219bfe6278 0.722s
2025-11-22 06:03:21.781 66325 INFO tempest.lib.common.rest_client [req-bf76c883-4042-4e3b-a84b-f4ef8d86a0f0 req-bf76c883-4042-4e3b-a84b-f4ef8d86a0f0 ] Request (ServerExternalEventsTest:tearDownClass): 204 DELETE http://10.180.1.21/identity/v3/projects/bf3cdb7d7f6040e08aa9803a429e060c 0.075s
2025-11-22 06:03:21.781 66325 INFO tempest.lib.common.dynamic_creds [-] Deleting project and security group for project: 1dae827018564039a2d04490536018dc
2025-11-22 06:03:21.937 66325 INFO tempest.lib.common.rest_client [req-93aac567-18b7-4a21-a4ee-67785915450e req-93aac567-18b7-4a21-a4ee-67785915450e ] Request (ServerExternalEventsTest:tearDownClass): 200 GET http://10.180.1.21/networking/v2.0/security-groups?tenant_id=1dae827018564039a2d04490536018dc&name=default 0.156s
2025-11-22 06:03:22.116 66325 INFO tempest.lib.common.rest_client [req-701690be-72b9-4bed-8518-6d6b90509603 req-701690be-72b9-4bed-8518-6d6b90509603 ] Request (ServerExternalEventsTest:tearDownClass): 204 DELETE http://10.180.1.21/networking/v2.0/security-groups/d1812a1f-bcc2-4f5f-b5c0-08384599872d 0.179s
2025-11-22 06:03:22.238 66325 INFO tempest.lib.common.rest_client [req-c0a328ba-6555-4544-a54a-680c24fa3dbb req-c0a328ba-6555-4544-a54a-680c24fa3dbb ] Request (ServerExternalEventsTest:tearDownClass): 204 DELETE http://10.180.1.21/identity/v3/projects/1dae827018564039a2d04490536018dc 0.121s
2025-11-22 06:03:22.238 66325 INFO tempest.lib.common.dynamic_creds [-] Deleting project and security group for project: 0887a96f998b4eb38a53004e7843df58
2025-11-22 06:03:22.377 66325 INFO tempest.lib.common.rest_client [req-37835553-bfc4-4338-8839-c786ffbb6b03 req-37835553-bfc4-4338-8839-c786ffbb6b03 ] Request (ServerExternalEventsTest:tearDownClass): 200 GET http://10.180.1.21/networking/v2.0/security-groups?tenant_id=0887a96f998b4eb38a53004e7843df58&name=default 0.138s
2025-11-22 06:03:22.588 66325 INFO tempest.lib.common.rest_client [req-9387e839-7f69-4ef0-ad01-e4662c0a0863 req-9387e839-7f69-4ef0-ad01-e4662c0a0863 ] Request (ServerExternalEventsTest:tearDownClass): 204 DELETE http://10.180.1.21/networking/v2.0/security-groups/6a49321f-0dff-4d62-b21c-a5debe5cd69e 0.209s
2025-11-22 06:03:22.714 66345 INFO tempest.lib.common.rest_client [req-4a4babb7-c47a-4cf1-b768-6a5694187443 req-4a4babb7-c47a-4cf1-b768-6a5694187443 ] Request (FloatingIPsAssociationNegativeTestJSON:test_associate_ip_to_server_with_floating_ip): 202 POST http://10.180.1.21/compute/v2.1/servers/772347ef-9b0f-4f74-945d-00d760ad85f5/action 8.067s
2025-11-22 06:03:22.727 66325 INFO tempest.lib.common.rest_client [req-d4c74d5c-4cf8-4b04-979f-7783de0cf50a req-d4c74d5c-4cf8-4b04-979f-7783de0cf50a ] Request (ServerExternalEventsTest:tearDownClass): 204 DELETE http://10.180.1.21/identity/v3/projects/0887a96f998b4eb38a53004e7843df58 0.139s
2025-11-22 06:03:22.816 66323 INFO tempest.lib.common.rest_client [req-07bf3cba-0896-449e-9f7e-8239612004d2 req-07bf3cba-0896-449e-9f7e-8239612004d2 ] Request (ImagesNegativeTestJSON:test_create_image_from_deleted_server): 204 DELETE http://10.180.1.21/compute/v2.1/servers/6a361739-14fe-4f77-8301-1f27f9ff74a7 6.485s
2025-11-22 06:03:22.820 66325 INFO tempest.lib.common.rest_client [req-8be1572d-bdab-43d9-8278-9c976943f11d req-8be1572d-bdab-43d9-8278-9c976943f11d ] Request (ImagesOneServerTestJSON:setUpClass): 201 POST http://10.180.1.21/identity/v3/auth/tokens 0.091s
2025-11-22 06:03:22.862 66325 INFO tempest.lib.common.rest_client [req-7adc1435-45f6-40c0-b905-fc587351580b req-7adc1435-45f6-40c0-b905-fc587351580b ] Request (ImagesOneServerTestJSON:setUpClass): 201 POST http://10.180.1.21/identity/v3/auth/tokens 0.039s
2025-11-22 06:03:22.889 66325 INFO tempest.lib.common.rest_client [req-a56e0e9c-45c2-48c3-8672-2406cacfc488 req-a56e0e9c-45c2-48c3-8672-2406cacfc488 ] Request (ImagesOneServerTestJSON:setUpClass): 200 GET http://10.180.1.21/identity/v3/domains?name=Default 0.027s
2025-11-22 06:03:22.924 66325 INFO tempest.lib.common.rest_client [req-5e74b29b-282f-4d7c-8bdb-c765807ff3e9 req-5e74b29b-282f-4d7c-8bdb-c765807ff3e9 ] Request (ImagesOneServerTestJSON:setUpClass): 201 POST http://10.180.1.21/identity/v3/projects 0.033s
2025-11-22 06:03:22.977 66373 INFO tempest.lib.common.rest_client [req-7440ac2b-ecb9-4170-a884-d25abeabb5f5 req-7440ac2b-ecb9-4170-a884-d25abeabb5f5 ] Request (ValidationResourcesFixture:setUp): 200 POST http://10.180.1.21/compute/v2.1/os-keypairs 6.315s
2025-11-22 06:03:22.983 66355 INFO tempest.lib.common.rest_client [req-dff998fd-cb2d-45d9-965c-70a3ab5e0e0b req-dff998fd-cb2d-45d9-965c-70a3ab5e0e0b ] Request (MultipleCreateNegativeTestJSON:test_min_count_non_integer): 400 POST http://10.180.1.21/compute/v2.1/servers 6.043s
2025-11-22 06:03:23.014 66325 INFO tempest.lib.common.rest_client [req-80c6bbe5-9094-4bec-9b3c-5c7fa4a6c2bc req-80c6bbe5-9094-4bec-9b3c-5c7fa4a6c2bc ] Request (ImagesOneServerTestJSON:setUpClass): 201 POST http://10.180.1.21/identity/v3/users 0.089s
2025-11-22 06:03:23.031 66315 INFO tempest.lib.common.rest_client [req-a836c690-58da-4a29-a348-684ae14763a2 req-a836c690-58da-4a29-a348-684ae14763a2 ] Request (AttachInterfacesTestJSON:test_create_list_show_delete_interfaces_by_fixed_ip): 200 POST http://10.180.1.21/compute/v2.1/servers/69c4425b-f7e5-4ebe-a7b8-772320ac593d/os-interface 13.373s
2025-11-22 06:03:23.043 66325 INFO tempest.lib.common.rest_client [req-db007302-c98a-48db-8b70-c183d4299a2f req-db007302-c98a-48db-8b70-c183d4299a2f ] Request (ImagesOneServerTestJSON:setUpClass): 200 GET http://10.180.1.21/identity/v3/roles 0.029s
2025-11-22 06:03:23.084 66355 INFO tempest.lib.common.rest_client [req-24714214-0dc0-40d4-94ba-88d3d8370e0f req-24714214-0dc0-40d4-94ba-88d3d8370e0f ] Request (MultipleCreateNegativeTestJSON:tearDownClass): 204 DELETE http://10.180.1.21/identity/v3/users/6cf33bb8b1c740f6824499864a839d85 0.098s
2025-11-22 06:03:23.084 66355 INFO tempest.lib.common.dynamic_creds [-] Deleting project and security group for project: 2ea6e09fb2f547d98edffe4c4aaa8520
2025-11-22 06:03:23.114 66325 INFO tempest.lib.common.rest_client [req-33438a59-fb5d-4172-acae-777392e942e7 req-33438a59-fb5d-4172-acae-777392e942e7 ] Request (ImagesOneServerTestJSON:setUpClass): 204 PUT http://10.180.1.21/identity/v3/projects/acbc7188daeb449a99fd0cdebf0ef00a/users/b4c76683f99e4302866e40095249a8f0/roles/441e138bd7404a05822fc8c17bab2177 0.070s
2025-11-22 06:03:23.114 66325 INFO tempest.lib.common.dynamic_creds [-] Dynamic test user b4c76683f99e4302866e40095249a8f0 is created with scope project and roles: ['member']
2025-11-22 06:03:23.114 66325 INFO tempest.lib.common.dynamic_creds [-] Acquired dynamic creds: credentials: Credentials: {'domain_id': 'default', 'domain_name': 'Default', 'username': 'tempest-ImagesOneServerTestJSON-2044008997-project-member', 'project_domain_id': 'default', 'project_domain_name': 'Default', 'project_id': 'acbc7188daeb449a99fd0cdebf0ef00a', 'project_name': 'tempest-ImagesOneServerTestJSON-2044008997', 'tenant_id': 'acbc7188daeb449a99fd0cdebf0ef00a', 'tenant_name': 'tempest-ImagesOneServerTestJSON-2044008997', 'user_domain_id': 'default', 'user_domain_name': 'Default', 'user_id': 'b4c76683f99e4302866e40095249a8f0', 'system': None}, Network: None, Subnet: None, Router: None
2025-11-22 06:03:23.152 66373 INFO tempest.lib.common.rest_client [req-dd0ad1e0-8dcc-4d20-9476-fbd730686611 req-dd0ad1e0-8dcc-4d20-9476-fbd730686611 ] Request (ValidationResourcesFixture:setUp): 201 POST http://10.180.1.21/networking/v2.0/security-groups 0.173s
2025-11-22 06:03:23.172 66355 INFO tempest.lib.common.rest_client [req-bb92f573-47e1-46cc-b108-7fa39599d84d req-bb92f573-47e1-46cc-b108-7fa39599d84d ] Request (MultipleCreateNegativeTestJSON:tearDownClass): 201 POST http://10.180.1.21/identity/v3/auth/tokens 0.087s
2025-11-22 06:03:23.188 66353 INFO tempest.lib.common.rest_client [req-4a77e39c-6382-482d-a400-08ec4004d59a req-4a77e39c-6382-482d-a400-08ec4004d59a ] Request (FloatingIPsAssociationTestJSON:test_associate_already_associated_floating_ip): 200 GET http://10.180.1.21/compute/v2.1/servers/3aa4d5ea-53b7-4649-a1d9-a1f1a4110240 5.412s
2025-11-22 06:03:23.196 66325 INFO tempest.lib.common.rest_client [req-793ddc64-b02c-447d-9cbd-6074cca5dbba req-793ddc64-b02c-447d-9cbd-6074cca5dbba ] Request (ImagesOneServerTestJSON:setUpClass): 201 POST http://10.180.1.21/identity/v3/auth/tokens 0.082s
2025-11-22 06:03:23.198 66335 INFO tempest.lib.common.rest_client [req-7546af10-5095-4595-9616-512b2eb8e18a req-7546af10-5095-4595-9616-512b2eb8e18a ] Request (ServerShowV257Test:test_rebuild_server): 200 GET http://10.180.1.21/compute/v2.1/servers/9f1d6ff0-dccd-4ea6-925d-e8a3d19d97ef 5.331s
2025-11-22 06:03:23.207 66335 INFO tempest.common.waiters [-] State transition "REBUILD/rebuild_spawning" ==> "ACTIVE/None" after 7 second wait
2025-11-22 06:03:23.257 66321 INFO tempest.lib.common.rest_client [req-4843ebbe-db17-4da0-ada2-0dc3b002a433 req-4843ebbe-db17-4da0-ada2-0dc3b002a433 ] Request (ListImageFiltersTestJSON:setUpClass): 200 GET http://10.180.1.21/compute/v2.1/images/46485051-e59b-4675-89d7-2e779efcf847 4.975s
2025-11-22 06:03:23.303 66373 INFO tempest.lib.common.rest_client [req-0aef6ee5-fa81-4006-8e4e-ea3e025e27f7 req-0aef6ee5-fa81-4006-8e4e-ea3e025e27f7 ] Request (ValidationResourcesFixture:setUp): 201 POST http://10.180.1.21/networking/v2.0/security-group-rules 0.150s
2025-11-22 06:03:23.502 66355 INFO tempest.lib.common.rest_client [req-49852ded-92b8-469c-b702-ccbc1728e5d3 req-49852ded-92b8-469c-b702-ccbc1728e5d3 ] Request (MultipleCreateNegativeTestJSON:tearDownClass): 200 GET http://10.180.1.21/networking/v2.0/security-groups?tenant_id=2ea6e09fb2f547d98edffe4c4aaa8520&name=default 0.329s
2025-11-22 06:03:23.632 66325 INFO tempest.lib.common.rest_client [req-2c563bdd-4b1b-42dc-96eb-eb3a21f4f30b req-2c563bdd-4b1b-42dc-96eb-eb3a21f4f30b ] Request (ImagesOneServerTestJSON:setUpClass): 201 POST http://10.180.1.21/networking/v2.0/networks 0.435s
2025-11-22 06:03:23.785 66373 INFO tempest.lib.common.rest_client [req-f25bdd03-0c91-4f39-805a-5e5bf8b8baf3 req-f25bdd03-0c91-4f39-805a-5e5bf8b8baf3 ] Request (ValidationResourcesFixture:setUp): 201 POST http://10.180.1.21/networking/v2.0/security-group-rules 0.481s
2025-11-22 06:03:23.873 66355 INFO tempest.lib.common.rest_client [req-5626a69c-364d-49ea-b1fe-3d507bca5176 req-5626a69c-364d-49ea-b1fe-3d507bca5176 ] Request (MultipleCreateNegativeTestJSON:tearDownClass): 204 DELETE http://10.180.1.21/networking/v2.0/security-groups/20dd1ebf-6f7a-4796-a2ed-887bc34f1705 0.371s
2025-11-22 06:03:23.947 66355 INFO tempest.lib.common.rest_client [req-1c913f15-7c73-46e1-a7f2-a43dd6e199e2 req-1c913f15-7c73-46e1-a7f2-a43dd6e199e2 ] Request (MultipleCreateNegativeTestJSON:tearDownClass): 204 DELETE http://10.180.1.21/identity/v3/projects/2ea6e09fb2f547d98edffe4c4aaa8520 0.073s
2025-11-22 06:03:24.018 66355 INFO tempest.lib.common.rest_client [req-b34867e1-afc4-403a-aec4-0887cdeaac01 req-b34867e1-afc4-403a-aec4-0887cdeaac01 ] Request (ServerShowV247Test:setUpClass): 201 POST http://10.180.1.21/identity/v3/auth/tokens 0.069s
2025-11-22 06:03:24.041 66325 INFO tempest.lib.common.rest_client [req-2bf7c224-168f-4229-9c12-c56f66652789 req-2bf7c224-168f-4229-9c12-c56f66652789 ] Request (ImagesOneServerTestJSON:setUpClass): 201 POST http://10.180.1.21/networking/v2.0/subnets 0.409s
2025-11-22 06:03:24.055 66355 INFO tempest.lib.common.rest_client [req-d3659a40-31d2-43ae-9e10-3cbdd8e9efcf req-d3659a40-31d2-43ae-9e10-3cbdd8e9efcf ] Request (ServerShowV247Test:setUpClass): 201 POST http://10.180.1.21/identity/v3/auth/tokens 0.034s
2025-11-22 06:03:24.079 66317 INFO tempest.lib.common.rest_client [req-d291e0bb-cb50-4d9c-b7cc-37224358d325 req-d291e0bb-cb50-4d9c-b7cc-37224358d325 ] Request (ServerAddressesNegativeTestJSON:setUpClass): 200 GET http://10.180.1.21/compute/v2.1/servers/6eaceb5d-75ad-4d09-ba41-019214650c1e 6.042s
2025-11-22 06:03:24.087 66317 INFO tempest.common.waiters [-] State transition "BUILD/None" ==> "BUILD/spawning" after 15 second wait
2025-11-22 06:03:24.088 66355 INFO tempest.lib.common.rest_client [req-ac2a5048-4a40-4d00-ab47-ab749497d14e req-ac2a5048-4a40-4d00-ab47-ab749497d14e ] Request (ServerShowV247Test:setUpClass): 200 GET http://10.180.1.21/identity/v3/domains?name=Default 0.032s
2025-11-22 06:03:24.113 66349 INFO tempest.lib.common.rest_client [req-747291d7-b2eb-46b4-93af-b48c0f4ceb2d req-747291d7-b2eb-46b4-93af-b48c0f4ceb2d ] Request (ServersV294TestFqdnHostnames:setUpClass): 200 GET http://10.180.1.21/compute/v2.1/servers/ce5d4079-89f2-464e-a50f-0877edf2ef27 5.371s
2025-11-22 06:03:24.120 66355 INFO tempest.lib.common.rest_client [req-f6a2ebf3-25e4-481d-91d7-d75ffb5540b5 req-f6a2ebf3-25e4-481d-91d7-d75ffb5540b5 ] Request (ServerShowV247Test:setUpClass): 201 POST http://10.180.1.21/identity/v3/projects 0.032s
2025-11-22 06:03:24.125 66349 INFO tempest.common.waiters [-] State transition "BUILD/None" ==> "BUILD/spawning" after 15 second wait
2025-11-22 06:03:24.139 66337 INFO tempest.lib.common.rest_client [req-18eb1cff-2bf1-4a08-9b73-5247c9867788 req-18eb1cff-2bf1-4a08-9b73-5247c9867788 ] Request (DeleteServersAdminTestJSON:tearDownClass): 404 DELETE http://10.180.1.21/compute/v2.1/servers/1db41807-6ee0-40a9-af37-fb32d82732bb 4.981s
2025-11-22 06:03:24.160 66365 INFO tempest.lib.common.rest_client [req-f0e8c6d5-4dc5-48c2-9b77-7c5b0d1e73d6 req-f0e8c6d5-4dc5-48c2-9b77-7c5b0d1e73d6 ] Request (ServerGroupTestJSON:tearDownClass): 404 DELETE http://10.180.1.21/compute/v2.1/servers/eab5a277-d260-4328-a03d-060dbe64443a 4.972s
2025-11-22 06:03:24.183 66355 INFO tempest.lib.common.rest_client [req-d67a54eb-9358-4309-9341-be85e1f3a624 req-d67a54eb-9358-4309-9341-be85e1f3a624 ] Request (ServerShowV247Test:setUpClass): 201 POST http://10.180.1.21/identity/v3/users 0.062s
2025-11-22 06:03:24.199 66377 INFO tempest.lib.common.rest_client [req-e56da0bd-b65f-490b-8cef-497a9d38b62d req-e56da0bd-b65f-490b-8cef-497a9d38b62d ] Request (QuotaClassesAdmin257Test:_run_cleanups): 200 PUT http://10.180.1.21/compute/v2.1/os-quota-class-sets/default 4.997s
2025-11-22 06:03:24.208 66355 INFO tempest.lib.common.rest_client [req-5d4e1dca-2da3-4cd0-9604-5d1bc6da034b req-5d4e1dca-2da3-4cd0-9604-5d1bc6da034b ] Request (ServerShowV247Test:setUpClass): 200 GET http://10.180.1.21/identity/v3/roles 0.024s
2025-11-22 06:03:24.255 66355 INFO tempest.lib.common.rest_client [req-60db9b5a-c4c3-431c-a718-4b4743d1a868 req-60db9b5a-c4c3-431c-a718-4b4743d1a868 ] Request (ServerShowV247Test:setUpClass): 204 PUT http://10.180.1.21/identity/v3/projects/bb7317f50a714c048aacfd0657974c62/users/f0bdc17f5ee747aaa196300b8a219ab0/roles/441e138bd7404a05822fc8c17bab2177 0.047s
2025-11-22 06:03:24.255 66355 INFO tempest.lib.common.dynamic_creds [-] Dynamic test user f0bdc17f5ee747aaa196300b8a219ab0 is created with scope project and roles: ['member']
2025-11-22 06:03:24.256 66355 INFO tempest.lib.common.dynamic_creds [-] Acquired dynamic creds: credentials: Credentials: {'domain_id': 'default', 'domain_name': 'Default', 'username': 'tempest-ServerShowV247Test-44076223-project-member', 'project_domain_id': 'default', 'project_domain_name': 'Default', 'project_id': 'bb7317f50a714c048aacfd0657974c62', 'project_name': 'tempest-ServerShowV247Test-44076223', 'tenant_id': 'bb7317f50a714c048aacfd0657974c62', 'tenant_name': 'tempest-ServerShowV247Test-44076223', 'user_domain_id': 'default', 'user_domain_name': 'Default', 'user_id': 'f0bdc17f5ee747aaa196300b8a219ab0', 'system': None}, Network: None, Subnet: None, Router: None
2025-11-22 06:03:24.256 66355 INFO tempest.lib.common.dynamic_creds [-] Created isolated network resources for: credentials: Credentials: {'domain_id': 'default', 'domain_name': 'Default', 'username': 'tempest-ServerShowV247Test-44076223-project-member', 'project_domain_id': 'default', 'project_domain_name': 'Default', 'project_id': 'bb7317f50a714c048aacfd0657974c62', 'project_name': 'tempest-ServerShowV247Test-44076223', 'tenant_id': 'bb7317f50a714c048aacfd0657974c62', 'tenant_name': 'tempest-ServerShowV247Test-44076223', 'user_domain_id': 'default', 'user_domain_name': 'Default', 'user_id': 'f0bdc17f5ee747aaa196300b8a219ab0', 'system': None}, Network: None, Subnet: None, Router: None
2025-11-22 06:03:24.317 66377 INFO tempest.lib.common.rest_client [req-15e21139-12b5-46ba-b08b-e8fa8576555f req-15e21139-12b5-46ba-b08b-e8fa8576555f ] Request (QuotaClassesAdmin257Test:tearDownClass): 204 DELETE http://10.180.1.21/identity/v3/users/571f955a69c34eb0bfe725e01f9e46f6 0.116s
2025-11-22 06:03:24.350 66355 INFO tempest.lib.common.rest_client [req-4e934342-4b21-4a0f-acf9-3969c613382e req-4e934342-4b21-4a0f-acf9-3969c613382e ] Request (ServerShowV247Test:setUpClass): 201 POST http://10.180.1.21/identity/v3/auth/tokens 0.090s
2025-11-22 06:03:24.413 66355 INFO tempest.lib.common.rest_client [req-806c8bb9-16c4-4e98-94a2-06da2340a613 req-806c8bb9-16c4-4e98-94a2-06da2340a613 ] Request (ServerShowV247Test:setUpClass): 200 GET http://10.180.1.21/identity/v3/projects/bb7317f50a714c048aacfd0657974c62 0.062s
2025-11-22 06:03:24.413 66355 INFO tempest.lib.common.dynamic_creds [-] Using the existing project bb7317f50a714c048aacfd0657974c62 for scope project and roles: ['reader']
2025-11-22 06:03:24.456 66377 INFO tempest.lib.common.rest_client [req-8e707b1c-3693-4c52-b251-0c54bb30181b req-8e707b1c-3693-4c52-b251-0c54bb30181b ] Request (QuotaClassesAdmin257Test:tearDownClass): 204 DELETE http://10.180.1.21/identity/v3/users/da48b2362b13493ebef1b03043dd58bf 0.139s
2025-11-22 06:03:24.457 66377 INFO tempest.lib.common.dynamic_creds [-] Deleting project and security group for project: c5994dfb33df4368a8a406004db02b2e
2025-11-22 06:03:24.489 66355 INFO tempest.lib.common.rest_client [req-34f66861-a194-4826-b941-d4abdc2af102 req-34f66861-a194-4826-b941-d4abdc2af102 ] Request (ServerShowV247Test:setUpClass): 201 POST http://10.180.1.21/identity/v3/users 0.075s
2025-11-22 06:03:24.516 66377 INFO tempest.lib.common.rest_client [req-2c33a2b7-5b1c-405e-a395-0a0c9ef57ec6 req-2c33a2b7-5b1c-405e-a395-0a0c9ef57ec6 ] Request (QuotaClassesAdmin257Test:tearDownClass): 201 POST http://10.180.1.21/identity/v3/auth/tokens 0.059s
2025-11-22 06:03:24.546 66355 INFO tempest.lib.common.rest_client [req-945fb808-6346-4999-a195-c35be9db6457 req-945fb808-6346-4999-a195-c35be9db6457 ] Request (ServerShowV247Test:setUpClass): 200 GET http://10.180.1.21/identity/v3/roles 0.057s
2025-11-22 06:03:24.572 66355 INFO tempest.lib.common.rest_client [req-4f3a785d-7763-4d63-bcb4-9019b01c8122 req-4f3a785d-7763-4d63-bcb4-9019b01c8122 ] Request (ServerShowV247Test:setUpClass): 204 PUT http://10.180.1.21/identity/v3/projects/bb7317f50a714c048aacfd0657974c62/users/b189fa89f5d64781a79ef1cd060e4b49/roles/d6a60bfd052a4c4db48cbd5820753bb0 0.025s
2025-11-22 06:03:24.572 66355 INFO tempest.lib.common.dynamic_creds [-] Dynamic test user b189fa89f5d64781a79ef1cd060e4b49 is created with scope project and roles: ['reader']
2025-11-22 06:03:24.572 66355 INFO tempest.lib.common.dynamic_creds [-] Acquired dynamic creds: credentials: Credentials: {'domain_id': 'default', 'domain_name': 'Default', 'username': 'tempest-ServerShowV247Test-44076223-project-reader', 'project_domain_id': 'default', 'project_domain_name': 'Default', 'project_id': 'bb7317f50a714c048aacfd0657974c62', 'project_name': 'tempest-ServerShowV247Test-44076223', 'tenant_id': 'bb7317f50a714c048aacfd0657974c62', 'tenant_name': 'tempest-ServerShowV247Test-44076223', 'user_domain_id': 'default', 'user_domain_name': 'Default', 'user_id': 'b189fa89f5d64781a79ef1cd060e4b49', 'system': None}, Network: None, Subnet: None, Router: None
2025-11-22 06:03:24.572 66355 INFO tempest.lib.common.dynamic_creds [-] Network resources are not created for requested scope: project and credentials: Credentials: {'domain_id': 'default', 'domain_name': 'Default', 'username': 'tempest-ServerShowV247Test-44076223-project-reader', 'project_domain_id': 'default', 'project_domain_name': 'Default', 'project_id': 'bb7317f50a714c048aacfd0657974c62', 'project_name': 'tempest-ServerShowV247Test-44076223', 'tenant_id': 'bb7317f50a714c048aacfd0657974c62', 'tenant_name': 'tempest-ServerShowV247Test-44076223', 'user_domain_id': 'default', 'user_domain_name': 'Default', 'user_id': 'b189fa89f5d64781a79ef1cd060e4b49', 'system': None}, Network: None, Subnet: None, Router: None
2025-11-22 06:03:24.601 66373 INFO tempest.lib.common.rest_client [req-ae1028e3-a83b-4a56-a283-d7b60ffd6d35 req-ae1028e3-a83b-4a56-a283-d7b60ffd6d35 ] Request (ValidationResourcesFixture:setUp): 201 POST http://10.180.1.21/networking/v2.0/floatingips 0.816s
2025-11-22 06:03:24.644 66355 INFO tempest.lib.common.rest_client [req-9148c9cf-3f89-47bc-a745-b4c3ccde9cd8 req-9148c9cf-3f89-47bc-a745-b4c3ccde9cd8 ] Request (ServerShowV247Test:setUpClass): 201 POST http://10.180.1.21/identity/v3/auth/tokens 0.069s
2025-11-22 06:03:24.666 66373 INFO tempest.lib.common.rest_client [req-5e8d84ce-f90d-44b4-b771-4ead8bd228c8 req-5e8d84ce-f90d-44b4-b771-4ead8bd228c8 ] Request (AttachInterfacesUnderV243Test:test_add_remove_fixed_ip): 201 POST http://10.180.1.21/identity/v3/auth/tokens 0.061s
2025-11-22 06:03:24.667 66373 INFO tempest.lib.common.fixed_network [-] (AttachInterfacesUnderV243Test:test_add_remove_fixed_ip) Found network {'id': '4eb1b36e-7206-46e5-a92a-529d7c1ffb6d', 'name': 'tempest-AttachInterfacesUnderV243Test-1808165220-network', 'tenant_id': '33f6a1dbeac34649bedc38a1f83d52f5', 'project_id': '33f6a1dbeac34649bedc38a1f83d52f5', 'admin_state_up': True, 'mtu': 8950, 'status': 'ACTIVE', 'subnets': [], 'shared': False, 'port_security_enabled': True, 'router:external': False, 'provider:network_type': 'vlan', 'provider:physical_network': 'default', 'provider:segmentation_id': 736, 'availability_zone_hints': [], 'availability_zones': [], 'ipv4_address_scope': None, 'ipv6_address_scope': None, 'description': '', 'tags': [], 'created_at': '2025-11-22T06:03:14Z', 'updated_at': '2025-11-22T06:03:14Z', 'revision_number': 1} available for tenant
2025-11-22 06:03:24.712 66355 INFO tempest.lib.common.rest_client [req-78d26728-1196-4e96-8dc9-2fd3454e0afd req-78d26728-1196-4e96-8dc9-2fd3454e0afd ] Request (ServerShowV247Test:test_show_server): 201 POST http://10.180.1.21/identity/v3/auth/tokens 0.062s
2025-11-22 06:03:24.712 66355 INFO tempest.lib.common.fixed_network [-] (ServerShowV247Test:test_show_server) Found network None available for tenant
2025-11-22 06:03:25.386 66325 INFO tempest.lib.common.rest_client [req-17c7048a-b32e-4534-927a-c6dd5aba35ce req-17c7048a-b32e-4534-927a-c6dd5aba35ce ] Request (ImagesOneServerTestJSON:setUpClass): 201 POST http://10.180.1.21/networking/v2.0/routers 1.344s
2025-11-22 06:03:25.459 66377 INFO tempest.lib.common.rest_client [req-987a1ca2-2fca-48f4-b9ea-ea1dcec95960 req-987a1ca2-2fca-48f4-b9ea-ea1dcec95960 ] Request (QuotaClassesAdmin257Test:tearDownClass): 200 GET http://10.180.1.21/networking/v2.0/security-groups?tenant_id=c5994dfb33df4368a8a406004db02b2e&name=default 0.942s
2025-11-22 06:03:25.634 66377 INFO tempest.lib.common.rest_client [req-3c0e5563-2009-48df-b512-a6de25d4bfef req-3c0e5563-2009-48df-b512-a6de25d4bfef ] Request (QuotaClassesAdmin257Test:tearDownClass): 204 DELETE http://10.180.1.21/networking/v2.0/security-groups/ce986ba5-3ea8-4c67-943c-7954a72b8096 0.174s
2025-11-22 06:03:25.761 66377 INFO tempest.lib.common.rest_client [req-40f59964-4406-47e0-8686-24db412a09b6 req-40f59964-4406-47e0-8686-24db412a09b6 ] Request (QuotaClassesAdmin257Test:tearDownClass): 204 DELETE http://10.180.1.21/identity/v3/projects/c5994dfb33df4368a8a406004db02b2e 0.127s
2025-11-22 06:03:25.762 66377 INFO tempest.lib.common.dynamic_creds [-] Deleting project and security group for project: 00a7481a798c45bfbc542e043272225a
2025-11-22 06:03:26.453 66325 INFO tempest.lib.common.rest_client [req-45f0a78d-2af3-47d6-bb8b-3fd5454f1d6f req-45f0a78d-2af3-47d6-bb8b-3fd5454f1d6f ] Request (ImagesOneServerTestJSON:setUpClass): 200 PUT http://10.180.1.21/networking/v2.0/routers/1731c390-781a-4cc1-93cf-ae477e1b1730/add_router_interface 1.067s
2025-11-22 06:03:26.454 66325 INFO tempest.lib.common.dynamic_creds [-] Created isolated network resources for: credentials: Credentials: {'domain_id': 'default', 'domain_name': 'Default', 'username': 'tempest-ImagesOneServerTestJSON-2044008997-project-member', 'project_domain_id': 'default', 'project_domain_name': 'Default', 'project_id': 'acbc7188daeb449a99fd0cdebf0ef00a', 'project_name': 'tempest-ImagesOneServerTestJSON-2044008997', 'tenant_id': 'acbc7188daeb449a99fd0cdebf0ef00a', 'tenant_name': 'tempest-ImagesOneServerTestJSON-2044008997', 'user_domain_id': 'default', 'user_domain_name': 'Default', 'user_id': 'b4c76683f99e4302866e40095249a8f0', 'system': None}, Network: {'id': 'eb6a4812-db68-4423-b474-68ae049737af', 'name': 'tempest-ImagesOneServerTestJSON-31549298-network', 'tenant_id': 'acbc7188daeb449a99fd0cdebf0ef00a', 'project_id': 'acbc7188daeb449a99fd0cdebf0ef00a', 'admin_state_up': True, 'mtu': 8950, 'status': 'ACTIVE', 'subnets': [], 'shared': False, 'port_security_enabled': True, 'router:external': False, 'provider:network_type': 'vlan', 'provider:physical_network': 'default', 'provider:segmentation_id': 531, 'availability_zone_hints': [], 'availability_zones': [], 'ipv4_address_scope': None, 'ipv6_address_scope': None, 'description': '', 'tags': [], 'created_at': '2025-11-22T06:03:23Z', 'updated_at': '2025-11-22T06:03:23Z', 'revision_number': 1}, Subnet: {'id': 'c67da7bd-b24c-44ac-8047-f30b8dd1626b', 'name': 'tempest-ImagesOneServerTestJSON-31549298-subnet', 'tenant_id': 'acbc7188daeb449a99fd0cdebf0ef00a', 'network_id': 'eb6a4812-db68-4423-b474-68ae049737af', 'ip_version': 4, 'subnetpool_id': None, 'enable_dhcp': True, 'ipv6_ra_mode': None, 'ipv6_address_mode': None, 'gateway_ip': '192.168.128.1', 'cidr': '192.168.128.0/28', 'allocation_pools': [{'start': '192.168.128.2', 'end': '192.168.128.14'}], 'host_routes': [], 'dns_nameservers': [], 'description': '', 'router:external': False, 'service_types': [], 'tags': [], 'created_at': '2025-11-22T06:03:23Z', 'updated_at': '2025-11-22T06:03:23Z', 'revision_number': 0, 'project_id': 'acbc7188daeb449a99fd0cdebf0ef00a'}, Router: {'id': '1731c390-781a-4cc1-93cf-ae477e1b1730', 'name': 'tempest-ImagesOneServerTestJSON-31549298-router', 'tenant_id': 'acbc7188daeb449a99fd0cdebf0ef00a', 'admin_state_up': True, 'status': 'ACTIVE', 'external_gateway_info': {'network_id': 'aeb262ad-6842-4658-a69a-9c384c5a699b', 'external_fixed_ips': [{'subnet_id': '0b4a6ca0-529e-4f28-be3b-81725e9379b4', 'ip_address': '10.180.180.208'}], 'enable_snat': True}, 'description': '', 'availability_zones': [], 'distributed': False, 'ha': False, 'availability_zone_hints': [], 'routes': [], 'flavor_id': None, 'tags': [], 'created_at': '2025-11-22T06:03:24Z', 'updated_at': '2025-11-22T06:03:25Z', 'revision_number': 2, 'project_id': 'acbc7188daeb449a99fd0cdebf0ef00a'}
2025-11-22 06:03:26.542 66325 INFO tempest.lib.common.rest_client [req-d03da834-fa15-4a96-8b46-e4c8a8f9fdd4 req-d03da834-fa15-4a96-8b46-e4c8a8f9fdd4 ] Request (ImagesOneServerTestJSON:setUpClass): 201 POST http://10.180.1.21/identity/v3/auth/tokens 0.083s
2025-11-22 06:03:26.571 66377 INFO tempest.lib.common.rest_client [req-5185c5c5-d9ab-4bfe-9cd7-9ac85b8f366a req-5185c5c5-d9ab-4bfe-9cd7-9ac85b8f366a ] Request (QuotaClassesAdmin257Test:tearDownClass): 200 GET http://10.180.1.21/networking/v2.0/security-groups?tenant_id=00a7481a798c45bfbc542e043272225a&name=default 0.809s
2025-11-22 06:03:26.580 66325 INFO tempest.lib.common.rest_client [req-f206e5a4-4ac2-4372-aeff-957b04d01f19 req-f206e5a4-4ac2-4372-aeff-957b04d01f19 ] Request (ImagesOneServerTestJSON:setUpClass): 201 POST http://10.180.1.21/identity/v3/auth/tokens 0.034s
2025-11-22 06:03:26.580 66325 INFO tempest.lib.common.fixed_network [-] (ImagesOneServerTestJSON:setUpClass) Found network {'id': 'eb6a4812-db68-4423-b474-68ae049737af', 'name': 'tempest-ImagesOneServerTestJSON-31549298-network', 'tenant_id': 'acbc7188daeb449a99fd0cdebf0ef00a', 'project_id': 'acbc7188daeb449a99fd0cdebf0ef00a', 'admin_state_up': True, 'mtu': 8950, 'status': 'ACTIVE', 'subnets': [], 'shared': False, 'port_security_enabled': True, 'router:external': False, 'provider:network_type': 'vlan', 'provider:physical_network': 'default', 'provider:segmentation_id': 531, 'availability_zone_hints': [], 'availability_zones': [], 'ipv4_address_scope': None, 'ipv6_address_scope': None, 'description': '', 'tags': [], 'created_at': '2025-11-22T06:03:23Z', 'updated_at': '2025-11-22T06:03:23Z', 'revision_number': 1} available for tenant
2025-11-22 06:03:26.757 66319 INFO tempest.lib.common.rest_client [req-759b9fff-1a2f-4568-aec3-c809afcfba3f req-759b9fff-1a2f-4568-aec3-c809afcfba3f ] Request (ServersNegativeTestJSON:setUpClass): 202 POST http://10.180.1.21/compute/v2.1/servers 7.833s
2025-11-22 06:03:26.771 66377 INFO tempest.lib.common.rest_client [req-8e65753b-39f7-4c61-85e4-4f8f4755ade1 req-8e65753b-39f7-4c61-85e4-4f8f4755ade1 ] Request (QuotaClassesAdmin257Test:tearDownClass): 204 DELETE http://10.180.1.21/networking/v2.0/security-groups/02f2e6f3-fd24-4906-a423-13a3529d741b 0.199s
