2025-11-22 06:05:23.071 66333 INFO tempest.lib.common.rest_client [req-4ba0bbe6-9011-4c38-a098-d53ad7ef04a0 req-4ba0bbe6-9011-4c38-a098-d53ad7ef04a0 ] Request (ImagesTestJSON:test_create_server_from_snapshot): 200 GET http://10.180.1.21/compute/v2.1/images/f8da85b2-37ba-44fa-ba01-8f678be712dc 1.435s
2025-11-22 06:05:23.173 66359 INFO tempest.lib.common.rest_client [req-ae79bd5b-92ea-4788-a165-77430dc9d850 req-ae79bd5b-92ea-4788-a165-77430dc9d850 ] Request (ServerActionsTestOtherB:setUpClass): 200 GET http://10.180.1.21/compute/v2.1/servers/275a2218-43b2-46e2-9e92-63c781ecfc59 1.474s
2025-11-22 06:05:23.207 66347 INFO tempest.lib.common.rest_client [req-8945006c-954f-41fb-8af4-7ecaa587d3a7 req-8945006c-954f-41fb-8af4-7ecaa587d3a7 ] Request (AttachVolumeShelveTestJSON:test_attach_volume_shelved_or_offload_server): 200 GET http://10.180.1.21/compute/v2.1/servers/18d0467f-0305-4447-a35c-ee76b2b17e47 1.523s
2025-11-22 06:05:23.212 66329 INFO tempest.lib.common.rest_client [req-a50bb632-53e9-4639-9029-897ba562dd6d req-a50bb632-53e9-4639-9029-897ba562dd6d ] Request (ServerAddressesTestJSON:tearDownClass): 204 DELETE http://10.180.1.21/networking/v2.0/routers/3b566fa9-b6a9-48d7-9a5a-7fb59f07fe87 0.491s
2025-11-22 06:05:23.235 66355 INFO tempest.lib.common.rest_client [req-8d25f65a-5d7b-4bef-a4f0-09f93aa901d2 req-8d25f65a-5d7b-4bef-a4f0-09f93aa901d2 ] Request (ServerShowV247Test:tearDownClass): 404 GET http://10.180.1.21/compute/v2.1/servers/190daab8-0b77-4995-a269-99b09ebb2942 1.423s
2025-11-22 06:05:23.247 66335 INFO tempest.lib.common.rest_client [req-7d6317e2-9592-43a6-b277-798e0f0db099 req-7d6317e2-9592-43a6-b277-798e0f0db099 ] Request (ServersNegativeTestMultiTenantJSON:tearDownClass): 200 GET http://10.180.1.21/compute/v2.1/servers/c4a361fc-e0bb-4880-a3e3-4a0a8f1e7410 1.500s
2025-11-22 06:05:23.295 66341 INFO tempest.lib.common.rest_client [req-d9a135a7-9291-4415-8d42-3c9e475d88d3 req-d9a135a7-9291-4415-8d42-3c9e475d88d3 ] Request (ServersWithSpecificFlavorTestJSON:test_verify_created_server_ephemeral_disk): 200 GET http://10.180.1.21/compute/v2.1/servers/adbbd801-3153-4006-ba55-427b071ada4f 1.415s
2025-11-22 06:05:23.325 66349 INFO tempest.lib.common.rest_client [req-fe5e95c5-fa90-444f-a496-7b0d84b5e969 req-fe5e95c5-fa90-444f-a496-7b0d84b5e969 ] Request (ServersListShow296Test:test_list_show_update_rebuild_server_296): 200 GET http://10.180.1.21/compute/v2.1/servers/f700f6e1-ffe0-40df-9405-a1bac50ba012 1.437s
2025-11-22 06:05:23.360 66329 INFO tempest.lib.common.rest_client [req-787a05c7-a51e-4354-88f0-5a7c52878349 req-787a05c7-a51e-4354-88f0-5a7c52878349 ] Request (ServerAddressesTestJSON:tearDownClass): 204 DELETE http://10.180.1.21/networking/v2.0/subnets/c7a87a50-0fd2-4e9e-943b-9561bc1de188 0.148s
2025-11-22 06:05:23.361 66345 INFO tempest.lib.common.rest_client [req-7716fcb9-9ef9-4d29-b3b7-fcdd504797b9 req-7716fcb9-9ef9-4d29-b3b7-fcdd504797b9 ] Request (ServerActionsTestOtherA:setUpClass): 200 GET http://10.180.1.21/compute/v2.1/servers/040412c0-e5e6-4b7f-917e-239a07e6ea21 1.411s
2025-11-22 06:05:23.393 66321 INFO tempest.lib.common.rest_client [req-af88e1a8-d9bb-40c1-b351-cb4a5ab92ccb req-af88e1a8-d9bb-40c1-b351-cb4a5ab92ccb ] Request (ListImageFiltersTestJSON:tearDownClass): 200 GET http://10.180.1.21/compute/v2.1/servers/53146262-156c-4828-ba45-5bf6bd1c695b 1.438s
2025-11-22 06:05:23.533 66337 INFO tempest.lib.common.rest_client [req-466dee21-7b7b-4ab2-8dc8-6ad24a7acee3 req-466dee21-7b7b-4ab2-8dc8-6ad24a7acee3 ] Request (ServersAdminTestJSON:test_inject_network_info): 200 GET http://10.180.1.21/compute/v2.1/servers/4adc86d4-5e15-4021-a6d6-7c5e4e23809a 1.523s
2025-11-22 06:05:23.664 66351 INFO tempest.lib.common.rest_client [req-f7d6d373-60f9-4f32-918a-e4c1e70eb849 req-f7d6d373-60f9-4f32-918a-e4c1e70eb849 ] Request (ServerDiskConfigTestJSON:test_resize_server_from_auto_to_manual): 200 GET http://10.180.1.21/compute/v2.1/servers/6beac346-f07d-4d3f-9cef-cb4cea319bc4 1.611s
2025-11-22 06:05:23.697 66329 INFO tempest.lib.common.rest_client [req-207db1c3-1b3c-405d-8fb4-bc7d9c3b784c req-207db1c3-1b3c-405d-8fb4-bc7d9c3b784c ] Request (ServerAddressesTestJSON:tearDownClass): 204 DELETE http://10.180.1.21/networking/v2.0/networks/b775f23d-a3ae-49b4-864b-2f79144e6027 0.337s
2025-11-22 06:05:23.754 66343 INFO tempest.lib.common.rest_client [req-e2073d04-386d-40fd-a276-c11ef50a0555 req-e2073d04-386d-40fd-a276-c11ef50a0555 ] Request (SecurityGroupsTestJSON:test_list_security_groups_by_server): 200 GET http://10.180.1.21/compute/v2.1/servers/b4f79948-0191-4932-8da7-f12d4f471e88 1.590s
2025-11-22 06:05:23.848 66375 INFO tempest.lib.common.rest_client [req-78299a40-b8a9-48f9-841a-f860e9e08aaa req-78299a40-b8a9-48f9-841a-f860e9e08aaa ] Request (ListServersNegativeTestJSON:setUpClass): 200 GET http://10.180.1.21/compute/v2.1/servers/02bcadfe-05cb-4e09-9ddf-6976779c52c1 1.618s
2025-11-22 06:05:23.864 66329 INFO tempest.lib.common.rest_client [req-d47d748c-8e69-491b-9674-0d1b2a189bbd req-d47d748c-8e69-491b-9674-0d1b2a189bbd ] Request (ServerAddressesTestJSON:tearDownClass): 204 DELETE http://10.180.1.21/identity/v3/users/1bdbd6bb54714a768a1f6c91755ae054 0.166s
2025-11-22 06:05:23.865 66329 INFO tempest.lib.common.dynamic_creds [-] Deleting project and security group for project: 8d13d4d282674c14894e8038b2d9adeb
2025-11-22 06:05:23.908 66329 INFO tempest.lib.common.rest_client [req-a23f8a94-6469-4213-a5b9-4ca0ef4ce621 req-a23f8a94-6469-4213-a5b9-4ca0ef4ce621 ] Request (ServerAddressesTestJSON:tearDownClass): 200 GET http://10.180.1.21/networking/v2.0/security-groups?tenant_id=8d13d4d282674c14894e8038b2d9adeb&name=default 0.042s
2025-11-22 06:05:23.920 66339 INFO tempest.lib.common.rest_client [req-3e65815b-a27a-4cd3-953a-8d54724a3d91 req-3e65815b-a27a-4cd3-953a-8d54724a3d91 ] Request (ServerActionsTestJSON:test_rebuild_server): 202 POST http://10.180.1.21/compute/v2.1/servers 1.936s
2025-11-22 06:05:23.923 66353 INFO tempest.lib.common.rest_client [req-0dc9caf2-274e-4df7-b5f9-30a8901f760d req-0dc9caf2-274e-4df7-b5f9-30a8901f760d ] Request (FloatingIPsAssociationTestJSON:tearDownClass): 200 GET http://10.180.1.21/compute/v2.1/servers/c7b70a2f-6049-4276-b880-147cf9fa5cb3 1.514s
2025-11-22 06:05:23.957 66357 WARNING tempest.lib.common.ssh [-] Failed to establish authenticated ssh connection to cirros@10.180.180.170 ([Errno None] Unable to connect to port 22 on 10.180.180.170). Number attempts: 3. Retry after 4 seconds.: paramiko.ssh_exception.NoValidConnectionsError: [Errno None] Unable to connect to port 22 on 10.180.180.170
2025-11-22 06:05:24.017 66329 INFO tempest.lib.common.rest_client [req-d30f53dd-5ee1-429f-b84d-aa564f2f8136 req-d30f53dd-5ee1-429f-b84d-aa564f2f8136 ] Request (ServerAddressesTestJSON:tearDownClass): 204 DELETE http://10.180.1.21/networking/v2.0/security-groups/b5cf1432-7ad2-4176-8f0e-86dc98a754a1 0.109s
2025-11-22 06:05:24.040 66325 INFO tempest.lib.common.rest_client [req-ff084519-aa1a-4994-be94-9b4cd6dfd725 req-ff084519-aa1a-4994-be94-9b4cd6dfd725 ] Request (ImagesOneServerTestJSON:tearDownClass): 200 GET http://10.180.1.21/compute/v2.1/servers/f9ba5103-6f40-4a3b-8e96-35a698251664 1.462s
2025-11-22 06:05:24.107 66361 INFO tempest.lib.common.rest_client [req-e02a3edf-6ef1-4d4e-bbfe-39ac1386c4af req-e02a3edf-6ef1-4d4e-bbfe-39ac1386c4af ] Request (DeleteServersTestJSON:test_delete_server_while_in_shelved_state): 200 GET http://10.180.1.21/compute/v2.1/servers/232e2cf8-3cf0-4942-ac8d-831ad54d2b48 1.549s
2025-11-22 06:05:24.184 66329 INFO tempest.lib.common.rest_client [req-8f662c15-3085-439f-8db1-a6456dd75a3c req-8f662c15-3085-439f-8db1-a6456dd75a3c ] Request (ServerAddressesTestJSON:tearDownClass): 204 DELETE http://10.180.1.21/identity/v3/projects/8d13d4d282674c14894e8038b2d9adeb 0.166s
2025-11-22 06:05:24.200 66355 INFO tempest.lib.common.rest_client [req-125cf482-f3cb-46cb-ac80-2319a5da123f req-125cf482-f3cb-46cb-ac80-2319a5da123f ] Request (ServerShowV247Test:tearDownClass): 204 DELETE http://10.180.1.21/compute/v2.1/servers/9ef149f5-2cce-4e8e-bde6-f323d2d7b037 0.964s
2025-11-22 06:05:24.267 66369 INFO tempest.lib.common.rest_client [req-b6b3bd35-67a1-4438-b6c0-96c9e303e1a1 req-b6b3bd35-67a1-4438-b6c0-96c9e303e1a1 ] Request (ServersAdminNegativeTestJSON:tearDownClass): 200 GET http://10.180.1.21/compute/v2.1/servers/39b3f3b5-f7da-4a36-99ee-7a1d22b4e2d4 1.220s
2025-11-22 06:05:24.269 66329 INFO tempest.lib.common.rest_client [req-d55c8315-8048-41a9-84ed-acb391afb695 req-d55c8315-8048-41a9-84ed-acb391afb695 ] Request (TestVersions:setUpClass): 201 POST http://10.180.1.21/identity/v3/auth/tokens 0.083s
2025-11-22 06:05:24.282 66327 INFO tempest.lib.common.rest_client [req-f504e192-e885-4ad3-8b28-a3c1eb90531b req-f504e192-e885-4ad3-8b28-a3c1eb90531b ] Request (ListServerFiltersTestJSON:tearDownClass): 200 GET http://10.180.1.21/compute/v2.1/servers/7e7129b9-1bab-44a4-9486-4536fc899aaf 0.529s
2025-11-22 06:05:24.305 66329 INFO tempest.lib.common.rest_client [req-5b4e4de8-9db5-4d07-92ed-bbef6edb4eef req-5b4e4de8-9db5-4d07-92ed-bbef6edb4eef ] Request (TestVersions:setUpClass): 201 POST http://10.180.1.21/identity/v3/auth/tokens 0.033s
2025-11-22 06:05:24.326 66339 INFO tempest.lib.common.rest_client [req-8eec710b-f163-41a9-ab9d-66083f4acbe3 req-8eec710b-f163-41a9-ab9d-66083f4acbe3 ] Request (ServerActionsTestJSON:test_rebuild_server): 200 GET http://10.180.1.21/compute/v2.1/servers/04e3194c-efae-4303-a0b8-c34b5720b3d4 0.404s
2025-11-22 06:05:24.340 66329 INFO tempest.lib.common.rest_client [req-c95e7a02-adb0-4207-8ae2-6a05ed5f6eb7 req-c95e7a02-adb0-4207-8ae2-6a05ed5f6eb7 ] Request (TestVersions:setUpClass): 200 GET http://10.180.1.21/identity/v3/domains?name=Default 0.035s
2025-11-22 06:05:24.343 66331 INFO tempest.lib.common.rest_client [req-4583bd7e-ff96-41a2-ba29-51ca64f965b9 req-4583bd7e-ff96-41a2-ba29-51ca64f965b9 ] Request (MigrationsAdminTest:test_resize_server_revert_deleted_flavor): 200 GET http://10.180.1.21/compute/v2.1/servers/979092d9-e957-4594-8963-0f34c5be4822 0.572s
2025-11-22 06:05:24.352 66331 INFO tempest.common.waiters [-] State transition "BUILD/None" ==> "BUILD/networking" after 53 second wait
2025-11-22 06:05:24.375 66329 INFO tempest.lib.common.rest_client [req-dafc9e0f-b22f-47fa-b5cc-da5bf5ddf54b req-dafc9e0f-b22f-47fa-b5cc-da5bf5ddf54b ] Request (TestVersions:setUpClass): 201 POST http://10.180.1.21/identity/v3/projects 0.034s
2025-11-22 06:05:24.392 66365 INFO tempest.lib.common.rest_client [req-489cf142-9e0b-4748-a3f3-1421e26d6619 req-489cf142-9e0b-4748-a3f3-1421e26d6619 ] Request (ServerMetadataNegativeTestJSON:tearDownClass): 200 GET http://10.180.1.21/compute/v2.1/servers/3b6a142f-a843-4e63-8186-cba785771aea 0.454s
2025-11-22 06:05:24.412 66319 INFO tempest.lib.common.rest_client [req-a54ac4d1-8877-4760-a479-896ec0fe7ecc req-a54ac4d1-8877-4760-a479-896ec0fe7ecc ] Request (ServersNegativeTestJSON:setUpClass): 200 GET http://10.180.1.21/compute/v2.1/servers/dd535f99-264e-418f-ad8b-cc327b7dd5ae 0.452s
2025-11-22 06:05:24.462 66333 INFO tempest.lib.common.rest_client [req-0b9a9ecf-bdd9-426a-9b5b-9cc1cf1c26c1 req-0b9a9ecf-bdd9-426a-9b5b-9cc1cf1c26c1 ] Request (ImagesTestJSON:test_create_server_from_snapshot): 200 GET http://10.180.1.21/compute/v2.1/images/f8da85b2-37ba-44fa-ba01-8f678be712dc 0.384s
2025-11-22 06:05:24.477 66329 INFO tempest.lib.common.rest_client [req-7530a4e8-ddf8-4f92-b936-283b2a5d3cc0 req-7530a4e8-ddf8-4f92-b936-283b2a5d3cc0 ] Request (TestVersions:setUpClass): 201 POST http://10.180.1.21/identity/v3/users 0.101s
2025-11-22 06:05:24.483 66317 INFO tempest.lib.common.rest_client [req-9b09f5eb-f799-40c4-9609-37afdcddd1bc req-9b09f5eb-f799-40c4-9609-37afdcddd1bc ] Request (ServersListShow298Test:tearDownClass): 200 GET http://10.180.1.21/compute/v2.1/servers/0935701b-edf9-43a7-b1f3-d24745c05ff2 0.449s
2025-11-22 06:05:24.505 66329 INFO tempest.lib.common.rest_client [req-6e6daae3-269c-4b40-baf5-08309fa8693c req-6e6daae3-269c-4b40-baf5-08309fa8693c ] Request (TestVersions:setUpClass): 200 GET http://10.180.1.21/identity/v3/roles 0.026s
2025-11-22 06:05:24.536 66359 INFO tempest.lib.common.rest_client [req-b50043f7-dc49-4b87-81d7-32bf768b8b83 req-b50043f7-dc49-4b87-81d7-32bf768b8b83 ] Request (ServerActionsTestOtherB:setUpClass): 200 GET http://10.180.1.21/compute/v2.1/servers/275a2218-43b2-46e2-9e92-63c781ecfc59 0.352s
2025-11-22 06:05:24.562 66355 INFO tempest.lib.common.rest_client [req-cf731023-f167-47c4-8278-ab7f7d05126d req-cf731023-f167-47c4-8278-ab7f7d05126d ] Request (ServerShowV247Test:tearDownClass): 200 GET http://10.180.1.21/compute/v2.1/servers/9ef149f5-2cce-4e8e-bde6-f323d2d7b037 0.362s
2025-11-22 06:05:24.563 66329 INFO tempest.lib.common.rest_client [req-660a59e4-d835-4962-b441-ab9be6e8c3be req-660a59e4-d835-4962-b441-ab9be6e8c3be ] Request (TestVersions:setUpClass): 204 PUT http://10.180.1.21/identity/v3/projects/ac3dbb2c75a440a386c9062b5c55a5c9/users/9daf92c9d33e4bf8aa2e698e3ee5c087/roles/441e138bd7404a05822fc8c17bab2177 0.058s
2025-11-22 06:05:24.564 66329 INFO tempest.lib.common.dynamic_creds [-] Dynamic test user 9daf92c9d33e4bf8aa2e698e3ee5c087 is created with scope project and roles: ['member']
2025-11-22 06:05:24.564 66329 INFO tempest.lib.common.dynamic_creds [-] Acquired dynamic creds: credentials: Credentials: {'domain_id': 'default', 'domain_name': 'Default', 'username': 'tempest-TestVersions-1055432211-project-member', 'project_domain_id': 'default', 'project_domain_name': 'Default', 'project_id': 'ac3dbb2c75a440a386c9062b5c55a5c9', 'project_name': 'tempest-TestVersions-1055432211', 'tenant_id': 'ac3dbb2c75a440a386c9062b5c55a5c9', 'tenant_name': 'tempest-TestVersions-1055432211', 'user_domain_id': 'default', 'user_domain_name': 'Default', 'user_id': '9daf92c9d33e4bf8aa2e698e3ee5c087', 'system': None}, Network: None, Subnet: None, Router: None
2025-11-22 06:05:24.564 66329 INFO tempest.lib.common.dynamic_creds [-] Created isolated network resources for: credentials: Credentials: {'domain_id': 'default', 'domain_name': 'Default', 'username': 'tempest-TestVersions-1055432211-project-member', 'project_domain_id': 'default', 'project_domain_name': 'Default', 'project_id': 'ac3dbb2c75a440a386c9062b5c55a5c9', 'project_name': 'tempest-TestVersions-1055432211', 'tenant_id': 'ac3dbb2c75a440a386c9062b5c55a5c9', 'tenant_name': 'tempest-TestVersions-1055432211', 'user_domain_id': 'default', 'user_domain_name': 'Default', 'user_id': '9daf92c9d33e4bf8aa2e698e3ee5c087', 'system': None}, Network: None, Subnet: None, Router: None
2025-11-22 06:05:24.688 66329 INFO tempest.lib.common.rest_client [req-ac6cf7b8-90fb-4f69-a94f-78d886daee54 req-ac6cf7b8-90fb-4f69-a94f-78d886daee54 ] Request (TestVersions:setUpClass): 201 POST http://10.180.1.21/identity/v3/auth/tokens 0.118s
2025-11-22 06:05:24.733 66335 INFO tempest.lib.common.rest_client [req-fba325be-dcce-45a9-bbf5-5b5cd9a2e9ae req-fba325be-dcce-45a9-bbf5-5b5cd9a2e9ae ] Request (ServersNegativeTestMultiTenantJSON:tearDownClass): 200 GET http://10.180.1.21/compute/v2.1/servers/c4a361fc-e0bb-4880-a3e3-4a0a8f1e7410 0.479s
2025-11-22 06:05:24.776 66347 INFO tempest.lib.common.rest_client [req-276fa0c4-99d8-4348-8102-2e9f3ca665b4 req-276fa0c4-99d8-4348-8102-2e9f3ca665b4 ] Request (AttachVolumeShelveTestJSON:test_attach_volume_shelved_or_offload_server): 200 GET http://10.180.1.21/compute/v2.1/servers/18d0467f-0305-4447-a35c-ee76b2b17e47 0.553s
2025-11-22 06:05:24.810 66341 INFO tempest.lib.common.rest_client [req-a09c0886-b18e-4ec2-bed5-2989027a8762 req-a09c0886-b18e-4ec2-bed5-2989027a8762 ] Request (ServersWithSpecificFlavorTestJSON:test_verify_created_server_ephemeral_disk): 200 GET http://10.180.1.21/compute/v2.1/servers/adbbd801-3153-4006-ba55-427b071ada4f 0.507s
2025-11-22 06:05:24.856 66349 INFO tempest.lib.common.rest_client [req-e2772908-3b90-4fdf-a082-33ee5c3f8823 req-e2772908-3b90-4fdf-a082-33ee5c3f8823 ] Request (ServersListShow296Test:test_list_show_update_rebuild_server_296): 200 GET http://10.180.1.21/compute/v2.1/servers/f700f6e1-ffe0-40df-9405-a1bac50ba012 0.521s
2025-11-22 06:05:24.873 66345 INFO tempest.lib.common.rest_client [req-d3d0e98d-e8e8-429e-96c9-13188a36a22d req-d3d0e98d-e8e8-429e-96c9-13188a36a22d ] Request (ServerActionsTestOtherA:setUpClass): 200 GET http://10.180.1.21/compute/v2.1/servers/040412c0-e5e6-4b7f-917e-239a07e6ea21 0.502s
2025-11-22 06:05:24.921 66333 INFO tempest.lib.common.rest_client [req-8219994a-a5f6-4053-bb7e-6f71edf1e85d req-8219994a-a5f6-4053-bb7e-6f71edf1e85d ] Request (ImagesTestJSON:test_create_server_from_snapshot): 200 GET http://10.180.1.21/compute/v2.1/images/f8da85b2-37ba-44fa-ba01-8f678be712dc 0.453s
2025-11-22 06:05:24.935 66321 INFO tempest.lib.common.rest_client [req-10625d15-f57c-4f5b-97d9-ecc67208831e req-10625d15-f57c-4f5b-97d9-ecc67208831e ] Request (ListImageFiltersTestJSON:tearDownClass): 200 GET http://10.180.1.21/compute/v2.1/servers/53146262-156c-4828-ba45-5bf6bd1c695b 0.534s
2025-11-22 06:05:25.000 66337 INFO tempest.lib.common.rest_client [req-a8212723-bb21-4366-8e86-6e8881d12cbb req-a8212723-bb21-4366-8e86-6e8881d12cbb ] Request (ServersAdminTestJSON:test_inject_network_info): 200 GET http://10.180.1.21/compute/v2.1/servers/4adc86d4-5e15-4021-a6d6-7c5e4e23809a 0.455s
2025-11-22 06:05:25.004 66329 INFO tempest.lib.common.rest_client [-] Request (TestVersions:test_get_version_details): 200 GET http://10.180.1.21/compute/ 0.314s
2025-11-22 06:05:25.025 66351 INFO tempest.lib.common.rest_client [req-e966944a-3cd3-46e2-b72e-e846866b6a6a req-e966944a-3cd3-46e2-b72e-e846866b6a6a ] Request (ServerDiskConfigTestJSON:test_resize_server_from_auto_to_manual): 200 GET http://10.180.1.21/compute/v2.1/servers/6beac346-f07d-4d3f-9cef-cb4cea319bc4 0.352s
2025-11-22 06:05:25.027 66333 INFO tempest.lib.common.rest_client [req-933ddd00-b76f-4e97-b073-69e882c59d7e req-933ddd00-b76f-4e97-b073-69e882c59d7e ] Request (ImagesTestJSON:test_create_server_from_snapshot): 201 POST http://10.180.1.21/identity/v3/auth/tokens 0.098s
2025-11-22 06:05:25.027 66333 INFO tempest.lib.common.fixed_network [-] (ImagesTestJSON:test_create_server_from_snapshot) Found network {'id': '068aed9e-0acf-450a-bc88-57966c69e6dd', 'name': 'tempest-ImagesTestJSON-781790809-network', 'tenant_id': 'b31965acc94848c5a5e4210bfeff6b1a', 'project_id': 'b31965acc94848c5a5e4210bfeff6b1a', 'admin_state_up': True, 'mtu': 8950, 'status': 'ACTIVE', 'subnets': [], 'shared': False, 'port_security_enabled': True, 'router:external': False, 'provider:network_type': 'vlan', 'provider:physical_network': 'default', 'provider:segmentation_id': 691, 'availability_zone_hints': [], 'availability_zones': [], 'ipv4_address_scope': None, 'ipv6_address_scope': None, 'description': '', 'tags': [], 'created_at': '2025-11-22T06:01:39Z', 'updated_at': '2025-11-22T06:01:39Z', 'revision_number': 1} available for tenant
2025-11-22 06:05:25.079 66343 INFO tempest.lib.common.rest_client [req-c0a4fbda-a197-48f6-9766-feaa5a944d25 req-c0a4fbda-a197-48f6-9766-feaa5a944d25 ] Request (SecurityGroupsTestJSON:test_list_security_groups_by_server): 200 GET http://10.180.1.21/compute/v2.1/servers/b4f79948-0191-4932-8da7-f12d4f471e88 0.310s
2025-11-22 06:05:25.097 66375 INFO tempest.lib.common.rest_client [req-ae8ad4b3-ff17-417b-af7d-c7c63637aefd req-ae8ad4b3-ff17-417b-af7d-c7c63637aefd ] Request (ListServersNegativeTestJSON:setUpClass): 200 GET http://10.180.1.21/compute/v2.1/servers/02bcadfe-05cb-4e09-9ddf-6976779c52c1 0.241s
2025-11-22 06:05:25.104 66329 INFO tempest.lib.common.rest_client [req-ca4824bc-6f77-4eda-b40a-ebd892aa89b4 req-ca4824bc-6f77-4eda-b40a-ebd892aa89b4 ] Request (TestVersions:test_get_version_details): 200 GET http://10.180.1.21/compute/v2/ 0.097s
2025-11-22 06:05:25.154 66353 INFO tempest.lib.common.rest_client [req-23f344cc-c157-49ca-9e53-2a37ae15d5e4 req-23f344cc-c157-49ca-9e53-2a37ae15d5e4 ] Request (FloatingIPsAssociationTestJSON:tearDownClass): 200 GET http://10.180.1.21/compute/v2.1/servers/c7b70a2f-6049-4276-b880-147cf9fa5cb3 0.223s
2025-11-22 06:05:25.253 66325 INFO tempest.lib.common.rest_client [req-071aef48-76ff-4035-8445-03e6aa000f68 req-071aef48-76ff-4035-8445-03e6aa000f68 ] Request (ImagesOneServerTestJSON:tearDownClass): 200 GET http://10.180.1.21/compute/v2.1/servers/f9ba5103-6f40-4a3b-8e96-35a698251664 0.202s
2025-11-22 06:05:25.260 66329 INFO tempest.lib.common.rest_client [req-5cd340dd-2f3f-4841-9305-afb03b787d9e req-5cd340dd-2f3f-4841-9305-afb03b787d9e ] Request (TestVersions:test_get_version_details): 200 GET http://10.180.1.21/compute/v2.1/ 0.152s
2025-11-22 06:05:25.757 66361 INFO tempest.lib.common.rest_client [req-68378fed-de26-44ea-a627-4e4fbfcb4eec req-68378fed-de26-44ea-a627-4e4fbfcb4eec ] Request (DeleteServersTestJSON:test_delete_server_while_in_shelved_state): 200 GET http://10.180.1.21/compute/v2.1/servers/232e2cf8-3cf0-4942-ac8d-831ad54d2b48 0.638s
2025-11-22 06:05:25.764 66329 INFO tempest.lib.common.rest_client [-] Request (TestVersions:test_list_api_versions): 200 GET http://10.180.1.21/compute/ 0.500s
2025-11-22 06:05:25.839 66369 INFO tempest.lib.common.rest_client [req-8b41d708-2471-4df0-9591-a4eca434d6cf req-8b41d708-2471-4df0-9591-a4eca434d6cf ] Request (ServersAdminNegativeTestJSON:tearDownClass): 200 GET http://10.180.1.21/compute/v2.1/servers/39b3f3b5-f7da-4a36-99ee-7a1d22b4e2d4 0.561s
2025-11-22 06:05:25.868 66333 INFO tempest.lib.common.rest_client [req-be1b8934-23c6-4e98-9165-4005704cb696 req-be1b8934-23c6-4e98-9165-4005704cb696 ] Request (ImagesTestJSON:test_create_server_from_snapshot): 202 POST http://10.180.1.21/compute/v2.1/servers 0.841s
2025-11-22 06:05:25.883 66329 INFO tempest.lib.common.rest_client [req-7315ce9c-6141-4b45-b8fc-04cd7989fbed req-7315ce9c-6141-4b45-b8fc-04cd7989fbed ] Request (TestVersions:tearDownClass): 204 DELETE http://10.180.1.21/identity/v3/users/9daf92c9d33e4bf8aa2e698e3ee5c087 0.113s
2025-11-22 06:05:25.883 66329 INFO tempest.lib.common.dynamic_creds [-] Deleting project and security group for project: ac3dbb2c75a440a386c9062b5c55a5c9
2025-11-22 06:05:25.906 66327 INFO tempest.lib.common.rest_client [req-7067a5fe-b566-4585-b482-2ead526a8433 req-7067a5fe-b566-4585-b482-2ead526a8433 ] Request (ListServerFiltersTestJSON:tearDownClass): 200 GET http://10.180.1.21/compute/v2.1/servers/7e7129b9-1bab-44a4-9486-4536fc899aaf 0.616s
2025-11-22 06:05:25.931 66339 INFO tempest.lib.common.rest_client [req-21db11a0-e31e-40a9-9114-6744d483176b req-21db11a0-e31e-40a9-9114-6744d483176b ] Request (ServerActionsTestJSON:test_rebuild_server): 200 GET http://10.180.1.21/compute/v2.1/servers/04e3194c-efae-4303-a0b8-c34b5720b3d4 0.595s
2025-11-22 06:05:25.955 66329 INFO tempest.lib.common.rest_client [req-7355de65-f286-46a1-ad97-b36a78cfcdfb req-7355de65-f286-46a1-ad97-b36a78cfcdfb ] Request (TestVersions:tearDownClass): 201 POST http://10.180.1.21/identity/v3/auth/tokens 0.072s
2025-11-22 06:05:26.130 66315 WARNING tempest.lib.common.ssh [-] Failed to establish authenticated ssh connection to cirros@10.180.180.152 ([Errno None] Unable to connect to port 22 on 10.180.180.152). Number attempts: 2. Retry after 3 seconds.: paramiko.ssh_exception.NoValidConnectionsError: [Errno None] Unable to connect to port 22 on 10.180.180.152
2025-11-22 06:05:26.142 66329 INFO tempest.lib.common.rest_client [req-f7e77198-7b4e-4393-8120-b8acbb3ed3e8 req-f7e77198-7b4e-4393-8120-b8acbb3ed3e8 ] Request (TestVersions:tearDownClass): 200 GET http://10.180.1.21/networking/v2.0/security-groups?tenant_id=ac3dbb2c75a440a386c9062b5c55a5c9&name=default 0.187s
2025-11-22 06:05:26.173 66331 INFO tempest.lib.common.rest_client [req-b3241605-3739-4cae-abfc-060e2b1ba474 req-b3241605-3739-4cae-abfc-060e2b1ba474 ] Request (MigrationsAdminTest:test_resize_server_revert_deleted_flavor): 200 GET http://10.180.1.21/compute/v2.1/servers/979092d9-e957-4594-8963-0f34c5be4822 0.820s
2025-11-22 06:05:26.183 66331 INFO tempest.common.waiters [-] State transition "BUILD/networking" ==> "BUILD/spawning" after 55 second wait
2025-11-22 06:05:26.186 66365 INFO tempest.lib.common.rest_client [req-2afc9980-c79e-45db-abd6-753145a94105 req-2afc9980-c79e-45db-abd6-753145a94105 ] Request (ServerMetadataNegativeTestJSON:tearDownClass): 200 GET http://10.180.1.21/compute/v2.1/servers/3b6a142f-a843-4e63-8186-cba785771aea 0.781s
2025-11-22 06:05:26.307 66329 INFO tempest.lib.common.rest_client [req-04a01663-02f0-4921-af01-2b2321b8c043 req-04a01663-02f0-4921-af01-2b2321b8c043 ] Request (TestVersions:tearDownClass): 204 DELETE http://10.180.1.21/networking/v2.0/security-groups/39bdcfff-78d2-4337-9bcf-19aaf2b87502 0.165s
2025-11-22 06:05:26.353 66319 INFO tempest.lib.common.rest_client [req-91c27517-9b29-4433-8078-0949bc338d89 req-91c27517-9b29-4433-8078-0949bc338d89 ] Request (ServersNegativeTestJSON:setUpClass): 200 GET http://10.180.1.21/compute/v2.1/servers/dd535f99-264e-418f-ad8b-cc327b7dd5ae 0.930s
2025-11-22 06:05:26.370 66317 INFO tempest.lib.common.rest_client [req-a4ee6953-d750-4ac5-b5a1-4a3163bd8b56 req-a4ee6953-d750-4ac5-b5a1-4a3163bd8b56 ] Request (ServersListShow298Test:tearDownClass): 200 GET http://10.180.1.21/compute/v2.1/servers/0935701b-edf9-43a7-b1f3-d24745c05ff2 0.871s
2025-11-22 06:05:26.380 66329 INFO tempest.lib.common.rest_client [req-8789ea9b-049a-40e5-9490-02993a94b103 req-8789ea9b-049a-40e5-9490-02993a94b103 ] Request (TestVersions:tearDownClass): 204 DELETE http://10.180.1.21/identity/v3/projects/ac3dbb2c75a440a386c9062b5c55a5c9 0.073s
2025-11-22 06:05:26.421 66359 INFO tempest.lib.common.rest_client [req-03bddae4-6a2b-47f7-9b3d-c627777ff32c req-03bddae4-6a2b-47f7-9b3d-c627777ff32c ] Request (ServerActionsTestOtherB:setUpClass): 200 GET http://10.180.1.21/compute/v2.1/servers/275a2218-43b2-46e2-9e92-63c781ecfc59 0.877s
2025-11-22 06:05:26.426 66373 WARNING tempest.lib.common.ssh [-] Failed to establish authenticated ssh connection to cirros@10.180.180.194 ([Errno None] Unable to connect to port 22 on 10.180.180.194). Number attempts: 9. Retry after 10 seconds.: paramiko.ssh_exception.NoValidConnectionsError: [Errno None] Unable to connect to port 22 on 10.180.180.194
2025-11-22 06:05:26.456 66355 INFO tempest.lib.common.rest_client [req-f1556fbc-daee-42a1-a8f0-efa6e6539a3a req-f1556fbc-daee-42a1-a8f0-efa6e6539a3a ] Request (ServerShowV247Test:tearDownClass): 200 GET http://10.180.1.21/compute/v2.1/servers/9ef149f5-2cce-4e8e-bde6-f323d2d7b037 0.880s
2025-11-22 06:05:26.473 66329 INFO tempest.lib.common.rest_client [req-e3cf01cc-4c86-42e5-9641-bb2d14d8898d req-e3cf01cc-4c86-42e5-9641-bb2d14d8898d ] Request (AttachVolumeNegativeTest:setUpClass): 201 POST http://10.180.1.21/identity/v3/auth/tokens 0.091s
2025-11-22 06:05:26.525 66329 INFO tempest.lib.common.rest_client [req-6bc0917f-44b5-4fe3-98ec-e1199dbd0206 req-6bc0917f-44b5-4fe3-98ec-e1199dbd0206 ] Request (AttachVolumeNegativeTest:setUpClass): 201 POST http://10.180.1.21/identity/v3/auth/tokens 0.048s
2025-11-22 06:05:26.540 66335 INFO tempest.lib.common.rest_client [req-8f0966ac-a022-4935-afab-01e8ae96fe1c req-8f0966ac-a022-4935-afab-01e8ae96fe1c ] Request (ServersNegativeTestMultiTenantJSON:tearDownClass): 200 GET http://10.180.1.21/compute/v2.1/servers/c4a361fc-e0bb-4880-a3e3-4a0a8f1e7410 0.796s
2025-11-22 06:05:26.564 66329 INFO tempest.lib.common.rest_client [req-0951d31d-ef50-456d-a7f0-630d3a9d4bec req-0951d31d-ef50-456d-a7f0-630d3a9d4bec ] Request (AttachVolumeNegativeTest:setUpClass): 200 GET http://10.180.1.21/identity/v3/domains?name=Default 0.039s
2025-11-22 06:05:26.607 66341 INFO tempest.lib.common.rest_client [req-d030959a-eb69-43bd-a3b9-581343b2296e req-d030959a-eb69-43bd-a3b9-581343b2296e ] Request (ServersWithSpecificFlavorTestJSON:test_verify_created_server_ephemeral_disk): 200 GET http://10.180.1.21/compute/v2.1/servers/adbbd801-3153-4006-ba55-427b071ada4f 0.786s
2025-11-22 06:05:26.609 66329 INFO tempest.lib.common.rest_client [req-7b9923f0-d18f-4e3a-b217-79188eaac49f req-7b9923f0-d18f-4e3a-b217-79188eaac49f ] Request (AttachVolumeNegativeTest:setUpClass): 201 POST http://10.180.1.21/identity/v3/projects 0.044s
2025-11-22 06:05:26.622 66347 INFO tempest.lib.common.rest_client [req-652e69f2-9ed2-4ffe-b265-1e025b56833f req-652e69f2-9ed2-4ffe-b265-1e025b56833f ] Request (AttachVolumeShelveTestJSON:test_attach_volume_shelved_or_offload_server): 200 GET http://10.180.1.21/compute/v2.1/servers/18d0467f-0305-4447-a35c-ee76b2b17e47 0.835s
2025-11-22 06:05:26.677 66349 INFO tempest.lib.common.rest_client [req-0fa847b2-321a-4e75-a159-bb5714e7d503 req-0fa847b2-321a-4e75-a159-bb5714e7d503 ] Request (ServersListShow296Test:test_list_show_update_rebuild_server_296): 200 GET http://10.180.1.21/compute/v2.1/servers/f700f6e1-ffe0-40df-9405-a1bac50ba012 0.807s
2025-11-22 06:05:26.686 66333 INFO tempest.lib.common.rest_client [req-a8dc1c0d-6f5d-4f39-b2a6-0a04f76f1bfc req-a8dc1c0d-6f5d-4f39-b2a6-0a04f76f1bfc ] Request (ImagesTestJSON:test_create_server_from_snapshot): 200 GET http://10.180.1.21/compute/v2.1/servers/4fe5424b-df8c-428b-ad9b-b2419768159b 0.816s
2025-11-22 06:05:26.693 66329 INFO tempest.lib.common.rest_client [req-80deabc8-5094-4936-b906-d7a1846618a8 req-80deabc8-5094-4936-b906-d7a1846618a8 ] Request (AttachVolumeNegativeTest:setUpClass): 201 POST http://10.180.1.21/identity/v3/users 0.083s
2025-11-22 06:05:26.704 66321 INFO tempest.lib.common.rest_client [req-eba47c45-2c3e-490e-9bbf-d1adcd5af2e4 req-eba47c45-2c3e-490e-9bbf-d1adcd5af2e4 ] Request (ListImageFiltersTestJSON:tearDownClass): 404 GET http://10.180.1.21/compute/v2.1/servers/53146262-156c-4828-ba45-5bf6bd1c695b 0.760s
2025-11-22 06:05:26.714 66329 INFO tempest.lib.common.rest_client [req-31c98d0a-9623-4a3c-9301-7f34ff4dab64 req-31c98d0a-9623-4a3c-9301-7f34ff4dab64 ] Request (AttachVolumeNegativeTest:setUpClass): 200 GET http://10.180.1.21/identity/v3/roles 0.021s
2025-11-22 06:05:26.730 66345 INFO tempest.lib.common.rest_client [req-8c414510-ce79-4074-af57-26fc412b1814 req-8c414510-ce79-4074-af57-26fc412b1814 ] Request (ServerActionsTestOtherA:setUpClass): 200 GET http://10.180.1.21/compute/v2.1/servers/040412c0-e5e6-4b7f-917e-239a07e6ea21 0.847s
2025-11-22 06:05:26.741 66329 INFO tempest.lib.common.rest_client [req-28dec77b-73ee-4c36-98e0-01aacc9a8b07 req-28dec77b-73ee-4c36-98e0-01aacc9a8b07 ] Request (AttachVolumeNegativeTest:setUpClass): 204 PUT http://10.180.1.21/identity/v3/projects/41cecbf45b2543f882dc1bc0ab51f13e/users/ef026d0a61914bec90e57a9f055c7991/roles/441e138bd7404a05822fc8c17bab2177 0.026s
2025-11-22 06:05:26.742 66329 INFO tempest.lib.common.dynamic_creds [-] Dynamic test user ef026d0a61914bec90e57a9f055c7991 is created with scope project and roles: ['member']
2025-11-22 06:05:26.742 66329 INFO tempest.lib.common.dynamic_creds [-] Acquired dynamic creds: credentials: Credentials: {'domain_id': 'default', 'domain_name': 'Default', 'username': 'tempest-AttachVolumeNegativeTest-1065380660-project-member', 'project_domain_id': 'default', 'project_domain_name': 'Default', 'project_id': '41cecbf45b2543f882dc1bc0ab51f13e', 'project_name': 'tempest-AttachVolumeNegativeTest-1065380660', 'tenant_id': '41cecbf45b2543f882dc1bc0ab51f13e', 'tenant_name': 'tempest-AttachVolumeNegativeTest-1065380660', 'user_domain_id': 'default', 'user_domain_name': 'Default', 'user_id': 'ef026d0a61914bec90e57a9f055c7991', 'system': None}, Network: None, Subnet: None, Router: None
2025-11-22 06:05:26.751 66337 INFO tempest.lib.common.rest_client [req-e5c94e95-379d-478b-ac48-c986e8a03f60 req-e5c94e95-379d-478b-ac48-c986e8a03f60 ] Request (ServersAdminTestJSON:test_inject_network_info): 200 GET http://10.180.1.21/compute/v2.1/servers/4adc86d4-5e15-4021-a6d6-7c5e4e23809a 0.731s
2025-11-22 06:05:26.778 66351 INFO tempest.lib.common.rest_client [req-5b1834a0-6983-4e56-a355-804ee8489044 req-5b1834a0-6983-4e56-a355-804ee8489044 ] Request (ServerDiskConfigTestJSON:test_resize_server_from_auto_to_manual): 200 GET http://10.180.1.21/compute/v2.1/servers/6beac346-f07d-4d3f-9cef-cb4cea319bc4 0.743s
2025-11-22 06:05:26.802 66329 INFO tempest.lib.common.rest_client [req-c843d753-0e10-4da6-a581-aba4bdc9fe71 req-c843d753-0e10-4da6-a581-aba4bdc9fe71 ] Request (AttachVolumeNegativeTest:setUpClass): 201 POST http://10.180.1.21/identity/v3/auth/tokens 0.060s
2025-11-22 06:05:26.820 66343 INFO tempest.lib.common.rest_client [req-64ac7e8e-eeb4-4b64-be58-3deaec805977 req-64ac7e8e-eeb4-4b64-be58-3deaec805977 ] Request (SecurityGroupsTestJSON:test_list_security_groups_by_server): 200 GET http://10.180.1.21/compute/v2.1/servers/b4f79948-0191-4932-8da7-f12d4f471e88 0.727s
2025-11-22 06:05:26.833 66375 INFO tempest.lib.common.rest_client [req-74d0d83d-36de-45cd-966c-41f6825b4b7c req-74d0d83d-36de-45cd-966c-41f6825b4b7c ] Request (ListServersNegativeTestJSON:setUpClass): 200 GET http://10.180.1.21/compute/v2.1/servers/02bcadfe-05cb-4e09-9ddf-6976779c52c1 0.727s
2025-11-22 06:05:26.885 66353 INFO tempest.lib.common.rest_client [req-0200eecb-e2ed-4cc6-b61b-fb15eea71e66 req-0200eecb-e2ed-4cc6-b61b-fb15eea71e66 ] Request (FloatingIPsAssociationTestJSON:tearDownClass): 200 GET http://10.180.1.21/compute/v2.1/servers/c7b70a2f-6049-4276-b880-147cf9fa5cb3 0.722s
2025-11-22 06:05:26.903 66325 INFO tempest.lib.common.rest_client [req-50c7501a-3465-42d5-a07e-389ab871cc07 req-50c7501a-3465-42d5-a07e-389ab871cc07 ] Request (ImagesOneServerTestJSON:tearDownClass): 200 GET http://10.180.1.21/compute/v2.1/servers/f9ba5103-6f40-4a3b-8e96-35a698251664 0.634s
2025-11-22 06:05:26.966 66321 INFO tempest.lib.common.rest_client [req-d6654f1c-3354-47ac-8c3d-0a01a71da774 req-d6654f1c-3354-47ac-8c3d-0a01a71da774 ] Request (ListImageFiltersTestJSON:tearDownClass): 204 DELETE http://10.180.1.21/compute/v2.1/servers/9b5eab72-6597-4c2e-9589-05f282b90f18 0.262s
2025-11-22 06:05:27.088 66329 INFO tempest.lib.common.rest_client [req-94a89c6f-088c-48bd-b1b7-fab9181d0a1b req-94a89c6f-088c-48bd-b1b7-fab9181d0a1b ] Request (AttachVolumeNegativeTest:setUpClass): 201 POST http://10.180.1.21/networking/v2.0/networks 0.285s
2025-11-22 06:05:27.089 66369 INFO tempest.lib.common.rest_client [req-406d4c28-20e7-4d9f-92cf-fc95873b508e req-406d4c28-20e7-4d9f-92cf-fc95873b508e ] Request (ServersAdminNegativeTestJSON:tearDownClass): 200 GET http://10.180.1.21/compute/v2.1/servers/39b3f3b5-f7da-4a36-99ee-7a1d22b4e2d4 0.241s
2025-11-22 06:05:27.096 66369 INFO tempest.common.waiters [-] State transition "ACTIVE/deleting" ==> "DELETED/None" after 3 second wait
2025-11-22 06:05:27.112 66361 INFO tempest.lib.common.rest_client [req-9c7aeb07-6094-456b-ab75-4ccb50c1b07b req-9c7aeb07-6094-456b-ab75-4ccb50c1b07b ] Request (DeleteServersTestJSON:test_delete_server_while_in_shelved_state): 200 GET http://10.180.1.21/compute/v2.1/servers/232e2cf8-3cf0-4942-ac8d-831ad54d2b48 0.346s
2025-11-22 06:05:27.269 66329 INFO tempest.lib.common.rest_client [req-c5873827-da3a-4baa-be02-57925d75a414 req-c5873827-da3a-4baa-be02-57925d75a414 ] Request (AttachVolumeNegativeTest:setUpClass): 201 POST http://10.180.1.21/networking/v2.0/subnets 0.179s
2025-11-22 06:05:27.289 66327 INFO tempest.lib.common.rest_client [req-f910aee0-70d4-4ff7-827a-500660ad16c7 req-f910aee0-70d4-4ff7-827a-500660ad16c7 ] Request (ListServerFiltersTestJSON:tearDownClass): 200 GET http://10.180.1.21/compute/v2.1/servers/7e7129b9-1bab-44a4-9486-4536fc899aaf 0.374s
2025-11-22 06:05:27.303 66339 INFO tempest.lib.common.rest_client [req-e90210c6-70ca-4519-8406-eb705431171d req-e90210c6-70ca-4519-8406-eb705431171d ] Request (ServerActionsTestJSON:test_rebuild_server): 200 GET http://10.180.1.21/compute/v2.1/servers/04e3194c-efae-4303-a0b8-c34b5720b3d4 0.362s
2025-11-22 06:05:28.462 66357 WARNING tempest.lib.common.ssh [-] Failed to establish authenticated ssh connection to cirros@10.180.180.170 ([Errno None] Unable to connect to port 22 on 10.180.180.170). Number attempts: 4. Retry after 5 seconds.: paramiko.ssh_exception.NoValidConnectionsError: [Errno None] Unable to connect to port 22 on 10.180.180.170
2025-11-22 06:05:28.608 66329 INFO tempest.lib.common.rest_client [req-64d90238-625e-49d8-bc9f-f8580c14b086 req-64d90238-625e-49d8-bc9f-f8580c14b086 ] Request (AttachVolumeNegativeTest:setUpClass): 201 POST http://10.180.1.21/networking/v2.0/routers 1.339s
2025-11-22 06:05:28.700 66321 INFO tempest.lib.common.rest_client [req-e3fbaad8-84e2-440a-acd6-a10271e032f3 req-e3fbaad8-84e2-440a-acd6-a10271e032f3 ] Request (ListImageFiltersTestJSON:tearDownClass): 200 GET http://10.180.1.21/compute/v2.1/servers/9b5eab72-6597-4c2e-9589-05f282b90f18 1.733s
2025-11-22 06:05:28.760 66331 INFO tempest.lib.common.rest_client [req-c2bcc7ae-ed4f-482c-be40-797456effac2 req-c2bcc7ae-ed4f-482c-be40-797456effac2 ] Request (MigrationsAdminTest:test_resize_server_revert_deleted_flavor): 200 GET http://10.180.1.21/compute/v2.1/servers/979092d9-e957-4594-8963-0f34c5be4822 1.576s
2025-11-22 06:05:29.284 66365 INFO tempest.lib.common.rest_client [req-ffe3270d-2f8c-45f7-b6b9-c4e9649bc2ad req-ffe3270d-2f8c-45f7-b6b9-c4e9649bc2ad ] Request (ServerMetadataNegativeTestJSON:tearDownClass): 200 GET http://10.180.1.21/compute/v2.1/servers/3b6a142f-a843-4e63-8186-cba785771aea 2.088s
2025-11-22 06:05:29.309 66319 INFO tempest.lib.common.rest_client [req-3d2e3da0-bf43-48c0-ae55-7d686fc5088d req-3d2e3da0-bf43-48c0-ae55-7d686fc5088d ] Request (ServersNegativeTestJSON:setUpClass): 200 GET http://10.180.1.21/compute/v2.1/servers/dd535f99-264e-418f-ad8b-cc327b7dd5ae 1.946s
2025-11-22 06:05:29.418 66359 INFO tempest.lib.common.rest_client [req-f1fb356e-05e7-485f-bce4-ac7799da4ae8 req-f1fb356e-05e7-485f-bce4-ac7799da4ae8 ] Request (ServerActionsTestOtherB:setUpClass): 200 GET http://10.180.1.21/compute/v2.1/servers/275a2218-43b2-46e2-9e92-63c781ecfc59 1.989s
2025-11-22 06:05:29.444 66317 INFO tempest.lib.common.rest_client [req-c8359a7a-d6bd-4edc-a17b-6464fa97242c req-c8359a7a-d6bd-4edc-a17b-6464fa97242c ] Request (ServersListShow298Test:tearDownClass): 200 GET http://10.180.1.21/compute/v2.1/servers/0935701b-edf9-43a7-b1f3-d24745c05ff2 2.063s
2025-11-22 06:05:29.618 66329 INFO tempest.lib.common.rest_client [req-0401a56c-f5c8-447f-914f-c415801d69ba req-0401a56c-f5c8-447f-914f-c415801d69ba ] Request (AttachVolumeNegativeTest:setUpClass): 200 PUT http://10.180.1.21/networking/v2.0/routers/4710029c-804f-472a-9b26-56328f84a9e2/add_router_interface 1.009s
2025-11-22 06:05:29.619 66329 INFO tempest.lib.common.dynamic_creds [-] Created isolated network resources for: credentials: Credentials: {'domain_id': 'default', 'domain_name': 'Default', 'username': 'tempest-AttachVolumeNegativeTest-1065380660-project-member', 'project_domain_id': 'default', 'project_domain_name': 'Default', 'project_id': '41cecbf45b2543f882dc1bc0ab51f13e', 'project_name': 'tempest-AttachVolumeNegativeTest-1065380660', 'tenant_id': '41cecbf45b2543f882dc1bc0ab51f13e', 'tenant_name': 'tempest-AttachVolumeNegativeTest-1065380660', 'user_domain_id': 'default', 'user_domain_name': 'Default', 'user_id': 'ef026d0a61914bec90e57a9f055c7991', 'system': None}, Network: {'id': 'f23701a0-24fc-4c38-894d-a796db82ca96', 'name': 'tempest-AttachVolumeNegativeTest-224616627-network', 'tenant_id': '41cecbf45b2543f882dc1bc0ab51f13e', 'project_id': '41cecbf45b2543f882dc1bc0ab51f13e', 'admin_state_up': True, 'mtu': 8950, 'status': 'ACTIVE', 'subnets': [], 'shared': False, 'port_security_enabled': True, 'router:external': False, 'provider:network_type': 'vlan', 'provider:physical_network': 'default', 'provider:segmentation_id': 349, 'availability_zone_hints': [], 'availability_zones': [], 'ipv4_address_scope': None, 'ipv6_address_scope': None, 'description': '', 'tags': [], 'created_at': '2025-11-22T06:05:26Z', 'updated_at': '2025-11-22T06:05:27Z', 'revision_number': 1}, Subnet: {'id': '5ebd0011-5724-41a3-b806-ce9572f3b18e', 'name': 'tempest-AttachVolumeNegativeTest-224616627-subnet', 'tenant_id': '41cecbf45b2543f882dc1bc0ab51f13e', 'network_id': 'f23701a0-24fc-4c38-894d-a796db82ca96', 'ip_version': 4, 'subnetpool_id': None, 'enable_dhcp': True, 'ipv6_ra_mode': None, 'ipv6_address_mode': None, 'gateway_ip': '192.168.128.1', 'cidr': '192.168.128.0/28', 'allocation_pools': [{'start': '192.168.128.2', 'end': '192.168.128.14'}], 'host_routes': [], 'dns_nameservers': [], 'description': '', 'router:external': False, 'service_types': [], 'tags': [], 'created_at': '2025-11-22T06:05:27Z', 'updated_at': '2025-11-22T06:05:27Z', 'revision_number': 0, 'project_id': '41cecbf45b2543f882dc1bc0ab51f13e'}, Router: {'id': '4710029c-804f-472a-9b26-56328f84a9e2', 'name': 'tempest-AttachVolumeNegativeTest-224616627-router', 'tenant_id': '41cecbf45b2543f882dc1bc0ab51f13e', 'admin_state_up': True, 'status': 'ACTIVE', 'external_gateway_info': {'network_id': 'aeb262ad-6842-4658-a69a-9c384c5a699b', 'external_fixed_ips': [{'subnet_id': '0b4a6ca0-529e-4f28-be3b-81725e9379b4', 'ip_address': '10.180.180.197'}], 'enable_snat': True}, 'description': '', 'availability_zones': [], 'distributed': False, 'ha': False, 'availability_zone_hints': [], 'routes': [], 'flavor_id': None, 'tags': [], 'created_at': '2025-11-22T06:05:27Z', 'updated_at': '2025-11-22T06:05:27Z', 'revision_number': 2, 'project_id': '41cecbf45b2543f882dc1bc0ab51f13e'}
2025-11-22 06:05:29.678 66355 INFO tempest.lib.common.rest_client [req-44c77f90-e475-4d2e-80f7-231cd7d84f61 req-44c77f90-e475-4d2e-80f7-231cd7d84f61 ] Request (ServerShowV247Test:tearDownClass): 200 GET http://10.180.1.21/compute/v2.1/servers/9ef149f5-2cce-4e8e-bde6-f323d2d7b037 2.210s
2025-11-22 06:05:29.690 66355 INFO tempest.common.waiters [-] State transition "ACTIVE/deleting" ==> "DELETED/None" after 5 second wait
2025-11-22 06:05:29.695 66335 INFO tempest.lib.common.rest_client [req-42125dd7-3ca5-4009-b4c0-6ef3ae2d319f req-42125dd7-3ca5-4009-b4c0-6ef3ae2d319f ] Request (ServersNegativeTestMultiTenantJSON:tearDownClass): 200 GET http://10.180.1.21/compute/v2.1/servers/c4a361fc-e0bb-4880-a3e3-4a0a8f1e7410 2.142s
2025-11-22 06:05:29.726 66329 INFO tempest.lib.common.rest_client [req-dfd31a3d-8415-448d-b20b-a414cd294a17 req-dfd31a3d-8415-448d-b20b-a414cd294a17 ] Request (AttachVolumeNegativeTest:setUpClass): 201 POST http://10.180.1.21/identity/v3/auth/tokens 0.104s
2025-11-22 06:05:29.763 66341 INFO tempest.lib.common.rest_client [req-2b9a00e1-7548-49b1-b6af-5c6218cfa9eb req-2b9a00e1-7548-49b1-b6af-5c6218cfa9eb ] Request (ServersWithSpecificFlavorTestJSON:test_verify_created_server_ephemeral_disk): 200 GET http://10.180.1.21/compute/v2.1/servers/adbbd801-3153-4006-ba55-427b071ada4f 2.146s
2025-11-22 06:05:29.864 66349 INFO tempest.lib.common.rest_client [req-c456c1c7-cd6c-430a-99f4-21ff817c9db6 req-c456c1c7-cd6c-430a-99f4-21ff817c9db6 ] Request (ServersListShow296Test:test_list_show_update_rebuild_server_296): 200 GET http://10.180.1.21/compute/v2.1/servers/f700f6e1-ffe0-40df-9405-a1bac50ba012 2.176s
2025-11-22 06:05:29.922 66347 INFO tempest.lib.common.rest_client [req-451e30db-200a-4c61-9546-55633b928147 req-451e30db-200a-4c61-9546-55633b928147 ] Request (AttachVolumeShelveTestJSON:test_attach_volume_shelved_or_offload_server): 200 GET http://10.180.1.21/compute/v2.1/servers/18d0467f-0305-4447-a35c-ee76b2b17e47 2.289s
2025-11-22 06:05:29.937 66333 INFO tempest.lib.common.rest_client [req-864583ee-c07a-4fb7-9437-9d02f2da304a req-864583ee-c07a-4fb7-9437-9d02f2da304a ] Request (ImagesTestJSON:test_create_server_from_snapshot): 200 GET http://10.180.1.21/compute/v2.1/servers/4fe5424b-df8c-428b-ad9b-b2419768159b 2.242s
2025-11-22 06:05:29.979 66345 INFO tempest.lib.common.rest_client [req-d860ffda-47da-4f70-830f-0edcfc8f5e2d req-d860ffda-47da-4f70-830f-0edcfc8f5e2d ] Request (ServerActionsTestOtherA:setUpClass): 200 GET http://10.180.1.21/compute/v2.1/servers/040412c0-e5e6-4b7f-917e-239a07e6ea21 2.241s
2025-11-22 06:05:30.006 66337 INFO tempest.lib.common.rest_client [req-a62e5777-3f88-465f-b660-33e823efb53c req-a62e5777-3f88-465f-b660-33e823efb53c ] Request (ServersAdminTestJSON:test_inject_network_info): 200 GET http://10.180.1.21/compute/v2.1/servers/4adc86d4-5e15-4021-a6d6-7c5e4e23809a 2.245s
2025-11-22 06:05:30.040 66351 INFO tempest.lib.common.rest_client [req-70b77e98-7a6c-4bc2-88cf-0fdf5358884a req-70b77e98-7a6c-4bc2-88cf-0fdf5358884a ] Request (ServerDiskConfigTestJSON:test_resize_server_from_auto_to_manual): 200 GET http://10.180.1.21/compute/v2.1/servers/6beac346-f07d-4d3f-9cef-cb4cea319bc4 2.254s
2025-11-22 06:05:30.071 66343 INFO tempest.lib.common.rest_client [req-ea9db43c-41c2-4b17-aad6-f6762b8717fe req-ea9db43c-41c2-4b17-aad6-f6762b8717fe ] Request (SecurityGroupsTestJSON:test_list_security_groups_by_server): 200 GET http://10.180.1.21/compute/v2.1/servers/b4f79948-0191-4932-8da7-f12d4f471e88 2.242s
2025-11-22 06:05:30.102 66375 INFO tempest.lib.common.rest_client [req-9d649696-f214-4663-9d4f-ddab36e63aee req-9d649696-f214-4663-9d4f-ddab36e63aee ] Request (ListServersNegativeTestJSON:setUpClass): 200 GET http://10.180.1.21/compute/v2.1/servers/02bcadfe-05cb-4e09-9ddf-6976779c52c1 2.261s
2025-11-22 06:05:30.152 66353 INFO tempest.lib.common.rest_client [req-887874e7-5111-4088-a707-730e38c06add req-887874e7-5111-4088-a707-730e38c06add ] Request (FloatingIPsAssociationTestJSON:tearDownClass): 200 GET http://10.180.1.21/compute/v2.1/servers/c7b70a2f-6049-4276-b880-147cf9fa5cb3 2.259s
2025-11-22 06:05:30.188 66325 INFO tempest.lib.common.rest_client [req-f9535e46-4477-4e93-82ac-94ebf04475ae req-f9535e46-4477-4e93-82ac-94ebf04475ae ] Request (ImagesOneServerTestJSON:tearDownClass): 200 GET http://10.180.1.21/compute/v2.1/servers/f9ba5103-6f40-4a3b-8e96-35a698251664 2.276s
2025-11-22 06:05:30.245 66369 INFO tempest.lib.common.rest_client [req-867c3bb6-52f4-4356-bdd1-ca9b6e425e89 req-867c3bb6-52f4-4356-bdd1-ca9b6e425e89 ] Request (ServersAdminNegativeTestJSON:tearDownClass): 200 GET http://10.180.1.21/compute/v2.1/servers/39b3f3b5-f7da-4a36-99ee-7a1d22b4e2d4 2.148s
2025-11-22 06:05:30.319 66361 INFO tempest.lib.common.rest_client [req-fba5c62e-4591-428a-bf8b-2582fa0e8203 req-fba5c62e-4591-428a-bf8b-2582fa0e8203 ] Request (DeleteServersTestJSON:test_delete_server_while_in_shelved_state): 200 GET http://10.180.1.21/compute/v2.1/servers/232e2cf8-3cf0-4942-ac8d-831ad54d2b48 2.189s
2025-11-22 06:05:30.348 66327 INFO tempest.lib.common.rest_client [req-d2ee741c-dbb2-4224-890d-ef7c39414dac req-d2ee741c-dbb2-4224-890d-ef7c39414dac ] Request (ListServerFiltersTestJSON:tearDownClass): 200 GET http://10.180.1.21/compute/v2.1/servers/7e7129b9-1bab-44a4-9486-4536fc899aaf 2.049s
2025-11-22 06:05:30.421 66339 INFO tempest.lib.common.rest_client [req-f9a9d49e-1087-466e-933b-fcc33d532e24 req-f9a9d49e-1087-466e-933b-fcc33d532e24 ] Request (ServerActionsTestJSON:test_rebuild_server): 200 GET http://10.180.1.21/compute/v2.1/servers/04e3194c-efae-4303-a0b8-c34b5720b3d4 2.110s
2025-11-22 06:05:30.467 66321 INFO tempest.lib.common.rest_client [req-d595c476-282a-4da5-bf5a-5c2b074ea73e req-d595c476-282a-4da5-bf5a-5c2b074ea73e ] Request (ListImageFiltersTestJSON:tearDownClass): 200 GET http://10.180.1.21/compute/v2.1/servers/9b5eab72-6597-4c2e-9589-05f282b90f18 0.759s
2025-11-22 06:05:30.574 66329 INFO tempest.lib.common.rest_client [req-f47d5df6-340d-4f57-9cf0-6a725c762704 req-f47d5df6-340d-4f57-9cf0-6a725c762704 ] Request (ValidationResourcesFixture:setUp): 200 POST http://10.180.1.21/compute/v2.1/os-keypairs 0.846s
2025-11-22 06:05:30.669 66331 INFO tempest.lib.common.rest_client [req-339b5b70-3a58-44a9-9750-b6d29808e512 req-339b5b70-3a58-44a9-9750-b6d29808e512 ] Request (MigrationsAdminTest:test_resize_server_revert_deleted_flavor): 200 GET http://10.180.1.21/compute/v2.1/servers/979092d9-e957-4594-8963-0f34c5be4822 0.894s
2025-11-22 06:05:30.786 66329 INFO tempest.lib.common.rest_client [req-ac062cac-aa99-4b0f-aead-fb5d7de837af req-ac062cac-aa99-4b0f-aead-fb5d7de837af ] Request (ValidationResourcesFixture:setUp): 201 POST http://10.180.1.21/networking/v2.0/security-groups 0.209s
2025-11-22 06:05:30.819 66365 INFO tempest.lib.common.rest_client [req-29882c2e-1577-45fd-84be-9a3767103f57 req-29882c2e-1577-45fd-84be-9a3767103f57 ] Request (ServerMetadataNegativeTestJSON:tearDownClass): 200 GET http://10.180.1.21/compute/v2.1/servers/3b6a142f-a843-4e63-8186-cba785771aea 0.518s
2025-11-22 06:05:30.844 66319 INFO tempest.lib.common.rest_client [req-cd491734-2fff-4cce-9471-16e53364a445 req-cd491734-2fff-4cce-9471-16e53364a445 ] Request (ServersNegativeTestJSON:setUpClass): 200 GET http://10.180.1.21/compute/v2.1/servers/dd535f99-264e-418f-ad8b-cc327b7dd5ae 0.522s
2025-11-22 06:05:30.941 66329 INFO tempest.lib.common.rest_client [req-b335ebb8-270d-488c-84a7-d081ff45eaaa req-b335ebb8-270d-488c-84a7-d081ff45eaaa ] Request (ValidationResourcesFixture:setUp): 201 POST http://10.180.1.21/networking/v2.0/security-group-rules 0.154s
2025-11-22 06:05:31.036 66317 INFO tempest.lib.common.rest_client [req-ccf80a27-83a6-4ffa-bd94-11ddd3a30676 req-ccf80a27-83a6-4ffa-bd94-11ddd3a30676 ] Request (ServersListShow298Test:tearDownClass): 200 GET http://10.180.1.21/compute/v2.1/servers/0935701b-edf9-43a7-b1f3-d24745c05ff2 0.578s
2025-11-22 06:05:31.127 66329 INFO tempest.lib.common.rest_client [req-6e717553-58c6-44be-9b1c-6571d93f1a3f req-6e717553-58c6-44be-9b1c-6571d93f1a3f ] Request (ValidationResourcesFixture:setUp): 201 POST http://10.180.1.21/networking/v2.0/security-group-rules 0.185s
2025-11-22 06:05:31.165 66359 INFO tempest.lib.common.rest_client [req-44306376-f222-4566-ad69-7215f1198eb2 req-44306376-f222-4566-ad69-7215f1198eb2 ] Request (ServerActionsTestOtherB:setUpClass): 200 GET http://10.180.1.21/compute/v2.1/servers/275a2218-43b2-46e2-9e92-63c781ecfc59 0.737s
2025-11-22 06:05:31.172 66359 INFO tempest.common.waiters [-] State transition "BUILD/None" ==> "BUILD/block_device_mapping" after 44 second wait
2025-11-22 06:05:31.240 66355 INFO tempest.lib.common.rest_client [req-d2fe3d5a-dfd1-4f33-9e70-be769a4831aa req-d2fe3d5a-dfd1-4f33-9e70-be769a4831aa ] Request (ServerShowV247Test:tearDownClass): 200 GET http://10.180.1.21/compute/v2.1/servers/9ef149f5-2cce-4e8e-bde6-f323d2d7b037 0.549s
