2025-11-22 06:01:47.879 66327 INFO tempest.lib.common.rest_client [req-2c81584e-e0f3-401e-bf71-3ee8ea95d416 req-2c81584e-e0f3-401e-bf71-3ee8ea95d416 ] Request (ServerDiagnosticsTest:setUpClass): 204 PUT http://10.180.1.21/identity/v3/projects/f550e8e969b6468294215fff74cdc123/users/9066947413ce477fa2eedeff76222d88/roles/fed164be0445430eb8071a5587627a00 0.029s
2025-11-22 06:01:47.942 66327 INFO tempest.lib.common.rest_client [req-53817f2f-66b7-42fc-9711-9f1997211383 req-53817f2f-66b7-42fc-9711-9f1997211383 ] Request (ServerDiagnosticsTest:setUpClass): 200 GET http://10.180.1.21/identity/v3/roles 0.062s
2025-11-22 06:01:47.955 66323 INFO tempest.lib.common.rest_client [req-959fcd55-b4e4-4d0a-af96-cb7f43ebe03c req-959fcd55-b4e4-4d0a-af96-cb7f43ebe03c ] Request (FlavorMetadataValidation:tearDownClass): 204 DELETE http://10.180.1.21/networking/v2.0/security-groups/08b5138d-55b6-4431-8fed-27e6f85d2315 0.944s
2025-11-22 06:01:47.960 66327 INFO tempest.lib.common.rest_client [req-9148c973-d7a6-4cb5-8644-3ebe526f2300 req-9148c973-d7a6-4cb5-8644-3ebe526f2300 ] Request (ServerDiagnosticsTest:setUpClass): 204 PUT http://10.180.1.21/identity/v3/projects/f550e8e969b6468294215fff74cdc123/users/9066947413ce477fa2eedeff76222d88/roles/fed164be0445430eb8071a5587627a00 0.018s
2025-11-22 06:01:47.960 66327 INFO tempest.lib.common.dynamic_creds [-] Dynamic test user 9066947413ce477fa2eedeff76222d88 is created with scope project and roles: ['admin']
2025-11-22 06:01:47.961 66327 INFO tempest.lib.common.dynamic_creds [-] Acquired dynamic creds: credentials: Credentials: {'domain_id': 'default', 'domain_name': 'Default', 'username': 'tempest-ServerDiagnosticsTest-936623791-project-admin', 'project_domain_id': 'default', 'project_domain_name': 'Default', 'project_id': 'f550e8e969b6468294215fff74cdc123', 'project_name': 'tempest-ServerDiagnosticsTest-936623791', 'tenant_id': 'f550e8e969b6468294215fff74cdc123', 'tenant_name': 'tempest-ServerDiagnosticsTest-936623791', 'user_domain_id': 'default', 'user_domain_name': 'Default', 'user_id': '9066947413ce477fa2eedeff76222d88', 'system': None}, Network: None, Subnet: None, Router: None
2025-11-22 06:01:47.961 66371 INFO tempest.lib.common.rest_client [req-83556774-b275-48d9-883a-dcc4499156ca req-83556774-b275-48d9-883a-dcc4499156ca ] Request (VolumesAdminNegativeTest:setUpClass): 201 POST http://10.180.1.21/networking/v2.0/routers 1.097s
2025-11-22 06:01:47.961 66327 INFO tempest.lib.common.dynamic_creds [-] Created isolated network resources for: credentials: Credentials: {'domain_id': 'default', 'domain_name': 'Default', 'username': 'tempest-ServerDiagnosticsTest-936623791-project-admin', 'project_domain_id': 'default', 'project_domain_name': 'Default', 'project_id': 'f550e8e969b6468294215fff74cdc123', 'project_name': 'tempest-ServerDiagnosticsTest-936623791', 'tenant_id': 'f550e8e969b6468294215fff74cdc123', 'tenant_name': 'tempest-ServerDiagnosticsTest-936623791', 'user_domain_id': 'default', 'user_domain_name': 'Default', 'user_id': '9066947413ce477fa2eedeff76222d88', 'system': None}, Network: None, Subnet: None, Router: None
2025-11-22 06:01:48.033 66327 INFO tempest.lib.common.rest_client [req-dff42a6f-f4df-4142-8211-802d37bb5b01 req-dff42a6f-f4df-4142-8211-802d37bb5b01 ] Request (ServerDiagnosticsTest:setUpClass): 201 POST http://10.180.1.21/identity/v3/auth/tokens 0.070s
2025-11-22 06:01:48.060 66323 INFO tempest.lib.common.rest_client [req-5e3af4b0-d4c9-4dbc-8125-afa9f0db91b3 req-5e3af4b0-d4c9-4dbc-8125-afa9f0db91b3 ] Request (FlavorMetadataValidation:tearDownClass): 204 DELETE http://10.180.1.21/identity/v3/projects/6add296bc4b34fefb3fe147285ff7e48 0.104s
2025-11-22 06:01:48.113 66327 INFO tempest.lib.common.rest_client [req-85f04b87-4d53-4a14-8108-e2cb060c0e63 req-85f04b87-4d53-4a14-8108-e2cb060c0e63 ] Request (ServerDiagnosticsTest:test_get_server_diagnostics): 201 POST http://10.180.1.21/identity/v3/auth/tokens 0.076s
2025-11-22 06:01:48.114 66327 INFO tempest.lib.common.fixed_network [-] (ServerDiagnosticsTest:test_get_server_diagnostics) Found network None available for tenant
2025-11-22 06:01:48.174 66323 INFO tempest.lib.common.rest_client [req-bb5f779c-71d1-442f-b3fa-19d6f3ce2dae req-bb5f779c-71d1-442f-b3fa-19d6f3ce2dae ] Request (FlavorsV255TestJSON:setUpClass): 201 POST http://10.180.1.21/identity/v3/auth/tokens 0.112s
2025-11-22 06:01:48.193 66361 INFO tempest.lib.common.rest_client [req-d2eca012-5092-4e9d-b685-70def832fe02 req-d2eca012-5092-4e9d-b685-70def832fe02 ] Request (DeleteServersTestJSON:test_delete_active_server): 200 GET http://10.180.1.21/compute/v2.1/servers/1a45fa67-cafd-4d1c-b254-724760040726 4.523s
2025-11-22 06:01:48.219 66323 INFO tempest.lib.common.rest_client [req-c70276ab-c35e-4846-bbc8-802cb2af96fc req-c70276ab-c35e-4846-bbc8-802cb2af96fc ] Request (FlavorsV255TestJSON:setUpClass): 201 POST http://10.180.1.21/identity/v3/auth/tokens 0.043s
2025-11-22 06:01:48.256 66323 INFO tempest.lib.common.rest_client [req-8b2e98be-36d5-4a72-94d7-2cf9bf2ccd0b req-8b2e98be-36d5-4a72-94d7-2cf9bf2ccd0b ] Request (FlavorsV255TestJSON:setUpClass): 200 GET http://10.180.1.21/identity/v3/domains?name=Default 0.036s
2025-11-22 06:01:48.299 66323 INFO tempest.lib.common.rest_client [req-2d57865b-75a1-4248-9ba1-282e2cc775dd req-2d57865b-75a1-4248-9ba1-282e2cc775dd ] Request (FlavorsV255TestJSON:setUpClass): 201 POST http://10.180.1.21/identity/v3/projects 0.043s
2025-11-22 06:01:48.339 66375 INFO tempest.lib.common.rest_client [req-f945f485-79e9-403a-a400-c79dde35db0a req-f945f485-79e9-403a-a400-c79dde35db0a ] Request (ServersAdmin275Test:test_rebuild_update_server_275): 200 GET http://10.180.1.21/compute/v2.1/servers/db686e5e-d972-4929-9498-b1ca9655a171 4.161s
2025-11-22 06:01:48.345 66367 INFO tempest.lib.common.rest_client [req-ca195d11-f2c8-4af6-b4fb-0226fe1a5e95 req-ca195d11-f2c8-4af6-b4fb-0226fe1a5e95 ] Request (HostsAdminNegativeTestJSON:test_shutdown_host_with_non_admin_user): 403 GET http://10.180.1.21/compute/v2.1/os-hosts/devstack/shutdown 4.022s
2025-11-22 06:01:48.349 66375 INFO tempest.common.waiters [-] State transition "BUILD/spawning" ==> "ACTIVE/None" after 11 second wait
2025-11-22 06:01:48.354 66335 INFO tempest.lib.common.rest_client [req-79bb88d9-b923-4cf8-8326-8872a842aa49 req-79bb88d9-b923-4cf8-8326-8872a842aa49 ] Request (FlavorsExtraSpecsNegativeTestJSON:test_flavor_non_admin_update_specific_key): 403 PUT http://10.180.1.21/compute/v2.1/flavors/403481243/os-extra_specs/hw:numa_nodes 4.006s
2025-11-22 06:01:48.375 66323 INFO tempest.lib.common.rest_client [req-e4e22434-de3d-4ee0-8739-faa78f70b210 req-e4e22434-de3d-4ee0-8739-faa78f70b210 ] Request (FlavorsV255TestJSON:setUpClass): 201 POST http://10.180.1.21/identity/v3/users 0.075s
2025-11-22 06:01:48.378 66319 INFO tempest.lib.common.rest_client [req-73c6924a-7dec-4961-8499-2efa38f449de req-73c6924a-7dec-4961-8499-2efa38f449de ] Request (HypervisorAdminNegativeTestJSON:test_show_hypervisor_with_non_admin_user): 200 GET http://10.180.1.21/compute/v2.1/os-hypervisors 4.023s
2025-11-22 06:01:48.407 66359 INFO tempest.lib.common.rest_client [req-55f46ac0-278a-4ef3-ad17-2c8699523623 req-55f46ac0-278a-4ef3-ad17-2c8699523623 ] Request (FlavorsAdminTestJSON:_run_cleanups): 200 GET http://10.180.1.21/compute/v2.1/flavors/detail 4.033s
2025-11-22 06:01:48.415 66323 INFO tempest.lib.common.rest_client [req-f48233b3-1615-4355-a7e5-449b6454f35c req-f48233b3-1615-4355-a7e5-449b6454f35c ] Request (FlavorsV255TestJSON:setUpClass): 200 GET http://10.180.1.21/identity/v3/roles 0.040s
2025-11-22 06:01:48.436 66339 INFO tempest.lib.common.rest_client [req-0fd5525d-bb8f-4053-a9f2-e2c9bcfed13d req-0fd5525d-bb8f-4053-a9f2-e2c9bcfed13d ] Request (FlavorsV261TestJSON:_run_cleanups): 200 GET http://10.180.1.21/compute/v2.1/flavors/detail 4.049s
2025-11-22 06:01:48.458 66377 INFO tempest.lib.common.rest_client [req-58a7f8fe-006d-4a1b-84d7-f66875e3a3ef req-58a7f8fe-006d-4a1b-84d7-f66875e3a3ef ] Request (FlavorsAccessNegativeTestJSON:_run_cleanups): 200 GET http://10.180.1.21/compute/v2.1/flavors/detail 4.039s
2025-11-22 06:01:48.465 66323 INFO tempest.lib.common.rest_client [req-ead1941f-042f-4b63-a8ce-148214004728 req-ead1941f-042f-4b63-a8ce-148214004728 ] Request (FlavorsV255TestJSON:setUpClass): 204 PUT http://10.180.1.21/identity/v3/projects/61547f8c4e96486ba3bec35391a06a45/users/6a98403ea8aa417fb89027b339ded4cc/roles/441e138bd7404a05822fc8c17bab2177 0.048s
2025-11-22 06:01:48.465 66323 INFO tempest.lib.common.dynamic_creds [-] Dynamic test user 6a98403ea8aa417fb89027b339ded4cc is created with scope project and roles: ['member']
2025-11-22 06:01:48.466 66323 INFO tempest.lib.common.dynamic_creds [-] Acquired dynamic creds: credentials: Credentials: {'domain_id': 'default', 'domain_name': 'Default', 'username': 'tempest-FlavorsV255TestJSON-947936489-project-member', 'project_domain_id': 'default', 'project_domain_name': 'Default', 'project_id': '61547f8c4e96486ba3bec35391a06a45', 'project_name': 'tempest-FlavorsV255TestJSON-947936489', 'tenant_id': '61547f8c4e96486ba3bec35391a06a45', 'tenant_name': 'tempest-FlavorsV255TestJSON-947936489', 'user_domain_id': 'default', 'user_domain_name': 'Default', 'user_id': '6a98403ea8aa417fb89027b339ded4cc', 'system': None}, Network: None, Subnet: None, Router: None
2025-11-22 06:01:48.466 66323 INFO tempest.lib.common.dynamic_creds [-] Created isolated network resources for: credentials: Credentials: {'domain_id': 'default', 'domain_name': 'Default', 'username': 'tempest-FlavorsV255TestJSON-947936489-project-member', 'project_domain_id': 'default', 'project_domain_name': 'Default', 'project_id': '61547f8c4e96486ba3bec35391a06a45', 'project_name': 'tempest-FlavorsV255TestJSON-947936489', 'tenant_id': '61547f8c4e96486ba3bec35391a06a45', 'tenant_name': 'tempest-FlavorsV255TestJSON-947936489', 'user_domain_id': 'default', 'user_domain_name': 'Default', 'user_id': '6a98403ea8aa417fb89027b339ded4cc', 'system': None}, Network: None, Subnet: None, Router: None
2025-11-22 06:01:48.500 66333 INFO tempest.lib.common.rest_client [req-caf8c405-ba4b-4ebf-9c6e-80307211f386 req-caf8c405-ba4b-4ebf-9c6e-80307211f386 ] Request (ImagesTestJSON:test_create_image_from_stopped_server): 202 POST http://10.180.1.21/compute/v2.1/servers 6.041s
2025-11-22 06:01:48.562 66323 INFO tempest.lib.common.rest_client [req-60cb3061-439a-49be-a91b-4a7a77e75f75 req-60cb3061-439a-49be-a91b-4a7a77e75f75 ] Request (FlavorsV255TestJSON:setUpClass): 201 POST http://10.180.1.21/identity/v3/auth/tokens 0.093s
2025-11-22 06:01:48.576 66339 INFO tempest.lib.common.rest_client [req-de0fe502-c78d-491c-85f5-a3352f48980f req-de0fe502-c78d-491c-85f5-a3352f48980f ] Request (FlavorsV261TestJSON:tearDownClass): 204 DELETE http://10.180.1.21/identity/v3/users/c91b0b576a0a419a80d7ec993c1a385e 0.129s
2025-11-22 06:01:48.655 66323 INFO tempest.lib.common.rest_client [req-ccc68c49-95fd-42f4-b3d2-a9b21775b9a0 req-ccc68c49-95fd-42f4-b3d2-a9b21775b9a0 ] Request (FlavorsV255TestJSON:setUpClass): 201 POST http://10.180.1.21/identity/v3/projects 0.092s
2025-11-22 06:01:48.685 66355 INFO tempest.lib.common.rest_client [req-b7ad3da4-8bd9-4f35-88b9-e255cb3d191a req-b7ad3da4-8bd9-4f35-88b9-e255cb3d191a ] Request (InstanceActionsTestJSON:setUpClass): 200 GET http://10.180.1.21/compute/v2.1/servers/666a7403-a4a9-4ad2-98e9-1a08624a7405 3.373s
2025-11-22 06:01:48.694 66355 INFO tempest.common.waiters [-] State transition "BUILD/None" ==> "BUILD/spawning" after 10 second wait
2025-11-22 06:01:48.705 66337 INFO tempest.lib.common.rest_client [req-d3f80408-4b25-46fe-a8f0-900fe28648a8 req-d3f80408-4b25-46fe-a8f0-900fe28648a8 ] Request (DeleteServersAdminTestJSON:test_admin_delete_servers_of_others): 200 GET http://10.180.1.21/compute/v2.1/servers/1db41807-6ee0-40a9-af37-fb32d82732bb 3.328s
2025-11-22 06:01:48.710 66339 INFO tempest.lib.common.rest_client [req-3d2ee063-0c16-433a-a40e-00efeab8868d req-3d2ee063-0c16-433a-a40e-00efeab8868d ] Request (FlavorsV261TestJSON:tearDownClass): 204 DELETE http://10.180.1.21/identity/v3/users/7d54dbf8e6044618ba9100deeeb501b6 0.134s
2025-11-22 06:01:48.711 66339 INFO tempest.lib.common.dynamic_creds [-] Deleting project and security group for project: 5b7283e3f3b544dfb204a250723e4155
2025-11-22 06:01:48.716 66337 INFO tempest.common.waiters [-] State transition "BUILD/spawning" ==> "ACTIVE/None" after 31 second wait
2025-11-22 06:01:48.760 66323 INFO tempest.lib.common.rest_client [req-a5171090-6e7a-4de9-8afa-3828a8790e7c req-a5171090-6e7a-4de9-8afa-3828a8790e7c ] Request (FlavorsV255TestJSON:setUpClass): 201 POST http://10.180.1.21/identity/v3/users 0.105s
2025-11-22 06:01:48.851 66339 INFO tempest.lib.common.rest_client [req-e83126f8-2500-4e6b-a0b8-804c5fd74111 req-e83126f8-2500-4e6b-a0b8-804c5fd74111 ] Request (FlavorsV261TestJSON:tearDownClass): 201 POST http://10.180.1.21/identity/v3/auth/tokens 0.140s
2025-11-22 06:01:48.873 66323 INFO tempest.lib.common.rest_client [req-12cbca58-988d-41d1-8043-192a7e770d5a req-12cbca58-988d-41d1-8043-192a7e770d5a ] Request (FlavorsV255TestJSON:setUpClass): 200 GET http://10.180.1.21/identity/v3/roles 0.112s
2025-11-22 06:01:48.890 66315 INFO tempest.lib.common.rest_client [req-2b588b17-ac1b-43a5-a9ca-1780593d5bb7 req-2b588b17-ac1b-43a5-a9ca-1780593d5bb7 ] Request (AbsoluteLimitsTestJSON:test_absLimits_get): 200 GET http://10.180.1.21/compute/v2.1/limits 3.186s
2025-11-22 06:01:48.952 66371 INFO tempest.lib.common.rest_client [req-d5f572ef-7876-44a3-bd2a-85a1e4c9aef3 req-d5f572ef-7876-44a3-bd2a-85a1e4c9aef3 ] Request (VolumesAdminNegativeTest:setUpClass): 200 PUT http://10.180.1.21/networking/v2.0/routers/b453e5c3-0341-4b41-b24e-470a0e2e8b3b/add_router_interface 0.990s
2025-11-22 06:01:48.952 66371 INFO tempest.lib.common.dynamic_creds [-] Created isolated network resources for: credentials: Credentials: {'domain_id': 'default', 'domain_name': 'Default', 'username': 'tempest-VolumesAdminNegativeTest-802820335-project-admin', 'project_domain_id': 'default', 'project_domain_name': 'Default', 'project_id': '572f9f0ac72b45a38d3acbefd29a2e78', 'project_name': 'tempest-VolumesAdminNegativeTest-802820335', 'tenant_id': '572f9f0ac72b45a38d3acbefd29a2e78', 'tenant_name': 'tempest-VolumesAdminNegativeTest-802820335', 'user_domain_id': 'default', 'user_domain_name': 'Default', 'user_id': '319d8e0d18bf439487c26341a9a79845', 'system': None}, Network: {'id': '2137ab39-7192-4831-a120-ddf5b11e101d', 'name': 'tempest-VolumesAdminNegativeTest-1620075000-network', 'tenant_id': '572f9f0ac72b45a38d3acbefd29a2e78', 'project_id': '572f9f0ac72b45a38d3acbefd29a2e78', 'admin_state_up': True, 'mtu': 8950, 'status': 'ACTIVE', 'subnets': [], 'shared': False, 'port_security_enabled': True, 'router:external': False, 'provider:network_type': 'vlan', 'provider:physical_network': 'default', 'provider:segmentation_id': 907, 'availability_zone_hints': [], 'availability_zones': [], 'ipv4_address_scope': None, 'ipv6_address_scope': None, 'description': '', 'tags': [], 'created_at': '2025-11-22T06:01:46Z', 'updated_at': '2025-11-22T06:01:46Z', 'revision_number': 1}, Subnet: {'id': 'f0d2f190-55c2-4a63-911c-8bd9c5d62f9c', 'name': 'tempest-VolumesAdminNegativeTest-1620075000-subnet', 'tenant_id': '572f9f0ac72b45a38d3acbefd29a2e78', 'network_id': '2137ab39-7192-4831-a120-ddf5b11e101d', 'ip_version': 4, 'subnetpool_id': None, 'enable_dhcp': True, 'ipv6_ra_mode': None, 'ipv6_address_mode': None, 'gateway_ip': '192.168.128.1', 'cidr': '192.168.128.0/28', 'allocation_pools': [{'start': '192.168.128.2', 'end': '192.168.128.14'}], 'host_routes': [], 'dns_nameservers': [], 'description': '', 'router:external': False, 'service_types': [], 'tags': [], 'created_at': '2025-11-22T06:01:46Z', 'updated_at': '2025-11-22T06:01:46Z', 'revision_number': 0, 'project_id': '572f9f0ac72b45a38d3acbefd29a2e78'}, Router: {'id': 'b453e5c3-0341-4b41-b24e-470a0e2e8b3b', 'name': 'tempest-VolumesAdminNegativeTest-1620075000-router', 'tenant_id': '572f9f0ac72b45a38d3acbefd29a2e78', 'admin_state_up': True, 'status': 'ACTIVE', 'external_gateway_info': {'network_id': 'aeb262ad-6842-4658-a69a-9c384c5a699b', 'external_fixed_ips': [{'subnet_id': '0b4a6ca0-529e-4f28-be3b-81725e9379b4', 'ip_address': '10.180.180.173'}], 'enable_snat': True}, 'description': '', 'availability_zones': [], 'distributed': False, 'ha': False, 'availability_zone_hints': [], 'routes': [], 'flavor_id': None, 'tags': [], 'created_at': '2025-11-22T06:01:47Z', 'updated_at': '2025-11-22T06:01:47Z', 'revision_number': 2, 'project_id': '572f9f0ac72b45a38d3acbefd29a2e78'}
2025-11-22 06:01:48.960 66323 INFO tempest.lib.common.rest_client [req-d4a58ee1-4bcd-4659-8b02-a2703a0ddfbf req-d4a58ee1-4bcd-4659-8b02-a2703a0ddfbf ] Request (FlavorsV255TestJSON:setUpClass): 204 PUT http://10.180.1.21/identity/v3/projects/adb7d5cf914a4423945be6e9c1bd1662/users/77209b900fa24c2ca5274a83ca2dc338/roles/fed164be0445430eb8071a5587627a00 0.087s
2025-11-22 06:01:48.964 66325 INFO tempest.lib.common.rest_client [req-17924f19-65b3-4ef5-94af-747ea08e4cf5 req-17924f19-65b3-4ef5-94af-747ea08e4cf5 ] Request (QuotasAdminTestJSON:test_get_updated_quotas): 200 PUT http://10.180.1.21/compute/v2.1/os-quota-sets/c6030bf51b2d47c68d08d9a4f2156184 3.530s
2025-11-22 06:01:48.987 66365 INFO tempest.lib.common.rest_client [req-21ae516d-7e7e-408b-a9df-ee4ea934a501 req-21ae516d-7e7e-408b-a9df-ee4ea934a501 ] Request (ServerGroupTestJSON:test_create_delete_multiple_server_groups_with_same_name_policy): 204 DELETE http://10.180.1.21/compute/v2.1/os-server-groups/bc08190e-1874-4a76-b6de-c6b5ebb14d33 3.179s
2025-11-22 06:01:49.014 66317 INFO tempest.lib.common.rest_client [req-30d6ca8d-7070-47ae-a49b-7d367c9bf496 req-30d6ca8d-7070-47ae-a49b-7d367c9bf496 ] Request (FlavorsV2TestJSON:test_list_flavors): 200 GET http://10.180.1.21/compute/v2.1/flavors 3.091s
2025-11-22 06:01:49.099 66315 INFO tempest.lib.common.rest_client [req-19c6e4f0-4bfb-4791-8d69-b801f51013fc req-19c6e4f0-4bfb-4791-8d69-b801f51013fc ] Request (AbsoluteLimitsTestJSON:tearDownClass): 204 DELETE http://10.180.1.21/identity/v3/users/52556f72134641099cf6d61cd63c3ff5 0.194s
2025-11-22 06:01:49.099 66315 INFO tempest.lib.common.dynamic_creds [-] Deleting project and security group for project: 6571eebcb5c84e1d8da4fd05b8aeebe1
2025-11-22 06:01:49.131 66373 INFO tempest.lib.common.rest_client [req-32be67e0-b4e2-47f4-b5a1-5142e27a4976 req-32be67e0-b4e2-47f4-b5a1-5142e27a4976 ] Request (SecurityGroupRulesTestJSON:test_security_group_rules_create_with_optional_group_id): 200 POST http://10.180.1.21/compute/v2.1/os-security-groups 3.345s
2025-11-22 06:01:49.190 66339 INFO tempest.lib.common.rest_client [req-9a8f34c4-8add-4e4d-8f38-db950beb4d6a req-9a8f34c4-8add-4e4d-8f38-db950beb4d6a ] Request (FlavorsV261TestJSON:tearDownClass): 200 GET http://10.180.1.21/networking/v2.0/security-groups?tenant_id=5b7283e3f3b544dfb204a250723e4155&name=default 0.338s
2025-11-22 06:01:49.192 66323 INFO tempest.lib.common.rest_client [req-62fee352-68e3-4948-9538-48aab137e288 req-62fee352-68e3-4948-9538-48aab137e288 ] Request (FlavorsV255TestJSON:setUpClass): 200 GET http://10.180.1.21/identity/v3/roles 0.231s
2025-11-22 06:01:49.213 66371 INFO tempest.lib.common.rest_client [req-0e26cb90-c38c-4ed7-a7d8-6a14a1cd4a3b req-0e26cb90-c38c-4ed7-a7d8-6a14a1cd4a3b ] Request (VolumesAdminNegativeTest:setUpClass): 201 POST http://10.180.1.21/identity/v3/auth/tokens 0.258s
2025-11-22 06:01:49.223 66315 INFO tempest.lib.common.rest_client [req-cc23b34f-c132-4770-b2e2-54457e5f54cd req-cc23b34f-c132-4770-b2e2-54457e5f54cd ] Request (AbsoluteLimitsTestJSON:tearDownClass): 201 POST http://10.180.1.21/identity/v3/auth/tokens 0.123s
2025-11-22 06:01:49.239 66323 INFO tempest.lib.common.rest_client [req-4fe80598-e6b8-427c-85e7-5f7efc57d6c1 req-4fe80598-e6b8-427c-85e7-5f7efc57d6c1 ] Request (FlavorsV255TestJSON:setUpClass): 204 PUT http://10.180.1.21/identity/v3/projects/adb7d5cf914a4423945be6e9c1bd1662/users/77209b900fa24c2ca5274a83ca2dc338/roles/fed164be0445430eb8071a5587627a00 0.047s
2025-11-22 06:01:49.240 66323 INFO tempest.lib.common.dynamic_creds [-] Dynamic test user 77209b900fa24c2ca5274a83ca2dc338 is created with scope project and roles: ['admin']
2025-11-22 06:01:49.240 66323 INFO tempest.lib.common.dynamic_creds [-] Acquired dynamic creds: credentials: Credentials: {'domain_id': 'default', 'domain_name': 'Default', 'username': 'tempest-FlavorsV255TestJSON-1674781033-project-admin', 'project_domain_id': 'default', 'project_domain_name': 'Default', 'project_id': 'adb7d5cf914a4423945be6e9c1bd1662', 'project_name': 'tempest-FlavorsV255TestJSON-1674781033', 'tenant_id': 'adb7d5cf914a4423945be6e9c1bd1662', 'tenant_name': 'tempest-FlavorsV255TestJSON-1674781033', 'user_domain_id': 'default', 'user_domain_name': 'Default', 'user_id': '77209b900fa24c2ca5274a83ca2dc338', 'system': None}, Network: None, Subnet: None, Router: None
2025-11-22 06:01:49.240 66323 INFO tempest.lib.common.dynamic_creds [-] Created isolated network resources for: credentials: Credentials: {'domain_id': 'default', 'domain_name': 'Default', 'username': 'tempest-FlavorsV255TestJSON-1674781033-project-admin', 'project_domain_id': 'default', 'project_domain_name': 'Default', 'project_id': 'adb7d5cf914a4423945be6e9c1bd1662', 'project_name': 'tempest-FlavorsV255TestJSON-1674781033', 'tenant_id': 'adb7d5cf914a4423945be6e9c1bd1662', 'tenant_name': 'tempest-FlavorsV255TestJSON-1674781033', 'user_domain_id': 'default', 'user_domain_name': 'Default', 'user_id': '77209b900fa24c2ca5274a83ca2dc338', 'system': None}, Network: None, Subnet: None, Router: None
2025-11-22 06:01:49.325 66371 INFO tempest.lib.common.rest_client [req-b963f634-2d06-4cf5-ad4e-5218467516c0 req-b963f634-2d06-4cf5-ad4e-5218467516c0 ] Request (VolumesAdminNegativeTest:setUpClass): 201 POST http://10.180.1.21/identity/v3/projects 0.111s
2025-11-22 06:01:49.356 66339 INFO tempest.lib.common.rest_client [req-fe66d756-4b7c-48cd-b1c3-758cb5ea1b58 req-fe66d756-4b7c-48cd-b1c3-758cb5ea1b58 ] Request (FlavorsV261TestJSON:tearDownClass): 204 DELETE http://10.180.1.21/networking/v2.0/security-groups/da732348-06b8-4b69-9ef0-88f365128fc1 0.165s
2025-11-22 06:01:49.359 66345 INFO tempest.lib.common.rest_client [req-144e9015-f103-42cd-bf24-c7559541974e req-144e9015-f103-42cd-bf24-c7559541974e ] Request (TenantUsagesTestJSON:setUpClass): 200 GET http://10.180.1.21/compute/v2.1/servers/4b9587a4-96dc-412d-a446-a05c9b0c9e7e 3.263s
2025-11-22 06:01:49.413 66371 INFO tempest.lib.common.rest_client [req-948cd2ac-c3e4-4377-b086-24ce18e35397 req-948cd2ac-c3e4-4377-b086-24ce18e35397 ] Request (VolumesAdminNegativeTest:setUpClass): 201 POST http://10.180.1.21/identity/v3/users 0.087s
2025-11-22 06:01:49.427 66323 INFO tempest.lib.common.rest_client [req-0742d5de-33a9-49de-8af3-b0452b8f6bd4 req-0742d5de-33a9-49de-8af3-b0452b8f6bd4 ] Request (FlavorsV255TestJSON:setUpClass): 201 POST http://10.180.1.21/identity/v3/auth/tokens 0.184s
2025-11-22 06:01:49.456 66351 INFO tempest.lib.common.rest_client [req-05a3fcf0-688d-4238-85ba-b22f580b601b req-05a3fcf0-688d-4238-85ba-b22f580b601b ] Request (ServerDiagnosticsNegativeTest:test_get_server_diagnostics_by_non_admin): 200 GET http://10.180.1.21/compute/v2.1/servers/ef6b075e-431a-49de-b676-41f95bd4cfa1 2.822s
2025-11-22 06:01:49.499 66339 INFO tempest.lib.common.rest_client [req-a2cefb5f-c246-4915-8780-3cfea69055ed req-a2cefb5f-c246-4915-8780-3cfea69055ed ] Request (FlavorsV261TestJSON:tearDownClass): 204 DELETE http://10.180.1.21/identity/v3/projects/5b7283e3f3b544dfb204a250723e4155 0.142s
2025-11-22 06:01:49.499 66339 INFO tempest.lib.common.dynamic_creds [-] Deleting project and security group for project: 9bbb9842bde1468f852b20533fecaa57
2025-11-22 06:01:49.538 66349 INFO tempest.lib.common.rest_client [req-0d3f4c43-a90a-4b26-86b2-db254e51c0d4 req-0d3f4c43-a90a-4b26-86b2-db254e51c0d4 ] Request (SecurityGroupRulesNegativeTestJSON:test_create_security_group_rule_with_invalid_from_port): 400 POST http://10.180.1.21/compute/v2.1/os-security-group-rules 2.425s
2025-11-22 06:01:49.562 66371 INFO tempest.lib.common.rest_client [req-f11d9418-7f55-4cec-9dc9-b3caf74387b4 req-f11d9418-7f55-4cec-9dc9-b3caf74387b4 ] Request (VolumesAdminNegativeTest:setUpClass): 200 GET http://10.180.1.21/identity/v3/roles 0.149s
2025-11-22 06:01:49.565 66331 INFO tempest.lib.common.rest_client [req-e6e4ecaf-cff6-4da5-84f5-aedeecdddb81 req-e6e4ecaf-cff6-4da5-84f5-aedeecdddb81 ] Request (FlavorsAccessTestJSON:_run_cleanups): 200 GET http://10.180.1.21/compute/v2.1/flavors/detail 2.234s
2025-11-22 06:01:49.592 66315 INFO tempest.lib.common.rest_client [req-9e210313-cc95-4c45-9a78-bca7a9b222ba req-9e210313-cc95-4c45-9a78-bca7a9b222ba ] Request (AbsoluteLimitsTestJSON:tearDownClass): 200 GET http://10.180.1.21/networking/v2.0/security-groups?tenant_id=6571eebcb5c84e1d8da4fd05b8aeebe1&name=default 0.368s
2025-11-22 06:01:49.603 66371 INFO tempest.lib.common.rest_client [req-3251ac74-cd0e-4914-8386-fad62b0bbde3 req-3251ac74-cd0e-4914-8386-fad62b0bbde3 ] Request (VolumesAdminNegativeTest:setUpClass): 204 PUT http://10.180.1.21/identity/v3/projects/e1bece71f7144b3483a25248067f0c28/users/5718dd2844814cdfbcddc37dd2c1f370/roles/94aaa568e899444b900053f7770bc639 0.041s
2025-11-22 06:01:49.633 66339 INFO tempest.lib.common.rest_client [req-7ecfe45c-79dd-4318-b943-a47b02d056c3 req-7ecfe45c-79dd-4318-b943-a47b02d056c3 ] Request (FlavorsV261TestJSON:tearDownClass): 200 GET http://10.180.1.21/networking/v2.0/security-groups?tenant_id=9bbb9842bde1468f852b20533fecaa57&name=default 0.134s
2025-11-22 06:01:49.658 66371 INFO tempest.lib.common.rest_client [req-63b32a67-32d6-44f1-a1c7-8e6bb5c72b84 req-63b32a67-32d6-44f1-a1c7-8e6bb5c72b84 ] Request (VolumesAdminNegativeTest:setUpClass): 200 GET http://10.180.1.21/identity/v3/roles 0.054s
2025-11-22 06:01:49.675 66371 INFO tempest.lib.common.rest_client [req-574b3631-4264-440c-8da8-d0f358500898 req-574b3631-4264-440c-8da8-d0f358500898 ] Request (VolumesAdminNegativeTest:setUpClass): 204 PUT http://10.180.1.21/identity/v3/projects/e1bece71f7144b3483a25248067f0c28/users/5718dd2844814cdfbcddc37dd2c1f370/roles/fed164be0445430eb8071a5587627a00 0.016s
2025-11-22 06:01:49.675 66371 INFO tempest.lib.common.dynamic_creds [-] Dynamic test user 5718dd2844814cdfbcddc37dd2c1f370 is created with scope project and roles: ['service', 'admin']
2025-11-22 06:01:49.675 66371 INFO tempest.lib.common.dynamic_creds [-] Acquired dynamic creds: credentials: Credentials: {'domain_id': 'default', 'domain_name': 'Default', 'username': 'tempest-VolumesAdminNegativeTest-298819778-project', 'project_domain_id': 'default', 'project_domain_name': 'Default', 'project_id': 'e1bece71f7144b3483a25248067f0c28', 'project_name': 'tempest-VolumesAdminNegativeTest-298819778', 'tenant_id': 'e1bece71f7144b3483a25248067f0c28', 'tenant_name': 'tempest-VolumesAdminNegativeTest-298819778', 'user_domain_id': 'default', 'user_domain_name': 'Default', 'user_id': '5718dd2844814cdfbcddc37dd2c1f370', 'system': None}, Network: None, Subnet: None, Router: None
2025-11-22 06:01:49.707 66315 INFO tempest.lib.common.rest_client [req-f0d5c3dd-bdf5-4959-ab10-500d95342b8f req-f0d5c3dd-bdf5-4959-ab10-500d95342b8f ] Request (AbsoluteLimitsTestJSON:tearDownClass): 204 DELETE http://10.180.1.21/networking/v2.0/security-groups/22446574-c4b8-4656-ab65-7995abcae469 0.115s
2025-11-22 06:01:49.719 66339 INFO tempest.lib.common.rest_client [req-75debbb6-33c4-44b2-b7f5-366fbe49e31e req-75debbb6-33c4-44b2-b7f5-366fbe49e31e ] Request (FlavorsV261TestJSON:tearDownClass): 204 DELETE http://10.180.1.21/networking/v2.0/security-groups/2f20ca3f-6083-4a40-9a38-fd665f75bba7 0.086s
2025-11-22 06:01:49.805 66321 INFO tempest.lib.common.rest_client [req-59e62f62-ca5f-464e-a1de-e9a18eb92511 req-59e62f62-ca5f-464e-a1de-e9a18eb92511 ] Request (ListImageFiltersTestJSON:setUpClass): 204 PUT http://10.180.1.21/image/v2/images/959f950f-13ff-4431-a8bf-941afccbc9c9/file 1.127s
2025-11-22 06:01:49.830 66343 INFO tempest.lib.common.rest_client [req-246df920-58c8-449b-a1ba-dc21a7103916 req-246df920-58c8-449b-a1ba-dc21a7103916 ] Request (VolumesAssistedSnapshotsTest:test_volume_assisted_snapshot_create_delete): 202 POST http://10.180.1.21/compute/v2.1/servers 3.695s
2025-11-22 06:01:49.837 66380 INFO tempest.lib.common.rest_client [req-f46cf676-3155-4d37-b151-e2bb4f4d2e0c req-f46cf676-3155-4d37-b151-e2bb4f4d2e0c ] Request (QuotasAdminNegativeTest:test_create_server_when_instances_quota_is_full): 403 POST http://10.180.1.21/compute/v2.1/servers 2.475s
2025-11-22 06:01:49.838 66315 INFO tempest.lib.common.rest_client [req-3480a846-dc3c-428a-a10d-0c3da1f994bf req-3480a846-dc3c-428a-a10d-0c3da1f994bf ] Request (AbsoluteLimitsTestJSON:tearDownClass): 204 DELETE http://10.180.1.21/identity/v3/projects/6571eebcb5c84e1d8da4fd05b8aeebe1 0.130s
2025-11-22 06:01:49.851 66353 INFO tempest.lib.common.rest_client [req-66130042-5b52-4480-90f2-785d345cef8c req-66130042-5b52-4480-90f2-785d345cef8c ] Request (FlavorsExtraSpecsTestJSON:test_flavor_set_get_update_show_unset_keys): 200 GET http://10.180.1.21/compute/v2.1/flavors/1721711724/os-extra_specs 2.450s
2025-11-22 06:01:49.860 66339 INFO tempest.lib.common.rest_client [req-4db973d4-6e5f-4bf9-bfcc-978f0d8cf51e req-4db973d4-6e5f-4bf9-bfcc-978f0d8cf51e ] Request (FlavorsV261TestJSON:tearDownClass): 204 DELETE http://10.180.1.21/identity/v3/projects/9bbb9842bde1468f852b20533fecaa57 0.140s
2025-11-22 06:01:49.865 66357 INFO tempest.lib.common.rest_client [req-230f3a46-15e3-4ac7-a740-684ec492aa90 req-230f3a46-15e3-4ac7-a740-684ec492aa90 ] Request (AggregatesAdminNegativeTestJSON:test_aggregate_add_host_as_user): 200 POST http://10.180.1.21/compute/v2.1/os-aggregates 2.481s
2025-11-22 06:01:49.874 66341 INFO tempest.lib.common.rest_client [req-9bdea780-98b3-4aec-9f3a-a611ab27a3ad req-9bdea780-98b3-4aec-9f3a-a611ab27a3ad ] Request (ServersWithSpecificFlavorTestJSON:test_verify_created_server_ephemeral_disk): 200 POST http://10.180.1.21/compute/v2.1/flavors 2.455s
2025-11-22 06:01:49.884 66347 INFO tempest.lib.common.rest_client [req-2b006613-d48e-4f07-b44f-d9c7073eb26a req-2b006613-d48e-4f07-b44f-d9c7073eb26a ] Request (ImagesMetadataNegativeTestJSON:test_set_nonexistent_image_metadata_item): 404 PUT http://10.180.1.21/compute/v2.1/images/da78b26b-a0d8-4c50-914d-275cbc98ed01/metadata/os_distro 2.444s
2025-11-22 06:01:49.897 66367 INFO tempest.lib.common.rest_client [req-9d81f90a-c027-48cb-8cac-7ddf43af4861 req-9d81f90a-c027-48cb-8cac-7ddf43af4861 ] Request (HostsAdminNegativeTestJSON:test_shutdown_nonexistent_host): 404 GET http://10.180.1.21/compute/v2.1/os-hosts/nonexistent_hostname/shutdown 1.551s
2025-11-22 06:01:49.909 66315 INFO tempest.lib.common.rest_client [req-eddb8ae3-2046-4734-adee-0128f1ae2441 req-eddb8ae3-2046-4734-adee-0128f1ae2441 ] Request (AttachInterfacesTestJSON:setUpClass): 201 POST http://10.180.1.21/identity/v3/auth/tokens 0.068s
2025-11-22 06:01:49.923 66339 INFO tempest.lib.common.rest_client [req-4a09d421-cd0c-4a56-8510-a24b245bb9b6 req-4a09d421-cd0c-4a56-8510-a24b245bb9b6 ] Request (InstanceUsageAuditLogNegativeTestJSON:setUpClass): 201 POST http://10.180.1.21/identity/v3/auth/tokens 0.062s
2025-11-22 06:01:49.961 66315 INFO tempest.lib.common.rest_client [req-02ef0071-c5e2-4a89-b1fc-ca8963b30a40 req-02ef0071-c5e2-4a89-b1fc-ca8963b30a40 ] Request (AttachInterfacesTestJSON:setUpClass): 201 POST http://10.180.1.21/identity/v3/auth/tokens 0.050s
2025-11-22 06:01:49.994 66339 INFO tempest.lib.common.rest_client [req-8d85f877-97c1-404f-af79-c1b2f473ec03 req-8d85f877-97c1-404f-af79-c1b2f473ec03 ] Request (InstanceUsageAuditLogNegativeTestJSON:setUpClass): 201 POST http://10.180.1.21/identity/v3/auth/tokens 0.067s
2025-11-22 06:01:50.012 66371 INFO tempest.lib.common.rest_client [req-19c4b284-9451-4c80-bb81-dc89b7241fad req-19c4b284-9451-4c80-bb81-dc89b7241fad ] Request (VolumesAdminNegativeTest:setUpClass): 201 POST http://10.180.1.21/networking/v2.0/networks 0.337s
2025-11-22 06:01:50.019 66315 INFO tempest.lib.common.rest_client [req-a1be67b0-ac0a-45d6-8dfe-02b8e58f44bb req-a1be67b0-ac0a-45d6-8dfe-02b8e58f44bb ] Request (AttachInterfacesTestJSON:setUpClass): 200 GET http://10.180.1.21/identity/v3/domains?name=Default 0.057s
2025-11-22 06:01:50.043 66339 INFO tempest.lib.common.rest_client [req-8d358671-1c76-4b55-841d-d985ae6a8ce4 req-8d358671-1c76-4b55-841d-d985ae6a8ce4 ] Request (InstanceUsageAuditLogNegativeTestJSON:setUpClass): 200 GET http://10.180.1.21/identity/v3/domains?name=Default 0.049s
2025-11-22 06:01:50.055 66315 INFO tempest.lib.common.rest_client [req-6e2e3f29-3810-457f-b40e-ffd340f07e43 req-6e2e3f29-3810-457f-b40e-ffd340f07e43 ] Request (AttachInterfacesTestJSON:setUpClass): 201 POST http://10.180.1.21/identity/v3/projects 0.036s
2025-11-22 06:01:50.115 66339 INFO tempest.lib.common.rest_client [req-9f95d318-5dbe-4a8b-9fee-1808bdbd9c00 req-9f95d318-5dbe-4a8b-9fee-1808bdbd9c00 ] Request (InstanceUsageAuditLogNegativeTestJSON:setUpClass): 201 POST http://10.180.1.21/identity/v3/projects 0.072s
2025-11-22 06:01:50.141 66315 INFO tempest.lib.common.rest_client [req-40cb4225-87e5-42f8-ac0a-c1e4b52651e1 req-40cb4225-87e5-42f8-ac0a-c1e4b52651e1 ] Request (AttachInterfacesTestJSON:setUpClass): 201 POST http://10.180.1.21/identity/v3/users 0.085s
2025-11-22 06:01:50.195 66339 INFO tempest.lib.common.rest_client [req-674b7d86-c419-4f13-8be8-31cb9a68ddb1 req-674b7d86-c419-4f13-8be8-31cb9a68ddb1 ] Request (InstanceUsageAuditLogNegativeTestJSON:setUpClass): 201 POST http://10.180.1.21/identity/v3/users 0.080s
2025-11-22 06:01:50.199 66315 INFO tempest.lib.common.rest_client [req-b86625e8-9bc6-421e-b25e-d31ba8ea93d3 req-b86625e8-9bc6-421e-b25e-d31ba8ea93d3 ] Request (AttachInterfacesTestJSON:setUpClass): 200 GET http://10.180.1.21/identity/v3/roles 0.058s
2025-11-22 06:01:50.229 66339 INFO tempest.lib.common.rest_client [req-dee0eea0-72de-4cb5-ab70-46217dd3d93f req-dee0eea0-72de-4cb5-ab70-46217dd3d93f ] Request (InstanceUsageAuditLogNegativeTestJSON:setUpClass): 200 GET http://10.180.1.21/identity/v3/roles 0.032s
2025-11-22 06:01:50.229 66371 INFO tempest.lib.common.rest_client [req-2023ba80-8fa3-496e-99fc-a5f4ea94ed45 req-2023ba80-8fa3-496e-99fc-a5f4ea94ed45 ] Request (VolumesAdminNegativeTest:setUpClass): 201 POST http://10.180.1.21/networking/v2.0/subnets 0.216s
2025-11-22 06:01:50.238 66315 INFO tempest.lib.common.rest_client [req-dad4090a-ba5c-4410-8e10-473c60cff0ed req-dad4090a-ba5c-4410-8e10-473c60cff0ed ] Request (AttachInterfacesTestJSON:setUpClass): 204 PUT http://10.180.1.21/identity/v3/projects/f792e280498f4cba938445869ce5776f/users/c0e97048be194c709f5813cc92139167/roles/441e138bd7404a05822fc8c17bab2177 0.039s
2025-11-22 06:01:50.238 66315 INFO tempest.lib.common.dynamic_creds [-] Dynamic test user c0e97048be194c709f5813cc92139167 is created with scope project and roles: ['member']
2025-11-22 06:01:50.239 66315 INFO tempest.lib.common.dynamic_creds [-] Acquired dynamic creds: credentials: Credentials: {'domain_id': 'default', 'domain_name': 'Default', 'username': 'tempest-AttachInterfacesTestJSON-1538243484-project-member', 'project_domain_id': 'default', 'project_domain_name': 'Default', 'project_id': 'f792e280498f4cba938445869ce5776f', 'project_name': 'tempest-AttachInterfacesTestJSON-1538243484', 'tenant_id': 'f792e280498f4cba938445869ce5776f', 'tenant_name': 'tempest-AttachInterfacesTestJSON-1538243484', 'user_domain_id': 'default', 'user_domain_name': 'Default', 'user_id': 'c0e97048be194c709f5813cc92139167', 'system': None}, Network: None, Subnet: None, Router: None
2025-11-22 06:01:50.267 66375 INFO tempest.lib.common.rest_client [req-0624f777-c241-482c-a3c9-dc50ff3b64a3 req-0624f777-c241-482c-a3c9-dc50ff3b64a3 ] Request (ServersAdmin275Test:test_rebuild_update_server_275): 202 POST http://10.180.1.21/compute/v2.1/servers/db686e5e-d972-4929-9498-b1ca9655a171/action 1.917s
2025-11-22 06:01:50.281 66335 INFO tempest.lib.common.rest_client [req-27e5c8f3-b86f-46cc-a4fd-626b2cb9b83a req-27e5c8f3-b86f-46cc-a4fd-626b2cb9b83a ] Request (FlavorsExtraSpecsNegativeTestJSON:test_flavor_unset_nonexistent_key): 404 DELETE http://10.180.1.21/compute/v2.1/flavors/403481243/os-extra_specs/hw:cpu_thread_policy 1.926s
2025-11-22 06:01:50.288 66319 INFO tempest.lib.common.rest_client [req-4640f444-9402-4199-b9f9-497c9cb3b1ce req-4640f444-9402-4199-b9f9-497c9cb3b1ce ] Request (HypervisorAdminNegativeTestJSON:test_show_hypervisor_with_non_admin_user): 403 GET http://10.180.1.21/compute/v2.1/os-hypervisors/1 1.907s
2025-11-22 06:01:50.319 66315 INFO tempest.lib.common.rest_client [req-886c2f1b-1646-448a-a715-563bb31b0931 req-886c2f1b-1646-448a-a715-563bb31b0931 ] Request (AttachInterfacesTestJSON:setUpClass): 201 POST http://10.180.1.21/identity/v3/auth/tokens 0.080s
2025-11-22 06:01:50.322 66339 INFO tempest.lib.common.rest_client [req-30fd6566-8d64-40d8-9d90-2380e1d67e9e req-30fd6566-8d64-40d8-9d90-2380e1d67e9e ] Request (InstanceUsageAuditLogNegativeTestJSON:setUpClass): 204 PUT http://10.180.1.21/identity/v3/projects/b41e5ac9b55f45d88551b1328055954a/users/2ebc599bcebe46c6ad58d930c4d53e6c/roles/441e138bd7404a05822fc8c17bab2177 0.093s
2025-11-22 06:01:50.323 66339 INFO tempest.lib.common.dynamic_creds [-] Dynamic test user 2ebc599bcebe46c6ad58d930c4d53e6c is created with scope project and roles: ['member']
2025-11-22 06:01:50.323 66339 INFO tempest.lib.common.dynamic_creds [-] Acquired dynamic creds: credentials: Credentials: {'domain_id': 'default', 'domain_name': 'Default', 'username': 'tempest-InstanceUsageAuditLogNegativeTestJSON-397745306-project-member', 'project_domain_id': 'default', 'project_domain_name': 'Default', 'project_id': 'b41e5ac9b55f45d88551b1328055954a', 'project_name': 'tempest-InstanceUsageAuditLogNegativeTestJSON-397745306', 'tenant_id': 'b41e5ac9b55f45d88551b1328055954a', 'tenant_name': 'tempest-InstanceUsageAuditLogNegativeTestJSON-397745306', 'user_domain_id': 'default', 'user_domain_name': 'Default', 'user_id': '2ebc599bcebe46c6ad58d930c4d53e6c', 'system': None}, Network: None, Subnet: None, Router: None
2025-11-22 06:01:50.323 66339 INFO tempest.lib.common.dynamic_creds [-] Created isolated network resources for: credentials: Credentials: {'domain_id': 'default', 'domain_name': 'Default', 'username': 'tempest-InstanceUsageAuditLogNegativeTestJSON-397745306-project-member', 'project_domain_id': 'default', 'project_domain_name': 'Default', 'project_id': 'b41e5ac9b55f45d88551b1328055954a', 'project_name': 'tempest-InstanceUsageAuditLogNegativeTestJSON-397745306', 'tenant_id': 'b41e5ac9b55f45d88551b1328055954a', 'tenant_name': 'tempest-InstanceUsageAuditLogNegativeTestJSON-397745306', 'user_domain_id': 'default', 'user_domain_name': 'Default', 'user_id': '2ebc599bcebe46c6ad58d930c4d53e6c', 'system': None}, Network: None, Subnet: None, Router: None
2025-11-22 06:01:50.325 66327 INFO tempest.lib.common.rest_client [req-453eadfe-fc38-4c65-b978-3fe6d85897df req-453eadfe-fc38-4c65-b978-3fe6d85897df ] Request (ServerDiagnosticsTest:test_get_server_diagnostics): 202 POST http://10.180.1.21/compute/v2.1/servers 2.211s
2025-11-22 06:01:50.332 66359 INFO tempest.lib.common.rest_client [req-9f2f3067-566f-4cdc-9988-799ed4515a7f req-9f2f3067-566f-4cdc-9988-799ed4515a7f ] Request (FlavorsAdminTestJSON:test_create_flavor_with_int_id): 200 POST http://10.180.1.21/compute/v2.1/flavors 1.914s
2025-11-22 06:01:50.401 66377 INFO tempest.lib.common.rest_client [req-7334a72b-6908-47ac-9076-b48ac569df1d req-7334a72b-6908-47ac-9076-b48ac569df1d ] Request (FlavorsAccessNegativeTestJSON:test_flavor_access_list_with_public_flavor): 200 POST http://10.180.1.21/compute/v2.1/flavors 1.933s
2025-11-22 06:01:50.461 66339 INFO tempest.lib.common.rest_client [req-c58f3b3c-824d-4117-be1b-8f7739fcd7fc req-c58f3b3c-824d-4117-be1b-8f7739fcd7fc ] Request (InstanceUsageAuditLogNegativeTestJSON:setUpClass): 201 POST http://10.180.1.21/identity/v3/auth/tokens 0.134s
2025-11-22 06:01:50.501 66339 INFO tempest.lib.common.rest_client [req-e55fdc4a-7c56-4a94-adad-2a45677d30e6 req-e55fdc4a-7c56-4a94-adad-2a45677d30e6 ] Request (InstanceUsageAuditLogNegativeTestJSON:setUpClass): 201 POST http://10.180.1.21/identity/v3/projects 0.039s
2025-11-22 06:01:50.577 66339 INFO tempest.lib.common.rest_client [req-33bfe026-7344-4e58-817f-a05b77664a27 req-33bfe026-7344-4e58-817f-a05b77664a27 ] Request (InstanceUsageAuditLogNegativeTestJSON:setUpClass): 201 POST http://10.180.1.21/identity/v3/users 0.076s
2025-11-22 06:01:50.598 66339 INFO tempest.lib.common.rest_client [req-3a1bc627-66ae-4343-8ce0-6d10f9ff0f99 req-3a1bc627-66ae-4343-8ce0-6d10f9ff0f99 ] Request (InstanceUsageAuditLogNegativeTestJSON:setUpClass): 200 GET http://10.180.1.21/identity/v3/roles 0.020s
2025-11-22 06:01:50.627 66339 INFO tempest.lib.common.rest_client [req-b6a32a44-c53c-4ddd-bb48-e0b2eb09c9b3 req-b6a32a44-c53c-4ddd-bb48-e0b2eb09c9b3 ] Request (InstanceUsageAuditLogNegativeTestJSON:setUpClass): 204 PUT http://10.180.1.21/identity/v3/projects/bab9f27aee2f476aa463a275a68c5215/users/425950176b44485bb780aa315210422c/roles/fed164be0445430eb8071a5587627a00 0.028s
2025-11-22 06:01:50.698 66339 INFO tempest.lib.common.rest_client [req-c0011dec-6e00-4f7d-8a73-1c038792d742 req-c0011dec-6e00-4f7d-8a73-1c038792d742 ] Request (InstanceUsageAuditLogNegativeTestJSON:setUpClass): 200 GET http://10.180.1.21/identity/v3/roles 0.071s
2025-11-22 06:01:50.714 66315 INFO tempest.lib.common.rest_client [req-28b7ed91-d204-4d36-9e14-fea6703842b7 req-28b7ed91-d204-4d36-9e14-fea6703842b7 ] Request (AttachInterfacesTestJSON:setUpClass): 201 POST http://10.180.1.21/networking/v2.0/networks 0.395s
2025-11-22 06:01:50.721 66339 INFO tempest.lib.common.rest_client [req-88c5b2ec-4ced-417d-97f7-1261ba1698a5 req-88c5b2ec-4ced-417d-97f7-1261ba1698a5 ] Request (InstanceUsageAuditLogNegativeTestJSON:setUpClass): 204 PUT http://10.180.1.21/identity/v3/projects/bab9f27aee2f476aa463a275a68c5215/users/425950176b44485bb780aa315210422c/roles/fed164be0445430eb8071a5587627a00 0.022s
2025-11-22 06:01:50.722 66339 INFO tempest.lib.common.dynamic_creds [-] Dynamic test user 425950176b44485bb780aa315210422c is created with scope project and roles: ['admin']
2025-11-22 06:01:50.722 66339 INFO tempest.lib.common.dynamic_creds [-] Acquired dynamic creds: credentials: Credentials: {'domain_id': 'default', 'domain_name': 'Default', 'username': 'tempest-InstanceUsageAuditLogNegativeTestJSON-872823507-project-admin', 'project_domain_id': 'default', 'project_domain_name': 'Default', 'project_id': 'bab9f27aee2f476aa463a275a68c5215', 'project_name': 'tempest-InstanceUsageAuditLogNegativeTestJSON-872823507', 'tenant_id': 'bab9f27aee2f476aa463a275a68c5215', 'tenant_name': 'tempest-InstanceUsageAuditLogNegativeTestJSON-872823507', 'user_domain_id': 'default', 'user_domain_name': 'Default', 'user_id': '425950176b44485bb780aa315210422c', 'system': None}, Network: None, Subnet: None, Router: None
2025-11-22 06:01:50.722 66339 INFO tempest.lib.common.dynamic_creds [-] Created isolated network resources for: credentials: Credentials: {'domain_id': 'default', 'domain_name': 'Default', 'username': 'tempest-InstanceUsageAuditLogNegativeTestJSON-872823507-project-admin', 'project_domain_id': 'default', 'project_domain_name': 'Default', 'project_id': 'bab9f27aee2f476aa463a275a68c5215', 'project_name': 'tempest-InstanceUsageAuditLogNegativeTestJSON-872823507', 'tenant_id': 'bab9f27aee2f476aa463a275a68c5215', 'tenant_name': 'tempest-InstanceUsageAuditLogNegativeTestJSON-872823507', 'user_domain_id': 'default', 'user_domain_name': 'Default', 'user_id': '425950176b44485bb780aa315210422c', 'system': None}, Network: None, Subnet: None, Router: None
2025-11-22 06:01:50.744 66333 INFO tempest.lib.common.rest_client [req-7abb6552-7028-4e50-86e4-caf64855d1c1 req-7abb6552-7028-4e50-86e4-caf64855d1c1 ] Request (ImagesTestJSON:test_create_image_from_stopped_server): 200 GET http://10.180.1.21/compute/v2.1/servers/e4891c84-09e8-4733-b909-e3dd3125af1b 2.242s
2025-11-22 06:01:50.745 66337 INFO tempest.lib.common.rest_client [req-e28e7916-6e04-4dd7-b74d-38b04a1c8d5c req-e28e7916-6e04-4dd7-b74d-38b04a1c8d5c ] Request (DeleteServersAdminTestJSON:test_admin_delete_servers_of_others): 204 DELETE http://10.180.1.21/compute/v2.1/servers/1db41807-6ee0-40a9-af37-fb32d82732bb 2.029s
2025-11-22 06:01:50.765 66365 INFO tempest.lib.common.rest_client [req-71303d9a-070b-480a-a1f5-ee5ce37fe9d7 req-71303d9a-070b-480a-a1f5-ee5ce37fe9d7 ] Request (ServerGroupTestJSON:test_create_delete_multiple_server_groups_with_same_name_policy): 200 GET http://10.180.1.21/compute/v2.1/os-server-groups 1.777s
2025-11-22 06:01:50.783 66317 INFO tempest.lib.common.rest_client [req-0e12086b-aa83-4706-b9dc-aa7df23fb8dc req-0e12086b-aa83-4706-b9dc-aa7df23fb8dc ] Request (FlavorsV2TestJSON:test_list_flavors): 200 GET http://10.180.1.21/compute/v2.1/flavors/42 1.762s
2025-11-22 06:01:50.833 66339 INFO tempest.lib.common.rest_client [req-653a1bc7-a356-4d12-b008-38673f2480a3 req-653a1bc7-a356-4d12-b008-38673f2480a3 ] Request (InstanceUsageAuditLogNegativeTestJSON:setUpClass): 201 POST http://10.180.1.21/identity/v3/auth/tokens 0.108s
2025-11-22 06:01:50.909 66325 INFO tempest.lib.common.rest_client [req-5c4eeb02-22c5-4e61-88d4-2b4f37b7a37d req-5c4eeb02-22c5-4e61-88d4-2b4f37b7a37d ] Request (QuotasAdminTestJSON:test_get_updated_quotas): 200 GET http://10.180.1.21/compute/v2.1/os-quota-sets/c6030bf51b2d47c68d08d9a4f2156184/detail 1.941s
2025-11-22 06:01:50.962 66325 INFO tempest.lib.common.rest_client [req-4720028f-fd05-4d3a-ac1a-c513627daf58 req-4720028f-fd05-4d3a-ac1a-c513627daf58 ] Request (QuotasAdminTestJSON:test_get_updated_quotas): 200 GET http://10.180.1.21/identity/v3/domains?name=Default 0.041s
2025-11-22 06:01:50.999 66325 INFO tempest.lib.common.rest_client [req-4843f328-d4ab-4c5c-b62a-b478afdbf01b req-4843f328-d4ab-4c5c-b62a-b478afdbf01b ] Request (QuotasAdminTestJSON:test_get_updated_quotas): 201 POST http://10.180.1.21/identity/v3/users 0.036s
2025-11-22 06:01:51.001 66315 INFO tempest.lib.common.rest_client [req-5178b7d0-8597-467d-b3bb-3f21b626d409 req-5178b7d0-8597-467d-b3bb-3f21b626d409 ] Request (AttachInterfacesTestJSON:setUpClass): 201 POST http://10.180.1.21/networking/v2.0/subnets 0.285s
2025-11-22 06:01:51.028 66325 INFO tempest.lib.common.rest_client [req-7da34565-2097-42d6-80ef-2a25886ef603 req-7da34565-2097-42d6-80ef-2a25886ef603 ] Request (QuotasAdminTestJSON:test_get_updated_quotas): 200 GET http://10.180.1.21/identity/v3/domains?name=Default 0.029s
2025-11-22 06:01:51.113 66373 INFO tempest.lib.common.rest_client [req-bb8dc01f-4b52-49bb-bb5d-36ba0ed154d6 req-bb8dc01f-4b52-49bb-bb5d-36ba0ed154d6 ] Request (SecurityGroupRulesTestJSON:test_security_group_rules_create_with_optional_group_id): 200 POST http://10.180.1.21/compute/v2.1/os-security-groups 1.977s
2025-11-22 06:01:51.224 66323 INFO tempest.lib.common.rest_client [req-08aa462b-0317-40aa-9ab3-a2ec27776f02 req-08aa462b-0317-40aa-9ab3-a2ec27776f02 ] Request (FlavorsV255TestJSON:test_crud_flavor): 200 POST http://10.180.1.21/compute/v2.1/flavors 1.796s
2025-11-22 06:01:51.231 66349 INFO tempest.lib.common.rest_client [req-dc647774-f9e7-4d07-9421-38d82470d196 req-dc647774-f9e7-4d07-9421-38d82470d196 ] Request (SecurityGroupRulesNegativeTestJSON:test_create_security_group_rule_with_invalid_id): 400 POST http://10.180.1.21/compute/v2.1/os-security-group-rules 1.691s
2025-11-22 06:01:51.253 66331 INFO tempest.lib.common.rest_client [req-7ab3fcbc-5d12-4c69-8dcb-49be7f02ad64 req-7ab3fcbc-5d12-4c69-8dcb-49be7f02ad64 ] Request (FlavorsAccessTestJSON:test_flavor_access_list_with_private_flavor): 200 POST http://10.180.1.21/compute/v2.1/flavors 1.677s
2025-11-22 06:01:51.498 66371 INFO tempest.lib.common.rest_client [req-a0c7d5bd-154b-4ed5-a3d8-19a0e6d46a0c req-a0c7d5bd-154b-4ed5-a3d8-19a0e6d46a0c ] Request (VolumesAdminNegativeTest:setUpClass): 201 POST http://10.180.1.21/networking/v2.0/routers 1.268s
2025-11-22 06:01:51.533 66361 INFO tempest.lib.common.rest_client [req-2918b2b0-4606-4fb1-849a-17ac56008418 req-2918b2b0-4606-4fb1-849a-17ac56008418 ] Request (DeleteServersTestJSON:test_delete_active_server): 200 GET http://10.180.1.21/compute/v2.1/servers/1a45fa67-cafd-4d1c-b254-724760040726 2.329s
2025-11-22 06:01:51.575 66321 INFO tempest.lib.common.rest_client [req-33366dc2-9395-4eb3-9068-140146bbde36 req-33366dc2-9395-4eb3-9068-140146bbde36 ] Request (ListImageFiltersTestJSON:setUpClass): 200 GET http://10.180.1.21/compute/v2.1/images/959f950f-13ff-4431-a8bf-941afccbc9c9 1.770s
2025-11-22 06:01:51.880 66315 INFO tempest.lib.common.rest_client [req-34b68cea-0193-443f-a14f-e4bde9a1de69 req-34b68cea-0193-443f-a14f-e4bde9a1de69 ] Request (AttachInterfacesTestJSON:setUpClass): 201 POST http://10.180.1.21/networking/v2.0/routers 0.878s
2025-11-22 06:01:51.944 66343 INFO tempest.lib.common.rest_client [req-a2647311-8315-4e35-9f9e-2f847e932dd8 req-a2647311-8315-4e35-9f9e-2f847e932dd8 ] Request (VolumesAssistedSnapshotsTest:test_volume_assisted_snapshot_create_delete): 200 GET http://10.180.1.21/compute/v2.1/servers/2f5acf7e-89dd-4099-8b64-e7b2627227a6 2.112s
2025-11-22 06:01:51.983 66355 INFO tempest.lib.common.rest_client [req-ef68586d-d738-45c0-8bf4-b4e3593c3ae8 req-ef68586d-d738-45c0-8bf4-b4e3593c3ae8 ] Request (InstanceActionsTestJSON:setUpClass): 200 GET http://10.180.1.21/compute/v2.1/servers/666a7403-a4a9-4ad2-98e9-1a08624a7405 2.285s
2025-11-22 06:01:52.018 66353 INFO tempest.lib.common.rest_client [req-3efa0535-42f0-4724-84a0-fb99d83002bb req-3efa0535-42f0-4724-84a0-fb99d83002bb ] Request (FlavorsExtraSpecsTestJSON:test_flavor_set_get_update_show_unset_keys): 200 PUT http://10.180.1.21/compute/v2.1/flavors/1721711724/os-extra_specs/hw:numa_nodes 2.167s
2025-11-22 06:01:52.110 66357 INFO tempest.lib.common.rest_client [req-13b6c666-4721-4b90-9ef4-cc8093130f3a req-13b6c666-4721-4b90-9ef4-cc8093130f3a ] Request (AggregatesAdminNegativeTestJSON:test_aggregate_add_host_as_user): 403 POST http://10.180.1.21/compute/v2.1/os-aggregates/2/action 2.242s
