2025-11-22 06:05:15.317 66357 WARNING tempest.lib.common.ssh [-] Failed to establish authenticated ssh connection to cirros@10.180.180.170 ([Errno None] Unable to connect to port 22 on 10.180.180.170). Number attempts: 1. Retry after 2 seconds.: paramiko.ssh_exception.NoValidConnectionsError: [Errno None] Unable to connect to port 22 on 10.180.180.170
2025-11-22 06:05:15.335 66351 INFO tempest.lib.common.rest_client [req-b5aaa09d-78ac-4c8d-a5b0-a8cc288f97eb req-b5aaa09d-78ac-4c8d-a5b0-a8cc288f97eb ] Request (ServerDiskConfigTestJSON:test_resize_server_from_auto_to_manual): 200 GET http://10.180.1.21/compute/v2.1/servers/6beac346-f07d-4d3f-9cef-cb4cea319bc4 0.271s
2025-11-22 06:05:15.353 66343 INFO tempest.lib.common.rest_client [req-42e524be-8165-40ad-a4ae-d945d3031b39 req-42e524be-8165-40ad-a4ae-d945d3031b39 ] Request (SecurityGroupsTestJSON:test_list_security_groups_by_server): 200 GET http://10.180.1.21/compute/v2.1/servers/b4f79948-0191-4932-8da7-f12d4f471e88 0.270s
2025-11-22 06:05:15.386 66375 INFO tempest.lib.common.rest_client [req-30e5b080-f3c3-4c05-93bd-0e5788324803 req-30e5b080-f3c3-4c05-93bd-0e5788324803 ] Request (ListServersNegativeTestJSON:setUpClass): 200 GET http://10.180.1.21/compute/v2.1/servers/02bcadfe-05cb-4e09-9ddf-6976779c52c1 0.269s
2025-11-22 06:05:15.412 66353 INFO tempest.lib.common.rest_client [req-c7ebb8a0-31c6-4bfe-afcd-0ab420a3c24c req-c7ebb8a0-31c6-4bfe-afcd-0ab420a3c24c ] Request (FloatingIPsAssociationTestJSON:tearDownClass): 200 GET http://10.180.1.21/compute/v2.1/servers/c7b70a2f-6049-4276-b880-147cf9fa5cb3 0.203s
2025-11-22 06:05:15.477 66325 INFO tempest.lib.common.rest_client [req-9e757253-586f-403f-bcd4-cd1a74f84128 req-9e757253-586f-403f-bcd4-cd1a74f84128 ] Request (ImagesOneServerTestJSON:tearDownClass): 200 GET http://10.180.1.21/compute/v2.1/servers/f9ba5103-6f40-4a3b-8e96-35a698251664 0.164s
2025-11-22 06:05:15.485 66325 INFO tempest.common.waiters [-] State transition "ACTIVE/deleting" ==> "DELETED/None" after 5 second wait
2025-11-22 06:05:15.497 66315 INFO tempest.lib.common.rest_client [req-432ef734-44dd-47fb-9833-8068173026ce req-432ef734-44dd-47fb-9833-8068173026ce ] Request (AttachInterfacesTestJSON:test_create_list_show_delete_interfaces_by_network_port): 200 GET http://10.180.1.21/compute/v2.1/servers/634fc297-5629-40a7-afbf-34148a59e4ac 0.201s
2025-11-22 06:05:15.552 66329 INFO tempest.lib.common.rest_client [req-c2c5d2a3-006d-43a7-96ce-8e625e707edf req-c2c5d2a3-006d-43a7-96ce-8e625e707edf ] Request (ServerAddressesTestJSON:tearDownClass): 200 GET http://10.180.1.21/compute/v2.1/servers/974c1e1f-fc0e-4744-b661-f07e0c2d6c3a 0.198s
2025-11-22 06:05:15.563 66369 INFO tempest.lib.common.rest_client [req-3fe2883f-d155-4d60-a6ca-fbb8043c6df6 req-3fe2883f-d155-4d60-a6ca-fbb8043c6df6 ] Request (ServersAdminNegativeTestJSON:tearDownClass): 200 GET http://10.180.1.21/compute/v2.1/servers/f4d62571-29f3-4b19-9ba2-b059cbc1baec 0.149s
2025-11-22 06:05:15.637 66327 INFO tempest.lib.common.rest_client [req-d359d39c-edc6-40c5-b62f-cdf81ca40afc req-d359d39c-edc6-40c5-b62f-cdf81ca40afc ] Request (ListServerFiltersTestJSON:tearDownClass): 200 GET http://10.180.1.21/compute/v2.1/servers/7e7129b9-1bab-44a4-9486-4536fc899aaf 0.169s
2025-11-22 06:05:15.658 66317 INFO tempest.lib.common.rest_client [req-4276aba7-ffef-4ef4-8c23-05ef5209beec req-4276aba7-ffef-4ef4-8c23-05ef5209beec ] Request (ServersListShow298Test:test_list_show_update_rebuild_server_298): 200 GET http://10.180.1.21/compute/v2.1/servers/0935701b-edf9-43a7-b1f3-d24745c05ff2 0.089s
2025-11-22 06:05:15.735 66331 INFO tempest.lib.common.rest_client [req-0b341360-68e4-4bfc-a2b0-a7ef51bdcadb req-0b341360-68e4-4bfc-a2b0-a7ef51bdcadb ] Request (MigrationsAdminTest:test_resize_server_revert_deleted_flavor): 200 GET http://10.180.1.21/compute/v2.1/servers/979092d9-e957-4594-8963-0f34c5be4822 0.090s
2025-11-22 06:05:15.751 66347 INFO tempest.lib.common.rest_client [req-01490f19-07bf-40c4-9a3c-e3db243a24bc req-01490f19-07bf-40c4-9a3c-e3db243a24bc ] Request (AttachVolumeShelveTestJSON:test_attach_volume_shelved_or_offload_server): 200 GET http://10.180.1.21/compute/v2.1/servers/18d0467f-0305-4447-a35c-ee76b2b17e47 0.166s
2025-11-22 06:05:15.925 66337 INFO tempest.lib.common.rest_client [req-ff4cec38-de4d-4657-8199-4feff317d592 req-ff4cec38-de4d-4657-8199-4feff317d592 ] Request (ServersAdminTestJSON:test_create_server_with_scheduling_hint): 200 GET http://10.180.1.21/compute/v2.1/servers/9bee796e-7229-44ca-8b04-2f9bf1d8ca40 0.132s
2025-11-22 06:05:15.932 66337 INFO tempest.common.waiters [-] State transition "BUILD/spawning" ==> "ACTIVE/None" after 49 second wait
2025-11-22 06:05:15.945 66365 INFO tempest.lib.common.rest_client [req-eb57145e-7dbf-45a2-82db-ea4d14592698 req-eb57145e-7dbf-45a2-82db-ea4d14592698 ] Request (ServerMetadataNegativeTestJSON:tearDownClass): 200 GET http://10.180.1.21/compute/v2.1/servers/3b6a142f-a843-4e63-8186-cba785771aea 0.061s
2025-11-22 06:05:16.006 66337 INFO tempest.lib.common.rest_client [req-e83732ae-60a9-4fee-977c-bf9406202144 req-e83732ae-60a9-4fee-977c-bf9406202144 ] Request (ServersAdminTestJSON:test_inject_network_info): 201 POST http://10.180.1.21/identity/v3/auth/tokens 0.068s
2025-11-22 06:05:16.006 66337 INFO tempest.lib.common.fixed_network [-] (ServersAdminTestJSON:test_inject_network_info) Found network {'id': '66ca919e-f761-4455-a4a1-f8d2c1019524', 'name': 'tempest-ServersAdminTestJSON-1672712021-network', 'tenant_id': 'd3e863841103406d8f16fa302b7fabfb', 'project_id': 'd3e863841103406d8f16fa302b7fabfb', 'admin_state_up': True, 'mtu': 8950, 'status': 'ACTIVE', 'subnets': [], 'shared': False, 'port_security_enabled': True, 'router:external': False, 'provider:network_type': 'vlan', 'provider:physical_network': 'default', 'provider:segmentation_id': 212, 'availability_zone_hints': [], 'availability_zones': [], 'ipv4_address_scope': None, 'ipv6_address_scope': None, 'description': '', 'tags': [], 'created_at': '2025-11-22T06:03:30Z', 'updated_at': '2025-11-22T06:03:30Z', 'revision_number': 1} available for tenant
2025-11-22 06:05:16.034 66319 INFO tempest.lib.common.rest_client [req-16201f3d-58bb-463e-8fdf-77b2d046af92 req-16201f3d-58bb-463e-8fdf-77b2d046af92 ] Request (ServersNegativeTestJSON:setUpClass): 200 GET http://10.180.1.21/compute/v2.1/servers/dd535f99-264e-418f-ad8b-cc327b7dd5ae 0.061s
2025-11-22 06:05:16.194 66361 INFO tempest.lib.common.rest_client [req-b49b93e7-8084-4705-a56b-e46058cfa367 req-b49b93e7-8084-4705-a56b-e46058cfa367 ] Request (DeleteServersTestJSON:test_delete_server_while_in_shelved_state): 200 GET http://10.180.1.21/compute/v2.1/servers/232e2cf8-3cf0-4942-ac8d-831ad54d2b48 0.104s
2025-11-22 06:05:16.263 66335 INFO tempest.lib.common.rest_client [req-44ea7cc7-ef3a-4ef6-a6e5-2755213449a4 req-44ea7cc7-ef3a-4ef6-a6e5-2755213449a4 ] Request (ServersNegativeTestMultiTenantJSON:tearDownClass): 200 GET http://10.180.1.21/compute/v2.1/servers/c4a361fc-e0bb-4880-a3e3-4a0a8f1e7410 0.162s
2025-11-22 06:05:16.301 66333 INFO tempest.lib.common.rest_client [req-4ff397aa-0071-4135-acc4-3f19aa204c15 req-4ff397aa-0071-4135-acc4-3f19aa204c15 ] Request (ImagesTestJSON:test_create_server_from_snapshot): 200 GET http://10.180.1.21/compute/v2.1/images/f8da85b2-37ba-44fa-ba01-8f678be712dc 0.181s
2025-11-22 06:05:16.328 66337 INFO tempest.lib.common.rest_client [req-ee39029f-82aa-49a7-b539-05f4216cc4c7 req-ee39029f-82aa-49a7-b539-05f4216cc4c7 ] Request (ServersAdminTestJSON:test_inject_network_info): 202 POST http://10.180.1.21/compute/v2.1/servers 0.321s
2025-11-22 06:05:16.351 66359 INFO tempest.lib.common.rest_client [req-73caf088-92cf-4940-a6ae-800fdd6c19b0 req-73caf088-92cf-4940-a6ae-800fdd6c19b0 ] Request (ServerActionsTestOtherB:setUpClass): 200 GET http://10.180.1.21/compute/v2.1/servers/275a2218-43b2-46e2-9e92-63c781ecfc59 0.188s
2025-11-22 06:05:16.402 66355 INFO tempest.lib.common.rest_client [req-18c19c58-b3b1-4563-ae46-424e3c292e69 req-18c19c58-b3b1-4563-ae46-424e3c292e69 ] Request (ServerShowV247Test:tearDownClass): 200 GET http://10.180.1.21/compute/v2.1/servers/190daab8-0b77-4995-a269-99b09ebb2942 0.196s
2025-11-22 06:05:16.433 66349 INFO tempest.lib.common.rest_client [req-fa243fd3-47c8-4144-8172-0049783611be req-fa243fd3-47c8-4144-8172-0049783611be ] Request (ServersListShow296Test:test_list_show_update_rebuild_server_296): 200 GET http://10.180.1.21/compute/v2.1/servers/f700f6e1-ffe0-40df-9405-a1bac50ba012 0.208s
2025-11-22 06:05:16.456 66341 INFO tempest.lib.common.rest_client [req-3b7ef5ea-a6d4-48ba-84b5-1793f285a242 req-3b7ef5ea-a6d4-48ba-84b5-1793f285a242 ] Request (ServersWithSpecificFlavorTestJSON:test_verify_created_server_ephemeral_disk): 200 GET http://10.180.1.21/compute/v2.1/servers/adbbd801-3153-4006-ba55-427b071ada4f 0.206s
2025-11-22 06:05:16.504 66321 INFO tempest.lib.common.rest_client [req-f2b073ed-4b26-4d23-8049-66585c1f3707 req-f2b073ed-4b26-4d23-8049-66585c1f3707 ] Request (ListImageFiltersTestJSON:tearDownClass): 200 GET http://10.180.1.21/compute/v2.1/servers/53146262-156c-4828-ba45-5bf6bd1c695b 0.214s
2025-11-22 06:05:16.512 66345 INFO tempest.lib.common.rest_client [req-3c4a0c34-6070-45c7-9f89-f1f4ca1c7e98 req-3c4a0c34-6070-45c7-9f89-f1f4ca1c7e98 ] Request (ServerActionsTestOtherA:setUpClass): 200 GET http://10.180.1.21/compute/v2.1/servers/040412c0-e5e6-4b7f-917e-239a07e6ea21 0.206s
2025-11-22 06:05:16.549 66337 INFO tempest.lib.common.rest_client [req-a10a5018-c373-4aa7-8de5-9b5469626beb req-a10a5018-c373-4aa7-8de5-9b5469626beb ] Request (ServersAdminTestJSON:test_inject_network_info): 200 GET http://10.180.1.21/compute/v2.1/servers/4adc86d4-5e15-4021-a6d6-7c5e4e23809a 0.218s
2025-11-22 06:05:16.571 66351 INFO tempest.lib.common.rest_client [req-da81afe4-2c1b-423c-8468-74e87e0cba43 req-da81afe4-2c1b-423c-8468-74e87e0cba43 ] Request (ServerDiskConfigTestJSON:test_resize_server_from_auto_to_manual): 200 GET http://10.180.1.21/compute/v2.1/servers/6beac346-f07d-4d3f-9cef-cb4cea319bc4 0.226s
2025-11-22 06:05:16.578 66351 INFO tempest.common.waiters [-] State transition "BUILD/scheduling" ==> "BUILD/None" after 7 second wait
2025-11-22 06:05:16.602 66343 INFO tempest.lib.common.rest_client [req-a555064f-89a6-4d1d-b5b2-f5d5b34110b6 req-a555064f-89a6-4d1d-b5b2-f5d5b34110b6 ] Request (SecurityGroupsTestJSON:test_list_security_groups_by_server): 200 GET http://10.180.1.21/compute/v2.1/servers/b4f79948-0191-4932-8da7-f12d4f471e88 0.240s
2025-11-22 06:05:16.625 66375 INFO tempest.lib.common.rest_client [req-f988d269-1bf8-4252-91dc-33143eae5336 req-f988d269-1bf8-4252-91dc-33143eae5336 ] Request (ListServersNegativeTestJSON:setUpClass): 200 GET http://10.180.1.21/compute/v2.1/servers/02bcadfe-05cb-4e09-9ddf-6976779c52c1 0.231s
2025-11-22 06:05:16.667 66353 INFO tempest.lib.common.rest_client [req-1a6298ad-0fc7-459b-8362-73f6a367d2ca req-1a6298ad-0fc7-459b-8362-73f6a367d2ca ] Request (FloatingIPsAssociationTestJSON:tearDownClass): 200 GET http://10.180.1.21/compute/v2.1/servers/c7b70a2f-6049-4276-b880-147cf9fa5cb3 0.247s
2025-11-22 06:05:16.687 66325 INFO tempest.lib.common.rest_client [req-dc1d5852-d087-4173-a662-8ef86187a3e8 req-dc1d5852-d087-4173-a662-8ef86187a3e8 ] Request (ImagesOneServerTestJSON:tearDownClass): 200 GET http://10.180.1.21/compute/v2.1/servers/f9ba5103-6f40-4a3b-8e96-35a698251664 0.201s
2025-11-22 06:05:16.769 66329 INFO tempest.lib.common.rest_client [req-4f09261e-90fc-40c3-86ef-8d21166cddeb req-4f09261e-90fc-40c3-86ef-8d21166cddeb ] Request (ServerAddressesTestJSON:tearDownClass): 200 GET http://10.180.1.21/compute/v2.1/servers/974c1e1f-fc0e-4744-b661-f07e0c2d6c3a 0.208s
2025-11-22 06:05:16.806 66315 INFO tempest.lib.common.rest_client [req-aebf7025-7262-48c8-bac2-3626541666b7 req-aebf7025-7262-48c8-bac2-3626541666b7 ] Request (AttachInterfacesTestJSON:test_create_list_show_delete_interfaces_by_network_port): 200 GET http://10.180.1.21/compute/v2.1/servers/634fc297-5629-40a7-afbf-34148a59e4ac 0.300s
2025-11-22 06:05:16.848 66369 INFO tempest.lib.common.rest_client [req-ad857dc8-721f-4b39-a8a5-92cafaa4a259 req-ad857dc8-721f-4b39-a8a5-92cafaa4a259 ] Request (ServersAdminNegativeTestJSON:tearDownClass): 200 GET http://10.180.1.21/compute/v2.1/servers/f4d62571-29f3-4b19-9ba2-b059cbc1baec 0.275s
2025-11-22 06:05:16.873 66327 INFO tempest.lib.common.rest_client [req-ee07bdf8-20ed-4b6c-a1cd-047d56b3b635 req-ee07bdf8-20ed-4b6c-a1cd-047d56b3b635 ] Request (ListServerFiltersTestJSON:tearDownClass): 200 GET http://10.180.1.21/compute/v2.1/servers/7e7129b9-1bab-44a4-9486-4536fc899aaf 0.227s
2025-11-22 06:05:16.915 66373 WARNING tempest.lib.common.ssh [-] Failed to establish authenticated ssh connection to cirros@10.180.180.194 ([Errno None] Unable to connect to port 22 on 10.180.180.194). Number attempts: 8. Retry after 9 seconds.: paramiko.ssh_exception.NoValidConnectionsError: [Errno None] Unable to connect to port 22 on 10.180.180.194
2025-11-22 06:05:16.937 66317 INFO tempest.lib.common.rest_client [req-5c7e2e09-7bfa-4851-b7ed-f84d5a9efd21 req-5c7e2e09-7bfa-4851-b7ed-f84d5a9efd21 ] Request (ServersListShow298Test:test_list_show_update_rebuild_server_298): 200 GET http://10.180.1.21/compute/v2.1/servers/0935701b-edf9-43a7-b1f3-d24745c05ff2 0.268s
2025-11-22 06:05:16.945 66331 INFO tempest.lib.common.rest_client [req-29923156-1bb9-4922-b2fd-ceb4e6fcd54b req-29923156-1bb9-4922-b2fd-ceb4e6fcd54b ] Request (MigrationsAdminTest:test_resize_server_revert_deleted_flavor): 200 GET http://10.180.1.21/compute/v2.1/servers/979092d9-e957-4594-8963-0f34c5be4822 0.201s
2025-11-22 06:05:17.068 66365 INFO tempest.lib.common.rest_client [req-a89c12aa-5465-4260-acda-8091988ff865 req-a89c12aa-5465-4260-acda-8091988ff865 ] Request (ServerMetadataNegativeTestJSON:tearDownClass): 200 GET http://10.180.1.21/compute/v2.1/servers/3b6a142f-a843-4e63-8186-cba785771aea 0.115s
2025-11-22 06:05:17.096 66347 INFO tempest.lib.common.rest_client [req-53368422-9938-4112-b9a0-1aa22ba0ddf3 req-53368422-9938-4112-b9a0-1aa22ba0ddf3 ] Request (AttachVolumeShelveTestJSON:test_attach_volume_shelved_or_offload_server): 200 GET http://10.180.1.21/compute/v2.1/servers/18d0467f-0305-4447-a35c-ee76b2b17e47 0.334s
2025-11-22 06:05:17.135 66319 INFO tempest.lib.common.rest_client [req-73af67dd-77c6-453c-8030-e52aff1f29d5 req-73af67dd-77c6-453c-8030-e52aff1f29d5 ] Request (ServersNegativeTestJSON:setUpClass): 200 GET http://10.180.1.21/compute/v2.1/servers/dd535f99-264e-418f-ad8b-cc327b7dd5ae 0.093s
2025-11-22 06:05:17.318 66361 INFO tempest.lib.common.rest_client [req-c225278b-8598-4dc2-9067-dabab381856f req-c225278b-8598-4dc2-9067-dabab381856f ] Request (DeleteServersTestJSON:test_delete_server_while_in_shelved_state): 200 GET http://10.180.1.21/compute/v2.1/servers/232e2cf8-3cf0-4942-ac8d-831ad54d2b48 0.116s
2025-11-22 06:05:17.327 66361 INFO tempest.common.waiters [-] State transition "SHELVED/shelving_offloading" ==> "SHELVED_OFFLOADED/None" after 21 second wait
2025-11-22 06:05:17.357 66333 INFO tempest.lib.common.rest_client [req-eaf545f2-b5f1-481d-9e89-e0c3b9237b90 req-eaf545f2-b5f1-481d-9e89-e0c3b9237b90 ] Request (ImagesTestJSON:test_create_server_from_snapshot): 200 GET http://10.180.1.21/compute/v2.1/images/f8da85b2-37ba-44fa-ba01-8f678be712dc 0.051s
2025-11-22 06:05:17.367 66335 INFO tempest.lib.common.rest_client [req-0320e04f-9af2-424a-81af-d83a454d8dda req-0320e04f-9af2-424a-81af-d83a454d8dda ] Request (ServersNegativeTestMultiTenantJSON:tearDownClass): 200 GET http://10.180.1.21/compute/v2.1/servers/c4a361fc-e0bb-4880-a3e3-4a0a8f1e7410 0.095s
2025-11-22 06:05:17.421 66359 INFO tempest.lib.common.rest_client [req-b82b348e-f8f9-4439-b776-7156dbe679bb req-b82b348e-f8f9-4439-b776-7156dbe679bb ] Request (ServerActionsTestOtherB:setUpClass): 200 GET http://10.180.1.21/compute/v2.1/servers/275a2218-43b2-46e2-9e92-63c781ecfc59 0.062s
2025-11-22 06:05:17.491 66355 INFO tempest.lib.common.rest_client [req-4c4e6c08-80ec-42ca-9396-8af475801996 req-4c4e6c08-80ec-42ca-9396-8af475801996 ] Request (ServerShowV247Test:tearDownClass): 200 GET http://10.180.1.21/compute/v2.1/servers/190daab8-0b77-4995-a269-99b09ebb2942 0.079s
2025-11-22 06:05:17.558 66361 INFO tempest.lib.common.rest_client [req-6eb2398f-4956-44c1-9438-4bb928849860 req-6eb2398f-4956-44c1-9438-4bb928849860 ] Request (DeleteServersTestJSON:test_delete_server_while_in_shelved_state): 204 DELETE http://10.180.1.21/compute/v2.1/servers/232e2cf8-3cf0-4942-ac8d-831ad54d2b48 0.231s
2025-11-22 06:05:17.569 66349 INFO tempest.lib.common.rest_client [req-8f89b4f7-bbcb-48de-ae62-82078f5b8b76 req-8f89b4f7-bbcb-48de-ae62-82078f5b8b76 ] Request (ServersListShow296Test:test_list_show_update_rebuild_server_296): 200 GET http://10.180.1.21/compute/v2.1/servers/f700f6e1-ffe0-40df-9405-a1bac50ba012 0.123s
2025-11-22 06:05:17.615 66341 INFO tempest.lib.common.rest_client [req-85cf7772-c656-469b-b123-a5728a2dfdbb req-85cf7772-c656-469b-b123-a5728a2dfdbb ] Request (ServersWithSpecificFlavorTestJSON:test_verify_created_server_ephemeral_disk): 200 GET http://10.180.1.21/compute/v2.1/servers/adbbd801-3153-4006-ba55-427b071ada4f 0.149s
2025-11-22 06:05:17.637 66321 INFO tempest.lib.common.rest_client [req-23e94cac-1463-4987-b012-ba10519377f3 req-23e94cac-1463-4987-b012-ba10519377f3 ] Request (ListImageFiltersTestJSON:tearDownClass): 200 GET http://10.180.1.21/compute/v2.1/servers/53146262-156c-4828-ba45-5bf6bd1c695b 0.125s
2025-11-22 06:05:17.671 66345 INFO tempest.lib.common.rest_client [req-fd26506f-ddc2-4379-b8e6-30920f483469 req-fd26506f-ddc2-4379-b8e6-30920f483469 ] Request (ServerActionsTestOtherA:setUpClass): 200 GET http://10.180.1.21/compute/v2.1/servers/040412c0-e5e6-4b7f-917e-239a07e6ea21 0.150s
2025-11-22 06:05:17.695 66337 INFO tempest.lib.common.rest_client [req-c15311df-3d49-4dfe-990a-5420b554f3d6 req-c15311df-3d49-4dfe-990a-5420b554f3d6 ] Request (ServersAdminTestJSON:test_inject_network_info): 200 GET http://10.180.1.21/compute/v2.1/servers/4adc86d4-5e15-4021-a6d6-7c5e4e23809a 0.137s
2025-11-22 06:05:17.746 66351 INFO tempest.lib.common.rest_client [req-5bcf97ca-d235-440a-b764-e2efe71f93a6 req-5bcf97ca-d235-440a-b764-e2efe71f93a6 ] Request (ServerDiskConfigTestJSON:test_resize_server_from_auto_to_manual): 200 GET http://10.180.1.21/compute/v2.1/servers/6beac346-f07d-4d3f-9cef-cb4cea319bc4 0.167s
2025-11-22 06:05:17.781 66361 INFO tempest.lib.common.rest_client [req-fc534b5f-e353-4445-a3bc-69caf4dab5ec req-fc534b5f-e353-4445-a3bc-69caf4dab5ec ] Request (DeleteServersTestJSON:test_delete_server_while_in_shelved_state): 200 GET http://10.180.1.21/compute/v2.1/servers/232e2cf8-3cf0-4942-ac8d-831ad54d2b48 0.222s
2025-11-22 06:05:17.811 66343 INFO tempest.lib.common.rest_client [req-3aa426f5-6f17-45b2-9f6d-4db08aa69178 req-3aa426f5-6f17-45b2-9f6d-4db08aa69178 ] Request (SecurityGroupsTestJSON:test_list_security_groups_by_server): 200 GET http://10.180.1.21/compute/v2.1/servers/b4f79948-0191-4932-8da7-f12d4f471e88 0.201s
2025-11-22 06:05:17.837 66375 INFO tempest.lib.common.rest_client [req-f350ca35-1c49-4ac8-80a8-8eeaaa153560 req-f350ca35-1c49-4ac8-80a8-8eeaaa153560 ] Request (ListServersNegativeTestJSON:setUpClass): 200 GET http://10.180.1.21/compute/v2.1/servers/02bcadfe-05cb-4e09-9ddf-6976779c52c1 0.204s
2025-11-22 06:05:17.871 66353 INFO tempest.lib.common.rest_client [req-6b05bcf2-0312-4e0b-836f-922f31007405 req-6b05bcf2-0312-4e0b-836f-922f31007405 ] Request (FloatingIPsAssociationTestJSON:tearDownClass): 200 GET http://10.180.1.21/compute/v2.1/servers/c7b70a2f-6049-4276-b880-147cf9fa5cb3 0.195s
2025-11-22 06:05:17.897 66325 INFO tempest.lib.common.rest_client [req-fa88988a-4615-45b9-bf7d-9498aa06d883 req-fa88988a-4615-45b9-bf7d-9498aa06d883 ] Request (ImagesOneServerTestJSON:tearDownClass): 200 GET http://10.180.1.21/compute/v2.1/servers/f9ba5103-6f40-4a3b-8e96-35a698251664 0.199s
2025-11-22 06:05:17.931 66329 INFO tempest.lib.common.rest_client [req-7cf1923e-e50e-42f9-ba02-9a4dccec901f req-7cf1923e-e50e-42f9-ba02-9a4dccec901f ] Request (ServerAddressesTestJSON:tearDownClass): 200 GET http://10.180.1.21/compute/v2.1/servers/974c1e1f-fc0e-4744-b661-f07e0c2d6c3a 0.152s
2025-11-22 06:05:17.989 66369 INFO tempest.lib.common.rest_client [req-763402a8-6c53-4648-a4b8-5490b162f02f req-763402a8-6c53-4648-a4b8-5490b162f02f ] Request (ServersAdminNegativeTestJSON:tearDownClass): 200 GET http://10.180.1.21/compute/v2.1/servers/f4d62571-29f3-4b19-9ba2-b059cbc1baec 0.129s
2025-11-22 06:05:18.002 66315 INFO tempest.lib.common.rest_client [req-997064f3-2e7e-4ece-9013-4f9a12743640 req-997064f3-2e7e-4ece-9013-4f9a12743640 ] Request (AttachInterfacesTestJSON:test_create_list_show_delete_interfaces_by_network_port): 200 GET http://10.180.1.21/compute/v2.1/servers/634fc297-5629-40a7-afbf-34148a59e4ac 0.186s
2025-11-22 06:05:18.010 66315 INFO tempest.common.waiters [-] State transition "BUILD/spawning" ==> "ACTIVE/None" after 48 second wait
2025-11-22 06:05:18.047 66327 INFO tempest.lib.common.rest_client [req-82ff0d35-a8e3-47a8-bb4f-fb699ae879db req-82ff0d35-a8e3-47a8-bb4f-fb699ae879db ] Request (ListServerFiltersTestJSON:tearDownClass): 200 GET http://10.180.1.21/compute/v2.1/servers/7e7129b9-1bab-44a4-9486-4536fc899aaf 0.161s
2025-11-22 06:05:18.083 66317 INFO tempest.lib.common.rest_client [req-97bec75f-8707-4005-b1a1-1d8692ce5ef4 req-97bec75f-8707-4005-b1a1-1d8692ce5ef4 ] Request (ServersListShow298Test:test_list_show_update_rebuild_server_298): 200 GET http://10.180.1.21/compute/v2.1/servers/0935701b-edf9-43a7-b1f3-d24745c05ff2 0.134s
2025-11-22 06:05:18.093 66317 INFO tempest.common.waiters [-] State transition "REBUILD/rebuild_spawning" ==> "ACTIVE/None" after 9 second wait
2025-11-22 06:05:18.101 66331 INFO tempest.lib.common.rest_client [req-eae55478-4f41-43e5-8ac4-49462ed19ab1 req-eae55478-4f41-43e5-8ac4-49462ed19ab1 ] Request (MigrationsAdminTest:test_resize_server_revert_deleted_flavor): 200 GET http://10.180.1.21/compute/v2.1/servers/979092d9-e957-4594-8963-0f34c5be4822 0.144s
2025-11-22 06:05:18.167 66365 INFO tempest.lib.common.rest_client [req-7fe9187e-8e11-43d7-809c-45600021da95 req-7fe9187e-8e11-43d7-809c-45600021da95 ] Request (ServerMetadataNegativeTestJSON:tearDownClass): 200 GET http://10.180.1.21/compute/v2.1/servers/3b6a142f-a843-4e63-8186-cba785771aea 0.091s
2025-11-22 06:05:18.221 66315 INFO tempest.lib.common.rest_client [req-f155fa1e-1d7b-4ddd-ad01-218b3913dd29 req-f155fa1e-1d7b-4ddd-ad01-218b3913dd29 ] Request (AttachInterfacesTestJSON:test_create_list_show_delete_interfaces_by_network_port): 200 GET http://10.180.1.21/compute/v2.1/servers/634fc297-5629-40a7-afbf-34148a59e4ac/os-interface 0.210s
2025-11-22 06:05:18.240 66317 INFO tempest.lib.common.rest_client [req-790e3350-7ef6-4637-864e-40460c1d55e3 req-790e3350-7ef6-4637-864e-40460c1d55e3 ] Request (ServersListShow298Test:tearDownClass): 204 DELETE http://10.180.1.21/compute/v2.1/servers/0935701b-edf9-43a7-b1f3-d24745c05ff2 0.142s
2025-11-22 06:05:18.307 66319 INFO tempest.lib.common.rest_client [req-b2e4ed29-2b09-404c-a1ef-a56bd890100c req-b2e4ed29-2b09-404c-a1ef-a56bd890100c ] Request (ServersNegativeTestJSON:setUpClass): 200 GET http://10.180.1.21/compute/v2.1/servers/dd535f99-264e-418f-ad8b-cc327b7dd5ae 0.164s
2025-11-22 06:05:18.330 66347 INFO tempest.lib.common.rest_client [req-095540cc-68dd-4aae-ac65-89cb5add5533 req-095540cc-68dd-4aae-ac65-89cb5add5533 ] Request (AttachVolumeShelveTestJSON:test_attach_volume_shelved_or_offload_server): 200 GET http://10.180.1.21/compute/v2.1/servers/18d0467f-0305-4447-a35c-ee76b2b17e47 0.223s
2025-11-22 06:05:18.384 66317 INFO tempest.lib.common.rest_client [req-c9fa323d-3bbd-4941-a038-92202f0de26a req-c9fa323d-3bbd-4941-a038-92202f0de26a ] Request (ServersListShow298Test:tearDownClass): 200 GET http://10.180.1.21/compute/v2.1/servers/0935701b-edf9-43a7-b1f3-d24745c05ff2 0.143s
2025-11-22 06:05:18.386 66357 WARNING tempest.lib.common.ssh [-] Failed to establish authenticated ssh connection to cirros@10.180.180.170 ([Errno None] Unable to connect to port 22 on 10.180.180.170). Number attempts: 2. Retry after 3 seconds.: paramiko.ssh_exception.NoValidConnectionsError: [Errno None] Unable to connect to port 22 on 10.180.180.170
2025-11-22 06:05:18.404 66333 INFO tempest.lib.common.rest_client [req-6bdb1dbf-eba7-4fd8-aa4a-28df6ec257ce req-6bdb1dbf-eba7-4fd8-aa4a-28df6ec257ce ] Request (ImagesTestJSON:test_create_server_from_snapshot): 200 GET http://10.180.1.21/compute/v2.1/images/f8da85b2-37ba-44fa-ba01-8f678be712dc 0.042s
2025-11-22 06:05:18.438 66335 INFO tempest.lib.common.rest_client [req-3b687cf3-b60c-4e8d-a4c1-7ff67b36ef9e req-3b687cf3-b60c-4e8d-a4c1-7ff67b36ef9e ] Request (ServersNegativeTestMultiTenantJSON:tearDownClass): 200 GET http://10.180.1.21/compute/v2.1/servers/c4a361fc-e0bb-4880-a3e3-4a0a8f1e7410 0.062s
2025-11-22 06:05:18.485 66359 INFO tempest.lib.common.rest_client [req-c5732e73-060b-42ea-8ce3-a6286424c794 req-c5732e73-060b-42ea-8ce3-a6286424c794 ] Request (ServerActionsTestOtherB:setUpClass): 200 GET http://10.180.1.21/compute/v2.1/servers/275a2218-43b2-46e2-9e92-63c781ecfc59 0.056s
2025-11-22 06:05:18.578 66355 INFO tempest.lib.common.rest_client [req-ea6bf784-95f3-4d32-948c-a8f0619b6043 req-ea6bf784-95f3-4d32-948c-a8f0619b6043 ] Request (ServerShowV247Test:tearDownClass): 200 GET http://10.180.1.21/compute/v2.1/servers/190daab8-0b77-4995-a269-99b09ebb2942 0.076s
2025-11-22 06:05:18.670 66349 INFO tempest.lib.common.rest_client [req-13cff1fe-015c-4570-bda4-f8ab149a4e0d req-13cff1fe-015c-4570-bda4-f8ab149a4e0d ] Request (ServersListShow296Test:test_list_show_update_rebuild_server_296): 200 GET http://10.180.1.21/compute/v2.1/servers/f700f6e1-ffe0-40df-9405-a1bac50ba012 0.090s
2025-11-22 06:05:18.726 66341 INFO tempest.lib.common.rest_client [req-122370f9-e4e7-458f-a144-09dccc602a54 req-122370f9-e4e7-458f-a144-09dccc602a54 ] Request (ServersWithSpecificFlavorTestJSON:test_verify_created_server_ephemeral_disk): 200 GET http://10.180.1.21/compute/v2.1/servers/adbbd801-3153-4006-ba55-427b071ada4f 0.103s
2025-11-22 06:05:18.740 66341 INFO tempest.common.waiters [-] State transition "BUILD/scheduling" ==> "BUILD/None" after 3 second wait
2025-11-22 06:05:18.746 66321 INFO tempest.lib.common.rest_client [req-00049e92-a099-4a6a-9546-4e5f99f45e9d req-00049e92-a099-4a6a-9546-4e5f99f45e9d ] Request (ListImageFiltersTestJSON:tearDownClass): 200 GET http://10.180.1.21/compute/v2.1/servers/53146262-156c-4828-ba45-5bf6bd1c695b 0.101s
2025-11-22 06:05:18.751 66315 INFO tempest.lib.common.rest_client [req-3f51bad0-35b3-4fcf-99b8-d11d0bc4ea78 req-3f51bad0-35b3-4fcf-99b8-d11d0bc4ea78 ] Request (AttachInterfacesTestJSON:test_create_list_show_delete_interfaces_by_network_port): 200 PUT http://10.180.1.21/networking/v2.0/floatingips/217ca23c-5386-471d-b084-cf434b58b12a 0.528s
2025-11-22 06:05:18.788 66345 INFO tempest.lib.common.rest_client [req-ea181493-04e5-4629-a604-065861c28606 req-ea181493-04e5-4629-a604-065861c28606 ] Request (ServerActionsTestOtherA:setUpClass): 200 GET http://10.180.1.21/compute/v2.1/servers/040412c0-e5e6-4b7f-917e-239a07e6ea21 0.108s
2025-11-22 06:05:18.801 66337 INFO tempest.lib.common.rest_client [req-507da267-ed5d-472f-99ae-070089a6580b req-507da267-ed5d-472f-99ae-070089a6580b ] Request (ServersAdminTestJSON:test_inject_network_info): 200 GET http://10.180.1.21/compute/v2.1/servers/4adc86d4-5e15-4021-a6d6-7c5e4e23809a 0.096s
2025-11-22 06:05:18.876 66351 INFO tempest.lib.common.rest_client [req-cc990925-8795-4b29-a19d-21a15188de73 req-cc990925-8795-4b29-a19d-21a15188de73 ] Request (ServerDiskConfigTestJSON:test_resize_server_from_auto_to_manual): 200 GET http://10.180.1.21/compute/v2.1/servers/6beac346-f07d-4d3f-9cef-cb4cea319bc4 0.120s
2025-11-22 06:05:18.917 66315 INFO tempest.lib.common.rest_client [req-4735a9ff-7b22-4a48-adf1-1cc5e4e8ed61 req-4735a9ff-7b22-4a48-adf1-1cc5e4e8ed61 ] Request (AttachInterfacesTestJSON:test_create_list_show_delete_interfaces_by_network_port): 200 GET http://10.180.1.21/compute/v2.1/servers/634fc297-5629-40a7-afbf-34148a59e4ac 0.165s
2025-11-22 06:05:18.924 66315 INFO tempest.lib.common.ssh [-] Creating ssh connection to '10.180.180.152:22' as 'cirros' with public key authentication
2025-11-22 06:05:18.970 66343 INFO tempest.lib.common.rest_client [req-392d5526-812f-4339-ae9a-8b7958dfc757 req-392d5526-812f-4339-ae9a-8b7958dfc757 ] Request (SecurityGroupsTestJSON:test_list_security_groups_by_server): 200 GET http://10.180.1.21/compute/v2.1/servers/b4f79948-0191-4932-8da7-f12d4f471e88 0.151s
2025-11-22 06:05:19.002 66361 INFO tempest.lib.common.rest_client [req-d2bf65b2-f7df-4782-bb7f-591e16a61def req-d2bf65b2-f7df-4782-bb7f-591e16a61def ] Request (DeleteServersTestJSON:test_delete_server_while_in_shelved_state): 200 GET http://10.180.1.21/compute/v2.1/servers/232e2cf8-3cf0-4942-ac8d-831ad54d2b48 0.210s
2025-11-22 06:05:19.033 66375 INFO tempest.lib.common.rest_client [req-1b68302f-4032-4fa1-8e02-2650e1af87f8 req-1b68302f-4032-4fa1-8e02-2650e1af87f8 ] Request (ListServersNegativeTestJSON:setUpClass): 200 GET http://10.180.1.21/compute/v2.1/servers/02bcadfe-05cb-4e09-9ddf-6976779c52c1 0.187s
2025-11-22 06:05:19.065 66353 INFO tempest.lib.common.rest_client [req-6cc0d850-3ae3-49ec-bbdd-838707f30556 req-6cc0d850-3ae3-49ec-bbdd-838707f30556 ] Request (FloatingIPsAssociationTestJSON:tearDownClass): 200 GET http://10.180.1.21/compute/v2.1/servers/c7b70a2f-6049-4276-b880-147cf9fa5cb3 0.186s
2025-11-22 06:05:19.094 66325 INFO tempest.lib.common.rest_client [req-65f1cb56-b595-4d28-af29-7da0124b9fc0 req-65f1cb56-b595-4d28-af29-7da0124b9fc0 ] Request (ImagesOneServerTestJSON:tearDownClass): 200 GET http://10.180.1.21/compute/v2.1/servers/f9ba5103-6f40-4a3b-8e96-35a698251664 0.190s
2025-11-22 06:05:19.124 66329 INFO tempest.lib.common.rest_client [req-d49e748b-ca30-42fa-8e2a-6900b456a58c req-d49e748b-ca30-42fa-8e2a-6900b456a58c ] Request (ServerAddressesTestJSON:tearDownClass): 200 GET http://10.180.1.21/compute/v2.1/servers/974c1e1f-fc0e-4744-b661-f07e0c2d6c3a 0.181s
2025-11-22 06:05:19.153 66369 INFO tempest.lib.common.rest_client [req-b9fb02bc-65a1-4038-91dc-b3c80c33ded9 req-b9fb02bc-65a1-4038-91dc-b3c80c33ded9 ] Request (ServersAdminNegativeTestJSON:tearDownClass): 200 GET http://10.180.1.21/compute/v2.1/servers/f4d62571-29f3-4b19-9ba2-b059cbc1baec 0.156s
2025-11-22 06:05:19.177 66327 INFO tempest.lib.common.rest_client [req-95d06f32-5e96-4f49-8c5d-296dd9c053d5 req-95d06f32-5e96-4f49-8c5d-296dd9c053d5 ] Request (ListServerFiltersTestJSON:tearDownClass): 200 GET http://10.180.1.21/compute/v2.1/servers/7e7129b9-1bab-44a4-9486-4536fc899aaf 0.120s
2025-11-22 06:05:19.198 66331 INFO tempest.lib.common.rest_client [req-7868070a-bd00-4ab7-a3ee-9765b7ee0ae3 req-7868070a-bd00-4ab7-a3ee-9765b7ee0ae3 ] Request (MigrationsAdminTest:test_resize_server_revert_deleted_flavor): 200 GET http://10.180.1.21/compute/v2.1/servers/979092d9-e957-4594-8963-0f34c5be4822 0.088s
2025-11-22 06:05:19.246 66365 INFO tempest.lib.common.rest_client [req-574e84e8-9d36-4c82-a62d-dcbc0cfd9c71 req-574e84e8-9d36-4c82-a62d-dcbc0cfd9c71 ] Request (ServerMetadataNegativeTestJSON:tearDownClass): 200 GET http://10.180.1.21/compute/v2.1/servers/3b6a142f-a843-4e63-8186-cba785771aea 0.067s
2025-11-22 06:05:19.378 66319 INFO tempest.lib.common.rest_client [req-4f449ce0-a8d1-4ec2-80ca-4048a10223a0 req-4f449ce0-a8d1-4ec2-80ca-4048a10223a0 ] Request (ServersNegativeTestJSON:setUpClass): 200 GET http://10.180.1.21/compute/v2.1/servers/dd535f99-264e-418f-ad8b-cc327b7dd5ae 0.061s
2025-11-22 06:05:19.469 66317 INFO tempest.lib.common.rest_client [req-01f0193c-a553-4389-9211-f9aa9fb81e3c req-01f0193c-a553-4389-9211-f9aa9fb81e3c ] Request (ServersListShow298Test:tearDownClass): 200 GET http://10.180.1.21/compute/v2.1/servers/0935701b-edf9-43a7-b1f3-d24745c05ff2 0.073s
2025-11-22 06:05:19.496 66347 INFO tempest.lib.common.rest_client [req-c8c0d1d0-5940-49bb-b808-c514a803b7b9 req-c8c0d1d0-5940-49bb-b808-c514a803b7b9 ] Request (AttachVolumeShelveTestJSON:test_attach_volume_shelved_or_offload_server): 200 GET http://10.180.1.21/compute/v2.1/servers/18d0467f-0305-4447-a35c-ee76b2b17e47 0.148s
2025-11-22 06:05:19.512 66333 INFO tempest.lib.common.rest_client [req-9cc0e9ae-c425-46fb-bb7f-f2bd155c25d4 req-9cc0e9ae-c425-46fb-bb7f-f2bd155c25d4 ] Request (ImagesTestJSON:test_create_server_from_snapshot): 200 GET http://10.180.1.21/compute/v2.1/images/f8da85b2-37ba-44fa-ba01-8f678be712dc 0.104s
2025-11-22 06:05:19.569 66359 INFO tempest.lib.common.rest_client [req-287121a9-c420-4860-ae79-bcc3d84d6b41 req-287121a9-c420-4860-ae79-bcc3d84d6b41 ] Request (ServerActionsTestOtherB:setUpClass): 200 GET http://10.180.1.21/compute/v2.1/servers/275a2218-43b2-46e2-9e92-63c781ecfc59 0.074s
2025-11-22 06:05:19.570 66335 INFO tempest.lib.common.rest_client [req-637b2a4a-bb45-4fb5-8ed1-afeeef4e874b req-637b2a4a-bb45-4fb5-8ed1-afeeef4e874b ] Request (ServersNegativeTestMultiTenantJSON:tearDownClass): 200 GET http://10.180.1.21/compute/v2.1/servers/c4a361fc-e0bb-4880-a3e3-4a0a8f1e7410 0.124s
2025-11-22 06:05:19.661 66355 INFO tempest.lib.common.rest_client [req-f908daa8-8f49-480e-bc45-425c527e3386 req-f908daa8-8f49-480e-bc45-425c527e3386 ] Request (ServerShowV247Test:tearDownClass): 200 GET http://10.180.1.21/compute/v2.1/servers/190daab8-0b77-4995-a269-99b09ebb2942 0.072s
2025-11-22 06:05:19.748 66349 INFO tempest.lib.common.rest_client [req-9df1fc65-8928-45a3-94d5-92f8e80485b8 req-9df1fc65-8928-45a3-94d5-92f8e80485b8 ] Request (ServersListShow296Test:test_list_show_update_rebuild_server_296): 200 GET http://10.180.1.21/compute/v2.1/servers/f700f6e1-ffe0-40df-9405-a1bac50ba012 0.068s
2025-11-22 06:05:19.800 66341 INFO tempest.lib.common.rest_client [req-eaba9331-2e2f-496c-b030-b836c9320997 req-eaba9331-2e2f-496c-b030-b836c9320997 ] Request (ServersWithSpecificFlavorTestJSON:test_verify_created_server_ephemeral_disk): 200 GET http://10.180.1.21/compute/v2.1/servers/adbbd801-3153-4006-ba55-427b071ada4f 0.059s
2025-11-22 06:05:19.825 66321 INFO tempest.lib.common.rest_client [req-682387e0-56fa-4a97-b215-f9dde336f1d6 req-682387e0-56fa-4a97-b215-f9dde336f1d6 ] Request (ListImageFiltersTestJSON:tearDownClass): 200 GET http://10.180.1.21/compute/v2.1/servers/53146262-156c-4828-ba45-5bf6bd1c695b 0.068s
2025-11-22 06:05:19.870 66345 INFO tempest.lib.common.rest_client [req-3b4d80b3-762e-406c-83f3-c16ee58a6872 req-3b4d80b3-762e-406c-83f3-c16ee58a6872 ] Request (ServerActionsTestOtherA:setUpClass): 200 GET http://10.180.1.21/compute/v2.1/servers/040412c0-e5e6-4b7f-917e-239a07e6ea21 0.068s
2025-11-22 06:05:19.887 66337 INFO tempest.lib.common.rest_client [req-df23a725-8604-4142-92f6-b7c83a325270 req-df23a725-8604-4142-92f6-b7c83a325270 ] Request (ServersAdminTestJSON:test_inject_network_info): 200 GET http://10.180.1.21/compute/v2.1/servers/4adc86d4-5e15-4021-a6d6-7c5e4e23809a 0.078s
2025-11-22 06:05:19.958 66351 INFO tempest.lib.common.rest_client [req-f3900206-30aa-4ce0-8930-820c54d10f60 req-f3900206-30aa-4ce0-8930-820c54d10f60 ] Request (ServerDiskConfigTestJSON:test_resize_server_from_auto_to_manual): 200 GET http://10.180.1.21/compute/v2.1/servers/6beac346-f07d-4d3f-9cef-cb4cea319bc4 0.074s
2025-11-22 06:05:20.045 66343 INFO tempest.lib.common.rest_client [req-dad61403-5969-4bf5-bd39-121bc2cb0aad req-dad61403-5969-4bf5-bd39-121bc2cb0aad ] Request (SecurityGroupsTestJSON:test_list_security_groups_by_server): 200 GET http://10.180.1.21/compute/v2.1/servers/b4f79948-0191-4932-8da7-f12d4f471e88 0.060s
2025-11-22 06:05:20.106 66375 INFO tempest.lib.common.rest_client [req-2ba88497-faa2-4ca7-b6b0-e083ff9203f6 req-2ba88497-faa2-4ca7-b6b0-e083ff9203f6 ] Request (ListServersNegativeTestJSON:setUpClass): 200 GET http://10.180.1.21/compute/v2.1/servers/02bcadfe-05cb-4e09-9ddf-6976779c52c1 0.063s
2025-11-22 06:05:20.124 66361 INFO tempest.lib.common.rest_client [req-a25dbec0-5b29-4ba5-b114-773a56d11e18 req-a25dbec0-5b29-4ba5-b114-773a56d11e18 ] Request (DeleteServersTestJSON:test_delete_server_while_in_shelved_state): 200 GET http://10.180.1.21/compute/v2.1/servers/232e2cf8-3cf0-4942-ac8d-831ad54d2b48 0.110s
2025-11-22 06:05:20.183 66353 INFO tempest.lib.common.rest_client [req-b75a7457-2df7-4fa4-af03-e40a46b88cb3 req-b75a7457-2df7-4fa4-af03-e40a46b88cb3 ] Request (FloatingIPsAssociationTestJSON:tearDownClass): 200 GET http://10.180.1.21/compute/v2.1/servers/c7b70a2f-6049-4276-b880-147cf9fa5cb3 0.111s
2025-11-22 06:05:20.214 66325 INFO tempest.lib.common.rest_client [req-9fd5ff66-7438-42da-b950-27a7f44d2157 req-9fd5ff66-7438-42da-b950-27a7f44d2157 ] Request (ImagesOneServerTestJSON:tearDownClass): 200 GET http://10.180.1.21/compute/v2.1/servers/f9ba5103-6f40-4a3b-8e96-35a698251664 0.112s
2025-11-22 06:05:20.245 66329 INFO tempest.lib.common.rest_client [req-be196460-a358-4961-90e7-b3416e441083 req-be196460-a358-4961-90e7-b3416e441083 ] Request (ServerAddressesTestJSON:tearDownClass): 200 GET http://10.180.1.21/compute/v2.1/servers/974c1e1f-fc0e-4744-b661-f07e0c2d6c3a 0.113s
2025-11-22 06:05:20.275 66369 INFO tempest.lib.common.rest_client [req-c5c76b81-0017-41d7-8336-ec7e517b9dd5 req-c5c76b81-0017-41d7-8336-ec7e517b9dd5 ] Request (ServersAdminNegativeTestJSON:tearDownClass): 200 GET http://10.180.1.21/compute/v2.1/servers/f4d62571-29f3-4b19-9ba2-b059cbc1baec 0.115s
2025-11-22 06:05:20.312 66327 INFO tempest.lib.common.rest_client [req-b323114b-6de6-49b7-a895-dede3333389c req-b323114b-6de6-49b7-a895-dede3333389c ] Request (ListServerFiltersTestJSON:tearDownClass): 200 GET http://10.180.1.21/compute/v2.1/servers/7e7129b9-1bab-44a4-9486-4536fc899aaf 0.126s
2025-11-22 06:05:20.320 66339 INFO paramiko.transport [-] Connected (version 2.0, client dropbear_2020.81)
2025-11-22 06:05:20.328 66331 INFO tempest.lib.common.rest_client [req-b63cc0ad-7217-4432-abee-1d1d5e596e45 req-b63cc0ad-7217-4432-abee-1d1d5e596e45 ] Request (MigrationsAdminTest:test_resize_server_revert_deleted_flavor): 200 GET http://10.180.1.21/compute/v2.1/servers/979092d9-e957-4594-8963-0f34c5be4822 0.122s
2025-11-22 06:05:20.370 66365 INFO tempest.lib.common.rest_client [req-aabfee4a-8069-41a7-b30f-7b960f5e12ef req-aabfee4a-8069-41a7-b30f-7b960f5e12ef ] Request (ServerMetadataNegativeTestJSON:tearDownClass): 200 GET http://10.180.1.21/compute/v2.1/servers/3b6a142f-a843-4e63-8186-cba785771aea 0.116s
2025-11-22 06:05:20.433 66339 INFO paramiko.transport [-] Authentication (publickey) successful!
2025-11-22 06:05:20.433 66339 INFO tempest.lib.common.ssh [-] ssh connection to cirros@10.180.180.228 successfully created
2025-11-22 06:05:20.454 66319 INFO tempest.lib.common.rest_client [req-9a0c0e30-dc8e-4a7b-a8bf-701a62893751 req-9a0c0e30-dc8e-4a7b-a8bf-701a62893751 ] Request (ServersNegativeTestJSON:setUpClass): 200 GET http://10.180.1.21/compute/v2.1/servers/dd535f99-264e-418f-ad8b-cc327b7dd5ae 0.068s
2025-11-22 06:05:20.554 66317 INFO tempest.lib.common.rest_client [req-e5917e60-7043-4c50-9b6a-be6643f54ede req-e5917e60-7043-4c50-9b6a-be6643f54ede ] Request (ServersListShow298Test:tearDownClass): 200 GET http://10.180.1.21/compute/v2.1/servers/0935701b-edf9-43a7-b1f3-d24745c05ff2 0.074s
2025-11-22 06:05:20.587 66339 INFO tempest.lib.common.rest_client [req-cc4ef6cd-04e1-41a3-9592-4f8ebc962415 req-cc4ef6cd-04e1-41a3-9592-4f8ebc962415 ] Request (ServerActionsTestJSON:tearDown): 200 GET http://10.180.1.21/compute/v2.1/servers/12eda953-93e2-4fe8-b705-cc8e73d90287 0.147s
2025-11-22 06:05:20.632 66333 INFO tempest.lib.common.rest_client [req-2f2fd598-9f96-4b35-9356-a8738b493847 req-2f2fd598-9f96-4b35-9356-a8738b493847 ] Request (ImagesTestJSON:test_create_server_from_snapshot): 200 GET http://10.180.1.21/compute/v2.1/images/f8da85b2-37ba-44fa-ba01-8f678be712dc 0.111s
2025-11-22 06:05:20.675 66347 INFO tempest.lib.common.rest_client [req-ad8b84fc-7c12-4e3a-9dc7-c910092e259d req-ad8b84fc-7c12-4e3a-9dc7-c910092e259d ] Request (AttachVolumeShelveTestJSON:test_attach_volume_shelved_or_offload_server): 200 GET http://10.180.1.21/compute/v2.1/servers/18d0467f-0305-4447-a35c-ee76b2b17e47 0.168s
2025-11-22 06:05:20.691 66359 INFO tempest.lib.common.rest_client [req-c1e54f11-1c16-4add-be71-202e735c6b37 req-c1e54f11-1c16-4add-be71-202e735c6b37 ] Request (ServerActionsTestOtherB:setUpClass): 200 GET http://10.180.1.21/compute/v2.1/servers/275a2218-43b2-46e2-9e92-63c781ecfc59 0.112s
2025-11-22 06:05:20.737 66335 INFO tempest.lib.common.rest_client [req-3b25f0b5-5533-46b9-922c-5710255f7363 req-3b25f0b5-5533-46b9-922c-5710255f7363 ] Request (ServersNegativeTestMultiTenantJSON:tearDownClass): 200 GET http://10.180.1.21/compute/v2.1/servers/c4a361fc-e0bb-4880-a3e3-4a0a8f1e7410 0.156s
2025-11-22 06:05:20.797 66339 INFO tempest.lib.common.rest_client [req-a827b553-8db1-4a8c-ada0-4907ef74208e req-a827b553-8db1-4a8c-ada0-4907ef74208e ] Request (ServerActionsTestJSON:setUp): 200 GET http://10.180.1.21/compute/v2.1/servers/12eda953-93e2-4fe8-b705-cc8e73d90287 0.199s
2025-11-22 06:05:20.802 66355 INFO tempest.lib.common.rest_client [req-e47e511e-397e-44da-acf1-cb6f49ea34ef req-e47e511e-397e-44da-acf1-cb6f49ea34ef ] Request (ServerShowV247Test:tearDownClass): 200 GET http://10.180.1.21/compute/v2.1/servers/190daab8-0b77-4995-a269-99b09ebb2942 0.131s
2025-11-22 06:05:20.870 66341 INFO tempest.lib.common.rest_client [req-94f29376-38ec-4bc1-b0d2-aad698f90a5e req-94f29376-38ec-4bc1-b0d2-aad698f90a5e ] Request (ServersWithSpecificFlavorTestJSON:test_verify_created_server_ephemeral_disk): 200 GET http://10.180.1.21/compute/v2.1/servers/adbbd801-3153-4006-ba55-427b071ada4f 0.061s
2025-11-22 06:05:20.871 66349 INFO tempest.lib.common.rest_client [req-8809d88f-5e85-42f3-b8bc-7085cc900caa req-8809d88f-5e85-42f3-b8bc-7085cc900caa ] Request (ServersListShow296Test:test_list_show_update_rebuild_server_296): 200 GET http://10.180.1.21/compute/v2.1/servers/f700f6e1-ffe0-40df-9405-a1bac50ba012 0.111s
2025-11-22 06:05:20.880 66339 INFO tempest.lib.common.rest_client [req-0ae4f6ef-2d34-4008-a7c6-f1135a3b693b req-0ae4f6ef-2d34-4008-a7c6-f1135a3b693b ] Request (ServerActionsTestJSON:test_rebuild_server): 201 POST http://10.180.1.21/identity/v3/auth/tokens 0.074s
2025-11-22 06:05:20.881 66339 INFO tempest.lib.common.fixed_network [-] (ServerActionsTestJSON:test_rebuild_server) Found network {'id': 'd6ff1538-9840-4017-adce-3c46c513e720', 'name': 'tempest-ServerActionsTestJSON-1225383339-network', 'tenant_id': 'e981b3c59cdd4a519260bb0290eb1778', 'project_id': 'e981b3c59cdd4a519260bb0290eb1778', 'admin_state_up': True, 'mtu': 8950, 'status': 'ACTIVE', 'subnets': [], 'shared': False, 'port_security_enabled': True, 'router:external': False, 'provider:network_type': 'vlan', 'provider:physical_network': 'default', 'provider:segmentation_id': 570, 'availability_zone_hints': [], 'availability_zones': [], 'ipv4_address_scope': None, 'ipv6_address_scope': None, 'description': '', 'tags': [], 'created_at': '2025-11-22T06:02:03Z', 'updated_at': '2025-11-22T06:02:03Z', 'revision_number': 1} available for tenant
2025-11-22 06:05:20.940 66345 INFO tempest.lib.common.rest_client [req-a294ec08-0f91-4e87-bf53-dbbab3636156 req-a294ec08-0f91-4e87-bf53-dbbab3636156 ] Request (ServerActionsTestOtherA:setUpClass): 200 GET http://10.180.1.21/compute/v2.1/servers/040412c0-e5e6-4b7f-917e-239a07e6ea21 0.060s
2025-11-22 06:05:20.944 66321 INFO tempest.lib.common.rest_client [req-2c3adead-b9c5-40c9-bfd1-2ee14e5641f5 req-2c3adead-b9c5-40c9-bfd1-2ee14e5641f5 ] Request (ListImageFiltersTestJSON:tearDownClass): 200 GET http://10.180.1.21/compute/v2.1/servers/53146262-156c-4828-ba45-5bf6bd1c695b 0.111s
2025-11-22 06:05:20.986 66339 INFO tempest.lib.common.rest_client [req-49b0ee36-9466-4495-bdcc-fb3c81bc1e55 req-49b0ee36-9466-4495-bdcc-fb3c81bc1e55 ] Request (ValidationResourcesFixture:setUp): 200 POST http://10.180.1.21/compute/v2.1/os-keypairs 0.104s
2025-11-22 06:05:21.002 66337 INFO tempest.lib.common.rest_client [req-142bf5ed-f564-4fd8-9ebe-478cd3b4cf60 req-142bf5ed-f564-4fd8-9ebe-478cd3b4cf60 ] Request (ServersAdminTestJSON:test_inject_network_info): 200 GET http://10.180.1.21/compute/v2.1/servers/4adc86d4-5e15-4021-a6d6-7c5e4e23809a 0.106s
2025-11-22 06:05:21.044 66351 INFO tempest.lib.common.rest_client [req-607c257a-7db1-472b-8f31-790e5c922a49 req-607c257a-7db1-472b-8f31-790e5c922a49 ] Request (ServerDiskConfigTestJSON:test_resize_server_from_auto_to_manual): 200 GET http://10.180.1.21/compute/v2.1/servers/6beac346-f07d-4d3f-9cef-cb4cea319bc4 0.078s
2025-11-22 06:05:21.154 66343 INFO tempest.lib.common.rest_client [req-295c42c0-8a37-494d-9250-294297e16e83 req-295c42c0-8a37-494d-9250-294297e16e83 ] Request (SecurityGroupsTestJSON:test_list_security_groups_by_server): 200 GET http://10.180.1.21/compute/v2.1/servers/b4f79948-0191-4932-8da7-f12d4f471e88 0.100s
2025-11-22 06:05:21.193 66339 INFO tempest.lib.common.rest_client [req-983c2add-cb9c-4816-b518-4fa9d3c54bd5 req-983c2add-cb9c-4816-b518-4fa9d3c54bd5 ] Request (ValidationResourcesFixture:setUp): 201 POST http://10.180.1.21/networking/v2.0/security-groups 0.205s
2025-11-22 06:05:21.222 66375 INFO tempest.lib.common.rest_client [req-96e694b5-bc79-4548-aad2-73a08467f40f req-96e694b5-bc79-4548-aad2-73a08467f40f ] Request (ListServersNegativeTestJSON:setUpClass): 200 GET http://10.180.1.21/compute/v2.1/servers/02bcadfe-05cb-4e09-9ddf-6976779c52c1 0.104s
2025-11-22 06:05:21.311 66339 INFO tempest.lib.common.rest_client [req-220bacbe-e384-424e-aa1e-db064772cc9e req-220bacbe-e384-424e-aa1e-db064772cc9e ] Request (ValidationResourcesFixture:setUp): 201 POST http://10.180.1.21/networking/v2.0/security-group-rules 0.115s
2025-11-22 06:05:21.398 66353 INFO tempest.lib.common.rest_client [req-b8d15aef-50f0-41fb-b0c6-aa2c8d24b9a4 req-b8d15aef-50f0-41fb-b0c6-aa2c8d24b9a4 ] Request (FloatingIPsAssociationTestJSON:tearDownClass): 200 GET http://10.180.1.21/compute/v2.1/servers/c7b70a2f-6049-4276-b880-147cf9fa5cb3 0.204s
2025-11-22 06:05:21.502 66339 INFO tempest.lib.common.rest_client [req-352f85cd-73e2-4705-a337-506f04f48c55 req-352f85cd-73e2-4705-a337-506f04f48c55 ] Request (ValidationResourcesFixture:setUp): 201 POST http://10.180.1.21/networking/v2.0/security-group-rules 0.190s
2025-11-22 06:05:21.548 66361 INFO tempest.lib.common.rest_client [req-9e7c4b29-7b89-4d5b-9173-d630afe9793c req-9e7c4b29-7b89-4d5b-9173-d630afe9793c ] Request (DeleteServersTestJSON:test_delete_server_while_in_shelved_state): 200 GET http://10.180.1.21/compute/v2.1/servers/232e2cf8-3cf0-4942-ac8d-831ad54d2b48 0.414s
2025-11-22 06:05:21.567 66325 INFO tempest.lib.common.rest_client [req-1fb76d74-ac53-4cb3-be95-399953569954 req-1fb76d74-ac53-4cb3-be95-399953569954 ] Request (ImagesOneServerTestJSON:tearDownClass): 200 GET http://10.180.1.21/compute/v2.1/servers/f9ba5103-6f40-4a3b-8e96-35a698251664 0.343s
2025-11-22 06:05:21.577 66329 INFO tempest.lib.common.rest_client [req-a777e951-9a3b-4a9a-b2ae-81ec3f3be662 req-a777e951-9a3b-4a9a-b2ae-81ec3f3be662 ] Request (ServerAddressesTestJSON:tearDownClass): 404 GET http://10.180.1.21/compute/v2.1/servers/974c1e1f-fc0e-4744-b661-f07e0c2d6c3a 0.322s
2025-11-22 06:05:21.592 66369 INFO tempest.lib.common.rest_client [req-79c5171a-afdb-4abf-96b5-8546d57fa771 req-79c5171a-afdb-4abf-96b5-8546d57fa771 ] Request (ServersAdminNegativeTestJSON:tearDownClass): 404 GET http://10.180.1.21/compute/v2.1/servers/f4d62571-29f3-4b19-9ba2-b059cbc1baec 0.310s
2025-11-22 06:05:21.984 66339 INFO tempest.lib.common.rest_client [req-e6550302-3077-467f-a6c1-d8f9f041e9e5 req-e6550302-3077-467f-a6c1-d8f9f041e9e5 ] Request (ValidationResourcesFixture:setUp): 201 POST http://10.180.1.21/networking/v2.0/floatingips 0.480s
2025-11-22 06:05:22.721 66329 INFO tempest.lib.common.rest_client [req-29d0fe40-05df-4860-95c7-7242da777613 req-29d0fe40-05df-4860-95c7-7242da777613 ] Request (ServerAddressesTestJSON:tearDownClass): 200 PUT http://10.180.1.21/networking/v2.0/routers/3b566fa9-b6a9-48d7-9a5a-7fb59f07fe87/remove_router_interface 1.143s
2025-11-22 06:05:22.742 66327 INFO tempest.lib.common.rest_client [req-8505920a-7b0a-4d0c-8d22-d5f9bd1c1f41 req-8505920a-7b0a-4d0c-8d22-d5f9bd1c1f41 ] Request (ListServerFiltersTestJSON:tearDownClass): 200 GET http://10.180.1.21/compute/v2.1/servers/7e7129b9-1bab-44a4-9486-4536fc899aaf 1.421s
2025-11-22 06:05:22.762 66331 INFO tempest.lib.common.rest_client [req-51483259-c595-47b0-a9a5-8d9605053d86 req-51483259-c595-47b0-a9a5-8d9605053d86 ] Request (MigrationsAdminTest:test_resize_server_revert_deleted_flavor): 200 GET http://10.180.1.21/compute/v2.1/servers/979092d9-e957-4594-8963-0f34c5be4822 1.425s
2025-11-22 06:05:22.927 66365 INFO tempest.lib.common.rest_client [req-f03dac7e-a325-4628-ae66-c0421aa612cf req-f03dac7e-a325-4628-ae66-c0421aa612cf ] Request (ServerMetadataNegativeTestJSON:tearDownClass): 200 GET http://10.180.1.21/compute/v2.1/servers/3b6a142f-a843-4e63-8186-cba785771aea 1.547s
2025-11-22 06:05:22.948 66319 INFO tempest.lib.common.rest_client [req-e3c6ba98-4585-4a4b-bdd4-afcd5935ba65 req-e3c6ba98-4585-4a4b-bdd4-afcd5935ba65 ] Request (ServersNegativeTestJSON:setUpClass): 200 GET http://10.180.1.21/compute/v2.1/servers/dd535f99-264e-418f-ad8b-cc327b7dd5ae 1.486s
2025-11-22 06:05:23.020 66317 INFO tempest.lib.common.rest_client [req-e9d1c324-a9d0-4ca0-9b83-a86291310f31 req-e9d1c324-a9d0-4ca0-9b83-a86291310f31 ] Request (ServersListShow298Test:tearDownClass): 200 GET http://10.180.1.21/compute/v2.1/servers/0935701b-edf9-43a7-b1f3-d24745c05ff2 1.455s
2025-11-22 06:05:23.033 66317 INFO tempest.common.waiters [-] State transition "ACTIVE/deleting" ==> "DELETED/None" after 5 second wait
2025-11-22 06:05:23.047 66369 INFO tempest.lib.common.rest_client [req-495c2dbd-9315-4720-8573-8f7b4580b725 req-495c2dbd-9315-4720-8573-8f7b4580b725 ] Request (ServersAdminNegativeTestJSON:tearDownClass): 204 DELETE http://10.180.1.21/compute/v2.1/servers/39b3f3b5-f7da-4a36-99ee-7a1d22b4e2d4 1.454s
2025-11-22 06:05:23.060 66315 WARNING tempest.lib.common.ssh [-] Failed to establish authenticated ssh connection to cirros@10.180.180.152 ([Errno None] Unable to connect to port 22 on 10.180.180.152). Number attempts: 1. Retry after 2 seconds.: paramiko.ssh_exception.NoValidConnectionsError: [Errno None] Unable to connect to port 22 on 10.180.180.152
