2025-11-22 07:00:49.666 66202 INFO tempest.lib.common.rest_client [req-fd81c17e-f6b9-4d4d-a740-c25cd21db93a req-fd81c17e-f6b9-4d4d-a740-c25cd21db93a ] Request (ServerDiagnosticsV248Test:setUpClass): 204 PUT http://10.180.1.21/identity/v3/projects/8874cc2f4b1e46ac879c8e14ca7ffa49/users/97ba117b77de4ae48066d8c7ceee7590/roles/472a407b81684449858703ffca627cc2 0.043s
2025-11-22 07:00:49.739 66202 INFO tempest.lib.common.rest_client [req-880a7fbb-f20a-4c97-b581-dc24d5d41305 req-880a7fbb-f20a-4c97-b581-dc24d5d41305 ] Request (ServerDiagnosticsV248Test:setUpClass): 200 GET http://10.180.1.21/identity/v3/roles 0.073s
2025-11-22 07:00:49.758 66202 INFO tempest.lib.common.rest_client [req-78dfb629-5197-4ded-82bc-0bc6bd54358e req-78dfb629-5197-4ded-82bc-0bc6bd54358e ] Request (ServerDiagnosticsV248Test:setUpClass): 204 PUT http://10.180.1.21/identity/v3/projects/8874cc2f4b1e46ac879c8e14ca7ffa49/users/97ba117b77de4ae48066d8c7ceee7590/roles/472a407b81684449858703ffca627cc2 0.018s
2025-11-22 07:00:49.758 66202 INFO tempest.lib.common.dynamic_creds [-] Dynamic test user 97ba117b77de4ae48066d8c7ceee7590 is created with scope project and roles: ['admin']
2025-11-22 07:00:49.758 66202 INFO tempest.lib.common.dynamic_creds [-] Acquired dynamic creds: credentials: Credentials: {'domain_id': 'default', 'domain_name': 'Default', 'username': 'tempest-ServerDiagnosticsV248Test-1983470147-project-admin', 'project_domain_id': 'default', 'project_domain_name': 'Default', 'project_id': '8874cc2f4b1e46ac879c8e14ca7ffa49', 'project_name': 'tempest-ServerDiagnosticsV248Test-1983470147', 'tenant_id': '8874cc2f4b1e46ac879c8e14ca7ffa49', 'tenant_name': 'tempest-ServerDiagnosticsV248Test-1983470147', 'user_domain_id': 'default', 'user_domain_name': 'Default', 'user_id': '97ba117b77de4ae48066d8c7ceee7590', 'system': None}, Network: None, Subnet: None, Router: None
2025-11-22 07:00:49.758 66202 INFO tempest.lib.common.dynamic_creds [-] Created isolated network resources for: credentials: Credentials: {'domain_id': 'default', 'domain_name': 'Default', 'username': 'tempest-ServerDiagnosticsV248Test-1983470147-project-admin', 'project_domain_id': 'default', 'project_domain_name': 'Default', 'project_id': '8874cc2f4b1e46ac879c8e14ca7ffa49', 'project_name': 'tempest-ServerDiagnosticsV248Test-1983470147', 'tenant_id': '8874cc2f4b1e46ac879c8e14ca7ffa49', 'tenant_name': 'tempest-ServerDiagnosticsV248Test-1983470147', 'user_domain_id': 'default', 'user_domain_name': 'Default', 'user_id': '97ba117b77de4ae48066d8c7ceee7590', 'system': None}, Network: None, Subnet: None, Router: None
2025-11-22 07:00:49.848 66202 INFO tempest.lib.common.rest_client [req-39132757-c52d-4b67-bca3-3d7fb19b95bf req-39132757-c52d-4b67-bca3-3d7fb19b95bf ] Request (ServerDiagnosticsV248Test:setUpClass): 201 POST http://10.180.1.21/identity/v3/auth/tokens 0.086s
2025-11-22 07:00:49.920 66202 INFO tempest.lib.common.rest_client [req-1991ebad-471d-4cd5-a212-2816043e00a8 req-1991ebad-471d-4cd5-a212-2816043e00a8 ] Request (ServerDiagnosticsV248Test:test_get_server_diagnostics): 201 POST http://10.180.1.21/identity/v3/auth/tokens 0.067s
2025-11-22 07:00:49.920 66202 INFO tempest.lib.common.fixed_network [-] (ServerDiagnosticsV248Test:test_get_server_diagnostics) Found network None available for tenant
2025-11-22 07:00:50.110 66206 INFO tempest.lib.common.rest_client [req-10d34961-00f3-48ac-914f-91b8d80790c4 req-10d34961-00f3-48ac-914f-91b8d80790c4 ] Request (ServersTestManualDisk:tearDownClass): 204 DELETE http://10.180.1.21/networking/v2.0/routers/60282128-5624-4d13-bba3-e5f70ead0354 0.547s
2025-11-22 07:00:50.302 66206 INFO tempest.lib.common.rest_client [req-350d03d6-cf34-4524-9bc4-b8d01ddc3769 req-350d03d6-cf34-4524-9bc4-b8d01ddc3769 ] Request (ServersTestManualDisk:tearDownClass): 204 DELETE http://10.180.1.21/networking/v2.0/subnets/1e5ac906-5fe0-4e2a-938b-2965b0a1a333 0.191s
2025-11-22 07:00:50.337 66228 WARNING tempest.lib.common.ssh [-] Failed to establish authenticated ssh connection to cirros@10.180.180.157 ([Errno None] Unable to connect to port 22 on 10.180.180.157). Number attempts: 6. Retry after 7 seconds.: paramiko.ssh_exception.NoValidConnectionsError: [Errno None] Unable to connect to port 22 on 10.180.180.157
2025-11-22 07:00:51.104 66206 INFO tempest.lib.common.rest_client [req-64041447-8f58-447a-904d-8da12b5fccee req-64041447-8f58-447a-904d-8da12b5fccee ] Request (ServersTestManualDisk:tearDownClass): 204 DELETE http://10.180.1.21/networking/v2.0/networks/750e4a7d-f5fc-4c0d-a879-f130877b1c36 0.802s
2025-11-22 07:00:51.214 66206 INFO tempest.lib.common.rest_client [req-16bf8bd4-7163-47b4-b576-0c99afdd0a13 req-16bf8bd4-7163-47b4-b576-0c99afdd0a13 ] Request (ServersTestManualDisk:tearDownClass): 204 DELETE http://10.180.1.21/identity/v3/users/ce5c1e5c7917458180abd588b5a81cab 0.109s
2025-11-22 07:00:51.215 66206 INFO tempest.lib.common.dynamic_creds [-] Deleting project and security group for project: 0a4fc484a0ac4b7b94e7ccb3920425cc
2025-11-22 07:00:51.502 66206 INFO tempest.lib.common.rest_client [req-cae49a39-9308-4ab6-8c9c-3d2235a8d6cb req-cae49a39-9308-4ab6-8c9c-3d2235a8d6cb ] Request (ServersTestManualDisk:tearDownClass): 200 GET http://10.180.1.21/networking/v2.0/security-groups?tenant_id=0a4fc484a0ac4b7b94e7ccb3920425cc&name=default 0.286s
2025-11-22 07:00:51.651 66206 INFO tempest.lib.common.rest_client [req-5ce84259-dc0b-4cb5-862b-99f9ee4e54db req-5ce84259-dc0b-4cb5-862b-99f9ee4e54db ] Request (ServersTestManualDisk:tearDownClass): 204 DELETE http://10.180.1.21/networking/v2.0/security-groups/72ed28f2-5a66-4c85-9bf3-cdf6e23cd086 0.149s
2025-11-22 07:00:51.773 66206 INFO tempest.lib.common.rest_client [req-4962b957-040f-4415-9cb5-0c7c0ebec0ba req-4962b957-040f-4415-9cb5-0c7c0ebec0ba ] Request (ServersTestManualDisk:tearDownClass): 204 DELETE http://10.180.1.21/identity/v3/projects/0a4fc484a0ac4b7b94e7ccb3920425cc 0.121s
2025-11-22 07:00:51.862 66206 INFO tempest.lib.common.rest_client [req-d9ea41c4-94c9-44b2-8881-9816f18a05ff req-d9ea41c4-94c9-44b2-8881-9816f18a05ff ] Request (ServersV294TestFqdnHostnames:setUpClass): 201 POST http://10.180.1.21/identity/v3/auth/tokens 0.087s
2025-11-22 07:00:51.895 66206 INFO tempest.lib.common.rest_client [req-25fc7ffb-1354-4d93-a893-33d49fce1613 req-25fc7ffb-1354-4d93-a893-33d49fce1613 ] Request (ServersV294TestFqdnHostnames:setUpClass): 201 POST http://10.180.1.21/identity/v3/auth/tokens 0.029s
2025-11-22 07:00:51.926 66206 INFO tempest.lib.common.rest_client [req-7b193820-3e2e-4ede-bab7-0817a0e081ae req-7b193820-3e2e-4ede-bab7-0817a0e081ae ] Request (ServersV294TestFqdnHostnames:setUpClass): 200 GET http://10.180.1.21/identity/v3/domains?name=Default 0.031s
2025-11-22 07:00:51.961 66206 INFO tempest.lib.common.rest_client [req-2bada2af-0832-4f2f-b32c-3a173364b667 req-2bada2af-0832-4f2f-b32c-3a173364b667 ] Request (ServersV294TestFqdnHostnames:setUpClass): 201 POST http://10.180.1.21/identity/v3/projects 0.034s
2025-11-22 07:00:52.021 66206 INFO tempest.lib.common.rest_client [req-ae223e93-0fac-47b0-9180-1668195aba29 req-ae223e93-0fac-47b0-9180-1668195aba29 ] Request (ServersV294TestFqdnHostnames:setUpClass): 201 POST http://10.180.1.21/identity/v3/users 0.059s
2025-11-22 07:00:52.043 66206 INFO tempest.lib.common.rest_client [req-3efba8b7-0317-4c87-aec3-88248b2637b0 req-3efba8b7-0317-4c87-aec3-88248b2637b0 ] Request (ServersV294TestFqdnHostnames:setUpClass): 200 GET http://10.180.1.21/identity/v3/roles 0.021s
2025-11-22 07:00:52.100 66206 INFO tempest.lib.common.rest_client [req-f334c517-4e7d-4ad5-b094-474449761741 req-f334c517-4e7d-4ad5-b094-474449761741 ] Request (ServersV294TestFqdnHostnames:setUpClass): 204 PUT http://10.180.1.21/identity/v3/projects/b39a9de5df5f46ab9ac86bece666fee1/users/7ead6b35ae0048ffab0c21d91626db64/roles/3e9d1dc623cc4ea8b5897aafda021c34 0.057s
2025-11-22 07:00:52.101 66206 INFO tempest.lib.common.dynamic_creds [-] Dynamic test user 7ead6b35ae0048ffab0c21d91626db64 is created with scope project and roles: ['member']
2025-11-22 07:00:52.101 66206 INFO tempest.lib.common.dynamic_creds [-] Acquired dynamic creds: credentials: Credentials: {'domain_id': 'default', 'domain_name': 'Default', 'username': 'tempest-ServersV294TestFqdnHostnames-113142494-project-member', 'project_domain_id': 'default', 'project_domain_name': 'Default', 'project_id': 'b39a9de5df5f46ab9ac86bece666fee1', 'project_name': 'tempest-ServersV294TestFqdnHostnames-113142494', 'tenant_id': 'b39a9de5df5f46ab9ac86bece666fee1', 'tenant_name': 'tempest-ServersV294TestFqdnHostnames-113142494', 'user_domain_id': 'default', 'user_domain_name': 'Default', 'user_id': '7ead6b35ae0048ffab0c21d91626db64', 'system': None}, Network: None, Subnet: None, Router: None
2025-11-22 07:00:52.178 66206 INFO tempest.lib.common.rest_client [req-6b2c5b90-ea73-4e97-9f9e-b0aeb24e5845 req-6b2c5b90-ea73-4e97-9f9e-b0aeb24e5845 ] Request (ServersV294TestFqdnHostnames:setUpClass): 201 POST http://10.180.1.21/identity/v3/auth/tokens 0.077s
2025-11-22 07:00:52.600 66206 INFO tempest.lib.common.rest_client [req-fcde1b07-de92-47ff-b064-cdb8073ba51e req-fcde1b07-de92-47ff-b064-cdb8073ba51e ] Request (ServersV294TestFqdnHostnames:setUpClass): 201 POST http://10.180.1.21/networking/v2.0/networks 0.421s
2025-11-22 07:00:52.691 66190 INFO tempest.lib.common.rest_client [req-e6057d7b-d900-4b05-86e0-92430142ece4 req-e6057d7b-d900-4b05-86e0-92430142ece4 ] Request (FloatingIPsAssociationTestJSON:test_associate_already_associated_floating_ip): 202 POST http://10.180.1.21/compute/v2.1/servers/9962dfae-4075-41c5-99f5-ad96564a5c42/action 5.554s
2025-11-22 07:00:52.848 66206 INFO tempest.lib.common.rest_client [req-5fb8f878-ee71-42af-88f5-4b1596f2a107 req-5fb8f878-ee71-42af-88f5-4b1596f2a107 ] Request (ServersV294TestFqdnHostnames:setUpClass): 201 POST http://10.180.1.21/networking/v2.0/subnets 0.247s
2025-11-22 07:00:53.679 66206 INFO tempest.lib.common.rest_client [req-07522a25-e0bc-4970-b783-7181f45bdbb8 req-07522a25-e0bc-4970-b783-7181f45bdbb8 ] Request (ServersV294TestFqdnHostnames:setUpClass): 201 POST http://10.180.1.21/networking/v2.0/routers 0.830s
2025-11-22 07:00:53.783 66174 INFO tempest.lib.common.rest_client [req-ce67a104-b361-4f33-a9df-3923ca836f57 req-ce67a104-b361-4f33-a9df-3923ca836f57 ] Request (SecurityGroupsTestJSON:test_security_groups_create_list_delete): 202 DELETE http://10.180.1.21/compute/v2.1/os-security-groups/e07bf89b-60cd-4595-8bf1-236279148493 6.431s
2025-11-22 07:00:53.954 66176 INFO tempest.lib.common.rest_client [req-29e7efa6-072e-49b3-9979-beee3fd3d049 req-29e7efa6-072e-49b3-9979-beee3fd3d049 ] Request (ListServerFiltersTestJSON:tearDownClass): 200 GET http://10.180.1.21/compute/v2.1/servers/416fa78f-58ec-4352-8ff4-f5bf5053595e 6.413s
2025-11-22 07:00:54.155 66178 INFO tempest.lib.common.rest_client [req-fd3ad7ad-9c74-4b23-8166-da49dea6c915 req-fd3ad7ad-9c74-4b23-8166-da49dea6c915 ] Request (ServerActionsTestOtherA:setUp): 200 GET http://10.180.1.21/compute/v2.1/servers/2ae31916-dae6-41e1-bf1a-02151b4f8156 6.509s
2025-11-22 07:00:54.217 66188 INFO tempest.lib.common.rest_client [req-adf9cfa1-9bd0-482b-8591-646eac4165e3 req-adf9cfa1-9bd0-482b-8591-646eac4165e3 ] Request (ServerPasswordTestJSON:test_delete_server_password): 204 DELETE http://10.180.1.21/compute/v2.1/servers/592fd683-4324-4969-856f-53af28cfc956/os-server-password 6.541s
2025-11-22 07:00:54.223 66182 INFO tempest.lib.common.rest_client [req-d6399af0-86fe-45ab-b448-64817ac5647d req-d6399af0-86fe-45ab-b448-64817ac5647d ] Request (SecurityGroupRulesNegativeTestJSON:test_create_security_group_rule_with_invalid_id): 400 POST http://10.180.1.21/compute/v2.1/os-security-group-rules 6.525s
2025-11-22 07:00:54.257 66178 INFO tempest.lib.common.rest_client [req-d8cb032e-964c-4248-859e-7475e457a38a req-d8cb032e-964c-4248-859e-7475e457a38a ] Request (ServerActionsTestOtherA:test_rebuild_server_in_stop_state): 201 POST http://10.180.1.21/identity/v3/auth/tokens 0.091s
2025-11-22 07:00:54.257 66178 INFO tempest.lib.common.fixed_network [-] (ServerActionsTestOtherA:test_rebuild_server_in_stop_state) Found network {'id': '77e125f0-e188-474a-a637-b5d2225d045b', 'name': 'tempest-ServerActionsTestOtherA-1021220776-network', 'tenant_id': 'bd0fc7ff3ea5492489e118f8fb2f456d', 'project_id': 'bd0fc7ff3ea5492489e118f8fb2f456d', 'admin_state_up': True, 'mtu': 8950, 'status': 'ACTIVE', 'subnets': [], 'shared': False, 'port_security_enabled': True, 'router:external': False, 'provider:network_type': 'vlan', 'provider:physical_network': 'default', 'provider:segmentation_id': 69, 'availability_zone_hints': [], 'availability_zones': [], 'ipv4_address_scope': None, 'ipv6_address_scope': None, 'description': '', 'tags': [], 'created_at': '2025-11-22T06:59:37Z', 'updated_at': '2025-11-22T06:59:37Z', 'revision_number': 1} available for tenant
2025-11-22 07:00:54.292 66170 INFO tempest.lib.common.rest_client [req-bf434ee7-bb0d-4ea7-b5a4-bf8863adad96 req-bf434ee7-bb0d-4ea7-b5a4-bf8863adad96 ] Request (ImagesOneServerNegativeTestJSON:_run_cleanups): 200 GET http://10.180.1.21/compute/v2.1/servers/d1001cbc-5243-4b1b-805a-87bd6c2e0187 6.570s
2025-11-22 07:00:54.684 66206 INFO tempest.lib.common.rest_client [req-9e6a0667-33d3-4254-b063-69574c837971 req-9e6a0667-33d3-4254-b063-69574c837971 ] Request (ServersV294TestFqdnHostnames:setUpClass): 200 PUT http://10.180.1.21/networking/v2.0/routers/af36cff6-9136-4baf-976a-d2efdfdebff1/add_router_interface 1.005s
2025-11-22 07:00:54.684 66206 INFO tempest.lib.common.dynamic_creds [-] Created isolated network resources for: credentials: Credentials: {'domain_id': 'default', 'domain_name': 'Default', 'username': 'tempest-ServersV294TestFqdnHostnames-113142494-project-member', 'project_domain_id': 'default', 'project_domain_name': 'Default', 'project_id': 'b39a9de5df5f46ab9ac86bece666fee1', 'project_name': 'tempest-ServersV294TestFqdnHostnames-113142494', 'tenant_id': 'b39a9de5df5f46ab9ac86bece666fee1', 'tenant_name': 'tempest-ServersV294TestFqdnHostnames-113142494', 'user_domain_id': 'default', 'user_domain_name': 'Default', 'user_id': '7ead6b35ae0048ffab0c21d91626db64', 'system': None}, Network: {'id': '53a993af-f3ac-4d34-9328-b9c6f288951f', 'name': 'tempest-ServersV294TestFqdnHostnames-103300595-network', 'tenant_id': 'b39a9de5df5f46ab9ac86bece666fee1', 'project_id': 'b39a9de5df5f46ab9ac86bece666fee1', 'admin_state_up': True, 'mtu': 8950, 'status': 'ACTIVE', 'subnets': [], 'shared': False, 'port_security_enabled': True, 'router:external': False, 'provider:network_type': 'vlan', 'provider:physical_network': 'default', 'provider:segmentation_id': 385, 'availability_zone_hints': [], 'availability_zones': [], 'ipv4_address_scope': None, 'ipv6_address_scope': None, 'description': '', 'tags': [], 'created_at': '2025-11-22T07:00:52Z', 'updated_at': '2025-11-22T07:00:52Z', 'revision_number': 1}, Subnet: {'id': 'b1d3611a-11fa-4da6-9952-a2a22ea75739', 'name': 'tempest-ServersV294TestFqdnHostnames-103300595-subnet', 'tenant_id': 'b39a9de5df5f46ab9ac86bece666fee1', 'network_id': '53a993af-f3ac-4d34-9328-b9c6f288951f', 'ip_version': 4, 'subnetpool_id': None, 'enable_dhcp': True, 'ipv6_ra_mode': None, 'ipv6_address_mode': None, 'gateway_ip': '192.168.128.1', 'cidr': '192.168.128.0/28', 'allocation_pools': [{'start': '192.168.128.2', 'end': '192.168.128.14'}], 'host_routes': [], 'dns_nameservers': [], 'description': '', 'router:external': False, 'service_types': [], 'tags': [], 'created_at': '2025-11-22T07:00:52Z', 'updated_at': '2025-11-22T07:00:52Z', 'revision_number': 0, 'project_id': 'b39a9de5df5f46ab9ac86bece666fee1'}, Router: {'id': 'af36cff6-9136-4baf-976a-d2efdfdebff1', 'name': 'tempest-ServersV294TestFqdnHostnames-103300595-router', 'tenant_id': 'b39a9de5df5f46ab9ac86bece666fee1', 'admin_state_up': True, 'status': 'ACTIVE', 'external_gateway_info': {'network_id': '9c1cc0f0-ebed-455b-8b07-64068ce2c0af', 'external_fixed_ips': [{'subnet_id': 'b149e916-7896-4e87-95d7-c142b2772e9d', 'ip_address': '10.180.180.238'}], 'enable_snat': True}, 'description': '', 'availability_zones': [], 'distributed': False, 'ha': False, 'availability_zone_hints': [], 'routes': [], 'flavor_id': None, 'tags': [], 'created_at': '2025-11-22T07:00:52Z', 'updated_at': '2025-11-22T07:00:53Z', 'revision_number': 2, 'project_id': 'b39a9de5df5f46ab9ac86bece666fee1'}
2025-11-22 07:00:54.784 66206 INFO tempest.lib.common.rest_client [req-ba2c7674-28b2-439b-b5fb-5022e7576d85 req-ba2c7674-28b2-439b-b5fb-5022e7576d85 ] Request (ServersV294TestFqdnHostnames:setUpClass): 201 POST http://10.180.1.21/identity/v3/auth/tokens 0.092s
2025-11-22 07:00:54.956 66212 INFO tempest.lib.common.rest_client [req-eba3b46f-5aed-4c5d-98e2-13e3abd99b8a req-eba3b46f-5aed-4c5d-98e2-13e3abd99b8a ] Request (SecurityGroupsTestAdminJSON:test_list_security_groups_list_all_tenants_filter): 200 GET http://10.180.1.21/compute/v2.1/os-security-groups?all_tenants=true 11.146s
2025-11-22 07:00:55.190 66198 INFO tempest.lib.common.rest_client [req-230867b4-329e-4641-aa16-109c7eb336ab req-230867b4-329e-4641-aa16-109c7eb336ab ] Request (ServerRescueNegativeTestJSON:_run_cleanups): 200 GET http://10.180.1.21/compute/v2.1/servers/7113b81a-bbf7-4259-a44e-51409c6eec9f 7.097s
2025-11-22 07:00:55.198 66198 INFO tempest.common.waiters [-] State transition "RESCUE/unrescuing" ==> "ACTIVE/None" after 8 second wait
2025-11-22 07:00:55.207 66172 INFO tempest.lib.common.rest_client [req-fd2ea82e-039f-4a65-ad95-a86149d77e0f req-fd2ea82e-039f-4a65-ad95-a86149d77e0f ] Request (ServersAdminNegativeTestJSON:_run_cleanups): 202 DELETE http://10.180.1.21/compute/v2.1/flavors/518344166 7.002s
2025-11-22 07:00:55.270 66184 INFO tempest.lib.common.rest_client [req-68064da7-d619-4c1b-82c5-0a69fe98598a req-68064da7-d619-4c1b-82c5-0a69fe98598a ] Request (ServersListShow298Test:test_list_show_update_rebuild_server_298): 200 GET http://10.180.1.21/compute/v2.1/servers/3a03e8b8-d5e9-418d-adfd-af5aefccc48f 6.989s
2025-11-22 07:00:55.280 66184 INFO tempest.common.waiters [-] State transition "REBUILD/rebuild_spawning" ==> "ACTIVE/None" after 14 second wait
2025-11-22 07:00:55.345 66198 INFO tempest.lib.common.rest_client [req-c4b182a5-2993-4235-8848-a6a891c0f23b req-c4b182a5-2993-4235-8848-a6a891c0f23b ] Request (ServerRescueNegativeTestJSON:test_rescued_vm_detach_volume): 202 POST http://10.180.1.21/volume/v3/volumes 0.145s
2025-11-22 07:00:55.375 66198 INFO tempest.lib.common.rest_client [req-e7ae8ee8-b656-4915-a490-eacffa4f60b1 req-e7ae8ee8-b656-4915-a490-eacffa4f60b1 ] Request (ServerRescueNegativeTestJSON:test_rescued_vm_detach_volume): 200 GET http://10.180.1.21/volume/v3/volumes/937188a1-b171-422e-a44c-ffe8168fa30a 0.024s
2025-11-22 07:00:55.709 66225 WARNING tempest.lib.common.ssh [-] Failed to establish authenticated ssh connection to cirros@10.180.180.168 ([Errno None] Unable to connect to port 22 on 10.180.180.168). Number attempts: 4. Retry after 5 seconds.: paramiko.ssh_exception.NoValidConnectionsError: [Errno None] Unable to connect to port 22 on 10.180.180.168
2025-11-22 07:00:55.721 66200 INFO tempest.lib.common.rest_client [req-1e529991-72f4-4e8d-b8d6-cec3465d6bf7 req-1e529991-72f4-4e8d-b8d6-cec3465d6bf7 ] Request (ServersTestFqdnHostnames:test_create_server_with_fqdn_name): 200 GET http://10.180.1.21/compute/v2.1/servers/8a56050e-3c27-4d61-9059-3c458cb1e114 7.321s
2025-11-22 07:00:55.729 66200 INFO tempest.common.waiters [-] State transition "BUILD/spawning" ==> "ACTIVE/None" after 31 second wait
2025-11-22 07:00:55.794 66186 INFO tempest.lib.common.rest_client [req-861d81ce-8254-41a1-be3b-d6994ece9324 req-861d81ce-8254-41a1-be3b-d6994ece9324 ] Request (FloatingIPsAssociationNegativeTestJSON:tearDownClass): 200 GET http://10.180.1.21/compute/v2.1/servers/9692c645-6ee3-4b5d-aae1-16afe2015361 7.340s
2025-11-22 07:00:55.858 66180 INFO tempest.lib.common.rest_client [req-146539e3-7722-44c6-a16b-f277b73c3f53 req-146539e3-7722-44c6-a16b-f277b73c3f53 ] Request (VolumesAdminNegativeTest:tearDownClass): 200 GET http://10.180.1.21/compute/v2.1/servers/4430c9b6-b4a4-47fd-a580-0ea09ae29054 7.269s
2025-11-22 07:00:55.922 66208 INFO tempest.lib.common.rest_client [req-7a303678-acc5-46a0-8fbb-e9191d55d58a req-7a303678-acc5-46a0-8fbb-e9191d55d58a ] Request (ServersListShow296Test:test_list_show_update_rebuild_server_296): 200 GET http://10.180.1.21/compute/v2.1/servers/5f80cf7f-1ae2-49f9-b0d4-bbaa6f15e3e4 7.082s
2025-11-22 07:00:55.951 66196 INFO tempest.lib.common.rest_client [req-d7b167b7-7bee-48a1-a536-17026553fa40 req-d7b167b7-7bee-48a1-a536-17026553fa40 ] Request (AttachVolumeNegativeTest:test_attach_attached_volume_to_different_server): 200 POST http://10.180.1.21/compute/v2.1/servers/510a68e1-d656-41d5-a25e-d2469223f755/os-volume_attachments 8.058s
2025-11-22 07:00:55.979 66168 INFO tempest.lib.common.rest_client [req-30958028-b563-4b27-a953-f9d29a54436f req-30958028-b563-4b27-a953-f9d29a54436f ] Request (InstanceActionsTestJSON:setUpClass): 200 GET http://10.180.1.21/compute/v2.1/servers/68d0a63b-f7fe-4407-a9b8-c99a6d5c9f0b 7.092s
2025-11-22 07:00:55.990 66196 INFO tempest.lib.common.rest_client [req-5a437115-43cf-4317-bc02-7513a3945cdb req-5a437115-43cf-4317-bc02-7513a3945cdb ] Request (AttachVolumeNegativeTest:test_attach_attached_volume_to_different_server): 200 GET http://10.180.1.21/volume/v3/volumes/48f39b33-21ed-4df7-b636-94d54facc45e 0.036s
2025-11-22 07:00:56.024 66216 INFO tempest.lib.common.rest_client [req-5cb07e62-39cf-46b0-9807-ee4bdaad31aa req-5cb07e62-39cf-46b0-9807-ee4bdaad31aa ] Request (ServerGroupTestJSON:_run_cleanups): 200 GET http://10.180.1.21/compute/v2.1/servers/1eb1bb90-3913-42a4-85ce-75ff38a182b3 7.082s
2025-11-22 07:00:56.032 66216 INFO tempest.common.waiters [-] State transition "ACTIVE/deleting" ==> "DELETED/None" after 9 second wait
2025-11-22 07:00:56.042 66194 INFO tempest.lib.common.rest_client [req-4980dc23-5e0b-4993-b807-538988abef9b req-4980dc23-5e0b-4993-b807-538988abef9b ] Request (ImagesTestJSON:test_create_image_from_suspended_server): 200 GET http://10.180.1.21/compute/v2.1/servers/e2fab20e-c298-4622-b1c3-950036f14362 7.030s
2025-11-22 07:00:56.244 66226 INFO tempest.lib.common.rest_client [req-b64229fd-3127-498c-b776-be4e1cac4fdc req-b64229fd-3127-498c-b776-be4e1cac4fdc ] Request (ListServersNegativeTestJSON:setUpClass): 200 GET http://10.180.1.21/compute/v2.1/servers/9581990f-6ac6-4b1d-aaf6-8608046cad6d 7.163s
2025-11-22 07:00:56.253 66226 INFO tempest.common.waiters [-] State transition "BUILD/None" ==> "BUILD/spawning" after 22 second wait
2025-11-22 07:00:56.267 66192 INFO tempest.lib.common.rest_client [req-172f849d-3d0f-48bb-a90f-ba154e736b80 req-172f849d-3d0f-48bb-a90f-ba154e736b80 ] Request (MigrationsAdminTest:test_resize_server_revert_deleted_flavor): 200 GET http://10.180.1.21/compute/v2.1/servers/e0cc4f23-2127-46b1-8e85-97910d3cc570 6.814s
2025-11-22 07:00:56.274 66192 INFO tempest.common.waiters [-] State transition "BUILD/spawning" ==> "ACTIVE/None" after 33 second wait
2025-11-22 07:00:56.429 66198 INFO tempest.lib.common.rest_client [req-f2977ff1-f8b1-4262-9def-2a465cecaeb2 req-f2977ff1-f8b1-4262-9def-2a465cecaeb2 ] Request (ServerRescueNegativeTestJSON:test_rescued_vm_detach_volume): 200 GET http://10.180.1.21/volume/v3/volumes/937188a1-b171-422e-a44c-ffe8168fa30a 0.040s
2025-11-22 07:00:56.442 66198 INFO tempest.common.waiters [-] volume 937188a1-b171-422e-a44c-ffe8168fa30a reached available after waiting for 1.442447 seconds
2025-11-22 07:00:56.519 66202 INFO tempest.lib.common.rest_client [req-8b92de9a-2243-447c-bf03-7c739c7ed2ff req-8b92de9a-2243-447c-bf03-7c739c7ed2ff ] Request (ServerDiagnosticsV248Test:test_get_server_diagnostics): 202 POST http://10.180.1.21/compute/v2.1/servers 6.597s
2025-11-22 07:00:56.597 66174 INFO tempest.lib.common.rest_client [req-a8753c14-4a8a-46c9-8ec2-b9cb659b7c7d req-a8753c14-4a8a-46c9-8ec2-b9cb659b7c7d ] Request (SecurityGroupsTestJSON:test_security_groups_create_list_delete): 404 GET http://10.180.1.21/compute/v2.1/os-security-groups/e07bf89b-60cd-4595-8bf1-236279148493 2.814s
2025-11-22 07:00:56.603 66190 INFO tempest.lib.common.rest_client [req-a350232a-cd3f-4229-9155-515cbd79e1dd req-a350232a-cd3f-4229-9155-515cbd79e1dd ] Request (FloatingIPsAssociationTestJSON:test_associate_already_associated_floating_ip): 409 POST http://10.180.1.21/compute/v2.1/servers/991d1fc6-219f-46f3-96ca-3fdef146ef9a/action 3.911s
2025-11-22 07:00:56.650 66188 INFO tempest.lib.common.rest_client [req-b86f2ac0-a3ba-4bbc-957c-bc8167ebecbb req-b86f2ac0-a3ba-4bbc-957c-bc8167ebecbb ] Request (ServerPasswordTestJSON:test_get_server_password): 200 GET http://10.180.1.21/compute/v2.1/servers/592fd683-4324-4969-856f-53af28cfc956/os-server-password 2.430s
2025-11-22 07:00:56.747 66182 INFO tempest.lib.common.rest_client [req-64064582-e0f4-403a-bd74-dc85d3e641dd req-64064582-e0f4-403a-bd74-dc85d3e641dd ] Request (SecurityGroupRulesNegativeTestJSON:test_create_security_group_rule_with_invalid_ip_protocol): 200 POST http://10.180.1.21/compute/v2.1/os-security-groups 2.522s
2025-11-22 07:00:56.823 66206 INFO tempest.lib.common.rest_client [req-9bd7540b-033b-4585-a6e2-26cd98efc511 req-9bd7540b-033b-4585-a6e2-26cd98efc511 ] Request (ServersV294TestFqdnHostnames:setUpClass): 201 POST http://10.180.1.21/compute/v2.1/os-keypairs 2.036s
2025-11-22 07:00:56.849 66176 INFO tempest.lib.common.rest_client [req-d5bc99a9-e6b1-475d-89e5-1564970b7a1e req-d5bc99a9-e6b1-475d-89e5-1564970b7a1e ] Request (ListServerFiltersTestJSON:tearDownClass): 404 GET http://10.180.1.21/compute/v2.1/servers/416fa78f-58ec-4352-8ff4-f5bf5053595e 1.888s
2025-11-22 07:00:56.955 66206 INFO tempest.lib.common.rest_client [req-74995fc2-5e61-401d-a84e-879e998cf4f8 req-74995fc2-5e61-401d-a84e-879e998cf4f8 ] Request (ServersV294TestFqdnHostnames:setUpClass): 201 POST http://10.180.1.21/networking/v2.0/security-groups 0.130s
2025-11-22 07:00:57.035 66196 INFO tempest.lib.common.rest_client [req-c00ed36b-d976-42bb-8e78-eaf0df5aa174 req-c00ed36b-d976-42bb-8e78-eaf0df5aa174 ] Request (AttachVolumeNegativeTest:test_attach_attached_volume_to_different_server): 200 GET http://10.180.1.21/volume/v3/volumes/48f39b33-21ed-4df7-b636-94d54facc45e 0.038s
2025-11-22 07:00:57.115 66206 INFO tempest.lib.common.rest_client [req-c8bdf371-9936-466a-90e7-56881f93618d req-c8bdf371-9936-466a-90e7-56881f93618d ] Request (ServersV294TestFqdnHostnames:setUpClass): 201 POST http://10.180.1.21/networking/v2.0/security-group-rules 0.159s
2025-11-22 07:00:57.154 66178 INFO tempest.lib.common.rest_client [req-74fdafe1-8006-4d28-8dbf-445dc51976fa req-74fdafe1-8006-4d28-8dbf-445dc51976fa ] Request (ServerActionsTestOtherA:test_rebuild_server_in_stop_state): 202 POST http://10.180.1.21/compute/v2.1/servers 2.895s
2025-11-22 07:00:57.161 66212 INFO tempest.lib.common.rest_client [req-c8b11646-d489-4aa6-a805-cd3e0bf91a5b req-c8b11646-d489-4aa6-a805-cd3e0bf91a5b ] Request (SecurityGroupsTestAdminJSON:test_list_security_groups_list_all_tenants_filter): 200 GET http://10.180.1.21/compute/v2.1/os-security-groups?all_tenants=true 2.191s
2025-11-22 07:00:57.183 66172 INFO tempest.lib.common.rest_client [req-ebcba553-d0ae-4ac2-9d61-1e973e11c34f req-ebcba553-d0ae-4ac2-9d61-1e973e11c34f ] Request (ServersAdminNegativeTestJSON:_run_cleanups): 200 GET http://10.180.1.21/compute/v2.1/flavors/detail 1.976s
2025-11-22 07:00:57.275 66184 INFO tempest.lib.common.rest_client [req-12db3d95-0a17-442c-aa5b-103d9e32df32 req-12db3d95-0a17-442c-aa5b-103d9e32df32 ] Request (ServersListShow298Test:tearDownClass): 204 DELETE http://10.180.1.21/compute/v2.1/servers/3a03e8b8-d5e9-418d-adfd-af5aefccc48f 1.994s
2025-11-22 07:00:57.278 66206 INFO tempest.lib.common.rest_client [req-31c314c8-0cd6-4a54-8cc6-a9e9e1a72f7c req-31c314c8-0cd6-4a54-8cc6-a9e9e1a72f7c ] Request (ServersV294TestFqdnHostnames:setUpClass): 201 POST http://10.180.1.21/networking/v2.0/security-group-rules 0.162s
2025-11-22 07:00:57.308 66170 INFO tempest.lib.common.rest_client [req-0c75c5d3-3d62-45a3-b4f1-c26d867c107e req-0c75c5d3-3d62-45a3-b4f1-c26d867c107e ] Request (ImagesOneServerNegativeTestJSON:_run_cleanups): 200 GET http://10.180.1.21/compute/v2.1/servers/d1001cbc-5243-4b1b-805a-87bd6c2e0187 2.007s
2025-11-22 07:00:57.428 66200 INFO tempest.lib.common.rest_client [req-ea9925b0-1374-4083-934f-51aeca623f71 req-ea9925b0-1374-4083-934f-51aeca623f71 ] Request (ServersTestFqdnHostnames:test_create_server_with_fqdn_name): 200 GET http://10.180.1.21/compute/v2.1/servers/8a56050e-3c27-4d61-9059-3c458cb1e114/os-interface 1.699s
2025-11-22 07:00:57.473 66198 INFO tempest.lib.common.rest_client [req-ac580a74-4766-46eb-beed-be6d38981f67 req-ac580a74-4766-46eb-beed-be6d38981f67 ] Request (ServerRescueNegativeTestJSON:test_rescued_vm_detach_volume): 200 POST http://10.180.1.21/compute/v2.1/os-keypairs 1.029s
2025-11-22 07:00:57.798 66206 INFO tempest.lib.common.rest_client [req-595c05ad-023d-4b2d-b502-64c98aa3352b req-595c05ad-023d-4b2d-b502-64c98aa3352b ] Request (ServersV294TestFqdnHostnames:setUpClass): 201 POST http://10.180.1.21/networking/v2.0/floatingips 0.519s
2025-11-22 07:00:57.833 66206 INFO tempest.lib.common.rest_client [req-203c7daa-a04f-4557-a040-3018ada4564a req-203c7daa-a04f-4557-a040-3018ada4564a ] Request (ServersV294TestFqdnHostnames:setUpClass): 201 POST http://10.180.1.21/identity/v3/auth/tokens 0.032s
2025-11-22 07:00:57.834 66206 INFO tempest.lib.common.fixed_network [-] (ServersV294TestFqdnHostnames:setUpClass) Found network {'id': '53a993af-f3ac-4d34-9328-b9c6f288951f', 'name': 'tempest-ServersV294TestFqdnHostnames-103300595-network', 'tenant_id': 'b39a9de5df5f46ab9ac86bece666fee1', 'project_id': 'b39a9de5df5f46ab9ac86bece666fee1', 'admin_state_up': True, 'mtu': 8950, 'status': 'ACTIVE', 'subnets': [], 'shared': False, 'port_security_enabled': True, 'router:external': False, 'provider:network_type': 'vlan', 'provider:physical_network': 'default', 'provider:segmentation_id': 385, 'availability_zone_hints': [], 'availability_zones': [], 'ipv4_address_scope': None, 'ipv6_address_scope': None, 'description': '', 'tags': [], 'created_at': '2025-11-22T07:00:52Z', 'updated_at': '2025-11-22T07:00:52Z', 'revision_number': 1} available for tenant
2025-11-22 07:00:57.848 66228 INFO paramiko.transport [-] Connected (version 2.0, client dropbear_2020.81)
2025-11-22 07:00:57.915 66228 INFO paramiko.transport [-] Authentication (publickey) successful!
2025-11-22 07:00:57.915 66228 INFO tempest.lib.common.ssh [-] ssh connection to cirros@10.180.180.157 successfully created
2025-11-22 07:00:57.927 66198 INFO tempest.lib.common.rest_client [req-3bb9525e-a0f7-4b7e-bfb7-bf3d515a8415 req-3bb9525e-a0f7-4b7e-bfb7-bf3d515a8415 ] Request (ServerRescueNegativeTestJSON:test_rescued_vm_detach_volume): 201 POST http://10.180.1.21/networking/v2.0/security-groups 0.451s
2025-11-22 07:00:57.955 66192 INFO tempest.lib.common.rest_client [req-e49ae922-5372-4ec7-aff1-af9724f0d8ae req-e49ae922-5372-4ec7-aff1-af9724f0d8ae ] Request (MigrationsAdminTest:test_resize_server_revert_deleted_flavor): 200 GET http://10.180.1.21/compute/v2.1/servers/e0cc4f23-2127-46b1-8e85-97910d3cc570 1.680s
2025-11-22 07:00:57.975 66202 INFO tempest.lib.common.rest_client [req-d08e7910-9e44-4b13-a02a-bcb0d464c662 req-d08e7910-9e44-4b13-a02a-bcb0d464c662 ] Request (ServerDiagnosticsV248Test:test_get_server_diagnostics): 200 GET http://10.180.1.21/compute/v2.1/servers/02ad8316-fdba-48c9-9f17-d1865c0d18b6 1.454s
2025-11-22 07:00:58.038 66200 INFO tempest.lib.common.rest_client [req-cc9cf7b8-18e6-44c4-bcf5-fc8826875111 req-cc9cf7b8-18e6-44c4-bcf5-fc8826875111 ] Request (ServersTestFqdnHostnames:test_create_server_with_fqdn_name): 200 PUT http://10.180.1.21/networking/v2.0/floatingips/eff3db07-2890-4201-8533-b1a081e14cd3 0.607s
2025-11-22 07:00:58.039 66200 INFO tempest.lib.common.ssh [-] Creating ssh connection to '10.180.180.150:22' as 'cirros' with public key authentication
2025-11-22 07:00:58.083 66198 INFO tempest.lib.common.rest_client [req-7e47551e-4db1-4ba5-9e59-be9d651b3e0c req-7e47551e-4db1-4ba5-9e59-be9d651b3e0c ] Request (ServerRescueNegativeTestJSON:test_rescued_vm_detach_volume): 201 POST http://10.180.1.21/networking/v2.0/security-group-rules 0.155s
2025-11-22 07:00:58.085 66196 INFO tempest.lib.common.rest_client [req-ffa7adc0-2515-45f1-a3ac-c181015abdf3 req-ffa7adc0-2515-45f1-a3ac-c181015abdf3 ] Request (AttachVolumeNegativeTest:test_attach_attached_volume_to_different_server): 200 GET http://10.180.1.21/volume/v3/volumes/48f39b33-21ed-4df7-b636-94d54facc45e 0.038s
2025-11-22 07:00:58.212 66198 INFO tempest.lib.common.rest_client [req-6a5918d0-441d-45c7-b63b-8a3b9b96426e req-6a5918d0-441d-45c7-b63b-8a3b9b96426e ] Request (ServerRescueNegativeTestJSON:test_rescued_vm_detach_volume): 201 POST http://10.180.1.21/networking/v2.0/security-group-rules 0.128s
2025-11-22 07:00:58.238 66174 INFO tempest.lib.common.rest_client [req-987230e9-45db-40ed-94d3-670bd1afc668 req-987230e9-45db-40ed-94d3-670bd1afc668 ] Request (SecurityGroupsTestJSON:test_security_groups_create_list_delete): 200 GET http://10.180.1.21/compute/v2.1/os-security-groups 1.640s
2025-11-22 07:00:58.316 66188 INFO tempest.lib.common.rest_client [req-7874743f-09e0-4f81-bb8c-de4920b760b3 req-7874743f-09e0-4f81-bb8c-de4920b760b3 ] Request (ServerPasswordTestJSON:tearDownClass): 204 DELETE http://10.180.1.21/compute/v2.1/servers/592fd683-4324-4969-856f-53af28cfc956 1.664s
2025-11-22 07:00:58.435 66182 INFO tempest.lib.common.rest_client [req-0c9ad8fd-6f71-4ca9-8fa1-d4dc02bf221e req-0c9ad8fd-6f71-4ca9-8fa1-d4dc02bf221e ] Request (SecurityGroupRulesNegativeTestJSON:test_create_security_group_rule_with_invalid_ip_protocol): 400 POST http://10.180.1.21/compute/v2.1/os-security-group-rules 1.686s
2025-11-22 07:00:58.626 66186 INFO tempest.lib.common.rest_client [req-9347be08-a6f3-4dde-8af5-59235cdc1353 req-9347be08-a6f3-4dde-8af5-59235cdc1353 ] Request (FloatingIPsAssociationNegativeTestJSON:tearDownClass): 200 GET http://10.180.1.21/compute/v2.1/servers/9692c645-6ee3-4b5d-aae1-16afe2015361 1.823s
2025-11-22 07:00:58.698 66198 INFO tempest.lib.common.rest_client [req-c6b2c539-17ac-40f9-9ac0-38232c66ec86 req-c6b2c539-17ac-40f9-9ac0-38232c66ec86 ] Request (ServerRescueNegativeTestJSON:test_rescued_vm_detach_volume): 201 POST http://10.180.1.21/networking/v2.0/floatingips 0.485s
2025-11-22 07:00:58.726 66176 INFO tempest.lib.common.rest_client [req-d03cbd74-a608-4135-9aa2-b5e8226c5ec5 req-d03cbd74-a608-4135-9aa2-b5e8226c5ec5 ] Request (ListServerFiltersTestJSON:tearDownClass): 204 DELETE http://10.180.1.21/compute/v2.1/servers/f2acbd70-0375-426a-b917-c671daa59b53 1.876s
2025-11-22 07:00:58.782 66198 INFO tempest.lib.common.rest_client [req-3dac5c0a-a4cf-435a-994c-368f432179b6 req-3dac5c0a-a4cf-435a-994c-368f432179b6 ] Request (ServerRescueNegativeTestJSON:test_rescued_vm_detach_volume): 201 POST http://10.180.1.21/identity/v3/auth/tokens 0.080s
2025-11-22 07:00:58.783 66198 INFO tempest.lib.common.fixed_network [-] (ServerRescueNegativeTestJSON:test_rescued_vm_detach_volume) Found network {'id': '4a797edc-f551-4059-8ffb-38d7b7783056', 'name': 'tempest-ServerRescueNegativeTestJSON-1412601209-network', 'tenant_id': '6184452a719a41d1b392aefc4ddc75db', 'project_id': '6184452a719a41d1b392aefc4ddc75db', 'admin_state_up': True, 'mtu': 8950, 'status': 'ACTIVE', 'subnets': [], 'shared': False, 'port_security_enabled': True, 'router:external': False, 'provider:network_type': 'vlan', 'provider:physical_network': 'default', 'provider:segmentation_id': 476, 'availability_zone_hints': [], 'availability_zones': [], 'ipv4_address_scope': None, 'ipv6_address_scope': None, 'description': '', 'tags': [], 'created_at': '2025-11-22T06:59:13Z', 'updated_at': '2025-11-22T06:59:13Z', 'revision_number': 1} available for tenant
2025-11-22 07:00:58.842 66180 INFO tempest.lib.common.rest_client [req-c589e5bd-fd5d-4d3b-995b-2b78f6e73b2d req-c589e5bd-fd5d-4d3b-995b-2b78f6e73b2d ] Request (VolumesAdminNegativeTest:tearDownClass): 200 GET http://10.180.1.21/compute/v2.1/servers/4430c9b6-b4a4-47fd-a580-0ea09ae29054 1.975s
2025-11-22 07:00:58.918 66208 INFO tempest.lib.common.rest_client [req-aa69fef6-ebca-4959-b149-43cfb9983d9a req-aa69fef6-ebca-4959-b149-43cfb9983d9a ] Request (ServersListShow296Test:test_list_show_update_rebuild_server_296): 200 GET http://10.180.1.21/compute/v2.1/servers/5f80cf7f-1ae2-49f9-b0d4-bbaa6f15e3e4 1.983s
2025-11-22 07:00:58.970 66168 INFO tempest.lib.common.rest_client [req-b95f4f3e-0f24-4338-ba6c-577181472618 req-b95f4f3e-0f24-4338-ba6c-577181472618 ] Request (InstanceActionsTestJSON:setUpClass): 200 GET http://10.180.1.21/compute/v2.1/servers/68d0a63b-f7fe-4407-a9b8-c99a6d5c9f0b 1.979s
2025-11-22 07:00:59.030 66216 INFO tempest.lib.common.rest_client [req-419af6c3-7ced-4586-b006-2599728a1cd7 req-419af6c3-7ced-4586-b006-2599728a1cd7 ] Request (ServerGroupTestJSON:_run_cleanups): 200 GET http://10.180.1.21/compute/v2.1/servers/1eb1bb90-3913-42a4-85ce-75ff38a182b3 1.997s
2025-11-22 07:00:59.081 66194 INFO tempest.lib.common.rest_client [req-76dd3506-80d1-46cc-a0f3-d0da01c22128 req-76dd3506-80d1-46cc-a0f3-d0da01c22128 ] Request (ImagesTestJSON:test_create_image_from_suspended_server): 200 GET http://10.180.1.21/compute/v2.1/servers/e2fab20e-c298-4622-b1c3-950036f14362 2.028s
2025-11-22 07:00:59.125 66196 INFO tempest.lib.common.rest_client [req-831f9394-cea2-4427-b95c-621a37bf7412 req-831f9394-cea2-4427-b95c-621a37bf7412 ] Request (AttachVolumeNegativeTest:test_attach_attached_volume_to_different_server): 200 GET http://10.180.1.21/volume/v3/volumes/48f39b33-21ed-4df7-b636-94d54facc45e 0.033s
2025-11-22 07:00:59.137 66178 INFO tempest.lib.common.rest_client [req-acfdf038-2f5a-4e89-81fd-f60facbc7119 req-acfdf038-2f5a-4e89-81fd-f60facbc7119 ] Request (ServerActionsTestOtherA:test_rebuild_server_in_stop_state): 200 GET http://10.180.1.21/compute/v2.1/servers/783680df-847f-48c5-987b-02d382d5729c 1.980s
2025-11-22 07:00:59.203 66190 INFO tempest.lib.common.rest_client [req-e5e9f469-4770-4856-a8cd-0199124aa159 req-e5e9f469-4770-4856-a8cd-0199124aa159 ] Request (FloatingIPsAssociationTestJSON:_run_cleanups): 202 POST http://10.180.1.21/compute/v2.1/servers/9962dfae-4075-41c5-99f5-ad96564a5c42/action 2.599s
2025-11-22 07:00:59.250 66212 INFO tempest.lib.common.rest_client [req-b3d73580-729d-4fd7-b0df-8bacf5692d49 req-b3d73580-729d-4fd7-b0df-8bacf5692d49 ] Request (SecurityGroupsTestAdminJSON:_run_cleanups): 202 DELETE http://10.180.1.21/compute/v2.1/os-security-groups/941d6eec-65fb-4faa-894d-4e3db2c31d5e 2.083s
2025-11-22 07:00:59.291 66172 INFO tempest.lib.common.rest_client [req-10a0da53-8baf-4252-9f48-4b71ab89988a req-10a0da53-8baf-4252-9f48-4b71ab89988a ] Request (ServersAdminNegativeTestJSON:test_resize_server_using_overlimit_vcpus): 200 GET http://10.180.1.21/compute/v2.1/os-quota-sets/08665674a35a422bb1e0130478a52b6e 2.097s
2025-11-22 07:00:59.354 66184 INFO tempest.lib.common.rest_client [req-06ad8850-13a5-494c-8f62-2bffb575d610 req-06ad8850-13a5-494c-8f62-2bffb575d610 ] Request (ServersListShow298Test:tearDownClass): 200 GET http://10.180.1.21/compute/v2.1/servers/3a03e8b8-d5e9-418d-adfd-af5aefccc48f 2.079s
2025-11-22 07:00:59.361 66226 INFO tempest.lib.common.rest_client [req-d48cb6a0-44b8-45ef-822c-c8ba883c20ee req-d48cb6a0-44b8-45ef-822c-c8ba883c20ee ] Request (ListServersNegativeTestJSON:setUpClass): 200 GET http://10.180.1.21/compute/v2.1/servers/9581990f-6ac6-4b1d-aaf6-8608046cad6d 2.107s
2025-11-22 07:00:59.458 66228 INFO tempest.lib.common.rest_client [req-42b39e74-dc7a-4af9-8d3c-6d8daa46ea0d req-42b39e74-dc7a-4af9-8d3c-6d8daa46ea0d ] Request (AttachInterfacesTestJSON:test_create_list_show_delete_interfaces_by_fixed_ip): 200 GET http://10.180.1.21/compute/v2.1/servers/ef02007b-844b-47c3-91d7-9a0a17b09fef/os-interface 1.542s
2025-11-22 07:00:59.473 66192 INFO tempest.lib.common.rest_client [req-3ba93644-1c54-417d-ac87-949c858a651b req-3ba93644-1c54-417d-ac87-949c858a651b ] Request (MigrationsAdminTest:test_resize_server_revert_deleted_flavor): 202 DELETE http://10.180.1.21/compute/v2.1/flavors/ae0ab21c-bdc9-48fc-b592-f0630bf71ec1 1.509s
2025-11-22 07:00:59.674 66174 INFO tempest.lib.common.rest_client [req-4483c3b8-9ba7-4e9b-b943-c24f25df34fa req-4483c3b8-9ba7-4e9b-b943-c24f25df34fa ] Request (SecurityGroupsTestJSON:test_server_security_groups): 200 POST http://10.180.1.21/compute/v2.1/os-security-groups 1.432s
2025-11-22 07:00:59.908 66188 INFO tempest.lib.common.rest_client [req-c59a1670-dea0-4a13-b25c-b085f166e1df req-c59a1670-dea0-4a13-b25c-b085f166e1df ] Request (ServerPasswordTestJSON:tearDownClass): 200 GET http://10.180.1.21/compute/v2.1/servers/592fd683-4324-4969-856f-53af28cfc956 1.591s
2025-11-22 07:00:59.941 66206 INFO tempest.lib.common.rest_client [req-4a792e8c-d013-4a85-b15c-b635d35e064a req-4a792e8c-d013-4a85-b15c-b635d35e064a ] Request (ServersV294TestFqdnHostnames:setUpClass): 202 POST http://10.180.1.21/compute/v2.1/servers 2.106s
2025-11-22 07:01:00.100 66182 INFO tempest.lib.common.rest_client [req-caac0835-f8f8-4b0e-8d9e-fe3eaca6c07f req-caac0835-f8f8-4b0e-8d9e-fe3eaca6c07f ] Request (SecurityGroupRulesNegativeTestJSON:test_create_security_group_rule_with_invalid_port_range): 200 POST http://10.180.1.21/compute/v2.1/os-security-groups 1.662s
2025-11-22 07:01:00.132 66170 INFO tempest.lib.common.rest_client [req-e568159a-bd16-453d-8ecf-4638f4f0763d req-e568159a-bd16-453d-8ecf-4638f4f0763d ] Request (ImagesOneServerNegativeTestJSON:_run_cleanups): 200 GET http://10.180.1.21/compute/v2.1/servers/d1001cbc-5243-4b1b-805a-87bd6c2e0187 1.814s
2025-11-22 07:01:00.145 66170 INFO tempest.common.waiters [-] State transition "BUILD/None" ==> "BUILD/block_device_mapping" after 25 second wait
2025-11-22 07:01:00.184 66196 INFO tempest.lib.common.rest_client [req-77d41214-9cd8-4f05-9116-9b57d59642f2 req-77d41214-9cd8-4f05-9116-9b57d59642f2 ] Request (AttachVolumeNegativeTest:test_attach_attached_volume_to_different_server): 200 GET http://10.180.1.21/volume/v3/volumes/48f39b33-21ed-4df7-b636-94d54facc45e 0.050s
2025-11-22 07:01:00.387 66176 INFO tempest.lib.common.rest_client [req-b4b3000c-4dab-484c-ab3c-70b4bb415619 req-b4b3000c-4dab-484c-ab3c-70b4bb415619 ] Request (ListServerFiltersTestJSON:tearDownClass): 200 GET http://10.180.1.21/compute/v2.1/servers/f2acbd70-0375-426a-b917-c671daa59b53 1.660s
2025-11-22 07:01:00.572 66202 INFO tempest.lib.common.rest_client [req-457dca32-5989-4e6f-b00a-27b5e84fba9b req-457dca32-5989-4e6f-b00a-27b5e84fba9b ] Request (ServerDiagnosticsV248Test:test_get_server_diagnostics): 200 GET http://10.180.1.21/compute/v2.1/servers/02ad8316-fdba-48c9-9f17-d1865c0d18b6 1.586s
2025-11-22 07:01:00.580 66202 INFO tempest.common.waiters [-] State transition "BUILD/scheduling" ==> "BUILD/None" after 3 second wait
2025-11-22 07:01:00.673 66190 INFO tempest.lib.common.rest_client [req-a8fed8c0-949f-40d6-b5c1-193bdf9fa05f req-a8fed8c0-949f-40d6-b5c1-193bdf9fa05f ] Request (FloatingIPsAssociationTestJSON:_run_cleanups): 204 DELETE http://10.180.1.21/compute/v2.1/servers/9962dfae-4075-41c5-99f5-ad96564a5c42 1.469s
2025-11-22 07:01:00.966 66212 INFO tempest.lib.common.rest_client [req-c0838d74-49b4-4bf4-a46a-ab85da4cd9a6 req-c0838d74-49b4-4bf4-a46a-ab85da4cd9a6 ] Request (SecurityGroupsTestAdminJSON:_run_cleanups): 202 DELETE http://10.180.1.21/compute/v2.1/os-security-groups/6a6cded0-60a9-45c4-a5e7-d88dc7a26496 1.715s
2025-11-22 07:01:00.985 66172 INFO tempest.lib.common.rest_client [req-a552afc6-8986-46ee-920a-0b1f43147754 req-a552afc6-8986-46ee-920a-0b1f43147754 ] Request (ServersAdminNegativeTestJSON:test_resize_server_using_overlimit_vcpus): 200 POST http://10.180.1.21/compute/v2.1/flavors 1.692s
2025-11-22 07:01:01.115 66198 INFO tempest.lib.common.rest_client [req-9c4259b8-1f08-4b0b-8e43-e8db1ab202d0 req-9c4259b8-1f08-4b0b-8e43-e8db1ab202d0 ] Request (ServerRescueNegativeTestJSON:test_rescued_vm_detach_volume): 202 POST http://10.180.1.21/compute/v2.1/servers 2.331s
2025-11-22 07:01:01.144 66192 INFO tempest.lib.common.rest_client [req-67b69928-641f-4db8-a345-8344e3b685c8 req-67b69928-641f-4db8-a345-8344e3b685c8 ] Request (MigrationsAdminTest:test_resize_server_revert_deleted_flavor): 200 GET http://10.180.1.21/compute/v2.1/flavors/detail 1.671s
2025-11-22 07:01:01.182 66228 INFO tempest.lib.common.rest_client [req-5e488f75-1870-427d-b388-3aa018d19e45 req-5e488f75-1870-427d-b388-3aa018d19e45 ] Request (AttachInterfacesTestJSON:test_create_list_show_delete_interfaces_by_fixed_ip): 200 GET http://10.180.1.21/compute/v2.1/servers/ef02007b-844b-47c3-91d7-9a0a17b09fef/os-interface/0258bd38-fdec-4c60-b51d-24215489f79f 1.722s
2025-11-22 07:01:01.232 66196 INFO tempest.lib.common.rest_client [req-641fbe1c-261d-487c-91ce-6408260feb79 req-641fbe1c-261d-487c-91ce-6408260feb79 ] Request (AttachVolumeNegativeTest:test_attach_attached_volume_to_different_server): 200 GET http://10.180.1.21/volume/v3/volumes/48f39b33-21ed-4df7-b636-94d54facc45e 0.039s
2025-11-22 07:01:01.405 66218 WARNING tempest.lib.common.ssh [-] Failed to establish authenticated ssh connection to cirros@10.180.180.167 ([Errno None] Unable to connect to port 22 on 10.180.180.167). Number attempts: 10. Retry after 11 seconds.: paramiko.ssh_exception.NoValidConnectionsError: [Errno None] Unable to connect to port 22 on 10.180.180.167
2025-11-22 07:01:01.663 66174 INFO tempest.lib.common.rest_client [req-cd3ba448-ef7a-4389-8295-8e24f050624a req-cd3ba448-ef7a-4389-8295-8e24f050624a ] Request (SecurityGroupsTestJSON:test_server_security_groups): 200 POST http://10.180.1.21/compute/v2.1/os-security-groups 1.986s
2025-11-22 07:01:01.666 66228 INFO tempest.lib.common.rest_client [req-6ee769b8-558c-4924-80ba-9c0ed641a32f req-6ee769b8-558c-4924-80ba-9c0ed641a32f ] Request (AttachInterfacesTestJSON:test_create_list_show_delete_interfaces_by_fixed_ip): 200 GET http://10.180.1.21/networking/v2.0/ports?network_id=9645ad19-0d30-485f-a127-359b446a3f0d 0.482s
2025-11-22 07:01:01.692 66186 INFO tempest.lib.common.rest_client [req-8b397a63-2fc7-4ffe-8ee8-1de388e57ad4 req-8b397a63-2fc7-4ffe-8ee8-1de388e57ad4 ] Request (FloatingIPsAssociationNegativeTestJSON:tearDownClass): 200 GET http://10.180.1.21/compute/v2.1/servers/9692c645-6ee3-4b5d-aae1-16afe2015361 2.058s
2025-11-22 07:01:01.744 66228 INFO tempest.lib.common.rest_client [req-19cc517a-8010-41e5-8ecb-2d85696aef78 req-19cc517a-8010-41e5-8ecb-2d85696aef78 ] Request (AttachInterfacesTestJSON:test_create_list_show_delete_interfaces_by_fixed_ip): 200 GET http://10.180.1.21/networking/v2.0/subnets/06404870-1b8d-40ce-ad67-4d21ecfc8076 0.078s
2025-11-22 07:01:01.770 66180 INFO tempest.lib.common.rest_client [req-038218ab-0e19-485e-a438-b7a28e490385 req-038218ab-0e19-485e-a438-b7a28e490385 ] Request (VolumesAdminNegativeTest:tearDownClass): 200 GET http://10.180.1.21/compute/v2.1/servers/4430c9b6-b4a4-47fd-a580-0ea09ae29054 1.921s
2025-11-22 07:01:01.795 66174 INFO tempest.lib.common.rest_client [req-234d8ab6-09a1-48d4-adb9-f379617a680c req-234d8ab6-09a1-48d4-adb9-f379617a680c ] Request (SecurityGroupsTestJSON:test_server_security_groups): 201 POST http://10.180.1.21/identity/v3/auth/tokens 0.124s
2025-11-22 07:01:01.795 66174 INFO tempest.lib.common.fixed_network [-] (SecurityGroupsTestJSON:test_server_security_groups) Found network {'id': 'f304a1f6-45aa-4c63-beab-c71c292ab90d', 'name': 'tempest-SecurityGroupsTestJSON-56587596-network', 'tenant_id': '7aed3f67bd7e44788f01a8cc8b24e0d7', 'project_id': '7aed3f67bd7e44788f01a8cc8b24e0d7', 'admin_state_up': True, 'mtu': 8950, 'status': 'ACTIVE', 'subnets': [], 'shared': False, 'port_security_enabled': True, 'router:external': False, 'provider:network_type': 'vlan', 'provider:physical_network': 'default', 'provider:segmentation_id': 151, 'availability_zone_hints': [], 'availability_zones': [], 'ipv4_address_scope': None, 'ipv6_address_scope': None, 'description': '', 'tags': [], 'created_at': '2025-11-22T06:59:20Z', 'updated_at': '2025-11-22T06:59:20Z', 'revision_number': 1} available for tenant
2025-11-22 07:01:01.799 66208 INFO tempest.lib.common.rest_client [req-f9ccd720-2199-424d-bc2c-8598610d847d req-f9ccd720-2199-424d-bc2c-8598610d847d ] Request (ServersListShow296Test:test_list_show_update_rebuild_server_296): 200 GET http://10.180.1.21/compute/v2.1/servers/5f80cf7f-1ae2-49f9-b0d4-bbaa6f15e3e4 1.870s
2025-11-22 07:01:01.858 66206 INFO tempest.lib.common.rest_client [req-c426c3a2-8cc6-499a-b719-875080451d53 req-c426c3a2-8cc6-499a-b719-875080451d53 ] Request (ServersV294TestFqdnHostnames:setUpClass): 200 GET http://10.180.1.21/compute/v2.1/servers/238f3ba7-b41d-4e18-9bfd-9c4be89f91ab 1.914s
2025-11-22 07:01:01.864 66168 INFO tempest.lib.common.rest_client [req-1ed3230e-fdb9-483f-b943-8d61b77db299 req-1ed3230e-fdb9-483f-b943-8d61b77db299 ] Request (InstanceActionsTestJSON:setUpClass): 200 GET http://10.180.1.21/compute/v2.1/servers/68d0a63b-f7fe-4407-a9b8-c99a6d5c9f0b 1.882s
2025-11-22 07:01:01.959 66216 INFO tempest.lib.common.rest_client [req-14c1b54e-4da5-4fb1-a63f-54ec956c9488 req-14c1b54e-4da5-4fb1-a63f-54ec956c9488 ] Request (ServerGroupTestJSON:_run_cleanups): 200 GET http://10.180.1.21/compute/v2.1/servers/1eb1bb90-3913-42a4-85ce-75ff38a182b3 1.919s
2025-11-22 07:01:01.974 66194 INFO tempest.lib.common.rest_client [req-9e7d9625-7111-4b4a-9690-b2f2fd0928e6 req-9e7d9625-7111-4b4a-9690-b2f2fd0928e6 ] Request (ImagesTestJSON:test_create_image_from_suspended_server): 200 GET http://10.180.1.21/compute/v2.1/servers/e2fab20e-c298-4622-b1c3-950036f14362 1.884s
2025-11-22 07:01:02.040 66182 INFO tempest.lib.common.rest_client [req-f8789f55-a492-4e77-9697-8bcd1ee21e5a req-f8789f55-a492-4e77-9697-8bcd1ee21e5a ] Request (SecurityGroupRulesNegativeTestJSON:test_create_security_group_rule_with_invalid_port_range): 400 POST http://10.180.1.21/compute/v2.1/os-security-group-rules 1.935s
2025-11-22 07:01:02.096 66178 INFO tempest.lib.common.rest_client [req-c4273857-efbe-4757-b09c-08a2bf50c842 req-c4273857-efbe-4757-b09c-08a2bf50c842 ] Request (ServerActionsTestOtherA:test_rebuild_server_in_stop_state): 200 GET http://10.180.1.21/compute/v2.1/servers/783680df-847f-48c5-987b-02d382d5729c 1.950s
