2025-11-22 06:58:55.325 66208 INFO tempest.lib.common.rest_client [req-9c3e1af0-df4d-4b07-9cad-d2b0af1c68b6 req-9c3e1af0-df4d-4b07-9cad-d2b0af1c68b6 ] Request (ServerTagsTestJSON:setUpClass): 201 POST http://10.180.1.21/identity/v3/auth/tokens 0.087s
2025-11-22 06:58:55.363 66208 INFO tempest.lib.common.rest_client [req-ccdee06f-868f-4eca-a1ac-a1244e7b73a2 req-ccdee06f-868f-4eca-a1ac-a1244e7b73a2 ] Request (ServerTagsTestJSON:setUpClass): 201 POST http://10.180.1.21/identity/v3/auth/tokens 0.034s
2025-11-22 06:58:55.363 66208 INFO tempest.lib.common.fixed_network [-] (ServerTagsTestJSON:setUpClass) Found network {'id': 'eebb0e71-34c0-4427-909d-54e59bc70c77', 'name': 'tempest-ServerTagsTestJSON-2080839599-network', 'tenant_id': 'd063d5fd88f74817a3dc13decda73088', 'project_id': 'd063d5fd88f74817a3dc13decda73088', 'admin_state_up': True, 'mtu': 8950, 'status': 'ACTIVE', 'subnets': [], 'shared': False, 'port_security_enabled': True, 'router:external': False, 'provider:network_type': 'vlan', 'provider:physical_network': 'default', 'provider:segmentation_id': 778, 'availability_zone_hints': [], 'availability_zones': [], 'ipv4_address_scope': None, 'ipv6_address_scope': None, 'description': '', 'tags': [], 'created_at': '2025-11-22T06:58:52Z', 'updated_at': '2025-11-22T06:58:52Z', 'revision_number': 1} available for tenant
2025-11-22 06:58:55.370 66202 INFO tempest.lib.common.rest_client [req-ad5d6f1e-7fb0-49b9-ba53-53d3db65e3af req-ad5d6f1e-7fb0-49b9-ba53-53d3db65e3af ] Request (VolumesAssistedSnapshotsTest:test_volume_assisted_snapshot_create_delete): 200 GET http://10.180.1.21/compute/v2.1/servers/4f5c4da9-8ea6-440d-9f9a-4dd2f0b0b509 4.940s
2025-11-22 06:58:55.381 66202 INFO tempest.common.waiters [-] State transition "BUILD/None" ==> "BUILD/networking" after 17 second wait
2025-11-22 06:58:55.383 66172 INFO tempest.lib.common.rest_client [req-99efd9f9-2ca7-4670-a0a0-553e83c2e37d req-99efd9f9-2ca7-4670-a0a0-553e83c2e37d ] Request (QuotasSecurityGroupAdminNegativeTest:tearDownClass): 200 GET http://10.180.1.21/networking/v2.0/security-groups?tenant_id=c09a21178c2742f491723abcd01860e1&name=default 0.613s
2025-11-22 06:58:55.424 66182 INFO tempest.lib.common.rest_client [req-912a96da-e3b9-423d-922f-96146ed28323 req-912a96da-e3b9-423d-922f-96146ed28323 ] Request (ImagesOneServerTestJSON:setUpClass): 200 GET http://10.180.1.21/compute/v2.1/servers/e18b7178-633c-4914-b523-fc941801b601 5.004s
2025-11-22 06:58:55.432 66182 INFO tempest.common.waiters [-] State transition "BUILD/spawning" ==> "ACTIVE/None" after 34 second wait
2025-11-22 06:58:55.470 66206 INFO tempest.lib.common.rest_client [req-4a2b9668-0f60-433f-a0ef-3d02e5d39edb req-4a2b9668-0f60-433f-a0ef-3d02e5d39edb ] Request (ServersTestManualDisk:setUpClass): 200 GET http://10.180.1.21/compute/v2.1/servers/3987d331-f3b1-416d-a331-3851f84caf30 4.946s
2025-11-22 06:58:55.526 66172 INFO tempest.lib.common.rest_client [req-ea7fd5c5-1be8-4d82-9464-61f8e4637f94 req-ea7fd5c5-1be8-4d82-9464-61f8e4637f94 ] Request (QuotasSecurityGroupAdminNegativeTest:tearDownClass): 204 DELETE http://10.180.1.21/networking/v2.0/security-groups/17c77d41-10d8-44c6-ad5f-37bf1c32bcac 0.142s
2025-11-22 06:58:55.586 66184 INFO tempest.lib.common.rest_client [req-ec50c07e-4b49-4798-a50d-5a36e46867f1 req-ec50c07e-4b49-4798-a50d-5a36e46867f1 ] Request (ServersAdmin275Test:test_rebuild_update_server_275): 200 GET http://10.180.1.21/compute/v2.1/servers/a9826888-0592-4fa1-b9ba-20c756f2c8cc 4.683s
2025-11-22 06:58:55.598 66184 INFO tempest.common.waiters [-] State transition "REBUILD/rebuild_spawning" ==> "ACTIVE/None" after 13 second wait
2025-11-22 06:58:55.649 66172 INFO tempest.lib.common.rest_client [req-f08ace86-fb42-4dd5-8f5c-8c2589e7735a req-f08ace86-fb42-4dd5-8f5c-8c2589e7735a ] Request (QuotasSecurityGroupAdminNegativeTest:tearDownClass): 204 DELETE http://10.180.1.21/identity/v3/projects/c09a21178c2742f491723abcd01860e1 0.122s
2025-11-22 06:58:55.694 66226 INFO tempest.lib.common.rest_client [req-c8c73edf-43ed-4a07-ac04-f30d39620e0a req-c8c73edf-43ed-4a07-ac04-f30d39620e0a ] Request (QuotasAdminTestJSON:test_update_all_quota_resources_for_tenant): 200 PUT http://10.180.1.21/compute/v2.1/os-quota-sets/7e751560db97499d80f20f00550415d3 5.111s
2025-11-22 06:58:55.729 66172 INFO tempest.lib.common.rest_client [req-ee4edae4-158f-4739-812a-a5d75c9c37c7 req-ee4edae4-158f-4739-812a-a5d75c9c37c7 ] Request (ServersAdminNegativeTestJSON:setUpClass): 201 POST http://10.180.1.21/identity/v3/auth/tokens 0.078s
2025-11-22 06:58:55.749 66192 INFO tempest.lib.common.rest_client [req-aaa8594b-67fa-410e-9f86-429006e3c43d req-aaa8594b-67fa-410e-9f86-429006e3c43d ] Request (MigrationsAdminTest:test_list_migrations_in_flavor_resize_situation): 200 GET http://10.180.1.21/compute/v2.1/servers/5d6ac74a-8fdd-4e7a-8801-f7f852de0e61 4.458s
2025-11-22 06:58:55.759 66192 INFO tempest.common.waiters [-] State transition "BUILD/spawning" ==> "ACTIVE/None" after 31 second wait
2025-11-22 06:58:55.767 66172 INFO tempest.lib.common.rest_client [req-d690490e-27f1-4bb0-8881-d07e814215fc req-d690490e-27f1-4bb0-8881-d07e814215fc ] Request (ServersAdminNegativeTestJSON:setUpClass): 201 POST http://10.180.1.21/identity/v3/auth/tokens 0.034s
2025-11-22 06:58:55.800 66188 INFO tempest.lib.common.rest_client [req-78524feb-ea9f-4a38-981d-ff744e3dedba req-78524feb-ea9f-4a38-981d-ff744e3dedba ] Request (ImagesNegativeTestJSON:test_create_image_from_deleted_server): 200 GET http://10.180.1.21/compute/v2.1/servers/5d79020b-6b19-4c75-8069-40771339bf44 4.479s
2025-11-22 06:58:55.809 66172 INFO tempest.lib.common.rest_client [req-a43a5b7c-f001-47a7-aa7d-5e478d051972 req-a43a5b7c-f001-47a7-aa7d-5e478d051972 ] Request (ServersAdminNegativeTestJSON:setUpClass): 200 GET http://10.180.1.21/identity/v3/domains?name=Default 0.040s
2025-11-22 06:58:55.840 66172 INFO tempest.lib.common.rest_client [req-8976ff0c-cf3d-4a0d-b6cd-e52276aa23f8 req-8976ff0c-cf3d-4a0d-b6cd-e52276aa23f8 ] Request (ServersAdminNegativeTestJSON:setUpClass): 201 POST http://10.180.1.21/identity/v3/projects 0.031s
2025-11-22 06:58:55.883 66190 INFO tempest.lib.common.rest_client [req-1b6bedb2-6633-4417-a827-e400c0dd085f req-1b6bedb2-6633-4417-a827-e400c0dd085f ] Request (ServerDiagnosticsTest:tearDownClass): 200 GET http://10.180.1.21/compute/v2.1/servers/5c6835bd-c583-467c-9f71-748ae6cc5765 3.828s
2025-11-22 06:58:55.946 66172 INFO tempest.lib.common.rest_client [req-09386951-a275-49d1-bcc4-c386c9c5b6bc req-09386951-a275-49d1-bcc4-c386c9c5b6bc ] Request (ServersAdminNegativeTestJSON:setUpClass): 201 POST http://10.180.1.21/identity/v3/users 0.105s
2025-11-22 06:58:55.971 66174 INFO tempest.lib.common.rest_client [req-00654e40-4daa-4b76-b53f-b27c26e6d1bc req-00654e40-4daa-4b76-b53f-b27c26e6d1bc ] Request (ServerDiagnosticsNegativeTest:tearDownClass): 200 GET http://10.180.1.21/compute/v2.1/servers/103c2c03-d16b-4f39-81bb-60098e49c560 3.771s
2025-11-22 06:58:55.984 66172 INFO tempest.lib.common.rest_client [req-1624b283-8fe4-45d4-a5bb-86ea65d0b733 req-1624b283-8fe4-45d4-a5bb-86ea65d0b733 ] Request (ServersAdminNegativeTestJSON:setUpClass): 200 GET http://10.180.1.21/identity/v3/roles 0.037s
2025-11-22 06:58:56.000 66196 INFO tempest.lib.common.rest_client [req-c907c46f-8af2-49c9-90cc-ecc2a5cea1c7 req-c907c46f-8af2-49c9-90cc-ecc2a5cea1c7 ] Request (ServicesAdminNegativeV253TestJSON:test_get_service_with_valid_service_and_invalid_host): 200 GET http://10.180.1.21/compute/v2.1/os-services 3.771s
2025-11-22 06:58:56.033 66172 INFO tempest.lib.common.rest_client [req-33052fa6-c8b5-4214-b86a-1d9d7a23e270 req-33052fa6-c8b5-4214-b86a-1d9d7a23e270 ] Request (ServersAdminNegativeTestJSON:setUpClass): 204 PUT http://10.180.1.21/identity/v3/projects/1788fa6a25984c4987dff344b8db8753/users/23e7406b3a1a4426a8a849150da0f697/roles/3e9d1dc623cc4ea8b5897aafda021c34 0.049s
2025-11-22 06:58:56.034 66172 INFO tempest.lib.common.dynamic_creds [-] Dynamic test user 23e7406b3a1a4426a8a849150da0f697 is created with scope project and roles: ['member']
2025-11-22 06:58:56.034 66172 INFO tempest.lib.common.dynamic_creds [-] Acquired dynamic creds: credentials: Credentials: {'domain_id': 'default', 'domain_name': 'Default', 'username': 'tempest-ServersAdminNegativeTestJSON-2136845086-project-member', 'project_domain_id': 'default', 'project_domain_name': 'Default', 'project_id': '1788fa6a25984c4987dff344b8db8753', 'project_name': 'tempest-ServersAdminNegativeTestJSON-2136845086', 'tenant_id': '1788fa6a25984c4987dff344b8db8753', 'tenant_name': 'tempest-ServersAdminNegativeTestJSON-2136845086', 'user_domain_id': 'default', 'user_domain_name': 'Default', 'user_id': '23e7406b3a1a4426a8a849150da0f697', 'system': None}, Network: None, Subnet: None, Router: None
2025-11-22 06:58:56.034 66172 INFO tempest.lib.common.dynamic_creds [-] Created isolated network resources for: credentials: Credentials: {'domain_id': 'default', 'domain_name': 'Default', 'username': 'tempest-ServersAdminNegativeTestJSON-2136845086-project-member', 'project_domain_id': 'default', 'project_domain_name': 'Default', 'project_id': '1788fa6a25984c4987dff344b8db8753', 'project_name': 'tempest-ServersAdminNegativeTestJSON-2136845086', 'tenant_id': '1788fa6a25984c4987dff344b8db8753', 'tenant_name': 'tempest-ServersAdminNegativeTestJSON-2136845086', 'user_domain_id': 'default', 'user_domain_name': 'Default', 'user_id': '23e7406b3a1a4426a8a849150da0f697', 'system': None}, Network: None, Subnet: None, Router: None
2025-11-22 06:58:56.051 66225 INFO tempest.lib.common.rest_client [req-80bc01b1-f1c5-4871-b0f2-6d76399e549f req-80bc01b1-f1c5-4871-b0f2-6d76399e549f ] Request (ImagesMetadataTestJSON:test_set_image_metadata): 200 GET http://10.180.1.21/compute/v2.1/images/54acb2a0-6b44-45de-82bc-4a5127d421be/metadata 3.517s
2025-11-22 06:58:56.148 66172 INFO tempest.lib.common.rest_client [req-f37bc7bb-59a9-490a-a490-e029274e3b96 req-f37bc7bb-59a9-490a-a490-e029274e3b96 ] Request (ServersAdminNegativeTestJSON:setUpClass): 201 POST http://10.180.1.21/identity/v3/auth/tokens 0.107s
2025-11-22 06:58:56.199 66216 INFO tempest.lib.common.rest_client [req-367801c3-6938-444a-96ca-8c75d899f367 req-367801c3-6938-444a-96ca-8c75d899f367 ] Request (ServerAddressesTestJSON:tearDownClass): 204 DELETE http://10.180.1.21/compute/v2.1/servers/5ecf9711-c96d-4b33-96b2-d9c9660440f8 3.620s
2025-11-22 06:58:56.233 66172 INFO tempest.lib.common.rest_client [req-8891219d-797e-4568-ad0e-fb64e1e5b4aa req-8891219d-797e-4568-ad0e-fb64e1e5b4aa ] Request (ServersAdminNegativeTestJSON:setUpClass): 201 POST http://10.180.1.21/identity/v3/projects 0.084s
2025-11-22 06:58:56.286 66194 INFO tempest.lib.common.rest_client [req-5c1dd6b9-3643-4509-85fe-e187db1154c1 req-5c1dd6b9-3643-4509-85fe-e187db1154c1 ] Request (FloatingIPDetailsTestJSON:_run_cleanups): 202 DELETE http://10.180.1.21/compute/v2.1/os-floating-ips/b178a4f0-dd6f-4b40-8656-a9b25898998a 4.326s
2025-11-22 06:58:56.305 66221 INFO tempest.lib.common.rest_client [req-2d18e9a7-02c2-41d8-b280-ea23eb37751d req-2d18e9a7-02c2-41d8-b280-ea23eb37751d ] Request (InstanceActionsNegativeTestJSON:tearDownClass): 204 DELETE http://10.180.1.21/compute/v2.1/servers/966ffaa5-f4c8-4acd-b6c8-9f1949f8aea6 3.719s
2025-11-22 06:58:56.318 66168 INFO tempest.lib.common.rest_client [req-1db5dd11-daad-4477-adba-05826b4fd914 req-1db5dd11-daad-4477-adba-05826b4fd914 ] Request (FlavorsAdminTestJSON:_run_cleanups): 200 GET http://10.180.1.21/compute/v2.1/flavors/detail 3.711s
2025-11-22 06:58:56.323 66172 INFO tempest.lib.common.rest_client [req-d80906c1-0304-45de-917e-7a041d7daae5 req-d80906c1-0304-45de-917e-7a041d7daae5 ] Request (ServersAdminNegativeTestJSON:setUpClass): 201 POST http://10.180.1.21/identity/v3/users 0.089s
2025-11-22 06:58:56.329 66214 INFO tempest.lib.common.rest_client [req-5bf01bf6-d5bb-4531-a2f8-a50503563638 req-5bf01bf6-d5bb-4531-a2f8-a50503563638 ] Request (FlavorsExtraSpecsTestJSON:test_flavor_set_get_update_show_unset_keys): 200 DELETE http://10.180.1.21/compute/v2.1/flavors/1315744646/os-extra_specs/hw:numa_nodes 3.705s
2025-11-22 06:58:56.336 66200 INFO tempest.lib.common.rest_client [req-7d18bd94-5d8f-4ab8-a936-0afa145f81d6 req-7d18bd94-5d8f-4ab8-a936-0afa145f81d6 ] Request (AggregatesAdminNegativeTestJSON:test_aggregate_create_aggregate_name_length_exceeds_255): 400 POST http://10.180.1.21/compute/v2.1/os-aggregates 3.661s
2025-11-22 06:58:56.352 66172 INFO tempest.lib.common.rest_client [req-6220e607-003d-40d5-84a7-4cb2ccf4d918 req-6220e607-003d-40d5-84a7-4cb2ccf4d918 ] Request (ServersAdminNegativeTestJSON:setUpClass): 200 GET http://10.180.1.21/identity/v3/roles 0.029s
2025-11-22 06:58:56.457 66178 INFO tempest.lib.common.rest_client [req-cfe18c5c-d626-440a-90b5-7bbb263e8fd9 req-cfe18c5c-d626-440a-90b5-7bbb263e8fd9 ] Request (FlavorsAccessNegativeTestJSON:test_flavor_non_admin_add): 403 POST http://10.180.1.21/compute/v2.1/flavors/167801264/action 3.810s
2025-11-22 06:58:56.486 66172 INFO tempest.lib.common.rest_client [req-5f4a518e-4612-4d8d-b3cf-3c9564ee1724 req-5f4a518e-4612-4d8d-b3cf-3c9564ee1724 ] Request (ServersAdminNegativeTestJSON:setUpClass): 204 PUT http://10.180.1.21/identity/v3/projects/08665674a35a422bb1e0130478a52b6e/users/d6276f731c0d49b89dc3cd0cffe88f0c/roles/472a407b81684449858703ffca627cc2 0.133s
2025-11-22 06:58:56.514 66204 INFO tempest.lib.common.rest_client [req-99f5d2f7-b2fb-4a62-b034-0793eb8edfa7 req-99f5d2f7-b2fb-4a62-b034-0793eb8edfa7 ] Request (ListImagesTestJSON:test_get_image): 200 GET http://10.180.1.21/compute/v2.1/images/c28be5dd-6c2c-40fe-9f16-6b182ac527c4 3.668s
2025-11-22 06:58:56.526 66218 INFO tempest.lib.common.rest_client [req-8e870a55-8dce-4482-ab69-b3ecc3f4aafc req-8e870a55-8dce-4482-ab69-b3ecc3f4aafc ] Request (ServersWithSpecificFlavorTestJSON:test_verify_created_server_ephemeral_disk): 200 GET http://10.180.1.21/compute/v2.1/servers/54de1cd5-b4f3-495c-9fee-8e509f59e892 3.441s
2025-11-22 06:58:56.569 66172 INFO tempest.lib.common.rest_client [req-485ff5ed-fdbf-44de-a5af-d109a63b8ab6 req-485ff5ed-fdbf-44de-a5af-d109a63b8ab6 ] Request (ServersAdminNegativeTestJSON:setUpClass): 200 GET http://10.180.1.21/identity/v3/roles 0.082s
2025-11-22 06:58:56.590 66172 INFO tempest.lib.common.rest_client [req-b271fcf5-95f4-4220-81bb-ca5b26043ef2 req-b271fcf5-95f4-4220-81bb-ca5b26043ef2 ] Request (ServersAdminNegativeTestJSON:setUpClass): 204 PUT http://10.180.1.21/identity/v3/projects/08665674a35a422bb1e0130478a52b6e/users/d6276f731c0d49b89dc3cd0cffe88f0c/roles/472a407b81684449858703ffca627cc2 0.020s
2025-11-22 06:58:56.590 66172 INFO tempest.lib.common.dynamic_creds [-] Dynamic test user d6276f731c0d49b89dc3cd0cffe88f0c is created with scope project and roles: ['admin']
2025-11-22 06:58:56.590 66172 INFO tempest.lib.common.dynamic_creds [-] Acquired dynamic creds: credentials: Credentials: {'domain_id': 'default', 'domain_name': 'Default', 'username': 'tempest-ServersAdminNegativeTestJSON-442417290-project-admin', 'project_domain_id': 'default', 'project_domain_name': 'Default', 'project_id': '08665674a35a422bb1e0130478a52b6e', 'project_name': 'tempest-ServersAdminNegativeTestJSON-442417290', 'tenant_id': '08665674a35a422bb1e0130478a52b6e', 'tenant_name': 'tempest-ServersAdminNegativeTestJSON-442417290', 'user_domain_id': 'default', 'user_domain_name': 'Default', 'user_id': 'd6276f731c0d49b89dc3cd0cffe88f0c', 'system': None}, Network: None, Subnet: None, Router: None
2025-11-22 06:58:56.590 66172 INFO tempest.lib.common.dynamic_creds [-] Created isolated network resources for: credentials: Credentials: {'domain_id': 'default', 'domain_name': 'Default', 'username': 'tempest-ServersAdminNegativeTestJSON-442417290-project-admin', 'project_domain_id': 'default', 'project_domain_name': 'Default', 'project_id': '08665674a35a422bb1e0130478a52b6e', 'project_name': 'tempest-ServersAdminNegativeTestJSON-442417290', 'tenant_id': '08665674a35a422bb1e0130478a52b6e', 'tenant_name': 'tempest-ServersAdminNegativeTestJSON-442417290', 'user_domain_id': 'default', 'user_domain_name': 'Default', 'user_id': 'd6276f731c0d49b89dc3cd0cffe88f0c', 'system': None}, Network: None, Subnet: None, Router: None
2025-11-22 06:58:56.607 66228 INFO tempest.lib.common.rest_client [req-d44cf0c2-bd5e-4a1e-b65c-48dacfd1b893 req-d44cf0c2-bd5e-4a1e-b65c-48dacfd1b893 ] Request (ServerExternalEventsTest:tearDownClass): 200 GET http://10.180.1.21/compute/v2.1/servers/d6edf458-9366-4a17-bc9d-fa0565e56044 2.684s
2025-11-22 06:58:56.618 66228 INFO tempest.common.waiters [-] State transition "ACTIVE/deleting" ==> "DELETED/None" after 4 second wait
2025-11-22 06:58:56.636 66222 INFO tempest.lib.common.rest_client [req-b57cda00-d07f-45f5-b83f-eb43d3294d44 req-b57cda00-d07f-45f5-b83f-eb43d3294d44 ] Request (HypervisorAdminTestJSON:test_get_hypervisor_list): 200 GET http://10.180.1.21/compute/v2.1/os-hypervisors 3.211s
2025-11-22 06:58:56.673 66172 INFO tempest.lib.common.rest_client [req-30516469-93f5-4445-9488-95379c089afd req-30516469-93f5-4445-9488-95379c089afd ] Request (ServersAdminNegativeTestJSON:setUpClass): 201 POST http://10.180.1.21/identity/v3/auth/tokens 0.080s
2025-11-22 06:58:56.694 66212 INFO tempest.lib.common.rest_client [req-e046b317-40ad-4d8c-8182-2b0cd37bdd31 req-e046b317-40ad-4d8c-8182-2b0cd37bdd31 ] Request (DeleteServersAdminTestJSON:test_admin_delete_servers_of_others): 200 GET http://10.180.1.21/compute/v2.1/servers/160fd61c-eeba-43ef-9f25-47056c5cc61b 2.571s
2025-11-22 06:58:56.742 66172 INFO tempest.lib.common.rest_client [req-45dd0ed1-2354-492e-a9d9-b02114e948a6 req-45dd0ed1-2354-492e-a9d9-b02114e948a6 ] Request (ServersAdminNegativeTestJSON:setUpClass): 201 POST http://10.180.1.21/identity/v3/auth/tokens 0.062s
2025-11-22 06:58:56.742 66172 INFO tempest.lib.common.fixed_network [-] (ServersAdminNegativeTestJSON:setUpClass) Found network None available for tenant
2025-11-22 06:58:56.750 66210 INFO tempest.lib.common.rest_client [req-565707a1-350a-4a55-a317-13355e059a8f req-565707a1-350a-4a55-a317-13355e059a8f ] Request (HostsAdminNegativeTestJSON:test_list_hosts_with_non_admin_user): 403 GET http://10.180.1.21/compute/v2.1/os-hosts 2.039s
2025-11-22 06:58:57.125 66208 INFO tempest.lib.common.rest_client [req-5a7a2525-dbaf-4561-bf75-af92c179a077 req-5a7a2525-dbaf-4561-bf75-af92c179a077 ] Request (ServerTagsTestJSON:setUpClass): 202 POST http://10.180.1.21/compute/v2.1/servers 1.761s
2025-11-22 06:58:57.218 66182 INFO tempest.lib.common.rest_client [req-1893ef71-e3ae-4083-9153-fb25c861149b req-1893ef71-e3ae-4083-9153-fb25c861149b ] Request (ImagesOneServerTestJSON:test_create_delete_image): 202 POST http://10.180.1.21/compute/v2.1/servers/e18b7178-633c-4914-b523-fc941801b601/action 1.784s
2025-11-22 06:58:57.226 66176 INFO tempest.lib.common.rest_client [req-c6ccc753-d71e-4904-aee9-4954dbb5de26 req-c6ccc753-d71e-4904-aee9-4954dbb5de26 ] Request (ListServerFiltersTestJSON:setUpClass): 200 GET http://10.180.1.21/compute/v2.1/servers/416fa78f-58ec-4352-8ff4-f5bf5053595e 1.674s
2025-11-22 06:58:57.373 66180 INFO tempest.lib.common.rest_client [req-3cd0c10d-1d7f-466e-98ed-7e65b1445cd2 req-3cd0c10d-1d7f-466e-98ed-7e65b1445cd2 ] Request (TenantUsagesTestJSON:setUpClass): 200 GET http://10.180.1.21/compute/v2.1/servers/b29dfec3-f508-4e9a-b91c-dbfe8a41e07c 1.792s
2025-11-22 06:58:57.644 66184 INFO tempest.lib.common.rest_client [req-a34e581b-7f78-45be-a78c-72c162498946 req-a34e581b-7f78-45be-a78c-72c162498946 ] Request (ServersAdmin275Test:test_rebuild_update_server_275): 202 POST http://10.180.1.21/compute/v2.1/servers/a9826888-0592-4fa1-b9ba-20c756f2c8cc/action 2.045s
2025-11-22 06:58:57.663 66226 INFO tempest.lib.common.rest_client [req-1d4242b9-8318-4858-a219-c83db2500a64 req-1d4242b9-8318-4858-a219-c83db2500a64 ] Request (QuotasAdminTestJSON:_run_cleanups): 200 PUT http://10.180.1.21/compute/v2.1/os-quota-sets/7e751560db97499d80f20f00550415d3 1.967s
2025-11-22 06:58:57.688 66196 INFO tempest.lib.common.rest_client [req-1a84031a-bfca-45ad-8556-8f03cbbd231e req-1a84031a-bfca-45ad-8556-8f03cbbd231e ] Request (ServicesAdminNegativeV253TestJSON:test_get_service_with_valid_service_and_invalid_host): 200 GET http://10.180.1.21/compute/v2.1/os-services?host=xxx&binary=nova-scheduler 1.685s
2025-11-22 06:58:57.749 66170 INFO tempest.lib.common.rest_client [req-d79676c8-1717-4b4b-8a93-6e6a8376ed5c req-d79676c8-1717-4b4b-8a93-6e6a8376ed5c ] Request (ImagesOneServerNegativeTestJSON:setUpClass): 200 GET http://10.180.1.21/compute/v2.1/servers/4592e3f9-1d6b-4e7c-b5e2-f1ae96cf7fc1 1.740s
2025-11-22 06:58:57.773 66198 INFO tempest.lib.common.rest_client [req-92f5e1e2-8a4d-4098-a400-c5c73c6df00a req-92f5e1e2-8a4d-4098-a400-c5c73c6df00a ] Request (QuotasAdminTestV236:test_get_updated_quotas): 200 GET http://10.180.1.21/identity/v3/domains?name=Default 0.082s
2025-11-22 06:58:57.828 66198 INFO tempest.lib.common.rest_client [req-0a2c90a5-1e9e-46d8-a09a-366824b9b074 req-0a2c90a5-1e9e-46d8-a09a-366824b9b074 ] Request (QuotasAdminTestV236:test_get_updated_quotas): 201 POST http://10.180.1.21/identity/v3/projects 0.054s
2025-11-22 06:58:57.850 66226 INFO tempest.lib.common.rest_client [req-b3c2af7e-8367-4eda-b909-da02ee8227bb req-b3c2af7e-8367-4eda-b909-da02ee8227bb ] Request (QuotasAdminTestJSON:tearDownClass): 204 DELETE http://10.180.1.21/identity/v3/users/38f671d934154dd48860197282fd5db8 0.183s
2025-11-22 06:58:57.930 66198 INFO tempest.lib.common.rest_client [req-5b41b3b8-b672-4deb-9758-ad120ad06683 req-5b41b3b8-b672-4deb-9758-ad120ad06683 ] Request (QuotasAdminTestV236:test_get_updated_quotas): 200 GET http://10.180.1.21/identity/v3/domains?name=Default 0.101s
2025-11-22 06:58:57.959 66226 INFO tempest.lib.common.rest_client [req-2584b1b4-7ee5-4f74-8074-6b37acaa1ae8 req-2584b1b4-7ee5-4f74-8074-6b37acaa1ae8 ] Request (QuotasAdminTestJSON:tearDownClass): 204 DELETE http://10.180.1.21/identity/v3/users/a37ea010c77546eda9413e82b4321a81 0.109s
2025-11-22 06:58:57.960 66226 INFO tempest.lib.common.dynamic_creds [-] Deleting project and security group for project: 7e751560db97499d80f20f00550415d3
2025-11-22 06:58:58.014 66225 INFO tempest.lib.common.rest_client [req-e8d71e39-0480-4f33-9db5-0ec5debfa2ea req-e8d71e39-0480-4f33-9db5-0ec5debfa2ea ] Request (ImagesMetadataTestJSON:setUp): 200 PUT http://10.180.1.21/compute/v2.1/images/54acb2a0-6b44-45de-82bc-4a5127d421be/metadata 1.961s
2025-11-22 06:58:58.028 66226 INFO tempest.lib.common.rest_client [req-dba30100-0bd9-4327-b361-dfaac4dfbd3f req-dba30100-0bd9-4327-b361-dfaac4dfbd3f ] Request (QuotasAdminTestJSON:tearDownClass): 201 POST http://10.180.1.21/identity/v3/auth/tokens 0.068s
2025-11-22 06:58:58.068 66192 INFO tempest.lib.common.rest_client [req-6a0de50e-602b-465f-b60d-2689086a75c6 req-6a0de50e-602b-465f-b60d-2689086a75c6 ] Request (MigrationsAdminTest:test_list_migrations_in_flavor_resize_situation): 202 POST http://10.180.1.21/compute/v2.1/servers/5d6ac74a-8fdd-4e7a-8801-f7f852de0e61/action 2.308s
2025-11-22 06:58:58.223 66226 INFO tempest.lib.common.rest_client [req-e7b5114e-bdc7-4f29-a3d2-4c9f1b91cf39 req-e7b5114e-bdc7-4f29-a3d2-4c9f1b91cf39 ] Request (QuotasAdminTestJSON:tearDownClass): 200 GET http://10.180.1.21/networking/v2.0/security-groups?tenant_id=7e751560db97499d80f20f00550415d3&name=default 0.194s
2025-11-22 06:58:58.421 66216 INFO tempest.lib.common.rest_client [req-72c11d95-67d8-41a3-9613-b78e4a70e41e req-72c11d95-67d8-41a3-9613-b78e4a70e41e ] Request (ServerAddressesTestJSON:tearDownClass): 200 GET http://10.180.1.21/compute/v2.1/servers/5ecf9711-c96d-4b33-96b2-d9c9660440f8 2.221s
2025-11-22 06:58:58.489 66226 INFO tempest.lib.common.rest_client [req-3b768d7d-53cc-4756-b7ac-028c41fbebbc req-3b768d7d-53cc-4756-b7ac-028c41fbebbc ] Request (QuotasAdminTestJSON:tearDownClass): 204 DELETE http://10.180.1.21/networking/v2.0/security-groups/babd7c65-56c8-4aa3-b585-eb9092f76cdb 0.265s
2025-11-22 06:58:58.576 66226 INFO tempest.lib.common.rest_client [req-38c2c30f-9c8b-4a0b-a174-9cacd705bc98 req-38c2c30f-9c8b-4a0b-a174-9cacd705bc98 ] Request (QuotasAdminTestJSON:tearDownClass): 204 DELETE http://10.180.1.21/identity/v3/projects/7e751560db97499d80f20f00550415d3 0.086s
2025-11-22 06:58:58.577 66226 INFO tempest.lib.common.dynamic_creds [-] Deleting project and security group for project: cb2b7fe2411641918be0538a434feb1f
2025-11-22 06:58:58.645 66194 INFO tempest.lib.common.rest_client [req-0a7091e8-2e18-4abe-adb8-9f3bbed45c98 req-0a7091e8-2e18-4abe-adb8-9f3bbed45c98 ] Request (FloatingIPDetailsTestJSON:test_list_floating_ips): 200 GET http://10.180.1.21/compute/v2.1/os-floating-ips 2.357s
2025-11-22 06:58:58.663 66168 INFO tempest.lib.common.rest_client [req-4a9715f7-3f8b-4ece-aaca-dee03790e3d6 req-4a9715f7-3f8b-4ece-aaca-dee03790e3d6 ] Request (FlavorsAdminTestJSON:test_create_flavor_with_uuid_id): 200 POST http://10.180.1.21/compute/v2.1/flavors 2.338s
2025-11-22 06:58:58.680 66214 INFO tempest.lib.common.rest_client [req-50a621a8-2e4a-49c3-8ad5-6ad50a48c999 req-50a621a8-2e4a-49c3-8ad5-6ad50a48c999 ] Request (FlavorsExtraSpecsTestJSON:test_flavor_set_get_update_show_unset_keys): 200 DELETE http://10.180.1.21/compute/v2.1/flavors/1315744646/os-extra_specs/hw:cpu_policy 2.350s
2025-11-22 06:58:58.685 66200 INFO tempest.lib.common.rest_client [req-c2b3988c-c2aa-48d2-a30b-128a306fa881 req-c2b3988c-c2aa-48d2-a30b-128a306fa881 ] Request (AggregatesAdminNegativeTestJSON:test_aggregate_create_aggregate_name_length_less_than_1): 400 POST http://10.180.1.21/compute/v2.1/os-aggregates 2.345s
2025-11-22 06:58:59.111 66226 INFO tempest.lib.common.rest_client [req-7fdba69f-d530-4d3f-add8-e96a74f7f2cc req-7fdba69f-d530-4d3f-add8-e96a74f7f2cc ] Request (QuotasAdminTestJSON:tearDownClass): 200 GET http://10.180.1.21/networking/v2.0/security-groups?tenant_id=cb2b7fe2411641918be0538a434feb1f&name=default 0.533s
2025-11-22 06:58:59.185 66221 INFO tempest.lib.common.rest_client [req-150d2476-443f-4af4-8c05-dcc26c84bb9b req-150d2476-443f-4af4-8c05-dcc26c84bb9b ] Request (InstanceActionsNegativeTestJSON:tearDownClass): 200 GET http://10.180.1.21/compute/v2.1/servers/966ffaa5-f4c8-4acd-b6c8-9f1949f8aea6 2.879s
2025-11-22 06:58:59.200 66178 INFO tempest.lib.common.rest_client [req-0d00573e-5684-4392-8b66-602bef4d8a2f req-0d00573e-5684-4392-8b66-602bef4d8a2f ] Request (FlavorsAccessNegativeTestJSON:_run_cleanups): 202 DELETE http://10.180.1.21/compute/v2.1/flavors/167801264 2.742s
2025-11-22 06:58:59.784 66226 INFO tempest.lib.common.rest_client [req-1fdc2bf9-c0e8-40dd-9720-b5451921a2d2 req-1fdc2bf9-c0e8-40dd-9720-b5451921a2d2 ] Request (QuotasAdminTestJSON:tearDownClass): 204 DELETE http://10.180.1.21/networking/v2.0/security-groups/1bf4aff4-d75a-4645-8246-4919e13ff328 0.672s
2025-11-22 06:58:59.829 66206 INFO tempest.lib.common.rest_client [req-0e236083-7597-480e-a237-ae2b3b012817 req-0e236083-7597-480e-a237-ae2b3b012817 ] Request (ServersTestManualDisk:setUpClass): 200 GET http://10.180.1.21/compute/v2.1/servers/3987d331-f3b1-416d-a331-3851f84caf30 3.344s
2025-11-22 06:58:59.860 66202 INFO tempest.lib.common.rest_client [req-3f3bbc95-663a-4535-bf4d-157d433fd8a5 req-3f3bbc95-663a-4535-bf4d-157d433fd8a5 ] Request (VolumesAssistedSnapshotsTest:test_volume_assisted_snapshot_create_delete): 200 GET http://10.180.1.21/compute/v2.1/servers/4f5c4da9-8ea6-440d-9f9a-4dd2f0b0b509 3.478s
2025-11-22 06:58:59.866 66202 INFO tempest.common.waiters [-] State transition "BUILD/networking" ==> "BUILD/spawning" after 21 second wait
2025-11-22 06:58:59.880 66222 INFO tempest.lib.common.rest_client [req-dd26b162-ee07-49fe-a183-6fd10f6a7dc8 req-dd26b162-ee07-49fe-a183-6fd10f6a7dc8 ] Request (HypervisorAdminTestJSON:test_get_hypervisor_list_details): 200 GET http://10.180.1.21/compute/v2.1/os-hypervisors/detail 3.241s
2025-11-22 06:58:59.900 66204 INFO tempest.lib.common.rest_client [req-4db94e96-1406-47aa-8ee3-a04483478f6b req-4db94e96-1406-47aa-8ee3-a04483478f6b ] Request (ListImagesTestJSON:test_list_images): 200 GET http://10.180.1.21/compute/v2.1/images 3.382s
2025-11-22 06:58:59.907 66226 INFO tempest.lib.common.rest_client [req-2dbb5721-24ba-48e7-b420-dadaddf58e4a req-2dbb5721-24ba-48e7-b420-dadaddf58e4a ] Request (QuotasAdminTestJSON:tearDownClass): 204 DELETE http://10.180.1.21/identity/v3/projects/cb2b7fe2411641918be0538a434feb1f 0.122s
2025-11-22 06:58:59.914 66210 INFO tempest.lib.common.rest_client [req-03846d35-16fc-4f48-aad6-c04410471967 req-03846d35-16fc-4f48-aad6-c04410471967 ] Request (HostsAdminNegativeTestJSON:test_reboot_host_with_non_admin_user): 403 GET http://10.180.1.21/compute/v2.1/os-hosts/devstack/reboot 3.162s
2025-11-22 06:58:59.990 66226 INFO tempest.lib.common.rest_client [req-214441aa-dd63-4d0b-96b9-5349f6ca0184 req-214441aa-dd63-4d0b-96b9-5349f6ca0184 ] Request (FloatingIPsTestJSON:setUpClass): 201 POST http://10.180.1.21/identity/v3/auth/tokens 0.082s
2025-11-22 06:59:00.026 66226 INFO tempest.lib.common.rest_client [req-bcd1b83d-4a04-43be-ad9b-5afca88bc37a req-bcd1b83d-4a04-43be-ad9b-5afca88bc37a ] Request (FloatingIPsTestJSON:setUpClass): 201 POST http://10.180.1.21/identity/v3/auth/tokens 0.031s
2025-11-22 06:59:00.054 66226 INFO tempest.lib.common.rest_client [req-020bbc6f-5bf9-4b4f-9440-81f18441a423 req-020bbc6f-5bf9-4b4f-9440-81f18441a423 ] Request (FloatingIPsTestJSON:setUpClass): 200 GET http://10.180.1.21/identity/v3/domains?name=Default 0.027s
2025-11-22 06:59:00.088 66226 INFO tempest.lib.common.rest_client [req-d1a0d1f5-cbcc-4b64-a1e7-42c5ed5d8671 req-d1a0d1f5-cbcc-4b64-a1e7-42c5ed5d8671 ] Request (FloatingIPsTestJSON:setUpClass): 201 POST http://10.180.1.21/identity/v3/projects 0.033s
2025-11-22 06:59:00.156 66226 INFO tempest.lib.common.rest_client [req-a7fae2b9-926a-47b3-a5ca-fa682965f137 req-a7fae2b9-926a-47b3-a5ca-fa682965f137 ] Request (FloatingIPsTestJSON:setUpClass): 201 POST http://10.180.1.21/identity/v3/users 0.067s
2025-11-22 06:59:00.178 66188 INFO tempest.lib.common.rest_client [req-e5bbab61-766e-4ab4-83dd-68617b091037 req-e5bbab61-766e-4ab4-83dd-68617b091037 ] Request (ImagesNegativeTestJSON:test_create_image_from_deleted_server): 200 GET http://10.180.1.21/compute/v2.1/servers/5d79020b-6b19-4c75-8069-40771339bf44 3.367s
2025-11-22 06:59:00.179 66226 INFO tempest.lib.common.rest_client [req-0292c8f2-a332-4b78-b032-12410a5771cd req-0292c8f2-a332-4b78-b032-12410a5771cd ] Request (FloatingIPsTestJSON:setUpClass): 200 GET http://10.180.1.21/identity/v3/roles 0.022s
2025-11-22 06:59:00.188 66188 INFO tempest.common.waiters [-] State transition "BUILD/None" ==> "BUILD/spawning" after 22 second wait
2025-11-22 06:59:00.212 66226 INFO tempest.lib.common.rest_client [req-6ec850e3-cea1-43c7-a6ed-ead4f82088eb req-6ec850e3-cea1-43c7-a6ed-ead4f82088eb ] Request (FloatingIPsTestJSON:setUpClass): 204 PUT http://10.180.1.21/identity/v3/projects/c2f50a8dd3a84134a51a0a9e7b41e2b4/users/c05f8ebb645143adaca4669718bc9afd/roles/3e9d1dc623cc4ea8b5897aafda021c34 0.033s
2025-11-22 06:59:00.212 66226 INFO tempest.lib.common.dynamic_creds [-] Dynamic test user c05f8ebb645143adaca4669718bc9afd is created with scope project and roles: ['member']
2025-11-22 06:59:00.213 66226 INFO tempest.lib.common.dynamic_creds [-] Acquired dynamic creds: credentials: Credentials: {'domain_id': 'default', 'domain_name': 'Default', 'username': 'tempest-FloatingIPsTestJSON-192261120-project-member', 'project_domain_id': 'default', 'project_domain_name': 'Default', 'project_id': 'c2f50a8dd3a84134a51a0a9e7b41e2b4', 'project_name': 'tempest-FloatingIPsTestJSON-192261120', 'tenant_id': 'c2f50a8dd3a84134a51a0a9e7b41e2b4', 'tenant_name': 'tempest-FloatingIPsTestJSON-192261120', 'user_domain_id': 'default', 'user_domain_name': 'Default', 'user_id': 'c05f8ebb645143adaca4669718bc9afd', 'system': None}, Network: None, Subnet: None, Router: None
2025-11-22 06:59:00.240 66190 INFO tempest.lib.common.rest_client [req-21ed4774-fbd8-4c56-9ea4-b9884c4ef7b5 req-21ed4774-fbd8-4c56-9ea4-b9884c4ef7b5 ] Request (ServerDiagnosticsTest:tearDownClass): 200 GET http://10.180.1.21/compute/v2.1/servers/5c6835bd-c583-467c-9f71-748ae6cc5765 3.345s
2025-11-22 06:59:00.250 66190 INFO tempest.common.waiters [-] State transition "ACTIVE/deleting" ==> "DELETED/None" after 5 second wait
2025-11-22 06:59:00.274 66226 INFO tempest.lib.common.rest_client [req-6facd619-9011-40c3-b02a-1839d5a7d6f8 req-6facd619-9011-40c3-b02a-1839d5a7d6f8 ] Request (FloatingIPsTestJSON:setUpClass): 201 POST http://10.180.1.21/identity/v3/auth/tokens 0.061s
2025-11-22 06:59:00.296 66174 INFO tempest.lib.common.rest_client [req-1da664df-2cfd-498a-b1bd-4f676fc1a29a req-1da664df-2cfd-498a-b1bd-4f676fc1a29a ] Request (ServerDiagnosticsNegativeTest:tearDownClass): 200 GET http://10.180.1.21/compute/v2.1/servers/103c2c03-d16b-4f39-81bb-60098e49c560 3.315s
2025-11-22 06:59:00.305 66174 INFO tempest.common.waiters [-] State transition "ACTIVE/deleting" ==> "DELETED/None" after 5 second wait
2025-11-22 06:59:00.380 66208 INFO tempest.lib.common.rest_client [req-ad64c186-5aed-4ed5-87ed-ac9ae9836943 req-ad64c186-5aed-4ed5-87ed-ac9ae9836943 ] Request (ServerTagsTestJSON:setUpClass): 200 GET http://10.180.1.21/compute/v2.1/servers/2b37e752-9208-40f7-b838-868b2e1b6c51 3.254s
2025-11-22 06:59:00.388 66172 INFO tempest.lib.common.rest_client [req-7b4ceab4-41ed-429a-9680-8ff7f01ecfc9 req-7b4ceab4-41ed-429a-9680-8ff7f01ecfc9 ] Request (ServersAdminNegativeTestJSON:setUpClass): 202 POST http://10.180.1.21/compute/v2.1/servers 3.645s
2025-11-22 06:59:00.423 66182 INFO tempest.lib.common.rest_client [req-a04a6649-54a0-40ed-9e85-d99f49f37324 req-a04a6649-54a0-40ed-9e85-d99f49f37324 ] Request (ImagesOneServerTestJSON:test_create_delete_image): 200 GET http://10.180.1.21/compute/v2.1/images/7fce48bc-43cf-411c-87e8-90c449ad8721 3.203s
2025-11-22 06:59:00.455 66218 INFO tempest.lib.common.rest_client [req-65080f92-6239-4594-a591-afc1a056e691 req-65080f92-6239-4594-a591-afc1a056e691 ] Request (ServersWithSpecificFlavorTestJSON:test_verify_created_server_ephemeral_disk): 200 GET http://10.180.1.21/compute/v2.1/servers/54de1cd5-b4f3-495c-9fee-8e509f59e892 2.918s
2025-11-22 06:59:00.544 66228 INFO tempest.lib.common.rest_client [req-862fa2db-0ce0-4621-be37-af27e71f9876 req-862fa2db-0ce0-4621-be37-af27e71f9876 ] Request (ServerExternalEventsTest:tearDownClass): 200 GET http://10.180.1.21/compute/v2.1/servers/d6edf458-9366-4a17-bc9d-fa0565e56044 2.925s
2025-11-22 06:59:00.586 66226 INFO tempest.lib.common.rest_client [req-19b8e4d2-0801-470c-aed4-68dc2a267f95 req-19b8e4d2-0801-470c-aed4-68dc2a267f95 ] Request (FloatingIPsTestJSON:setUpClass): 201 POST http://10.180.1.21/networking/v2.0/networks 0.311s
2025-11-22 06:59:00.613 66184 INFO tempest.lib.common.rest_client [req-32941605-f38d-4908-9834-a8b5d255e188 req-32941605-f38d-4908-9834-a8b5d255e188 ] Request (ServersAdmin275Test:_run_cleanups): 200 GET http://10.180.1.21/compute/v2.1/servers/a9826888-0592-4fa1-b9ba-20c756f2c8cc 2.958s
2025-11-22 06:59:00.677 66196 INFO tempest.lib.common.rest_client [req-c9df90ae-6559-4267-8cfc-450c93448a9c req-c9df90ae-6559-4267-8cfc-450c93448a9c ] Request (ServicesAdminNegativeV253TestJSON:test_list_services_with_non_admin_user): 403 GET http://10.180.1.21/compute/v2.1/os-services 2.986s
2025-11-22 06:59:00.761 66226 INFO tempest.lib.common.rest_client [req-89e89a5e-8047-4bcc-922e-d9c886e230b2 req-89e89a5e-8047-4bcc-922e-d9c886e230b2 ] Request (FloatingIPsTestJSON:setUpClass): 201 POST http://10.180.1.21/networking/v2.0/subnets 0.175s
2025-11-22 06:59:00.770 66196 INFO tempest.lib.common.rest_client [req-73cfcd15-21f7-49b7-9e56-eb7db7cdfca3 req-73cfcd15-21f7-49b7-9e56-eb7db7cdfca3 ] Request (ServicesAdminNegativeV253TestJSON:tearDownClass): 204 DELETE http://10.180.1.21/identity/v3/users/23b832d75bc1454e87257dde300082d6 0.090s
2025-11-22 06:59:00.791 66212 INFO tempest.lib.common.rest_client [req-858866ce-97da-481d-b4a1-f56fe761ab83 req-858866ce-97da-481d-b4a1-f56fe761ab83 ] Request (DeleteServersAdminTestJSON:test_admin_delete_servers_of_others): 200 GET http://10.180.1.21/compute/v2.1/servers/160fd61c-eeba-43ef-9f25-47056c5cc61b 3.087s
2025-11-22 06:59:00.915 66196 INFO tempest.lib.common.rest_client [req-f80145bd-e787-49c8-9835-1ac2bcb3f2b0 req-f80145bd-e787-49c8-9835-1ac2bcb3f2b0 ] Request (ServicesAdminNegativeV253TestJSON:tearDownClass): 204 DELETE http://10.180.1.21/identity/v3/users/0af48b94f762460d8b8faaf51e9e32a8 0.141s
2025-11-22 06:59:00.915 66196 INFO tempest.lib.common.dynamic_creds [-] Deleting project and security group for project: ed3fddb518e34bdb8575be378e32abb6
2025-11-22 06:59:00.993 66196 INFO tempest.lib.common.rest_client [req-b6f2e254-7a6a-40a0-9ee5-d172d3e9930f req-b6f2e254-7a6a-40a0-9ee5-d172d3e9930f ] Request (ServicesAdminNegativeV253TestJSON:tearDownClass): 201 POST http://10.180.1.21/identity/v3/auth/tokens 0.078s
2025-11-22 06:59:01.064 66198 INFO tempest.lib.common.rest_client [req-7783a47c-4d57-493f-9d2e-8e7dcff9d600 req-7783a47c-4d57-493f-9d2e-8e7dcff9d600 ] Request (QuotasAdminTestV236:test_get_updated_quotas): 200 PUT http://10.180.1.21/compute/v2.1/os-quota-sets/6e21a3892d8e4df887ad54f0fe88fb45 3.133s
2025-11-22 06:59:01.083 66225 INFO tempest.lib.common.rest_client [req-5ddff556-ef05-4fc3-88fa-fd672d03c898 req-5ddff556-ef05-4fc3-88fa-fd672d03c898 ] Request (ImagesMetadataTestJSON:test_set_image_metadata_item): 200 PUT http://10.180.1.21/compute/v2.1/images/54acb2a0-6b44-45de-82bc-4a5127d421be/metadata/os_version 3.069s
2025-11-22 06:59:01.681 66226 INFO tempest.lib.common.rest_client [req-ec38dae1-a030-4750-9625-b048303103f2 req-ec38dae1-a030-4750-9625-b048303103f2 ] Request (FloatingIPsTestJSON:setUpClass): 201 POST http://10.180.1.21/networking/v2.0/routers 0.919s
2025-11-22 06:59:01.857 66196 INFO tempest.lib.common.rest_client [req-09707cec-72c1-4c23-b8dd-ea1bf7be5ae5 req-09707cec-72c1-4c23-b8dd-ea1bf7be5ae5 ] Request (ServicesAdminNegativeV253TestJSON:tearDownClass): 200 GET http://10.180.1.21/networking/v2.0/security-groups?tenant_id=ed3fddb518e34bdb8575be378e32abb6&name=default 0.863s
2025-11-22 06:59:02.661 66196 INFO tempest.lib.common.rest_client [req-0daceef3-880c-4dac-a168-8e5d51a576d0 req-0daceef3-880c-4dac-a168-8e5d51a576d0 ] Request (ServicesAdminNegativeV253TestJSON:tearDownClass): 204 DELETE http://10.180.1.21/networking/v2.0/security-groups/d56323dd-b65b-49ab-8034-bbe6f92e7088 0.803s
2025-11-22 06:59:02.707 66192 INFO tempest.lib.common.rest_client [req-e7b60f67-2cfb-4f87-a0cf-bdc5adf65135 req-e7b60f67-2cfb-4f87-a0cf-bdc5adf65135 ] Request (MigrationsAdminTest:test_list_migrations_in_flavor_resize_situation): 200 GET http://10.180.1.21/compute/v2.1/servers/5d6ac74a-8fdd-4e7a-8801-f7f852de0e61 4.639s
2025-11-22 06:59:02.730 66176 INFO tempest.lib.common.rest_client [req-5f603c19-488f-45e3-ae20-59b1911f50de req-5f603c19-488f-45e3-ae20-59b1911f50de ] Request (ListServerFiltersTestJSON:setUpClass): 200 GET http://10.180.1.21/compute/v2.1/servers/416fa78f-58ec-4352-8ff4-f5bf5053595e 4.491s
2025-11-22 06:59:02.775 66196 INFO tempest.lib.common.rest_client [req-149e92a9-e7c2-4d9a-9d2e-0bb3be46059b req-149e92a9-e7c2-4d9a-9d2e-0bb3be46059b ] Request (ServicesAdminNegativeV253TestJSON:tearDownClass): 204 DELETE http://10.180.1.21/identity/v3/projects/ed3fddb518e34bdb8575be378e32abb6 0.114s
2025-11-22 06:59:02.775 66196 INFO tempest.lib.common.dynamic_creds [-] Deleting project and security group for project: ca0fc57ff048477499917eb4a9f90b6c
2025-11-22 06:59:02.936 66226 INFO tempest.lib.common.rest_client [req-9e6cedd3-ae4e-40cd-bd3f-d34b0e93f8c1 req-9e6cedd3-ae4e-40cd-bd3f-d34b0e93f8c1 ] Request (FloatingIPsTestJSON:setUpClass): 200 PUT http://10.180.1.21/networking/v2.0/routers/073c1673-e5b7-4f1e-ba18-f2d47d6dc279/add_router_interface 1.254s
2025-11-22 06:59:02.936 66226 INFO tempest.lib.common.dynamic_creds [-] Created isolated network resources for: credentials: Credentials: {'domain_id': 'default', 'domain_name': 'Default', 'username': 'tempest-FloatingIPsTestJSON-192261120-project-member', 'project_domain_id': 'default', 'project_domain_name': 'Default', 'project_id': 'c2f50a8dd3a84134a51a0a9e7b41e2b4', 'project_name': 'tempest-FloatingIPsTestJSON-192261120', 'tenant_id': 'c2f50a8dd3a84134a51a0a9e7b41e2b4', 'tenant_name': 'tempest-FloatingIPsTestJSON-192261120', 'user_domain_id': 'default', 'user_domain_name': 'Default', 'user_id': 'c05f8ebb645143adaca4669718bc9afd', 'system': None}, Network: {'id': 'a6df6c39-f9db-4355-bc0e-36cd92c8ecee', 'name': 'tempest-FloatingIPsTestJSON-1704482306-network', 'tenant_id': 'c2f50a8dd3a84134a51a0a9e7b41e2b4', 'project_id': 'c2f50a8dd3a84134a51a0a9e7b41e2b4', 'admin_state_up': True, 'mtu': 8950, 'status': 'ACTIVE', 'subnets': [], 'shared': False, 'port_security_enabled': True, 'router:external': False, 'provider:network_type': 'vlan', 'provider:physical_network': 'default', 'provider:segmentation_id': 937, 'availability_zone_hints': [], 'availability_zones': [], 'ipv4_address_scope': None, 'ipv6_address_scope': None, 'description': '', 'tags': [], 'created_at': '2025-11-22T06:59:00Z', 'updated_at': '2025-11-22T06:59:00Z', 'revision_number': 1}, Subnet: {'id': '19eab27d-ce53-472a-9482-e58c556f9baa', 'name': 'tempest-FloatingIPsTestJSON-1704482306-subnet', 'tenant_id': 'c2f50a8dd3a84134a51a0a9e7b41e2b4', 'network_id': 'a6df6c39-f9db-4355-bc0e-36cd92c8ecee', 'ip_version': 4, 'subnetpool_id': None, 'enable_dhcp': True, 'ipv6_ra_mode': None, 'ipv6_address_mode': None, 'gateway_ip': '192.168.128.1', 'cidr': '192.168.128.0/28', 'allocation_pools': [{'start': '192.168.128.2', 'end': '192.168.128.14'}], 'host_routes': [], 'dns_nameservers': [], 'description': '', 'router:external': False, 'service_types': [], 'tags': [], 'created_at': '2025-11-22T06:59:00Z', 'updated_at': '2025-11-22T06:59:00Z', 'revision_number': 0, 'project_id': 'c2f50a8dd3a84134a51a0a9e7b41e2b4'}, Router: {'id': '073c1673-e5b7-4f1e-ba18-f2d47d6dc279', 'name': 'tempest-FloatingIPsTestJSON-1704482306-router', 'tenant_id': 'c2f50a8dd3a84134a51a0a9e7b41e2b4', 'admin_state_up': True, 'status': 'ACTIVE', 'external_gateway_info': {'network_id': '9c1cc0f0-ebed-455b-8b07-64068ce2c0af', 'external_fixed_ips': [{'subnet_id': 'b149e916-7896-4e87-95d7-c142b2772e9d', 'ip_address': '10.180.180.227'}], 'enable_snat': True}, 'description': '', 'availability_zones': [], 'distributed': False, 'ha': False, 'availability_zone_hints': [], 'routes': [], 'flavor_id': None, 'tags': [], 'created_at': '2025-11-22T06:59:00Z', 'updated_at': '2025-11-22T06:59:01Z', 'revision_number': 2, 'project_id': 'c2f50a8dd3a84134a51a0a9e7b41e2b4'}
2025-11-22 06:59:02.989 66196 INFO tempest.lib.common.rest_client [req-c4b2edbf-6d68-4320-a967-eda02d2664dd req-c4b2edbf-6d68-4320-a967-eda02d2664dd ] Request (ServicesAdminNegativeV253TestJSON:tearDownClass): 200 GET http://10.180.1.21/networking/v2.0/security-groups?tenant_id=ca0fc57ff048477499917eb4a9f90b6c&name=default 0.214s
2025-11-22 06:59:03.027 66180 INFO tempest.lib.common.rest_client [req-2744686e-4c06-46d5-8ca2-9c989b6e9cef req-2744686e-4c06-46d5-8ca2-9c989b6e9cef ] Request (TenantUsagesTestJSON:setUpClass): 200 GET http://10.180.1.21/compute/v2.1/servers/b29dfec3-f508-4e9a-b91c-dbfe8a41e07c 4.644s
2025-11-22 06:59:03.028 66226 INFO tempest.lib.common.rest_client [req-cc8930eb-49fe-4b6d-b51e-7c5a9db65112 req-cc8930eb-49fe-4b6d-b51e-7c5a9db65112 ] Request (FloatingIPsTestJSON:setUpClass): 201 POST http://10.180.1.21/identity/v3/auth/tokens 0.086s
2025-11-22 06:59:03.048 66168 INFO tempest.lib.common.rest_client [req-5848e321-3614-4a6e-ac7b-466c306d51bc req-5848e321-3614-4a6e-ac7b-466c306d51bc ] Request (FlavorsAdminTestJSON:_run_cleanups): 202 DELETE http://10.180.1.21/compute/v2.1/flavors/acfd2529-26dc-4ad8-abaa-47e9f1193cba 4.381s
2025-11-22 06:59:03.059 66214 INFO tempest.lib.common.rest_client [req-5aad6671-4b97-47a9-8a9e-324727ffb104 req-5aad6671-4b97-47a9-8a9e-324727ffb104 ] Request (FlavorsExtraSpecsTestJSON:test_flavor_set_get_update_show_unset_keys): 200 GET http://10.180.1.21/compute/v2.1/flavors/1315744646/os-extra_specs 4.379s
2025-11-22 06:59:03.066 66200 INFO tempest.lib.common.rest_client [req-04b34bd8-3b61-42bf-9deb-39915ab42aba req-04b34bd8-3b61-42bf-9deb-39915ab42aba ] Request (AggregatesAdminNegativeTestJSON:test_aggregate_create_as_user): 403 POST http://10.180.1.21/compute/v2.1/os-aggregates 4.379s
2025-11-22 06:59:03.189 66196 INFO tempest.lib.common.rest_client [req-e214808b-b0d4-4212-9b5f-508f9add63d1 req-e214808b-b0d4-4212-9b5f-508f9add63d1 ] Request (ServicesAdminNegativeV253TestJSON:tearDownClass): 204 DELETE http://10.180.1.21/networking/v2.0/security-groups/445cedad-9a53-45a8-8e3b-898f0bc271f9 0.199s
2025-11-22 06:59:03.329 66196 INFO tempest.lib.common.rest_client [req-d1fde875-6051-4304-b5a1-dae47966d8fe req-d1fde875-6051-4304-b5a1-dae47966d8fe ] Request (ServicesAdminNegativeV253TestJSON:tearDownClass): 204 DELETE http://10.180.1.21/identity/v3/projects/ca0fc57ff048477499917eb4a9f90b6c 0.139s
2025-11-22 06:59:03.330 66196 INFO tempest.test [-] raised in NoVNCConsoleTestJSON.setUpClass. Invoking tearDownClass.
2025-11-22 06:59:03.338 66170 INFO tempest.lib.common.rest_client [req-0fbfe5d0-1832-4640-99a2-145f874d6889 req-0fbfe5d0-1832-4640-99a2-145f874d6889 ] Request (ImagesOneServerNegativeTestJSON:setUpClass): 200 GET http://10.180.1.21/compute/v2.1/servers/4592e3f9-1d6b-4e7c-b5e2-f1ae96cf7fc1 4.579s
2025-11-22 06:59:03.350 66170 INFO tempest.common.waiters [-] State transition "BUILD/None" ==> "BUILD/spawning" after 23 second wait
2025-11-22 06:59:03.402 66178 INFO tempest.lib.common.rest_client [req-c37616ef-7c1b-4d6f-8d30-382743c6d9f2 req-c37616ef-7c1b-4d6f-8d30-382743c6d9f2 ] Request (FlavorsAccessNegativeTestJSON:_run_cleanups): 200 GET http://10.180.1.21/compute/v2.1/flavors/detail 4.202s
2025-11-22 06:59:03.450 66196 INFO tempest.lib.common.rest_client [req-3c8c48ae-9003-4ab7-ae4f-32e6bbda273d req-3c8c48ae-9003-4ab7-ae4f-32e6bbda273d ] Request (AttachVolumeNegativeTest:setUpClass): 201 POST http://10.180.1.21/identity/v3/auth/tokens 0.118s
2025-11-22 06:59:03.490 66196 INFO tempest.lib.common.rest_client [req-490682df-2061-4a13-8653-92a1e69790cf req-490682df-2061-4a13-8653-92a1e69790cf ] Request (AttachVolumeNegativeTest:setUpClass): 201 POST http://10.180.1.21/identity/v3/auth/tokens 0.032s
2025-11-22 06:59:03.527 66196 INFO tempest.lib.common.rest_client [req-af603e5c-9881-4c4a-92cf-9de6519fbdc3 req-af603e5c-9881-4c4a-92cf-9de6519fbdc3 ] Request (AttachVolumeNegativeTest:setUpClass): 200 GET http://10.180.1.21/identity/v3/domains?name=Default 0.037s
2025-11-22 06:59:03.565 66196 INFO tempest.lib.common.rest_client [req-d4dea131-a83d-4c20-bd49-e868e7bfa095 req-d4dea131-a83d-4c20-bd49-e868e7bfa095 ] Request (AttachVolumeNegativeTest:setUpClass): 201 POST http://10.180.1.21/identity/v3/projects 0.037s
2025-11-22 06:59:03.618 66194 INFO tempest.lib.common.rest_client [req-ce3cf748-463c-40e3-8326-456cbbccb122 req-ce3cf748-463c-40e3-8326-456cbbccb122 ] Request (FloatingIPDetailsTestJSON:tearDownClass): 202 DELETE http://10.180.1.21/compute/v2.1/os-floating-ips/98712c62-1dd7-4bff-83ba-7cac4ffb50aa 4.968s
2025-11-22 06:59:03.636 66196 INFO tempest.lib.common.rest_client [req-77ae269b-4cab-4c94-b6a8-761d9f173919 req-77ae269b-4cab-4c94-b6a8-761d9f173919 ] Request (AttachVolumeNegativeTest:setUpClass): 201 POST http://10.180.1.21/identity/v3/users 0.071s
2025-11-22 06:59:03.648 66216 INFO tempest.lib.common.rest_client [req-bee1b57a-bea7-4504-b75d-e692847311da req-bee1b57a-bea7-4504-b75d-e692847311da ] Request (ServerAddressesTestJSON:tearDownClass): 200 GET http://10.180.1.21/compute/v2.1/servers/5ecf9711-c96d-4b33-96b2-d9c9660440f8 4.216s
2025-11-22 06:59:03.660 66196 INFO tempest.lib.common.rest_client [req-389e0708-2ec3-451d-9c84-19b106e39afa req-389e0708-2ec3-451d-9c84-19b106e39afa ] Request (AttachVolumeNegativeTest:setUpClass): 200 GET http://10.180.1.21/identity/v3/roles 0.023s
2025-11-22 06:59:03.661 66222 INFO tempest.lib.common.rest_client [req-4fcc6752-01d1-4bcc-b5cb-f2281d5b9594 req-4fcc6752-01d1-4bcc-b5cb-f2281d5b9594 ] Request (HypervisorAdminTestJSON:test_get_hypervisor_show_details): 200 GET http://10.180.1.21/compute/v2.1/os-hypervisors 3.775s
2025-11-22 06:59:03.664 66216 INFO tempest.common.waiters [-] State transition "ACTIVE/deleting" ==> "DELETED/None" after 5 second wait
2025-11-22 06:59:03.683 66210 INFO tempest.lib.common.rest_client [req-68fe73bf-1c2a-4033-a157-a8b14e33b068 req-68fe73bf-1c2a-4033-a157-a8b14e33b068 ] Request (HostsAdminNegativeTestJSON:test_reboot_nonexistent_host): 404 GET http://10.180.1.21/compute/v2.1/os-hosts/nonexistent_hostname/reboot 3.768s
2025-11-22 06:59:03.692 66196 INFO tempest.lib.common.rest_client [req-f3b91e2d-b01c-4cb5-a0b6-1f5b632bf885 req-f3b91e2d-b01c-4cb5-a0b6-1f5b632bf885 ] Request (AttachVolumeNegativeTest:setUpClass): 204 PUT http://10.180.1.21/identity/v3/projects/1be7009f0a2e49218e9a09955ded18e3/users/a38212bc07a64c2fa5b441e570e69b69/roles/3e9d1dc623cc4ea8b5897aafda021c34 0.032s
2025-11-22 06:59:03.693 66196 INFO tempest.lib.common.dynamic_creds [-] Dynamic test user a38212bc07a64c2fa5b441e570e69b69 is created with scope project and roles: ['member']
2025-11-22 06:59:03.693 66196 INFO tempest.lib.common.dynamic_creds [-] Acquired dynamic creds: credentials: Credentials: {'domain_id': 'default', 'domain_name': 'Default', 'username': 'tempest-AttachVolumeNegativeTest-123735670-project-member', 'project_domain_id': 'default', 'project_domain_name': 'Default', 'project_id': '1be7009f0a2e49218e9a09955ded18e3', 'project_name': 'tempest-AttachVolumeNegativeTest-123735670', 'tenant_id': '1be7009f0a2e49218e9a09955ded18e3', 'tenant_name': 'tempest-AttachVolumeNegativeTest-123735670', 'user_domain_id': 'default', 'user_domain_name': 'Default', 'user_id': 'a38212bc07a64c2fa5b441e570e69b69', 'system': None}, Network: None, Subnet: None, Router: None
2025-11-22 06:59:03.740 66204 INFO tempest.lib.common.rest_client [req-04405f88-5181-4aaf-b9db-e03b08a90f9b req-04405f88-5181-4aaf-b9db-e03b08a90f9b ] Request (ListImagesTestJSON:test_list_images_with_detail): 200 GET http://10.180.1.21/compute/v2.1/images/detail 3.836s
