2025-11-22 07:01:31.417 66184 INFO tempest.lib.common.dynamic_creds [-] Acquired dynamic creds: credentials: Credentials: {'domain_id': 'default', 'domain_name': 'Default', 'username': 'tempest-ServersNegativeTestJSON-1922042384-project-member', 'project_domain_id': 'default', 'project_domain_name': 'Default', 'project_id': 'de71f227fbe24cef8c5c3d17ca49f203', 'project_name': 'tempest-ServersNegativeTestJSON-1922042384', 'tenant_id': 'de71f227fbe24cef8c5c3d17ca49f203', 'tenant_name': 'tempest-ServersNegativeTestJSON-1922042384', 'user_domain_id': 'default', 'user_domain_name': 'Default', 'user_id': 'b394268bfb8645bcaa5362ccc6893c80', 'system': None}, Network: None, Subnet: None, Router: None
2025-11-22 07:01:31.464 66180 INFO tempest.lib.common.rest_client [req-0e0d4a37-3d6e-46de-9a67-ca4e6b697c63 req-0e0d4a37-3d6e-46de-9a67-ca4e6b697c63 ] Request (ServerActionsTestOtherB:setUpClass): 200 POST http://10.180.1.21/compute/v2.1/os-keypairs 0.750s
2025-11-22 07:01:31.499 66186 INFO tempest.lib.common.rest_client [req-a2dd8ce2-3cca-4422-a29b-39c4af43b098 req-a2dd8ce2-3cca-4422-a29b-39c4af43b098 ] Request (ListImageFiltersTestJSON:setUpClass): 202 POST http://10.180.1.21/compute/v2.1/servers 1.209s
2025-11-22 07:01:31.517 66184 INFO tempest.lib.common.rest_client [req-1ac5bf40-a0f9-40c6-915f-1c5a171acf21 req-1ac5bf40-a0f9-40c6-915f-1c5a171acf21 ] Request (ServersNegativeTestJSON:setUpClass): 201 POST http://10.180.1.21/identity/v3/auth/tokens 0.099s
2025-11-22 07:01:31.613 66218 WARNING tempest.lib.common.ssh [-] Failed to establish authenticated ssh connection to cirros@10.180.180.167 ([Errno None] Unable to connect to port 22 on 10.180.180.167). Number attempts: 12. Retry after 13 seconds.: paramiko.ssh_exception.NoValidConnectionsError: [Errno None] Unable to connect to port 22 on 10.180.180.167
2025-11-22 07:01:31.709 66180 INFO tempest.lib.common.rest_client [req-dd3731ba-bc60-4aa8-be73-55c1c226304c req-dd3731ba-bc60-4aa8-be73-55c1c226304c ] Request (ServerActionsTestOtherB:setUpClass): 201 POST http://10.180.1.21/networking/v2.0/security-groups 0.243s
2025-11-22 07:01:31.903 66182 INFO tempest.lib.common.rest_client [req-bb537262-d642-424b-a3ea-277fff2e4f90 req-bb537262-d642-424b-a3ea-277fff2e4f90 ] Request (ServerGroup264TestJSON:tearDownClass): 200 PUT http://10.180.1.21/networking/v2.0/routers/6e054c49-eeac-471f-aa3a-6011c6abd64f/remove_router_interface 0.930s
2025-11-22 07:01:32.003 66180 INFO tempest.lib.common.rest_client [req-5ab116b2-cd0a-4be2-8d94-200987c2324f req-5ab116b2-cd0a-4be2-8d94-200987c2324f ] Request (ServerActionsTestOtherB:setUpClass): 201 POST http://10.180.1.21/networking/v2.0/security-group-rules 0.293s
2025-11-22 07:01:32.041 66178 INFO tempest.lib.common.rest_client [req-0caeabb5-7c89-4c23-aaa7-6675fd03f090 req-0caeabb5-7c89-4c23-aaa7-6675fd03f090 ] Request (ServerActionsTestOtherA:test_rebuild_server_in_stop_state): 200 GET http://10.180.1.21/compute/v2.1/servers/783680df-847f-48c5-987b-02d382d5729c 1.224s
2025-11-22 07:01:32.046 66184 INFO tempest.lib.common.rest_client [req-6073ffda-7cb7-4580-bf55-32d1b832db4e req-6073ffda-7cb7-4580-bf55-32d1b832db4e ] Request (ServersNegativeTestJSON:setUpClass): 201 POST http://10.180.1.21/networking/v2.0/networks 0.529s
2025-11-22 07:01:32.158 66176 INFO tempest.lib.common.rest_client [req-a4578078-4490-42f9-abcd-fcbba43ef1ef req-a4578078-4490-42f9-abcd-fcbba43ef1ef ] Request (ListServerFiltersTestJSON:tearDownClass): 204 DELETE http://10.180.1.21/compute/v2.1/servers/8e2587d3-f730-47aa-b3e2-0ea94ab90ad5 1.153s
2025-11-22 07:01:32.180 66180 INFO tempest.lib.common.rest_client [req-b8283ba9-4f8d-42eb-b8e6-343df5905e5a req-b8283ba9-4f8d-42eb-b8e6-343df5905e5a ] Request (ServerActionsTestOtherB:setUpClass): 201 POST http://10.180.1.21/networking/v2.0/security-group-rules 0.176s
2025-11-22 07:01:32.277 66202 INFO tempest.lib.common.rest_client [req-d3c3c3a0-804f-4fa3-863a-16930f9ea20b req-d3c3c3a0-804f-4fa3-863a-16930f9ea20b ] Request (ServerDiagnosticsV248Test:test_get_server_diagnostics): 200 GET http://10.180.1.21/compute/v2.1/servers/02ad8316-fdba-48c9-9f17-d1865c0d18b6/diagnostics 1.304s
2025-11-22 07:01:32.422 66184 INFO tempest.lib.common.rest_client [req-dbc09ce4-468c-4963-80ca-b466deb44493 req-dbc09ce4-468c-4963-80ca-b466deb44493 ] Request (ServersNegativeTestJSON:setUpClass): 201 POST http://10.180.1.21/networking/v2.0/subnets 0.372s
2025-11-22 07:01:32.506 66182 INFO tempest.lib.common.rest_client [req-18ec868d-ab32-49da-a54f-d6cc2c9b4f3b req-18ec868d-ab32-49da-a54f-d6cc2c9b4f3b ] Request (ServerGroup264TestJSON:tearDownClass): 204 DELETE http://10.180.1.21/networking/v2.0/routers/6e054c49-eeac-471f-aa3a-6011c6abd64f 0.602s
2025-11-22 07:01:32.545 66208 INFO tempest.lib.common.rest_client [req-50c15295-c604-496a-946e-342672df1eed req-50c15295-c604-496a-946e-342672df1eed ] Request (ServersListShow296Test:tearDownClass): 200 GET http://10.180.1.21/compute/v2.1/servers/5f80cf7f-1ae2-49f9-b0d4-bbaa6f15e3e4 1.500s
2025-11-22 07:01:32.611 66196 INFO tempest.lib.common.rest_client [req-3f5967dc-f24f-4bed-880e-1dd2c3ac9772 req-3f5967dc-f24f-4bed-880e-1dd2c3ac9772 ] Request (AttachVolumeNegativeTest:test_attach_attached_volume_to_different_server): 200 GET http://10.180.1.21/compute/v2.1/servers/99a1e567-be63-4209-8655-b414a32ec608 1.430s
2025-11-22 07:01:32.790 66200 INFO paramiko.transport [-] Connected (version 2.0, client dropbear_2020.81)
2025-11-22 07:01:32.901 66200 INFO paramiko.transport [-] Authentication (publickey) successful!
2025-11-22 07:01:32.901 66200 INFO tempest.lib.common.ssh [-] ssh connection to cirros@10.180.180.150 successfully created
2025-11-22 07:01:32.925 66180 INFO tempest.lib.common.rest_client [req-549d9903-d611-4a7b-b5b9-53d10ab6c070 req-549d9903-d611-4a7b-b5b9-53d10ab6c070 ] Request (ServerActionsTestOtherB:setUpClass): 201 POST http://10.180.1.21/networking/v2.0/floatingips 0.744s
2025-11-22 07:01:33.009 66180 INFO tempest.lib.common.rest_client [req-8517642d-3c10-45f0-a455-c3b0fbc488b4 req-8517642d-3c10-45f0-a455-c3b0fbc488b4 ] Request (ServerActionsTestOtherB:setUpClass): 201 POST http://10.180.1.21/identity/v3/auth/tokens 0.080s
2025-11-22 07:01:33.010 66180 INFO tempest.lib.common.fixed_network [-] (ServerActionsTestOtherB:setUpClass) Found network {'id': 'd040e8f1-f15c-4a56-8d2c-fa36dc603933', 'name': 'tempest-ServerActionsTestOtherB-334834758-network', 'tenant_id': 'dcc60bc94d8a45fc87b22615691b4cf4', 'project_id': 'dcc60bc94d8a45fc87b22615691b4cf4', 'admin_state_up': True, 'mtu': 8950, 'status': 'ACTIVE', 'subnets': [], 'shared': False, 'port_security_enabled': True, 'router:external': False, 'provider:network_type': 'vlan', 'provider:physical_network': 'default', 'provider:segmentation_id': 988, 'availability_zone_hints': [], 'availability_zones': [], 'ipv4_address_scope': None, 'ipv6_address_scope': None, 'description': '', 'tags': [], 'created_at': '2025-11-22T07:01:27Z', 'updated_at': '2025-11-22T07:01:27Z', 'revision_number': 1} available for tenant
2025-11-22 07:01:33.075 66182 INFO tempest.lib.common.rest_client [req-3087efa9-7436-448f-87bf-4e89639719e3 req-3087efa9-7436-448f-87bf-4e89639719e3 ] Request (ServerGroup264TestJSON:tearDownClass): 204 DELETE http://10.180.1.21/networking/v2.0/subnets/1fdec9f0-a14e-4fe5-9202-a931c367f093 0.568s
2025-11-22 07:01:33.117 66186 INFO tempest.lib.common.rest_client [req-0932c973-82ad-481c-bd52-b14cd8955a1f req-0932c973-82ad-481c-bd52-b14cd8955a1f ] Request (ListImageFiltersTestJSON:setUpClass): 200 GET http://10.180.1.21/compute/v2.1/servers/cb115f34-d4a3-458f-9334-bfadc9e68c4d 1.616s
2025-11-22 07:01:33.134 66228 INFO tempest.lib.common.rest_client [req-bde97f29-cc77-4c05-b3d8-9a6149dad90c req-bde97f29-cc77-4c05-b3d8-9a6149dad90c ] Request (AttachInterfacesTestJSON:_run_cleanups): 200 GET http://10.180.1.21/compute/v2.1/servers/ef02007b-844b-47c3-91d7-9a0a17b09fef 1.617s
2025-11-22 07:01:33.143 66228 INFO tempest.common.waiters [-] State transition "ACTIVE/deleting" ==> "DELETED/None" after 7 second wait
2025-11-22 07:01:33.428 66182 INFO tempest.lib.common.rest_client [req-6210c07f-5294-4c9c-8f16-099ba3806468 req-6210c07f-5294-4c9c-8f16-099ba3806468 ] Request (ServerGroup264TestJSON:tearDownClass): 204 DELETE http://10.180.1.21/networking/v2.0/networks/3a2c714c-8c67-4979-aecc-1363bc536102 0.353s
2025-11-22 07:01:33.451 66184 INFO tempest.lib.common.rest_client [req-1c6e424b-7b09-4a50-a325-2f2dc8155b4a req-1c6e424b-7b09-4a50-a325-2f2dc8155b4a ] Request (ServersNegativeTestJSON:setUpClass): 201 POST http://10.180.1.21/networking/v2.0/routers 1.029s
2025-11-22 07:01:33.487 66174 INFO tempest.lib.common.rest_client [req-31afccb0-9197-4451-be30-ccf8da0387fb req-31afccb0-9197-4451-be30-ccf8da0387fb ] Request (SecurityGroupsTestJSON:test_server_security_groups): 200 GET http://10.180.1.21/compute/v2.1/servers/f666f398-5ab9-48b1-9880-a53ffd3a3e41 1.731s
2025-11-22 07:01:33.517 66188 INFO tempest.lib.common.rest_client [req-6d48b763-0a09-4d98-b521-23aad1f3293a req-6d48b763-0a09-4d98-b521-23aad1f3293a ] Request (ServerPasswordTestJSON:tearDownClass): 404 GET http://10.180.1.21/compute/v2.1/servers/592fd683-4324-4969-856f-53af28cfc956 1.744s
2025-11-22 07:01:33.563 66182 INFO tempest.lib.common.rest_client [req-4a8b85e8-0eb5-4cf4-b6d9-0b98ac384d4e req-4a8b85e8-0eb5-4cf4-b6d9-0b98ac384d4e ] Request (ServerGroup264TestJSON:tearDownClass): 204 DELETE http://10.180.1.21/identity/v3/users/aeeed40729754fc59f0577692374fb86 0.135s
2025-11-22 07:01:33.564 66182 INFO tempest.lib.common.dynamic_creds [-] Deleting project and security group for project: 11211b7b6c8a4484934baf1b4b811a85
2025-11-22 07:01:33.607 66192 INFO tempest.lib.common.rest_client [req-c1932757-6bcc-471a-b955-9ddb72cef3b1 req-c1932757-6bcc-471a-b955-9ddb72cef3b1 ] Request (MigrationsAdminTest:test_resize_server_revert_deleted_flavor): 200 GET http://10.180.1.21/compute/v2.1/servers/e0cc4f23-2127-46b1-8e85-97910d3cc570 2.037s
2025-11-22 07:01:34.464 66188 INFO tempest.lib.common.rest_client [req-6ac9f10c-31fe-4b4d-9195-9751efeb971d req-6ac9f10c-31fe-4b4d-9195-9751efeb971d ] Request (ServerPasswordTestJSON:tearDownClass): 200 PUT http://10.180.1.21/networking/v2.0/routers/bab2ab67-a961-4e68-8a09-dd7dea54810e/remove_router_interface 0.947s
2025-11-22 07:01:34.495 66182 INFO tempest.lib.common.rest_client [req-8628e950-ce4d-415c-853b-35ff70a8d409 req-8628e950-ce4d-415c-853b-35ff70a8d409 ] Request (ServerGroup264TestJSON:tearDownClass): 200 GET http://10.180.1.21/networking/v2.0/security-groups?tenant_id=11211b7b6c8a4484934baf1b4b811a85&name=default 0.931s
2025-11-22 07:01:34.526 66190 INFO tempest.lib.common.rest_client [req-d0f2a5b5-7361-4deb-a04f-5a4f5d30d240 req-d0f2a5b5-7361-4deb-a04f-5a4f5d30d240 ] Request (FloatingIPsAssociationTestJSON:tearDownClass): 200 GET http://10.180.1.21/compute/v2.1/servers/9962dfae-4075-41c5-99f5-ad96564a5c42 2.702s
2025-11-22 07:01:34.548 66184 INFO tempest.lib.common.rest_client [req-252b483a-d606-449e-b96e-96f497799657 req-252b483a-d606-449e-b96e-96f497799657 ] Request (ServersNegativeTestJSON:setUpClass): 200 PUT http://10.180.1.21/networking/v2.0/routers/cf7a86fb-a7be-4767-bc42-08ea60595731/add_router_interface 1.097s
2025-11-22 07:01:34.549 66184 INFO tempest.lib.common.dynamic_creds [-] Created isolated network resources for: credentials: Credentials: {'domain_id': 'default', 'domain_name': 'Default', 'username': 'tempest-ServersNegativeTestJSON-1922042384-project-member', 'project_domain_id': 'default', 'project_domain_name': 'Default', 'project_id': 'de71f227fbe24cef8c5c3d17ca49f203', 'project_name': 'tempest-ServersNegativeTestJSON-1922042384', 'tenant_id': 'de71f227fbe24cef8c5c3d17ca49f203', 'tenant_name': 'tempest-ServersNegativeTestJSON-1922042384', 'user_domain_id': 'default', 'user_domain_name': 'Default', 'user_id': 'b394268bfb8645bcaa5362ccc6893c80', 'system': None}, Network: {'id': 'b0bdc6d5-ad9a-4cfb-8d77-2b896f96b53c', 'name': 'tempest-ServersNegativeTestJSON-408830017-network', 'tenant_id': 'de71f227fbe24cef8c5c3d17ca49f203', 'project_id': 'de71f227fbe24cef8c5c3d17ca49f203', 'admin_state_up': True, 'mtu': 8950, 'status': 'ACTIVE', 'subnets': [], 'shared': False, 'port_security_enabled': True, 'router:external': False, 'provider:network_type': 'vlan', 'provider:physical_network': 'default', 'provider:segmentation_id': 348, 'availability_zone_hints': [], 'availability_zones': [], 'ipv4_address_scope': None, 'ipv6_address_scope': None, 'description': '', 'tags': [], 'created_at': '2025-11-22T07:01:31Z', 'updated_at': '2025-11-22T07:01:31Z', 'revision_number': 1}, Subnet: {'id': '1b5b18cc-076a-4c29-8c4e-4eab6d7a8117', 'name': 'tempest-ServersNegativeTestJSON-408830017-subnet', 'tenant_id': 'de71f227fbe24cef8c5c3d17ca49f203', 'network_id': 'b0bdc6d5-ad9a-4cfb-8d77-2b896f96b53c', 'ip_version': 4, 'subnetpool_id': None, 'enable_dhcp': True, 'ipv6_ra_mode': None, 'ipv6_address_mode': None, 'gateway_ip': '192.168.128.1', 'cidr': '192.168.128.0/28', 'allocation_pools': [{'start': '192.168.128.2', 'end': '192.168.128.14'}], 'host_routes': [], 'dns_nameservers': [], 'description': '', 'router:external': False, 'service_types': [], 'tags': [], 'created_at': '2025-11-22T07:01:32Z', 'updated_at': '2025-11-22T07:01:32Z', 'revision_number': 0, 'project_id': 'de71f227fbe24cef8c5c3d17ca49f203'}, Router: {'id': 'cf7a86fb-a7be-4767-bc42-08ea60595731', 'name': 'tempest-ServersNegativeTestJSON-408830017-router', 'tenant_id': 'de71f227fbe24cef8c5c3d17ca49f203', 'admin_state_up': True, 'status': 'ACTIVE', 'external_gateway_info': {'network_id': '9c1cc0f0-ebed-455b-8b07-64068ce2c0af', 'external_fixed_ips': [{'subnet_id': 'b149e916-7896-4e87-95d7-c142b2772e9d', 'ip_address': '10.180.180.143'}], 'enable_snat': True}, 'description': '', 'availability_zones': [], 'distributed': False, 'ha': False, 'availability_zone_hints': [], 'routes': [], 'flavor_id': None, 'tags': [], 'created_at': '2025-11-22T07:01:32Z', 'updated_at': '2025-11-22T07:01:33Z', 'revision_number': 2, 'project_id': 'de71f227fbe24cef8c5c3d17ca49f203'}
2025-11-22 07:01:34.584 66216 INFO tempest.lib.common.rest_client [req-980df753-8f23-43c4-8b28-92c3c27fb178 req-980df753-8f23-43c4-8b28-92c3c27fb178 ] Request (ServerMetadataNegativeTestJSON:setUpClass): 200 GET http://10.180.1.21/compute/v2.1/servers/07f825a6-df7f-4680-bcec-1f62a9abc472 2.738s
2025-11-22 07:01:34.674 66184 INFO tempest.lib.common.rest_client [req-de9c0b20-cb43-4b7f-926b-a6a74deeba0c req-de9c0b20-cb43-4b7f-926b-a6a74deeba0c ] Request (ServersNegativeTestJSON:setUpClass): 201 POST http://10.180.1.21/identity/v3/auth/tokens 0.117s
2025-11-22 07:01:34.712 66184 INFO tempest.lib.common.rest_client [req-8795874a-db79-4708-bdf5-ba1f6ae72ba0 req-8795874a-db79-4708-bdf5-ba1f6ae72ba0 ] Request (ServersNegativeTestJSON:setUpClass): 201 POST http://10.180.1.21/identity/v3/auth/tokens 0.034s
2025-11-22 07:01:34.713 66184 INFO tempest.lib.common.fixed_network [-] (ServersNegativeTestJSON:setUpClass) Found network {'id': 'b0bdc6d5-ad9a-4cfb-8d77-2b896f96b53c', 'name': 'tempest-ServersNegativeTestJSON-408830017-network', 'tenant_id': 'de71f227fbe24cef8c5c3d17ca49f203', 'project_id': 'de71f227fbe24cef8c5c3d17ca49f203', 'admin_state_up': True, 'mtu': 8950, 'status': 'ACTIVE', 'subnets': [], 'shared': False, 'port_security_enabled': True, 'router:external': False, 'provider:network_type': 'vlan', 'provider:physical_network': 'default', 'provider:segmentation_id': 348, 'availability_zone_hints': [], 'availability_zones': [], 'ipv4_address_scope': None, 'ipv6_address_scope': None, 'description': '', 'tags': [], 'created_at': '2025-11-22T07:01:31Z', 'updated_at': '2025-11-22T07:01:31Z', 'revision_number': 1} available for tenant
2025-11-22 07:01:34.753 66182 INFO tempest.lib.common.rest_client [req-ff233939-208c-4648-84fe-6b9dabb61928 req-ff233939-208c-4648-84fe-6b9dabb61928 ] Request (ServerGroup264TestJSON:tearDownClass): 204 DELETE http://10.180.1.21/networking/v2.0/security-groups/9450258a-58cc-4c7d-9cfd-00197aaabd4e 0.257s
2025-11-22 07:01:34.775 66170 INFO tempest.lib.common.rest_client [req-185b273b-c2db-42eb-b6d7-334641629b20 req-185b273b-c2db-42eb-b6d7-334641629b20 ] Request (ImagesOneServerNegativeTestJSON:_run_cleanups): 200 GET http://10.180.1.21/compute/v2.1/servers/d1001cbc-5243-4b1b-805a-87bd6c2e0187 2.888s
2025-11-22 07:01:34.802 66198 INFO tempest.lib.common.rest_client [req-7863a6c3-a3c3-4de8-9a02-62ca2cb51a15 req-7863a6c3-a3c3-4de8-9a02-62ca2cb51a15 ] Request (ServerRescueNegativeTestJSON:test_rescued_vm_detach_volume): 200 GET http://10.180.1.21/compute/v2.1/servers/30800e6e-7073-40d4-a2fb-5291d1febcda 2.893s
2025-11-22 07:01:34.881 66182 INFO tempest.lib.common.rest_client [req-09994967-5531-4280-8d4d-7d35abf38d68 req-09994967-5531-4280-8d4d-7d35abf38d68 ] Request (ServerGroup264TestJSON:tearDownClass): 204 DELETE http://10.180.1.21/identity/v3/projects/11211b7b6c8a4484934baf1b4b811a85 0.127s
2025-11-22 07:01:34.993 66182 INFO tempest.lib.common.rest_client [req-872027ba-bf91-4e72-92e8-6c27317c58da req-872027ba-bf91-4e72-92e8-6c27317c58da ] Request (ServerShowV263Test:setUpClass): 201 POST http://10.180.1.21/identity/v3/auth/tokens 0.110s
2025-11-22 07:01:35.020 66188 INFO tempest.lib.common.rest_client [req-da5a6017-915f-4dd2-b333-c0a036940320 req-da5a6017-915f-4dd2-b333-c0a036940320 ] Request (ServerPasswordTestJSON:tearDownClass): 204 DELETE http://10.180.1.21/networking/v2.0/routers/bab2ab67-a961-4e68-8a09-dd7dea54810e 0.555s
2025-11-22 07:01:35.036 66182 INFO tempest.lib.common.rest_client [req-724d74be-90e8-416d-a289-8d56757a4215 req-724d74be-90e8-416d-a289-8d56757a4215 ] Request (ServerShowV263Test:setUpClass): 201 POST http://10.180.1.21/identity/v3/auth/tokens 0.040s
2025-11-22 07:01:35.048 66226 INFO tempest.lib.common.rest_client [req-664f22ab-2655-4a90-8fe8-58a6776320cf req-664f22ab-2655-4a90-8fe8-58a6776320cf ] Request (ListServersNegativeTestJSON:setUpClass): 200 GET http://10.180.1.21/compute/v2.1/servers/9ebaf461-66b9-451b-8103-a8a81ddb1606 2.908s
2025-11-22 07:01:35.048 66172 INFO tempest.lib.common.rest_client [req-47689dd4-7768-4508-9132-7e99518d3bd3 req-47689dd4-7768-4508-9132-7e99518d3bd3 ] Request (ServersAdminNegativeTestJSON:tearDownClass): 200 GET http://10.180.1.21/compute/v2.1/servers/509b846b-de85-48ab-b631-bc2f316a9d41 3.086s
2025-11-22 07:01:35.065 66182 INFO tempest.lib.common.rest_client [req-2e4d4f61-f24f-485b-96a7-6c985781da8a req-2e4d4f61-f24f-485b-96a7-6c985781da8a ] Request (ServerShowV263Test:setUpClass): 200 GET http://10.180.1.21/identity/v3/domains?name=Default 0.028s
2025-11-22 07:01:35.109 66182 INFO tempest.lib.common.rest_client [req-0eb64827-8e69-4c52-af44-6ff966f82126 req-0eb64827-8e69-4c52-af44-6ff966f82126 ] Request (ServerShowV263Test:setUpClass): 201 POST http://10.180.1.21/identity/v3/projects 0.043s
2025-11-22 07:01:35.155 66176 INFO tempest.lib.common.rest_client [req-932e20a8-2f5c-49df-94d0-53992d1fc14b req-932e20a8-2f5c-49df-94d0-53992d1fc14b ] Request (ListServerFiltersTestJSON:tearDownClass): 200 GET http://10.180.1.21/compute/v2.1/servers/8e2587d3-f730-47aa-b3e2-0ea94ab90ad5 2.996s
2025-11-22 07:01:35.180 66188 INFO tempest.lib.common.rest_client [req-850c0ad8-21f5-4aba-8f0a-f2c03db8a483 req-850c0ad8-21f5-4aba-8f0a-f2c03db8a483 ] Request (ServerPasswordTestJSON:tearDownClass): 204 DELETE http://10.180.1.21/networking/v2.0/subnets/9a86ae85-6d48-4b23-a871-99b5954effca 0.160s
2025-11-22 07:01:35.193 66182 INFO tempest.lib.common.rest_client [req-798e0ce4-fbb5-4ca7-8340-302e224e958d req-798e0ce4-fbb5-4ca7-8340-302e224e958d ] Request (ServerShowV263Test:setUpClass): 201 POST http://10.180.1.21/identity/v3/users 0.083s
2025-11-22 07:01:35.201 66168 INFO tempest.lib.common.rest_client [req-dbc3bec5-ec92-4a47-affc-59e0393cb233 req-dbc3bec5-ec92-4a47-affc-59e0393cb233 ] Request (InstanceActionsTestJSON:test_list_instance_actions): 200 GET http://10.180.1.21/compute/v2.1/servers/68d0a63b-f7fe-4407-a9b8-c99a6d5c9f0b 3.021s
2025-11-22 07:01:35.213 66194 INFO tempest.lib.common.rest_client [req-357c994b-6359-4dbb-8ddd-1445f01200a4 req-357c994b-6359-4dbb-8ddd-1445f01200a4 ] Request (ImagesTestJSON:test_create_image_from_suspended_server): 200 GET http://10.180.1.21/compute/v2.1/images/4694646b-fcc3-46c0-9e35-cf9a714181bf 2.988s
2025-11-22 07:01:35.214 66168 INFO tempest.common.waiters [-] State transition "HARD_REBOOT/rebooting_hard" ==> "ACTIVE/None" after 8 second wait
2025-11-22 07:01:35.228 66182 INFO tempest.lib.common.rest_client [req-e5f5ca7c-b724-4e03-8316-5d5830bbd671 req-e5f5ca7c-b724-4e03-8316-5d5830bbd671 ] Request (ServerShowV263Test:setUpClass): 200 GET http://10.180.1.21/identity/v3/roles 0.034s
2025-11-22 07:01:35.288 66182 INFO tempest.lib.common.rest_client [req-c623705c-fc55-4e50-8e6f-1fb8d8ea9fa7 req-c623705c-fc55-4e50-8e6f-1fb8d8ea9fa7 ] Request (ServerShowV263Test:setUpClass): 204 PUT http://10.180.1.21/identity/v3/projects/2591b912e7df4a6fbe4b4e8b6aa36ca6/users/492e259de87749a9865737d286434ba6/roles/3e9d1dc623cc4ea8b5897aafda021c34 0.060s
2025-11-22 07:01:35.289 66182 INFO tempest.lib.common.dynamic_creds [-] Dynamic test user 492e259de87749a9865737d286434ba6 is created with scope project and roles: ['member']
2025-11-22 07:01:35.289 66182 INFO tempest.lib.common.dynamic_creds [-] Acquired dynamic creds: credentials: Credentials: {'domain_id': 'default', 'domain_name': 'Default', 'username': 'tempest-ServerShowV263Test-815235319-project-member', 'project_domain_id': 'default', 'project_domain_name': 'Default', 'project_id': '2591b912e7df4a6fbe4b4e8b6aa36ca6', 'project_name': 'tempest-ServerShowV263Test-815235319', 'tenant_id': '2591b912e7df4a6fbe4b4e8b6aa36ca6', 'tenant_name': 'tempest-ServerShowV263Test-815235319', 'user_domain_id': 'default', 'user_domain_name': 'Default', 'user_id': '492e259de87749a9865737d286434ba6', 'system': None}, Network: None, Subnet: None, Router: None
2025-11-22 07:01:35.289 66182 INFO tempest.lib.common.dynamic_creds [-] Created isolated network resources for: credentials: Credentials: {'domain_id': 'default', 'domain_name': 'Default', 'username': 'tempest-ServerShowV263Test-815235319-project-member', 'project_domain_id': 'default', 'project_domain_name': 'Default', 'project_id': '2591b912e7df4a6fbe4b4e8b6aa36ca6', 'project_name': 'tempest-ServerShowV263Test-815235319', 'tenant_id': '2591b912e7df4a6fbe4b4e8b6aa36ca6', 'tenant_name': 'tempest-ServerShowV263Test-815235319', 'user_domain_id': 'default', 'user_domain_name': 'Default', 'user_id': '492e259de87749a9865737d286434ba6', 'system': None}, Network: None, Subnet: None, Router: None
2025-11-22 07:01:35.335 66200 INFO tempest.lib.common.rest_client [req-d254ecbe-aba6-4286-877a-5bb87fdc9eaa req-d254ecbe-aba6-4286-877a-5bb87fdc9eaa ] Request (ServersTestFqdnHostnames:tearDownClass): 204 DELETE http://10.180.1.21/compute/v2.1/servers/8a56050e-3c27-4d61-9059-3c458cb1e114 2.425s
2025-11-22 07:01:35.343 66206 INFO tempest.lib.common.rest_client [req-241b2144-86eb-4745-9325-cef7c25e22ca req-241b2144-86eb-4745-9325-cef7c25e22ca ] Request (ServersV294TestFqdnHostnames:setUpClass): 200 GET http://10.180.1.21/compute/v2.1/servers/238f3ba7-b41d-4e18-9bfd-9c4be89f91ab 3.030s
2025-11-22 07:01:35.424 66182 INFO tempest.lib.common.rest_client [req-7d2d896f-55ce-4b10-9dce-ce41a0cec488 req-7d2d896f-55ce-4b10-9dce-ce41a0cec488 ] Request (ServerShowV263Test:setUpClass): 201 POST http://10.180.1.21/identity/v3/auth/tokens 0.132s
2025-11-22 07:01:35.485 66182 INFO tempest.lib.common.rest_client [req-bd60a7ce-e09c-43a5-b7c6-c6959be39706 req-bd60a7ce-e09c-43a5-b7c6-c6959be39706 ] Request (ServerShowV263Test:setUpClass): 200 GET http://10.180.1.21/identity/v3/projects/2591b912e7df4a6fbe4b4e8b6aa36ca6 0.060s
2025-11-22 07:01:35.485 66182 INFO tempest.lib.common.dynamic_creds [-] Using the existing project 2591b912e7df4a6fbe4b4e8b6aa36ca6 for scope project and roles: ['reader']
2025-11-22 07:01:35.523 66182 INFO tempest.lib.common.rest_client [req-17806e0c-fbcc-4c62-bbcd-d922ad17cef0 req-17806e0c-fbcc-4c62-bbcd-d922ad17cef0 ] Request (ServerShowV263Test:setUpClass): 201 POST http://10.180.1.21/identity/v3/users 0.037s
2025-11-22 07:01:35.532 66188 INFO tempest.lib.common.rest_client [req-fa280372-e1b8-40fa-960b-223b49ca8c64 req-fa280372-e1b8-40fa-960b-223b49ca8c64 ] Request (ServerPasswordTestJSON:tearDownClass): 204 DELETE http://10.180.1.21/networking/v2.0/networks/f10b7fa4-5e11-45d8-9bba-af4257d9dea4 0.351s
2025-11-22 07:01:35.554 66178 INFO tempest.lib.common.rest_client [req-20d17a8f-7125-472b-918a-f03cabc51253 req-20d17a8f-7125-472b-918a-f03cabc51253 ] Request (ServerActionsTestOtherA:test_rebuild_server_in_stop_state): 200 GET http://10.180.1.21/compute/v2.1/servers/783680df-847f-48c5-987b-02d382d5729c 2.498s
2025-11-22 07:01:35.556 66182 INFO tempest.lib.common.rest_client [req-51906153-af82-434b-8cdc-89d1bd58f114 req-51906153-af82-434b-8cdc-89d1bd58f114 ] Request (ServerShowV263Test:setUpClass): 200 GET http://10.180.1.21/identity/v3/roles 0.033s
2025-11-22 07:01:35.563 66178 INFO tempest.common.waiters [-] State transition "BUILD/spawning" ==> "ACTIVE/None" after 36 second wait
2025-11-22 07:01:35.611 66182 INFO tempest.lib.common.rest_client [req-29d3e216-d509-46c3-8bb3-c3cc313e6764 req-29d3e216-d509-46c3-8bb3-c3cc313e6764 ] Request (ServerShowV263Test:setUpClass): 204 PUT http://10.180.1.21/identity/v3/projects/2591b912e7df4a6fbe4b4e8b6aa36ca6/users/45e26f21fae2461cb33913002ed92404/roles/59f238a1d7314fd2baaaf3180cb4186b 0.054s
2025-11-22 07:01:35.611 66182 INFO tempest.lib.common.dynamic_creds [-] Dynamic test user 45e26f21fae2461cb33913002ed92404 is created with scope project and roles: ['reader']
2025-11-22 07:01:35.611 66182 INFO tempest.lib.common.dynamic_creds [-] Acquired dynamic creds: credentials: Credentials: {'domain_id': 'default', 'domain_name': 'Default', 'username': 'tempest-ServerShowV263Test-815235319-project-reader', 'project_domain_id': 'default', 'project_domain_name': 'Default', 'project_id': '2591b912e7df4a6fbe4b4e8b6aa36ca6', 'project_name': 'tempest-ServerShowV263Test-815235319', 'tenant_id': '2591b912e7df4a6fbe4b4e8b6aa36ca6', 'tenant_name': 'tempest-ServerShowV263Test-815235319', 'user_domain_id': 'default', 'user_domain_name': 'Default', 'user_id': '45e26f21fae2461cb33913002ed92404', 'system': None}, Network: None, Subnet: None, Router: None
2025-11-22 07:01:35.611 66182 INFO tempest.lib.common.dynamic_creds [-] Network resources are not created for requested scope: project and credentials: Credentials: {'domain_id': 'default', 'domain_name': 'Default', 'username': 'tempest-ServerShowV263Test-815235319-project-reader', 'project_domain_id': 'default', 'project_domain_name': 'Default', 'project_id': '2591b912e7df4a6fbe4b4e8b6aa36ca6', 'project_name': 'tempest-ServerShowV263Test-815235319', 'tenant_id': '2591b912e7df4a6fbe4b4e8b6aa36ca6', 'tenant_name': 'tempest-ServerShowV263Test-815235319', 'user_domain_id': 'default', 'user_domain_name': 'Default', 'user_id': '45e26f21fae2461cb33913002ed92404', 'system': None}, Network: None, Subnet: None, Router: None
2025-11-22 07:01:35.665 66208 INFO tempest.lib.common.rest_client [req-82dad1d0-ebdb-4ae0-b19e-1306d3e0cca4 req-82dad1d0-ebdb-4ae0-b19e-1306d3e0cca4 ] Request (ServersListShow296Test:tearDownClass): 200 GET http://10.180.1.21/compute/v2.1/servers/5f80cf7f-1ae2-49f9-b0d4-bbaa6f15e3e4 2.101s
2025-11-22 07:01:35.669 66188 INFO tempest.lib.common.rest_client [req-557a3177-6022-4582-8698-429eb38f016f req-557a3177-6022-4582-8698-429eb38f016f ] Request (ServerPasswordTestJSON:tearDownClass): 204 DELETE http://10.180.1.21/identity/v3/users/21b29981e96d4a99bfa15306110aba54 0.137s
2025-11-22 07:01:35.672 66188 INFO tempest.lib.common.dynamic_creds [-] Deleting project and security group for project: 8c2151605a88400fb18a180a904e1106
2025-11-22 07:01:35.684 66208 INFO tempest.common.waiters [-] State transition "ACTIVE/deleting" ==> "DELETED/None" after 5 second wait
2025-11-22 07:01:35.725 66188 INFO tempest.lib.common.rest_client [req-74ecd1fa-b59e-47f5-be62-cccd3b625fe9 req-74ecd1fa-b59e-47f5-be62-cccd3b625fe9 ] Request (ServerPasswordTestJSON:tearDownClass): 200 GET http://10.180.1.21/networking/v2.0/security-groups?tenant_id=8c2151605a88400fb18a180a904e1106&name=default 0.053s
2025-11-22 07:01:35.752 66182 INFO tempest.lib.common.rest_client [req-118bbb17-3fba-4d18-b675-d6d5de8e50c4 req-118bbb17-3fba-4d18-b675-d6d5de8e50c4 ] Request (ServerShowV263Test:setUpClass): 201 POST http://10.180.1.21/identity/v3/auth/tokens 0.137s
2025-11-22 07:01:35.806 66196 INFO tempest.lib.common.rest_client [req-f6e0a477-866a-49e3-ba0a-0e1f705df723 req-f6e0a477-866a-49e3-ba0a-0e1f705df723 ] Request (AttachVolumeNegativeTest:test_attach_attached_volume_to_different_server): 200 GET http://10.180.1.21/compute/v2.1/servers/99a1e567-be63-4209-8655-b414a32ec608 2.185s
2025-11-22 07:01:35.828 66188 INFO tempest.lib.common.rest_client [req-dceb45c0-16cc-4a1d-aeb8-7cb8104f9331 req-dceb45c0-16cc-4a1d-aeb8-7cb8104f9331 ] Request (ServerPasswordTestJSON:tearDownClass): 204 DELETE http://10.180.1.21/networking/v2.0/security-groups/fc4a2754-49d5-4084-b404-c1f67590102a 0.102s
2025-11-22 07:01:35.880 66182 INFO tempest.lib.common.rest_client [req-8853da09-0a02-4b78-a074-00d050c69375 req-8853da09-0a02-4b78-a074-00d050c69375 ] Request (ServerShowV263Test:tearDownClass): 204 DELETE http://10.180.1.21/identity/v3/users/492e259de87749a9865737d286434ba6 0.121s
2025-11-22 07:01:35.882 66186 INFO tempest.lib.common.rest_client [req-34e30dee-aa61-4ba4-99f8-efecc10247f8 req-34e30dee-aa61-4ba4-99f8-efecc10247f8 ] Request (ListImageFiltersTestJSON:setUpClass): 200 GET http://10.180.1.21/compute/v2.1/servers/cb115f34-d4a3-458f-9334-bfadc9e68c4d 1.756s
2025-11-22 07:01:35.890 66186 INFO tempest.common.waiters [-] State transition "BUILD/scheduling" ==> "BUILD/None" after 2 second wait
2025-11-22 07:01:35.956 66228 INFO tempest.lib.common.rest_client [req-9a7ab150-00ca-4571-a62f-03aa91a227fb req-9a7ab150-00ca-4571-a62f-03aa91a227fb ] Request (AttachInterfacesTestJSON:_run_cleanups): 200 GET http://10.180.1.21/compute/v2.1/servers/ef02007b-844b-47c3-91d7-9a0a17b09fef 1.811s
2025-11-22 07:01:35.970 66188 INFO tempest.lib.common.rest_client [req-7494d76f-f092-4e6a-80d7-2691c499b44b req-7494d76f-f092-4e6a-80d7-2691c499b44b ] Request (ServerPasswordTestJSON:tearDownClass): 204 DELETE http://10.180.1.21/identity/v3/projects/8c2151605a88400fb18a180a904e1106 0.141s
2025-11-22 07:01:35.971 66188 INFO tempest.test [-] raised in ServerStableDeviceRescueTestIDE.setUpClass. Invoking tearDownClass.
2025-11-22 07:01:35.973 66180 INFO tempest.lib.common.rest_client [req-75110c90-04c9-464f-8f31-cdfda028476d req-75110c90-04c9-464f-8f31-cdfda028476d ] Request (ServerActionsTestOtherB:setUpClass): 202 POST http://10.180.1.21/compute/v2.1/servers 2.962s
2025-11-22 07:01:35.987 66182 INFO tempest.lib.common.rest_client [req-a1dbab9d-f96d-4ebf-8c19-0f1fa6f52d3c req-a1dbab9d-f96d-4ebf-8c19-0f1fa6f52d3c ] Request (ServerShowV263Test:tearDownClass): 204 DELETE http://10.180.1.21/identity/v3/users/45e26f21fae2461cb33913002ed92404 0.106s
2025-11-22 07:01:35.987 66182 INFO tempest.lib.common.dynamic_creds [-] Deleting project and security group for project: 2591b912e7df4a6fbe4b4e8b6aa36ca6
2025-11-22 07:01:36.031 66225 WARNING tempest.lib.common.ssh [-] Failed to establish authenticated ssh connection to cirros@10.180.180.168 ([Errno None] Unable to connect to port 22 on 10.180.180.168). Number attempts: 8. Retry after 9 seconds.: paramiko.ssh_exception.NoValidConnectionsError: [Errno None] Unable to connect to port 22 on 10.180.180.168
2025-11-22 07:01:36.050 66174 INFO tempest.lib.common.rest_client [req-b884d319-b9c8-4745-b820-95534575330b req-b884d319-b9c8-4745-b820-95534575330b ] Request (SecurityGroupsTestJSON:test_server_security_groups): 200 GET http://10.180.1.21/compute/v2.1/servers/f666f398-5ab9-48b1-9880-a53ffd3a3e41 1.554s
2025-11-22 07:01:36.067 66182 INFO tempest.lib.common.rest_client [req-f40601c0-7268-4865-9cc1-b518244ae059 req-f40601c0-7268-4865-9cc1-b518244ae059 ] Request (ServerShowV263Test:tearDownClass): 201 POST http://10.180.1.21/identity/v3/auth/tokens 0.079s
2025-11-22 07:01:36.312 66192 INFO tempest.lib.common.rest_client [req-e0674222-eb19-475f-a7d0-84629c48bd51 req-e0674222-eb19-475f-a7d0-84629c48bd51 ] Request (MigrationsAdminTest:test_resize_server_revert_deleted_flavor): 200 GET http://10.180.1.21/compute/v2.1/servers/e0cc4f23-2127-46b1-8e85-97910d3cc570 1.688s
2025-11-22 07:01:36.363 66182 INFO tempest.lib.common.rest_client [req-d6b7f1e9-dcf4-4df3-b3fe-0534655676d8 req-d6b7f1e9-dcf4-4df3-b3fe-0534655676d8 ] Request (ServerShowV263Test:tearDownClass): 200 GET http://10.180.1.21/networking/v2.0/security-groups?tenant_id=2591b912e7df4a6fbe4b4e8b6aa36ca6&name=default 0.296s
2025-11-22 07:01:36.373 66168 INFO tempest.lib.common.rest_client [req-c12af994-cd39-42df-b06b-bdfed5d233df req-c12af994-cd39-42df-b06b-bdfed5d233df ] Request (InstanceActionsTestJSON:test_list_instance_actions): 200 GET http://10.180.1.21/compute/v2.1/servers/68d0a63b-f7fe-4407-a9b8-c99a6d5c9f0b/os-instance-actions 1.157s
2025-11-22 07:01:36.410 66194 INFO tempest.lib.common.rest_client [req-409997af-27ea-45a9-979a-d6313ee74973 req-409997af-27ea-45a9-979a-d6313ee74973 ] Request (ImagesTestJSON:test_create_image_from_suspended_server): 200 GET http://10.180.1.21/compute/v2.1/images/4694646b-fcc3-46c0-9e35-cf9a714181bf 1.191s
2025-11-22 07:01:36.449 66194 INFO tempest.lib.common.rest_client [req-f4a10d48-23b6-42b2-8b83-6f39c48b3149 req-f4a10d48-23b6-42b2-8b83-6f39c48b3149 ] Request (ImagesTestJSON:test_create_image_from_suspended_server): 200 GET http://10.180.1.21/image/v2/images/4694646b-fcc3-46c0-9e35-cf9a714181bf/tasks 0.035s
2025-11-22 07:01:36.510 66182 INFO tempest.lib.common.rest_client [req-40634812-a8bb-472c-b964-56f6e5054fe4 req-40634812-a8bb-472c-b964-56f6e5054fe4 ] Request (ServerShowV263Test:tearDownClass): 204 DELETE http://10.180.1.21/networking/v2.0/security-groups/5470e112-6120-4961-a536-7ce23320227a 0.146s
2025-11-22 07:01:36.638 66182 INFO tempest.lib.common.rest_client [req-ba85b09a-200b-436e-b5a7-aa058f6f4e5e req-ba85b09a-200b-436e-b5a7-aa058f6f4e5e ] Request (ServerShowV263Test:tearDownClass): 204 DELETE http://10.180.1.21/identity/v3/projects/2591b912e7df4a6fbe4b4e8b6aa36ca6 0.128s
2025-11-22 07:01:36.743 66200 INFO tempest.lib.common.rest_client [req-639b3d46-377c-4cb1-9105-eeab4c9448b8 req-639b3d46-377c-4cb1-9105-eeab4c9448b8 ] Request (ServersTestFqdnHostnames:tearDownClass): 200 GET http://10.180.1.21/compute/v2.1/servers/8a56050e-3c27-4d61-9059-3c458cb1e114 1.407s
2025-11-22 07:01:36.834 66190 INFO tempest.lib.common.rest_client [req-ae53b408-211d-49e4-8658-9044e2c4ff72 req-ae53b408-211d-49e4-8658-9044e2c4ff72 ] Request (FloatingIPsAssociationTestJSON:tearDownClass): 200 GET http://10.180.1.21/compute/v2.1/servers/9962dfae-4075-41c5-99f5-ad96564a5c42 1.294s
2025-11-22 07:01:36.888 66184 INFO tempest.lib.common.rest_client [req-376deb3a-472b-4b35-9f8c-6dc3591fd592 req-376deb3a-472b-4b35-9f8c-6dc3591fd592 ] Request (ServersNegativeTestJSON:setUpClass): 202 POST http://10.180.1.21/compute/v2.1/servers 2.174s
2025-11-22 07:01:36.947 66216 INFO tempest.lib.common.rest_client [req-7b4e1e36-e658-49ff-aa55-8f59bc02a70c req-7b4e1e36-e658-49ff-aa55-8f59bc02a70c ] Request (ServerMetadataNegativeTestJSON:setUpClass): 200 GET http://10.180.1.21/compute/v2.1/servers/07f825a6-df7f-4680-bcec-1f62a9abc472 1.351s
2025-11-22 07:01:36.985 66178 INFO tempest.lib.common.rest_client [req-1ec97cc4-0d56-41d7-b052-ca03afc1fc54 req-1ec97cc4-0d56-41d7-b052-ca03afc1fc54 ] Request (ServerActionsTestOtherA:test_rebuild_server_in_stop_state): 200 GET http://10.180.1.21/compute/v2.1/servers/783680df-847f-48c5-987b-02d382d5729c 1.422s
2025-11-22 07:01:37.017 66170 INFO tempest.lib.common.rest_client [req-9196a148-4dc2-451d-96b4-5280bd116235 req-9196a148-4dc2-451d-96b4-5280bd116235 ] Request (ImagesOneServerNegativeTestJSON:_run_cleanups): 200 GET http://10.180.1.21/compute/v2.1/servers/d1001cbc-5243-4b1b-805a-87bd6c2e0187 1.232s
2025-11-22 07:01:37.111 66180 INFO tempest.lib.common.rest_client [req-6fc86367-9b23-4e48-8012-948012e9b417 req-6fc86367-9b23-4e48-8012-948012e9b417 ] Request (ServerActionsTestOtherB:setUpClass): 200 GET http://10.180.1.21/compute/v2.1/servers/14aaef10-d43f-4aac-b474-656ca376c1a0 1.137s
2025-11-22 07:01:37.133 66198 INFO tempest.lib.common.rest_client [req-612caf84-fe64-4ed7-94d5-485668e43175 req-612caf84-fe64-4ed7-94d5-485668e43175 ] Request (ServerRescueNegativeTestJSON:test_rescued_vm_detach_volume): 200 GET http://10.180.1.21/compute/v2.1/servers/30800e6e-7073-40d4-a2fb-5291d1febcda 1.320s
2025-11-22 07:01:37.141 66198 INFO tempest.common.waiters [-] State transition "BUILD/None" ==> "BUILD/spawning" after 34 second wait
2025-11-22 07:01:37.166 66226 INFO tempest.lib.common.rest_client [req-bb28d64d-938c-4250-b08c-114f7af682a7 req-bb28d64d-938c-4250-b08c-114f7af682a7 ] Request (ListServersNegativeTestJSON:setUpClass): 200 GET http://10.180.1.21/compute/v2.1/servers/9ebaf461-66b9-451b-8103-a8a81ddb1606 1.107s
2025-11-22 07:01:37.190 66172 INFO tempest.lib.common.rest_client [req-7358f6d8-5d06-4706-902f-0385ce289e65 req-7358f6d8-5d06-4706-902f-0385ce289e65 ] Request (ServersAdminNegativeTestJSON:tearDownClass): 200 GET http://10.180.1.21/compute/v2.1/servers/509b846b-de85-48ab-b631-bc2f316a9d41 1.127s
2025-11-22 07:01:37.222 66176 INFO tempest.lib.common.rest_client [req-eb49325f-0994-46b4-86fc-d040a61e9ce7 req-eb49325f-0994-46b4-86fc-d040a61e9ce7 ] Request (ListServerFiltersTestJSON:tearDownClass): 200 GET http://10.180.1.21/compute/v2.1/servers/8e2587d3-f730-47aa-b3e2-0ea94ab90ad5 1.052s
2025-11-22 07:01:37.228 66176 INFO tempest.common.waiters [-] State transition "ACTIVE/deleting" ==> "DELETED/None" after 2 second wait
2025-11-22 07:01:37.286 66168 INFO tempest.lib.common.rest_client [req-87ed637e-adb9-455a-b0a8-0245c410b2fd req-87ed637e-adb9-455a-b0a8-0245c410b2fd ] Request (InstanceActionsTestJSON:tearDownClass): 204 DELETE http://10.180.1.21/compute/v2.1/servers/68d0a63b-f7fe-4407-a9b8-c99a6d5c9f0b 0.902s
2025-11-22 07:01:37.309 66206 INFO tempest.lib.common.rest_client [req-a34b7f31-e3a5-49ca-a7f7-779b6268ddda req-a34b7f31-e3a5-49ca-a7f7-779b6268ddda ] Request (ServersV294TestFqdnHostnames:setUpClass): 200 GET http://10.180.1.21/compute/v2.1/servers/238f3ba7-b41d-4e18-9bfd-9c4be89f91ab 0.948s
2025-11-22 07:01:37.376 66208 INFO tempest.lib.common.rest_client [req-8540a940-c175-43b9-b872-66146227d409 req-8540a940-c175-43b9-b872-66146227d409 ] Request (ServersListShow296Test:tearDownClass): 200 GET http://10.180.1.21/compute/v2.1/servers/5f80cf7f-1ae2-49f9-b0d4-bbaa6f15e3e4 0.690s
2025-11-22 07:01:37.383 66194 INFO tempest.lib.common.rest_client [req-04ebd0ab-c7f1-49a6-83dd-c15dfb33e8d4 req-04ebd0ab-c7f1-49a6-83dd-c15dfb33e8d4 ] Request (ImagesTestJSON:_run_cleanups): 204 DELETE http://10.180.1.21/compute/v2.1/images/4694646b-fcc3-46c0-9e35-cf9a714181bf 0.934s
2025-11-22 07:01:37.427 66184 INFO tempest.lib.common.rest_client [req-ff3ab169-58da-44ad-b504-302661ed7c40 req-ff3ab169-58da-44ad-b504-302661ed7c40 ] Request (ServersNegativeTestJSON:setUpClass): 200 GET http://10.180.1.21/compute/v2.1/servers/72c5203f-4b00-4a7c-a763-11bfe78c7fc9 0.538s
2025-11-22 07:01:37.450 66196 INFO tempest.lib.common.rest_client [req-71ba0908-0817-46c6-a6de-77082441788e req-71ba0908-0817-46c6-a6de-77082441788e ] Request (AttachVolumeNegativeTest:test_attach_attached_volume_to_different_server): 200 GET http://10.180.1.21/compute/v2.1/servers/99a1e567-be63-4209-8655-b414a32ec608 0.637s
2025-11-22 07:01:37.491 66186 INFO tempest.lib.common.rest_client [req-0b4712d0-eb71-4b65-ba2c-31ce7dda6196 req-0b4712d0-eb71-4b65-ba2c-31ce7dda6196 ] Request (ListImageFiltersTestJSON:setUpClass): 200 GET http://10.180.1.21/compute/v2.1/servers/cb115f34-d4a3-458f-9334-bfadc9e68c4d 0.599s
2025-11-22 07:01:37.560 66178 INFO tempest.lib.common.rest_client [req-74fa6b9c-c118-4011-9a87-31b66a930351 req-74fa6b9c-c118-4011-9a87-31b66a930351 ] Request (ServerActionsTestOtherA:test_rebuild_server_in_stop_state): 202 POST http://10.180.1.21/compute/v2.1/servers/783680df-847f-48c5-987b-02d382d5729c/action 0.567s
2025-11-22 07:01:37.577 66228 INFO tempest.lib.common.rest_client [req-fa65b1c7-a218-46af-9a2a-4ee38e02c7c7 req-fa65b1c7-a218-46af-9a2a-4ee38e02c7c7 ] Request (AttachInterfacesTestJSON:_run_cleanups): 200 GET http://10.180.1.21/compute/v2.1/servers/ef02007b-844b-47c3-91d7-9a0a17b09fef 0.612s
2025-11-22 07:01:38.002 66174 INFO tempest.lib.common.rest_client [req-7c8384c0-165d-4892-99c8-bfc93a9cdb98 req-7c8384c0-165d-4892-99c8-bfc93a9cdb98 ] Request (SecurityGroupsTestJSON:test_server_security_groups): 200 GET http://10.180.1.21/compute/v2.1/servers/f666f398-5ab9-48b1-9880-a53ffd3a3e41 0.938s
2025-11-22 07:01:38.097 66168 INFO tempest.lib.common.rest_client [req-3dc6433e-f52e-45ef-8b1e-4ec2aec29f55 req-3dc6433e-f52e-45ef-8b1e-4ec2aec29f55 ] Request (InstanceActionsTestJSON:tearDownClass): 200 GET http://10.180.1.21/compute/v2.1/servers/68d0a63b-f7fe-4407-a9b8-c99a6d5c9f0b 0.810s
2025-11-22 07:01:38.121 66192 INFO tempest.lib.common.rest_client [req-734c19df-b7e6-4485-bfaa-ef8e1e7bb17b req-734c19df-b7e6-4485-bfaa-ef8e1e7bb17b ] Request (MigrationsAdminTest:test_resize_server_revert_deleted_flavor): 200 GET http://10.180.1.21/compute/v2.1/servers/e0cc4f23-2127-46b1-8e85-97910d3cc570 0.800s
2025-11-22 07:01:38.167 66194 INFO tempest.lib.common.rest_client [req-92219754-5d87-417b-a05b-09d8fef74da7 req-92219754-5d87-417b-a05b-09d8fef74da7 ] Request (ImagesTestJSON:_run_cleanups): 204 DELETE http://10.180.1.21/compute/v2.1/servers/e2fab20e-c298-4622-b1c3-950036f14362 0.783s
2025-11-22 07:01:38.221 66178 INFO tempest.lib.common.rest_client [req-15425a2a-2291-49cf-b01b-7498e940f049 req-15425a2a-2291-49cf-b01b-7498e940f049 ] Request (ServerActionsTestOtherA:test_rebuild_server_in_stop_state): 200 GET http://10.180.1.21/compute/v2.1/servers/783680df-847f-48c5-987b-02d382d5729c 0.661s
2025-11-22 07:01:38.236 66200 INFO tempest.lib.common.rest_client [req-bfff9128-75d5-4e7e-814d-3b09741c5e4c req-bfff9128-75d5-4e7e-814d-3b09741c5e4c ] Request (ServersTestFqdnHostnames:tearDownClass): 200 GET http://10.180.1.21/compute/v2.1/servers/8a56050e-3c27-4d61-9059-3c458cb1e114 0.481s
2025-11-22 07:01:38.246 66190 INFO tempest.lib.common.rest_client [req-dd6d6a84-919d-4c35-b651-6bb463bc9d79 req-dd6d6a84-919d-4c35-b651-6bb463bc9d79 ] Request (FloatingIPsAssociationTestJSON:tearDownClass): 404 GET http://10.180.1.21/compute/v2.1/servers/9962dfae-4075-41c5-99f5-ad96564a5c42 0.404s
2025-11-22 07:01:38.268 66194 INFO tempest.lib.common.rest_client [req-c2491d19-ac29-415f-8467-4fb26ae483af req-c2491d19-ac29-415f-8467-4fb26ae483af ] Request (ImagesTestJSON:test_create_server_from_snapshot): 201 POST http://10.180.1.21/identity/v3/auth/tokens 0.096s
2025-11-22 07:01:38.269 66194 INFO tempest.lib.common.fixed_network [-] (ImagesTestJSON:test_create_server_from_snapshot) Found network {'id': '476e0c7c-638b-41b6-9998-2cc8fe86bc1f', 'name': 'tempest-ImagesTestJSON-1322875566-network', 'tenant_id': '16ba4696a6d1423e82c36726f3d01cc6', 'project_id': '16ba4696a6d1423e82c36726f3d01cc6', 'admin_state_up': True, 'mtu': 8950, 'status': 'ACTIVE', 'subnets': [], 'shared': False, 'port_security_enabled': True, 'router:external': False, 'provider:network_type': 'vlan', 'provider:physical_network': 'default', 'provider:segmentation_id': 92, 'availability_zone_hints': [], 'availability_zones': [], 'ipv4_address_scope': None, 'ipv6_address_scope': None, 'description': '', 'tags': [], 'created_at': '2025-11-22T06:59:13Z', 'updated_at': '2025-11-22T06:59:13Z', 'revision_number': 1} available for tenant
2025-11-22 07:01:38.309 66216 INFO tempest.lib.common.rest_client [req-8f4e1081-be69-45b5-9c94-6a332f9d9252 req-8f4e1081-be69-45b5-9c94-6a332f9d9252 ] Request (ServerMetadataNegativeTestJSON:setUpClass): 200 GET http://10.180.1.21/compute/v2.1/servers/07f825a6-df7f-4680-bcec-1f62a9abc472 0.353s
2025-11-22 07:01:38.339 66170 INFO tempest.lib.common.rest_client [req-d0aa6bbb-ecb1-408e-8990-3d7a27df4c99 req-d0aa6bbb-ecb1-408e-8990-3d7a27df4c99 ] Request (ImagesOneServerNegativeTestJSON:_run_cleanups): 200 GET http://10.180.1.21/compute/v2.1/servers/d1001cbc-5243-4b1b-805a-87bd6c2e0187 0.310s
2025-11-22 07:01:38.362 66180 INFO tempest.lib.common.rest_client [req-e0815363-ac7c-42cc-904d-9b3901b99e4a req-e0815363-ac7c-42cc-904d-9b3901b99e4a ] Request (ServerActionsTestOtherB:setUpClass): 200 GET http://10.180.1.21/compute/v2.1/servers/14aaef10-d43f-4aac-b474-656ca376c1a0 0.243s
2025-11-22 07:01:38.370 66180 INFO tempest.common.waiters [-] State transition "BUILD/scheduling" ==> "BUILD/None" after 1 second wait
2025-11-22 07:01:38.431 66226 INFO tempest.lib.common.rest_client [req-3121006e-ab6f-42ff-a08d-0869999df712 req-3121006e-ab6f-42ff-a08d-0869999df712 ] Request (ListServersNegativeTestJSON:setUpClass): 200 GET http://10.180.1.21/compute/v2.1/servers/9ebaf461-66b9-451b-8103-a8a81ddb1606 0.254s
2025-11-22 07:01:38.449 66198 INFO tempest.lib.common.rest_client [req-2fd30e01-7673-4df7-8d72-76894d10fe5d req-2fd30e01-7673-4df7-8d72-76894d10fe5d ] Request (ServerRescueNegativeTestJSON:test_rescued_vm_detach_volume): 200 GET http://10.180.1.21/compute/v2.1/servers/30800e6e-7073-40d4-a2fb-5291d1febcda 0.306s
2025-11-22 07:01:38.489 66172 INFO tempest.lib.common.rest_client [req-2c3772b4-0df5-460f-b3c5-8d2bdeedb627 req-2c3772b4-0df5-460f-b3c5-8d2bdeedb627 ] Request (ServersAdminNegativeTestJSON:tearDownClass): 200 GET http://10.180.1.21/compute/v2.1/servers/509b846b-de85-48ab-b631-bc2f316a9d41 0.292s
2025-11-22 07:01:38.518 66176 INFO tempest.lib.common.rest_client [req-f8ac8e08-987c-40f4-9266-920bd4c1e0ce req-f8ac8e08-987c-40f4-9266-920bd4c1e0ce ] Request (ListServerFiltersTestJSON:tearDownClass): 200 GET http://10.180.1.21/compute/v2.1/servers/8e2587d3-f730-47aa-b3e2-0ea94ab90ad5 0.288s
2025-11-22 07:01:38.890 66194 INFO tempest.lib.common.rest_client [req-8dbb73e5-283c-4fa0-bb1c-25aa441a80c5 req-8dbb73e5-283c-4fa0-bb1c-25aa441a80c5 ] Request (ImagesTestJSON:test_create_server_from_snapshot): 202 POST http://10.180.1.21/compute/v2.1/servers 0.621s
2025-11-22 07:01:38.922 66190 INFO tempest.lib.common.rest_client [req-39a41b6b-cd1b-4396-b5fe-6c41ef66d495 req-39a41b6b-cd1b-4396-b5fe-6c41ef66d495 ] Request (FloatingIPsAssociationTestJSON:tearDownClass): 202 DELETE http://10.180.1.21/compute/v2.1/os-floating-ips/87818027-2a82-4ba2-9c59-bd8a16b763d5 0.675s
2025-11-22 07:01:39.066 66208 INFO tempest.lib.common.rest_client [req-ecc601a9-19a3-49a8-8663-4b44dba92425 req-ecc601a9-19a3-49a8-8663-4b44dba92425 ] Request (ServersListShow296Test:tearDownClass): 200 GET http://10.180.1.21/compute/v2.1/servers/5f80cf7f-1ae2-49f9-b0d4-bbaa6f15e3e4 0.680s
2025-11-22 07:01:39.093 66206 INFO tempest.lib.common.rest_client [req-c09e1bbc-a4f6-412a-b54f-d9a2026bd715 req-c09e1bbc-a4f6-412a-b54f-d9a2026bd715 ] Request (ServersV294TestFqdnHostnames:setUpClass): 200 GET http://10.180.1.21/compute/v2.1/servers/238f3ba7-b41d-4e18-9bfd-9c4be89f91ab 0.774s
2025-11-22 07:01:39.109 66206 INFO tempest.common.waiters [-] State transition "BUILD/spawning" ==> "ACTIVE/None" after 38 second wait
2025-11-22 07:01:39.138 66184 INFO tempest.lib.common.rest_client [req-8fea576f-72bb-414a-a8b3-b59a47532cab req-8fea576f-72bb-414a-a8b3-b59a47532cab ] Request (ServersNegativeTestJSON:setUpClass): 200 GET http://10.180.1.21/compute/v2.1/servers/72c5203f-4b00-4a7c-a763-11bfe78c7fc9 0.702s
2025-11-22 07:01:39.146 66184 INFO tempest.common.waiters [-] State transition "BUILD/scheduling" ==> "BUILD/None" after 2 second wait
2025-11-22 07:01:39.148 66196 INFO tempest.lib.common.rest_client [req-84471da6-0a62-4dd9-9021-0070a1a7f05e req-84471da6-0a62-4dd9-9021-0070a1a7f05e ] Request (AttachVolumeNegativeTest:test_attach_attached_volume_to_different_server): 200 GET http://10.180.1.21/compute/v2.1/servers/99a1e567-be63-4209-8655-b414a32ec608 0.691s
2025-11-22 07:01:39.218 66186 INFO tempest.lib.common.rest_client [req-ac0ae131-53a6-4b5b-b897-f766bb661acb req-ac0ae131-53a6-4b5b-b897-f766bb661acb ] Request (ListImageFiltersTestJSON:setUpClass): 200 GET http://10.180.1.21/compute/v2.1/servers/cb115f34-d4a3-458f-9334-bfadc9e68c4d 0.718s
2025-11-22 07:01:39.234 66228 INFO tempest.lib.common.rest_client [req-3aca30a2-c9b1-47f8-bc88-7fc72c20965c req-3aca30a2-c9b1-47f8-bc88-7fc72c20965c ] Request (AttachInterfacesTestJSON:_run_cleanups): 200 GET http://10.180.1.21/compute/v2.1/servers/ef02007b-844b-47c3-91d7-9a0a17b09fef 0.647s
2025-11-22 07:01:39.256 66194 INFO tempest.lib.common.rest_client [req-e705027f-e072-403e-afb1-13e54944aff4 req-e705027f-e072-403e-afb1-13e54944aff4 ] Request (ImagesTestJSON:test_create_server_from_snapshot): 200 GET http://10.180.1.21/compute/v2.1/servers/407f8d95-20fd-41c5-853d-14bd5be9f3f5 0.363s
2025-11-22 07:01:39.307 66190 INFO tempest.lib.common.rest_client [req-8709675a-b2a6-4bc7-adbb-cd7a0a06cbbb req-8709675a-b2a6-4bc7-adbb-cd7a0a06cbbb ] Request (FloatingIPsAssociationTestJSON:tearDownClass): 204 DELETE http://10.180.1.21/compute/v2.1/servers/991d1fc6-219f-46f3-96ca-3fdef146ef9a 0.385s
2025-11-22 07:01:39.314 66174 INFO tempest.lib.common.rest_client [req-8b6a0a51-71ef-4e7b-bf18-d14ec6e47ce5 req-8b6a0a51-71ef-4e7b-bf18-d14ec6e47ce5 ] Request (SecurityGroupsTestJSON:test_server_security_groups): 200 GET http://10.180.1.21/compute/v2.1/servers/f666f398-5ab9-48b1-9880-a53ffd3a3e41 0.298s
2025-11-22 07:01:39.392 66206 INFO tempest.lib.common.rest_client [req-8a423622-f9b2-4394-a004-b52e9f10cf31 req-8a423622-f9b2-4394-a004-b52e9f10cf31 ] Request (ServersV294TestFqdnHostnames:setUpClass): 200 GET http://10.180.1.21/compute/v2.1/servers/238f3ba7-b41d-4e18-9bfd-9c4be89f91ab/os-interface 0.282s
