2025-11-22 07:00:38.799 66208 INFO tempest.lib.common.rest_client [req-1127bf3d-109a-4ca2-a9f9-af4c86bbf907 req-1127bf3d-109a-4ca2-a9f9-af4c86bbf907 ] Request (ServersListShow296Test:setUpClass): 201 POST http://10.180.1.21/identity/v3/projects 0.084s
2025-11-22 07:00:38.818 66212 INFO tempest.lib.common.rest_client [req-46a6dcbf-b090-426a-8938-0ae598a94bca req-46a6dcbf-b090-426a-8938-0ae598a94bca ] Request (SecurityGroupsTestAdminJSON:test_list_security_groups_list_all_tenants_filter): 200 POST http://10.180.1.21/compute/v2.1/os-security-groups 1.955s
2025-11-22 07:00:38.856 66208 INFO tempest.lib.common.rest_client [req-1ecbb28b-034a-4465-8320-9f96c2299c0f req-1ecbb28b-034a-4465-8320-9f96c2299c0f ] Request (ServersListShow296Test:setUpClass): 201 POST http://10.180.1.21/identity/v3/users 0.056s
2025-11-22 07:00:38.879 66208 INFO tempest.lib.common.rest_client [req-49a4bd62-18d3-4eab-9fd8-0dea5da7409c req-49a4bd62-18d3-4eab-9fd8-0dea5da7409c ] Request (ServersListShow296Test:setUpClass): 200 GET http://10.180.1.21/identity/v3/roles 0.022s
2025-11-22 07:00:38.907 66208 INFO tempest.lib.common.rest_client [req-9c54f9b7-772f-4985-a842-271882289756 req-9c54f9b7-772f-4985-a842-271882289756 ] Request (ServersListShow296Test:setUpClass): 204 PUT http://10.180.1.21/identity/v3/projects/4ef0ba9f51834e7b920e2423ff92cb9f/users/4b9739e3aa7e468eb533e48792e875ef/roles/3e9d1dc623cc4ea8b5897aafda021c34 0.028s
2025-11-22 07:00:38.907 66208 INFO tempest.lib.common.dynamic_creds [-] Dynamic test user 4b9739e3aa7e468eb533e48792e875ef is created with scope project and roles: ['member']
2025-11-22 07:00:38.908 66208 INFO tempest.lib.common.dynamic_creds [-] Acquired dynamic creds: credentials: Credentials: {'domain_id': 'default', 'domain_name': 'Default', 'username': 'tempest-ServersListShow296Test-543333959-project-member', 'project_domain_id': 'default', 'project_domain_name': 'Default', 'project_id': '4ef0ba9f51834e7b920e2423ff92cb9f', 'project_name': 'tempest-ServersListShow296Test-543333959', 'tenant_id': '4ef0ba9f51834e7b920e2423ff92cb9f', 'tenant_name': 'tempest-ServersListShow296Test-543333959', 'user_domain_id': 'default', 'user_domain_name': 'Default', 'user_id': '4b9739e3aa7e468eb533e48792e875ef', 'system': None}, Network: None, Subnet: None, Router: None
2025-11-22 07:00:38.908 66208 INFO tempest.lib.common.dynamic_creds [-] Created isolated network resources for: credentials: Credentials: {'domain_id': 'default', 'domain_name': 'Default', 'username': 'tempest-ServersListShow296Test-543333959-project-member', 'project_domain_id': 'default', 'project_domain_name': 'Default', 'project_id': '4ef0ba9f51834e7b920e2423ff92cb9f', 'project_name': 'tempest-ServersListShow296Test-543333959', 'tenant_id': '4ef0ba9f51834e7b920e2423ff92cb9f', 'tenant_name': 'tempest-ServersListShow296Test-543333959', 'user_domain_id': 'default', 'user_domain_name': 'Default', 'user_id': '4b9739e3aa7e468eb533e48792e875ef', 'system': None}, Network: None, Subnet: None, Router: None
2025-11-22 07:00:38.959 66222 INFO tempest.lib.common.rest_client [req-f5e2af97-5a6e-4dbe-b322-c989b94a4adc req-f5e2af97-5a6e-4dbe-b322-c989b94a4adc ] Request (ServersListShow2100Test:tearDownClass): 200 GET http://10.180.1.21/networking/v2.0/security-groups?tenant_id=59112f21457040618de4752cb2acb3d8&name=default 0.224s
2025-11-22 07:00:38.981 66200 INFO tempest.lib.common.rest_client [req-3a8cca09-239d-4d64-9132-d2752e6ec384 req-3a8cca09-239d-4d64-9132-d2752e6ec384 ] Request (ServersTestFqdnHostnames:test_create_server_with_fqdn_name): 200 GET http://10.180.1.21/compute/v2.1/servers/8a56050e-3c27-4d61-9059-3c458cb1e114 2.046s
2025-11-22 07:00:38.982 66208 INFO tempest.lib.common.rest_client [req-c4d3eb48-e328-4e32-8494-7d5c063a8c06 req-c4d3eb48-e328-4e32-8494-7d5c063a8c06 ] Request (ServersListShow296Test:setUpClass): 201 POST http://10.180.1.21/identity/v3/auth/tokens 0.070s
2025-11-22 07:00:39.020 66208 INFO tempest.lib.common.rest_client [req-4f49722b-d73b-46e8-8934-4438acd80143 req-4f49722b-d73b-46e8-8934-4438acd80143 ] Request (ServersListShow296Test:test_list_show_update_rebuild_server_296): 201 POST http://10.180.1.21/identity/v3/auth/tokens 0.032s
2025-11-22 07:00:39.021 66208 INFO tempest.lib.common.fixed_network [-] (ServersListShow296Test:test_list_show_update_rebuild_server_296) Found network None available for tenant
2025-11-22 07:00:39.151 66222 INFO tempest.lib.common.rest_client [req-147d7f45-d136-472d-a633-1b7efc6a2175 req-147d7f45-d136-472d-a633-1b7efc6a2175 ] Request (ServersListShow2100Test:tearDownClass): 204 DELETE http://10.180.1.21/networking/v2.0/security-groups/2477fe19-14fb-49b9-bc15-12a928236250 0.191s
2025-11-22 07:00:39.176 66182 INFO tempest.lib.common.rest_client [req-9808d4fb-947c-4c77-8f21-0e2c75532572 req-9808d4fb-947c-4c77-8f21-0e2c75532572 ] Request (SecurityGroupRulesNegativeTestJSON:test_create_security_group_rule_duplicate): 400 POST http://10.180.1.21/compute/v2.1/os-security-group-rules 1.977s
2025-11-22 07:00:39.240 66188 INFO tempest.lib.common.rest_client [req-8b545c69-f8fe-48ec-80b7-bda5d997bf3c req-8b545c69-f8fe-48ec-80b7-bda5d997bf3c ] Request (ServerPasswordTestJSON:setUpClass): 200 GET http://10.180.1.21/compute/v2.1/servers/592fd683-4324-4969-856f-53af28cfc956 2.090s
2025-11-22 07:00:39.259 66222 INFO tempest.lib.common.rest_client [req-8f66809d-36e8-4cca-b7fa-8b0b97adb200 req-8f66809d-36e8-4cca-b7fa-8b0b97adb200 ] Request (ServersListShow2100Test:tearDownClass): 204 DELETE http://10.180.1.21/identity/v3/projects/59112f21457040618de4752cb2acb3d8 0.107s
2025-11-22 07:00:39.443 66168 INFO tempest.lib.common.rest_client [req-86e25963-a816-46ac-8672-49d3da61e9af req-86e25963-a816-46ac-8672-49d3da61e9af ] Request (InstanceActionsTestJSON:setUpClass): 201 POST http://10.180.1.21/networking/v2.0/routers 0.760s
2025-11-22 07:00:39.532 66216 INFO tempest.lib.common.rest_client [req-0490a8aa-bbd4-4b32-80da-a589605150ec req-0490a8aa-bbd4-4b32-80da-a589605150ec ] Request (ServerGroupTestJSON:test_create_server_with_scheduler_hint_group): 200 GET http://10.180.1.21/compute/v2.1/servers/1eb1bb90-3913-42a4-85ce-75ff38a182b3 1.908s
2025-11-22 07:00:39.541 66216 INFO tempest.common.waiters [-] State transition "BUILD/spawning" ==> "ACTIVE/None" after 38 second wait
2025-11-22 07:00:39.942 66184 INFO tempest.lib.common.rest_client [req-73b48f7f-f57c-4013-9559-b40262ba3af8 req-73b48f7f-f57c-4013-9559-b40262ba3af8 ] Request (ServersListShow298Test:test_list_show_update_rebuild_server_298): 202 POST http://10.180.1.21/compute/v2.1/servers/3a03e8b8-d5e9-418d-adfd-af5aefccc48f/action 2.256s
2025-11-22 07:00:39.988 66194 INFO tempest.lib.common.rest_client [req-7da1954e-5051-48bd-954e-ccbd891e04ae req-7da1954e-5051-48bd-954e-ccbd891e04ae ] Request (ImagesTestJSON:test_create_image_from_suspended_server): 200 GET http://10.180.1.21/compute/v2.1/servers/e2fab20e-c298-4622-b1c3-950036f14362 2.138s
2025-11-22 07:00:40.004 66172 INFO tempest.lib.common.rest_client [req-ced5698e-b89b-4d24-b5bb-7849338f06ba req-ced5698e-b89b-4d24-b5bb-7849338f06ba ] Request (ServersAdminNegativeTestJSON:test_reset_state_server_nonexistent_server): 404 POST http://10.180.1.21/compute/v2.1/servers/999/action 2.037s
2025-11-22 07:00:40.028 66202 INFO tempest.lib.common.rest_client [req-81b0a7fb-08f5-44a6-9a70-e38e3de82247 req-81b0a7fb-08f5-44a6-9a70-e38e3de82247 ] Request (VolumesAssistedSnapshotsTest:tearDownClass): 202 DELETE http://10.180.1.21/compute/v2.1/os-keypairs/tempest-keypair-1717262618 1.852s
2025-11-22 07:00:40.044 66186 INFO tempest.lib.common.rest_client [req-188abd64-e0d6-4df5-b5f1-b681a8cab3e2 req-188abd64-e0d6-4df5-b5f1-b681a8cab3e2 ] Request (FloatingIPsAssociationNegativeTestJSON:tearDownClass): 204 DELETE http://10.180.1.21/compute/v2.1/servers/9692c645-6ee3-4b5d-aae1-16afe2015361 2.088s
2025-11-22 07:00:40.215 66202 INFO tempest.lib.common.rest_client [req-0dc5587d-8947-4171-9d72-90e63f062b67 req-0dc5587d-8947-4171-9d72-90e63f062b67 ] Request (VolumesAssistedSnapshotsTest:tearDownClass): 204 DELETE http://10.180.1.21/networking/v2.0/security-groups/0f23db33-1580-40ed-91cd-6adc90f46644 0.187s
2025-11-22 07:00:40.293 66174 INFO tempest.lib.common.rest_client [req-aeee358d-afb3-4e67-8e47-0c165c2b62f3 req-aeee358d-afb3-4e67-8e47-0c165c2b62f3 ] Request (SecurityGroupsTestJSON:test_security_groups_create_list_delete): 404 GET http://10.180.1.21/compute/v2.1/os-security-groups/ff3c505f-6232-4047-80c5-05344ad55355 1.844s
2025-11-22 07:00:40.315 66226 INFO tempest.lib.common.rest_client [req-5b1b5c26-2f19-4e65-ba76-7f99cad67fd5 req-5b1b5c26-2f19-4e65-ba76-7f99cad67fd5 ] Request (ListServersNegativeTestJSON:setUpClass): 200 GET http://10.180.1.21/compute/v2.1/servers/9581990f-6ac6-4b1d-aaf6-8608046cad6d 1.918s
2025-11-22 07:00:40.329 66198 INFO tempest.lib.common.rest_client [req-8726dbe1-a87a-4219-9351-64d06e65e73e req-8726dbe1-a87a-4219-9351-64d06e65e73e ] Request (ServerRescueNegativeTestJSON:test_rescued_vm_attach_volume): 409 POST http://10.180.1.21/compute/v2.1/servers/7113b81a-bbf7-4259-a44e-51409c6eec9f/os-volume_attachments 1.615s
2025-11-22 07:00:40.398 66202 INFO tempest.lib.common.rest_client [req-60fc5d45-6019-4522-9836-80ab9be398d8 req-60fc5d45-6019-4522-9836-80ab9be398d8 ] Request (VolumesAssistedSnapshotsTest:tearDownClass): 404 GET http://10.180.1.21/networking/v2.0/security-groups/0f23db33-1580-40ed-91cd-6adc90f46644 0.180s
2025-11-22 07:00:40.510 66168 INFO tempest.lib.common.rest_client [req-3c4b8278-42ea-4aad-bdd5-5011c9aefefa req-3c4b8278-42ea-4aad-bdd5-5011c9aefefa ] Request (InstanceActionsTestJSON:setUpClass): 200 PUT http://10.180.1.21/networking/v2.0/routers/8fa81519-6981-4e90-89c1-fbf60cc1521f/add_router_interface 1.066s
2025-11-22 07:00:40.510 66168 INFO tempest.lib.common.dynamic_creds [-] Created isolated network resources for: credentials: Credentials: {'domain_id': 'default', 'domain_name': 'Default', 'username': 'tempest-InstanceActionsTestJSON-109599728-project-member', 'project_domain_id': 'default', 'project_domain_name': 'Default', 'project_id': 'd9d26463a1304a33bce6ee1d8a131990', 'project_name': 'tempest-InstanceActionsTestJSON-109599728', 'tenant_id': 'd9d26463a1304a33bce6ee1d8a131990', 'tenant_name': 'tempest-InstanceActionsTestJSON-109599728', 'user_domain_id': 'default', 'user_domain_name': 'Default', 'user_id': '58c680cab5244e33b50c9e0f1bc2e170', 'system': None}, Network: {'id': '9b5cda2d-bedc-427f-93b9-12a870551a9f', 'name': 'tempest-InstanceActionsTestJSON-1344295194-network', 'tenant_id': 'd9d26463a1304a33bce6ee1d8a131990', 'project_id': 'd9d26463a1304a33bce6ee1d8a131990', 'admin_state_up': True, 'mtu': 8950, 'status': 'ACTIVE', 'subnets': [], 'shared': False, 'port_security_enabled': True, 'router:external': False, 'provider:network_type': 'vlan', 'provider:physical_network': 'default', 'provider:segmentation_id': 934, 'availability_zone_hints': [], 'availability_zones': [], 'ipv4_address_scope': None, 'ipv6_address_scope': None, 'description': '', 'tags': [], 'created_at': '2025-11-22T07:00:38Z', 'updated_at': '2025-11-22T07:00:38Z', 'revision_number': 1}, Subnet: {'id': '20086e4c-d044-44d6-adf9-05c8a43d0f99', 'name': 'tempest-InstanceActionsTestJSON-1344295194-subnet', 'tenant_id': 'd9d26463a1304a33bce6ee1d8a131990', 'network_id': '9b5cda2d-bedc-427f-93b9-12a870551a9f', 'ip_version': 4, 'subnetpool_id': None, 'enable_dhcp': True, 'ipv6_ra_mode': None, 'ipv6_address_mode': None, 'gateway_ip': '192.168.128.1', 'cidr': '192.168.128.0/28', 'allocation_pools': [{'start': '192.168.128.2', 'end': '192.168.128.14'}], 'host_routes': [], 'dns_nameservers': [], 'description': '', 'router:external': False, 'service_types': [], 'tags': [], 'created_at': '2025-11-22T07:00:38Z', 'updated_at': '2025-11-22T07:00:38Z', 'revision_number': 0, 'project_id': 'd9d26463a1304a33bce6ee1d8a131990'}, Router: {'id': '8fa81519-6981-4e90-89c1-fbf60cc1521f', 'name': 'tempest-InstanceActionsTestJSON-1344295194-router', 'tenant_id': 'd9d26463a1304a33bce6ee1d8a131990', 'admin_state_up': True, 'status': 'ACTIVE', 'external_gateway_info': {'network_id': '9c1cc0f0-ebed-455b-8b07-64068ce2c0af', 'external_fixed_ips': [{'subnet_id': 'b149e916-7896-4e87-95d7-c142b2772e9d', 'ip_address': '10.180.180.228'}], 'enable_snat': True}, 'description': '', 'availability_zones': [], 'distributed': False, 'ha': False, 'availability_zone_hints': [], 'routes': [], 'flavor_id': None, 'tags': [], 'created_at': '2025-11-22T07:00:38Z', 'updated_at': '2025-11-22T07:00:39Z', 'revision_number': 2, 'project_id': 'd9d26463a1304a33bce6ee1d8a131990'}
2025-11-22 07:00:40.645 66208 INFO tempest.lib.common.rest_client [req-90d96b7d-c843-4638-bb0d-45ae942f4931 req-90d96b7d-c843-4638-bb0d-45ae942f4931 ] Request (ServersListShow296Test:test_list_show_update_rebuild_server_296): 202 POST http://10.180.1.21/compute/v2.1/servers 1.624s
2025-11-22 07:00:40.659 66168 INFO tempest.lib.common.rest_client [req-853dbf10-25ef-4999-9606-026c346a91de req-853dbf10-25ef-4999-9606-026c346a91de ] Request (InstanceActionsTestJSON:setUpClass): 201 POST http://10.180.1.21/identity/v3/auth/tokens 0.142s
2025-11-22 07:00:40.695 66168 INFO tempest.lib.common.rest_client [req-9eff318f-019d-4c0b-afd7-d5200637d326 req-9eff318f-019d-4c0b-afd7-d5200637d326 ] Request (InstanceActionsTestJSON:setUpClass): 201 POST http://10.180.1.21/identity/v3/auth/tokens 0.032s
2025-11-22 07:00:40.695 66168 INFO tempest.lib.common.fixed_network [-] (InstanceActionsTestJSON:setUpClass) Found network {'id': '9b5cda2d-bedc-427f-93b9-12a870551a9f', 'name': 'tempest-InstanceActionsTestJSON-1344295194-network', 'tenant_id': 'd9d26463a1304a33bce6ee1d8a131990', 'project_id': 'd9d26463a1304a33bce6ee1d8a131990', 'admin_state_up': True, 'mtu': 8950, 'status': 'ACTIVE', 'subnets': [], 'shared': False, 'port_security_enabled': True, 'router:external': False, 'provider:network_type': 'vlan', 'provider:physical_network': 'default', 'provider:segmentation_id': 934, 'availability_zone_hints': [], 'availability_zones': [], 'ipv4_address_scope': None, 'ipv6_address_scope': None, 'description': '', 'tags': [], 'created_at': '2025-11-22T07:00:38Z', 'updated_at': '2025-11-22T07:00:38Z', 'revision_number': 1} available for tenant
2025-11-22 07:00:40.847 66212 INFO tempest.lib.common.rest_client [req-754d5586-d408-4aee-a2ac-e35571c70f1e req-754d5586-d408-4aee-a2ac-e35571c70f1e ] Request (SecurityGroupsTestAdminJSON:test_list_security_groups_list_all_tenants_filter): 200 POST http://10.180.1.21/compute/v2.1/os-security-groups 2.024s
2025-11-22 07:00:40.854 66202 INFO tempest.lib.common.rest_client [req-e9f7df68-d7b9-4ee4-8828-a0240046f23d req-e9f7df68-d7b9-4ee4-8828-a0240046f23d ] Request (VolumesAssistedSnapshotsTest:tearDownClass): 204 DELETE http://10.180.1.21/networking/v2.0/floatingips/b7c0f520-8864-4b76-9c1c-633672daa1ad 0.455s
2025-11-22 07:00:40.875 66202 INFO tempest.lib.common.rest_client [req-dd6e4ffc-6a58-4921-860c-5a5c4fd15d2b req-dd6e4ffc-6a58-4921-860c-5a5c4fd15d2b ] Request (VolumesAssistedSnapshotsTest:tearDownClass): 404 DELETE http://10.180.1.21/volume/v3/volumes/f2d4d640-f9f6-4cf3-ac5f-d25cfe8b0146 0.019s
2025-11-22 07:00:40.895 66202 INFO tempest.lib.common.rest_client [req-f39d39d5-89d2-46f6-9ca2-7baaf07eea8b req-f39d39d5-89d2-46f6-9ca2-7baaf07eea8b ] Request (VolumesAssistedSnapshotsTest:tearDownClass): 404 GET http://10.180.1.21/volume/v3/volumes/f2d4d640-f9f6-4cf3-ac5f-d25cfe8b0146 0.020s
2025-11-22 07:00:40.914 66192 INFO tempest.lib.common.rest_client [req-90306658-efc5-4838-a331-0b9b29a9cb21 req-90306658-efc5-4838-a331-0b9b29a9cb21 ] Request (MigrationsAdminTest:test_resize_server_revert_deleted_flavor): 200 GET http://10.180.1.21/compute/v2.1/servers/e0cc4f23-2127-46b1-8e85-97910d3cc570 1.752s
2025-11-22 07:00:40.922 66192 INFO tempest.common.waiters [-] State transition "BUILD/None" ==> "BUILD/networking" after 17 second wait
2025-11-22 07:00:40.953 66180 INFO tempest.lib.common.rest_client [req-050809a6-e36e-4130-8a01-731bc05d9fb0 req-050809a6-e36e-4130-8a01-731bc05d9fb0 ] Request (VolumesAdminNegativeTest:test_update_attached_volume_with_nonexistent_volume_in_uri): 200 GET http://10.180.1.21/compute/v2.1/servers/4430c9b6-b4a4-47fd-a580-0ea09ae29054 1.895s
2025-11-22 07:00:40.961 66180 INFO tempest.common.waiters [-] State transition "BUILD/spawning" ==> "ACTIVE/None" after 36 second wait
2025-11-22 07:00:41.069 66178 WARNING tempest.lib.common.ssh [-] Failed to establish authenticated ssh connection to cirros@10.180.180.163 ([Errno None] Unable to connect to port 22 on 10.180.180.163). Number attempts: 5. Retry after 6 seconds.: paramiko.ssh_exception.NoValidConnectionsError: [Errno None] Unable to connect to port 22 on 10.180.180.163
2025-11-22 07:00:41.163 66180 INFO tempest.lib.common.rest_client [req-6b3d911d-689d-4333-9a8e-66fd760cca9d req-6b3d911d-689d-4333-9a8e-66fd760cca9d ] Request (VolumesAdminNegativeTest:test_update_attached_volume_with_nonexistent_volume_in_uri): 202 POST http://10.180.1.21/volume/v3/volumes 0.202s
2025-11-22 07:00:41.177 66182 INFO tempest.lib.common.rest_client [req-2a581474-127d-4037-ad47-a25dc8d0483b req-2a581474-127d-4037-ad47-a25dc8d0483b ] Request (SecurityGroupRulesNegativeTestJSON:_run_cleanups): 202 DELETE http://10.180.1.21/compute/v2.1/os-security-group-rules/52bed8fd-6d7b-41a3-94c7-b57f899dc590 1.999s
2025-11-22 07:00:41.216 66180 INFO tempest.lib.common.rest_client [req-3c573cd3-f5be-4fa0-b6df-0ee610fe29f4 req-3c573cd3-f5be-4fa0-b6df-0ee610fe29f4 ] Request (VolumesAdminNegativeTest:test_update_attached_volume_with_nonexistent_volume_in_uri): 200 GET http://10.180.1.21/volume/v3/volumes/ddce8983-6568-4c9d-a0cf-4a8c1c6f99ad 0.045s
2025-11-22 07:00:41.221 66190 INFO tempest.lib.common.rest_client [req-0fbf8399-abff-4cac-ba13-9f165fa96e6a req-0fbf8399-abff-4cac-ba13-9f165fa96e6a ] Request (FloatingIPsAssociationTestJSON:test_associate_already_associated_floating_ip): 200 GET http://10.180.1.21/compute/v2.1/servers/9962dfae-4075-41c5-99f5-ad96564a5c42 2.033s
2025-11-22 07:00:41.228 66190 INFO tempest.common.waiters [-] State transition "BUILD/spawning" ==> "ACTIVE/None" after 31 second wait
2025-11-22 07:00:41.290 66206 INFO tempest.lib.common.rest_client [req-6e56acb9-18b1-463c-8040-b483852cb737 req-6e56acb9-18b1-463c-8040-b483852cb737 ] Request (ServersTestManualDisk:tearDownClass): 200 GET http://10.180.1.21/compute/v2.1/servers/3987d331-f3b1-416d-a331-3851f84caf30 1.933s
2025-11-22 07:00:41.308 66176 INFO tempest.lib.common.rest_client [req-4f3b5a1c-7ac5-45d8-b97f-622a5242978e req-4f3b5a1c-7ac5-45d8-b97f-622a5242978e ] Request (ListServerFiltersTestJSON:tearDownClass): 200 GET http://10.180.1.21/compute/v2.1/servers/416fa78f-58ec-4352-8ff4-f5bf5053595e 1.827s
2025-11-22 07:00:41.348 66216 INFO tempest.lib.common.rest_client [req-9ccea064-21fe-4f35-b91d-ffdb778c002d req-9ccea064-21fe-4f35-b91d-ffdb778c002d ] Request (ServerGroupTestJSON:test_create_server_with_scheduler_hint_group): 200 GET http://10.180.1.21/compute/v2.1/os-server-groups/b1ca4058-092a-49fa-bbe8-e4aa8cce5f63 1.806s
2025-11-22 07:00:41.411 66170 INFO tempest.lib.common.rest_client [req-fca433fa-28c8-46ee-8dbd-bc360fcf48a2 req-fca433fa-28c8-46ee-8dbd-bc360fcf48a2 ] Request (ImagesOneServerNegativeTestJSON:_run_cleanups): 200 GET http://10.180.1.21/compute/v2.1/servers/d1001cbc-5243-4b1b-805a-87bd6c2e0187 1.730s
2025-11-22 07:00:41.501 66225 WARNING tempest.lib.common.ssh [-] Failed to establish authenticated ssh connection to cirros@10.180.180.168 ([Errno None] Unable to connect to port 22 on 10.180.180.168). Number attempts: 2. Retry after 3 seconds.: paramiko.ssh_exception.NoValidConnectionsError: [Errno None] Unable to connect to port 22 on 10.180.180.168
2025-11-22 07:00:41.807 66202 INFO tempest.lib.common.rest_client [req-d3075a74-db6a-4238-a5bf-526598a57a83 req-d3075a74-db6a-4238-a5bf-526598a57a83 ] Request (VolumesAssistedSnapshotsTest:tearDownClass): 200 PUT http://10.180.1.21/networking/v2.0/routers/f53c1304-c562-4713-bd53-47efa004e2b8/remove_router_interface 0.911s
2025-11-22 07:00:41.846 66184 INFO tempest.lib.common.rest_client [req-7f1b4f9c-91ae-4e21-8ed8-03f6f7c88b63 req-7f1b4f9c-91ae-4e21-8ed8-03f6f7c88b63 ] Request (ServersListShow298Test:test_list_show_update_rebuild_server_298): 200 GET http://10.180.1.21/compute/v2.1/servers/3a03e8b8-d5e9-418d-adfd-af5aefccc48f 1.891s
2025-11-22 07:00:41.861 66200 INFO tempest.lib.common.rest_client [req-264c22a6-61d2-4cc4-933b-eb234f8ae693 req-264c22a6-61d2-4cc4-933b-eb234f8ae693 ] Request (ServersTestFqdnHostnames:test_create_server_with_fqdn_name): 200 GET http://10.180.1.21/compute/v2.1/servers/8a56050e-3c27-4d61-9059-3c458cb1e114 1.869s
2025-11-22 07:00:41.981 66172 INFO tempest.lib.common.rest_client [req-047f8b5a-68fa-4b9a-83d7-50fb19f267a5 req-047f8b5a-68fa-4b9a-83d7-50fb19f267a5 ] Request (ServersAdminNegativeTestJSON:test_resize_server_using_overlimit_ram): 200 GET http://10.180.1.21/compute/v2.1/os-quota-sets/08665674a35a422bb1e0130478a52b6e 1.972s
2025-11-22 07:00:42.261 66180 INFO tempest.lib.common.rest_client [req-00349672-e6ae-48ab-a84d-8a119c7f6ff0 req-00349672-e6ae-48ab-a84d-8a119c7f6ff0 ] Request (VolumesAdminNegativeTest:test_update_attached_volume_with_nonexistent_volume_in_uri): 200 GET http://10.180.1.21/volume/v3/volumes/ddce8983-6568-4c9d-a0cf-4a8c1c6f99ad 0.037s
2025-11-22 07:00:42.269 66180 INFO tempest.common.waiters [-] volume ddce8983-6568-4c9d-a0cf-4a8c1c6f99ad reached available after waiting for 1.269493 seconds
2025-11-22 07:00:42.279 66196 INFO paramiko.transport [-] Connected (version 2.0, client dropbear_2020.81)
2025-11-22 07:00:42.287 66202 INFO tempest.lib.common.rest_client [req-7c033904-f2a1-4257-bf39-219135b14dfd req-7c033904-f2a1-4257-bf39-219135b14dfd ] Request (VolumesAssistedSnapshotsTest:tearDownClass): 204 DELETE http://10.180.1.21/networking/v2.0/routers/f53c1304-c562-4713-bd53-47efa004e2b8 0.480s
2025-11-22 07:00:42.346 66196 INFO paramiko.transport [-] Authentication (publickey) successful!
2025-11-22 07:00:42.346 66196 INFO tempest.lib.common.ssh [-] ssh connection to cirros@10.180.180.152 successfully created
2025-11-22 07:00:42.594 66202 INFO tempest.lib.common.rest_client [req-eb486d7b-2e54-40ad-8620-44ecd43533e1 req-eb486d7b-2e54-40ad-8620-44ecd43533e1 ] Request (VolumesAssistedSnapshotsTest:tearDownClass): 204 DELETE http://10.180.1.21/networking/v2.0/subnets/bb3edaba-a68c-4356-927d-c96992f1bad2 0.306s
2025-11-22 07:00:42.650 66186 INFO tempest.lib.common.rest_client [req-cace4bb9-f601-44d2-a389-3bbd7cf77500 req-cace4bb9-f601-44d2-a389-3bbd7cf77500 ] Request (FloatingIPsAssociationNegativeTestJSON:tearDownClass): 200 GET http://10.180.1.21/compute/v2.1/servers/9692c645-6ee3-4b5d-aae1-16afe2015361 2.606s
2025-11-22 07:00:42.668 66188 INFO tempest.lib.common.rest_client [req-278f07bd-59ef-47a5-8a6c-2d76611398aa req-278f07bd-59ef-47a5-8a6c-2d76611398aa ] Request (ServerPasswordTestJSON:setUpClass): 200 GET http://10.180.1.21/compute/v2.1/servers/592fd683-4324-4969-856f-53af28cfc956 2.419s
2025-11-22 07:00:42.740 66198 INFO tempest.lib.common.rest_client [req-96b402af-7667-4b65-94e3-b449f6080262 req-96b402af-7667-4b65-94e3-b449f6080262 ] Request (ServerRescueNegativeTestJSON:_run_cleanups): 202 POST http://10.180.1.21/compute/v2.1/servers/7113b81a-bbf7-4259-a44e-51409c6eec9f/action 2.410s
2025-11-22 07:00:43.124 66202 INFO tempest.lib.common.rest_client [req-b341aa46-af3a-499f-b101-c25d6efdedd1 req-b341aa46-af3a-499f-b101-c25d6efdedd1 ] Request (VolumesAssistedSnapshotsTest:tearDownClass): 204 DELETE http://10.180.1.21/networking/v2.0/networks/90baa5d6-22a1-4088-b3e7-46f0ba1e59b0 0.529s
2025-11-22 07:00:43.187 66208 INFO tempest.lib.common.rest_client [req-b67927f6-51c9-4abf-a8d2-1c2299b0728a req-b67927f6-51c9-4abf-a8d2-1c2299b0728a ] Request (ServersListShow296Test:test_list_show_update_rebuild_server_296): 200 GET http://10.180.1.21/compute/v2.1/servers/5f80cf7f-1ae2-49f9-b0d4-bbaa6f15e3e4 2.539s
2025-11-22 07:00:43.656 66174 INFO tempest.lib.common.rest_client [req-acb6e3d9-4cc5-47e1-9651-18213fe22202 req-acb6e3d9-4cc5-47e1-9651-18213fe22202 ] Request (SecurityGroupsTestJSON:test_security_groups_create_list_delete): 202 DELETE http://10.180.1.21/compute/v2.1/os-security-groups/e6279062-e014-4860-977e-0cd485fb8e60 3.362s
2025-11-22 07:00:43.807 66212 INFO tempest.lib.common.rest_client [req-612ca043-3a86-4f11-93ac-b5b83451f879 req-612ca043-3a86-4f11-93ac-b5b83451f879 ] Request (SecurityGroupsTestAdminJSON:test_list_security_groups_list_all_tenants_filter): 200 POST http://10.180.1.21/compute/v2.1/os-security-groups 2.956s
2025-11-22 07:00:43.827 66228 WARNING tempest.lib.common.ssh [-] Failed to establish authenticated ssh connection to cirros@10.180.180.157 ([Errno None] Unable to connect to port 22 on 10.180.180.157). Number attempts: 5. Retry after 6 seconds.: paramiko.ssh_exception.NoValidConnectionsError: [Errno None] Unable to connect to port 22 on 10.180.180.157
2025-11-22 07:00:43.952 66194 INFO tempest.lib.common.rest_client [req-f5cda570-75b9-4e2b-ac5c-57b7d22cca17 req-f5cda570-75b9-4e2b-ac5c-57b7d22cca17 ] Request (ImagesTestJSON:test_create_image_from_suspended_server): 200 GET http://10.180.1.21/compute/v2.1/servers/e2fab20e-c298-4622-b1c3-950036f14362 2.949s
2025-11-22 07:00:43.962 66194 INFO tempest.common.waiters [-] State transition "BUILD/scheduling" ==> "BUILD/None" after 3 second wait
2025-11-22 07:00:43.971 66202 INFO tempest.lib.common.rest_client [req-f9b083f2-f581-434d-9ac1-a21bf4cc212c req-f9b083f2-f581-434d-9ac1-a21bf4cc212c ] Request (VolumesAssistedSnapshotsTest:tearDownClass): 200 PUT http://10.180.1.21/networking/v2.0/routers/a365c20d-50a9-4c44-968c-99f27aa791d0/remove_router_interface 0.847s
2025-11-22 07:00:44.096 66182 INFO tempest.lib.common.rest_client [req-1647ce17-a44e-448f-a973-a4b147751a3c req-1647ce17-a44e-448f-a973-a4b147751a3c ] Request (SecurityGroupRulesNegativeTestJSON:test_create_security_group_rule_with_invalid_from_port): 200 POST http://10.180.1.21/compute/v2.1/os-security-groups 2.917s
2025-11-22 07:00:44.225 66168 INFO tempest.lib.common.rest_client [req-3cc929b2-04b1-4c63-986f-38c7d9220560 req-3cc929b2-04b1-4c63-986f-38c7d9220560 ] Request (InstanceActionsTestJSON:setUpClass): 202 POST http://10.180.1.21/compute/v2.1/servers 3.529s
2025-11-22 07:00:44.458 66202 INFO tempest.lib.common.rest_client [req-6a08be70-8aae-4ba2-a647-f71d7c549839 req-6a08be70-8aae-4ba2-a647-f71d7c549839 ] Request (VolumesAssistedSnapshotsTest:tearDownClass): 204 DELETE http://10.180.1.21/networking/v2.0/routers/a365c20d-50a9-4c44-968c-99f27aa791d0 0.486s
2025-11-22 07:00:44.509 66226 INFO tempest.lib.common.rest_client [req-d05ed2d3-b5b8-480e-b6c8-394b22292d0c req-d05ed2d3-b5b8-480e-b6c8-394b22292d0c ] Request (ListServersNegativeTestJSON:setUpClass): 200 GET http://10.180.1.21/compute/v2.1/servers/9581990f-6ac6-4b1d-aaf6-8608046cad6d 3.181s
2025-11-22 07:00:44.603 66216 INFO tempest.lib.common.rest_client [req-a05a0fc7-680f-4ba4-81c2-90664ebfdf23 req-a05a0fc7-680f-4ba4-81c2-90664ebfdf23 ] Request (ServerGroupTestJSON:_run_cleanups): 204 DELETE http://10.180.1.21/compute/v2.1/servers/1eb1bb90-3913-42a4-85ce-75ff38a182b3 3.253s
2025-11-22 07:00:44.716 66202 INFO tempest.lib.common.rest_client [req-55437261-db8a-4910-bffe-a96e8408b2e7 req-55437261-db8a-4910-bffe-a96e8408b2e7 ] Request (VolumesAssistedSnapshotsTest:tearDownClass): 204 DELETE http://10.180.1.21/networking/v2.0/subnets/f72c365a-f3bb-4865-9e1b-d1e73f3a9d87 0.256s
2025-11-22 07:00:45.474 66202 INFO tempest.lib.common.rest_client [req-a968f564-84f3-4e0a-91f4-0584fcc62917 req-a968f564-84f3-4e0a-91f4-0584fcc62917 ] Request (VolumesAssistedSnapshotsTest:tearDownClass): 204 DELETE http://10.180.1.21/networking/v2.0/networks/a0522f85-3bdd-4e68-88dc-009c7258bd3f 0.757s
2025-11-22 07:00:45.551 66192 INFO tempest.lib.common.rest_client [req-d994cc68-be90-4f25-840d-6098deabf51d req-d994cc68-be90-4f25-840d-6098deabf51d ] Request (MigrationsAdminTest:test_resize_server_revert_deleted_flavor): 200 GET http://10.180.1.21/compute/v2.1/servers/e0cc4f23-2127-46b1-8e85-97910d3cc570 3.628s
2025-11-22 07:00:45.568 66192 INFO tempest.common.waiters [-] State transition "BUILD/networking" ==> "BUILD/spawning" after 22 second wait
2025-11-22 07:00:45.581 66172 INFO tempest.lib.common.rest_client [req-be65204a-a0d8-4d73-8fd0-f56bcffc2d07 req-be65204a-a0d8-4d73-8fd0-f56bcffc2d07 ] Request (ServersAdminNegativeTestJSON:test_resize_server_using_overlimit_ram): 200 POST http://10.180.1.21/compute/v2.1/flavors 3.597s
2025-11-22 07:00:45.747 66180 INFO tempest.lib.common.rest_client [req-10d47295-808c-4bcb-9f09-18491fdacd9f req-10d47295-808c-4bcb-9f09-18491fdacd9f ] Request (VolumesAdminNegativeTest:test_update_attached_volume_with_nonexistent_volume_in_uri): 404 PUT http://10.180.1.21/compute/v2.1/servers/4430c9b6-b4a4-47fd-a580-0ea09ae29054/os-volume_attachments/18ccc9f1-e3d5-4103-81a0-d0863a7c48df 3.477s
2025-11-22 07:00:45.771 66206 INFO tempest.lib.common.rest_client [req-d7bea5f3-3315-429e-8b8b-45bf83924bb0 req-d7bea5f3-3315-429e-8b8b-45bf83924bb0 ] Request (ServersTestManualDisk:tearDownClass): 404 GET http://10.180.1.21/compute/v2.1/servers/3987d331-f3b1-416d-a331-3851f84caf30 3.470s
2025-11-22 07:00:45.804 66180 INFO tempest.lib.common.rest_client [req-66db3832-2d15-4372-ba7e-e50f586cdd8d req-66db3832-2d15-4372-ba7e-e50f586cdd8d ] Request (VolumesAdminNegativeTest:tearDownClass): 202 DELETE http://10.180.1.21/volume/v3/volumes/ddce8983-6568-4c9d-a0cf-4a8c1c6f99ad 0.055s
2025-11-22 07:00:45.837 66180 INFO tempest.lib.common.rest_client [req-b9c36159-006a-4cea-8e50-6e258b6ce353 req-b9c36159-006a-4cea-8e50-6e258b6ce353 ] Request (VolumesAdminNegativeTest:tearDownClass): 200 GET http://10.180.1.21/volume/v3/volumes/ddce8983-6568-4c9d-a0cf-4a8c1c6f99ad 0.032s
2025-11-22 07:00:46.437 66202 INFO tempest.lib.common.rest_client [req-58c6c1c4-ae05-468d-809a-81dc0d97167d req-58c6c1c4-ae05-468d-809a-81dc0d97167d ] Request (VolumesAssistedSnapshotsTest:tearDownClass): 200 PUT http://10.180.1.21/networking/v2.0/routers/8e57fa78-04aa-4b6d-85de-adf5e3e9d932/remove_router_interface 0.963s
2025-11-22 07:00:46.528 66176 INFO tempest.lib.common.rest_client [req-8ff04d85-b776-4de0-bdf4-ce042fa01fe5 req-8ff04d85-b776-4de0-bdf4-ce042fa01fe5 ] Request (ListServerFiltersTestJSON:tearDownClass): 200 GET http://10.180.1.21/compute/v2.1/servers/416fa78f-58ec-4352-8ff4-f5bf5053595e 4.206s
2025-11-22 07:00:46.582 66196 INFO tempest.lib.common.rest_client [req-adea4853-7841-4592-9fd4-416186284ce4 req-adea4853-7841-4592-9fd4-416186284ce4 ] Request (AttachVolumeNegativeTest:test_attach_attached_volume_to_different_server): 200 GET http://10.180.1.21/compute/v2.1/servers/510a68e1-d656-41d5-a25e-d2469223f755/ips 4.235s
2025-11-22 07:00:46.708 66170 INFO tempest.lib.common.rest_client [req-bda466e3-dd71-40f7-b30a-505257fb3f41 req-bda466e3-dd71-40f7-b30a-505257fb3f41 ] Request (ImagesOneServerNegativeTestJSON:_run_cleanups): 200 GET http://10.180.1.21/compute/v2.1/servers/d1001cbc-5243-4b1b-805a-87bd6c2e0187 4.290s
2025-11-22 07:00:46.806 66196 INFO tempest.lib.common.rest_client [req-fdff773a-0e79-4a86-8f6c-cd9ba2f4e924 req-fdff773a-0e79-4a86-8f6c-cd9ba2f4e924 ] Request (AttachVolumeNegativeTest:test_attach_attached_volume_to_different_server): 202 POST http://10.180.1.21/volume/v3/volumes 0.221s
2025-11-22 07:00:46.848 66196 INFO tempest.lib.common.rest_client [req-34baf92f-16d2-4479-b8a1-46a9cefbb212 req-34baf92f-16d2-4479-b8a1-46a9cefbb212 ] Request (AttachVolumeNegativeTest:test_attach_attached_volume_to_different_server): 200 GET http://10.180.1.21/volume/v3/volumes/48f39b33-21ed-4df7-b636-94d54facc45e 0.034s
2025-11-22 07:00:46.870 66180 INFO tempest.lib.common.rest_client [req-af5fccaa-740b-46d1-9ddc-48fb6c2e4e3c req-af5fccaa-740b-46d1-9ddc-48fb6c2e4e3c ] Request (VolumesAdminNegativeTest:tearDownClass): 404 GET http://10.180.1.21/volume/v3/volumes/ddce8983-6568-4c9d-a0cf-4a8c1c6f99ad 0.019s
2025-11-22 07:00:47.042 66202 INFO tempest.lib.common.rest_client [req-c3e5c7c2-b7a0-44c3-b3e2-45ee8dc7fb24 req-c3e5c7c2-b7a0-44c3-b3e2-45ee8dc7fb24 ] Request (VolumesAssistedSnapshotsTest:tearDownClass): 204 DELETE http://10.180.1.21/networking/v2.0/routers/8e57fa78-04aa-4b6d-85de-adf5e3e9d932 0.605s
2025-11-22 07:00:47.082 66198 INFO tempest.lib.common.rest_client [req-f38bd688-9dc0-4927-ae54-dacffa784383 req-f38bd688-9dc0-4927-ae54-dacffa784383 ] Request (ServerRescueNegativeTestJSON:_run_cleanups): 200 GET http://10.180.1.21/compute/v2.1/servers/7113b81a-bbf7-4259-a44e-51409c6eec9f 4.341s
2025-11-22 07:00:47.136 66190 INFO tempest.lib.common.rest_client [req-f4cf377b-95ef-4681-8417-81ce21aa5b28 req-f4cf377b-95ef-4681-8417-81ce21aa5b28 ] Request (FloatingIPsAssociationTestJSON:test_associate_already_associated_floating_ip): 202 POST http://10.180.1.21/compute/v2.1/servers/991d1fc6-219f-46f3-96ca-3fdef146ef9a/action 5.907s
2025-11-22 07:00:47.266 66184 INFO tempest.lib.common.rest_client [req-5b813656-969f-4d66-a01e-f3db14d8b9d1 req-5b813656-969f-4d66-a01e-f3db14d8b9d1 ] Request (ServersListShow298Test:test_list_show_update_rebuild_server_298): 200 GET http://10.180.1.21/compute/v2.1/servers/3a03e8b8-d5e9-418d-adfd-af5aefccc48f 4.402s
2025-11-22 07:00:47.279 66184 INFO tempest.common.waiters [-] State transition "REBUILD/rebuilding" ==> "REBUILD/rebuild_spawning" after 6 second wait
2025-11-22 07:00:47.288 66202 INFO tempest.lib.common.rest_client [req-08a9323c-c857-4575-8b06-41bb02b2f896 req-08a9323c-c857-4575-8b06-41bb02b2f896 ] Request (VolumesAssistedSnapshotsTest:tearDownClass): 204 DELETE http://10.180.1.21/networking/v2.0/subnets/1e025bca-39a2-42df-a0ce-837b46702f06 0.245s
2025-11-22 07:00:47.351 66174 INFO tempest.lib.common.rest_client [req-79061f6c-f6ba-477d-ac1d-68878d195f36 req-79061f6c-f6ba-477d-ac1d-68878d195f36 ] Request (SecurityGroupsTestJSON:test_security_groups_create_list_delete): 404 GET http://10.180.1.21/compute/v2.1/os-security-groups/e6279062-e014-4860-977e-0cd485fb8e60 3.695s
2025-11-22 07:00:47.391 66200 INFO tempest.lib.common.rest_client [req-6b5a35c5-c8e5-485c-af76-977e1fe16904 req-6b5a35c5-c8e5-485c-af76-977e1fe16904 ] Request (ServersTestFqdnHostnames:test_create_server_with_fqdn_name): 200 GET http://10.180.1.21/compute/v2.1/servers/8a56050e-3c27-4d61-9059-3c458cb1e114 4.522s
2025-11-22 07:00:47.399 66200 INFO tempest.common.waiters [-] State transition "BUILD/None" ==> "BUILD/spawning" after 23 second wait
2025-11-22 07:00:47.439 66186 INFO tempest.lib.common.rest_client [req-efa72c00-487c-4df3-89d8-c70ecf0798b4 req-efa72c00-487c-4df3-89d8-c70ecf0798b4 ] Request (FloatingIPsAssociationNegativeTestJSON:tearDownClass): 200 GET http://10.180.1.21/compute/v2.1/servers/9692c645-6ee3-4b5d-aae1-16afe2015361 3.779s
2025-11-22 07:00:47.453 66186 INFO tempest.common.waiters [-] State transition "ACTIVE/deleting" ==> "DELETED/None" after 5 second wait
2025-11-22 07:00:47.579 66178 INFO paramiko.transport [-] Connected (version 2.0, client dropbear_2020.81)
2025-11-22 07:00:47.601 66202 INFO tempest.lib.common.rest_client [req-8838ea6d-2b78-4528-8550-80e573caf5ab req-8838ea6d-2b78-4528-8550-80e573caf5ab ] Request (VolumesAssistedSnapshotsTest:tearDownClass): 204 DELETE http://10.180.1.21/networking/v2.0/networks/9382014e-c51c-4516-a3ea-5af63b8f8014 0.313s
2025-11-22 07:00:47.643 66178 INFO paramiko.transport [-] Authentication (publickey) successful!
2025-11-22 07:00:47.645 66178 INFO tempest.lib.common.ssh [-] ssh connection to cirros@10.180.180.163 successfully created
2025-11-22 07:00:47.659 66188 INFO tempest.lib.common.rest_client [req-2b7ca8ad-b5a1-4c46-9d0a-a03459cc9013 req-2b7ca8ad-b5a1-4c46-9d0a-a03459cc9013 ] Request (ServerPasswordTestJSON:setUpClass): 200 GET http://10.180.1.21/compute/v2.1/servers/592fd683-4324-4969-856f-53af28cfc956 3.982s
2025-11-22 07:00:47.675 66188 INFO tempest.common.waiters [-] State transition "BUILD/spawning" ==> "ACTIVE/None" after 31 second wait
2025-11-22 07:00:47.695 66182 INFO tempest.lib.common.rest_client [req-b659fd0d-d036-43f5-b051-b145906eebc7 req-b659fd0d-d036-43f5-b051-b145906eebc7 ] Request (SecurityGroupRulesNegativeTestJSON:test_create_security_group_rule_with_invalid_from_port): 400 POST http://10.180.1.21/compute/v2.1/os-security-group-rules 3.596s
2025-11-22 07:00:47.819 66202 INFO tempest.lib.common.rest_client [req-bcb243d4-70dd-4dc8-b85d-975fa3b9ac3e req-bcb243d4-70dd-4dc8-b85d-975fa3b9ac3e ] Request (VolumesAssistedSnapshotsTest:tearDownClass): 204 DELETE http://10.180.1.21/identity/v3/users/ebafae009e3a49dd8ed2776197497e42 0.217s
2025-11-22 07:00:47.829 66208 INFO tempest.lib.common.rest_client [req-29a09ef5-3962-44c0-8e3a-253e10862132 req-29a09ef5-3962-44c0-8e3a-253e10862132 ] Request (ServersListShow296Test:test_list_show_update_rebuild_server_296): 200 GET http://10.180.1.21/compute/v2.1/servers/5f80cf7f-1ae2-49f9-b0d4-bbaa6f15e3e4 3.627s
2025-11-22 07:00:47.836 66218 WARNING tempest.lib.common.ssh [-] Failed to establish authenticated ssh connection to cirros@10.180.180.167 ([Errno None] Unable to connect to port 22 on 10.180.180.167). Number attempts: 9. Retry after 10 seconds.: paramiko.ssh_exception.NoValidConnectionsError: [Errno None] Unable to connect to port 22 on 10.180.180.167
2025-11-22 07:00:47.879 66168 INFO tempest.lib.common.rest_client [req-7a6529dc-f393-404d-826d-0c49df8270f4 req-7a6529dc-f393-404d-826d-0c49df8270f4 ] Request (InstanceActionsTestJSON:setUpClass): 200 GET http://10.180.1.21/compute/v2.1/servers/68d0a63b-f7fe-4407-a9b8-c99a6d5c9f0b 3.652s
2025-11-22 07:00:47.886 66196 INFO tempest.lib.common.rest_client [req-19b7a773-0cdb-4491-931a-7ceb6c1f4f77 req-19b7a773-0cdb-4491-931a-7ceb6c1f4f77 ] Request (AttachVolumeNegativeTest:test_attach_attached_volume_to_different_server): 200 GET http://10.180.1.21/volume/v3/volumes/48f39b33-21ed-4df7-b636-94d54facc45e 0.030s
2025-11-22 07:00:47.892 66196 INFO tempest.common.waiters [-] volume 48f39b33-21ed-4df7-b636-94d54facc45e reached available after waiting for 1.892558 seconds
2025-11-22 07:00:47.932 66202 INFO tempest.lib.common.rest_client [req-43cdd2e9-a235-48f7-aa88-6a2b57745b2d req-43cdd2e9-a235-48f7-aa88-6a2b57745b2d ] Request (VolumesAssistedSnapshotsTest:tearDownClass): 204 DELETE http://10.180.1.21/identity/v3/users/4ab83abbf19c4d88ab26c5e44fd6928f 0.112s
2025-11-22 07:00:47.932 66216 INFO tempest.lib.common.rest_client [req-920d2752-e768-410b-8042-2a9ee97c21d1 req-920d2752-e768-410b-8042-2a9ee97c21d1 ] Request (ServerGroupTestJSON:_run_cleanups): 200 GET http://10.180.1.21/compute/v2.1/servers/1eb1bb90-3913-42a4-85ce-75ff38a182b3 3.328s
2025-11-22 07:00:48.003 66194 INFO tempest.lib.common.rest_client [req-ffa197f8-b316-46dd-a42d-8cd39ca4651c req-ffa197f8-b316-46dd-a42d-8cd39ca4651c ] Request (ImagesTestJSON:test_create_image_from_suspended_server): 200 GET http://10.180.1.21/compute/v2.1/servers/e2fab20e-c298-4622-b1c3-950036f14362 3.041s
2025-11-22 07:00:48.060 66202 INFO tempest.lib.common.rest_client [req-25c89755-6b6f-4d52-bce1-b5d7616b5527 req-25c89755-6b6f-4d52-bce1-b5d7616b5527 ] Request (VolumesAssistedSnapshotsTest:tearDownClass): 204 DELETE http://10.180.1.21/identity/v3/users/bd68a6c753fb4d469e8a25c14657bc5c 0.128s
2025-11-22 07:00:48.060 66202 INFO tempest.lib.common.dynamic_creds [-] Deleting project and security group for project: 539ff62a91ce47e6bbf63f5cceea79ac
2025-11-22 07:00:48.071 66226 INFO tempest.lib.common.rest_client [req-d2c4e22d-b4ee-4225-8814-9551d63b49be req-d2c4e22d-b4ee-4225-8814-9551d63b49be ] Request (ListServersNegativeTestJSON:setUpClass): 200 GET http://10.180.1.21/compute/v2.1/servers/9581990f-6ac6-4b1d-aaf6-8608046cad6d 2.551s
2025-11-22 07:00:48.090 66202 INFO tempest.lib.common.rest_client [req-10740367-948c-4a56-9080-efc47fe9020f req-10740367-948c-4a56-9080-efc47fe9020f ] Request (VolumesAssistedSnapshotsTest:tearDownClass): 200 GET http://10.180.1.21/networking/v2.0/security-groups?tenant_id=539ff62a91ce47e6bbf63f5cceea79ac&name=default 0.029s
2025-11-22 07:00:48.093 66225 WARNING tempest.lib.common.ssh [-] Failed to establish authenticated ssh connection to cirros@10.180.180.168 ([Errno None] Unable to connect to port 22 on 10.180.180.168). Number attempts: 3. Retry after 4 seconds.: paramiko.ssh_exception.NoValidConnectionsError: [Errno None] Unable to connect to port 22 on 10.180.180.168
2025-11-22 07:00:48.181 66202 INFO tempest.lib.common.rest_client [req-702d9448-7622-41eb-ba40-195b1fcdd28c req-702d9448-7622-41eb-ba40-195b1fcdd28c ] Request (VolumesAssistedSnapshotsTest:tearDownClass): 204 DELETE http://10.180.1.21/networking/v2.0/security-groups/881c432b-f3e9-41ba-a0a1-0661de1857d4 0.090s
2025-11-22 07:00:48.204 66172 INFO tempest.lib.common.rest_client [req-b36d9333-436e-43c5-9d28-8c3b6841a08d req-b36d9333-436e-43c5-9d28-8c3b6841a08d ] Request (ServersAdminNegativeTestJSON:test_resize_server_using_overlimit_ram): 403 POST http://10.180.1.21/compute/v2.1/servers/9378c862-3977-4085-b6bb-63ce2bb5c54e/action 2.618s
2025-11-22 07:00:48.223 66206 INFO tempest.lib.common.rest_client [req-c38e64ec-31cc-4105-96c2-db8cd3a873cb req-c38e64ec-31cc-4105-96c2-db8cd3a873cb ] Request (ServersTestManualDisk:tearDownClass): 202 DELETE http://10.180.1.21/compute/v2.1/os-keypairs/tempest-keypair-1106957757 2.451s
2025-11-22 07:00:48.295 66202 INFO tempest.lib.common.rest_client [req-87a4b01a-58c3-499d-a5b0-8c08d142f62d req-87a4b01a-58c3-499d-a5b0-8c08d142f62d ] Request (VolumesAssistedSnapshotsTest:tearDownClass): 204 DELETE http://10.180.1.21/identity/v3/projects/539ff62a91ce47e6bbf63f5cceea79ac 0.114s
2025-11-22 07:00:48.296 66202 INFO tempest.lib.common.dynamic_creds [-] Deleting project and security group for project: 6f9a4e77b1094b3abebb367943623725
2025-11-22 07:00:48.310 66206 INFO tempest.lib.common.rest_client [req-a2117173-5940-4b84-b858-9c4f95fd5bc9 req-a2117173-5940-4b84-b858-9c4f95fd5bc9 ] Request (ServersTestManualDisk:tearDownClass): 204 DELETE http://10.180.1.21/networking/v2.0/security-groups/7bd83082-54c7-4a9d-8851-ee394b3ae5fe 0.087s
2025-11-22 07:00:48.369 66202 INFO tempest.lib.common.rest_client [req-c3227734-dc50-4aff-aa4b-fe451cd9ee96 req-c3227734-dc50-4aff-aa4b-fe451cd9ee96 ] Request (VolumesAssistedSnapshotsTest:tearDownClass): 200 GET http://10.180.1.21/networking/v2.0/security-groups?tenant_id=6f9a4e77b1094b3abebb367943623725&name=default 0.073s
2025-11-22 07:00:48.378 66206 INFO tempest.lib.common.rest_client [req-4f4bd19c-8fff-4dc6-b720-8409733ae5f6 req-4f4bd19c-8fff-4dc6-b720-8409733ae5f6 ] Request (ServersTestManualDisk:tearDownClass): 404 GET http://10.180.1.21/networking/v2.0/security-groups/7bd83082-54c7-4a9d-8851-ee394b3ae5fe 0.068s
2025-11-22 07:00:48.440 66192 INFO tempest.lib.common.rest_client [req-2d69703f-539c-4eb1-b430-ab8a257ab5e0 req-2d69703f-539c-4eb1-b430-ab8a257ab5e0 ] Request (MigrationsAdminTest:test_resize_server_revert_deleted_flavor): 200 GET http://10.180.1.21/compute/v2.1/servers/e0cc4f23-2127-46b1-8e85-97910d3cc570 1.870s
2025-11-22 07:00:48.485 66202 INFO tempest.lib.common.rest_client [req-d3d0193d-e4c0-44eb-81a1-1f393b548f3d req-d3d0193d-e4c0-44eb-81a1-1f393b548f3d ] Request (VolumesAssistedSnapshotsTest:tearDownClass): 204 DELETE http://10.180.1.21/networking/v2.0/security-groups/8459ff53-3c72-4564-9c6b-fa69e16f80be 0.115s
2025-11-22 07:00:48.589 66180 INFO tempest.lib.common.rest_client [req-5bd1aebf-9583-42bc-b4a9-0f8d562bab13 req-5bd1aebf-9583-42bc-b4a9-0f8d562bab13 ] Request (VolumesAdminNegativeTest:tearDownClass): 204 DELETE http://10.180.1.21/compute/v2.1/servers/4430c9b6-b4a4-47fd-a580-0ea09ae29054 1.718s
2025-11-22 07:00:48.658 66202 INFO tempest.lib.common.rest_client [req-0b0e1e97-f0c8-4cc7-b453-79d973da1b1b req-0b0e1e97-f0c8-4cc7-b453-79d973da1b1b ] Request (VolumesAssistedSnapshotsTest:tearDownClass): 204 DELETE http://10.180.1.21/identity/v3/projects/6f9a4e77b1094b3abebb367943623725 0.172s
2025-11-22 07:00:48.658 66202 INFO tempest.lib.common.dynamic_creds [-] Deleting project and security group for project: cb26e40827044523a8d10bee34d7de46
2025-11-22 07:00:48.724 66206 INFO tempest.lib.common.rest_client [req-10b64b8b-8b81-4b53-821d-87472d7053d8 req-10b64b8b-8b81-4b53-821d-87472d7053d8 ] Request (ServersTestManualDisk:tearDownClass): 204 DELETE http://10.180.1.21/networking/v2.0/floatingips/14fd775c-0e7b-492d-b1bd-252a22100b8c 0.345s
2025-11-22 07:00:48.758 66202 INFO tempest.lib.common.rest_client [req-f0f64545-8dcc-40d7-890e-56dd3f41b5fd req-f0f64545-8dcc-40d7-890e-56dd3f41b5fd ] Request (VolumesAssistedSnapshotsTest:tearDownClass): 200 GET http://10.180.1.21/networking/v2.0/security-groups?tenant_id=cb26e40827044523a8d10bee34d7de46&name=default 0.100s
2025-11-22 07:00:48.909 66202 INFO tempest.lib.common.rest_client [req-224e5f4f-aea8-40b4-a6e9-c56768c0b488 req-224e5f4f-aea8-40b4-a6e9-c56768c0b488 ] Request (VolumesAssistedSnapshotsTest:tearDownClass): 204 DELETE http://10.180.1.21/networking/v2.0/security-groups/0c7123cd-c931-4d29-96f0-d62edc6bbcdf 0.150s
2025-11-22 07:00:49.036 66202 INFO tempest.lib.common.rest_client [req-f5fcca0d-29c1-4589-884a-8682d9427cc1 req-f5fcca0d-29c1-4589-884a-8682d9427cc1 ] Request (VolumesAssistedSnapshotsTest:tearDownClass): 204 DELETE http://10.180.1.21/identity/v3/projects/cb26e40827044523a8d10bee34d7de46 0.127s
2025-11-22 07:00:49.112 66202 INFO tempest.lib.common.rest_client [req-1cd74301-ecb3-4c27-be73-d0a60ee83969 req-1cd74301-ecb3-4c27-be73-d0a60ee83969 ] Request (ServerDiagnosticsV248Test:setUpClass): 201 POST http://10.180.1.21/identity/v3/auth/tokens 0.073s
2025-11-22 07:00:49.141 66202 INFO tempest.lib.common.rest_client [req-90f5bbe8-80a1-4ac1-9fed-b12d86326577 req-90f5bbe8-80a1-4ac1-9fed-b12d86326577 ] Request (ServerDiagnosticsV248Test:setUpClass): 201 POST http://10.180.1.21/identity/v3/auth/tokens 0.026s
2025-11-22 07:00:49.167 66202 INFO tempest.lib.common.rest_client [req-718e39e5-d029-4d6f-9de5-8bd49929f78b req-718e39e5-d029-4d6f-9de5-8bd49929f78b ] Request (ServerDiagnosticsV248Test:setUpClass): 200 GET http://10.180.1.21/identity/v3/domains?name=Default 0.025s
2025-11-22 07:00:49.196 66202 INFO tempest.lib.common.rest_client [req-696e409f-454a-4d6c-9749-c02eff200e4a req-696e409f-454a-4d6c-9749-c02eff200e4a ] Request (ServerDiagnosticsV248Test:setUpClass): 201 POST http://10.180.1.21/identity/v3/projects 0.028s
2025-11-22 07:00:49.264 66202 INFO tempest.lib.common.rest_client [req-64684037-b50a-481a-825d-b2bba2bc9199 req-64684037-b50a-481a-825d-b2bba2bc9199 ] Request (ServerDiagnosticsV248Test:setUpClass): 201 POST http://10.180.1.21/identity/v3/users 0.067s
2025-11-22 07:00:49.287 66202 INFO tempest.lib.common.rest_client [req-29a78051-a3aa-4ec9-a946-98eba77f26ea req-29a78051-a3aa-4ec9-a946-98eba77f26ea ] Request (ServerDiagnosticsV248Test:setUpClass): 200 GET http://10.180.1.21/identity/v3/roles 0.022s
2025-11-22 07:00:49.316 66202 INFO tempest.lib.common.rest_client [req-ba72e7fc-4afd-47d4-a9ab-5b9044a9e713 req-ba72e7fc-4afd-47d4-a9ab-5b9044a9e713 ] Request (ServerDiagnosticsV248Test:setUpClass): 204 PUT http://10.180.1.21/identity/v3/projects/5c5acd2896324edda93c4b41c246d59d/users/486f19cbd8ab4f729789d65040824f06/roles/3e9d1dc623cc4ea8b5897aafda021c34 0.029s
2025-11-22 07:00:49.316 66202 INFO tempest.lib.common.dynamic_creds [-] Dynamic test user 486f19cbd8ab4f729789d65040824f06 is created with scope project and roles: ['member']
2025-11-22 07:00:49.317 66202 INFO tempest.lib.common.dynamic_creds [-] Acquired dynamic creds: credentials: Credentials: {'domain_id': 'default', 'domain_name': 'Default', 'username': 'tempest-ServerDiagnosticsV248Test-149127458-project-member', 'project_domain_id': 'default', 'project_domain_name': 'Default', 'project_id': '5c5acd2896324edda93c4b41c246d59d', 'project_name': 'tempest-ServerDiagnosticsV248Test-149127458', 'tenant_id': '5c5acd2896324edda93c4b41c246d59d', 'tenant_name': 'tempest-ServerDiagnosticsV248Test-149127458', 'user_domain_id': 'default', 'user_domain_name': 'Default', 'user_id': '486f19cbd8ab4f729789d65040824f06', 'system': None}, Network: None, Subnet: None, Router: None
2025-11-22 07:00:49.317 66202 INFO tempest.lib.common.dynamic_creds [-] Created isolated network resources for: credentials: Credentials: {'domain_id': 'default', 'domain_name': 'Default', 'username': 'tempest-ServerDiagnosticsV248Test-149127458-project-member', 'project_domain_id': 'default', 'project_domain_name': 'Default', 'project_id': '5c5acd2896324edda93c4b41c246d59d', 'project_name': 'tempest-ServerDiagnosticsV248Test-149127458', 'tenant_id': '5c5acd2896324edda93c4b41c246d59d', 'tenant_name': 'tempest-ServerDiagnosticsV248Test-149127458', 'user_domain_id': 'default', 'user_domain_name': 'Default', 'user_id': '486f19cbd8ab4f729789d65040824f06', 'system': None}, Network: None, Subnet: None, Router: None
2025-11-22 07:00:49.393 66202 INFO tempest.lib.common.rest_client [req-c0a3ba62-a192-4800-88db-b39df1d1f370 req-c0a3ba62-a192-4800-88db-b39df1d1f370 ] Request (ServerDiagnosticsV248Test:setUpClass): 201 POST http://10.180.1.21/identity/v3/auth/tokens 0.073s
2025-11-22 07:00:49.504 66202 INFO tempest.lib.common.rest_client [req-0cff7f11-e256-468b-871b-22adc34d5bac req-0cff7f11-e256-468b-871b-22adc34d5bac ] Request (ServerDiagnosticsV248Test:setUpClass): 201 POST http://10.180.1.21/identity/v3/projects 0.110s
2025-11-22 07:00:49.563 66206 INFO tempest.lib.common.rest_client [req-5dc33f8a-27de-4c66-b217-edf4cc9849ad req-5dc33f8a-27de-4c66-b217-edf4cc9849ad ] Request (ServersTestManualDisk:tearDownClass): 200 PUT http://10.180.1.21/networking/v2.0/routers/60282128-5624-4d13-bba3-e5f70ead0354/remove_router_interface 0.838s
2025-11-22 07:00:49.594 66202 INFO tempest.lib.common.rest_client [req-9bd37c41-a25d-4324-9ab9-ac5883783b45 req-9bd37c41-a25d-4324-9ab9-ac5883783b45 ] Request (ServerDiagnosticsV248Test:setUpClass): 201 POST http://10.180.1.21/identity/v3/users 0.088s
2025-11-22 07:00:49.622 66202 INFO tempest.lib.common.rest_client [req-93ec3fd1-ec69-469c-9582-f58b5037c34d req-93ec3fd1-ec69-469c-9582-f58b5037c34d ] Request (ServerDiagnosticsV248Test:setUpClass): 200 GET http://10.180.1.21/identity/v3/roles 0.028s
