2025-11-22 06:58:10.981 66216 INFO tempest.lib.common.dynamic_creds [-] Created isolated network resources for: credentials: Credentials: {'domain_id': 'default', 'domain_name': 'Default', 'username': 'tempest-ServerAddressesTestJSON-1190810118-project-member', 'project_domain_id': 'default', 'project_domain_name': 'Default', 'project_id': 'e1fba96a17444ebd9f46130ba88f4a80', 'project_name': 'tempest-ServerAddressesTestJSON-1190810118', 'tenant_id': 'e1fba96a17444ebd9f46130ba88f4a80', 'tenant_name': 'tempest-ServerAddressesTestJSON-1190810118', 'user_domain_id': 'default', 'user_domain_name': 'Default', 'user_id': 'ce199d86ea834f678b9c825312cd72f5', 'system': None}, Network: {'id': '4578bce7-1441-4daa-87ec-651d938c5bf8', 'name': 'tempest-ServerAddressesTestJSON-2143171840-network', 'tenant_id': 'e1fba96a17444ebd9f46130ba88f4a80', 'project_id': 'e1fba96a17444ebd9f46130ba88f4a80', 'admin_state_up': True, 'mtu': 8950, 'status': 'ACTIVE', 'subnets': [], 'shared': False, 'port_security_enabled': True, 'router:external': False, 'provider:network_type': 'vlan', 'provider:physical_network': 'default', 'provider:segmentation_id': 337, 'availability_zone_hints': [], 'availability_zones': [], 'ipv4_address_scope': None, 'ipv6_address_scope': None, 'description': '', 'tags': [], 'created_at': '2025-11-22T06:58:06Z', 'updated_at': '2025-11-22T06:58:06Z', 'revision_number': 1}, Subnet: {'id': 'fc80c4a3-1a8e-4e46-974f-86ef0085846b', 'name': 'tempest-ServerAddressesTestJSON-2143171840-subnet', 'tenant_id': 'e1fba96a17444ebd9f46130ba88f4a80', 'network_id': '4578bce7-1441-4daa-87ec-651d938c5bf8', 'ip_version': 4, 'subnetpool_id': None, 'enable_dhcp': True, 'ipv6_ra_mode': None, 'ipv6_address_mode': None, 'gateway_ip': '192.168.128.1', 'cidr': '192.168.128.0/28', 'allocation_pools': [{'start': '192.168.128.2', 'end': '192.168.128.14'}], 'host_routes': [], 'dns_nameservers': [], 'description': '', 'router:external': False, 'service_types': [], 'tags': [], 'created_at': '2025-11-22T06:58:07Z', 'updated_at': '2025-11-22T06:58:07Z', 'revision_number': 0, 'project_id': 'e1fba96a17444ebd9f46130ba88f4a80'}, Router: {'id': '613358ac-dc1b-4fa2-b36e-d4dc721eef56', 'name': 'tempest-ServerAddressesTestJSON-2143171840-router', 'tenant_id': 'e1fba96a17444ebd9f46130ba88f4a80', 'admin_state_up': True, 'status': 'ACTIVE', 'external_gateway_info': {'network_id': '9c1cc0f0-ebed-455b-8b07-64068ce2c0af', 'external_fixed_ips': [{'subnet_id': 'b149e916-7896-4e87-95d7-c142b2772e9d', 'ip_address': '10.180.180.225'}], 'enable_snat': True}, 'description': '', 'availability_zones': [], 'distributed': False, 'ha': False, 'availability_zone_hints': [], 'routes': [], 'flavor_id': None, 'tags': [], 'created_at': '2025-11-22T06:58:08Z', 'updated_at': '2025-11-22T06:58:08Z', 'revision_number': 2, 'project_id': 'e1fba96a17444ebd9f46130ba88f4a80'}
2025-11-22 06:58:10.982 66192 INFO tempest.lib.common.rest_client [req-d19ca241-ad11-4bc8-a530-51a3a7c48ec6 req-d19ca241-ad11-4bc8-a530-51a3a7c48ec6 ] Request (MigrationsAdminTest:setUpClass): 200 GET http://10.180.1.21/identity/v3/roles 0.369s
2025-11-22 06:58:11.014 66178 INFO tempest.lib.common.rest_client [req-8af15773-19b7-4091-b21a-32b718b8aa6d req-8af15773-19b7-4091-b21a-32b718b8aa6d ] Request (FlavorsAccessNegativeTestJSON:setUpClass): 204 PUT http://10.180.1.21/identity/v3/projects/fbbf3f53b74d4a35814151d27ac34680/users/8e7a080564b748dd83e34f0b55584265/roles/3e9d1dc623cc4ea8b5897aafda021c34 0.342s
2025-11-22 06:58:11.014 66178 INFO tempest.lib.common.dynamic_creds [-] Dynamic test user 8e7a080564b748dd83e34f0b55584265 is created with scope project and roles: ['member']
2025-11-22 06:58:11.014 66178 INFO tempest.lib.common.dynamic_creds [-] Acquired dynamic creds: credentials: Credentials: {'domain_id': 'default', 'domain_name': 'Default', 'username': 'tempest-FlavorsAccessNegativeTestJSON-225950287-project-member', 'project_domain_id': 'default', 'project_domain_name': 'Default', 'project_id': 'fbbf3f53b74d4a35814151d27ac34680', 'project_name': 'tempest-FlavorsAccessNegativeTestJSON-225950287', 'tenant_id': 'fbbf3f53b74d4a35814151d27ac34680', 'tenant_name': 'tempest-FlavorsAccessNegativeTestJSON-225950287', 'user_domain_id': 'default', 'user_domain_name': 'Default', 'user_id': '8e7a080564b748dd83e34f0b55584265', 'system': None}, Network: None, Subnet: None, Router: None
2025-11-22 06:58:11.014 66178 INFO tempest.lib.common.dynamic_creds [-] Created isolated network resources for: credentials: Credentials: {'domain_id': 'default', 'domain_name': 'Default', 'username': 'tempest-FlavorsAccessNegativeTestJSON-225950287-project-member', 'project_domain_id': 'default', 'project_domain_name': 'Default', 'project_id': 'fbbf3f53b74d4a35814151d27ac34680', 'project_name': 'tempest-FlavorsAccessNegativeTestJSON-225950287', 'tenant_id': 'fbbf3f53b74d4a35814151d27ac34680', 'tenant_name': 'tempest-FlavorsAccessNegativeTestJSON-225950287', 'user_domain_id': 'default', 'user_domain_name': 'Default', 'user_id': '8e7a080564b748dd83e34f0b55584265', 'system': None}, Network: None, Subnet: None, Router: None
2025-11-22 06:58:11.018 66206 INFO tempest.lib.common.rest_client [req-64dacdc9-d438-4a48-bf7f-3866a0659ebe req-64dacdc9-d438-4a48-bf7f-3866a0659ebe ] Request (ImagesMetadataNegativeTestJSON:test_get_nonexistent_image_metadata_item): 404 GET http://10.180.1.21/compute/v2.1/images/ce3703aa-015a-4b52-a264-eeff714fbe5b/metadata/os_version 2.154s
2025-11-22 06:58:11.051 66202 INFO tempest.lib.common.rest_client [req-91fe4987-4ad2-47a1-baf0-886b26e9885f req-91fe4987-4ad2-47a1-baf0-886b26e9885f ] Request (VolumesAssistedSnapshotsTest:setUpClass): 200 GET http://10.180.1.21/identity/v3/roles 0.360s
2025-11-22 06:58:11.070 66228 INFO tempest.lib.common.rest_client [req-37adc3c6-fbd5-4f1e-80a3-d6f8f35bda6e req-37adc3c6-fbd5-4f1e-80a3-d6f8f35bda6e ] Request (ServerExternalEventsTest:setUpClass): 200 GET http://10.180.1.21/identity/v3/roles 0.375s
2025-11-22 06:58:11.075 66225 INFO tempest.lib.common.rest_client [req-c8e165bf-61a6-45dd-8adb-5b82b469313f req-c8e165bf-61a6-45dd-8adb-5b82b469313f ] Request (QuotaClassesAdmin257Test:tearDownClass): 204 DELETE http://10.180.1.21/networking/v2.0/security-groups/85607870-f950-484d-be5c-985f6718ccde 0.409s
2025-11-22 06:58:11.123 66218 INFO tempest.lib.common.rest_client [req-2e399962-c10d-47b7-a92e-f9674def30a8 req-2e399962-c10d-47b7-a92e-f9674def30a8 ] Request (ServersWithSpecificFlavorTestJSON:setUpClass): 201 POST http://10.180.1.21/identity/v3/users 0.233s
2025-11-22 06:58:11.124 66226 INFO tempest.lib.common.rest_client [req-973a5274-df87-4e4f-9f47-55bf98bc8d2d req-973a5274-df87-4e4f-9f47-55bf98bc8d2d ] Request (QuotasAdminTestJSON:test_delete_quota): 200 GET http://10.180.1.21/identity/v3/domains?name=Default 0.313s
2025-11-22 06:58:11.140 66192 INFO tempest.lib.common.rest_client [req-40e8a62e-829f-4a9c-b7b0-373080d8a89b req-40e8a62e-829f-4a9c-b7b0-373080d8a89b ] Request (MigrationsAdminTest:setUpClass): 204 PUT http://10.180.1.21/identity/v3/projects/c33a214675bb42dfac53dc39a2e95357/users/c0671b51d4094bc397df39379f1afdd3/roles/472a407b81684449858703ffca627cc2 0.157s
2025-11-22 06:58:11.140 66192 INFO tempest.lib.common.dynamic_creds [-] Dynamic test user c0671b51d4094bc397df39379f1afdd3 is created with scope project and roles: ['admin']
2025-11-22 06:58:11.141 66192 INFO tempest.lib.common.dynamic_creds [-] Acquired dynamic creds: credentials: Credentials: {'domain_id': 'default', 'domain_name': 'Default', 'username': 'tempest-MigrationsAdminTest-2078160671-project-admin', 'project_domain_id': 'default', 'project_domain_name': 'Default', 'project_id': 'c33a214675bb42dfac53dc39a2e95357', 'project_name': 'tempest-MigrationsAdminTest-2078160671', 'tenant_id': 'c33a214675bb42dfac53dc39a2e95357', 'tenant_name': 'tempest-MigrationsAdminTest-2078160671', 'user_domain_id': 'default', 'user_domain_name': 'Default', 'user_id': 'c0671b51d4094bc397df39379f1afdd3', 'system': None}, Network: None, Subnet: None, Router: None
2025-11-22 06:58:11.141 66192 INFO tempest.lib.common.dynamic_creds [-] Created isolated network resources for: credentials: Credentials: {'domain_id': 'default', 'domain_name': 'Default', 'username': 'tempest-MigrationsAdminTest-2078160671-project-admin', 'project_domain_id': 'default', 'project_domain_name': 'Default', 'project_id': 'c33a214675bb42dfac53dc39a2e95357', 'project_name': 'tempest-MigrationsAdminTest-2078160671', 'tenant_id': 'c33a214675bb42dfac53dc39a2e95357', 'tenant_name': 'tempest-MigrationsAdminTest-2078160671', 'user_domain_id': 'default', 'user_domain_name': 'Default', 'user_id': 'c0671b51d4094bc397df39379f1afdd3', 'system': None}, Network: None, Subnet: None, Router: None
2025-11-22 06:58:11.150 66182 INFO tempest.lib.common.rest_client [req-c15e310a-c142-4dda-befe-9a0ddede0db5 req-c15e310a-c142-4dda-befe-9a0ddede0db5 ] Request (ImagesOneServerTestJSON:setUpClass): 201 POST http://10.180.1.21/identity/v3/users 0.246s
2025-11-22 06:58:11.156 66190 INFO tempest.lib.common.rest_client [req-c42e4534-0e90-4d65-9c7d-041eb4e3273a req-c42e4534-0e90-4d65-9c7d-041eb4e3273a ] Request (FlavorsV255TestJSON:tearDownClass): 204 DELETE http://10.180.1.21/networking/v2.0/security-groups/9d84f3cb-23de-4d9f-9cd9-c869d15815c0 0.392s
2025-11-22 06:58:11.203 66216 INFO tempest.lib.common.rest_client [req-9f6e8c46-b7ae-490b-933b-26cd1612b36c req-9f6e8c46-b7ae-490b-933b-26cd1612b36c ] Request (ServerAddressesTestJSON:setUpClass): 201 POST http://10.180.1.21/identity/v3/auth/tokens 0.216s
2025-11-22 06:58:11.232 66188 INFO tempest.lib.common.rest_client [req-9bb05d6c-8178-4626-91f4-e1f2dfcdf2ee req-9bb05d6c-8178-4626-91f4-e1f2dfcdf2ee ] Request (NetworksTest:test_get_network): 200 GET http://10.180.1.21/compute/v2.1/os-networks 2.173s
2025-11-22 06:58:11.272 66178 INFO tempest.lib.common.rest_client [req-6e2d3975-e85b-49ac-b3a3-7567b55a5ab7 req-6e2d3975-e85b-49ac-b3a3-7567b55a5ab7 ] Request (FlavorsAccessNegativeTestJSON:setUpClass): 201 POST http://10.180.1.21/identity/v3/auth/tokens 0.255s
2025-11-22 06:58:11.273 66178 WARNING tempest.lib.common.rest_client [-] Deprecated: "tenant_id" property is deprecated for removal, use "project_id" instead
2025-11-22 06:58:11.283 66176 INFO tempest.lib.common.rest_client [req-630ca6a0-65b1-4c74-ae79-6758bec71fce req-630ca6a0-65b1-4c74-ae79-6758bec71fce ] Request (ListServerFiltersTestJSON:setUpClass): 201 POST http://10.180.1.21/networking/v2.0/networks 0.618s
2025-11-22 06:58:11.286 66196 INFO tempest.lib.common.rest_client [req-dc512ead-a4aa-4f5e-a7bc-914cc2c97689 req-dc512ead-a4aa-4f5e-a7bc-914cc2c97689 ] Request (FlavorMetadataValidation:test_flavor_update_with_custom_namespace): 200 POST http://10.180.1.21/compute/v2.1/flavors 1.982s
2025-11-22 06:58:11.311 66202 INFO tempest.lib.common.rest_client [req-5170ac22-6b63-4d65-8bbb-2a044ca1e710 req-5170ac22-6b63-4d65-8bbb-2a044ca1e710 ] Request (VolumesAssistedSnapshotsTest:setUpClass): 204 PUT http://10.180.1.21/identity/v3/projects/6f9a4e77b1094b3abebb367943623725/users/4ab83abbf19c4d88ab26c5e44fd6928f/roles/472a407b81684449858703ffca627cc2 0.259s
2025-11-22 06:58:11.311 66202 INFO tempest.lib.common.dynamic_creds [-] Dynamic test user 4ab83abbf19c4d88ab26c5e44fd6928f is created with scope project and roles: ['admin']
2025-11-22 06:58:11.311 66202 INFO tempest.lib.common.dynamic_creds [-] Acquired dynamic creds: credentials: Credentials: {'domain_id': 'default', 'domain_name': 'Default', 'username': 'tempest-VolumesAssistedSnapshotsTest-1477420805-project-admin', 'project_domain_id': 'default', 'project_domain_name': 'Default', 'project_id': '6f9a4e77b1094b3abebb367943623725', 'project_name': 'tempest-VolumesAssistedSnapshotsTest-1477420805', 'tenant_id': '6f9a4e77b1094b3abebb367943623725', 'tenant_name': 'tempest-VolumesAssistedSnapshotsTest-1477420805', 'user_domain_id': 'default', 'user_domain_name': 'Default', 'user_id': '4ab83abbf19c4d88ab26c5e44fd6928f', 'system': None}, Network: None, Subnet: None, Router: None
2025-11-22 06:58:11.377 66228 INFO tempest.lib.common.rest_client [req-21f973b0-a704-46ec-8ee8-668e429d277d req-21f973b0-a704-46ec-8ee8-668e429d277d ] Request (ServerExternalEventsTest:setUpClass): 204 PUT http://10.180.1.21/identity/v3/projects/01d92257214846a5a13ecad703233e09/users/e536b5111c164cbf941213f914b0e398/roles/472a407b81684449858703ffca627cc2 0.307s
2025-11-22 06:58:11.434 66225 INFO tempest.lib.common.rest_client [req-8b8b5f80-a2ea-4638-8472-c01d57ff85dc req-8b8b5f80-a2ea-4638-8472-c01d57ff85dc ] Request (QuotaClassesAdmin257Test:tearDownClass): 204 DELETE http://10.180.1.21/identity/v3/projects/831434443042468b8ee117ffb47ca681 0.358s
2025-11-22 06:58:11.434 66225 INFO tempest.lib.common.dynamic_creds [-] Deleting project and security group for project: b043aafa8de54a85a864cdfbce212619
2025-11-22 06:58:11.503 66192 INFO tempest.lib.common.rest_client [req-ca6f1d86-bf7a-4e36-be7a-708b67989c6b req-ca6f1d86-bf7a-4e36-be7a-708b67989c6b ] Request (MigrationsAdminTest:setUpClass): 201 POST http://10.180.1.21/identity/v3/auth/tokens 0.358s
2025-11-22 06:58:11.508 66176 INFO tempest.lib.common.rest_client [req-4339fd91-bdd3-47a6-bf19-9101c537e499 req-4339fd91-bdd3-47a6-bf19-9101c537e499 ] Request (ListServerFiltersTestJSON:setUpClass): 201 POST http://10.180.1.21/networking/v2.0/subnets 0.224s
2025-11-22 06:58:11.508 66176 INFO tempest.lib.common.dynamic_creds [-] Created isolated network resources for: credentials: Credentials: {'domain_id': 'default', 'domain_name': 'Default', 'username': 'tempest-ListServerFiltersTestJSON-644562092-project-member', 'project_domain_id': 'default', 'project_domain_name': 'Default', 'project_id': 'f354a538df404aefb2c0088a70670bb0', 'project_name': 'tempest-ListServerFiltersTestJSON-644562092', 'tenant_id': 'f354a538df404aefb2c0088a70670bb0', 'tenant_name': 'tempest-ListServerFiltersTestJSON-644562092', 'user_domain_id': 'default', 'user_domain_name': 'Default', 'user_id': '3350006752a5422db38eeb0d04a9caaa', 'system': None}, Network: {'id': '2ce53cb2-ee73-4c1c-b7da-78bf3fb81e37', 'name': 'tempest-ListServerFiltersTestJSON-162002123-network', 'tenant_id': 'f354a538df404aefb2c0088a70670bb0', 'project_id': 'f354a538df404aefb2c0088a70670bb0', 'admin_state_up': True, 'mtu': 8950, 'status': 'ACTIVE', 'subnets': [], 'shared': False, 'port_security_enabled': True, 'router:external': False, 'provider:network_type': 'vlan', 'provider:physical_network': 'default', 'provider:segmentation_id': 130, 'availability_zone_hints': [], 'availability_zones': [], 'ipv4_address_scope': None, 'ipv6_address_scope': None, 'description': '', 'tags': [], 'created_at': '2025-11-22T06:58:11Z', 'updated_at': '2025-11-22T06:58:11Z', 'revision_number': 1}, Subnet: {'id': '3fc75437-bf7a-41d5-af64-371817ecc202', 'name': 'tempest-ListServerFiltersTestJSON-162002123-subnet', 'tenant_id': 'f354a538df404aefb2c0088a70670bb0', 'network_id': '2ce53cb2-ee73-4c1c-b7da-78bf3fb81e37', 'ip_version': 4, 'subnetpool_id': None, 'enable_dhcp': True, 'ipv6_ra_mode': None, 'ipv6_address_mode': None, 'gateway_ip': '192.168.128.1', 'cidr': '192.168.128.0/28', 'allocation_pools': [{'start': '192.168.128.2', 'end': '192.168.128.14'}], 'host_routes': [], 'dns_nameservers': [], 'description': '', 'router:external': False, 'service_types': [], 'tags': [], 'created_at': '2025-11-22T06:58:11Z', 'updated_at': '2025-11-22T06:58:11Z', 'revision_number': 0, 'project_id': 'f354a538df404aefb2c0088a70670bb0'}, Router: None
2025-11-22 06:58:11.519 66218 INFO tempest.lib.common.rest_client [req-fda5c9bf-e553-4fb2-a1e0-b7df824bb424 req-fda5c9bf-e553-4fb2-a1e0-b7df824bb424 ] Request (ServersWithSpecificFlavorTestJSON:setUpClass): 200 GET http://10.180.1.21/identity/v3/roles 0.395s
2025-11-22 06:58:11.534 66182 INFO tempest.lib.common.rest_client [req-2ebf17d4-43ad-4cf2-b221-31716ccba81a req-2ebf17d4-43ad-4cf2-b221-31716ccba81a ] Request (ImagesOneServerTestJSON:setUpClass): 200 GET http://10.180.1.21/identity/v3/roles 0.382s
2025-11-22 06:58:11.568 66202 INFO tempest.lib.common.rest_client [req-bc7d37c5-90c8-46ca-9571-7a1b670843b0 req-bc7d37c5-90c8-46ca-9571-7a1b670843b0 ] Request (VolumesAssistedSnapshotsTest:setUpClass): 201 POST http://10.180.1.21/networking/v2.0/networks 0.257s
2025-11-22 06:58:11.592 66216 INFO tempest.lib.common.rest_client [req-2790386a-1501-42ce-9c96-0ef910d31fde req-2790386a-1501-42ce-9c96-0ef910d31fde ] Request (ServerAddressesTestJSON:setUpClass): 201 POST http://10.180.1.21/identity/v3/auth/tokens 0.384s
2025-11-22 06:58:11.593 66216 INFO tempest.lib.common.fixed_network [-] (ServerAddressesTestJSON:setUpClass) Found network {'id': '4578bce7-1441-4daa-87ec-651d938c5bf8', 'name': 'tempest-ServerAddressesTestJSON-2143171840-network', 'tenant_id': 'e1fba96a17444ebd9f46130ba88f4a80', 'project_id': 'e1fba96a17444ebd9f46130ba88f4a80', 'admin_state_up': True, 'mtu': 8950, 'status': 'ACTIVE', 'subnets': [], 'shared': False, 'port_security_enabled': True, 'router:external': False, 'provider:network_type': 'vlan', 'provider:physical_network': 'default', 'provider:segmentation_id': 337, 'availability_zone_hints': [], 'availability_zones': [], 'ipv4_address_scope': None, 'ipv6_address_scope': None, 'description': '', 'tags': [], 'created_at': '2025-11-22T06:58:06Z', 'updated_at': '2025-11-22T06:58:06Z', 'revision_number': 1} available for tenant
2025-11-22 06:58:11.595 66190 INFO tempest.lib.common.rest_client [req-03e79429-a181-4db4-8059-7f94b5c38f29 req-03e79429-a181-4db4-8059-7f94b5c38f29 ] Request (FlavorsV255TestJSON:tearDownClass): 204 DELETE http://10.180.1.21/identity/v3/projects/508adb7c963b49809a5ed0a14f4042df 0.439s
2025-11-22 06:58:11.641 66225 INFO tempest.lib.common.rest_client [req-9ea1aa22-f307-47e3-97d0-41d07cbaebda req-9ea1aa22-f307-47e3-97d0-41d07cbaebda ] Request (QuotaClassesAdmin257Test:tearDownClass): 200 GET http://10.180.1.21/networking/v2.0/security-groups?tenant_id=b043aafa8de54a85a864cdfbce212619&name=default 0.206s
2025-11-22 06:58:11.734 66202 INFO tempest.lib.common.rest_client [req-b201e181-5c29-42f5-8417-bf21a6280bea req-b201e181-5c29-42f5-8417-bf21a6280bea ] Request (VolumesAssistedSnapshotsTest:setUpClass): 201 POST http://10.180.1.21/networking/v2.0/subnets 0.165s
2025-11-22 06:58:11.767 66222 INFO tempest.lib.common.rest_client [req-83328b80-9c6b-4d01-8b63-e0df835c8c11 req-83328b80-9c6b-4d01-8b63-e0df835c8c11 ] Request (FlavorsAccessTestJSON:test_flavor_access_add_remove): 200 POST http://10.180.1.21/compute/v2.1/flavors 2.300s
2025-11-22 06:58:11.777 66225 INFO tempest.lib.common.rest_client [req-e6f28535-a447-4362-8dcf-c8e0de5d8455 req-e6f28535-a447-4362-8dcf-c8e0de5d8455 ] Request (QuotaClassesAdmin257Test:tearDownClass): 204 DELETE http://10.180.1.21/networking/v2.0/security-groups/89f697c9-71f6-4498-b8c0-66d9979209c5 0.135s
2025-11-22 06:58:11.788 66214 INFO tempest.lib.common.rest_client [req-f4577e69-297e-4e74-a1b4-c0e488010254 req-f4577e69-297e-4e74-a1b4-c0e488010254 ] Request (AZAdminV2TestJSON:test_get_availability_zone_list): 200 GET http://10.180.1.21/compute/v2.1/os-availability-zone 2.398s
2025-11-22 06:58:11.808 66228 INFO tempest.lib.common.rest_client [req-08d14f54-9d74-4b01-bb80-48466a679222 req-08d14f54-9d74-4b01-bb80-48466a679222 ] Request (ServerExternalEventsTest:setUpClass): 200 GET http://10.180.1.21/identity/v3/roles 0.429s
2025-11-22 06:58:11.815 66192 INFO tempest.lib.common.rest_client [req-81b4716f-0ae0-4d03-9491-eb6f78817993 req-81b4716f-0ae0-4d03-9491-eb6f78817993 ] Request (MigrationsAdminTest:setUpClass): 200 GET http://10.180.1.21/identity/v3/projects/e2346cb712ba4353ad52d66801d08c5d 0.311s
2025-11-22 06:58:11.816 66192 INFO tempest.lib.common.dynamic_creds [-] Using the existing project e2346cb712ba4353ad52d66801d08c5d for scope project and roles: ['manager']
2025-11-22 06:58:11.844 66218 INFO tempest.lib.common.rest_client [req-5275035a-fee4-41ec-8437-3d292bef2673 req-5275035a-fee4-41ec-8437-3d292bef2673 ] Request (ServersWithSpecificFlavorTestJSON:setUpClass): 204 PUT http://10.180.1.21/identity/v3/projects/e9cbe6692e204491a88125409270f8bb/users/9cc91ec6500f4680ad9b12587f697943/roles/472a407b81684449858703ffca627cc2 0.325s
2025-11-22 06:58:11.893 66176 INFO tempest.lib.common.rest_client [req-5b53304f-dc15-4b8e-be7e-56fff1c9850e req-5b53304f-dc15-4b8e-be7e-56fff1c9850e ] Request (ListServerFiltersTestJSON:setUpClass): 201 POST http://10.180.1.21/identity/v3/auth/tokens 0.377s
2025-11-22 06:58:11.922 66190 INFO tempest.lib.common.rest_client [req-d350753d-f251-4154-a92b-9ab81f5ad14c req-d350753d-f251-4154-a92b-9ab81f5ad14c ] Request (ServerDiagnosticsTest:setUpClass): 201 POST http://10.180.1.21/identity/v3/auth/tokens 0.324s
2025-11-22 06:58:11.929 66182 INFO tempest.lib.common.rest_client [req-b71fac74-d1ca-4c42-bea8-5cfce0c4b18e req-b71fac74-d1ca-4c42-bea8-5cfce0c4b18e ] Request (ImagesOneServerTestJSON:setUpClass): 204 PUT http://10.180.1.21/identity/v3/projects/834f956e406340d5bca20eab19eb8163/users/b536e5d58a2c4c399a27d7ad17d2a2ab/roles/3e9d1dc623cc4ea8b5897aafda021c34 0.395s
2025-11-22 06:58:11.929 66182 INFO tempest.lib.common.dynamic_creds [-] Dynamic test user b536e5d58a2c4c399a27d7ad17d2a2ab is created with scope project and roles: ['member']
2025-11-22 06:58:11.930 66182 INFO tempest.lib.common.dynamic_creds [-] Acquired dynamic creds: credentials: Credentials: {'domain_id': 'default', 'domain_name': 'Default', 'username': 'tempest-ImagesOneServerTestJSON-728554454-project-member', 'project_domain_id': 'default', 'project_domain_name': 'Default', 'project_id': '834f956e406340d5bca20eab19eb8163', 'project_name': 'tempest-ImagesOneServerTestJSON-728554454', 'tenant_id': '834f956e406340d5bca20eab19eb8163', 'tenant_name': 'tempest-ImagesOneServerTestJSON-728554454', 'user_domain_id': 'default', 'user_domain_name': 'Default', 'user_id': 'b536e5d58a2c4c399a27d7ad17d2a2ab', 'system': None}, Network: None, Subnet: None, Router: None
2025-11-22 06:58:12.025 66225 INFO tempest.lib.common.rest_client [req-f2d79cdc-f938-4cd8-acfe-81de0841368a req-f2d79cdc-f938-4cd8-acfe-81de0841368a ] Request (QuotaClassesAdmin257Test:tearDownClass): 204 DELETE http://10.180.1.21/identity/v3/projects/b043aafa8de54a85a864cdfbce212619 0.247s
2025-11-22 06:58:12.026 66225 INFO tempest.test [-] raised in ServersOnMultiNodesTest.setUpClass. Invoking tearDownClass.
2025-11-22 06:58:12.080 66168 INFO tempest.lib.common.rest_client [req-52382262-75db-4590-b967-241794237fda req-52382262-75db-4590-b967-241794237fda ] Request (FlavorsAdminTestJSON:test_create_flavor_using_string_ram): 200 POST http://10.180.1.21/compute/v2.1/flavors 2.604s
2025-11-22 06:58:12.099 66228 INFO tempest.lib.common.rest_client [req-b7341610-c2d9-4996-807d-686b13b5adc4 req-b7341610-c2d9-4996-807d-686b13b5adc4 ] Request (ServerExternalEventsTest:setUpClass): 204 PUT http://10.180.1.21/identity/v3/projects/01d92257214846a5a13ecad703233e09/users/e536b5111c164cbf941213f914b0e398/roles/e5f442132dcb431d8f6ede1a901d6537 0.290s
2025-11-22 06:58:12.099 66228 INFO tempest.lib.common.dynamic_creds [-] Dynamic test user e536b5111c164cbf941213f914b0e398 is created with scope project and roles: ['admin', 'service']
2025-11-22 06:58:12.099 66228 INFO tempest.lib.common.dynamic_creds [-] Acquired dynamic creds: credentials: Credentials: {'domain_id': 'default', 'domain_name': 'Default', 'username': 'tempest-ServerExternalEventsTest-1181018914-project', 'project_domain_id': 'default', 'project_domain_name': 'Default', 'project_id': '01d92257214846a5a13ecad703233e09', 'project_name': 'tempest-ServerExternalEventsTest-1181018914', 'tenant_id': '01d92257214846a5a13ecad703233e09', 'tenant_name': 'tempest-ServerExternalEventsTest-1181018914', 'user_domain_id': 'default', 'user_domain_name': 'Default', 'user_id': 'e536b5111c164cbf941213f914b0e398', 'system': None}, Network: None, Subnet: None, Router: None
2025-11-22 06:58:12.099 66228 INFO tempest.lib.common.dynamic_creds [-] Created isolated network resources for: credentials: Credentials: {'domain_id': 'default', 'domain_name': 'Default', 'username': 'tempest-ServerExternalEventsTest-1181018914-project', 'project_domain_id': 'default', 'project_domain_name': 'Default', 'project_id': '01d92257214846a5a13ecad703233e09', 'project_name': 'tempest-ServerExternalEventsTest-1181018914', 'tenant_id': '01d92257214846a5a13ecad703233e09', 'tenant_name': 'tempest-ServerExternalEventsTest-1181018914', 'user_domain_id': 'default', 'user_domain_name': 'Default', 'user_id': 'e536b5111c164cbf941213f914b0e398', 'system': None}, Network: None, Subnet: None, Router: None
2025-11-22 06:58:12.149 66170 INFO tempest.lib.common.rest_client [req-884d065a-a31d-47b2-82e7-bedb3be85b4e req-884d065a-a31d-47b2-82e7-bedb3be85b4e ] Request (HypervisorAdminUnderV252Test:test_get_hypervisor_show_servers): 200 GET http://10.180.1.21/compute/v2.1/os-hypervisors 2.603s
2025-11-22 06:58:12.164 66192 INFO tempest.lib.common.rest_client [req-910ea30c-9396-429b-a719-41b09ffd801d req-910ea30c-9396-429b-a719-41b09ffd801d ] Request (MigrationsAdminTest:setUpClass): 201 POST http://10.180.1.21/identity/v3/users 0.347s
2025-11-22 06:58:12.166 66198 INFO tempest.lib.common.rest_client [req-6adc0c7b-8c22-494e-9330-9c9c1c94b644 req-6adc0c7b-8c22-494e-9330-9c9c1c94b644 ] Request (KeyPairsV210TestJSON:test_admin_manage_keypairs_for_other_users): 200 GET http://10.180.1.21/compute/v2.1/os-keypairs/tempest-keypair-1229542382?user_id=58d1019972924d329ba162b239f2dbbd 2.512s
2025-11-22 06:58:12.180 66218 INFO tempest.lib.common.rest_client [req-7cbeb48d-a43e-4090-bc88-bb7ab1e57990 req-7cbeb48d-a43e-4090-bc88-bb7ab1e57990 ] Request (ServersWithSpecificFlavorTestJSON:setUpClass): 200 GET http://10.180.1.21/identity/v3/roles 0.336s
2025-11-22 06:58:12.208 66190 INFO tempest.lib.common.rest_client [req-39dc7ac5-4526-4128-b112-1f662049eb21 req-39dc7ac5-4526-4128-b112-1f662049eb21 ] Request (ServerDiagnosticsTest:setUpClass): 201 POST http://10.180.1.21/identity/v3/auth/tokens 0.282s
2025-11-22 06:58:12.230 66176 INFO tempest.lib.common.rest_client [req-eff47db5-0679-43e1-af65-fbc5982e3d41 req-eff47db5-0679-43e1-af65-fbc5982e3d41 ] Request (ListServerFiltersTestJSON:setUpClass): 201 POST http://10.180.1.21/identity/v3/auth/tokens 0.334s
2025-11-22 06:58:12.231 66176 INFO tempest.lib.common.fixed_network [-] (ListServerFiltersTestJSON:setUpClass) Found network {'id': '2ce53cb2-ee73-4c1c-b7da-78bf3fb81e37', 'name': 'tempest-ListServerFiltersTestJSON-162002123-network', 'tenant_id': 'f354a538df404aefb2c0088a70670bb0', 'project_id': 'f354a538df404aefb2c0088a70670bb0', 'admin_state_up': True, 'mtu': 8950, 'status': 'ACTIVE', 'subnets': [], 'shared': False, 'port_security_enabled': True, 'router:external': False, 'provider:network_type': 'vlan', 'provider:physical_network': 'default', 'provider:segmentation_id': 130, 'availability_zone_hints': [], 'availability_zones': [], 'ipv4_address_scope': None, 'ipv6_address_scope': None, 'description': '', 'tags': [], 'created_at': '2025-11-22T06:58:11Z', 'updated_at': '2025-11-22T06:58:11Z', 'revision_number': 1} available for tenant
2025-11-22 06:58:12.239 66182 INFO tempest.lib.common.rest_client [req-10c2ab7e-f5fb-46df-a8a9-8a5b93e51798 req-10c2ab7e-f5fb-46df-a8a9-8a5b93e51798 ] Request (ImagesOneServerTestJSON:setUpClass): 201 POST http://10.180.1.21/identity/v3/auth/tokens 0.309s
2025-11-22 06:58:12.258 66225 INFO tempest.lib.common.rest_client [req-a2aa9bae-41e3-4064-b9bc-1a3844ffb00a req-a2aa9bae-41e3-4064-b9bc-1a3844ffb00a ] Request (ImagesMetadataTestJSON:setUpClass): 201 POST http://10.180.1.21/identity/v3/auth/tokens 0.230s
2025-11-22 06:58:12.343 66204 INFO tempest.lib.common.rest_client [req-631f7b38-56e4-41a1-beb8-8b8eba4ca8f7 req-631f7b38-56e4-41a1-beb8-8b8eba4ca8f7 ] Request (HypervisorAdminNegativeUnderV252Test:test_search_hypervisor_with_non_admin_user): 403 GET http://10.180.1.21/compute/v2.1/os-hypervisors/domain-c8.fc996f14-c53b-4953-92e3-bdfa48f5cc28/search 2.728s
2025-11-22 06:58:12.349 66228 INFO tempest.lib.common.rest_client [req-ac74f268-8f52-4bb3-9d38-7e735cdb23b1 req-ac74f268-8f52-4bb3-9d38-7e735cdb23b1 ] Request (ServerExternalEventsTest:setUpClass): 201 POST http://10.180.1.21/identity/v3/auth/tokens 0.247s
2025-11-22 06:58:12.364 66192 INFO tempest.lib.common.rest_client [req-49c0b50b-e936-4c79-b664-1c1858d03dde req-49c0b50b-e936-4c79-b664-1c1858d03dde ] Request (MigrationsAdminTest:setUpClass): 200 GET http://10.180.1.21/identity/v3/roles 0.199s
2025-11-22 06:58:12.379 66218 INFO tempest.lib.common.rest_client [req-1b8369f1-c2af-417a-899c-20be1477dfcd req-1b8369f1-c2af-417a-899c-20be1477dfcd ] Request (ServersWithSpecificFlavorTestJSON:setUpClass): 204 PUT http://10.180.1.21/identity/v3/projects/e9cbe6692e204491a88125409270f8bb/users/9cc91ec6500f4680ad9b12587f697943/roles/472a407b81684449858703ffca627cc2 0.198s
2025-11-22 06:58:12.379 66218 INFO tempest.lib.common.dynamic_creds [-] Dynamic test user 9cc91ec6500f4680ad9b12587f697943 is created with scope project and roles: ['admin']
2025-11-22 06:58:12.379 66218 INFO tempest.lib.common.dynamic_creds [-] Acquired dynamic creds: credentials: Credentials: {'domain_id': 'default', 'domain_name': 'Default', 'username': 'tempest-ServersWithSpecificFlavorTestJSON-1753087896-project-admin', 'project_domain_id': 'default', 'project_domain_name': 'Default', 'project_id': 'e9cbe6692e204491a88125409270f8bb', 'project_name': 'tempest-ServersWithSpecificFlavorTestJSON-1753087896', 'tenant_id': 'e9cbe6692e204491a88125409270f8bb', 'tenant_name': 'tempest-ServersWithSpecificFlavorTestJSON-1753087896', 'user_domain_id': 'default', 'user_domain_name': 'Default', 'user_id': '9cc91ec6500f4680ad9b12587f697943', 'system': None}, Network: None, Subnet: None, Router: None
2025-11-22 06:58:12.458 66200 INFO tempest.lib.common.rest_client [req-2f1a2d26-129c-4807-8766-ee68c63126f1 req-2f1a2d26-129c-4807-8766-ee68c63126f1 ] Request (AggregatesAdminNegativeTestJSON:setUpClass): 200 GET http://10.180.1.21/compute/v2.1/os-services?binary=nova-compute 2.801s
2025-11-22 06:58:12.462 66190 INFO tempest.lib.common.rest_client [req-474f98c5-7b41-4460-8deb-b9a8fce9d803 req-474f98c5-7b41-4460-8deb-b9a8fce9d803 ] Request (ServerDiagnosticsTest:setUpClass): 200 GET http://10.180.1.21/identity/v3/domains?name=Default 0.254s
2025-11-22 06:58:12.490 66176 INFO tempest.lib.common.rest_client [req-38b9aeec-2edd-46d3-ba1b-460612514007 req-38b9aeec-2edd-46d3-ba1b-460612514007 ] Request (ListServerFiltersTestJSON:setUpClass): 201 POST http://10.180.1.21/identity/v3/auth/tokens 0.256s
2025-11-22 06:58:12.491 66176 INFO tempest.lib.common.fixed_network [-] (ListServerFiltersTestJSON:setUpClass) Found network {'id': '2ce53cb2-ee73-4c1c-b7da-78bf3fb81e37', 'name': 'tempest-ListServerFiltersTestJSON-162002123-network', 'tenant_id': 'f354a538df404aefb2c0088a70670bb0', 'project_id': 'f354a538df404aefb2c0088a70670bb0', 'admin_state_up': True, 'mtu': 8950, 'status': 'ACTIVE', 'subnets': [], 'shared': False, 'port_security_enabled': True, 'router:external': False, 'provider:network_type': 'vlan', 'provider:physical_network': 'default', 'provider:segmentation_id': 130, 'availability_zone_hints': [], 'availability_zones': [], 'ipv4_address_scope': None, 'ipv6_address_scope': None, 'description': '', 'tags': [], 'created_at': '2025-11-22T06:58:11Z', 'updated_at': '2025-11-22T06:58:11Z', 'revision_number': 1} available for tenant
2025-11-22 06:58:12.493 66202 INFO tempest.lib.common.rest_client [req-515a4b71-d59d-4773-a504-24b90cab9302 req-515a4b71-d59d-4773-a504-24b90cab9302 ] Request (VolumesAssistedSnapshotsTest:setUpClass): 201 POST http://10.180.1.21/networking/v2.0/routers 0.758s
2025-11-22 06:58:12.519 66225 INFO tempest.lib.common.rest_client [req-5c2e4ee3-1699-4804-af6d-076a527f95d1 req-5c2e4ee3-1699-4804-af6d-076a527f95d1 ] Request (ImagesMetadataTestJSON:setUpClass): 201 POST http://10.180.1.21/identity/v3/auth/tokens 0.255s
2025-11-22 06:58:12.612 66228 INFO tempest.lib.common.rest_client [req-861ff791-3ef5-41e9-aeb4-e148596064ad req-861ff791-3ef5-41e9-aeb4-e148596064ad ] Request (ServerExternalEventsTest:test_create_server_external_events): 201 POST http://10.180.1.21/identity/v3/auth/tokens 0.258s
2025-11-22 06:58:12.613 66228 INFO tempest.lib.common.fixed_network [-] (ServerExternalEventsTest:test_create_server_external_events) Found network None available for tenant
2025-11-22 06:58:12.677 66192 INFO tempest.lib.common.rest_client [req-855d3c09-cbcf-43e1-ae9d-c9f815c7762a req-855d3c09-cbcf-43e1-ae9d-c9f815c7762a ] Request (MigrationsAdminTest:setUpClass): 204 PUT http://10.180.1.21/identity/v3/projects/e2346cb712ba4353ad52d66801d08c5d/users/d800f5ead27e4872ba32185361f47999/roles/68d4db925f484626b2d2d169a46b0814 0.312s
2025-11-22 06:58:12.677 66192 INFO tempest.lib.common.dynamic_creds [-] Dynamic test user d800f5ead27e4872ba32185361f47999 is created with scope project and roles: ['manager']
2025-11-22 06:58:12.677 66192 INFO tempest.lib.common.dynamic_creds [-] Acquired dynamic creds: credentials: Credentials: {'domain_id': 'default', 'domain_name': 'Default', 'username': 'tempest-MigrationsAdminTest-2135634865-project-manager', 'project_domain_id': 'default', 'project_domain_name': 'Default', 'project_id': 'e2346cb712ba4353ad52d66801d08c5d', 'project_name': 'tempest-MigrationsAdminTest-2135634865', 'tenant_id': 'e2346cb712ba4353ad52d66801d08c5d', 'tenant_name': 'tempest-MigrationsAdminTest-2135634865', 'user_domain_id': 'default', 'user_domain_name': 'Default', 'user_id': 'd800f5ead27e4872ba32185361f47999', 'system': None}, Network: None, Subnet: None, Router: None
2025-11-22 06:58:12.677 66192 INFO tempest.lib.common.dynamic_creds [-] Network resources are not created for requested scope: project and credentials: Credentials: {'domain_id': 'default', 'domain_name': 'Default', 'username': 'tempest-MigrationsAdminTest-2135634865-project-manager', 'project_domain_id': 'default', 'project_domain_name': 'Default', 'project_id': 'e2346cb712ba4353ad52d66801d08c5d', 'project_name': 'tempest-MigrationsAdminTest-2135634865', 'tenant_id': 'e2346cb712ba4353ad52d66801d08c5d', 'tenant_name': 'tempest-MigrationsAdminTest-2135634865', 'user_domain_id': 'default', 'user_domain_name': 'Default', 'user_id': 'd800f5ead27e4872ba32185361f47999', 'system': None}, Network: None, Subnet: None, Router: None
2025-11-22 06:58:12.698 66210 INFO tempest.lib.common.rest_client [req-4b803b88-431c-47d4-8114-3a642b25751c req-4b803b88-431c-47d4-8114-3a642b25751c ] Request (HostsAdminTestJSON:test_list_hosts): 200 GET http://10.180.1.21/compute/v2.1/os-hosts 3.016s
2025-11-22 06:58:12.768 66225 INFO tempest.lib.common.rest_client [req-4b07086b-bafa-401c-a463-9d903425219b req-4b07086b-bafa-401c-a463-9d903425219b ] Request (ImagesMetadataTestJSON:setUpClass): 200 GET http://10.180.1.21/identity/v3/domains?name=Default 0.248s
2025-11-22 06:58:12.776 66190 INFO tempest.lib.common.rest_client [req-6d8ef65f-7a2a-470c-aacd-6e908b2f4b47 req-6d8ef65f-7a2a-470c-aacd-6e908b2f4b47 ] Request (ServerDiagnosticsTest:setUpClass): 201 POST http://10.180.1.21/identity/v3/projects 0.313s
2025-11-22 06:58:12.786 66218 INFO tempest.lib.common.rest_client [req-f569244b-0e0b-4c92-ae3c-e29871b41c74 req-f569244b-0e0b-4c92-ae3c-e29871b41c74 ] Request (ServersWithSpecificFlavorTestJSON:setUpClass): 201 POST http://10.180.1.21/networking/v2.0/networks 0.406s
2025-11-22 06:58:12.827 66182 INFO tempest.lib.common.rest_client [req-8e793aed-8c1d-4b58-8730-0efa8b74cf05 req-8e793aed-8c1d-4b58-8730-0efa8b74cf05 ] Request (ImagesOneServerTestJSON:setUpClass): 201 POST http://10.180.1.21/networking/v2.0/networks 0.588s
2025-11-22 06:58:12.848 66192 INFO tempest.lib.common.rest_client [req-45f83a02-37b5-4d08-9db6-0c5e02fedae0 req-45f83a02-37b5-4d08-9db6-0c5e02fedae0 ] Request (MigrationsAdminTest:setUpClass): 201 POST http://10.180.1.21/identity/v3/auth/tokens 0.163s
2025-11-22 06:58:12.849 66192 INFO tempest.api.compute.admin.test_migrations [-] Using project manager for migrating servers, project manager user id: d800f5ead27e4872ba32185361f47999
2025-11-22 06:58:12.910 66184 INFO tempest.lib.common.rest_client [req-8843df59-360e-4135-bb37-58cd65d7151f req-8843df59-360e-4135-bb37-58cd65d7151f ] Request (ServersAdmin275Test:test_rebuild_update_server_275): 202 POST http://10.180.1.21/compute/v2.1/servers 3.133s
2025-11-22 06:58:12.916 66172 INFO tempest.lib.common.rest_client [req-e95f6171-7ad4-4126-8222-130f2f4082cd req-e95f6171-7ad4-4126-8222-130f2f4082cd ] Request (FlavorsExtraSpecsNegativeTestJSON:test_flavor_get_nonexistent_key): 404 GET http://10.180.1.21/compute/v2.1/flavors/1942128672/os-extra_specs/hw:cpu_thread_policy 3.091s
2025-11-22 06:58:12.934 66190 INFO tempest.lib.common.rest_client [req-708c42a1-d274-42c7-b2ba-e3c4924f12bb req-708c42a1-d274-42c7-b2ba-e3c4924f12bb ] Request (ServerDiagnosticsTest:setUpClass): 201 POST http://10.180.1.21/identity/v3/users 0.157s
2025-11-22 06:58:12.935 66225 INFO tempest.lib.common.rest_client [req-3591c3bf-a059-42d4-9188-741f13a48b06 req-3591c3bf-a059-42d4-9188-741f13a48b06 ] Request (ImagesMetadataTestJSON:setUpClass): 201 POST http://10.180.1.21/identity/v3/projects 0.166s
2025-11-22 06:58:13.010 66218 INFO tempest.lib.common.rest_client [req-7d04b483-1241-4ad7-8395-77f82585ad1e req-7d04b483-1241-4ad7-8395-77f82585ad1e ] Request (ServersWithSpecificFlavorTestJSON:setUpClass): 201 POST http://10.180.1.21/networking/v2.0/subnets 0.224s
2025-11-22 06:58:13.033 66208 INFO tempest.lib.common.rest_client [req-9b737b92-caf9-4bb0-a2eb-532ec6d256ba req-9b737b92-caf9-4bb0-a2eb-532ec6d256ba ] Request (HypervisorAdminNegativeTestJSON:test_get_hypervisor_list_details_with_non_admin_user): 403 GET http://10.180.1.21/compute/v2.1/os-hypervisors/detail 3.159s
2025-11-22 06:58:13.081 66190 INFO tempest.lib.common.rest_client [req-8ad05eec-c1ce-45d6-9ddd-a24aa65b3e4e req-8ad05eec-c1ce-45d6-9ddd-a24aa65b3e4e ] Request (ServerDiagnosticsTest:setUpClass): 200 GET http://10.180.1.21/identity/v3/roles 0.146s
2025-11-22 06:58:13.087 66230 INFO tempest.lib.common.rest_client [req-7f6439ca-8492-4619-b2ed-96f961626af0 req-7f6439ca-8492-4619-b2ed-96f961626af0 ] Request (HypervisorAdminV253TestBase:test_list_show_detail_hypervisors): 200 GET http://10.180.1.21/compute/v2.1/os-hypervisors/detail?with_servers=True 3.133s
2025-11-22 06:58:13.107 66225 INFO tempest.lib.common.rest_client [req-3e705c15-f318-4378-a188-d1a1d572c3e1 req-3e705c15-f318-4378-a188-d1a1d572c3e1 ] Request (ImagesMetadataTestJSON:setUpClass): 201 POST http://10.180.1.21/identity/v3/users 0.172s
2025-11-22 06:58:13.165 66190 INFO tempest.lib.common.rest_client [req-04ec100d-7cea-400c-9e23-1e71240432fe req-04ec100d-7cea-400c-9e23-1e71240432fe ] Request (ServerDiagnosticsTest:setUpClass): 204 PUT http://10.180.1.21/identity/v3/projects/7e41eff9b16f4735bcc284a944c9c37f/users/12b61bbec15c4a66bfa42ddd8403ef1f/roles/3e9d1dc623cc4ea8b5897aafda021c34 0.083s
2025-11-22 06:58:13.165 66190 INFO tempest.lib.common.dynamic_creds [-] Dynamic test user 12b61bbec15c4a66bfa42ddd8403ef1f is created with scope project and roles: ['member']
2025-11-22 06:58:13.165 66190 INFO tempest.lib.common.dynamic_creds [-] Acquired dynamic creds: credentials: Credentials: {'domain_id': 'default', 'domain_name': 'Default', 'username': 'tempest-ServerDiagnosticsTest-1828952594-project-member', 'project_domain_id': 'default', 'project_domain_name': 'Default', 'project_id': '7e41eff9b16f4735bcc284a944c9c37f', 'project_name': 'tempest-ServerDiagnosticsTest-1828952594', 'tenant_id': '7e41eff9b16f4735bcc284a944c9c37f', 'tenant_name': 'tempest-ServerDiagnosticsTest-1828952594', 'user_domain_id': 'default', 'user_domain_name': 'Default', 'user_id': '12b61bbec15c4a66bfa42ddd8403ef1f', 'system': None}, Network: None, Subnet: None, Router: None
2025-11-22 06:58:13.166 66190 INFO tempest.lib.common.dynamic_creds [-] Created isolated network resources for: credentials: Credentials: {'domain_id': 'default', 'domain_name': 'Default', 'username': 'tempest-ServerDiagnosticsTest-1828952594-project-member', 'project_domain_id': 'default', 'project_domain_name': 'Default', 'project_id': '7e41eff9b16f4735bcc284a944c9c37f', 'project_name': 'tempest-ServerDiagnosticsTest-1828952594', 'tenant_id': '7e41eff9b16f4735bcc284a944c9c37f', 'tenant_name': 'tempest-ServerDiagnosticsTest-1828952594', 'user_domain_id': 'default', 'user_domain_name': 'Default', 'user_id': '12b61bbec15c4a66bfa42ddd8403ef1f', 'system': None}, Network: None, Subnet: None, Router: None
2025-11-22 06:58:13.171 66182 INFO tempest.lib.common.rest_client [req-bf1bf0e5-99a1-4d12-a028-d609d1baf811 req-bf1bf0e5-99a1-4d12-a028-d609d1baf811 ] Request (ImagesOneServerTestJSON:setUpClass): 201 POST http://10.180.1.21/networking/v2.0/subnets 0.343s
2025-11-22 06:58:13.182 66194 INFO tempest.lib.common.rest_client [req-2633c756-6ab9-44c5-9c72-4649c172bdcc req-2633c756-6ab9-44c5-9c72-4649c172bdcc ] Request (InstanceUsageAuditLogNegativeTestJSON:test_get_instance_usage_audit_logs_with_invalid_time): 400 GET http://10.180.1.21/compute/v2.1/os-instance_usage_audit_log/invalid_time 3.223s
2025-11-22 06:58:13.228 66225 INFO tempest.lib.common.rest_client [req-da4aaa36-da58-4c1e-885f-7bbb67024e23 req-da4aaa36-da58-4c1e-885f-7bbb67024e23 ] Request (ImagesMetadataTestJSON:setUpClass): 200 GET http://10.180.1.21/identity/v3/roles 0.119s
2025-11-22 06:58:13.307 66190 INFO tempest.lib.common.rest_client [req-c6135e73-feca-4adc-8b30-517c06639af1 req-c6135e73-feca-4adc-8b30-517c06639af1 ] Request (ServerDiagnosticsTest:setUpClass): 201 POST http://10.180.1.21/identity/v3/auth/tokens 0.138s
2025-11-22 06:58:13.333 66225 INFO tempest.lib.common.rest_client [req-a56d611a-2cce-4196-867f-8715a02f6062 req-a56d611a-2cce-4196-867f-8715a02f6062 ] Request (ImagesMetadataTestJSON:setUpClass): 204 PUT http://10.180.1.21/identity/v3/projects/c21a20231428466db5b1de5cdfdb2aea/users/d2e18f456aba48288e921d4d036f4972/roles/3e9d1dc623cc4ea8b5897aafda021c34 0.105s
2025-11-22 06:58:13.333 66225 INFO tempest.lib.common.dynamic_creds [-] Dynamic test user d2e18f456aba48288e921d4d036f4972 is created with scope project and roles: ['member']
2025-11-22 06:58:13.334 66225 INFO tempest.lib.common.dynamic_creds [-] Acquired dynamic creds: credentials: Credentials: {'domain_id': 'default', 'domain_name': 'Default', 'username': 'tempest-ImagesMetadataTestJSON-1605286283-project-member', 'project_domain_id': 'default', 'project_domain_name': 'Default', 'project_id': 'c21a20231428466db5b1de5cdfdb2aea', 'project_name': 'tempest-ImagesMetadataTestJSON-1605286283', 'tenant_id': 'c21a20231428466db5b1de5cdfdb2aea', 'tenant_name': 'tempest-ImagesMetadataTestJSON-1605286283', 'user_domain_id': 'default', 'user_domain_name': 'Default', 'user_id': 'd2e18f456aba48288e921d4d036f4972', 'system': None}, Network: None, Subnet: None, Router: None
2025-11-22 06:58:13.334 66225 INFO tempest.lib.common.dynamic_creds [-] Created isolated network resources for: credentials: Credentials: {'domain_id': 'default', 'domain_name': 'Default', 'username': 'tempest-ImagesMetadataTestJSON-1605286283-project-member', 'project_domain_id': 'default', 'project_domain_name': 'Default', 'project_id': 'c21a20231428466db5b1de5cdfdb2aea', 'project_name': 'tempest-ImagesMetadataTestJSON-1605286283', 'tenant_id': 'c21a20231428466db5b1de5cdfdb2aea', 'tenant_name': 'tempest-ImagesMetadataTestJSON-1605286283', 'user_domain_id': 'default', 'user_domain_name': 'Default', 'user_id': 'd2e18f456aba48288e921d4d036f4972', 'system': None}, Network: None, Subnet: None, Router: None
2025-11-22 06:58:13.465 66190 INFO tempest.lib.common.rest_client [req-6b8aead0-bf66-4f85-b888-e8d45612dd6f req-6b8aead0-bf66-4f85-b888-e8d45612dd6f ] Request (ServerDiagnosticsTest:setUpClass): 201 POST http://10.180.1.21/identity/v3/projects 0.157s
2025-11-22 06:58:13.479 66225 INFO tempest.lib.common.rest_client [req-0570466f-3893-44a9-a8e5-00fac43598cf req-0570466f-3893-44a9-a8e5-00fac43598cf ] Request (ImagesMetadataTestJSON:setUpClass): 201 POST http://10.180.1.21/identity/v3/auth/tokens 0.142s
2025-11-22 06:58:13.546 66190 INFO tempest.lib.common.rest_client [req-b62cf3b3-ee7e-45e3-a31b-bf0f5dd71dbf req-b62cf3b3-ee7e-45e3-a31b-bf0f5dd71dbf ] Request (ServerDiagnosticsTest:setUpClass): 201 POST http://10.180.1.21/identity/v3/users 0.080s
2025-11-22 06:58:13.568 66190 INFO tempest.lib.common.rest_client [req-167adbf0-b2d3-4ba7-abfc-9ed671cc907c req-167adbf0-b2d3-4ba7-abfc-9ed671cc907c ] Request (ServerDiagnosticsTest:setUpClass): 200 GET http://10.180.1.21/identity/v3/roles 0.021s
2025-11-22 06:58:13.611 66190 INFO tempest.lib.common.rest_client [req-4c6a923a-1f75-47da-9c8c-b50a1ce0e4ce req-4c6a923a-1f75-47da-9c8c-b50a1ce0e4ce ] Request (ServerDiagnosticsTest:setUpClass): 204 PUT http://10.180.1.21/identity/v3/projects/fcd991b2efbf4295b96558f3a68aa192/users/b6b9652938754e2ab187b61a053533ed/roles/472a407b81684449858703ffca627cc2 0.043s
2025-11-22 06:58:13.675 66190 INFO tempest.lib.common.rest_client [req-032c8f41-cc6b-4911-9612-89da4f00e00d req-032c8f41-cc6b-4911-9612-89da4f00e00d ] Request (ServerDiagnosticsTest:setUpClass): 200 GET http://10.180.1.21/identity/v3/roles 0.063s
2025-11-22 06:58:13.697 66190 INFO tempest.lib.common.rest_client [req-07531adc-5eb5-440e-a53b-c15bf7727cb5 req-07531adc-5eb5-440e-a53b-c15bf7727cb5 ] Request (ServerDiagnosticsTest:setUpClass): 204 PUT http://10.180.1.21/identity/v3/projects/fcd991b2efbf4295b96558f3a68aa192/users/b6b9652938754e2ab187b61a053533ed/roles/472a407b81684449858703ffca627cc2 0.020s
2025-11-22 06:58:13.697 66190 INFO tempest.lib.common.dynamic_creds [-] Dynamic test user b6b9652938754e2ab187b61a053533ed is created with scope project and roles: ['admin']
2025-11-22 06:58:13.697 66190 INFO tempest.lib.common.dynamic_creds [-] Acquired dynamic creds: credentials: Credentials: {'domain_id': 'default', 'domain_name': 'Default', 'username': 'tempest-ServerDiagnosticsTest-1113187228-project-admin', 'project_domain_id': 'default', 'project_domain_name': 'Default', 'project_id': 'fcd991b2efbf4295b96558f3a68aa192', 'project_name': 'tempest-ServerDiagnosticsTest-1113187228', 'tenant_id': 'fcd991b2efbf4295b96558f3a68aa192', 'tenant_name': 'tempest-ServerDiagnosticsTest-1113187228', 'user_domain_id': 'default', 'user_domain_name': 'Default', 'user_id': 'b6b9652938754e2ab187b61a053533ed', 'system': None}, Network: None, Subnet: None, Router: None
2025-11-22 06:58:13.697 66190 INFO tempest.lib.common.dynamic_creds [-] Created isolated network resources for: credentials: Credentials: {'domain_id': 'default', 'domain_name': 'Default', 'username': 'tempest-ServerDiagnosticsTest-1113187228-project-admin', 'project_domain_id': 'default', 'project_domain_name': 'Default', 'project_id': 'fcd991b2efbf4295b96558f3a68aa192', 'project_name': 'tempest-ServerDiagnosticsTest-1113187228', 'tenant_id': 'fcd991b2efbf4295b96558f3a68aa192', 'tenant_name': 'tempest-ServerDiagnosticsTest-1113187228', 'user_domain_id': 'default', 'user_domain_name': 'Default', 'user_id': 'b6b9652938754e2ab187b61a053533ed', 'system': None}, Network: None, Subnet: None, Router: None
2025-11-22 06:58:13.715 66202 INFO tempest.lib.common.rest_client [req-b8d9d151-2a7a-498e-84f1-9c9702369860 req-b8d9d151-2a7a-498e-84f1-9c9702369860 ] Request (VolumesAssistedSnapshotsTest:setUpClass): 200 PUT http://10.180.1.21/networking/v2.0/routers/a365c20d-50a9-4c44-968c-99f27aa791d0/add_router_interface 1.222s
