2025-11-22 07:01:56.189 66192 INFO tempest.lib.common.rest_client [req-b1e896bb-59d6-44a9-b8a4-6e82288e23fe req-b1e896bb-59d6-44a9-b8a4-6e82288e23fe ] Request (MigrationsAdminTest:test_resize_server_revert_deleted_flavor): 202 POST http://10.180.1.21/compute/v2.1/servers/e0cc4f23-2127-46b1-8e85-97910d3cc570/action 0.106s
2025-11-22 07:01:56.288 66192 INFO tempest.lib.common.rest_client [req-fba7a888-65a3-4201-be32-075b807f1248 req-fba7a888-65a3-4201-be32-075b807f1248 ] Request (MigrationsAdminTest:test_resize_server_revert_deleted_flavor): 200 GET http://10.180.1.21/compute/v2.1/servers/e0cc4f23-2127-46b1-8e85-97910d3cc570 0.099s
2025-11-22 07:01:56.305 66202 INFO tempest.lib.common.rest_client [req-9f7227f8-1923-48a2-bdc0-8e4707c9a57c req-9f7227f8-1923-48a2-bdc0-8e4707c9a57c ] Request (ServerDiagnosticsV248Test:tearDownClass): 200 GET http://10.180.1.21/compute/v2.1/servers/02ad8316-fdba-48c9-9f17-d1865c0d18b6 0.065s
2025-11-22 07:01:56.345 66226 INFO tempest.lib.common.rest_client [req-965421fe-0cdc-4cc9-8208-d632dbfacfba req-965421fe-0cdc-4cc9-8208-d632dbfacfba ] Request (ListServersNegativeTestJSON:tearDownClass): 200 GET http://10.180.1.21/compute/v2.1/servers/be2eb867-3a8d-4783-97b5-1dd5bf3cfd46 0.060s
2025-11-22 07:01:56.369 66176 INFO tempest.lib.common.rest_client [req-bbc33a71-37c0-4c02-bb80-97bd50a4da5b req-bbc33a71-37c0-4c02-bb80-97bd50a4da5b ] Request (ListServerFiltersTestJSON:tearDownClass): 200 GET http://10.180.1.21/compute/v2.1/servers/8e2587d3-f730-47aa-b3e2-0ea94ab90ad5 0.065s
2025-11-22 07:01:56.430 66184 INFO tempest.lib.common.rest_client [req-587ba3da-b946-44e8-b4a2-ef19b5a8d1c0 req-587ba3da-b946-44e8-b4a2-ef19b5a8d1c0 ] Request (ServersNegativeTestJSON:setUpClass): 200 GET http://10.180.1.21/compute/v2.1/servers/72c5203f-4b00-4a7c-a763-11bfe78c7fc9 0.065s
2025-11-22 07:01:56.447 66208 INFO tempest.lib.common.rest_client [req-9c7471c3-a122-42ae-8bdc-a791c6c86634 req-9c7471c3-a122-42ae-8bdc-a791c6c86634 ] Request (ServersListShow296Test:tearDownClass): 200 GET http://10.180.1.21/compute/v2.1/servers/5f80cf7f-1ae2-49f9-b0d4-bbaa6f15e3e4 0.090s
2025-11-22 07:01:56.467 66228 INFO tempest.lib.common.rest_client [req-819e69e4-385d-457c-a21d-b4d2e5696473 req-819e69e4-385d-457c-a21d-b4d2e5696473 ] Request (AttachInterfacesTestJSON:_run_cleanups): 404 GET http://10.180.1.21/compute/v2.1/servers/ef02007b-844b-47c3-91d7-9a0a17b09fef 0.038s
2025-11-22 07:01:56.487 66228 INFO tempest.lib.common.rest_client [req-f865e5f8-02a5-44d3-9387-7eb50369fa18 req-f865e5f8-02a5-44d3-9387-7eb50369fa18 ] Request (AttachInterfacesTestJSON:_run_cleanups): 202 DELETE http://10.180.1.21/compute/v2.1/os-keypairs/tempest-keypair-1480340130 0.020s
2025-11-22 07:01:56.492 66186 INFO tempest.lib.common.rest_client [req-6b43996f-8caa-408d-9f41-5b3dfb920ca9 req-6b43996f-8caa-408d-9f41-5b3dfb920ca9 ] Request (ListImageFiltersTestJSON:setUpClass): 200 GET http://10.180.1.21/compute/v2.1/servers/cb115f34-d4a3-458f-9334-bfadc9e68c4d 0.089s
2025-11-22 07:01:56.576 66194 INFO tempest.lib.common.rest_client [req-c4fce831-a4a1-4f74-9540-d4fe3b846fff req-c4fce831-a4a1-4f74-9540-d4fe3b846fff ] Request (ImagesTestJSON:test_create_server_from_snapshot): 200 GET http://10.180.1.21/compute/v2.1/servers/407f8d95-20fd-41c5-853d-14bd5be9f3f5 0.076s
2025-11-22 07:01:56.619 66228 INFO tempest.lib.common.rest_client [req-57f05f8d-5c19-43ab-8f34-36597d4f12db req-57f05f8d-5c19-43ab-8f34-36597d4f12db ] Request (AttachInterfacesTestJSON:_run_cleanups): 204 DELETE http://10.180.1.21/networking/v2.0/security-groups/ccd67c91-50d2-47e3-bca6-229ac13192c4 0.132s
2025-11-22 07:01:56.661 66228 INFO tempest.lib.common.rest_client [req-5d2ce8f9-2f7a-4f10-b80d-f9ba3a5eeeed req-5d2ce8f9-2f7a-4f10-b80d-f9ba3a5eeeed ] Request (AttachInterfacesTestJSON:_run_cleanups): 404 GET http://10.180.1.21/networking/v2.0/security-groups/ccd67c91-50d2-47e3-bca6-229ac13192c4 0.041s
2025-11-22 07:01:56.667 66172 INFO tempest.lib.common.rest_client [req-2fe76d05-75f8-41c4-b977-f6adc6673b4d req-2fe76d05-75f8-41c4-b977-f6adc6673b4d ] Request (ServersAdminNegativeTestJSON:tearDownClass): 200 GET http://10.180.1.21/compute/v2.1/servers/9378c862-3977-4085-b6bb-63ce2bb5c54e 0.110s
2025-11-22 07:01:56.757 66196 INFO tempest.lib.common.rest_client [req-cef0894d-eb98-4d26-944a-a1dacfa8c223 req-cef0894d-eb98-4d26-944a-a1dacfa8c223 ] Request (AttachVolumeNegativeTest:test_attach_attached_volume_to_different_server): 200 GET http://10.180.1.21/compute/v2.1/servers/99a1e567-be63-4209-8655-b414a32ec608 0.174s
2025-11-22 07:01:56.770 66196 INFO tempest.common.waiters [-] State transition "BUILD/spawning" ==> "ACTIVE/None" after 45 second wait
2025-11-22 07:01:56.832 66168 INFO tempest.lib.common.rest_client [req-efda3087-320b-4138-9d49-4ff8488e2a30 req-efda3087-320b-4138-9d49-4ff8488e2a30 ] Request (InstanceActionsTestJSON:tearDownClass): 200 GET http://10.180.1.21/compute/v2.1/servers/68d0a63b-f7fe-4407-a9b8-c99a6d5c9f0b 0.209s
2025-11-22 07:01:56.928 66200 INFO tempest.lib.common.rest_client [req-e62e1e61-e923-4cb6-ad08-6ef115c2e503 req-e62e1e61-e923-4cb6-ad08-6ef115c2e503 ] Request (ServersTestFqdnHostnames:tearDownClass): 200 GET http://10.180.1.21/compute/v2.1/servers/8a56050e-3c27-4d61-9059-3c458cb1e114 0.284s
2025-11-22 07:01:56.945 66228 INFO tempest.lib.common.rest_client [req-86770478-83e4-4ee2-8761-b2ac232b0951 req-86770478-83e4-4ee2-8761-b2ac232b0951 ] Request (AttachInterfacesTestJSON:_run_cleanups): 204 DELETE http://10.180.1.21/networking/v2.0/floatingips/79f80265-8c27-4fb8-a14f-3adef00f5e51 0.283s
2025-11-22 07:01:57.001 66196 INFO tempest.lib.common.rest_client [req-eb40a759-321e-4503-beea-c810620fd695 req-eb40a759-321e-4503-beea-c810620fd695 ] Request (AttachVolumeNegativeTest:test_attach_attached_volume_to_different_server): 200 GET http://10.180.1.21/compute/v2.1/servers/99a1e567-be63-4209-8655-b414a32ec608/os-interface 0.230s
2025-11-22 07:01:57.028 66216 INFO tempest.lib.common.rest_client [req-5a3bb3b1-ec13-475c-ac75-c9356446b272 req-5a3bb3b1-ec13-475c-ac75-c9356446b272 ] Request (ServerMetadataNegativeTestJSON:setUpClass): 200 GET http://10.180.1.21/compute/v2.1/servers/07f825a6-df7f-4680-bcec-1f62a9abc472 0.260s
2025-11-22 07:01:57.098 66178 INFO tempest.lib.common.rest_client [req-61820e75-755d-4d26-9978-685289d0a993 req-61820e75-755d-4d26-9978-685289d0a993 ] Request (ServerActionsTestOtherA:_run_cleanups): 200 GET http://10.180.1.21/compute/v2.1/servers/783680df-847f-48c5-987b-02d382d5729c 0.203s
2025-11-22 07:01:57.131 66174 INFO tempest.lib.common.rest_client [req-20cdfcd4-7b78-4556-8605-3af91d247f13 req-20cdfcd4-7b78-4556-8605-3af91d247f13 ] Request (SecurityGroupsTestJSON:test_server_security_groups): 200 GET http://10.180.1.21/compute/v2.1/servers/f666f398-5ab9-48b1-9880-a53ffd3a3e41 0.259s
2025-11-22 07:01:57.160 66190 INFO tempest.lib.common.rest_client [req-c9d5946e-ed0c-41af-8a9b-0a80eccd2753 req-c9d5946e-ed0c-41af-8a9b-0a80eccd2753 ] Request (FloatingIPsAssociationTestJSON:tearDownClass): 200 GET http://10.180.1.21/compute/v2.1/servers/991d1fc6-219f-46f3-96ca-3fdef146ef9a 0.232s
2025-11-22 07:01:57.184 66180 INFO tempest.lib.common.rest_client [req-afb2fa8b-481b-42d3-99b8-71b21a671e42 req-afb2fa8b-481b-42d3-99b8-71b21a671e42 ] Request (ServerActionsTestOtherB:setUpClass): 200 GET http://10.180.1.21/compute/v2.1/servers/14aaef10-d43f-4aac-b474-656ca376c1a0 0.240s
2025-11-22 07:01:57.198 66228 INFO tempest.lib.common.rest_client [req-cd3c3ba2-5502-4595-ade4-2ba53246f1d2 req-cd3c3ba2-5502-4595-ade4-2ba53246f1d2 ] Request (ValidationResourcesFixture:setUp): 200 POST http://10.180.1.21/compute/v2.1/os-keypairs 0.248s
2025-11-22 07:01:57.295 66228 INFO tempest.lib.common.rest_client [req-a957a57f-c760-445d-9614-e49fcec18904 req-a957a57f-c760-445d-9614-e49fcec18904 ] Request (ValidationResourcesFixture:setUp): 201 POST http://10.180.1.21/networking/v2.0/security-groups 0.095s
2025-11-22 07:01:57.315 66170 INFO tempest.lib.common.rest_client [req-78f49261-7e9b-412b-94a3-281376ae03cc req-78f49261-7e9b-412b-94a3-281376ae03cc ] Request (ImagesOneServerNegativeTestJSON:_run_cleanups): 200 GET http://10.180.1.21/compute/v2.1/servers/d1001cbc-5243-4b1b-805a-87bd6c2e0187 0.304s
2025-11-22 07:01:57.404 66228 INFO tempest.lib.common.rest_client [req-12a14a0b-95c3-4ac4-90d7-68ad5491adbb req-12a14a0b-95c3-4ac4-90d7-68ad5491adbb ] Request (ValidationResourcesFixture:setUp): 201 POST http://10.180.1.21/networking/v2.0/security-group-rules 0.108s
2025-11-22 07:01:57.453 66202 INFO tempest.lib.common.rest_client [req-54c53500-27ba-4e5a-8566-596d49c01bb8 req-54c53500-27ba-4e5a-8566-596d49c01bb8 ] Request (ServerDiagnosticsV248Test:tearDownClass): 200 GET http://10.180.1.21/compute/v2.1/servers/02ad8316-fdba-48c9-9f17-d1865c0d18b6 0.139s
2025-11-22 07:01:57.534 66228 INFO tempest.lib.common.rest_client [req-61335ef7-efc1-4720-8b73-f0bb55477523 req-61335ef7-efc1-4720-8b73-f0bb55477523 ] Request (ValidationResourcesFixture:setUp): 201 POST http://10.180.1.21/networking/v2.0/security-group-rules 0.130s
2025-11-22 07:01:57.580 66192 INFO tempest.lib.common.rest_client [req-01833014-af83-4b03-afd9-3c35820e02c6 req-01833014-af83-4b03-afd9-3c35820e02c6 ] Request (MigrationsAdminTest:test_resize_server_revert_deleted_flavor): 200 GET http://10.180.1.21/compute/v2.1/servers/e0cc4f23-2127-46b1-8e85-97910d3cc570 0.284s
2025-11-22 07:01:57.631 66226 INFO tempest.lib.common.rest_client [req-3fb3e614-2a13-47ee-90dd-b4d4eb597f6d req-3fb3e614-2a13-47ee-90dd-b4d4eb597f6d ] Request (ListServersNegativeTestJSON:tearDownClass): 200 GET http://10.180.1.21/compute/v2.1/servers/be2eb867-3a8d-4783-97b5-1dd5bf3cfd46 0.276s
2025-11-22 07:01:57.922 66196 INFO tempest.lib.common.rest_client [req-d9ff533d-0665-49ca-9d09-47f70af6f80b req-d9ff533d-0665-49ca-9d09-47f70af6f80b ] Request (AttachVolumeNegativeTest:test_attach_attached_volume_to_different_server): 200 PUT http://10.180.1.21/networking/v2.0/floatingips/e51f932e-579f-42eb-9e29-c2e0dd263f70 0.919s
2025-11-22 07:01:57.923 66196 INFO tempest.lib.common.ssh [-] Creating ssh connection to '10.180.180.219:22' as 'cirros' with public key authentication
2025-11-22 07:01:57.972 66176 INFO tempest.lib.common.rest_client [req-85c09ed4-deb0-45f2-9680-a7eecb19b08f req-85c09ed4-deb0-45f2-9680-a7eecb19b08f ] Request (ListServerFiltersTestJSON:tearDownClass): 200 GET http://10.180.1.21/compute/v2.1/servers/8e2587d3-f730-47aa-b3e2-0ea94ab90ad5 0.593s
2025-11-22 07:01:57.988 66184 INFO tempest.lib.common.rest_client [req-6af031e9-b08b-469f-9641-d212eaf6b24b req-6af031e9-b08b-469f-9641-d212eaf6b24b ] Request (ServersNegativeTestJSON:setUpClass): 200 GET http://10.180.1.21/compute/v2.1/servers/72c5203f-4b00-4a7c-a763-11bfe78c7fc9 0.549s
2025-11-22 07:01:58.013 66228 INFO tempest.lib.common.rest_client [req-5419451c-dfed-46e6-b231-e4ff7e1e9e3d req-5419451c-dfed-46e6-b231-e4ff7e1e9e3d ] Request (ValidationResourcesFixture:setUp): 201 POST http://10.180.1.21/networking/v2.0/floatingips 0.478s
2025-11-22 07:01:58.088 66186 INFO tempest.lib.common.rest_client [req-8791a2df-91da-44b1-a9c0-0bd70344df20 req-8791a2df-91da-44b1-a9c0-0bd70344df20 ] Request (ListImageFiltersTestJSON:setUpClass): 200 GET http://10.180.1.21/compute/v2.1/servers/cb115f34-d4a3-458f-9334-bfadc9e68c4d 0.586s
2025-11-22 07:01:58.104 66208 INFO tempest.lib.common.rest_client [req-3bf73654-68f4-4ecc-9b83-863f729c7b3e req-3bf73654-68f4-4ecc-9b83-863f729c7b3e ] Request (ServersListShow296Test:tearDownClass): 200 GET http://10.180.1.21/compute/v2.1/servers/5f80cf7f-1ae2-49f9-b0d4-bbaa6f15e3e4 0.643s
2025-11-22 07:01:58.127 66228 INFO tempest.lib.common.rest_client [req-3f2684d7-9d67-4d43-b1b6-593f2782a9ef req-3f2684d7-9d67-4d43-b1b6-593f2782a9ef ] Request (AttachInterfacesTestJSON:test_create_list_show_delete_interfaces_by_network_port): 201 POST http://10.180.1.21/identity/v3/auth/tokens 0.110s
2025-11-22 07:01:58.128 66228 INFO tempest.lib.common.fixed_network [-] (AttachInterfacesTestJSON:test_create_list_show_delete_interfaces_by_network_port) Found network {'id': '9645ad19-0d30-485f-a127-359b446a3f0d', 'name': 'tempest-AttachInterfacesTestJSON-280423330-network', 'tenant_id': 'be2d213430e04d1ca9b0f585dd5bcaad', 'project_id': 'be2d213430e04d1ca9b0f585dd5bcaad', 'admin_state_up': True, 'mtu': 8950, 'status': 'ACTIVE', 'subnets': [], 'shared': False, 'port_security_enabled': True, 'router:external': False, 'provider:network_type': 'vlan', 'provider:physical_network': 'default', 'provider:segmentation_id': 346, 'availability_zone_hints': [], 'availability_zones': [], 'ipv4_address_scope': None, 'ipv6_address_scope': None, 'description': '', 'tags': [], 'created_at': '2025-11-22T06:59:38Z', 'updated_at': '2025-11-22T06:59:38Z', 'revision_number': 1} available for tenant
2025-11-22 07:01:58.168 66194 INFO tempest.lib.common.rest_client [req-f71f3fc1-7f84-4161-a018-23eeb1b79d1a req-f71f3fc1-7f84-4161-a018-23eeb1b79d1a ] Request (ImagesTestJSON:test_create_server_from_snapshot): 200 GET http://10.180.1.21/compute/v2.1/servers/407f8d95-20fd-41c5-853d-14bd5be9f3f5 0.583s
2025-11-22 07:01:58.207 66172 INFO tempest.lib.common.rest_client [req-ee52cfeb-9e8f-4aeb-99ad-011eaad37889 req-ee52cfeb-9e8f-4aeb-99ad-011eaad37889 ] Request (ServersAdminNegativeTestJSON:tearDownClass): 200 GET http://10.180.1.21/compute/v2.1/servers/9378c862-3977-4085-b6bb-63ce2bb5c54e 0.531s
2025-11-22 07:01:58.266 66168 INFO tempest.lib.common.rest_client [req-e8db1a93-e35f-4f0f-9f0b-752f20d976f0 req-e8db1a93-e35f-4f0f-9f0b-752f20d976f0 ] Request (InstanceActionsTestJSON:tearDownClass): 200 GET http://10.180.1.21/compute/v2.1/servers/68d0a63b-f7fe-4407-a9b8-c99a6d5c9f0b 0.425s
2025-11-22 07:01:58.325 66200 INFO tempest.lib.common.rest_client [req-14cfbcac-2e3e-4d46-82a2-67c81a676cc8 req-14cfbcac-2e3e-4d46-82a2-67c81a676cc8 ] Request (ServersTestFqdnHostnames:tearDownClass): 200 GET http://10.180.1.21/compute/v2.1/servers/8a56050e-3c27-4d61-9059-3c458cb1e114 0.389s
2025-11-22 07:01:58.421 66216 INFO tempest.lib.common.rest_client [req-8cbb846d-0c00-4bc4-9f1c-8bea6cb540db req-8cbb846d-0c00-4bc4-9f1c-8bea6cb540db ] Request (ServerMetadataNegativeTestJSON:setUpClass): 200 GET http://10.180.1.21/compute/v2.1/servers/07f825a6-df7f-4680-bcec-1f62a9abc472 0.384s
2025-11-22 07:01:58.425 66178 INFO tempest.lib.common.rest_client [req-9e97e5ca-29eb-4aea-8441-427195e875af req-9e97e5ca-29eb-4aea-8441-427195e875af ] Request (ServerActionsTestOtherA:_run_cleanups): 200 GET http://10.180.1.21/compute/v2.1/servers/783680df-847f-48c5-987b-02d382d5729c 0.317s
2025-11-22 07:01:58.435 66178 INFO tempest.common.waiters [-] State transition "SHUTOFF/deleting" ==> "DELETED/None" after 4 second wait
2025-11-22 07:01:58.585 66174 INFO tempest.lib.common.rest_client [req-b03cabaf-24f2-4273-9384-15951656bddc req-b03cabaf-24f2-4273-9384-15951656bddc ] Request (SecurityGroupsTestJSON:test_server_security_groups): 200 GET http://10.180.1.21/compute/v2.1/servers/f666f398-5ab9-48b1-9880-a53ffd3a3e41 0.446s
2025-11-22 07:01:58.645 66190 INFO tempest.lib.common.rest_client [req-8f3ab886-55cf-4beb-80b8-678d7323a933 req-8f3ab886-55cf-4beb-80b8-678d7323a933 ] Request (FloatingIPsAssociationTestJSON:tearDownClass): 200 GET http://10.180.1.21/compute/v2.1/servers/991d1fc6-219f-46f3-96ca-3fdef146ef9a 0.476s
2025-11-22 07:01:58.690 66180 INFO tempest.lib.common.rest_client [req-88536f28-cf1a-4d3a-97aa-8c573c466afb req-88536f28-cf1a-4d3a-97aa-8c573c466afb ] Request (ServerActionsTestOtherB:setUpClass): 200 GET http://10.180.1.21/compute/v2.1/servers/14aaef10-d43f-4aac-b474-656ca376c1a0 0.497s
2025-11-22 07:01:58.707 66170 INFO tempest.lib.common.rest_client [req-52ae74ca-9704-41cd-bd3f-34b727102b6e req-52ae74ca-9704-41cd-bd3f-34b727102b6e ] Request (ImagesOneServerNegativeTestJSON:_run_cleanups): 404 GET http://10.180.1.21/compute/v2.1/servers/d1001cbc-5243-4b1b-805a-87bd6c2e0187 0.381s
2025-11-22 07:01:58.772 66202 INFO tempest.lib.common.rest_client [req-cfbc959f-54f4-4ac8-aeef-86b9bb32f727 req-cfbc959f-54f4-4ac8-aeef-86b9bb32f727 ] Request (ServerDiagnosticsV248Test:tearDownClass): 200 GET http://10.180.1.21/compute/v2.1/servers/02ad8316-fdba-48c9-9f17-d1865c0d18b6 0.305s
2025-11-22 07:01:58.784 66170 INFO tempest.lib.common.rest_client [req-bfef7c14-d02b-46b2-8cee-bb06a9ee21f1 req-bfef7c14-d02b-46b2-8cee-bb06a9ee21f1 ] Request (ImagesOneServerNegativeTestJSON:_run_cleanups): 201 POST http://10.180.1.21/identity/v3/auth/tokens 0.074s
2025-11-22 07:01:58.785 66170 INFO tempest.lib.common.fixed_network [-] (ImagesOneServerNegativeTestJSON:_run_cleanups) Found network {'id': '8900ccd2-95ed-4204-abe2-627d10447654', 'name': 'tempest-ImagesOneServerNegativeTestJSON-134956794-network', 'tenant_id': 'a9f482d0c2a048e2922df2a1d9138c19', 'project_id': 'a9f482d0c2a048e2922df2a1d9138c19', 'admin_state_up': True, 'mtu': 8950, 'status': 'ACTIVE', 'subnets': [], 'shared': False, 'port_security_enabled': True, 'router:external': False, 'provider:network_type': 'vlan', 'provider:physical_network': 'default', 'provider:segmentation_id': 168, 'availability_zone_hints': [], 'availability_zones': [], 'ipv4_address_scope': None, 'ipv6_address_scope': None, 'description': '', 'tags': [], 'created_at': '2025-11-22T06:58:27Z', 'updated_at': '2025-11-22T06:58:27Z', 'revision_number': 1} available for tenant
2025-11-22 07:01:58.792 66228 INFO tempest.lib.common.rest_client [req-cd6c59b9-f041-4c98-b578-510433f40f6c req-cd6c59b9-f041-4c98-b578-510433f40f6c ] Request (AttachInterfacesTestJSON:test_create_list_show_delete_interfaces_by_network_port): 202 POST http://10.180.1.21/compute/v2.1/servers 0.664s
2025-11-22 07:01:58.850 66226 INFO tempest.lib.common.rest_client [req-9ac60427-f44b-4c90-b3f2-4330c5da236b req-9ac60427-f44b-4c90-b3f2-4330c5da236b ] Request (ListServersNegativeTestJSON:tearDownClass): 200 GET http://10.180.1.21/compute/v2.1/servers/be2eb867-3a8d-4783-97b5-1dd5bf3cfd46 0.210s
2025-11-22 07:01:58.918 66192 INFO tempest.lib.common.rest_client [req-6d877faf-60c5-43e7-b9cc-c05bdbaba3f4 req-6d877faf-60c5-43e7-b9cc-c05bdbaba3f4 ] Request (MigrationsAdminTest:test_resize_server_revert_deleted_flavor): 200 GET http://10.180.1.21/compute/v2.1/servers/e0cc4f23-2127-46b1-8e85-97910d3cc570 0.328s
2025-11-22 07:01:58.971 66228 INFO tempest.lib.common.rest_client [req-92f785dd-8228-4727-b431-fb62e587590e req-92f785dd-8228-4727-b431-fb62e587590e ] Request (AttachInterfacesTestJSON:test_create_list_show_delete_interfaces_by_network_port): 200 GET http://10.180.1.21/compute/v2.1/servers/e5057e37-d226-4df3-899f-83764e76ca85 0.177s
2025-11-22 07:01:59.058 66176 INFO tempest.lib.common.rest_client [req-6baf58c8-a6ea-4a71-97b2-50c7ae4ee4dc req-6baf58c8-a6ea-4a71-97b2-50c7ae4ee4dc ] Request (ListServerFiltersTestJSON:tearDownClass): 200 GET http://10.180.1.21/compute/v2.1/servers/8e2587d3-f730-47aa-b3e2-0ea94ab90ad5 0.076s
2025-11-22 07:01:59.115 66184 INFO tempest.lib.common.rest_client [req-36ae3123-06c0-4d96-b428-ad2a4b64f22a req-36ae3123-06c0-4d96-b428-ad2a4b64f22a ] Request (ServersNegativeTestJSON:setUpClass): 200 GET http://10.180.1.21/compute/v2.1/servers/72c5203f-4b00-4a7c-a763-11bfe78c7fc9 0.115s
2025-11-22 07:01:59.175 66186 INFO tempest.lib.common.rest_client [req-82ac3fe0-39f3-4386-9a0e-924750533093 req-82ac3fe0-39f3-4386-9a0e-924750533093 ] Request (ListImageFiltersTestJSON:setUpClass): 200 GET http://10.180.1.21/compute/v2.1/servers/cb115f34-d4a3-458f-9334-bfadc9e68c4d 0.077s
2025-11-22 07:01:59.220 66170 INFO tempest.lib.common.rest_client [req-ad460c77-6523-4759-bf2d-b78cd92014c9 req-ad460c77-6523-4759-bf2d-b78cd92014c9 ] Request (ImagesOneServerNegativeTestJSON:_run_cleanups): 202 POST http://10.180.1.21/compute/v2.1/servers 0.434s
2025-11-22 07:01:59.250 66208 INFO tempest.lib.common.rest_client [req-5a606aea-b4d7-45d5-93c7-2d2ff991deb5 req-5a606aea-b4d7-45d5-93c7-2d2ff991deb5 ] Request (ServersListShow296Test:tearDownClass): 200 GET http://10.180.1.21/compute/v2.1/servers/5f80cf7f-1ae2-49f9-b0d4-bbaa6f15e3e4 0.128s
2025-11-22 07:01:59.277 66194 INFO tempest.lib.common.rest_client [req-b0e70738-31b1-4b0e-9203-75ad15bd58e9 req-b0e70738-31b1-4b0e-9203-75ad15bd58e9 ] Request (ImagesTestJSON:test_create_server_from_snapshot): 200 GET http://10.180.1.21/compute/v2.1/servers/407f8d95-20fd-41c5-853d-14bd5be9f3f5 0.102s
2025-11-22 07:01:59.312 66172 INFO tempest.lib.common.rest_client [req-b28b9b99-966d-41b9-8fd6-2ea961c184d3 req-b28b9b99-966d-41b9-8fd6-2ea961c184d3 ] Request (ServersAdminNegativeTestJSON:tearDownClass): 200 GET http://10.180.1.21/compute/v2.1/servers/9378c862-3977-4085-b6bb-63ce2bb5c54e 0.092s
2025-11-22 07:01:59.319 66170 INFO tempest.lib.common.rest_client [req-df8aae33-fbcb-45e0-8c74-b9779e9131d3 req-df8aae33-fbcb-45e0-8c74-b9779e9131d3 ] Request (ImagesOneServerNegativeTestJSON:_run_cleanups): 200 GET http://10.180.1.21/compute/v2.1/servers/82388e02-f69f-454d-b624-e167fa783ca8 0.098s
2025-11-22 07:01:59.369 66168 INFO tempest.lib.common.rest_client [req-5e4ac373-6d9f-4181-9f1b-0b59eab51ad1 req-5e4ac373-6d9f-4181-9f1b-0b59eab51ad1 ] Request (InstanceActionsTestJSON:tearDownClass): 200 GET http://10.180.1.21/compute/v2.1/servers/68d0a63b-f7fe-4407-a9b8-c99a6d5c9f0b 0.095s
2025-11-22 07:01:59.393 66200 INFO tempest.lib.common.rest_client [req-c7a40b22-fc69-4012-a949-55a77d7021c5 req-c7a40b22-fc69-4012-a949-55a77d7021c5 ] Request (ServersTestFqdnHostnames:tearDownClass): 200 GET http://10.180.1.21/compute/v2.1/servers/8a56050e-3c27-4d61-9059-3c458cb1e114 0.059s
2025-11-22 07:01:59.492 66178 INFO tempest.lib.common.rest_client [req-af00c04f-3b2f-4883-8de0-1a1d8e431add req-af00c04f-3b2f-4883-8de0-1a1d8e431add ] Request (ServerActionsTestOtherA:_run_cleanups): 200 GET http://10.180.1.21/compute/v2.1/servers/783680df-847f-48c5-987b-02d382d5729c 0.055s
2025-11-22 07:01:59.583 66216 INFO tempest.lib.common.rest_client [req-22c55970-96f7-438c-9da0-9d2f7ed4986e req-22c55970-96f7-438c-9da0-9d2f7ed4986e ] Request (ServerMetadataNegativeTestJSON:setUpClass): 200 GET http://10.180.1.21/compute/v2.1/servers/07f825a6-df7f-4680-bcec-1f62a9abc472 0.154s
2025-11-22 07:01:59.641 66218 WARNING tempest.lib.common.ssh [-] Failed to establish authenticated ssh connection to cirros@10.180.180.167 ([Errno None] Unable to connect to port 22 on 10.180.180.167). Number attempts: 14. Retry after 15 seconds.: paramiko.ssh_exception.NoValidConnectionsError: [Errno None] Unable to connect to port 22 on 10.180.180.167
2025-11-22 07:01:59.709 66190 INFO tempest.lib.common.rest_client [req-c0bb59bc-fd54-4961-bdac-7d0f588875fb req-c0bb59bc-fd54-4961-bdac-7d0f588875fb ] Request (FloatingIPsAssociationTestJSON:tearDownClass): 200 GET http://10.180.1.21/compute/v2.1/servers/991d1fc6-219f-46f3-96ca-3fdef146ef9a 0.057s
2025-11-22 07:01:59.724 66174 INFO tempest.lib.common.rest_client [req-fb5391d5-c293-4ab7-98ae-63b6c54272eb req-fb5391d5-c293-4ab7-98ae-63b6c54272eb ] Request (SecurityGroupsTestJSON:test_server_security_groups): 200 GET http://10.180.1.21/compute/v2.1/servers/f666f398-5ab9-48b1-9880-a53ffd3a3e41 0.129s
2025-11-22 07:01:59.731 66174 INFO tempest.common.waiters [-] State transition "HARD_REBOOT/rebooting_hard" ==> "HARD_REBOOT/reboot_pending_hard" after 4 second wait
2025-11-22 07:01:59.756 66180 INFO tempest.lib.common.rest_client [req-f87b467f-2db1-4ea3-a892-fad619f03be4 req-f87b467f-2db1-4ea3-a892-fad619f03be4 ] Request (ServerActionsTestOtherB:setUpClass): 200 GET http://10.180.1.21/compute/v2.1/servers/14aaef10-d43f-4aac-b474-656ca376c1a0 0.059s
2025-11-22 07:01:59.845 66202 INFO tempest.lib.common.rest_client [req-4ef37d56-e9af-49c0-b636-8e9a61882555 req-4ef37d56-e9af-49c0-b636-8e9a61882555 ] Request (ServerDiagnosticsV248Test:tearDownClass): 200 GET http://10.180.1.21/compute/v2.1/servers/02ad8316-fdba-48c9-9f17-d1865c0d18b6 0.063s
2025-11-22 07:01:59.915 66226 INFO tempest.lib.common.rest_client [req-3737be22-3d2a-44c8-9f61-cf3da1f315d0 req-3737be22-3d2a-44c8-9f61-cf3da1f315d0 ] Request (ListServersNegativeTestJSON:tearDownClass): 200 GET http://10.180.1.21/compute/v2.1/servers/be2eb867-3a8d-4783-97b5-1dd5bf3cfd46 0.057s
2025-11-22 07:02:00.035 66228 INFO tempest.lib.common.rest_client [req-2c5f9716-859b-4dd7-a1a5-b98a433d662e req-2c5f9716-859b-4dd7-a1a5-b98a433d662e ] Request (AttachInterfacesTestJSON:test_create_list_show_delete_interfaces_by_network_port): 200 GET http://10.180.1.21/compute/v2.1/servers/e5057e37-d226-4df3-899f-83764e76ca85 0.054s
2025-11-22 07:02:00.042 66228 INFO tempest.common.waiters [-] State transition "BUILD/scheduling" ==> "BUILD/None" after 2 second wait
2025-11-22 07:02:00.061 66192 INFO tempest.lib.common.rest_client [req-876ad97b-7426-43ce-9705-399004d43a9f req-876ad97b-7426-43ce-9705-399004d43a9f ] Request (MigrationsAdminTest:test_resize_server_revert_deleted_flavor): 200 GET http://10.180.1.21/compute/v2.1/servers/e0cc4f23-2127-46b1-8e85-97910d3cc570 0.134s
2025-11-22 07:02:00.136 66176 INFO tempest.lib.common.rest_client [req-4a525ff6-09fb-48a4-9eaa-265cf1ddfded req-4a525ff6-09fb-48a4-9eaa-265cf1ddfded ] Request (ListServerFiltersTestJSON:tearDownClass): 200 GET http://10.180.1.21/compute/v2.1/servers/8e2587d3-f730-47aa-b3e2-0ea94ab90ad5 0.064s
2025-11-22 07:02:00.175 66184 INFO tempest.lib.common.rest_client [req-7d5d041f-a890-4e42-b68a-39633fa66b69 req-7d5d041f-a890-4e42-b68a-39633fa66b69 ] Request (ServersNegativeTestJSON:setUpClass): 200 GET http://10.180.1.21/compute/v2.1/servers/72c5203f-4b00-4a7c-a763-11bfe78c7fc9 0.050s
2025-11-22 07:02:00.231 66186 INFO tempest.lib.common.rest_client [req-250cf4bd-6bfd-4849-873c-570b2f7ff28e req-250cf4bd-6bfd-4849-873c-570b2f7ff28e ] Request (ListImageFiltersTestJSON:setUpClass): 200 GET http://10.180.1.21/compute/v2.1/servers/cb115f34-d4a3-458f-9334-bfadc9e68c4d 0.046s
2025-11-22 07:02:00.328 66208 INFO tempest.lib.common.rest_client [req-6e345438-b324-4c3f-84b2-494f82c6f081 req-6e345438-b324-4c3f-84b2-494f82c6f081 ] Request (ServersListShow296Test:tearDownClass): 200 GET http://10.180.1.21/compute/v2.1/servers/5f80cf7f-1ae2-49f9-b0d4-bbaa6f15e3e4 0.064s
2025-11-22 07:02:00.333 66194 INFO tempest.lib.common.rest_client [req-d0ff2c1c-aee0-4f8f-9772-709de9260635 req-d0ff2c1c-aee0-4f8f-9772-709de9260635 ] Request (ImagesTestJSON:test_create_server_from_snapshot): 200 GET http://10.180.1.21/compute/v2.1/servers/407f8d95-20fd-41c5-853d-14bd5be9f3f5 0.047s
2025-11-22 07:02:00.381 66170 INFO tempest.lib.common.rest_client [req-7672a772-fe78-4675-972a-1e886c1ccf4b req-7672a772-fe78-4675-972a-1e886c1ccf4b ] Request (ImagesOneServerNegativeTestJSON:_run_cleanups): 200 GET http://10.180.1.21/compute/v2.1/servers/82388e02-f69f-454d-b624-e167fa783ca8 0.054s
2025-11-22 07:02:00.381 66172 INFO tempest.lib.common.rest_client [req-1288df04-1e8c-436b-8d8e-c2540ffaa60b req-1288df04-1e8c-436b-8d8e-c2540ffaa60b ] Request (ServersAdminNegativeTestJSON:tearDownClass): 200 GET http://10.180.1.21/compute/v2.1/servers/9378c862-3977-4085-b6bb-63ce2bb5c54e 0.061s
2025-11-22 07:02:00.440 66168 INFO tempest.lib.common.rest_client [req-c18ecb84-8912-418c-a412-e7f8ca3c972a req-c18ecb84-8912-418c-a412-e7f8ca3c972a ] Request (InstanceActionsTestJSON:tearDownClass): 200 GET http://10.180.1.21/compute/v2.1/servers/68d0a63b-f7fe-4407-a9b8-c99a6d5c9f0b 0.063s
2025-11-22 07:02:00.466 66200 INFO tempest.lib.common.rest_client [req-7ec44170-1c9b-4773-b662-2f06a22a1ac3 req-7ec44170-1c9b-4773-b662-2f06a22a1ac3 ] Request (ServersTestFqdnHostnames:tearDownClass): 200 GET http://10.180.1.21/compute/v2.1/servers/8a56050e-3c27-4d61-9059-3c458cb1e114 0.059s
2025-11-22 07:02:00.563 66178 INFO tempest.lib.common.rest_client [req-1969a207-df07-495b-a998-3986ee6f8b76 req-1969a207-df07-495b-a998-3986ee6f8b76 ] Request (ServerActionsTestOtherA:_run_cleanups): 200 GET http://10.180.1.21/compute/v2.1/servers/783680df-847f-48c5-987b-02d382d5729c 0.063s
2025-11-22 07:02:00.738 66216 INFO tempest.lib.common.rest_client [req-07d8358c-6fd6-4bb5-bc12-11606045113d req-07d8358c-6fd6-4bb5-bc12-11606045113d ] Request (ServerMetadataNegativeTestJSON:setUpClass): 200 GET http://10.180.1.21/compute/v2.1/servers/07f825a6-df7f-4680-bcec-1f62a9abc472 0.147s
2025-11-22 07:02:00.782 66190 INFO tempest.lib.common.rest_client [req-2a47c88f-2ada-455e-89fd-8da35ed0d39e req-2a47c88f-2ada-455e-89fd-8da35ed0d39e ] Request (FloatingIPsAssociationTestJSON:tearDownClass): 200 GET http://10.180.1.21/compute/v2.1/servers/991d1fc6-219f-46f3-96ca-3fdef146ef9a 0.065s
2025-11-22 07:02:00.831 66180 INFO tempest.lib.common.rest_client [req-0bad46db-ecf8-49a3-8f4c-a64c5f08c88d req-0bad46db-ecf8-49a3-8f4c-a64c5f08c88d ] Request (ServerActionsTestOtherB:setUpClass): 200 GET http://10.180.1.21/compute/v2.1/servers/14aaef10-d43f-4aac-b474-656ca376c1a0 0.067s
2025-11-22 07:02:00.842 66174 INFO tempest.lib.common.rest_client [req-d2755e77-17d6-4b4b-9927-92579daf1634 req-d2755e77-17d6-4b4b-9927-92579daf1634 ] Request (SecurityGroupsTestJSON:test_server_security_groups): 200 GET http://10.180.1.21/compute/v2.1/servers/f666f398-5ab9-48b1-9880-a53ffd3a3e41 0.109s
2025-11-22 07:02:00.849 66174 INFO tempest.common.waiters [-] State transition "HARD_REBOOT/reboot_pending_hard" ==> "HARD_REBOOT/reboot_started_hard" after 5 second wait
2025-11-22 07:02:00.910 66202 INFO tempest.lib.common.rest_client [req-1b5d2ac3-f8e9-40d2-9a87-9fd6c7d3ef01 req-1b5d2ac3-f8e9-40d2-9a87-9fd6c7d3ef01 ] Request (ServerDiagnosticsV248Test:tearDownClass): 200 GET http://10.180.1.21/compute/v2.1/servers/02ad8316-fdba-48c9-9f17-d1865c0d18b6 0.056s
2025-11-22 07:02:00.981 66226 INFO tempest.lib.common.rest_client [req-f4340dea-c731-4bd9-bab2-36cecc786d12 req-f4340dea-c731-4bd9-bab2-36cecc786d12 ] Request (ListServersNegativeTestJSON:tearDownClass): 200 GET http://10.180.1.21/compute/v2.1/servers/be2eb867-3a8d-4783-97b5-1dd5bf3cfd46 0.058s
2025-11-22 07:02:01.117 66228 INFO tempest.lib.common.rest_client [req-cbd6075d-c132-4b2f-b1a1-cffcdc1eda4b req-cbd6075d-c132-4b2f-b1a1-cffcdc1eda4b ] Request (AttachInterfacesTestJSON:test_create_list_show_delete_interfaces_by_network_port): 200 GET http://10.180.1.21/compute/v2.1/servers/e5057e37-d226-4df3-899f-83764e76ca85 0.073s
2025-11-22 07:02:01.277 66192 INFO tempest.lib.common.rest_client [req-f4ccd10b-80c9-4ab2-9bf2-9daeca5c2080 req-f4ccd10b-80c9-4ab2-9bf2-9daeca5c2080 ] Request (MigrationsAdminTest:test_resize_server_revert_deleted_flavor): 200 GET http://10.180.1.21/compute/v2.1/servers/e0cc4f23-2127-46b1-8e85-97910d3cc570 0.208s
2025-11-22 07:02:01.289 66176 INFO tempest.lib.common.rest_client [req-2b5f0ba1-f826-4029-a2b5-f7073b02cbd8 req-2b5f0ba1-f826-4029-a2b5-f7073b02cbd8 ] Request (ListServerFiltersTestJSON:tearDownClass): 200 GET http://10.180.1.21/compute/v2.1/servers/8e2587d3-f730-47aa-b3e2-0ea94ab90ad5 0.146s
2025-11-22 07:02:01.340 66184 INFO tempest.lib.common.rest_client [req-5b00c3eb-c379-40fa-af6e-2affd90d90b0 req-5b00c3eb-c379-40fa-af6e-2affd90d90b0 ] Request (ServersNegativeTestJSON:setUpClass): 200 GET http://10.180.1.21/compute/v2.1/servers/72c5203f-4b00-4a7c-a763-11bfe78c7fc9 0.157s
2025-11-22 07:02:01.350 66186 INFO tempest.lib.common.rest_client [req-64cfcda1-ccef-4c3d-89ed-c0228d8b7617 req-64cfcda1-ccef-4c3d-89ed-c0228d8b7617 ] Request (ListImageFiltersTestJSON:setUpClass): 200 GET http://10.180.1.21/compute/v2.1/servers/cb115f34-d4a3-458f-9334-bfadc9e68c4d 0.111s
2025-11-22 07:02:01.409 66194 INFO tempest.lib.common.rest_client [req-27e8e93f-e2db-40b5-97a2-6177a3aedae6 req-27e8e93f-e2db-40b5-97a2-6177a3aedae6 ] Request (ImagesTestJSON:test_create_server_from_snapshot): 200 GET http://10.180.1.21/compute/v2.1/servers/407f8d95-20fd-41c5-853d-14bd5be9f3f5 0.068s
2025-11-22 07:02:01.427 66208 INFO tempest.lib.common.rest_client [req-ea122a3b-85ea-4a81-a554-ff45b7eb5fa8 req-ea122a3b-85ea-4a81-a554-ff45b7eb5fa8 ] Request (ServersListShow296Test:tearDownClass): 200 GET http://10.180.1.21/compute/v2.1/servers/5f80cf7f-1ae2-49f9-b0d4-bbaa6f15e3e4 0.088s
2025-11-22 07:02:01.441 66198 WARNING tempest.lib.common.ssh [-] Failed to establish authenticated ssh connection to cirros@10.180.180.209 ([Errno None] Unable to connect to port 22 on 10.180.180.209). Number attempts: 3. Retry after 4 seconds.: paramiko.ssh_exception.NoValidConnectionsError: [Errno None] Unable to connect to port 22 on 10.180.180.209
2025-11-22 07:02:01.501 66170 INFO tempest.lib.common.rest_client [req-3f94695e-1d40-4a4e-91b2-f68701e50120 req-3f94695e-1d40-4a4e-91b2-f68701e50120 ] Request (ImagesOneServerNegativeTestJSON:_run_cleanups): 200 GET http://10.180.1.21/compute/v2.1/servers/82388e02-f69f-454d-b624-e167fa783ca8 0.112s
2025-11-22 07:02:01.512 66170 INFO tempest.common.waiters [-] State transition "BUILD/scheduling" ==> "BUILD/None" after 2 second wait
2025-11-22 07:02:01.522 66172 INFO tempest.lib.common.rest_client [req-eeb68520-bac3-48f7-84c9-44652d56f934 req-eeb68520-bac3-48f7-84c9-44652d56f934 ] Request (ServersAdminNegativeTestJSON:tearDownClass): 200 GET http://10.180.1.21/compute/v2.1/servers/9378c862-3977-4085-b6bb-63ce2bb5c54e 0.132s
2025-11-22 07:02:01.587 66168 INFO tempest.lib.common.rest_client [req-ab1d513b-84dc-40cd-8e23-a03daf4a91c5 req-ab1d513b-84dc-40cd-8e23-a03daf4a91c5 ] Request (InstanceActionsTestJSON:tearDownClass): 200 GET http://10.180.1.21/compute/v2.1/servers/68d0a63b-f7fe-4407-a9b8-c99a6d5c9f0b 0.139s
2025-11-22 07:02:01.603 66200 INFO tempest.lib.common.rest_client [req-30e9c37e-a457-4ce0-9114-b1c9025ad7eb req-30e9c37e-a457-4ce0-9114-b1c9025ad7eb ] Request (ServersTestFqdnHostnames:tearDownClass): 200 GET http://10.180.1.21/compute/v2.1/servers/8a56050e-3c27-4d61-9059-3c458cb1e114 0.129s
2025-11-22 07:02:01.669 66178 INFO tempest.lib.common.rest_client [req-beb732fe-c891-40e8-9ccb-b9e8df8a25c6 req-beb732fe-c891-40e8-9ccb-b9e8df8a25c6 ] Request (ServerActionsTestOtherA:_run_cleanups): 200 GET http://10.180.1.21/compute/v2.1/servers/783680df-847f-48c5-987b-02d382d5729c 0.096s
2025-11-22 07:02:01.693 66206 WARNING tempest.lib.common.ssh [-] Failed to establish authenticated ssh connection to cirros@10.180.180.244 ([Errno None] Unable to connect to port 22 on 10.180.180.244). Number attempts: 4. Retry after 5 seconds.: paramiko.ssh_exception.NoValidConnectionsError: [Errno None] Unable to connect to port 22 on 10.180.180.244
2025-11-22 07:02:01.851 66216 INFO tempest.lib.common.rest_client [req-38eade8b-8a02-44ab-a39c-3cc8ab45c24a req-38eade8b-8a02-44ab-a39c-3cc8ab45c24a ] Request (ServerMetadataNegativeTestJSON:setUpClass): 200 GET http://10.180.1.21/compute/v2.1/servers/07f825a6-df7f-4680-bcec-1f62a9abc472 0.104s
2025-11-22 07:02:01.865 66190 INFO tempest.lib.common.rest_client [req-46aa9824-a285-4308-8ea0-4b6b99c016f2 req-46aa9824-a285-4308-8ea0-4b6b99c016f2 ] Request (FloatingIPsAssociationTestJSON:tearDownClass): 200 GET http://10.180.1.21/compute/v2.1/servers/991d1fc6-219f-46f3-96ca-3fdef146ef9a 0.075s
2025-11-22 07:02:01.900 66180 INFO tempest.lib.common.rest_client [req-27b8f186-aa9f-433c-ade2-fd72c82a4e7e req-27b8f186-aa9f-433c-ade2-fd72c82a4e7e ] Request (ServerActionsTestOtherB:setUpClass): 200 GET http://10.180.1.21/compute/v2.1/servers/14aaef10-d43f-4aac-b474-656ca376c1a0 0.062s
2025-11-22 07:02:01.952 66174 INFO tempest.lib.common.rest_client [req-69a57e26-75b3-46eb-a174-24f7427431f5 req-69a57e26-75b3-46eb-a174-24f7427431f5 ] Request (SecurityGroupsTestJSON:test_server_security_groups): 200 GET http://10.180.1.21/compute/v2.1/servers/f666f398-5ab9-48b1-9880-a53ffd3a3e41 0.101s
2025-11-22 07:02:01.962 66174 INFO tempest.common.waiters [-] State transition "HARD_REBOOT/reboot_started_hard" ==> "ACTIVE/None" after 6 second wait
2025-11-22 07:02:01.975 66202 INFO tempest.lib.common.rest_client [req-e389e46a-232e-4af1-a3f8-63f72871163e req-e389e46a-232e-4af1-a3f8-63f72871163e ] Request (ServerDiagnosticsV248Test:tearDownClass): 200 GET http://10.180.1.21/compute/v2.1/servers/02ad8316-fdba-48c9-9f17-d1865c0d18b6 0.055s
2025-11-22 07:02:02.013 66196 WARNING tempest.lib.common.ssh [-] Failed to establish authenticated ssh connection to cirros@10.180.180.219 ([Errno None] Unable to connect to port 22 on 10.180.180.219). Number attempts: 1. Retry after 2 seconds.: paramiko.ssh_exception.NoValidConnectionsError: [Errno None] Unable to connect to port 22 on 10.180.180.219
2025-11-22 07:02:02.061 66226 INFO tempest.lib.common.rest_client [req-a79c387d-8bd7-4a14-b739-5caab685efde req-a79c387d-8bd7-4a14-b739-5caab685efde ] Request (ListServersNegativeTestJSON:tearDownClass): 200 GET http://10.180.1.21/compute/v2.1/servers/be2eb867-3a8d-4783-97b5-1dd5bf3cfd46 0.073s
2025-11-22 07:02:02.348 66174 INFO tempest.lib.common.rest_client [req-215a7a27-0cf0-47f2-bdac-558af300cf02 req-215a7a27-0cf0-47f2-bdac-558af300cf02 ] Request (SecurityGroupsTestJSON:test_server_security_groups): 202 POST http://10.180.1.21/compute/v2.1/servers/f666f398-5ab9-48b1-9880-a53ffd3a3e41/action 0.386s
2025-11-22 07:02:02.373 66228 INFO tempest.lib.common.rest_client [req-2ee3e883-2e77-49d7-a847-24e3006897e3 req-2ee3e883-2e77-49d7-a847-24e3006897e3 ] Request (AttachInterfacesTestJSON:test_create_list_show_delete_interfaces_by_network_port): 200 GET http://10.180.1.21/compute/v2.1/servers/e5057e37-d226-4df3-899f-83764e76ca85 0.246s
2025-11-22 07:02:02.444 66176 INFO tempest.lib.common.rest_client [req-dcc4379e-191d-4782-a694-60f0db78f2f5 req-dcc4379e-191d-4782-a694-60f0db78f2f5 ] Request (ListServerFiltersTestJSON:tearDownClass): 200 GET http://10.180.1.21/compute/v2.1/servers/8e2587d3-f730-47aa-b3e2-0ea94ab90ad5 0.143s
2025-11-22 07:02:02.470 66192 INFO tempest.lib.common.rest_client [req-2a81ca95-6c38-4b31-99d1-6200c63ba682 req-2a81ca95-6c38-4b31-99d1-6200c63ba682 ] Request (MigrationsAdminTest:test_resize_server_revert_deleted_flavor): 200 GET http://10.180.1.21/compute/v2.1/servers/e0cc4f23-2127-46b1-8e85-97910d3cc570 0.183s
2025-11-22 07:02:02.523 66184 INFO tempest.lib.common.rest_client [req-a8fdf087-ef1b-4691-82ea-c8149e61d281 req-a8fdf087-ef1b-4691-82ea-c8149e61d281 ] Request (ServersNegativeTestJSON:setUpClass): 200 GET http://10.180.1.21/compute/v2.1/servers/72c5203f-4b00-4a7c-a763-11bfe78c7fc9 0.171s
2025-11-22 07:02:02.543 66174 INFO tempest.lib.common.rest_client [req-8b05d5e9-4704-4a2b-8460-a715f429f948 req-8b05d5e9-4704-4a2b-8460-a715f429f948 ] Request (SecurityGroupsTestJSON:test_server_security_groups): 400 DELETE http://10.180.1.21/compute/v2.1/os-security-groups/42e92205-2483-4ad6-bd9f-054fa9b7aefa 0.195s
2025-11-22 07:02:02.583 66186 INFO tempest.lib.common.rest_client [req-81bc456c-1402-44de-b2f9-5de8aee2f06c req-81bc456c-1402-44de-b2f9-5de8aee2f06c ] Request (ListImageFiltersTestJSON:setUpClass): 200 GET http://10.180.1.21/compute/v2.1/servers/cb115f34-d4a3-458f-9334-bfadc9e68c4d 0.221s
2025-11-22 07:02:02.604 66194 INFO tempest.lib.common.rest_client [req-71250d52-dba0-4aa0-8e84-361c679b595f req-71250d52-dba0-4aa0-8e84-361c679b595f ] Request (ImagesTestJSON:test_create_server_from_snapshot): 200 GET http://10.180.1.21/compute/v2.1/servers/407f8d95-20fd-41c5-853d-14bd5be9f3f5 0.184s
2025-11-22 07:02:02.652 66170 INFO tempest.lib.common.rest_client [req-28e4c041-b187-4326-a7f1-b7bfc7de3a22 req-28e4c041-b187-4326-a7f1-b7bfc7de3a22 ] Request (ImagesOneServerNegativeTestJSON:_run_cleanups): 200 GET http://10.180.1.21/compute/v2.1/servers/82388e02-f69f-454d-b624-e167fa783ca8 0.138s
2025-11-22 07:02:02.672 66208 INFO tempest.lib.common.rest_client [req-16d10d3a-da1a-436f-afb0-536898f54c2f req-16d10d3a-da1a-436f-afb0-536898f54c2f ] Request (ServersListShow296Test:tearDownClass): 200 GET http://10.180.1.21/compute/v2.1/servers/5f80cf7f-1ae2-49f9-b0d4-bbaa6f15e3e4 0.226s
2025-11-22 07:02:02.713 66172 INFO tempest.lib.common.rest_client [req-30e8b933-538d-4e39-821b-19cdb3dd6a86 req-30e8b933-538d-4e39-821b-19cdb3dd6a86 ] Request (ServersAdminNegativeTestJSON:tearDownClass): 200 GET http://10.180.1.21/compute/v2.1/servers/9378c862-3977-4085-b6bb-63ce2bb5c54e 0.178s
2025-11-22 07:02:02.745 66174 INFO tempest.lib.common.rest_client [req-9e63e874-cf92-4779-b09c-f69ba51c2a30 req-9e63e874-cf92-4779-b09c-f69ba51c2a30 ] Request (SecurityGroupsTestJSON:test_server_security_groups): 204 DELETE http://10.180.1.21/compute/v2.1/servers/f666f398-5ab9-48b1-9880-a53ffd3a3e41 0.201s
2025-11-22 07:02:02.769 66168 INFO tempest.lib.common.rest_client [req-4dad458c-eca7-4a34-9dbf-57929c393519 req-4dad458c-eca7-4a34-9dbf-57929c393519 ] Request (InstanceActionsTestJSON:tearDownClass): 200 GET http://10.180.1.21/compute/v2.1/servers/68d0a63b-f7fe-4407-a9b8-c99a6d5c9f0b 0.170s
2025-11-22 07:02:02.809 66200 INFO tempest.lib.common.rest_client [req-3aa238eb-4d0a-4822-ba0c-fb11bd259f5b req-3aa238eb-4d0a-4822-ba0c-fb11bd259f5b ] Request (ServersTestFqdnHostnames:tearDownClass): 200 GET http://10.180.1.21/compute/v2.1/servers/8a56050e-3c27-4d61-9059-3c458cb1e114 0.196s
2025-11-22 07:02:02.830 66178 INFO tempest.lib.common.rest_client [req-c0bab73c-608f-4e56-b911-e970ad6ac9e9 req-c0bab73c-608f-4e56-b911-e970ad6ac9e9 ] Request (ServerActionsTestOtherA:_run_cleanups): 200 GET http://10.180.1.21/compute/v2.1/servers/783680df-847f-48c5-987b-02d382d5729c 0.150s
2025-11-22 07:02:02.909 66174 INFO tempest.lib.common.rest_client [req-0339936e-dd2c-43b1-a192-0e02a4687965 req-0339936e-dd2c-43b1-a192-0e02a4687965 ] Request (SecurityGroupsTestJSON:test_server_security_groups): 200 GET http://10.180.1.21/compute/v2.1/servers/f666f398-5ab9-48b1-9880-a53ffd3a3e41 0.163s
2025-11-22 07:02:02.975 66216 INFO tempest.lib.common.rest_client [req-5a5ab6ea-10c5-416a-9156-5fa1b4e238bc req-5a5ab6ea-10c5-416a-9156-5fa1b4e238bc ] Request (ServerMetadataNegativeTestJSON:setUpClass): 200 GET http://10.180.1.21/compute/v2.1/servers/07f825a6-df7f-4680-bcec-1f62a9abc472 0.115s
2025-11-22 07:02:02.989 66190 INFO tempest.lib.common.rest_client [req-db2befb7-d613-4955-8084-abf5f8b9f883 req-db2befb7-d613-4955-8084-abf5f8b9f883 ] Request (FloatingIPsAssociationTestJSON:tearDownClass): 200 GET http://10.180.1.21/compute/v2.1/servers/991d1fc6-219f-46f3-96ca-3fdef146ef9a 0.115s
2025-11-22 07:02:03.034 66180 INFO tempest.lib.common.rest_client [req-add4ea07-fb0e-44f1-86e0-a7b4b23ae68f req-add4ea07-fb0e-44f1-86e0-a7b4b23ae68f ] Request (ServerActionsTestOtherB:setUpClass): 200 GET http://10.180.1.21/compute/v2.1/servers/14aaef10-d43f-4aac-b474-656ca376c1a0 0.127s
2025-11-22 07:02:03.086 66202 INFO tempest.lib.common.rest_client [req-352916c6-e803-483e-a2a2-3ccff2b8c64f req-352916c6-e803-483e-a2a2-3ccff2b8c64f ] Request (ServerDiagnosticsV248Test:tearDownClass): 200 GET http://10.180.1.21/compute/v2.1/servers/02ad8316-fdba-48c9-9f17-d1865c0d18b6 0.102s
2025-11-22 07:02:03.171 66226 INFO tempest.lib.common.rest_client [req-55d3fb19-5cee-4bd9-b79a-3e0deb70675d req-55d3fb19-5cee-4bd9-b79a-3e0deb70675d ] Request (ListServersNegativeTestJSON:tearDownClass): 200 GET http://10.180.1.21/compute/v2.1/servers/be2eb867-3a8d-4783-97b5-1dd5bf3cfd46 0.102s
2025-11-22 07:02:03.437 66228 INFO tempest.lib.common.rest_client [req-f8dc0448-1717-49de-b5ee-3a8271eb5b8c req-f8dc0448-1717-49de-b5ee-3a8271eb5b8c ] Request (AttachInterfacesTestJSON:test_create_list_show_delete_interfaces_by_network_port): 200 GET http://10.180.1.21/compute/v2.1/servers/e5057e37-d226-4df3-899f-83764e76ca85 0.054s
2025-11-22 07:02:03.537 66176 INFO tempest.lib.common.rest_client [req-d908c71f-d6f0-4e73-ba85-28337f348539 req-d908c71f-d6f0-4e73-ba85-28337f348539 ] Request (ListServerFiltersTestJSON:tearDownClass): 200 GET http://10.180.1.21/compute/v2.1/servers/8e2587d3-f730-47aa-b3e2-0ea94ab90ad5 0.080s
2025-11-22 07:02:03.602 66184 INFO tempest.lib.common.rest_client [req-0a560017-3c5c-491a-98a2-8ef46aae4cba req-0a560017-3c5c-491a-98a2-8ef46aae4cba ] Request (ServersNegativeTestJSON:setUpClass): 200 GET http://10.180.1.21/compute/v2.1/servers/72c5203f-4b00-4a7c-a763-11bfe78c7fc9 0.069s
2025-11-22 07:02:03.636 66192 INFO tempest.lib.common.rest_client [req-a9bcac7a-91c5-4b1e-84d2-32a03ee5519a req-a9bcac7a-91c5-4b1e-84d2-32a03ee5519a ] Request (MigrationsAdminTest:test_resize_server_revert_deleted_flavor): 200 GET http://10.180.1.21/compute/v2.1/servers/e0cc4f23-2127-46b1-8e85-97910d3cc570 0.157s
2025-11-22 07:02:03.656 66186 INFO tempest.lib.common.rest_client [req-81599587-57b1-48c4-b0e1-494702fe0cb8 req-81599587-57b1-48c4-b0e1-494702fe0cb8 ] Request (ListImageFiltersTestJSON:setUpClass): 200 GET http://10.180.1.21/compute/v2.1/servers/cb115f34-d4a3-458f-9334-bfadc9e68c4d 0.065s
2025-11-22 07:02:03.693 66194 INFO tempest.lib.common.rest_client [req-9650da96-eb97-4b8a-b742-01c915365dab req-9650da96-eb97-4b8a-b742-01c915365dab ] Request (ImagesTestJSON:test_create_server_from_snapshot): 200 GET http://10.180.1.21/compute/v2.1/servers/407f8d95-20fd-41c5-853d-14bd5be9f3f5 0.081s
2025-11-22 07:02:03.712 66208 INFO tempest.lib.common.rest_client [req-261b0805-d336-4fc5-b02a-df3053577048 req-261b0805-d336-4fc5-b02a-df3053577048 ] Request (ServersListShow296Test:tearDownClass): 404 GET http://10.180.1.21/compute/v2.1/servers/5f80cf7f-1ae2-49f9-b0d4-bbaa6f15e3e4 0.029s
2025-11-22 07:02:03.712 66170 INFO tempest.lib.common.rest_client [req-0276fd6e-1bd3-48cd-a966-ba0eae38ace4 req-0276fd6e-1bd3-48cd-a966-ba0eae38ace4 ] Request (ImagesOneServerNegativeTestJSON:_run_cleanups): 200 GET http://10.180.1.21/compute/v2.1/servers/82388e02-f69f-454d-b624-e167fa783ca8 0.053s
2025-11-22 07:02:03.811 66172 INFO tempest.lib.common.rest_client [req-abae7df8-e3de-452f-a329-9d5890de313d req-abae7df8-e3de-452f-a329-9d5890de313d ] Request (ServersAdminNegativeTestJSON:tearDownClass): 200 GET http://10.180.1.21/compute/v2.1/servers/9378c862-3977-4085-b6bb-63ce2bb5c54e 0.089s
2025-11-22 07:02:03.875 66168 INFO tempest.lib.common.rest_client [req-1e3cc583-fc26-4a78-8297-611018fdd49d req-1e3cc583-fc26-4a78-8297-611018fdd49d ] Request (InstanceActionsTestJSON:tearDownClass): 200 GET http://10.180.1.21/compute/v2.1/servers/68d0a63b-f7fe-4407-a9b8-c99a6d5c9f0b 0.098s
2025-11-22 07:02:03.885 66208 INFO tempest.lib.common.rest_client [req-4fa7370b-0a06-44b9-96b6-b26d275cd57b req-4fa7370b-0a06-44b9-96b6-b26d275cd57b ] Request (ServersListShow296Test:tearDownClass): 204 DELETE http://10.180.1.21/identity/v3/users/4b9739e3aa7e468eb533e48792e875ef 0.173s
2025-11-22 07:02:03.886 66208 INFO tempest.lib.common.dynamic_creds [-] Deleting project and security group for project: 4ef0ba9f51834e7b920e2423ff92cb9f
2025-11-22 07:02:03.895 66200 INFO tempest.lib.common.rest_client [req-acd82cc3-27a3-41e2-b590-29e9e9af59aa req-acd82cc3-27a3-41e2-b590-29e9e9af59aa ] Request (ServersTestFqdnHostnames:tearDownClass): 200 GET http://10.180.1.21/compute/v2.1/servers/8a56050e-3c27-4d61-9059-3c458cb1e114 0.077s
2025-11-22 07:02:03.937 66178 INFO tempest.lib.common.rest_client [req-c3df037c-1619-4fc4-9104-bdba67cf54db req-c3df037c-1619-4fc4-9104-bdba67cf54db ] Request (ServerActionsTestOtherA:_run_cleanups): 200 GET http://10.180.1.21/compute/v2.1/servers/783680df-847f-48c5-987b-02d382d5729c 0.098s
2025-11-22 07:02:03.951 66208 INFO tempest.lib.common.rest_client [req-314e2bca-e5f3-4af8-97e2-66f3330e36fb req-314e2bca-e5f3-4af8-97e2-66f3330e36fb ] Request (ServersListShow296Test:tearDownClass): 201 POST http://10.180.1.21/identity/v3/auth/tokens 0.065s
2025-11-22 07:02:04.034 66174 INFO tempest.lib.common.rest_client [req-0988d998-e623-4391-83cc-5721c1dbf216 req-0988d998-e623-4391-83cc-5721c1dbf216 ] Request (SecurityGroupsTestJSON:test_server_security_groups): 200 GET http://10.180.1.21/compute/v2.1/servers/f666f398-5ab9-48b1-9880-a53ffd3a3e41 0.111s
2025-11-22 07:02:04.094 66216 INFO tempest.lib.common.rest_client [req-6246a81a-2f0a-4c01-9343-a73d304e2165 req-6246a81a-2f0a-4c01-9343-a73d304e2165 ] Request (ServerMetadataNegativeTestJSON:setUpClass): 200 GET http://10.180.1.21/compute/v2.1/servers/07f825a6-df7f-4680-bcec-1f62a9abc472 0.110s
2025-11-22 07:02:04.110 66190 INFO tempest.lib.common.rest_client [req-0f1836b4-5824-4337-97c2-4382257d383c req-0f1836b4-5824-4337-97c2-4382257d383c ] Request (FloatingIPsAssociationTestJSON:tearDownClass): 200 GET http://10.180.1.21/compute/v2.1/servers/991d1fc6-219f-46f3-96ca-3fdef146ef9a 0.112s
2025-11-22 07:02:04.127 66208 INFO tempest.lib.common.rest_client [req-12dbefe2-72d3-4caa-aa0a-71e44a3665ad req-12dbefe2-72d3-4caa-aa0a-71e44a3665ad ] Request (ServersListShow296Test:tearDownClass): 200 GET http://10.180.1.21/networking/v2.0/security-groups?tenant_id=4ef0ba9f51834e7b920e2423ff92cb9f&name=default 0.176s
2025-11-22 07:02:04.144 66180 INFO tempest.lib.common.rest_client [req-4936f367-419e-41c3-b57c-7cca114a774f req-4936f367-419e-41c3-b57c-7cca114a774f ] Request (ServerActionsTestOtherB:setUpClass): 200 GET http://10.180.1.21/compute/v2.1/servers/14aaef10-d43f-4aac-b474-656ca376c1a0 0.101s
2025-11-22 07:02:04.175 66202 INFO tempest.lib.common.rest_client [req-d3a518b2-4f9a-4fe1-9a10-ff74000d78be req-d3a518b2-4f9a-4fe1-9a10-ff74000d78be ] Request (ServerDiagnosticsV248Test:tearDownClass): 200 GET http://10.180.1.21/compute/v2.1/servers/02ad8316-fdba-48c9-9f17-d1865c0d18b6 0.072s
2025-11-22 07:02:04.212 66208 INFO tempest.lib.common.rest_client [req-ebf8d26e-c974-4bba-b590-68eab5e804e0 req-ebf8d26e-c974-4bba-b590-68eab5e804e0 ] Request (ServersListShow296Test:tearDownClass): 204 DELETE http://10.180.1.21/networking/v2.0/security-groups/2eac7f5f-3317-4a8e-9e93-384b3bb44518 0.085s
2025-11-22 07:02:04.240 66226 INFO tempest.lib.common.rest_client [req-b356bd56-ac3e-4de3-88e2-2b2d2b8e1717 req-b356bd56-ac3e-4de3-88e2-2b2d2b8e1717 ] Request (ListServersNegativeTestJSON:tearDownClass): 200 GET http://10.180.1.21/compute/v2.1/servers/be2eb867-3a8d-4783-97b5-1dd5bf3cfd46 0.058s
2025-11-22 07:02:04.275 66208 INFO tempest.lib.common.rest_client [req-6c62d426-d238-4bda-b18c-91da5f3e249b req-6c62d426-d238-4bda-b18c-91da5f3e249b ] Request (ServersListShow296Test:tearDownClass): 204 DELETE http://10.180.1.21/identity/v3/projects/4ef0ba9f51834e7b920e2423ff92cb9f 0.062s
