2025-11-22 06:59:03.782 66221 INFO tempest.lib.common.rest_client [req-3c2da726-194f-49c6-ba3a-03848bdcefe3 req-3c2da726-194f-49c6-ba3a-03848bdcefe3 ] Request (InstanceActionsNegativeTestJSON:tearDownClass): 200 GET http://10.180.1.21/compute/v2.1/servers/966ffaa5-f4c8-4acd-b6c8-9f1949f8aea6 3.588s
2025-11-22 06:59:03.786 66196 INFO tempest.lib.common.rest_client [req-31460ac1-fe13-4203-8c3d-f26ff303230d req-31460ac1-fe13-4203-8c3d-f26ff303230d ] Request (AttachVolumeNegativeTest:setUpClass): 201 POST http://10.180.1.21/identity/v3/auth/tokens 0.093s
2025-11-22 06:59:03.796 66221 INFO tempest.common.waiters [-] State transition "ACTIVE/deleting" ==> "DELETED/None" after 4 second wait
2025-11-22 06:59:03.868 66172 INFO tempest.lib.common.rest_client [req-d000a929-05ca-438a-b4e5-d1468fe2205f req-d000a929-05ca-438a-b4e5-d1468fe2205f ] Request (ServersAdminNegativeTestJSON:setUpClass): 200 GET http://10.180.1.21/compute/v2.1/servers/9378c862-3977-4085-b6bb-63ce2bb5c54e 3.478s
2025-11-22 06:59:03.902 66204 INFO tempest.lib.common.rest_client [req-7a1e1b8c-d90c-489b-8d06-67954d07a3c5 req-7a1e1b8c-d90c-489b-8d06-67954d07a3c5 ] Request (ListImagesTestJSON:tearDownClass): 204 DELETE http://10.180.1.21/identity/v3/users/48920bba35b641ec8d40d93df8da9600 0.153s
2025-11-22 06:59:03.902 66204 INFO tempest.lib.common.dynamic_creds [-] Deleting project and security group for project: 7361c25770a040a5ac3f35d63220f0fc
2025-11-22 06:59:03.990 66204 INFO tempest.lib.common.rest_client [req-f1f83e20-6434-4b61-a09a-8a48f42e6808 req-f1f83e20-6434-4b61-a09a-8a48f42e6808 ] Request (ListImagesTestJSON:tearDownClass): 201 POST http://10.180.1.21/identity/v3/auth/tokens 0.087s
2025-11-22 06:59:04.213 66196 INFO tempest.lib.common.rest_client [req-6b0a7528-6bc0-4df0-8062-7f33fe7b3278 req-6b0a7528-6bc0-4df0-8062-7f33fe7b3278 ] Request (AttachVolumeNegativeTest:setUpClass): 201 POST http://10.180.1.21/networking/v2.0/networks 0.427s
2025-11-22 06:59:04.250 66206 INFO tempest.lib.common.rest_client [req-a73f4d5c-5104-408b-a963-fb9c63b75082 req-a73f4d5c-5104-408b-a963-fb9c63b75082 ] Request (ServersTestManualDisk:setUpClass): 200 GET http://10.180.1.21/compute/v2.1/servers/3987d331-f3b1-416d-a331-3851f84caf30 3.409s
2025-11-22 06:59:04.259 66206 INFO tempest.common.waiters [-] State transition "BUILD/None" ==> "BUILD/block_device_mapping" after 18 second wait
2025-11-22 06:59:04.426 66198 INFO tempest.lib.common.rest_client [req-09c8c104-9afc-4e5a-b479-c15120f1bdaa req-09c8c104-9afc-4e5a-b479-c15120f1bdaa ] Request (QuotasAdminTestV236:test_get_updated_quotas): 200 GET http://10.180.1.21/compute/v2.1/os-quota-sets/6e21a3892d8e4df887ad54f0fe88fb45/detail 3.361s
2025-11-22 06:59:04.462 66225 INFO tempest.lib.common.rest_client [req-abbbe91d-5054-4143-a53e-92ade44bc094 req-abbbe91d-5054-4143-a53e-92ade44bc094 ] Request (ImagesMetadataTestJSON:test_set_image_metadata_item): 200 GET http://10.180.1.21/compute/v2.1/images/54acb2a0-6b44-45de-82bc-4a5127d421be/metadata 3.377s
2025-11-22 06:59:04.465 66198 INFO tempest.lib.common.rest_client [req-32f1d1ad-dec4-4e54-bdb5-9f0ae390c0ff req-32f1d1ad-dec4-4e54-bdb5-9f0ae390c0ff ] Request (QuotasAdminTestV236:test_get_updated_quotas): 200 GET http://10.180.1.21/identity/v3/domains?name=Default 0.033s
2025-11-22 06:59:04.505 66198 INFO tempest.lib.common.rest_client [req-b6fbecd7-d733-41ff-b428-3c6f47245ec1 req-b6fbecd7-d733-41ff-b428-3c6f47245ec1 ] Request (QuotasAdminTestV236:test_get_updated_quotas): 201 POST http://10.180.1.21/identity/v3/users 0.039s
2025-11-22 06:59:04.530 66198 INFO tempest.lib.common.rest_client [req-18347e8e-0975-48b7-a6f5-60a190d39b45 req-18347e8e-0975-48b7-a6f5-60a190d39b45 ] Request (QuotasAdminTestV236:test_get_updated_quotas): 200 GET http://10.180.1.21/identity/v3/domains?name=Default 0.025s
2025-11-22 06:59:04.533 66204 INFO tempest.lib.common.rest_client [req-ec52bc11-7cf2-496c-aa5f-160ef4613b5a req-ec52bc11-7cf2-496c-aa5f-160ef4613b5a ] Request (ListImagesTestJSON:tearDownClass): 200 GET http://10.180.1.21/networking/v2.0/security-groups?tenant_id=7361c25770a040a5ac3f35d63220f0fc&name=default 0.542s
2025-11-22 06:59:04.716 66196 INFO tempest.lib.common.rest_client [req-e03fa2dc-60b1-4dbc-adc0-c376088f1af7 req-e03fa2dc-60b1-4dbc-adc0-c376088f1af7 ] Request (AttachVolumeNegativeTest:setUpClass): 201 POST http://10.180.1.21/networking/v2.0/subnets 0.501s
2025-11-22 06:59:04.757 66202 INFO tempest.lib.common.rest_client [req-edc88b2e-752e-4c38-8cc2-374a59c22a19 req-edc88b2e-752e-4c38-8cc2-374a59c22a19 ] Request (VolumesAssistedSnapshotsTest:test_volume_assisted_snapshot_create_delete): 200 GET http://10.180.1.21/compute/v2.1/servers/4f5c4da9-8ea6-440d-9f9a-4dd2f0b0b509 3.890s
2025-11-22 06:59:04.942 66204 INFO tempest.lib.common.rest_client [req-1059ff2c-aa2a-4cda-95e6-622bca8fb2c8 req-1059ff2c-aa2a-4cda-95e6-622bca8fb2c8 ] Request (ListImagesTestJSON:tearDownClass): 204 DELETE http://10.180.1.21/networking/v2.0/security-groups/e0df5f61-6e7d-4c0d-890b-9d71e26a9292 0.409s
2025-11-22 06:59:05.022 66204 INFO tempest.lib.common.rest_client [req-43e9e0a1-f250-49f0-bf11-d9035958bfe2 req-43e9e0a1-f250-49f0-bf11-d9035958bfe2 ] Request (ListImagesTestJSON:tearDownClass): 204 DELETE http://10.180.1.21/identity/v3/projects/7361c25770a040a5ac3f35d63220f0fc 0.079s
2025-11-22 06:59:05.023 66204 INFO tempest.test [-] raised in ComputeNetworksTest.setUpClass. Invoking tearDownClass.
2025-11-22 06:59:05.637 66190 INFO tempest.lib.common.rest_client [req-50e33f2c-a9d1-42bb-a02c-f647a08295d9 req-50e33f2c-a9d1-42bb-a02c-f647a08295d9 ] Request (ServerDiagnosticsTest:tearDownClass): 200 GET http://10.180.1.21/compute/v2.1/servers/5c6835bd-c583-467c-9f71-748ae6cc5765 4.386s
2025-11-22 06:59:05.664 66188 INFO tempest.lib.common.rest_client [req-00070a0b-791a-49ae-bfdf-d70339aafe43 req-00070a0b-791a-49ae-bfdf-d70339aafe43 ] Request (ImagesNegativeTestJSON:test_create_image_from_deleted_server): 200 GET http://10.180.1.21/compute/v2.1/servers/5d79020b-6b19-4c75-8069-40771339bf44 4.474s
2025-11-22 06:59:05.726 66174 INFO tempest.lib.common.rest_client [req-95fe3f8a-ab55-4000-9f6a-4620da00ba72 req-95fe3f8a-ab55-4000-9f6a-4620da00ba72 ] Request (ServerDiagnosticsNegativeTest:tearDownClass): 200 GET http://10.180.1.21/compute/v2.1/servers/103c2c03-d16b-4f39-81bb-60098e49c560 4.419s
2025-11-22 06:59:05.762 66196 INFO tempest.lib.common.rest_client [req-edb22ec0-a0a2-40d8-a8ad-7d65fba7e0ec req-edb22ec0-a0a2-40d8-a8ad-7d65fba7e0ec ] Request (AttachVolumeNegativeTest:setUpClass): 201 POST http://10.180.1.21/networking/v2.0/routers 1.045s
2025-11-22 06:59:05.766 66182 INFO tempest.lib.common.rest_client [req-16430419-bdc3-4e20-9b94-8e05032e5e76 req-16430419-bdc3-4e20-9b94-8e05032e5e76 ] Request (ImagesOneServerTestJSON:test_create_delete_image): 200 GET http://10.180.1.21/compute/v2.1/images/7fce48bc-43cf-411c-87e8-90c449ad8721 4.338s
2025-11-22 06:59:06.191 66208 INFO tempest.lib.common.rest_client [req-4d46deaa-9199-44f9-8bc2-21bd3bc99f6e req-4d46deaa-9199-44f9-8bc2-21bd3bc99f6e ] Request (ServerTagsTestJSON:setUpClass): 200 GET http://10.180.1.21/compute/v2.1/servers/2b37e752-9208-40f7-b838-868b2e1b6c51 4.797s
2025-11-22 06:59:06.244 66218 INFO tempest.lib.common.rest_client [req-fb471b7f-ed63-4d4a-b60e-a695efbe9b2d req-fb471b7f-ed63-4d4a-b60e-a695efbe9b2d ] Request (ServersWithSpecificFlavorTestJSON:test_verify_created_server_ephemeral_disk): 200 GET http://10.180.1.21/compute/v2.1/servers/54de1cd5-b4f3-495c-9fee-8e509f59e892 4.777s
2025-11-22 06:59:06.273 66228 INFO tempest.lib.common.rest_client [req-7798b81f-afca-4a4c-b5f9-be90d469be4c req-7798b81f-afca-4a4c-b5f9-be90d469be4c ] Request (ServerExternalEventsTest:tearDownClass): 200 GET http://10.180.1.21/compute/v2.1/servers/d6edf458-9366-4a17-bc9d-fa0565e56044 4.721s
2025-11-22 06:59:06.299 66212 INFO tempest.lib.common.rest_client [req-d48a43f0-bd01-42a3-bf6b-953cfd5357f1 req-d48a43f0-bd01-42a3-bf6b-953cfd5357f1 ] Request (DeleteServersAdminTestJSON:test_admin_delete_servers_of_others): 404 GET http://10.180.1.21/compute/v2.1/servers/160fd61c-eeba-43ef-9f25-47056c5cc61b 4.492s
2025-11-22 06:59:06.353 66184 INFO tempest.lib.common.rest_client [req-8cc86b7f-1912-493c-ad76-879733dc141c req-8cc86b7f-1912-493c-ad76-879733dc141c ] Request (ServersAdmin275Test:_run_cleanups): 200 GET http://10.180.1.21/compute/v2.1/servers/a9826888-0592-4fa1-b9ba-20c756f2c8cc 4.729s
2025-11-22 06:59:06.365 66184 INFO tempest.common.waiters [-] State transition "REBUILD/rebuild_block_device_mapping" ==> "REBUILD/rebuild_spawning" after 6 second wait
2025-11-22 06:59:06.384 66168 INFO tempest.lib.common.rest_client [req-4db5f854-c640-430c-b66f-8d5e05b36cab req-4db5f854-c640-430c-b66f-8d5e05b36cab ] Request (FlavorsAdminTestJSON:_run_cleanups): 200 GET http://10.180.1.21/compute/v2.1/flavors/detail 3.336s
2025-11-22 06:59:06.408 66214 INFO tempest.lib.common.rest_client [req-63b35119-42fb-4e1b-bf58-7c27b3f0e089 req-63b35119-42fb-4e1b-bf58-7c27b3f0e089 ] Request (FlavorsExtraSpecsTestJSON:tearDownClass): 202 DELETE http://10.180.1.21/compute/v2.1/flavors/1315744646 3.345s
2025-11-22 06:59:06.427 66212 INFO tempest.lib.common.rest_client [req-b5883f84-a8e0-46f4-92da-4734485d41ee req-b5883f84-a8e0-46f4-92da-4734485d41ee ] Request (DeleteServersAdminTestJSON:test_delete_server_while_in_error_state): 201 POST http://10.180.1.21/identity/v3/auth/tokens 0.120s
2025-11-22 06:59:06.428 66212 INFO tempest.lib.common.fixed_network [-] (DeleteServersAdminTestJSON:test_delete_server_while_in_error_state) Found network None available for tenant
2025-11-22 06:59:06.441 66200 INFO tempest.lib.common.rest_client [req-e6a4eaf7-39f1-4f0b-826a-ddf353deb8fa req-e6a4eaf7-39f1-4f0b-826a-ddf353deb8fa ] Request (AggregatesAdminNegativeTestJSON:test_aggregate_create_with_existent_aggregate_name): 200 POST http://10.180.1.21/compute/v2.1/os-aggregates 3.371s
2025-11-22 06:59:06.464 66178 INFO tempest.lib.common.rest_client [req-08b6ab55-9a82-4c44-b4ce-b151433c1692 req-08b6ab55-9a82-4c44-b4ce-b151433c1692 ] Request (FlavorsAccessNegativeTestJSON:test_flavor_non_admin_remove): 200 POST http://10.180.1.21/compute/v2.1/flavors 3.055s
2025-11-22 06:59:06.798 66196 INFO tempest.lib.common.rest_client [req-a2d0fb2d-ee67-456b-a22b-12e1e42ac436 req-a2d0fb2d-ee67-456b-a22b-12e1e42ac436 ] Request (AttachVolumeNegativeTest:setUpClass): 200 PUT http://10.180.1.21/networking/v2.0/routers/4ebd2202-6684-401d-a974-147a666f60d8/add_router_interface 1.035s
2025-11-22 06:59:06.798 66196 INFO tempest.lib.common.dynamic_creds [-] Created isolated network resources for: credentials: Credentials: {'domain_id': 'default', 'domain_name': 'Default', 'username': 'tempest-AttachVolumeNegativeTest-123735670-project-member', 'project_domain_id': 'default', 'project_domain_name': 'Default', 'project_id': '1be7009f0a2e49218e9a09955ded18e3', 'project_name': 'tempest-AttachVolumeNegativeTest-123735670', 'tenant_id': '1be7009f0a2e49218e9a09955ded18e3', 'tenant_name': 'tempest-AttachVolumeNegativeTest-123735670', 'user_domain_id': 'default', 'user_domain_name': 'Default', 'user_id': 'a38212bc07a64c2fa5b441e570e69b69', 'system': None}, Network: {'id': 'd47cc3e4-8dde-4817-9084-0f83b4b4b52a', 'name': 'tempest-AttachVolumeNegativeTest-1178156092-network', 'tenant_id': '1be7009f0a2e49218e9a09955ded18e3', 'project_id': '1be7009f0a2e49218e9a09955ded18e3', 'admin_state_up': True, 'mtu': 8950, 'status': 'ACTIVE', 'subnets': [], 'shared': False, 'port_security_enabled': True, 'router:external': False, 'provider:network_type': 'vlan', 'provider:physical_network': 'default', 'provider:segmentation_id': 827, 'availability_zone_hints': [], 'availability_zones': [], 'ipv4_address_scope': None, 'ipv6_address_scope': None, 'description': '', 'tags': [], 'created_at': '2025-11-22T06:59:04Z', 'updated_at': '2025-11-22T06:59:04Z', 'revision_number': 1}, Subnet: {'id': '413c1441-7e25-4b3c-8d2c-82ca51d03805', 'name': 'tempest-AttachVolumeNegativeTest-1178156092-subnet', 'tenant_id': '1be7009f0a2e49218e9a09955ded18e3', 'network_id': 'd47cc3e4-8dde-4817-9084-0f83b4b4b52a', 'ip_version': 4, 'subnetpool_id': None, 'enable_dhcp': True, 'ipv6_ra_mode': None, 'ipv6_address_mode': None, 'gateway_ip': '192.168.128.1', 'cidr': '192.168.128.0/28', 'allocation_pools': [{'start': '192.168.128.2', 'end': '192.168.128.14'}], 'host_routes': [], 'dns_nameservers': [], 'description': '', 'router:external': False, 'service_types': [], 'tags': [], 'created_at': '2025-11-22T06:59:04Z', 'updated_at': '2025-11-22T06:59:04Z', 'revision_number': 0, 'project_id': '1be7009f0a2e49218e9a09955ded18e3'}, Router: {'id': '4ebd2202-6684-401d-a974-147a666f60d8', 'name': 'tempest-AttachVolumeNegativeTest-1178156092-router', 'tenant_id': '1be7009f0a2e49218e9a09955ded18e3', 'admin_state_up': True, 'status': 'ACTIVE', 'external_gateway_info': {'network_id': '9c1cc0f0-ebed-455b-8b07-64068ce2c0af', 'external_fixed_ips': [{'subnet_id': 'b149e916-7896-4e87-95d7-c142b2772e9d', 'ip_address': '10.180.180.136'}], 'enable_snat': True}, 'description': '', 'availability_zones': [], 'distributed': False, 'ha': False, 'availability_zone_hints': [], 'routes': [], 'flavor_id': None, 'tags': [], 'created_at': '2025-11-22T06:59:04Z', 'updated_at': '2025-11-22T06:59:05Z', 'revision_number': 2, 'project_id': '1be7009f0a2e49218e9a09955ded18e3'}
2025-11-22 06:59:06.879 66196 INFO tempest.lib.common.rest_client [req-0410b938-3dbe-4b03-8ec9-4a6f12aef8c5 req-0410b938-3dbe-4b03-8ec9-4a6f12aef8c5 ] Request (AttachVolumeNegativeTest:setUpClass): 201 POST http://10.180.1.21/identity/v3/auth/tokens 0.077s
2025-11-22 06:59:07.136 66194 INFO tempest.lib.common.rest_client [req-6a6204bb-26ea-49a8-a425-fbddcf2582b0 req-6a6204bb-26ea-49a8-a425-fbddcf2582b0 ] Request (FloatingIPDetailsTestJSON:tearDownClass): 202 DELETE http://10.180.1.21/compute/v2.1/os-floating-ips/9d601139-0374-44ae-96fb-7e948042869e 3.517s
2025-11-22 06:59:07.167 66222 INFO tempest.lib.common.rest_client [req-bdf70e0c-9cac-4e5e-b9b7-40be269f2943 req-bdf70e0c-9cac-4e5e-b9b7-40be269f2943 ] Request (HypervisorAdminTestJSON:test_get_hypervisor_show_details): 200 GET http://10.180.1.21/compute/v2.1/os-hypervisors/1 3.502s
2025-11-22 06:59:07.174 66210 INFO tempest.lib.common.rest_client [req-d23109d5-5b76-4d0e-851b-e0d5d5496966 req-d23109d5-5b76-4d0e-851b-e0d5d5496966 ] Request (HostsAdminNegativeTestJSON:test_show_host_detail_with_non_admin_user): 403 GET http://10.180.1.21/compute/v2.1/os-hosts/devstack 3.486s
2025-11-22 06:59:07.265 66226 INFO tempest.lib.common.rest_client [req-1257ca11-f88e-4507-8799-44c98fa2d543 req-1257ca11-f88e-4507-8799-44c98fa2d543 ] Request (FloatingIPsTestJSON:test_allocate_floating_ip): 200 POST http://10.180.1.21/compute/v2.1/os-floating-ips 4.234s
2025-11-22 06:59:07.450 66192 INFO tempest.lib.common.rest_client [req-4bd0ec21-fee9-479c-bae5-e0993ea7db8c req-4bd0ec21-fee9-479c-bae5-e0993ea7db8c ] Request (MigrationsAdminTest:test_list_migrations_in_flavor_resize_situation): 200 GET http://10.180.1.21/compute/v2.1/servers/5d6ac74a-8fdd-4e7a-8801-f7f852de0e61 3.735s
2025-11-22 06:59:07.487 66176 INFO tempest.lib.common.rest_client [req-7d71e66a-6f87-470c-b12d-32fb1487323a req-7d71e66a-6f87-470c-b12d-32fb1487323a ] Request (ListServerFiltersTestJSON:setUpClass): 200 GET http://10.180.1.21/compute/v2.1/servers/416fa78f-58ec-4352-8ff4-f5bf5053595e 3.745s
2025-11-22 06:59:07.497 66176 INFO tempest.common.waiters [-] State transition "BUILD/spawning" ==> "ACTIVE/None" after 31 second wait
2025-11-22 06:59:07.667 66180 INFO tempest.lib.common.rest_client [req-fea7d6f4-8a1d-43c3-a427-3184336b1512 req-fea7d6f4-8a1d-43c3-a427-3184336b1512 ] Request (TenantUsagesTestJSON:setUpClass): 200 GET http://10.180.1.21/compute/v2.1/servers/b29dfec3-f508-4e9a-b91c-dbfe8a41e07c 3.631s
2025-11-22 06:59:07.678 66180 INFO tempest.common.waiters [-] State transition "BUILD/spawning" ==> "ACTIVE/None" after 40 second wait
2025-11-22 06:59:07.687 66170 INFO tempest.lib.common.rest_client [req-3d086023-3589-4f4e-9bb5-edf1055eb132 req-3d086023-3589-4f4e-9bb5-edf1055eb132 ] Request (ImagesOneServerNegativeTestJSON:setUpClass): 200 GET http://10.180.1.21/compute/v2.1/servers/4592e3f9-1d6b-4e7c-b5e2-f1ae96cf7fc1 3.337s
2025-11-22 06:59:07.862 66198 INFO tempest.lib.common.rest_client [req-628f007d-4cda-4c08-9fec-6f46c6687558 req-628f007d-4cda-4c08-9fec-6f46c6687558 ] Request (QuotasAdminTestV236:test_get_updated_quotas): 200 PUT http://10.180.1.21/compute/v2.1/os-quota-sets/6e21a3892d8e4df887ad54f0fe88fb45?user_id=73f9528238ee4da2a0269cbbab7a4a20 3.331s
2025-11-22 06:59:07.915 66225 INFO tempest.lib.common.rest_client [req-e5acfa5d-ca1e-4914-8624-5f2c4a8d2238 req-e5acfa5d-ca1e-4914-8624-5f2c4a8d2238 ] Request (ImagesMetadataTestJSON:setUp): 200 PUT http://10.180.1.21/compute/v2.1/images/54acb2a0-6b44-45de-82bc-4a5127d421be/metadata 3.450s
2025-11-22 06:59:07.946 66216 INFO tempest.lib.common.rest_client [req-9fa37c5a-00d8-4fa5-8880-3aecd74ab75a req-9fa37c5a-00d8-4fa5-8880-3aecd74ab75a ] Request (ServerAddressesTestJSON:tearDownClass): 200 GET http://10.180.1.21/compute/v2.1/servers/5ecf9711-c96d-4b33-96b2-d9c9660440f8 3.280s
2025-11-22 06:59:07.980 66221 INFO tempest.lib.common.rest_client [req-9bdb959b-1106-40a8-84a1-bd7063c78060 req-9bdb959b-1106-40a8-84a1-bd7063c78060 ] Request (InstanceActionsNegativeTestJSON:tearDownClass): 200 GET http://10.180.1.21/compute/v2.1/servers/966ffaa5-f4c8-4acd-b6c8-9f1949f8aea6 3.181s
2025-11-22 06:59:08.004 66172 INFO tempest.lib.common.rest_client [req-9c115d8d-fa8b-4b71-96a9-15d5aab07bf5 req-9c115d8d-fa8b-4b71-96a9-15d5aab07bf5 ] Request (ServersAdminNegativeTestJSON:setUpClass): 200 GET http://10.180.1.21/compute/v2.1/servers/9378c862-3977-4085-b6bb-63ce2bb5c54e 3.126s
2025-11-22 06:59:08.119 66206 INFO tempest.lib.common.rest_client [req-57e3e096-b46d-4ad8-afdb-72056024067a req-57e3e096-b46d-4ad8-afdb-72056024067a ] Request (ServersTestManualDisk:setUpClass): 200 GET http://10.180.1.21/compute/v2.1/servers/3987d331-f3b1-416d-a331-3851f84caf30 2.859s
2025-11-22 06:59:08.127 66206 INFO tempest.common.waiters [-] State transition "BUILD/block_device_mapping" ==> "BUILD/spawning" after 22 second wait
2025-11-22 06:59:08.139 66168 INFO tempest.lib.common.rest_client [req-78cc39b3-ffcf-410f-8134-665b9c908d84 req-78cc39b3-ffcf-410f-8134-665b9c908d84 ] Request (FlavorsAdminTestJSON:test_create_list_flavor_without_extra_data): 200 POST http://10.180.1.21/compute/v2.1/flavors 1.747s
2025-11-22 06:59:08.168 66214 INFO tempest.lib.common.rest_client [req-af7a46cd-bd02-4267-a6a3-0006b9c7c1e3 req-af7a46cd-bd02-4267-a6a3-0006b9c7c1e3 ] Request (FlavorsExtraSpecsTestJSON:tearDownClass): 200 GET http://10.180.1.21/compute/v2.1/flavors/detail 1.759s
2025-11-22 06:59:08.173 66202 INFO tempest.lib.common.rest_client [req-105e63e5-5242-4da1-aed4-23b6fb6157a7 req-105e63e5-5242-4da1-aed4-23b6fb6157a7 ] Request (VolumesAssistedSnapshotsTest:test_volume_assisted_snapshot_create_delete): 200 GET http://10.180.1.21/compute/v2.1/servers/4f5c4da9-8ea6-440d-9f9a-4dd2f0b0b509 2.408s
2025-11-22 06:59:08.182 66202 INFO tempest.common.waiters [-] State transition "BUILD/spawning" ==> "ACTIVE/None" after 30 second wait
2025-11-22 06:59:08.187 66200 INFO tempest.lib.common.rest_client [req-d8d85c20-7071-4a8f-82eb-841717bec24b req-d8d85c20-7071-4a8f-82eb-841717bec24b ] Request (AggregatesAdminNegativeTestJSON:test_aggregate_create_with_existent_aggregate_name): 409 POST http://10.180.1.21/compute/v2.1/os-aggregates 1.744s
2025-11-22 06:59:08.291 66178 INFO tempest.lib.common.rest_client [req-11776d34-46e4-4bac-a069-fa5769448b40 req-11776d34-46e4-4bac-a069-fa5769448b40 ] Request (FlavorsAccessNegativeTestJSON:test_flavor_non_admin_remove): 200 POST http://10.180.1.21/compute/v2.1/flavors/1472591298/action 1.822s
2025-11-22 06:59:08.338 66214 INFO tempest.lib.common.rest_client [req-08df0351-17c6-4496-b6cf-80576f319a56 req-08df0351-17c6-4496-b6cf-80576f319a56 ] Request (FlavorsExtraSpecsTestJSON:tearDownClass): 204 DELETE http://10.180.1.21/identity/v3/users/7c1cdb9e11f34b86b4edb9b234e48680 0.165s
2025-11-22 06:59:08.371 66190 INFO tempest.lib.common.rest_client [req-16d1222f-6a3d-4d93-b390-1f4cae01472f req-16d1222f-6a3d-4d93-b390-1f4cae01472f ] Request (ServerDiagnosticsTest:tearDownClass): 200 GET http://10.180.1.21/compute/v2.1/servers/5c6835bd-c583-467c-9f71-748ae6cc5765 1.724s
2025-11-22 06:59:08.405 66212 INFO tempest.lib.common.rest_client [req-75653cd0-a276-40d3-8053-f4d8c4e16acb req-75653cd0-a276-40d3-8053-f4d8c4e16acb ] Request (DeleteServersAdminTestJSON:test_delete_server_while_in_error_state): 202 POST http://10.180.1.21/compute/v2.1/servers 1.977s
2025-11-22 06:59:08.492 66174 INFO tempest.lib.common.rest_client [req-50e7c24b-9d2f-461d-9a71-4e1c954ab225 req-50e7c24b-9d2f-461d-9a71-4e1c954ab225 ] Request (ServerDiagnosticsNegativeTest:tearDownClass): 200 GET http://10.180.1.21/compute/v2.1/servers/103c2c03-d16b-4f39-81bb-60098e49c560 1.759s
2025-11-22 06:59:08.536 66188 INFO tempest.lib.common.rest_client [req-8aa0d349-66e4-4538-9f05-87e734ed2482 req-8aa0d349-66e4-4538-9f05-87e734ed2482 ] Request (ImagesNegativeTestJSON:test_create_image_from_deleted_server): 200 GET http://10.180.1.21/compute/v2.1/servers/5d79020b-6b19-4c75-8069-40771339bf44 1.864s
2025-11-22 06:59:08.539 66182 INFO tempest.lib.common.rest_client [req-2194f335-e715-4e15-ad1a-607d682db3b2 req-2194f335-e715-4e15-ad1a-607d682db3b2 ] Request (ImagesOneServerTestJSON:test_create_delete_image): 200 GET http://10.180.1.21/compute/v2.1/images/7fce48bc-43cf-411c-87e8-90c449ad8721 1.769s
2025-11-22 06:59:08.539 66214 INFO tempest.lib.common.rest_client [req-af971d97-8653-4f66-afe8-899e26bdca8d req-af971d97-8653-4f66-afe8-899e26bdca8d ] Request (FlavorsExtraSpecsTestJSON:tearDownClass): 204 DELETE http://10.180.1.21/identity/v3/users/89e33f8b593f405995ab2fc5cbc68542 0.201s
2025-11-22 06:59:08.540 66214 INFO tempest.lib.common.dynamic_creds [-] Deleting project and security group for project: d01f9d9b5b7a454180f9aa7fdbe008f4
2025-11-22 06:59:08.610 66214 INFO tempest.lib.common.rest_client [req-2834e9ff-c128-4913-9990-f57610af629c req-2834e9ff-c128-4913-9990-f57610af629c ] Request (FlavorsExtraSpecsTestJSON:tearDownClass): 201 POST http://10.180.1.21/identity/v3/auth/tokens 0.070s
2025-11-22 06:59:08.750 66196 INFO tempest.lib.common.rest_client [req-611d2348-08ab-4552-9fb7-b41f2616d216 req-611d2348-08ab-4552-9fb7-b41f2616d216 ] Request (ValidationResourcesFixture:setUp): 200 POST http://10.180.1.21/compute/v2.1/os-keypairs 1.868s
2025-11-22 06:59:08.776 66222 INFO tempest.lib.common.rest_client [req-fcd68e79-cd9d-4420-834a-663688dadacb req-fcd68e79-cd9d-4420-834a-663688dadacb ] Request (HypervisorAdminTestJSON:test_get_hypervisor_stats): 200 GET http://10.180.1.21/compute/v2.1/os-hypervisors/statistics 1.604s
2025-11-22 06:59:08.785 66210 INFO tempest.lib.common.rest_client [req-c2108dc6-6cc9-4876-b136-ef0ade7be4ce req-c2108dc6-6cc9-4876-b136-ef0ade7be4ce ] Request (HostsAdminNegativeTestJSON:test_show_host_detail_with_nonexistent_hostname): 404 GET http://10.180.1.21/compute/v2.1/os-hosts/nonexistent_hostname 1.610s
2025-11-22 06:59:08.805 66214 INFO tempest.lib.common.rest_client [req-3e1af97c-006e-4261-ae86-89a09841eefb req-3e1af97c-006e-4261-ae86-89a09841eefb ] Request (FlavorsExtraSpecsTestJSON:tearDownClass): 200 GET http://10.180.1.21/networking/v2.0/security-groups?tenant_id=d01f9d9b5b7a454180f9aa7fdbe008f4&name=default 0.195s
2025-11-22 06:59:08.866 66222 INFO tempest.lib.common.rest_client [req-7904dcd9-9ab5-44b7-9461-3c26a52f4efb req-7904dcd9-9ab5-44b7-9461-3c26a52f4efb ] Request (HypervisorAdminTestJSON:tearDownClass): 204 DELETE http://10.180.1.21/identity/v3/users/7c8a9d3e2ed34e409217f60250ad7833 0.082s
2025-11-22 06:59:08.959 66196 INFO tempest.lib.common.rest_client [req-61d9e6b5-48a1-4c46-bb4c-c2c452907bc1 req-61d9e6b5-48a1-4c46-bb4c-c2c452907bc1 ] Request (ValidationResourcesFixture:setUp): 201 POST http://10.180.1.21/networking/v2.0/security-groups 0.208s
2025-11-22 06:59:09.070 66222 INFO tempest.lib.common.rest_client [req-141c060a-065a-441c-bb98-e993def651d2 req-141c060a-065a-441c-bb98-e993def651d2 ] Request (HypervisorAdminTestJSON:tearDownClass): 204 DELETE http://10.180.1.21/identity/v3/users/561f94dcf1ea4cb8b9d5e1a5cd295df2 0.203s
2025-11-22 06:59:09.070 66222 INFO tempest.lib.common.dynamic_creds [-] Deleting project and security group for project: 4e7d12bc449a4bf0bbc7805d7419f9a2
2025-11-22 06:59:09.136 66194 INFO tempest.lib.common.rest_client [req-b569fa4f-508d-4dd5-a9f7-40627a1e91ab req-b569fa4f-508d-4dd5-a9f7-40627a1e91ab ] Request (FloatingIPDetailsTestJSON:tearDownClass): 202 DELETE http://10.180.1.21/compute/v2.1/os-floating-ips/1d5583fc-fb32-4fd8-84c1-2b6f337133da 1.999s
2025-11-22 06:59:09.137 66214 INFO tempest.lib.common.rest_client [req-a5235688-8592-4519-9400-65086737ab10 req-a5235688-8592-4519-9400-65086737ab10 ] Request (FlavorsExtraSpecsTestJSON:tearDownClass): 204 DELETE http://10.180.1.21/networking/v2.0/security-groups/3f6faa09-33cb-4dee-bcd7-c970270c57ca 0.331s
2025-11-22 06:59:09.167 66208 INFO tempest.lib.common.rest_client [req-11d17092-2517-4e30-aef6-e597a654e953 req-11d17092-2517-4e30-aef6-e597a654e953 ] Request (ServerTagsTestJSON:setUpClass): 200 GET http://10.180.1.21/compute/v2.1/servers/2b37e752-9208-40f7-b838-868b2e1b6c51 1.957s
2025-11-22 06:59:09.185 66222 INFO tempest.lib.common.rest_client [req-5081dc05-03c5-4cf2-9e7c-574b994f3965 req-5081dc05-03c5-4cf2-9e7c-574b994f3965 ] Request (HypervisorAdminTestJSON:tearDownClass): 201 POST http://10.180.1.21/identity/v3/auth/tokens 0.114s
2025-11-22 06:59:09.268 66196 INFO tempest.lib.common.rest_client [req-17199564-95b4-4d71-9ac8-ff122fc527fc req-17199564-95b4-4d71-9ac8-ff122fc527fc ] Request (ValidationResourcesFixture:setUp): 201 POST http://10.180.1.21/networking/v2.0/security-group-rules 0.308s
2025-11-22 06:59:09.315 66214 INFO tempest.lib.common.rest_client [req-9b4d1d85-6962-448f-8127-a6642c5cbc1b req-9b4d1d85-6962-448f-8127-a6642c5cbc1b ] Request (FlavorsExtraSpecsTestJSON:tearDownClass): 204 DELETE http://10.180.1.21/identity/v3/projects/d01f9d9b5b7a454180f9aa7fdbe008f4 0.178s
2025-11-22 06:59:09.315 66214 INFO tempest.lib.common.dynamic_creds [-] Deleting project and security group for project: 59f8739b98934d54b76533c29ba34cb6
2025-11-22 06:59:09.720 66222 INFO tempest.lib.common.rest_client [req-c71e9b7f-9b5b-4e78-b68e-802f5d68d567 req-c71e9b7f-9b5b-4e78-b68e-802f5d68d567 ] Request (HypervisorAdminTestJSON:tearDownClass): 200 GET http://10.180.1.21/networking/v2.0/security-groups?tenant_id=4e7d12bc449a4bf0bbc7805d7419f9a2&name=default 0.535s
2025-11-22 06:59:09.750 66218 INFO tempest.lib.common.rest_client [req-42546905-b606-42e1-8c1a-3a65edeadc7e req-42546905-b606-42e1-8c1a-3a65edeadc7e ] Request (ServersWithSpecificFlavorTestJSON:test_verify_created_server_ephemeral_disk): 200 GET http://10.180.1.21/compute/v2.1/servers/54de1cd5-b4f3-495c-9fee-8e509f59e892 2.492s
2025-11-22 06:59:09.780 66228 INFO tempest.lib.common.rest_client [req-c6013343-ccaa-4b59-9ed3-c22b9f98e378 req-c6013343-ccaa-4b59-9ed3-c22b9f98e378 ] Request (ServerExternalEventsTest:tearDownClass): 404 GET http://10.180.1.21/compute/v2.1/servers/d6edf458-9366-4a17-bc9d-fa0565e56044 2.496s
2025-11-22 06:59:09.888 66228 INFO tempest.lib.common.rest_client [req-68cfee23-2897-4c83-9835-da3b43c8dfed req-68cfee23-2897-4c83-9835-da3b43c8dfed ] Request (ServerExternalEventsTest:tearDownClass): 204 DELETE http://10.180.1.21/identity/v3/users/8bd54396f9034d59be28abec15be1aac 0.108s
2025-11-22 06:59:09.911 66196 INFO tempest.lib.common.rest_client [req-830311bd-565b-437a-b58c-39a7b967f8af req-830311bd-565b-437a-b58c-39a7b967f8af ] Request (ValidationResourcesFixture:setUp): 201 POST http://10.180.1.21/networking/v2.0/security-group-rules 0.643s
2025-11-22 06:59:10.139 66214 INFO tempest.lib.common.rest_client [req-75e41f59-a6cc-4d69-a5ef-49e4a9fd4966 req-75e41f59-a6cc-4d69-a5ef-49e4a9fd4966 ] Request (FlavorsExtraSpecsTestJSON:tearDownClass): 200 GET http://10.180.1.21/networking/v2.0/security-groups?tenant_id=59f8739b98934d54b76533c29ba34cb6&name=default 0.823s
2025-11-22 06:59:10.148 66228 INFO tempest.lib.common.rest_client [req-e5ce6cd2-82fd-4f88-b012-b7f39ac94935 req-e5ce6cd2-82fd-4f88-b012-b7f39ac94935 ] Request (ServerExternalEventsTest:tearDownClass): 204 DELETE http://10.180.1.21/identity/v3/users/c1ae4b60b55d4f7599af7307bc2a2fc1 0.259s
2025-11-22 06:59:10.239 66226 INFO tempest.lib.common.rest_client [req-25904697-f134-4f1f-b994-fd4f63178769 req-25904697-f134-4f1f-b994-fd4f63178769 ] Request (FloatingIPsTestJSON:test_allocate_floating_ip): 200 GET http://10.180.1.21/compute/v2.1/os-floating-ips/fe47e2c3-1298-4406-a34c-4ee9ebca3b8b 2.972s
2025-11-22 06:59:10.255 66194 INFO tempest.lib.common.rest_client [req-c1545c72-c075-4284-be98-7a8d07c54453 req-c1545c72-c075-4284-be98-7a8d07c54453 ] Request (FloatingIPDetailsTestJSON:tearDownClass): 200 PUT http://10.180.1.21/networking/v2.0/routers/bf81a7f9-f466-4b42-946f-8e0f0cc16aa9/remove_router_interface 1.118s
2025-11-22 06:59:10.284 66184 INFO tempest.lib.common.rest_client [req-eda489ee-6935-4948-9c2f-028f1a791a23 req-eda489ee-6935-4948-9c2f-028f1a791a23 ] Request (ServersAdmin275Test:_run_cleanups): 200 GET http://10.180.1.21/compute/v2.1/servers/a9826888-0592-4fa1-b9ba-20c756f2c8cc 2.917s
2025-11-22 06:59:10.296 66184 INFO tempest.common.waiters [-] State transition "REBUILD/rebuild_spawning" ==> "ACTIVE/None" after 10 second wait
2025-11-22 06:59:10.333 66228 INFO tempest.lib.common.rest_client [req-64fa3c55-6d5e-4a62-bf93-174de358b8b8 req-64fa3c55-6d5e-4a62-bf93-174de358b8b8 ] Request (ServerExternalEventsTest:tearDownClass): 204 DELETE http://10.180.1.21/identity/v3/users/e536b5111c164cbf941213f914b0e398 0.184s
2025-11-22 06:59:10.334 66228 INFO tempest.lib.common.dynamic_creds [-] Deleting project and security group for project: 02c8f18b64e1424cb7c254ddfc6dd997
2025-11-22 06:59:10.371 66222 INFO tempest.lib.common.rest_client [req-1351c783-a4a0-4a07-9b7d-fab1c1ef4b82 req-1351c783-a4a0-4a07-9b7d-fab1c1ef4b82 ] Request (HypervisorAdminTestJSON:tearDownClass): 204 DELETE http://10.180.1.21/networking/v2.0/security-groups/e135ce5c-3870-42b5-8e7d-66dd61cb48cd 0.650s
2025-11-22 06:59:10.406 66228 INFO tempest.lib.common.rest_client [req-253c3337-6dee-44f4-9838-62294c55789c req-253c3337-6dee-44f4-9838-62294c55789c ] Request (ServerExternalEventsTest:tearDownClass): 201 POST http://10.180.1.21/identity/v3/auth/tokens 0.073s
2025-11-22 06:59:10.498 66214 INFO tempest.lib.common.rest_client [req-1150a4e7-3571-4b00-b9b0-59ab2b003f5c req-1150a4e7-3571-4b00-b9b0-59ab2b003f5c ] Request (FlavorsExtraSpecsTestJSON:tearDownClass): 204 DELETE http://10.180.1.21/networking/v2.0/security-groups/31c5484c-4e55-4ca1-876b-aec9c95c1a4b 0.357s
2025-11-22 06:59:10.562 66222 INFO tempest.lib.common.rest_client [req-44b1b74f-575c-4407-872a-65e2a954a2eb req-44b1b74f-575c-4407-872a-65e2a954a2eb ] Request (HypervisorAdminTestJSON:tearDownClass): 204 DELETE http://10.180.1.21/identity/v3/projects/4e7d12bc449a4bf0bbc7805d7419f9a2 0.190s
2025-11-22 06:59:10.562 66222 INFO tempest.lib.common.dynamic_creds [-] Deleting project and security group for project: 5168c3299de546ce91fbd05d44cfa751
2025-11-22 06:59:10.597 66180 INFO tempest.lib.common.rest_client [req-d8533122-63fb-4ff6-b703-9cd4ab5d4975 req-d8533122-63fb-4ff6-b703-9cd4ab5d4975 ] Request (TenantUsagesTestJSON:test_get_usage_tenant): 200 GET http://10.180.1.21/compute/v2.1/os-simple-tenant-usage/4933d3892158424c9dcd2915b8880796?start=2025-11-21T06%3A59%3A07.678801&end=2025-11-23T06%3A59%3A07.678801 2.918s
2025-11-22 06:59:10.674 66214 INFO tempest.lib.common.rest_client [req-7e1fa553-8adb-4eeb-b148-f8cf8c9db52e req-7e1fa553-8adb-4eeb-b148-f8cf8c9db52e ] Request (FlavorsExtraSpecsTestJSON:tearDownClass): 204 DELETE http://10.180.1.21/identity/v3/projects/59f8739b98934d54b76533c29ba34cb6 0.175s
2025-11-22 06:59:10.675 66214 INFO tempest.test [-] raised in LiveMigrationNegativeTest.setUpClass. Invoking tearDownClass.
2025-11-22 06:59:10.750 66214 INFO tempest.lib.common.rest_client [req-fc24d9d6-4c44-4d33-94c2-f71064e701e8 req-fc24d9d6-4c44-4d33-94c2-f71064e701e8 ] Request (TestVersions:setUpClass): 201 POST http://10.180.1.21/identity/v3/auth/tokens 0.071s
2025-11-22 06:59:10.785 66214 INFO tempest.lib.common.rest_client [req-54df67ee-c886-4463-85b2-0bb2da6e92eb req-54df67ee-c886-4463-85b2-0bb2da6e92eb ] Request (TestVersions:setUpClass): 201 POST http://10.180.1.21/identity/v3/auth/tokens 0.031s
2025-11-22 06:59:10.826 66198 INFO tempest.lib.common.rest_client [req-8a1c1702-d31b-47f9-a4e7-37a4fb5db434 req-8a1c1702-d31b-47f9-a4e7-37a4fb5db434 ] Request (QuotasAdminTestV236:test_get_updated_quotas): 200 GET http://10.180.1.21/compute/v2.1/os-quota-sets/6e21a3892d8e4df887ad54f0fe88fb45?user_id=73f9528238ee4da2a0269cbbab7a4a20 2.961s
2025-11-22 06:59:10.834 66214 INFO tempest.lib.common.rest_client [req-bbab803e-a8cd-439f-adbb-ab5672d0c958 req-bbab803e-a8cd-439f-adbb-ab5672d0c958 ] Request (TestVersions:setUpClass): 200 GET http://10.180.1.21/identity/v3/domains?name=Default 0.048s
2025-11-22 06:59:10.865 66196 INFO tempest.lib.common.rest_client [req-c7da6396-06d6-4de6-8143-cf627c9f8c20 req-c7da6396-06d6-4de6-8143-cf627c9f8c20 ] Request (ValidationResourcesFixture:setUp): 201 POST http://10.180.1.21/networking/v2.0/floatingips 0.953s
2025-11-22 06:59:10.866 66214 INFO tempest.lib.common.rest_client [req-78585206-8472-48d0-ba61-bc41174202f5 req-78585206-8472-48d0-ba61-bc41174202f5 ] Request (TestVersions:setUpClass): 201 POST http://10.180.1.21/identity/v3/projects 0.032s
2025-11-22 06:59:10.924 66198 INFO tempest.lib.common.rest_client [req-ccb86097-df2f-49ca-b9fc-d342a6788e61 req-ccb86097-df2f-49ca-b9fc-d342a6788e61 ] Request (QuotasAdminTestV236:_run_cleanups): 204 DELETE http://10.180.1.21/identity/v3/users/73f9528238ee4da2a0269cbbab7a4a20 0.094s
2025-11-22 06:59:10.974 66194 INFO tempest.lib.common.rest_client [req-9939601b-033c-40ac-892b-4444dcf63652 req-9939601b-033c-40ac-892b-4444dcf63652 ] Request (FloatingIPDetailsTestJSON:tearDownClass): 204 DELETE http://10.180.1.21/networking/v2.0/routers/bf81a7f9-f466-4b42-946f-8e0f0cc16aa9 0.718s
2025-11-22 06:59:10.977 66214 INFO tempest.lib.common.rest_client [req-83eea75d-3075-4b31-9850-c37e2e53ae3c req-83eea75d-3075-4b31-9850-c37e2e53ae3c ] Request (TestVersions:setUpClass): 201 POST http://10.180.1.21/identity/v3/users 0.110s
2025-11-22 06:59:10.979 66196 INFO tempest.lib.common.rest_client [req-90a1322d-19a2-42af-a8fb-196936491b5a req-90a1322d-19a2-42af-a8fb-196936491b5a ] Request (AttachVolumeNegativeTest:test_attach_attached_volume_to_different_server): 201 POST http://10.180.1.21/identity/v3/auth/tokens 0.108s
2025-11-22 06:59:10.980 66196 INFO tempest.lib.common.fixed_network [-] (AttachVolumeNegativeTest:test_attach_attached_volume_to_different_server) Found network {'id': 'd47cc3e4-8dde-4817-9084-0f83b4b4b52a', 'name': 'tempest-AttachVolumeNegativeTest-1178156092-network', 'tenant_id': '1be7009f0a2e49218e9a09955ded18e3', 'project_id': '1be7009f0a2e49218e9a09955ded18e3', 'admin_state_up': True, 'mtu': 8950, 'status': 'ACTIVE', 'subnets': [], 'shared': False, 'port_security_enabled': True, 'router:external': False, 'provider:network_type': 'vlan', 'provider:physical_network': 'default', 'provider:segmentation_id': 827, 'availability_zone_hints': [], 'availability_zones': [], 'ipv4_address_scope': None, 'ipv6_address_scope': None, 'description': '', 'tags': [], 'created_at': '2025-11-22T06:59:04Z', 'updated_at': '2025-11-22T06:59:04Z', 'revision_number': 1} available for tenant
2025-11-22 06:59:11.086 66225 INFO tempest.lib.common.rest_client [req-d15c2bc9-42b7-4b40-bad1-6c93eefafcf5 req-d15c2bc9-42b7-4b40-bad1-6c93eefafcf5 ] Request (ImagesMetadataTestJSON:test_update_image_metadata): 200 POST http://10.180.1.21/compute/v2.1/images/54acb2a0-6b44-45de-82bc-4a5127d421be/metadata 3.170s
2025-11-22 06:59:11.102 66198 INFO tempest.lib.common.rest_client [req-2f80f0ca-b1b3-4f32-8952-2883fda127af req-2f80f0ca-b1b3-4f32-8952-2883fda127af ] Request (QuotasAdminTestV236:_run_cleanups): 204 DELETE http://10.180.1.21/identity/v3/projects/6e21a3892d8e4df887ad54f0fe88fb45 0.177s
2025-11-22 06:59:11.102 66168 INFO tempest.lib.common.rest_client [req-5cc8c570-4484-4238-a8d6-2082251e65ac req-5cc8c570-4484-4238-a8d6-2082251e65ac ] Request (FlavorsAdminTestJSON:test_create_list_flavor_without_extra_data): 200 GET http://10.180.1.21/compute/v2.1/flavors/958986764 2.961s
2025-11-22 06:59:11.106 66222 INFO tempest.lib.common.rest_client [req-77f0ccf7-b531-40b6-ba0d-657b856f8a67 req-77f0ccf7-b531-40b6-ba0d-657b856f8a67 ] Request (HypervisorAdminTestJSON:tearDownClass): 200 GET http://10.180.1.21/networking/v2.0/security-groups?tenant_id=5168c3299de546ce91fbd05d44cfa751&name=default 0.544s
2025-11-22 06:59:11.138 66228 INFO tempest.lib.common.rest_client [req-5cd21285-86f1-4071-b589-8317f060195d req-5cd21285-86f1-4071-b589-8317f060195d ] Request (ServerExternalEventsTest:tearDownClass): 200 GET http://10.180.1.21/networking/v2.0/security-groups?tenant_id=02c8f18b64e1424cb7c254ddfc6dd997&name=default 0.731s
2025-11-22 06:59:11.168 66214 INFO tempest.lib.common.rest_client [req-494b4e29-eca4-4ca6-b7d4-dce803a148dd req-494b4e29-eca4-4ca6-b7d4-dce803a148dd ] Request (TestVersions:setUpClass): 200 GET http://10.180.1.21/identity/v3/roles 0.190s
2025-11-22 06:59:11.196 66214 INFO tempest.lib.common.rest_client [req-d903b59a-3bc1-4955-968d-8c8bbe7df9b6 req-d903b59a-3bc1-4955-968d-8c8bbe7df9b6 ] Request (TestVersions:setUpClass): 204 PUT http://10.180.1.21/identity/v3/projects/472c8f44bb2043908194acbca0a8f66e/users/dbb59d04f4fc4eb1a81ba2a566210924/roles/3e9d1dc623cc4ea8b5897aafda021c34 0.027s
2025-11-22 06:59:11.196 66214 INFO tempest.lib.common.dynamic_creds [-] Dynamic test user dbb59d04f4fc4eb1a81ba2a566210924 is created with scope project and roles: ['member']
2025-11-22 06:59:11.196 66214 INFO tempest.lib.common.dynamic_creds [-] Acquired dynamic creds: credentials: Credentials: {'domain_id': 'default', 'domain_name': 'Default', 'username': 'tempest-TestVersions-474172324-project-member', 'project_domain_id': 'default', 'project_domain_name': 'Default', 'project_id': '472c8f44bb2043908194acbca0a8f66e', 'project_name': 'tempest-TestVersions-474172324', 'tenant_id': '472c8f44bb2043908194acbca0a8f66e', 'tenant_name': 'tempest-TestVersions-474172324', 'user_domain_id': 'default', 'user_domain_name': 'Default', 'user_id': 'dbb59d04f4fc4eb1a81ba2a566210924', 'system': None}, Network: None, Subnet: None, Router: None
2025-11-22 06:59:11.197 66214 INFO tempest.lib.common.dynamic_creds [-] Created isolated network resources for: credentials: Credentials: {'domain_id': 'default', 'domain_name': 'Default', 'username': 'tempest-TestVersions-474172324-project-member', 'project_domain_id': 'default', 'project_domain_name': 'Default', 'project_id': '472c8f44bb2043908194acbca0a8f66e', 'project_name': 'tempest-TestVersions-474172324', 'tenant_id': '472c8f44bb2043908194acbca0a8f66e', 'tenant_name': 'tempest-TestVersions-474172324', 'user_domain_id': 'default', 'user_domain_name': 'Default', 'user_id': 'dbb59d04f4fc4eb1a81ba2a566210924', 'system': None}, Network: None, Subnet: None, Router: None
2025-11-22 06:59:11.235 66198 INFO tempest.lib.common.rest_client [req-4bee9691-ff2f-4485-9b6f-a48f8215e9a7 req-4bee9691-ff2f-4485-9b6f-a48f8215e9a7 ] Request (QuotasAdminTestV236:tearDownClass): 204 DELETE http://10.180.1.21/identity/v3/users/18dc37b56c3943df8383927a3c52fd03 0.131s
2025-11-22 06:59:11.304 66214 INFO tempest.lib.common.rest_client [req-053847e5-942c-4009-ad3d-28774c5f463c req-053847e5-942c-4009-ad3d-28774c5f463c ] Request (TestVersions:setUpClass): 201 POST http://10.180.1.21/identity/v3/auth/tokens 0.102s
2025-11-22 06:59:11.358 66194 INFO tempest.lib.common.rest_client [req-723b63d9-a683-4e27-82b3-0d8432fca38a req-723b63d9-a683-4e27-82b3-0d8432fca38a ] Request (FloatingIPDetailsTestJSON:tearDownClass): 204 DELETE http://10.180.1.21/networking/v2.0/subnets/8f7b9d35-ebec-4de7-a84e-5acd17073a61 0.383s
2025-11-22 06:59:11.380 66198 INFO tempest.lib.common.rest_client [req-c8f728ea-f374-4751-937a-4fb4875f0159 req-c8f728ea-f374-4751-937a-4fb4875f0159 ] Request (QuotasAdminTestV236:tearDownClass): 204 DELETE http://10.180.1.21/identity/v3/users/6631bdf757ff41daa185a45ba623da26 0.145s
2025-11-22 06:59:11.381 66198 INFO tempest.lib.common.dynamic_creds [-] Deleting project and security group for project: d6ea4e85a78e47e0810c7659027b9405
2025-11-22 06:59:11.474 66222 INFO tempest.lib.common.rest_client [req-fd9a4fee-16c3-48d9-a3cd-63ba07e2bf22 req-fd9a4fee-16c3-48d9-a3cd-63ba07e2bf22 ] Request (HypervisorAdminTestJSON:tearDownClass): 204 DELETE http://10.180.1.21/networking/v2.0/security-groups/5f8f64c2-5c97-45dd-a040-46f8fb8e9eea 0.367s
2025-11-22 06:59:11.476 66198 INFO tempest.lib.common.rest_client [req-3ca5a432-4fbf-4f3f-96d3-da6670d26555 req-3ca5a432-4fbf-4f3f-96d3-da6670d26555 ] Request (QuotasAdminTestV236:tearDownClass): 201 POST http://10.180.1.21/identity/v3/auth/tokens 0.095s
2025-11-22 06:59:11.533 66176 INFO tempest.lib.common.rest_client [req-e0cef7b5-0875-45ce-8769-daa1fa650dbe req-e0cef7b5-0875-45ce-8769-daa1fa650dbe ] Request (ListServerFiltersTestJSON:setUpClass): 200 GET http://10.180.1.21/compute/v2.1/servers/8e2587d3-f730-47aa-b3e2-0ea94ab90ad5 4.033s
2025-11-22 06:59:11.557 66200 INFO tempest.lib.common.rest_client [req-8f3a6009-c414-40c7-9406-edfbbb384f9a req-8f3a6009-c414-40c7-9406-edfbbb384f9a ] Request (AggregatesAdminNegativeTestJSON:_run_cleanups): 200 DELETE http://10.180.1.21/compute/v2.1/os-aggregates/4 3.369s
2025-11-22 06:59:11.561 66178 INFO tempest.lib.common.rest_client [req-f58a73cf-c151-4b98-99de-bd4710c0702f req-f58a73cf-c151-4b98-99de-bd4710c0702f ] Request (FlavorsAccessNegativeTestJSON:test_flavor_non_admin_remove): 403 POST http://10.180.1.21/compute/v2.1/flavors/1472591298/action 3.269s
2025-11-22 06:59:11.563 66222 INFO tempest.lib.common.rest_client [req-beefea41-f998-4136-acf3-bbd844fd2559 req-beefea41-f998-4136-acf3-bbd844fd2559 ] Request (HypervisorAdminTestJSON:tearDownClass): 204 DELETE http://10.180.1.21/identity/v3/projects/5168c3299de546ce91fbd05d44cfa751 0.089s
2025-11-22 06:59:11.565 66222 INFO tempest.test [-] raised in ServerStableDeviceRescueTest.setUpClass. Invoking tearDownClass.
2025-11-22 06:59:11.597 66228 INFO tempest.lib.common.rest_client [req-52e4dfdf-81e6-45bb-a096-05165de80a87 req-52e4dfdf-81e6-45bb-a096-05165de80a87 ] Request (ServerExternalEventsTest:tearDownClass): 204 DELETE http://10.180.1.21/networking/v2.0/security-groups/50febd03-e972-4db4-8641-f0ad6e570896 0.458s
2025-11-22 06:59:11.612 66202 INFO tempest.lib.common.rest_client [req-2d02ad88-8b28-4395-af6a-c3535aa54c33 req-2d02ad88-8b28-4395-af6a-c3535aa54c33 ] Request (VolumesAssistedSnapshotsTest:test_volume_assisted_snapshot_create_delete): 200 GET http://10.180.1.21/compute/v2.1/servers/4f5c4da9-8ea6-440d-9f9a-4dd2f0b0b509/os-interface 3.429s
2025-11-22 06:59:11.648 66222 INFO tempest.lib.common.rest_client [req-751dbeae-e962-441d-a806-282badc4a8e2 req-751dbeae-e962-441d-a806-282badc4a8e2 ] Request (ServersListShow2100Test:setUpClass): 201 POST http://10.180.1.21/identity/v3/auth/tokens 0.080s
2025-11-22 06:59:11.701 66228 INFO tempest.lib.common.rest_client [req-fb04b2e1-f9e1-4272-bfc6-7a82bc1dab81 req-fb04b2e1-f9e1-4272-bfc6-7a82bc1dab81 ] Request (ServerExternalEventsTest:tearDownClass): 204 DELETE http://10.180.1.21/identity/v3/projects/02c8f18b64e1424cb7c254ddfc6dd997 0.104s
2025-11-22 06:59:11.701 66228 INFO tempest.lib.common.dynamic_creds [-] Deleting project and security group for project: 01d92257214846a5a13ecad703233e09
2025-11-22 06:59:11.756 66222 INFO tempest.lib.common.rest_client [req-ec9c6210-784f-4600-92ae-630057765824 req-ec9c6210-784f-4600-92ae-630057765824 ] Request (ServersListShow2100Test:setUpClass): 201 POST http://10.180.1.21/identity/v3/auth/tokens 0.105s
2025-11-22 06:59:11.784 66222 INFO tempest.lib.common.rest_client [req-68099986-b386-4873-a38a-aeda839133e4 req-68099986-b386-4873-a38a-aeda839133e4 ] Request (ServersListShow2100Test:setUpClass): 200 GET http://10.180.1.21/identity/v3/domains?name=Default 0.027s
2025-11-22 06:59:11.820 66222 INFO tempest.lib.common.rest_client [req-58b6c9b0-bc97-4442-a750-b0c39d43d2e9 req-58b6c9b0-bc97-4442-a750-b0c39d43d2e9 ] Request (ServersListShow2100Test:setUpClass): 201 POST http://10.180.1.21/identity/v3/projects 0.035s
2025-11-22 06:59:11.832 66194 INFO tempest.lib.common.rest_client [req-2eae9545-9e2c-48e5-8d0d-94c36a7b5833 req-2eae9545-9e2c-48e5-8d0d-94c36a7b5833 ] Request (FloatingIPDetailsTestJSON:tearDownClass): 204 DELETE http://10.180.1.21/networking/v2.0/networks/a2b3bd40-0bd6-4158-88b7-9639eb5fdd21 0.473s
2025-11-22 06:59:11.855 66212 INFO tempest.lib.common.rest_client [req-6378716d-2763-4c97-a537-b15de89310dc req-6378716d-2763-4c97-a537-b15de89310dc ] Request (DeleteServersAdminTestJSON:test_delete_server_while_in_error_state): 200 GET http://10.180.1.21/compute/v2.1/servers/fb05838d-2a18-4898-b9c4-d4bf63756d3a 3.448s
2025-11-22 06:59:11.867 66198 INFO tempest.lib.common.rest_client [req-c7878fe5-7ab8-4a2e-b2fc-fbb4eb98510d req-c7878fe5-7ab8-4a2e-b2fc-fbb4eb98510d ] Request (QuotasAdminTestV236:tearDownClass): 200 GET http://10.180.1.21/networking/v2.0/security-groups?tenant_id=d6ea4e85a78e47e0810c7659027b9405&name=default 0.390s
2025-11-22 06:59:11.888 66222 INFO tempest.lib.common.rest_client [req-cbee7b9b-383c-4617-ace9-d5002c5bcc04 req-cbee7b9b-383c-4617-ace9-d5002c5bcc04 ] Request (ServersListShow2100Test:setUpClass): 201 POST http://10.180.1.21/identity/v3/users 0.067s
2025-11-22 06:59:11.910 66222 INFO tempest.lib.common.rest_client [req-6fd19835-2027-444f-aa3a-e2a70a07b489 req-6fd19835-2027-444f-aa3a-e2a70a07b489 ] Request (ServersListShow2100Test:setUpClass): 200 GET http://10.180.1.21/identity/v3/roles 0.021s
2025-11-22 06:59:11.970 66194 INFO tempest.lib.common.rest_client [req-cefdf2a3-927c-46a5-9c79-178d9346c4d0 req-cefdf2a3-927c-46a5-9c79-178d9346c4d0 ] Request (FloatingIPDetailsTestJSON:tearDownClass): 204 DELETE http://10.180.1.21/identity/v3/users/516ddb2261aa40bd82e49b78c8e46eae 0.137s
2025-11-22 06:59:11.970 66194 INFO tempest.lib.common.dynamic_creds [-] Deleting project and security group for project: 550b900c2e584a50b03a37baccbcaab0
2025-11-22 06:59:11.996 66222 INFO tempest.lib.common.rest_client [req-4215befb-e8bd-4962-a0e4-1cc6fc4d30e5 req-4215befb-e8bd-4962-a0e4-1cc6fc4d30e5 ] Request (ServersListShow2100Test:setUpClass): 204 PUT http://10.180.1.21/identity/v3/projects/59112f21457040618de4752cb2acb3d8/users/918c0221c80f4e6aaafa5a9747c1f444/roles/3e9d1dc623cc4ea8b5897aafda021c34 0.086s
2025-11-22 06:59:11.997 66222 INFO tempest.lib.common.dynamic_creds [-] Dynamic test user 918c0221c80f4e6aaafa5a9747c1f444 is created with scope project and roles: ['member']
2025-11-22 06:59:11.997 66222 INFO tempest.lib.common.dynamic_creds [-] Acquired dynamic creds: credentials: Credentials: {'domain_id': 'default', 'domain_name': 'Default', 'username': 'tempest-ServersListShow2100Test-490907371-project-member', 'project_domain_id': 'default', 'project_domain_name': 'Default', 'project_id': '59112f21457040618de4752cb2acb3d8', 'project_name': 'tempest-ServersListShow2100Test-490907371', 'tenant_id': '59112f21457040618de4752cb2acb3d8', 'tenant_name': 'tempest-ServersListShow2100Test-490907371', 'user_domain_id': 'default', 'user_domain_name': 'Default', 'user_id': '918c0221c80f4e6aaafa5a9747c1f444', 'system': None}, Network: None, Subnet: None, Router: None
2025-11-22 06:59:11.997 66222 INFO tempest.lib.common.dynamic_creds [-] Created isolated network resources for: credentials: Credentials: {'domain_id': 'default', 'domain_name': 'Default', 'username': 'tempest-ServersListShow2100Test-490907371-project-member', 'project_domain_id': 'default', 'project_domain_name': 'Default', 'project_id': '59112f21457040618de4752cb2acb3d8', 'project_name': 'tempest-ServersListShow2100Test-490907371', 'tenant_id': '59112f21457040618de4752cb2acb3d8', 'tenant_name': 'tempest-ServersListShow2100Test-490907371', 'user_domain_id': 'default', 'user_domain_name': 'Default', 'user_id': '918c0221c80f4e6aaafa5a9747c1f444', 'system': None}, Network: None, Subnet: None, Router: None
2025-11-22 06:59:12.059 66228 INFO tempest.lib.common.rest_client [req-e5fba173-4f6c-4819-9968-58fed0666539 req-e5fba173-4f6c-4819-9968-58fed0666539 ] Request (ServerExternalEventsTest:tearDownClass): 200 GET http://10.180.1.21/networking/v2.0/security-groups?tenant_id=01d92257214846a5a13ecad703233e09&name=default 0.358s
2025-11-22 06:59:12.097 66222 INFO tempest.lib.common.rest_client [req-4e222a63-bba5-44bb-872c-b4b1daa96130 req-4e222a63-bba5-44bb-872c-b4b1daa96130 ] Request (ServersListShow2100Test:setUpClass): 201 POST http://10.180.1.21/identity/v3/auth/tokens 0.095s
2025-11-22 06:59:12.130 66222 INFO tempest.lib.common.rest_client [req-15f60fc2-f4af-419f-9e0e-61c9c9de14d2 req-15f60fc2-f4af-419f-9e0e-61c9c9de14d2 ] Request (ServersListShow2100Test:test_list_show_rebuild_update_server_2100): 201 POST http://10.180.1.21/identity/v3/auth/tokens 0.028s
2025-11-22 06:59:12.130 66222 INFO tempest.lib.common.fixed_network [-] (ServersListShow2100Test:test_list_show_rebuild_update_server_2100) Found network None available for tenant
2025-11-22 06:59:12.159 66198 INFO tempest.lib.common.rest_client [req-2e06bf50-4af0-494c-9a0d-110203e8d754 req-2e06bf50-4af0-494c-9a0d-110203e8d754 ] Request (QuotasAdminTestV236:tearDownClass): 204 DELETE http://10.180.1.21/networking/v2.0/security-groups/6be0e889-b18c-4993-ad99-13f3429e041b 0.288s
2025-11-22 06:59:12.249 66192 INFO tempest.lib.common.rest_client [req-f9ba2708-e599-4b41-909e-388a4e73a3db req-f9ba2708-e599-4b41-909e-388a4e73a3db ] Request (MigrationsAdminTest:test_list_migrations_in_flavor_resize_situation): 200 GET http://10.180.1.21/compute/v2.1/servers/5d6ac74a-8fdd-4e7a-8801-f7f852de0e61 3.790s
