2025-11-22 07:00:04.108 66188 INFO tempest.lib.common.rest_client [req-c788cdfb-e714-4e6e-9468-2c8047521cd8 req-c788cdfb-e714-4e6e-9468-2c8047521cd8 ] Request (MultipleCreateNegativeTestJSON:test_max_count_non_integer): 201 POST http://10.180.1.21/identity/v3/auth/tokens 0.032s
2025-11-22 07:00:04.109 66188 INFO tempest.lib.common.fixed_network [-] (MultipleCreateNegativeTestJSON:test_max_count_non_integer) Found network None available for tenant
2025-11-22 07:00:04.130 66208 INFO tempest.lib.common.rest_client [req-60e922c5-cc2d-472d-90f7-805e035a537c req-60e922c5-cc2d-472d-90f7-805e035a537c ] Request (ServerTagsTestJSON:test_update_all_tags): 201 PUT http://10.180.1.21/compute/v2.1/servers/2b37e752-9208-40f7-b838-868b2e1b6c51/tags/tempest-tag-1698869619 1.704s
2025-11-22 07:00:04.159 66228 INFO tempest.lib.common.rest_client [req-ab68e32e-84a7-45de-8dc6-aee8cde0bfa4 req-ab68e32e-84a7-45de-8dc6-aee8cde0bfa4 ] Request (AttachInterfacesTestJSON:test_create_list_show_delete_interfaces_by_fixed_ip): 200 GET http://10.180.1.21/compute/v2.1/servers/ef02007b-844b-47c3-91d7-9a0a17b09fef 1.690s
2025-11-22 07:00:04.196 66172 INFO tempest.lib.common.rest_client [req-3b0423c2-ac69-4088-85c9-c971f38a898d req-3b0423c2-ac69-4088-85c9-c971f38a898d ] Request (ServersAdminNegativeTestJSON:test_migrate_server_invalid_state): 200 GET http://10.180.1.21/compute/v2.1/servers/509b846b-de85-48ab-b631-bc2f316a9d41 1.670s
2025-11-22 07:00:04.211 66168 INFO tempest.lib.common.rest_client [req-51ce7b61-1159-433c-b502-cdba1a4e1f91 req-51ce7b61-1159-433c-b502-cdba1a4e1f91 ] Request (FlavorsAdminTestJSON:test_list_non_public_flavor): 200 POST http://10.180.1.21/compute/v2.1/flavors 1.394s
2025-11-22 07:00:04.215 66216 INFO tempest.lib.common.rest_client [req-86fa69d0-f382-4557-8f78-bd9d8b63d0c6 req-86fa69d0-f382-4557-8f78-bd9d8b63d0c6 ] Request (ServerGroupTestJSON:test_create_server_with_scheduler_hint_group): 200 GET http://10.180.1.21/compute/v2.1/servers/1eb1bb90-3913-42a4-85ce-75ff38a182b3 1.532s
2025-11-22 07:00:04.261 66180 INFO tempest.lib.common.rest_client [req-254dcc28-d475-4a35-b131-c0d6b22a8cac req-254dcc28-d475-4a35-b131-c0d6b22a8cac ] Request (VolumesAdminNegativeTest:test_update_attached_volume_with_nonexistent_volume_in_uri): 200 GET http://10.180.1.21/compute/v2.1/servers/4430c9b6-b4a4-47fd-a580-0ea09ae29054 1.363s
2025-11-22 07:00:04.285 66182 INFO tempest.lib.common.rest_client [req-be4ec084-0068-46eb-bab2-35b2820984a4 req-be4ec084-0068-46eb-bab2-35b2820984a4 ] Request (ImagesOneServerTestJSON:tearDownClass): 404 DELETE http://10.180.1.21/compute/v2.1/images/7fce48bc-43cf-411c-87e8-90c449ad8721 1.262s
2025-11-22 07:00:04.352 66176 INFO tempest.lib.common.rest_client [req-a51fd871-433f-4c3f-a0be-cb56e054f953 req-a51fd871-433f-4c3f-a0be-cb56e054f953 ] Request (ListServerFiltersTestJSON:test_list_servers_filtered_by_ip): 200 GET http://10.180.1.21/compute/v2.1/servers/f2acbd70-0375-426a-b917-c671daa59b53 1.370s
2025-11-22 07:00:04.353 66184 INFO tempest.lib.common.rest_client [req-8063aa25-29ea-45fd-a995-aac70c3959aa req-8063aa25-29ea-45fd-a995-aac70c3959aa ] Request (ServersListShow298Test:test_list_show_update_rebuild_server_298): 200 GET http://10.180.1.21/compute/v2.1/servers/3a03e8b8-d5e9-418d-adfd-af5aefccc48f 1.250s
2025-11-22 07:00:04.520 66202 INFO tempest.lib.common.rest_client [req-189fec46-3d3f-4af4-9dc9-26f503d228fc req-189fec46-3d3f-4af4-9dc9-26f503d228fc ] Request (VolumesAssistedSnapshotsTest:_run_cleanups): 202 DELETE http://10.180.1.21/compute/v2.1/servers/4f5c4da9-8ea6-440d-9f9a-4dd2f0b0b509/os-volume_attachments/f2d4d640-f9f6-4cf3-ac5f-d25cfe8b0146 1.134s
2025-11-22 07:00:04.549 66190 INFO tempest.lib.common.rest_client [req-0f1243fb-9395-48c2-b7eb-e9ec545859fc req-0f1243fb-9395-48c2-b7eb-e9ec545859fc ] Request (FloatingIPsAssociationTestJSON:setUpClass): 200 GET http://10.180.1.21/compute/v2.1/servers/991d1fc6-219f-46f3-96ca-3fdef146ef9a 1.406s
2025-11-22 07:00:04.556 66190 INFO tempest.common.waiters [-] State transition "BUILD/spawning" ==> "ACTIVE/None" after 34 second wait
2025-11-22 07:00:04.582 66170 INFO tempest.lib.common.rest_client [req-6d971645-f8a7-4d1f-ad8d-0128f4fd77e4 req-6d971645-f8a7-4d1f-ad8d-0128f4fd77e4 ] Request (ImagesOneServerNegativeTestJSON:_run_cleanups): 200 GET http://10.180.1.21/compute/v2.1/servers/4592e3f9-1d6b-4e7c-b5e2-f1ae96cf7fc1 0.792s
2025-11-22 07:00:04.614 66200 INFO tempest.lib.common.rest_client [req-3f7b3a47-9ca0-4da7-a531-f459ade45cb3 req-3f7b3a47-9ca0-4da7-a531-f459ade45cb3 ] Request (QuotaClassesAdminTestJSON:_run_cleanups): 200 PUT http://10.180.1.21/compute/v2.1/os-quota-class-sets/default 0.546s
2025-11-22 07:00:04.633 66226 INFO tempest.lib.common.rest_client [req-c3f40e6a-1fff-491e-940a-54234ebb16e6 req-c3f40e6a-1fff-491e-940a-54234ebb16e6 ] Request (KeyPairsV22TestJSON:_run_cleanups): 204 DELETE http://10.180.1.21/compute/v2.1/os-keypairs/tempest-KeyPairsV22TestJSON-keypair-1059315267 0.534s
2025-11-22 07:00:04.638 66188 INFO tempest.lib.common.rest_client [req-d3f1294b-2ba3-4b71-a892-e7dc35a3acf4 req-d3f1294b-2ba3-4b71-a892-e7dc35a3acf4 ] Request (MultipleCreateNegativeTestJSON:test_max_count_non_integer): 400 POST http://10.180.1.21/compute/v2.1/servers 0.529s
2025-11-22 07:00:04.657 66222 INFO tempest.lib.common.rest_client [req-6ecf531f-d9eb-4d68-8498-2f675694dff3 req-6ecf531f-d9eb-4d68-8498-2f675694dff3 ] Request (ServersListShow2100Test:test_list_show_rebuild_update_server_2100): 200 GET http://10.180.1.21/compute/v2.1/servers/d6bd2b96-04cf-4f31-bd8a-682cd22169e6 0.563s
2025-11-22 07:00:04.669 66222 INFO tempest.common.waiters [-] State transition "REBUILD/rebuilding" ==> "REBUILD/rebuild_block_device_mapping" after 1 second wait
2025-11-22 07:00:04.674 66188 INFO tempest.lib.common.rest_client [req-19956ed5-5787-4ecc-a765-d3e996fed90c req-19956ed5-5787-4ecc-a765-d3e996fed90c ] Request (MultipleCreateNegativeTestJSON:test_min_count_less_than_one): 201 POST http://10.180.1.21/identity/v3/auth/tokens 0.032s
2025-11-22 07:00:04.674 66188 INFO tempest.lib.common.fixed_network [-] (MultipleCreateNegativeTestJSON:test_min_count_less_than_one) Found network None available for tenant
2025-11-22 07:00:04.683 66168 INFO tempest.lib.common.rest_client [req-d124e5bc-f5c9-4e8d-bd1f-b2e081430e5a req-d124e5bc-f5c9-4e8d-bd1f-b2e081430e5a ] Request (FlavorsAdminTestJSON:test_list_non_public_flavor): 200 GET http://10.180.1.21/compute/v2.1/flavors/detail 0.468s
2025-11-22 07:00:04.702 66208 INFO tempest.lib.common.rest_client [req-23072b80-74ed-4e94-a585-28486463143f req-23072b80-74ed-4e94-a585-28486463143f ] Request (ServerTagsTestJSON:test_update_all_tags): 201 PUT http://10.180.1.21/compute/v2.1/servers/2b37e752-9208-40f7-b838-868b2e1b6c51/tags/tempest-tag-611304027 0.570s
2025-11-22 07:00:04.751 66200 INFO tempest.lib.common.rest_client [req-4f9c3825-4f51-4164-b78a-561f0ae0bf07 req-4f9c3825-4f51-4164-b78a-561f0ae0bf07 ] Request (QuotaClassesAdminTestJSON:tearDownClass): 204 DELETE http://10.180.1.21/identity/v3/users/fb04dedf8a2043deb5bb2d560893e25b 0.133s
2025-11-22 07:00:04.788 66182 INFO tempest.lib.common.rest_client [req-bddd2a84-cab9-4a60-b1e1-e64d35c0988a req-bddd2a84-cab9-4a60-b1e1-e64d35c0988a ] Request (ImagesOneServerTestJSON:tearDownClass): 204 DELETE http://10.180.1.21/compute/v2.1/servers/e18b7178-633c-4914-b523-fc941801b601 0.502s
2025-11-22 07:00:04.843 66194 INFO tempest.lib.common.rest_client [req-baf52e5e-3afe-435c-aade-7d51031dc310 req-baf52e5e-3afe-435c-aade-7d51031dc310 ] Request (ImagesTestJSON:test_create_image_from_stopped_server): 200 GET http://10.180.1.21/compute/v2.1/servers/fda4e945-57ae-4817-9cbe-7e2586c9b954 0.574s
2025-11-22 07:00:04.849 66200 INFO tempest.lib.common.rest_client [req-f186d761-78fc-4513-ae74-c824a97e5c93 req-f186d761-78fc-4513-ae74-c824a97e5c93 ] Request (QuotaClassesAdminTestJSON:tearDownClass): 204 DELETE http://10.180.1.21/identity/v3/users/f4d373f3d10e40b0b64e5665051f60b9 0.097s
2025-11-22 07:00:04.849 66200 INFO tempest.lib.common.dynamic_creds [-] Deleting project and security group for project: e0ba3f9327a34bdb9d32ad446f647794
2025-11-22 07:00:04.850 66194 INFO tempest.common.waiters [-] State transition "ACTIVE/powering-off" ==> "SHUTOFF/None" after 1 second wait
2025-11-22 07:00:04.896 66174 INFO tempest.lib.common.rest_client [req-a95c151b-11c1-4364-a6f2-9c87723ff5a1 req-a95c151b-11c1-4364-a6f2-9c87723ff5a1 ] Request (SecurityGroupsTestJSON:test_list_security_groups_by_server): 200 GET http://10.180.1.21/compute/v2.1/servers/f90f1aaf-7c7c-4828-a0c5-d9453ea72a9c 0.586s
2025-11-22 07:00:04.913 66200 INFO tempest.lib.common.rest_client [req-ddf4688a-2d71-4b0b-820a-0ddf07c7a41b req-ddf4688a-2d71-4b0b-820a-0ddf07c7a41b ] Request (QuotaClassesAdminTestJSON:tearDownClass): 201 POST http://10.180.1.21/identity/v3/auth/tokens 0.064s
2025-11-22 07:00:04.957 66176 INFO tempest.lib.common.rest_client [req-200e2f46-1449-41f7-bf2e-4f0dbc47daec req-200e2f46-1449-41f7-bf2e-4f0dbc47daec ] Request (ListServerFiltersTestJSON:test_list_servers_filtered_by_ip): 200 GET http://10.180.1.21/compute/v2.1/servers/416fa78f-58ec-4352-8ff4-f5bf5053595e 0.596s
2025-11-22 07:00:04.988 66202 INFO tempest.lib.common.rest_client [req-a72fbac9-4cf8-4300-b8db-284d08bb8bc2 req-a72fbac9-4cf8-4300-b8db-284d08bb8bc2 ] Request (VolumesAssistedSnapshotsTest:_run_cleanups): 200 GET http://10.180.1.21/compute/v2.1/servers/4f5c4da9-8ea6-440d-9f9a-4dd2f0b0b509/os-volume_attachments 0.468s
2025-11-22 07:00:05.067 66198 INFO tempest.lib.common.rest_client [req-e066d34e-41c7-418d-bf8b-b0641da14865 req-e066d34e-41c7-418d-bf8b-b0641da14865 ] Request (ServerRescueNegativeTestJSON:setUpClass): 200 GET http://10.180.1.21/compute/v2.1/servers/0ce84edd-7167-4c06-a74b-3eb0076e90ea 0.643s
2025-11-22 07:00:05.090 66226 INFO tempest.lib.common.rest_client [req-467c1ccf-4826-433c-9817-622e167168cb req-467c1ccf-4826-433c-9817-622e167168cb ] Request (KeyPairsV22TestJSON:_run_cleanups): 204 DELETE http://10.180.1.21/compute/v2.1/os-keypairs/tempest-KeyPairsV22TestJSON-keypair-1316086085 0.457s
2025-11-22 07:00:05.098 66188 INFO tempest.lib.common.rest_client [req-4c41519b-6388-4cef-b4a0-f5df33833e7c req-4c41519b-6388-4cef-b4a0-f5df33833e7c ] Request (MultipleCreateNegativeTestJSON:test_min_count_less_than_one): 400 POST http://10.180.1.21/compute/v2.1/servers 0.423s
2025-11-22 07:00:05.135 66200 INFO tempest.lib.common.rest_client [req-47249fe2-9c63-4376-ad3b-6f24dea2929e req-47249fe2-9c63-4376-ad3b-6f24dea2929e ] Request (QuotaClassesAdminTestJSON:tearDownClass): 200 GET http://10.180.1.21/networking/v2.0/security-groups?tenant_id=e0ba3f9327a34bdb9d32ad446f647794&name=default 0.222s
2025-11-22 07:00:05.188 66188 INFO tempest.lib.common.rest_client [req-1fc6b92c-3b7d-463c-9a51-c96c1f45d1f5 req-1fc6b92c-3b7d-463c-9a51-c96c1f45d1f5 ] Request (MultipleCreateNegativeTestJSON:test_min_count_non_integer): 201 POST http://10.180.1.21/identity/v3/auth/tokens 0.083s
2025-11-22 07:00:05.189 66188 INFO tempest.lib.common.fixed_network [-] (MultipleCreateNegativeTestJSON:test_min_count_non_integer) Found network None available for tenant
2025-11-22 07:00:05.319 66200 INFO tempest.lib.common.rest_client [req-2ebfdbd2-054d-44a0-9296-3058c261ef6a req-2ebfdbd2-054d-44a0-9296-3058c261ef6a ] Request (QuotaClassesAdminTestJSON:tearDownClass): 204 DELETE http://10.180.1.21/networking/v2.0/security-groups/20048565-b309-468b-81bc-513988fc2f95 0.183s
2025-11-22 07:00:05.401 66200 INFO tempest.lib.common.rest_client [req-a52f29ee-b385-4043-83b6-77fa5e7b8419 req-a52f29ee-b385-4043-83b6-77fa5e7b8419 ] Request (QuotaClassesAdminTestJSON:tearDownClass): 204 DELETE http://10.180.1.21/identity/v3/projects/e0ba3f9327a34bdb9d32ad446f647794 0.081s
2025-11-22 07:00:05.401 66200 INFO tempest.lib.common.dynamic_creds [-] Deleting project and security group for project: 077af2732b364e85ae90037f341f3954
2025-11-22 07:00:05.482 66192 INFO tempest.lib.common.rest_client [req-6da0cd04-7240-42d8-8002-8e8b3b823677 req-6da0cd04-7240-42d8-8002-8e8b3b823677 ] Request (MigrationsAdminTest:test_list_migrations_in_flavor_resize_situation): 200 GET http://10.180.1.21/compute/v2.1/servers/5d6ac74a-8fdd-4e7a-8801-f7f852de0e61 0.796s
2025-11-22 07:00:05.491 66192 INFO tempest.common.waiters [-] State transition "VERIFY_RESIZE/None" ==> "ACTIVE/None" after 20 second wait
2025-11-22 07:00:05.511 66168 INFO tempest.lib.common.rest_client [req-ff5b830a-8028-4cbe-85b9-d39b57e63da9 req-ff5b830a-8028-4cbe-85b9-d39b57e63da9 ] Request (FlavorsAdminTestJSON:test_list_non_public_flavor): 200 GET http://10.180.1.21/compute/v2.1/flavors/detail 0.824s
2025-11-22 07:00:05.588 66208 INFO tempest.lib.common.rest_client [req-77a513fa-fecc-4f02-84ec-b2415f0d2185 req-77a513fa-fecc-4f02-84ec-b2415f0d2185 ] Request (ServerTagsTestJSON:test_update_all_tags): 200 PUT http://10.180.1.21/compute/v2.1/servers/2b37e752-9208-40f7-b838-868b2e1b6c51/tags 0.884s
2025-11-22 07:00:05.610 66200 INFO tempest.lib.common.rest_client [req-4aebee89-cd89-4d40-9c5e-43f785e55348 req-4aebee89-cd89-4d40-9c5e-43f785e55348 ] Request (QuotaClassesAdminTestJSON:tearDownClass): 200 GET http://10.180.1.21/networking/v2.0/security-groups?tenant_id=077af2732b364e85ae90037f341f3954&name=default 0.208s
2025-11-22 07:00:05.765 66200 INFO tempest.lib.common.rest_client [req-44fa6e6f-8ec5-42d7-9596-e2eeaaea43e1 req-44fa6e6f-8ec5-42d7-9596-e2eeaaea43e1 ] Request (QuotaClassesAdminTestJSON:tearDownClass): 204 DELETE http://10.180.1.21/networking/v2.0/security-groups/d36a7770-0108-4c22-8e0f-9e366880f22a 0.155s
2025-11-22 07:00:05.856 66190 INFO tempest.lib.common.rest_client [req-75919228-37c1-463b-a785-1bb55b44030d req-75919228-37c1-463b-a785-1bb55b44030d ] Request (FloatingIPsAssociationTestJSON:setUpClass): 200 POST http://10.180.1.21/compute/v2.1/os-floating-ips 1.299s
2025-11-22 07:00:05.870 66182 INFO tempest.lib.common.rest_client [req-48c0830e-3553-48f3-98e1-fc1f23578466 req-48c0830e-3553-48f3-98e1-fc1f23578466 ] Request (ImagesOneServerTestJSON:tearDownClass): 200 GET http://10.180.1.21/compute/v2.1/servers/e18b7178-633c-4914-b523-fc941801b601 1.082s
2025-11-22 07:00:05.918 66200 INFO tempest.lib.common.rest_client [req-369747cb-c4e2-4712-8fda-f80520d2b354 req-369747cb-c4e2-4712-8fda-f80520d2b354 ] Request (QuotaClassesAdminTestJSON:tearDownClass): 204 DELETE http://10.180.1.21/identity/v3/projects/077af2732b364e85ae90037f341f3954 0.152s
2025-11-22 07:00:05.934 66190 INFO tempest.lib.common.rest_client [req-dd514741-745c-45d3-a3ae-dc0850fae0e5 req-dd514741-745c-45d3-a3ae-dc0850fae0e5 ] Request (FloatingIPsAssociationTestJSON:test_associate_already_associated_floating_ip): 201 POST http://10.180.1.21/identity/v3/auth/tokens 0.071s
2025-11-22 07:00:05.934 66190 INFO tempest.lib.common.fixed_network [-] (FloatingIPsAssociationTestJSON:test_associate_already_associated_floating_ip) Found network {'id': '3593974e-951d-4b87-a6e4-2984047cd235', 'name': 'tempest-FloatingIPsAssociationTestJSON-234974181-network', 'tenant_id': 'b5fd294a436c476d88f8a138115046e3', 'project_id': 'b5fd294a436c476d88f8a138115046e3', 'admin_state_up': True, 'mtu': 8950, 'status': 'ACTIVE', 'subnets': [], 'shared': False, 'port_security_enabled': True, 'router:external': False, 'provider:network_type': 'vlan', 'provider:physical_network': 'default', 'provider:segmentation_id': 409, 'availability_zone_hints': [], 'availability_zones': [], 'ipv4_address_scope': None, 'ipv6_address_scope': None, 'description': '', 'tags': [], 'created_at': '2025-11-22T06:59:20Z', 'updated_at': '2025-11-22T06:59:20Z', 'revision_number': 1} available for tenant
2025-11-22 07:00:06.005 66200 INFO tempest.lib.common.rest_client [req-d441b2af-45a4-49f6-b496-2882fb299d13 req-d441b2af-45a4-49f6-b496-2882fb299d13 ] Request (TenantUsagesNegativeTestJSON:setUpClass): 201 POST http://10.180.1.21/identity/v3/auth/tokens 0.085s
2025-11-22 07:00:06.035 66178 INFO tempest.lib.common.rest_client [req-29f691ef-4cac-43da-9c24-d032a6d26e64 req-29f691ef-4cac-43da-9c24-d032a6d26e64 ] Request (ServerActionsTestOtherA:setUpClass): 200 GET http://10.180.1.21/compute/v2.1/servers/2ae31916-dae6-41e1-bf1a-02151b4f8156 1.133s
2025-11-22 07:00:06.053 66200 INFO tempest.lib.common.rest_client [req-e582a68f-7866-4073-b133-88cc1bde533e req-e582a68f-7866-4073-b133-88cc1bde533e ] Request (TenantUsagesNegativeTestJSON:setUpClass): 201 POST http://10.180.1.21/identity/v3/auth/tokens 0.045s
2025-11-22 07:00:06.085 66200 INFO tempest.lib.common.rest_client [req-212bcce5-1d2f-4d61-afa9-2c9b7a79438d req-212bcce5-1d2f-4d61-afa9-2c9b7a79438d ] Request (TenantUsagesNegativeTestJSON:setUpClass): 200 GET http://10.180.1.21/identity/v3/domains?name=Default 0.031s
2025-11-22 07:00:06.114 66200 INFO tempest.lib.common.rest_client [req-9d2620a8-41ea-4cd4-bea1-7356c847e5bb req-9d2620a8-41ea-4cd4-bea1-7356c847e5bb ] Request (TenantUsagesNegativeTestJSON:setUpClass): 201 POST http://10.180.1.21/identity/v3/projects 0.028s
2025-11-22 07:00:06.184 66200 INFO tempest.lib.common.rest_client [req-dee0ff18-d332-4db5-a844-165441fde2cb req-dee0ff18-d332-4db5-a844-165441fde2cb ] Request (TenantUsagesNegativeTestJSON:setUpClass): 201 POST http://10.180.1.21/identity/v3/users 0.068s
2025-11-22 07:00:06.196 66176 INFO tempest.lib.common.rest_client [req-21ab8af9-35c6-40c8-9b07-e47bd9b42aa2 req-21ab8af9-35c6-40c8-9b07-e47bd9b42aa2 ] Request (ListServerFiltersTestJSON:test_list_servers_filtered_by_ip): 200 GET http://10.180.1.21/compute/v2.1/servers?ip=192.168.128.13 1.229s
2025-11-22 07:00:06.205 66200 INFO tempest.lib.common.rest_client [req-a09c636b-b23e-4182-9863-a0b6cfe51891 req-a09c636b-b23e-4182-9863-a0b6cfe51891 ] Request (TenantUsagesNegativeTestJSON:setUpClass): 200 GET http://10.180.1.21/identity/v3/roles 0.020s
2025-11-22 07:00:06.234 66200 INFO tempest.lib.common.rest_client [req-4e40f7c6-1316-426b-b9cd-f73a9e498738 req-4e40f7c6-1316-426b-b9cd-f73a9e498738 ] Request (TenantUsagesNegativeTestJSON:setUpClass): 204 PUT http://10.180.1.21/identity/v3/projects/f67c1a8d2c444bb6b53565497d23f6a9/users/09d3cfdb375145969f8cb44ccae92264/roles/3e9d1dc623cc4ea8b5897aafda021c34 0.029s
2025-11-22 07:00:06.234 66200 INFO tempest.lib.common.dynamic_creds [-] Dynamic test user 09d3cfdb375145969f8cb44ccae92264 is created with scope project and roles: ['member']
2025-11-22 07:00:06.235 66200 INFO tempest.lib.common.dynamic_creds [-] Acquired dynamic creds: credentials: Credentials: {'domain_id': 'default', 'domain_name': 'Default', 'username': 'tempest-TenantUsagesNegativeTestJSON-149160953-project-member', 'project_domain_id': 'default', 'project_domain_name': 'Default', 'project_id': 'f67c1a8d2c444bb6b53565497d23f6a9', 'project_name': 'tempest-TenantUsagesNegativeTestJSON-149160953', 'tenant_id': 'f67c1a8d2c444bb6b53565497d23f6a9', 'tenant_name': 'tempest-TenantUsagesNegativeTestJSON-149160953', 'user_domain_id': 'default', 'user_domain_name': 'Default', 'user_id': '09d3cfdb375145969f8cb44ccae92264', 'system': None}, Network: None, Subnet: None, Router: None
2025-11-22 07:00:06.235 66200 INFO tempest.lib.common.dynamic_creds [-] Created isolated network resources for: credentials: Credentials: {'domain_id': 'default', 'domain_name': 'Default', 'username': 'tempest-TenantUsagesNegativeTestJSON-149160953-project-member', 'project_domain_id': 'default', 'project_domain_name': 'Default', 'project_id': 'f67c1a8d2c444bb6b53565497d23f6a9', 'project_name': 'tempest-TenantUsagesNegativeTestJSON-149160953', 'tenant_id': 'f67c1a8d2c444bb6b53565497d23f6a9', 'tenant_name': 'tempest-TenantUsagesNegativeTestJSON-149160953', 'user_domain_id': 'default', 'user_domain_name': 'Default', 'user_id': '09d3cfdb375145969f8cb44ccae92264', 'system': None}, Network: None, Subnet: None, Router: None
2025-11-22 07:00:06.254 66225 INFO tempest.lib.common.rest_client [req-a8391589-05ca-48eb-ba27-9c9378c539a6 req-a8391589-05ca-48eb-ba27-9c9378c539a6 ] Request (ServersTestBootFromVolume:setUpClass): 200 GET http://10.180.1.21/compute/v2.1/servers/99c5cf64-acde-4234-b597-282c5df2e59c 1.239s
2025-11-22 07:00:06.341 66200 INFO tempest.lib.common.rest_client [req-5d43b0b8-a866-4a18-a10b-d4acab92be9d req-5d43b0b8-a866-4a18-a10b-d4acab92be9d ] Request (TenantUsagesNegativeTestJSON:setUpClass): 201 POST http://10.180.1.21/identity/v3/auth/tokens 0.103s
2025-11-22 07:00:06.356 66194 INFO tempest.lib.common.rest_client [req-846b7543-12a0-4e5f-9702-35e9f3859548 req-846b7543-12a0-4e5f-9702-35e9f3859548 ] Request (ImagesTestJSON:test_create_image_from_stopped_server): 202 POST http://10.180.1.21/compute/v2.1/servers/fda4e945-57ae-4817-9cbe-7e2586c9b954/action 1.505s
2025-11-22 07:00:06.418 66200 INFO tempest.lib.common.rest_client [req-43edbfdf-71f6-465b-8d14-96c20d4210d8 req-43edbfdf-71f6-465b-8d14-96c20d4210d8 ] Request (TenantUsagesNegativeTestJSON:setUpClass): 201 POST http://10.180.1.21/identity/v3/projects 0.076s
2025-11-22 07:00:06.420 66212 INFO tempest.lib.common.rest_client [req-9507ec29-d60d-4f7e-84ce-0366c5f3c6ef req-9507ec29-d60d-4f7e-84ce-0366c5f3c6ef ] Request (DeleteServersAdminTestJSON:test_delete_server_while_in_error_state): 200 GET http://10.180.1.21/compute/v2.1/servers/fb05838d-2a18-4898-b9c4-d4bf63756d3a 1.339s
2025-11-22 07:00:06.462 66226 INFO tempest.lib.common.rest_client [req-2e4a17a4-ed81-4198-91d3-6dcf8998c811 req-2e4a17a4-ed81-4198-91d3-6dcf8998c811 ] Request (KeyPairsV22TestJSON:test_keypairsv22_create_list_show): 201 POST http://10.180.1.21/compute/v2.1/os-keypairs 1.371s
2025-11-22 07:00:06.491 66186 INFO tempest.lib.common.rest_client [req-916047b3-0c69-404f-8b29-eae5c006bec3 req-916047b3-0c69-404f-8b29-eae5c006bec3 ] Request (FloatingIPsAssociationNegativeTestJSON:setUpClass): 200 GET http://10.180.1.21/compute/v2.1/servers/9692c645-6ee3-4b5d-aae1-16afe2015361 1.433s
2025-11-22 07:00:06.497 66188 INFO tempest.lib.common.rest_client [req-3b150b3e-54ca-460f-ae00-f2971ecec697 req-3b150b3e-54ca-460f-ae00-f2971ecec697 ] Request (MultipleCreateNegativeTestJSON:test_min_count_non_integer): 400 POST http://10.180.1.21/compute/v2.1/servers 1.307s
2025-11-22 07:00:06.520 66200 INFO tempest.lib.common.rest_client [req-36d86165-d9ff-466b-a487-7b28ccd8da70 req-36d86165-d9ff-466b-a487-7b28ccd8da70 ] Request (TenantUsagesNegativeTestJSON:setUpClass): 201 POST http://10.180.1.21/identity/v3/users 0.101s
2025-11-22 07:00:06.541 66228 INFO tempest.lib.common.rest_client [req-6337a92b-180a-4695-bd78-bb4220f02f55 req-6337a92b-180a-4695-bd78-bb4220f02f55 ] Request (AttachInterfacesTestJSON:test_create_list_show_delete_interfaces_by_fixed_ip): 200 GET http://10.180.1.21/compute/v2.1/servers/ef02007b-844b-47c3-91d7-9a0a17b09fef 1.375s
2025-11-22 07:00:06.557 66200 INFO tempest.lib.common.rest_client [req-04d26ea7-98d1-4a36-83bf-324db27e54aa req-04d26ea7-98d1-4a36-83bf-324db27e54aa ] Request (TenantUsagesNegativeTestJSON:setUpClass): 200 GET http://10.180.1.21/identity/v3/roles 0.033s
2025-11-22 07:00:06.578 66172 INFO tempest.lib.common.rest_client [req-066bc2d7-9a95-46a8-aafe-fb80d1595e6f req-066bc2d7-9a95-46a8-aafe-fb80d1595e6f ] Request (ServersAdminNegativeTestJSON:test_migrate_server_invalid_state): 200 GET http://10.180.1.21/compute/v2.1/servers/509b846b-de85-48ab-b631-bc2f316a9d41 1.373s
2025-11-22 07:00:06.600 66188 INFO tempest.lib.common.rest_client [req-98eb7626-b26c-4647-b2bd-cef1bdf30cae req-98eb7626-b26c-4647-b2bd-cef1bdf30cae ] Request (MultipleCreateNegativeTestJSON:tearDownClass): 204 DELETE http://10.180.1.21/identity/v3/users/22571e7254d44c4b8cbf4faa37b2adf6 0.100s
2025-11-22 07:00:06.600 66188 INFO tempest.lib.common.dynamic_creds [-] Deleting project and security group for project: 3400b1ae53444fe992894b3d4d3d9517
2025-11-22 07:00:06.604 66216 INFO tempest.lib.common.rest_client [req-9757f8a1-373e-4ebc-8492-3d7867dd2798 req-9757f8a1-373e-4ebc-8492-3d7867dd2798 ] Request (ServerGroupTestJSON:test_create_server_with_scheduler_hint_group): 200 GET http://10.180.1.21/compute/v2.1/servers/1eb1bb90-3913-42a4-85ce-75ff38a182b3 1.378s
2025-11-22 07:00:06.621 66196 WARNING tempest.lib.common.ssh [-] Failed to establish authenticated ssh connection to cirros@10.180.180.152 ([Errno None] Unable to connect to port 22 on 10.180.180.152). Number attempts: 3. Retry after 4 seconds.: paramiko.ssh_exception.NoValidConnectionsError: [Errno None] Unable to connect to port 22 on 10.180.180.152
2025-11-22 07:00:06.630 66200 INFO tempest.lib.common.rest_client [req-0dae43d3-6d26-455d-84e8-20571203ab42 req-0dae43d3-6d26-455d-84e8-20571203ab42 ] Request (TenantUsagesNegativeTestJSON:setUpClass): 204 PUT http://10.180.1.21/identity/v3/projects/ffaf07e933bb4d2d91413cec5c07bc8f/users/a537b946914f4a2380d4fc5c99d051ef/roles/472a407b81684449858703ffca627cc2 0.073s
2025-11-22 07:00:06.643 66180 INFO tempest.lib.common.rest_client [req-ef1832b9-d3e4-4834-9128-e5a91a709add req-ef1832b9-d3e4-4834-9128-e5a91a709add ] Request (VolumesAdminNegativeTest:test_update_attached_volume_with_nonexistent_volume_in_uri): 200 GET http://10.180.1.21/compute/v2.1/servers/4430c9b6-b4a4-47fd-a580-0ea09ae29054 1.371s
2025-11-22 07:00:06.652 66180 INFO tempest.common.waiters [-] State transition "BUILD/scheduling" ==> "BUILD/None" after 2 second wait
2025-11-22 07:00:06.679 66184 INFO tempest.lib.common.rest_client [req-4908a819-4e96-4c65-a94b-21469f1de879 req-4908a819-4e96-4c65-a94b-21469f1de879 ] Request (ServersListShow298Test:test_list_show_update_rebuild_server_298): 200 GET http://10.180.1.21/compute/v2.1/servers/3a03e8b8-d5e9-418d-adfd-af5aefccc48f 1.311s
2025-11-22 07:00:06.683 66188 INFO tempest.lib.common.rest_client [req-fdfaa6e7-f2cd-4bdf-b918-b8dd63001793 req-fdfaa6e7-f2cd-4bdf-b918-b8dd63001793 ] Request (MultipleCreateNegativeTestJSON:tearDownClass): 201 POST http://10.180.1.21/identity/v3/auth/tokens 0.083s
2025-11-22 07:00:06.694 66200 INFO tempest.lib.common.rest_client [req-a63620d5-481b-4427-a3b2-ac9500f76401 req-a63620d5-481b-4427-a3b2-ac9500f76401 ] Request (TenantUsagesNegativeTestJSON:setUpClass): 200 GET http://10.180.1.21/identity/v3/roles 0.063s
2025-11-22 07:00:06.699 66168 INFO tempest.lib.common.rest_client [req-f8292bdf-5b92-4c8b-9331-1c30a2a34a1b req-f8292bdf-5b92-4c8b-9331-1c30a2a34a1b ] Request (FlavorsAdminTestJSON:_run_cleanups): 202 DELETE http://10.180.1.21/compute/v2.1/flavors/1953870899 1.180s
2025-11-22 07:00:06.717 66208 INFO tempest.lib.common.rest_client [req-77824380-402b-4ce2-aa6d-52f2699b0b64 req-77824380-402b-4ce2-aa6d-52f2699b0b64 ] Request (ServerTagsTestJSON:test_update_all_tags): 200 GET http://10.180.1.21/compute/v2.1/servers/2b37e752-9208-40f7-b838-868b2e1b6c51/tags 1.128s
2025-11-22 07:00:06.722 66200 INFO tempest.lib.common.rest_client [req-daf11280-8132-4ca5-8fd7-44158105fcdb req-daf11280-8132-4ca5-8fd7-44158105fcdb ] Request (TenantUsagesNegativeTestJSON:setUpClass): 204 PUT http://10.180.1.21/identity/v3/projects/ffaf07e933bb4d2d91413cec5c07bc8f/users/a537b946914f4a2380d4fc5c99d051ef/roles/472a407b81684449858703ffca627cc2 0.024s
2025-11-22 07:00:06.722 66200 INFO tempest.lib.common.dynamic_creds [-] Dynamic test user a537b946914f4a2380d4fc5c99d051ef is created with scope project and roles: ['admin']
2025-11-22 07:00:06.723 66200 INFO tempest.lib.common.dynamic_creds [-] Acquired dynamic creds: credentials: Credentials: {'domain_id': 'default', 'domain_name': 'Default', 'username': 'tempest-TenantUsagesNegativeTestJSON-910115291-project-admin', 'project_domain_id': 'default', 'project_domain_name': 'Default', 'project_id': 'ffaf07e933bb4d2d91413cec5c07bc8f', 'project_name': 'tempest-TenantUsagesNegativeTestJSON-910115291', 'tenant_id': 'ffaf07e933bb4d2d91413cec5c07bc8f', 'tenant_name': 'tempest-TenantUsagesNegativeTestJSON-910115291', 'user_domain_id': 'default', 'user_domain_name': 'Default', 'user_id': 'a537b946914f4a2380d4fc5c99d051ef', 'system': None}, Network: None, Subnet: None, Router: None
2025-11-22 07:00:06.723 66200 INFO tempest.lib.common.dynamic_creds [-] Created isolated network resources for: credentials: Credentials: {'domain_id': 'default', 'domain_name': 'Default', 'username': 'tempest-TenantUsagesNegativeTestJSON-910115291-project-admin', 'project_domain_id': 'default', 'project_domain_name': 'Default', 'project_id': 'ffaf07e933bb4d2d91413cec5c07bc8f', 'project_name': 'tempest-TenantUsagesNegativeTestJSON-910115291', 'tenant_id': 'ffaf07e933bb4d2d91413cec5c07bc8f', 'tenant_name': 'tempest-TenantUsagesNegativeTestJSON-910115291', 'user_domain_id': 'default', 'user_domain_name': 'Default', 'user_id': 'a537b946914f4a2380d4fc5c99d051ef', 'system': None}, Network: None, Subnet: None, Router: None
2025-11-22 07:00:06.762 66192 INFO tempest.lib.common.rest_client [req-63cde15d-9c68-4038-80e7-d905bdbc0db2 req-63cde15d-9c68-4038-80e7-d905bdbc0db2 ] Request (MigrationsAdminTest:test_list_migrations_in_flavor_resize_situation): 200 GET http://10.180.1.21/compute/v2.1/servers/5d6ac74a-8fdd-4e7a-8801-f7f852de0e61 1.270s
2025-11-22 07:00:06.791 66170 INFO tempest.lib.common.rest_client [req-171bbcbe-3ab5-4627-a11d-00adc42257d1 req-171bbcbe-3ab5-4627-a11d-00adc42257d1 ] Request (ImagesOneServerNegativeTestJSON:_run_cleanups): 200 GET http://10.180.1.21/compute/v2.1/servers/4592e3f9-1d6b-4e7c-b5e2-f1ae96cf7fc1 1.197s
2025-11-22 07:00:06.799 66170 INFO tempest.common.waiters [-] State transition "ACTIVE/deleting" ==> "DELETED/None" after 4 second wait
2025-11-22 07:00:06.820 66200 INFO tempest.lib.common.rest_client [req-36c0935c-583b-4a84-9de1-29f579871bfc req-36c0935c-583b-4a84-9de1-29f579871bfc ] Request (TenantUsagesNegativeTestJSON:setUpClass): 201 POST http://10.180.1.21/identity/v3/auth/tokens 0.095s
2025-11-22 07:00:06.855 66222 INFO tempest.lib.common.rest_client [req-8da31afd-76b7-4d6a-a826-aefee6aac74d req-8da31afd-76b7-4d6a-a826-aefee6aac74d ] Request (ServersListShow2100Test:test_list_show_rebuild_update_server_2100): 200 GET http://10.180.1.21/compute/v2.1/servers/d6bd2b96-04cf-4f31-bd8a-682cd22169e6 1.183s
2025-11-22 07:00:06.868 66222 INFO tempest.common.waiters [-] State transition "REBUILD/rebuild_block_device_mapping" ==> "REBUILD/rebuild_spawning" after 3 second wait
2025-11-22 07:00:06.955 66174 INFO tempest.lib.common.rest_client [req-badf0463-d4bc-40c6-91f6-4c5864dd6296 req-badf0463-d4bc-40c6-91f6-4c5864dd6296 ] Request (SecurityGroupsTestJSON:test_list_security_groups_by_server): 200 GET http://10.180.1.21/compute/v2.1/servers/f90f1aaf-7c7c-4828-a0c5-d9453ea72a9c 1.050s
2025-11-22 07:00:06.971 66188 INFO tempest.lib.common.rest_client [req-da8a4011-44cd-4646-a4d8-7b3f01ae22ff req-da8a4011-44cd-4646-a4d8-7b3f01ae22ff ] Request (MultipleCreateNegativeTestJSON:tearDownClass): 200 GET http://10.180.1.21/networking/v2.0/security-groups?tenant_id=3400b1ae53444fe992894b3d4d3d9517&name=default 0.287s
2025-11-22 07:00:06.994 66202 INFO tempest.lib.common.rest_client [req-906b7906-6bcf-46a0-a1ce-8755d05fc5f3 req-906b7906-6bcf-46a0-a1ce-8755d05fc5f3 ] Request (VolumesAssistedSnapshotsTest:_run_cleanups): 200 GET http://10.180.1.21/compute/v2.1/servers/4f5c4da9-8ea6-440d-9f9a-4dd2f0b0b509/os-volume_attachments 1.004s
2025-11-22 07:00:07.092 66188 INFO tempest.lib.common.rest_client [req-d84a12de-25a0-489c-ac73-76b33b87736c req-d84a12de-25a0-489c-ac73-76b33b87736c ] Request (MultipleCreateNegativeTestJSON:tearDownClass): 204 DELETE http://10.180.1.21/networking/v2.0/security-groups/fcb5b960-2261-4b7a-8d71-78c84de2bb40 0.121s
2025-11-22 07:00:07.167 66188 INFO tempest.lib.common.rest_client [req-87549f3a-34ba-4b83-b82a-85259921cc0a req-87549f3a-34ba-4b83-b82a-85259921cc0a ] Request (MultipleCreateNegativeTestJSON:tearDownClass): 204 DELETE http://10.180.1.21/identity/v3/projects/3400b1ae53444fe992894b3d4d3d9517 0.074s
2025-11-22 07:00:07.238 66188 INFO tempest.lib.common.rest_client [req-93ee5360-6ab6-4316-85f3-ef6722a50610 req-93ee5360-6ab6-4316-85f3-ef6722a50610 ] Request (ServerPasswordTestJSON:setUpClass): 201 POST http://10.180.1.21/identity/v3/auth/tokens 0.069s
2025-11-22 07:00:07.274 66188 INFO tempest.lib.common.rest_client [req-13ce6aad-96bf-4cff-9b9e-2c8b7ceed343 req-13ce6aad-96bf-4cff-9b9e-2c8b7ceed343 ] Request (ServerPasswordTestJSON:setUpClass): 201 POST http://10.180.1.21/identity/v3/auth/tokens 0.033s
2025-11-22 07:00:07.280 66198 INFO tempest.lib.common.rest_client [req-3d0ff19a-ea04-4c6b-be32-40e7f1dedb85 req-3d0ff19a-ea04-4c6b-be32-40e7f1dedb85 ] Request (ServerRescueNegativeTestJSON:setUpClass): 200 GET http://10.180.1.21/compute/v2.1/servers/0ce84edd-7167-4c06-a74b-3eb0076e90ea 1.201s
2025-11-22 07:00:07.287 66198 INFO tempest.common.waiters [-] State transition "BUILD/spawning" ==> "ACTIVE/None" after 35 second wait
2025-11-22 07:00:07.318 66188 INFO tempest.lib.common.rest_client [req-f8f7281d-4b94-4e19-abf9-7d9cce3163ff req-f8f7281d-4b94-4e19-abf9-7d9cce3163ff ] Request (ServerPasswordTestJSON:setUpClass): 200 GET http://10.180.1.21/identity/v3/domains?name=Default 0.043s
2025-11-22 07:00:07.349 66188 INFO tempest.lib.common.rest_client [req-683430ef-0700-4814-a8af-4c63f30476c2 req-683430ef-0700-4814-a8af-4c63f30476c2 ] Request (ServerPasswordTestJSON:setUpClass): 201 POST http://10.180.1.21/identity/v3/projects 0.030s
2025-11-22 07:00:07.447 66188 INFO tempest.lib.common.rest_client [req-d8ad191f-6549-4118-80e0-29b9cd2fe0bf req-d8ad191f-6549-4118-80e0-29b9cd2fe0bf ] Request (ServerPasswordTestJSON:setUpClass): 201 POST http://10.180.1.21/identity/v3/users 0.097s
2025-11-22 07:00:07.491 66188 INFO tempest.lib.common.rest_client [req-891f5d4d-479e-4801-9017-620020dffa95 req-891f5d4d-479e-4801-9017-620020dffa95 ] Request (ServerPasswordTestJSON:setUpClass): 200 GET http://10.180.1.21/identity/v3/roles 0.044s
2025-11-22 07:00:07.530 66188 INFO tempest.lib.common.rest_client [req-c2838d9a-2450-4547-a76d-469b3d8e764d req-c2838d9a-2450-4547-a76d-469b3d8e764d ] Request (ServerPasswordTestJSON:setUpClass): 204 PUT http://10.180.1.21/identity/v3/projects/8c2151605a88400fb18a180a904e1106/users/21b29981e96d4a99bfa15306110aba54/roles/3e9d1dc623cc4ea8b5897aafda021c34 0.038s
2025-11-22 07:00:07.530 66188 INFO tempest.lib.common.dynamic_creds [-] Dynamic test user 21b29981e96d4a99bfa15306110aba54 is created with scope project and roles: ['member']
2025-11-22 07:00:07.530 66188 INFO tempest.lib.common.dynamic_creds [-] Acquired dynamic creds: credentials: Credentials: {'domain_id': 'default', 'domain_name': 'Default', 'username': 'tempest-ServerPasswordTestJSON-79193177-project-member', 'project_domain_id': 'default', 'project_domain_name': 'Default', 'project_id': '8c2151605a88400fb18a180a904e1106', 'project_name': 'tempest-ServerPasswordTestJSON-79193177', 'tenant_id': '8c2151605a88400fb18a180a904e1106', 'tenant_name': 'tempest-ServerPasswordTestJSON-79193177', 'user_domain_id': 'default', 'user_domain_name': 'Default', 'user_id': '21b29981e96d4a99bfa15306110aba54', 'system': None}, Network: None, Subnet: None, Router: None
2025-11-22 07:00:07.619 66188 INFO tempest.lib.common.rest_client [req-e7fc59e7-58c9-46f8-b4da-63a6bf786e2d req-e7fc59e7-58c9-46f8-b4da-63a6bf786e2d ] Request (ServerPasswordTestJSON:setUpClass): 201 POST http://10.180.1.21/identity/v3/auth/tokens 0.088s
2025-11-22 07:00:07.672 66176 INFO tempest.lib.common.rest_client [req-4ffc0744-dfb0-4d11-b96f-383f0f7ae183 req-4ffc0744-dfb0-4d11-b96f-383f0f7ae183 ] Request (ListServerFiltersTestJSON:test_list_servers_filtered_by_ip_regex): 200 GET http://10.180.1.21/compute/v2.1/servers/8e2587d3-f730-47aa-b3e2-0ea94ab90ad5 1.473s
2025-11-22 07:00:07.714 66190 INFO tempest.lib.common.rest_client [req-35bc50e0-2584-4bb4-a830-ef73fddec97c req-35bc50e0-2584-4bb4-a830-ef73fddec97c ] Request (FloatingIPsAssociationTestJSON:test_associate_already_associated_floating_ip): 202 POST http://10.180.1.21/compute/v2.1/servers 1.779s
2025-11-22 07:00:07.720 66194 INFO tempest.lib.common.rest_client [req-c682ce50-13ee-4e81-baa5-3229f0a14fea req-c682ce50-13ee-4e81-baa5-3229f0a14fea ] Request (ImagesTestJSON:test_create_image_from_stopped_server): 200 GET http://10.180.1.21/compute/v2.1/images/b1bb2af1-54a0-4f36-bc94-2ed9da849fe0 1.361s
2025-11-22 07:00:07.729 66226 INFO tempest.lib.common.rest_client [req-5a7ebc29-8581-443f-ac1c-f14ede044c42 req-5a7ebc29-8581-443f-ac1c-f14ede044c42 ] Request (KeyPairsV22TestJSON:test_keypairsv22_create_list_show): 200 GET http://10.180.1.21/compute/v2.1/os-keypairs/tempest-keypair-404640345 1.264s
2025-11-22 07:00:07.758 66168 INFO tempest.lib.common.rest_client [req-76964589-3231-40e1-9ca4-92d54452cc53 req-76964589-3231-40e1-9ca4-92d54452cc53 ] Request (FlavorsAdminTestJSON:_run_cleanups): 200 GET http://10.180.1.21/compute/v2.1/flavors/detail 1.058s
2025-11-22 07:00:07.827 66192 INFO tempest.lib.common.rest_client [req-b2709b3e-cf6d-4195-84c1-0a84fb0866ec req-b2709b3e-cf6d-4195-84c1-0a84fb0866ec ] Request (MigrationsAdminTest:test_list_migrations_in_flavor_resize_situation): 200 POST http://10.180.1.21/compute/v2.1/os-keypairs 1.055s
2025-11-22 07:00:07.828 66208 INFO tempest.lib.common.rest_client [req-50a52709-6312-4567-8498-09c4b02c5d5b req-50a52709-6312-4567-8498-09c4b02c5d5b ] Request (ServerTagsTestJSON:_run_cleanups): 204 DELETE http://10.180.1.21/compute/v2.1/servers/2b37e752-9208-40f7-b838-868b2e1b6c51/tags 1.109s
2025-11-22 07:00:07.939 66200 INFO tempest.lib.common.rest_client [req-5acedb1d-6804-44b6-a859-5d798112e6b8 req-5acedb1d-6804-44b6-a859-5d798112e6b8 ] Request (TenantUsagesNegativeTestJSON:test_get_usage_tenant_with_empty_tenant_id): 404 GET http://10.180.1.21/compute/v2.1/os-simple-tenant-usage/?start=2025-11-21T07%3A00%3A06.821140&end=2025-11-23T07%3A00%3A06.821140 1.118s
2025-11-22 07:00:07.940 66200 WARNING tempest.lib.common.rest_client [-] Deprecated: "tenant_id" property is deprecated for removal, use "project_id" instead
2025-11-22 07:00:08.026 66188 INFO tempest.lib.common.rest_client [req-221650bb-7a65-48ad-91a0-8fc150d6c2e2 req-221650bb-7a65-48ad-91a0-8fc150d6c2e2 ] Request (ServerPasswordTestJSON:setUpClass): 201 POST http://10.180.1.21/networking/v2.0/networks 0.407s
2025-11-22 07:00:08.129 66192 INFO tempest.lib.common.rest_client [req-90ffe2f9-60cf-4fe4-aed9-02b62a701ac4 req-90ffe2f9-60cf-4fe4-aed9-02b62a701ac4 ] Request (MigrationsAdminTest:test_list_migrations_in_flavor_resize_situation): 201 POST http://10.180.1.21/networking/v2.0/security-groups 0.300s
2025-11-22 07:00:08.152 66182 INFO tempest.lib.common.rest_client [req-2a028597-e9a3-4c32-9365-16afc536b6bc req-2a028597-e9a3-4c32-9365-16afc536b6bc ] Request (ImagesOneServerTestJSON:tearDownClass): 200 GET http://10.180.1.21/compute/v2.1/servers/e18b7178-633c-4914-b523-fc941801b601 1.271s
2025-11-22 07:00:08.368 66188 INFO tempest.lib.common.rest_client [req-7b25271c-9a64-444d-b70c-dfc6b134ef74 req-7b25271c-9a64-444d-b70c-dfc6b134ef74 ] Request (ServerPasswordTestJSON:setUpClass): 201 POST http://10.180.1.21/networking/v2.0/subnets 0.341s
2025-11-22 07:00:08.456 66192 INFO tempest.lib.common.rest_client [req-6c5ee9f8-8e66-470f-a5e3-1485e22ef8c9 req-6c5ee9f8-8e66-470f-a5e3-1485e22ef8c9 ] Request (MigrationsAdminTest:test_list_migrations_in_flavor_resize_situation): 201 POST http://10.180.1.21/networking/v2.0/security-group-rules 0.327s
2025-11-22 07:00:08.482 66225 INFO tempest.lib.common.rest_client [req-7738cf06-47ed-49af-92cb-d111c485acb7 req-7738cf06-47ed-49af-92cb-d111c485acb7 ] Request (ServersTestBootFromVolume:setUpClass): 200 GET http://10.180.1.21/compute/v2.1/servers/99c5cf64-acde-4234-b597-282c5df2e59c 1.218s
2025-11-22 07:00:08.508 66178 INFO tempest.lib.common.rest_client [req-10c3e6e6-5635-434f-a97c-71b00e49f260 req-10c3e6e6-5635-434f-a97c-71b00e49f260 ] Request (ServerActionsTestOtherA:setUpClass): 200 GET http://10.180.1.21/compute/v2.1/servers/2ae31916-dae6-41e1-bf1a-02151b4f8156 1.464s
2025-11-22 07:00:08.576 66198 INFO tempest.lib.common.rest_client [req-98c1eb2a-a667-4796-bbff-6e1e701ad14a req-98c1eb2a-a667-4796-bbff-6e1e701ad14a ] Request (ServerRescueNegativeTestJSON:setUpClass): 200 POST http://10.180.1.21/compute/v2.1/servers/0ce84edd-7167-4c06-a74b-3eb0076e90ea/action 1.288s
2025-11-22 07:00:08.906 66206 WARNING tempest.lib.common.ssh [-] Failed to establish authenticated ssh connection to cirros@10.180.180.239 ([Errno None] Unable to connect to port 22 on 10.180.180.239). Number attempts: 7. Retry after 8 seconds.: paramiko.ssh_exception.NoValidConnectionsError: [Errno None] Unable to connect to port 22 on 10.180.180.239
2025-11-22 07:00:09.263 66188 INFO tempest.lib.common.rest_client [req-7394f55d-a5e4-4c92-bfe7-f786fb74e599 req-7394f55d-a5e4-4c92-bfe7-f786fb74e599 ] Request (ServerPasswordTestJSON:setUpClass): 201 POST http://10.180.1.21/networking/v2.0/routers 0.894s
2025-11-22 07:00:09.374 66192 INFO tempest.lib.common.rest_client [req-50aed847-3730-4569-ab35-b58b7ee8d225 req-50aed847-3730-4569-ab35-b58b7ee8d225 ] Request (MigrationsAdminTest:test_list_migrations_in_flavor_resize_situation): 201 POST http://10.180.1.21/networking/v2.0/security-group-rules 0.916s
2025-11-22 07:00:09.399 66212 INFO tempest.lib.common.rest_client [req-8ec3b0c0-0312-4e85-8d35-cbc9ec314997 req-8ec3b0c0-0312-4e85-8d35-cbc9ec314997 ] Request (DeleteServersAdminTestJSON:test_delete_server_while_in_error_state): 200 GET http://10.180.1.21/compute/v2.1/servers/fb05838d-2a18-4898-b9c4-d4bf63756d3a 1.971s
2025-11-22 07:00:09.879 66192 INFO tempest.lib.common.rest_client [req-ba326f0a-7b43-4f11-8552-76d8abac9d2e req-ba326f0a-7b43-4f11-8552-76d8abac9d2e ] Request (MigrationsAdminTest:test_list_migrations_in_flavor_resize_situation): 201 POST http://10.180.1.21/networking/v2.0/floatingips 0.505s
2025-11-22 07:00:10.009 66186 INFO tempest.lib.common.rest_client [req-ae3659db-d187-4917-b3f8-78c3ba909e5e req-ae3659db-d187-4917-b3f8-78c3ba909e5e ] Request (FloatingIPsAssociationNegativeTestJSON:setUpClass): 200 GET http://10.180.1.21/compute/v2.1/servers/9692c645-6ee3-4b5d-aae1-16afe2015361 2.507s
2025-11-22 07:00:10.017 66186 INFO tempest.common.waiters [-] State transition "BUILD/spawning" ==> "ACTIVE/None" after 21 second wait
2025-11-22 07:00:10.085 66228 INFO tempest.lib.common.rest_client [req-4347fc1d-5fe4-4967-a568-a16f56a9472a req-4347fc1d-5fe4-4967-a568-a16f56a9472a ] Request (AttachInterfacesTestJSON:test_create_list_show_delete_interfaces_by_fixed_ip): 200 GET http://10.180.1.21/compute/v2.1/servers/ef02007b-844b-47c3-91d7-9a0a17b09fef 2.532s
2025-11-22 07:00:10.092 66228 INFO tempest.common.waiters [-] State transition "BUILD/None" ==> "BUILD/spawning" after 20 second wait
2025-11-22 07:00:10.155 66172 INFO tempest.lib.common.rest_client [req-5ca4208b-8b06-4029-8750-9f2b7857cca1 req-5ca4208b-8b06-4029-8750-9f2b7857cca1 ] Request (ServersAdminNegativeTestJSON:test_migrate_server_invalid_state): 200 GET http://10.180.1.21/compute/v2.1/servers/509b846b-de85-48ab-b631-bc2f316a9d41 2.568s
2025-11-22 07:00:10.170 66172 INFO tempest.common.waiters [-] State transition "BUILD/None" ==> "BUILD/networking" after 19 second wait
2025-11-22 07:00:10.244 66216 INFO tempest.lib.common.rest_client [req-e994b3cd-ec1e-4c4a-82ff-0f073def5f14 req-e994b3cd-ec1e-4c4a-82ff-0f073def5f14 ] Request (ServerGroupTestJSON:test_create_server_with_scheduler_hint_group): 200 GET http://10.180.1.21/compute/v2.1/servers/1eb1bb90-3913-42a4-85ce-75ff38a182b3 2.630s
2025-11-22 07:00:10.284 66188 INFO tempest.lib.common.rest_client [req-b56ea135-786d-40cd-9bfd-4aef70d9db17 req-b56ea135-786d-40cd-9bfd-4aef70d9db17 ] Request (ServerPasswordTestJSON:setUpClass): 200 PUT http://10.180.1.21/networking/v2.0/routers/bab2ab67-a961-4e68-8a09-dd7dea54810e/add_router_interface 1.021s
2025-11-22 07:00:10.284 66188 INFO tempest.lib.common.dynamic_creds [-] Created isolated network resources for: credentials: Credentials: {'domain_id': 'default', 'domain_name': 'Default', 'username': 'tempest-ServerPasswordTestJSON-79193177-project-member', 'project_domain_id': 'default', 'project_domain_name': 'Default', 'project_id': '8c2151605a88400fb18a180a904e1106', 'project_name': 'tempest-ServerPasswordTestJSON-79193177', 'tenant_id': '8c2151605a88400fb18a180a904e1106', 'tenant_name': 'tempest-ServerPasswordTestJSON-79193177', 'user_domain_id': 'default', 'user_domain_name': 'Default', 'user_id': '21b29981e96d4a99bfa15306110aba54', 'system': None}, Network: {'id': 'f10b7fa4-5e11-45d8-9bba-af4257d9dea4', 'name': 'tempest-ServerPasswordTestJSON-1660015745-network', 'tenant_id': '8c2151605a88400fb18a180a904e1106', 'project_id': '8c2151605a88400fb18a180a904e1106', 'admin_state_up': True, 'mtu': 8950, 'status': 'ACTIVE', 'subnets': [], 'shared': False, 'port_security_enabled': True, 'router:external': False, 'provider:network_type': 'vlan', 'provider:physical_network': 'default', 'provider:segmentation_id': 53, 'availability_zone_hints': [], 'availability_zones': [], 'ipv4_address_scope': None, 'ipv6_address_scope': None, 'description': '', 'tags': [], 'created_at': '2025-11-22T07:00:07Z', 'updated_at': '2025-11-22T07:00:07Z', 'revision_number': 1}, Subnet: {'id': '9a86ae85-6d48-4b23-a871-99b5954effca', 'name': 'tempest-ServerPasswordTestJSON-1660015745-subnet', 'tenant_id': '8c2151605a88400fb18a180a904e1106', 'network_id': 'f10b7fa4-5e11-45d8-9bba-af4257d9dea4', 'ip_version': 4, 'subnetpool_id': None, 'enable_dhcp': True, 'ipv6_ra_mode': None, 'ipv6_address_mode': None, 'gateway_ip': '192.168.128.1', 'cidr': '192.168.128.0/28', 'allocation_pools': [{'start': '192.168.128.2', 'end': '192.168.128.14'}], 'host_routes': [], 'dns_nameservers': [], 'description': '', 'router:external': False, 'service_types': [], 'tags': [], 'created_at': '2025-11-22T07:00:08Z', 'updated_at': '2025-11-22T07:00:08Z', 'revision_number': 0, 'project_id': '8c2151605a88400fb18a180a904e1106'}, Router: {'id': 'bab2ab67-a961-4e68-8a09-dd7dea54810e', 'name': 'tempest-ServerPasswordTestJSON-1660015745-router', 'tenant_id': '8c2151605a88400fb18a180a904e1106', 'admin_state_up': True, 'status': 'ACTIVE', 'external_gateway_info': {'network_id': '9c1cc0f0-ebed-455b-8b07-64068ce2c0af', 'external_fixed_ips': [{'subnet_id': 'b149e916-7896-4e87-95d7-c142b2772e9d', 'ip_address': '10.180.180.203'}], 'enable_snat': True}, 'description': '', 'availability_zones': [], 'distributed': False, 'ha': False, 'availability_zone_hints': [], 'routes': [], 'flavor_id': None, 'tags': [], 'created_at': '2025-11-22T07:00:08Z', 'updated_at': '2025-11-22T07:00:08Z', 'revision_number': 2, 'project_id': '8c2151605a88400fb18a180a904e1106'}
2025-11-22 07:00:10.312 66180 INFO tempest.lib.common.rest_client [req-34017624-ffc9-4289-9755-0b48ed7804ce req-34017624-ffc9-4289-9755-0b48ed7804ce ] Request (VolumesAdminNegativeTest:test_update_attached_volume_with_nonexistent_volume_in_uri): 200 GET http://10.180.1.21/compute/v2.1/servers/4430c9b6-b4a4-47fd-a580-0ea09ae29054 2.658s
2025-11-22 07:00:10.429 66188 INFO tempest.lib.common.rest_client [req-b81e89f8-8cda-493d-8c61-bb7eaeebd49e req-b81e89f8-8cda-493d-8c61-bb7eaeebd49e ] Request (ServerPasswordTestJSON:setUpClass): 201 POST http://10.180.1.21/identity/v3/auth/tokens 0.140s
2025-11-22 07:00:10.488 66188 INFO tempest.lib.common.rest_client [req-b353486f-b155-498d-8269-651282ae27c3 req-b353486f-b155-498d-8269-651282ae27c3 ] Request (ServerPasswordTestJSON:setUpClass): 201 POST http://10.180.1.21/identity/v3/auth/tokens 0.051s
2025-11-22 07:00:10.488 66188 INFO tempest.lib.common.fixed_network [-] (ServerPasswordTestJSON:setUpClass) Found network {'id': 'f10b7fa4-5e11-45d8-9bba-af4257d9dea4', 'name': 'tempest-ServerPasswordTestJSON-1660015745-network', 'tenant_id': '8c2151605a88400fb18a180a904e1106', 'project_id': '8c2151605a88400fb18a180a904e1106', 'admin_state_up': True, 'mtu': 8950, 'status': 'ACTIVE', 'subnets': [], 'shared': False, 'port_security_enabled': True, 'router:external': False, 'provider:network_type': 'vlan', 'provider:physical_network': 'default', 'provider:segmentation_id': 53, 'availability_zone_hints': [], 'availability_zones': [], 'ipv4_address_scope': None, 'ipv6_address_scope': None, 'description': '', 'tags': [], 'created_at': '2025-11-22T07:00:07Z', 'updated_at': '2025-11-22T07:00:07Z', 'revision_number': 1} available for tenant
2025-11-22 07:00:10.560 66184 INFO tempest.lib.common.rest_client [req-49e3b657-45b1-468c-a461-29dedc896d0c req-49e3b657-45b1-468c-a461-29dedc896d0c ] Request (ServersListShow298Test:test_list_show_update_rebuild_server_298): 200 GET http://10.180.1.21/compute/v2.1/servers/3a03e8b8-d5e9-418d-adfd-af5aefccc48f 2.867s
2025-11-22 07:00:10.679 66176 INFO tempest.lib.common.rest_client [req-2d0c5600-4cd6-4841-b95b-1a876e3e9662 req-2d0c5600-4cd6-4841-b95b-1a876e3e9662 ] Request (ListServerFiltersTestJSON:test_list_servers_filtered_by_ip_regex): 200 GET http://10.180.1.21/compute/v2.1/servers/f2acbd70-0375-426a-b917-c671daa59b53 2.998s
2025-11-22 07:00:10.698 66226 INFO tempest.lib.common.rest_client [req-6232e9a4-5677-4bf6-844c-6e988525eff0 req-6232e9a4-5677-4bf6-844c-6e988525eff0 ] Request (KeyPairsV22TestJSON:test_keypairsv22_create_list_show): 200 GET http://10.180.1.21/compute/v2.1/os-keypairs 2.966s
2025-11-22 07:00:10.718 66168 INFO tempest.lib.common.rest_client [req-7b2139ce-b7f8-4c6e-83d9-9d0030242b55 req-7b2139ce-b7f8-4c6e-83d9-9d0030242b55 ] Request (FlavorsAdminTestJSON:test_list_public_flavor_with_other_user): 200 POST http://10.180.1.21/compute/v2.1/flavors 2.954s
2025-11-22 07:00:10.759 66190 INFO tempest.lib.common.rest_client [req-d8327031-6f54-4743-a69e-dad423da261e req-d8327031-6f54-4743-a69e-dad423da261e ] Request (FloatingIPsAssociationTestJSON:test_associate_already_associated_floating_ip): 200 GET http://10.180.1.21/compute/v2.1/servers/9962dfae-4075-41c5-99f5-ad96564a5c42 3.043s
2025-11-22 07:00:10.900 66208 INFO tempest.lib.common.rest_client [req-23dadf2c-e0f1-445f-84c3-f68182ad1b4a req-23dadf2c-e0f1-445f-84c3-f68182ad1b4a ] Request (ServerTagsTestJSON:tearDownClass): 204 DELETE http://10.180.1.21/compute/v2.1/servers/2b37e752-9208-40f7-b838-868b2e1b6c51 3.070s
