2025-11-22 05:01:56.733 66417 INFO tempest.lib.common.rest_client [req-daf1e287-34dc-4b6c-9400-d15803d617df req-daf1e287-34dc-4b6c-9400-d15803d617df ] Request (ServerActionsTestOtherB:setUpClass): 200 GET http://10.180.1.21/compute/v2.1/servers/048e0480-3cb7-4cce-aa59-9c9cdd189bb7 3.774s
2025-11-22 05:01:56.741 66419 INFO tempest.lib.common.rest_client [req-379ecaa3-4341-4014-a604-e407f3303269 req-379ecaa3-4341-4014-a604-e407f3303269 ] Request (ServerActionsTestJSON:setUpClass): 201 POST http://10.180.1.21/identity/v3/users 0.105s
2025-11-22 05:01:56.744 66417 INFO tempest.common.waiters [-] State transition "BUILD/spawning" ==> "ACTIVE/None" after 28 second wait
2025-11-22 05:01:56.766 66419 INFO tempest.lib.common.rest_client [req-21a0c8d8-a774-4f9d-adcf-aa4243d03e4b req-21a0c8d8-a774-4f9d-adcf-aa4243d03e4b ] Request (ServerActionsTestJSON:setUpClass): 200 GET http://10.180.1.21/identity/v3/roles 0.025s
2025-11-22 05:01:56.781 66365 INFO tempest.lib.common.rest_client [req-a886c0c1-0092-4d81-b0f6-c69f93c00078 req-a886c0c1-0092-4d81-b0f6-c69f93c00078 ] Request (ImagesNegativeTestJSON:test_create_image_from_deleted_server): 202 POST http://10.180.1.21/compute/v2.1/servers 4.024s
2025-11-22 05:01:56.797 66419 INFO tempest.lib.common.rest_client [req-b976397f-71ba-47ef-80b1-f4c48521ba93 req-b976397f-71ba-47ef-80b1-f4c48521ba93 ] Request (ServerActionsTestJSON:setUpClass): 204 PUT http://10.180.1.21/identity/v3/projects/4a97a8f4323d41e6992a50056ca5aa5b/users/243b2d0a11564e0b9a42a6ea6964f178/roles/780f46d44c6d4a2da1c1ce644ec523a1 0.031s
2025-11-22 05:01:56.798 66419 INFO tempest.lib.common.dynamic_creds [-] Dynamic test user 243b2d0a11564e0b9a42a6ea6964f178 is created with scope project and roles: ['member']
2025-11-22 05:01:56.798 66419 INFO tempest.lib.common.dynamic_creds [-] Acquired dynamic creds: credentials: Credentials: {'domain_id': 'default', 'domain_name': 'Default', 'username': 'tempest-ServerActionsTestJSON-1697578993-project-member', 'project_domain_id': 'default', 'project_domain_name': 'Default', 'project_id': '4a97a8f4323d41e6992a50056ca5aa5b', 'project_name': 'tempest-ServerActionsTestJSON-1697578993', 'tenant_id': '4a97a8f4323d41e6992a50056ca5aa5b', 'tenant_name': 'tempest-ServerActionsTestJSON-1697578993', 'user_domain_id': 'default', 'user_domain_name': 'Default', 'user_id': '243b2d0a11564e0b9a42a6ea6964f178', 'system': None}, Network: None, Subnet: None, Router: None
2025-11-22 05:01:56.832 66367 INFO tempest.lib.common.rest_client [req-3697c4e8-9851-4a81-a4e6-ef938c02b73d req-3697c4e8-9851-4a81-a4e6-ef938c02b73d ] Request (MultipleCreateTestJSON:_run_cleanups): 200 GET http://10.180.1.21/compute/v2.1/servers/5d2fae8d-3b62-4328-8f82-e3c43cb60de2 3.761s
2025-11-22 05:01:56.852 66361 INFO tempest.lib.common.rest_client [req-3e81125e-0ee9-4937-a126-a9852c4e33ea req-3e81125e-0ee9-4937-a126-a9852c4e33ea ] Request (ServersTestMultiNic:_run_cleanups): 200 GET http://10.180.1.21/compute/v2.1/servers/b5d6439f-fc27-4d3a-82c2-0302f67d9f18 3.647s
2025-11-22 05:01:56.875 66379 INFO tempest.lib.common.rest_client [req-be9a7a3f-835a-4950-989b-aad5630a72ef req-be9a7a3f-835a-4950-989b-aad5630a72ef ] Request (FlavorsAdminTestJSON:test_list_non_public_flavor): 200 GET http://10.180.1.21/compute/v2.1/flavors/detail 3.030s
2025-11-22 05:01:56.895 66419 INFO tempest.lib.common.rest_client [req-a744c17d-0801-4ebf-9b47-4dc185c39a13 req-a744c17d-0801-4ebf-9b47-4dc185c39a13 ] Request (ServerActionsTestJSON:setUpClass): 201 POST http://10.180.1.21/identity/v3/auth/tokens 0.096s
2025-11-22 05:01:56.957 66383 INFO tempest.lib.common.rest_client [req-673c37e9-920f-43a8-ba6b-44272b7e1b5c req-673c37e9-920f-43a8-ba6b-44272b7e1b5c ] Request (ServersTestBootFromVolume:tearDownClass): 200 GET http://10.180.1.21/compute/v2.1/servers/4dd1afdb-d3da-4be3-87ef-6966c4d4507e 3.651s
2025-11-22 05:01:57.002 66401 INFO tempest.lib.common.rest_client [req-47f242b2-4922-451d-a16a-87b348ae7123 req-47f242b2-4922-451d-a16a-87b348ae7123 ] Request (ServersListShow296Test:test_list_show_update_rebuild_server_296): 200 GET http://10.180.1.21/compute/v2.1/servers/ad407696-c600-4160-9271-a0b127f5aa28 3.040s
2025-11-22 05:01:57.226 66419 INFO tempest.lib.common.rest_client [req-376fd66f-3eff-414b-af77-cc8107cf8f22 req-376fd66f-3eff-414b-af77-cc8107cf8f22 ] Request (ServerActionsTestJSON:setUpClass): 201 POST http://10.180.1.21/networking/v2.0/networks 0.331s
2025-11-22 05:01:57.252 66395 INFO tempest.lib.common.rest_client [req-98e255eb-b5e8-48fb-bace-7829bdd34745 req-98e255eb-b5e8-48fb-bace-7829bdd34745 ] Request (VolumesAssistedSnapshotsTest:tearDownClass): 200 GET http://10.180.1.21/compute/v2.1/servers/7f1dfa01-2d2e-4979-b91b-da48b1fc033a 2.963s
2025-11-22 05:01:57.274 66413 INFO tempest.lib.common.rest_client [req-fed14b62-7209-4924-9c1a-62f247d34bd6 req-fed14b62-7209-4924-9c1a-62f247d34bd6 ] Request (HypervisorAdminNegativeTestJSON:test_show_hypervisor_with_non_admin_user): 200 GET http://10.180.1.21/compute/v2.1/os-hypervisors 2.950s
2025-11-22 05:01:57.278 66363 INFO tempest.lib.common.rest_client [req-270efec7-a654-49b5-9a71-f1acca4d2ab3 req-270efec7-a654-49b5-9a71-f1acca4d2ab3 ] Request (ServerAddressesNegativeTestJSON:setUpClass): 200 GET http://10.180.1.21/compute/v2.1/servers/e81ea6bf-79bf-4010-a824-23e3f883fd86 3.198s
2025-11-22 05:01:57.286 66363 INFO tempest.common.waiters [-] State transition "BUILD/spawning" ==> "ACTIVE/None" after 35 second wait
2025-11-22 05:01:57.410 66373 INFO paramiko.transport [-] Connected (version 2.0, client dropbear_2020.81)
2025-11-22 05:01:57.450 66397 INFO tempest.lib.common.rest_client [req-4a108447-aca8-4526-8b23-dd0ad721b9a7 req-4a108447-aca8-4526-8b23-dd0ad721b9a7 ] Request (ImagesOneServerTestJSON:tearDownClass): 200 GET http://10.180.1.21/compute/v2.1/servers/75dc7f15-0002-461a-bf2e-54d1fe36b009 2.982s
2025-11-22 05:01:57.461 66419 INFO tempest.lib.common.rest_client [req-8f15d767-ad00-4fb5-b5b5-4eda809cf3bc req-8f15d767-ad00-4fb5-b5b5-4eda809cf3bc ] Request (ServerActionsTestJSON:setUpClass): 201 POST http://10.180.1.21/networking/v2.0/subnets 0.233s
2025-11-22 05:01:57.466 66403 INFO tempest.lib.common.rest_client [req-972eb507-4279-4c2d-8583-973f3df30a9b req-972eb507-4279-4c2d-8583-973f3df30a9b ] Request (ServerPasswordTestJSON:tearDownClass): 200 GET http://10.180.1.21/compute/v2.1/servers/ddc14698-c04b-4a0e-91b5-643f702c1330 3.016s
2025-11-22 05:01:57.475 66403 INFO tempest.common.waiters [-] State transition "ACTIVE/deleting" ==> "DELETED/None" after 4 second wait
2025-11-22 05:01:57.501 66409 INFO tempest.lib.common.rest_client [req-2cacfda4-7d8c-4421-8885-ee1bed96eecb req-2cacfda4-7d8c-4421-8885-ee1bed96eecb ] Request (ImagesTestJSON:test_create_image_from_suspended_server): 200 GET http://10.180.1.21/compute/v2.1/images/915db2ab-0883-4ffd-bb5b-cfec2538ff67 2.982s
2025-11-22 05:01:57.529 66373 INFO paramiko.transport [-] Authentication (publickey) successful!
2025-11-22 05:01:57.529 66373 INFO tempest.lib.common.ssh [-] ssh connection to cirros@10.180.180.128 successfully created
2025-11-22 05:01:58.282 66419 INFO tempest.lib.common.rest_client [req-174c254c-ed0c-454d-87e1-d2129643096d req-174c254c-ed0c-454d-87e1-d2129643096d ] Request (ServerActionsTestJSON:setUpClass): 201 POST http://10.180.1.21/networking/v2.0/routers 0.820s
2025-11-22 05:01:58.366 66415 INFO tempest.lib.common.rest_client [req-c23e88cf-e4fc-49a8-86a6-ba227620d5ce req-c23e88cf-e4fc-49a8-86a6-ba227620d5ce ] Request (ServersAdminNegativeTestJSON:tearDownClass): 200 GET http://10.180.1.21/compute/v2.1/servers/9b330cf6-81d0-4f50-aaf0-4ccad5947307 3.578s
2025-11-22 05:01:58.385 66388 INFO tempest.lib.common.rest_client [req-5f64d71f-ce8f-473f-b9fc-6ab2c91f11fc req-5f64d71f-ce8f-473f-b9fc-6ab2c91f11fc ] Request (ServersTestJSON:tearDownClass): 200 GET http://10.180.1.21/compute/v2.1/servers/66f94546-b866-4506-bd59-2aedd56846c7 3.554s
2025-11-22 05:01:58.575 66375 INFO tempest.lib.common.rest_client [req-d3d20f49-24bf-44c0-885d-475d8ffe744e req-d3d20f49-24bf-44c0-885d-475d8ffe744e ] Request (ServersV294TestFqdnHostnames:setUpClass): 201 POST http://10.180.1.21/compute/v2.1/os-keypairs 2.262s
2025-11-22 05:01:59.087 66381 INFO tempest.lib.common.rest_client [req-207128f6-9369-474e-a7db-67de5a82e78e req-207128f6-9369-474e-a7db-67de5a82e78e ] Request (FloatingIPsAssociationTestJSON:tearDownClass): 200 GET http://10.180.1.21/compute/v2.1/servers/aec03c13-1069-4e76-a997-4ebe57fd97b4 3.758s
2025-11-22 05:01:59.186 66375 INFO tempest.lib.common.rest_client [req-744b895f-dd70-43bb-8546-463aaef02ffa req-744b895f-dd70-43bb-8546-463aaef02ffa ] Request (ServersV294TestFqdnHostnames:setUpClass): 201 POST http://10.180.1.21/networking/v2.0/security-groups 0.608s
2025-11-22 05:01:59.256 66419 INFO tempest.lib.common.rest_client [req-b7c98ccd-eff6-4dd9-b43a-2ddef17f3882 req-b7c98ccd-eff6-4dd9-b43a-2ddef17f3882 ] Request (ServerActionsTestJSON:setUpClass): 200 PUT http://10.180.1.21/networking/v2.0/routers/11de29b9-e18b-436a-ac06-269f926ae7e6/add_router_interface 0.974s
2025-11-22 05:01:59.256 66419 INFO tempest.lib.common.dynamic_creds [-] Created isolated network resources for: credentials: Credentials: {'domain_id': 'default', 'domain_name': 'Default', 'username': 'tempest-ServerActionsTestJSON-1697578993-project-member', 'project_domain_id': 'default', 'project_domain_name': 'Default', 'project_id': '4a97a8f4323d41e6992a50056ca5aa5b', 'project_name': 'tempest-ServerActionsTestJSON-1697578993', 'tenant_id': '4a97a8f4323d41e6992a50056ca5aa5b', 'tenant_name': 'tempest-ServerActionsTestJSON-1697578993', 'user_domain_id': 'default', 'user_domain_name': 'Default', 'user_id': '243b2d0a11564e0b9a42a6ea6964f178', 'system': None}, Network: {'id': '09bc14de-7c76-4668-9e5b-9719774330d2', 'name': 'tempest-ServerActionsTestJSON-271387638-network', 'tenant_id': '4a97a8f4323d41e6992a50056ca5aa5b', 'project_id': '4a97a8f4323d41e6992a50056ca5aa5b', 'admin_state_up': True, 'mtu': 8950, 'status': 'ACTIVE', 'subnets': [], 'shared': False, 'port_security_enabled': True, 'router:external': False, 'provider:network_type': 'vlan', 'provider:physical_network': 'default', 'provider:segmentation_id': 101, 'availability_zone_hints': [], 'availability_zones': [], 'ipv4_address_scope': None, 'ipv6_address_scope': None, 'description': '', 'tags': [], 'created_at': '2025-11-22T05:01:57Z', 'updated_at': '2025-11-22T05:01:57Z', 'revision_number': 1}, Subnet: {'id': '876a95a0-cd9c-4fda-a8e7-cead919c2ee2', 'name': 'tempest-ServerActionsTestJSON-271387638-subnet', 'tenant_id': '4a97a8f4323d41e6992a50056ca5aa5b', 'network_id': '09bc14de-7c76-4668-9e5b-9719774330d2', 'ip_version': 4, 'subnetpool_id': None, 'enable_dhcp': True, 'ipv6_ra_mode': None, 'ipv6_address_mode': None, 'gateway_ip': '192.168.128.1', 'cidr': '192.168.128.0/28', 'allocation_pools': [{'start': '192.168.128.2', 'end': '192.168.128.14'}], 'host_routes': [], 'dns_nameservers': [], 'description': '', 'router:external': False, 'service_types': [], 'tags': [], 'created_at': '2025-11-22T05:01:57Z', 'updated_at': '2025-11-22T05:01:57Z', 'revision_number': 0, 'project_id': '4a97a8f4323d41e6992a50056ca5aa5b'}, Router: {'id': '11de29b9-e18b-436a-ac06-269f926ae7e6', 'name': 'tempest-ServerActionsTestJSON-271387638-router', 'tenant_id': '4a97a8f4323d41e6992a50056ca5aa5b', 'admin_state_up': True, 'status': 'ACTIVE', 'external_gateway_info': {'network_id': 'ad014c77-ae2c-4b6e-a995-da92e248072a', 'external_fixed_ips': [{'subnet_id': 'c2b2065e-1cdb-4c1f-ba2b-f64e9ab97ab6', 'ip_address': '10.180.180.195'}], 'enable_snat': True}, 'description': '', 'availability_zones': [], 'distributed': False, 'ha': False, 'availability_zone_hints': [], 'routes': [], 'flavor_id': None, 'tags': [], 'created_at': '2025-11-22T05:01:57Z', 'updated_at': '2025-11-22T05:01:57Z', 'revision_number': 2, 'project_id': '4a97a8f4323d41e6992a50056ca5aa5b'}
2025-11-22 05:01:59.291 66417 INFO tempest.lib.common.rest_client [req-9ca9e5f4-46ed-452c-a8db-bf9318b9b9c1 req-9ca9e5f4-46ed-452c-a8db-bf9318b9b9c1 ] Request (ServerActionsTestOtherB:setUpClass): 200 GET http://10.180.1.21/compute/v2.1/servers/048e0480-3cb7-4cce-aa59-9c9cdd189bb7/os-interface 2.547s
2025-11-22 05:01:59.335 66391 INFO tempest.lib.common.rest_client [req-ad7a0184-0584-46ac-b449-f4a93c7006bf req-ad7a0184-0584-46ac-b449-f4a93c7006bf ] Request (FloatingIPsAssociationNegativeTestJSON:setUpClass): 200 GET http://10.180.1.21/compute/v2.1/servers/a12e8027-1941-4149-8825-99761a8f3182 2.654s
2025-11-22 05:01:59.372 66419 INFO tempest.lib.common.rest_client [req-1a0f5db2-ce8f-418d-8d65-2f8c96f9eee1 req-1a0f5db2-ce8f-418d-8d65-2f8c96f9eee1 ] Request (ServerActionsTestJSON:setUpClass): 201 POST http://10.180.1.21/identity/v3/auth/tokens 0.112s
2025-11-22 05:01:59.380 66375 INFO tempest.lib.common.rest_client [req-67f0bdb8-f7dd-4bf7-a6a6-b9a86f81d6db req-67f0bdb8-f7dd-4bf7-a6a6-b9a86f81d6db ] Request (ServersV294TestFqdnHostnames:setUpClass): 201 POST http://10.180.1.21/networking/v2.0/security-group-rules 0.193s
2025-11-22 05:01:59.405 66411 INFO tempest.lib.common.rest_client [req-1b25dfe6-db24-457b-ba0a-c8b9946eb8d7 req-1b25dfe6-db24-457b-ba0a-c8b9946eb8d7 ] Request (ServersTestFqdnHostnames:test_create_server_with_fqdn_name): 200 GET http://10.180.1.21/compute/v2.1/servers/2494820c-25e1-4892-ae39-439e79ca22b5 2.642s
2025-11-22 05:01:59.432 66379 INFO tempest.lib.common.rest_client [req-f11ac574-a127-4ffb-837d-27d95d45a713 req-f11ac574-a127-4ffb-837d-27d95d45a713 ] Request (FlavorsAdminTestJSON:test_list_non_public_flavor): 200 GET http://10.180.1.21/compute/v2.1/flavors/detail 2.547s
2025-11-22 05:01:59.449 66365 INFO tempest.lib.common.rest_client [req-afc4f2b4-55c0-4c70-9680-5d5f730a619c req-afc4f2b4-55c0-4c70-9680-5d5f730a619c ] Request (ImagesNegativeTestJSON:test_create_image_from_deleted_server): 200 GET http://10.180.1.21/compute/v2.1/servers/7b1290b3-b263-4a23-ac34-c7048bdeba70 2.666s
2025-11-22 05:01:59.525 66375 INFO tempest.lib.common.rest_client [req-8d71729d-d643-44ab-90b9-296d1f87baa7 req-8d71729d-d643-44ab-90b9-296d1f87baa7 ] Request (ServersV294TestFqdnHostnames:setUpClass): 201 POST http://10.180.1.21/networking/v2.0/security-group-rules 0.144s
2025-11-22 05:01:59.591 66369 INFO tempest.lib.common.rest_client [req-468dbf7e-2482-41fc-bbff-a49b4d90c88c req-468dbf7e-2482-41fc-bbff-a49b4d90c88c ] Request (ServerDiagnosticsNegativeTest:test_get_server_diagnostics_by_non_admin): 200 GET http://10.180.1.21/compute/v2.1/servers/a53554cc-9cc2-46a0-ad3e-a7775e7f4f0f 2.690s
2025-11-22 05:01:59.876 66417 INFO tempest.lib.common.rest_client [req-9cd3f915-52d0-4b9c-aeb1-4b72acab1bc4 req-9cd3f915-52d0-4b9c-aeb1-4b72acab1bc4 ] Request (ServerActionsTestOtherB:setUpClass): 200 PUT http://10.180.1.21/networking/v2.0/floatingips/01b88d2b-1b82-4ae5-9f9f-fde0432c343f 0.582s
2025-11-22 05:01:59.878 66417 INFO tempest.lib.common.ssh [-] Creating ssh connection to '10.180.180.129:22' as 'cirros' with public key authentication
2025-11-22 05:02:00.012 66399 INFO tempest.lib.common.rest_client [req-27385c1b-26d9-4473-8ab5-d1d136ed5552 req-27385c1b-26d9-4473-8ab5-d1d136ed5552 ] Request (AttachInterfacesV270Test:test_create_get_list_interfaces): 200 GET http://10.180.1.21/compute/v2.1/servers/d8facd91-3514-46ab-83dd-4287cb63171e 3.035s
2025-11-22 05:02:00.124 66375 INFO tempest.lib.common.rest_client [req-e7fcca20-d39f-4c6f-873a-167736df268f req-e7fcca20-d39f-4c6f-873a-167736df268f ] Request (ServersV294TestFqdnHostnames:setUpClass): 201 POST http://10.180.1.21/networking/v2.0/floatingips 0.599s
2025-11-22 05:02:00.167 66375 INFO tempest.lib.common.rest_client [req-59003269-91e6-4e1e-8fdd-c8a59eab612c req-59003269-91e6-4e1e-8fdd-c8a59eab612c ] Request (ServersV294TestFqdnHostnames:setUpClass): 201 POST http://10.180.1.21/identity/v3/auth/tokens 0.040s
2025-11-22 05:02:00.168 66375 INFO tempest.lib.common.fixed_network [-] (ServersV294TestFqdnHostnames:setUpClass) Found network {'id': '79e9260b-db43-4c67-8f78-01ff455c5a1c', 'name': 'tempest-ServersV294TestFqdnHostnames-2091867109-network', 'tenant_id': '44ef10b9aec44a53ae1e1646f8e35021', 'project_id': '44ef10b9aec44a53ae1e1646f8e35021', 'admin_state_up': True, 'mtu': 8950, 'status': 'ACTIVE', 'subnets': [], 'shared': False, 'port_security_enabled': True, 'router:external': False, 'provider:network_type': 'vlan', 'provider:physical_network': 'default', 'provider:segmentation_id': 150, 'availability_zone_hints': [], 'availability_zones': [], 'ipv4_address_scope': None, 'ipv6_address_scope': None, 'description': '', 'tags': [], 'created_at': '2025-11-22T05:01:53Z', 'updated_at': '2025-11-22T05:01:53Z', 'revision_number': 1} available for tenant
2025-11-22 05:02:00.170 66371 INFO tempest.lib.common.rest_client [req-023aa3c6-21f4-4e93-acf8-f2af63aa5004 req-023aa3c6-21f4-4e93-acf8-f2af63aa5004 ] Request (ServersWithSpecificFlavorTestJSON:test_verify_created_server_ephemeral_disk): 200 GET http://10.180.1.21/compute/v2.1/servers/25b34c99-6ac6-478e-b0d5-48cdae61bac4 3.137s
2025-11-22 05:02:00.183 66371 INFO tempest.common.waiters [-] State transition "BUILD/None" ==> "BUILD/spawning" after 31 second wait
2025-11-22 05:02:00.256 66423 INFO tempest.lib.common.rest_client [req-2f75e6dd-eff3-4f9b-9570-3f0ff9664c6f req-2f75e6dd-eff3-4f9b-9570-3f0ff9664c6f ] Request (ServersListShow2100Test:test_list_show_rebuild_update_server_2100): 200 GET http://10.180.1.21/compute/v2.1/servers/70b1932b-8666-44fc-a333-2729906c9629 2.995s
2025-11-22 05:02:00.259 66389 INFO tempest.lib.common.rest_client [req-f4a30cff-7061-42fb-b5e7-88fbaeb97efb req-f4a30cff-7061-42fb-b5e7-88fbaeb97efb ] Request (ServerExternalEventsTest:tearDownClass): 200 GET http://10.180.1.21/compute/v2.1/servers/5cee6750-0f27-4659-b9cb-3cd2d34d9ac1 2.994s
2025-11-22 05:02:00.265 66413 INFO tempest.lib.common.rest_client [req-b15ae2be-8089-47e1-9836-3919f2d898ce req-b15ae2be-8089-47e1-9836-3919f2d898ce ] Request (HypervisorAdminNegativeTestJSON:test_show_hypervisor_with_non_admin_user): 403 GET http://10.180.1.21/compute/v2.1/os-hypervisors/1 2.989s
2025-11-22 05:02:00.275 66423 INFO tempest.common.waiters [-] State transition "BUILD/scheduling" ==> "BUILD/None" after 4 second wait
2025-11-22 05:02:00.293 66363 INFO tempest.lib.common.rest_client [req-e86b485b-0ca3-4989-a444-e7915130de28 req-e86b485b-0ca3-4989-a444-e7915130de28 ] Request (ServerAddressesNegativeTestJSON:test_list_server_addresses_by_network_neg): 404 GET http://10.180.1.21/compute/v2.1/servers/e81ea6bf-79bf-4010-a824-23e3f883fd86/ips/invalid 3.006s
2025-11-22 05:02:00.332 66407 INFO tempest.lib.common.rest_client [req-e0a1be3d-dea2-4f96-8290-1900576e0b52 req-e0a1be3d-dea2-4f96-8290-1900576e0b52 ] Request (ServerDiskConfigTestJSON:test_rebuild_server_with_manual_disk_config): 200 GET http://10.180.1.21/compute/v2.1/servers/97fcf019-73d2-4ca0-aeaf-5d07c85b123a 2.997s
2025-11-22 05:02:00.344 66407 INFO tempest.common.waiters [-] State transition "BUILD/None" ==> "BUILD/block_device_mapping" after 30 second wait
2025-11-22 05:02:00.418 66393 INFO tempest.lib.common.rest_client [req-1a3d5107-846f-482f-9ac4-69d961a17e92 req-1a3d5107-846f-482f-9ac4-69d961a17e92 ] Request (ServerActionsV293TestJSON:setUpClass): 200 GET http://10.180.1.21/compute/v2.1/servers/803177ce-390b-48c1-accf-08473ced7c9c 2.999s
2025-11-22 05:02:00.457 66385 INFO tempest.lib.common.rest_client [req-ff277b2b-8e19-4dd8-b799-0ab71059b859 req-ff277b2b-8e19-4dd8-b799-0ab71059b859 ] Request (SecurityGroupsTestJSON:test_list_security_groups_by_server): 200 GET http://10.180.1.21/compute/v2.1/servers/68c24116-8af5-465b-aaa2-b564fe384f9c 2.978s
2025-11-22 05:02:00.534 66373 INFO tempest.lib.common.rest_client [req-5911f062-06f5-4247-b267-6fd2b2f43729 req-5911f062-06f5-4247-b267-6fd2b2f43729 ] Request (AttachInterfacesTestJSON:test_create_list_show_delete_interfaces_by_fixed_ip): 200 GET http://10.180.1.21/compute/v2.1/servers/4e9761ca-8039-410a-b3eb-0f3d9ec1b575/os-interface 3.004s
2025-11-22 05:02:00.601 66421 INFO tempest.lib.common.rest_client [req-63e565d2-a6f3-4f52-bd62-2c7a38dc9fd8 req-63e565d2-a6f3-4f52-bd62-2c7a38dc9fd8 ] Request (AttachInterfacesUnderV243Test:test_add_remove_fixed_ip): 200 GET http://10.180.1.21/compute/v2.1/servers/b43985e6-7509-41fe-b6d9-430f256d59b9 3.059s
2025-11-22 05:02:00.631 66405 WARNING tempest.lib.common.ssh [-] Failed to establish authenticated ssh connection to cirros@10.180.180.155 ([Errno None] Unable to connect to port 22 on 10.180.180.155). Number attempts: 5. Retry after 6 seconds.: paramiko.ssh_exception.NoValidConnectionsError: [Errno None] Unable to connect to port 22 on 10.180.180.155
2025-11-22 05:02:00.650 66367 INFO tempest.lib.common.rest_client [req-284f729e-9ba7-46cd-9749-e6e9accbf9ca req-284f729e-9ba7-46cd-9749-e6e9accbf9ca ] Request (MultipleCreateTestJSON:_run_cleanups): 200 GET http://10.180.1.21/compute/v2.1/servers/5d2fae8d-3b62-4328-8f82-e3c43cb60de2 2.806s
2025-11-22 05:02:00.706 66361 INFO tempest.lib.common.rest_client [req-da0434f2-5abe-41b2-9707-c8446c0b61e5 req-da0434f2-5abe-41b2-9707-c8446c0b61e5 ] Request (ServersTestMultiNic:_run_cleanups): 200 GET http://10.180.1.21/compute/v2.1/servers/b5d6439f-fc27-4d3a-82c2-0302f67d9f18 2.838s
2025-11-22 05:02:00.734 66383 INFO tempest.lib.common.rest_client [req-4561cdce-a0e4-4c61-b685-2a8d358ad5f9 req-4561cdce-a0e4-4c61-b685-2a8d358ad5f9 ] Request (ServersTestBootFromVolume:tearDownClass): 200 GET http://10.180.1.21/compute/v2.1/servers/4dd1afdb-d3da-4be3-87ef-6966c4d4507e 2.768s
2025-11-22 05:02:00.772 66401 INFO tempest.lib.common.rest_client [req-eb4df280-8654-4ac9-97b5-2434a15997f5 req-eb4df280-8654-4ac9-97b5-2434a15997f5 ] Request (ServersListShow296Test:test_list_show_update_rebuild_server_296): 200 GET http://10.180.1.21/compute/v2.1/servers/ad407696-c600-4160-9271-a0b127f5aa28 2.759s
2025-11-22 05:02:00.837 66395 INFO tempest.lib.common.rest_client [req-b26712b5-5339-48c2-868b-d2c56da5e166 req-b26712b5-5339-48c2-868b-d2c56da5e166 ] Request (VolumesAssistedSnapshotsTest:tearDownClass): 200 GET http://10.180.1.21/compute/v2.1/servers/7f1dfa01-2d2e-4979-b91b-da48b1fc033a 2.573s
2025-11-22 05:02:00.887 66397 INFO tempest.lib.common.rest_client [req-b6afd54d-e805-42ce-a75c-565367fd0f4c req-b6afd54d-e805-42ce-a75c-565367fd0f4c ] Request (ImagesOneServerTestJSON:tearDownClass): 200 GET http://10.180.1.21/compute/v2.1/servers/75dc7f15-0002-461a-bf2e-54d1fe36b009 2.427s
2025-11-22 05:02:00.936 66409 INFO tempest.lib.common.rest_client [req-55adba25-4557-4528-a9c7-1601874a7321 req-55adba25-4557-4528-a9c7-1601874a7321 ] Request (ImagesTestJSON:test_create_image_from_suspended_server): 200 GET http://10.180.1.21/compute/v2.1/images/915db2ab-0883-4ffd-bb5b-cfec2538ff67 2.430s
2025-11-22 05:02:00.954 66403 INFO tempest.lib.common.rest_client [req-77c15feb-2333-4f39-9c93-0c148c4b9903 req-77c15feb-2333-4f39-9c93-0c148c4b9903 ] Request (ServerPasswordTestJSON:tearDownClass): 200 GET http://10.180.1.21/compute/v2.1/servers/ddc14698-c04b-4a0e-91b5-643f702c1330 2.476s
2025-11-22 05:02:01.042 66419 INFO tempest.lib.common.rest_client [req-dbc6e594-4d4e-4799-95cb-48d922689328 req-dbc6e594-4d4e-4799-95cb-48d922689328 ] Request (ServerActionsTestJSON:setUpClass): 200 POST http://10.180.1.21/compute/v2.1/os-keypairs 1.669s
2025-11-22 05:02:01.066 66415 INFO tempest.lib.common.rest_client [req-4e8d5961-8090-4d15-bc5c-7d008462f735 req-4e8d5961-8090-4d15-bc5c-7d008462f735 ] Request (ServersAdminNegativeTestJSON:tearDownClass): 200 GET http://10.180.1.21/compute/v2.1/servers/9b330cf6-81d0-4f50-aaf0-4ccad5947307 1.691s
2025-11-22 05:02:01.085 66379 INFO tempest.lib.common.rest_client [req-915b2563-8e81-4b12-ac71-22002165f61b req-915b2563-8e81-4b12-ac71-22002165f61b ] Request (FlavorsAdminTestJSON:_run_cleanups): 202 DELETE http://10.180.1.21/compute/v2.1/flavors/704448840 1.649s
2025-11-22 05:02:01.171 66419 INFO tempest.lib.common.rest_client [req-2cfbcd96-999c-4fb3-b950-06da65530446 req-2cfbcd96-999c-4fb3-b950-06da65530446 ] Request (ServerActionsTestJSON:setUpClass): 201 POST http://10.180.1.21/networking/v2.0/security-groups 0.126s
2025-11-22 05:02:01.195 66388 INFO tempest.lib.common.rest_client [req-8228cf06-520a-4e58-a3cb-cbf7329c5cbd req-8228cf06-520a-4e58-a3cb-cbf7329c5cbd ] Request (ServersTestJSON:tearDownClass): 200 GET http://10.180.1.21/compute/v2.1/servers/66f94546-b866-4506-bd59-2aedd56846c7 1.800s
2025-11-22 05:02:01.218 66381 INFO tempest.lib.common.rest_client [req-7f86399b-ef1d-4479-a6f0-f6b380319925 req-7f86399b-ef1d-4479-a6f0-f6b380319925 ] Request (FloatingIPsAssociationTestJSON:tearDownClass): 200 GET http://10.180.1.21/compute/v2.1/servers/aec03c13-1069-4e76-a997-4ebe57fd97b4 1.118s
2025-11-22 05:02:01.225 66413 INFO tempest.lib.common.rest_client [req-6fc82c98-ce1a-43f0-af19-a2e43c97d895 req-6fc82c98-ce1a-43f0-af19-a2e43c97d895 ] Request (HypervisorAdminNegativeTestJSON:test_show_nonexistent_hypervisor): 404 GET http://10.180.1.21/compute/v2.1/os-hypervisors/31aaac9f-9638-4f7e-9a33-e3bf528de73d 0.957s
2025-11-22 05:02:01.238 66363 INFO tempest.lib.common.rest_client [req-37fcf708-c884-4086-9f96-e3ea18d56fae req-37fcf708-c884-4086-9f96-e3ea18d56fae ] Request (ServerAddressesNegativeTestJSON:test_list_server_addresses_invalid_server_id): 404 GET http://10.180.1.21/compute/v2.1/servers/999/ips 0.941s
2025-11-22 05:02:01.325 66419 INFO tempest.lib.common.rest_client [req-77255a2f-a5a4-4725-a0de-4f278524b08d req-77255a2f-a5a4-4725-a0de-4f278524b08d ] Request (ServerActionsTestJSON:setUpClass): 201 POST http://10.180.1.21/networking/v2.0/security-group-rules 0.154s
2025-11-22 05:02:01.340 66413 INFO tempest.lib.common.rest_client [req-fa8f134e-3a6f-4df5-8c24-305de83d5484 req-fa8f134e-3a6f-4df5-8c24-305de83d5484 ] Request (HypervisorAdminNegativeTestJSON:tearDownClass): 204 DELETE http://10.180.1.21/identity/v3/users/2c8deb7de2ad4e7f95d7efb46f832cce 0.113s
2025-11-22 05:02:01.456 66413 INFO tempest.lib.common.rest_client [req-146c9141-59f4-4aef-aac8-58fa198fb81c req-146c9141-59f4-4aef-aac8-58fa198fb81c ] Request (HypervisorAdminNegativeTestJSON:tearDownClass): 204 DELETE http://10.180.1.21/identity/v3/users/27116e1337e2408d94b29e62cc21b15c 0.115s
2025-11-22 05:02:01.456 66413 INFO tempest.lib.common.dynamic_creds [-] Deleting project and security group for project: 377842cfbf084e5eb7916394e9b80081
2025-11-22 05:02:01.480 66419 INFO tempest.lib.common.rest_client [req-4ef795cf-87c9-4152-8087-8ae032cd7438 req-4ef795cf-87c9-4152-8087-8ae032cd7438 ] Request (ServerActionsTestJSON:setUpClass): 201 POST http://10.180.1.21/networking/v2.0/security-group-rules 0.154s
2025-11-22 05:02:01.525 66413 INFO tempest.lib.common.rest_client [req-dbf6706c-5aa3-4905-880f-e112a4fb53f5 req-dbf6706c-5aa3-4905-880f-e112a4fb53f5 ] Request (HypervisorAdminNegativeTestJSON:tearDownClass): 201 POST http://10.180.1.21/identity/v3/auth/tokens 0.069s
2025-11-22 05:02:01.560 66391 INFO tempest.lib.common.rest_client [req-6a342db5-2527-4d85-a7d6-515cf70acc06 req-6a342db5-2527-4d85-a7d6-515cf70acc06 ] Request (FloatingIPsAssociationNegativeTestJSON:setUpClass): 200 GET http://10.180.1.21/compute/v2.1/servers/a12e8027-1941-4149-8825-99761a8f3182 1.217s
2025-11-22 05:02:01.570 66391 INFO tempest.common.waiters [-] State transition "BUILD/spawning" ==> "ACTIVE/None" after 32 second wait
2025-11-22 05:02:02.035 66419 INFO tempest.lib.common.rest_client [req-2854410c-1a89-4b37-a677-f824233db446 req-2854410c-1a89-4b37-a677-f824233db446 ] Request (ServerActionsTestJSON:setUpClass): 201 POST http://10.180.1.21/networking/v2.0/floatingips 0.555s
2025-11-22 05:02:02.098 66419 INFO tempest.lib.common.rest_client [req-47c63dab-2c7f-4f04-b399-bb8eb45bef4d req-47c63dab-2c7f-4f04-b399-bb8eb45bef4d ] Request (ServerActionsTestJSON:setUpClass): 201 POST http://10.180.1.21/identity/v3/auth/tokens 0.059s
2025-11-22 05:02:02.099 66419 INFO tempest.lib.common.fixed_network [-] (ServerActionsTestJSON:setUpClass) Found network {'id': '09bc14de-7c76-4668-9e5b-9719774330d2', 'name': 'tempest-ServerActionsTestJSON-271387638-network', 'tenant_id': '4a97a8f4323d41e6992a50056ca5aa5b', 'project_id': '4a97a8f4323d41e6992a50056ca5aa5b', 'admin_state_up': True, 'mtu': 8950, 'status': 'ACTIVE', 'subnets': [], 'shared': False, 'port_security_enabled': True, 'router:external': False, 'provider:network_type': 'vlan', 'provider:physical_network': 'default', 'provider:segmentation_id': 101, 'availability_zone_hints': [], 'availability_zones': [], 'ipv4_address_scope': None, 'ipv6_address_scope': None, 'description': '', 'tags': [], 'created_at': '2025-11-22T05:01:57Z', 'updated_at': '2025-11-22T05:01:57Z', 'revision_number': 1} available for tenant
2025-11-22 05:02:02.153 66411 INFO tempest.lib.common.rest_client [req-d34642ea-4b99-4078-a807-46cd0fb62941 req-d34642ea-4b99-4078-a807-46cd0fb62941 ] Request (ServersTestFqdnHostnames:test_create_server_with_fqdn_name): 200 GET http://10.180.1.21/compute/v2.1/servers/2494820c-25e1-4892-ae39-439e79ca22b5 1.739s
2025-11-22 05:02:02.222 66413 INFO tempest.lib.common.rest_client [req-42bd5ab6-f48c-4f70-aa27-c9696c4552e1 req-42bd5ab6-f48c-4f70-aa27-c9696c4552e1 ] Request (HypervisorAdminNegativeTestJSON:tearDownClass): 200 GET http://10.180.1.21/networking/v2.0/security-groups?tenant_id=377842cfbf084e5eb7916394e9b80081&name=default 0.696s
2025-11-22 05:02:02.310 66413 INFO tempest.lib.common.rest_client [req-5e613dbc-6c95-4728-94c9-edf958601e31 req-5e613dbc-6c95-4728-94c9-edf958601e31 ] Request (HypervisorAdminNegativeTestJSON:tearDownClass): 204 DELETE http://10.180.1.21/networking/v2.0/security-groups/2096d6a0-3f6d-46a3-baff-6a579205393e 0.087s
2025-11-22 05:02:02.339 66365 INFO tempest.lib.common.rest_client [req-0417450a-a179-4dec-b199-ba8c6c09d312 req-0417450a-a179-4dec-b199-ba8c6c09d312 ] Request (ImagesNegativeTestJSON:test_create_image_from_deleted_server): 200 GET http://10.180.1.21/compute/v2.1/servers/7b1290b3-b263-4a23-ac34-c7048bdeba70 1.879s
2025-11-22 05:02:02.410 66413 INFO tempest.lib.common.rest_client [req-9aa3ef7b-3cbf-493f-a948-e6fa56c19714 req-9aa3ef7b-3cbf-493f-a948-e6fa56c19714 ] Request (HypervisorAdminNegativeTestJSON:tearDownClass): 204 DELETE http://10.180.1.21/identity/v3/projects/377842cfbf084e5eb7916394e9b80081 0.099s
2025-11-22 05:02:02.410 66413 INFO tempest.lib.common.dynamic_creds [-] Deleting project and security group for project: a02a09dd84ef455c803c33e436057a3e
2025-11-22 05:02:02.422 66373 INFO tempest.lib.common.rest_client [req-d4ab60ed-47d1-4fd9-bdd3-161adc27d1bf req-d4ab60ed-47d1-4fd9-bdd3-161adc27d1bf ] Request (AttachInterfacesTestJSON:test_create_list_show_delete_interfaces_by_fixed_ip): 200 GET http://10.180.1.21/compute/v2.1/servers/4e9761ca-8039-410a-b3eb-0f3d9ec1b575/os-interface/e518097b-3020-4792-8a9e-7c2b5a8ca346 1.884s
2025-11-22 05:02:02.817 66413 INFO tempest.lib.common.rest_client [req-93be2faa-ffae-43ce-a600-d73976f30421 req-93be2faa-ffae-43ce-a600-d73976f30421 ] Request (HypervisorAdminNegativeTestJSON:tearDownClass): 200 GET http://10.180.1.21/networking/v2.0/security-groups?tenant_id=a02a09dd84ef455c803c33e436057a3e&name=default 0.407s
2025-11-22 05:02:02.820 66373 INFO tempest.lib.common.rest_client [req-c2068e1d-6509-4a19-bb34-6cdace3c03ee req-c2068e1d-6509-4a19-bb34-6cdace3c03ee ] Request (AttachInterfacesTestJSON:test_create_list_show_delete_interfaces_by_fixed_ip): 200 GET http://10.180.1.21/networking/v2.0/ports?network_id=05fa7df1-d9b4-48ff-ab61-3ea401384201 0.395s
2025-11-22 05:02:02.842 66369 INFO tempest.lib.common.rest_client [req-9fe290c6-4081-4b1d-841d-ea41d4f29485 req-9fe290c6-4081-4b1d-841d-ea41d4f29485 ] Request (ServerDiagnosticsNegativeTest:test_get_server_diagnostics_by_non_admin): 200 GET http://10.180.1.21/compute/v2.1/servers/a53554cc-9cc2-46a0-ad3e-a7775e7f4f0f 2.242s
2025-11-22 05:02:02.965 66413 INFO tempest.lib.common.rest_client [req-7d591782-5120-4648-95bc-71d7c6401f9b req-7d591782-5120-4648-95bc-71d7c6401f9b ] Request (HypervisorAdminNegativeTestJSON:tearDownClass): 204 DELETE http://10.180.1.21/networking/v2.0/security-groups/4f46d3a7-fe9b-45f1-9a81-a1e5a8b2ff44 0.147s
2025-11-22 05:02:02.995 66373 INFO tempest.lib.common.rest_client [req-b4a598c7-6fdb-4680-a187-c3f1dcf9c4be req-b4a598c7-6fdb-4680-a187-c3f1dcf9c4be ] Request (AttachInterfacesTestJSON:test_create_list_show_delete_interfaces_by_fixed_ip): 200 GET http://10.180.1.21/networking/v2.0/subnets/f1db6218-536f-40ab-aaa5-768889e0f39c 0.174s
2025-11-22 05:02:03.112 66413 INFO tempest.lib.common.rest_client [req-bdbac768-87eb-4c9a-ad57-450b894536a2 req-bdbac768-87eb-4c9a-ad57-450b894536a2 ] Request (HypervisorAdminNegativeTestJSON:tearDownClass): 204 DELETE http://10.180.1.21/identity/v3/projects/a02a09dd84ef455c803c33e436057a3e 0.146s
2025-11-22 05:02:03.146 66375 INFO tempest.lib.common.rest_client [req-d142075f-9226-4d8b-96f2-cda114b972ff req-d142075f-9226-4d8b-96f2-cda114b972ff ] Request (ServersV294TestFqdnHostnames:setUpClass): 202 POST http://10.180.1.21/compute/v2.1/servers 2.977s
2025-11-22 05:02:03.172 66379 INFO tempest.lib.common.rest_client [req-f6a3f1a7-9d57-4e4a-8c56-e82645417192 req-f6a3f1a7-9d57-4e4a-8c56-e82645417192 ] Request (FlavorsAdminTestJSON:_run_cleanups): 200 GET http://10.180.1.21/compute/v2.1/flavors/detail 2.085s
2025-11-22 05:02:03.196 66399 INFO tempest.lib.common.rest_client [req-6d6807c2-b32d-403c-b067-563e76d4cab6 req-6d6807c2-b32d-403c-b067-563e76d4cab6 ] Request (AttachInterfacesV270Test:test_create_get_list_interfaces): 200 GET http://10.180.1.21/compute/v2.1/servers/d8facd91-3514-46ab-83dd-4287cb63171e 2.174s
2025-11-22 05:02:03.201 66413 INFO tempest.lib.common.rest_client [req-d1444906-be68-475b-9284-62cec1180964 req-d1444906-be68-475b-9284-62cec1180964 ] Request (InstanceUsageAuditLogTestJSON:setUpClass): 201 POST http://10.180.1.21/identity/v3/auth/tokens 0.088s
2025-11-22 05:02:03.212 66399 INFO tempest.common.waiters [-] State transition "BUILD/spawning" ==> "ACTIVE/None" after 34 second wait
2025-11-22 05:02:03.239 66413 INFO tempest.lib.common.rest_client [req-ef4d938c-2d2c-48d9-931b-c9450949a0c1 req-ef4d938c-2d2c-48d9-931b-c9450949a0c1 ] Request (InstanceUsageAuditLogTestJSON:setUpClass): 201 POST http://10.180.1.21/identity/v3/auth/tokens 0.035s
2025-11-22 05:02:03.272 66413 INFO tempest.lib.common.rest_client [req-5dde4ada-82fc-41d4-a136-868c5f0b8e71 req-5dde4ada-82fc-41d4-a136-868c5f0b8e71 ] Request (InstanceUsageAuditLogTestJSON:setUpClass): 200 GET http://10.180.1.21/identity/v3/domains?name=Default 0.032s
2025-11-22 05:02:03.297 66363 INFO tempest.lib.common.rest_client [req-e2804ecf-01d4-4274-8e05-564fc8df6be4 req-e2804ecf-01d4-4274-8e05-564fc8df6be4 ] Request (ServerAddressesNegativeTestJSON:tearDownClass): 204 DELETE http://10.180.1.21/compute/v2.1/servers/e81ea6bf-79bf-4010-a824-23e3f883fd86 2.057s
2025-11-22 05:02:03.310 66413 INFO tempest.lib.common.rest_client [req-ebb3b8ae-7a94-4eab-a048-2f80dda64563 req-ebb3b8ae-7a94-4eab-a048-2f80dda64563 ] Request (InstanceUsageAuditLogTestJSON:setUpClass): 201 POST http://10.180.1.21/identity/v3/projects 0.038s
2025-11-22 05:02:03.400 66413 INFO tempest.lib.common.rest_client [req-c3b6fff4-a499-46c9-b2c0-0f5e6bc40f81 req-c3b6fff4-a499-46c9-b2c0-0f5e6bc40f81 ] Request (InstanceUsageAuditLogTestJSON:setUpClass): 201 POST http://10.180.1.21/identity/v3/users 0.088s
2025-11-22 05:02:03.421 66413 INFO tempest.lib.common.rest_client [req-66855de8-1b8c-4f14-91b4-d35b7de63eae req-66855de8-1b8c-4f14-91b4-d35b7de63eae ] Request (InstanceUsageAuditLogTestJSON:setUpClass): 200 GET http://10.180.1.21/identity/v3/roles 0.021s
2025-11-22 05:02:03.425 66371 INFO tempest.lib.common.rest_client [req-9726c36b-3984-4d87-9c15-69a0378c92a6 req-9726c36b-3984-4d87-9c15-69a0378c92a6 ] Request (ServersWithSpecificFlavorTestJSON:test_verify_created_server_ephemeral_disk): 200 GET http://10.180.1.21/compute/v2.1/servers/25b34c99-6ac6-478e-b0d5-48cdae61bac4 2.241s
2025-11-22 05:02:03.457 66413 INFO tempest.lib.common.rest_client [req-4e9d1e2e-cbc5-4190-ab47-ad9b4872273d req-4e9d1e2e-cbc5-4190-ab47-ad9b4872273d ] Request (InstanceUsageAuditLogTestJSON:setUpClass): 204 PUT http://10.180.1.21/identity/v3/projects/3b33bc3aa496461b9520f5d1db7d0d77/users/f12993473fa744d2b5fe02d405fdb85b/roles/780f46d44c6d4a2da1c1ce644ec523a1 0.035s
2025-11-22 05:02:03.457 66413 INFO tempest.lib.common.dynamic_creds [-] Dynamic test user f12993473fa744d2b5fe02d405fdb85b is created with scope project and roles: ['member']
2025-11-22 05:02:03.458 66413 INFO tempest.lib.common.dynamic_creds [-] Acquired dynamic creds: credentials: Credentials: {'domain_id': 'default', 'domain_name': 'Default', 'username': 'tempest-InstanceUsageAuditLogTestJSON-1111681345-project-member', 'project_domain_id': 'default', 'project_domain_name': 'Default', 'project_id': '3b33bc3aa496461b9520f5d1db7d0d77', 'project_name': 'tempest-InstanceUsageAuditLogTestJSON-1111681345', 'tenant_id': '3b33bc3aa496461b9520f5d1db7d0d77', 'tenant_name': 'tempest-InstanceUsageAuditLogTestJSON-1111681345', 'user_domain_id': 'default', 'user_domain_name': 'Default', 'user_id': 'f12993473fa744d2b5fe02d405fdb85b', 'system': None}, Network: None, Subnet: None, Router: None
2025-11-22 05:02:03.458 66413 INFO tempest.lib.common.dynamic_creds [-] Created isolated network resources for: credentials: Credentials: {'domain_id': 'default', 'domain_name': 'Default', 'username': 'tempest-InstanceUsageAuditLogTestJSON-1111681345-project-member', 'project_domain_id': 'default', 'project_domain_name': 'Default', 'project_id': '3b33bc3aa496461b9520f5d1db7d0d77', 'project_name': 'tempest-InstanceUsageAuditLogTestJSON-1111681345', 'tenant_id': '3b33bc3aa496461b9520f5d1db7d0d77', 'tenant_name': 'tempest-InstanceUsageAuditLogTestJSON-1111681345', 'user_domain_id': 'default', 'user_domain_name': 'Default', 'user_id': 'f12993473fa744d2b5fe02d405fdb85b', 'system': None}, Network: None, Subnet: None, Router: None
2025-11-22 05:02:03.482 66389 INFO tempest.lib.common.rest_client [req-fa1b5be6-2800-4c4f-8c60-031d349ca411 req-fa1b5be6-2800-4c4f-8c60-031d349ca411 ] Request (ServerExternalEventsTest:tearDownClass): 200 GET http://10.180.1.21/compute/v2.1/servers/5cee6750-0f27-4659-b9cb-3cd2d34d9ac1 2.215s
2025-11-22 05:02:03.540 66413 INFO tempest.lib.common.rest_client [req-91137d55-bc3d-4333-9497-06ef1a5c84e0 req-91137d55-bc3d-4333-9497-06ef1a5c84e0 ] Request (InstanceUsageAuditLogTestJSON:setUpClass): 201 POST http://10.180.1.21/identity/v3/auth/tokens 0.077s
2025-11-22 05:02:03.570 66423 INFO tempest.lib.common.rest_client [req-11027581-f92e-42b7-b9bc-0932598f3939 req-11027581-f92e-42b7-b9bc-0932598f3939 ] Request (ServersListShow2100Test:test_list_show_rebuild_update_server_2100): 200 GET http://10.180.1.21/compute/v2.1/servers/70b1932b-8666-44fc-a333-2729906c9629 2.294s
2025-11-22 05:02:03.619 66413 INFO tempest.lib.common.rest_client [req-94b9d2db-70ac-4808-aed8-de28fb8a7d5c req-94b9d2db-70ac-4808-aed8-de28fb8a7d5c ] Request (InstanceUsageAuditLogTestJSON:setUpClass): 201 POST http://10.180.1.21/identity/v3/projects 0.078s
2025-11-22 05:02:03.673 66413 INFO tempest.lib.common.rest_client [req-2e11cff4-8f59-4124-8c84-1cd198662e1d req-2e11cff4-8f59-4124-8c84-1cd198662e1d ] Request (InstanceUsageAuditLogTestJSON:setUpClass): 201 POST http://10.180.1.21/identity/v3/users 0.054s
2025-11-22 05:02:03.696 66413 INFO tempest.lib.common.rest_client [req-5c186962-c9ff-4d20-8063-5202d5aa80d1 req-5c186962-c9ff-4d20-8063-5202d5aa80d1 ] Request (InstanceUsageAuditLogTestJSON:setUpClass): 200 GET http://10.180.1.21/identity/v3/roles 0.022s
2025-11-22 05:02:03.710 66393 INFO tempest.lib.common.rest_client [req-abd27d2d-eaa3-40dc-a53a-ebaccd22bf0c req-abd27d2d-eaa3-40dc-a53a-ebaccd22bf0c ] Request (ServerActionsV293TestJSON:setUpClass): 200 GET http://10.180.1.21/compute/v2.1/servers/803177ce-390b-48c1-accf-08473ced7c9c 2.282s
2025-11-22 05:02:03.722 66393 INFO tempest.common.waiters [-] State transition "BUILD/scheduling" ==> "BUILD/None" after 7 second wait
2025-11-22 05:02:03.735 66413 INFO tempest.lib.common.rest_client [req-04dbfec4-a02e-4f22-959a-f57b6b3bdda2 req-04dbfec4-a02e-4f22-959a-f57b6b3bdda2 ] Request (InstanceUsageAuditLogTestJSON:setUpClass): 204 PUT http://10.180.1.21/identity/v3/projects/bd570a3c54384f268f99021527bc24a7/users/d8d3f3c1d8284b1f9451f5db666ab9cf/roles/c8fa1de7626341c1b4dcc9a6f9edfc5f 0.038s
2025-11-22 05:02:03.754 66407 INFO tempest.lib.common.rest_client [req-d51b7f41-9560-4c80-849b-49e97c02b47a req-d51b7f41-9560-4c80-849b-49e97c02b47a ] Request (ServerDiskConfigTestJSON:test_rebuild_server_with_manual_disk_config): 200 GET http://10.180.1.21/compute/v2.1/servers/97fcf019-73d2-4ca0-aeaf-5d07c85b123a 2.408s
2025-11-22 05:02:03.761 66407 INFO tempest.common.waiters [-] State transition "BUILD/block_device_mapping" ==> "BUILD/spawning" after 33 second wait
2025-11-22 05:02:03.819 66413 INFO tempest.lib.common.rest_client [req-f1282e79-10aa-4a38-a02a-942e68703382 req-f1282e79-10aa-4a38-a02a-942e68703382 ] Request (InstanceUsageAuditLogTestJSON:setUpClass): 200 GET http://10.180.1.21/identity/v3/roles 0.083s
2025-11-22 05:02:03.847 66413 INFO tempest.lib.common.rest_client [req-9b4bb146-2fbb-4c0b-a787-b98664206d2d req-9b4bb146-2fbb-4c0b-a787-b98664206d2d ] Request (InstanceUsageAuditLogTestJSON:setUpClass): 204 PUT http://10.180.1.21/identity/v3/projects/bd570a3c54384f268f99021527bc24a7/users/d8d3f3c1d8284b1f9451f5db666ab9cf/roles/c8fa1de7626341c1b4dcc9a6f9edfc5f 0.027s
2025-11-22 05:02:03.848 66413 INFO tempest.lib.common.dynamic_creds [-] Dynamic test user d8d3f3c1d8284b1f9451f5db666ab9cf is created with scope project and roles: ['admin']
2025-11-22 05:02:03.848 66413 INFO tempest.lib.common.dynamic_creds [-] Acquired dynamic creds: credentials: Credentials: {'domain_id': 'default', 'domain_name': 'Default', 'username': 'tempest-InstanceUsageAuditLogTestJSON-1033615648-project-admin', 'project_domain_id': 'default', 'project_domain_name': 'Default', 'project_id': 'bd570a3c54384f268f99021527bc24a7', 'project_name': 'tempest-InstanceUsageAuditLogTestJSON-1033615648', 'tenant_id': 'bd570a3c54384f268f99021527bc24a7', 'tenant_name': 'tempest-InstanceUsageAuditLogTestJSON-1033615648', 'user_domain_id': 'default', 'user_domain_name': 'Default', 'user_id': 'd8d3f3c1d8284b1f9451f5db666ab9cf', 'system': None}, Network: None, Subnet: None, Router: None
2025-11-22 05:02:03.848 66413 INFO tempest.lib.common.dynamic_creds [-] Created isolated network resources for: credentials: Credentials: {'domain_id': 'default', 'domain_name': 'Default', 'username': 'tempest-InstanceUsageAuditLogTestJSON-1033615648-project-admin', 'project_domain_id': 'default', 'project_domain_name': 'Default', 'project_id': 'bd570a3c54384f268f99021527bc24a7', 'project_name': 'tempest-InstanceUsageAuditLogTestJSON-1033615648', 'tenant_id': 'bd570a3c54384f268f99021527bc24a7', 'tenant_name': 'tempest-InstanceUsageAuditLogTestJSON-1033615648', 'user_domain_id': 'default', 'user_domain_name': 'Default', 'user_id': 'd8d3f3c1d8284b1f9451f5db666ab9cf', 'system': None}, Network: None, Subnet: None, Router: None
2025-11-22 05:02:03.977 66413 INFO tempest.lib.common.rest_client [req-3839e5e1-23da-47fd-a391-6d6d56838a1b req-3839e5e1-23da-47fd-a391-6d6d56838a1b ] Request (InstanceUsageAuditLogTestJSON:setUpClass): 201 POST http://10.180.1.21/identity/v3/auth/tokens 0.123s
2025-11-22 05:02:04.470 66385 INFO tempest.lib.common.rest_client [req-9dfad7eb-3ca4-4209-ad4a-29f351a5f853 req-9dfad7eb-3ca4-4209-ad4a-29f351a5f853 ] Request (SecurityGroupsTestJSON:test_list_security_groups_by_server): 200 GET http://10.180.1.21/compute/v2.1/servers/68c24116-8af5-465b-aaa2-b564fe384f9c 3.001s
2025-11-22 05:02:04.477 66385 INFO tempest.common.waiters [-] State transition "BUILD/None" ==> "BUILD/spawning" after 34 second wait
2025-11-22 05:02:04.545 66391 INFO tempest.lib.common.rest_client [req-48ee04da-7225-4fee-af27-d41739926c94 req-48ee04da-7225-4fee-af27-d41739926c94 ] Request (FloatingIPsAssociationNegativeTestJSON:test_associate_ip_to_server_with_floating_ip): 200 POST http://10.180.1.21/compute/v2.1/os-floating-ips 2.974s
2025-11-22 05:02:04.547 66421 INFO tempest.lib.common.rest_client [req-e8b42a42-8ef6-459e-bb6d-0b1f0e443672 req-e8b42a42-8ef6-459e-bb6d-0b1f0e443672 ] Request (AttachInterfacesUnderV243Test:test_add_remove_fixed_ip): 200 GET http://10.180.1.21/compute/v2.1/servers/b43985e6-7509-41fe-b6d9-430f256d59b9 2.937s
2025-11-22 05:02:04.566 66361 INFO tempest.lib.common.rest_client [req-1f2103f8-ec6b-4ac9-9b78-e8c78baa86ad req-1f2103f8-ec6b-4ac9-9b78-e8c78baa86ad ] Request (ServersTestMultiNic:_run_cleanups): 404 GET http://10.180.1.21/compute/v2.1/servers/b5d6439f-fc27-4d3a-82c2-0302f67d9f18 2.847s
2025-11-22 05:02:04.609 66367 INFO tempest.lib.common.rest_client [req-a7983dc8-249e-4ed8-9607-124ef9e12d2b req-a7983dc8-249e-4ed8-9607-124ef9e12d2b ] Request (MultipleCreateTestJSON:_run_cleanups): 200 GET http://10.180.1.21/compute/v2.1/servers/5d2fae8d-3b62-4328-8f82-e3c43cb60de2 2.946s
2025-11-22 05:02:04.646 66383 INFO tempest.lib.common.rest_client [req-38185e6e-9805-4fb6-ac67-879efd667112 req-38185e6e-9805-4fb6-ac67-879efd667112 ] Request (ServersTestBootFromVolume:tearDownClass): 200 GET http://10.180.1.21/compute/v2.1/servers/4dd1afdb-d3da-4be3-87ef-6966c4d4507e 2.901s
2025-11-22 05:02:04.669 66401 INFO tempest.lib.common.rest_client [req-9bdc8ad5-ffde-4842-8cab-8377128b7893 req-9bdc8ad5-ffde-4842-8cab-8377128b7893 ] Request (ServersListShow296Test:test_list_show_update_rebuild_server_296): 200 GET http://10.180.1.21/compute/v2.1/servers/ad407696-c600-4160-9271-a0b127f5aa28 2.878s
2025-11-22 05:02:04.717 66361 INFO tempest.lib.common.rest_client [req-dd7758c1-d001-4886-aaf1-12c5527e34ca req-dd7758c1-d001-4886-aaf1-12c5527e34ca ] Request (ServersTestMultiNic:_run_cleanups): 204 DELETE http://10.180.1.21/networking/v2.0/subnets/c3db3efc-c6ed-478d-af32-e53cf8b7c5ed 0.150s
2025-11-22 05:02:04.742 66395 INFO tempest.lib.common.rest_client [req-9dad021b-0ce6-4f72-a555-be34f7180972 req-9dad021b-0ce6-4f72-a555-be34f7180972 ] Request (VolumesAssistedSnapshotsTest:tearDownClass): 200 GET http://10.180.1.21/compute/v2.1/servers/7f1dfa01-2d2e-4979-b91b-da48b1fc033a 2.897s
2025-11-22 05:02:04.757 66397 INFO tempest.lib.common.rest_client [req-9aab2c1f-c663-4d00-89c8-c4e411337f58 req-9aab2c1f-c663-4d00-89c8-c4e411337f58 ] Request (ImagesOneServerTestJSON:tearDownClass): 200 GET http://10.180.1.21/compute/v2.1/servers/75dc7f15-0002-461a-bf2e-54d1fe36b009 2.860s
2025-11-22 05:02:04.790 66409 INFO tempest.lib.common.rest_client [req-2c62bfad-a126-4575-bbca-2cc694ee93a3 req-2c62bfad-a126-4575-bbca-2cc694ee93a3 ] Request (ImagesTestJSON:test_create_image_from_suspended_server): 200 GET http://10.180.1.21/compute/v2.1/images/915db2ab-0883-4ffd-bb5b-cfec2538ff67 2.847s
2025-11-22 05:02:04.838 66403 INFO tempest.lib.common.rest_client [req-aabc909d-68ac-4268-9f53-bb5a2d160837 req-aabc909d-68ac-4268-9f53-bb5a2d160837 ] Request (ServerPasswordTestJSON:tearDownClass): 200 GET http://10.180.1.21/compute/v2.1/servers/ddc14698-c04b-4a0e-91b5-643f702c1330 2.876s
2025-11-22 05:02:04.865 66415 INFO tempest.lib.common.rest_client [req-6a042e17-0355-4c7e-a5de-44ae5f32e4f7 req-6a042e17-0355-4c7e-a5de-44ae5f32e4f7 ] Request (ServersAdminNegativeTestJSON:tearDownClass): 200 GET http://10.180.1.21/compute/v2.1/servers/9b330cf6-81d0-4f50-aaf0-4ccad5947307 2.788s
2025-11-22 05:02:04.979 66417 WARNING tempest.lib.common.ssh [-] Failed to establish authenticated ssh connection to cirros@10.180.180.129 ([Errno None] Unable to connect to port 22 on 10.180.180.129). Number attempts: 1. Retry after 2 seconds.: paramiko.ssh_exception.NoValidConnectionsError: [Errno None] Unable to connect to port 22 on 10.180.180.129
2025-11-22 05:02:04.996 66388 INFO tempest.lib.common.rest_client [req-7aea3bb5-4f27-4ad2-966b-2d442397fcbb req-7aea3bb5-4f27-4ad2-966b-2d442397fcbb ] Request (ServersTestJSON:tearDownClass): 200 GET http://10.180.1.21/compute/v2.1/servers/66f94546-b866-4506-bd59-2aedd56846c7 2.778s
2025-11-22 05:02:05.092 66361 INFO tempest.lib.common.rest_client [req-88b382ca-ff37-4aa9-8888-44cbe0258135 req-88b382ca-ff37-4aa9-8888-44cbe0258135 ] Request (ServersTestMultiNic:_run_cleanups): 204 DELETE http://10.180.1.21/networking/v2.0/networks/a0a8f92e-1712-43ef-b752-9dfc36c68381 0.374s
2025-11-22 05:02:05.117 66381 INFO tempest.lib.common.rest_client [req-d3d5f9e3-fedb-43e1-88ec-cdafd80f20ba req-d3d5f9e3-fedb-43e1-88ec-cdafd80f20ba ] Request (FloatingIPsAssociationTestJSON:tearDownClass): 200 GET http://10.180.1.21/compute/v2.1/servers/aec03c13-1069-4e76-a997-4ebe57fd97b4 2.891s
2025-11-22 05:02:05.243 66361 INFO tempest.lib.common.rest_client [req-f5d18fde-1968-4cee-908a-1864569c9741 req-f5d18fde-1968-4cee-908a-1864569c9741 ] Request (ServersTestMultiNic:_run_cleanups): 204 DELETE http://10.180.1.21/networking/v2.0/subnets/ddbdad66-e903-4bd3-8cb1-1e1db0fbc752 0.151s
2025-11-22 05:02:05.330 66419 INFO tempest.lib.common.rest_client [req-155b51c4-19d6-4daf-9c6d-eba638055e25 req-155b51c4-19d6-4daf-9c6d-eba638055e25 ] Request (ServerActionsTestJSON:setUpClass): 202 POST http://10.180.1.21/compute/v2.1/servers 3.230s
2025-11-22 05:02:05.408 66375 INFO tempest.lib.common.rest_client [req-042ff840-9079-4592-9477-f8ab1eab4473 req-042ff840-9079-4592-9477-f8ab1eab4473 ] Request (ServersV294TestFqdnHostnames:setUpClass): 200 GET http://10.180.1.21/compute/v2.1/servers/16de398e-9735-455c-8062-5bec0941b1be 2.258s
2025-11-22 05:02:05.469 66411 INFO tempest.lib.common.rest_client [req-c86ef28e-5fc3-438b-ba7a-66ea278e42c8 req-c86ef28e-5fc3-438b-ba7a-66ea278e42c8 ] Request (ServersTestFqdnHostnames:test_create_server_with_fqdn_name): 200 GET http://10.180.1.21/compute/v2.1/servers/2494820c-25e1-4892-ae39-439e79ca22b5 2.307s
2025-11-22 05:02:05.485 66379 INFO tempest.lib.common.rest_client [req-445e11ea-0573-4ac4-b427-90f3aaaa8b5b req-445e11ea-0573-4ac4-b427-90f3aaaa8b5b ] Request (FlavorsAdminTestJSON:test_list_public_flavor_with_other_user): 200 POST http://10.180.1.21/compute/v2.1/flavors 2.306s
