2025-11-22 05:02:54.206 66397 INFO tempest.lib.common.rest_client [req-e727ba9c-7253-4161-bcc3-706984b7c570 req-e727ba9c-7253-4161-bcc3-706984b7c570 ] Request (ListServersNegativeTestJSON:setUpClass): 200 GET http://10.180.1.21/compute/v2.1/servers/78ea9499-e2fe-4349-bd3e-7c289790666c 2.266s
2025-11-22 05:02:54.258 66411 WARNING tempest.lib.common.ssh [-] Failed to establish authenticated ssh connection to cirros@10.180.180.200 ([Errno None] Unable to connect to port 22 on 10.180.180.200). Number attempts: 4. Retry after 5 seconds.: paramiko.ssh_exception.NoValidConnectionsError: [Errno None] Unable to connect to port 22 on 10.180.180.200
2025-11-22 05:02:54.264 66403 INFO tempest.lib.common.rest_client [req-9dad5978-1cf9-4f56-bca2-6ef031ab5efc req-9dad5978-1cf9-4f56-bca2-6ef031ab5efc ] Request (VolumesTestJSON:tearDownClass): 204 DELETE http://10.180.1.21/identity/v3/projects/1ec920e861a547f9bdc0f2c6b3473561 0.107s
2025-11-22 05:02:54.265 66363 INFO tempest.lib.common.rest_client [req-64d0fb5f-2a1e-46b0-800b-633d02d23809 req-64d0fb5f-2a1e-46b0-800b-633d02d23809 ] Request (ServerTagsTestJSON:setUpClass): 201 POST http://10.180.1.21/identity/v3/auth/tokens 0.116s
2025-11-22 05:02:54.282 66415 INFO tempest.lib.common.rest_client [req-0dbee393-255f-4974-add8-689d8b999c79 req-0dbee393-255f-4974-add8-689d8b999c79 ] Request (ServersAdminNegativeTestJSON:tearDownClass): 200 GET http://10.180.1.21/compute/v2.1/servers/a111cf9d-6287-42f0-ad2d-df78d443bf83 2.182s
2025-11-22 05:02:54.331 66393 INFO tempest.lib.common.rest_client [req-8e264382-e114-4ead-a193-2b3024af39e4 req-8e264382-e114-4ead-a193-2b3024af39e4 ] Request (ServerActionsV293TestJSON:setUpClass): 200 GET http://10.180.1.21/compute/v2.1/servers/803177ce-390b-48c1-accf-08473ced7c9c 2.331s
2025-11-22 05:02:54.349 66363 INFO tempest.lib.common.rest_client [req-424d5a75-4c9a-4adf-b12b-0905f548e2db req-424d5a75-4c9a-4adf-b12b-0905f548e2db ] Request (ServerTagsTestJSON:setUpClass): 201 POST http://10.180.1.21/identity/v3/auth/tokens 0.079s
2025-11-22 05:02:54.351 66363 INFO tempest.lib.common.fixed_network [-] (ServerTagsTestJSON:setUpClass) Found network {'id': '1ab3be86-27fa-4501-bb40-dafdcd5c3caf', 'name': 'tempest-ServerTagsTestJSON-934858919-network', 'tenant_id': '40aae70d36204b4fa62d53f737839de6', 'project_id': '40aae70d36204b4fa62d53f737839de6', 'admin_state_up': True, 'mtu': 8950, 'status': 'ACTIVE', 'subnets': [], 'shared': False, 'port_security_enabled': True, 'router:external': False, 'provider:network_type': 'vlan', 'provider:physical_network': 'default', 'provider:segmentation_id': 908, 'availability_zone_hints': [], 'availability_zones': [], 'ipv4_address_scope': None, 'ipv6_address_scope': None, 'description': '', 'tags': [], 'created_at': '2025-11-22T05:02:51Z', 'updated_at': '2025-11-22T05:02:51Z', 'revision_number': 1} available for tenant
2025-11-22 05:02:54.352 66393 INFO tempest.common.waiters [-] State transition "BUILD/spawning" ==> "ACTIVE/None" after 58 second wait
2025-11-22 05:02:54.357 66399 INFO tempest.lib.common.rest_client [req-075349c2-5770-452e-8a68-0fcaecd4dcc6 req-075349c2-5770-452e-8a68-0fcaecd4dcc6 ] Request (AttachInterfacesV270Test:tearDownClass): 200 GET http://10.180.1.21/compute/v2.1/servers/d8facd91-3514-46ab-83dd-4287cb63171e 2.189s
2025-11-22 05:02:54.390 66379 INFO tempest.lib.common.rest_client [req-365f9785-9bee-4014-b5b7-383ae0a87508 req-365f9785-9bee-4014-b5b7-383ae0a87508 ] Request (MigrationsAdminTest:test_list_migrations_in_flavor_resize_situation): 200 GET http://10.180.1.21/compute/v2.1/servers/745f687f-2e50-4fdc-a1c3-f8895003b285 2.164s
2025-11-22 05:02:54.403 66379 INFO tempest.common.waiters [-] State transition "BUILD/scheduling" ==> "BUILD/None" after 22 second wait
2025-11-22 05:02:54.428 66391 INFO tempest.lib.common.rest_client [req-22d61c3e-3c90-4e30-a135-9950c7b4929d req-22d61c3e-3c90-4e30-a135-9950c7b4929d ] Request (FloatingIPsAssociationNegativeTestJSON:tearDownClass): 200 GET http://10.180.1.21/compute/v2.1/servers/a12e8027-1941-4149-8825-99761a8f3182 2.112s
2025-11-22 05:02:54.501 66375 INFO tempest.lib.common.rest_client [req-51c6cb74-1d58-45fe-8b7f-89d63a6d2a83 req-51c6cb74-1d58-45fe-8b7f-89d63a6d2a83 ] Request (ServersV294TestFqdnHostnames:setUpClass): 200 GET http://10.180.1.21/compute/v2.1/servers/16de398e-9735-455c-8062-5bec0941b1be 2.105s
2025-11-22 05:02:54.515 66369 INFO tempest.lib.common.rest_client [req-2206819d-2497-4906-b9ce-905508b79f80 req-2206819d-2497-4906-b9ce-905508b79f80 ] Request (ServerDiagnosticsNegativeTest:tearDownClass): 200 GET http://10.180.1.21/compute/v2.1/servers/a53554cc-9cc2-46a0-ad3e-a7775e7f4f0f 2.035s
2025-11-22 05:02:54.518 66375 INFO tempest.common.waiters [-] State transition "BUILD/networking" ==> "BUILD/spawning" after 49 second wait
2025-11-22 05:02:54.520 66417 INFO tempest.lib.common.rest_client [req-df1c47d1-1463-4120-b74b-3c8f6746536f req-df1c47d1-1463-4120-b74b-3c8f6746536f ] Request (ServerActionsTestOtherB:test_create_backup): 200 GET http://10.180.1.21/image/v2/images/ff3855f6-6e0f-48fc-87cc-371469fb57a7 0.016s
2025-11-22 05:02:54.569 66383 INFO tempest.lib.common.rest_client [req-fbadaa2a-e25b-4c28-9175-408648508a71 req-fbadaa2a-e25b-4c28-9175-408648508a71 ] Request (ServersTestManualDisk:setUpClass): 200 GET http://10.180.1.21/compute/v2.1/servers/4ae6a446-f3f5-48a3-a1cb-7b5490d0366f 1.878s
2025-11-22 05:02:54.626 66381 INFO tempest.lib.common.rest_client [req-5e139bae-0972-4301-b29d-0df76a4ef79a req-5e139bae-0972-4301-b29d-0df76a4ef79a ] Request (FloatingIPsAssociationTestJSON:tearDownClass): 200 GET http://10.180.1.21/compute/v2.1/servers/bd8d176c-da59-4cef-8d9e-15d23fff7987 1.921s
2025-11-22 05:02:54.652 66407 INFO tempest.lib.common.rest_client [req-c86d9330-4ab7-48c3-b5b0-dcbb1e521ef1 req-c86d9330-4ab7-48c3-b5b0-dcbb1e521ef1 ] Request (ServerDiskConfigTestJSON:test_resize_server_from_auto_to_manual): 200 GET http://10.180.1.21/compute/v2.1/servers/8caba27e-1b95-4bb4-8ba2-b7685386985d 1.801s
2025-11-22 05:02:54.722 66373 INFO tempest.lib.common.rest_client [req-6766040c-28f0-4900-a7c6-a578f6c1fe07 req-6766040c-28f0-4900-a7c6-a578f6c1fe07 ] Request (AttachInterfacesTestJSON:_run_cleanups): 200 GET http://10.180.1.21/compute/v2.1/servers/4e9761ca-8039-410a-b3eb-0f3d9ec1b575 1.857s
2025-11-22 05:02:54.788 66401 INFO tempest.lib.common.rest_client [req-764a4a4b-249f-40ea-8678-bc1325c22b39 req-764a4a4b-249f-40ea-8678-bc1325c22b39 ] Request (ServersListShow296Test:tearDownClass): 204 DELETE http://10.180.1.21/compute/v2.1/servers/ad407696-c600-4160-9271-a0b127f5aa28 1.050s
2025-11-22 05:02:54.815 66385 INFO tempest.lib.common.rest_client [req-08f73ce0-17d2-4064-b819-2def71d1612b req-08f73ce0-17d2-4064-b819-2def71d1612b ] Request (SecurityGroupsTestJSON:test_server_security_groups): 200 GET http://10.180.1.21/compute/v2.1/servers/b0aa88f8-31c2-405d-b97c-5c2eee535564 0.569s
2025-11-22 05:02:54.877 66367 INFO tempest.lib.common.rest_client [req-c91760b8-80e3-4a55-b840-a3c04cb63699 req-c91760b8-80e3-4a55-b840-a3c04cb63699 ] Request (MultipleCreateTestJSON:test_multiple_create_with_reservation_return): 200 GET http://10.180.1.21/compute/v2.1/servers/5b12411d-3d5c-4f83-8907-673104d8d963 0.624s
2025-11-22 05:02:55.038 66393 INFO tempest.lib.common.rest_client [req-ecf4a1b4-029f-404c-8900-636ebb1b06d6 req-ecf4a1b4-029f-404c-8900-636ebb1b06d6 ] Request (ServerActionsV293TestJSON:setUpClass): 200 GET http://10.180.1.21/compute/v2.1/servers/803177ce-390b-48c1-accf-08473ced7c9c/os-interface 0.686s
2025-11-22 05:02:55.540 66417 INFO tempest.lib.common.rest_client [req-106371b9-b6f6-4ce9-b158-ae74660220ab req-106371b9-b6f6-4ce9-b158-ae74660220ab ] Request (ServerActionsTestOtherB:test_create_backup): 200 GET http://10.180.1.21/image/v2/images/ff3855f6-6e0f-48fc-87cc-371469fb57a7 0.019s
2025-11-22 05:02:55.582 66393 INFO tempest.lib.common.rest_client [req-da8e6071-7781-4c3c-8544-310b589fe212 req-da8e6071-7781-4c3c-8544-310b589fe212 ] Request (ServerActionsV293TestJSON:setUpClass): 200 PUT http://10.180.1.21/networking/v2.0/floatingips/50d3aa4d-87b3-4592-aa08-25f15049de2c 0.540s
2025-11-22 05:02:55.611 66413 INFO tempest.lib.common.rest_client [req-ec8830ca-768d-465e-a877-d82a73fc7dbd req-ec8830ca-768d-465e-a877-d82a73fc7dbd ] Request (ServersNegativeTestMultiTenantJSON:setUpClass): 200 GET http://10.180.1.21/compute/v2.1/servers/1530df27-9b06-4a1c-aec2-09fd0040deb1 0.990s
2025-11-22 05:02:55.805 66365 INFO tempest.lib.common.rest_client [req-df1646f6-38fe-4d03-b370-444554b011e7 req-df1646f6-38fe-4d03-b370-444554b011e7 ] Request (ImagesNegativeTestJSON:test_create_image_from_deleted_server): 200 GET http://10.180.1.21/compute/v2.1/servers/7b1290b3-b263-4a23-ac34-c7048bdeba70 1.133s
2025-11-22 05:02:55.877 66401 INFO tempest.lib.common.rest_client [req-f2df9e28-de13-43af-82e6-4fc60be0112f req-f2df9e28-de13-43af-82e6-4fc60be0112f ] Request (ServersListShow296Test:tearDownClass): 200 GET http://10.180.1.21/compute/v2.1/servers/ad407696-c600-4160-9271-a0b127f5aa28 1.089s
2025-11-22 05:02:55.924 66363 INFO tempest.lib.common.rest_client [req-583aaa06-1431-4cf6-8a3b-0be631360949 req-583aaa06-1431-4cf6-8a3b-0be631360949 ] Request (ServerTagsTestJSON:setUpClass): 202 POST http://10.180.1.21/compute/v2.1/servers 1.572s
2025-11-22 05:02:55.938 66388 INFO tempest.lib.common.rest_client [req-c59c01a0-fec3-43de-86d7-780201f972ed req-c59c01a0-fec3-43de-86d7-780201f972ed ] Request (ServerMetadataTestJSON:setUpClass): 200 GET http://10.180.1.21/compute/v2.1/servers/7b7fad65-a6b1-49e6-9ae9-a426b8a71cce 1.149s
2025-11-22 05:02:56.091 66361 INFO tempest.lib.common.rest_client [req-bf1d6571-c036-435e-8552-85fefd48a800 req-bf1d6571-c036-435e-8552-85fefd48a800 ] Request (ServersTestMultiNic:test_verify_multiple_nics_order): 200 GET http://10.180.1.21/compute/v2.1/servers/f6b9526d-b605-4ea7-bd8b-a5ba4903da07 1.230s
2025-11-22 05:02:56.116 66419 INFO tempest.lib.common.rest_client [req-6d9a9bb5-777a-47c9-890a-ff9a9fe7eec5 req-6d9a9bb5-777a-47c9-890a-ff9a9fe7eec5 ] Request (ServerActionsTestJSON:setUpClass): 200 GET http://10.180.1.21/compute/v2.1/servers/d90221d0-dc79-4ef8-828e-7935765c859f 1.308s
2025-11-22 05:02:56.125 66419 INFO tempest.common.waiters [-] State transition "BUILD/networking" ==> "BUILD/spawning" after 46 second wait
2025-11-22 05:02:56.201 66395 INFO tempest.lib.common.rest_client [req-53a66466-e011-4aa5-86ef-534557997af0 req-53a66466-e011-4aa5-86ef-534557997af0 ] Request (ServersListShow298Test:test_list_show_update_rebuild_server_298): 200 GET http://10.180.1.21/compute/v2.1/servers/d83cad74-4745-41ee-bfa1-4b12c6b72fbc 1.133s
2025-11-22 05:02:56.227 66423 INFO tempest.lib.common.rest_client [req-a5d8c026-530e-4f09-b154-5559b5e23875 req-a5d8c026-530e-4f09-b154-5559b5e23875 ] Request (ServersListShow2100Test:test_list_show_rebuild_update_server_2100): 200 GET http://10.180.1.21/compute/v2.1/servers/70b1932b-8666-44fc-a333-2729906c9629 1.140s
2025-11-22 05:02:56.256 66409 INFO tempest.lib.common.rest_client [req-73fb1691-fad7-4fbd-8011-987b0c19c5ab req-73fb1691-fad7-4fbd-8011-987b0c19c5ab ] Request (ImagesTestJSON:test_create_server_from_snapshot): 200 GET http://10.180.1.21/compute/v2.1/servers/ea2fe798-68e9-4baf-829d-fcfd7cb1f5b8 1.059s
2025-11-22 05:02:56.319 66397 INFO tempest.lib.common.rest_client [req-3dc64004-80aa-4de3-a616-7440560b76d3 req-3dc64004-80aa-4de3-a616-7440560b76d3 ] Request (ListServersNegativeTestJSON:setUpClass): 200 GET http://10.180.1.21/compute/v2.1/servers/78ea9499-e2fe-4349-bd3e-7c289790666c 1.103s
2025-11-22 05:02:56.341 66415 INFO tempest.lib.common.rest_client [req-25d801a7-9498-49b7-b331-6a07068ba4fe req-25d801a7-9498-49b7-b331-6a07068ba4fe ] Request (ServersAdminNegativeTestJSON:tearDownClass): 200 GET http://10.180.1.21/compute/v2.1/servers/a111cf9d-6287-42f0-ad2d-df78d443bf83 1.045s
2025-11-22 05:02:56.408 66399 INFO tempest.lib.common.rest_client [req-38df0b67-07ad-4959-bfc6-877296ae0a60 req-38df0b67-07ad-4959-bfc6-877296ae0a60 ] Request (AttachInterfacesV270Test:tearDownClass): 200 GET http://10.180.1.21/compute/v2.1/servers/d8facd91-3514-46ab-83dd-4287cb63171e 1.033s
2025-11-22 05:02:56.429 66379 INFO tempest.lib.common.rest_client [req-6a535ad3-a609-4949-b3c3-26297b2ee5d9 req-6a535ad3-a609-4949-b3c3-26297b2ee5d9 ] Request (MigrationsAdminTest:test_list_migrations_in_flavor_resize_situation): 200 GET http://10.180.1.21/compute/v2.1/servers/745f687f-2e50-4fdc-a1c3-f8895003b285 1.025s
2025-11-22 05:02:56.493 66391 INFO tempest.lib.common.rest_client [req-e0e4d939-762b-4245-99dd-dcbdc9f89d90 req-e0e4d939-762b-4245-99dd-dcbdc9f89d90 ] Request (FloatingIPsAssociationNegativeTestJSON:tearDownClass): 200 GET http://10.180.1.21/compute/v2.1/servers/a12e8027-1941-4149-8825-99761a8f3182 1.057s
2025-11-22 05:02:56.561 66369 INFO tempest.lib.common.rest_client [req-a587a5b3-e2e0-429c-8d61-ce646de143c5 req-a587a5b3-e2e0-429c-8d61-ce646de143c5 ] Request (ServerDiagnosticsNegativeTest:tearDownClass): 200 GET http://10.180.1.21/compute/v2.1/servers/a53554cc-9cc2-46a0-ad3e-a7775e7f4f0f 1.035s
2025-11-22 05:02:56.564 66417 INFO tempest.lib.common.rest_client [req-4785698f-0c91-4800-8f3e-2e8789edf515 req-4785698f-0c91-4800-8f3e-2e8789edf515 ] Request (ServerActionsTestOtherB:test_create_backup): 200 GET http://10.180.1.21/image/v2/images/ff3855f6-6e0f-48fc-87cc-371469fb57a7 0.022s
2025-11-22 05:02:56.601 66375 INFO tempest.lib.common.rest_client [req-a4bde679-9e86-41ff-8999-8d09f6ef4312 req-a4bde679-9e86-41ff-8999-8d09f6ef4312 ] Request (ServersV294TestFqdnHostnames:setUpClass): 200 GET http://10.180.1.21/compute/v2.1/servers/16de398e-9735-455c-8062-5bec0941b1be 1.082s
2025-11-22 05:02:56.637 66383 INFO tempest.lib.common.rest_client [req-a89ff5a8-861f-4cdf-9f56-331513516529 req-a89ff5a8-861f-4cdf-9f56-331513516529 ] Request (ServersTestManualDisk:setUpClass): 200 GET http://10.180.1.21/compute/v2.1/servers/4ae6a446-f3f5-48a3-a1cb-7b5490d0366f 1.058s
2025-11-22 05:02:56.706 66393 INFO tempest.lib.common.rest_client [req-34621e18-1f04-40ea-9a2d-7ca990bce22d req-34621e18-1f04-40ea-9a2d-7ca990bce22d ] Request (ServerActionsV293TestJSON:test_rebuild_volume_backed_server): 200 GET http://10.180.1.21/compute/v2.1/servers/803177ce-390b-48c1-accf-08473ced7c9c 1.123s
2025-11-22 05:02:56.728 66381 INFO tempest.lib.common.rest_client [req-b17de635-3bf2-4489-b0ea-6a81aee1bdf3 req-b17de635-3bf2-4489-b0ea-6a81aee1bdf3 ] Request (FloatingIPsAssociationTestJSON:tearDownClass): 200 GET http://10.180.1.21/compute/v2.1/servers/bd8d176c-da59-4cef-8d9e-15d23fff7987 1.093s
2025-11-22 05:02:56.772 66393 INFO tempest.lib.common.rest_client [req-a58c77f4-e5ca-4b6e-b9a8-13d72925463a req-a58c77f4-e5ca-4b6e-b9a8-13d72925463a ] Request (ServerActionsV293TestJSON:test_rebuild_volume_backed_server): 200 GET http://10.180.1.21/volume/v3/volumes/eda2e777-fd35-4e3d-a57d-21e55f6cf07e 0.056s
2025-11-22 05:02:56.781 66407 INFO tempest.lib.common.rest_client [req-fe792a52-9177-418c-9eb6-31289e34f577 req-fe792a52-9177-418c-9eb6-31289e34f577 ] Request (ServerDiskConfigTestJSON:test_resize_server_from_auto_to_manual): 200 GET http://10.180.1.21/compute/v2.1/servers/8caba27e-1b95-4bb4-8ba2-b7685386985d 1.120s
2025-11-22 05:02:56.782 66393 INFO tempest.lib.common.ssh [-] Creating ssh connection to '10.180.180.181:22' as 'cirros' with public key authentication
2025-11-22 05:02:56.819 66421 WARNING tempest.lib.common.ssh [-] Failed to establish authenticated ssh connection to cirros@10.180.180.177 ([Errno None] Unable to connect to port 22 on 10.180.180.177). Number attempts: 4. Retry after 5 seconds.: paramiko.ssh_exception.NoValidConnectionsError: [Errno None] Unable to connect to port 22 on 10.180.180.177
2025-11-22 05:02:56.826 66373 INFO tempest.lib.common.rest_client [req-340392d3-ea19-4331-b74f-246056558219 req-340392d3-ea19-4331-b74f-246056558219 ] Request (AttachInterfacesTestJSON:_run_cleanups): 200 GET http://10.180.1.21/compute/v2.1/servers/4e9761ca-8039-410a-b3eb-0f3d9ec1b575 1.094s
2025-11-22 05:02:56.859 66385 INFO tempest.lib.common.rest_client [req-4e032f54-1cc0-4961-8f5b-fa9229d00ef4 req-4e032f54-1cc0-4961-8f5b-fa9229d00ef4 ] Request (SecurityGroupsTestJSON:test_server_security_groups): 200 GET http://10.180.1.21/compute/v2.1/servers/b0aa88f8-31c2-405d-b97c-5c2eee535564 1.030s
2025-11-22 05:02:56.885 66367 INFO tempest.lib.common.rest_client [req-850fff28-7cfd-4b48-b1da-2b381e3d26ab req-850fff28-7cfd-4b48-b1da-2b381e3d26ab ] Request (MultipleCreateTestJSON:test_multiple_create_with_reservation_return): 200 GET http://10.180.1.21/compute/v2.1/servers/5b12411d-3d5c-4f83-8907-673104d8d963 0.995s
2025-11-22 05:02:56.929 66363 INFO tempest.lib.common.rest_client [req-9ded9fc6-32aa-4af9-98e7-dcdbc5037049 req-9ded9fc6-32aa-4af9-98e7-dcdbc5037049 ] Request (ServerTagsTestJSON:setUpClass): 200 GET http://10.180.1.21/compute/v2.1/servers/b1830ca0-6e4a-4441-9bb7-2a1dd5100418 1.003s
2025-11-22 05:02:56.936 66413 INFO tempest.lib.common.rest_client [req-087dbced-e189-4d26-9cbf-82b2943cdd0c req-087dbced-e189-4d26-9cbf-82b2943cdd0c ] Request (ServersNegativeTestMultiTenantJSON:setUpClass): 200 GET http://10.180.1.21/compute/v2.1/servers/1530df27-9b06-4a1c-aec2-09fd0040deb1 0.313s
2025-11-22 05:02:57.055 66401 INFO tempest.lib.common.rest_client [req-747acafa-df3d-4b4e-9ba3-642cc0f718cd req-747acafa-df3d-4b4e-9ba3-642cc0f718cd ] Request (ServersListShow296Test:tearDownClass): 200 GET http://10.180.1.21/compute/v2.1/servers/ad407696-c600-4160-9271-a0b127f5aa28 0.166s
2025-11-22 05:02:57.106 66365 INFO tempest.lib.common.rest_client [req-393ed646-c943-4b1c-8234-dbab4ebea631 req-393ed646-c943-4b1c-8234-dbab4ebea631 ] Request (ImagesNegativeTestJSON:test_create_image_from_deleted_server): 200 GET http://10.180.1.21/compute/v2.1/servers/7b1290b3-b263-4a23-ac34-c7048bdeba70 0.292s
2025-11-22 05:02:57.138 66388 INFO tempest.lib.common.rest_client [req-75af782d-aed7-401a-b8ee-c12dd09ba19e req-75af782d-aed7-401a-b8ee-c12dd09ba19e ] Request (ServerMetadataTestJSON:setUpClass): 200 GET http://10.180.1.21/compute/v2.1/servers/7b7fad65-a6b1-49e6-9ae9-a426b8a71cce 0.191s
2025-11-22 05:02:57.188 66361 INFO tempest.lib.common.rest_client [req-143f3a02-1fd4-4449-8217-8b5ff3eac088 req-143f3a02-1fd4-4449-8217-8b5ff3eac088 ] Request (ServersTestMultiNic:test_verify_multiple_nics_order): 200 GET http://10.180.1.21/compute/v2.1/servers/f6b9526d-b605-4ea7-bd8b-a5ba4903da07 0.088s
2025-11-22 05:02:57.253 66419 INFO tempest.lib.common.rest_client [req-70669c4a-e87b-4670-852a-e6da16b1533a req-70669c4a-e87b-4670-852a-e6da16b1533a ] Request (ServerActionsTestJSON:setUpClass): 200 GET http://10.180.1.21/compute/v2.1/servers/d90221d0-dc79-4ef8-828e-7935765c859f 0.127s
2025-11-22 05:02:57.291 66395 INFO tempest.lib.common.rest_client [req-77860321-917a-4637-95c6-a1f8ad10102f req-77860321-917a-4637-95c6-a1f8ad10102f ] Request (ServersListShow298Test:test_list_show_update_rebuild_server_298): 200 GET http://10.180.1.21/compute/v2.1/servers/d83cad74-4745-41ee-bfa1-4b12c6b72fbc 0.068s
2025-11-22 05:02:57.316 66423 INFO tempest.lib.common.rest_client [req-c0cf9202-6417-4699-a6f7-52da17aae55e req-c0cf9202-6417-4699-a6f7-52da17aae55e ] Request (ServersListShow2100Test:test_list_show_rebuild_update_server_2100): 200 GET http://10.180.1.21/compute/v2.1/servers/70b1932b-8666-44fc-a333-2729906c9629 0.072s
2025-11-22 05:02:57.351 66409 INFO tempest.lib.common.rest_client [req-694b47de-e83c-4480-b25c-f36f2bd99199 req-694b47de-e83c-4480-b25c-f36f2bd99199 ] Request (ImagesTestJSON:test_create_server_from_snapshot): 200 GET http://10.180.1.21/compute/v2.1/servers/ea2fe798-68e9-4baf-829d-fcfd7cb1f5b8 0.077s
2025-11-22 05:02:57.390 66397 INFO tempest.lib.common.rest_client [req-e4232113-a44c-48a4-bd61-714c48efb638 req-e4232113-a44c-48a4-bd61-714c48efb638 ] Request (ListServersNegativeTestJSON:setUpClass): 200 GET http://10.180.1.21/compute/v2.1/servers/78ea9499-e2fe-4349-bd3e-7c289790666c 0.062s
2025-11-22 05:02:57.420 66415 INFO tempest.lib.common.rest_client [req-04943612-c326-40d9-97cc-23537868aeb6 req-04943612-c326-40d9-97cc-23537868aeb6 ] Request (ServersAdminNegativeTestJSON:tearDownClass): 200 GET http://10.180.1.21/compute/v2.1/servers/a111cf9d-6287-42f0-ad2d-df78d443bf83 0.066s
2025-11-22 05:02:57.497 66399 INFO tempest.lib.common.rest_client [req-0705aba1-c265-4321-bca1-6ef465893396 req-0705aba1-c265-4321-bca1-6ef465893396 ] Request (AttachInterfacesV270Test:tearDownClass): 200 GET http://10.180.1.21/compute/v2.1/servers/d8facd91-3514-46ab-83dd-4287cb63171e 0.076s
2025-11-22 05:02:57.505 66379 INFO tempest.lib.common.rest_client [req-b183511a-fb8a-4458-8c70-e7721b2b3bdf req-b183511a-fb8a-4458-8c70-e7721b2b3bdf ] Request (MigrationsAdminTest:test_list_migrations_in_flavor_resize_situation): 200 GET http://10.180.1.21/compute/v2.1/servers/745f687f-2e50-4fdc-a1c3-f8895003b285 0.066s
2025-11-22 05:02:57.573 66391 INFO tempest.lib.common.rest_client [req-891a9265-7248-42e2-89c0-e9b642a284ff req-891a9265-7248-42e2-89c0-e9b642a284ff ] Request (FloatingIPsAssociationNegativeTestJSON:tearDownClass): 200 GET http://10.180.1.21/compute/v2.1/servers/a12e8027-1941-4149-8825-99761a8f3182 0.070s
2025-11-22 05:02:57.585 66417 INFO tempest.lib.common.rest_client [req-0f914de4-64c1-4ef9-b3c3-1b1ef12f7dbd req-0f914de4-64c1-4ef9-b3c3-1b1ef12f7dbd ] Request (ServerActionsTestOtherB:test_create_backup): 200 GET http://10.180.1.21/image/v2/images/ff3855f6-6e0f-48fc-87cc-371469fb57a7 0.020s
2025-11-22 05:02:57.665 66369 INFO tempest.lib.common.rest_client [req-e77c443b-68d8-49ae-bfb5-b7bdd8ab2e44 req-e77c443b-68d8-49ae-bfb5-b7bdd8ab2e44 ] Request (ServerDiagnosticsNegativeTest:tearDownClass): 200 GET http://10.180.1.21/compute/v2.1/servers/a53554cc-9cc2-46a0-ad3e-a7775e7f4f0f 0.090s
2025-11-22 05:02:57.766 66383 INFO tempest.lib.common.rest_client [req-ed0e8863-7b6c-4868-abd9-139527da7c09 req-ed0e8863-7b6c-4868-abd9-139527da7c09 ] Request (ServersTestManualDisk:setUpClass): 200 GET http://10.180.1.21/compute/v2.1/servers/4ae6a446-f3f5-48a3-a1cb-7b5490d0366f 0.115s
2025-11-22 05:02:57.832 66375 INFO tempest.lib.common.rest_client [req-263c7fc8-a799-49e0-a385-0370c34bbf5d req-263c7fc8-a799-49e0-a385-0370c34bbf5d ] Request (ServersV294TestFqdnHostnames:setUpClass): 200 GET http://10.180.1.21/compute/v2.1/servers/16de398e-9735-455c-8062-5bec0941b1be 0.220s
2025-11-22 05:02:57.859 66381 INFO tempest.lib.common.rest_client [req-812f93ec-2bf1-4f5d-8bae-25a135717fe3 req-812f93ec-2bf1-4f5d-8bae-25a135717fe3 ] Request (FloatingIPsAssociationTestJSON:tearDownClass): 200 GET http://10.180.1.21/compute/v2.1/servers/bd8d176c-da59-4cef-8d9e-15d23fff7987 0.117s
2025-11-22 05:02:57.910 66407 INFO tempest.lib.common.rest_client [req-179f8490-eddd-4a17-a2e4-215197307f32 req-179f8490-eddd-4a17-a2e4-215197307f32 ] Request (ServerDiskConfigTestJSON:test_resize_server_from_auto_to_manual): 200 GET http://10.180.1.21/compute/v2.1/servers/8caba27e-1b95-4bb4-8ba2-b7685386985d 0.119s
2025-11-22 05:02:57.964 66373 INFO tempest.lib.common.rest_client [req-b67b7140-9240-43a5-a24d-bd76bc5b3c51 req-b67b7140-9240-43a5-a24d-bd76bc5b3c51 ] Request (AttachInterfacesTestJSON:_run_cleanups): 200 GET http://10.180.1.21/compute/v2.1/servers/4e9761ca-8039-410a-b3eb-0f3d9ec1b575 0.123s
2025-11-22 05:02:57.993 66385 INFO tempest.lib.common.rest_client [req-5d7ce984-54f2-4a14-a466-7a441ea6e297 req-5d7ce984-54f2-4a14-a466-7a441ea6e297 ] Request (SecurityGroupsTestJSON:test_server_security_groups): 200 GET http://10.180.1.21/compute/v2.1/servers/b0aa88f8-31c2-405d-b97c-5c2eee535564 0.126s
2025-11-22 05:02:58.057 66367 INFO tempest.lib.common.rest_client [req-c74c98ae-c78e-4079-a047-1098b5b10d2c req-c74c98ae-c78e-4079-a047-1098b5b10d2c ] Request (MultipleCreateTestJSON:test_multiple_create_with_reservation_return): 200 GET http://10.180.1.21/compute/v2.1/servers/5b12411d-3d5c-4f83-8907-673104d8d963 0.164s
2025-11-22 05:02:58.073 66363 INFO tempest.lib.common.rest_client [req-dbb2817e-1b4a-4f08-86eb-5fe6f87ae35a req-dbb2817e-1b4a-4f08-86eb-5fe6f87ae35a ] Request (ServerTagsTestJSON:setUpClass): 200 GET http://10.180.1.21/compute/v2.1/servers/b1830ca0-6e4a-4441-9bb7-2a1dd5100418 0.130s
2025-11-22 05:02:58.117 66413 INFO tempest.lib.common.rest_client [req-94063489-dfab-4166-a53f-41ee323fe2e9 req-94063489-dfab-4166-a53f-41ee323fe2e9 ] Request (ServersNegativeTestMultiTenantJSON:setUpClass): 200 GET http://10.180.1.21/compute/v2.1/servers/1530df27-9b06-4a1c-aec2-09fd0040deb1 0.165s
2025-11-22 05:02:58.146 66401 INFO tempest.lib.common.rest_client [req-07b1a2e0-3b28-4209-9ca4-0a56c9b8b66d req-07b1a2e0-3b28-4209-9ca4-0a56c9b8b66d ] Request (ServersListShow296Test:tearDownClass): 200 GET http://10.180.1.21/compute/v2.1/servers/ad407696-c600-4160-9271-a0b127f5aa28 0.078s
2025-11-22 05:02:58.216 66388 INFO tempest.lib.common.rest_client [req-3d72a3ab-5f26-4f65-89a1-e618cad9c384 req-3d72a3ab-5f26-4f65-89a1-e618cad9c384 ] Request (ServerMetadataTestJSON:setUpClass): 200 GET http://10.180.1.21/compute/v2.1/servers/7b7fad65-a6b1-49e6-9ae9-a426b8a71cce 0.062s
2025-11-22 05:02:58.248 66365 INFO tempest.lib.common.rest_client [req-2ac9177a-143e-45b0-bd29-ff2cdb479bee req-2ac9177a-143e-45b0-bd29-ff2cdb479bee ] Request (ImagesNegativeTestJSON:test_create_image_from_deleted_server): 200 GET http://10.180.1.21/compute/v2.1/servers/7b1290b3-b263-4a23-ac34-c7048bdeba70 0.133s
2025-11-22 05:02:58.286 66361 INFO tempest.lib.common.rest_client [req-f9275e64-01f0-46f8-b04f-554e3f01689f req-f9275e64-01f0-46f8-b04f-554e3f01689f ] Request (ServersTestMultiNic:test_verify_multiple_nics_order): 200 GET http://10.180.1.21/compute/v2.1/servers/f6b9526d-b605-4ea7-bd8b-a5ba4903da07 0.090s
2025-11-22 05:02:58.380 66395 INFO tempest.lib.common.rest_client [req-b773464e-c0b9-45cc-ac9f-f83d4db72ba3 req-b773464e-c0b9-45cc-ac9f-f83d4db72ba3 ] Request (ServersListShow298Test:test_list_show_update_rebuild_server_298): 200 GET http://10.180.1.21/compute/v2.1/servers/d83cad74-4745-41ee-bfa1-4b12c6b72fbc 0.078s
2025-11-22 05:02:58.408 66419 INFO tempest.lib.common.rest_client [req-00e222db-4fb8-4413-95a7-1743229f6998 req-00e222db-4fb8-4413-95a7-1743229f6998 ] Request (ServerActionsTestJSON:setUpClass): 200 GET http://10.180.1.21/compute/v2.1/servers/d90221d0-dc79-4ef8-828e-7935765c859f 0.144s
2025-11-22 05:02:58.456 66423 INFO tempest.lib.common.rest_client [req-1a21cf23-3c60-4b46-8ef6-3b3623de5aba req-1a21cf23-3c60-4b46-8ef6-3b3623de5aba ] Request (ServersListShow2100Test:test_list_show_rebuild_update_server_2100): 200 GET http://10.180.1.21/compute/v2.1/servers/70b1932b-8666-44fc-a333-2729906c9629 0.127s
2025-11-22 05:02:58.472 66409 INFO tempest.lib.common.rest_client [req-83ccee87-b7c4-4a48-b97a-2b6283b35c3a req-83ccee87-b7c4-4a48-b97a-2b6283b35c3a ] Request (ImagesTestJSON:test_create_server_from_snapshot): 200 GET http://10.180.1.21/compute/v2.1/servers/ea2fe798-68e9-4baf-829d-fcfd7cb1f5b8 0.113s
2025-11-22 05:02:58.513 66397 INFO tempest.lib.common.rest_client [req-7fb4a016-5416-4954-b0cf-2d4521f971aa req-7fb4a016-5416-4954-b0cf-2d4521f971aa ] Request (ListServersNegativeTestJSON:setUpClass): 200 GET http://10.180.1.21/compute/v2.1/servers/78ea9499-e2fe-4349-bd3e-7c289790666c 0.115s
2025-11-22 05:02:58.552 66415 INFO tempest.lib.common.rest_client [req-27db03b3-6f45-4a75-a511-1297d7f03a00 req-27db03b3-6f45-4a75-a511-1297d7f03a00 ] Request (ServersAdminNegativeTestJSON:tearDownClass): 200 GET http://10.180.1.21/compute/v2.1/servers/a111cf9d-6287-42f0-ad2d-df78d443bf83 0.121s
2025-11-22 05:02:58.580 66399 INFO tempest.lib.common.rest_client [req-0721e225-80e1-49eb-9b79-158477f681c5 req-0721e225-80e1-49eb-9b79-158477f681c5 ] Request (AttachInterfacesV270Test:tearDownClass): 200 GET http://10.180.1.21/compute/v2.1/servers/d8facd91-3514-46ab-83dd-4287cb63171e 0.072s
2025-11-22 05:02:58.607 66417 INFO tempest.lib.common.rest_client [req-7a0e2541-362c-4eb3-8918-5cdf4cfa5e33 req-7a0e2541-362c-4eb3-8918-5cdf4cfa5e33 ] Request (ServerActionsTestOtherB:test_create_backup): 200 GET http://10.180.1.21/image/v2/images/ff3855f6-6e0f-48fc-87cc-371469fb57a7 0.021s
2025-11-22 05:02:58.613 66379 INFO tempest.lib.common.rest_client [req-48bb1d25-1e6e-4843-b4af-fcd14f121b9f req-48bb1d25-1e6e-4843-b4af-fcd14f121b9f ] Request (MigrationsAdminTest:test_list_migrations_in_flavor_resize_situation): 200 GET http://10.180.1.21/compute/v2.1/servers/745f687f-2e50-4fdc-a1c3-f8895003b285 0.100s
2025-11-22 05:02:58.647 66391 INFO tempest.lib.common.rest_client [req-5fe2c2ee-ac4c-46bd-ac48-f379baaa9122 req-5fe2c2ee-ac4c-46bd-ac48-f379baaa9122 ] Request (FloatingIPsAssociationNegativeTestJSON:tearDownClass): 200 GET http://10.180.1.21/compute/v2.1/servers/a12e8027-1941-4149-8825-99761a8f3182 0.064s
2025-11-22 05:02:58.751 66369 INFO tempest.lib.common.rest_client [req-2ef00273-2c85-426a-a3fd-e6f5a9e5c52a req-2ef00273-2c85-426a-a3fd-e6f5a9e5c52a ] Request (ServerDiagnosticsNegativeTest:tearDownClass): 200 GET http://10.180.1.21/compute/v2.1/servers/a53554cc-9cc2-46a0-ad3e-a7775e7f4f0f 0.076s
2025-11-22 05:02:58.846 66383 INFO tempest.lib.common.rest_client [req-a0b0039f-143f-4965-bd97-30f34721377b req-a0b0039f-143f-4965-bd97-30f34721377b ] Request (ServersTestManualDisk:setUpClass): 200 GET http://10.180.1.21/compute/v2.1/servers/4ae6a446-f3f5-48a3-a1cb-7b5490d0366f 0.064s
2025-11-22 05:02:58.938 66381 INFO tempest.lib.common.rest_client [req-95c66bf4-89e8-4282-a234-f2902027b298 req-95c66bf4-89e8-4282-a234-f2902027b298 ] Request (FloatingIPsAssociationTestJSON:tearDownClass): 200 GET http://10.180.1.21/compute/v2.1/servers/bd8d176c-da59-4cef-8d9e-15d23fff7987 0.067s
2025-11-22 05:02:58.990 66407 INFO tempest.lib.common.rest_client [req-58be38f0-111b-45da-b466-b5de29145722 req-58be38f0-111b-45da-b466-b5de29145722 ] Request (ServerDiskConfigTestJSON:test_resize_server_from_auto_to_manual): 200 GET http://10.180.1.21/compute/v2.1/servers/8caba27e-1b95-4bb4-8ba2-b7685386985d 0.072s
2025-11-22 05:02:59.010 66375 INFO tempest.lib.common.rest_client [req-0c062887-be61-429a-ba1e-bb3bb7fed78c req-0c062887-be61-429a-ba1e-bb3bb7fed78c ] Request (ServersV294TestFqdnHostnames:setUpClass): 200 GET http://10.180.1.21/compute/v2.1/servers/16de398e-9735-455c-8062-5bec0941b1be 0.166s
2025-11-22 05:02:59.066 66373 INFO tempest.lib.common.rest_client [req-21c35cd6-9565-463e-975a-5bae0ec7506b req-21c35cd6-9565-463e-975a-5bae0ec7506b ] Request (AttachInterfacesTestJSON:_run_cleanups): 200 GET http://10.180.1.21/compute/v2.1/servers/4e9761ca-8039-410a-b3eb-0f3d9ec1b575 0.083s
2025-11-22 05:02:59.083 66385 INFO tempest.lib.common.rest_client [req-68522017-275a-4d38-9f7f-0f186379ecaa req-68522017-275a-4d38-9f7f-0f186379ecaa ] Request (SecurityGroupsTestJSON:test_server_security_groups): 200 GET http://10.180.1.21/compute/v2.1/servers/b0aa88f8-31c2-405d-b97c-5c2eee535564 0.081s
2025-11-22 05:02:59.130 66367 INFO tempest.lib.common.rest_client [req-9b944eeb-4ad1-49cd-a35c-1a36c7c033c2 req-9b944eeb-4ad1-49cd-a35c-1a36c7c033c2 ] Request (MultipleCreateTestJSON:test_multiple_create_with_reservation_return): 200 GET http://10.180.1.21/compute/v2.1/servers/5b12411d-3d5c-4f83-8907-673104d8d963 0.061s
2025-11-22 05:02:59.147 66363 INFO tempest.lib.common.rest_client [req-e41991dc-e5f8-43eb-9cc4-a8537acfe278 req-e41991dc-e5f8-43eb-9cc4-a8537acfe278 ] Request (ServerTagsTestJSON:setUpClass): 200 GET http://10.180.1.21/compute/v2.1/servers/b1830ca0-6e4a-4441-9bb7-2a1dd5100418 0.063s
2025-11-22 05:02:59.182 66413 INFO tempest.lib.common.rest_client [req-c73766b9-9130-4eca-87cc-697fd5effbf1 req-c73766b9-9130-4eca-87cc-697fd5effbf1 ] Request (ServersNegativeTestMultiTenantJSON:setUpClass): 200 GET http://10.180.1.21/compute/v2.1/servers/1530df27-9b06-4a1c-aec2-09fd0040deb1 0.055s
2025-11-22 05:02:59.221 66401 INFO tempest.lib.common.rest_client [req-219b5bf8-7b5e-484e-bf30-be3352c392bc req-219b5bf8-7b5e-484e-bf30-be3352c392bc ] Request (ServersListShow296Test:tearDownClass): 200 GET http://10.180.1.21/compute/v2.1/servers/ad407696-c600-4160-9271-a0b127f5aa28 0.064s
2025-11-22 05:02:59.277 66388 INFO tempest.lib.common.rest_client [req-499723e6-490a-4e15-badf-88bfcafa991e req-499723e6-490a-4e15-badf-88bfcafa991e ] Request (ServerMetadataTestJSON:setUpClass): 200 GET http://10.180.1.21/compute/v2.1/servers/7b7fad65-a6b1-49e6-9ae9-a426b8a71cce 0.052s
2025-11-22 05:02:59.351 66361 INFO tempest.lib.common.rest_client [req-1f843051-0f03-435c-9347-4b9e7b8352f0 req-1f843051-0f03-435c-9347-4b9e7b8352f0 ] Request (ServersTestMultiNic:test_verify_multiple_nics_order): 200 GET http://10.180.1.21/compute/v2.1/servers/f6b9526d-b605-4ea7-bd8b-a5ba4903da07 0.057s
2025-11-22 05:02:59.379 66365 INFO tempest.lib.common.rest_client [req-9bb91bda-86fd-44d7-8495-c21884d2d501 req-9bb91bda-86fd-44d7-8495-c21884d2d501 ] Request (ImagesNegativeTestJSON:test_create_image_from_deleted_server): 200 GET http://10.180.1.21/compute/v2.1/servers/7b1290b3-b263-4a23-ac34-c7048bdeba70 0.121s
2025-11-22 05:02:59.386 66365 INFO tempest.common.waiters [-] State transition "BUILD/spawning" ==> "ACTIVE/None" after 60 second wait
2025-11-22 05:02:59.465 66395 INFO tempest.lib.common.rest_client [req-67bb0832-915e-4c1f-a886-d8e8e6f4c9d7 req-67bb0832-915e-4c1f-a886-d8e8e6f4c9d7 ] Request (ServersListShow298Test:test_list_show_update_rebuild_server_298): 200 GET http://10.180.1.21/compute/v2.1/servers/d83cad74-4745-41ee-bfa1-4b12c6b72fbc 0.073s
2025-11-22 05:02:59.479 66365 INFO tempest.lib.common.rest_client [req-c514f264-c546-4907-8f74-edbcf7d55f5a req-c514f264-c546-4907-8f74-edbcf7d55f5a ] Request (ImagesNegativeTestJSON:test_create_image_from_deleted_server): 204 DELETE http://10.180.1.21/compute/v2.1/servers/7b1290b3-b263-4a23-ac34-c7048bdeba70 0.093s
2025-11-22 05:02:59.548 66423 INFO tempest.lib.common.rest_client [req-872ae7ce-ae94-426a-89bd-7ed807e13268 req-872ae7ce-ae94-426a-89bd-7ed807e13268 ] Request (ServersListShow2100Test:test_list_show_rebuild_update_server_2100): 200 GET http://10.180.1.21/compute/v2.1/servers/70b1932b-8666-44fc-a333-2729906c9629 0.079s
2025-11-22 05:02:59.570 66419 INFO tempest.lib.common.rest_client [req-40a53f09-b1b3-4fc8-81ea-2f25764226e6 req-40a53f09-b1b3-4fc8-81ea-2f25764226e6 ] Request (ServerActionsTestJSON:setUpClass): 200 GET http://10.180.1.21/compute/v2.1/servers/d90221d0-dc79-4ef8-828e-7935765c859f 0.152s
2025-11-22 05:02:59.619 66409 INFO tempest.lib.common.rest_client [req-5af1edc3-9d3a-4842-a07d-11571dbcb330 req-5af1edc3-9d3a-4842-a07d-11571dbcb330 ] Request (ImagesTestJSON:test_create_server_from_snapshot): 200 GET http://10.180.1.21/compute/v2.1/servers/ea2fe798-68e9-4baf-829d-fcfd7cb1f5b8 0.138s
2025-11-22 05:02:59.622 66417 INFO tempest.lib.common.rest_client [req-be6e5e4e-f0be-4942-a3e0-2a6fabd0e3ca req-be6e5e4e-f0be-4942-a3e0-2a6fabd0e3ca ] Request (ServerActionsTestOtherB:test_create_backup): 200 GET http://10.180.1.21/image/v2/images/ff3855f6-6e0f-48fc-87cc-371469fb57a7 0.014s
2025-11-22 05:02:59.640 66365 INFO tempest.lib.common.rest_client [req-3b7e84e0-5e47-462e-bd4a-974c377ae201 req-3b7e84e0-5e47-462e-bd4a-974c377ae201 ] Request (ImagesNegativeTestJSON:test_create_image_from_deleted_server): 200 GET http://10.180.1.21/compute/v2.1/servers/7b1290b3-b263-4a23-ac34-c7048bdeba70 0.160s
2025-11-22 05:02:59.669 66397 INFO tempest.lib.common.rest_client [req-bea342fc-3d52-43bc-9ba8-d9eeea933ca4 req-bea342fc-3d52-43bc-9ba8-d9eeea933ca4 ] Request (ListServersNegativeTestJSON:setUpClass): 200 GET http://10.180.1.21/compute/v2.1/servers/78ea9499-e2fe-4349-bd3e-7c289790666c 0.147s
2025-11-22 05:02:59.702 66415 INFO tempest.lib.common.rest_client [req-2eae66ce-e6eb-46ca-9547-d89e20ee655c req-2eae66ce-e6eb-46ca-9547-d89e20ee655c ] Request (ServersAdminNegativeTestJSON:tearDownClass): 200 GET http://10.180.1.21/compute/v2.1/servers/a111cf9d-6287-42f0-ad2d-df78d443bf83 0.142s
2025-11-22 05:02:59.745 66399 INFO tempest.lib.common.rest_client [req-477a2dad-3efb-4143-99b5-92a6a2ba55b2 req-477a2dad-3efb-4143-99b5-92a6a2ba55b2 ] Request (AttachInterfacesV270Test:tearDownClass): 200 GET http://10.180.1.21/compute/v2.1/servers/d8facd91-3514-46ab-83dd-4287cb63171e 0.155s
2025-11-22 05:02:59.761 66379 INFO tempest.lib.common.rest_client [req-550e890a-69ae-4b60-924c-c5f4b8e7bde3 req-550e890a-69ae-4b60-924c-c5f4b8e7bde3 ] Request (MigrationsAdminTest:test_list_migrations_in_flavor_resize_situation): 200 GET http://10.180.1.21/compute/v2.1/servers/745f687f-2e50-4fdc-a1c3-f8895003b285 0.139s
2025-11-22 05:02:59.812 66391 INFO tempest.lib.common.rest_client [req-43453885-6c30-4454-a911-8c154f3bb6a2 req-43453885-6c30-4454-a911-8c154f3bb6a2 ] Request (FloatingIPsAssociationNegativeTestJSON:tearDownClass): 200 GET http://10.180.1.21/compute/v2.1/servers/a12e8027-1941-4149-8825-99761a8f3182 0.157s
2025-11-22 05:02:59.832 66369 INFO tempest.lib.common.rest_client [req-04337356-2d06-4f70-879b-05640b9aa757 req-04337356-2d06-4f70-879b-05640b9aa757 ] Request (ServerDiagnosticsNegativeTest:tearDownClass): 200 GET http://10.180.1.21/compute/v2.1/servers/a53554cc-9cc2-46a0-ad3e-a7775e7f4f0f 0.069s
2025-11-22 05:02:59.894 66393 WARNING tempest.lib.common.ssh [-] Failed to establish authenticated ssh connection to cirros@10.180.180.181 ([Errno None] Unable to connect to port 22 on 10.180.180.181). Number attempts: 1. Retry after 2 seconds.: paramiko.ssh_exception.NoValidConnectionsError: [Errno None] Unable to connect to port 22 on 10.180.180.181
2025-11-22 05:02:59.915 66383 INFO tempest.lib.common.rest_client [req-2bf67f19-9f66-4d56-8d46-d8f62717feb2 req-2bf67f19-9f66-4d56-8d46-d8f62717feb2 ] Request (ServersTestManualDisk:setUpClass): 200 GET http://10.180.1.21/compute/v2.1/servers/4ae6a446-f3f5-48a3-a1cb-7b5490d0366f 0.059s
2025-11-22 05:03:00.030 66381 INFO tempest.lib.common.rest_client [req-229edf93-5ac7-46af-8306-77e7ff4cf027 req-229edf93-5ac7-46af-8306-77e7ff4cf027 ] Request (FloatingIPsAssociationTestJSON:tearDownClass): 200 GET http://10.180.1.21/compute/v2.1/servers/bd8d176c-da59-4cef-8d9e-15d23fff7987 0.083s
2025-11-22 05:03:00.065 66407 INFO tempest.lib.common.rest_client [req-6982cf01-b202-445f-912d-7171d4a5870a req-6982cf01-b202-445f-912d-7171d4a5870a ] Request (ServerDiskConfigTestJSON:test_resize_server_from_auto_to_manual): 200 GET http://10.180.1.21/compute/v2.1/servers/8caba27e-1b95-4bb4-8ba2-b7685386985d 0.067s
2025-11-22 05:03:00.159 66373 INFO tempest.lib.common.rest_client [req-f29b9824-85a6-4840-95a0-57ec8fc619f7 req-f29b9824-85a6-4840-95a0-57ec8fc619f7 ] Request (AttachInterfacesTestJSON:_run_cleanups): 200 GET http://10.180.1.21/compute/v2.1/servers/4e9761ca-8039-410a-b3eb-0f3d9ec1b575 0.082s
2025-11-22 05:03:00.164 66375 INFO tempest.lib.common.rest_client [req-69f4f572-8c0a-4675-8b29-dfa414a43859 req-69f4f572-8c0a-4675-8b29-dfa414a43859 ] Request (ServersV294TestFqdnHostnames:setUpClass): 200 GET http://10.180.1.21/compute/v2.1/servers/16de398e-9735-455c-8062-5bec0941b1be 0.141s
2025-11-22 05:03:00.213 66385 INFO tempest.lib.common.rest_client [req-41999896-aa98-46f8-bb87-529d16c61543 req-41999896-aa98-46f8-bb87-529d16c61543 ] Request (SecurityGroupsTestJSON:test_server_security_groups): 200 GET http://10.180.1.21/compute/v2.1/servers/b0aa88f8-31c2-405d-b97c-5c2eee535564 0.121s
2025-11-22 05:03:00.218 66367 INFO tempest.lib.common.rest_client [req-c7d31d71-d7fd-484e-91f7-e63a926433c4 req-c7d31d71-d7fd-484e-91f7-e63a926433c4 ] Request (MultipleCreateTestJSON:test_multiple_create_with_reservation_return): 200 GET http://10.180.1.21/compute/v2.1/servers/5b12411d-3d5c-4f83-8907-673104d8d963 0.080s
2025-11-22 05:03:00.267 66363 INFO tempest.lib.common.rest_client [req-534d17c0-d5a4-43c4-b60a-c82990377f5d req-534d17c0-d5a4-43c4-b60a-c82990377f5d ] Request (ServerTagsTestJSON:setUpClass): 200 GET http://10.180.1.21/compute/v2.1/servers/b1830ca0-6e4a-4441-9bb7-2a1dd5100418 0.111s
2025-11-22 05:03:00.272 66413 INFO tempest.lib.common.rest_client [req-7651e927-b6d0-4a9b-810b-49ea755aa140 req-7651e927-b6d0-4a9b-810b-49ea755aa140 ] Request (ServersNegativeTestMultiTenantJSON:setUpClass): 200 GET http://10.180.1.21/compute/v2.1/servers/1530df27-9b06-4a1c-aec2-09fd0040deb1 0.081s
2025-11-22 05:03:00.339 66401 INFO tempest.lib.common.rest_client [req-2c6994de-dabc-4b33-8418-6d9900f45847 req-2c6994de-dabc-4b33-8418-6d9900f45847 ] Request (ServersListShow296Test:tearDownClass): 200 GET http://10.180.1.21/compute/v2.1/servers/ad407696-c600-4160-9271-a0b127f5aa28 0.107s
2025-11-22 05:03:00.342 66388 INFO tempest.lib.common.rest_client [req-8f175194-309c-4714-9c7f-6ff72e977b96 req-8f175194-309c-4714-9c7f-6ff72e977b96 ] Request (ServerMetadataTestJSON:setUpClass): 200 GET http://10.180.1.21/compute/v2.1/servers/7b7fad65-a6b1-49e6-9ae9-a426b8a71cce 0.056s
2025-11-22 05:03:00.349 66401 INFO tempest.common.waiters [-] State transition "ACTIVE/deleting" ==> "DELETED/None" after 5 second wait
2025-11-22 05:03:00.422 66361 INFO tempest.lib.common.rest_client [req-44664ab5-ef7f-4f5c-8c22-981c9d04f174 req-44664ab5-ef7f-4f5c-8c22-981c9d04f174 ] Request (ServersTestMultiNic:test_verify_multiple_nics_order): 200 GET http://10.180.1.21/compute/v2.1/servers/f6b9526d-b605-4ea7-bd8b-a5ba4903da07 0.063s
2025-11-22 05:03:00.438 66361 INFO tempest.common.waiters [-] State transition "BUILD/None" ==> "BUILD/networking" after 47 second wait
2025-11-22 05:03:00.546 66395 INFO tempest.lib.common.rest_client [req-fd6c9fd3-57a7-4c13-b016-a7979023521d req-fd6c9fd3-57a7-4c13-b016-a7979023521d ] Request (ServersListShow298Test:test_list_show_update_rebuild_server_298): 200 GET http://10.180.1.21/compute/v2.1/servers/d83cad74-4745-41ee-bfa1-4b12c6b72fbc 0.071s
2025-11-22 05:03:00.640 66423 INFO tempest.lib.common.rest_client [req-55171520-46f7-4b0d-ae69-f7970c7fe4a5 req-55171520-46f7-4b0d-ae69-f7970c7fe4a5 ] Request (ServersListShow2100Test:test_list_show_rebuild_update_server_2100): 200 GET http://10.180.1.21/compute/v2.1/servers/70b1932b-8666-44fc-a333-2729906c9629 0.076s
2025-11-22 05:03:00.642 66417 INFO tempest.lib.common.rest_client [req-cbd4679b-3c1d-4aaf-acd7-3df37cc4bf52 req-cbd4679b-3c1d-4aaf-acd7-3df37cc4bf52 ] Request (ServerActionsTestOtherB:test_create_backup): 200 GET http://10.180.1.21/image/v2/images/ff3855f6-6e0f-48fc-87cc-371469fb57a7 0.018s
2025-11-22 05:03:00.731 66409 INFO tempest.lib.common.rest_client [req-b824fe20-489f-4c5f-85e8-68e8807b1e57 req-b824fe20-489f-4c5f-85e8-68e8807b1e57 ] Request (ImagesTestJSON:test_create_server_from_snapshot): 200 GET http://10.180.1.21/compute/v2.1/servers/ea2fe798-68e9-4baf-829d-fcfd7cb1f5b8 0.104s
2025-11-22 05:03:00.760 66419 INFO tempest.lib.common.rest_client [req-cee9544c-2421-4e33-9d35-293c400ce1c1 req-cee9544c-2421-4e33-9d35-293c400ce1c1 ] Request (ServerActionsTestJSON:setUpClass): 200 GET http://10.180.1.21/compute/v2.1/servers/d90221d0-dc79-4ef8-828e-7935765c859f 0.180s
2025-11-22 05:03:00.834 66397 INFO tempest.lib.common.rest_client [req-5a27c25c-5345-4c08-908d-c67b4a311459 req-5a27c25c-5345-4c08-908d-c67b4a311459 ] Request (ListServersNegativeTestJSON:setUpClass): 200 GET http://10.180.1.21/compute/v2.1/servers/78ea9499-e2fe-4349-bd3e-7c289790666c 0.156s
2025-11-22 05:03:00.869 66365 INFO tempest.lib.common.rest_client [req-c3ee866f-cd40-4b97-b938-2a8dfbcc69e3 req-c3ee866f-cd40-4b97-b938-2a8dfbcc69e3 ] Request (ImagesNegativeTestJSON:test_create_image_from_deleted_server): 200 GET http://10.180.1.21/compute/v2.1/servers/7b1290b3-b263-4a23-ac34-c7048bdeba70 0.221s
2025-11-22 05:03:00.897 66415 INFO tempest.lib.common.rest_client [req-f1b22ee2-9c7c-4f66-8bb8-afde27c8f8cf req-f1b22ee2-9c7c-4f66-8bb8-afde27c8f8cf ] Request (ServersAdminNegativeTestJSON:tearDownClass): 200 GET http://10.180.1.21/compute/v2.1/servers/a111cf9d-6287-42f0-ad2d-df78d443bf83 0.187s
2025-11-22 05:03:00.955 66399 INFO tempest.lib.common.rest_client [req-e4a4aa68-16dc-4d34-b8b5-d1c31a7ae168 req-e4a4aa68-16dc-4d34-b8b5-d1c31a7ae168 ] Request (AttachInterfacesV270Test:tearDownClass): 200 GET http://10.180.1.21/compute/v2.1/servers/d8facd91-3514-46ab-83dd-4287cb63171e 0.196s
2025-11-22 05:03:00.974 66379 INFO tempest.lib.common.rest_client [req-9abcd7dc-e039-4f4c-8919-c5ef8679dbb0 req-9abcd7dc-e039-4f4c-8919-c5ef8679dbb0 ] Request (MigrationsAdminTest:test_list_migrations_in_flavor_resize_situation): 200 GET http://10.180.1.21/compute/v2.1/servers/745f687f-2e50-4fdc-a1c3-f8895003b285 0.205s
2025-11-22 05:03:01.045 66391 INFO tempest.lib.common.rest_client [req-a99ec334-bea5-404d-b9f6-b9c395e531c3 req-a99ec334-bea5-404d-b9f6-b9c395e531c3 ] Request (FloatingIPsAssociationNegativeTestJSON:tearDownClass): 200 GET http://10.180.1.21/compute/v2.1/servers/a12e8027-1941-4149-8825-99761a8f3182 0.225s
2025-11-22 05:03:01.062 66369 INFO tempest.lib.common.rest_client [req-efd2d71a-ca86-4a66-938c-60d5caa2607d req-efd2d71a-ca86-4a66-938c-60d5caa2607d ] Request (ServerDiagnosticsNegativeTest:tearDownClass): 200 GET http://10.180.1.21/compute/v2.1/servers/a53554cc-9cc2-46a0-ad3e-a7775e7f4f0f 0.221s
2025-11-22 05:03:01.120 66383 INFO tempest.lib.common.rest_client [req-d7877779-6fe9-4958-8c49-62294bc3e032 req-d7877779-6fe9-4958-8c49-62294bc3e032 ] Request (ServersTestManualDisk:setUpClass): 200 GET http://10.180.1.21/compute/v2.1/servers/4ae6a446-f3f5-48a3-a1cb-7b5490d0366f 0.193s
2025-11-22 05:03:01.134 66381 INFO tempest.lib.common.rest_client [req-8eaab1c9-8949-4bb2-b6e0-70f7b3f8f0f7 req-8eaab1c9-8949-4bb2-b6e0-70f7b3f8f0f7 ] Request (FloatingIPsAssociationTestJSON:tearDownClass): 200 GET http://10.180.1.21/compute/v2.1/servers/bd8d176c-da59-4cef-8d9e-15d23fff7987 0.096s
2025-11-22 05:03:01.179 66407 INFO tempest.lib.common.rest_client [req-c595aa48-f4f8-4aac-b7b5-6c474403a0bd req-c595aa48-f4f8-4aac-b7b5-6c474403a0bd ] Request (ServerDiskConfigTestJSON:test_resize_server_from_auto_to_manual): 200 GET http://10.180.1.21/compute/v2.1/servers/8caba27e-1b95-4bb4-8ba2-b7685386985d 0.104s
2025-11-22 05:03:01.270 66373 INFO tempest.lib.common.rest_client [req-2c1eb307-64f6-45c9-a274-438448c59402 req-2c1eb307-64f6-45c9-a274-438448c59402 ] Request (AttachInterfacesTestJSON:_run_cleanups): 200 GET http://10.180.1.21/compute/v2.1/servers/4e9761ca-8039-410a-b3eb-0f3d9ec1b575 0.103s
2025-11-22 05:03:01.308 66375 INFO tempest.lib.common.rest_client [req-38c43d19-0ea4-4e0f-a054-89c94f8a4e5c req-38c43d19-0ea4-4e0f-a054-89c94f8a4e5c ] Request (ServersV294TestFqdnHostnames:setUpClass): 200 GET http://10.180.1.21/compute/v2.1/servers/16de398e-9735-455c-8062-5bec0941b1be 0.132s
2025-11-22 05:03:01.329 66385 INFO tempest.lib.common.rest_client [req-bcd997b6-c506-430b-bcb1-7b789ef42ae4 req-bcd997b6-c506-430b-bcb1-7b789ef42ae4 ] Request (SecurityGroupsTestJSON:test_server_security_groups): 200 GET http://10.180.1.21/compute/v2.1/servers/b0aa88f8-31c2-405d-b97c-5c2eee535564 0.108s
2025-11-22 05:03:01.364 66367 INFO tempest.lib.common.rest_client [req-c22aa682-ecac-41c6-a6cc-f68ca16924ca req-c22aa682-ecac-41c6-a6cc-f68ca16924ca ] Request (MultipleCreateTestJSON:test_multiple_create_with_reservation_return): 200 GET http://10.180.1.21/compute/v2.1/servers/5b12411d-3d5c-4f83-8907-673104d8d963 0.138s
2025-11-22 05:03:01.392 66363 INFO tempest.lib.common.rest_client [req-f5cee544-ddfb-4520-8b51-138a84612182 req-f5cee544-ddfb-4520-8b51-138a84612182 ] Request (ServerTagsTestJSON:setUpClass): 200 GET http://10.180.1.21/compute/v2.1/servers/b1830ca0-6e4a-4441-9bb7-2a1dd5100418 0.116s
2025-11-22 05:03:01.421 66413 INFO tempest.lib.common.rest_client [req-e31b2c1b-b5cd-4404-9831-c638a875f79d req-e31b2c1b-b5cd-4404-9831-c638a875f79d ] Request (ServersNegativeTestMultiTenantJSON:setUpClass): 200 GET http://10.180.1.21/compute/v2.1/servers/1530df27-9b06-4a1c-aec2-09fd0040deb1 0.140s
2025-11-22 05:03:01.473 66401 INFO tempest.lib.common.rest_client [req-80887a12-b2a7-4e5a-8686-1e1448df8be4 req-80887a12-b2a7-4e5a-8686-1e1448df8be4 ] Request (ServersListShow296Test:tearDownClass): 200 GET http://10.180.1.21/compute/v2.1/servers/ad407696-c600-4160-9271-a0b127f5aa28 0.123s
2025-11-22 05:03:01.482 66388 INFO tempest.lib.common.rest_client [req-722c65bd-db8b-4447-8eee-4f7afc3cb5f2 req-722c65bd-db8b-4447-8eee-4f7afc3cb5f2 ] Request (ServerMetadataTestJSON:setUpClass): 200 GET http://10.180.1.21/compute/v2.1/servers/7b7fad65-a6b1-49e6-9ae9-a426b8a71cce 0.130s
2025-11-22 05:03:01.633 66395 INFO tempest.lib.common.rest_client [req-6f1df9d2-2c96-417f-b876-f5c64c3f4b48 req-6f1df9d2-2c96-417f-b876-f5c64c3f4b48 ] Request (ServersListShow298Test:test_list_show_update_rebuild_server_298): 200 GET http://10.180.1.21/compute/v2.1/servers/d83cad74-4745-41ee-bfa1-4b12c6b72fbc 0.075s
2025-11-22 05:03:01.652 66361 INFO tempest.lib.common.rest_client [req-dbe09304-cc66-46e4-9f57-57c685ab010c req-dbe09304-cc66-46e4-9f57-57c685ab010c ] Request (ServersTestMultiNic:test_verify_multiple_nics_order): 200 GET http://10.180.1.21/compute/v2.1/servers/f6b9526d-b605-4ea7-bd8b-a5ba4903da07 0.213s
2025-11-22 05:03:01.663 66361 INFO tempest.common.waiters [-] State transition "BUILD/networking" ==> "BUILD/spawning" after 48 second wait
2025-11-22 05:03:01.667 66417 INFO tempest.lib.common.rest_client [req-66f80a66-eafa-4dcf-8d68-2b16edb844cf req-66f80a66-eafa-4dcf-8d68-2b16edb844cf ] Request (ServerActionsTestOtherB:test_create_backup): 200 GET http://10.180.1.21/image/v2/images/ff3855f6-6e0f-48fc-87cc-371469fb57a7 0.023s
2025-11-22 05:03:01.747 66371 WARNING tempest.lib.common.ssh [-] Failed to establish authenticated ssh connection to cirros@10.180.180.240 ([Errno None] Unable to connect to port 22 on 10.180.180.240). Number attempts: 6. Retry after 7 seconds.: paramiko.ssh_exception.NoValidConnectionsError: [Errno None] Unable to connect to port 22 on 10.180.180.240
2025-11-22 05:03:01.961 66423 INFO tempest.lib.common.rest_client [req-c64e7c92-72f6-4d6d-a75c-5aa688882595 req-c64e7c92-72f6-4d6d-a75c-5aa688882595 ] Request (ServersListShow2100Test:test_list_show_rebuild_update_server_2100): 200 GET http://10.180.1.21/compute/v2.1/servers/70b1932b-8666-44fc-a333-2729906c9629 0.307s
2025-11-22 05:03:01.975 66423 INFO tempest.common.waiters [-] State transition "REBUILD/rebuild_spawning" ==> "ACTIVE/None" after 11 second wait
