2025-11-22 05:00:55.455 66365 INFO tempest.lib.common.rest_client [req-1d934859-7392-4bd2-8bc1-05983029f759 req-1d934859-7392-4bd2-8bc1-05983029f759 ] Request (QuotaClassesAdminTestJSON:tearDownClass): 204 DELETE http://10.180.1.21/identity/v3/projects/8380ebd13ca74bbf88a158350c06d814 0.098s
2025-11-22 05:00:55.455 66365 INFO tempest.lib.common.dynamic_creds [-] Deleting project and security group for project: e8d835ecae20421280d22027f0e9d691
2025-11-22 05:00:55.482 66375 INFO tempest.lib.common.rest_client [req-15cd6c6d-1481-425b-90ab-e284aa44826b req-15cd6c6d-1481-425b-90ab-e284aa44826b ] Request (QuotasAdminNegativeTest:tearDownClass): 200 GET http://10.180.1.21/networking/v2.0/security-groups?tenant_id=e2dae990a39d4d4a8e7e9ce867b35472&name=default 0.231s
2025-11-22 05:00:55.484 66407 INFO tempest.lib.common.rest_client [req-41295856-1662-4f48-afb1-4a391423e454 req-41295856-1662-4f48-afb1-4a391423e454 ] Request (ServerDiskConfigTestJSON:test_rebuild_server_with_auto_disk_config): 200 GET http://10.180.1.21/compute/v2.1/servers/e3a3d6b5-e1b8-45bd-b9a5-5001632c65ec 1.425s
2025-11-22 05:00:55.501 66367 INFO tempest.lib.common.rest_client [req-2b0c348a-2f33-4fec-898d-3c0a21d3aad5 req-2b0c348a-2f33-4fec-898d-3c0a21d3aad5 ] Request (MultipleCreateTestJSON:test_multiple_create): 200 GET http://10.180.1.21/compute/v2.1/servers/10b04206-f43e-4c94-b8df-28815ccff634 1.292s
2025-11-22 05:00:55.510 66363 INFO tempest.lib.common.rest_client [req-b793914a-ce7c-405e-8ecc-f1f780a384e4 req-b793914a-ce7c-405e-8ecc-f1f780a384e4 ] Request (KeyPairsV22TestJSON:_run_cleanups): 204 DELETE http://10.180.1.21/compute/v2.1/os-keypairs/tempest-keypair-349255894 1.221s
2025-11-22 05:00:55.513 66369 INFO tempest.lib.common.rest_client [req-ff81a38b-8b58-4b82-b929-731262649e68 req-ff81a38b-8b58-4b82-b929-731262649e68 ] Request (AggregatesAdminNegativeTestJSON:test_aggregate_delete_with_invalid_id): 404 DELETE http://10.180.1.21/compute/v2.1/os-aggregates/-1 1.190s
2025-11-22 05:00:55.540 66419 INFO tempest.lib.common.rest_client [req-ea750367-9a80-43dd-825f-17d6859c3852 req-ea750367-9a80-43dd-825f-17d6859c3852 ] Request (FlavorsAccessNegativeTestJSON:_run_cleanups): 200 GET http://10.180.1.21/compute/v2.1/flavors/detail 1.180s
2025-11-22 05:00:55.549 66395 INFO paramiko.transport [-] Connected (version 2.0, client dropbear_2020.81)
2025-11-22 05:00:55.580 66375 INFO tempest.lib.common.rest_client [req-1c0ed271-2be7-4260-b4e1-148de238d108 req-1c0ed271-2be7-4260-b4e1-148de238d108 ] Request (QuotasAdminNegativeTest:tearDownClass): 204 DELETE http://10.180.1.21/networking/v2.0/security-groups/f3314389-b450-42a9-8546-eaecfec03243 0.097s
2025-11-22 05:00:55.590 66365 INFO tempest.lib.common.rest_client [req-96554ea8-8bb1-4352-919a-10e980104f22 req-96554ea8-8bb1-4352-919a-10e980104f22 ] Request (QuotaClassesAdminTestJSON:tearDownClass): 200 GET http://10.180.1.21/networking/v2.0/security-groups?tenant_id=e8d835ecae20421280d22027f0e9d691&name=default 0.135s
2025-11-22 05:00:55.611 66378 INFO tempest.lib.common.rest_client [req-3996194a-8ab8-46a4-b6cc-011e23249449 req-3996194a-8ab8-46a4-b6cc-011e23249449 ] Request (ServicesAdminNegativeV253TestJSON:test_list_services_with_non_admin_user): 403 GET http://10.180.1.21/compute/v2.1/os-services 1.283s
2025-11-22 05:00:55.639 66399 INFO tempest.lib.common.rest_client [req-344bbe3c-eef7-42e8-b320-920cb74ee806 req-344bbe3c-eef7-42e8-b320-920cb74ee806 ] Request (SecurityGroupRulesTestJSON:tearDownClass): 404 DELETE http://10.180.1.21/compute/v2.1/os-security-groups/935c5f7a-aa23-4a31-8006-18006891dc06 1.134s
2025-11-22 05:00:55.656 66395 INFO paramiko.transport [-] Authentication (publickey) successful!
2025-11-22 05:00:55.656 66395 INFO tempest.lib.common.ssh [-] ssh connection to cirros@10.180.180.224 successfully created
2025-11-22 05:00:55.696 66365 INFO tempest.lib.common.rest_client [req-a287cf8a-0947-494c-94d1-8124a5994e69 req-a287cf8a-0947-494c-94d1-8124a5994e69 ] Request (QuotaClassesAdminTestJSON:tearDownClass): 204 DELETE http://10.180.1.21/networking/v2.0/security-groups/1c0b2758-c732-467d-a8ba-a4e77cb32997 0.105s
2025-11-22 05:00:55.707 66373 INFO tempest.lib.common.rest_client [req-a72b9b1a-86b9-4652-a69a-2756b0c17cf6 req-a72b9b1a-86b9-4652-a69a-2756b0c17cf6 ] Request (AttachInterfacesTestJSON:test_create_list_show_delete_interfaces_by_fixed_ip): 200 GET http://10.180.1.21/compute/v2.1/servers/4e9761ca-8039-410a-b3eb-0f3d9ec1b575 1.099s
2025-11-22 05:00:55.720 66375 INFO tempest.lib.common.rest_client [req-2159ebda-f2dd-4bf7-beb1-55351b9de7a3 req-2159ebda-f2dd-4bf7-beb1-55351b9de7a3 ] Request (QuotasAdminNegativeTest:tearDownClass): 204 DELETE http://10.180.1.21/identity/v3/projects/e2dae990a39d4d4a8e7e9ce867b35472 0.140s
2025-11-22 05:00:55.720 66375 INFO tempest.lib.common.dynamic_creds [-] Deleting project and security group for project: 9b8808e4da9447c7a49aa97db5c8be08
2025-11-22 05:00:55.739 66419 INFO tempest.lib.common.rest_client [req-fd5955ad-16a6-4edd-a28b-97d524d619ef req-fd5955ad-16a6-4edd-a28b-97d524d619ef ] Request (FlavorsAccessNegativeTestJSON:tearDownClass): 204 DELETE http://10.180.1.21/identity/v3/users/8ebb8a0264604fae86247b942a7e6639 0.190s
2025-11-22 05:00:55.825 66397 INFO tempest.lib.common.rest_client [req-61f964ea-15fe-4726-b655-2dd79402185c req-61f964ea-15fe-4726-b655-2dd79402185c ] Request (ImagesOneServerTestJSON:test_create_delete_image): 204 DELETE http://10.180.1.21/compute/v2.1/images/98b091b7-319c-40d4-bb21-5fb9b6bc59b3 1.190s
2025-11-22 05:00:55.834 66365 INFO tempest.lib.common.rest_client [req-014bd3b3-869f-4bb3-b9d9-200195b33f4d req-014bd3b3-869f-4bb3-b9d9-200195b33f4d ] Request (QuotaClassesAdminTestJSON:tearDownClass): 204 DELETE http://10.180.1.21/identity/v3/projects/e8d835ecae20421280d22027f0e9d691 0.137s
2025-11-22 05:00:55.847 66375 INFO tempest.lib.common.rest_client [req-e78e6427-b286-4844-9e6b-66f4db2c2eae req-e78e6427-b286-4844-9e6b-66f4db2c2eae ] Request (QuotasAdminNegativeTest:tearDownClass): 200 GET http://10.180.1.21/networking/v2.0/security-groups?tenant_id=9b8808e4da9447c7a49aa97db5c8be08&name=default 0.126s
2025-11-22 05:00:55.883 66378 INFO tempest.lib.common.rest_client [req-6bd6b618-2a99-4c2f-847d-c37b4dd32fd4 req-6bd6b618-2a99-4c2f-847d-c37b4dd32fd4 ] Request (ServicesAdminNegativeV253TestJSON:tearDownClass): 204 DELETE http://10.180.1.21/identity/v3/users/25f7a5d24ac74f85852da0504b25db97 0.269s
2025-11-22 05:00:55.966 66375 INFO tempest.lib.common.rest_client [req-53f00878-e42e-4070-809e-017355fed003 req-53f00878-e42e-4070-809e-017355fed003 ] Request (QuotasAdminNegativeTest:tearDownClass): 204 DELETE http://10.180.1.21/networking/v2.0/security-groups/99bca3d7-2ef0-4e87-be17-18a2da392b3c 0.118s
2025-11-22 05:00:56.002 66419 INFO tempest.lib.common.rest_client [req-be5a8a45-6dd8-4bda-a845-93f990753879 req-be5a8a45-6dd8-4bda-a845-93f990753879 ] Request (FlavorsAccessNegativeTestJSON:tearDownClass): 204 DELETE http://10.180.1.21/identity/v3/users/21ccaacd34fb4f89909cc48821e603c4 0.262s
2025-11-22 05:00:56.060 66365 INFO tempest.lib.common.rest_client [req-074dedb7-363f-43a0-a6d3-4d6462293ea8 req-074dedb7-363f-43a0-a6d3-4d6462293ea8 ] Request (QuotasAdminTestV257:setUpClass): 201 POST http://10.180.1.21/identity/v3/auth/tokens 0.224s
2025-11-22 05:00:56.071 66403 INFO tempest.lib.common.rest_client [req-4bac2053-3285-4a0f-8591-db4aaceeb33a req-4bac2053-3285-4a0f-8591-db4aaceeb33a ] Request (ServerPasswordTestJSON:setUpClass): 202 POST http://10.180.1.21/compute/v2.1/servers 1.597s
2025-11-22 05:00:56.077 66415 INFO tempest.lib.common.rest_client [req-760a26ba-ef80-4eb4-857c-e80f16d92d22 req-760a26ba-ef80-4eb4-857c-e80f16d92d22 ] Request (ServersAdminNegativeTestJSON:test_reset_state_server_nonexistent_server): 404 POST http://10.180.1.21/compute/v2.1/servers/999/action 1.337s
2025-11-22 05:00:56.114 66378 INFO tempest.lib.common.rest_client [req-6ae57cce-0b0c-450b-b144-0365ac0a0a60 req-6ae57cce-0b0c-450b-b144-0365ac0a0a60 ] Request (ServicesAdminNegativeV253TestJSON:tearDownClass): 204 DELETE http://10.180.1.21/identity/v3/users/a64409c6f5574f5a94e401b9450fbaac 0.230s
2025-11-22 05:00:56.114 66378 INFO tempest.lib.common.dynamic_creds [-] Deleting project and security group for project: 697a39c624f0462f8daa404ebf9ec3c0
2025-11-22 05:00:56.156 66375 INFO tempest.lib.common.rest_client [req-89df1db0-f728-4d09-8156-3796599260fe req-89df1db0-f728-4d09-8156-3796599260fe ] Request (QuotasAdminNegativeTest:tearDownClass): 204 DELETE http://10.180.1.21/identity/v3/projects/9b8808e4da9447c7a49aa97db5c8be08 0.190s
2025-11-22 05:00:56.157 66375 INFO tempest.test [-] raised in ServersOnMultiNodesTest.setUpClass. Invoking tearDownClass.
2025-11-22 05:00:56.162 66421 INFO tempest.lib.common.rest_client [req-76ccaadd-401c-45ce-99d5-52223cb31f1f req-76ccaadd-401c-45ce-99d5-52223cb31f1f ] Request (TenantUsagesTestJSON:tearDownClass): 200 GET http://10.180.1.21/compute/v2.1/servers/41503ec7-3262-4ab7-b807-15e7f801b87f 1.365s
2025-11-22 05:00:56.216 66365 INFO tempest.lib.common.rest_client [req-3f4ca1e2-aa84-40d2-aae5-1677cc06ba82 req-3f4ca1e2-aa84-40d2-aae5-1677cc06ba82 ] Request (QuotasAdminTestV257:setUpClass): 201 POST http://10.180.1.21/identity/v3/auth/tokens 0.151s
2025-11-22 05:00:56.227 66383 WARNING tempest.lib.common.ssh [-] Failed to establish authenticated ssh connection to cirros@10.180.180.237 ([Errno None] Unable to connect to port 22 on 10.180.180.237). Number attempts: 3. Retry after 4 seconds.: paramiko.ssh_exception.NoValidConnectionsError: [Errno None] Unable to connect to port 22 on 10.180.180.237
2025-11-22 05:00:56.243 66378 INFO tempest.lib.common.rest_client [req-b9cc0b73-f9b1-4de6-a2fc-01f67d776449 req-b9cc0b73-f9b1-4de6-a2fc-01f67d776449 ] Request (ServicesAdminNegativeV253TestJSON:tearDownClass): 201 POST http://10.180.1.21/identity/v3/auth/tokens 0.129s
2025-11-22 05:00:56.275 66419 INFO tempest.lib.common.rest_client [req-a5b2e966-d78d-478d-9708-0055d956b2da req-a5b2e966-d78d-478d-9708-0055d956b2da ] Request (FlavorsAccessNegativeTestJSON:tearDownClass): 204 DELETE http://10.180.1.21/identity/v3/users/cbacae8ce6cd47ae9df927dbd12e6915 0.273s
2025-11-22 05:00:56.276 66419 INFO tempest.lib.common.dynamic_creds [-] Deleting project and security group for project: c836033ddbcc406bb881427da8999473
2025-11-22 05:00:56.351 66375 INFO tempest.lib.common.rest_client [req-754a8b5c-0dbf-464e-bcee-0bb883aa0586 req-754a8b5c-0dbf-464e-bcee-0bb883aa0586 ] Request (ImagesMetadataTestJSON:setUpClass): 201 POST http://10.180.1.21/identity/v3/auth/tokens 0.191s
2025-11-22 05:00:56.378 66365 INFO tempest.lib.common.rest_client [req-387c19d4-06c6-4f54-9034-5ff35af81051 req-387c19d4-06c6-4f54-9034-5ff35af81051 ] Request (QuotasAdminTestV257:setUpClass): 200 GET http://10.180.1.21/identity/v3/domains?name=Default 0.161s
2025-11-22 05:00:56.431 66419 INFO tempest.lib.common.rest_client [req-85fa93c5-df4f-417d-a436-f3029966d181 req-85fa93c5-df4f-417d-a436-f3029966d181 ] Request (FlavorsAccessNegativeTestJSON:tearDownClass): 201 POST http://10.180.1.21/identity/v3/auth/tokens 0.155s
2025-11-22 05:00:56.447 66385 INFO tempest.lib.common.rest_client [req-9b84f948-4f4f-4024-aced-3f52abc5b9e7 req-9b84f948-4f4f-4024-aced-3f52abc5b9e7 ] Request (QuotasAdminTestV236:test_get_updated_quotas): 200 PUT http://10.180.1.21/compute/v2.1/os-quota-sets/d868482d5da94316a4b943f509641d6a 1.722s
2025-11-22 05:00:56.461 66375 INFO tempest.lib.common.rest_client [req-0bb88468-142a-4b9f-adbb-195dadc861ed req-0bb88468-142a-4b9f-adbb-195dadc861ed ] Request (ImagesMetadataTestJSON:setUpClass): 201 POST http://10.180.1.21/identity/v3/auth/tokens 0.105s
2025-11-22 05:00:56.473 66365 INFO tempest.lib.common.rest_client [req-54cd1977-3a53-4bf1-b121-991e0cc4f6f6 req-54cd1977-3a53-4bf1-b121-991e0cc4f6f6 ] Request (QuotasAdminTestV257:setUpClass): 201 POST http://10.180.1.21/identity/v3/projects 0.095s
2025-11-22 05:00:56.520 66413 INFO tempest.lib.common.rest_client [req-271a87a7-0ff0-46c1-8365-d55977ccf1bc req-271a87a7-0ff0-46c1-8365-d55977ccf1bc ] Request (DeleteServersAdminTestJSON:test_delete_server_while_in_error_state): 200 GET http://10.180.1.21/compute/v2.1/servers/2e0850f2-41b5-4814-98e6-95b4fe7bf292 1.240s
2025-11-22 05:00:56.529 66413 INFO tempest.common.waiters [-] State transition "ERROR/deleting" ==> "DELETED/None" after 2 second wait
2025-11-22 05:00:56.540 66379 INFO tempest.lib.common.rest_client [req-f01a82c4-c6fb-4446-b735-4b4fc45001c7 req-f01a82c4-c6fb-4446-b735-4b4fc45001c7 ] Request (FlavorsAdminTestJSON:_run_cleanups): 202 DELETE http://10.180.1.21/compute/v2.1/flavors/380410732 1.128s
2025-11-22 05:00:56.546 66375 INFO tempest.lib.common.rest_client [req-dab74917-8df8-4a9c-a70d-49d541ba6546 req-dab74917-8df8-4a9c-a70d-49d541ba6546 ] Request (ImagesMetadataTestJSON:setUpClass): 200 GET http://10.180.1.21/identity/v3/domains?name=Default 0.084s
2025-11-22 05:00:56.553 66365 INFO tempest.lib.common.rest_client [req-6aff52d7-6ada-4d21-bae6-ee11f1fba50f req-6aff52d7-6ada-4d21-bae6-ee11f1fba50f ] Request (QuotasAdminTestV257:setUpClass): 201 POST http://10.180.1.21/identity/v3/users 0.079s
2025-11-22 05:00:56.573 66378 INFO tempest.lib.common.rest_client [req-61d57aaf-5216-43ec-af9b-d7eb10f44674 req-61d57aaf-5216-43ec-af9b-d7eb10f44674 ] Request (ServicesAdminNegativeV253TestJSON:tearDownClass): 200 GET http://10.180.1.21/networking/v2.0/security-groups?tenant_id=697a39c624f0462f8daa404ebf9ec3c0&name=default 0.330s
2025-11-22 05:00:56.589 66375 INFO tempest.lib.common.rest_client [req-5719d8e5-ddec-400e-836f-2b035914a784 req-5719d8e5-ddec-400e-836f-2b035914a784 ] Request (ImagesMetadataTestJSON:setUpClass): 201 POST http://10.180.1.21/identity/v3/projects 0.042s
2025-11-22 05:00:56.596 66417 INFO tempest.lib.common.rest_client [req-5fa036e3-1a4c-4900-9564-243e11281cce req-5fa036e3-1a4c-4900-9564-243e11281cce ] Request (ImagesOneServerNegativeTestJSON:setUpClass): 200 GET http://10.180.1.21/compute/v2.1/servers/61e31c7b-9558-48f3-ae11-dc205450e87e 1.296s
2025-11-22 05:00:56.603 66417 INFO tempest.common.waiters [-] State transition "BUILD/None" ==> "ERROR/None" after 9 second wait
2025-11-22 05:00:56.637 66371 WARNING tempest.lib.common.ssh [-] Failed to establish authenticated ssh connection to cirros@10.180.180.240 ([Errno None] Unable to connect to port 22 on 10.180.180.240). Number attempts: 3. Retry after 4 seconds.: paramiko.ssh_exception.NoValidConnectionsError: [Errno None] Unable to connect to port 22 on 10.180.180.240
2025-11-22 05:00:56.698 66365 INFO tempest.lib.common.rest_client [req-f634a7d8-bd34-49ef-847e-19e686e2e920 req-f634a7d8-bd34-49ef-847e-19e686e2e920 ] Request (QuotasAdminTestV257:setUpClass): 200 GET http://10.180.1.21/identity/v3/roles 0.144s
2025-11-22 05:00:56.723 66378 INFO tempest.lib.common.rest_client [req-0600d3d0-e9bc-4d2d-acc2-06de0907f389 req-0600d3d0-e9bc-4d2d-acc2-06de0907f389 ] Request (ServicesAdminNegativeV253TestJSON:tearDownClass): 204 DELETE http://10.180.1.21/networking/v2.0/security-groups/12d806fb-ad51-40f8-99bf-72d302bf77d8 0.149s
2025-11-22 05:00:56.728 66375 INFO tempest.lib.common.rest_client [req-42ce3a8f-b843-4fd6-80d0-fec1c784171d req-42ce3a8f-b843-4fd6-80d0-fec1c784171d ] Request (ImagesMetadataTestJSON:setUpClass): 201 POST http://10.180.1.21/identity/v3/users 0.139s
2025-11-22 05:00:56.739 66365 INFO tempest.lib.common.rest_client [req-7122632d-1bd2-455d-b8c1-9b96858acf26 req-7122632d-1bd2-455d-b8c1-9b96858acf26 ] Request (QuotasAdminTestV257:setUpClass): 204 PUT http://10.180.1.21/identity/v3/projects/0a393133852e4a4cae5e72b6f6087499/users/71e1dde454204ea69afc39213b81e829/roles/780f46d44c6d4a2da1c1ce644ec523a1 0.041s
2025-11-22 05:00:56.739 66365 INFO tempest.lib.common.dynamic_creds [-] Dynamic test user 71e1dde454204ea69afc39213b81e829 is created with scope project and roles: ['member']
2025-11-22 05:00:56.740 66365 INFO tempest.lib.common.dynamic_creds [-] Acquired dynamic creds: credentials: Credentials: {'domain_id': 'default', 'domain_name': 'Default', 'username': 'tempest-QuotasAdminTestV257-913732148-project-member', 'project_domain_id': 'default', 'project_domain_name': 'Default', 'project_id': '0a393133852e4a4cae5e72b6f6087499', 'project_name': 'tempest-QuotasAdminTestV257-913732148', 'tenant_id': '0a393133852e4a4cae5e72b6f6087499', 'tenant_name': 'tempest-QuotasAdminTestV257-913732148', 'user_domain_id': 'default', 'user_domain_name': 'Default', 'user_id': '71e1dde454204ea69afc39213b81e829', 'system': None}, Network: None, Subnet: None, Router: None
2025-11-22 05:00:56.740 66365 INFO tempest.lib.common.dynamic_creds [-] Created isolated network resources for: credentials: Credentials: {'domain_id': 'default', 'domain_name': 'Default', 'username': 'tempest-QuotasAdminTestV257-913732148-project-member', 'project_domain_id': 'default', 'project_domain_name': 'Default', 'project_id': '0a393133852e4a4cae5e72b6f6087499', 'project_name': 'tempest-QuotasAdminTestV257-913732148', 'tenant_id': '0a393133852e4a4cae5e72b6f6087499', 'tenant_name': 'tempest-QuotasAdminTestV257-913732148', 'user_domain_id': 'default', 'user_domain_name': 'Default', 'user_id': '71e1dde454204ea69afc39213b81e829', 'system': None}, Network: None, Subnet: None, Router: None
2025-11-22 05:00:56.752 66423 INFO tempest.lib.common.rest_client [req-33eb1c78-8d24-4217-90ab-ea0c39877e1d req-33eb1c78-8d24-4217-90ab-ea0c39877e1d ] Request (InstanceActionsV221TestJSON:test_get_list_deleted_instance_actions): 200 GET http://10.180.1.21/compute/v2.1/servers/8fc4d81c-c6f5-42dc-969a-f11a5f83525b 1.321s
2025-11-22 05:00:56.754 66393 INFO tempest.lib.common.rest_client [req-24a3fdec-c129-4787-ad63-984709cd7232 req-24a3fdec-c129-4787-ad63-984709cd7232 ] Request (SecurityGroupRulesNegativeTestJSON:test_delete_security_group_rule_with_non_existent_id): 404 DELETE http://10.180.1.21/compute/v2.1/os-security-group-rules/2bf76106-23d4-4f37-89fe-f1135359ca29 1.307s
2025-11-22 05:00:56.785 66369 INFO tempest.lib.common.rest_client [req-b5622b5f-001a-4d77-a2f1-424187267148 req-b5622b5f-001a-4d77-a2f1-424187267148 ] Request (AggregatesAdminNegativeTestJSON:test_aggregate_get_details_as_user): 200 POST http://10.180.1.21/compute/v2.1/os-aggregates 1.270s
2025-11-22 05:00:56.815 66375 INFO tempest.lib.common.rest_client [req-e92b60f2-cdb4-4b3f-96d7-878e6e1144a8 req-e92b60f2-cdb4-4b3f-96d7-878e6e1144a8 ] Request (ImagesMetadataTestJSON:setUpClass): 200 GET http://10.180.1.21/identity/v3/roles 0.086s
2025-11-22 05:00:56.869 66361 INFO tempest.lib.common.rest_client [req-2323eb28-8d5d-4d45-8641-6feeba4b5351 req-2323eb28-8d5d-4d45-8641-6feeba4b5351 ] Request (ServersTestMultiNic:test_verify_duplicate_network_nics): 200 GET http://10.180.1.21/compute/v2.1/servers/b5d6439f-fc27-4d3a-82c2-0302f67d9f18 1.256s
2025-11-22 05:00:56.897 66419 INFO tempest.lib.common.rest_client [req-947de84d-428b-479a-90b7-5458f8a7c7a5 req-947de84d-428b-479a-90b7-5458f8a7c7a5 ] Request (FlavorsAccessNegativeTestJSON:tearDownClass): 200 GET http://10.180.1.21/networking/v2.0/security-groups?tenant_id=c836033ddbcc406bb881427da8999473&name=default 0.465s
2025-11-22 05:00:56.901 66378 INFO tempest.lib.common.rest_client [req-89649f0e-718f-40ba-9725-0290111e29c1 req-89649f0e-718f-40ba-9725-0290111e29c1 ] Request (ServicesAdminNegativeV253TestJSON:tearDownClass): 204 DELETE http://10.180.1.21/identity/v3/projects/697a39c624f0462f8daa404ebf9ec3c0 0.178s
2025-11-22 05:00:56.902 66378 INFO tempest.lib.common.dynamic_creds [-] Deleting project and security group for project: 17577aa4fe2648849bc7c6f18d837fcd
2025-11-22 05:00:56.904 66365 INFO tempest.lib.common.rest_client [req-6fe31c52-40c4-4b0f-a6e0-6ba7765cee46 req-6fe31c52-40c4-4b0f-a6e0-6ba7765cee46 ] Request (QuotasAdminTestV257:setUpClass): 201 POST http://10.180.1.21/identity/v3/auth/tokens 0.160s
2025-11-22 05:00:57.007 66365 INFO tempest.lib.common.rest_client [req-177fb50b-8d55-445f-90c1-722c0e553e2a req-177fb50b-8d55-445f-90c1-722c0e553e2a ] Request (QuotasAdminTestV257:setUpClass): 201 POST http://10.180.1.21/identity/v3/projects 0.102s
2025-11-22 05:00:57.035 66375 INFO tempest.lib.common.rest_client [req-1028f23d-6fa0-4388-bc0c-009d6e1878c6 req-1028f23d-6fa0-4388-bc0c-009d6e1878c6 ] Request (ImagesMetadataTestJSON:setUpClass): 204 PUT http://10.180.1.21/identity/v3/projects/687f13915bf24970b1c909d56573a687/users/5e512d7bd08844578d97b796c7c68801/roles/780f46d44c6d4a2da1c1ce644ec523a1 0.219s
2025-11-22 05:00:57.035 66375 INFO tempest.lib.common.dynamic_creds [-] Dynamic test user 5e512d7bd08844578d97b796c7c68801 is created with scope project and roles: ['member']
2025-11-22 05:00:57.036 66375 INFO tempest.lib.common.dynamic_creds [-] Acquired dynamic creds: credentials: Credentials: {'domain_id': 'default', 'domain_name': 'Default', 'username': 'tempest-ImagesMetadataTestJSON-570695300-project-member', 'project_domain_id': 'default', 'project_domain_name': 'Default', 'project_id': '687f13915bf24970b1c909d56573a687', 'project_name': 'tempest-ImagesMetadataTestJSON-570695300', 'tenant_id': '687f13915bf24970b1c909d56573a687', 'tenant_name': 'tempest-ImagesMetadataTestJSON-570695300', 'user_domain_id': 'default', 'user_domain_name': 'Default', 'user_id': '5e512d7bd08844578d97b796c7c68801', 'system': None}, Network: None, Subnet: None, Router: None
2025-11-22 05:00:57.036 66375 INFO tempest.lib.common.dynamic_creds [-] Created isolated network resources for: credentials: Credentials: {'domain_id': 'default', 'domain_name': 'Default', 'username': 'tempest-ImagesMetadataTestJSON-570695300-project-member', 'project_domain_id': 'default', 'project_domain_name': 'Default', 'project_id': '687f13915bf24970b1c909d56573a687', 'project_name': 'tempest-ImagesMetadataTestJSON-570695300', 'tenant_id': '687f13915bf24970b1c909d56573a687', 'tenant_name': 'tempest-ImagesMetadataTestJSON-570695300', 'user_domain_id': 'default', 'user_domain_name': 'Default', 'user_id': '5e512d7bd08844578d97b796c7c68801', 'system': None}, Network: None, Subnet: None, Router: None
2025-11-22 05:00:57.101 66419 INFO tempest.lib.common.rest_client [req-f7309caf-7eb9-4f3e-af75-baef6bf20ff7 req-f7309caf-7eb9-4f3e-af75-baef6bf20ff7 ] Request (FlavorsAccessNegativeTestJSON:tearDownClass): 204 DELETE http://10.180.1.21/networking/v2.0/security-groups/1eb466cd-40de-40aa-9294-b8ef054cb674 0.203s
2025-11-22 05:00:57.124 66378 INFO tempest.lib.common.rest_client [req-c11059a7-a464-4b3d-bbcd-02972e004519 req-c11059a7-a464-4b3d-bbcd-02972e004519 ] Request (ServicesAdminNegativeV253TestJSON:tearDownClass): 200 GET http://10.180.1.21/networking/v2.0/security-groups?tenant_id=17577aa4fe2648849bc7c6f18d837fcd&name=default 0.222s
2025-11-22 05:00:57.140 66389 INFO tempest.lib.common.rest_client [req-fe4a6696-d557-43ff-b5bc-91b6cc4525ba req-fe4a6696-d557-43ff-b5bc-91b6cc4525ba ] Request (ServerExternalEventsTest:test_create_server_external_events): 200 GET http://10.180.1.21/compute/v2.1/servers/5cee6750-0f27-4659-b9cb-3cd2d34d9ac1 1.509s
2025-11-22 05:00:57.141 66375 INFO tempest.lib.common.rest_client [req-786de388-a729-42dd-bb90-87e693baa6db req-786de388-a729-42dd-bb90-87e693baa6db ] Request (ImagesMetadataTestJSON:setUpClass): 201 POST http://10.180.1.21/identity/v3/auth/tokens 0.102s
2025-11-22 05:00:57.173 66365 INFO tempest.lib.common.rest_client [req-0d236096-ce66-43c1-86cc-88c340e5f389 req-0d236096-ce66-43c1-86cc-88c340e5f389 ] Request (QuotasAdminTestV257:setUpClass): 201 POST http://10.180.1.21/identity/v3/users 0.165s
2025-11-22 05:00:57.240 66378 INFO tempest.lib.common.rest_client [req-5b8e0738-3eed-4d8c-a768-e0b4fa201f06 req-5b8e0738-3eed-4d8c-a768-e0b4fa201f06 ] Request (ServicesAdminNegativeV253TestJSON:tearDownClass): 204 DELETE http://10.180.1.21/networking/v2.0/security-groups/64ec0c5c-1bbf-4a66-bddb-6bc58d03d71f 0.114s
2025-11-22 05:00:57.264 66399 INFO tempest.lib.common.rest_client [req-42382928-a014-44b6-8267-aeb2bd9bfd04 req-42382928-a014-44b6-8267-aeb2bd9bfd04 ] Request (SecurityGroupRulesTestJSON:tearDownClass): 202 DELETE http://10.180.1.21/compute/v2.1/os-security-groups/9691ee87-4027-4d90-a273-49daf1ef7186 1.625s
2025-11-22 05:00:57.264 66419 INFO tempest.lib.common.rest_client [req-953090f6-1118-4ff6-a432-4b59cf18d1f7 req-953090f6-1118-4ff6-a432-4b59cf18d1f7 ] Request (FlavorsAccessNegativeTestJSON:tearDownClass): 204 DELETE http://10.180.1.21/identity/v3/projects/c836033ddbcc406bb881427da8999473 0.162s
2025-11-22 05:00:57.264 66419 INFO tempest.lib.common.dynamic_creds [-] Deleting project and security group for project: e3d2d7f1e75846788d2f3bbf399f2f6d
2025-11-22 05:00:57.337 66365 INFO tempest.lib.common.rest_client [req-ffd0c4ea-0786-447c-929f-520c51839dfc req-ffd0c4ea-0786-447c-929f-520c51839dfc ] Request (QuotasAdminTestV257:setUpClass): 200 GET http://10.180.1.21/identity/v3/roles 0.164s
2025-11-22 05:00:57.384 66365 INFO tempest.lib.common.rest_client [req-33db4184-cea7-4763-910a-359194546d4a req-33db4184-cea7-4763-910a-359194546d4a ] Request (QuotasAdminTestV257:setUpClass): 204 PUT http://10.180.1.21/identity/v3/projects/ea68a0a17b454c5799b469d7ae2d145d/users/0b665e78b1a1422b8cff0ba2c1673208/roles/c8fa1de7626341c1b4dcc9a6f9edfc5f 0.045s
2025-11-22 05:00:57.383 66363 INFO tempest.lib.common.rest_client [req-d4467df5-98ed-4e25-9f9e-d5199d7394b6 req-d4467df5-98ed-4e25-9f9e-d5199d7394b6 ] Request (KeyPairsV22TestJSON:test_keypairsv22_create_list_show_with_type): 201 POST http://10.180.1.21/compute/v2.1/os-keypairs 1.871s
2025-11-22 05:00:57.384 66419 INFO tempest.lib.common.rest_client [req-aed26c80-3cdb-4eab-b02d-d5d273189507 req-aed26c80-3cdb-4eab-b02d-d5d273189507 ] Request (FlavorsAccessNegativeTestJSON:tearDownClass): 200 GET http://10.180.1.21/networking/v2.0/security-groups?tenant_id=e3d2d7f1e75846788d2f3bbf399f2f6d&name=default 0.120s
2025-11-22 05:00:57.419 66378 INFO tempest.lib.common.rest_client [req-d2613bd9-5e49-49e4-929b-213e81d2c4e8 req-d2613bd9-5e49-49e4-929b-213e81d2c4e8 ] Request (ServicesAdminNegativeV253TestJSON:tearDownClass): 204 DELETE http://10.180.1.21/identity/v3/projects/17577aa4fe2648849bc7c6f18d837fcd 0.178s
2025-11-22 05:00:57.422 66378 INFO tempest.test [-] raised in ServerPersonalityTestJSON.setUpClass. Invoking tearDownClass.
2025-11-22 05:00:57.492 66419 INFO tempest.lib.common.rest_client [req-e08ecf3f-e3ff-45be-ae08-75e40ebcce78 req-e08ecf3f-e3ff-45be-ae08-75e40ebcce78 ] Request (FlavorsAccessNegativeTestJSON:tearDownClass): 204 DELETE http://10.180.1.21/networking/v2.0/security-groups/0c8ca795-f4b8-4240-afcb-2cc357d6eb21 0.107s
2025-11-22 05:00:57.503 66365 INFO tempest.lib.common.rest_client [req-cd1d3f88-567a-4a53-a707-3c72999f3e10 req-cd1d3f88-567a-4a53-a707-3c72999f3e10 ] Request (QuotasAdminTestV257:setUpClass): 200 GET http://10.180.1.21/identity/v3/roles 0.118s
2025-11-22 05:00:57.524 66391 INFO tempest.lib.common.rest_client [req-5c4c4cf7-fb9e-4ab8-ba76-b25091948bf2 req-5c4c4cf7-fb9e-4ab8-ba76-b25091948bf2 ] Request (ServersAdmin275Test:tearDownClass): 200 GET http://10.180.1.21/compute/v2.1/servers/9bf7293b-cbb5-442c-b7d9-069adb7ebe47 1.797s
2025-11-22 05:00:57.580 66405 INFO tempest.lib.common.rest_client [req-2fa34a32-71dd-4fb4-acaa-337ad8ed7f8b req-2fa34a32-71dd-4fb4-acaa-337ad8ed7f8b ] Request (AttachVolumeTestJSON:test_attach_detach_volume): 200 GET http://10.180.1.21/compute/v2.1/servers/9e53a5fb-e38c-4c57-aaf2-92a48c5919c1 1.837s
2025-11-22 05:00:57.580 66419 INFO tempest.lib.common.rest_client [req-3f61c62e-6e45-4cf7-a506-68ef0cff31b5 req-3f61c62e-6e45-4cf7-a506-68ef0cff31b5 ] Request (FlavorsAccessNegativeTestJSON:tearDownClass): 204 DELETE http://10.180.1.21/identity/v3/projects/e3d2d7f1e75846788d2f3bbf399f2f6d 0.087s
2025-11-22 05:00:57.581 66419 INFO tempest.lib.common.dynamic_creds [-] Deleting project and security group for project: 3c7cfc82df2b427aa52f0c4708646bed
2025-11-22 05:00:57.628 66365 INFO tempest.lib.common.rest_client [req-9dfd4736-1dc7-4c78-a828-660e8a8f48c9 req-9dfd4736-1dc7-4c78-a828-660e8a8f48c9 ] Request (QuotasAdminTestV257:setUpClass): 204 PUT http://10.180.1.21/identity/v3/projects/ea68a0a17b454c5799b469d7ae2d145d/users/0b665e78b1a1422b8cff0ba2c1673208/roles/c8fa1de7626341c1b4dcc9a6f9edfc5f 0.124s
2025-11-22 05:00:57.628 66365 INFO tempest.lib.common.dynamic_creds [-] Dynamic test user 0b665e78b1a1422b8cff0ba2c1673208 is created with scope project and roles: ['admin']
2025-11-22 05:00:57.628 66365 INFO tempest.lib.common.dynamic_creds [-] Acquired dynamic creds: credentials: Credentials: {'domain_id': 'default', 'domain_name': 'Default', 'username': 'tempest-QuotasAdminTestV257-331403212-project-admin', 'project_domain_id': 'default', 'project_domain_name': 'Default', 'project_id': 'ea68a0a17b454c5799b469d7ae2d145d', 'project_name': 'tempest-QuotasAdminTestV257-331403212', 'tenant_id': 'ea68a0a17b454c5799b469d7ae2d145d', 'tenant_name': 'tempest-QuotasAdminTestV257-331403212', 'user_domain_id': 'default', 'user_domain_name': 'Default', 'user_id': '0b665e78b1a1422b8cff0ba2c1673208', 'system': None}, Network: None, Subnet: None, Router: None
2025-11-22 05:00:57.628 66365 INFO tempest.lib.common.dynamic_creds [-] Created isolated network resources for: credentials: Credentials: {'domain_id': 'default', 'domain_name': 'Default', 'username': 'tempest-QuotasAdminTestV257-331403212-project-admin', 'project_domain_id': 'default', 'project_domain_name': 'Default', 'project_id': 'ea68a0a17b454c5799b469d7ae2d145d', 'project_name': 'tempest-QuotasAdminTestV257-331403212', 'tenant_id': 'ea68a0a17b454c5799b469d7ae2d145d', 'tenant_name': 'tempest-QuotasAdminTestV257-331403212', 'user_domain_id': 'default', 'user_domain_name': 'Default', 'user_id': '0b665e78b1a1422b8cff0ba2c1673208', 'system': None}, Network: None, Subnet: None, Router: None
2025-11-22 05:00:57.685 66409 INFO tempest.lib.common.rest_client [req-15830ce0-8cc2-4223-be96-fb1ee302ae7f req-15830ce0-8cc2-4223-be96-fb1ee302ae7f ] Request (ImagesTestJSON:test_create_image_from_suspended_server): 200 GET http://10.180.1.21/compute/v2.1/servers/55cfe5c6-de06-4f6a-b428-a3f0496bf631 1.874s
2025-11-22 05:00:57.689 66419 INFO tempest.lib.common.rest_client [req-2455f102-d885-40dd-8d4d-10bb039c76ce req-2455f102-d885-40dd-8d4d-10bb039c76ce ] Request (FlavorsAccessNegativeTestJSON:tearDownClass): 200 GET http://10.180.1.21/networking/v2.0/security-groups?tenant_id=3c7cfc82df2b427aa52f0c4708646bed&name=default 0.108s
2025-11-22 05:00:57.695 66409 INFO tempest.common.waiters [-] State transition "BUILD/scheduling" ==> "BUILD/None" after 3 second wait
2025-11-22 05:00:57.703 66365 INFO tempest.lib.common.rest_client [req-d03c4fc5-407b-4ff1-bc33-799a5cc8a033 req-d03c4fc5-407b-4ff1-bc33-799a5cc8a033 ] Request (QuotasAdminTestV257:setUpClass): 201 POST http://10.180.1.21/identity/v3/auth/tokens 0.071s
2025-11-22 05:00:57.704 66365 WARNING tempest.lib.common.rest_client [-] Deprecated: "tenant_id" property is deprecated for removal, use "project_id" instead
2025-11-22 05:00:57.705 66397 INFO tempest.lib.common.rest_client [req-9ad7f2d2-44f0-43d0-894b-e84c96792908 req-9ad7f2d2-44f0-43d0-894b-e84c96792908 ] Request (ImagesOneServerTestJSON:test_create_delete_image): 404 GET http://10.180.1.21/compute/v2.1/images/98b091b7-319c-40d4-bb21-5fb9b6bc59b3 1.879s
2025-11-22 05:00:57.777 66419 INFO tempest.lib.common.rest_client [req-eb816f87-1d4c-48d6-8e3f-76bba3303b75 req-eb816f87-1d4c-48d6-8e3f-76bba3303b75 ] Request (FlavorsAccessNegativeTestJSON:tearDownClass): 204 DELETE http://10.180.1.21/networking/v2.0/security-groups/58846ef0-18dd-460c-a9fa-93e7431eb213 0.087s
2025-11-22 05:00:57.805 66375 INFO tempest.lib.common.rest_client [req-a7662e33-38b2-4581-ba85-ad5ee849df9d req-a7662e33-38b2-4581-ba85-ad5ee849df9d ] Request (ImagesMetadataTestJSON:setUpClass): 201 POST http://10.180.1.21/image/v2/images 0.662s
2025-11-22 05:00:57.809 66381 INFO tempest.lib.common.rest_client [req-bea4ee00-1213-4113-93ae-2dabcdb82381 req-bea4ee00-1213-4113-93ae-2dabcdb82381 ] Request (FloatingIPsAssociationTestJSON:test_associate_already_associated_floating_ip): 200 GET http://10.180.1.21/compute/v2.1/servers/aec03c13-1069-4e76-a997-4ebe57fd97b4 1.983s
2025-11-22 05:00:57.880 66403 INFO tempest.lib.common.rest_client [req-cf4ac2e5-b4b2-4f15-8981-f85c2691177c req-cf4ac2e5-b4b2-4f15-8981-f85c2691177c ] Request (ServerPasswordTestJSON:setUpClass): 200 GET http://10.180.1.21/compute/v2.1/servers/ddc14698-c04b-4a0e-91b5-643f702c1330 1.806s
2025-11-22 05:00:57.919 66419 INFO tempest.lib.common.rest_client [req-8c4a602d-53ea-44f3-acf7-9eb16e8bb3ad req-8c4a602d-53ea-44f3-acf7-9eb16e8bb3ad ] Request (FlavorsAccessNegativeTestJSON:tearDownClass): 204 DELETE http://10.180.1.21/identity/v3/projects/3c7cfc82df2b427aa52f0c4708646bed 0.142s
2025-11-22 05:00:57.981 66411 INFO tempest.lib.common.rest_client [req-57b79545-6835-4edc-9abb-8b208aef8cdd req-57b79545-6835-4edc-9abb-8b208aef8cdd ] Request (ServerDiagnosticsTest:tearDownClass): 200 GET http://10.180.1.21/compute/v2.1/servers/c4fcb7a8-ff88-4379-b5ce-a43ca041b439 1.734s
2025-11-22 05:00:57.990 66411 INFO tempest.common.waiters [-] State transition "ACTIVE/deleting" ==> "DELETED/None" after 5 second wait
2025-11-22 05:00:58.003 66419 INFO tempest.lib.common.rest_client [req-f0cda965-00c9-4124-9cdf-e4977d0170ad req-f0cda965-00c9-4124-9cdf-e4977d0170ad ] Request (HypervisorAdminUnderV252Test:setUpClass): 201 POST http://10.180.1.21/identity/v3/auth/tokens 0.083s
2025-11-22 05:00:58.045 66419 INFO tempest.lib.common.rest_client [req-f191c677-26ae-412f-b8ba-2dce8bc2bc74 req-f191c677-26ae-412f-b8ba-2dce8bc2bc74 ] Request (HypervisorAdminUnderV252Test:setUpClass): 201 POST http://10.180.1.21/identity/v3/auth/tokens 0.038s
2025-11-22 05:00:58.080 66401 INFO tempest.lib.common.rest_client [req-635c848e-609a-4cb4-8be3-fc2fedc4112e req-635c848e-609a-4cb4-8be3-fc2fedc4112e ] Request (ServerAddressesTestJSON:tearDownClass): 200 GET http://10.180.1.21/compute/v2.1/servers/b30c5c02-0755-452d-91da-1ae01bef3182 1.796s
2025-11-22 05:00:58.083 66419 INFO tempest.lib.common.rest_client [req-199b516f-a9e0-412c-a283-cd2a66b9a9cf req-199b516f-a9e0-412c-a283-cd2a66b9a9cf ] Request (HypervisorAdminUnderV252Test:setUpClass): 200 GET http://10.180.1.21/identity/v3/domains?name=Default 0.037s
2025-11-22 05:00:58.089 66401 INFO tempest.common.waiters [-] State transition "ACTIVE/deleting" ==> "DELETED/None" after 3 second wait
2025-11-22 05:00:58.120 66419 INFO tempest.lib.common.rest_client [req-fe056d96-0a4a-41e4-aa89-bd6abc1a90d7 req-fe056d96-0a4a-41e4-aa89-bd6abc1a90d7 ] Request (HypervisorAdminUnderV252Test:setUpClass): 201 POST http://10.180.1.21/identity/v3/projects 0.036s
2025-11-22 05:00:58.232 66419 INFO tempest.lib.common.rest_client [req-40290c20-e690-4605-8f5b-c684e4750e67 req-40290c20-e690-4605-8f5b-c684e4750e67 ] Request (HypervisorAdminUnderV252Test:setUpClass): 201 POST http://10.180.1.21/identity/v3/users 0.112s
2025-11-22 05:00:58.254 66419 INFO tempest.lib.common.rest_client [req-2f7a7eb7-9f2c-470a-9dc8-f0e623a14c6e req-2f7a7eb7-9f2c-470a-9dc8-f0e623a14c6e ] Request (HypervisorAdminUnderV252Test:setUpClass): 200 GET http://10.180.1.21/identity/v3/roles 0.021s
2025-11-22 05:00:58.258 66385 INFO tempest.lib.common.rest_client [req-cc4b4dc0-282f-4074-adaf-6ce033cad034 req-cc4b4dc0-282f-4074-adaf-6ce033cad034 ] Request (QuotasAdminTestV236:test_get_updated_quotas): 200 GET http://10.180.1.21/compute/v2.1/os-quota-sets/d868482d5da94316a4b943f509641d6a/detail 1.807s
2025-11-22 05:00:58.287 66419 INFO tempest.lib.common.rest_client [req-47b35f6d-83dd-4b29-9504-33f84cf995e0 req-47b35f6d-83dd-4b29-9504-33f84cf995e0 ] Request (HypervisorAdminUnderV252Test:setUpClass): 204 PUT http://10.180.1.21/identity/v3/projects/7fb48dffffd149e1be47a3e721139ece/users/b30e49bbcac84cbabd844d1c08e76a2e/roles/780f46d44c6d4a2da1c1ce644ec523a1 0.032s
2025-11-22 05:00:58.287 66419 INFO tempest.lib.common.dynamic_creds [-] Dynamic test user b30e49bbcac84cbabd844d1c08e76a2e is created with scope project and roles: ['member']
2025-11-22 05:00:58.288 66419 INFO tempest.lib.common.dynamic_creds [-] Acquired dynamic creds: credentials: Credentials: {'domain_id': 'default', 'domain_name': 'Default', 'username': 'tempest-HypervisorAdminUnderV252Test-233801037-project-member', 'project_domain_id': 'default', 'project_domain_name': 'Default', 'project_id': '7fb48dffffd149e1be47a3e721139ece', 'project_name': 'tempest-HypervisorAdminUnderV252Test-233801037', 'tenant_id': '7fb48dffffd149e1be47a3e721139ece', 'tenant_name': 'tempest-HypervisorAdminUnderV252Test-233801037', 'user_domain_id': 'default', 'user_domain_name': 'Default', 'user_id': 'b30e49bbcac84cbabd844d1c08e76a2e', 'system': None}, Network: None, Subnet: None, Router: None
2025-11-22 05:00:58.288 66419 INFO tempest.lib.common.dynamic_creds [-] Created isolated network resources for: credentials: Credentials: {'domain_id': 'default', 'domain_name': 'Default', 'username': 'tempest-HypervisorAdminUnderV252Test-233801037-project-member', 'project_domain_id': 'default', 'project_domain_name': 'Default', 'project_id': '7fb48dffffd149e1be47a3e721139ece', 'project_name': 'tempest-HypervisorAdminUnderV252Test-233801037', 'tenant_id': '7fb48dffffd149e1be47a3e721139ece', 'tenant_name': 'tempest-HypervisorAdminUnderV252Test-233801037', 'user_domain_id': 'default', 'user_domain_name': 'Default', 'user_id': 'b30e49bbcac84cbabd844d1c08e76a2e', 'system': None}, Network: None, Subnet: None, Router: None
2025-11-22 05:00:58.339 66385 INFO tempest.lib.common.rest_client [req-9caa0d19-5314-4d41-afa6-dae0684cf96e req-9caa0d19-5314-4d41-afa6-dae0684cf96e ] Request (QuotasAdminTestV236:test_get_updated_quotas): 200 GET http://10.180.1.21/identity/v3/domains?name=Default 0.075s
2025-11-22 05:00:58.419 66407 INFO tempest.lib.common.rest_client [req-c3101f13-351c-464e-a2b1-6867c667e9ca req-c3101f13-351c-464e-a2b1-6867c667e9ca ] Request (ServerDiskConfigTestJSON:test_rebuild_server_with_auto_disk_config): 200 GET http://10.180.1.21/compute/v2.1/servers/e3a3d6b5-e1b8-45bd-b9a5-5001632c65ec 1.926s
2025-11-22 05:00:58.419 66419 INFO tempest.lib.common.rest_client [req-80a05cef-5c12-4b00-b2f3-77ebf4238976 req-80a05cef-5c12-4b00-b2f3-77ebf4238976 ] Request (HypervisorAdminUnderV252Test:setUpClass): 201 POST http://10.180.1.21/identity/v3/auth/tokens 0.127s
2025-11-22 05:00:58.427 66407 INFO tempest.common.waiters [-] State transition "REBUILD/rebuilding" ==> "REBUILD/rebuild_spawning" after 3 second wait
2025-11-22 05:00:58.446 66385 INFO tempest.lib.common.rest_client [req-a0af4d46-3302-43d1-a974-08220ef22ee3 req-a0af4d46-3302-43d1-a974-08220ef22ee3 ] Request (QuotasAdminTestV236:test_get_updated_quotas): 201 POST http://10.180.1.21/identity/v3/users 0.106s
2025-11-22 05:00:58.475 66367 INFO tempest.lib.common.rest_client [req-70a5ffa8-d4ba-46ab-80b2-fa1efd25224e req-70a5ffa8-d4ba-46ab-80b2-fa1efd25224e ] Request (MultipleCreateTestJSON:test_multiple_create): 200 GET http://10.180.1.21/compute/v2.1/servers/10b04206-f43e-4c94-b8df-28815ccff634 1.960s
2025-11-22 05:00:58.502 66419 INFO tempest.lib.common.rest_client [req-f87c2b8c-7f79-4016-8f86-a0001346ee2d req-f87c2b8c-7f79-4016-8f86-a0001346ee2d ] Request (HypervisorAdminUnderV252Test:setUpClass): 201 POST http://10.180.1.21/identity/v3/projects 0.082s
2025-11-22 05:00:58.503 66379 INFO tempest.lib.common.rest_client [req-ad5f698d-7577-491c-80f1-4a617684a28e req-ad5f698d-7577-491c-80f1-4a617684a28e ] Request (FlavorsAdminTestJSON:_run_cleanups): 200 GET http://10.180.1.21/compute/v2.1/flavors/detail 1.962s
2025-11-22 05:00:58.558 66385 INFO tempest.lib.common.rest_client [req-020c5ca2-c3ab-41cf-99b7-e97cf7c9cfc0 req-020c5ca2-c3ab-41cf-99b7-e97cf7c9cfc0 ] Request (QuotasAdminTestV236:test_get_updated_quotas): 200 GET http://10.180.1.21/identity/v3/domains?name=Default 0.111s
2025-11-22 05:00:58.572 66419 INFO tempest.lib.common.rest_client [req-70e2f3ce-f97c-4ffd-82f6-0d071c8a57b1 req-70e2f3ce-f97c-4ffd-82f6-0d071c8a57b1 ] Request (HypervisorAdminUnderV252Test:setUpClass): 201 POST http://10.180.1.21/identity/v3/users 0.069s
2025-11-22 05:00:58.594 66419 INFO tempest.lib.common.rest_client [req-52ac637a-ac53-41f9-8c8e-0589e0eb9109 req-52ac637a-ac53-41f9-8c8e-0589e0eb9109 ] Request (HypervisorAdminUnderV252Test:setUpClass): 200 GET http://10.180.1.21/identity/v3/roles 0.022s
2025-11-22 05:00:58.623 66419 INFO tempest.lib.common.rest_client [req-a5ce6363-0502-417b-be21-45a09dbf665b req-a5ce6363-0502-417b-be21-45a09dbf665b ] Request (HypervisorAdminUnderV252Test:setUpClass): 204 PUT http://10.180.1.21/identity/v3/projects/5410e6d35a3e4100acee8fd166471a6b/users/c5d76467c6fe4124842bfc55df4f7432/roles/c8fa1de7626341c1b4dcc9a6f9edfc5f 0.027s
2025-11-22 05:00:58.676 66419 INFO tempest.lib.common.rest_client [req-caa01b97-8385-4d10-8936-252c525fff90 req-caa01b97-8385-4d10-8936-252c525fff90 ] Request (HypervisorAdminUnderV252Test:setUpClass): 200 GET http://10.180.1.21/identity/v3/roles 0.052s
2025-11-22 05:00:58.693 66419 INFO tempest.lib.common.rest_client [req-75aab0b8-d78e-405c-956a-6dd64990f8a6 req-75aab0b8-d78e-405c-956a-6dd64990f8a6 ] Request (HypervisorAdminUnderV252Test:setUpClass): 204 PUT http://10.180.1.21/identity/v3/projects/5410e6d35a3e4100acee8fd166471a6b/users/c5d76467c6fe4124842bfc55df4f7432/roles/c8fa1de7626341c1b4dcc9a6f9edfc5f 0.017s
2025-11-22 05:00:58.693 66419 INFO tempest.lib.common.dynamic_creds [-] Dynamic test user c5d76467c6fe4124842bfc55df4f7432 is created with scope project and roles: ['admin']
2025-11-22 05:00:58.693 66419 INFO tempest.lib.common.dynamic_creds [-] Acquired dynamic creds: credentials: Credentials: {'domain_id': 'default', 'domain_name': 'Default', 'username': 'tempest-HypervisorAdminUnderV252Test-607739275-project-admin', 'project_domain_id': 'default', 'project_domain_name': 'Default', 'project_id': '5410e6d35a3e4100acee8fd166471a6b', 'project_name': 'tempest-HypervisorAdminUnderV252Test-607739275', 'tenant_id': '5410e6d35a3e4100acee8fd166471a6b', 'tenant_name': 'tempest-HypervisorAdminUnderV252Test-607739275', 'user_domain_id': 'default', 'user_domain_name': 'Default', 'user_id': 'c5d76467c6fe4124842bfc55df4f7432', 'system': None}, Network: None, Subnet: None, Router: None
2025-11-22 05:00:58.694 66419 INFO tempest.lib.common.dynamic_creds [-] Created isolated network resources for: credentials: Credentials: {'domain_id': 'default', 'domain_name': 'Default', 'username': 'tempest-HypervisorAdminUnderV252Test-607739275-project-admin', 'project_domain_id': 'default', 'project_domain_name': 'Default', 'project_id': '5410e6d35a3e4100acee8fd166471a6b', 'project_name': 'tempest-HypervisorAdminUnderV252Test-607739275', 'tenant_id': '5410e6d35a3e4100acee8fd166471a6b', 'tenant_name': 'tempest-HypervisorAdminUnderV252Test-607739275', 'user_domain_id': 'default', 'user_domain_name': 'Default', 'user_id': 'c5d76467c6fe4124842bfc55df4f7432', 'system': None}, Network: None, Subnet: None, Router: None
2025-11-22 05:00:58.714 66375 INFO tempest.lib.common.rest_client [req-d2026c8b-6fd0-4966-afc8-f40c0cde6e46 req-d2026c8b-6fd0-4966-afc8-f40c0cde6e46 ] Request (ImagesMetadataTestJSON:setUpClass): 204 PUT http://10.180.1.21/image/v2/images/5d9ed636-357f-48c8-b387-fbf11e51f4ae/file 0.909s
2025-11-22 05:00:58.775 66419 INFO tempest.lib.common.rest_client [req-34d2696a-8353-4f1d-895f-7a86a45a900f req-34d2696a-8353-4f1d-895f-7a86a45a900f ] Request (HypervisorAdminUnderV252Test:setUpClass): 201 POST http://10.180.1.21/identity/v3/auth/tokens 0.078s
2025-11-22 05:00:58.956 66417 INFO tempest.lib.common.rest_client [req-0d0b966a-b30d-488c-8378-f6142ef72be6 req-0d0b966a-b30d-488c-8378-f6142ef72be6 ] Request (ImagesOneServerNegativeTestJSON:setUpClass): 204 DELETE http://10.180.1.21/compute/v2.1/servers/61e31c7b-9558-48f3-ae11-dc205450e87e 2.352s
2025-11-22 05:00:58.999 66395 INFO tempest.lib.common.rest_client [req-9cfc2386-c49e-4d33-a9ad-ac00cbbd2aea req-9cfc2386-c49e-4d33-a9ad-ac00cbbd2aea ] Request (VolumesAssistedSnapshotsTest:test_volume_assisted_snapshot_create_delete): 200 POST http://10.180.1.21/compute/v2.1/servers/7f1dfa01-2d2e-4979-b91b-da48b1fc033a/os-volume_attachments 3.342s
2025-11-22 05:00:59.020 66373 INFO tempest.lib.common.rest_client [req-dee3ab22-9ce6-4dc0-af6a-76b79c32b658 req-dee3ab22-9ce6-4dc0-af6a-76b79c32b658 ] Request (AttachInterfacesTestJSON:test_create_list_show_delete_interfaces_by_fixed_ip): 200 GET http://10.180.1.21/compute/v2.1/servers/4e9761ca-8039-410a-b3eb-0f3d9ec1b575 2.302s
2025-11-22 05:00:59.030 66395 INFO tempest.lib.common.rest_client [req-e8c3ff34-83cc-430e-bb10-5bf04f3d5823 req-e8c3ff34-83cc-430e-bb10-5bf04f3d5823 ] Request (VolumesAssistedSnapshotsTest:test_volume_assisted_snapshot_create_delete): 200 GET http://10.180.1.21/volume/v3/volumes/35138a57-8e69-4d18-b245-202e1cf5ba1c 0.029s
2025-11-22 05:00:59.034 66369 INFO tempest.lib.common.rest_client [req-13c909e0-4997-49c6-95ed-72e79766e50d req-13c909e0-4997-49c6-95ed-72e79766e50d ] Request (AggregatesAdminNegativeTestJSON:test_aggregate_get_details_as_user): 403 GET http://10.180.1.21/compute/v2.1/os-aggregates/6 2.247s
2025-11-22 05:00:59.135 66393 INFO tempest.lib.common.rest_client [req-8ab6efe2-13f8-4466-8817-f5d1dbda20e7 req-8ab6efe2-13f8-4466-8817-f5d1dbda20e7 ] Request (SecurityGroupRulesNegativeTestJSON:tearDownClass): 202 DELETE http://10.180.1.21/compute/v2.1/os-security-groups/82321d5e-2af8-4093-afe9-7c0a61ee8332 2.380s
2025-11-22 05:00:59.157 66421 INFO tempest.lib.common.rest_client [req-cb2976a8-187b-4f35-a297-ee99162155ba req-cb2976a8-187b-4f35-a297-ee99162155ba ] Request (TenantUsagesTestJSON:tearDownClass): 200 GET http://10.180.1.21/compute/v2.1/servers/41503ec7-3262-4ab7-b807-15e7f801b87f 1.984s
2025-11-22 05:00:59.167 66363 INFO tempest.lib.common.rest_client [req-a12c0c82-780c-4775-ac9b-d4f53b2752e4 req-a12c0c82-780c-4775-ac9b-d4f53b2752e4 ] Request (KeyPairsV22TestJSON:test_keypairsv22_create_list_show_with_type): 200 GET http://10.180.1.21/compute/v2.1/os-keypairs/tempest-keypair-626977273 1.781s
2025-11-22 05:00:59.170 66421 INFO tempest.common.waiters [-] State transition "ACTIVE/deleting" ==> "DELETED/None" after 6 second wait
2025-11-22 05:00:59.243 66399 INFO tempest.lib.common.rest_client [req-20ce6eda-0c21-4c6d-9578-4a2b434afcbf req-20ce6eda-0c21-4c6d-9578-4a2b434afcbf ] Request (SecurityGroupRulesTestJSON:tearDownClass): 202 DELETE http://10.180.1.21/compute/v2.1/os-security-groups/278a1441-d267-4c73-a7d8-cd2957492fe9 1.979s
2025-11-22 05:00:59.263 66413 INFO tempest.lib.common.rest_client [req-8940a0a1-86f2-47f3-9e4e-189bea4df2c2 req-8940a0a1-86f2-47f3-9e4e-189bea4df2c2 ] Request (DeleteServersAdminTestJSON:test_delete_server_while_in_error_state): 200 GET http://10.180.1.21/compute/v2.1/servers/2e0850f2-41b5-4814-98e6-95b4fe7bf292 1.731s
2025-11-22 05:00:59.386 66423 INFO tempest.lib.common.rest_client [req-f9fbca62-912f-47e0-8ae1-2c5d9f02c5ab req-f9fbca62-912f-47e0-8ae1-2c5d9f02c5ab ] Request (InstanceActionsV221TestJSON:test_get_list_deleted_instance_actions): 200 GET http://10.180.1.21/compute/v2.1/servers/8fc4d81c-c6f5-42dc-969a-f11a5f83525b 1.623s
2025-11-22 05:00:59.395 66423 INFO tempest.common.waiters [-] State transition "BUILD/None" ==> "BUILD/spawning" after 11 second wait
2025-11-22 05:00:59.432 66361 INFO tempest.lib.common.rest_client [req-89f79d38-6f96-4ca2-afb8-2a7055ccb067 req-89f79d38-6f96-4ca2-afb8-2a7055ccb067 ] Request (ServersTestMultiNic:test_verify_duplicate_network_nics): 200 GET http://10.180.1.21/compute/v2.1/servers/b5d6439f-fc27-4d3a-82c2-0302f67d9f18 1.555s
2025-11-22 05:00:59.440 66361 INFO tempest.common.waiters [-] State transition "BUILD/None" ==> "BUILD/networking" after 11 second wait
2025-11-22 05:00:59.477 66389 INFO tempest.lib.common.rest_client [req-e73d0901-4d09-4071-9668-cdc3f8b47926 req-e73d0901-4d09-4071-9668-cdc3f8b47926 ] Request (ServerExternalEventsTest:test_create_server_external_events): 200 GET http://10.180.1.21/compute/v2.1/servers/5cee6750-0f27-4659-b9cb-3cd2d34d9ac1 1.319s
2025-11-22 05:00:59.493 66379 INFO tempest.lib.common.rest_client [req-56dc1635-ee76-4907-b2b2-275a6f85cc29 req-56dc1635-ee76-4907-b2b2-275a6f85cc29 ] Request (FlavorsAdminTestJSON:test_create_server_with_non_public_flavor): 200 POST http://10.180.1.21/compute/v2.1/flavors 0.982s
2025-11-22 05:00:59.549 66391 INFO tempest.lib.common.rest_client [req-2584c1cc-0f0e-4f65-bc9b-a8f18a3fa4c5 req-2584c1cc-0f0e-4f65-bc9b-a8f18a3fa4c5 ] Request (ServersAdmin275Test:tearDownClass): 200 GET http://10.180.1.21/compute/v2.1/servers/9bf7293b-cbb5-442c-b7d9-069adb7ebe47 1.009s
2025-11-22 05:00:59.664 66397 INFO tempest.lib.common.rest_client [req-4eb3a461-f55b-4138-92aa-cd7630603110 req-4eb3a461-f55b-4138-92aa-cd7630603110 ] Request (ImagesOneServerTestJSON:test_create_image_specify_multibyte_character_image_name): 202 POST http://10.180.1.21/compute/v2.1/servers/75dc7f15-0002-461a-bf2e-54d1fe36b009/action 1.955s
2025-11-22 05:00:59.716 66385 INFO tempest.lib.common.rest_client [req-509aa926-c903-495d-b085-c00cede54c67 req-509aa926-c903-495d-b085-c00cede54c67 ] Request (QuotasAdminTestV236:test_get_updated_quotas): 200 PUT http://10.180.1.21/compute/v2.1/os-quota-sets/d868482d5da94316a4b943f509641d6a?user_id=44fc0a585e1b45aba07d788c15512f59 1.158s
2025-11-22 05:00:59.726 66405 INFO tempest.lib.common.rest_client [req-ceaa42e0-4d02-4a96-9e92-66dccbf91742 req-ceaa42e0-4d02-4a96-9e92-66dccbf91742 ] Request (AttachVolumeTestJSON:test_attach_detach_volume): 200 GET http://10.180.1.21/compute/v2.1/servers/9e53a5fb-e38c-4c57-aaf2-92a48c5919c1 1.136s
2025-11-22 05:00:59.758 66375 INFO tempest.lib.common.rest_client [req-e1b29ad5-d7a7-4f31-9e6b-968eb7155d9e req-e1b29ad5-d7a7-4f31-9e6b-968eb7155d9e ] Request (ImagesMetadataTestJSON:setUpClass): 200 GET http://10.180.1.21/compute/v2.1/images/5d9ed636-357f-48c8-b387-fbf11e51f4ae 1.043s
2025-11-22 05:00:59.764 66409 INFO tempest.lib.common.rest_client [req-71df7e9e-d072-4065-91c7-ad4e8b28eefd req-71df7e9e-d072-4065-91c7-ad4e8b28eefd ] Request (ImagesTestJSON:test_create_image_from_suspended_server): 200 GET http://10.180.1.21/compute/v2.1/servers/55cfe5c6-de06-4f6a-b428-a3f0496bf631 1.065s
