2025-11-22 05:01:42.217 66409 INFO tempest.lib.common.rest_client [req-60cfb23d-7969-44f7-b574-fb09864ac90e req-60cfb23d-7969-44f7-b574-fb09864ac90e ] Request (ImagesTestJSON:test_create_image_from_suspended_server): 202 POST http://10.180.1.21/compute/v2.1/servers/55cfe5c6-de06-4f6a-b428-a3f0496bf631/action 1.846s
2025-11-22 05:01:42.249 66379 INFO tempest.lib.common.rest_client [req-c869dd73-3343-478e-89e7-f05623dd1720 req-c869dd73-3343-478e-89e7-f05623dd1720 ] Request (FlavorsAdminTestJSON:test_is_public_string_variations): 200 GET http://10.180.1.21/compute/v2.1/flavors/detail?is_public=true 1.633s
2025-11-22 05:01:42.257 66369 INFO tempest.lib.common.rest_client [req-b0176ec2-5ab4-4985-bb72-b4b15b24929a req-b0176ec2-5ab4-4985-bb72-b4b15b24929a ] Request (AggregatesAdminNegativeTestJSON:tearDownClass): 204 DELETE http://10.180.1.21/identity/v3/projects/a341bae404184ee782553f98343ebc53 0.081s
2025-11-22 05:01:42.257 66369 INFO tempest.lib.common.dynamic_creds [-] Deleting project and security group for project: 4f5dd67b9a814121819136b8eeff5aa4
2025-11-22 05:01:42.266 66413 INFO tempest.lib.common.rest_client [req-e105f4a6-62f0-4d01-a77f-a0bf66bbb9c6 req-e105f4a6-62f0-4d01-a77f-a0bf66bbb9c6 ] Request (DeleteServersAdminTestJSON:tearDownClass): 204 DELETE http://10.180.1.21/identity/v3/projects/c3dca878325c4d838527cc7d679da513 0.102s
2025-11-22 05:01:42.266 66413 INFO tempest.lib.common.dynamic_creds [-] Deleting project and security group for project: cc4ab47c93a34413918760c3b0924d49
2025-11-22 05:01:42.273 66391 INFO tempest.lib.common.rest_client [req-ac8dc86b-a658-4c4b-9f0f-fae3950597b2 req-ac8dc86b-a658-4c4b-9f0f-fae3950597b2 ] Request (FloatingIPsAssociationNegativeTestJSON:setUpClass): 200 GET http://10.180.1.21/compute/v2.1/servers/a12e8027-1941-4149-8825-99761a8f3182 1.825s
2025-11-22 05:01:42.276 66393 INFO tempest.lib.common.rest_client [req-92f14183-0b96-4042-9b22-b38a6453bd8c req-92f14183-0b96-4042-9b22-b38a6453bd8c ] Request (ServerActionsV293TestJSON:setUpClass): 200 GET http://10.180.1.21/volume/v3/volumes/eda2e777-fd35-4e3d-a57d-21e55f6cf07e 0.040s
2025-11-22 05:01:42.380 66369 INFO tempest.lib.common.rest_client [req-875059bd-f054-4b57-ace1-cc602e8d4f04 req-875059bd-f054-4b57-ace1-cc602e8d4f04 ] Request (AggregatesAdminNegativeTestJSON:tearDownClass): 200 GET http://10.180.1.21/networking/v2.0/security-groups?tenant_id=4f5dd67b9a814121819136b8eeff5aa4&name=default 0.122s
2025-11-22 05:01:42.382 66413 INFO tempest.lib.common.rest_client [req-fdbe8d88-8e33-49b9-8fae-e843e2c178ac req-fdbe8d88-8e33-49b9-8fae-e843e2c178ac ] Request (DeleteServersAdminTestJSON:tearDownClass): 200 GET http://10.180.1.21/networking/v2.0/security-groups?tenant_id=cc4ab47c93a34413918760c3b0924d49&name=default 0.115s
2025-11-22 05:01:42.400 66411 INFO tempest.lib.common.rest_client [req-47fab345-a265-4ea9-aa54-efd94d14452f req-47fab345-a265-4ea9-aa54-efd94d14452f ] Request (ServersTestFqdnHostnames:test_create_server_with_fqdn_name): 200 GET http://10.180.1.21/compute/v2.1/servers/2494820c-25e1-4892-ae39-439e79ca22b5 1.766s
2025-11-22 05:01:42.484 66369 INFO tempest.lib.common.rest_client [req-077da325-626f-4d20-9cf2-c6fb6876ad1b req-077da325-626f-4d20-9cf2-c6fb6876ad1b ] Request (AggregatesAdminNegativeTestJSON:tearDownClass): 204 DELETE http://10.180.1.21/networking/v2.0/security-groups/4dbd8e2b-fd8a-4487-ab9c-700dcaccc5ab 0.104s
2025-11-22 05:01:42.512 66399 INFO tempest.lib.common.rest_client [req-7f9704ba-900a-4928-bc97-391ea9a4d08c req-7f9704ba-900a-4928-bc97-391ea9a4d08c ] Request (AttachInterfacesV270Test:test_create_get_list_interfaces): 200 GET http://10.180.1.21/compute/v2.1/servers/d8facd91-3514-46ab-83dd-4287cb63171e 1.802s
2025-11-22 05:01:42.536 66401 INFO tempest.lib.common.rest_client [req-73777f2f-b183-4673-b266-f3cebd62d087 req-73777f2f-b183-4673-b266-f3cebd62d087 ] Request (ServersListShow296Test:test_list_show_update_rebuild_server_296): 202 POST http://10.180.1.21/compute/v2.1/servers 1.878s
2025-11-22 05:01:42.574 66413 INFO tempest.lib.common.rest_client [req-3bab4f78-9401-4623-81e4-f4762fff82bd req-3bab4f78-9401-4623-81e4-f4762fff82bd ] Request (DeleteServersAdminTestJSON:tearDownClass): 204 DELETE http://10.180.1.21/networking/v2.0/security-groups/644af2b2-bcc2-4a60-92ab-51503f87b870 0.191s
2025-11-22 05:01:42.624 66369 INFO tempest.lib.common.rest_client [req-008a2652-9f44-4f8c-a88d-9f125dd517a9 req-008a2652-9f44-4f8c-a88d-9f125dd517a9 ] Request (AggregatesAdminNegativeTestJSON:tearDownClass): 204 DELETE http://10.180.1.21/identity/v3/projects/4f5dd67b9a814121819136b8eeff5aa4 0.139s
2025-11-22 05:01:42.666 66369 INFO tempest.lib.common.rest_client [req-3eac1813-6f49-4be3-a33b-829b1cfe485f req-3eac1813-6f49-4be3-a33b-829b1cfe485f ] Request (ServerDiagnosticsNegativeTest:setUpClass): 201 POST http://10.180.1.21/identity/v3/auth/tokens 0.040s
2025-11-22 05:01:42.689 66371 INFO tempest.lib.common.rest_client [req-82624cb0-599b-48f9-bd40-9efff911770d req-82624cb0-599b-48f9-bd40-9efff911770d ] Request (ServersWithSpecificFlavorTestJSON:test_verify_created_server_ephemeral_disk): 200 GET http://10.180.1.21/compute/v2.1/servers/25b34c99-6ac6-478e-b0d5-48cdae61bac4 1.650s
2025-11-22 05:01:42.724 66389 INFO tempest.lib.common.rest_client [req-c811de3a-2beb-445e-a02a-ffad29995555 req-c811de3a-2beb-445e-a02a-ffad29995555 ] Request (ServerExternalEventsTest:tearDownClass): 200 GET http://10.180.1.21/compute/v2.1/servers/5cee6750-0f27-4659-b9cb-3cd2d34d9ac1 1.920s
2025-11-22 05:01:42.725 66413 INFO tempest.lib.common.rest_client [req-cbbdf2dd-b8c9-4cbd-8949-fc4778badd06 req-cbbdf2dd-b8c9-4cbd-8949-fc4778badd06 ] Request (DeleteServersAdminTestJSON:tearDownClass): 204 DELETE http://10.180.1.21/identity/v3/projects/cc4ab47c93a34413918760c3b0924d49 0.151s
2025-11-22 05:01:42.753 66369 INFO tempest.lib.common.rest_client [req-4b77170e-8a4d-46d4-9d1f-beec41f0f245 req-4b77170e-8a4d-46d4-9d1f-beec41f0f245 ] Request (ServerDiagnosticsNegativeTest:setUpClass): 201 POST http://10.180.1.21/identity/v3/auth/tokens 0.083s
2025-11-22 05:01:42.763 66413 INFO tempest.lib.common.rest_client [req-b825b1d8-9324-4273-81a3-230fefbfb274 req-b825b1d8-9324-4273-81a3-230fefbfb274 ] Request (HypervisorAdminNegativeTestJSON:setUpClass): 201 POST http://10.180.1.21/identity/v3/auth/tokens 0.036s
2025-11-22 05:01:42.778 66407 INFO tempest.lib.common.rest_client [req-639f4180-5123-40f4-8973-4dc0f11b184f req-639f4180-5123-40f4-8973-4dc0f11b184f ] Request (ServerDiskConfigTestJSON:test_rebuild_server_with_manual_disk_config): 200 GET http://10.180.1.21/compute/v2.1/servers/97fcf019-73d2-4ca0-aeaf-5d07c85b123a 1.571s
2025-11-22 05:01:42.783 66369 INFO tempest.lib.common.rest_client [req-ac98e0e2-64cf-4ad9-923c-7890c6643b20 req-ac98e0e2-64cf-4ad9-923c-7890c6643b20 ] Request (ServerDiagnosticsNegativeTest:setUpClass): 200 GET http://10.180.1.21/identity/v3/domains?name=Default 0.029s
2025-11-22 05:01:42.796 66385 INFO tempest.lib.common.rest_client [req-c1074873-a0ee-4ebe-9e4e-e9812c31457e req-c1074873-a0ee-4ebe-9e4e-e9812c31457e ] Request (SecurityGroupsTestJSON:test_list_security_groups_by_server): 200 GET http://10.180.1.21/compute/v2.1/servers/68c24116-8af5-465b-aaa2-b564fe384f9c 1.575s
2025-11-22 05:01:42.805 66413 INFO tempest.lib.common.rest_client [req-ddd89298-310a-44c7-a5d5-fbabcc49b399 req-ddd89298-310a-44c7-a5d5-fbabcc49b399 ] Request (HypervisorAdminNegativeTestJSON:setUpClass): 201 POST http://10.180.1.21/identity/v3/auth/tokens 0.040s
2025-11-22 05:01:42.822 66369 INFO tempest.lib.common.rest_client [req-14af7fae-344f-4b80-bcf4-409080aa2b35 req-14af7fae-344f-4b80-bcf4-409080aa2b35 ] Request (ServerDiagnosticsNegativeTest:setUpClass): 201 POST http://10.180.1.21/identity/v3/projects 0.038s
2025-11-22 05:01:42.830 66415 INFO tempest.lib.common.rest_client [req-4d68a2a8-c99b-4733-940a-4c39e6e05ebe req-4d68a2a8-c99b-4733-940a-4c39e6e05ebe ] Request (ServersAdminNegativeTestJSON:_run_cleanups): 200 GET http://10.180.1.21/compute/v2.1/flavors/detail 1.469s
2025-11-22 05:01:42.840 66413 INFO tempest.lib.common.rest_client [req-67588c9c-29f2-4a3d-9d0e-7c82ef6dc877 req-67588c9c-29f2-4a3d-9d0e-7c82ef6dc877 ] Request (HypervisorAdminNegativeTestJSON:setUpClass): 200 GET http://10.180.1.21/identity/v3/domains?name=Default 0.034s
2025-11-22 05:01:42.845 66421 INFO tempest.lib.common.rest_client [req-5324caca-4509-4931-af0e-981ff98462f1 req-5324caca-4509-4931-af0e-981ff98462f1 ] Request (AttachInterfacesUnderV243Test:test_add_remove_fixed_ip): 200 GET http://10.180.1.21/compute/v2.1/servers/b43985e6-7509-41fe-b6d9-430f256d59b9 1.616s
2025-11-22 05:01:42.899 66369 INFO tempest.lib.common.rest_client [req-839e0bfb-a395-4ebf-92fb-a1387631ff0b req-839e0bfb-a395-4ebf-92fb-a1387631ff0b ] Request (ServerDiagnosticsNegativeTest:setUpClass): 201 POST http://10.180.1.21/identity/v3/users 0.077s
2025-11-22 05:01:42.909 66417 INFO tempest.lib.common.rest_client [req-e360e4e0-6367-449e-9293-5c0279e22b01 req-e360e4e0-6367-449e-9293-5c0279e22b01 ] Request (ServerActionsTestOtherB:setUpClass): 200 GET http://10.180.1.21/compute/v2.1/servers/048e0480-3cb7-4cce-aa59-9c9cdd189bb7 1.478s
2025-11-22 05:01:42.945 66413 INFO tempest.lib.common.rest_client [req-a2122b96-5f6d-44db-b13c-2704a089210d req-a2122b96-5f6d-44db-b13c-2704a089210d ] Request (HypervisorAdminNegativeTestJSON:setUpClass): 201 POST http://10.180.1.21/identity/v3/projects 0.104s
2025-11-22 05:01:42.961 66405 WARNING tempest.lib.common.ssh [-] Failed to establish authenticated ssh connection to cirros@10.180.180.155 ([Errno None] Unable to connect to port 22 on 10.180.180.155). Number attempts: 2. Retry after 3 seconds.: paramiko.ssh_exception.NoValidConnectionsError: [Errno None] Unable to connect to port 22 on 10.180.180.155
2025-11-22 05:01:42.989 66403 INFO tempest.lib.common.rest_client [req-2830ded6-2d61-42d6-ab4f-c9fb5665e1e6 req-2830ded6-2d61-42d6-ab4f-c9fb5665e1e6 ] Request (ServerPasswordTestJSON:setUpClass): 200 GET http://10.180.1.21/compute/v2.1/servers/ddc14698-c04b-4a0e-91b5-643f702c1330 1.410s
2025-11-22 05:01:43.025 66367 INFO tempest.lib.common.rest_client [req-46ded85b-1fd5-4db5-9f43-f54003c04019 req-46ded85b-1fd5-4db5-9f43-f54003c04019 ] Request (MultipleCreateTestJSON:_run_cleanups): 200 GET http://10.180.1.21/compute/v2.1/servers/5d2fae8d-3b62-4328-8f82-e3c43cb60de2 1.314s
2025-11-22 05:01:43.038 66369 INFO tempest.lib.common.rest_client [req-b93c3dd3-36d4-48f0-a969-9e2f1d2cbd8f req-b93c3dd3-36d4-48f0-a969-9e2f1d2cbd8f ] Request (ServerDiagnosticsNegativeTest:setUpClass): 200 GET http://10.180.1.21/identity/v3/roles 0.138s
2025-11-22 05:01:43.047 66365 INFO tempest.lib.common.rest_client [req-83f41515-4758-4b33-af71-ac950557da59 req-83f41515-4758-4b33-af71-ac950557da59 ] Request (QuotasAdminTestV257:test_get_updated_quotas): 200 GET http://10.180.1.21/identity/v3/domains?name=Default 0.198s
2025-11-22 05:01:43.066 66413 INFO tempest.lib.common.rest_client [req-5e74c8af-110f-4225-b94d-3673a223ec45 req-5e74c8af-110f-4225-b94d-3673a223ec45 ] Request (HypervisorAdminNegativeTestJSON:setUpClass): 201 POST http://10.180.1.21/identity/v3/users 0.120s
2025-11-22 05:01:43.075 66369 INFO tempest.lib.common.rest_client [req-4168b742-8b77-4cb9-ada5-3113db86b122 req-4168b742-8b77-4cb9-ada5-3113db86b122 ] Request (ServerDiagnosticsNegativeTest:setUpClass): 204 PUT http://10.180.1.21/identity/v3/projects/b51fe273ece54a58a5330d8f6e4f9f20/users/803647024fa74cd5bf8cf1e0e8865d24/roles/780f46d44c6d4a2da1c1ce644ec523a1 0.037s
2025-11-22 05:01:43.076 66369 INFO tempest.lib.common.dynamic_creds [-] Dynamic test user 803647024fa74cd5bf8cf1e0e8865d24 is created with scope project and roles: ['member']
2025-11-22 05:01:43.076 66369 INFO tempest.lib.common.dynamic_creds [-] Acquired dynamic creds: credentials: Credentials: {'domain_id': 'default', 'domain_name': 'Default', 'username': 'tempest-ServerDiagnosticsNegativeTest-2083627005-project-member', 'project_domain_id': 'default', 'project_domain_name': 'Default', 'project_id': 'b51fe273ece54a58a5330d8f6e4f9f20', 'project_name': 'tempest-ServerDiagnosticsNegativeTest-2083627005', 'tenant_id': 'b51fe273ece54a58a5330d8f6e4f9f20', 'tenant_name': 'tempest-ServerDiagnosticsNegativeTest-2083627005', 'user_domain_id': 'default', 'user_domain_name': 'Default', 'user_id': '803647024fa74cd5bf8cf1e0e8865d24', 'system': None}, Network: None, Subnet: None, Router: None
2025-11-22 05:01:43.076 66369 INFO tempest.lib.common.dynamic_creds [-] Created isolated network resources for: credentials: Credentials: {'domain_id': 'default', 'domain_name': 'Default', 'username': 'tempest-ServerDiagnosticsNegativeTest-2083627005-project-member', 'project_domain_id': 'default', 'project_domain_name': 'Default', 'project_id': 'b51fe273ece54a58a5330d8f6e4f9f20', 'project_name': 'tempest-ServerDiagnosticsNegativeTest-2083627005', 'tenant_id': 'b51fe273ece54a58a5330d8f6e4f9f20', 'tenant_name': 'tempest-ServerDiagnosticsNegativeTest-2083627005', 'user_domain_id': 'default', 'user_domain_name': 'Default', 'user_id': '803647024fa74cd5bf8cf1e0e8865d24', 'system': None}, Network: None, Subnet: None, Router: None
2025-11-22 05:01:43.082 66361 INFO tempest.lib.common.rest_client [req-044408d3-cea2-4ca3-b1c8-59f619eabbf6 req-044408d3-cea2-4ca3-b1c8-59f619eabbf6 ] Request (ServersTestMultiNic:_run_cleanups): 200 GET http://10.180.1.21/compute/v2.1/servers/b5d6439f-fc27-4d3a-82c2-0302f67d9f18 1.368s
2025-11-22 05:01:43.094 66365 INFO tempest.lib.common.rest_client [req-f724aac0-2091-4f8c-ada0-c777873f372e req-f724aac0-2091-4f8c-ada0-c777873f372e ] Request (QuotasAdminTestV257:test_get_updated_quotas): 201 POST http://10.180.1.21/identity/v3/projects 0.046s
2025-11-22 05:01:43.143 66388 INFO tempest.lib.common.rest_client [req-f3152837-7c32-44b7-8c5c-564dd0de8444 req-f3152837-7c32-44b7-8c5c-564dd0de8444 ] Request (ServersTestJSON:tearDownClass): 204 DELETE http://10.180.1.21/compute/v2.1/servers/66f94546-b866-4506-bd59-2aedd56846c7 1.410s
2025-11-22 05:01:43.184 66413 INFO tempest.lib.common.rest_client [req-da582aeb-853b-44ba-b544-9062c7eabdd3 req-da582aeb-853b-44ba-b544-9062c7eabdd3 ] Request (HypervisorAdminNegativeTestJSON:setUpClass): 200 GET http://10.180.1.21/identity/v3/roles 0.117s
2025-11-22 05:01:43.215 66369 INFO tempest.lib.common.rest_client [req-81ba1959-c7be-4ba7-bd15-71b356aa79f8 req-81ba1959-c7be-4ba7-bd15-71b356aa79f8 ] Request (ServerDiagnosticsNegativeTest:setUpClass): 201 POST http://10.180.1.21/identity/v3/auth/tokens 0.135s
2025-11-22 05:01:43.238 66383 INFO tempest.lib.common.rest_client [req-42ad72c0-a744-481d-a1db-72899124b53e req-42ad72c0-a744-481d-a1db-72899124b53e ] Request (ServersTestBootFromVolume:tearDownClass): 200 GET http://10.180.1.21/compute/v2.1/servers/4dd1afdb-d3da-4be3-87ef-6966c4d4507e 1.443s
2025-11-22 05:01:43.246 66383 INFO tempest.common.waiters [-] State transition "ACTIVE/deleting" ==> "DELETED/None" after 6 second wait
2025-11-22 05:01:43.251 66413 INFO tempest.lib.common.rest_client [req-7ff93132-8383-457a-aaee-56b50f38aa04 req-7ff93132-8383-457a-aaee-56b50f38aa04 ] Request (HypervisorAdminNegativeTestJSON:setUpClass): 204 PUT http://10.180.1.21/identity/v3/projects/a02a09dd84ef455c803c33e436057a3e/users/2c8deb7de2ad4e7f95d7efb46f832cce/roles/780f46d44c6d4a2da1c1ce644ec523a1 0.066s
2025-11-22 05:01:43.251 66413 INFO tempest.lib.common.dynamic_creds [-] Dynamic test user 2c8deb7de2ad4e7f95d7efb46f832cce is created with scope project and roles: ['member']
2025-11-22 05:01:43.252 66413 INFO tempest.lib.common.dynamic_creds [-] Acquired dynamic creds: credentials: Credentials: {'domain_id': 'default', 'domain_name': 'Default', 'username': 'tempest-HypervisorAdminNegativeTestJSON-1311939537-project-member', 'project_domain_id': 'default', 'project_domain_name': 'Default', 'project_id': 'a02a09dd84ef455c803c33e436057a3e', 'project_name': 'tempest-HypervisorAdminNegativeTestJSON-1311939537', 'tenant_id': 'a02a09dd84ef455c803c33e436057a3e', 'tenant_name': 'tempest-HypervisorAdminNegativeTestJSON-1311939537', 'user_domain_id': 'default', 'user_domain_name': 'Default', 'user_id': '2c8deb7de2ad4e7f95d7efb46f832cce', 'system': None}, Network: None, Subnet: None, Router: None
2025-11-22 05:01:43.253 66413 INFO tempest.lib.common.dynamic_creds [-] Created isolated network resources for: credentials: Credentials: {'domain_id': 'default', 'domain_name': 'Default', 'username': 'tempest-HypervisorAdminNegativeTestJSON-1311939537-project-member', 'project_domain_id': 'default', 'project_domain_name': 'Default', 'project_id': 'a02a09dd84ef455c803c33e436057a3e', 'project_name': 'tempest-HypervisorAdminNegativeTestJSON-1311939537', 'tenant_id': 'a02a09dd84ef455c803c33e436057a3e', 'tenant_name': 'tempest-HypervisorAdminNegativeTestJSON-1311939537', 'user_domain_id': 'default', 'user_domain_name': 'Default', 'user_id': '2c8deb7de2ad4e7f95d7efb46f832cce', 'system': None}, Network: None, Subnet: None, Router: None
2025-11-22 05:01:43.322 66365 INFO tempest.lib.common.rest_client [req-3327f9c4-a01c-4336-be18-659332b7e457 req-3327f9c4-a01c-4336-be18-659332b7e457 ] Request (QuotasAdminTestV257:test_get_updated_quotas): 200 GET http://10.180.1.21/identity/v3/domains?name=Default 0.227s
2025-11-22 05:01:43.343 66393 INFO tempest.lib.common.rest_client [req-ee2641c3-d0eb-45c2-a334-d37ea4fa535a req-ee2641c3-d0eb-45c2-a334-d37ea4fa535a ] Request (ServerActionsV293TestJSON:setUpClass): 200 GET http://10.180.1.21/volume/v3/volumes/eda2e777-fd35-4e3d-a57d-21e55f6cf07e 0.058s
2025-11-22 05:01:43.351 66369 INFO tempest.lib.common.rest_client [req-fdd734dc-ef98-4ec5-9c71-359e1952d029 req-fdd734dc-ef98-4ec5-9c71-359e1952d029 ] Request (ServerDiagnosticsNegativeTest:setUpClass): 201 POST http://10.180.1.21/identity/v3/projects 0.135s
2025-11-22 05:01:43.358 66381 INFO tempest.lib.common.rest_client [req-18bfb026-e017-4e30-af9a-80d41633e4b4 req-18bfb026-e017-4e30-af9a-80d41633e4b4 ] Request (FloatingIPsAssociationTestJSON:_run_cleanups): 204 DELETE http://10.180.1.21/compute/v2.1/servers/aec03c13-1069-4e76-a997-4ebe57fd97b4 1.267s
2025-11-22 05:01:43.433 66375 INFO tempest.lib.common.rest_client [req-e7036f0c-71f8-4340-abd6-9ea98cf04007 req-e7036f0c-71f8-4340-abd6-9ea98cf04007 ] Request (ImagesMetadataTestJSON:setUp): 200 PUT http://10.180.1.21/compute/v2.1/images/5d9ed636-357f-48c8-b387-fbf11e51f4ae/metadata 1.650s
2025-11-22 05:01:43.440 66369 INFO tempest.lib.common.rest_client [req-d546cb7d-554b-478c-ba7c-1b29b7bcde16 req-d546cb7d-554b-478c-ba7c-1b29b7bcde16 ] Request (ServerDiagnosticsNegativeTest:setUpClass): 201 POST http://10.180.1.21/identity/v3/users 0.088s
2025-11-22 05:01:43.445 66413 INFO tempest.lib.common.rest_client [req-7ccca5bf-8cad-4f5d-a7db-d991c070aa83 req-7ccca5bf-8cad-4f5d-a7db-d991c070aa83 ] Request (HypervisorAdminNegativeTestJSON:setUpClass): 201 POST http://10.180.1.21/identity/v3/auth/tokens 0.183s
2025-11-22 05:01:43.464 66379 INFO tempest.lib.common.rest_client [req-c4097698-ef9e-46cd-a0d4-7f3df35cb8c7 req-c4097698-ef9e-46cd-a0d4-7f3df35cb8c7 ] Request (FlavorsAdminTestJSON:test_is_public_string_variations): 200 GET http://10.180.1.21/compute/v2.1/flavors/detail?is_public=yes 1.207s
2025-11-22 05:01:43.465 66369 INFO tempest.lib.common.rest_client [req-67735581-b745-4d40-94b3-9a3d4cf89667 req-67735581-b745-4d40-94b3-9a3d4cf89667 ] Request (ServerDiagnosticsNegativeTest:setUpClass): 200 GET http://10.180.1.21/identity/v3/roles 0.025s
2025-11-22 05:01:43.476 66413 INFO tempest.lib.common.rest_client [req-9f57fd61-3d9b-4bd0-88c5-19472dfbddbb req-9f57fd61-3d9b-4bd0-88c5-19472dfbddbb ] Request (HypervisorAdminNegativeTestJSON:setUpClass): 201 POST http://10.180.1.21/identity/v3/projects 0.031s
2025-11-22 05:01:43.494 66369 INFO tempest.lib.common.rest_client [req-169eba04-ed7b-4dca-96bd-3af4a3f30f6d req-169eba04-ed7b-4dca-96bd-3af4a3f30f6d ] Request (ServerDiagnosticsNegativeTest:setUpClass): 204 PUT http://10.180.1.21/identity/v3/projects/1fa8079d87244448b201319912f6a49c/users/8c89e6421ef0450d8ea0595c00813d44/roles/c8fa1de7626341c1b4dcc9a6f9edfc5f 0.029s
2025-11-22 05:01:43.496 66409 INFO tempest.lib.common.rest_client [req-c5f3020d-4594-4ee3-a393-bc42f46e1d05 req-c5f3020d-4594-4ee3-a393-bc42f46e1d05 ] Request (ImagesTestJSON:test_create_image_from_suspended_server): 200 GET http://10.180.1.21/compute/v2.1/servers/55cfe5c6-de06-4f6a-b428-a3f0496bf631 1.279s
2025-11-22 05:01:43.531 66363 INFO tempest.lib.common.rest_client [req-83267e62-5a7b-48ab-aa3e-425b181ceaf8 req-83267e62-5a7b-48ab-aa3e-425b181ceaf8 ] Request (ServerAddressesNegativeTestJSON:setUpClass): 200 GET http://10.180.1.21/compute/v2.1/servers/e81ea6bf-79bf-4010-a824-23e3f883fd86 1.182s
2025-11-22 05:01:43.539 66363 INFO tempest.common.waiters [-] State transition "BUILD/None" ==> "BUILD/networking" after 21 second wait
2025-11-22 05:01:43.570 66369 INFO tempest.lib.common.rest_client [req-c23326d4-6d37-4343-974c-fa9c6ce5ab8f req-c23326d4-6d37-4343-974c-fa9c6ce5ab8f ] Request (ServerDiagnosticsNegativeTest:setUpClass): 200 GET http://10.180.1.21/identity/v3/roles 0.076s
2025-11-22 05:01:43.592 66413 INFO tempest.lib.common.rest_client [req-f219a8f2-983d-4cd1-831e-ab2ba77314cb req-f219a8f2-983d-4cd1-831e-ab2ba77314cb ] Request (HypervisorAdminNegativeTestJSON:setUpClass): 201 POST http://10.180.1.21/identity/v3/users 0.115s
2025-11-22 05:01:43.595 66401 INFO tempest.lib.common.rest_client [req-dcb879d8-5800-4786-aeb8-b009c142c0da req-dcb879d8-5800-4786-aeb8-b009c142c0da ] Request (ServersListShow296Test:test_list_show_update_rebuild_server_296): 200 GET http://10.180.1.21/compute/v2.1/servers/ad407696-c600-4160-9271-a0b127f5aa28 1.056s
2025-11-22 05:01:43.595 66369 INFO tempest.lib.common.rest_client [req-5add3ec2-8930-4a91-ac7b-54f80331f08d req-5add3ec2-8930-4a91-ac7b-54f80331f08d ] Request (ServerDiagnosticsNegativeTest:setUpClass): 204 PUT http://10.180.1.21/identity/v3/projects/1fa8079d87244448b201319912f6a49c/users/8c89e6421ef0450d8ea0595c00813d44/roles/c8fa1de7626341c1b4dcc9a6f9edfc5f 0.024s
2025-11-22 05:01:43.596 66369 INFO tempest.lib.common.dynamic_creds [-] Dynamic test user 8c89e6421ef0450d8ea0595c00813d44 is created with scope project and roles: ['admin']
2025-11-22 05:01:43.596 66369 INFO tempest.lib.common.dynamic_creds [-] Acquired dynamic creds: credentials: Credentials: {'domain_id': 'default', 'domain_name': 'Default', 'username': 'tempest-ServerDiagnosticsNegativeTest-2129648126-project-admin', 'project_domain_id': 'default', 'project_domain_name': 'Default', 'project_id': '1fa8079d87244448b201319912f6a49c', 'project_name': 'tempest-ServerDiagnosticsNegativeTest-2129648126', 'tenant_id': '1fa8079d87244448b201319912f6a49c', 'tenant_name': 'tempest-ServerDiagnosticsNegativeTest-2129648126', 'user_domain_id': 'default', 'user_domain_name': 'Default', 'user_id': '8c89e6421ef0450d8ea0595c00813d44', 'system': None}, Network: None, Subnet: None, Router: None
2025-11-22 05:01:43.596 66369 INFO tempest.lib.common.dynamic_creds [-] Created isolated network resources for: credentials: Credentials: {'domain_id': 'default', 'domain_name': 'Default', 'username': 'tempest-ServerDiagnosticsNegativeTest-2129648126-project-admin', 'project_domain_id': 'default', 'project_domain_name': 'Default', 'project_id': '1fa8079d87244448b201319912f6a49c', 'project_name': 'tempest-ServerDiagnosticsNegativeTest-2129648126', 'tenant_id': '1fa8079d87244448b201319912f6a49c', 'tenant_name': 'tempest-ServerDiagnosticsNegativeTest-2129648126', 'user_domain_id': 'default', 'user_domain_name': 'Default', 'user_id': '8c89e6421ef0450d8ea0595c00813d44', 'system': None}, Network: None, Subnet: None, Router: None
2025-11-22 05:01:43.604 66395 INFO tempest.lib.common.rest_client [req-c91c4b24-1657-48a1-ba1f-220ff509a268 req-c91c4b24-1657-48a1-ba1f-220ff509a268 ] Request (VolumesAssistedSnapshotsTest:tearDownClass): 200 GET http://10.180.1.21/compute/v2.1/servers/7f1dfa01-2d2e-4979-b91b-da48b1fc033a 1.017s
2025-11-22 05:01:43.654 66413 INFO tempest.lib.common.rest_client [req-4edd44b2-4289-4537-b856-d5dfed583aa3 req-4edd44b2-4289-4537-b856-d5dfed583aa3 ] Request (HypervisorAdminNegativeTestJSON:setUpClass): 200 GET http://10.180.1.21/identity/v3/roles 0.062s
2025-11-22 05:01:43.656 66423 INFO tempest.lib.common.rest_client [req-d5a5571e-bced-44b9-8398-0cd8878a842e req-d5a5571e-bced-44b9-8398-0cd8878a842e ] Request (InstanceActionsV221TestJSON:test_get_list_deleted_instance_actions): 404 GET http://10.180.1.21/compute/v2.1/servers/8fc4d81c-c6f5-42dc-969a-f11a5f83525b 0.914s
2025-11-22 05:01:43.665 66415 INFO tempest.lib.common.rest_client [req-ce27339c-d5ad-471a-b2a6-a4ad22dcee3b req-ce27339c-d5ad-471a-b2a6-a4ad22dcee3b ] Request (ServersAdminNegativeTestJSON:test_restore_server_invalid_state): 409 POST http://10.180.1.21/compute/v2.1/servers/a111cf9d-6287-42f0-ad2d-df78d443bf83/action 0.829s
2025-11-22 05:01:43.682 66413 INFO tempest.lib.common.rest_client [req-cb0e68b4-1fdd-47f0-9655-4c7957575d11 req-cb0e68b4-1fdd-47f0-9655-4c7957575d11 ] Request (HypervisorAdminNegativeTestJSON:setUpClass): 204 PUT http://10.180.1.21/identity/v3/projects/377842cfbf084e5eb7916394e9b80081/users/27116e1337e2408d94b29e62cc21b15c/roles/c8fa1de7626341c1b4dcc9a6f9edfc5f 0.027s
2025-11-22 05:01:43.685 66369 INFO tempest.lib.common.rest_client [req-f3aed23f-b752-45ff-937c-a4c72c49b9cb req-f3aed23f-b752-45ff-937c-a4c72c49b9cb ] Request (ServerDiagnosticsNegativeTest:setUpClass): 201 POST http://10.180.1.21/identity/v3/auth/tokens 0.086s
2025-11-22 05:01:43.736 66413 INFO tempest.lib.common.rest_client [req-e760e8f4-59e2-488e-95aa-ac2b7125befb req-e760e8f4-59e2-488e-95aa-ac2b7125befb ] Request (HypervisorAdminNegativeTestJSON:setUpClass): 200 GET http://10.180.1.21/identity/v3/roles 0.053s
2025-11-22 05:01:43.748 66369 INFO tempest.lib.common.rest_client [req-4d8c2138-8ca4-46f6-96c7-bf85891dea96 req-4d8c2138-8ca4-46f6-96c7-bf85891dea96 ] Request (ServerDiagnosticsNegativeTest:test_get_server_diagnostics_by_non_admin): 201 POST http://10.180.1.21/identity/v3/auth/tokens 0.058s
2025-11-22 05:01:43.749 66369 INFO tempest.lib.common.fixed_network [-] (ServerDiagnosticsNegativeTest:test_get_server_diagnostics_by_non_admin) Found network None available for tenant
2025-11-22 05:01:43.754 66397 INFO tempest.lib.common.rest_client [req-7bf4bd93-7040-4f0a-aa32-1cbffafd5197 req-7bf4bd93-7040-4f0a-aa32-1cbffafd5197 ] Request (ImagesOneServerTestJSON:tearDownClass): 200 GET http://10.180.1.21/compute/v2.1/servers/75dc7f15-0002-461a-bf2e-54d1fe36b009 0.542s
2025-11-22 05:01:43.767 66413 INFO tempest.lib.common.rest_client [req-54571e8a-a6f7-4e53-8b47-9386a7e22ca9 req-54571e8a-a6f7-4e53-8b47-9386a7e22ca9 ] Request (HypervisorAdminNegativeTestJSON:setUpClass): 204 PUT http://10.180.1.21/identity/v3/projects/377842cfbf084e5eb7916394e9b80081/users/27116e1337e2408d94b29e62cc21b15c/roles/c8fa1de7626341c1b4dcc9a6f9edfc5f 0.029s
2025-11-22 05:01:43.767 66413 INFO tempest.lib.common.dynamic_creds [-] Dynamic test user 27116e1337e2408d94b29e62cc21b15c is created with scope project and roles: ['admin']
2025-11-22 05:01:43.767 66413 INFO tempest.lib.common.dynamic_creds [-] Acquired dynamic creds: credentials: Credentials: {'domain_id': 'default', 'domain_name': 'Default', 'username': 'tempest-HypervisorAdminNegativeTestJSON-1845085775-project-admin', 'project_domain_id': 'default', 'project_domain_name': 'Default', 'project_id': '377842cfbf084e5eb7916394e9b80081', 'project_name': 'tempest-HypervisorAdminNegativeTestJSON-1845085775', 'tenant_id': '377842cfbf084e5eb7916394e9b80081', 'tenant_name': 'tempest-HypervisorAdminNegativeTestJSON-1845085775', 'user_domain_id': 'default', 'user_domain_name': 'Default', 'user_id': '27116e1337e2408d94b29e62cc21b15c', 'system': None}, Network: None, Subnet: None, Router: None
2025-11-22 05:01:43.767 66413 INFO tempest.lib.common.dynamic_creds [-] Created isolated network resources for: credentials: Credentials: {'domain_id': 'default', 'domain_name': 'Default', 'username': 'tempest-HypervisorAdminNegativeTestJSON-1845085775-project-admin', 'project_domain_id': 'default', 'project_domain_name': 'Default', 'project_id': '377842cfbf084e5eb7916394e9b80081', 'project_name': 'tempest-HypervisorAdminNegativeTestJSON-1845085775', 'tenant_id': '377842cfbf084e5eb7916394e9b80081', 'tenant_name': 'tempest-HypervisorAdminNegativeTestJSON-1845085775', 'user_domain_id': 'default', 'user_domain_name': 'Default', 'user_id': '27116e1337e2408d94b29e62cc21b15c', 'system': None}, Network: None, Subnet: None, Router: None
2025-11-22 05:01:43.786 66388 INFO tempest.lib.common.rest_client [req-f3dc81f0-5a85-49b0-a10b-c86578ce18b9 req-f3dc81f0-5a85-49b0-a10b-c86578ce18b9 ] Request (ServersTestJSON:tearDownClass): 200 GET http://10.180.1.21/compute/v2.1/servers/66f94546-b866-4506-bd59-2aedd56846c7 0.642s
2025-11-22 05:01:43.827 66391 INFO tempest.lib.common.rest_client [req-46d42d39-8004-40fb-b6e7-e6a72f8c6626 req-46d42d39-8004-40fb-b6e7-e6a72f8c6626 ] Request (FloatingIPsAssociationNegativeTestJSON:setUpClass): 200 GET http://10.180.1.21/compute/v2.1/servers/a12e8027-1941-4149-8825-99761a8f3182 0.544s
2025-11-22 05:01:43.851 66413 INFO tempest.lib.common.rest_client [req-8a67630e-85d3-4a35-964e-824819b66a63 req-8a67630e-85d3-4a35-964e-824819b66a63 ] Request (HypervisorAdminNegativeTestJSON:setUpClass): 201 POST http://10.180.1.21/identity/v3/auth/tokens 0.081s
2025-11-22 05:01:44.014 66365 INFO tempest.lib.common.rest_client [req-d6b05a00-a570-4cf2-a6d3-a710fce4b35c req-d6b05a00-a570-4cf2-a6d3-a710fce4b35c ] Request (QuotasAdminTestV257:test_get_updated_quotas): 200 PUT http://10.180.1.21/compute/v2.1/os-quota-sets/4dc948145b504d95bff3a136d9003224 0.692s
2025-11-22 05:01:44.193 66411 INFO tempest.lib.common.rest_client [req-ace4118e-b45c-4bbc-93a1-fdf06e649e8f req-ace4118e-b45c-4bbc-93a1-fdf06e649e8f ] Request (ServersTestFqdnHostnames:test_create_server_with_fqdn_name): 200 GET http://10.180.1.21/compute/v2.1/servers/2494820c-25e1-4892-ae39-439e79ca22b5 0.782s
2025-11-22 05:01:44.394 66393 INFO tempest.lib.common.rest_client [req-4a9e927c-450e-49b9-9a22-ae659d6f3c59 req-4a9e927c-450e-49b9-9a22-ae659d6f3c59 ] Request (ServerActionsV293TestJSON:setUpClass): 200 GET http://10.180.1.21/volume/v3/volumes/eda2e777-fd35-4e3d-a57d-21e55f6cf07e 0.038s
2025-11-22 05:01:44.423 66375 INFO tempest.lib.common.rest_client [req-e6d7147e-6423-4ec7-800d-4a948283bf92 req-e6d7147e-6423-4ec7-800d-4a948283bf92 ] Request (ImagesMetadataTestJSON:test_set_image_metadata_item): 200 PUT http://10.180.1.21/compute/v2.1/images/5d9ed636-357f-48c8-b387-fbf11e51f4ae/metadata/os_version 0.989s
2025-11-22 05:01:44.448 66379 INFO tempest.lib.common.rest_client [req-698bd8ec-3aa9-4ca5-899e-e360529d7a6e req-698bd8ec-3aa9-4ca5-899e-e360529d7a6e ] Request (FlavorsAdminTestJSON:test_is_public_string_variations): 200 GET http://10.180.1.21/compute/v2.1/flavors/detail?is_public=1 0.979s
2025-11-22 05:01:44.616 66399 INFO tempest.lib.common.rest_client [req-331487e8-1b68-4bed-98d6-ce498dc8e64a req-331487e8-1b68-4bed-98d6-ce498dc8e64a ] Request (AttachInterfacesV270Test:test_create_get_list_interfaces): 200 GET http://10.180.1.21/compute/v2.1/servers/d8facd91-3514-46ab-83dd-4287cb63171e 1.092s
2025-11-22 05:01:44.672 66423 INFO tempest.lib.common.rest_client [req-3f6767b6-2daa-4980-a4a5-e1983dd250a6 req-3f6767b6-2daa-4980-a4a5-e1983dd250a6 ] Request (InstanceActionsV221TestJSON:test_get_list_deleted_instance_actions): 200 GET http://10.180.1.21/compute/v2.1/servers/8fc4d81c-c6f5-42dc-969a-f11a5f83525b/os-instance-actions 1.016s
2025-11-22 05:01:44.765 66415 INFO tempest.lib.common.rest_client [req-3652a21b-c9e9-49d8-9562-08645724beb7 req-3652a21b-c9e9-49d8-9562-08645724beb7 ] Request (ServersAdminNegativeTestJSON:tearDownClass): 204 DELETE http://10.180.1.21/compute/v2.1/servers/9b330cf6-81d0-4f50-aaf0-4ccad5947307 1.098s
2025-11-22 05:01:44.906 66371 INFO tempest.lib.common.rest_client [req-f6470fec-c50d-4a6d-894e-97999284021f req-f6470fec-c50d-4a6d-894e-97999284021f ] Request (ServersWithSpecificFlavorTestJSON:test_verify_created_server_ephemeral_disk): 200 GET http://10.180.1.21/compute/v2.1/servers/25b34c99-6ac6-478e-b0d5-48cdae61bac4 1.206s
2025-11-22 05:01:45.041 66389 INFO tempest.lib.common.rest_client [req-5874eb97-401e-41c7-bb62-e58677e44684 req-5874eb97-401e-41c7-bb62-e58677e44684 ] Request (ServerExternalEventsTest:tearDownClass): 200 GET http://10.180.1.21/compute/v2.1/servers/5cee6750-0f27-4659-b9cb-3cd2d34d9ac1 1.303s
2025-11-22 05:01:45.049 66389 INFO tempest.common.waiters [-] State transition "ACTIVE/deleting" ==> "DELETED/None" after 3 second wait
2025-11-22 05:01:45.077 66381 INFO tempest.lib.common.rest_client [req-7c832145-801a-44db-bd35-478d3695606f req-7c832145-801a-44db-bd35-478d3695606f ] Request (FloatingIPsAssociationTestJSON:test_associate_disassociate_floating_ip): 202 POST http://10.180.1.21/compute/v2.1/servers/bd8d176c-da59-4cef-8d9e-15d23fff7987/action 1.718s
2025-11-22 05:01:45.136 66407 INFO tempest.lib.common.rest_client [req-2cd05616-5bab-4635-a39e-1dd1a4794e0b req-2cd05616-5bab-4635-a39e-1dd1a4794e0b ] Request (ServerDiskConfigTestJSON:test_rebuild_server_with_manual_disk_config): 200 GET http://10.180.1.21/compute/v2.1/servers/97fcf019-73d2-4ca0-aeaf-5d07c85b123a 1.345s
2025-11-22 05:01:45.194 66385 INFO tempest.lib.common.rest_client [req-8b0863e3-4bcc-4276-8189-f8cf66270532 req-8b0863e3-4bcc-4276-8189-f8cf66270532 ] Request (SecurityGroupsTestJSON:test_list_security_groups_by_server): 200 GET http://10.180.1.21/compute/v2.1/servers/68c24116-8af5-465b-aaa2-b564fe384f9c 1.387s
2025-11-22 05:01:45.258 66413 INFO tempest.lib.common.rest_client [req-005578ab-4bb7-45b4-869c-f49b0e9f8845 req-005578ab-4bb7-45b4-869c-f49b0e9f8845 ] Request (HypervisorAdminNegativeTestJSON:test_get_hypervisor_list_details_with_non_admin_user): 403 GET http://10.180.1.21/compute/v2.1/os-hypervisors/detail 1.405s
2025-11-22 05:01:45.309 66421 INFO tempest.lib.common.rest_client [req-56ce7e08-72fd-47a3-ad32-63898616625d req-56ce7e08-72fd-47a3-ad32-63898616625d ] Request (AttachInterfacesUnderV243Test:test_add_remove_fixed_ip): 200 GET http://10.180.1.21/compute/v2.1/servers/b43985e6-7509-41fe-b6d9-430f256d59b9 1.455s
2025-11-22 05:01:45.338 66369 INFO tempest.lib.common.rest_client [req-ae5779cc-82dd-4862-bd51-07f081b1a609 req-ae5779cc-82dd-4862-bd51-07f081b1a609 ] Request (ServerDiagnosticsNegativeTest:test_get_server_diagnostics_by_non_admin): 202 POST http://10.180.1.21/compute/v2.1/servers 1.588s
2025-11-22 05:01:45.390 66373 WARNING tempest.lib.common.ssh [-] Failed to establish authenticated ssh connection to cirros@10.180.180.128 ([Errno None] Unable to connect to port 22 on 10.180.180.128). Number attempts: 4. Retry after 5 seconds.: paramiko.ssh_exception.NoValidConnectionsError: [Errno None] Unable to connect to port 22 on 10.180.180.128
2025-11-22 05:01:45.425 66417 INFO tempest.lib.common.rest_client [req-cc94408d-2291-479e-a7d7-c28087c41ea4 req-cc94408d-2291-479e-a7d7-c28087c41ea4 ] Request (ServerActionsTestOtherB:setUpClass): 200 GET http://10.180.1.21/compute/v2.1/servers/048e0480-3cb7-4cce-aa59-9c9cdd189bb7 1.506s
2025-11-22 05:01:45.438 66393 INFO tempest.lib.common.rest_client [req-e81a2e2b-d874-4132-bd11-8e9e46330b52 req-e81a2e2b-d874-4132-bd11-8e9e46330b52 ] Request (ServerActionsV293TestJSON:setUpClass): 200 GET http://10.180.1.21/volume/v3/volumes/eda2e777-fd35-4e3d-a57d-21e55f6cf07e 0.034s
2025-11-22 05:01:45.488 66365 INFO tempest.lib.common.rest_client [req-00f8c545-10b4-4248-b1a7-e5d591c5f311 req-00f8c545-10b4-4248-b1a7-e5d591c5f311 ] Request (QuotasAdminTestV257:test_get_updated_quotas): 200 GET http://10.180.1.21/compute/v2.1/os-quota-sets/4dc948145b504d95bff3a136d9003224/detail 1.472s
2025-11-22 05:01:45.525 66365 INFO tempest.lib.common.rest_client [req-1432ad3d-82ec-4331-aa28-18345523a896 req-1432ad3d-82ec-4331-aa28-18345523a896 ] Request (QuotasAdminTestV257:test_get_updated_quotas): 200 GET http://10.180.1.21/identity/v3/domains?name=Default 0.031s
2025-11-22 05:01:45.560 66365 INFO tempest.lib.common.rest_client [req-dcf20b48-e0a4-40b5-b0bc-43fe8f514775 req-dcf20b48-e0a4-40b5-b0bc-43fe8f514775 ] Request (QuotasAdminTestV257:test_get_updated_quotas): 201 POST http://10.180.1.21/identity/v3/users 0.034s
2025-11-22 05:01:45.589 66365 INFO tempest.lib.common.rest_client [req-b5a8ecb8-e25a-4484-b39e-614484a85813 req-b5a8ecb8-e25a-4484-b39e-614484a85813 ] Request (QuotasAdminTestV257:test_get_updated_quotas): 200 GET http://10.180.1.21/identity/v3/domains?name=Default 0.029s
2025-11-22 05:01:45.984 66403 INFO tempest.lib.common.rest_client [req-7fa7ce6c-77af-4abd-a196-0924605b009f req-7fa7ce6c-77af-4abd-a196-0924605b009f ] Request (ServerPasswordTestJSON:setUpClass): 200 GET http://10.180.1.21/compute/v2.1/servers/ddc14698-c04b-4a0e-91b5-643f702c1330 1.984s
2025-11-22 05:01:45.991 66403 INFO tempest.common.waiters [-] State transition "BUILD/spawning" ==> "ACTIVE/None" after 48 second wait
2025-11-22 05:01:46.084 66367 INFO tempest.lib.common.rest_client [req-57bb5506-d784-4de5-b0cf-c7f325c3fb83 req-57bb5506-d784-4de5-b0cf-c7f325c3fb83 ] Request (MultipleCreateTestJSON:_run_cleanups): 200 GET http://10.180.1.21/compute/v2.1/servers/5d2fae8d-3b62-4328-8f82-e3c43cb60de2 2.051s
2025-11-22 05:01:46.097 66361 INFO tempest.lib.common.rest_client [req-8c601622-f714-42be-9522-fad95559b71e req-8c601622-f714-42be-9522-fad95559b71e ] Request (ServersTestMultiNic:_run_cleanups): 200 GET http://10.180.1.21/compute/v2.1/servers/b5d6439f-fc27-4d3a-82c2-0302f67d9f18 2.006s
2025-11-22 05:01:46.137 66375 INFO tempest.lib.common.rest_client [req-27a10322-25c6-430d-9681-5127a54a198a req-27a10322-25c6-430d-9681-5127a54a198a ] Request (ImagesMetadataTestJSON:test_set_image_metadata_item): 200 GET http://10.180.1.21/compute/v2.1/images/5d9ed636-357f-48c8-b387-fbf11e51f4ae/metadata 1.713s
2025-11-22 05:01:46.157 66383 INFO tempest.lib.common.rest_client [req-ab3be557-fbb9-480a-87de-bfe501cb348d req-ab3be557-fbb9-480a-87de-bfe501cb348d ] Request (ServersTestBootFromVolume:tearDownClass): 200 GET http://10.180.1.21/compute/v2.1/servers/4dd1afdb-d3da-4be3-87ef-6966c4d4507e 1.910s
2025-11-22 05:01:46.164 66379 INFO tempest.lib.common.rest_client [req-b2a23525-500e-43d2-851a-b6cc5d17709c req-b2a23525-500e-43d2-851a-b6cc5d17709c ] Request (FlavorsAdminTestJSON:_run_cleanups): 202 DELETE http://10.180.1.21/compute/v2.1/flavors/308862359 1.710s
2025-11-22 05:01:46.344 66363 INFO tempest.lib.common.rest_client [req-6cac61a6-a341-4132-ba91-9d64f322e827 req-6cac61a6-a341-4132-ba91-9d64f322e827 ] Request (ServerAddressesNegativeTestJSON:setUpClass): 200 GET http://10.180.1.21/compute/v2.1/servers/e81ea6bf-79bf-4010-a824-23e3f883fd86 1.804s
2025-11-22 05:01:46.352 66363 INFO tempest.common.waiters [-] State transition "BUILD/networking" ==> "BUILD/spawning" after 24 second wait
2025-11-22 05:01:46.367 66409 INFO tempest.lib.common.rest_client [req-186a65a0-cf7d-4b17-b1fb-dfb9c7717bbb req-186a65a0-cf7d-4b17-b1fb-dfb9c7717bbb ] Request (ImagesTestJSON:test_create_image_from_suspended_server): 200 GET http://10.180.1.21/compute/v2.1/servers/55cfe5c6-de06-4f6a-b428-a3f0496bf631 1.860s
2025-11-22 05:01:46.376 66409 INFO tempest.common.waiters [-] State transition "ACTIVE/suspending" ==> "SUSPENDED/None" after 3 second wait
2025-11-22 05:01:46.417 66401 INFO tempest.lib.common.rest_client [req-e2c4600b-147e-4af2-b0d1-b2c31bf2c560 req-e2c4600b-147e-4af2-b0d1-b2c31bf2c560 ] Request (ServersListShow296Test:test_list_show_update_rebuild_server_296): 200 GET http://10.180.1.21/compute/v2.1/servers/ad407696-c600-4160-9271-a0b127f5aa28 1.811s
2025-11-22 05:01:46.428 66401 INFO tempest.common.waiters [-] State transition "BUILD/scheduling" ==> "BUILD/None" after 3 second wait
2025-11-22 05:01:46.432 66395 INFO tempest.lib.common.rest_client [req-2d99dd1f-077c-4124-9d1a-e25cf91daaf7 req-2d99dd1f-077c-4124-9d1a-e25cf91daaf7 ] Request (VolumesAssistedSnapshotsTest:tearDownClass): 200 GET http://10.180.1.21/compute/v2.1/servers/7f1dfa01-2d2e-4979-b91b-da48b1fc033a 1.817s
2025-11-22 05:01:46.446 66423 INFO tempest.lib.common.rest_client [req-2f923699-d027-4dd2-9464-df070936e95f req-2f923699-d027-4dd2-9464-df070936e95f ] Request (InstanceActionsV221TestJSON:tearDownClass): 404 DELETE http://10.180.1.21/compute/v2.1/servers/8fc4d81c-c6f5-42dc-969a-f11a5f83525b 1.769s
2025-11-22 05:01:46.476 66393 INFO tempest.lib.common.rest_client [req-2e68f015-350b-4015-92cb-ce708fa5b429 req-2e68f015-350b-4015-92cb-ce708fa5b429 ] Request (ServerActionsV293TestJSON:setUpClass): 200 GET http://10.180.1.21/volume/v3/volumes/eda2e777-fd35-4e3d-a57d-21e55f6cf07e 0.029s
2025-11-22 05:01:46.652 66397 INFO tempest.lib.common.rest_client [req-8a154c65-9521-4a1a-a31f-acd9335979bc req-8a154c65-9521-4a1a-a31f-acd9335979bc ] Request (ImagesOneServerTestJSON:tearDownClass): 200 GET http://10.180.1.21/compute/v2.1/servers/75dc7f15-0002-461a-bf2e-54d1fe36b009 1.890s
2025-11-22 05:01:46.660 66397 INFO tempest.common.waiters [-] State transition "ACTIVE/deleting" ==> "DELETED/None" after 4 second wait
2025-11-22 05:01:46.667 66415 INFO tempest.lib.common.rest_client [req-3a93f684-c9fb-48d8-92f5-d4d9d21c6e5f req-3a93f684-c9fb-48d8-92f5-d4d9d21c6e5f ] Request (ServersAdminNegativeTestJSON:tearDownClass): 200 GET http://10.180.1.21/compute/v2.1/servers/9b330cf6-81d0-4f50-aaf0-4ccad5947307 1.902s
2025-11-22 05:01:46.721 66388 INFO tempest.lib.common.rest_client [req-d5b18ae8-390e-4c13-bd36-f345a784cea0 req-d5b18ae8-390e-4c13-bd36-f345a784cea0 ] Request (ServersTestJSON:tearDownClass): 200 GET http://10.180.1.21/compute/v2.1/servers/66f94546-b866-4506-bd59-2aedd56846c7 1.925s
2025-11-22 05:01:46.730 66391 INFO tempest.lib.common.rest_client [req-476422bd-09ea-4f48-80ac-aa722f868c10 req-476422bd-09ea-4f48-80ac-aa722f868c10 ] Request (FloatingIPsAssociationNegativeTestJSON:setUpClass): 200 GET http://10.180.1.21/compute/v2.1/servers/a12e8027-1941-4149-8825-99761a8f3182 1.894s
2025-11-22 05:01:46.787 66411 INFO tempest.lib.common.rest_client [req-29364f9f-b88f-44a6-8f2b-d478aad1307c req-29364f9f-b88f-44a6-8f2b-d478aad1307c ] Request (ServersTestFqdnHostnames:test_create_server_with_fqdn_name): 200 GET http://10.180.1.21/compute/v2.1/servers/2494820c-25e1-4892-ae39-439e79ca22b5 1.584s
2025-11-22 05:01:46.794 66413 INFO tempest.lib.common.rest_client [req-e30d5004-d238-41b4-8da3-a4b57ccc8c1a req-e30d5004-d238-41b4-8da3-a4b57ccc8c1a ] Request (HypervisorAdminNegativeTestJSON:test_get_hypervisor_list_with_non_admin_user): 403 GET http://10.180.1.21/compute/v2.1/os-hypervisors 1.535s
2025-11-22 05:01:46.838 66381 INFO tempest.lib.common.rest_client [req-f9b76c46-e01a-4ef1-9e19-47965aeb810e req-f9b76c46-e01a-4ef1-9e19-47965aeb810e ] Request (FloatingIPsAssociationTestJSON:test_associate_disassociate_floating_ip): 200 GET http://10.180.1.21/compute/v2.1/os-floating-ips/06b8daa2-09d4-4c07-b7b9-f4ccefd09286 1.761s
2025-11-22 05:01:46.861 66369 INFO tempest.lib.common.rest_client [req-5156aec2-3984-43ac-9b65-55526b71dd5d req-5156aec2-3984-43ac-9b65-55526b71dd5d ] Request (ServerDiagnosticsNegativeTest:test_get_server_diagnostics_by_non_admin): 200 GET http://10.180.1.21/compute/v2.1/servers/a53554cc-9cc2-46a0-ad3e-a7775e7f4f0f 1.521s
2025-11-22 05:01:46.914 66399 INFO tempest.lib.common.rest_client [req-397ed563-ec7a-4b64-9255-ca01260dcd5c req-397ed563-ec7a-4b64-9255-ca01260dcd5c ] Request (AttachInterfacesV270Test:test_create_get_list_interfaces): 200 GET http://10.180.1.21/compute/v2.1/servers/d8facd91-3514-46ab-83dd-4287cb63171e 1.285s
2025-11-22 05:01:46.954 66365 INFO tempest.lib.common.rest_client [req-92ec9b74-5455-4da5-befd-4e08e628075a req-92ec9b74-5455-4da5-befd-4e08e628075a ] Request (QuotasAdminTestV257:test_get_updated_quotas): 200 PUT http://10.180.1.21/compute/v2.1/os-quota-sets/4dc948145b504d95bff3a136d9003224?user_id=02427f72791949888cd72a674be3a40f 1.365s
2025-11-22 05:01:47.030 66371 INFO tempest.lib.common.rest_client [req-deb3ae9c-55d8-4789-a72b-c56deed5310b req-deb3ae9c-55d8-4789-a72b-c56deed5310b ] Request (ServersWithSpecificFlavorTestJSON:test_verify_created_server_ephemeral_disk): 200 GET http://10.180.1.21/compute/v2.1/servers/25b34c99-6ac6-478e-b0d5-48cdae61bac4 1.116s
2025-11-22 05:01:47.041 66403 INFO tempest.lib.common.rest_client [req-810ef68c-0f55-40bc-89df-3e2ff86792cc req-810ef68c-0f55-40bc-89df-3e2ff86792cc ] Request (ServerPasswordTestJSON:test_delete_server_password): 204 DELETE http://10.180.1.21/compute/v2.1/servers/ddc14698-c04b-4a0e-91b5-643f702c1330/os-server-password 1.049s
2025-11-22 05:01:47.113 66389 INFO tempest.lib.common.rest_client [req-a07b05d1-193b-476f-8015-99bc3e9a244e req-a07b05d1-193b-476f-8015-99bc3e9a244e ] Request (ServerExternalEventsTest:tearDownClass): 200 GET http://10.180.1.21/compute/v2.1/servers/5cee6750-0f27-4659-b9cb-3cd2d34d9ac1 1.063s
2025-11-22 05:01:47.166 66407 INFO tempest.lib.common.rest_client [req-2ae6bde4-e382-4604-89d3-09a69244bdbb req-2ae6bde4-e382-4604-89d3-09a69244bdbb ] Request (ServerDiskConfigTestJSON:test_rebuild_server_with_manual_disk_config): 200 GET http://10.180.1.21/compute/v2.1/servers/97fcf019-73d2-4ca0-aeaf-5d07c85b123a 1.022s
2025-11-22 05:01:47.190 66379 INFO tempest.lib.common.rest_client [req-ae532157-f03c-4d51-a127-4c0190feae79 req-ae532157-f03c-4d51-a127-4c0190feae79 ] Request (FlavorsAdminTestJSON:_run_cleanups): 200 GET http://10.180.1.21/compute/v2.1/flavors/detail 1.026s
2025-11-22 05:01:47.238 66385 INFO tempest.lib.common.rest_client [req-ee3d7348-5688-446e-b6bb-c6eb06b236a3 req-ee3d7348-5688-446e-b6bb-c6eb06b236a3 ] Request (SecurityGroupsTestJSON:test_list_security_groups_by_server): 200 GET http://10.180.1.21/compute/v2.1/servers/68c24116-8af5-465b-aaa2-b564fe384f9c 1.036s
2025-11-22 05:01:47.251 66375 INFO tempest.lib.common.rest_client [req-3e9737aa-bc89-416c-b187-d26c70384b13 req-3e9737aa-bc89-416c-b187-d26c70384b13 ] Request (ImagesMetadataTestJSON:setUp): 200 PUT http://10.180.1.21/compute/v2.1/images/5d9ed636-357f-48c8-b387-fbf11e51f4ae/metadata 1.112s
2025-11-22 05:01:47.290 66421 INFO tempest.lib.common.rest_client [req-bbc544d0-a2b6-4815-9a11-df1eb8dcb1e6 req-bbc544d0-a2b6-4815-9a11-df1eb8dcb1e6 ] Request (AttachInterfacesUnderV243Test:test_add_remove_fixed_ip): 200 GET http://10.180.1.21/compute/v2.1/servers/b43985e6-7509-41fe-b6d9-430f256d59b9 0.974s
2025-11-22 05:01:47.446 66417 INFO tempest.lib.common.rest_client [req-be816da0-e96d-4459-a834-66a8691ddc02 req-be816da0-e96d-4459-a834-66a8691ddc02 ] Request (ServerActionsTestOtherB:setUpClass): 200 GET http://10.180.1.21/compute/v2.1/servers/048e0480-3cb7-4cce-aa59-9c9cdd189bb7 1.012s
2025-11-22 05:01:47.453 66417 INFO tempest.common.waiters [-] State transition "BUILD/None" ==> "BUILD/block_device_mapping" after 19 second wait
2025-11-22 05:01:47.466 66423 INFO tempest.lib.common.rest_client [req-224bd070-3a8e-45fd-a6ea-d883c3ecb457 req-224bd070-3a8e-45fd-a6ea-d883c3ecb457 ] Request (InstanceActionsV221TestJSON:tearDownClass): 404 GET http://10.180.1.21/compute/v2.1/servers/8fc4d81c-c6f5-42dc-969a-f11a5f83525b 1.019s
2025-11-22 05:01:47.471 66413 INFO tempest.lib.common.rest_client [req-c19efa3f-1a7a-4ad2-ad47-55e725fdde41 req-c19efa3f-1a7a-4ad2-ad47-55e725fdde41 ] Request (HypervisorAdminNegativeTestJSON:test_get_hypervisor_stats_with_non_admin_user): 403 GET http://10.180.1.21/compute/v2.1/os-hypervisors/statistics 0.675s
2025-11-22 05:01:47.511 66393 INFO tempest.lib.common.rest_client [req-0b30d0f2-7202-4f21-950e-c09561bc0950 req-0b30d0f2-7202-4f21-950e-c09561bc0950 ] Request (ServerActionsV293TestJSON:setUpClass): 200 GET http://10.180.1.21/volume/v3/volumes/eda2e777-fd35-4e3d-a57d-21e55f6cf07e 0.025s
2025-11-22 05:01:47.674 66409 INFO tempest.lib.common.rest_client [req-6989cec1-6027-4ff3-8d64-847a1edbbf4d req-6989cec1-6027-4ff3-8d64-847a1edbbf4d ] Request (ImagesTestJSON:test_create_image_from_suspended_server): 202 POST http://10.180.1.21/compute/v2.1/servers/55cfe5c6-de06-4f6a-b428-a3f0496bf631/action 1.297s
2025-11-22 05:01:47.722 66365 INFO tempest.lib.common.rest_client [req-daa2ab8d-bca8-4516-b9ef-a2fea5dcb252 req-daa2ab8d-bca8-4516-b9ef-a2fea5dcb252 ] Request (QuotasAdminTestV257:test_get_updated_quotas): 200 GET http://10.180.1.21/compute/v2.1/os-quota-sets/4dc948145b504d95bff3a136d9003224?user_id=02427f72791949888cd72a674be3a40f 0.766s
2025-11-22 05:01:47.749 66403 INFO tempest.lib.common.rest_client [req-88358052-30eb-4006-9d98-5103bc101ecb req-88358052-30eb-4006-9d98-5103bc101ecb ] Request (ServerPasswordTestJSON:test_get_server_password): 200 GET http://10.180.1.21/compute/v2.1/servers/ddc14698-c04b-4a0e-91b5-643f702c1330/os-server-password 0.706s
2025-11-22 05:01:47.799 66365 INFO tempest.lib.common.rest_client [req-22b8051e-cf45-4fc9-80b8-985f1c974a32 req-22b8051e-cf45-4fc9-80b8-985f1c974a32 ] Request (QuotasAdminTestV257:_run_cleanups): 204 DELETE http://10.180.1.21/identity/v3/users/02427f72791949888cd72a674be3a40f 0.075s
2025-11-22 05:01:47.916 66365 INFO tempest.lib.common.rest_client [req-ed97c9d6-2709-4386-abd6-63a75054f1cd req-ed97c9d6-2709-4386-abd6-63a75054f1cd ] Request (QuotasAdminTestV257:_run_cleanups): 204 DELETE http://10.180.1.21/identity/v3/projects/4dc948145b504d95bff3a136d9003224 0.117s
2025-11-22 05:01:48.083 66365 INFO tempest.lib.common.rest_client [req-7977ea1c-47ab-4204-9ce1-7d55fc2af0da req-7977ea1c-47ab-4204-9ce1-7d55fc2af0da ] Request (QuotasAdminTestV257:tearDownClass): 204 DELETE http://10.180.1.21/identity/v3/users/71e1dde454204ea69afc39213b81e829 0.165s
2025-11-22 05:01:48.172 66365 INFO tempest.lib.common.rest_client [req-5f798809-f3bf-4bb6-a755-a5458dcea2fe req-5f798809-f3bf-4bb6-a755-a5458dcea2fe ] Request (QuotasAdminTestV257:tearDownClass): 204 DELETE http://10.180.1.21/identity/v3/users/0b665e78b1a1422b8cff0ba2c1673208 0.088s
2025-11-22 05:01:48.172 66365 INFO tempest.lib.common.dynamic_creds [-] Deleting project and security group for project: 0a393133852e4a4cae5e72b6f6087499
