2025-11-22 05:02:05.519 66361 INFO tempest.lib.common.rest_client [req-234ff316-4da6-434b-8121-402a36fb56f9 req-234ff316-4da6-434b-8121-402a36fb56f9 ] Request (ServersTestMultiNic:_run_cleanups): 204 DELETE http://10.180.1.21/networking/v2.0/networks/cfa8f759-2078-4000-94f9-21ebcd29b0d6 0.275s
2025-11-22 05:02:05.643 66361 INFO tempest.lib.common.rest_client [req-fd84a6ae-bab0-432f-b8ce-e7a4ab71822b req-fd84a6ae-bab0-432f-b8ce-e7a4ab71822b ] Request (ServersTestMultiNic:test_verify_multiple_nics_order): 201 POST http://10.180.1.21/networking/v2.0/networks 0.123s
2025-11-22 05:02:05.864 66361 INFO tempest.lib.common.rest_client [req-d1256b2a-53c5-4697-bb59-ebf1a6bd4875 req-d1256b2a-53c5-4697-bb59-ebf1a6bd4875 ] Request (ServersTestMultiNic:test_verify_multiple_nics_order): 201 POST http://10.180.1.21/networking/v2.0/subnets 0.220s
2025-11-22 05:02:06.027 66361 INFO tempest.lib.common.rest_client [req-53e829b3-b434-4a2b-ad76-37b1cd9b4317 req-53e829b3-b434-4a2b-ad76-37b1cd9b4317 ] Request (ServersTestMultiNic:test_verify_multiple_nics_order): 201 POST http://10.180.1.21/networking/v2.0/networks 0.159s
2025-11-22 05:02:06.325 66361 INFO tempest.lib.common.rest_client [req-6f7b5e56-eb44-4175-aba4-3ff03d903a84 req-6f7b5e56-eb44-4175-aba4-3ff03d903a84 ] Request (ServersTestMultiNic:test_verify_multiple_nics_order): 201 POST http://10.180.1.21/networking/v2.0/subnets 0.298s
2025-11-22 05:02:06.397 66361 INFO tempest.lib.common.rest_client [req-7688c96d-08e5-4f52-9ef7-ba995e56d6e1 req-7688c96d-08e5-4f52-9ef7-ba995e56d6e1 ] Request (ServersTestMultiNic:test_verify_multiple_nics_order): 201 POST http://10.180.1.21/identity/v3/auth/tokens 0.068s
2025-11-22 05:02:06.397 66361 INFO tempest.lib.common.fixed_network [-] (ServersTestMultiNic:test_verify_multiple_nics_order) Found network {'id': '88277b50-e45f-4a97-8cd5-4b4d4b320060', 'name': 'tempest-ServersTestMultiNic-307559627-network', 'tenant_id': '0bad15c2a468467bb446b29eb932bc6c', 'project_id': '0bad15c2a468467bb446b29eb932bc6c', 'admin_state_up': True, 'mtu': 8950, 'status': 'ACTIVE', 'subnets': [], 'shared': False, 'port_security_enabled': True, 'router:external': False, 'provider:network_type': 'vlan', 'provider:physical_network': 'default', 'provider:segmentation_id': 625, 'availability_zone_hints': [], 'availability_zones': [], 'ipv4_address_scope': None, 'ipv6_address_scope': None, 'description': '', 'tags': [], 'created_at': '2025-11-22T05:00:29Z', 'updated_at': '2025-11-22T05:00:29Z', 'revision_number': 1} available for tenant
2025-11-22 05:02:07.140 66405 WARNING tempest.lib.common.ssh [-] Failed to establish authenticated ssh connection to cirros@10.180.180.155 ([Errno None] Unable to connect to port 22 on 10.180.180.155). Number attempts: 6. Retry after 7 seconds.: paramiko.ssh_exception.NoValidConnectionsError: [Errno None] Unable to connect to port 22 on 10.180.180.155
2025-11-22 05:02:08.049 66417 WARNING tempest.lib.common.ssh [-] Failed to establish authenticated ssh connection to cirros@10.180.180.129 ([Errno None] Unable to connect to port 22 on 10.180.180.129). Number attempts: 2. Retry after 3 seconds.: paramiko.ssh_exception.NoValidConnectionsError: [Errno None] Unable to connect to port 22 on 10.180.180.129
2025-11-22 05:02:08.521 66399 INFO tempest.lib.common.rest_client [req-e8e72091-6d35-40c7-8c0a-799cae7518ee req-e8e72091-6d35-40c7-8c0a-799cae7518ee ] Request (AttachInterfacesV270Test:test_create_get_list_interfaces): 400 POST http://10.180.1.21/compute/v2.1/servers/d8facd91-3514-46ab-83dd-4287cb63171e/os-interface 5.308s
2025-11-22 05:02:08.587 66363 INFO tempest.lib.common.rest_client [req-ad76694c-61ed-4524-914f-da6eabd71159 req-ad76694c-61ed-4524-914f-da6eabd71159 ] Request (ServerAddressesNegativeTestJSON:tearDownClass): 200 GET http://10.180.1.21/compute/v2.1/servers/e81ea6bf-79bf-4010-a824-23e3f883fd86 5.289s
2025-11-22 05:02:08.633 66365 INFO tempest.lib.common.rest_client [req-65e1dda5-040a-4b67-b773-af3c43cd2786 req-65e1dda5-040a-4b67-b773-af3c43cd2786 ] Request (ImagesNegativeTestJSON:test_create_image_from_deleted_server): 200 GET http://10.180.1.21/compute/v2.1/servers/7b1290b3-b263-4a23-ac34-c7048bdeba70 5.283s
2025-11-22 05:02:08.641 66365 INFO tempest.common.waiters [-] State transition "BUILD/scheduling" ==> "BUILD/None" after 9 second wait
2025-11-22 05:02:08.676 66369 INFO tempest.lib.common.rest_client [req-ec115e6c-42c1-41f3-97ac-931d47168d2f req-ec115e6c-42c1-41f3-97ac-931d47168d2f ] Request (ServerDiagnosticsNegativeTest:test_get_server_diagnostics_by_non_admin): 200 GET http://10.180.1.21/compute/v2.1/servers/a53554cc-9cc2-46a0-ad3e-a7775e7f4f0f 4.825s
2025-11-22 05:02:08.760 66413 INFO tempest.lib.common.rest_client [req-878f0e7b-62cc-4bc3-8cd2-7b7467b84414 req-878f0e7b-62cc-4bc3-8cd2-7b7467b84414 ] Request (InstanceUsageAuditLogTestJSON:test_get_instance_usage_audit_log): 200 GET http://10.180.1.21/compute/v2.1/os-instance_usage_audit_log/2025-11-22%2005%3A02%3A03 4.781s
2025-11-22 05:02:08.929 66371 INFO tempest.lib.common.rest_client [req-b9a1a416-c16a-4539-8c42-8f952c16115f req-b9a1a416-c16a-4539-8c42-8f952c16115f ] Request (ServersWithSpecificFlavorTestJSON:test_verify_created_server_ephemeral_disk): 200 GET http://10.180.1.21/compute/v2.1/servers/25b34c99-6ac6-478e-b0d5-48cdae61bac4 4.491s
2025-11-22 05:02:09.019 66389 INFO tempest.lib.common.rest_client [req-9bf17b02-e7ed-4206-a8f7-3831b26b438c req-9bf17b02-e7ed-4206-a8f7-3831b26b438c ] Request (ServerExternalEventsTest:tearDownClass): 200 GET http://10.180.1.21/compute/v2.1/servers/5cee6750-0f27-4659-b9cb-3cd2d34d9ac1 4.522s
2025-11-22 05:02:09.943 66391 INFO tempest.lib.common.rest_client [req-9ca0ba01-09bb-41d9-bb12-a930c92fbc39 req-9ca0ba01-09bb-41d9-bb12-a930c92fbc39 ] Request (FloatingIPsAssociationNegativeTestJSON:test_associate_ip_to_server_with_floating_ip): 202 POST http://10.180.1.21/compute/v2.1/servers/a12e8027-1941-4149-8825-99761a8f3182/action 5.395s
2025-11-22 05:02:10.024 66423 INFO tempest.lib.common.rest_client [req-396387b7-4935-450e-a344-9dbff57f4bee req-396387b7-4935-450e-a344-9dbff57f4bee ] Request (ServersListShow2100Test:test_list_show_rebuild_update_server_2100): 200 GET http://10.180.1.21/compute/v2.1/servers/70b1932b-8666-44fc-a333-2729906c9629 5.440s
2025-11-22 05:02:10.077 66393 INFO tempest.lib.common.rest_client [req-0fca03c0-996b-430c-89ee-59fe8c905665 req-0fca03c0-996b-430c-89ee-59fe8c905665 ] Request (ServerActionsV293TestJSON:setUpClass): 200 GET http://10.180.1.21/compute/v2.1/servers/803177ce-390b-48c1-accf-08473ced7c9c 5.353s
2025-11-22 05:02:10.202 66407 INFO tempest.lib.common.rest_client [req-17cb9606-f0d9-408d-b7e1-0f4e5bb67ea2 req-17cb9606-f0d9-408d-b7e1-0f4e5bb67ea2 ] Request (ServerDiskConfigTestJSON:test_rebuild_server_with_manual_disk_config): 200 GET http://10.180.1.21/compute/v2.1/servers/97fcf019-73d2-4ca0-aeaf-5d07c85b123a 5.438s
2025-11-22 05:02:10.238 66409 INFO tempest.lib.common.rest_client [req-d75a381b-3885-4f54-b126-706227c3aff6 req-d75a381b-3885-4f54-b126-706227c3aff6 ] Request (ImagesTestJSON:test_create_image_from_suspended_server): 200 GET http://10.180.1.21/compute/v2.1/images/915db2ab-0883-4ffd-bb5b-cfec2538ff67 5.442s
2025-11-22 05:02:10.265 66409 INFO tempest.lib.common.rest_client [req-9e6939cb-3f40-44ab-8b3e-9ca161a285b1 req-9e6939cb-3f40-44ab-8b3e-9ca161a285b1 ] Request (ImagesTestJSON:test_create_image_from_suspended_server): 200 GET http://10.180.1.21/image/v2/images/915db2ab-0883-4ffd-bb5b-cfec2538ff67/tasks 0.023s
2025-11-22 05:02:10.285 66419 INFO tempest.lib.common.rest_client [req-e5d9611a-06f1-47be-acb1-a6b47d173121 req-e5d9611a-06f1-47be-acb1-a6b47d173121 ] Request (ServerActionsTestJSON:setUpClass): 200 GET http://10.180.1.21/compute/v2.1/servers/d90221d0-dc79-4ef8-828e-7935765c859f 4.954s
2025-11-22 05:02:10.432 66385 INFO tempest.lib.common.rest_client [req-3b6e0c6e-bc2f-43ee-ad4d-f5bb0bd8fc12 req-3b6e0c6e-bc2f-43ee-ad4d-f5bb0bd8fc12 ] Request (SecurityGroupsTestJSON:test_list_security_groups_by_server): 200 GET http://10.180.1.21/compute/v2.1/servers/68c24116-8af5-465b-aaa2-b564fe384f9c 4.954s
2025-11-22 05:02:10.461 66379 INFO tempest.lib.common.rest_client [req-62c01589-b864-49fa-b756-0193d728b003 req-62c01589-b864-49fa-b756-0193d728b003 ] Request (FlavorsAdminTestJSON:test_list_public_flavor_with_other_user): 200 GET http://10.180.1.21/compute/v2.1/flavors/detail 4.973s
2025-11-22 05:02:10.513 66421 INFO tempest.lib.common.rest_client [req-4a18702d-5bf3-4708-a46b-5a5fb66512e8 req-4a18702d-5bf3-4708-a46b-5a5fb66512e8 ] Request (AttachInterfacesUnderV243Test:test_add_remove_fixed_ip): 200 GET http://10.180.1.21/compute/v2.1/servers/b43985e6-7509-41fe-b6d9-430f256d59b9 4.959s
2025-11-22 05:02:10.531 66367 INFO tempest.lib.common.rest_client [req-45fef9f0-8954-4409-8e99-1a50947a5549 req-45fef9f0-8954-4409-8e99-1a50947a5549 ] Request (MultipleCreateTestJSON:_run_cleanups): 404 GET http://10.180.1.21/compute/v2.1/servers/5d2fae8d-3b62-4328-8f82-e3c43cb60de2 4.913s
2025-11-22 05:02:10.591 66383 INFO tempest.lib.common.rest_client [req-b739c63b-13dc-4422-89d4-bbbb07b009ad req-b739c63b-13dc-4422-89d4-bbbb07b009ad ] Request (ServersTestBootFromVolume:tearDownClass): 200 GET http://10.180.1.21/compute/v2.1/servers/4dd1afdb-d3da-4be3-87ef-6966c4d4507e 4.937s
2025-11-22 05:02:10.658 66401 INFO tempest.lib.common.rest_client [req-00fd45e4-501e-4ce4-9b58-8cbc6ff8eccd req-00fd45e4-501e-4ce4-9b58-8cbc6ff8eccd ] Request (ServersListShow296Test:test_list_show_update_rebuild_server_296): 200 GET http://10.180.1.21/compute/v2.1/servers/ad407696-c600-4160-9271-a0b127f5aa28 4.979s
2025-11-22 05:02:10.678 66395 INFO tempest.lib.common.rest_client [req-f5d40889-4567-49ff-85d7-bb9c60a19e71 req-f5d40889-4567-49ff-85d7-bb9c60a19e71 ] Request (VolumesAssistedSnapshotsTest:tearDownClass): 404 GET http://10.180.1.21/compute/v2.1/servers/7f1dfa01-2d2e-4979-b91b-da48b1fc033a 4.927s
2025-11-22 05:02:10.736 66397 INFO tempest.lib.common.rest_client [req-c5831689-8bbe-4373-b34c-09749c898968 req-c5831689-8bbe-4373-b34c-09749c898968 ] Request (ImagesOneServerTestJSON:tearDownClass): 200 GET http://10.180.1.21/compute/v2.1/servers/75dc7f15-0002-461a-bf2e-54d1fe36b009 4.965s
2025-11-22 05:02:10.803 66403 INFO tempest.lib.common.rest_client [req-d52fc22c-2219-442e-8b74-3f4915d04feb req-d52fc22c-2219-442e-8b74-3f4915d04feb ] Request (ServerPasswordTestJSON:tearDownClass): 200 GET http://10.180.1.21/compute/v2.1/servers/ddc14698-c04b-4a0e-91b5-643f702c1330 4.957s
2025-11-22 05:02:10.861 66415 INFO tempest.lib.common.rest_client [req-278d4b72-f951-4159-9eb6-7a50a6a31e30 req-278d4b72-f951-4159-9eb6-7a50a6a31e30 ] Request (ServersAdminNegativeTestJSON:tearDownClass): 200 GET http://10.180.1.21/compute/v2.1/servers/9b330cf6-81d0-4f50-aaf0-4ccad5947307 4.984s
2025-11-22 05:02:10.916 66388 INFO tempest.lib.common.rest_client [req-b7bbedb0-74d8-4f3c-8a88-771a43c166cb req-b7bbedb0-74d8-4f3c-8a88-771a43c166cb ] Request (ServersTestJSON:tearDownClass): 200 GET http://10.180.1.21/compute/v2.1/servers/66f94546-b866-4506-bd59-2aedd56846c7 4.910s
2025-11-22 05:02:10.984 66381 INFO tempest.lib.common.rest_client [req-f30cd768-f405-4cee-b05b-8a8989446265 req-f30cd768-f405-4cee-b05b-8a8989446265 ] Request (FloatingIPsAssociationTestJSON:tearDownClass): 200 GET http://10.180.1.21/compute/v2.1/servers/aec03c13-1069-4e76-a997-4ebe57fd97b4 4.856s
2025-11-22 05:02:11.413 66361 INFO tempest.lib.common.rest_client [req-44ec4784-3705-4467-9230-ded3f24f2806 req-44ec4784-3705-4467-9230-ded3f24f2806 ] Request (ServersTestMultiNic:test_verify_multiple_nics_order): 202 POST http://10.180.1.21/compute/v2.1/servers 5.015s
2025-11-22 05:02:11.481 66375 INFO tempest.lib.common.rest_client [req-39fe8074-1808-4ae2-9523-dce5855c2e3f req-39fe8074-1808-4ae2-9523-dce5855c2e3f ] Request (ServersV294TestFqdnHostnames:setUpClass): 200 GET http://10.180.1.21/compute/v2.1/servers/16de398e-9735-455c-8062-5bec0941b1be 5.059s
2025-11-22 05:02:11.532 66411 INFO tempest.lib.common.rest_client [req-49c6fa07-b2ee-40c0-887c-7bd70332b970 req-49c6fa07-b2ee-40c0-887c-7bd70332b970 ] Request (ServersTestFqdnHostnames:test_create_server_with_fqdn_name): 200 GET http://10.180.1.21/compute/v2.1/servers/2494820c-25e1-4892-ae39-439e79ca22b5 5.054s
2025-11-22 05:02:11.607 66399 INFO tempest.lib.common.rest_client [req-e4d89f29-110c-4673-8f7d-26e347097661 req-e4d89f29-110c-4673-8f7d-26e347097661 ] Request (AttachInterfacesV270Test:tearDownClass): 204 DELETE http://10.180.1.21/compute/v2.1/servers/d8facd91-3514-46ab-83dd-4287cb63171e 3.085s
2025-11-22 05:02:11.647 66413 INFO tempest.lib.common.rest_client [req-fbec9ff7-396b-4d10-a1c3-801e6e496d5c req-fbec9ff7-396b-4d10-a1c3-801e6e496d5c ] Request (InstanceUsageAuditLogTestJSON:test_list_instance_usage_audit_logs): 200 GET http://10.180.1.21/compute/v2.1/os-instance_usage_audit_log 2.884s
2025-11-22 05:02:11.712 66363 INFO tempest.lib.common.rest_client [req-749b7566-5818-42fc-9370-09d6ca28ab56 req-749b7566-5818-42fc-9370-09d6ca28ab56 ] Request (ServerAddressesNegativeTestJSON:tearDownClass): 200 GET http://10.180.1.21/compute/v2.1/servers/e81ea6bf-79bf-4010-a824-23e3f883fd86 2.115s
2025-11-22 05:02:11.763 66413 INFO tempest.lib.common.rest_client [req-59b94b01-060e-448b-a660-c47da8ffec19 req-59b94b01-060e-448b-a660-c47da8ffec19 ] Request (InstanceUsageAuditLogTestJSON:tearDownClass): 204 DELETE http://10.180.1.21/identity/v3/users/f12993473fa744d2b5fe02d405fdb85b 0.110s
2025-11-22 05:02:11.765 66365 INFO tempest.lib.common.rest_client [req-f558ade6-8b9a-4ac7-923f-778d4066e9d4 req-f558ade6-8b9a-4ac7-923f-778d4066e9d4 ] Request (ImagesNegativeTestJSON:test_create_image_from_deleted_server): 200 GET http://10.180.1.21/compute/v2.1/servers/7b1290b3-b263-4a23-ac34-c7048bdeba70 2.122s
2025-11-22 05:02:11.809 66369 INFO tempest.lib.common.rest_client [req-204d405a-2d8c-4845-a8ec-b03b7b1cd168 req-204d405a-2d8c-4845-a8ec-b03b7b1cd168 ] Request (ServerDiagnosticsNegativeTest:test_get_server_diagnostics_by_non_admin): 200 GET http://10.180.1.21/compute/v2.1/servers/a53554cc-9cc2-46a0-ad3e-a7775e7f4f0f 2.124s
2025-11-22 05:02:11.841 66413 INFO tempest.lib.common.rest_client [req-db62809a-f17f-4910-a51d-3a4b28d4734d req-db62809a-f17f-4910-a51d-3a4b28d4734d ] Request (InstanceUsageAuditLogTestJSON:tearDownClass): 204 DELETE http://10.180.1.21/identity/v3/users/d8d3f3c1d8284b1f9451f5db666ab9cf 0.078s
2025-11-22 05:02:11.842 66413 INFO tempest.lib.common.dynamic_creds [-] Deleting project and security group for project: 3b33bc3aa496461b9520f5d1db7d0d77
2025-11-22 05:02:11.896 66413 INFO tempest.lib.common.rest_client [req-b0e49566-3a0b-4ae0-a6cc-212f49cb191f req-b0e49566-3a0b-4ae0-a6cc-212f49cb191f ] Request (InstanceUsageAuditLogTestJSON:tearDownClass): 201 POST http://10.180.1.21/identity/v3/auth/tokens 0.054s
2025-11-22 05:02:11.906 66371 INFO tempest.lib.common.rest_client [req-892c69e5-d780-41cd-81f0-7f82056a256e req-892c69e5-d780-41cd-81f0-7f82056a256e ] Request (ServersWithSpecificFlavorTestJSON:test_verify_created_server_ephemeral_disk): 200 GET http://10.180.1.21/compute/v2.1/servers/25b34c99-6ac6-478e-b0d5-48cdae61bac4 1.965s
2025-11-22 05:02:11.914 66371 INFO tempest.common.waiters [-] State transition "BUILD/spawning" ==> "ACTIVE/None" after 42 second wait
2025-11-22 05:02:12.094 66413 INFO tempest.lib.common.rest_client [req-546aa8a3-8ccc-473b-93b6-e5e7ad3ff11a req-546aa8a3-8ccc-473b-93b6-e5e7ad3ff11a ] Request (InstanceUsageAuditLogTestJSON:tearDownClass): 200 GET http://10.180.1.21/networking/v2.0/security-groups?tenant_id=3b33bc3aa496461b9520f5d1db7d0d77&name=default 0.197s
2025-11-22 05:02:12.175 66413 INFO tempest.lib.common.rest_client [req-05aca54b-b0ca-47c3-94b7-f76cedc3e989 req-05aca54b-b0ca-47c3-94b7-f76cedc3e989 ] Request (InstanceUsageAuditLogTestJSON:tearDownClass): 204 DELETE http://10.180.1.21/networking/v2.0/security-groups/9a23ef72-c337-4888-be03-ecc626920922 0.081s
2025-11-22 05:02:12.247 66413 INFO tempest.lib.common.rest_client [req-fcd80071-35ca-4fc6-8c31-39ba4b04a3e2 req-fcd80071-35ca-4fc6-8c31-39ba4b04a3e2 ] Request (InstanceUsageAuditLogTestJSON:tearDownClass): 204 DELETE http://10.180.1.21/identity/v3/projects/3b33bc3aa496461b9520f5d1db7d0d77 0.071s
2025-11-22 05:02:12.247 66413 INFO tempest.lib.common.dynamic_creds [-] Deleting project and security group for project: bd570a3c54384f268f99021527bc24a7
2025-11-22 05:02:12.339 66413 INFO tempest.lib.common.rest_client [req-81987c3a-a402-4f44-9d6a-4f08ab6d3438 req-81987c3a-a402-4f44-9d6a-4f08ab6d3438 ] Request (InstanceUsageAuditLogTestJSON:tearDownClass): 200 GET http://10.180.1.21/networking/v2.0/security-groups?tenant_id=bd570a3c54384f268f99021527bc24a7&name=default 0.092s
2025-11-22 05:02:12.494 66413 INFO tempest.lib.common.rest_client [req-df1c42c7-b563-45a2-b65d-eb044ae80e6e req-df1c42c7-b563-45a2-b65d-eb044ae80e6e ] Request (InstanceUsageAuditLogTestJSON:tearDownClass): 204 DELETE http://10.180.1.21/networking/v2.0/security-groups/a6733366-b944-4d72-8ba9-32489004f2a5 0.154s
2025-11-22 05:02:12.533 66391 INFO tempest.lib.common.rest_client [req-485fb648-0a64-4dec-b39b-634e70835f48 req-485fb648-0a64-4dec-b39b-634e70835f48 ] Request (FloatingIPsAssociationNegativeTestJSON:test_associate_ip_to_server_with_floating_ip): 200 POST http://10.180.1.21/compute/v2.1/os-floating-ips 2.590s
2025-11-22 05:02:12.590 66413 INFO tempest.lib.common.rest_client [req-076a3bac-ab0f-4238-8305-a9f134967a46 req-076a3bac-ab0f-4238-8305-a9f134967a46 ] Request (InstanceUsageAuditLogTestJSON:tearDownClass): 204 DELETE http://10.180.1.21/identity/v3/projects/bd570a3c54384f268f99021527bc24a7 0.095s
2025-11-22 05:02:12.594 66389 INFO tempest.lib.common.rest_client [req-028dea19-5aad-4468-b940-11dd78c080ce req-028dea19-5aad-4468-b940-11dd78c080ce ] Request (ServerExternalEventsTest:tearDownClass): 200 GET http://10.180.1.21/compute/v2.1/servers/5cee6750-0f27-4659-b9cb-3cd2d34d9ac1 2.561s
2025-11-22 05:02:12.646 66413 INFO tempest.lib.common.rest_client [req-d549406c-b153-46c6-bab8-cc16a0756581 req-d549406c-b153-46c6-bab8-cc16a0756581 ] Request (ServersNegativeTestMultiTenantJSON:setUpClass): 201 POST http://10.180.1.21/identity/v3/auth/tokens 0.054s
2025-11-22 05:02:12.674 66413 INFO tempest.lib.common.rest_client [req-295bc1ae-5ed4-4c5f-af3c-5ab5853f6f0c req-295bc1ae-5ed4-4c5f-af3c-5ab5853f6f0c ] Request (ServersNegativeTestMultiTenantJSON:setUpClass): 201 POST http://10.180.1.21/identity/v3/auth/tokens 0.026s
2025-11-22 05:02:12.698 66409 INFO tempest.lib.common.rest_client [req-8142a53e-0515-4e7f-8a52-bc38775864eb req-8142a53e-0515-4e7f-8a52-bc38775864eb ] Request (ImagesTestJSON:_run_cleanups): 204 DELETE http://10.180.1.21/compute/v2.1/images/915db2ab-0883-4ffd-bb5b-cfec2538ff67 2.432s
2025-11-22 05:02:12.701 66413 INFO tempest.lib.common.rest_client [req-b34a2195-e5d0-4388-a37f-8ae7719147fb req-b34a2195-e5d0-4388-a37f-8ae7719147fb ] Request (ServersNegativeTestMultiTenantJSON:setUpClass): 200 GET http://10.180.1.21/identity/v3/domains?name=Default 0.026s
2025-11-22 05:02:12.719 66379 INFO tempest.lib.common.rest_client [req-5b9cb0df-52b6-4bc9-bb4a-52ca1ee7a069 req-5b9cb0df-52b6-4bc9-bb4a-52ca1ee7a069 ] Request (FlavorsAdminTestJSON:_run_cleanups): 202 DELETE http://10.180.1.21/compute/v2.1/flavors/1012942458 2.253s
2025-11-22 05:02:12.734 66413 INFO tempest.lib.common.rest_client [req-e23d5522-e2ec-43b6-8621-145dccbb7ed7 req-e23d5522-e2ec-43b6-8621-145dccbb7ed7 ] Request (ServersNegativeTestMultiTenantJSON:setUpClass): 201 POST http://10.180.1.21/identity/v3/projects 0.033s
2025-11-22 05:02:12.741 66367 INFO tempest.lib.common.rest_client [req-ab392a7c-5a6b-4155-8765-e9816618c19c req-ab392a7c-5a6b-4155-8765-e9816618c19c ] Request (MultipleCreateTestJSON:_run_cleanups): 404 GET http://10.180.1.21/compute/v2.1/servers/10b04206-f43e-4c94-b8df-28815ccff634 2.209s
2025-11-22 05:02:12.758 66395 INFO tempest.lib.common.rest_client [req-c7f60030-8660-40dc-af6c-2b85465e44cf req-c7f60030-8660-40dc-af6c-2b85465e44cf ] Request (VolumesAssistedSnapshotsTest:tearDownClass): 202 DELETE http://10.180.1.21/compute/v2.1/os-keypairs/tempest-keypair-745589201 2.079s
2025-11-22 05:02:12.805 66413 INFO tempest.lib.common.rest_client [req-5e012b5a-8eca-43d8-98de-253e587dcc3e req-5e012b5a-8eca-43d8-98de-253e587dcc3e ] Request (ServersNegativeTestMultiTenantJSON:setUpClass): 201 POST http://10.180.1.21/identity/v3/users 0.070s
2025-11-22 05:02:12.811 66367 INFO tempest.lib.common.rest_client [req-c0bfdd9e-daf9-4ecf-9551-ac3b3869f707 req-c0bfdd9e-daf9-4ecf-9551-ac3b3869f707 ] Request (MultipleCreateTestJSON:test_multiple_create_with_reservation_return): 201 POST http://10.180.1.21/identity/v3/auth/tokens 0.065s
2025-11-22 05:02:12.811 66367 INFO tempest.lib.common.fixed_network [-] (MultipleCreateTestJSON:test_multiple_create_with_reservation_return) Found network {'id': 'e27145cb-c363-4f30-9178-c6e594b2c2b8', 'name': 'tempest-MultipleCreateTestJSON-1277229582-network', 'tenant_id': '5214a9c82dd74e46acfb1119668f71f7', 'project_id': '5214a9c82dd74e46acfb1119668f71f7', 'admin_state_up': True, 'mtu': 8950, 'status': 'ACTIVE', 'subnets': [], 'shared': False, 'port_security_enabled': True, 'router:external': False, 'provider:network_type': 'vlan', 'provider:physical_network': 'default', 'provider:segmentation_id': 646, 'availability_zone_hints': [], 'availability_zones': [], 'ipv4_address_scope': None, 'ipv6_address_scope': None, 'description': '', 'tags': [], 'created_at': '2025-11-22T05:00:43Z', 'updated_at': '2025-11-22T05:00:43Z', 'revision_number': 1} available for tenant
2025-11-22 05:02:12.832 66413 INFO tempest.lib.common.rest_client [req-879797a2-64b9-4194-82b3-118a0589263f req-879797a2-64b9-4194-82b3-118a0589263f ] Request (ServersNegativeTestMultiTenantJSON:setUpClass): 200 GET http://10.180.1.21/identity/v3/roles 0.026s
2025-11-22 05:02:12.854 66395 INFO tempest.lib.common.rest_client [req-825d3579-f22f-4903-ac95-419613a72410 req-825d3579-f22f-4903-ac95-419613a72410 ] Request (VolumesAssistedSnapshotsTest:tearDownClass): 204 DELETE http://10.180.1.21/networking/v2.0/security-groups/ff4e8ef6-e44a-4421-8d78-300bdd664c0e 0.095s
2025-11-22 05:02:12.859 66423 INFO tempest.lib.common.rest_client [req-5a588e95-713e-41a2-9f6b-76ed989b43ea req-5a588e95-713e-41a2-9f6b-76ed989b43ea ] Request (ServersListShow2100Test:test_list_show_rebuild_update_server_2100): 200 GET http://10.180.1.21/compute/v2.1/servers/70b1932b-8666-44fc-a333-2729906c9629 1.823s
2025-11-22 05:02:12.864 66413 INFO tempest.lib.common.rest_client [req-ce3644a4-b72b-4a33-a690-b9bc3896dfba req-ce3644a4-b72b-4a33-a690-b9bc3896dfba ] Request (ServersNegativeTestMultiTenantJSON:setUpClass): 204 PUT http://10.180.1.21/identity/v3/projects/be91f5a783564b1babda163c5c69e61a/users/a9b8e9fd0f594d369be4c2da11f87171/roles/780f46d44c6d4a2da1c1ce644ec523a1 0.031s
2025-11-22 05:02:12.864 66413 INFO tempest.lib.common.dynamic_creds [-] Dynamic test user a9b8e9fd0f594d369be4c2da11f87171 is created with scope project and roles: ['member']
2025-11-22 05:02:12.864 66413 INFO tempest.lib.common.dynamic_creds [-] Acquired dynamic creds: credentials: Credentials: {'domain_id': 'default', 'domain_name': 'Default', 'username': 'tempest-ServersNegativeTestMultiTenantJSON-2074190787-project-member', 'project_domain_id': 'default', 'project_domain_name': 'Default', 'project_id': 'be91f5a783564b1babda163c5c69e61a', 'project_name': 'tempest-ServersNegativeTestMultiTenantJSON-2074190787', 'tenant_id': 'be91f5a783564b1babda163c5c69e61a', 'tenant_name': 'tempest-ServersNegativeTestMultiTenantJSON-2074190787', 'user_domain_id': 'default', 'user_domain_name': 'Default', 'user_id': 'a9b8e9fd0f594d369be4c2da11f87171', 'system': None}, Network: None, Subnet: None, Router: None
2025-11-22 05:02:12.866 66395 INFO tempest.lib.common.rest_client [req-cf86379a-f040-4b09-8788-6616a5568288 req-cf86379a-f040-4b09-8788-6616a5568288 ] Request (VolumesAssistedSnapshotsTest:tearDownClass): 404 GET http://10.180.1.21/networking/v2.0/security-groups/ff4e8ef6-e44a-4421-8d78-300bdd664c0e 0.011s
2025-11-22 05:02:12.916 66393 INFO tempest.lib.common.rest_client [req-1fad764b-7faf-423f-b165-276d050fcd4e req-1fad764b-7faf-423f-b165-276d050fcd4e ] Request (ServerActionsV293TestJSON:setUpClass): 200 GET http://10.180.1.21/compute/v2.1/servers/803177ce-390b-48c1-accf-08473ced7c9c 1.829s
2025-11-22 05:02:12.948 66413 INFO tempest.lib.common.rest_client [req-621512c5-a5c3-4c48-80b9-ba0f4150c7e6 req-621512c5-a5c3-4c48-80b9-ba0f4150c7e6 ] Request (ServersNegativeTestMultiTenantJSON:setUpClass): 201 POST http://10.180.1.21/identity/v3/auth/tokens 0.083s
2025-11-22 05:02:13.189 66395 INFO tempest.lib.common.rest_client [req-1b41a96d-8472-444b-a78e-228538a3feb1 req-1b41a96d-8472-444b-a78e-228538a3feb1 ] Request (VolumesAssistedSnapshotsTest:tearDownClass): 204 DELETE http://10.180.1.21/networking/v2.0/floatingips/bde2ade3-6dff-45f1-8dc0-67e67bbf34fa 0.322s
2025-11-22 05:02:13.204 66395 INFO tempest.lib.common.rest_client [req-3084cd6f-8a04-41b9-ba37-478c45a37c82 req-3084cd6f-8a04-41b9-ba37-478c45a37c82 ] Request (VolumesAssistedSnapshotsTest:tearDownClass): 404 DELETE http://10.180.1.21/volume/v3/volumes/35138a57-8e69-4d18-b245-202e1cf5ba1c 0.015s
2025-11-22 05:02:13.224 66395 INFO tempest.lib.common.rest_client [req-8dd3dd8d-b817-448f-9eef-c90d0ecff740 req-8dd3dd8d-b817-448f-9eef-c90d0ecff740 ] Request (VolumesAssistedSnapshotsTest:tearDownClass): 404 GET http://10.180.1.21/volume/v3/volumes/35138a57-8e69-4d18-b245-202e1cf5ba1c 0.020s
2025-11-22 05:02:13.282 66413 INFO tempest.lib.common.rest_client [req-be8e7102-109d-4115-ad8f-759f83684ba2 req-be8e7102-109d-4115-ad8f-759f83684ba2 ] Request (ServersNegativeTestMultiTenantJSON:setUpClass): 201 POST http://10.180.1.21/networking/v2.0/networks 0.334s
2025-11-22 05:02:13.355 66373 INFO tempest.lib.common.rest_client [req-b94660ca-aed8-4dfa-968a-cda6d22340da req-b94660ca-aed8-4dfa-968a-cda6d22340da ] Request (AttachInterfacesTestJSON:test_create_list_show_delete_interfaces_by_fixed_ip): 200 POST http://10.180.1.21/compute/v2.1/servers/4e9761ca-8039-410a-b3eb-0f3d9ec1b575/os-interface 10.357s
2025-11-22 05:02:13.385 66407 INFO tempest.lib.common.rest_client [req-b6058d51-8cf5-4b48-9874-c4e411238ba4 req-b6058d51-8cf5-4b48-9874-c4e411238ba4 ] Request (ServerDiskConfigTestJSON:test_rebuild_server_with_manual_disk_config): 200 GET http://10.180.1.21/compute/v2.1/servers/97fcf019-73d2-4ca0-aeaf-5d07c85b123a 2.176s
2025-11-22 05:02:13.394 66407 INFO tempest.common.waiters [-] State transition "BUILD/spawning" ==> "ACTIVE/None" after 43 second wait
2025-11-22 05:02:13.539 66413 INFO tempest.lib.common.rest_client [req-c82d1d5c-960d-4862-bad5-057e1295b89a req-c82d1d5c-960d-4862-bad5-057e1295b89a ] Request (ServersNegativeTestMultiTenantJSON:setUpClass): 201 POST http://10.180.1.21/networking/v2.0/subnets 0.256s
2025-11-22 05:02:13.592 66419 INFO tempest.lib.common.rest_client [req-bb021a33-4a15-417d-90da-eb40a33ad801 req-bb021a33-4a15-417d-90da-eb40a33ad801 ] Request (ServerActionsTestJSON:setUpClass): 200 GET http://10.180.1.21/compute/v2.1/servers/d90221d0-dc79-4ef8-828e-7935765c859f 2.298s
2025-11-22 05:02:13.600 66419 INFO tempest.common.waiters [-] State transition "BUILD/scheduling" ==> "BUILD/None" after 3 second wait
2025-11-22 05:02:13.603 66361 INFO tempest.lib.common.rest_client [req-f496e0f7-78c7-4386-91ec-00a660346fa8 req-f496e0f7-78c7-4386-91ec-00a660346fa8 ] Request (ServersTestMultiNic:test_verify_multiple_nics_order): 200 GET http://10.180.1.21/compute/v2.1/servers/f6b9526d-b605-4ea7-bd8b-a5ba4903da07 2.188s
2025-11-22 05:02:14.015 66395 INFO tempest.lib.common.rest_client [req-611c513a-e5cb-4f7f-b392-4aea1fb531af req-611c513a-e5cb-4f7f-b392-4aea1fb531af ] Request (VolumesAssistedSnapshotsTest:tearDownClass): 200 PUT http://10.180.1.21/networking/v2.0/routers/d8fa2e27-b41f-42fc-ae86-8696748756c4/remove_router_interface 0.790s
2025-11-22 05:02:14.135 66421 INFO tempest.lib.common.rest_client [req-2943d6c6-bbd5-471e-8cec-ee803bd2d94e req-2943d6c6-bbd5-471e-8cec-ee803bd2d94e ] Request (AttachInterfacesUnderV243Test:test_add_remove_fixed_ip): 200 GET http://10.180.1.21/compute/v2.1/servers/b43985e6-7509-41fe-b6d9-430f256d59b9 2.615s
2025-11-22 05:02:14.159 66383 INFO tempest.lib.common.rest_client [req-a7f556fe-6012-4397-b72e-74b61269a896 req-a7f556fe-6012-4397-b72e-74b61269a896 ] Request (ServersTestBootFromVolume:tearDownClass): 404 GET http://10.180.1.21/compute/v2.1/servers/4dd1afdb-d3da-4be3-87ef-6966c4d4507e 2.559s
2025-11-22 05:02:14.298 66413 INFO tempest.lib.common.rest_client [req-99b90a6a-836f-44cd-a2f8-ce2d2dd75abc req-99b90a6a-836f-44cd-a2f8-ce2d2dd75abc ] Request (ServersNegativeTestMultiTenantJSON:setUpClass): 201 POST http://10.180.1.21/networking/v2.0/routers 0.758s
2025-11-22 05:02:14.348 66385 INFO tempest.lib.common.rest_client [req-5ff4aeed-a251-4c2a-9330-5e05830cc9dc req-5ff4aeed-a251-4c2a-9330-5e05830cc9dc ] Request (SecurityGroupsTestJSON:test_list_security_groups_by_server): 200 GET http://10.180.1.21/compute/v2.1/servers/68c24116-8af5-465b-aaa2-b564fe384f9c 2.904s
2025-11-22 05:02:14.356 66385 INFO tempest.common.waiters [-] State transition "BUILD/spawning" ==> "ACTIVE/None" after 44 second wait
2025-11-22 05:02:14.607 66395 INFO tempest.lib.common.rest_client [req-ee29a6c3-08be-4554-95d1-d1dd8670f6a9 req-ee29a6c3-08be-4554-95d1-d1dd8670f6a9 ] Request (VolumesAssistedSnapshotsTest:tearDownClass): 204 DELETE http://10.180.1.21/networking/v2.0/routers/d8fa2e27-b41f-42fc-ae86-8696748756c4 0.592s
2025-11-22 05:02:14.642 66417 WARNING tempest.lib.common.ssh [-] Failed to establish authenticated ssh connection to cirros@10.180.180.129 ([Errno None] Unable to connect to port 22 on 10.180.180.129). Number attempts: 3. Retry after 4 seconds.: paramiko.ssh_exception.NoValidConnectionsError: [Errno None] Unable to connect to port 22 on 10.180.180.129
2025-11-22 05:02:14.648 66405 WARNING tempest.lib.common.ssh [-] Failed to establish authenticated ssh connection to cirros@10.180.180.155 ([Errno None] Unable to connect to port 22 on 10.180.180.155). Number attempts: 7. Retry after 8 seconds.: paramiko.ssh_exception.NoValidConnectionsError: [Errno None] Unable to connect to port 22 on 10.180.180.155
2025-11-22 05:02:14.670 66401 INFO tempest.lib.common.rest_client [req-381b1b4d-1c38-4a92-9237-29d0823c09f6 req-381b1b4d-1c38-4a92-9237-29d0823c09f6 ] Request (ServersListShow296Test:test_list_show_update_rebuild_server_296): 200 GET http://10.180.1.21/compute/v2.1/servers/ad407696-c600-4160-9271-a0b127f5aa28 3.000s
2025-11-22 05:02:14.693 66399 INFO tempest.lib.common.rest_client [req-fa08ef97-dc97-44a4-a879-8aa32795fc2b req-fa08ef97-dc97-44a4-a879-8aa32795fc2b ] Request (AttachInterfacesV270Test:tearDownClass): 200 GET http://10.180.1.21/compute/v2.1/servers/d8facd91-3514-46ab-83dd-4287cb63171e 3.085s
2025-11-22 05:02:14.794 66395 INFO tempest.lib.common.rest_client [req-dac9d6ab-d109-4a51-b80a-1f053222f0cd req-dac9d6ab-d109-4a51-b80a-1f053222f0cd ] Request (VolumesAssistedSnapshotsTest:tearDownClass): 204 DELETE http://10.180.1.21/networking/v2.0/subnets/e11a4a47-e0af-41aa-9501-e327ec04cb22 0.186s
2025-11-22 05:02:14.853 66397 INFO tempest.lib.common.rest_client [req-c9a96898-0824-4494-972a-605a6be6f03f req-c9a96898-0824-4494-972a-605a6be6f03f ] Request (ImagesOneServerTestJSON:tearDownClass): 200 GET http://10.180.1.21/compute/v2.1/servers/75dc7f15-0002-461a-bf2e-54d1fe36b009 3.107s
2025-11-22 05:02:14.862 66403 INFO tempest.lib.common.rest_client [req-d4bed6da-44a9-49cd-a80f-fbed4b0a3169 req-d4bed6da-44a9-49cd-a80f-fbed4b0a3169 ] Request (ServerPasswordTestJSON:tearDownClass): 200 GET http://10.180.1.21/compute/v2.1/servers/ddc14698-c04b-4a0e-91b5-643f702c1330 3.050s
2025-11-22 05:02:15.133 66395 INFO tempest.lib.common.rest_client [req-810e0789-f2fe-4229-bddc-f1d5bcbada95 req-810e0789-f2fe-4229-bddc-f1d5bcbada95 ] Request (VolumesAssistedSnapshotsTest:tearDownClass): 204 DELETE http://10.180.1.21/networking/v2.0/networks/2fac30b7-919c-4b0e-9236-d54b2e1d772b 0.339s
2025-11-22 05:02:15.189 66415 INFO tempest.lib.common.rest_client [req-1a90dcb5-7eb3-4217-b808-6bf4b78a96c0 req-1a90dcb5-7eb3-4217-b808-6bf4b78a96c0 ] Request (ServersAdminNegativeTestJSON:tearDownClass): 200 GET http://10.180.1.21/compute/v2.1/servers/9b330cf6-81d0-4f50-aaf0-4ccad5947307 3.319s
2025-11-22 05:02:15.238 66371 INFO tempest.lib.common.rest_client [req-cfddb4b3-5948-4712-bfb6-b2a7a4c89630 req-cfddb4b3-5948-4712-bfb6-b2a7a4c89630 ] Request (ServersWithSpecificFlavorTestJSON:test_verify_created_server_ephemeral_disk): 200 GET http://10.180.1.21/compute/v2.1/servers/25b34c99-6ac6-478e-b0d5-48cdae61bac4/os-interface 3.324s
2025-11-22 05:02:15.439 66413 INFO tempest.lib.common.rest_client [req-2a25aa78-6332-45ca-9b4c-5e2594d4bfcf req-2a25aa78-6332-45ca-9b4c-5e2594d4bfcf ] Request (ServersNegativeTestMultiTenantJSON:setUpClass): 200 PUT http://10.180.1.21/networking/v2.0/routers/5c8f939c-2253-41ff-bf4a-afd875c18e12/add_router_interface 1.141s
2025-11-22 05:02:15.439 66413 INFO tempest.lib.common.dynamic_creds [-] Created isolated network resources for: credentials: Credentials: {'domain_id': 'default', 'domain_name': 'Default', 'username': 'tempest-ServersNegativeTestMultiTenantJSON-2074190787-project-member', 'project_domain_id': 'default', 'project_domain_name': 'Default', 'project_id': 'be91f5a783564b1babda163c5c69e61a', 'project_name': 'tempest-ServersNegativeTestMultiTenantJSON-2074190787', 'tenant_id': 'be91f5a783564b1babda163c5c69e61a', 'tenant_name': 'tempest-ServersNegativeTestMultiTenantJSON-2074190787', 'user_domain_id': 'default', 'user_domain_name': 'Default', 'user_id': 'a9b8e9fd0f594d369be4c2da11f87171', 'system': None}, Network: {'id': 'a0186337-fc14-4671-8239-505cecc9a7b9', 'name': 'tempest-ServersNegativeTestMultiTenantJSON-597391154-network', 'tenant_id': 'be91f5a783564b1babda163c5c69e61a', 'project_id': 'be91f5a783564b1babda163c5c69e61a', 'admin_state_up': True, 'mtu': 8950, 'status': 'ACTIVE', 'subnets': [], 'shared': False, 'port_security_enabled': True, 'router:external': False, 'provider:network_type': 'vlan', 'provider:physical_network': 'default', 'provider:segmentation_id': 964, 'availability_zone_hints': [], 'availability_zones': [], 'ipv4_address_scope': None, 'ipv6_address_scope': None, 'description': '', 'tags': [], 'created_at': '2025-11-22T05:02:13Z', 'updated_at': '2025-11-22T05:02:13Z', 'revision_number': 1}, Subnet: {'id': '71d012c8-3b35-40f0-be71-63b3afbcfb37', 'name': 'tempest-ServersNegativeTestMultiTenantJSON-597391154-subnet', 'tenant_id': 'be91f5a783564b1babda163c5c69e61a', 'network_id': 'a0186337-fc14-4671-8239-505cecc9a7b9', 'ip_version': 4, 'subnetpool_id': None, 'enable_dhcp': True, 'ipv6_ra_mode': None, 'ipv6_address_mode': None, 'gateway_ip': '192.168.128.1', 'cidr': '192.168.128.0/28', 'allocation_pools': [{'start': '192.168.128.2', 'end': '192.168.128.14'}], 'host_routes': [], 'dns_nameservers': [], 'description': '', 'router:external': False, 'service_types': [], 'tags': [], 'created_at': '2025-11-22T05:02:13Z', 'updated_at': '2025-11-22T05:02:13Z', 'revision_number': 0, 'project_id': 'be91f5a783564b1babda163c5c69e61a'}, Router: {'id': '5c8f939c-2253-41ff-bf4a-afd875c18e12', 'name': 'tempest-ServersNegativeTestMultiTenantJSON-597391154-router', 'tenant_id': 'be91f5a783564b1babda163c5c69e61a', 'admin_state_up': True, 'status': 'ACTIVE', 'external_gateway_info': {'network_id': 'ad014c77-ae2c-4b6e-a995-da92e248072a', 'external_fixed_ips': [{'subnet_id': 'c2b2065e-1cdb-4c1f-ba2b-f64e9ab97ab6', 'ip_address': '10.180.180.152'}], 'enable_snat': True}, 'description': '', 'availability_zones': [], 'distributed': False, 'ha': False, 'availability_zone_hints': [], 'routes': [], 'flavor_id': None, 'tags': [], 'created_at': '2025-11-22T05:02:13Z', 'updated_at': '2025-11-22T05:02:14Z', 'revision_number': 2, 'project_id': 'be91f5a783564b1babda163c5c69e61a'}
2025-11-22 05:02:15.489 66388 INFO tempest.lib.common.rest_client [req-dab18a15-c4cf-4a15-92e5-d6a3d5b0a114 req-dab18a15-c4cf-4a15-92e5-d6a3d5b0a114 ] Request (ServersTestJSON:tearDownClass): 200 GET http://10.180.1.21/compute/v2.1/servers/66f94546-b866-4506-bd59-2aedd56846c7 3.564s
2025-11-22 05:02:15.548 66413 INFO tempest.lib.common.rest_client [req-0c72e673-debc-4d2e-9ef9-3e6df1a845ac req-0c72e673-debc-4d2e-9ef9-3e6df1a845ac ] Request (ServersNegativeTestMultiTenantJSON:setUpClass): 201 POST http://10.180.1.21/identity/v3/auth/tokens 0.101s
2025-11-22 05:02:15.586 66413 INFO tempest.lib.common.rest_client [req-899bd577-bd31-40dd-91dc-020f9fa9981d req-899bd577-bd31-40dd-91dc-020f9fa9981d ] Request (ServersNegativeTestMultiTenantJSON:setUpClass): 201 POST http://10.180.1.21/identity/v3/projects 0.037s
2025-11-22 05:02:15.649 66413 INFO tempest.lib.common.rest_client [req-c698b7e3-5801-4529-891c-a08c023a6d24 req-c698b7e3-5801-4529-891c-a08c023a6d24 ] Request (ServersNegativeTestMultiTenantJSON:setUpClass): 201 POST http://10.180.1.21/identity/v3/users 0.062s
2025-11-22 05:02:15.672 66413 INFO tempest.lib.common.rest_client [req-8e7f85ff-969e-43a8-9ad4-831c49dce58c req-8e7f85ff-969e-43a8-9ad4-831c49dce58c ] Request (ServersNegativeTestMultiTenantJSON:setUpClass): 200 GET http://10.180.1.21/identity/v3/roles 0.023s
2025-11-22 05:02:15.703 66413 INFO tempest.lib.common.rest_client [req-50237cb9-102c-47bb-b6da-f0a3cb117df8 req-50237cb9-102c-47bb-b6da-f0a3cb117df8 ] Request (ServersNegativeTestMultiTenantJSON:setUpClass): 204 PUT http://10.180.1.21/identity/v3/projects/92df4c2db9fd47c6925f60a6f35588be/users/9bef182fabe44653ab779a7bbe0b7313/roles/780f46d44c6d4a2da1c1ce644ec523a1 0.031s
2025-11-22 05:02:15.704 66413 INFO tempest.lib.common.dynamic_creds [-] Dynamic test user 9bef182fabe44653ab779a7bbe0b7313 is created with scope project and roles: ['member']
2025-11-22 05:02:15.704 66413 INFO tempest.lib.common.dynamic_creds [-] Acquired dynamic creds: credentials: Credentials: {'domain_id': 'default', 'domain_name': 'Default', 'username': 'tempest-ServersNegativeTestMultiTenantJSON-1394247748-project-member', 'project_domain_id': 'default', 'project_domain_name': 'Default', 'project_id': '92df4c2db9fd47c6925f60a6f35588be', 'project_name': 'tempest-ServersNegativeTestMultiTenantJSON-1394247748', 'tenant_id': '92df4c2db9fd47c6925f60a6f35588be', 'tenant_name': 'tempest-ServersNegativeTestMultiTenantJSON-1394247748', 'user_domain_id': 'default', 'user_domain_name': 'Default', 'user_id': '9bef182fabe44653ab779a7bbe0b7313', 'system': None}, Network: None, Subnet: None, Router: None
2025-11-22 05:02:15.898 66395 INFO tempest.lib.common.rest_client [req-519be3de-3d67-465c-a840-6d3102c12c61 req-519be3de-3d67-465c-a840-6d3102c12c61 ] Request (VolumesAssistedSnapshotsTest:tearDownClass): 200 PUT http://10.180.1.21/networking/v2.0/routers/533fdd52-ff48-4001-b1b2-ea50565c69d6/remove_router_interface 0.765s
2025-11-22 05:02:15.920 66381 INFO tempest.lib.common.rest_client [req-8be50eea-d490-447c-b98d-102f5dd81d9c req-8be50eea-d490-447c-b98d-102f5dd81d9c ] Request (FloatingIPsAssociationTestJSON:tearDownClass): 200 GET http://10.180.1.21/compute/v2.1/servers/aec03c13-1069-4e76-a997-4ebe57fd97b4 3.928s
2025-11-22 05:02:15.975 66371 INFO tempest.lib.common.rest_client [req-80e6e2de-660f-4f64-8e60-ceddd77bddad req-80e6e2de-660f-4f64-8e60-ceddd77bddad ] Request (ServersWithSpecificFlavorTestJSON:test_verify_created_server_ephemeral_disk): 200 PUT http://10.180.1.21/networking/v2.0/floatingips/9218db58-2354-4816-8b4b-5a0fd1aaf7b2 0.734s
2025-11-22 05:02:15.994 66375 INFO tempest.lib.common.rest_client [req-7919bacf-5512-44a7-bc62-df5531e7c194 req-7919bacf-5512-44a7-bc62-df5531e7c194 ] Request (ServersV294TestFqdnHostnames:setUpClass): 200 GET http://10.180.1.21/compute/v2.1/servers/16de398e-9735-455c-8062-5bec0941b1be 3.500s
2025-11-22 05:02:16.005 66375 INFO tempest.common.waiters [-] State transition "BUILD/scheduling" ==> "BUILD/None" after 11 second wait
2025-11-22 05:02:16.184 66413 INFO tempest.lib.common.rest_client [req-10797a09-d38a-4077-aa2f-6eef9a72ff63 req-10797a09-d38a-4077-aa2f-6eef9a72ff63 ] Request (ServersNegativeTestMultiTenantJSON:setUpClass): 201 POST http://10.180.1.21/networking/v2.0/networks 0.479s
2025-11-22 05:02:16.296 66411 INFO tempest.lib.common.rest_client [req-974ba3b0-f077-4e75-ab21-729f3861675d req-974ba3b0-f077-4e75-ab21-729f3861675d ] Request (ServersTestFqdnHostnames:test_create_server_with_fqdn_name): 200 GET http://10.180.1.21/compute/v2.1/servers/2494820c-25e1-4892-ae39-439e79ca22b5 3.755s
2025-11-22 05:02:16.309 66411 INFO tempest.common.waiters [-] State transition "BUILD/None" ==> "BUILD/block_device_mapping" after 34 second wait
2025-11-22 05:02:16.421 66409 INFO tempest.lib.common.rest_client [req-eb19a5f1-39b4-47be-91d1-1fbc6f44bd18 req-eb19a5f1-39b4-47be-91d1-1fbc6f44bd18 ] Request (ImagesTestJSON:_run_cleanups): 204 DELETE http://10.180.1.21/compute/v2.1/servers/55cfe5c6-de06-4f6a-b428-a3f0496bf631 3.722s
2025-11-22 05:02:16.451 66379 INFO tempest.lib.common.rest_client [req-8e2f9d15-2b28-41d4-a74a-add89a7c911b req-8e2f9d15-2b28-41d4-a74a-add89a7c911b ] Request (FlavorsAdminTestJSON:_run_cleanups): 200 GET http://10.180.1.21/compute/v2.1/flavors/detail 3.731s
2025-11-22 05:02:16.477 66395 INFO tempest.lib.common.rest_client [req-b4bcc665-68df-4280-8706-fb49ac29d37e req-b4bcc665-68df-4280-8706-fb49ac29d37e ] Request (VolumesAssistedSnapshotsTest:tearDownClass): 204 DELETE http://10.180.1.21/networking/v2.0/routers/533fdd52-ff48-4001-b1b2-ea50565c69d6 0.578s
2025-11-22 05:02:16.533 66413 INFO tempest.lib.common.rest_client [req-c58b8138-44c6-4893-aaef-f64081a41737 req-c58b8138-44c6-4893-aaef-f64081a41737 ] Request (ServersNegativeTestMultiTenantJSON:setUpClass): 201 POST http://10.180.1.21/networking/v2.0/subnets 0.347s
2025-11-22 05:02:16.544 66409 INFO tempest.lib.common.rest_client [req-f91dc50a-6ac1-44cb-86cc-3887363fa727 req-f91dc50a-6ac1-44cb-86cc-3887363fa727 ] Request (ImagesTestJSON:test_create_server_from_snapshot): 201 POST http://10.180.1.21/identity/v3/auth/tokens 0.115s
2025-11-22 05:02:16.544 66409 INFO tempest.lib.common.fixed_network [-] (ImagesTestJSON:test_create_server_from_snapshot) Found network {'id': '8188b4e3-a5d7-4194-b7d0-ccd864d3b78f', 'name': 'tempest-ImagesTestJSON-587768974-network', 'tenant_id': 'f14201149a7b4a2a8a9e99d72fa3f5d8', 'project_id': 'f14201149a7b4a2a8a9e99d72fa3f5d8', 'admin_state_up': True, 'mtu': 8950, 'status': 'ACTIVE', 'subnets': [], 'shared': False, 'port_security_enabled': True, 'router:external': False, 'provider:network_type': 'vlan', 'provider:physical_network': 'default', 'provider:segmentation_id': 186, 'availability_zone_hints': [], 'availability_zones': [], 'ipv4_address_scope': None, 'ipv6_address_scope': None, 'description': '', 'tags': [], 'created_at': '2025-11-22T04:59:35Z', 'updated_at': '2025-11-22T04:59:35Z', 'revision_number': 1} available for tenant
2025-11-22 05:02:16.627 66379 INFO tempest.lib.common.rest_client [req-4cf274ea-6368-4124-8dd2-e64300729a54 req-4cf274ea-6368-4124-8dd2-e64300729a54 ] Request (FlavorsAdminTestJSON:tearDownClass): 204 DELETE http://10.180.1.21/identity/v3/users/fff33b93d95e4f06bd5267dfbe502879 0.169s
2025-11-22 05:02:16.729 66395 INFO tempest.lib.common.rest_client [req-a407be7b-45fa-4b3a-ba28-9b48c04f75b8 req-a407be7b-45fa-4b3a-ba28-9b48c04f75b8 ] Request (VolumesAssistedSnapshotsTest:tearDownClass): 204 DELETE http://10.180.1.21/networking/v2.0/subnets/847390aa-8616-4371-a820-8f226569a05e 0.252s
2025-11-22 05:02:16.735 66379 INFO tempest.lib.common.rest_client [req-6c2f86a4-d36e-4659-8a6e-9742502a9818 req-6c2f86a4-d36e-4659-8a6e-9742502a9818 ] Request (FlavorsAdminTestJSON:tearDownClass): 204 DELETE http://10.180.1.21/identity/v3/users/fac9cd2c0554467aa7cb9054906a261d 0.108s
2025-11-22 05:02:16.736 66379 INFO tempest.lib.common.dynamic_creds [-] Deleting project and security group for project: 45958d55a9b34636bb6284f611b5b6cf
2025-11-22 05:02:16.754 66363 INFO tempest.lib.common.rest_client [req-b9ac0b20-748f-49a0-961e-6592ac670ffe req-b9ac0b20-748f-49a0-961e-6592ac670ffe ] Request (ServerAddressesNegativeTestJSON:tearDownClass): 200 GET http://10.180.1.21/compute/v2.1/servers/e81ea6bf-79bf-4010-a824-23e3f883fd86 4.034s
2025-11-22 05:02:16.834 66379 INFO tempest.lib.common.rest_client [req-d38a2701-4aaf-4a25-aae5-6e915814c68e req-d38a2701-4aaf-4a25-aae5-6e915814c68e ] Request (FlavorsAdminTestJSON:tearDownClass): 201 POST http://10.180.1.21/identity/v3/auth/tokens 0.099s
2025-11-22 05:02:17.034 66391 INFO tempest.lib.common.rest_client [req-302bde58-62da-4531-9c9d-74bb6bdbe9a4 req-302bde58-62da-4531-9c9d-74bb6bdbe9a4 ] Request (FloatingIPsAssociationNegativeTestJSON:test_associate_ip_to_server_with_floating_ip): 400 POST http://10.180.1.21/compute/v2.1/servers/a12e8027-1941-4149-8825-99761a8f3182/action 4.497s
2025-11-22 05:02:17.309 66395 INFO tempest.lib.common.rest_client [req-b61eb60e-ab4c-41f6-b5d7-6a9044169c3b req-b61eb60e-ab4c-41f6-b5d7-6a9044169c3b ] Request (VolumesAssistedSnapshotsTest:tearDownClass): 204 DELETE http://10.180.1.21/networking/v2.0/networks/a880f46f-9ffe-4417-8bbc-fbd5f159092f 0.580s
2025-11-22 05:02:17.337 66365 INFO tempest.lib.common.rest_client [req-b8d77447-6c48-4b90-a409-a8d8208749fe req-b8d77447-6c48-4b90-a409-a8d8208749fe ] Request (ImagesNegativeTestJSON:test_create_image_from_deleted_server): 200 GET http://10.180.1.21/compute/v2.1/servers/7b1290b3-b263-4a23-ac34-c7048bdeba70 4.564s
2025-11-22 05:02:17.427 66413 INFO tempest.lib.common.rest_client [req-7989c303-dba5-4867-9ca3-82d5f6ba093a req-7989c303-dba5-4867-9ca3-82d5f6ba093a ] Request (ServersNegativeTestMultiTenantJSON:setUpClass): 201 POST http://10.180.1.21/networking/v2.0/routers 0.894s
2025-11-22 05:02:17.507 66379 INFO tempest.lib.common.rest_client [req-9449d5e8-22a4-4ec3-b34e-b2c99a76af28 req-9449d5e8-22a4-4ec3-b34e-b2c99a76af28 ] Request (FlavorsAdminTestJSON:tearDownClass): 200 GET http://10.180.1.21/networking/v2.0/security-groups?tenant_id=45958d55a9b34636bb6284f611b5b6cf&name=default 0.671s
2025-11-22 05:02:18.244 66395 INFO tempest.lib.common.rest_client [req-213e37e0-0d78-4865-8f69-17e5f98fde00 req-213e37e0-0d78-4865-8f69-17e5f98fde00 ] Request (VolumesAssistedSnapshotsTest:tearDownClass): 200 PUT http://10.180.1.21/networking/v2.0/routers/c806eb28-7a46-48d6-9220-3adb51637332/remove_router_interface 0.934s
2025-11-22 05:02:18.268 66369 INFO tempest.lib.common.rest_client [req-44ba4bc2-d25f-405a-bf28-4c3fd355865a req-44ba4bc2-d25f-405a-bf28-4c3fd355865a ] Request (ServerDiagnosticsNegativeTest:test_get_server_diagnostics_by_non_admin): 200 GET http://10.180.1.21/compute/v2.1/servers/a53554cc-9cc2-46a0-ad3e-a7775e7f4f0f 5.452s
2025-11-22 05:02:19.072 66379 INFO tempest.lib.common.rest_client [req-f9425053-c51a-40ac-8397-323152b72e3b req-f9425053-c51a-40ac-8397-323152b72e3b ] Request (FlavorsAdminTestJSON:tearDownClass): 204 DELETE http://10.180.1.21/networking/v2.0/security-groups/6d692e79-0b72-4cb8-b43d-800458529414 1.565s
2025-11-22 05:02:19.141 66379 INFO tempest.lib.common.rest_client [req-d64ec7b7-d8e0-4481-b370-de86ad68ab0e req-d64ec7b7-d8e0-4481-b370-de86ad68ab0e ] Request (FlavorsAdminTestJSON:tearDownClass): 204 DELETE http://10.180.1.21/identity/v3/projects/45958d55a9b34636bb6284f611b5b6cf 0.069s
2025-11-22 05:02:19.141 66379 INFO tempest.lib.common.dynamic_creds [-] Deleting project and security group for project: 7e056f7750a94c1b874547679123c293
2025-11-22 05:02:19.159 66413 INFO tempest.lib.common.rest_client [req-3108d7c3-da25-4079-87b9-efac2c0648ad req-3108d7c3-da25-4079-87b9-efac2c0648ad ] Request (ServersNegativeTestMultiTenantJSON:setUpClass): 200 PUT http://10.180.1.21/networking/v2.0/routers/668a520d-85f2-4ebe-9256-389e6e76bdeb/add_router_interface 1.731s
