2025-11-22 05:03:08.539 66369 INFO tempest.lib.common.rest_client [req-ac00c62b-8b65-4176-ad3b-038c8da519ad req-ac00c62b-8b65-4176-ad3b-038c8da519ad ] Request (ServerDiagnosticsNegativeTest:tearDownClass): 200 GET http://10.180.1.21/compute/v2.1/servers/a53554cc-9cc2-46a0-ad3e-a7775e7f4f0f 0.295s
2025-11-22 05:03:08.590 66391 INFO tempest.lib.common.rest_client [req-6a2743ee-35be-45bd-8753-7013a8caf08f req-6a2743ee-35be-45bd-8753-7013a8caf08f ] Request (FloatingIPsAssociationNegativeTestJSON:tearDownClass): 200 GET http://10.180.1.21/compute/v2.1/servers/a12e8027-1941-4149-8825-99761a8f3182 0.328s
2025-11-22 05:03:08.633 66383 INFO tempest.lib.common.rest_client [req-c96ccf0f-f140-46ac-90e8-1fd851b54036 req-c96ccf0f-f140-46ac-90e8-1fd851b54036 ] Request (ServersTestManualDisk:setUpClass): 200 GET http://10.180.1.21/compute/v2.1/servers/4ae6a446-f3f5-48a3-a1cb-7b5490d0366f 0.328s
2025-11-22 05:03:08.669 66381 INFO tempest.lib.common.rest_client [req-f7abb06c-451c-4f7a-b13d-6e1e48400c87 req-f7abb06c-451c-4f7a-b13d-6e1e48400c87 ] Request (FloatingIPsAssociationTestJSON:tearDownClass): 200 GET http://10.180.1.21/compute/v2.1/servers/bd8d176c-da59-4cef-8d9e-15d23fff7987 0.346s
2025-11-22 05:03:08.712 66407 INFO tempest.lib.common.rest_client [req-e5e75a94-e9f5-4bed-b5ef-922bb92e945a req-e5e75a94-e9f5-4bed-b5ef-922bb92e945a ] Request (ServerDiskConfigTestJSON:test_resize_server_from_auto_to_manual): 200 GET http://10.180.1.21/compute/v2.1/servers/8caba27e-1b95-4bb4-8ba2-b7685386985d 0.357s
2025-11-22 05:03:08.758 66373 INFO tempest.lib.common.rest_client [req-aa1e4918-224c-4723-b245-b967a5666a9f req-aa1e4918-224c-4723-b245-b967a5666a9f ] Request (AttachInterfacesTestJSON:_run_cleanups): 200 GET http://10.180.1.21/compute/v2.1/servers/4e9761ca-8039-410a-b3eb-0f3d9ec1b575 0.381s
2025-11-22 05:03:08.772 66385 INFO tempest.lib.common.rest_client [req-0f7f8905-0c2b-4906-b6fb-810f868b416b req-0f7f8905-0c2b-4906-b6fb-810f868b416b ] Request (SecurityGroupsTestJSON:test_server_security_groups): 200 GET http://10.180.1.21/compute/v2.1/servers/b0aa88f8-31c2-405d-b97c-5c2eee535564 0.170s
2025-11-22 05:03:08.796 66399 INFO tempest.lib.common.rest_client [req-0f9252a0-3e88-4195-844b-90706b824dea req-0f9252a0-3e88-4195-844b-90706b824dea ] Request (VolumesSnapshotsTestJSON:test_volume_snapshot_create_get_list_delete): 200 GET http://10.180.1.21/compute/v2.1/os-volumes/d3d01a0d-7c6a-4d7a-891a-5ebbe4b23c57 0.094s
2025-11-22 05:03:08.799 66399 INFO tempest.common.waiters [-] volume d3d01a0d-7c6a-4d7a-891a-5ebbe4b23c57 reached available after waiting for 1.798994 seconds
2025-11-22 05:03:08.828 66417 INFO tempest.lib.common.rest_client [req-2b7b356c-bddf-4db2-83a5-2207f463f9e4 req-2b7b356c-bddf-4db2-83a5-2207f463f9e4 ] Request (ServerActionsTestOtherB:test_create_backup): 200 GET http://10.180.1.21/image/v2/images/ff3855f6-6e0f-48fc-87cc-371469fb57a7 0.017s
2025-11-22 05:03:08.836 66421 WARNING tempest.lib.common.ssh [-] Failed to establish authenticated ssh connection to cirros@10.180.180.177 ([Errno None] Unable to connect to port 22 on 10.180.180.177). Number attempts: 6. Retry after 7 seconds.: paramiko.ssh_exception.NoValidConnectionsError: [Errno None] Unable to connect to port 22 on 10.180.180.177
2025-11-22 05:03:08.847 66423 INFO tempest.lib.common.rest_client [req-761d35ee-4f62-4063-a8cf-3b7dd45275ad req-761d35ee-4f62-4063-a8cf-3b7dd45275ad ] Request (ServersListShow2100Test:tearDownClass): 200 GET http://10.180.1.21/compute/v2.1/servers/70b1932b-8666-44fc-a333-2729906c9629 0.138s
2025-11-22 05:03:08.856 66367 INFO tempest.lib.common.rest_client [req-9ac98151-c0fc-4d77-84cb-84820f59eb58 req-9ac98151-c0fc-4d77-84cb-84820f59eb58 ] Request (MultipleCreateTestJSON:test_multiple_create_with_reservation_return): 200 GET http://10.180.1.21/compute/v2.1/servers/5b12411d-3d5c-4f83-8907-673104d8d963 0.088s
2025-11-22 05:03:08.907 66413 INFO tempest.lib.common.rest_client [req-7bbd9678-f235-441b-9d3c-651ee922830d req-7bbd9678-f235-441b-9d3c-651ee922830d ] Request (ServersNegativeTestMultiTenantJSON:setUpClass): 200 GET http://10.180.1.21/compute/v2.1/servers/1530df27-9b06-4a1c-aec2-09fd0040deb1 0.084s
2025-11-22 05:03:08.961 66363 INFO tempest.lib.common.rest_client [req-87df3eed-f0f2-4b6e-bbf8-e9dff3a09211 req-87df3eed-f0f2-4b6e-bbf8-e9dff3a09211 ] Request (ServerTagsTestJSON:setUpClass): 200 GET http://10.180.1.21/compute/v2.1/servers/b1830ca0-6e4a-4441-9bb7-2a1dd5100418 0.116s
2025-11-22 05:03:08.963 66399 INFO tempest.lib.common.rest_client [req-667fdba6-fcbc-44ba-8c64-62080776e15c req-667fdba6-fcbc-44ba-8c64-62080776e15c ] Request (VolumesSnapshotsTestJSON:test_volume_snapshot_create_get_list_delete): 200 POST http://10.180.1.21/compute/v2.1/os-snapshots 0.164s
2025-11-22 05:03:09.023 66388 INFO tempest.lib.common.rest_client [req-ae862a7e-44b3-4365-9210-5e6b5e649346 req-ae862a7e-44b3-4365-9210-5e6b5e649346 ] Request (ServerMetadataTestJSON:setUpClass): 200 GET http://10.180.1.21/compute/v2.1/servers/7b7fad65-a6b1-49e6-9ae9-a426b8a71cce 0.151s
2025-11-22 05:03:09.039 66395 INFO tempest.lib.common.rest_client [req-a4cdf09d-0920-4be0-acd8-9c80e766985b req-a4cdf09d-0920-4be0-acd8-9c80e766985b ] Request (ServersListShow298Test:test_list_show_update_rebuild_server_298): 200 GET http://10.180.1.21/compute/v2.1/servers/d83cad74-4745-41ee-bfa1-4b12c6b72fbc 0.124s
2025-11-22 05:03:09.083 66399 INFO tempest.lib.common.rest_client [req-35b5411e-a90e-4a59-8691-2a227a46b904 req-35b5411e-a90e-4a59-8691-2a227a46b904 ] Request (VolumesSnapshotsTestJSON:test_volume_snapshot_create_get_list_delete): 200 GET http://10.180.1.21/compute/v2.1/os-snapshots/d9fab88c-01d4-4ce3-ba63-303f8c2c8872 0.118s
2025-11-22 05:03:09.101 66401 INFO tempest.lib.common.rest_client [req-d87ee5d8-6bac-4995-8cd7-29b872397440 req-d87ee5d8-6bac-4995-8cd7-29b872397440 ] Request (ServersListShow296Test:tearDownClass): 200 GET http://10.180.1.21/compute/v2.1/servers/ad407696-c600-4160-9271-a0b127f5aa28 0.143s
2025-11-22 05:03:09.136 66399 INFO tempest.lib.common.rest_client [req-4c3d7f6a-0911-4d66-8775-1f6821beeb12 req-4c3d7f6a-0911-4d66-8775-1f6821beeb12 ] Request (VolumesSnapshotsTestJSON:test_volume_snapshot_create_get_list_delete): 200 GET http://10.180.1.21/compute/v2.1/os-snapshots 0.051s
2025-11-22 05:03:09.136 66409 INFO tempest.lib.common.rest_client [req-4c4c6009-432c-4a7a-b671-52a6e6b5f24a req-4c4c6009-432c-4a7a-b671-52a6e6b5f24a ] Request (ImagesTestJSON:test_create_server_from_snapshot): 200 GET http://10.180.1.21/compute/v2.1/servers/ea2fe798-68e9-4baf-829d-fcfd7cb1f5b8 0.155s
2025-11-22 05:03:09.164 66399 INFO tempest.lib.common.rest_client [req-fc64fa04-6f43-4854-b354-b46afac5f093 req-fc64fa04-6f43-4854-b354-b46afac5f093 ] Request (VolumesSnapshotsTestJSON:_run_cleanups): 200 GET http://10.180.1.21/compute/v2.1/os-snapshots/d9fab88c-01d4-4ce3-ba63-303f8c2c8872 0.026s
2025-11-22 05:03:09.166 66399 INFO tempest.common.waiters [-] snapshot d9fab88c-01d4-4ce3-ba63-303f8c2c8872 reached available after waiting for 0.166328 seconds
2025-11-22 05:03:09.212 66399 INFO tempest.lib.common.rest_client [req-86717f9b-7f86-42e0-ae03-395ec438a73f req-86717f9b-7f86-42e0-ae03-395ec438a73f ] Request (VolumesSnapshotsTestJSON:_run_cleanups): 202 DELETE http://10.180.1.21/compute/v2.1/os-snapshots/d9fab88c-01d4-4ce3-ba63-303f8c2c8872 0.046s
2025-11-22 05:03:09.223 66397 INFO tempest.lib.common.rest_client [req-f6e92a32-9728-434a-a336-e34716dd85c6 req-f6e92a32-9728-434a-a336-e34716dd85c6 ] Request (ListServersNegativeTestJSON:setUpClass): 200 GET http://10.180.1.21/compute/v2.1/servers/78ea9499-e2fe-4349-bd3e-7c289790666c 0.056s
2025-11-22 05:03:09.240 66399 INFO tempest.lib.common.rest_client [req-8acd2517-fcc4-4112-aa89-6d73acba3035 req-8acd2517-fcc4-4112-aa89-6d73acba3035 ] Request (VolumesSnapshotsTestJSON:_run_cleanups): 200 GET http://10.180.1.21/compute/v2.1/os-snapshots/d9fab88c-01d4-4ce3-ba63-303f8c2c8872 0.026s
2025-11-22 05:03:09.371 66365 INFO tempest.lib.common.rest_client [req-6756e700-6833-4044-aa2f-09157ed1dd06 req-6756e700-6833-4044-aa2f-09157ed1dd06 ] Request (ImagesNegativeTestJSON:test_create_image_from_deleted_server): 200 GET http://10.180.1.21/compute/v2.1/servers/7b1290b3-b263-4a23-ac34-c7048bdeba70 0.080s
2025-11-22 05:03:09.438 66361 INFO tempest.lib.common.rest_client [req-b67a8e20-02ba-470e-b59f-06785f772635 req-b67a8e20-02ba-470e-b59f-06785f772635 ] Request (ServersTestMultiNic:test_verify_multiple_nics_order): 200 GET http://10.180.1.21/compute/v2.1/servers/f6b9526d-b605-4ea7-bd8b-a5ba4903da07 0.109s
2025-11-22 05:03:09.468 66415 INFO tempest.lib.common.rest_client [req-426f74de-3401-40e5-a05a-c414b49e6d94 req-426f74de-3401-40e5-a05a-c414b49e6d94 ] Request (ServersAdminNegativeTestJSON:tearDownClass): 200 GET http://10.180.1.21/compute/v2.1/servers/a111cf9d-6287-42f0-ad2d-df78d443bf83 0.056s
2025-11-22 05:03:09.518 66379 INFO tempest.lib.common.rest_client [req-7e644e8e-70d0-4bd3-af3e-e25508cb8df4 req-7e644e8e-70d0-4bd3-af3e-e25508cb8df4 ] Request (MigrationsAdminTest:test_list_migrations_in_flavor_resize_situation): 200 GET http://10.180.1.21/compute/v2.1/servers/745f687f-2e50-4fdc-a1c3-f8895003b285 0.049s
2025-11-22 05:03:09.534 66393 WARNING tempest.lib.common.ssh [-] Failed to establish authenticated ssh connection to cirros@10.180.180.181 ([Errno None] Unable to connect to port 22 on 10.180.180.181). Number attempts: 3. Retry after 4 seconds.: paramiko.ssh_exception.NoValidConnectionsError: [Errno None] Unable to connect to port 22 on 10.180.180.181
2025-11-22 05:03:09.645 66369 INFO tempest.lib.common.rest_client [req-a06a536d-2a7a-43d4-881c-f18ff2a4ba10 req-a06a536d-2a7a-43d4-881c-f18ff2a4ba10 ] Request (ServerDiagnosticsNegativeTest:tearDownClass): 200 GET http://10.180.1.21/compute/v2.1/servers/a53554cc-9cc2-46a0-ad3e-a7775e7f4f0f 0.093s
2025-11-22 05:03:09.675 66391 INFO tempest.lib.common.rest_client [req-fe2ea715-f762-4a08-8d29-0ec830258770 req-fe2ea715-f762-4a08-8d29-0ec830258770 ] Request (FloatingIPsAssociationNegativeTestJSON:tearDownClass): 200 GET http://10.180.1.21/compute/v2.1/servers/a12e8027-1941-4149-8825-99761a8f3182 0.073s
2025-11-22 05:03:09.708 66383 INFO tempest.lib.common.rest_client [req-9d0c5547-09d0-4fdb-882c-32b7f07371f2 req-9d0c5547-09d0-4fdb-882c-32b7f07371f2 ] Request (ServersTestManualDisk:setUpClass): 200 GET http://10.180.1.21/compute/v2.1/servers/4ae6a446-f3f5-48a3-a1cb-7b5490d0366f 0.064s
2025-11-22 05:03:09.734 66381 INFO tempest.lib.common.rest_client [req-b7020fc7-23e1-484f-91b4-03e303b87bd0 req-b7020fc7-23e1-484f-91b4-03e303b87bd0 ] Request (FloatingIPsAssociationTestJSON:tearDownClass): 200 GET http://10.180.1.21/compute/v2.1/servers/bd8d176c-da59-4cef-8d9e-15d23fff7987 0.056s
2025-11-22 05:03:09.780 66407 INFO tempest.lib.common.rest_client [req-4ebc165e-3cbd-46a4-aa93-935e444e27d7 req-4ebc165e-3cbd-46a4-aa93-935e444e27d7 ] Request (ServerDiskConfigTestJSON:test_resize_server_from_auto_to_manual): 200 GET http://10.180.1.21/compute/v2.1/servers/8caba27e-1b95-4bb4-8ba2-b7685386985d 0.053s
2025-11-22 05:03:09.839 66385 INFO tempest.lib.common.rest_client [req-5674c034-2839-4313-b3ad-c9bd666f5c03 req-5674c034-2839-4313-b3ad-c9bd666f5c03 ] Request (SecurityGroupsTestJSON:test_server_security_groups): 200 GET http://10.180.1.21/compute/v2.1/servers/b0aa88f8-31c2-405d-b97c-5c2eee535564 0.059s
2025-11-22 05:03:09.848 66373 INFO tempest.lib.common.rest_client [req-4569ef76-e629-45d3-bbdd-57eda1ffeaf3 req-4569ef76-e629-45d3-bbdd-57eda1ffeaf3 ] Request (AttachInterfacesTestJSON:_run_cleanups): 200 GET http://10.180.1.21/compute/v2.1/servers/4e9761ca-8039-410a-b3eb-0f3d9ec1b575 0.080s
2025-11-22 05:03:09.851 66417 INFO tempest.lib.common.rest_client [req-d66b1a11-54f9-432f-8d07-0e0bbbe00c6c req-d66b1a11-54f9-432f-8d07-0e0bbbe00c6c ] Request (ServerActionsTestOtherB:test_create_backup): 200 GET http://10.180.1.21/image/v2/images/ff3855f6-6e0f-48fc-87cc-371469fb57a7 0.023s
2025-11-22 05:03:09.875 66417 INFO tempest.lib.common.rest_client [req-70838634-f97b-4ce0-a7e7-13920463acb0 req-70838634-f97b-4ce0-a7e7-13920463acb0 ] Request (ServerActionsTestOtherB:test_create_backup): 200 GET http://10.180.1.21/image/v2/images/ff3855f6-6e0f-48fc-87cc-371469fb57a7/tasks 0.023s
2025-11-22 05:03:09.919 66367 INFO tempest.lib.common.rest_client [req-b09eb720-344b-44ca-b58b-fb0aa03ad764 req-b09eb720-344b-44ca-b58b-fb0aa03ad764 ] Request (MultipleCreateTestJSON:test_multiple_create_with_reservation_return): 200 GET http://10.180.1.21/compute/v2.1/servers/5b12411d-3d5c-4f83-8907-673104d8d963 0.055s
2025-11-22 05:03:09.935 66423 INFO tempest.lib.common.rest_client [req-4d74f451-bfe7-44d8-a6f6-8b42c5b643ff req-4d74f451-bfe7-44d8-a6f6-8b42c5b643ff ] Request (ServersListShow2100Test:tearDownClass): 200 GET http://10.180.1.21/compute/v2.1/servers/70b1932b-8666-44fc-a333-2729906c9629 0.075s
2025-11-22 05:03:09.989 66413 INFO tempest.lib.common.rest_client [req-e3f1b03e-c779-4c5b-8663-765d15fc9ff2 req-e3f1b03e-c779-4c5b-8663-765d15fc9ff2 ] Request (ServersNegativeTestMultiTenantJSON:setUpClass): 200 GET http://10.180.1.21/compute/v2.1/servers/1530df27-9b06-4a1c-aec2-09fd0040deb1 0.074s
2025-11-22 05:03:10.054 66363 INFO tempest.lib.common.rest_client [req-9b5e1a01-ce87-4766-a5b0-dfbf55b4be48 req-9b5e1a01-ce87-4766-a5b0-dfbf55b4be48 ] Request (ServerTagsTestJSON:setUpClass): 200 GET http://10.180.1.21/compute/v2.1/servers/b1830ca0-6e4a-4441-9bb7-2a1dd5100418 0.082s
2025-11-22 05:03:10.088 66417 INFO tempest.lib.common.rest_client [req-8a97bf3e-9522-4577-a7a6-4001876bf123 req-8a97bf3e-9522-4577-a7a6-4001876bf123 ] Request (ServerActionsTestOtherB:test_create_backup): 200 GET http://10.180.1.21/compute/v2.1/servers/048e0480-3cb7-4cce-aa59-9c9cdd189bb7 0.212s
2025-11-22 05:03:10.114 66388 INFO tempest.lib.common.rest_client [req-675bc67e-9b82-4a17-bd37-ef596c64b30e req-675bc67e-9b82-4a17-bd37-ef596c64b30e ] Request (ServerMetadataTestJSON:setUpClass): 200 GET http://10.180.1.21/compute/v2.1/servers/7b7fad65-a6b1-49e6-9ae9-a426b8a71cce 0.084s
2025-11-22 05:03:10.147 66395 INFO tempest.lib.common.rest_client [req-57fbabb7-55ff-4dce-be0a-340c1a1f64b1 req-57fbabb7-55ff-4dce-be0a-340c1a1f64b1 ] Request (ServersListShow298Test:test_list_show_update_rebuild_server_298): 200 GET http://10.180.1.21/compute/v2.1/servers/d83cad74-4745-41ee-bfa1-4b12c6b72fbc 0.090s
2025-11-22 05:03:10.184 66401 INFO tempest.lib.common.rest_client [req-10a62fe6-2ecc-4f96-acc7-758463d5ce84 req-10a62fe6-2ecc-4f96-acc7-758463d5ce84 ] Request (ServersListShow296Test:tearDownClass): 200 GET http://10.180.1.21/compute/v2.1/servers/ad407696-c600-4160-9271-a0b127f5aa28 0.071s
2025-11-22 05:03:10.201 66409 INFO tempest.lib.common.rest_client [req-399f6b75-66a6-4bd4-bf70-abeed1847efb req-399f6b75-66a6-4bd4-bf70-abeed1847efb ] Request (ImagesTestJSON:test_create_server_from_snapshot): 200 GET http://10.180.1.21/compute/v2.1/servers/ea2fe798-68e9-4baf-829d-fcfd7cb1f5b8 0.053s
2025-11-22 05:03:10.264 66399 INFO tempest.lib.common.rest_client [req-906b0f55-8252-4764-a262-5da0b064e52c req-906b0f55-8252-4764-a262-5da0b064e52c ] Request (VolumesSnapshotsTestJSON:_run_cleanups): 404 GET http://10.180.1.21/compute/v2.1/os-snapshots/d9fab88c-01d4-4ce3-ba63-303f8c2c8872 0.021s
2025-11-22 05:03:10.283 66397 INFO tempest.lib.common.rest_client [req-9d2dfdef-3876-4528-8ffe-96e71b3b8a71 req-9d2dfdef-3876-4528-8ffe-96e71b3b8a71 ] Request (ListServersNegativeTestJSON:setUpClass): 200 GET http://10.180.1.21/compute/v2.1/servers/78ea9499-e2fe-4349-bd3e-7c289790666c 0.051s
2025-11-22 05:03:10.312 66399 INFO tempest.lib.common.rest_client [req-11ec4a2b-9272-48ea-9ee5-9207a62ef105 req-11ec4a2b-9272-48ea-9ee5-9207a62ef105 ] Request (VolumesSnapshotsTestJSON:_run_cleanups): 202 DELETE http://10.180.1.21/compute/v2.1/os-volumes/d3d01a0d-7c6a-4d7a-891a-5ebbe4b23c57 0.047s
2025-11-22 05:03:10.351 66399 INFO tempest.lib.common.rest_client [req-b2424de3-a05a-4db8-a544-ddce7cf6d6ea req-b2424de3-a05a-4db8-a544-ddce7cf6d6ea ] Request (VolumesSnapshotsTestJSON:_run_cleanups): 200 GET http://10.180.1.21/compute/v2.1/os-volumes/d3d01a0d-7c6a-4d7a-891a-5ebbe4b23c57 0.038s
2025-11-22 05:03:10.440 66365 INFO tempest.lib.common.rest_client [req-8df1340f-dfcd-4990-8c68-7a9106af989f req-8df1340f-dfcd-4990-8c68-7a9106af989f ] Request (ImagesNegativeTestJSON:test_create_image_from_deleted_server): 200 GET http://10.180.1.21/compute/v2.1/servers/7b1290b3-b263-4a23-ac34-c7048bdeba70 0.060s
2025-11-22 05:03:10.455 66405 WARNING tempest.lib.common.ssh [-] Failed to establish authenticated ssh connection to cirros@10.180.180.155 ([Errno None] Unable to connect to port 22 on 10.180.180.155). Number attempts: 3. Retry after 4 seconds.: paramiko.ssh_exception.NoValidConnectionsError: [Errno None] Unable to connect to port 22 on 10.180.180.155
2025-11-22 05:03:10.544 66415 INFO tempest.lib.common.rest_client [req-7ce83c07-b049-4694-bd9c-63f77975ed25 req-7ce83c07-b049-4694-bd9c-63f77975ed25 ] Request (ServersAdminNegativeTestJSON:tearDownClass): 200 GET http://10.180.1.21/compute/v2.1/servers/a111cf9d-6287-42f0-ad2d-df78d443bf83 0.068s
2025-11-22 05:03:10.578 66361 INFO tempest.lib.common.rest_client [req-6988ff1e-ddc1-4148-9071-3b4ccea9e400 req-6988ff1e-ddc1-4148-9071-3b4ccea9e400 ] Request (ServersTestMultiNic:test_verify_multiple_nics_order): 200 GET http://10.180.1.21/compute/v2.1/servers/f6b9526d-b605-4ea7-bd8b-a5ba4903da07 0.131s
2025-11-22 05:03:10.602 66379 INFO tempest.lib.common.rest_client [req-309314ba-94c0-45ca-8f7f-7f05cd846b0e req-309314ba-94c0-45ca-8f7f-7f05cd846b0e ] Request (MigrationsAdminTest:test_list_migrations_in_flavor_resize_situation): 200 GET http://10.180.1.21/compute/v2.1/servers/745f687f-2e50-4fdc-a1c3-f8895003b285 0.076s
2025-11-22 05:03:10.708 66419 WARNING tempest.lib.common.ssh [-] Failed to establish authenticated ssh connection to cirros@10.180.180.202 ([Errno None] Unable to connect to port 22 on 10.180.180.202). Number attempts: 1. Retry after 2 seconds.: paramiko.ssh_exception.NoValidConnectionsError: [Errno None] Unable to connect to port 22 on 10.180.180.202
2025-11-22 05:03:10.713 66369 INFO tempest.lib.common.rest_client [req-77125ca5-2f59-4582-a382-ee3c35e6b055 req-77125ca5-2f59-4582-a382-ee3c35e6b055 ] Request (ServerDiagnosticsNegativeTest:tearDownClass): 200 GET http://10.180.1.21/compute/v2.1/servers/a53554cc-9cc2-46a0-ad3e-a7775e7f4f0f 0.060s
2025-11-22 05:03:10.763 66391 INFO tempest.lib.common.rest_client [req-8f324e31-763f-413b-b8b9-ee9463303feb req-8f324e31-763f-413b-b8b9-ee9463303feb ] Request (FloatingIPsAssociationNegativeTestJSON:tearDownClass): 200 GET http://10.180.1.21/compute/v2.1/servers/a12e8027-1941-4149-8825-99761a8f3182 0.079s
2025-11-22 05:03:10.778 66383 INFO tempest.lib.common.rest_client [req-4e6845a2-c565-4e18-bdd8-3ec031e1eae0 req-4e6845a2-c565-4e18-bdd8-3ec031e1eae0 ] Request (ServersTestManualDisk:setUpClass): 200 GET http://10.180.1.21/compute/v2.1/servers/4ae6a446-f3f5-48a3-a1cb-7b5490d0366f 0.062s
2025-11-22 05:03:10.840 66381 INFO tempest.lib.common.rest_client [req-df8dbf16-f629-43cf-8bdc-b0a6803d9d7f req-df8dbf16-f629-43cf-8bdc-b0a6803d9d7f ] Request (FloatingIPsAssociationTestJSON:tearDownClass): 200 GET http://10.180.1.21/compute/v2.1/servers/bd8d176c-da59-4cef-8d9e-15d23fff7987 0.098s
2025-11-22 05:03:10.877 66407 INFO tempest.lib.common.rest_client [req-0503f7f0-af54-4f46-ab0c-324dde25ea99 req-0503f7f0-af54-4f46-ab0c-324dde25ea99 ] Request (ServerDiskConfigTestJSON:test_resize_server_from_auto_to_manual): 200 GET http://10.180.1.21/compute/v2.1/servers/8caba27e-1b95-4bb4-8ba2-b7685386985d 0.081s
2025-11-22 05:03:10.950 66385 INFO tempest.lib.common.rest_client [req-8a137bbe-9fa0-49ee-a5ea-0c888d8afa4b req-8a137bbe-9fa0-49ee-a5ea-0c888d8afa4b ] Request (SecurityGroupsTestJSON:test_server_security_groups): 200 GET http://10.180.1.21/compute/v2.1/servers/b0aa88f8-31c2-405d-b97c-5c2eee535564 0.103s
2025-11-22 05:03:10.997 66373 INFO tempest.lib.common.rest_client [req-d9aebb53-b9f7-4c7e-bf33-77f73f1a712f req-d9aebb53-b9f7-4c7e-bf33-77f73f1a712f ] Request (AttachInterfacesTestJSON:_run_cleanups): 200 GET http://10.180.1.21/compute/v2.1/servers/4e9761ca-8039-410a-b3eb-0f3d9ec1b575 0.141s
2025-11-22 05:03:11.182 66423 INFO tempest.lib.common.rest_client [req-349482b9-8b71-43cd-9d06-e650785492df req-349482b9-8b71-43cd-9d06-e650785492df ] Request (ServersListShow2100Test:tearDownClass): 200 GET http://10.180.1.21/compute/v2.1/servers/70b1932b-8666-44fc-a333-2729906c9629 0.232s
2025-11-22 05:03:11.204 66367 INFO tempest.lib.common.rest_client [req-84d78aa9-f621-4760-82ab-ee2834cda373 req-84d78aa9-f621-4760-82ab-ee2834cda373 ] Request (MultipleCreateTestJSON:test_multiple_create_with_reservation_return): 200 GET http://10.180.1.21/compute/v2.1/servers/5b12411d-3d5c-4f83-8907-673104d8d963 0.277s
2025-11-22 05:03:11.219 66367 INFO tempest.common.waiters [-] State transition "BUILD/None" ==> "BUILD/networking" after 42 second wait
2025-11-22 05:03:11.302 66413 INFO tempest.lib.common.rest_client [req-10f054be-f4e5-4f33-9743-d4eddf9069dd req-10f054be-f4e5-4f33-9743-d4eddf9069dd ] Request (ServersNegativeTestMultiTenantJSON:setUpClass): 200 GET http://10.180.1.21/compute/v2.1/servers/1530df27-9b06-4a1c-aec2-09fd0040deb1 0.304s
2025-11-22 05:03:11.356 66363 INFO tempest.lib.common.rest_client [req-bcc39183-64d2-43eb-9851-d749bbcc56ed req-bcc39183-64d2-43eb-9851-d749bbcc56ed ] Request (ServerTagsTestJSON:setUpClass): 200 GET http://10.180.1.21/compute/v2.1/servers/b1830ca0-6e4a-4441-9bb7-2a1dd5100418 0.290s
2025-11-22 05:03:11.508 66388 INFO tempest.lib.common.rest_client [req-2da22bb7-1755-4843-9956-3d211d5167b6 req-2da22bb7-1755-4843-9956-3d211d5167b6 ] Request (ServerMetadataTestJSON:setUpClass): 200 GET http://10.180.1.21/compute/v2.1/servers/7b7fad65-a6b1-49e6-9ae9-a426b8a71cce 0.386s
2025-11-22 05:03:11.532 66417 INFO tempest.lib.common.rest_client [req-91ea2217-d7a8-4b99-8cee-ecea354ab042 req-91ea2217-d7a8-4b99-8cee-ecea354ab042 ] Request (ServerActionsTestOtherB:test_create_backup): 200 GET http://10.180.1.21/compute/v2.1/servers/048e0480-3cb7-4cce-aa59-9c9cdd189bb7 0.436s
2025-11-22 05:03:11.572 66395 INFO tempest.lib.common.rest_client [req-93128a80-e219-4a00-8963-a35c3fb28ed0 req-93128a80-e219-4a00-8963-a35c3fb28ed0 ] Request (ServersListShow298Test:test_list_show_update_rebuild_server_298): 200 GET http://10.180.1.21/compute/v2.1/servers/d83cad74-4745-41ee-bfa1-4b12c6b72fbc 0.413s
2025-11-22 05:03:11.599 66401 INFO tempest.lib.common.rest_client [req-6d53894f-573c-4899-ac6f-357858d23ff9 req-6d53894f-573c-4899-ac6f-357858d23ff9 ] Request (ServersListShow296Test:tearDownClass): 200 GET http://10.180.1.21/compute/v2.1/servers/ad407696-c600-4160-9271-a0b127f5aa28 0.404s
2025-11-22 05:03:11.625 66409 INFO tempest.lib.common.rest_client [req-c6548021-d86c-4094-936d-5c3683d928af req-c6548021-d86c-4094-936d-5c3683d928af ] Request (ImagesTestJSON:test_create_server_from_snapshot): 200 GET http://10.180.1.21/compute/v2.1/servers/ea2fe798-68e9-4baf-829d-fcfd7cb1f5b8 0.415s
2025-11-22 05:03:11.653 66399 INFO tempest.lib.common.rest_client [req-5d088010-50d9-45ce-9249-2db612581237 req-5d088010-50d9-45ce-9249-2db612581237 ] Request (VolumesSnapshotsTestJSON:_run_cleanups): 404 GET http://10.180.1.21/compute/v2.1/os-volumes/d3d01a0d-7c6a-4d7a-891a-5ebbe4b23c57 0.298s
2025-11-22 05:03:11.654 66397 INFO tempest.lib.common.rest_client [req-04a9d761-b0cf-4fb4-9a37-c30b81f3e84b req-04a9d761-b0cf-4fb4-9a37-c30b81f3e84b ] Request (ListServersNegativeTestJSON:setUpClass): 200 GET http://10.180.1.21/compute/v2.1/servers/78ea9499-e2fe-4349-bd3e-7c289790666c 0.363s
2025-11-22 05:03:11.720 66365 INFO tempest.lib.common.rest_client [req-c2addecb-4fdb-41ed-b923-30b34f177b95 req-c2addecb-4fdb-41ed-b923-30b34f177b95 ] Request (ImagesNegativeTestJSON:test_create_image_from_deleted_server): 200 GET http://10.180.1.21/compute/v2.1/servers/7b1290b3-b263-4a23-ac34-c7048bdeba70 0.272s
2025-11-22 05:03:11.731 66415 INFO tempest.lib.common.rest_client [req-561c83af-816b-4d0e-a80e-68f6b27c0351 req-561c83af-816b-4d0e-a80e-68f6b27c0351 ] Request (ServersAdminNegativeTestJSON:tearDownClass): 200 GET http://10.180.1.21/compute/v2.1/servers/a111cf9d-6287-42f0-ad2d-df78d443bf83 0.178s
2025-11-22 05:03:11.829 66379 INFO tempest.lib.common.rest_client [req-c460dee7-53cf-4666-9124-4b030893bcd9 req-c460dee7-53cf-4666-9124-4b030893bcd9 ] Request (MigrationsAdminTest:test_list_migrations_in_flavor_resize_situation): 200 GET http://10.180.1.21/compute/v2.1/servers/745f687f-2e50-4fdc-a1c3-f8895003b285 0.218s
2025-11-22 05:03:11.850 66361 INFO tempest.lib.common.rest_client [req-880af31f-aef7-4792-9039-b734320ce435 req-880af31f-aef7-4792-9039-b734320ce435 ] Request (ServersTestMultiNic:test_verify_multiple_nics_order): 200 GET http://10.180.1.21/compute/v2.1/servers/f6b9526d-b605-4ea7-bd8b-a5ba4903da07 0.263s
2025-11-22 05:03:11.851 66399 INFO tempest.lib.common.rest_client [req-20cc2aa3-9bb7-4fb6-bebb-27a9243a5891 req-20cc2aa3-9bb7-4fb6-bebb-27a9243a5891 ] Request (VolumesSnapshotsTestJSON:tearDownClass): 404 DELETE http://10.180.1.21/compute/v2.1/os-volumes/d3d01a0d-7c6a-4d7a-891a-5ebbe4b23c57 0.193s
2025-11-22 05:03:11.909 66369 INFO tempest.lib.common.rest_client [req-f24d1930-44ab-4d24-8a3e-3c025d6ee373 req-f24d1930-44ab-4d24-8a3e-3c025d6ee373 ] Request (ServerDiagnosticsNegativeTest:tearDownClass): 200 GET http://10.180.1.21/compute/v2.1/servers/a53554cc-9cc2-46a0-ad3e-a7775e7f4f0f 0.188s
2025-11-22 05:03:11.924 66391 INFO tempest.lib.common.rest_client [req-c35a856e-4127-424a-9baa-0a0ef64f6b11 req-c35a856e-4127-424a-9baa-0a0ef64f6b11 ] Request (FloatingIPsAssociationNegativeTestJSON:tearDownClass): 200 GET http://10.180.1.21/compute/v2.1/servers/a12e8027-1941-4149-8825-99761a8f3182 0.149s
2025-11-22 05:03:11.966 66383 INFO tempest.lib.common.rest_client [req-e330b21e-1761-49e4-aec2-567b0b3dced5 req-e330b21e-1761-49e4-aec2-567b0b3dced5 ] Request (ServersTestManualDisk:setUpClass): 200 GET http://10.180.1.21/compute/v2.1/servers/4ae6a446-f3f5-48a3-a1cb-7b5490d0366f 0.180s
2025-11-22 05:03:11.993 66399 INFO tempest.lib.common.rest_client [req-aa6cb26a-ed07-435e-80a1-dd9ea94184d3 req-aa6cb26a-ed07-435e-80a1-dd9ea94184d3 ] Request (VolumesSnapshotsTestJSON:tearDownClass): 404 GET http://10.180.1.21/compute/v2.1/os-volumes/d3d01a0d-7c6a-4d7a-891a-5ebbe4b23c57 0.141s
2025-11-22 05:03:12.014 66381 INFO tempest.lib.common.rest_client [req-1d636acb-091d-4e25-9c8c-7589e4525e31 req-1d636acb-091d-4e25-9c8c-7589e4525e31 ] Request (FloatingIPsAssociationTestJSON:tearDownClass): 200 GET http://10.180.1.21/compute/v2.1/servers/bd8d176c-da59-4cef-8d9e-15d23fff7987 0.165s
2025-11-22 05:03:12.072 66407 INFO tempest.lib.common.rest_client [req-6a3c21e2-1752-464c-978f-0c7257caa88e req-6a3c21e2-1752-464c-978f-0c7257caa88e ] Request (ServerDiskConfigTestJSON:test_resize_server_from_auto_to_manual): 200 GET http://10.180.1.21/compute/v2.1/servers/8caba27e-1b95-4bb4-8ba2-b7685386985d 0.186s
2025-11-22 05:03:12.086 66385 INFO tempest.lib.common.rest_client [req-43c5b047-f531-4532-8ed0-9637e56696fa req-43c5b047-f531-4532-8ed0-9637e56696fa ] Request (SecurityGroupsTestJSON:test_server_security_groups): 200 GET http://10.180.1.21/compute/v2.1/servers/b0aa88f8-31c2-405d-b97c-5c2eee535564 0.126s
2025-11-22 05:03:12.107 66399 INFO tempest.lib.common.rest_client [req-c00fbe46-bfd6-4537-bc40-ec2502397ce5 req-c00fbe46-bfd6-4537-bc40-ec2502397ce5 ] Request (VolumesSnapshotsTestJSON:tearDownClass): 204 DELETE http://10.180.1.21/identity/v3/users/09c61a8d35e64ff189b7a4f456c505b2 0.113s
2025-11-22 05:03:12.107 66399 INFO tempest.lib.common.dynamic_creds [-] Deleting project and security group for project: a1eab177951349d3b9e29ac1bba7535d
2025-11-22 05:03:12.127 66375 WARNING tempest.lib.common.ssh [-] Failed to establish authenticated ssh connection to cirros@10.180.180.245 ([Errno None] Unable to connect to port 22 on 10.180.180.245). Number attempts: 1. Retry after 2 seconds.: paramiko.ssh_exception.NoValidConnectionsError: [Errno None] Unable to connect to port 22 on 10.180.180.245
2025-11-22 05:03:12.132 66373 INFO tempest.lib.common.rest_client [req-5df528f1-0251-4106-abe3-e0f0ce8a2da7 req-5df528f1-0251-4106-abe3-e0f0ce8a2da7 ] Request (AttachInterfacesTestJSON:_run_cleanups): 200 GET http://10.180.1.21/compute/v2.1/servers/4e9761ca-8039-410a-b3eb-0f3d9ec1b575 0.125s
2025-11-22 05:03:12.169 66399 INFO tempest.lib.common.rest_client [req-fe860a71-ea33-4da3-96cc-17020d708222 req-fe860a71-ea33-4da3-96cc-17020d708222 ] Request (VolumesSnapshotsTestJSON:tearDownClass): 201 POST http://10.180.1.21/identity/v3/auth/tokens 0.061s
2025-11-22 05:03:12.305 66371 WARNING tempest.lib.common.ssh [-] Failed to establish authenticated ssh connection to cirros@10.180.180.240 ([Errno None] Unable to connect to port 22 on 10.180.180.240). Number attempts: 7. Retry after 8 seconds.: paramiko.ssh_exception.NoValidConnectionsError: [Errno None] Unable to connect to port 22 on 10.180.180.240
2025-11-22 05:03:12.396 66399 INFO tempest.lib.common.rest_client [req-b31975ed-5acf-4ed3-846b-4d5efaa5f1c5 req-b31975ed-5acf-4ed3-846b-4d5efaa5f1c5 ] Request (VolumesSnapshotsTestJSON:tearDownClass): 200 GET http://10.180.1.21/networking/v2.0/security-groups?tenant_id=a1eab177951349d3b9e29ac1bba7535d&name=default 0.226s
2025-11-22 05:03:12.433 66411 WARNING tempest.lib.common.ssh [-] Failed to establish authenticated ssh connection to cirros@10.180.180.200 ([Errno None] Unable to connect to port 22 on 10.180.180.200). Number attempts: 6. Retry after 7 seconds.: paramiko.ssh_exception.NoValidConnectionsError: [Errno None] Unable to connect to port 22 on 10.180.180.200
2025-11-22 05:03:12.461 66423 INFO tempest.lib.common.rest_client [req-50a954a3-c120-4626-90ec-bc59380d8ded req-50a954a3-c120-4626-90ec-bc59380d8ded ] Request (ServersListShow2100Test:tearDownClass): 200 GET http://10.180.1.21/compute/v2.1/servers/70b1932b-8666-44fc-a333-2729906c9629 0.262s
2025-11-22 05:03:12.507 66367 INFO tempest.lib.common.rest_client [req-be24584c-fbb3-42a8-bae6-6b38108bbd23 req-be24584c-fbb3-42a8-bae6-6b38108bbd23 ] Request (MultipleCreateTestJSON:test_multiple_create_with_reservation_return): 200 GET http://10.180.1.21/compute/v2.1/servers/5b12411d-3d5c-4f83-8907-673104d8d963 0.287s
2025-11-22 05:03:12.516 66367 INFO tempest.common.waiters [-] State transition "BUILD/networking" ==> "BUILD/spawning" after 43 second wait
2025-11-22 05:03:12.538 66399 INFO tempest.lib.common.rest_client [req-70defae5-7f17-4d31-bda8-f0c008972679 req-70defae5-7f17-4d31-bda8-f0c008972679 ] Request (VolumesSnapshotsTestJSON:tearDownClass): 204 DELETE http://10.180.1.21/networking/v2.0/security-groups/7349a06f-52fc-4920-ae32-094a62555665 0.142s
2025-11-22 05:03:12.554 66413 INFO tempest.lib.common.rest_client [req-b28c3db3-dfa5-4265-a4e3-67f11e6a07aa req-b28c3db3-dfa5-4265-a4e3-67f11e6a07aa ] Request (ServersNegativeTestMultiTenantJSON:setUpClass): 200 GET http://10.180.1.21/compute/v2.1/servers/1530df27-9b06-4a1c-aec2-09fd0040deb1 0.242s
2025-11-22 05:03:12.595 66363 INFO tempest.lib.common.rest_client [req-c157cdfc-44e8-492e-b610-17659e545d2c req-c157cdfc-44e8-492e-b610-17659e545d2c ] Request (ServerTagsTestJSON:setUpClass): 200 GET http://10.180.1.21/compute/v2.1/servers/b1830ca0-6e4a-4441-9bb7-2a1dd5100418 0.227s
2025-11-22 05:03:12.621 66388 INFO tempest.lib.common.rest_client [req-70a6dc2c-2f0d-45af-968a-52341bfe77df req-70a6dc2c-2f0d-45af-968a-52341bfe77df ] Request (ServerMetadataTestJSON:setUpClass): 200 GET http://10.180.1.21/compute/v2.1/servers/7b7fad65-a6b1-49e6-9ae9-a426b8a71cce 0.103s
2025-11-22 05:03:12.622 66399 INFO tempest.lib.common.rest_client [req-c8e3d19f-c50c-4589-8957-f0cfd4cbad97 req-c8e3d19f-c50c-4589-8957-f0cfd4cbad97 ] Request (VolumesSnapshotsTestJSON:tearDownClass): 204 DELETE http://10.180.1.21/identity/v3/projects/a1eab177951349d3b9e29ac1bba7535d 0.083s
2025-11-22 05:03:12.710 66417 INFO tempest.lib.common.rest_client [req-4e6a6c18-82a4-408c-9376-24067e12e7b3 req-4e6a6c18-82a4-408c-9376-24067e12e7b3 ] Request (ServerActionsTestOtherB:test_create_backup): 200 GET http://10.180.1.21/compute/v2.1/servers/048e0480-3cb7-4cce-aa59-9c9cdd189bb7 0.168s
2025-11-22 05:03:12.717 66417 INFO tempest.common.waiters [-] State transition "ACTIVE/image_uploading" ==> "ACTIVE/None" after 2 second wait
2025-11-22 05:03:12.732 66395 INFO tempest.lib.common.rest_client [req-d17df5ba-ddc5-4cba-a49a-8b7472fc6d23 req-d17df5ba-ddc5-4cba-a49a-8b7472fc6d23 ] Request (ServersListShow298Test:test_list_show_update_rebuild_server_298): 200 GET http://10.180.1.21/compute/v2.1/servers/d83cad74-4745-41ee-bfa1-4b12c6b72fbc 0.150s
2025-11-22 05:03:12.783 66409 INFO tempest.lib.common.rest_client [req-e3c319d9-a701-4379-97f8-d4654f4317ad req-e3c319d9-a701-4379-97f8-d4654f4317ad ] Request (ImagesTestJSON:test_create_server_from_snapshot): 200 GET http://10.180.1.21/compute/v2.1/servers/ea2fe798-68e9-4baf-829d-fcfd7cb1f5b8 0.147s
2025-11-22 05:03:12.790 66409 INFO tempest.common.waiters [-] State transition "BUILD/None" ==> "BUILD/networking" after 44 second wait
2025-11-22 05:03:12.806 66401 INFO tempest.lib.common.rest_client [req-6219c501-8000-47cd-b5b6-b169e9ddb302 req-6219c501-8000-47cd-b5b6-b169e9ddb302 ] Request (ServersListShow296Test:tearDownClass): 200 GET http://10.180.1.21/compute/v2.1/servers/ad407696-c600-4160-9271-a0b127f5aa28 0.195s
2025-11-22 05:03:12.840 66397 INFO tempest.lib.common.rest_client [req-68fda685-341d-4583-8ecc-5fde4a09518a req-68fda685-341d-4583-8ecc-5fde4a09518a ] Request (ListServersNegativeTestJSON:setUpClass): 200 GET http://10.180.1.21/compute/v2.1/servers/78ea9499-e2fe-4349-bd3e-7c289790666c 0.178s
2025-11-22 05:03:12.903 66365 INFO tempest.lib.common.rest_client [req-82ab1e1b-3b83-4751-af19-ff0bef8e5143 req-82ab1e1b-3b83-4751-af19-ff0bef8e5143 ] Request (ImagesNegativeTestJSON:test_create_image_from_deleted_server): 200 GET http://10.180.1.21/compute/v2.1/servers/7b1290b3-b263-4a23-ac34-c7048bdeba70 0.175s
2025-11-22 05:03:12.967 66415 INFO tempest.lib.common.rest_client [req-8cd04019-0be4-427c-b80c-4481fb19dd0f req-8cd04019-0be4-427c-b80c-4481fb19dd0f ] Request (ServersAdminNegativeTestJSON:tearDownClass): 200 GET http://10.180.1.21/compute/v2.1/servers/a111cf9d-6287-42f0-ad2d-df78d443bf83 0.228s
2025-11-22 05:03:13.043 66379 INFO tempest.lib.common.rest_client [req-d4ad84c6-1ac7-41ec-9927-daa204645a22 req-d4ad84c6-1ac7-41ec-9927-daa204645a22 ] Request (MigrationsAdminTest:test_list_migrations_in_flavor_resize_situation): 200 GET http://10.180.1.21/compute/v2.1/servers/745f687f-2e50-4fdc-a1c3-f8895003b285 0.205s
2025-11-22 05:03:13.278 66361 INFO tempest.lib.common.rest_client [req-4349aa70-bf2b-4507-88ac-8b68aad29a5a req-4349aa70-bf2b-4507-88ac-8b68aad29a5a ] Request (ServersTestMultiNic:test_verify_multiple_nics_order): 200 GET http://10.180.1.21/compute/v2.1/servers/f6b9526d-b605-4ea7-bd8b-a5ba4903da07 0.419s
2025-11-22 05:03:13.339 66417 INFO tempest.lib.common.rest_client [req-51a939b2-2ef5-4a35-a585-deaf03b00130 req-51a939b2-2ef5-4a35-a585-deaf03b00130 ] Request (ServerActionsTestOtherB:test_create_backup): 202 POST http://10.180.1.21/compute/v2.1/servers/048e0480-3cb7-4cce-aa59-9c9cdd189bb7/action 0.622s
2025-11-22 05:03:13.362 66417 INFO tempest.lib.common.rest_client [req-603e0df5-1369-4b51-b8e2-aa59cd32adae req-603e0df5-1369-4b51-b8e2-aa59cd32adae ] Request (ServerActionsTestOtherB:test_create_backup): 200 GET http://10.180.1.21/image/v2/images/758ea7c4-7216-4e39-a1ea-4787d99db9f9 0.022s
2025-11-22 05:03:13.374 66369 INFO tempest.lib.common.rest_client [req-7b82a8f8-f3b4-4f21-af0c-88fce636e6e3 req-7b82a8f8-f3b4-4f21-af0c-88fce636e6e3 ] Request (ServerDiagnosticsNegativeTest:tearDownClass): 200 GET http://10.180.1.21/compute/v2.1/servers/a53554cc-9cc2-46a0-ad3e-a7775e7f4f0f 0.457s
2025-11-22 05:03:13.415 66391 INFO tempest.lib.common.rest_client [req-33d4285d-b47e-470a-95dc-4c584c4f3ac0 req-33d4285d-b47e-470a-95dc-4c584c4f3ac0 ] Request (FloatingIPsAssociationNegativeTestJSON:tearDownClass): 200 GET http://10.180.1.21/compute/v2.1/servers/a12e8027-1941-4149-8825-99761a8f3182 0.482s
2025-11-22 05:03:13.434 66383 INFO tempest.lib.common.rest_client [req-0d620e97-946f-452d-b6da-c9b94079f561 req-0d620e97-946f-452d-b6da-c9b94079f561 ] Request (ServersTestManualDisk:setUpClass): 200 GET http://10.180.1.21/compute/v2.1/servers/4ae6a446-f3f5-48a3-a1cb-7b5490d0366f 0.458s
2025-11-22 05:03:13.486 66407 INFO tempest.lib.common.rest_client [req-da294c7f-108e-414d-a4bd-abcec568cc90 req-da294c7f-108e-414d-a4bd-abcec568cc90 ] Request (ServerDiskConfigTestJSON:test_resize_server_from_auto_to_manual): 200 GET http://10.180.1.21/compute/v2.1/servers/8caba27e-1b95-4bb4-8ba2-b7685386985d 0.406s
2025-11-22 05:03:13.508 66381 INFO tempest.lib.common.rest_client [req-65d7b2f5-67c1-49a4-a686-7e3a145cffee req-65d7b2f5-67c1-49a4-a686-7e3a145cffee ] Request (FloatingIPsAssociationTestJSON:tearDownClass): 200 GET http://10.180.1.21/compute/v2.1/servers/bd8d176c-da59-4cef-8d9e-15d23fff7987 0.485s
2025-11-22 05:03:13.570 66385 INFO tempest.lib.common.rest_client [req-280929ad-8257-4261-8d24-699d2768f448 req-280929ad-8257-4261-8d24-699d2768f448 ] Request (SecurityGroupsTestJSON:test_server_security_groups): 200 GET http://10.180.1.21/compute/v2.1/servers/b0aa88f8-31c2-405d-b97c-5c2eee535564 0.476s
2025-11-22 05:03:13.599 66373 INFO tempest.lib.common.rest_client [req-a2149eb8-e432-4c90-8ed6-e50377c115ce req-a2149eb8-e432-4c90-8ed6-e50377c115ce ] Request (AttachInterfacesTestJSON:_run_cleanups): 200 GET http://10.180.1.21/compute/v2.1/servers/4e9761ca-8039-410a-b3eb-0f3d9ec1b575 0.458s
2025-11-22 05:03:13.672 66423 INFO tempest.lib.common.rest_client [req-cedb3849-f7e6-4fb7-9108-33d7eab330e5 req-cedb3849-f7e6-4fb7-9108-33d7eab330e5 ] Request (ServersListShow2100Test:tearDownClass): 200 GET http://10.180.1.21/compute/v2.1/servers/70b1932b-8666-44fc-a333-2729906c9629 0.188s
2025-11-22 05:03:13.752 66367 INFO tempest.lib.common.rest_client [req-0b096cf7-2aa1-4e10-937a-14d1ade68743 req-0b096cf7-2aa1-4e10-937a-14d1ade68743 ] Request (MultipleCreateTestJSON:test_multiple_create_with_reservation_return): 200 GET http://10.180.1.21/compute/v2.1/servers/5b12411d-3d5c-4f83-8907-673104d8d963 0.234s
2025-11-22 05:03:13.765 66413 INFO tempest.lib.common.rest_client [req-31d80707-3fcc-411f-aaeb-b7e18579f65b req-31d80707-3fcc-411f-aaeb-b7e18579f65b ] Request (ServersNegativeTestMultiTenantJSON:setUpClass): 200 GET http://10.180.1.21/compute/v2.1/servers/1530df27-9b06-4a1c-aec2-09fd0040deb1 0.202s
2025-11-22 05:03:13.777 66419 WARNING tempest.lib.common.ssh [-] Failed to establish authenticated ssh connection to cirros@10.180.180.202 ([Errno None] Unable to connect to port 22 on 10.180.180.202). Number attempts: 2. Retry after 3 seconds.: paramiko.ssh_exception.NoValidConnectionsError: [Errno None] Unable to connect to port 22 on 10.180.180.202
2025-11-22 05:03:13.817 66363 INFO tempest.lib.common.rest_client [req-e92538f7-a2e2-40cc-94a4-c1c0d637ba73 req-e92538f7-a2e2-40cc-94a4-c1c0d637ba73 ] Request (ServerTagsTestJSON:setUpClass): 200 GET http://10.180.1.21/compute/v2.1/servers/b1830ca0-6e4a-4441-9bb7-2a1dd5100418 0.211s
2025-11-22 05:03:13.830 66388 INFO tempest.lib.common.rest_client [req-f3411ff4-434e-4777-bf8e-a401f8730d48 req-f3411ff4-434e-4777-bf8e-a401f8730d48 ] Request (ServerMetadataTestJSON:setUpClass): 200 GET http://10.180.1.21/compute/v2.1/servers/7b7fad65-a6b1-49e6-9ae9-a426b8a71cce 0.201s
2025-11-22 05:03:13.880 66395 INFO tempest.lib.common.rest_client [req-92897511-af7f-4abe-adcd-6bc900e04b27 req-92897511-af7f-4abe-adcd-6bc900e04b27 ] Request (ServersListShow298Test:test_list_show_update_rebuild_server_298): 200 GET http://10.180.1.21/compute/v2.1/servers/d83cad74-4745-41ee-bfa1-4b12c6b72fbc 0.130s
2025-11-22 05:03:13.943 66409 INFO tempest.lib.common.rest_client [req-52b71379-d4c6-45e9-a2ea-056d2370e39d req-52b71379-d4c6-45e9-a2ea-056d2370e39d ] Request (ImagesTestJSON:test_create_server_from_snapshot): 200 GET http://10.180.1.21/compute/v2.1/servers/ea2fe798-68e9-4baf-829d-fcfd7cb1f5b8 0.151s
2025-11-22 05:03:13.951 66409 INFO tempest.common.waiters [-] State transition "BUILD/networking" ==> "BUILD/block_device_mapping" after 45 second wait
2025-11-22 05:03:13.972 66401 INFO tempest.lib.common.rest_client [req-14a31764-b84b-4b12-a4d0-45c13fa4f5e3 req-14a31764-b84b-4b12-a4d0-45c13fa4f5e3 ] Request (ServersListShow296Test:tearDownClass): 200 GET http://10.180.1.21/compute/v2.1/servers/ad407696-c600-4160-9271-a0b127f5aa28 0.154s
2025-11-22 05:03:14.010 66397 INFO tempest.lib.common.rest_client [req-19c0cc57-c6e7-499b-8cea-67e3da3545df req-19c0cc57-c6e7-499b-8cea-67e3da3545df ] Request (ListServersNegativeTestJSON:setUpClass): 200 GET http://10.180.1.21/compute/v2.1/servers/78ea9499-e2fe-4349-bd3e-7c289790666c 0.161s
2025-11-22 05:03:14.039 66365 INFO tempest.lib.common.rest_client [req-57023b28-3d69-48a0-bc03-d4e6685add91 req-57023b28-3d69-48a0-bc03-d4e6685add91 ] Request (ImagesNegativeTestJSON:test_create_image_from_deleted_server): 200 GET http://10.180.1.21/compute/v2.1/servers/7b1290b3-b263-4a23-ac34-c7048bdeba70 0.127s
2025-11-22 05:03:14.040 66393 WARNING tempest.lib.common.ssh [-] Failed to establish authenticated ssh connection to cirros@10.180.180.181 ([Errno None] Unable to connect to port 22 on 10.180.180.181). Number attempts: 4. Retry after 5 seconds.: paramiko.ssh_exception.NoValidConnectionsError: [Errno None] Unable to connect to port 22 on 10.180.180.181
2025-11-22 05:03:14.085 66415 INFO tempest.lib.common.rest_client [req-bf6e1ac4-26f9-405d-b022-8a0c9e056135 req-bf6e1ac4-26f9-405d-b022-8a0c9e056135 ] Request (ServersAdminNegativeTestJSON:tearDownClass): 200 GET http://10.180.1.21/compute/v2.1/servers/a111cf9d-6287-42f0-ad2d-df78d443bf83 0.106s
2025-11-22 05:03:14.112 66379 INFO tempest.lib.common.rest_client [req-6665a40a-b554-4fec-9724-33e11c0a03cb req-6665a40a-b554-4fec-9724-33e11c0a03cb ] Request (MigrationsAdminTest:test_list_migrations_in_flavor_resize_situation): 200 GET http://10.180.1.21/compute/v2.1/servers/745f687f-2e50-4fdc-a1c3-f8895003b285 0.060s
2025-11-22 05:03:14.384 66417 INFO tempest.lib.common.rest_client [req-034c3554-4fc1-421b-956f-74086d4e883a req-034c3554-4fc1-421b-956f-74086d4e883a ] Request (ServerActionsTestOtherB:test_create_backup): 200 GET http://10.180.1.21/image/v2/images/758ea7c4-7216-4e39-a1ea-4787d99db9f9 0.020s
2025-11-22 05:03:14.492 66369 INFO tempest.lib.common.rest_client [req-7412bd30-eceb-42e5-a3b4-0c55dca15581 req-7412bd30-eceb-42e5-a3b4-0c55dca15581 ] Request (ServerDiagnosticsNegativeTest:tearDownClass): 200 GET http://10.180.1.21/compute/v2.1/servers/a53554cc-9cc2-46a0-ad3e-a7775e7f4f0f 0.106s
2025-11-22 05:03:14.526 66361 INFO tempest.lib.common.rest_client [req-a242b486-841b-4162-aacd-577e2920891c req-a242b486-841b-4162-aacd-577e2920891c ] Request (ServersTestMultiNic:test_verify_multiple_nics_order): 200 GET http://10.180.1.21/compute/v2.1/servers/f6b9526d-b605-4ea7-bd8b-a5ba4903da07 0.237s
2025-11-22 05:03:14.563 66391 INFO tempest.lib.common.rest_client [req-f3017666-cea7-4edc-8766-434db275d0ea req-f3017666-cea7-4edc-8766-434db275d0ea ] Request (FloatingIPsAssociationNegativeTestJSON:tearDownClass): 200 GET http://10.180.1.21/compute/v2.1/servers/a12e8027-1941-4149-8825-99761a8f3182 0.138s
2025-11-22 05:03:14.590 66383 INFO tempest.lib.common.rest_client [req-49ea2666-9288-4ef8-9b6a-923578ca2a76 req-49ea2666-9288-4ef8-9b6a-923578ca2a76 ] Request (ServersTestManualDisk:setUpClass): 200 GET http://10.180.1.21/compute/v2.1/servers/4ae6a446-f3f5-48a3-a1cb-7b5490d0366f 0.148s
2025-11-22 05:03:14.624 66407 INFO tempest.lib.common.rest_client [req-60855c87-3be6-4426-97b3-77d9019cd839 req-60855c87-3be6-4426-97b3-77d9019cd839 ] Request (ServerDiskConfigTestJSON:test_resize_server_from_auto_to_manual): 200 GET http://10.180.1.21/compute/v2.1/servers/8caba27e-1b95-4bb4-8ba2-b7685386985d 0.124s
2025-11-22 05:03:14.662 66381 INFO tempest.lib.common.rest_client [req-0184bef4-859b-4f4e-a4db-cab967d6608d req-0184bef4-859b-4f4e-a4db-cab967d6608d ] Request (FloatingIPsAssociationTestJSON:tearDownClass): 200 GET http://10.180.1.21/compute/v2.1/servers/bd8d176c-da59-4cef-8d9e-15d23fff7987 0.144s
2025-11-22 05:03:14.717 66385 INFO tempest.lib.common.rest_client [req-cda16614-e7d2-4b01-91dc-afdd2459f3f5 req-cda16614-e7d2-4b01-91dc-afdd2459f3f5 ] Request (SecurityGroupsTestJSON:test_server_security_groups): 200 GET http://10.180.1.21/compute/v2.1/servers/b0aa88f8-31c2-405d-b97c-5c2eee535564 0.136s
2025-11-22 05:03:14.731 66373 INFO tempest.lib.common.rest_client [req-8bc52085-8274-41a3-a2c5-d0935129f6ea req-8bc52085-8274-41a3-a2c5-d0935129f6ea ] Request (AttachInterfacesTestJSON:_run_cleanups): 200 GET http://10.180.1.21/compute/v2.1/servers/4e9761ca-8039-410a-b3eb-0f3d9ec1b575 0.121s
2025-11-22 05:03:14.796 66423 INFO tempest.lib.common.rest_client [req-a08198fd-db8a-46a8-bf61-6a2486edd6cd req-a08198fd-db8a-46a8-bf61-6a2486edd6cd ] Request (ServersListShow2100Test:tearDownClass): 200 GET http://10.180.1.21/compute/v2.1/servers/70b1932b-8666-44fc-a333-2729906c9629 0.107s
2025-11-22 05:03:14.844 66413 INFO tempest.lib.common.rest_client [req-57c5087f-4321-404e-9b6d-0dd96e6ad677 req-57c5087f-4321-404e-9b6d-0dd96e6ad677 ] Request (ServersNegativeTestMultiTenantJSON:setUpClass): 200 GET http://10.180.1.21/compute/v2.1/servers/1530df27-9b06-4a1c-aec2-09fd0040deb1 0.070s
2025-11-22 05:03:14.864 66367 INFO tempest.lib.common.rest_client [req-2d5ba179-f9b2-44ee-85b3-b8566562ab8b req-2d5ba179-f9b2-44ee-85b3-b8566562ab8b ] Request (MultipleCreateTestJSON:test_multiple_create_with_reservation_return): 200 GET http://10.180.1.21/compute/v2.1/servers/5b12411d-3d5c-4f83-8907-673104d8d963 0.104s
2025-11-22 05:03:14.904 66363 INFO tempest.lib.common.rest_client [req-04ba3472-92fb-4f76-88cb-d2ed8c9ea78b req-04ba3472-92fb-4f76-88cb-d2ed8c9ea78b ] Request (ServerTagsTestJSON:setUpClass): 200 GET http://10.180.1.21/compute/v2.1/servers/b1830ca0-6e4a-4441-9bb7-2a1dd5100418 0.074s
2025-11-22 05:03:14.919 66388 INFO tempest.lib.common.rest_client [req-67446cc9-36ea-4442-9fd7-277143af92c5 req-67446cc9-36ea-4442-9fd7-277143af92c5 ] Request (ServerMetadataTestJSON:setUpClass): 200 GET http://10.180.1.21/compute/v2.1/servers/7b7fad65-a6b1-49e6-9ae9-a426b8a71cce 0.081s
2025-11-22 05:03:14.961 66405 WARNING tempest.lib.common.ssh [-] Failed to establish authenticated ssh connection to cirros@10.180.180.155 ([Errno None] Unable to connect to port 22 on 10.180.180.155). Number attempts: 4. Retry after 5 seconds.: paramiko.ssh_exception.NoValidConnectionsError: [Errno None] Unable to connect to port 22 on 10.180.180.155
2025-11-22 05:03:14.981 66395 INFO tempest.lib.common.rest_client [req-c33b64e5-688c-4bc8-b798-202010ec6639 req-c33b64e5-688c-4bc8-b798-202010ec6639 ] Request (ServersListShow298Test:test_list_show_update_rebuild_server_298): 200 GET http://10.180.1.21/compute/v2.1/servers/d83cad74-4745-41ee-bfa1-4b12c6b72fbc 0.088s
2025-11-22 05:03:15.060 66401 INFO tempest.lib.common.rest_client [req-225890a5-2bd7-4b1b-b648-b43087a52498 req-225890a5-2bd7-4b1b-b648-b43087a52498 ] Request (ServersListShow296Test:tearDownClass): 200 GET http://10.180.1.21/compute/v2.1/servers/ad407696-c600-4160-9271-a0b127f5aa28 0.073s
2025-11-22 05:03:15.086 66409 INFO tempest.lib.common.rest_client [req-ba3f4e7c-e5c7-421f-a57d-623c3fc50de0 req-ba3f4e7c-e5c7-421f-a57d-623c3fc50de0 ] Request (ImagesTestJSON:test_create_server_from_snapshot): 200 GET http://10.180.1.21/compute/v2.1/servers/ea2fe798-68e9-4baf-829d-fcfd7cb1f5b8 0.134s
2025-11-22 05:03:15.094 66409 INFO tempest.common.waiters [-] State transition "BUILD/block_device_mapping" ==> "BUILD/spawning" after 47 second wait
2025-11-22 05:03:15.123 66397 INFO tempest.lib.common.rest_client [req-afd151e0-d2b2-48c4-934e-3cc2db0bcdeb req-afd151e0-d2b2-48c4-934e-3cc2db0bcdeb ] Request (ListServersNegativeTestJSON:setUpClass): 200 GET http://10.180.1.21/compute/v2.1/servers/78ea9499-e2fe-4349-bd3e-7c289790666c 0.097s
2025-11-22 05:03:15.143 66415 INFO tempest.lib.common.rest_client [req-e1c6dd47-e3eb-488b-a74e-36b44f6780f1 req-e1c6dd47-e3eb-488b-a74e-36b44f6780f1 ] Request (ServersAdminNegativeTestJSON:tearDownClass): 404 GET http://10.180.1.21/compute/v2.1/servers/a111cf9d-6287-42f0-ad2d-df78d443bf83 0.049s
2025-11-22 05:03:15.146 66365 INFO tempest.lib.common.rest_client [req-77a5d78f-2a62-491b-ab79-2a3cd397b1cb req-77a5d78f-2a62-491b-ab79-2a3cd397b1cb ] Request (ImagesNegativeTestJSON:test_create_image_from_deleted_server): 200 GET http://10.180.1.21/compute/v2.1/servers/7b1290b3-b263-4a23-ac34-c7048bdeba70 0.098s
2025-11-22 05:03:15.212 66379 INFO tempest.lib.common.rest_client [req-e7b44f1a-a3c6-4361-a023-0162e6f84977 req-e7b44f1a-a3c6-4361-a023-0162e6f84977 ] Request (MigrationsAdminTest:test_list_migrations_in_flavor_resize_situation): 200 GET http://10.180.1.21/compute/v2.1/servers/745f687f-2e50-4fdc-a1c3-f8895003b285 0.093s
2025-11-22 05:03:15.285 66415 INFO tempest.lib.common.rest_client [req-ddf2d25d-e516-43c7-bad3-116716ae0b54 req-ddf2d25d-e516-43c7-bad3-116716ae0b54 ] Request (ServersAdminNegativeTestJSON:tearDownClass): 204 DELETE http://10.180.1.21/identity/v3/users/607eb717113847ab84ca1f644f91d4d6 0.142s
2025-11-22 05:03:15.383 66415 INFO tempest.lib.common.rest_client [req-818d2bf4-48f2-4cb3-801f-49c9b8947b5b req-818d2bf4-48f2-4cb3-801f-49c9b8947b5b ] Request (ServersAdminNegativeTestJSON:tearDownClass): 204 DELETE http://10.180.1.21/identity/v3/users/02f8f7bd430c47d8868a043dc6f28fcb 0.097s
2025-11-22 05:03:15.384 66415 INFO tempest.lib.common.dynamic_creds [-] Deleting project and security group for project: b75695a6c4074c8bb722a5c58ca32a27
2025-11-22 05:03:15.406 66417 INFO tempest.lib.common.rest_client [req-1ce85d85-923e-468b-b946-8c419b7e64f9 req-1ce85d85-923e-468b-b946-8c419b7e64f9 ] Request (ServerActionsTestOtherB:test_create_backup): 200 GET http://10.180.1.21/image/v2/images/758ea7c4-7216-4e39-a1ea-4787d99db9f9 0.020s
