2025-11-22 05:00:06.525 66389 INFO tempest.lib.common.rest_client [req-093c77c2-8d42-4b53-851b-0bf8944153a6 req-093c77c2-8d42-4b53-851b-0bf8944153a6 ] Request (SecurityGroupsTestAdminJSON:test_list_security_groups_list_all_tenants_filter): 200 POST http://10.180.1.21/compute/v2.1/os-security-groups 1.559s
2025-11-22 05:00:06.532 66403 INFO tempest.lib.common.rest_client [req-6c13d2c0-7a6b-483a-aeab-e37d80fa5b15 req-6c13d2c0-7a6b-483a-aeab-e37d80fa5b15 ] Request (SecurityGroupsNegativeTestJSON:setUpClass): 201 POST http://10.180.1.21/identity/v3/auth/tokens 0.036s
2025-11-22 05:00:06.543 66411 INFO tempest.lib.common.rest_client [req-789c6766-ccd3-4db4-88a0-e7f3e88fb94d req-789c6766-ccd3-4db4-88a0-e7f3e88fb94d ] Request (FlavorsExtraSpecsNegativeTestJSON:tearDownClass): 202 DELETE http://10.180.1.21/compute/v2.1/flavors/301277758 1.392s
2025-11-22 05:00:06.559 66403 INFO tempest.lib.common.rest_client [req-a9f18801-dd32-4a38-8aa9-673f76971d6b req-a9f18801-dd32-4a38-8aa9-673f76971d6b ] Request (SecurityGroupsNegativeTestJSON:setUpClass): 200 GET http://10.180.1.21/identity/v3/domains?name=Default 0.027s
2025-11-22 05:00:06.592 66403 INFO tempest.lib.common.rest_client [req-d05e4873-e2b6-4970-a65c-bc0ab8a2be68 req-d05e4873-e2b6-4970-a65c-bc0ab8a2be68 ] Request (SecurityGroupsNegativeTestJSON:setUpClass): 201 POST http://10.180.1.21/identity/v3/projects 0.032s
2025-11-22 05:00:06.641 66373 INFO tempest.lib.common.rest_client [req-f4a490fd-087c-4670-ac2f-52d7ed70525e req-f4a490fd-087c-4670-ac2f-52d7ed70525e ] Request (HostsAdminTestJSON:tearDownClass): 200 GET http://10.180.1.21/networking/v2.0/security-groups?tenant_id=55fc69f44cae47deb0a5f307a64aad9e&name=default 0.231s
2025-11-22 05:00:06.683 66403 INFO tempest.lib.common.rest_client [req-c1545e06-e125-498e-963e-4b1006c78680 req-c1545e06-e125-498e-963e-4b1006c78680 ] Request (SecurityGroupsNegativeTestJSON:setUpClass): 201 POST http://10.180.1.21/identity/v3/users 0.090s
2025-11-22 05:00:06.706 66403 INFO tempest.lib.common.rest_client [req-50fcd857-9149-4946-98d6-d3e2e6828a04 req-50fcd857-9149-4946-98d6-d3e2e6828a04 ] Request (SecurityGroupsNegativeTestJSON:setUpClass): 200 GET http://10.180.1.21/identity/v3/roles 0.022s
2025-11-22 05:00:06.745 66403 INFO tempest.lib.common.rest_client [req-dbb45dc3-bb76-4075-8912-6ad620c89fba req-dbb45dc3-bb76-4075-8912-6ad620c89fba ] Request (SecurityGroupsNegativeTestJSON:setUpClass): 204 PUT http://10.180.1.21/identity/v3/projects/fa9a861d840a43b29ca9e8400cc6fc45/users/4f192eb1f04e49e0b1375fcd956dcfd9/roles/780f46d44c6d4a2da1c1ce644ec523a1 0.038s
2025-11-22 05:00:06.745 66403 INFO tempest.lib.common.dynamic_creds [-] Dynamic test user 4f192eb1f04e49e0b1375fcd956dcfd9 is created with scope project and roles: ['member']
2025-11-22 05:00:06.745 66403 INFO tempest.lib.common.dynamic_creds [-] Acquired dynamic creds: credentials: Credentials: {'domain_id': 'default', 'domain_name': 'Default', 'username': 'tempest-SecurityGroupsNegativeTestJSON-392765128-project-member', 'project_domain_id': 'default', 'project_domain_name': 'Default', 'project_id': 'fa9a861d840a43b29ca9e8400cc6fc45', 'project_name': 'tempest-SecurityGroupsNegativeTestJSON-392765128', 'tenant_id': 'fa9a861d840a43b29ca9e8400cc6fc45', 'tenant_name': 'tempest-SecurityGroupsNegativeTestJSON-392765128', 'user_domain_id': 'default', 'user_domain_name': 'Default', 'user_id': '4f192eb1f04e49e0b1375fcd956dcfd9', 'system': None}, Network: None, Subnet: None, Router: None
2025-11-22 05:00:06.774 66373 INFO tempest.lib.common.rest_client [req-304c52fb-0dd2-4cc4-93c3-213128e3d31f req-304c52fb-0dd2-4cc4-93c3-213128e3d31f ] Request (HostsAdminTestJSON:tearDownClass): 204 DELETE http://10.180.1.21/networking/v2.0/security-groups/a3ba48c4-e01f-4550-993c-8d0532fbf149 0.132s
2025-11-22 05:00:06.813 66413 INFO tempest.lib.common.rest_client [req-799b16d1-af66-4737-9508-33213141f51f req-799b16d1-af66-4737-9508-33213141f51f ] Request (DeleteServersAdminTestJSON:test_admin_delete_servers_of_others): 200 GET http://10.180.1.21/compute/v2.1/servers/86e8d79b-feb4-45ba-b5f9-f446383eae87 1.666s
2025-11-22 05:00:06.822 66403 INFO tempest.lib.common.rest_client [req-9979fe28-5dba-4ebd-9e5c-c635b9e981c4 req-9979fe28-5dba-4ebd-9e5c-c635b9e981c4 ] Request (SecurityGroupsNegativeTestJSON:setUpClass): 201 POST http://10.180.1.21/identity/v3/auth/tokens 0.076s
2025-11-22 05:00:06.833 66419 INFO tempest.lib.common.rest_client [req-dbd1e5a0-2f0e-442f-bd41-3ada2b013204 req-dbd1e5a0-2f0e-442f-bd41-3ada2b013204 ] Request (FlavorsAccessNegativeTestJSON:_run_cleanups): 202 DELETE http://10.180.1.21/compute/v2.1/flavors/1388074268 1.625s
2025-11-22 05:00:06.839 66361 INFO tempest.lib.common.rest_client [req-f39412b1-4ec8-4cd9-bf4a-8c525652c0cf req-f39412b1-4ec8-4cd9-bf4a-8c525652c0cf ] Request (HostsAdminNegativeTestJSON:test_update_host_with_invalid_maintenance_mode): 400 PUT http://10.180.1.21/compute/v2.1/os-hosts/devstack 1.582s
2025-11-22 05:00:06.854 66423 INFO tempest.lib.common.rest_client [req-5815c56e-4c23-4351-a8dd-4e2a187828f8 req-5815c56e-4c23-4351-a8dd-4e2a187828f8 ] Request (FlavorsV2TestJSON:test_list_flavors_using_marker): 200 GET http://10.180.1.21/compute/v2.1/flavors/42 1.582s
2025-11-22 05:00:06.881 66385 INFO tempest.lib.common.rest_client [req-e3570a55-5852-4c73-ba81-6815c4923de4 req-e3570a55-5852-4c73-ba81-6815c4923de4 ] Request (FlavorsAccessTestJSON:_run_cleanups): 200 GET http://10.180.1.21/compute/v2.1/flavors/detail 1.589s
2025-11-22 05:00:06.903 66373 INFO tempest.lib.common.rest_client [req-4238087b-2707-46d5-a2da-3d57edc9e84e req-4238087b-2707-46d5-a2da-3d57edc9e84e ] Request (HostsAdminTestJSON:tearDownClass): 204 DELETE http://10.180.1.21/identity/v3/projects/55fc69f44cae47deb0a5f307a64aad9e 0.129s
2025-11-22 05:00:06.904 66373 INFO tempest.test [-] raised in LiveMigrationManagerWorkflowTest.setUpClass. Invoking tearDownClass.
2025-11-22 05:00:07.003 66373 INFO tempest.lib.common.rest_client [req-266279b2-2c27-4c23-9520-fea14158f780 req-266279b2-2c27-4c23-9520-fea14158f780 ] Request (TenantUsagesNegativeTestJSON:setUpClass): 201 POST http://10.180.1.21/identity/v3/auth/tokens 0.097s
2025-11-22 05:00:07.030 66385 INFO tempest.lib.common.rest_client [req-e9fc4b8e-81c4-48dd-92ba-c3b0301a0a31 req-e9fc4b8e-81c4-48dd-92ba-c3b0301a0a31 ] Request (FlavorsAccessTestJSON:tearDownClass): 204 DELETE http://10.180.1.21/identity/v3/users/4601c6bf6be54d87b5ce78d1ceba122f 0.140s
2025-11-22 05:00:07.070 66373 INFO tempest.lib.common.rest_client [req-6b63864f-f227-416b-aed4-3f943d13f574 req-6b63864f-f227-416b-aed4-3f943d13f574 ] Request (TenantUsagesNegativeTestJSON:setUpClass): 201 POST http://10.180.1.21/identity/v3/auth/tokens 0.063s
2025-11-22 05:00:07.101 66373 INFO tempest.lib.common.rest_client [req-dd2a3089-79f4-4dca-b5b2-94c8f223d3e8 req-dd2a3089-79f4-4dca-b5b2-94c8f223d3e8 ] Request (TenantUsagesNegativeTestJSON:setUpClass): 200 GET http://10.180.1.21/identity/v3/domains?name=Default 0.030s
2025-11-22 05:00:07.134 66385 INFO tempest.lib.common.rest_client [req-0b0a41e0-f98b-4c9b-ae97-e10f6d9d2b79 req-0b0a41e0-f98b-4c9b-ae97-e10f6d9d2b79 ] Request (FlavorsAccessTestJSON:tearDownClass): 204 DELETE http://10.180.1.21/identity/v3/users/a1aa5beaded847ec92c62351e5fb75ef 0.104s
2025-11-22 05:00:07.135 66385 INFO tempest.lib.common.dynamic_creds [-] Deleting project and security group for project: 4fb0a6df16304b10a9beba1232bdc234
2025-11-22 05:00:07.176 66373 INFO tempest.lib.common.rest_client [req-e0b8a2d8-4c58-4ff4-981a-dbfe1fb56793 req-e0b8a2d8-4c58-4ff4-981a-dbfe1fb56793 ] Request (TenantUsagesNegativeTestJSON:setUpClass): 201 POST http://10.180.1.21/identity/v3/projects 0.075s
2025-11-22 05:00:07.193 66403 INFO tempest.lib.common.rest_client [req-c8982e7f-8882-419a-a3ab-f3c0779c4be1 req-c8982e7f-8882-419a-a3ab-f3c0779c4be1 ] Request (SecurityGroupsNegativeTestJSON:setUpClass): 201 POST http://10.180.1.21/networking/v2.0/networks 0.371s
2025-11-22 05:00:07.202 66385 INFO tempest.lib.common.rest_client [req-1088fc8d-8c68-4d6a-a6d5-10afb5314576 req-1088fc8d-8c68-4d6a-a6d5-10afb5314576 ] Request (FlavorsAccessTestJSON:tearDownClass): 201 POST http://10.180.1.21/identity/v3/auth/tokens 0.067s
2025-11-22 05:00:07.254 66373 INFO tempest.lib.common.rest_client [req-d2df6092-d8d8-4bbd-8dd8-09be3fcc6aee req-d2df6092-d8d8-4bbd-8dd8-09be3fcc6aee ] Request (TenantUsagesNegativeTestJSON:setUpClass): 201 POST http://10.180.1.21/identity/v3/users 0.077s
2025-11-22 05:00:07.274 66373 INFO tempest.lib.common.rest_client [req-bc1db6d4-29b5-41f7-af0e-240a5cd2dcca req-bc1db6d4-29b5-41f7-af0e-240a5cd2dcca ] Request (TenantUsagesNegativeTestJSON:setUpClass): 200 GET http://10.180.1.21/identity/v3/roles 0.019s
2025-11-22 05:00:07.300 66373 INFO tempest.lib.common.rest_client [req-65e68403-8f8e-46e8-9ae5-254ef30c801a req-65e68403-8f8e-46e8-9ae5-254ef30c801a ] Request (TenantUsagesNegativeTestJSON:setUpClass): 204 PUT http://10.180.1.21/identity/v3/projects/8f3014ef27444285b3a58a5e2e8f9107/users/9c2dab6094074eb296906ac681dbb6dc/roles/780f46d44c6d4a2da1c1ce644ec523a1 0.026s
2025-11-22 05:00:07.301 66373 INFO tempest.lib.common.dynamic_creds [-] Dynamic test user 9c2dab6094074eb296906ac681dbb6dc is created with scope project and roles: ['member']
2025-11-22 05:00:07.301 66373 INFO tempest.lib.common.dynamic_creds [-] Acquired dynamic creds: credentials: Credentials: {'domain_id': 'default', 'domain_name': 'Default', 'username': 'tempest-TenantUsagesNegativeTestJSON-1197043897-project-member', 'project_domain_id': 'default', 'project_domain_name': 'Default', 'project_id': '8f3014ef27444285b3a58a5e2e8f9107', 'project_name': 'tempest-TenantUsagesNegativeTestJSON-1197043897', 'tenant_id': '8f3014ef27444285b3a58a5e2e8f9107', 'tenant_name': 'tempest-TenantUsagesNegativeTestJSON-1197043897', 'user_domain_id': 'default', 'user_domain_name': 'Default', 'user_id': '9c2dab6094074eb296906ac681dbb6dc', 'system': None}, Network: None, Subnet: None, Router: None
2025-11-22 05:00:07.301 66373 INFO tempest.lib.common.dynamic_creds [-] Created isolated network resources for: credentials: Credentials: {'domain_id': 'default', 'domain_name': 'Default', 'username': 'tempest-TenantUsagesNegativeTestJSON-1197043897-project-member', 'project_domain_id': 'default', 'project_domain_name': 'Default', 'project_id': '8f3014ef27444285b3a58a5e2e8f9107', 'project_name': 'tempest-TenantUsagesNegativeTestJSON-1197043897', 'tenant_id': '8f3014ef27444285b3a58a5e2e8f9107', 'tenant_name': 'tempest-TenantUsagesNegativeTestJSON-1197043897', 'user_domain_id': 'default', 'user_domain_name': 'Default', 'user_id': '9c2dab6094074eb296906ac681dbb6dc', 'system': None}, Network: None, Subnet: None, Router: None
2025-11-22 05:00:07.302 66391 INFO tempest.lib.common.rest_client [req-304ea4c7-8b2a-447b-bb15-f2447cabb34e req-304ea4c7-8b2a-447b-bb15-f2447cabb34e ] Request (ServersAdmin275Test:test_rebuild_update_server_275): 202 POST http://10.180.1.21/compute/v2.1/servers/9bf7293b-cbb5-442c-b7d9-069adb7ebe47/action 1.890s
2025-11-22 05:00:07.329 66369 INFO tempest.lib.common.rest_client [req-c4d0cdc3-fbeb-4593-8325-def72106ab67 req-c4d0cdc3-fbeb-4593-8325-def72106ab67 ] Request (AggregatesAdminNegativeTestJSON:test_aggregate_add_non_exist_host): 404 POST http://10.180.1.21/compute/v2.1/os-aggregates/3/action 1.883s
2025-11-22 05:00:07.385 66373 INFO tempest.lib.common.rest_client [req-85456d2e-fa3d-43f2-95de-fa923ae54c6d req-85456d2e-fa3d-43f2-95de-fa923ae54c6d ] Request (TenantUsagesNegativeTestJSON:setUpClass): 201 POST http://10.180.1.21/identity/v3/auth/tokens 0.081s
2025-11-22 05:00:07.448 66367 INFO tempest.lib.common.rest_client [req-dfa0ce42-8cce-49bd-995f-6b1044cfd8b9 req-dfa0ce42-8cce-49bd-995f-6b1044cfd8b9 ] Request (QuotasAdminTestJSON:test_update_all_quota_resources_for_tenant): 200 GET http://10.180.1.21/compute/v2.1/os-quota-sets/bbb167f6063c47649710c655b49fd1b9/defaults 1.981s
2025-11-22 05:00:07.448 66403 INFO tempest.lib.common.rest_client [req-635ee941-e1f5-45d7-8fc3-b49d79943f46 req-635ee941-e1f5-45d7-8fc3-b49d79943f46 ] Request (SecurityGroupsNegativeTestJSON:setUpClass): 201 POST http://10.180.1.21/networking/v2.0/subnets 0.254s
2025-11-22 05:00:07.452 66373 INFO tempest.lib.common.rest_client [req-f26e4af8-3900-4973-8838-6ae671fd6afc req-f26e4af8-3900-4973-8838-6ae671fd6afc ] Request (TenantUsagesNegativeTestJSON:setUpClass): 201 POST http://10.180.1.21/identity/v3/projects 0.067s
2025-11-22 05:00:07.504 66373 INFO tempest.lib.common.rest_client [req-4eb6bb8e-37f7-4796-b87e-af2c89a37783 req-4eb6bb8e-37f7-4796-b87e-af2c89a37783 ] Request (TenantUsagesNegativeTestJSON:setUpClass): 201 POST http://10.180.1.21/identity/v3/users 0.051s
2025-11-22 05:00:07.509 66383 INFO tempest.lib.common.rest_client [req-14b32ad9-f5e5-47a3-aff5-85fac991230e req-14b32ad9-f5e5-47a3-aff5-85fac991230e ] Request (ServersTestBootFromVolume:setUpClass): 200 GET http://10.180.1.21/volume/v3/volumes/70a8e1d1-c96e-40d7-a76a-4074c473ad8b 0.028s
2025-11-22 05:00:07.525 66373 INFO tempest.lib.common.rest_client [req-0bfda3de-e9af-4ab8-9e3b-e55077c062f0 req-0bfda3de-e9af-4ab8-9e3b-e55077c062f0 ] Request (TenantUsagesNegativeTestJSON:setUpClass): 200 GET http://10.180.1.21/identity/v3/roles 0.020s
2025-11-22 05:00:07.551 66373 INFO tempest.lib.common.rest_client [req-6d03bd2f-6a2c-403c-97f6-fd2709d46540 req-6d03bd2f-6a2c-403c-97f6-fd2709d46540 ] Request (TenantUsagesNegativeTestJSON:setUpClass): 204 PUT http://10.180.1.21/identity/v3/projects/083655c3d9cd4281b4f5cc6cb35114aa/users/58c8e5c09dd7464d8a84ee685defaffb/roles/c8fa1de7626341c1b4dcc9a6f9edfc5f 0.025s
2025-11-22 05:00:07.602 66373 INFO tempest.lib.common.rest_client [req-3159e2a9-97a2-4594-8860-07b4a63fd021 req-3159e2a9-97a2-4594-8860-07b4a63fd021 ] Request (TenantUsagesNegativeTestJSON:setUpClass): 200 GET http://10.180.1.21/identity/v3/roles 0.051s
2025-11-22 05:00:07.623 66373 INFO tempest.lib.common.rest_client [req-959c4751-cae9-4be2-ba9d-e9329a6e20ce req-959c4751-cae9-4be2-ba9d-e9329a6e20ce ] Request (TenantUsagesNegativeTestJSON:setUpClass): 204 PUT http://10.180.1.21/identity/v3/projects/083655c3d9cd4281b4f5cc6cb35114aa/users/58c8e5c09dd7464d8a84ee685defaffb/roles/c8fa1de7626341c1b4dcc9a6f9edfc5f 0.020s
2025-11-22 05:00:07.624 66373 INFO tempest.lib.common.dynamic_creds [-] Dynamic test user 58c8e5c09dd7464d8a84ee685defaffb is created with scope project and roles: ['admin']
2025-11-22 05:00:07.624 66373 INFO tempest.lib.common.dynamic_creds [-] Acquired dynamic creds: credentials: Credentials: {'domain_id': 'default', 'domain_name': 'Default', 'username': 'tempest-TenantUsagesNegativeTestJSON-1719823739-project-admin', 'project_domain_id': 'default', 'project_domain_name': 'Default', 'project_id': '083655c3d9cd4281b4f5cc6cb35114aa', 'project_name': 'tempest-TenantUsagesNegativeTestJSON-1719823739', 'tenant_id': '083655c3d9cd4281b4f5cc6cb35114aa', 'tenant_name': 'tempest-TenantUsagesNegativeTestJSON-1719823739', 'user_domain_id': 'default', 'user_domain_name': 'Default', 'user_id': '58c8e5c09dd7464d8a84ee685defaffb', 'system': None}, Network: None, Subnet: None, Router: None
2025-11-22 05:00:07.624 66373 INFO tempest.lib.common.dynamic_creds [-] Created isolated network resources for: credentials: Credentials: {'domain_id': 'default', 'domain_name': 'Default', 'username': 'tempest-TenantUsagesNegativeTestJSON-1719823739-project-admin', 'project_domain_id': 'default', 'project_domain_name': 'Default', 'project_id': '083655c3d9cd4281b4f5cc6cb35114aa', 'project_name': 'tempest-TenantUsagesNegativeTestJSON-1719823739', 'tenant_id': '083655c3d9cd4281b4f5cc6cb35114aa', 'tenant_name': 'tempest-TenantUsagesNegativeTestJSON-1719823739', 'user_domain_id': 'default', 'user_domain_name': 'Default', 'user_id': '58c8e5c09dd7464d8a84ee685defaffb', 'system': None}, Network: None, Subnet: None, Router: None
2025-11-22 05:00:07.638 66385 INFO tempest.lib.common.rest_client [req-3e63749e-c538-4962-8a73-96bc1317f531 req-3e63749e-c538-4962-8a73-96bc1317f531 ] Request (FlavorsAccessTestJSON:tearDownClass): 200 GET http://10.180.1.21/networking/v2.0/security-groups?tenant_id=4fb0a6df16304b10a9beba1232bdc234&name=default 0.436s
2025-11-22 05:00:07.699 66373 INFO tempest.lib.common.rest_client [req-7178cf30-b7a2-4c1c-bb85-ade240ed1efc req-7178cf30-b7a2-4c1c-bb85-ade240ed1efc ] Request (TenantUsagesNegativeTestJSON:setUpClass): 201 POST http://10.180.1.21/identity/v3/auth/tokens 0.073s
2025-11-22 05:00:08.306 66401 INFO tempest.lib.common.rest_client [req-88b0e6da-0a1e-41a7-b854-b461bb1625b9 req-88b0e6da-0a1e-41a7-b854-b461bb1625b9 ] Request (FloatingIPsTestJSON:_run_cleanups): 404 DELETE http://10.180.1.21/compute/v2.1/os-floating-ips/9440b753-edaf-4d8c-99a3-f811a0d5f84f 2.795s
2025-11-22 05:00:08.380 66403 INFO tempest.lib.common.rest_client [req-8aa82bc0-5e6c-4b7f-91bf-75f42f5c8649 req-8aa82bc0-5e6c-4b7f-91bf-75f42f5c8649 ] Request (SecurityGroupsNegativeTestJSON:setUpClass): 201 POST http://10.180.1.21/networking/v2.0/routers 0.931s
2025-11-22 05:00:08.384 66385 INFO tempest.lib.common.rest_client [req-b9fff1e4-eb74-4eb4-baf5-8fdd5162f711 req-b9fff1e4-eb74-4eb4-baf5-8fdd5162f711 ] Request (FlavorsAccessTestJSON:tearDownClass): 204 DELETE http://10.180.1.21/networking/v2.0/security-groups/79e1d8e2-f02b-45de-937f-6b58a7cefcb8 0.745s
2025-11-22 05:00:08.507 66385 INFO tempest.lib.common.rest_client [req-598f5b0e-4934-4bb5-94b8-a524e730e80a req-598f5b0e-4934-4bb5-94b8-a524e730e80a ] Request (FlavorsAccessTestJSON:tearDownClass): 204 DELETE http://10.180.1.21/identity/v3/projects/4fb0a6df16304b10a9beba1232bdc234 0.123s
2025-11-22 05:00:08.508 66385 INFO tempest.lib.common.dynamic_creds [-] Deleting project and security group for project: a9479f5dcae54863b7091b3085aeaa10
2025-11-22 05:00:08.545 66383 INFO tempest.lib.common.rest_client [req-6ddcda6f-083a-4d7b-9d8e-b1d21c57ecc1 req-6ddcda6f-083a-4d7b-9d8e-b1d21c57ecc1 ] Request (ServersTestBootFromVolume:setUpClass): 200 GET http://10.180.1.21/volume/v3/volumes/70a8e1d1-c96e-40d7-a76a-4074c473ad8b 0.027s
2025-11-22 05:00:08.551 66383 INFO tempest.common.waiters [-] volume 70a8e1d1-c96e-40d7-a76a-4074c473ad8b reached available after waiting for 19.551673 seconds
2025-11-22 05:00:08.766 66375 INFO tempest.lib.common.rest_client [req-b1832b1f-2f10-4034-a12f-d1c2fc9e6454 req-b1832b1f-2f10-4034-a12f-d1c2fc9e6454 ] Request (QuotasAdminNegativeTest:test_create_server_when_cpu_quota_is_full): 403 POST http://10.180.1.21/compute/v2.1/servers 3.593s
2025-11-22 05:00:09.584 66403 INFO tempest.lib.common.rest_client [req-5f9b74d3-068b-41db-8aff-30c6cdbc7ee5 req-5f9b74d3-068b-41db-8aff-30c6cdbc7ee5 ] Request (SecurityGroupsNegativeTestJSON:setUpClass): 200 PUT http://10.180.1.21/networking/v2.0/routers/fc9ebd8d-d693-4a44-85ca-3ba5255ba4ef/add_router_interface 1.203s
2025-11-22 05:00:09.584 66403 INFO tempest.lib.common.dynamic_creds [-] Created isolated network resources for: credentials: Credentials: {'domain_id': 'default', 'domain_name': 'Default', 'username': 'tempest-SecurityGroupsNegativeTestJSON-392765128-project-member', 'project_domain_id': 'default', 'project_domain_name': 'Default', 'project_id': 'fa9a861d840a43b29ca9e8400cc6fc45', 'project_name': 'tempest-SecurityGroupsNegativeTestJSON-392765128', 'tenant_id': 'fa9a861d840a43b29ca9e8400cc6fc45', 'tenant_name': 'tempest-SecurityGroupsNegativeTestJSON-392765128', 'user_domain_id': 'default', 'user_domain_name': 'Default', 'user_id': '4f192eb1f04e49e0b1375fcd956dcfd9', 'system': None}, Network: {'id': '2c17fdc6-cf8f-4f1d-80ba-cab2e112165c', 'name': 'tempest-SecurityGroupsNegativeTestJSON-1463343311-network', 'tenant_id': 'fa9a861d840a43b29ca9e8400cc6fc45', 'project_id': 'fa9a861d840a43b29ca9e8400cc6fc45', 'admin_state_up': True, 'mtu': 8950, 'status': 'ACTIVE', 'subnets': [], 'shared': False, 'port_security_enabled': True, 'router:external': False, 'provider:network_type': 'vlan', 'provider:physical_network': 'default', 'provider:segmentation_id': 177, 'availability_zone_hints': [], 'availability_zones': [], 'ipv4_address_scope': None, 'ipv6_address_scope': None, 'description': '', 'tags': [], 'created_at': '2025-11-22T05:00:07Z', 'updated_at': '2025-11-22T05:00:07Z', 'revision_number': 1}, Subnet: {'id': '08906be1-5520-426c-8f11-0ea25f5d5e18', 'name': 'tempest-SecurityGroupsNegativeTestJSON-1463343311-subnet', 'tenant_id': 'fa9a861d840a43b29ca9e8400cc6fc45', 'network_id': '2c17fdc6-cf8f-4f1d-80ba-cab2e112165c', 'ip_version': 4, 'subnetpool_id': None, 'enable_dhcp': True, 'ipv6_ra_mode': None, 'ipv6_address_mode': None, 'gateway_ip': '192.168.128.1', 'cidr': '192.168.128.0/28', 'allocation_pools': [{'start': '192.168.128.2', 'end': '192.168.128.14'}], 'host_routes': [], 'dns_nameservers': [], 'description': '', 'router:external': False, 'service_types': [], 'tags': [], 'created_at': '2025-11-22T05:00:07Z', 'updated_at': '2025-11-22T05:00:07Z', 'revision_number': 0, 'project_id': 'fa9a861d840a43b29ca9e8400cc6fc45'}, Router: {'id': 'fc9ebd8d-d693-4a44-85ca-3ba5255ba4ef', 'name': 'tempest-SecurityGroupsNegativeTestJSON-1463343311-router', 'tenant_id': 'fa9a861d840a43b29ca9e8400cc6fc45', 'admin_state_up': True, 'status': 'ACTIVE', 'external_gateway_info': {'network_id': 'ad014c77-ae2c-4b6e-a995-da92e248072a', 'external_fixed_ips': [{'subnet_id': 'c2b2065e-1cdb-4c1f-ba2b-f64e9ab97ab6', 'ip_address': '10.180.180.188'}], 'enable_snat': True}, 'description': '', 'availability_zones': [], 'distributed': False, 'ha': False, 'availability_zone_hints': [], 'routes': [], 'flavor_id': None, 'tags': [], 'created_at': '2025-11-22T05:00:07Z', 'updated_at': '2025-11-22T05:00:08Z', 'revision_number': 2, 'project_id': 'fa9a861d840a43b29ca9e8400cc6fc45'}
2025-11-22 05:00:09.688 66403 INFO tempest.lib.common.rest_client [req-dd049f31-7af1-4e8d-8f5e-69e69a887822 req-dd049f31-7af1-4e8d-8f5e-69e69a887822 ] Request (SecurityGroupsNegativeTestJSON:setUpClass): 201 POST http://10.180.1.21/identity/v3/auth/tokens 0.099s
2025-11-22 05:00:09.707 66385 INFO tempest.lib.common.rest_client [req-d751abf3-7522-4026-8ef8-68cfff8ead8c req-d751abf3-7522-4026-8ef8-68cfff8ead8c ] Request (FlavorsAccessTestJSON:tearDownClass): 200 GET http://10.180.1.21/networking/v2.0/security-groups?tenant_id=a9479f5dcae54863b7091b3085aeaa10&name=default 1.198s
2025-11-22 05:00:09.712 66401 INFO tempest.lib.common.rest_client [req-795f12b4-8d57-4975-a0d4-4fc4dae6cb26 req-795f12b4-8d57-4975-a0d4-4fc4dae6cb26 ] Request (FloatingIPsTestJSON:tearDownClass): 200 PUT http://10.180.1.21/networking/v2.0/routers/fda7426a-6787-499b-a158-3a465f41435b/remove_router_interface 1.404s
2025-11-22 05:00:09.746 66397 INFO tempest.lib.common.rest_client [req-e1219093-e688-45bc-9d99-f6ff54611031 req-e1219093-e688-45bc-9d99-f6ff54611031 ] Request (ImagesOneServerTestJSON:setUpClass): 200 GET http://10.180.1.21/compute/v2.1/servers/75dc7f15-0002-461a-bf2e-54d1fe36b009 4.034s
2025-11-22 05:00:09.753 66397 INFO tempest.common.waiters [-] State transition "BUILD/block_device_mapping" ==> "BUILD/spawning" after 7 second wait
2025-11-22 05:00:09.763 66407 INFO tempest.lib.common.rest_client [req-a39eadf3-5a50-48a7-a9c1-648c40a4b709 req-a39eadf3-5a50-48a7-a9c1-648c40a4b709 ] Request (ImagesMetadataNegativeTestJSON:test_set_nonexistent_image_metadata_item): 404 PUT http://10.180.1.21/compute/v2.1/images/0895807a-b87c-436c-abdd-3fa1143d226f/metadata/os_distro 3.811s
2025-11-22 05:00:09.871 66385 INFO tempest.lib.common.rest_client [req-1cb3d620-db51-42e4-8c0c-e0eee6be9702 req-1cb3d620-db51-42e4-8c0c-e0eee6be9702 ] Request (FlavorsAccessTestJSON:tearDownClass): 204 DELETE http://10.180.1.21/networking/v2.0/security-groups/7707cf39-5aea-432a-957e-add0af3199e3 0.163s
2025-11-22 05:00:10.007 66381 INFO tempest.lib.common.rest_client [req-51e6758e-97a5-48ef-b289-94307a4a443d req-51e6758e-97a5-48ef-b289-94307a4a443d ] Request (FloatingIPsAssociationTestJSON:setUpClass): 200 GET http://10.180.1.21/compute/v2.1/servers/bd8d176c-da59-4cef-8d9e-15d23fff7987 3.976s
2025-11-22 05:00:10.008 66385 INFO tempest.lib.common.rest_client [req-b1fe228d-7470-46e3-8328-f7a87f7cbbff req-b1fe228d-7470-46e3-8328-f7a87f7cbbff ] Request (FlavorsAccessTestJSON:tearDownClass): 204 DELETE http://10.180.1.21/identity/v3/projects/a9479f5dcae54863b7091b3085aeaa10 0.136s
2025-11-22 05:00:10.015 66381 INFO tempest.common.waiters [-] State transition "BUILD/scheduling" ==> "BUILD/None" after 5 second wait
2025-11-22 05:00:10.083 66385 INFO tempest.lib.common.rest_client [req-8efa341f-a3a4-4bab-b5ba-0be6f4832fae req-8efa341f-a3a4-4bab-b5ba-0be6f4832fae ] Request (QuotaClassesAdmin257Test:setUpClass): 201 POST http://10.180.1.21/identity/v3/auth/tokens 0.073s
2025-11-22 05:00:10.115 66385 INFO tempest.lib.common.rest_client [req-a2354cf4-defb-4153-ba97-2591689f2b73 req-a2354cf4-defb-4153-ba97-2591689f2b73 ] Request (QuotaClassesAdmin257Test:setUpClass): 201 POST http://10.180.1.21/identity/v3/auth/tokens 0.028s
2025-11-22 05:00:10.141 66385 INFO tempest.lib.common.rest_client [req-4f897e3f-4bf9-48f6-820c-7594fcfd47dd req-4f897e3f-4bf9-48f6-820c-7594fcfd47dd ] Request (QuotaClassesAdmin257Test:setUpClass): 200 GET http://10.180.1.21/identity/v3/domains?name=Default 0.025s
2025-11-22 05:00:10.172 66385 INFO tempest.lib.common.rest_client [req-483a3ae8-f13c-469a-b52c-fccb11691586 req-483a3ae8-f13c-469a-b52c-fccb11691586 ] Request (QuotaClassesAdmin257Test:setUpClass): 201 POST http://10.180.1.21/identity/v3/projects 0.031s
2025-11-22 05:00:10.217 66401 INFO tempest.lib.common.rest_client [req-7d4f7ea0-92ac-46a4-85df-518fe9f9ae2c req-7d4f7ea0-92ac-46a4-85df-518fe9f9ae2c ] Request (FloatingIPsTestJSON:tearDownClass): 204 DELETE http://10.180.1.21/networking/v2.0/routers/fda7426a-6787-499b-a158-3a465f41435b 0.505s
2025-11-22 05:00:10.228 66385 INFO tempest.lib.common.rest_client [req-218b31d9-3488-4137-85ca-d85cb60b4b87 req-218b31d9-3488-4137-85ca-d85cb60b4b87 ] Request (QuotaClassesAdmin257Test:setUpClass): 201 POST http://10.180.1.21/identity/v3/users 0.055s
2025-11-22 05:00:10.265 66385 INFO tempest.lib.common.rest_client [req-9d283f95-c65f-44cc-bce0-cfcf11ae1b42 req-9d283f95-c65f-44cc-bce0-cfcf11ae1b42 ] Request (QuotaClassesAdmin257Test:setUpClass): 200 GET http://10.180.1.21/identity/v3/roles 0.031s
2025-11-22 05:00:10.309 66385 INFO tempest.lib.common.rest_client [req-458b6926-bad0-4abb-a3e0-7849167fb350 req-458b6926-bad0-4abb-a3e0-7849167fb350 ] Request (QuotaClassesAdmin257Test:setUpClass): 204 PUT http://10.180.1.21/identity/v3/projects/5a950a90948744b59f0f2c37c93d741f/users/7f5a5e7142254ddc8e86ae43c0ce6dca/roles/780f46d44c6d4a2da1c1ce644ec523a1 0.043s
2025-11-22 05:00:10.309 66385 INFO tempest.lib.common.dynamic_creds [-] Dynamic test user 7f5a5e7142254ddc8e86ae43c0ce6dca is created with scope project and roles: ['member']
2025-11-22 05:00:10.309 66385 INFO tempest.lib.common.dynamic_creds [-] Acquired dynamic creds: credentials: Credentials: {'domain_id': 'default', 'domain_name': 'Default', 'username': 'tempest-QuotaClassesAdmin257Test-1179559744-project-member', 'project_domain_id': 'default', 'project_domain_name': 'Default', 'project_id': '5a950a90948744b59f0f2c37c93d741f', 'project_name': 'tempest-QuotaClassesAdmin257Test-1179559744', 'tenant_id': '5a950a90948744b59f0f2c37c93d741f', 'tenant_name': 'tempest-QuotaClassesAdmin257Test-1179559744', 'user_domain_id': 'default', 'user_domain_name': 'Default', 'user_id': '7f5a5e7142254ddc8e86ae43c0ce6dca', 'system': None}, Network: None, Subnet: None, Router: None
2025-11-22 05:00:10.309 66385 INFO tempest.lib.common.dynamic_creds [-] Created isolated network resources for: credentials: Credentials: {'domain_id': 'default', 'domain_name': 'Default', 'username': 'tempest-QuotaClassesAdmin257Test-1179559744-project-member', 'project_domain_id': 'default', 'project_domain_name': 'Default', 'project_id': '5a950a90948744b59f0f2c37c93d741f', 'project_name': 'tempest-QuotaClassesAdmin257Test-1179559744', 'tenant_id': '5a950a90948744b59f0f2c37c93d741f', 'tenant_name': 'tempest-QuotaClassesAdmin257Test-1179559744', 'user_domain_id': 'default', 'user_domain_name': 'Default', 'user_id': '7f5a5e7142254ddc8e86ae43c0ce6dca', 'system': None}, Network: None, Subnet: None, Router: None
2025-11-22 05:00:10.341 66393 INFO tempest.lib.common.rest_client [req-02593751-e597-418a-b0dc-8707e3f6c489 req-02593751-e597-418a-b0dc-8707e3f6c489 ] Request (SecurityGroupRulesNegativeTestJSON:_run_cleanups): 202 DELETE http://10.180.1.21/compute/v2.1/os-security-group-rules/7e2c2cc7-6b67-4fb2-ba49-46d5ddba6c1a 4.413s
2025-11-22 05:00:10.408 66385 INFO tempest.lib.common.rest_client [req-f842784e-4a2c-4a38-8628-6ed678e0f4e4 req-f842784e-4a2c-4a38-8628-6ed678e0f4e4 ] Request (QuotaClassesAdmin257Test:setUpClass): 201 POST http://10.180.1.21/identity/v3/auth/tokens 0.095s
2025-11-22 05:00:10.478 66385 INFO tempest.lib.common.rest_client [req-7c6b2205-9415-4e0f-a3fc-f0ee6ba137f3 req-7c6b2205-9415-4e0f-a3fc-f0ee6ba137f3 ] Request (QuotaClassesAdmin257Test:setUpClass): 201 POST http://10.180.1.21/identity/v3/projects 0.069s
2025-11-22 05:00:10.480 66401 INFO tempest.lib.common.rest_client [req-4887a27f-a7e1-453d-8f6f-f22bb9080a4a req-4887a27f-a7e1-453d-8f6f-f22bb9080a4a ] Request (FloatingIPsTestJSON:tearDownClass): 204 DELETE http://10.180.1.21/networking/v2.0/subnets/72bdd36c-2275-45a1-9013-0199de4ed83e 0.262s
2025-11-22 05:00:10.560 66399 INFO tempest.lib.common.rest_client [req-1ab32e76-394e-4166-8fa2-8475d6b16613 req-1ab32e76-394e-4166-8fa2-8475d6b16613 ] Request (SecurityGroupRulesTestJSON:test_security_group_rules_delete_when_peer_group_deleted): 200 POST http://10.180.1.21/compute/v2.1/os-security-groups 4.339s
2025-11-22 05:00:10.566 66385 INFO tempest.lib.common.rest_client [req-789195ba-1dc0-4dca-8c9b-de781e9730a6 req-789195ba-1dc0-4dca-8c9b-de781e9730a6 ] Request (QuotaClassesAdmin257Test:setUpClass): 201 POST http://10.180.1.21/identity/v3/users 0.087s
2025-11-22 05:00:10.597 66385 INFO tempest.lib.common.rest_client [req-7d1598d6-1caa-4799-8160-af1e4b5e1789 req-7d1598d6-1caa-4799-8160-af1e4b5e1789 ] Request (QuotaClassesAdmin257Test:setUpClass): 200 GET http://10.180.1.21/identity/v3/roles 0.031s
2025-11-22 05:00:10.629 66385 INFO tempest.lib.common.rest_client [req-7701bdbe-53d9-40ad-8613-b771571ec5cb req-7701bdbe-53d9-40ad-8613-b771571ec5cb ] Request (QuotaClassesAdmin257Test:setUpClass): 204 PUT http://10.180.1.21/identity/v3/projects/64ca4800944d4f769b52591d986ea075/users/e79f5bdf832e4702857ffe1bd5910164/roles/c8fa1de7626341c1b4dcc9a6f9edfc5f 0.032s
2025-11-22 05:00:10.691 66385 INFO tempest.lib.common.rest_client [req-df8e1166-dc06-4d95-9d50-96a7d72a0655 req-df8e1166-dc06-4d95-9d50-96a7d72a0655 ] Request (QuotaClassesAdmin257Test:setUpClass): 200 GET http://10.180.1.21/identity/v3/roles 0.062s
2025-11-22 05:00:10.709 66385 INFO tempest.lib.common.rest_client [req-23ca3293-5c6e-46b0-84b5-11d347ebb06b req-23ca3293-5c6e-46b0-84b5-11d347ebb06b ] Request (QuotaClassesAdmin257Test:setUpClass): 204 PUT http://10.180.1.21/identity/v3/projects/64ca4800944d4f769b52591d986ea075/users/e79f5bdf832e4702857ffe1bd5910164/roles/c8fa1de7626341c1b4dcc9a6f9edfc5f 0.017s
2025-11-22 05:00:10.709 66385 INFO tempest.lib.common.dynamic_creds [-] Dynamic test user e79f5bdf832e4702857ffe1bd5910164 is created with scope project and roles: ['admin']
2025-11-22 05:00:10.709 66385 INFO tempest.lib.common.dynamic_creds [-] Acquired dynamic creds: credentials: Credentials: {'domain_id': 'default', 'domain_name': 'Default', 'username': 'tempest-QuotaClassesAdmin257Test-790703647-project-admin', 'project_domain_id': 'default', 'project_domain_name': 'Default', 'project_id': '64ca4800944d4f769b52591d986ea075', 'project_name': 'tempest-QuotaClassesAdmin257Test-790703647', 'tenant_id': '64ca4800944d4f769b52591d986ea075', 'tenant_name': 'tempest-QuotaClassesAdmin257Test-790703647', 'user_domain_id': 'default', 'user_domain_name': 'Default', 'user_id': 'e79f5bdf832e4702857ffe1bd5910164', 'system': None}, Network: None, Subnet: None, Router: None
2025-11-22 05:00:10.709 66385 INFO tempest.lib.common.dynamic_creds [-] Created isolated network resources for: credentials: Credentials: {'domain_id': 'default', 'domain_name': 'Default', 'username': 'tempest-QuotaClassesAdmin257Test-790703647-project-admin', 'project_domain_id': 'default', 'project_domain_name': 'Default', 'project_id': '64ca4800944d4f769b52591d986ea075', 'project_name': 'tempest-QuotaClassesAdmin257Test-790703647', 'tenant_id': '64ca4800944d4f769b52591d986ea075', 'tenant_name': 'tempest-QuotaClassesAdmin257Test-790703647', 'user_domain_id': 'default', 'user_domain_name': 'Default', 'user_id': 'e79f5bdf832e4702857ffe1bd5910164', 'system': None}, Network: None, Subnet: None, Router: None
2025-11-22 05:00:10.770 66401 INFO tempest.lib.common.rest_client [req-f8fcd5b0-d9b4-43cb-94e7-94288f0b594b req-f8fcd5b0-d9b4-43cb-94e7-94288f0b594b ] Request (FloatingIPsTestJSON:tearDownClass): 204 DELETE http://10.180.1.21/networking/v2.0/networks/fc3c4a2f-ec74-4271-b88f-ffd6576ca322 0.289s
2025-11-22 05:00:10.829 66385 INFO tempest.lib.common.rest_client [req-89e234c5-2600-4095-9157-114f6a64a4f0 req-89e234c5-2600-4095-9157-114f6a64a4f0 ] Request (QuotaClassesAdmin257Test:setUpClass): 201 POST http://10.180.1.21/identity/v3/auth/tokens 0.117s
2025-11-22 05:00:10.986 66401 INFO tempest.lib.common.rest_client [req-b2b38f50-bd8d-4a61-8094-4f39b764af3a req-b2b38f50-bd8d-4a61-8094-4f39b764af3a ] Request (FloatingIPsTestJSON:tearDownClass): 204 DELETE http://10.180.1.21/identity/v3/users/82d8cc17e78b443499863510df3411f8 0.216s
2025-11-22 05:00:10.987 66401 INFO tempest.lib.common.dynamic_creds [-] Deleting project and security group for project: aafec414e93647629024b692294d7d7c
2025-11-22 05:00:11.097 66395 INFO tempest.lib.common.rest_client [req-08725636-563c-4ecb-8ba7-c09e227dd5dd req-08725636-563c-4ecb-8ba7-c09e227dd5dd ] Request (VolumesAssistedSnapshotsTest:test_volume_assisted_snapshot_create_delete): 200 GET http://10.180.1.21/compute/v2.1/servers/7f1dfa01-2d2e-4979-b91b-da48b1fc033a 4.812s
2025-11-22 05:00:11.104 66395 INFO tempest.common.waiters [-] State transition "BUILD/None" ==> "BUILD/spawning" after 9 second wait
2025-11-22 05:00:11.114 66379 INFO tempest.lib.common.rest_client [req-1047e854-d1bd-4c48-bef0-a20a3e98d71e req-1047e854-d1bd-4c48-bef0-a20a3e98d71e ] Request (FlavorsAdminTestJSON:_run_cleanups): 202 DELETE http://10.180.1.21/compute/v2.1/flavors/1775865806 4.753s
2025-11-22 05:00:11.142 66417 INFO tempest.lib.common.rest_client [req-196a30dc-df00-4fdc-af39-2aafd9d42372 req-196a30dc-df00-4fdc-af39-2aafd9d42372 ] Request (FlavorsV261TestJSON:test_crud_flavor): 200 GET http://10.180.1.21/compute/v2.1/flavors/detail 4.774s
2025-11-22 05:00:11.145 66401 INFO tempest.lib.common.rest_client [req-8262912a-5d74-4b22-ad23-66dd60be37ae req-8262912a-5d74-4b22-ad23-66dd60be37ae ] Request (FloatingIPsTestJSON:tearDownClass): 200 GET http://10.180.1.21/networking/v2.0/security-groups?tenant_id=aafec414e93647629024b692294d7d7c&name=default 0.158s
2025-11-22 05:00:11.619 66401 INFO tempest.lib.common.rest_client [req-4b07b33e-0f2d-4d40-bfae-36a19302109d req-4b07b33e-0f2d-4d40-bfae-36a19302109d ] Request (FloatingIPsTestJSON:tearDownClass): 204 DELETE http://10.180.1.21/networking/v2.0/security-groups/e8d6af79-ad7c-4767-814d-98cc55aefab2 0.473s
2025-11-22 05:00:11.731 66401 INFO tempest.lib.common.rest_client [req-89afa744-c706-4e1a-a5b1-3c2683a028f3 req-89afa744-c706-4e1a-a5b1-3c2683a028f3 ] Request (FloatingIPsTestJSON:tearDownClass): 204 DELETE http://10.180.1.21/identity/v3/projects/aafec414e93647629024b692294d7d7c 0.112s
2025-11-22 05:00:11.732 66401 INFO tempest.test [-] raised in NoVNCConsoleTestJSON.setUpClass. Invoking tearDownClass.
2025-11-22 05:00:11.748 66371 INFO tempest.lib.common.rest_client [req-61693015-5cda-4680-8689-a799efa30ed1 req-61693015-5cda-4680-8689-a799efa30ed1 ] Request (ServersWithSpecificFlavorTestJSON:test_verify_created_server_ephemeral_disk): 202 POST http://10.180.1.21/compute/v2.1/servers 5.673s
2025-11-22 05:00:11.787 66363 INFO tempest.lib.common.rest_client [req-d429a64a-d9bb-4b24-9055-b4f3d2e7094d req-d429a64a-d9bb-4b24-9055-b4f3d2e7094d ] Request (KeyPairsV22TestJSON:test_keypairs_create_list_delete): 201 POST http://10.180.1.21/compute/v2.1/os-keypairs 5.399s
2025-11-22 05:00:11.820 66401 INFO tempest.lib.common.rest_client [req-df421604-f185-47c1-bc4c-fde5cdfbe150 req-df421604-f185-47c1-bc4c-fde5cdfbe150 ] Request (ServerAddressesTestJSON:setUpClass): 201 POST http://10.180.1.21/identity/v3/auth/tokens 0.086s
2025-11-22 05:00:11.857 66401 INFO tempest.lib.common.rest_client [req-102600d8-4f07-48d0-a2ac-5ae3fc785e39 req-102600d8-4f07-48d0-a2ac-5ae3fc785e39 ] Request (ServerAddressesTestJSON:setUpClass): 201 POST http://10.180.1.21/identity/v3/auth/tokens 0.032s
2025-11-22 05:00:11.892 66401 INFO tempest.lib.common.rest_client [req-079f6ff4-ec29-4d6b-9a21-e5f4ab2035df req-079f6ff4-ec29-4d6b-9a21-e5f4ab2035df ] Request (ServerAddressesTestJSON:setUpClass): 200 GET http://10.180.1.21/identity/v3/domains?name=Default 0.035s
2025-11-22 05:00:11.934 66401 INFO tempest.lib.common.rest_client [req-58d9b79b-2e34-4022-8491-52c300b1d6b4 req-58d9b79b-2e34-4022-8491-52c300b1d6b4 ] Request (ServerAddressesTestJSON:setUpClass): 201 POST http://10.180.1.21/identity/v3/projects 0.041s
2025-11-22 05:00:11.942 66378 INFO tempest.lib.common.rest_client [req-f0481c3b-5161-477c-beb4-fb7a31d7e645 req-f0481c3b-5161-477c-beb4-fb7a31d7e645 ] Request (ServicesAdminNegativeTestJSON:test_list_services_with_non_admin_user): 403 GET http://10.180.1.21/compute/v2.1/os-services 5.547s
2025-11-22 05:00:11.960 66365 INFO tempest.lib.common.rest_client [req-2d315db6-bf68-4df6-92fe-2b86a36f2a45 req-2d315db6-bf68-4df6-92fe-2b86a36f2a45 ] Request (FlavorsExtraSpecsTestJSON:test_flavor_set_get_update_show_unset_keys): 200 GET http://10.180.1.21/compute/v2.1/flavors/1369219083/os-extra_specs 5.535s
2025-11-22 05:00:12.000 66401 INFO tempest.lib.common.rest_client [req-b8df69ca-2077-4893-9fc2-c09d3d60435d req-b8df69ca-2077-4893-9fc2-c09d3d60435d ] Request (ServerAddressesTestJSON:setUpClass): 201 POST http://10.180.1.21/identity/v3/users 0.065s
2025-11-22 05:00:12.022 66401 INFO tempest.lib.common.rest_client [req-f9baae72-30c9-45b5-95fc-316845971027 req-f9baae72-30c9-45b5-95fc-316845971027 ] Request (ServerAddressesTestJSON:setUpClass): 200 GET http://10.180.1.21/identity/v3/roles 0.022s
2025-11-22 05:00:12.059 66378 INFO tempest.lib.common.rest_client [req-e4d25ca9-6aac-4b63-aecf-1678e47f4610 req-e4d25ca9-6aac-4b63-aecf-1678e47f4610 ] Request (ServicesAdminNegativeTestJSON:tearDownClass): 204 DELETE http://10.180.1.21/identity/v3/users/59a201d4165c4a20a924238bc36abafa 0.113s
2025-11-22 05:00:12.094 66401 INFO tempest.lib.common.rest_client [req-2ed35da2-7e25-47bd-8f3a-1daeb62d0bf6 req-2ed35da2-7e25-47bd-8f3a-1daeb62d0bf6 ] Request (ServerAddressesTestJSON:setUpClass): 204 PUT http://10.180.1.21/identity/v3/projects/e9fc82e30c00438d901bcc1b31e644a2/users/260f648513314526a187cbcc5d538647/roles/780f46d44c6d4a2da1c1ce644ec523a1 0.071s
2025-11-22 05:00:12.094 66401 INFO tempest.lib.common.dynamic_creds [-] Dynamic test user 260f648513314526a187cbcc5d538647 is created with scope project and roles: ['member']
2025-11-22 05:00:12.094 66401 INFO tempest.lib.common.dynamic_creds [-] Acquired dynamic creds: credentials: Credentials: {'domain_id': 'default', 'domain_name': 'Default', 'username': 'tempest-ServerAddressesTestJSON-1923097882-project-member', 'project_domain_id': 'default', 'project_domain_name': 'Default', 'project_id': 'e9fc82e30c00438d901bcc1b31e644a2', 'project_name': 'tempest-ServerAddressesTestJSON-1923097882', 'tenant_id': 'e9fc82e30c00438d901bcc1b31e644a2', 'tenant_name': 'tempest-ServerAddressesTestJSON-1923097882', 'user_domain_id': 'default', 'user_domain_name': 'Default', 'user_id': '260f648513314526a187cbcc5d538647', 'system': None}, Network: None, Subnet: None, Router: None
2025-11-22 05:00:12.161 66401 INFO tempest.lib.common.rest_client [req-b43c7072-599c-4c19-8c95-27c975a82069 req-b43c7072-599c-4c19-8c95-27c975a82069 ] Request (ServerAddressesTestJSON:setUpClass): 201 POST http://10.180.1.21/identity/v3/auth/tokens 0.066s
2025-11-22 05:00:12.206 66378 INFO tempest.lib.common.rest_client [req-fa066d47-1bc7-40e4-92bf-7cc6bd237b60 req-fa066d47-1bc7-40e4-92bf-7cc6bd237b60 ] Request (ServicesAdminNegativeTestJSON:tearDownClass): 204 DELETE http://10.180.1.21/identity/v3/users/4462b41f735c4ccca99b66d2826541a4 0.146s
2025-11-22 05:00:12.206 66378 INFO tempest.lib.common.dynamic_creds [-] Deleting project and security group for project: 3856adba04254c1ea31f56db4ea37969
2025-11-22 05:00:12.260 66378 INFO tempest.lib.common.rest_client [req-1302f201-bb2e-4fe1-bd43-66c05e34936c req-1302f201-bb2e-4fe1-bd43-66c05e34936c ] Request (ServicesAdminNegativeTestJSON:tearDownClass): 201 POST http://10.180.1.21/identity/v3/auth/tokens 0.053s
2025-11-22 05:00:12.281 66421 INFO tempest.lib.common.rest_client [req-5a38fe05-54e7-4d1b-94c1-05f0819755b4 req-5a38fe05-54e7-4d1b-94c1-05f0819755b4 ] Request (TenantUsagesTestJSON:setUpClass): 200 GET http://10.180.1.21/compute/v2.1/servers/41503ec7-3262-4ab7-b807-15e7f801b87f 5.895s
2025-11-22 05:00:12.292 66421 INFO tempest.common.waiters [-] State transition "BUILD/None" ==> "BUILD/spawning" after 9 second wait
2025-11-22 05:00:12.539 66401 INFO tempest.lib.common.rest_client [req-b9dee9b1-7056-4dc6-9459-e17e4b38f9b0 req-b9dee9b1-7056-4dc6-9459-e17e4b38f9b0 ] Request (ServerAddressesTestJSON:setUpClass): 201 POST http://10.180.1.21/networking/v2.0/networks 0.378s
2025-11-22 05:00:12.670 66378 INFO tempest.lib.common.rest_client [req-83a0c795-023e-4e17-baa1-616bb949eda9 req-83a0c795-023e-4e17-baa1-616bb949eda9 ] Request (ServicesAdminNegativeTestJSON:tearDownClass): 200 GET http://10.180.1.21/networking/v2.0/security-groups?tenant_id=3856adba04254c1ea31f56db4ea37969&name=default 0.409s
2025-11-22 05:00:12.991 66401 INFO tempest.lib.common.rest_client [req-63dc6d7d-c37e-46ea-b91e-242b4c745069 req-63dc6d7d-c37e-46ea-b91e-242b4c745069 ] Request (ServerAddressesTestJSON:setUpClass): 201 POST http://10.180.1.21/networking/v2.0/subnets 0.451s
2025-11-22 05:00:13.092 66378 INFO tempest.lib.common.rest_client [req-37473321-8c18-4d28-a2bb-b6440241d5eb req-37473321-8c18-4d28-a2bb-b6440241d5eb ] Request (ServicesAdminNegativeTestJSON:tearDownClass): 204 DELETE http://10.180.1.21/networking/v2.0/security-groups/e16ac958-39fc-468e-a886-3788db73f36f 0.422s
2025-11-22 05:00:13.174 66378 INFO tempest.lib.common.rest_client [req-dd847546-a601-4aad-be1b-fbc6d29a9539 req-dd847546-a601-4aad-be1b-fbc6d29a9539 ] Request (ServicesAdminNegativeTestJSON:tearDownClass): 204 DELETE http://10.180.1.21/identity/v3/projects/3856adba04254c1ea31f56db4ea37969 0.081s
2025-11-22 05:00:13.174 66378 INFO tempest.lib.common.dynamic_creds [-] Deleting project and security group for project: f033f1c5fbf7428db92158fddc9745af
2025-11-22 05:00:13.523 66415 INFO tempest.lib.common.rest_client [req-898d6772-4fe7-405a-bec4-6248759da331 req-898d6772-4fe7-405a-bec4-6248759da331 ] Request (ServersAdminNegativeTestJSON:test_migrate_server_invalid_state): 202 POST http://10.180.1.21/compute/v2.1/servers 7.034s
2025-11-22 05:00:13.545 66378 INFO tempest.lib.common.rest_client [req-c7ca4305-f588-4be1-9e4e-65e2daa4a99f req-c7ca4305-f588-4be1-9e4e-65e2daa4a99f ] Request (ServicesAdminNegativeTestJSON:tearDownClass): 200 GET http://10.180.1.21/networking/v2.0/security-groups?tenant_id=f033f1c5fbf7428db92158fddc9745af&name=default 0.370s
2025-11-22 05:00:13.547 66411 INFO tempest.lib.common.rest_client [req-8df1e64f-c2d7-461f-836a-df0196cae764 req-8df1e64f-c2d7-461f-836a-df0196cae764 ] Request (FlavorsExtraSpecsNegativeTestJSON:tearDownClass): 200 GET http://10.180.1.21/compute/v2.1/flavors/detail 7.003s
2025-11-22 05:00:13.585 66419 INFO tempest.lib.common.rest_client [req-54bec403-175c-452b-a79e-80b6ed83a621 req-54bec403-175c-452b-a79e-80b6ed83a621 ] Request (FlavorsAccessNegativeTestJSON:_run_cleanups): 200 GET http://10.180.1.21/compute/v2.1/flavors/detail 6.752s
2025-11-22 05:00:13.591 66361 INFO tempest.lib.common.rest_client [req-db57db91-e4cf-4237-874b-0bdfda077420 req-db57db91-e4cf-4237-874b-0bdfda077420 ] Request (HostsAdminNegativeTestJSON:test_update_host_with_invalid_status): 400 PUT http://10.180.1.21/compute/v2.1/os-hosts/devstack 6.751s
2025-11-22 05:00:13.633 66423 INFO tempest.lib.common.rest_client [req-b0df6b51-bbf2-4b2a-8063-c5b2e8412adc req-b0df6b51-bbf2-4b2a-8063-c5b2e8412adc ] Request (FlavorsV2TestJSON:test_list_flavors_using_marker): 200 GET http://10.180.1.21/compute/v2.1/flavors?marker=42 6.776s
2025-11-22 05:00:13.689 66411 INFO tempest.lib.common.rest_client [req-c862cbfc-c5c1-4255-bd1e-923e0190100b req-c862cbfc-c5c1-4255-bd1e-923e0190100b ] Request (FlavorsExtraSpecsNegativeTestJSON:tearDownClass): 204 DELETE http://10.180.1.21/identity/v3/users/eee1c0ec410c415b8811f0c08eb3c0ac 0.136s
2025-11-22 05:00:13.816 66411 INFO tempest.lib.common.rest_client [req-38628106-dc77-4a7e-9320-e171f9ab56d9 req-38628106-dc77-4a7e-9320-e171f9ab56d9 ] Request (FlavorsExtraSpecsNegativeTestJSON:tearDownClass): 204 DELETE http://10.180.1.21/identity/v3/users/293e60d2e69c47169239a0ae5215c870 0.126s
2025-11-22 05:00:13.817 66411 INFO tempest.lib.common.dynamic_creds [-] Deleting project and security group for project: c89d6605619a4294ae768a52a150ccf4
2025-11-22 05:00:13.893 66401 INFO tempest.lib.common.rest_client [req-fda41478-4b97-4ef0-831f-417e6e2b8a1a req-fda41478-4b97-4ef0-831f-417e6e2b8a1a ] Request (ServerAddressesTestJSON:setUpClass): 201 POST http://10.180.1.21/networking/v2.0/routers 0.902s
2025-11-22 05:00:13.913 66411 INFO tempest.lib.common.rest_client [req-9caec9b3-3409-4a83-8367-3070e148b2d1 req-9caec9b3-3409-4a83-8367-3070e148b2d1 ] Request (FlavorsExtraSpecsNegativeTestJSON:tearDownClass): 201 POST http://10.180.1.21/identity/v3/auth/tokens 0.096s
2025-11-22 05:00:14.022 66378 INFO tempest.lib.common.rest_client [req-d16ef5a5-a443-48e6-8286-9da3157da332 req-d16ef5a5-a443-48e6-8286-9da3157da332 ] Request (ServicesAdminNegativeTestJSON:tearDownClass): 204 DELETE http://10.180.1.21/networking/v2.0/security-groups/d8a08c79-1ffe-47d0-a974-b827a63073f6 0.476s
2025-11-22 05:00:14.116 66378 INFO tempest.lib.common.rest_client [req-7066b042-fe47-4e3e-b941-f8457b3bde9d req-7066b042-fe47-4e3e-b941-f8457b3bde9d ] Request (ServicesAdminNegativeTestJSON:tearDownClass): 204 DELETE http://10.180.1.21/identity/v3/projects/f033f1c5fbf7428db92158fddc9745af 0.093s
2025-11-22 05:00:14.180 66378 INFO tempest.lib.common.rest_client [req-4093dfb8-80f1-482a-98bd-d5187efb65f7 req-4093dfb8-80f1-482a-98bd-d5187efb65f7 ] Request (ServicesAdminNegativeV253TestJSON:setUpClass): 201 POST http://10.180.1.21/identity/v3/auth/tokens 0.063s
2025-11-22 05:00:14.205 66411 INFO tempest.lib.common.rest_client [req-3916608e-367d-4a99-a467-89142974015d req-3916608e-367d-4a99-a467-89142974015d ] Request (FlavorsExtraSpecsNegativeTestJSON:tearDownClass): 200 GET http://10.180.1.21/networking/v2.0/security-groups?tenant_id=c89d6605619a4294ae768a52a150ccf4&name=default 0.291s
2025-11-22 05:00:14.219 66378 INFO tempest.lib.common.rest_client [req-b5427c82-9344-4703-88f0-efdccb9f7b41 req-b5427c82-9344-4703-88f0-efdccb9f7b41 ] Request (ServicesAdminNegativeV253TestJSON:setUpClass): 201 POST http://10.180.1.21/identity/v3/auth/tokens 0.035s
2025-11-22 05:00:14.251 66378 INFO tempest.lib.common.rest_client [req-bb142ead-e231-4811-9e6f-ca9280f3e9d7 req-bb142ead-e231-4811-9e6f-ca9280f3e9d7 ] Request (ServicesAdminNegativeV253TestJSON:setUpClass): 200 GET http://10.180.1.21/identity/v3/domains?name=Default 0.032s
2025-11-22 05:00:14.280 66378 INFO tempest.lib.common.rest_client [req-4abdeeb0-3802-4c7b-8f04-3d5ddac040e6 req-4abdeeb0-3802-4c7b-8f04-3d5ddac040e6 ] Request (ServicesAdminNegativeV253TestJSON:setUpClass): 201 POST http://10.180.1.21/identity/v3/projects 0.028s
2025-11-22 05:00:14.350 66378 INFO tempest.lib.common.rest_client [req-fb7364ac-e0ae-4620-ba86-d007132589f4 req-fb7364ac-e0ae-4620-ba86-d007132589f4 ] Request (ServicesAdminNegativeV253TestJSON:setUpClass): 201 POST http://10.180.1.21/identity/v3/users 0.069s
2025-11-22 05:00:14.375 66378 INFO tempest.lib.common.rest_client [req-68ee4a3f-1180-4dc1-b108-39ce6c0a1cdc req-68ee4a3f-1180-4dc1-b108-39ce6c0a1cdc ] Request (ServicesAdminNegativeV253TestJSON:setUpClass): 200 GET http://10.180.1.21/identity/v3/roles 0.024s
2025-11-22 05:00:14.417 66378 INFO tempest.lib.common.rest_client [req-b7c8db83-fb1f-4c37-a74b-45a76df1eb23 req-b7c8db83-fb1f-4c37-a74b-45a76df1eb23 ] Request (ServicesAdminNegativeV253TestJSON:setUpClass): 204 PUT http://10.180.1.21/identity/v3/projects/697a39c624f0462f8daa404ebf9ec3c0/users/25f7a5d24ac74f85852da0504b25db97/roles/780f46d44c6d4a2da1c1ce644ec523a1 0.042s
2025-11-22 05:00:14.418 66378 INFO tempest.lib.common.dynamic_creds [-] Dynamic test user 25f7a5d24ac74f85852da0504b25db97 is created with scope project and roles: ['member']
2025-11-22 05:00:14.418 66378 INFO tempest.lib.common.dynamic_creds [-] Acquired dynamic creds: credentials: Credentials: {'domain_id': 'default', 'domain_name': 'Default', 'username': 'tempest-ServicesAdminNegativeV253TestJSON-1044600981-project-member', 'project_domain_id': 'default', 'project_domain_name': 'Default', 'project_id': '697a39c624f0462f8daa404ebf9ec3c0', 'project_name': 'tempest-ServicesAdminNegativeV253TestJSON-1044600981', 'tenant_id': '697a39c624f0462f8daa404ebf9ec3c0', 'tenant_name': 'tempest-ServicesAdminNegativeV253TestJSON-1044600981', 'user_domain_id': 'default', 'user_domain_name': 'Default', 'user_id': '25f7a5d24ac74f85852da0504b25db97', 'system': None}, Network: None, Subnet: None, Router: None
