2025-11-22 05:02:46.747 66369 INFO tempest.lib.common.rest_client [req-0c3807c9-dfcf-46ff-83d2-12f21c558c8e req-0c3807c9-dfcf-46ff-83d2-12f21c558c8e ] Request (ServerDiagnosticsNegativeTest:tearDownClass): 204 DELETE http://10.180.1.21/compute/v2.1/servers/a53554cc-9cc2-46a0-ad3e-a7775e7f4f0f 0.101s
2025-11-22 05:02:46.797 66391 INFO tempest.lib.common.rest_client [req-71af8d2a-a1c5-4c3f-9209-2fcace656a1f req-71af8d2a-a1c5-4c3f-9209-2fcace656a1f ] Request (FloatingIPsAssociationNegativeTestJSON:tearDownClass): 200 GET http://10.180.1.21/compute/v2.1/servers/a12e8027-1941-4149-8825-99761a8f3182 0.067s
2025-11-22 05:02:46.859 66369 INFO tempest.lib.common.rest_client [req-00064fb4-4387-460d-957e-200db425c8f1 req-00064fb4-4387-460d-957e-200db425c8f1 ] Request (ServerDiagnosticsNegativeTest:tearDownClass): 200 GET http://10.180.1.21/compute/v2.1/servers/a53554cc-9cc2-46a0-ad3e-a7775e7f4f0f 0.111s
2025-11-22 05:02:46.876 66375 INFO tempest.lib.common.rest_client [req-ae1d3e36-ae00-41c0-8109-d6223426f710 req-ae1d3e36-ae00-41c0-8109-d6223426f710 ] Request (ServersV294TestFqdnHostnames:setUpClass): 200 GET http://10.180.1.21/compute/v2.1/servers/16de398e-9735-455c-8062-5bec0941b1be 0.083s
2025-11-22 05:02:46.905 66403 INFO tempest.lib.common.rest_client [req-e1efa884-1d27-426a-b8d1-019cfbc7f9bc req-e1efa884-1d27-426a-b8d1-019cfbc7f9bc ] Request (VolumesTestJSON:setUpClass): 200 GET http://10.180.1.21/volume/v3/volumes/77f03873-9339-4524-968c-ecad82b37ae1 0.051s
2025-11-22 05:02:46.912 66403 INFO tempest.common.waiters [-] volume 77f03873-9339-4524-968c-ecad82b37ae1 reached available after waiting for 1.912622 seconds
2025-11-22 05:02:46.931 66383 INFO tempest.lib.common.rest_client [req-ec878793-166b-4363-ac30-0a2ef89641b1 req-ec878793-166b-4363-ac30-0a2ef89641b1 ] Request (ServersTestManualDisk:setUpClass): 200 GET http://10.180.1.21/compute/v2.1/servers/4ae6a446-f3f5-48a3-a1cb-7b5490d0366f 0.089s
2025-11-22 05:02:46.962 66363 INFO tempest.lib.common.rest_client [req-70158fc4-4661-4a0b-a70b-c14f6994fc17 req-70158fc4-4661-4a0b-a70b-c14f6994fc17 ] Request (ServerAddressesNegativeTestJSON:tearDownClass): 200 GET http://10.180.1.21/compute/v2.1/servers/e81ea6bf-79bf-4010-a824-23e3f883fd86 0.107s
2025-11-22 05:02:47.001 66381 INFO tempest.lib.common.rest_client [req-cb30d66b-6b7d-47ba-8ed3-49055ee55964 req-cb30d66b-6b7d-47ba-8ed3-49055ee55964 ] Request (FloatingIPsAssociationTestJSON:tearDownClass): 200 GET http://10.180.1.21/compute/v2.1/servers/bd8d176c-da59-4cef-8d9e-15d23fff7987 0.104s
2025-11-22 05:02:47.033 66407 INFO tempest.lib.common.rest_client [req-4565daa3-6918-459e-95cc-82e09136359b req-4565daa3-6918-459e-95cc-82e09136359b ] Request (ServerDiskConfigTestJSON:test_resize_server_from_auto_to_manual): 200 GET http://10.180.1.21/compute/v2.1/servers/8caba27e-1b95-4bb4-8ba2-b7685386985d 0.124s
2025-11-22 05:02:47.047 66403 INFO tempest.lib.common.rest_client [req-b9808e58-7d55-479c-8b6f-a0cdb9f2178b req-b9808e58-7d55-479c-8b6f-a0cdb9f2178b ] Request (VolumesTestJSON:setUpClass): 200 GET http://10.180.1.21/compute/v2.1/os-volumes/77f03873-9339-4524-968c-ecad82b37ae1 0.134s
2025-11-22 05:02:47.146 66373 INFO tempest.lib.common.rest_client [req-b7cfceaf-ed36-42aa-be5c-12ffc9b8419c req-b7cfceaf-ed36-42aa-be5c-12ffc9b8419c ] Request (AttachInterfacesTestJSON:_run_cleanups): 200 GET http://10.180.1.21/compute/v2.1/servers/4e9761ca-8039-410a-b3eb-0f3d9ec1b575 0.179s
2025-11-22 05:02:47.206 66365 INFO tempest.lib.common.rest_client [req-904dc212-708f-4023-9254-2a1fd2c11bee req-904dc212-708f-4023-9254-2a1fd2c11bee ] Request (ImagesNegativeTestJSON:test_create_image_from_deleted_server): 200 GET http://10.180.1.21/compute/v2.1/servers/7b1290b3-b263-4a23-ac34-c7048bdeba70 0.233s
2025-11-22 05:02:47.213 66365 INFO tempest.common.waiters [-] State transition "BUILD/None" ==> "BUILD/block_device_mapping" after 48 second wait
2025-11-22 05:02:47.260 66385 INFO tempest.lib.common.rest_client [req-ab2a7190-f7f7-4de6-b7e1-6ddca1ff2aa8 req-ab2a7190-f7f7-4de6-b7e1-6ddca1ff2aa8 ] Request (SecurityGroupsTestJSON:test_server_security_groups): 200 GET http://10.180.1.21/compute/v2.1/servers/b0aa88f8-31c2-405d-b97c-5c2eee535564 0.242s
2025-11-22 05:02:47.318 66403 INFO tempest.lib.common.rest_client [req-c5feeaa6-649e-4c68-a94a-973845745cf6 req-c5feeaa6-649e-4c68-a94a-973845745cf6 ] Request (VolumesTestJSON:test_volume_list): 200 GET http://10.180.1.21/compute/v2.1/os-volumes 0.267s
2025-11-22 05:02:47.328 66367 INFO tempest.lib.common.rest_client [req-c332c614-5981-4914-b066-f562770e2226 req-c332c614-5981-4914-b066-f562770e2226 ] Request (MultipleCreateTestJSON:test_multiple_create_with_reservation_return): 200 GET http://10.180.1.21/compute/v2.1/servers/5b12411d-3d5c-4f83-8907-673104d8d963 0.295s
2025-11-22 05:02:47.597 66413 INFO tempest.lib.common.rest_client [req-271d75f2-a98a-430f-b8e2-768d0e1cbe45 req-271d75f2-a98a-430f-b8e2-768d0e1cbe45 ] Request (ServersNegativeTestMultiTenantJSON:setUpClass): 200 GET http://10.180.1.21/compute/v2.1/servers/1530df27-9b06-4a1c-aec2-09fd0040deb1 0.514s
2025-11-22 05:02:47.611 66401 INFO tempest.lib.common.rest_client [req-9ec9efa8-72de-4ccf-871a-10e9c028c0d1 req-9ec9efa8-72de-4ccf-871a-10e9c028c0d1 ] Request (ServersListShow296Test:test_list_show_update_rebuild_server_296): 200 GET http://10.180.1.21/compute/v2.1/servers/ad407696-c600-4160-9271-a0b127f5aa28 0.501s
2025-11-22 05:02:47.661 66388 INFO tempest.lib.common.rest_client [req-f6b0f9a1-146e-4e1b-a22e-f88de19e657f req-f6b0f9a1-146e-4e1b-a22e-f88de19e657f ] Request (ServerMetadataTestJSON:setUpClass): 200 GET http://10.180.1.21/compute/v2.1/servers/7b7fad65-a6b1-49e6-9ae9-a426b8a71cce 0.478s
2025-11-22 05:02:47.714 66423 INFO tempest.lib.common.rest_client [req-71210ef5-24ee-43f4-ae1e-eb0cc3ae7d9b req-71210ef5-24ee-43f4-ae1e-eb0cc3ae7d9b ] Request (ServersListShow2100Test:test_list_show_rebuild_update_server_2100): 200 GET http://10.180.1.21/compute/v2.1/servers/70b1932b-8666-44fc-a333-2729906c9629 0.534s
2025-11-22 05:02:47.722 66419 INFO tempest.lib.common.rest_client [req-3049dec3-e0cf-4c50-af58-c2e31a075dfc req-3049dec3-e0cf-4c50-af58-c2e31a075dfc ] Request (ServerActionsTestJSON:setUpClass): 200 GET http://10.180.1.21/compute/v2.1/servers/d90221d0-dc79-4ef8-828e-7935765c859f 0.474s
2025-11-22 05:02:47.728 66423 INFO tempest.common.waiters [-] State transition "BUILD/spawning" ==> "ACTIVE/None" after 51 second wait
2025-11-22 05:02:47.780 66403 INFO tempest.lib.common.rest_client [req-59fe62f3-416c-4e70-a679-cb18e2f1b6d1 req-59fe62f3-416c-4e70-a679-cb18e2f1b6d1 ] Request (VolumesTestJSON:test_volume_list_param_limit): 200 GET http://10.180.1.21/compute/v2.1/os-volumes?limit=2 0.457s
2025-11-22 05:02:47.841 66361 INFO tempest.lib.common.rest_client [req-0b43bd2c-8cfe-4ab0-a794-f745ff4ecee4 req-0b43bd2c-8cfe-4ab0-a794-f745ff4ecee4 ] Request (ServersTestMultiNic:test_verify_multiple_nics_order): 200 GET http://10.180.1.21/compute/v2.1/servers/f6b9526d-b605-4ea7-bd8b-a5ba4903da07 0.434s
2025-11-22 05:02:47.867 66405 INFO tempest.lib.common.rest_client [req-62229f77-2c7c-47c3-8bfa-09d1d3195139 req-62229f77-2c7c-47c3-8bfa-09d1d3195139 ] Request (AttachVolumeTestJSON:test_attach_detach_volume): 200 GET http://10.180.1.21/compute/v2.1/servers/9e53a5fb-e38c-4c57-aaf2-92a48c5919c1 0.507s
2025-11-22 05:02:47.967 66395 INFO tempest.lib.common.rest_client [req-608760e1-f41a-4672-884f-1259c7666bd5 req-608760e1-f41a-4672-884f-1259c7666bd5 ] Request (ServersListShow298Test:test_list_show_update_rebuild_server_298): 200 GET http://10.180.1.21/compute/v2.1/servers/d83cad74-4745-41ee-bfa1-4b12c6b72fbc 0.460s
2025-11-22 05:02:48.009 66393 INFO tempest.lib.common.rest_client [req-0ad04e7c-c5a0-45b6-be3d-7282ad563263 req-0ad04e7c-c5a0-45b6-be3d-7282ad563263 ] Request (ServerActionsV293TestJSON:setUpClass): 200 GET http://10.180.1.21/compute/v2.1/servers/803177ce-390b-48c1-accf-08473ced7c9c 0.518s
2025-11-22 05:02:48.034 66409 INFO tempest.lib.common.rest_client [req-73c663a8-05ce-4265-85b8-4afa3a506965 req-73c663a8-05ce-4265-85b8-4afa3a506965 ] Request (ImagesTestJSON:test_create_server_from_snapshot): 200 GET http://10.180.1.21/compute/v2.1/servers/ea2fe798-68e9-4baf-829d-fcfd7cb1f5b8 0.490s
2025-11-22 05:02:48.068 66397 INFO tempest.lib.common.rest_client [req-9bdd72bb-4d6f-42dc-adca-a8a4448c8983 req-9bdd72bb-4d6f-42dc-adca-a8a4448c8983 ] Request (ListServersNegativeTestJSON:setUpClass): 200 GET http://10.180.1.21/compute/v2.1/servers/78ea9499-e2fe-4349-bd3e-7c289790666c 0.506s
2025-11-22 05:02:48.101 66415 INFO tempest.lib.common.rest_client [req-493f4ea0-be96-425b-9976-be0ab7be98f7 req-493f4ea0-be96-425b-9976-be0ab7be98f7 ] Request (ServersAdminNegativeTestJSON:tearDownClass): 200 GET http://10.180.1.21/compute/v2.1/servers/a111cf9d-6287-42f0-ad2d-df78d443bf83 0.483s
2025-11-22 05:02:48.130 66399 INFO tempest.lib.common.rest_client [req-d6fa5657-76a9-4e6b-b627-4fae76e47ce6 req-d6fa5657-76a9-4e6b-b627-4fae76e47ce6 ] Request (AttachInterfacesV270Test:tearDownClass): 200 GET http://10.180.1.21/compute/v2.1/servers/d8facd91-3514-46ab-83dd-4287cb63171e 0.452s
2025-11-22 05:02:48.150 66379 INFO tempest.lib.common.rest_client [req-757ab5cf-378e-47d2-92ad-2c5a51a80abd req-757ab5cf-378e-47d2-92ad-2c5a51a80abd ] Request (MigrationsAdminTest:test_list_migrations_in_flavor_resize_situation): 200 GET http://10.180.1.21/compute/v2.1/servers/745f687f-2e50-4fdc-a1c3-f8895003b285 0.432s
2025-11-22 05:02:48.194 66403 INFO tempest.lib.common.rest_client [req-444a625c-11df-4be6-a443-8fc7e829f5b1 req-444a625c-11df-4be6-a443-8fc7e829f5b1 ] Request (VolumesTestJSON:test_volume_list_param_offset_and_limit): 200 GET http://10.180.1.21/compute/v2.1/os-volumes 0.409s
2025-11-22 05:02:48.277 66391 INFO tempest.lib.common.rest_client [req-98f50977-4a78-4e1e-95aa-d701119944c3 req-98f50977-4a78-4e1e-95aa-d701119944c3 ] Request (FloatingIPsAssociationNegativeTestJSON:tearDownClass): 200 GET http://10.180.1.21/compute/v2.1/servers/a12e8027-1941-4149-8825-99761a8f3182 0.471s
2025-11-22 05:02:48.323 66423 INFO tempest.lib.common.rest_client [req-0d3c2f35-2ca9-4a45-8403-c78f9625632b req-0d3c2f35-2ca9-4a45-8403-c78f9625632b ] Request (ServersListShow2100Test:test_list_show_rebuild_update_server_2100): 200 GET http://10.180.1.21/compute/v2.1/servers/detail 0.594s
2025-11-22 05:02:48.413 66375 INFO tempest.lib.common.rest_client [req-4b6fcc6e-1ef1-40fa-8a14-884244d60de9 req-4b6fcc6e-1ef1-40fa-8a14-884244d60de9 ] Request (ServersV294TestFqdnHostnames:setUpClass): 200 GET http://10.180.1.21/compute/v2.1/servers/16de398e-9735-455c-8062-5bec0941b1be 0.518s
2025-11-22 05:02:48.428 66369 INFO tempest.lib.common.rest_client [req-cb981033-ea7b-4232-85c1-b33be0fd7866 req-cb981033-ea7b-4232-85c1-b33be0fd7866 ] Request (ServerDiagnosticsNegativeTest:tearDownClass): 200 GET http://10.180.1.21/compute/v2.1/servers/a53554cc-9cc2-46a0-ad3e-a7775e7f4f0f 0.559s
2025-11-22 05:02:48.452 66363 INFO tempest.lib.common.rest_client [req-d3399644-07ab-43c2-81af-99ae4a7538f0 req-d3399644-07ab-43c2-81af-99ae4a7538f0 ] Request (ServerAddressesNegativeTestJSON:tearDownClass): 404 GET http://10.180.1.21/compute/v2.1/servers/e81ea6bf-79bf-4010-a824-23e3f883fd86 0.477s
2025-11-22 05:02:48.478 66383 INFO tempest.lib.common.rest_client [req-e8960a43-3361-4f15-ab3c-967530b0ca38 req-e8960a43-3361-4f15-ab3c-967530b0ca38 ] Request (ServersTestManualDisk:setUpClass): 200 GET http://10.180.1.21/compute/v2.1/servers/4ae6a446-f3f5-48a3-a1cb-7b5490d0366f 0.538s
2025-11-22 05:02:48.557 66381 INFO tempest.lib.common.rest_client [req-fa96aab7-7de9-4b79-88bb-fed0a879d687 req-fa96aab7-7de9-4b79-88bb-fed0a879d687 ] Request (FloatingIPsAssociationTestJSON:tearDownClass): 200 GET http://10.180.1.21/compute/v2.1/servers/bd8d176c-da59-4cef-8d9e-15d23fff7987 0.542s
2025-11-22 05:02:48.573 66407 INFO tempest.lib.common.rest_client [req-7c52160c-98b5-45c5-9cf0-803253b1d427 req-7c52160c-98b5-45c5-9cf0-803253b1d427 ] Request (ServerDiskConfigTestJSON:test_resize_server_from_auto_to_manual): 200 GET http://10.180.1.21/compute/v2.1/servers/8caba27e-1b95-4bb4-8ba2-b7685386985d 0.529s
2025-11-22 05:02:48.621 66403 INFO tempest.lib.common.rest_client [req-99d335c6-fe62-45d3-8f54-fae0acabba1b req-99d335c6-fe62-45d3-8f54-fae0acabba1b ] Request (VolumesTestJSON:test_volume_list_param_offset_and_limit): 200 GET http://10.180.1.21/compute/v2.1/os-volumes?offset=1&limit=1 0.423s
2025-11-22 05:02:48.622 66373 INFO tempest.lib.common.rest_client [req-9d8968bd-640c-434e-91d2-1311be8e5f20 req-9d8968bd-640c-434e-91d2-1311be8e5f20 ] Request (AttachInterfacesTestJSON:_run_cleanups): 200 GET http://10.180.1.21/compute/v2.1/servers/4e9761ca-8039-410a-b3eb-0f3d9ec1b575 0.467s
2025-11-22 05:02:48.756 66385 INFO tempest.lib.common.rest_client [req-90a9b939-d905-41e1-a0f9-2e5308ad1eee req-90a9b939-d905-41e1-a0f9-2e5308ad1eee ] Request (SecurityGroupsTestJSON:test_server_security_groups): 200 GET http://10.180.1.21/compute/v2.1/servers/b0aa88f8-31c2-405d-b97c-5c2eee535564 0.488s
2025-11-22 05:02:48.784 66365 INFO tempest.lib.common.rest_client [req-b3c99d2a-4a69-41c6-8148-aae7b7f1f5e6 req-b3c99d2a-4a69-41c6-8148-aae7b7f1f5e6 ] Request (ImagesNegativeTestJSON:test_create_image_from_deleted_server): 200 GET http://10.180.1.21/compute/v2.1/servers/7b1290b3-b263-4a23-ac34-c7048bdeba70 0.571s
2025-11-22 05:02:48.793 66365 INFO tempest.common.waiters [-] State transition "BUILD/block_device_mapping" ==> "BUILD/spawning" after 49 second wait
2025-11-22 05:02:48.820 66423 INFO tempest.lib.common.rest_client [req-f756671b-b6d6-4a0c-8622-3d9083ebf7a3 req-f756671b-b6d6-4a0c-8622-3d9083ebf7a3 ] Request (ServersListShow2100Test:test_list_show_rebuild_update_server_2100): 200 GET http://10.180.1.21/compute/v2.1/servers/70b1932b-8666-44fc-a333-2729906c9629 0.485s
2025-11-22 05:02:48.842 66367 INFO tempest.lib.common.rest_client [req-8b5ac629-7276-402a-b0ef-8c358ef60abf req-8b5ac629-7276-402a-b0ef-8c358ef60abf ] Request (MultipleCreateTestJSON:test_multiple_create_with_reservation_return): 200 GET http://10.180.1.21/compute/v2.1/servers/5b12411d-3d5c-4f83-8907-673104d8d963 0.505s
2025-11-22 05:02:48.911 66413 INFO tempest.lib.common.rest_client [req-0bea377e-18f6-4ea3-b51f-24b5590cee21 req-0bea377e-18f6-4ea3-b51f-24b5590cee21 ] Request (ServersNegativeTestMultiTenantJSON:setUpClass): 200 GET http://10.180.1.21/compute/v2.1/servers/1530df27-9b06-4a1c-aec2-09fd0040deb1 0.305s
2025-11-22 05:02:48.918 66413 INFO tempest.common.waiters [-] State transition "BUILD/scheduling" ==> "BUILD/None" after 19 second wait
2025-11-22 05:02:48.932 66401 INFO tempest.lib.common.rest_client [req-988681e3-12b6-405a-99ee-8511188e35bd req-988681e3-12b6-405a-99ee-8511188e35bd ] Request (ServersListShow296Test:test_list_show_update_rebuild_server_296): 200 GET http://10.180.1.21/compute/v2.1/servers/ad407696-c600-4160-9271-a0b127f5aa28 0.310s
2025-11-22 05:02:48.948 66403 INFO tempest.lib.common.rest_client [req-ad645048-4699-48f6-a1ea-7cfac0383be3 req-ad645048-4699-48f6-a1ea-7cfac0383be3 ] Request (VolumesTestJSON:test_volume_list_with_detail_param_limit): 200 GET http://10.180.1.21/compute/v2.1/os-volumes/detail?limit=2 0.322s
2025-11-22 05:02:49.048 66388 INFO tempest.lib.common.rest_client [req-8ce0836a-b2df-4fb7-9486-af021556959f req-8ce0836a-b2df-4fb7-9486-af021556959f ] Request (ServerMetadataTestJSON:setUpClass): 200 GET http://10.180.1.21/compute/v2.1/servers/7b7fad65-a6b1-49e6-9ae9-a426b8a71cce 0.379s
2025-11-22 05:02:49.065 66419 INFO tempest.lib.common.rest_client [req-b4a808db-807b-421a-a9ef-6e91807a9dcd req-b4a808db-807b-421a-a9ef-6e91807a9dcd ] Request (ServerActionsTestJSON:setUpClass): 200 GET http://10.180.1.21/compute/v2.1/servers/d90221d0-dc79-4ef8-828e-7935765c859f 0.336s
2025-11-22 05:02:49.201 66421 WARNING tempest.lib.common.ssh [-] Failed to establish authenticated ssh connection to cirros@10.180.180.177 ([Errno None] Unable to connect to port 22 on 10.180.180.177). Number attempts: 3. Retry after 4 seconds.: paramiko.ssh_exception.NoValidConnectionsError: [Errno None] Unable to connect to port 22 on 10.180.180.177
2025-11-22 05:02:49.343 66361 INFO tempest.lib.common.rest_client [req-199bd1ee-6971-472d-a84d-b283dbf2fef7 req-199bd1ee-6971-472d-a84d-b283dbf2fef7 ] Request (ServersTestMultiNic:test_verify_multiple_nics_order): 200 GET http://10.180.1.21/compute/v2.1/servers/f6b9526d-b605-4ea7-bd8b-a5ba4903da07 0.494s
2025-11-22 05:02:49.362 66423 INFO tempest.lib.common.rest_client [req-a187ffc8-036b-40fa-bab3-fc35e0686817 req-a187ffc8-036b-40fa-bab3-fc35e0686817 ] Request (ServersListShow2100Test:test_list_show_rebuild_update_server_2100): 200 PUT http://10.180.1.21/compute/v2.1/servers/70b1932b-8666-44fc-a333-2729906c9629 0.527s
2025-11-22 05:02:49.406 66403 INFO tempest.lib.common.rest_client [req-35a0d750-fb40-4066-ac7d-404c86f7bd6e req-35a0d750-fb40-4066-ac7d-404c86f7bd6e ] Request (VolumesTestJSON:test_volume_list_with_detail_param_offset_and_limit): 200 GET http://10.180.1.21/compute/v2.1/os-volumes/detail 0.454s
2025-11-22 05:02:49.476 66395 INFO tempest.lib.common.rest_client [req-4ff17c16-00fc-466c-bb00-451b02cebccc req-4ff17c16-00fc-466c-bb00-451b02cebccc ] Request (ServersListShow298Test:test_list_show_update_rebuild_server_298): 200 GET http://10.180.1.21/compute/v2.1/servers/d83cad74-4745-41ee-bfa1-4b12c6b72fbc 0.495s
2025-11-22 05:02:49.494 66395 INFO tempest.common.waiters [-] State transition "BUILD/scheduling" ==> "BUILD/None" after 19 second wait
2025-11-22 05:02:49.509 66405 INFO tempest.lib.common.rest_client [req-1ff0cfd8-3f82-4f7a-9f76-137db4e67864 req-1ff0cfd8-3f82-4f7a-9f76-137db4e67864 ] Request (AttachVolumeTestJSON:test_attach_detach_volume): 200 GET http://10.180.1.21/compute/v2.1/servers/9e53a5fb-e38c-4c57-aaf2-92a48c5919c1 0.633s
2025-11-22 05:02:49.616 66409 INFO tempest.lib.common.rest_client [req-02aec2f1-f89f-4bbd-9b5a-f597a31f867c req-02aec2f1-f89f-4bbd-9b5a-f597a31f867c ] Request (ImagesTestJSON:test_create_server_from_snapshot): 200 GET http://10.180.1.21/compute/v2.1/servers/ea2fe798-68e9-4baf-829d-fcfd7cb1f5b8 0.572s
2025-11-22 05:02:49.633 66363 INFO tempest.lib.common.rest_client [req-b0fa8f6e-ff0a-4613-b617-e509e9fa3fc2 req-b0fa8f6e-ff0a-4613-b617-e509e9fa3fc2 ] Request (ServerAddressesNegativeTestJSON:tearDownClass): 200 PUT http://10.180.1.21/networking/v2.0/routers/63048e4d-239d-449e-8fcb-c95bedf94b49/remove_router_interface 1.180s
2025-11-22 05:02:49.662 66393 INFO tempest.lib.common.rest_client [req-fd415981-8f2b-42a5-a5f6-4c0d4554f391 req-fd415981-8f2b-42a5-a5f6-4c0d4554f391 ] Request (ServerActionsV293TestJSON:setUpClass): 200 GET http://10.180.1.21/compute/v2.1/servers/803177ce-390b-48c1-accf-08473ced7c9c 0.642s
2025-11-22 05:02:49.679 66397 INFO tempest.lib.common.rest_client [req-1fa3e7e8-5a7c-4fe2-874c-8d05030fe030 req-1fa3e7e8-5a7c-4fe2-874c-8d05030fe030 ] Request (ListServersNegativeTestJSON:setUpClass): 200 GET http://10.180.1.21/compute/v2.1/servers/78ea9499-e2fe-4349-bd3e-7c289790666c 0.602s
2025-11-22 05:02:49.729 66415 INFO tempest.lib.common.rest_client [req-98e258fb-bd78-42ec-ba9d-81b7a7ae2afe req-98e258fb-bd78-42ec-ba9d-81b7a7ae2afe ] Request (ServersAdminNegativeTestJSON:tearDownClass): 200 GET http://10.180.1.21/compute/v2.1/servers/a111cf9d-6287-42f0-ad2d-df78d443bf83 0.620s
2025-11-22 05:02:49.776 66399 INFO tempest.lib.common.rest_client [req-bc232453-2467-4569-a479-cbf99a4c2215 req-bc232453-2467-4569-a479-cbf99a4c2215 ] Request (AttachInterfacesV270Test:tearDownClass): 200 GET http://10.180.1.21/compute/v2.1/servers/d8facd91-3514-46ab-83dd-4287cb63171e 0.632s
2025-11-22 05:02:49.792 66379 INFO tempest.lib.common.rest_client [req-fbd83282-74e3-4cc1-b34b-1383d0e77703 req-fbd83282-74e3-4cc1-b34b-1383d0e77703 ] Request (MigrationsAdminTest:test_list_migrations_in_flavor_resize_situation): 200 GET http://10.180.1.21/compute/v2.1/servers/745f687f-2e50-4fdc-a1c3-f8895003b285 0.633s
2025-11-22 05:02:49.865 66391 INFO tempest.lib.common.rest_client [req-fd24e56b-e312-46da-8fdb-23ab4738c297 req-fd24e56b-e312-46da-8fdb-23ab4738c297 ] Request (FloatingIPsAssociationNegativeTestJSON:tearDownClass): 200 GET http://10.180.1.21/compute/v2.1/servers/a12e8027-1941-4149-8825-99761a8f3182 0.580s
2025-11-22 05:02:49.883 66423 INFO tempest.lib.common.rest_client [req-240d38c4-8da1-48e2-9918-edf9d46285aa req-240d38c4-8da1-48e2-9918-edf9d46285aa ] Request (ServersListShow2100Test:test_list_show_rebuild_update_server_2100): 200 GET http://10.180.1.21/compute/v2.1/servers/70b1932b-8666-44fc-a333-2729906c9629 0.500s
2025-11-22 05:02:49.898 66403 INFO tempest.lib.common.rest_client [req-cea9800d-c85f-4f99-8a98-abe83200b297 req-cea9800d-c85f-4f99-8a98-abe83200b297 ] Request (VolumesTestJSON:test_volume_list_with_detail_param_offset_and_limit): 200 GET http://10.180.1.21/compute/v2.1/os-volumes/detail?offset=1&limit=1 0.488s
2025-11-22 05:02:49.942 66375 INFO tempest.lib.common.rest_client [req-e86dd621-b0d7-4c60-b2e4-f9e926f30586 req-e86dd621-b0d7-4c60-b2e4-f9e926f30586 ] Request (ServersV294TestFqdnHostnames:setUpClass): 200 GET http://10.180.1.21/compute/v2.1/servers/16de398e-9735-455c-8062-5bec0941b1be 0.514s
2025-11-22 05:02:49.956 66369 INFO tempest.lib.common.rest_client [req-a7d4ecd5-d61b-40ba-a3d7-e715ba8ac119 req-a7d4ecd5-d61b-40ba-a3d7-e715ba8ac119 ] Request (ServerDiagnosticsNegativeTest:tearDownClass): 200 GET http://10.180.1.21/compute/v2.1/servers/a53554cc-9cc2-46a0-ad3e-a7775e7f4f0f 0.516s
2025-11-22 05:02:50.016 66383 INFO tempest.lib.common.rest_client [req-683162b7-d88a-46ec-a213-4f96dcca97bc req-683162b7-d88a-46ec-a213-4f96dcca97bc ] Request (ServersTestManualDisk:setUpClass): 200 GET http://10.180.1.21/compute/v2.1/servers/4ae6a446-f3f5-48a3-a1cb-7b5490d0366f 0.524s
2025-11-22 05:02:50.033 66381 INFO tempest.lib.common.rest_client [req-123d7407-0562-47d8-bec4-b425945f8d59 req-123d7407-0562-47d8-bec4-b425945f8d59 ] Request (FloatingIPsAssociationTestJSON:tearDownClass): 200 GET http://10.180.1.21/compute/v2.1/servers/bd8d176c-da59-4cef-8d9e-15d23fff7987 0.468s
2025-11-22 05:02:50.041 66363 INFO tempest.lib.common.rest_client [req-9686126b-444a-4ff8-a304-de926eb01197 req-9686126b-444a-4ff8-a304-de926eb01197 ] Request (ServerAddressesNegativeTestJSON:tearDownClass): 204 DELETE http://10.180.1.21/networking/v2.0/routers/63048e4d-239d-449e-8fcb-c95bedf94b49 0.407s
2025-11-22 05:02:50.087 66407 INFO tempest.lib.common.rest_client [req-6030ff5b-4f68-4659-8e11-3a72c2f9c05d req-6030ff5b-4f68-4659-8e11-3a72c2f9c05d ] Request (ServerDiskConfigTestJSON:test_resize_server_from_auto_to_manual): 200 GET http://10.180.1.21/compute/v2.1/servers/8caba27e-1b95-4bb4-8ba2-b7685386985d 0.506s
2025-11-22 05:02:50.108 66373 INFO tempest.lib.common.rest_client [req-50c2e445-6ff7-4b06-a92f-4e800122b91e req-50c2e445-6ff7-4b06-a92f-4e800122b91e ] Request (AttachInterfacesTestJSON:_run_cleanups): 200 GET http://10.180.1.21/compute/v2.1/servers/4e9761ca-8039-410a-b3eb-0f3d9ec1b575 0.473s
2025-11-22 05:02:50.145 66385 INFO tempest.lib.common.rest_client [req-d12c7d52-f544-4e75-b58b-84b20b2670ed req-d12c7d52-f544-4e75-b58b-84b20b2670ed ] Request (SecurityGroupsTestJSON:test_server_security_groups): 200 GET http://10.180.1.21/compute/v2.1/servers/b0aa88f8-31c2-405d-b97c-5c2eee535564 0.375s
2025-11-22 05:02:50.205 66363 INFO tempest.lib.common.rest_client [req-09238e1c-51d9-40dd-8d2b-c7fc50efb240 req-09238e1c-51d9-40dd-8d2b-c7fc50efb240 ] Request (ServerAddressesNegativeTestJSON:tearDownClass): 204 DELETE http://10.180.1.21/networking/v2.0/subnets/95fa906b-3cac-4650-bccb-57db404ffe4d 0.163s
2025-11-22 05:02:50.226 66367 INFO tempest.lib.common.rest_client [req-a702652d-424f-4f33-a9fb-7fda7eda30ec req-a702652d-424f-4f33-a9fb-7fda7eda30ec ] Request (MultipleCreateTestJSON:test_multiple_create_with_reservation_return): 200 GET http://10.180.1.21/compute/v2.1/servers/5b12411d-3d5c-4f83-8907-673104d8d963 0.366s
2025-11-22 05:02:50.244 66365 INFO tempest.lib.common.rest_client [req-306b62a1-906b-45fd-a772-6201d654b345 req-306b62a1-906b-45fd-a772-6201d654b345 ] Request (ImagesNegativeTestJSON:test_create_image_from_deleted_server): 200 GET http://10.180.1.21/compute/v2.1/servers/7b1290b3-b263-4a23-ac34-c7048bdeba70 0.451s
2025-11-22 05:02:50.286 66403 INFO tempest.lib.common.rest_client [req-7a80a375-bb53-4cd0-8fc9-8cedf12fbb2b req-7a80a375-bb53-4cd0-8fc9-8cedf12fbb2b ] Request (VolumesTestJSON:test_volume_list_with_details): 200 GET http://10.180.1.21/compute/v2.1/os-volumes/detail 0.384s
2025-11-22 05:02:50.296 66417 INFO paramiko.transport [-] Connected (version 2.0, client dropbear_2020.81)
2025-11-22 05:02:50.336 66403 INFO tempest.lib.common.rest_client [req-6787bbda-1f83-4a74-9c22-d1aaa11c6f0f req-6787bbda-1f83-4a74-9c22-d1aaa11c6f0f ] Request (VolumesTestJSON:tearDownClass): 202 DELETE http://10.180.1.21/volume/v3/volumes/77f03873-9339-4524-968c-ecad82b37ae1 0.043s
2025-11-22 05:02:50.342 66413 INFO tempest.lib.common.rest_client [req-dbdc9ac9-07f5-49be-be47-e434644218ab req-dbdc9ac9-07f5-49be-be47-e434644218ab ] Request (ServersNegativeTestMultiTenantJSON:setUpClass): 200 GET http://10.180.1.21/compute/v2.1/servers/1530df27-9b06-4a1c-aec2-09fd0040deb1 0.423s
2025-11-22 05:02:50.369 66403 INFO tempest.lib.common.rest_client [req-b24e6c2b-f7b6-4eab-ac34-066874e16630 req-b24e6c2b-f7b6-4eab-ac34-066874e16630 ] Request (VolumesTestJSON:tearDownClass): 200 GET http://10.180.1.21/volume/v3/volumes/77f03873-9339-4524-968c-ecad82b37ae1 0.033s
2025-11-22 05:02:50.407 66417 INFO paramiko.transport [-] Authentication (publickey) successful!
2025-11-22 05:02:50.408 66417 INFO tempest.lib.common.ssh [-] ssh connection to cirros@10.180.180.129 successfully created
2025-11-22 05:02:50.456 66401 INFO tempest.lib.common.rest_client [req-99fa6198-61e8-45b3-a84a-d9f8d1dee806 req-99fa6198-61e8-45b3-a84a-d9f8d1dee806 ] Request (ServersListShow296Test:test_list_show_update_rebuild_server_296): 200 GET http://10.180.1.21/compute/v2.1/servers/ad407696-c600-4160-9271-a0b127f5aa28 0.503s
2025-11-22 05:02:50.489 66423 INFO tempest.lib.common.rest_client [req-9a6efe3a-3580-4a82-b621-dc3e62eb4201 req-9a6efe3a-3580-4a82-b621-dc3e62eb4201 ] Request (ServersListShow2100Test:test_list_show_rebuild_update_server_2100): 202 POST http://10.180.1.21/compute/v2.1/servers/70b1932b-8666-44fc-a333-2729906c9629/action 0.594s
2025-11-22 05:02:50.520 66363 INFO tempest.lib.common.rest_client [req-7d7ad392-b395-4517-9d99-b549ac4f1e9b req-7d7ad392-b395-4517-9d99-b549ac4f1e9b ] Request (ServerAddressesNegativeTestJSON:tearDownClass): 204 DELETE http://10.180.1.21/networking/v2.0/networks/b65c6ba2-c2b4-4d36-9048-6ec7008bf6c7 0.314s
2025-11-22 05:02:50.540 66388 INFO tempest.lib.common.rest_client [req-59cd58af-b1a4-4464-8155-4a117726be96 req-59cd58af-b1a4-4464-8155-4a117726be96 ] Request (ServerMetadataTestJSON:setUpClass): 200 GET http://10.180.1.21/compute/v2.1/servers/7b7fad65-a6b1-49e6-9ae9-a426b8a71cce 0.483s
2025-11-22 05:02:50.561 66419 INFO tempest.lib.common.rest_client [req-6316b732-b6ab-4526-8248-bcf2c3391684 req-6316b732-b6ab-4526-8248-bcf2c3391684 ] Request (ServerActionsTestJSON:setUpClass): 200 GET http://10.180.1.21/compute/v2.1/servers/d90221d0-dc79-4ef8-828e-7935765c859f 0.487s
2025-11-22 05:02:50.601 66361 INFO tempest.lib.common.rest_client [req-145bcc59-31b9-450d-ae47-87c89c590f6d req-145bcc59-31b9-450d-ae47-87c89c590f6d ] Request (ServersTestMultiNic:test_verify_multiple_nics_order): 200 GET http://10.180.1.21/compute/v2.1/servers/f6b9526d-b605-4ea7-bd8b-a5ba4903da07 0.248s
2025-11-22 05:02:50.669 66363 INFO tempest.lib.common.rest_client [req-9bc8c8cc-f4ed-4849-a800-534029d69739 req-9bc8c8cc-f4ed-4849-a800-534029d69739 ] Request (ServerAddressesNegativeTestJSON:tearDownClass): 204 DELETE http://10.180.1.21/identity/v3/users/f0ffe880c8104028bdc655dc350c3587 0.149s
2025-11-22 05:02:50.670 66363 INFO tempest.lib.common.dynamic_creds [-] Deleting project and security group for project: 28e1cd553fb44b00a2e4e353abef2575
2025-11-22 05:02:50.691 66395 INFO tempest.lib.common.rest_client [req-7a230bec-ff72-453f-933e-a5f4df0b1b3c req-7a230bec-ff72-453f-933e-a5f4df0b1b3c ] Request (ServersListShow298Test:test_list_show_update_rebuild_server_298): 200 GET http://10.180.1.21/compute/v2.1/servers/d83cad74-4745-41ee-bfa1-4b12c6b72fbc 0.195s
2025-11-22 05:02:50.725 66363 INFO tempest.lib.common.rest_client [req-286fff5d-b94a-431e-be76-e28fa013256d req-286fff5d-b94a-431e-be76-e28fa013256d ] Request (ServerAddressesNegativeTestJSON:tearDownClass): 200 GET http://10.180.1.21/networking/v2.0/security-groups?tenant_id=28e1cd553fb44b00a2e4e353abef2575&name=default 0.055s
2025-11-22 05:02:50.726 66417 INFO tempest.lib.common.rest_client [req-12018a89-7047-4f15-96fb-764fd463c3eb req-12018a89-7047-4f15-96fb-764fd463c3eb ] Request (ServerActionsTestOtherB:setUp): 200 GET http://10.180.1.21/compute/v2.1/servers/048e0480-3cb7-4cce-aa59-9c9cdd189bb7 0.317s
2025-11-22 05:02:50.787 66423 INFO tempest.lib.common.rest_client [req-cea205ff-e51b-415b-96d4-506f613a7879 req-cea205ff-e51b-415b-96d4-506f613a7879 ] Request (ServersListShow2100Test:test_list_show_rebuild_update_server_2100): 200 GET http://10.180.1.21/compute/v2.1/servers/70b1932b-8666-44fc-a333-2729906c9629 0.282s
2025-11-22 05:02:50.862 66405 INFO tempest.lib.common.rest_client [req-7e8fef58-f5b0-4eca-bcb3-bc5386e8c634 req-7e8fef58-f5b0-4eca-bcb3-bc5386e8c634 ] Request (AttachVolumeTestJSON:test_attach_detach_volume): 200 GET http://10.180.1.21/compute/v2.1/servers/9e53a5fb-e38c-4c57-aaf2-92a48c5919c1 0.340s
2025-11-22 05:02:50.865 66363 INFO tempest.lib.common.rest_client [req-0dd8e388-06cd-4450-8c80-c6cb460c9b11 req-0dd8e388-06cd-4450-8c80-c6cb460c9b11 ] Request (ServerAddressesNegativeTestJSON:tearDownClass): 204 DELETE http://10.180.1.21/networking/v2.0/security-groups/1d105417-1be7-4fca-97ba-cd0b5acc5a61 0.140s
2025-11-22 05:02:50.870 66405 INFO tempest.common.waiters [-] State transition "SHUTOFF/powering-on" ==> "ACTIVE/None" after 4 second wait
2025-11-22 05:02:50.870 66405 INFO tempest.lib.common.ssh [-] Creating ssh connection to '10.180.180.155:22' as 'cirros' with public key authentication
2025-11-22 05:02:50.876 66409 INFO tempest.lib.common.rest_client [req-42e84ecd-144f-443b-a127-86091c611d54 req-42e84ecd-144f-443b-a127-86091c611d54 ] Request (ImagesTestJSON:test_create_server_from_snapshot): 200 GET http://10.180.1.21/compute/v2.1/servers/ea2fe798-68e9-4baf-829d-fcfd7cb1f5b8 0.251s
2025-11-22 05:02:50.931 66397 INFO tempest.lib.common.rest_client [req-60ac6064-03a5-4adf-ac4e-b65b625a6080 req-60ac6064-03a5-4adf-ac4e-b65b625a6080 ] Request (ListServersNegativeTestJSON:setUpClass): 200 GET http://10.180.1.21/compute/v2.1/servers/78ea9499-e2fe-4349-bd3e-7c289790666c 0.240s
2025-11-22 05:02:50.974 66363 INFO tempest.lib.common.rest_client [req-68ddad15-d6f6-4112-b537-a90d6936386f req-68ddad15-d6f6-4112-b537-a90d6936386f ] Request (ServerAddressesNegativeTestJSON:tearDownClass): 204 DELETE http://10.180.1.21/identity/v3/projects/28e1cd553fb44b00a2e4e353abef2575 0.108s
2025-11-22 05:02:50.984 66393 INFO tempest.lib.common.rest_client [req-28447862-626f-4892-ac0f-c016d86ddae3 req-28447862-626f-4892-ac0f-c016d86ddae3 ] Request (ServerActionsV293TestJSON:setUpClass): 200 GET http://10.180.1.21/compute/v2.1/servers/803177ce-390b-48c1-accf-08473ced7c9c 0.303s
2025-11-22 05:02:51.064 66363 INFO tempest.lib.common.rest_client [req-98e95c1b-ad5d-4925-b2f1-58e42c864166 req-98e95c1b-ad5d-4925-b2f1-58e42c864166 ] Request (ServerTagsTestJSON:setUpClass): 201 POST http://10.180.1.21/identity/v3/auth/tokens 0.088s
2025-11-22 05:02:51.091 66415 INFO tempest.lib.common.rest_client [req-d95d0806-7407-470f-b079-5d5a18beef68 req-d95d0806-7407-470f-b079-5d5a18beef68 ] Request (ServersAdminNegativeTestJSON:tearDownClass): 200 GET http://10.180.1.21/compute/v2.1/servers/a111cf9d-6287-42f0-ad2d-df78d443bf83 0.350s
2025-11-22 05:02:51.104 66363 INFO tempest.lib.common.rest_client [req-ec552bac-1407-452c-bce3-efddd58837bd req-ec552bac-1407-452c-bce3-efddd58837bd ] Request (ServerTagsTestJSON:setUpClass): 201 POST http://10.180.1.21/identity/v3/auth/tokens 0.035s
2025-11-22 05:02:51.133 66363 INFO tempest.lib.common.rest_client [req-0a14613b-3ebf-40cf-a009-3b9c8e2d7992 req-0a14613b-3ebf-40cf-a009-3b9c8e2d7992 ] Request (ServerTagsTestJSON:setUpClass): 200 GET http://10.180.1.21/identity/v3/domains?name=Default 0.029s
2025-11-22 05:02:51.155 66399 INFO tempest.lib.common.rest_client [req-90b8620a-e9fc-4f74-848b-c1f13a2851e7 req-90b8620a-e9fc-4f74-848b-c1f13a2851e7 ] Request (AttachInterfacesV270Test:tearDownClass): 200 GET http://10.180.1.21/compute/v2.1/servers/d8facd91-3514-46ab-83dd-4287cb63171e 0.366s
2025-11-22 05:02:51.166 66363 INFO tempest.lib.common.rest_client [req-d649f360-065b-43f8-b268-a25cfe1beaaa req-d649f360-065b-43f8-b268-a25cfe1beaaa ] Request (ServerTagsTestJSON:setUpClass): 201 POST http://10.180.1.21/identity/v3/projects 0.031s
2025-11-22 05:02:51.218 66379 INFO tempest.lib.common.rest_client [req-323aef4e-537d-4621-99ff-9e054ab69208 req-323aef4e-537d-4621-99ff-9e054ab69208 ] Request (MigrationsAdminTest:test_list_migrations_in_flavor_resize_situation): 200 GET http://10.180.1.21/compute/v2.1/servers/745f687f-2e50-4fdc-a1c3-f8895003b285 0.412s
2025-11-22 05:02:51.227 66363 INFO tempest.lib.common.rest_client [req-da17a476-8fdc-45d7-8e40-35916223539d req-da17a476-8fdc-45d7-8e40-35916223539d ] Request (ServerTagsTestJSON:setUpClass): 201 POST http://10.180.1.21/identity/v3/users 0.060s
2025-11-22 05:02:51.249 66363 INFO tempest.lib.common.rest_client [req-461c8375-42dd-4245-b668-b7c60b032c55 req-461c8375-42dd-4245-b668-b7c60b032c55 ] Request (ServerTagsTestJSON:setUpClass): 200 GET http://10.180.1.21/identity/v3/roles 0.021s
2025-11-22 05:02:51.279 66363 INFO tempest.lib.common.rest_client [req-ac062b70-98f9-4027-a0fd-43ba27a736b8 req-ac062b70-98f9-4027-a0fd-43ba27a736b8 ] Request (ServerTagsTestJSON:setUpClass): 204 PUT http://10.180.1.21/identity/v3/projects/40aae70d36204b4fa62d53f737839de6/users/f51b509d907a4f099f61c7dde67b3c05/roles/780f46d44c6d4a2da1c1ce644ec523a1 0.029s
2025-11-22 05:02:51.279 66363 INFO tempest.lib.common.dynamic_creds [-] Dynamic test user f51b509d907a4f099f61c7dde67b3c05 is created with scope project and roles: ['member']
2025-11-22 05:02:51.280 66363 INFO tempest.lib.common.dynamic_creds [-] Acquired dynamic creds: credentials: Credentials: {'domain_id': 'default', 'domain_name': 'Default', 'username': 'tempest-ServerTagsTestJSON-851091316-project-member', 'project_domain_id': 'default', 'project_domain_name': 'Default', 'project_id': '40aae70d36204b4fa62d53f737839de6', 'project_name': 'tempest-ServerTagsTestJSON-851091316', 'tenant_id': '40aae70d36204b4fa62d53f737839de6', 'tenant_name': 'tempest-ServerTagsTestJSON-851091316', 'user_domain_id': 'default', 'user_domain_name': 'Default', 'user_id': 'f51b509d907a4f099f61c7dde67b3c05', 'system': None}, Network: None, Subnet: None, Router: None
2025-11-22 05:02:51.308 66391 INFO tempest.lib.common.rest_client [req-8b714670-1dd2-4ab8-9a7c-dd7ace561704 req-8b714670-1dd2-4ab8-9a7c-dd7ace561704 ] Request (FloatingIPsAssociationNegativeTestJSON:tearDownClass): 200 GET http://10.180.1.21/compute/v2.1/servers/a12e8027-1941-4149-8825-99761a8f3182 0.434s
2025-11-22 05:02:51.344 66363 INFO tempest.lib.common.rest_client [req-de25eedb-f1f1-42d6-ade8-3ca01b68398c req-de25eedb-f1f1-42d6-ade8-3ca01b68398c ] Request (ServerTagsTestJSON:setUpClass): 201 POST http://10.180.1.21/identity/v3/auth/tokens 0.063s
2025-11-22 05:02:51.379 66375 INFO tempest.lib.common.rest_client [req-ed2cda1e-0496-4524-bbdd-6d1089602fe3 req-ed2cda1e-0496-4524-bbdd-6d1089602fe3 ] Request (ServersV294TestFqdnHostnames:setUpClass): 200 GET http://10.180.1.21/compute/v2.1/servers/16de398e-9735-455c-8062-5bec0941b1be 0.420s
2025-11-22 05:02:51.392 66375 INFO tempest.common.waiters [-] State transition "BUILD/None" ==> "BUILD/networking" after 46 second wait
2025-11-22 05:02:51.398 66403 INFO tempest.lib.common.rest_client [req-e8e6a851-3989-4976-8ef0-7511efd13fef req-e8e6a851-3989-4976-8ef0-7511efd13fef ] Request (VolumesTestJSON:tearDownClass): 404 GET http://10.180.1.21/volume/v3/volumes/77f03873-9339-4524-968c-ecad82b37ae1 0.020s
2025-11-22 05:02:51.439 66417 INFO tempest.lib.common.rest_client [req-725472f6-d77f-462b-a2cd-d8353bbab695 req-725472f6-d77f-462b-a2cd-d8353bbab695 ] Request (ServerActionsTestOtherB:test_create_backup): 202 POST http://10.180.1.21/compute/v2.1/servers/048e0480-3cb7-4cce-aa59-9c9cdd189bb7/action 0.704s
2025-11-22 05:02:51.455 66403 INFO tempest.lib.common.rest_client [req-9d0bc587-7151-4399-8797-e177004d7a33 req-9d0bc587-7151-4399-8797-e177004d7a33 ] Request (VolumesTestJSON:tearDownClass): 202 DELETE http://10.180.1.21/volume/v3/volumes/d0cda13a-2107-4d1d-be32-d34087d92e92 0.056s
2025-11-22 05:02:51.457 66417 INFO tempest.lib.common.rest_client [req-f9d8ebc1-71fc-4f39-9aab-8dec6873b5f6 req-f9d8ebc1-71fc-4f39-9aab-8dec6873b5f6 ] Request (ServerActionsTestOtherB:test_create_backup): 200 GET http://10.180.1.21/image/v2/images/ff3855f6-6e0f-48fc-87cc-371469fb57a7 0.017s
2025-11-22 05:02:51.471 66369 INFO tempest.lib.common.rest_client [req-53941b17-5be0-4e0e-a5ca-2ae82d2c2776 req-53941b17-5be0-4e0e-a5ca-2ae82d2c2776 ] Request (ServerDiagnosticsNegativeTest:tearDownClass): 200 GET http://10.180.1.21/compute/v2.1/servers/a53554cc-9cc2-46a0-ad3e-a7775e7f4f0f 0.507s
2025-11-22 05:02:51.478 66369 INFO tempest.common.waiters [-] State transition "ACTIVE/deleting" ==> "DELETED/None" after 5 second wait
2025-11-22 05:02:51.499 66403 INFO tempest.lib.common.rest_client [req-8356aa49-a1c5-4468-abd9-fed4e38702fb req-8356aa49-a1c5-4468-abd9-fed4e38702fb ] Request (VolumesTestJSON:tearDownClass): 200 GET http://10.180.1.21/volume/v3/volumes/d0cda13a-2107-4d1d-be32-d34087d92e92 0.044s
2025-11-22 05:02:51.658 66363 INFO tempest.lib.common.rest_client [req-674e6d5c-a04a-4377-80a6-d42184f58e31 req-674e6d5c-a04a-4377-80a6-d42184f58e31 ] Request (ServerTagsTestJSON:setUpClass): 201 POST http://10.180.1.21/networking/v2.0/networks 0.313s
2025-11-22 05:02:51.682 66383 INFO tempest.lib.common.rest_client [req-cfc407f4-f419-47d0-b532-d30ea2bab504 req-cfc407f4-f419-47d0-b532-d30ea2bab504 ] Request (ServersTestManualDisk:setUpClass): 200 GET http://10.180.1.21/compute/v2.1/servers/4ae6a446-f3f5-48a3-a1cb-7b5490d0366f 0.657s
2025-11-22 05:02:51.696 66381 INFO tempest.lib.common.rest_client [req-5f5abdfe-2b30-4435-984e-56cd1c6487ae req-5f5abdfe-2b30-4435-984e-56cd1c6487ae ] Request (FloatingIPsAssociationTestJSON:tearDownClass): 200 GET http://10.180.1.21/compute/v2.1/servers/bd8d176c-da59-4cef-8d9e-15d23fff7987 0.652s
2025-11-22 05:02:51.823 66363 INFO tempest.lib.common.rest_client [req-94099f77-0252-4e7c-b368-874cd3238102 req-94099f77-0252-4e7c-b368-874cd3238102 ] Request (ServerTagsTestJSON:setUpClass): 201 POST http://10.180.1.21/networking/v2.0/subnets 0.165s
2025-11-22 05:02:51.841 66407 INFO tempest.lib.common.rest_client [req-6b455f71-6a87-4a93-a348-e8e482dd26b3 req-6b455f71-6a87-4a93-a348-e8e482dd26b3 ] Request (ServerDiskConfigTestJSON:test_resize_server_from_auto_to_manual): 200 GET http://10.180.1.21/compute/v2.1/servers/8caba27e-1b95-4bb4-8ba2-b7685386985d 0.743s
2025-11-22 05:02:51.857 66373 INFO tempest.lib.common.rest_client [req-0b934052-5c21-4465-99b7-8955b3586193 req-0b934052-5c21-4465-99b7-8955b3586193 ] Request (AttachInterfacesTestJSON:_run_cleanups): 200 GET http://10.180.1.21/compute/v2.1/servers/4e9761ca-8039-410a-b3eb-0f3d9ec1b575 0.741s
2025-11-22 05:02:52.146 66371 WARNING tempest.lib.common.ssh [-] Failed to establish authenticated ssh connection to cirros@10.180.180.240 ([Errno None] Unable to connect to port 22 on 10.180.180.240). Number attempts: 5. Retry after 6 seconds.: paramiko.ssh_exception.NoValidConnectionsError: [Errno None] Unable to connect to port 22 on 10.180.180.240
2025-11-22 05:02:52.477 66417 INFO tempest.lib.common.rest_client [req-0e24844c-fa77-4a09-989e-e650be743960 req-0e24844c-fa77-4a09-989e-e650be743960 ] Request (ServerActionsTestOtherB:test_create_backup): 200 GET http://10.180.1.21/image/v2/images/ff3855f6-6e0f-48fc-87cc-371469fb57a7 0.018s
2025-11-22 05:02:52.523 66403 INFO tempest.lib.common.rest_client [req-7a58cc50-dbb2-4f3a-bae1-8330ec720ddf req-7a58cc50-dbb2-4f3a-bae1-8330ec720ddf ] Request (VolumesTestJSON:tearDownClass): 404 GET http://10.180.1.21/volume/v3/volumes/d0cda13a-2107-4d1d-be32-d34087d92e92 0.015s
2025-11-22 05:02:52.576 66403 INFO tempest.lib.common.rest_client [req-e2f84669-ad72-4319-aa32-fe4b4675e0da req-e2f84669-ad72-4319-aa32-fe4b4675e0da ] Request (VolumesTestJSON:tearDownClass): 202 DELETE http://10.180.1.21/volume/v3/volumes/fa5ff7a5-bbc2-4325-97b7-35d7bf2bb96f 0.053s
2025-11-22 05:02:52.609 66403 INFO tempest.lib.common.rest_client [req-12d73918-aeb3-41b1-a4dd-bba21c873396 req-12d73918-aeb3-41b1-a4dd-bba21c873396 ] Request (VolumesTestJSON:tearDownClass): 200 GET http://10.180.1.21/volume/v3/volumes/fa5ff7a5-bbc2-4325-97b7-35d7bf2bb96f 0.032s
2025-11-22 05:02:53.147 66363 INFO tempest.lib.common.rest_client [req-a2f0d125-6588-4641-b7f1-912e34a29db0 req-a2f0d125-6588-4641-b7f1-912e34a29db0 ] Request (ServerTagsTestJSON:setUpClass): 201 POST http://10.180.1.21/networking/v2.0/routers 1.323s
2025-11-22 05:02:53.235 66385 INFO tempest.lib.common.rest_client [req-33f185b9-bef0-4aa2-af90-b0fcd8fa4e10 req-33f185b9-bef0-4aa2-af90-b0fcd8fa4e10 ] Request (SecurityGroupsTestJSON:test_server_security_groups): 200 GET http://10.180.1.21/compute/v2.1/servers/b0aa88f8-31c2-405d-b97c-5c2eee535564 2.081s
2025-11-22 05:02:53.244 66367 INFO tempest.lib.common.rest_client [req-82aabced-ddcd-4111-a81d-6991d9d93755 req-82aabced-ddcd-4111-a81d-6991d9d93755 ] Request (MultipleCreateTestJSON:test_multiple_create_with_reservation_return): 200 GET http://10.180.1.21/compute/v2.1/servers/5b12411d-3d5c-4f83-8907-673104d8d963 2.004s
2025-11-22 05:02:53.500 66417 INFO tempest.lib.common.rest_client [req-c9578da1-bba1-4c96-af63-5ea59d566096 req-c9578da1-bba1-4c96-af63-5ea59d566096 ] Request (ServerActionsTestOtherB:test_create_backup): 200 GET http://10.180.1.21/image/v2/images/ff3855f6-6e0f-48fc-87cc-371469fb57a7 0.020s
2025-11-22 05:02:53.612 66413 INFO tempest.lib.common.rest_client [req-df29e152-22c2-494d-88f3-c4f0f17e4f42 req-df29e152-22c2-494d-88f3-c4f0f17e4f42 ] Request (ServersNegativeTestMultiTenantJSON:setUpClass): 200 GET http://10.180.1.21/compute/v2.1/servers/1530df27-9b06-4a1c-aec2-09fd0040deb1 2.255s
2025-11-22 05:02:53.637 66403 INFO tempest.lib.common.rest_client [req-ee80f4fd-f338-4ff0-8c17-b500cb607971 req-ee80f4fd-f338-4ff0-8c17-b500cb607971 ] Request (VolumesTestJSON:tearDownClass): 404 GET http://10.180.1.21/volume/v3/volumes/fa5ff7a5-bbc2-4325-97b7-35d7bf2bb96f 0.020s
2025-11-22 05:02:53.664 66365 INFO tempest.lib.common.rest_client [req-5a480688-6fce-4657-8761-5dd928c94641 req-5a480688-6fce-4657-8761-5dd928c94641 ] Request (ImagesNegativeTestJSON:test_create_image_from_deleted_server): 200 GET http://10.180.1.21/compute/v2.1/servers/7b1290b3-b263-4a23-ac34-c7048bdeba70 2.411s
2025-11-22 05:02:53.725 66401 INFO tempest.lib.common.rest_client [req-6528a778-64a1-479f-928a-b9803a830e88 req-6528a778-64a1-479f-928a-b9803a830e88 ] Request (ServersListShow296Test:test_list_show_update_rebuild_server_296): 200 GET http://10.180.1.21/compute/v2.1/servers/ad407696-c600-4160-9271-a0b127f5aa28 2.252s
2025-11-22 05:02:53.735 66401 INFO tempest.common.waiters [-] State transition "REBUILD/rebuild_spawning" ==> "ACTIVE/None" after 13 second wait
2025-11-22 05:02:53.749 66403 INFO tempest.lib.common.rest_client [req-2cac03df-afc8-4a97-b30d-3f52ae19613e req-2cac03df-afc8-4a97-b30d-3f52ae19613e ] Request (VolumesTestJSON:tearDownClass): 204 DELETE http://10.180.1.21/identity/v3/users/b19ba75186c645a3a356d891544f6806 0.112s
2025-11-22 05:02:53.750 66403 INFO tempest.lib.common.dynamic_creds [-] Deleting project and security group for project: 1ec920e861a547f9bdc0f2c6b3473561
2025-11-22 05:02:53.782 66388 INFO tempest.lib.common.rest_client [req-2de119a7-91ca-453f-9504-4833e5c581b7 req-2de119a7-91ca-453f-9504-4833e5c581b7 ] Request (ServerMetadataTestJSON:setUpClass): 200 GET http://10.180.1.21/compute/v2.1/servers/7b7fad65-a6b1-49e6-9ae9-a426b8a71cce 2.233s
2025-11-22 05:02:53.796 66419 INFO tempest.lib.common.rest_client [req-fc70cfec-9d75-4260-aec7-ee00c4a01040 req-fc70cfec-9d75-4260-aec7-ee00c4a01040 ] Request (ServerActionsTestJSON:setUpClass): 200 GET http://10.180.1.21/compute/v2.1/servers/d90221d0-dc79-4ef8-828e-7935765c859f 2.223s
2025-11-22 05:02:53.805 66419 INFO tempest.common.waiters [-] State transition "BUILD/None" ==> "BUILD/networking" after 43 second wait
2025-11-22 05:02:53.830 66403 INFO tempest.lib.common.rest_client [req-0f6e183d-bf7e-4e97-a02d-8aaedbe066c1 req-0f6e183d-bf7e-4e97-a02d-8aaedbe066c1 ] Request (VolumesTestJSON:tearDownClass): 201 POST http://10.180.1.21/identity/v3/auth/tokens 0.080s
2025-11-22 05:02:53.852 66361 INFO tempest.lib.common.rest_client [req-5a905f26-751d-4d74-ad5f-2fdc52609f95 req-5a905f26-751d-4d74-ad5f-2fdc52609f95 ] Request (ServersTestMultiNic:test_verify_multiple_nics_order): 200 GET http://10.180.1.21/compute/v2.1/servers/f6b9526d-b605-4ea7-bd8b-a5ba4903da07 2.243s
2025-11-22 05:02:54.017 66403 INFO tempest.lib.common.rest_client [req-ced62f2f-b430-4730-be3f-19f43622dca1 req-ced62f2f-b430-4730-be3f-19f43622dca1 ] Request (VolumesTestJSON:tearDownClass): 200 GET http://10.180.1.21/networking/v2.0/security-groups?tenant_id=1ec920e861a547f9bdc0f2c6b3473561&name=default 0.186s
2025-11-22 05:02:54.051 66395 INFO tempest.lib.common.rest_client [req-6c6be59e-7287-4632-b272-4eff66beafa8 req-6c6be59e-7287-4632-b272-4eff66beafa8 ] Request (ServersListShow298Test:test_list_show_update_rebuild_server_298): 200 GET http://10.180.1.21/compute/v2.1/servers/d83cad74-4745-41ee-bfa1-4b12c6b72fbc 2.347s
2025-11-22 05:02:54.069 66423 INFO tempest.lib.common.rest_client [req-34981395-744d-4787-839d-9f06f876ab20 req-34981395-744d-4787-839d-9f06f876ab20 ] Request (ServersListShow2100Test:test_list_show_rebuild_update_server_2100): 200 GET http://10.180.1.21/compute/v2.1/servers/70b1932b-8666-44fc-a333-2729906c9629 2.267s
2025-11-22 05:02:54.086 66423 INFO tempest.common.waiters [-] State transition "REBUILD/rebuilding" ==> "REBUILD/rebuild_spawning" after 4 second wait
2025-11-22 05:02:54.145 66363 INFO tempest.lib.common.rest_client [req-7bae75ef-dc39-4658-8898-b4b79099e92c req-7bae75ef-dc39-4658-8898-b4b79099e92c ] Request (ServerTagsTestJSON:setUpClass): 200 PUT http://10.180.1.21/networking/v2.0/routers/89d24220-9989-413b-b38d-65efd340c0e0/add_router_interface 0.997s
2025-11-22 05:02:54.145 66363 INFO tempest.lib.common.dynamic_creds [-] Created isolated network resources for: credentials: Credentials: {'domain_id': 'default', 'domain_name': 'Default', 'username': 'tempest-ServerTagsTestJSON-851091316-project-member', 'project_domain_id': 'default', 'project_domain_name': 'Default', 'project_id': '40aae70d36204b4fa62d53f737839de6', 'project_name': 'tempest-ServerTagsTestJSON-851091316', 'tenant_id': '40aae70d36204b4fa62d53f737839de6', 'tenant_name': 'tempest-ServerTagsTestJSON-851091316', 'user_domain_id': 'default', 'user_domain_name': 'Default', 'user_id': 'f51b509d907a4f099f61c7dde67b3c05', 'system': None}, Network: {'id': '1ab3be86-27fa-4501-bb40-dafdcd5c3caf', 'name': 'tempest-ServerTagsTestJSON-934858919-network', 'tenant_id': '40aae70d36204b4fa62d53f737839de6', 'project_id': '40aae70d36204b4fa62d53f737839de6', 'admin_state_up': True, 'mtu': 8950, 'status': 'ACTIVE', 'subnets': [], 'shared': False, 'port_security_enabled': True, 'router:external': False, 'provider:network_type': 'vlan', 'provider:physical_network': 'default', 'provider:segmentation_id': 908, 'availability_zone_hints': [], 'availability_zones': [], 'ipv4_address_scope': None, 'ipv6_address_scope': None, 'description': '', 'tags': [], 'created_at': '2025-11-22T05:02:51Z', 'updated_at': '2025-11-22T05:02:51Z', 'revision_number': 1}, Subnet: {'id': '10bdd16c-2b13-415f-b19b-56311f886676', 'name': 'tempest-ServerTagsTestJSON-934858919-subnet', 'tenant_id': '40aae70d36204b4fa62d53f737839de6', 'network_id': '1ab3be86-27fa-4501-bb40-dafdcd5c3caf', 'ip_version': 4, 'subnetpool_id': None, 'enable_dhcp': True, 'ipv6_ra_mode': None, 'ipv6_address_mode': None, 'gateway_ip': '192.168.128.1', 'cidr': '192.168.128.0/28', 'allocation_pools': [{'start': '192.168.128.2', 'end': '192.168.128.14'}], 'host_routes': [], 'dns_nameservers': [], 'description': '', 'router:external': False, 'service_types': [], 'tags': [], 'created_at': '2025-11-22T05:02:51Z', 'updated_at': '2025-11-22T05:02:51Z', 'revision_number': 0, 'project_id': '40aae70d36204b4fa62d53f737839de6'}, Router: {'id': '89d24220-9989-413b-b38d-65efd340c0e0', 'name': 'tempest-ServerTagsTestJSON-934858919-router', 'tenant_id': '40aae70d36204b4fa62d53f737839de6', 'admin_state_up': True, 'status': 'ACTIVE', 'external_gateway_info': {'network_id': 'ad014c77-ae2c-4b6e-a995-da92e248072a', 'external_fixed_ips': [{'subnet_id': 'c2b2065e-1cdb-4c1f-ba2b-f64e9ab97ab6', 'ip_address': '10.180.180.157'}], 'enable_snat': True}, 'description': '', 'availability_zones': [], 'distributed': False, 'ha': False, 'availability_zone_hints': [], 'routes': [], 'flavor_id': None, 'tags': [], 'created_at': '2025-11-22T05:02:51Z', 'updated_at': '2025-11-22T05:02:52Z', 'revision_number': 2, 'project_id': '40aae70d36204b4fa62d53f737839de6'}
2025-11-22 05:02:54.156 66403 INFO tempest.lib.common.rest_client [req-afef9f5a-880b-466f-8ae4-977cf5e84da6 req-afef9f5a-880b-466f-8ae4-977cf5e84da6 ] Request (VolumesTestJSON:tearDownClass): 204 DELETE http://10.180.1.21/networking/v2.0/security-groups/99415dab-c27c-43a3-88fb-342bf3e89c59 0.138s
2025-11-22 05:02:54.189 66409 INFO tempest.lib.common.rest_client [req-20fae684-6a0c-4f86-a56c-c60842381539 req-20fae684-6a0c-4f86-a56c-c60842381539 ] Request (ImagesTestJSON:test_create_server_from_snapshot): 200 GET http://10.180.1.21/compute/v2.1/servers/ea2fe798-68e9-4baf-829d-fcfd7cb1f5b8 2.304s
