2025-11-22 05:03:35.713 66381 INFO tempest.lib.common.rest_client [req-4b1568b9-7234-42eb-a63c-a71e3fb4b197 req-4b1568b9-7234-42eb-a63c-a71e3fb4b197 ] Request (ServerGroupTestJSON:test_create_server_with_scheduler_hint_group): 200 GET http://10.180.1.21/compute/v2.1/servers/88dae475-6139-4732-a57a-de1d76933d92 0.520s
2025-11-22 05:03:35.733 66421 INFO tempest.lib.common.rest_client [req-f85faa35-7e2c-4181-b0cd-586485b1afd9 req-f85faa35-7e2c-4181-b0cd-586485b1afd9 ] Request (AttachInterfacesUnderV243Test:test_add_remove_fixed_ip): 200 GET http://10.180.1.21/compute/v2.1/servers/b43985e6-7509-41fe-b6d9-430f256d59b9/ips 0.516s
2025-11-22 05:03:35.781 66373 INFO tempest.lib.common.rest_client [req-1b9841f9-8cca-40e8-bf96-76df076b6fbb req-1b9841f9-8cca-40e8-bf96-76df076b6fbb ] Request (AttachInterfacesTestJSON:test_create_list_show_delete_interfaces_by_network_port): 200 GET http://10.180.1.21/compute/v2.1/servers/bcfa7cbd-9f6b-45df-ac64-658964527e9e 0.474s
2025-11-22 05:03:35.798 66369 INFO tempest.lib.common.rest_client [req-acd0d87b-9cda-4012-a7d3-577c69c43a25 req-acd0d87b-9cda-4012-a7d3-577c69c43a25 ] Request (VolumesAdminNegativeTest:setUpClass): 201 POST http://10.180.1.21/networking/v2.0/routers 0.892s
2025-11-22 05:03:35.828 66367 INFO tempest.lib.common.rest_client [req-28f8efed-2714-447c-8777-9da3433b7bcc req-28f8efed-2714-447c-8777-9da3433b7bcc ] Request (MultipleCreateTestJSON:tearDownClass): 200 GET http://10.180.1.21/compute/v2.1/servers/5aa8e058-d0a3-48c4-8ef5-539110cf7b78 0.331s
2025-11-22 05:03:35.872 66409 INFO tempest.lib.common.rest_client [req-42baa422-ba0a-4faf-89c4-fa27dd16970a req-42baa422-ba0a-4faf-89c4-fa27dd16970a ] Request (ImagesTestJSON:test_create_server_from_snapshot): 200 GET http://10.180.1.21/compute/v2.1/images/79f7aac6-dc02-44fa-ac49-d1df227892e2 0.225s
2025-11-22 05:03:35.900 66407 INFO tempest.lib.common.rest_client [req-2a19cb56-81e9-4b91-987b-e0462e4b3646 req-2a19cb56-81e9-4b91-987b-e0462e4b3646 ] Request (ServerDiskConfigTestJSON:test_resize_server_from_auto_to_manual): 200 GET http://10.180.1.21/compute/v2.1/servers/8caba27e-1b95-4bb4-8ba2-b7685386985d 0.286s
2025-11-22 05:03:35.957 66391 INFO tempest.lib.common.rest_client [req-cf971413-77a3-4e8c-9fff-9ce74ba51720 req-cf971413-77a3-4e8c-9fff-9ce74ba51720 ] Request (AttachVolumeNegativeTest:test_attach_attached_volume_to_different_server): 200 GET http://10.180.1.21/compute/v2.1/servers/83289de1-5d4b-4d0d-a261-3ebf55c7dccc 0.223s
2025-11-22 05:03:36.025 66421 INFO tempest.lib.common.rest_client [req-03965724-e8c8-45dd-9d01-c2458282019d req-03965724-e8c8-45dd-9d01-c2458282019d ] Request (AttachInterfacesUnderV243Test:_run_cleanups): 204 DELETE http://10.180.1.21/compute/v2.1/servers/b43985e6-7509-41fe-b6d9-430f256d59b9 0.286s
2025-11-22 05:03:36.030 66383 INFO tempest.lib.common.rest_client [req-f1cde4e1-d2b0-4c0f-9d34-200366da06fd req-f1cde4e1-d2b0-4c0f-9d34-200366da06fd ] Request (ServersTestManualDisk:setUpClass): 200 GET http://10.180.1.21/compute/v2.1/servers/4ae6a446-f3f5-48a3-a1cb-7b5490d0366f 0.229s
2025-11-22 05:03:36.096 66385 INFO tempest.lib.common.rest_client [req-3040e1a7-cca4-4b9b-b789-91969bb26530 req-3040e1a7-cca4-4b9b-b789-91969bb26530 ] Request (SecurityGroupsTestJSON:test_server_security_groups): 200 GET http://10.180.1.21/compute/v2.1/servers/b0aa88f8-31c2-405d-b97c-5c2eee535564 0.221s
2025-11-22 05:03:36.116 66415 INFO tempest.lib.common.rest_client [req-46fe3c37-6296-4a16-b294-58651c531d95 req-46fe3c37-6296-4a16-b294-58651c531d95 ] Request (ServersAaction247Test:test_create_backup): 200 GET http://10.180.1.21/compute/v2.1/servers/8c9c9880-b7a1-4ab6-9a5d-4c6c853b69de 0.256s
2025-11-22 05:03:36.178 66361 INFO tempest.lib.common.rest_client [req-305bcf73-3b8a-483e-91e0-1de7a963921b req-305bcf73-3b8a-483e-91e0-1de7a963921b ] Request (ServersTestMultiNic:_run_cleanups): 200 GET http://10.180.1.21/compute/v2.1/servers/f6b9526d-b605-4ea7-bd8b-a5ba4903da07 0.246s
2025-11-22 05:03:36.192 66363 INFO tempest.lib.common.rest_client [req-08dda49d-6ce8-4e71-8be1-0ec53512ea76 req-08dda49d-6ce8-4e71-8be1-0ec53512ea76 ] Request (ServerTagsTestJSON:setUpClass): 200 GET http://10.180.1.21/compute/v2.1/servers/b1830ca0-6e4a-4441-9bb7-2a1dd5100418 0.237s
2025-11-22 05:03:36.295 66388 INFO tempest.lib.common.rest_client [req-78dbed02-aa48-4b7f-8b2b-c6bd65a2ebcc req-78dbed02-aa48-4b7f-8b2b-c6bd65a2ebcc ] Request (ServerMetadataTestJSON:setUpClass): 200 GET http://10.180.1.21/compute/v2.1/servers/7b7fad65-a6b1-49e6-9ae9-a426b8a71cce 0.223s
2025-11-22 05:03:36.330 66421 INFO tempest.lib.common.rest_client [req-d7f04020-2283-45b2-8118-64177cda0706 req-d7f04020-2283-45b2-8118-64177cda0706 ] Request (AttachInterfacesUnderV243Test:_run_cleanups): 200 GET http://10.180.1.21/compute/v2.1/servers/b43985e6-7509-41fe-b6d9-430f256d59b9 0.304s
2025-11-22 05:03:36.387 66397 INFO tempest.lib.common.rest_client [req-51908775-5cc5-4711-86e1-fa0c722751aa req-51908775-5cc5-4711-86e1-fa0c722751aa ] Request (ListServersNegativeTestJSON:setUpClass): 200 GET http://10.180.1.21/compute/v2.1/servers/78ea9499-e2fe-4349-bd3e-7c289790666c 0.216s
2025-11-22 05:03:36.433 66413 INFO tempest.lib.common.rest_client [req-904c9d3b-9d8d-41b2-8564-fcb540b28aac req-904c9d3b-9d8d-41b2-8564-fcb540b28aac ] Request (ServersNegativeTestMultiTenantJSON:setUpClass): 200 GET http://10.180.1.21/compute/v2.1/servers/1530df27-9b06-4a1c-aec2-09fd0040deb1 0.325s
2025-11-22 05:03:36.441 66413 INFO tempest.common.waiters [-] State transition "BUILD/spawning" ==> "ACTIVE/None" after 67 second wait
2025-11-22 05:03:36.474 66423 INFO tempest.lib.common.rest_client [req-e1b2315e-2c4b-488d-aff4-07f1d0d51ba7 req-e1b2315e-2c4b-488d-aff4-07f1d0d51ba7 ] Request (ServersListShow2100Test:tearDownClass): 200 GET http://10.180.1.21/compute/v2.1/servers/70b1932b-8666-44fc-a333-2729906c9629 0.223s
2025-11-22 05:03:36.497 66371 WARNING tempest.lib.common.ssh [-] Failed to establish authenticated ssh connection to cirros@10.180.180.240 ([Errno None] Unable to connect to port 22 on 10.180.180.240). Number attempts: 9. Retry after 10 seconds.: paramiko.ssh_exception.NoValidConnectionsError: [Errno None] Unable to connect to port 22 on 10.180.180.240
2025-11-22 05:03:36.510 66395 INFO tempest.lib.common.rest_client [req-5fd031ae-ed6b-479f-b7e8-5b3d4265967f req-5fd031ae-ed6b-479f-b7e8-5b3d4265967f ] Request (ServersListShow298Test:test_list_show_update_rebuild_server_298): 200 GET http://10.180.1.21/compute/v2.1/servers/d83cad74-4745-41ee-bfa1-4b12c6b72fbc 0.234s
2025-11-22 05:03:36.550 66401 INFO tempest.lib.common.rest_client [req-317bdd68-4a0d-44d7-8888-c04c936ef2d4 req-317bdd68-4a0d-44d7-8888-c04c936ef2d4 ] Request (ServersListShow296Test:tearDownClass): 200 GET http://10.180.1.21/compute/v2.1/servers/ad407696-c600-4160-9271-a0b127f5aa28 0.201s
2025-11-22 05:03:36.647 66413 INFO tempest.lib.common.rest_client [req-fae1fe5e-d81b-4b2b-8b45-bc00da7c2a87 req-fae1fe5e-d81b-4b2b-8b45-bc00da7c2a87 ] Request (ServersNegativeTestMultiTenantJSON:setUp): 200 GET http://10.180.1.21/compute/v2.1/servers/1530df27-9b06-4a1c-aec2-09fd0040deb1 0.204s
2025-11-22 05:03:36.685 66393 INFO tempest.lib.common.rest_client [req-dede14d6-fbeb-4ff4-83f9-51e106bb93b9 req-dede14d6-fbeb-4ff4-83f9-51e106bb93b9 ] Request (ServerActionsV293TestJSON:test_rebuild_volume_backed_server): 200 GET http://10.180.1.21/compute/v2.1/servers/803177ce-390b-48c1-accf-08473ced7c9c 0.215s
2025-11-22 05:03:36.767 66369 INFO tempest.lib.common.rest_client [req-1e6bc715-d32d-4d4d-8ae3-29a8bd9f90ed req-1e6bc715-d32d-4d4d-8ae3-29a8bd9f90ed ] Request (VolumesAdminNegativeTest:setUpClass): 200 PUT http://10.180.1.21/networking/v2.0/routers/e659cf5e-7093-4ff3-b737-0f6cc57438cf/add_router_interface 0.968s
2025-11-22 05:03:36.767 66369 INFO tempest.lib.common.dynamic_creds [-] Created isolated network resources for: credentials: Credentials: {'domain_id': 'default', 'domain_name': 'Default', 'username': 'tempest-VolumesAdminNegativeTest-1358649843-project-member', 'project_domain_id': 'default', 'project_domain_name': 'Default', 'project_id': '279d490cbd2c4f7591e9fe7b7f6f82b7', 'project_name': 'tempest-VolumesAdminNegativeTest-1358649843', 'tenant_id': '279d490cbd2c4f7591e9fe7b7f6f82b7', 'tenant_name': 'tempest-VolumesAdminNegativeTest-1358649843', 'user_domain_id': 'default', 'user_domain_name': 'Default', 'user_id': '5a15547883544e189f57613a52b070fa', 'system': None}, Network: {'id': '9d8f5355-9ab3-48da-8496-2fccb11e20af', 'name': 'tempest-VolumesAdminNegativeTest-1009683375-network', 'tenant_id': '279d490cbd2c4f7591e9fe7b7f6f82b7', 'project_id': '279d490cbd2c4f7591e9fe7b7f6f82b7', 'admin_state_up': True, 'mtu': 8950, 'status': 'ACTIVE', 'subnets': [], 'shared': False, 'port_security_enabled': True, 'router:external': False, 'provider:network_type': 'vlan', 'provider:physical_network': 'default', 'provider:segmentation_id': 387, 'availability_zone_hints': [], 'availability_zones': [], 'ipv4_address_scope': None, 'ipv6_address_scope': None, 'description': '', 'tags': [], 'created_at': '2025-11-22T05:03:34Z', 'updated_at': '2025-11-22T05:03:34Z', 'revision_number': 1}, Subnet: {'id': 'fdad5cdd-f32e-4540-ace8-c4c99243f731', 'name': 'tempest-VolumesAdminNegativeTest-1009683375-subnet', 'tenant_id': '279d490cbd2c4f7591e9fe7b7f6f82b7', 'network_id': '9d8f5355-9ab3-48da-8496-2fccb11e20af', 'ip_version': 4, 'subnetpool_id': None, 'enable_dhcp': True, 'ipv6_ra_mode': None, 'ipv6_address_mode': None, 'gateway_ip': '192.168.128.1', 'cidr': '192.168.128.0/28', 'allocation_pools': [{'start': '192.168.128.2', 'end': '192.168.128.14'}], 'host_routes': [], 'dns_nameservers': [], 'description': '', 'router:external': False, 'service_types': [], 'tags': [], 'created_at': '2025-11-22T05:03:34Z', 'updated_at': '2025-11-22T05:03:34Z', 'revision_number': 0, 'project_id': '279d490cbd2c4f7591e9fe7b7f6f82b7'}, Router: {'id': 'e659cf5e-7093-4ff3-b737-0f6cc57438cf', 'name': 'tempest-VolumesAdminNegativeTest-1009683375-router', 'tenant_id': '279d490cbd2c4f7591e9fe7b7f6f82b7', 'admin_state_up': True, 'status': 'ACTIVE', 'external_gateway_info': {'network_id': 'ad014c77-ae2c-4b6e-a995-da92e248072a', 'external_fixed_ips': [{'subnet_id': 'c2b2065e-1cdb-4c1f-ba2b-f64e9ab97ab6', 'ip_address': '10.180.180.224'}], 'enable_snat': True}, 'description': '', 'availability_zones': [], 'distributed': False, 'ha': False, 'availability_zone_hints': [], 'routes': [], 'flavor_id': None, 'tags': [], 'created_at': '2025-11-22T05:03:34Z', 'updated_at': '2025-11-22T05:03:35Z', 'revision_number': 2, 'project_id': '279d490cbd2c4f7591e9fe7b7f6f82b7'}
2025-11-22 05:03:36.783 66365 INFO tempest.lib.common.rest_client [req-b3225f0a-c3a6-4de2-b038-b7ff056869cd req-b3225f0a-c3a6-4de2-b038-b7ff056869cd ] Request (ImagesNegativeTestJSON:test_create_image_from_deleted_server): 200 GET http://10.180.1.21/compute/v2.1/servers/7b1290b3-b263-4a23-ac34-c7048bdeba70 0.243s
2025-11-22 05:03:36.809 66417 INFO tempest.lib.common.rest_client [req-1f5629da-9d1e-4359-b66e-689adf7f1d81 req-1f5629da-9d1e-4359-b66e-689adf7f1d81 ] Request (ServerActionsTestOtherB:test_create_backup): 200 GET http://10.180.1.21/compute/v2.1/servers/048e0480-3cb7-4cce-aa59-9c9cdd189bb7 0.319s
2025-11-22 05:03:36.849 66379 INFO tempest.lib.common.rest_client [req-e70b5a44-1cd7-445a-a505-72e12a8a7105 req-e70b5a44-1cd7-445a-a505-72e12a8a7105 ] Request (MigrationsAdminTest:test_list_migrations_in_flavor_resize_situation): 200 GET http://10.180.1.21/compute/v2.1/servers/745f687f-2e50-4fdc-a1c3-f8895003b285 0.248s
2025-11-22 05:03:36.856 66379 INFO tempest.common.waiters [-] State transition "BUILD/None" ==> "BUILD/networking" after 64 second wait
2025-11-22 05:03:36.873 66369 INFO tempest.lib.common.rest_client [req-62a87a31-8e8b-4ea8-9375-d43d4a1a9854 req-62a87a31-8e8b-4ea8-9375-d43d4a1a9854 ] Request (VolumesAdminNegativeTest:setUpClass): 201 POST http://10.180.1.21/identity/v3/auth/tokens 0.101s
2025-11-22 05:03:36.897 66419 WARNING tempest.lib.common.ssh [-] Failed to establish authenticated ssh connection to cirros@10.180.180.202 ([Errno None] Unable to connect to port 22 on 10.180.180.202). Number attempts: 6. Retry after 7 seconds.: paramiko.ssh_exception.NoValidConnectionsError: [Errno None] Unable to connect to port 22 on 10.180.180.202
2025-11-22 05:03:36.924 66369 INFO tempest.lib.common.rest_client [req-8ef95dee-1158-45f5-b2b7-14cf00f8f1d6 req-8ef95dee-1158-45f5-b2b7-14cf00f8f1d6 ] Request (VolumesAdminNegativeTest:setUpClass): 201 POST http://10.180.1.21/identity/v3/projects 0.050s
2025-11-22 05:03:36.981 66413 INFO tempest.lib.common.rest_client [req-442fb9e1-1913-4932-958a-a445fba628dd req-442fb9e1-1913-4932-958a-a445fba628dd ] Request (ServersNegativeTestMultiTenantJSON:test_delete_a_server_of_another_tenant): 404 DELETE http://10.180.1.21/compute/v2.1/servers/1530df27-9b06-4a1c-aec2-09fd0040deb1 0.327s
2025-11-22 05:03:37.029 66369 INFO tempest.lib.common.rest_client [req-8ea14aa4-b14c-45f7-b405-27a697f16da0 req-8ea14aa4-b14c-45f7-b405-27a697f16da0 ] Request (VolumesAdminNegativeTest:setUpClass): 201 POST http://10.180.1.21/identity/v3/users 0.104s
2025-11-22 05:03:37.041 66405 INFO tempest.lib.common.rest_client [req-52f3a7d1-2cf5-4208-8b3f-03e94bb23e37 req-52f3a7d1-2cf5-4208-8b3f-03e94bb23e37 ] Request (AttachVolumeTestJSON:test_attach_detach_volume): 200 GET http://10.180.1.21/compute/v2.1/servers/9e53a5fb-e38c-4c57-aaf2-92a48c5919c1 0.335s
2025-11-22 05:03:37.068 66369 INFO tempest.lib.common.rest_client [req-21551ca5-7cea-4b10-abff-f6d9acca4a0d req-21551ca5-7cea-4b10-abff-f6d9acca4a0d ] Request (VolumesAdminNegativeTest:setUpClass): 200 GET http://10.180.1.21/identity/v3/roles 0.039s
2025-11-22 05:03:37.076 66381 INFO tempest.lib.common.rest_client [req-80e31950-364f-4877-b62a-4a85efd0a2b6 req-80e31950-364f-4877-b62a-4a85efd0a2b6 ] Request (ServerGroupTestJSON:test_create_server_with_scheduler_hint_group): 200 GET http://10.180.1.21/compute/v2.1/servers/88dae475-6139-4732-a57a-de1d76933d92 0.352s
2025-11-22 05:03:37.120 66369 INFO tempest.lib.common.rest_client [req-b64f5e88-558f-4c28-8745-17f8e86faa18 req-b64f5e88-558f-4c28-8745-17f8e86faa18 ] Request (VolumesAdminNegativeTest:setUpClass): 204 PUT http://10.180.1.21/identity/v3/projects/92d981e48bbb45689fbe7ef8c972524f/users/f4fd7c8960cf43e9b29e047381464d0d/roles/c8fa1de7626341c1b4dcc9a6f9edfc5f 0.051s
2025-11-22 05:03:37.132 66373 INFO tempest.lib.common.rest_client [req-8fe94b9f-5d13-4e3e-aa2f-0f7f9c933c66 req-8fe94b9f-5d13-4e3e-aa2f-0f7f9c933c66 ] Request (AttachInterfacesTestJSON:test_create_list_show_delete_interfaces_by_network_port): 200 GET http://10.180.1.21/compute/v2.1/servers/bcfa7cbd-9f6b-45df-ac64-658964527e9e 0.341s
2025-11-22 05:03:37.156 66367 INFO tempest.lib.common.rest_client [req-616657f9-69cc-4e71-ad04-9618590bc5e1 req-616657f9-69cc-4e71-ad04-9618590bc5e1 ] Request (MultipleCreateTestJSON:tearDownClass): 200 GET http://10.180.1.21/compute/v2.1/servers/5aa8e058-d0a3-48c4-8ef5-539110cf7b78 0.318s
2025-11-22 05:03:37.214 66369 INFO tempest.lib.common.rest_client [req-3754b4b7-8625-4f89-9a57-3bbdab9089af req-3754b4b7-8625-4f89-9a57-3bbdab9089af ] Request (VolumesAdminNegativeTest:setUpClass): 200 GET http://10.180.1.21/identity/v3/roles 0.093s
2025-11-22 05:03:37.241 66407 INFO tempest.lib.common.rest_client [req-b1978c9d-3e57-4741-a66e-082328d5b05f req-b1978c9d-3e57-4741-a66e-082328d5b05f ] Request (ServerDiskConfigTestJSON:test_resize_server_from_auto_to_manual): 200 GET http://10.180.1.21/compute/v2.1/servers/8caba27e-1b95-4bb4-8ba2-b7685386985d 0.330s
2025-11-22 05:03:37.246 66369 INFO tempest.lib.common.rest_client [req-962884e1-0c72-4510-ab56-5866f0b79894 req-962884e1-0c72-4510-ab56-5866f0b79894 ] Request (VolumesAdminNegativeTest:setUpClass): 204 PUT http://10.180.1.21/identity/v3/projects/92d981e48bbb45689fbe7ef8c972524f/users/f4fd7c8960cf43e9b29e047381464d0d/roles/c8fa1de7626341c1b4dcc9a6f9edfc5f 0.031s
2025-11-22 05:03:37.246 66369 INFO tempest.lib.common.dynamic_creds [-] Dynamic test user f4fd7c8960cf43e9b29e047381464d0d is created with scope project and roles: ['admin']
2025-11-22 05:03:37.246 66369 INFO tempest.lib.common.dynamic_creds [-] Acquired dynamic creds: credentials: Credentials: {'domain_id': 'default', 'domain_name': 'Default', 'username': 'tempest-VolumesAdminNegativeTest-1284385493-project-admin', 'project_domain_id': 'default', 'project_domain_name': 'Default', 'project_id': '92d981e48bbb45689fbe7ef8c972524f', 'project_name': 'tempest-VolumesAdminNegativeTest-1284385493', 'tenant_id': '92d981e48bbb45689fbe7ef8c972524f', 'tenant_name': 'tempest-VolumesAdminNegativeTest-1284385493', 'user_domain_id': 'default', 'user_domain_name': 'Default', 'user_id': 'f4fd7c8960cf43e9b29e047381464d0d', 'system': None}, Network: None, Subnet: None, Router: None
2025-11-22 05:03:37.341 66409 INFO tempest.lib.common.rest_client [req-31db730d-157b-4151-9d03-fc966d9ccc40 req-31db730d-157b-4151-9d03-fc966d9ccc40 ] Request (ImagesTestJSON:test_create_server_from_snapshot): 200 GET http://10.180.1.21/compute/v2.1/images/79f7aac6-dc02-44fa-ac49-d1df227892e2 0.466s
2025-11-22 05:03:37.497 66369 INFO tempest.lib.common.rest_client [req-03d33465-5573-4378-9c3f-21095c9913cb req-03d33465-5573-4378-9c3f-21095c9913cb ] Request (VolumesAdminNegativeTest:setUpClass): 201 POST http://10.180.1.21/networking/v2.0/networks 0.249s
2025-11-22 05:03:37.554 66391 INFO tempest.lib.common.rest_client [req-4b4b2c13-74d1-491a-8f66-9464a5245b8d req-4b4b2c13-74d1-491a-8f66-9464a5245b8d ] Request (AttachVolumeNegativeTest:test_attach_attached_volume_to_different_server): 200 GET http://10.180.1.21/compute/v2.1/servers/83289de1-5d4b-4d0d-a261-3ebf55c7dccc 0.584s
2025-11-22 05:03:37.822 66369 INFO tempest.lib.common.rest_client [req-f6c9f07e-7521-4078-b9c9-79375f435eb6 req-f6c9f07e-7521-4078-b9c9-79375f435eb6 ] Request (VolumesAdminNegativeTest:setUpClass): 201 POST http://10.180.1.21/networking/v2.0/subnets 0.325s
2025-11-22 05:03:37.923 66383 INFO tempest.lib.common.rest_client [req-bce781fb-34ee-4418-aa82-6616852dfbe1 req-bce781fb-34ee-4418-aa82-6616852dfbe1 ] Request (ServersTestManualDisk:setUpClass): 200 GET http://10.180.1.21/compute/v2.1/servers/4ae6a446-f3f5-48a3-a1cb-7b5490d0366f 0.879s
2025-11-22 05:03:37.970 66413 INFO tempest.lib.common.rest_client [req-c95d6708-317f-4ccb-b093-caee478dc52c req-c95d6708-317f-4ccb-b093-caee478dc52c ] Request (ServersNegativeTestMultiTenantJSON:setUp): 200 GET http://10.180.1.21/compute/v2.1/servers/1530df27-9b06-4a1c-aec2-09fd0040deb1 0.983s
2025-11-22 05:03:38.935 66369 INFO tempest.lib.common.rest_client [req-3fa22520-d2c3-4144-a599-56cb8a25208b req-3fa22520-d2c3-4144-a599-56cb8a25208b ] Request (VolumesAdminNegativeTest:setUpClass): 201 POST http://10.180.1.21/networking/v2.0/routers 1.113s
2025-11-22 05:03:39.001 66385 INFO tempest.lib.common.rest_client [req-c13b802e-9812-4490-9fd8-d33e8d9da19e req-c13b802e-9812-4490-9fd8-d33e8d9da19e ] Request (SecurityGroupsTestJSON:test_server_security_groups): 200 GET http://10.180.1.21/compute/v2.1/servers/b0aa88f8-31c2-405d-b97c-5c2eee535564 1.894s
2025-11-22 05:03:39.015 66415 INFO tempest.lib.common.rest_client [req-d8b09a96-4a17-4506-9c8e-fc206a9d366a req-d8b09a96-4a17-4506-9c8e-fc206a9d366a ] Request (ServersAaction247Test:test_create_backup): 200 GET http://10.180.1.21/compute/v2.1/servers/8c9c9880-b7a1-4ab6-9a5d-4c6c853b69de 1.886s
2025-11-22 05:03:39.361 66363 INFO tempest.lib.common.rest_client [req-9147a70b-febd-42e4-8151-45cc365c3b94 req-9147a70b-febd-42e4-8151-45cc365c3b94 ] Request (ServerTagsTestJSON:setUpClass): 200 GET http://10.180.1.21/compute/v2.1/servers/b1830ca0-6e4a-4441-9bb7-2a1dd5100418 2.153s
2025-11-22 05:03:39.374 66361 INFO tempest.lib.common.rest_client [req-48f01fd6-90f6-4e1f-90f0-a4b03a0dcbb6 req-48f01fd6-90f6-4e1f-90f0-a4b03a0dcbb6 ] Request (ServersTestMultiNic:_run_cleanups): 200 GET http://10.180.1.21/compute/v2.1/servers/f6b9526d-b605-4ea7-bd8b-a5ba4903da07 2.182s
2025-11-22 05:03:39.372 66363 INFO tempest.common.waiters [-] State transition "BUILD/scheduling" ==> "BUILD/None" after 43 second wait
2025-11-22 05:03:39.914 66388 INFO tempest.lib.common.rest_client [req-f17bb1dc-9d1f-425e-bdba-8615a9107e2b req-f17bb1dc-9d1f-425e-bdba-8615a9107e2b ] Request (ServerMetadataTestJSON:setUpClass): 200 GET http://10.180.1.21/compute/v2.1/servers/7b7fad65-a6b1-49e6-9ae9-a426b8a71cce 2.610s
2025-11-22 05:03:39.928 66421 INFO tempest.lib.common.rest_client [req-137f02e1-984c-4539-98e4-8d9504c24f49 req-137f02e1-984c-4539-98e4-8d9504c24f49 ] Request (AttachInterfacesUnderV243Test:_run_cleanups): 200 GET http://10.180.1.21/compute/v2.1/servers/b43985e6-7509-41fe-b6d9-430f256d59b9 2.588s
2025-11-22 05:03:40.055 66397 INFO tempest.lib.common.rest_client [req-76f96592-345b-4f40-b8ae-e05a56eb7fe5 req-76f96592-345b-4f40-b8ae-e05a56eb7fe5 ] Request (ListServersNegativeTestJSON:setUpClass): 200 GET http://10.180.1.21/compute/v2.1/servers/78ea9499-e2fe-4349-bd3e-7c289790666c 2.659s
2025-11-22 05:03:40.136 66369 INFO tempest.lib.common.rest_client [req-8f59fd3e-9de8-4402-8cf7-d5265f2b1f30 req-8f59fd3e-9de8-4402-8cf7-d5265f2b1f30 ] Request (VolumesAdminNegativeTest:setUpClass): 200 PUT http://10.180.1.21/networking/v2.0/routers/e60c368f-9144-4662-9564-406a68a6475a/add_router_interface 1.200s
2025-11-22 05:03:40.137 66369 INFO tempest.lib.common.dynamic_creds [-] Created isolated network resources for: credentials: Credentials: {'domain_id': 'default', 'domain_name': 'Default', 'username': 'tempest-VolumesAdminNegativeTest-1284385493-project-admin', 'project_domain_id': 'default', 'project_domain_name': 'Default', 'project_id': '92d981e48bbb45689fbe7ef8c972524f', 'project_name': 'tempest-VolumesAdminNegativeTest-1284385493', 'tenant_id': '92d981e48bbb45689fbe7ef8c972524f', 'tenant_name': 'tempest-VolumesAdminNegativeTest-1284385493', 'user_domain_id': 'default', 'user_domain_name': 'Default', 'user_id': 'f4fd7c8960cf43e9b29e047381464d0d', 'system': None}, Network: {'id': 'd720c8c5-b204-4e41-8419-e2806ec82c64', 'name': 'tempest-VolumesAdminNegativeTest-2029051419-network', 'tenant_id': '92d981e48bbb45689fbe7ef8c972524f', 'project_id': '92d981e48bbb45689fbe7ef8c972524f', 'admin_state_up': True, 'mtu': 8950, 'status': 'ACTIVE', 'subnets': [], 'shared': False, 'port_security_enabled': True, 'router:external': False, 'provider:network_type': 'vlan', 'provider:physical_network': 'default', 'provider:segmentation_id': 176, 'availability_zone_hints': [], 'availability_zones': [], 'ipv4_address_scope': None, 'ipv6_address_scope': None, 'description': '', 'tags': [], 'created_at': '2025-11-22T05:03:37Z', 'updated_at': '2025-11-22T05:03:37Z', 'revision_number': 1}, Subnet: {'id': '7cb75aff-8296-4f79-8dac-0fdb6021ba72', 'name': 'tempest-VolumesAdminNegativeTest-2029051419-subnet', 'tenant_id': '92d981e48bbb45689fbe7ef8c972524f', 'network_id': 'd720c8c5-b204-4e41-8419-e2806ec82c64', 'ip_version': 4, 'subnetpool_id': None, 'enable_dhcp': True, 'ipv6_ra_mode': None, 'ipv6_address_mode': None, 'gateway_ip': '192.168.128.1', 'cidr': '192.168.128.0/28', 'allocation_pools': [{'start': '192.168.128.2', 'end': '192.168.128.14'}], 'host_routes': [], 'dns_nameservers': [], 'description': '', 'router:external': False, 'service_types': [], 'tags': [], 'created_at': '2025-11-22T05:03:37Z', 'updated_at': '2025-11-22T05:03:37Z', 'revision_number': 0, 'project_id': '92d981e48bbb45689fbe7ef8c972524f'}, Router: {'id': 'e60c368f-9144-4662-9564-406a68a6475a', 'name': 'tempest-VolumesAdminNegativeTest-2029051419-router', 'tenant_id': '92d981e48bbb45689fbe7ef8c972524f', 'admin_state_up': True, 'status': 'ACTIVE', 'external_gateway_info': {'network_id': 'ad014c77-ae2c-4b6e-a995-da92e248072a', 'external_fixed_ips': [{'subnet_id': 'c2b2065e-1cdb-4c1f-ba2b-f64e9ab97ab6', 'ip_address': '10.180.180.226'}], 'enable_snat': True}, 'description': '', 'availability_zones': [], 'distributed': False, 'ha': False, 'availability_zone_hints': [], 'routes': [], 'flavor_id': None, 'tags': [], 'created_at': '2025-11-22T05:03:38Z', 'updated_at': '2025-11-22T05:03:38Z', 'revision_number': 2, 'project_id': '92d981e48bbb45689fbe7ef8c972524f'}
2025-11-22 05:03:40.180 66423 INFO tempest.lib.common.rest_client [req-47700bd2-6856-40b0-9b9f-d683eff37d31 req-47700bd2-6856-40b0-9b9f-d683eff37d31 ] Request (ServersListShow2100Test:tearDownClass): 200 GET http://10.180.1.21/compute/v2.1/servers/70b1932b-8666-44fc-a333-2729906c9629 2.687s
2025-11-22 05:03:40.189 66395 INFO tempest.lib.common.rest_client [req-29225c4a-8ecd-4088-947d-337a492fa1e4 req-29225c4a-8ecd-4088-947d-337a492fa1e4 ] Request (ServersListShow298Test:test_list_show_update_rebuild_server_298): 200 GET http://10.180.1.21/compute/v2.1/servers/d83cad74-4745-41ee-bfa1-4b12c6b72fbc 2.667s
2025-11-22 05:03:40.201 66395 INFO tempest.common.waiters [-] State transition "BUILD/spawning" ==> "ACTIVE/None" after 70 second wait
2025-11-22 05:03:40.267 66369 INFO tempest.lib.common.rest_client [req-ae1cdb2a-1145-499d-8b98-47ca2c4c194e req-ae1cdb2a-1145-499d-8b98-47ca2c4c194e ] Request (VolumesAdminNegativeTest:setUpClass): 201 POST http://10.180.1.21/identity/v3/auth/tokens 0.125s
2025-11-22 05:03:40.326 66401 INFO tempest.lib.common.rest_client [req-553ab3b9-51cd-4b5f-bff0-42c12ebf3d30 req-553ab3b9-51cd-4b5f-bff0-42c12ebf3d30 ] Request (ServersListShow296Test:tearDownClass): 200 GET http://10.180.1.21/compute/v2.1/servers/ad407696-c600-4160-9271-a0b127f5aa28 2.762s
2025-11-22 05:03:40.378 66369 INFO tempest.lib.common.rest_client [req-40d37db1-6614-48d9-8af1-cc0593e1a249 req-40d37db1-6614-48d9-8af1-cc0593e1a249 ] Request (VolumesAdminNegativeTest:setUpClass): 201 POST http://10.180.1.21/identity/v3/projects 0.110s
2025-11-22 05:03:40.399 66393 INFO tempest.lib.common.rest_client [req-a692154f-58e6-41b6-b034-c45e8656c92f req-a692154f-58e6-41b6-b034-c45e8656c92f ] Request (ServerActionsV293TestJSON:test_rebuild_volume_backed_server): 200 GET http://10.180.1.21/compute/v2.1/servers/803177ce-390b-48c1-accf-08473ced7c9c 2.702s
2025-11-22 05:03:40.451 66365 INFO tempest.lib.common.rest_client [req-9249e897-d1cf-49fc-bcd7-ce37d38a3108 req-9249e897-d1cf-49fc-bcd7-ce37d38a3108 ] Request (ImagesNegativeTestJSON:test_create_image_from_deleted_server): 200 GET http://10.180.1.21/compute/v2.1/servers/7b1290b3-b263-4a23-ac34-c7048bdeba70 2.652s
2025-11-22 05:03:40.459 66369 INFO tempest.lib.common.rest_client [req-47cc6b95-8212-452e-9cd0-c4b45c34da6f req-47cc6b95-8212-452e-9cd0-c4b45c34da6f ] Request (VolumesAdminNegativeTest:setUpClass): 201 POST http://10.180.1.21/identity/v3/users 0.081s
2025-11-22 05:03:40.488 66369 INFO tempest.lib.common.rest_client [req-defa0339-91ce-4d86-a806-c4419b03663f req-defa0339-91ce-4d86-a806-c4419b03663f ] Request (VolumesAdminNegativeTest:setUpClass): 200 GET http://10.180.1.21/identity/v3/roles 0.028s
2025-11-22 05:03:40.529 66375 WARNING tempest.lib.common.ssh [-] Failed to establish authenticated ssh connection to cirros@10.180.180.245 ([Errno None] Unable to connect to port 22 on 10.180.180.245). Number attempts: 5. Retry after 6 seconds.: paramiko.ssh_exception.NoValidConnectionsError: [Errno None] Unable to connect to port 22 on 10.180.180.245
2025-11-22 05:03:40.535 66369 INFO tempest.lib.common.rest_client [req-4afa453f-9e42-4971-a5a9-3f7de4b7e684 req-4afa453f-9e42-4971-a5a9-3f7de4b7e684 ] Request (VolumesAdminNegativeTest:setUpClass): 204 PUT http://10.180.1.21/identity/v3/projects/e79aa4e26a5a430b9449feddbc6ce691/users/9b9c1881d8844f649f7beef467078ef5/roles/8956f61728064017b9f4a86b146c9c16 0.046s
2025-11-22 05:03:40.617 66369 INFO tempest.lib.common.rest_client [req-e06a4763-8cd2-44d3-8c65-ed5ca6689885 req-e06a4763-8cd2-44d3-8c65-ed5ca6689885 ] Request (VolumesAdminNegativeTest:setUpClass): 200 GET http://10.180.1.21/identity/v3/roles 0.082s
2025-11-22 05:03:40.642 66369 INFO tempest.lib.common.rest_client [req-ada6a335-20a3-4dc0-ac56-432281b77766 req-ada6a335-20a3-4dc0-ac56-432281b77766 ] Request (VolumesAdminNegativeTest:setUpClass): 204 PUT http://10.180.1.21/identity/v3/projects/e79aa4e26a5a430b9449feddbc6ce691/users/9b9c1881d8844f649f7beef467078ef5/roles/c8fa1de7626341c1b4dcc9a6f9edfc5f 0.024s
2025-11-22 05:03:40.642 66369 INFO tempest.lib.common.dynamic_creds [-] Dynamic test user 9b9c1881d8844f649f7beef467078ef5 is created with scope project and roles: ['service', 'admin']
2025-11-22 05:03:40.642 66369 INFO tempest.lib.common.dynamic_creds [-] Acquired dynamic creds: credentials: Credentials: {'domain_id': 'default', 'domain_name': 'Default', 'username': 'tempest-VolumesAdminNegativeTest-402465748-project', 'project_domain_id': 'default', 'project_domain_name': 'Default', 'project_id': 'e79aa4e26a5a430b9449feddbc6ce691', 'project_name': 'tempest-VolumesAdminNegativeTest-402465748', 'tenant_id': 'e79aa4e26a5a430b9449feddbc6ce691', 'tenant_name': 'tempest-VolumesAdminNegativeTest-402465748', 'user_domain_id': 'default', 'user_domain_name': 'Default', 'user_id': '9b9c1881d8844f649f7beef467078ef5', 'system': None}, Network: None, Subnet: None, Router: None
2025-11-22 05:03:40.664 66417 INFO tempest.lib.common.rest_client [req-a69bce49-7ad3-4c24-bf51-d65ea9ca8f33 req-a69bce49-7ad3-4c24-bf51-d65ea9ca8f33 ] Request (ServerActionsTestOtherB:test_create_backup): 200 GET http://10.180.1.21/compute/v2.1/servers/048e0480-3cb7-4cce-aa59-9c9cdd189bb7 2.840s
2025-11-22 05:03:40.686 66413 INFO tempest.lib.common.rest_client [req-36d89e21-9ed6-4159-83fa-0831c0d4c41d req-36d89e21-9ed6-4159-83fa-0831c0d4c41d ] Request (ServersNegativeTestMultiTenantJSON:test_update_server_of_another_tenant): 404 PUT http://10.180.1.21/compute/v2.1/servers/1530df27-9b06-4a1c-aec2-09fd0040deb1 2.702s
2025-11-22 05:03:40.725 66379 INFO tempest.lib.common.rest_client [req-f33971cf-3286-4949-aa06-e9904d465159 req-f33971cf-3286-4949-aa06-e9904d465159 ] Request (MigrationsAdminTest:test_list_migrations_in_flavor_resize_situation): 200 GET http://10.180.1.21/compute/v2.1/servers/745f687f-2e50-4fdc-a1c3-f8895003b285 2.866s
2025-11-22 05:03:40.733 66379 INFO tempest.common.waiters [-] State transition "BUILD/networking" ==> "BUILD/spawning" after 68 second wait
2025-11-22 05:03:40.915 66369 INFO tempest.lib.common.rest_client [req-26a7e167-c193-4eaf-9b52-3c3995de45ba req-26a7e167-c193-4eaf-9b52-3c3995de45ba ] Request (VolumesAdminNegativeTest:setUpClass): 201 POST http://10.180.1.21/networking/v2.0/networks 0.272s
2025-11-22 05:03:41.040 66381 INFO tempest.lib.common.rest_client [req-ff5c7314-a0c6-4a3e-b5e9-d18c34e773cb req-ff5c7314-a0c6-4a3e-b5e9-d18c34e773cb ] Request (ServerGroupTestJSON:test_create_server_with_scheduler_hint_group): 200 GET http://10.180.1.21/compute/v2.1/servers/88dae475-6139-4732-a57a-de1d76933d92 2.950s
2025-11-22 05:03:41.202 66369 INFO tempest.lib.common.rest_client [req-380740aa-9a8d-45c1-bd85-65c28a441deb req-380740aa-9a8d-45c1-bd85-65c28a441deb ] Request (VolumesAdminNegativeTest:setUpClass): 201 POST http://10.180.1.21/networking/v2.0/subnets 0.286s
2025-11-22 05:03:41.233 66405 INFO tempest.lib.common.rest_client [req-49ccbc7d-b7d2-48ef-9772-4222e4135188 req-49ccbc7d-b7d2-48ef-9772-4222e4135188 ] Request (AttachVolumeTestJSON:test_attach_detach_volume): 200 GET http://10.180.1.21/compute/v2.1/servers/9e53a5fb-e38c-4c57-aaf2-92a48c5919c1 3.178s
2025-11-22 05:03:41.249 66373 INFO tempest.lib.common.rest_client [req-7d866e43-f7ec-4e7e-b67d-0ba02c19c2a0 req-7d866e43-f7ec-4e7e-b67d-0ba02c19c2a0 ] Request (AttachInterfacesTestJSON:test_create_list_show_delete_interfaces_by_network_port): 200 GET http://10.180.1.21/compute/v2.1/servers/bcfa7cbd-9f6b-45df-ac64-658964527e9e 3.102s
2025-11-22 05:03:42.053 66369 INFO tempest.lib.common.rest_client [req-1ffda047-5d9f-48ee-9e10-2d1a57a9e645 req-1ffda047-5d9f-48ee-9e10-2d1a57a9e645 ] Request (VolumesAdminNegativeTest:setUpClass): 201 POST http://10.180.1.21/networking/v2.0/routers 0.851s
2025-11-22 05:03:42.087 66367 INFO tempest.lib.common.rest_client [req-5e1e732e-bef7-4389-b6a7-41bb09f22581 req-5e1e732e-bef7-4389-b6a7-41bb09f22581 ] Request (MultipleCreateTestJSON:tearDownClass): 200 GET http://10.180.1.21/compute/v2.1/servers/5aa8e058-d0a3-48c4-8ef5-539110cf7b78 3.922s
2025-11-22 05:03:42.097 66407 INFO tempest.lib.common.rest_client [req-4b829722-e75c-4890-966e-30fc0bda2397 req-4b829722-e75c-4890-966e-30fc0bda2397 ] Request (ServerDiskConfigTestJSON:test_resize_server_from_auto_to_manual): 200 GET http://10.180.1.21/compute/v2.1/servers/8caba27e-1b95-4bb4-8ba2-b7685386985d 3.840s
2025-11-22 05:03:42.135 66409 INFO tempest.lib.common.rest_client [req-5fed94e7-8790-41d6-bef0-f5d686adf750 req-5fed94e7-8790-41d6-bef0-f5d686adf750 ] Request (ImagesTestJSON:test_create_server_from_snapshot): 200 GET http://10.180.1.21/compute/v2.1/images/79f7aac6-dc02-44fa-ac49-d1df227892e2 3.787s
2025-11-22 05:03:42.234 66391 INFO tempest.lib.common.rest_client [req-912c163b-638b-423e-b9ff-a0fcc3004017 req-912c163b-638b-423e-b9ff-a0fcc3004017 ] Request (AttachVolumeNegativeTest:test_attach_attached_volume_to_different_server): 200 GET http://10.180.1.21/compute/v2.1/servers/83289de1-5d4b-4d0d-a261-3ebf55c7dccc 3.671s
2025-11-22 05:03:42.247 66383 INFO tempest.lib.common.rest_client [req-7094712f-769e-42a6-a3be-6032adfa84eb req-7094712f-769e-42a6-a3be-6032adfa84eb ] Request (ServersTestManualDisk:setUpClass): 200 GET http://10.180.1.21/compute/v2.1/servers/4ae6a446-f3f5-48a3-a1cb-7b5490d0366f 3.311s
2025-11-22 05:03:42.308 66385 INFO tempest.lib.common.rest_client [req-7aa56184-5ebc-4dec-844e-2340d56abbda req-7aa56184-5ebc-4dec-844e-2340d56abbda ] Request (SecurityGroupsTestJSON:test_server_security_groups): 200 GET http://10.180.1.21/compute/v2.1/servers/b0aa88f8-31c2-405d-b97c-5c2eee535564 2.298s
2025-11-22 05:03:42.328 66415 INFO tempest.lib.common.rest_client [req-72b2b46b-90f7-4539-b0b7-cd86ab48cb02 req-72b2b46b-90f7-4539-b0b7-cd86ab48cb02 ] Request (ServersAaction247Test:test_create_backup): 200 GET http://10.180.1.21/compute/v2.1/servers/8c9c9880-b7a1-4ab6-9a5d-4c6c853b69de 2.300s
2025-11-22 05:03:42.337 66415 INFO tempest.common.waiters [-] State transition "BUILD/scheduling" ==> "BUILD/None" after 26 second wait
2025-11-22 05:03:42.386 66363 INFO tempest.lib.common.rest_client [req-4f11bb03-ef07-485f-8dab-bae1a497dadd req-4f11bb03-ef07-485f-8dab-bae1a497dadd ] Request (ServerTagsTestJSON:setUpClass): 200 GET http://10.180.1.21/compute/v2.1/servers/b1830ca0-6e4a-4441-9bb7-2a1dd5100418 2.010s
2025-11-22 05:03:42.427 66395 INFO tempest.lib.common.rest_client [req-88e95357-226d-414e-b166-769c6654a9a8 req-88e95357-226d-414e-b166-769c6654a9a8 ] Request (ServersListShow298Test:test_list_show_update_rebuild_server_298): 200 GET http://10.180.1.21/compute/v2.1/servers/detail 2.226s
2025-11-22 05:03:42.460 66361 INFO tempest.lib.common.rest_client [req-7fc22a92-3178-4520-84c4-7f42118679e3 req-7fc22a92-3178-4520-84c4-7f42118679e3 ] Request (ServersTestMultiNic:_run_cleanups): 200 GET http://10.180.1.21/compute/v2.1/servers/f6b9526d-b605-4ea7-bd8b-a5ba4903da07 2.078s
2025-11-22 05:03:42.528 66413 INFO tempest.lib.common.rest_client [req-57f2c665-02a0-43a8-8269-35243a11d7ed req-57f2c665-02a0-43a8-8269-35243a11d7ed ] Request (ServersNegativeTestMultiTenantJSON:tearDownClass): 204 DELETE http://10.180.1.21/compute/v2.1/servers/1530df27-9b06-4a1c-aec2-09fd0040deb1 1.834s
2025-11-22 05:03:42.530 66388 INFO tempest.lib.common.rest_client [req-f2e63de0-efd0-4638-84f0-da79d60907e7 req-f2e63de0-efd0-4638-84f0-da79d60907e7 ] Request (ServerMetadataTestJSON:setUpClass): 200 GET http://10.180.1.21/compute/v2.1/servers/7b7fad65-a6b1-49e6-9ae9-a426b8a71cce 1.606s
2025-11-22 05:03:42.597 66397 INFO tempest.lib.common.rest_client [req-a00dbee0-4590-4fb2-9f2e-168e401119da req-a00dbee0-4590-4fb2-9f2e-168e401119da ] Request (ListServersNegativeTestJSON:setUpClass): 200 GET http://10.180.1.21/compute/v2.1/servers/78ea9499-e2fe-4349-bd3e-7c289790666c 1.533s
2025-11-22 05:03:42.620 66421 INFO tempest.lib.common.rest_client [req-c4e81e66-4c08-4a9d-ae0f-da82f1f3ca2d req-c4e81e66-4c08-4a9d-ae0f-da82f1f3ca2d ] Request (AttachInterfacesUnderV243Test:_run_cleanups): 200 GET http://10.180.1.21/compute/v2.1/servers/b43985e6-7509-41fe-b6d9-430f256d59b9 1.676s
2025-11-22 05:03:42.628 66421 INFO tempest.common.waiters [-] State transition "ACTIVE/deleting" ==> "DELETED/None" after 6 second wait
2025-11-22 05:03:42.644 66401 INFO tempest.lib.common.rest_client [req-3d31dfb7-7d8f-4d97-8aa5-8cba66ad7ef9 req-3d31dfb7-7d8f-4d97-8aa5-8cba66ad7ef9 ] Request (ServersListShow296Test:tearDownClass): 404 GET http://10.180.1.21/compute/v2.1/servers/ad407696-c600-4160-9271-a0b127f5aa28 1.298s
2025-11-22 05:03:42.694 66423 INFO tempest.lib.common.rest_client [req-fdc9f880-3f46-45d3-b04f-12e19de839fb req-fdc9f880-3f46-45d3-b04f-12e19de839fb ] Request (ServersListShow2100Test:tearDownClass): 200 GET http://10.180.1.21/compute/v2.1/servers/70b1932b-8666-44fc-a333-2729906c9629 1.499s
2025-11-22 05:03:42.804 66365 INFO tempest.lib.common.rest_client [req-d33d2b28-7822-4469-af05-9b28fdb92b17 req-d33d2b28-7822-4469-af05-9b28fdb92b17 ] Request (ImagesNegativeTestJSON:test_create_image_from_deleted_server): 200 GET http://10.180.1.21/compute/v2.1/servers/7b1290b3-b263-4a23-ac34-c7048bdeba70 1.346s
2025-11-22 05:03:42.845 66393 INFO tempest.lib.common.rest_client [req-6f48df33-5a94-4d0e-b1c2-814eeb1d68f1 req-6f48df33-5a94-4d0e-b1c2-814eeb1d68f1 ] Request (ServerActionsV293TestJSON:test_rebuild_volume_backed_server): 200 GET http://10.180.1.21/compute/v2.1/servers/803177ce-390b-48c1-accf-08473ced7c9c 1.433s
2025-11-22 05:03:42.862 66393 INFO tempest.common.waiters [-] State transition "REBUILD/rebuilding" ==> "ERROR/None" after 7 second wait
2025-11-22 05:03:42.875 66401 INFO tempest.lib.common.rest_client [req-03ae0f5b-f463-44e8-976c-f0310f2f24a5 req-03ae0f5b-f463-44e8-976c-f0310f2f24a5 ] Request (ServersListShow296Test:tearDownClass): 204 DELETE http://10.180.1.21/identity/v3/users/a1f926c4aa1145e4922e611cec879223 0.231s
2025-11-22 05:03:42.875 66401 INFO tempest.lib.common.dynamic_creds [-] Deleting project and security group for project: 9c60540ffc724d8296c4bc07289c989a
2025-11-22 05:03:42.945 66401 INFO tempest.lib.common.rest_client [req-cd2172bb-42e6-4b71-84fb-4596d4e08698 req-cd2172bb-42e6-4b71-84fb-4596d4e08698 ] Request (ServersListShow296Test:tearDownClass): 201 POST http://10.180.1.21/identity/v3/auth/tokens 0.069s
2025-11-22 05:03:43.027 66417 INFO tempest.lib.common.rest_client [req-7e0460fa-1c9c-45f5-9c19-fe5196d90c84 req-7e0460fa-1c9c-45f5-9c19-fe5196d90c84 ] Request (ServerActionsTestOtherB:test_create_backup): 200 GET http://10.180.1.21/compute/v2.1/servers/048e0480-3cb7-4cce-aa59-9c9cdd189bb7 1.353s
2025-11-22 05:03:43.087 66369 INFO tempest.lib.common.rest_client [req-040a2ce8-0851-4c0e-a26c-a9e5e688584f req-040a2ce8-0851-4c0e-a26c-a9e5e688584f ] Request (VolumesAdminNegativeTest:setUpClass): 200 PUT http://10.180.1.21/networking/v2.0/routers/087d1e1d-0536-4e53-bf59-486a8633e5be/add_router_interface 1.034s
2025-11-22 05:03:43.088 66369 INFO tempest.lib.common.dynamic_creds [-] Created isolated network resources for: credentials: Credentials: {'domain_id': 'default', 'domain_name': 'Default', 'username': 'tempest-VolumesAdminNegativeTest-402465748-project', 'project_domain_id': 'default', 'project_domain_name': 'Default', 'project_id': 'e79aa4e26a5a430b9449feddbc6ce691', 'project_name': 'tempest-VolumesAdminNegativeTest-402465748', 'tenant_id': 'e79aa4e26a5a430b9449feddbc6ce691', 'tenant_name': 'tempest-VolumesAdminNegativeTest-402465748', 'user_domain_id': 'default', 'user_domain_name': 'Default', 'user_id': '9b9c1881d8844f649f7beef467078ef5', 'system': None}, Network: {'id': '33d35b84-475c-4c71-b879-97c1af75d4e5', 'name': 'tempest-VolumesAdminNegativeTest-1518356520-network', 'tenant_id': 'e79aa4e26a5a430b9449feddbc6ce691', 'project_id': 'e79aa4e26a5a430b9449feddbc6ce691', 'admin_state_up': True, 'mtu': 8950, 'status': 'ACTIVE', 'subnets': [], 'shared': False, 'port_security_enabled': True, 'router:external': False, 'provider:network_type': 'vlan', 'provider:physical_network': 'default', 'provider:segmentation_id': 758, 'availability_zone_hints': [], 'availability_zones': [], 'ipv4_address_scope': None, 'ipv6_address_scope': None, 'description': '', 'tags': [], 'created_at': '2025-11-22T05:03:40Z', 'updated_at': '2025-11-22T05:03:40Z', 'revision_number': 1}, Subnet: {'id': '3d6e6ec9-8c28-4f47-a7ae-7b3d7809df97', 'name': 'tempest-VolumesAdminNegativeTest-1518356520-subnet', 'tenant_id': 'e79aa4e26a5a430b9449feddbc6ce691', 'network_id': '33d35b84-475c-4c71-b879-97c1af75d4e5', 'ip_version': 4, 'subnetpool_id': None, 'enable_dhcp': True, 'ipv6_ra_mode': None, 'ipv6_address_mode': None, 'gateway_ip': '192.168.128.1', 'cidr': '192.168.128.0/28', 'allocation_pools': [{'start': '192.168.128.2', 'end': '192.168.128.14'}], 'host_routes': [], 'dns_nameservers': [], 'description': '', 'router:external': False, 'service_types': [], 'tags': [], 'created_at': '2025-11-22T05:03:41Z', 'updated_at': '2025-11-22T05:03:41Z', 'revision_number': 0, 'project_id': 'e79aa4e26a5a430b9449feddbc6ce691'}, Router: {'id': '087d1e1d-0536-4e53-bf59-486a8633e5be', 'name': 'tempest-VolumesAdminNegativeTest-1518356520-router', 'tenant_id': 'e79aa4e26a5a430b9449feddbc6ce691', 'admin_state_up': True, 'status': 'ACTIVE', 'external_gateway_info': {'network_id': 'ad014c77-ae2c-4b6e-a995-da92e248072a', 'external_fixed_ips': [{'subnet_id': 'c2b2065e-1cdb-4c1f-ba2b-f64e9ab97ab6', 'ip_address': '10.180.180.131'}], 'enable_snat': True}, 'description': '', 'availability_zones': [], 'distributed': False, 'ha': False, 'availability_zone_hints': [], 'routes': [], 'flavor_id': None, 'tags': [], 'created_at': '2025-11-22T05:03:41Z', 'updated_at': '2025-11-22T05:03:41Z', 'revision_number': 2, 'project_id': 'e79aa4e26a5a430b9449feddbc6ce691'}
2025-11-22 05:03:43.133 66379 INFO tempest.lib.common.rest_client [req-a6c973bf-bc60-48cb-a045-c45baef895ba req-a6c973bf-bc60-48cb-a045-c45baef895ba ] Request (MigrationsAdminTest:test_list_migrations_in_flavor_resize_situation): 200 GET http://10.180.1.21/compute/v2.1/servers/745f687f-2e50-4fdc-a1c3-f8895003b285 1.397s
2025-11-22 05:03:43.148 66381 INFO tempest.lib.common.rest_client [req-94f17759-af16-40b0-8fc2-0d573f7dedad req-94f17759-af16-40b0-8fc2-0d573f7dedad ] Request (ServerGroupTestJSON:test_create_server_with_scheduler_hint_group): 200 GET http://10.180.1.21/compute/v2.1/servers/88dae475-6139-4732-a57a-de1d76933d92 1.097s
2025-11-22 05:03:43.196 66409 INFO tempest.lib.common.rest_client [req-0d22979b-4b05-4828-8250-4ac4701747fe req-0d22979b-4b05-4828-8250-4ac4701747fe ] Request (ImagesTestJSON:test_create_server_from_snapshot): 200 GET http://10.180.1.21/compute/v2.1/images/79f7aac6-dc02-44fa-ac49-d1df227892e2 1.056s
2025-11-22 05:03:43.236 66369 INFO tempest.lib.common.rest_client [req-495a33ab-3126-4e26-b76d-436f8af601af req-495a33ab-3126-4e26-b76d-436f8af601af ] Request (VolumesAdminNegativeTest:setUpClass): 201 POST http://10.180.1.21/identity/v3/auth/tokens 0.144s
2025-11-22 05:03:43.265 66401 INFO tempest.lib.common.rest_client [req-349f0727-92d8-439a-8afc-92794d4e31e5 req-349f0727-92d8-439a-8afc-92794d4e31e5 ] Request (ServersListShow296Test:tearDownClass): 200 GET http://10.180.1.21/networking/v2.0/security-groups?tenant_id=9c60540ffc724d8296c4bc07289c989a&name=default 0.320s
2025-11-22 05:03:43.273 66409 INFO tempest.lib.common.rest_client [req-4bb56859-31ea-4559-9a05-cb5795fc7113 req-4bb56859-31ea-4559-9a05-cb5795fc7113 ] Request (ImagesTestJSON:test_create_server_from_snapshot): 201 POST http://10.180.1.21/identity/v3/auth/tokens 0.070s
2025-11-22 05:03:43.274 66409 INFO tempest.lib.common.fixed_network [-] (ImagesTestJSON:test_create_server_from_snapshot) Found network {'id': '8188b4e3-a5d7-4194-b7d0-ccd864d3b78f', 'name': 'tempest-ImagesTestJSON-587768974-network', 'tenant_id': 'f14201149a7b4a2a8a9e99d72fa3f5d8', 'project_id': 'f14201149a7b4a2a8a9e99d72fa3f5d8', 'admin_state_up': True, 'mtu': 8950, 'status': 'ACTIVE', 'subnets': [], 'shared': False, 'port_security_enabled': True, 'router:external': False, 'provider:network_type': 'vlan', 'provider:physical_network': 'default', 'provider:segmentation_id': 186, 'availability_zone_hints': [], 'availability_zones': [], 'ipv4_address_scope': None, 'ipv6_address_scope': None, 'description': '', 'tags': [], 'created_at': '2025-11-22T04:59:35Z', 'updated_at': '2025-11-22T04:59:35Z', 'revision_number': 1} available for tenant
2025-11-22 05:03:43.297 66373 INFO tempest.lib.common.rest_client [req-c7759af8-edea-4c85-ab25-e2f903814b1a req-c7759af8-edea-4c85-ab25-e2f903814b1a ] Request (AttachInterfacesTestJSON:test_create_list_show_delete_interfaces_by_network_port): 200 GET http://10.180.1.21/compute/v2.1/servers/bcfa7cbd-9f6b-45df-ac64-658964527e9e 1.038s
2025-11-22 05:03:43.312 66405 INFO tempest.lib.common.rest_client [req-7bd5ae71-c99e-4c1c-8f82-3787b376b2d4 req-7bd5ae71-c99e-4c1c-8f82-3787b376b2d4 ] Request (AttachVolumeTestJSON:test_attach_detach_volume): 200 GET http://10.180.1.21/compute/v2.1/servers/9e53a5fb-e38c-4c57-aaf2-92a48c5919c1 1.071s
2025-11-22 05:03:43.321 66405 INFO tempest.common.waiters [-] State transition "SHUTOFF/powering-on" ==> "ACTIVE/None" after 8 second wait
2025-11-22 05:03:43.322 66405 INFO tempest.lib.common.ssh [-] Creating ssh connection to '10.180.180.155:22' as 'cirros' with public key authentication
2025-11-22 05:03:43.322 66369 INFO tempest.lib.common.rest_client [req-3d5ccb9a-b67a-4c17-a017-e34cc412899a req-3d5ccb9a-b67a-4c17-a017-e34cc412899a ] Request (VolumesAdminNegativeTest:test_update_attached_volume_with_nonexistent_volume_in_uri): 201 POST http://10.180.1.21/identity/v3/auth/tokens 0.080s
2025-11-22 05:03:43.322 66369 INFO tempest.lib.common.fixed_network [-] (VolumesAdminNegativeTest:test_update_attached_volume_with_nonexistent_volume_in_uri) Found network {'id': '9d8f5355-9ab3-48da-8496-2fccb11e20af', 'name': 'tempest-VolumesAdminNegativeTest-1009683375-network', 'tenant_id': '279d490cbd2c4f7591e9fe7b7f6f82b7', 'project_id': '279d490cbd2c4f7591e9fe7b7f6f82b7', 'admin_state_up': True, 'mtu': 8950, 'status': 'ACTIVE', 'subnets': [], 'shared': False, 'port_security_enabled': True, 'router:external': False, 'provider:network_type': 'vlan', 'provider:physical_network': 'default', 'provider:segmentation_id': 387, 'availability_zone_hints': [], 'availability_zones': [], 'ipv4_address_scope': None, 'ipv6_address_scope': None, 'description': '', 'tags': [], 'created_at': '2025-11-22T05:03:34Z', 'updated_at': '2025-11-22T05:03:34Z', 'revision_number': 1} available for tenant
2025-11-22 05:03:43.375 66401 INFO tempest.lib.common.rest_client [req-d5d6a055-2a41-4404-b21b-ed93f5d0d634 req-d5d6a055-2a41-4404-b21b-ed93f5d0d634 ] Request (ServersListShow296Test:tearDownClass): 204 DELETE http://10.180.1.21/networking/v2.0/security-groups/17cac615-0acf-4693-94f0-2e2b82ebba29 0.109s
2025-11-22 05:03:43.389 66395 INFO tempest.lib.common.rest_client [req-a5bf7190-a465-41e7-90bf-963ae00deea2 req-a5bf7190-a465-41e7-90bf-963ae00deea2 ] Request (ServersListShow298Test:test_list_show_update_rebuild_server_298): 200 GET http://10.180.1.21/compute/v2.1/servers/d83cad74-4745-41ee-bfa1-4b12c6b72fbc 0.938s
2025-11-22 05:03:43.469 66401 INFO tempest.lib.common.rest_client [req-6334664c-c9e8-4300-b1a5-305c110ecc78 req-6334664c-c9e8-4300-b1a5-305c110ecc78 ] Request (ServersListShow296Test:tearDownClass): 204 DELETE http://10.180.1.21/identity/v3/projects/9c60540ffc724d8296c4bc07289c989a 0.094s
2025-11-22 05:03:43.486 66393 INFO tempest.lib.common.rest_client [req-1167597f-6956-4200-aab6-4abb318f38ff req-1167597f-6956-4200-aab6-4abb318f38ff ] Request (ServerActionsV293TestJSON:tearDownClass): 204 DELETE http://10.180.1.21/compute/v2.1/servers/803177ce-390b-48c1-accf-08473ced7c9c 0.620s
2025-11-22 05:03:43.495 66413 INFO tempest.lib.common.rest_client [req-f6e1628a-8ec1-4dcb-ab85-c18c6d561ded req-f6e1628a-8ec1-4dcb-ab85-c18c6d561ded ] Request (ServersNegativeTestMultiTenantJSON:tearDownClass): 200 GET http://10.180.1.21/compute/v2.1/servers/1530df27-9b06-4a1c-aec2-09fd0040deb1 0.966s
2025-11-22 05:03:43.556 66401 INFO tempest.lib.common.rest_client [req-48680e07-a123-4c26-96c8-000d9ac1887a req-48680e07-a123-4c26-96c8-000d9ac1887a ] Request (AttachVolumeShelveTestJSON:setUpClass): 201 POST http://10.180.1.21/identity/v3/auth/tokens 0.085s
2025-11-22 05:03:43.564 66407 INFO tempest.lib.common.rest_client [req-bd5306c6-ca90-406a-a8ca-f3859c7c3b7b req-bd5306c6-ca90-406a-a8ca-f3859c7c3b7b ] Request (ServerDiskConfigTestJSON:test_resize_server_from_auto_to_manual): 200 GET http://10.180.1.21/compute/v2.1/servers/8caba27e-1b95-4bb4-8ba2-b7685386985d 0.456s
2025-11-22 05:03:43.570 66367 INFO tempest.lib.common.rest_client [req-89c19a8b-fd9f-4b01-b756-95caf07b1767 req-89c19a8b-fd9f-4b01-b756-95caf07b1767 ] Request (MultipleCreateTestJSON:tearDownClass): 200 GET http://10.180.1.21/compute/v2.1/servers/5aa8e058-d0a3-48c4-8ef5-539110cf7b78 0.470s
2025-11-22 05:03:43.595 66401 INFO tempest.lib.common.rest_client [req-092cb08a-e26f-40c9-a523-b000482a5334 req-092cb08a-e26f-40c9-a523-b000482a5334 ] Request (AttachVolumeShelveTestJSON:setUpClass): 201 POST http://10.180.1.21/identity/v3/auth/tokens 0.036s
2025-11-22 05:03:43.620 66401 INFO tempest.lib.common.rest_client [req-7a5a81a5-686f-4c87-a816-0593693c6711 req-7a5a81a5-686f-4c87-a816-0593693c6711 ] Request (AttachVolumeShelveTestJSON:setUpClass): 200 GET http://10.180.1.21/identity/v3/domains?name=Default 0.024s
2025-11-22 05:03:43.625 66391 INFO tempest.lib.common.rest_client [req-ac117445-4d8c-4208-ae0a-d39c4a43c928 req-ac117445-4d8c-4208-ae0a-d39c4a43c928 ] Request (AttachVolumeNegativeTest:test_attach_attached_volume_to_different_server): 200 GET http://10.180.1.21/compute/v2.1/servers/83289de1-5d4b-4d0d-a261-3ebf55c7dccc 0.376s
