2025-11-22 07:59:56.137 66425 WARNING tempest.lib.common.ssh [-] Failed to establish authenticated ssh connection to cirros@10.180.180.194 ([Errno None] Unable to connect to port 22 on 10.180.180.194). Number attempts: 1. Retry after 2 seconds.: paramiko.ssh_exception.NoValidConnectionsError: [Errno None] Unable to connect to port 22 on 10.180.180.194
2025-11-22 07:59:56.177 66419 INFO tempest.lib.common.rest_client [req-e320626a-1881-453e-84ef-7b5aa6f939fc req-e320626a-1881-453e-84ef-7b5aa6f939fc ] Request (KeyPairsV210TestJSON:setUpClass): 201 POST http://10.180.1.21/identity/v3/auth/tokens 0.105s
2025-11-22 07:59:56.506 66469 INFO tempest.lib.common.rest_client [req-30cd6606-14ac-444f-83e2-97576dfef5fa req-30cd6606-14ac-444f-83e2-97576dfef5fa ] Request (FloatingIPDetailsNegativeTestJSON:setUpClass): 201 POST http://10.180.1.21/networking/v2.0/networks 0.791s
2025-11-22 07:59:56.592 66466 INFO tempest.lib.common.rest_client [req-c34461f9-d421-4f5e-a092-883f11613f37 req-c34461f9-d421-4f5e-a092-883f11613f37 ] Request (SecurityGroupRulesNegativeTestJSON:_run_cleanups): 202 DELETE http://10.180.1.21/compute/v2.1/os-security-group-rules/c2135e85-5336-48a0-975b-32b4af769a71 4.255s
2025-11-22 07:59:56.604 66459 INFO tempest.lib.common.rest_client [req-917d2494-c029-48fd-9ce4-285458b4359b req-917d2494-c029-48fd-9ce4-285458b4359b ] Request (HostsAdminNegativeTestJSON:test_update_nonexistent_host): 404 PUT http://10.180.1.21/compute/v2.1/os-hosts/nonexistent_hostname 3.414s
2025-11-22 07:59:56.685 66431 INFO tempest.lib.common.rest_client [req-124fbd1f-86ab-4d03-9626-1d4622b97994 req-124fbd1f-86ab-4d03-9626-1d4622b97994 ] Request (VolumesAdminNegativeTest:tearDownClass): 204 DELETE http://10.180.1.21/compute/v2.1/servers/9bfbb6d5-90ee-4bca-b52e-1a6bc3fffcc8 3.371s
2025-11-22 07:59:56.699 66459 INFO tempest.lib.common.rest_client [req-6acac57d-1bae-404b-9afc-53bac68a1f49 req-6acac57d-1bae-404b-9afc-53bac68a1f49 ] Request (HostsAdminNegativeTestJSON:tearDownClass): 204 DELETE http://10.180.1.21/identity/v3/users/d13433dd4b2c432b9499a7935a849f37 0.094s
2025-11-22 07:59:56.819 66459 INFO tempest.lib.common.rest_client [req-b0057d38-5cc1-444a-a3da-822fe86ecb2b req-b0057d38-5cc1-444a-a3da-822fe86ecb2b ] Request (HostsAdminNegativeTestJSON:tearDownClass): 204 DELETE http://10.180.1.21/identity/v3/users/d10583f1ff8f4b2fbe76fd7c3bba7d9e 0.118s
2025-11-22 07:59:56.819 66459 INFO tempest.lib.common.dynamic_creds [-] Deleting project and security group for project: 9c953a644f2a4310abdb7b6dc86ccca7
2025-11-22 07:59:56.885 66459 INFO tempest.lib.common.rest_client [req-c6ea3e12-40cd-4d36-96aa-308cefc98b84 req-c6ea3e12-40cd-4d36-96aa-308cefc98b84 ] Request (HostsAdminNegativeTestJSON:tearDownClass): 201 POST http://10.180.1.21/identity/v3/auth/tokens 0.065s
2025-11-22 07:59:57.267 66469 INFO tempest.lib.common.rest_client [req-1e6f24da-5661-4025-8847-75f4aa497c14 req-1e6f24da-5661-4025-8847-75f4aa497c14 ] Request (FloatingIPDetailsNegativeTestJSON:setUpClass): 201 POST http://10.180.1.21/networking/v2.0/subnets 0.760s
2025-11-22 07:59:57.368 66423 INFO tempest.lib.common.rest_client [req-488d4017-dda7-457d-81d9-38c71dac1e03 req-488d4017-dda7-457d-81d9-38c71dac1e03 ] Request (ServersTestManualDisk:setUpClass): 200 GET http://10.180.1.21/compute/v2.1/servers/2dace8f0-915e-456f-92a1-ab031aa58982 4.344s
2025-11-22 07:59:57.376 66423 INFO tempest.common.waiters [-] State transition "BUILD/spawning" ==> "ACTIVE/None" after 20 second wait
2025-11-22 07:59:57.383 66413 INFO tempest.lib.common.rest_client [req-a465776b-c576-40ad-b208-82b06867c673 req-a465776b-c576-40ad-b208-82b06867c673 ] Request (KeyPairsV2TestJSON:_run_cleanups): 202 DELETE http://10.180.1.21/compute/v2.1/os-keypairs/tempest-KeyPairsV2TestJSON-keypair-207811971 3.923s
2025-11-22 07:59:57.410 66445 INFO tempest.lib.common.rest_client [req-b420b046-310e-4e17-87fa-5fa3716c453e req-b420b046-310e-4e17-87fa-5fa3716c453e ] Request (ImagesTestJSON:setUpClass): 200 PUT http://10.180.1.21/networking/v2.0/routers/c9dda906-18d0-48da-a929-9b112823e3a8/add_router_interface 1.331s
2025-11-22 07:59:57.410 66445 INFO tempest.lib.common.dynamic_creds [-] Created isolated network resources for: credentials: Credentials: {'domain_id': 'default', 'domain_name': 'Default', 'username': 'tempest-ImagesTestJSON-175862518-project-member', 'project_domain_id': 'default', 'project_domain_name': 'Default', 'project_id': '7ea8330e32c242d0bbc0c69ec323052b', 'project_name': 'tempest-ImagesTestJSON-175862518', 'tenant_id': '7ea8330e32c242d0bbc0c69ec323052b', 'tenant_name': 'tempest-ImagesTestJSON-175862518', 'user_domain_id': 'default', 'user_domain_name': 'Default', 'user_id': 'e889d63551d448b5a63b8ba48257fce3', 'system': None}, Network: {'id': 'aa37784b-f8ce-4135-bc43-00b2ba64fe33', 'name': 'tempest-ImagesTestJSON-1048048908-network', 'tenant_id': '7ea8330e32c242d0bbc0c69ec323052b', 'project_id': '7ea8330e32c242d0bbc0c69ec323052b', 'admin_state_up': True, 'mtu': 8950, 'status': 'ACTIVE', 'subnets': [], 'shared': False, 'port_security_enabled': True, 'router:external': False, 'provider:network_type': 'vlan', 'provider:physical_network': 'default', 'provider:segmentation_id': 673, 'availability_zone_hints': [], 'availability_zones': [], 'ipv4_address_scope': None, 'ipv6_address_scope': None, 'description': '', 'tags': [], 'created_at': '2025-11-22T07:59:54Z', 'updated_at': '2025-11-22T07:59:54Z', 'revision_number': 1}, Subnet: {'id': 'a59bfe61-a305-4bac-b354-614d5aed4c33', 'name': 'tempest-ImagesTestJSON-1048048908-subnet', 'tenant_id': '7ea8330e32c242d0bbc0c69ec323052b', 'network_id': 'aa37784b-f8ce-4135-bc43-00b2ba64fe33', 'ip_version': 4, 'subnetpool_id': None, 'enable_dhcp': True, 'ipv6_ra_mode': None, 'ipv6_address_mode': None, 'gateway_ip': '192.168.128.1', 'cidr': '192.168.128.0/28', 'allocation_pools': [{'start': '192.168.128.2', 'end': '192.168.128.14'}], 'host_routes': [], 'dns_nameservers': [], 'description': '', 'router:external': False, 'service_types': [], 'tags': [], 'created_at': '2025-11-22T07:59:54Z', 'updated_at': '2025-11-22T07:59:54Z', 'revision_number': 0, 'project_id': '7ea8330e32c242d0bbc0c69ec323052b'}, Router: {'id': 'c9dda906-18d0-48da-a929-9b112823e3a8', 'name': 'tempest-ImagesTestJSON-1048048908-router', 'tenant_id': '7ea8330e32c242d0bbc0c69ec323052b', 'admin_state_up': True, 'status': 'ACTIVE', 'external_gateway_info': {'network_id': '79013118-6fc6-403a-927f-d7b98a07e42c', 'external_fixed_ips': [{'subnet_id': '41a003ef-a232-4e35-8692-16aa67067a2e', 'ip_address': '10.180.180.190'}], 'enable_snat': True}, 'description': '', 'availability_zones': [], 'distributed': False, 'ha': False, 'availability_zone_hints': [], 'routes': [], 'flavor_id': None, 'tags': [], 'created_at': '2025-11-22T07:59:55Z', 'updated_at': '2025-11-22T07:59:55Z', 'revision_number': 2, 'project_id': '7ea8330e32c242d0bbc0c69ec323052b'}
2025-11-22 07:59:57.468 66413 INFO tempest.lib.common.rest_client [req-18d42a82-b275-409a-83a2-557bc168efe7 req-18d42a82-b275-409a-83a2-557bc168efe7 ] Request (KeyPairsV2TestJSON:tearDownClass): 204 DELETE http://10.180.1.21/identity/v3/users/85134cafe4fe460ba2e55a9bf1bc4026 0.083s
2025-11-22 07:59:57.469 66413 INFO tempest.lib.common.dynamic_creds [-] Deleting project and security group for project: efc8f53bb5dc4c71973e8326558bb9a1
2025-11-22 07:59:57.576 66413 INFO tempest.lib.common.rest_client [req-05f12b0b-6e0c-436d-a6da-3f9e8a4e35a6 req-05f12b0b-6e0c-436d-a6da-3f9e8a4e35a6 ] Request (KeyPairsV2TestJSON:tearDownClass): 201 POST http://10.180.1.21/identity/v3/auth/tokens 0.107s
2025-11-22 07:59:57.632 66445 INFO tempest.lib.common.rest_client [req-811621b1-44d7-433c-a688-976e6abdd352 req-811621b1-44d7-433c-a688-976e6abdd352 ] Request (ImagesTestJSON:setUpClass): 201 POST http://10.180.1.21/identity/v3/auth/tokens 0.218s
2025-11-22 07:59:57.667 66445 INFO tempest.lib.common.rest_client [req-17ae354d-692b-4adc-9b64-f8a2bae751ac req-17ae354d-692b-4adc-9b64-f8a2bae751ac ] Request (ImagesTestJSON:test_create_image_from_stopped_server): 201 POST http://10.180.1.21/identity/v3/auth/tokens 0.031s
2025-11-22 07:59:57.668 66445 INFO tempest.lib.common.fixed_network [-] (ImagesTestJSON:test_create_image_from_stopped_server) Found network {'id': 'aa37784b-f8ce-4135-bc43-00b2ba64fe33', 'name': 'tempest-ImagesTestJSON-1048048908-network', 'tenant_id': '7ea8330e32c242d0bbc0c69ec323052b', 'project_id': '7ea8330e32c242d0bbc0c69ec323052b', 'admin_state_up': True, 'mtu': 8950, 'status': 'ACTIVE', 'subnets': [], 'shared': False, 'port_security_enabled': True, 'router:external': False, 'provider:network_type': 'vlan', 'provider:physical_network': 'default', 'provider:segmentation_id': 673, 'availability_zone_hints': [], 'availability_zones': [], 'ipv4_address_scope': None, 'ipv6_address_scope': None, 'description': '', 'tags': [], 'created_at': '2025-11-22T07:59:54Z', 'updated_at': '2025-11-22T07:59:54Z', 'revision_number': 1} available for tenant
2025-11-22 07:59:57.681 66459 INFO tempest.lib.common.rest_client [req-1a1eee99-fd5e-44ef-a305-01453be78481 req-1a1eee99-fd5e-44ef-a305-01453be78481 ] Request (HostsAdminNegativeTestJSON:tearDownClass): 200 GET http://10.180.1.21/networking/v2.0/security-groups?tenant_id=9c953a644f2a4310abdb7b6dc86ccca7&name=default 0.795s
2025-11-22 07:59:57.697 66457 INFO tempest.lib.common.rest_client [req-ed42ba26-bebf-4171-bb18-c9a58c1c7445 req-ed42ba26-bebf-4171-bb18-c9a58c1c7445 ] Request (QuotasAdminTestJSON:test_update_all_quota_resources_for_tenant): 200 PUT http://10.180.1.21/compute/v2.1/os-quota-sets/2de0300423e44c5d94221f0832fae001 4.083s
2025-11-22 07:59:58.775 66469 INFO tempest.lib.common.rest_client [req-e015a186-50e5-4e93-9210-ee3669253f90 req-e015a186-50e5-4e93-9210-ee3669253f90 ] Request (FloatingIPDetailsNegativeTestJSON:setUpClass): 201 POST http://10.180.1.21/networking/v2.0/routers 1.507s
2025-11-22 07:59:59.022 66413 INFO tempest.lib.common.rest_client [req-5806c236-35be-4ccb-8dcb-abb9ccc5d2b3 req-5806c236-35be-4ccb-8dcb-abb9ccc5d2b3 ] Request (KeyPairsV2TestJSON:tearDownClass): 200 GET http://10.180.1.21/networking/v2.0/security-groups?tenant_id=efc8f53bb5dc4c71973e8326558bb9a1&name=default 1.445s
2025-11-22 07:59:59.096 66475 INFO tempest.lib.common.rest_client [req-ab8a6f1b-2916-41da-85a8-d4514cf6203b req-ab8a6f1b-2916-41da-85a8-d4514cf6203b ] Request (ServerDiagnosticsV248Test:tearDownClass): 200 GET http://10.180.1.21/compute/v2.1/servers/56dd1a5a-f13f-4107-9502-738c7ac99be4 5.376s
2025-11-22 07:59:59.104 66475 INFO tempest.common.waiters [-] State transition "ACTIVE/deleting" ==> "DELETED/None" after 7 second wait
2025-11-22 07:59:59.116 66459 INFO tempest.lib.common.rest_client [req-aa4fc8c3-a8ce-4392-a7f2-e6b673bf47f2 req-aa4fc8c3-a8ce-4392-a7f2-e6b673bf47f2 ] Request (HostsAdminNegativeTestJSON:tearDownClass): 204 DELETE http://10.180.1.21/networking/v2.0/security-groups/e13eef81-ddc8-4362-921b-5a20dc5f9542 1.435s
2025-11-22 07:59:59.206 66451 WARNING tempest.lib.common.ssh [-] Failed to establish authenticated ssh connection to cirros@10.180.180.202 ([Errno None] Unable to connect to port 22 on 10.180.180.202). Number attempts: 2. Retry after 3 seconds.: paramiko.ssh_exception.NoValidConnectionsError: [Errno None] Unable to connect to port 22 on 10.180.180.202
2025-11-22 07:59:59.208 66425 WARNING tempest.lib.common.ssh [-] Failed to establish authenticated ssh connection to cirros@10.180.180.194 ([Errno None] Unable to connect to port 22 on 10.180.180.194). Number attempts: 2. Retry after 3 seconds.: paramiko.ssh_exception.NoValidConnectionsError: [Errno None] Unable to connect to port 22 on 10.180.180.194
2025-11-22 07:59:59.210 66459 INFO tempest.lib.common.rest_client [req-1c784e70-607d-4ccb-8896-159fe457c540 req-1c784e70-607d-4ccb-8896-159fe457c540 ] Request (HostsAdminNegativeTestJSON:tearDownClass): 204 DELETE http://10.180.1.21/identity/v3/projects/9c953a644f2a4310abdb7b6dc86ccca7 0.093s
2025-11-22 07:59:59.210 66459 INFO tempest.lib.common.dynamic_creds [-] Deleting project and security group for project: 0b0865a0b0994cf29fa86d3a5039cd5a
2025-11-22 07:59:59.348 66413 INFO tempest.lib.common.rest_client [req-39ec3906-4552-44a8-a8b7-bed8f6a89ac5 req-39ec3906-4552-44a8-a8b7-bed8f6a89ac5 ] Request (KeyPairsV2TestJSON:tearDownClass): 204 DELETE http://10.180.1.21/networking/v2.0/security-groups/57e38834-a67f-4e39-8f31-a99b8bf86694 0.326s
2025-11-22 07:59:59.478 66413 INFO tempest.lib.common.rest_client [req-f6ca93cf-9548-47a7-a18b-7eedc54a84b5 req-f6ca93cf-9548-47a7-a18b-7eedc54a84b5 ] Request (KeyPairsV2TestJSON:tearDownClass): 204 DELETE http://10.180.1.21/identity/v3/projects/efc8f53bb5dc4c71973e8326558bb9a1 0.129s
2025-11-22 07:59:59.542 66413 INFO tempest.lib.common.rest_client [req-6a6cd1f0-c307-412e-885f-636d4a4b39f7 req-6a6cd1f0-c307-412e-885f-636d4a4b39f7 ] Request (ServersTestMultiNic:setUpClass): 201 POST http://10.180.1.21/identity/v3/auth/tokens 0.062s
2025-11-22 07:59:59.584 66413 INFO tempest.lib.common.rest_client [req-4779cf98-1486-4455-8887-79b92c3c9d42 req-4779cf98-1486-4455-8887-79b92c3c9d42 ] Request (ServersTestMultiNic:setUpClass): 201 POST http://10.180.1.21/identity/v3/auth/tokens 0.039s
2025-11-22 07:59:59.589 66459 INFO tempest.lib.common.rest_client [req-ba3277cf-73e7-4886-a125-2a9487f8c93c req-ba3277cf-73e7-4886-a125-2a9487f8c93c ] Request (HostsAdminNegativeTestJSON:tearDownClass): 200 GET http://10.180.1.21/networking/v2.0/security-groups?tenant_id=0b0865a0b0994cf29fa86d3a5039cd5a&name=default 0.378s
2025-11-22 07:59:59.617 66413 INFO tempest.lib.common.rest_client [req-4828dd89-a63f-4e87-bff2-596fc982d3f4 req-4828dd89-a63f-4e87-bff2-596fc982d3f4 ] Request (ServersTestMultiNic:setUpClass): 200 GET http://10.180.1.21/identity/v3/domains?name=Default 0.032s
2025-11-22 07:59:59.657 66413 INFO tempest.lib.common.rest_client [req-76fbefb2-f3a3-4001-8e06-4964a35d5315 req-76fbefb2-f3a3-4001-8e06-4964a35d5315 ] Request (ServersTestMultiNic:setUpClass): 201 POST http://10.180.1.21/identity/v3/projects 0.039s
2025-11-22 07:59:59.735 66413 INFO tempest.lib.common.rest_client [req-35ea4479-5a42-476d-83b7-e8d00db4be57 req-35ea4479-5a42-476d-83b7-e8d00db4be57 ] Request (ServersTestMultiNic:setUpClass): 201 POST http://10.180.1.21/identity/v3/users 0.078s
2025-11-22 07:59:59.762 66413 INFO tempest.lib.common.rest_client [req-49a5921d-f377-4e25-9a54-a7c960407543 req-49a5921d-f377-4e25-9a54-a7c960407543 ] Request (ServersTestMultiNic:setUpClass): 200 GET http://10.180.1.21/identity/v3/roles 0.026s
2025-11-22 07:59:59.808 66413 INFO tempest.lib.common.rest_client [req-5a88e886-57a7-4f05-b44e-16534b2d695a req-5a88e886-57a7-4f05-b44e-16534b2d695a ] Request (ServersTestMultiNic:setUpClass): 204 PUT http://10.180.1.21/identity/v3/projects/075af0ddbe2e4b50b6667b1b909ddc37/users/3ba55e2a9c024d458e3f61d4e377d731/roles/04da0d0bfc824f2e90cc300389c84a66 0.045s
2025-11-22 07:59:59.809 66413 INFO tempest.lib.common.dynamic_creds [-] Dynamic test user 3ba55e2a9c024d458e3f61d4e377d731 is created with scope project and roles: ['member']
2025-11-22 07:59:59.809 66413 INFO tempest.lib.common.dynamic_creds [-] Acquired dynamic creds: credentials: Credentials: {'domain_id': 'default', 'domain_name': 'Default', 'username': 'tempest-ServersTestMultiNic-798162655-project-member', 'project_domain_id': 'default', 'project_domain_name': 'Default', 'project_id': '075af0ddbe2e4b50b6667b1b909ddc37', 'project_name': 'tempest-ServersTestMultiNic-798162655', 'tenant_id': '075af0ddbe2e4b50b6667b1b909ddc37', 'tenant_name': 'tempest-ServersTestMultiNic-798162655', 'user_domain_id': 'default', 'user_domain_name': 'Default', 'user_id': '3ba55e2a9c024d458e3f61d4e377d731', 'system': None}, Network: None, Subnet: None, Router: None
2025-11-22 07:59:59.878 66413 INFO tempest.lib.common.rest_client [req-934acbfd-45e8-44ab-8afe-09df819b57ad req-934acbfd-45e8-44ab-8afe-09df819b57ad ] Request (ServersTestMultiNic:setUpClass): 201 POST http://10.180.1.21/identity/v3/auth/tokens 0.068s
2025-11-22 08:00:00.009 66469 INFO tempest.lib.common.rest_client [req-c2cf0e46-570e-49dd-9ba1-a8d1e400464d req-c2cf0e46-570e-49dd-9ba1-a8d1e400464d ] Request (FloatingIPDetailsNegativeTestJSON:setUpClass): 200 PUT http://10.180.1.21/networking/v2.0/routers/8f9e5f56-036d-46b0-b652-b250325bb399/add_router_interface 1.233s
2025-11-22 08:00:00.009 66469 INFO tempest.lib.common.dynamic_creds [-] Created isolated network resources for: credentials: Credentials: {'domain_id': 'default', 'domain_name': 'Default', 'username': 'tempest-FloatingIPDetailsNegativeTestJSON-1153811394-project-member', 'project_domain_id': 'default', 'project_domain_name': 'Default', 'project_id': 'dccf83dd91a74427bc945c2e9fcf7d4b', 'project_name': 'tempest-FloatingIPDetailsNegativeTestJSON-1153811394', 'tenant_id': 'dccf83dd91a74427bc945c2e9fcf7d4b', 'tenant_name': 'tempest-FloatingIPDetailsNegativeTestJSON-1153811394', 'user_domain_id': 'default', 'user_domain_name': 'Default', 'user_id': 'e8db6224bd534c2abb0cc8507b1856ea', 'system': None}, Network: {'id': '7b0fb987-87e7-467b-98a2-ba632447be69', 'name': 'tempest-FloatingIPDetailsNegativeTestJSON-1764560906-network', 'tenant_id': 'dccf83dd91a74427bc945c2e9fcf7d4b', 'project_id': 'dccf83dd91a74427bc945c2e9fcf7d4b', 'admin_state_up': True, 'mtu': 8950, 'status': 'ACTIVE', 'subnets': [], 'shared': False, 'port_security_enabled': True, 'router:external': False, 'provider:network_type': 'vlan', 'provider:physical_network': 'default', 'provider:segmentation_id': 635, 'availability_zone_hints': [], 'availability_zones': [], 'ipv4_address_scope': None, 'ipv6_address_scope': None, 'description': '', 'tags': [], 'created_at': '2025-11-22T07:59:56Z', 'updated_at': '2025-11-22T07:59:56Z', 'revision_number': 1}, Subnet: {'id': '70827cdc-ff54-496d-b1cd-86aac09278ef', 'name': 'tempest-FloatingIPDetailsNegativeTestJSON-1764560906-subnet', 'tenant_id': 'dccf83dd91a74427bc945c2e9fcf7d4b', 'network_id': '7b0fb987-87e7-467b-98a2-ba632447be69', 'ip_version': 4, 'subnetpool_id': None, 'enable_dhcp': True, 'ipv6_ra_mode': None, 'ipv6_address_mode': None, 'gateway_ip': '192.168.128.1', 'cidr': '192.168.128.0/28', 'allocation_pools': [{'start': '192.168.128.2', 'end': '192.168.128.14'}], 'host_routes': [], 'dns_nameservers': [], 'description': '', 'router:external': False, 'service_types': [], 'tags': [], 'created_at': '2025-11-22T07:59:57Z', 'updated_at': '2025-11-22T07:59:57Z', 'revision_number': 0, 'project_id': 'dccf83dd91a74427bc945c2e9fcf7d4b'}, Router: {'id': '8f9e5f56-036d-46b0-b652-b250325bb399', 'name': 'tempest-FloatingIPDetailsNegativeTestJSON-1764560906-router', 'tenant_id': 'dccf83dd91a74427bc945c2e9fcf7d4b', 'admin_state_up': True, 'status': 'ACTIVE', 'external_gateway_info': {'network_id': '79013118-6fc6-403a-927f-d7b98a07e42c', 'external_fixed_ips': [{'subnet_id': '41a003ef-a232-4e35-8692-16aa67067a2e', 'ip_address': '10.180.180.216'}], 'enable_snat': True}, 'description': '', 'availability_zones': [], 'distributed': False, 'ha': False, 'availability_zone_hints': [], 'routes': [], 'flavor_id': None, 'tags': [], 'created_at': '2025-11-22T07:59:57Z', 'updated_at': '2025-11-22T07:59:58Z', 'revision_number': 2, 'project_id': 'dccf83dd91a74427bc945c2e9fcf7d4b'}
2025-11-22 08:00:00.044 66437 INFO tempest.lib.common.rest_client [req-4bbf8810-8bd4-4406-bb1a-b35d85924b1e req-4bbf8810-8bd4-4406-bb1a-b35d85924b1e ] Request (ServersWithSpecificFlavorTestJSON:test_verify_created_server_ephemeral_disk): 200 GET http://10.180.1.21/compute/v2.1/servers/bf2125a0-2e73-461d-ae63-30cea35d23b3 6.222s
2025-11-22 08:00:00.054 66437 INFO tempest.common.waiters [-] State transition "BUILD/None" ==> "BUILD/spawning" after 11 second wait
2025-11-22 08:00:00.097 66443 INFO tempest.lib.common.rest_client [req-f74ee1a1-5303-4cfa-9c10-1ea5a225b1d4 req-f74ee1a1-5303-4cfa-9c10-1ea5a225b1d4 ] Request (FloatingIPDetailsTestJSON:tearDownClass): 202 DELETE http://10.180.1.21/compute/v2.1/os-floating-ips/3d54dd6a-c7e7-4b7f-be50-a4352073edb3 6.657s
2025-11-22 08:00:00.106 66469 INFO tempest.lib.common.rest_client [req-f48287d3-7c6c-4368-8865-3252f1b85abd req-f48287d3-7c6c-4368-8865-3252f1b85abd ] Request (FloatingIPDetailsNegativeTestJSON:setUpClass): 201 POST http://10.180.1.21/identity/v3/auth/tokens 0.089s
2025-11-22 08:00:00.196 66459 INFO tempest.lib.common.rest_client [req-dcc21277-a9f9-4506-973e-97e967fc88c6 req-dcc21277-a9f9-4506-973e-97e967fc88c6 ] Request (HostsAdminNegativeTestJSON:tearDownClass): 204 DELETE http://10.180.1.21/networking/v2.0/security-groups/79f53f9d-5f23-4ae7-9379-f853f3495d5a 0.606s
2025-11-22 08:00:00.298 66435 INFO tempest.lib.common.rest_client [req-3f6c863d-10af-4d8a-9fae-84613b6745db req-3f6c863d-10af-4d8a-9fae-84613b6745db ] Request (ServersAaction247Test:test_create_backup): 200 GET http://10.180.1.21/compute/v2.1/servers/8aa4b685-28c2-49bb-b0b2-9e805f858a55 6.360s
2025-11-22 08:00:00.301 66459 INFO tempest.lib.common.rest_client [req-fd56009a-6da1-4d4e-b6aa-2aafc6dff633 req-fd56009a-6da1-4d4e-b6aa-2aafc6dff633 ] Request (HostsAdminNegativeTestJSON:tearDownClass): 204 DELETE http://10.180.1.21/identity/v3/projects/0b0865a0b0994cf29fa86d3a5039cd5a 0.104s
2025-11-22 08:00:00.336 66449 INFO tempest.lib.common.rest_client [req-ec6404ab-369b-4398-9824-c8a120a3b3be req-ec6404ab-369b-4398-9824-c8a120a3b3be ] Request (ServersAdmin275Test:test_rebuild_update_server_275): 200 GET http://10.180.1.21/compute/v2.1/servers/50d0984f-bb01-4ffc-a0f6-2d5c94107483 6.375s
2025-11-22 08:00:00.350 66449 INFO tempest.common.waiters [-] State transition "REBUILD/rebuilding" ==> "REBUILD/rebuild_spawning" after 8 second wait
2025-11-22 08:00:00.426 66459 INFO tempest.lib.common.rest_client [req-711e1914-debd-4d69-b3c3-20c534931787 req-711e1914-debd-4d69-b3c3-20c534931787 ] Request (HypervisorAdminNegativeTestJSON:setUpClass): 201 POST http://10.180.1.21/identity/v3/auth/tokens 0.123s
2025-11-22 08:00:00.467 66459 INFO tempest.lib.common.rest_client [req-f7487a9f-32c5-4d07-9a99-119f8def8ac7 req-f7487a9f-32c5-4d07-9a99-119f8def8ac7 ] Request (HypervisorAdminNegativeTestJSON:setUpClass): 201 POST http://10.180.1.21/identity/v3/auth/tokens 0.034s
2025-11-22 08:00:00.496 66459 INFO tempest.lib.common.rest_client [req-391aebcb-c53b-4eb8-8ccc-032c003c5b02 req-391aebcb-c53b-4eb8-8ccc-032c003c5b02 ] Request (HypervisorAdminNegativeTestJSON:setUpClass): 200 GET http://10.180.1.21/identity/v3/domains?name=Default 0.029s
2025-11-22 08:00:00.526 66459 INFO tempest.lib.common.rest_client [req-698b43c6-2ff4-43f5-955c-e7a75982b1c0 req-698b43c6-2ff4-43f5-955c-e7a75982b1c0 ] Request (HypervisorAdminNegativeTestJSON:setUpClass): 201 POST http://10.180.1.21/identity/v3/projects 0.028s
2025-11-22 08:00:00.538 66413 INFO tempest.lib.common.rest_client [req-b8831fc4-c68e-4609-9294-77ce71911d0b req-b8831fc4-c68e-4609-9294-77ce71911d0b ] Request (ServersTestMultiNic:setUpClass): 201 POST http://10.180.1.21/networking/v2.0/networks 0.660s
2025-11-22 08:00:00.552 66453 INFO tempest.lib.common.rest_client [req-d86ae57a-c6cb-45d0-8b58-9069d73edee4 req-d86ae57a-c6cb-45d0-8b58-9069d73edee4 ] Request (ImagesMetadataNegativeTestJSON:test_delete_nonexistent_image_metadata_item): 404 DELETE http://10.180.1.21/compute/v2.1/images/66a2b591-e365-48c0-9ef3-0052b80f28ba/metadata/os_distro 6.427s
2025-11-22 08:00:00.599 66433 INFO tempest.lib.common.rest_client [req-43f08e14-e724-45ce-ba97-767a80e70d26 req-43f08e14-e724-45ce-ba97-767a80e70d26 ] Request (FloatingIPsAssociationTestJSON:test_associate_already_associated_floating_ip): 200 GET http://10.180.1.21/compute/v2.1/servers/de779937-8a5c-4840-8125-e097cecb3bf3 6.629s
2025-11-22 08:00:00.608 66433 INFO tempest.common.waiters [-] State transition "BUILD/None" ==> "BUILD/spawning" after 11 second wait
2025-11-22 08:00:00.608 66459 INFO tempest.lib.common.rest_client [req-5f31f1c9-8a33-4acd-af9e-cbec6b9b64f6 req-5f31f1c9-8a33-4acd-af9e-cbec6b9b64f6 ] Request (HypervisorAdminNegativeTestJSON:setUpClass): 201 POST http://10.180.1.21/identity/v3/users 0.081s
2025-11-22 08:00:00.648 66459 INFO tempest.lib.common.rest_client [req-56ea5473-fe04-45d3-9382-4099fba045a3 req-56ea5473-fe04-45d3-9382-4099fba045a3 ] Request (HypervisorAdminNegativeTestJSON:setUpClass): 200 GET http://10.180.1.21/identity/v3/roles 0.039s
2025-11-22 08:00:00.680 66459 INFO tempest.lib.common.rest_client [req-40d5ef6f-e406-44ca-b1ec-b424382dbb1c req-40d5ef6f-e406-44ca-b1ec-b424382dbb1c ] Request (HypervisorAdminNegativeTestJSON:setUpClass): 204 PUT http://10.180.1.21/identity/v3/projects/7920b764b60343a8b615e79b330fa26b/users/e278e06a222246c2b14bb85a7b704d6a/roles/04da0d0bfc824f2e90cc300389c84a66 0.032s
2025-11-22 08:00:00.680 66459 INFO tempest.lib.common.dynamic_creds [-] Dynamic test user e278e06a222246c2b14bb85a7b704d6a is created with scope project and roles: ['member']
2025-11-22 08:00:00.681 66459 INFO tempest.lib.common.dynamic_creds [-] Acquired dynamic creds: credentials: Credentials: {'domain_id': 'default', 'domain_name': 'Default', 'username': 'tempest-HypervisorAdminNegativeTestJSON-1816979322-project-member', 'project_domain_id': 'default', 'project_domain_name': 'Default', 'project_id': '7920b764b60343a8b615e79b330fa26b', 'project_name': 'tempest-HypervisorAdminNegativeTestJSON-1816979322', 'tenant_id': '7920b764b60343a8b615e79b330fa26b', 'tenant_name': 'tempest-HypervisorAdminNegativeTestJSON-1816979322', 'user_domain_id': 'default', 'user_domain_name': 'Default', 'user_id': 'e278e06a222246c2b14bb85a7b704d6a', 'system': None}, Network: None, Subnet: None, Router: None
2025-11-22 08:00:00.681 66459 INFO tempest.lib.common.dynamic_creds [-] Created isolated network resources for: credentials: Credentials: {'domain_id': 'default', 'domain_name': 'Default', 'username': 'tempest-HypervisorAdminNegativeTestJSON-1816979322-project-member', 'project_domain_id': 'default', 'project_domain_name': 'Default', 'project_id': '7920b764b60343a8b615e79b330fa26b', 'project_name': 'tempest-HypervisorAdminNegativeTestJSON-1816979322', 'tenant_id': '7920b764b60343a8b615e79b330fa26b', 'tenant_name': 'tempest-HypervisorAdminNegativeTestJSON-1816979322', 'user_domain_id': 'default', 'user_domain_name': 'Default', 'user_id': 'e278e06a222246c2b14bb85a7b704d6a', 'system': None}, Network: None, Subnet: None, Router: None
2025-11-22 08:00:00.748 66413 INFO tempest.lib.common.rest_client [req-57bc30d0-6349-464f-b245-ee5786ac8ae2 req-57bc30d0-6349-464f-b245-ee5786ac8ae2 ] Request (ServersTestMultiNic:setUpClass): 201 POST http://10.180.1.21/networking/v2.0/subnets 0.209s
2025-11-22 08:00:00.780 66459 INFO tempest.lib.common.rest_client [req-0f7d856e-a917-45f2-a4fb-a3d5b516fca3 req-0f7d856e-a917-45f2-a4fb-a3d5b516fca3 ] Request (HypervisorAdminNegativeTestJSON:setUpClass): 201 POST http://10.180.1.21/identity/v3/auth/tokens 0.096s
2025-11-22 08:00:00.817 66417 INFO tempest.lib.common.rest_client [req-f6a91170-17c4-4784-9187-ced3809ee38e req-f6a91170-17c4-4784-9187-ced3809ee38e ] Request (ImagesOneServerTestJSON:setUpClass): 200 GET http://10.180.1.21/compute/v2.1/servers/e4660855-95b3-4e45-af27-c0b38344d5b6 6.676s
2025-11-22 08:00:00.826 66417 INFO tempest.common.waiters [-] State transition "BUILD/spawning" ==> "ACTIVE/None" after 15 second wait
2025-11-22 08:00:00.866 66459 INFO tempest.lib.common.rest_client [req-17839cdd-605d-4369-bca9-106fac54a755 req-17839cdd-605d-4369-bca9-106fac54a755 ] Request (HypervisorAdminNegativeTestJSON:setUpClass): 201 POST http://10.180.1.21/identity/v3/projects 0.085s
2025-11-22 08:00:00.917 66467 INFO tempest.lib.common.rest_client [req-4dbc5b4a-6a3a-43ee-9af3-ab0999e274a5 req-4dbc5b4a-6a3a-43ee-9af3-ab0999e274a5 ] Request (MigrationsAdminTest:test_list_migrations_in_flavor_resize_situation): 200 GET http://10.180.1.21/compute/v2.1/servers/4c4b6069-aefb-4aca-9aa6-fc801eeb1247 6.320s
2025-11-22 08:00:00.944 66459 INFO tempest.lib.common.rest_client [req-5d17ed2d-0ebc-43ae-8a15-9dbfe9897496 req-5d17ed2d-0ebc-43ae-8a15-9dbfe9897496 ] Request (HypervisorAdminNegativeTestJSON:setUpClass): 201 POST http://10.180.1.21/identity/v3/users 0.077s
2025-11-22 08:00:00.978 66459 INFO tempest.lib.common.rest_client [req-8806fff5-b765-4256-9128-8d844b38cf85 req-8806fff5-b765-4256-9128-8d844b38cf85 ] Request (HypervisorAdminNegativeTestJSON:setUpClass): 200 GET http://10.180.1.21/identity/v3/roles 0.033s
2025-11-22 08:00:01.063 66459 INFO tempest.lib.common.rest_client [req-a1af2d86-067e-4aab-b1d9-7c68d94ec81c req-a1af2d86-067e-4aab-b1d9-7c68d94ec81c ] Request (HypervisorAdminNegativeTestJSON:setUpClass): 204 PUT http://10.180.1.21/identity/v3/projects/3a6778ebc1434866ab68d7cf6d4256b7/users/50b24512480d464192709da3a99cf558/roles/eb014a5ca83447ef902f59b268cd3750 0.084s
2025-11-22 08:00:01.072 66462 INFO tempest.lib.common.rest_client [req-b784846a-43d9-4c02-9af9-34208d8c34c1 req-b784846a-43d9-4c02-9af9-34208d8c34c1 ] Request (TenantUsagesTestJSON:test_get_usage_tenant): 200 GET http://10.180.1.21/compute/v2.1/os-simple-tenant-usage/019a65772c2f46e7ba4493230d906552?start=2025-11-21T07%3A59%3A54.746703&end=2025-11-23T07%3A59%3A54.746703 6.325s
2025-11-22 08:00:01.159 66459 INFO tempest.lib.common.rest_client [req-5b39d901-615b-4f72-8e47-c3b1438ee312 req-5b39d901-615b-4f72-8e47-c3b1438ee312 ] Request (HypervisorAdminNegativeTestJSON:setUpClass): 200 GET http://10.180.1.21/identity/v3/roles 0.095s
2025-11-22 08:00:01.190 66427 INFO tempest.lib.common.rest_client [req-14d055c0-5552-481a-88f4-b7310a63437d req-14d055c0-5552-481a-88f4-b7310a63437d ] Request (QuotasAdminNegativeTest:_run_cleanups): 200 PUT http://10.180.1.21/compute/v2.1/os-quota-sets/c6dd58415f15421fbaa7985395f2ac3b 6.405s
2025-11-22 08:00:01.193 66459 INFO tempest.lib.common.rest_client [req-a77d5249-bc3e-43e1-ab96-ee33747e0561 req-a77d5249-bc3e-43e1-ab96-ee33747e0561 ] Request (HypervisorAdminNegativeTestJSON:setUpClass): 204 PUT http://10.180.1.21/identity/v3/projects/3a6778ebc1434866ab68d7cf6d4256b7/users/50b24512480d464192709da3a99cf558/roles/eb014a5ca83447ef902f59b268cd3750 0.032s
2025-11-22 08:00:01.193 66459 INFO tempest.lib.common.dynamic_creds [-] Dynamic test user 50b24512480d464192709da3a99cf558 is created with scope project and roles: ['admin']
2025-11-22 08:00:01.193 66459 INFO tempest.lib.common.dynamic_creds [-] Acquired dynamic creds: credentials: Credentials: {'domain_id': 'default', 'domain_name': 'Default', 'username': 'tempest-HypervisorAdminNegativeTestJSON-1508689180-project-admin', 'project_domain_id': 'default', 'project_domain_name': 'Default', 'project_id': '3a6778ebc1434866ab68d7cf6d4256b7', 'project_name': 'tempest-HypervisorAdminNegativeTestJSON-1508689180', 'tenant_id': '3a6778ebc1434866ab68d7cf6d4256b7', 'tenant_name': 'tempest-HypervisorAdminNegativeTestJSON-1508689180', 'user_domain_id': 'default', 'user_domain_name': 'Default', 'user_id': '50b24512480d464192709da3a99cf558', 'system': None}, Network: None, Subnet: None, Router: None
2025-11-22 08:00:01.194 66459 INFO tempest.lib.common.dynamic_creds [-] Created isolated network resources for: credentials: Credentials: {'domain_id': 'default', 'domain_name': 'Default', 'username': 'tempest-HypervisorAdminNegativeTestJSON-1508689180-project-admin', 'project_domain_id': 'default', 'project_domain_name': 'Default', 'project_id': '3a6778ebc1434866ab68d7cf6d4256b7', 'project_name': 'tempest-HypervisorAdminNegativeTestJSON-1508689180', 'tenant_id': '3a6778ebc1434866ab68d7cf6d4256b7', 'tenant_name': 'tempest-HypervisorAdminNegativeTestJSON-1508689180', 'user_domain_id': 'default', 'user_domain_name': 'Default', 'user_id': '50b24512480d464192709da3a99cf558', 'system': None}, Network: None, Subnet: None, Router: None
2025-11-22 08:00:01.208 66415 INFO tempest.lib.common.rest_client [req-18d74ae9-010a-48c8-906e-b18680d1953a req-18d74ae9-010a-48c8-906e-b18680d1953a ] Request (FlavorsAccessNegativeTestJSON:test_flavor_non_admin_remove): 200 POST http://10.180.1.21/compute/v2.1/flavors 6.054s
2025-11-22 08:00:01.282 66430 INFO tempest.lib.common.rest_client [req-420bac62-8bd5-435e-b04a-61e2f2c48776 req-420bac62-8bd5-435e-b04a-61e2f2c48776 ] Request (ImagesMetadataTestJSON:test_delete_image_metadata_item): 204 DELETE http://10.180.1.21/compute/v2.1/images/dc578583-188b-4081-b7b3-b5af727b8592/metadata/os_version 6.167s
2025-11-22 08:00:01.289 66439 INFO tempest.lib.common.rest_client [req-5d8afc54-d82c-4582-95ef-369bc1322eae req-5d8afc54-d82c-4582-95ef-369bc1322eae ] Request (ImagesNegativeTestJSON:test_create_image_specify_uuid_35_characters_or_less): 404 POST http://10.180.1.21/compute/v2.1/servers/aaaaaaaaaaaaaaaaaaaaaaaaaaaaaaaaaaa/action 5.177s
2025-11-22 08:00:01.326 66463 INFO tempest.lib.common.rest_client [req-b758ec88-995a-42df-b959-51423dee26a9 req-b758ec88-995a-42df-b959-51423dee26a9 ] Request (AggregatesAdminNegativeTestJSON:test_aggregate_create_with_existent_aggregate_name): 200 POST http://10.180.1.21/compute/v2.1/os-aggregates 5.210s
2025-11-22 08:00:01.421 66421 INFO tempest.lib.common.rest_client [req-03611f8f-0e4b-4af8-80b0-5c0bc29ca50d req-03611f8f-0e4b-4af8-80b0-5c0bc29ca50d ] Request (AZV2TestJSON:test_get_availability_zone_list_with_non_admin_user): 200 GET http://10.180.1.21/compute/v2.1/os-availability-zone 6.250s
2025-11-22 08:00:01.492 66459 INFO tempest.lib.common.rest_client [req-7eb40e58-6ae3-4ec9-a593-20fbf488ca25 req-7eb40e58-6ae3-4ec9-a593-20fbf488ca25 ] Request (HypervisorAdminNegativeTestJSON:setUpClass): 201 POST http://10.180.1.21/identity/v3/auth/tokens 0.295s
2025-11-22 08:00:01.562 66419 INFO tempest.lib.common.rest_client [req-71752b6e-576c-4509-b435-1e643a4fcc4f req-71752b6e-576c-4509-b435-1e643a4fcc4f ] Request (KeyPairsV210TestJSON:test_admin_manage_keypairs_for_other_users): 201 POST http://10.180.1.21/compute/v2.1/os-keypairs 5.383s
2025-11-22 08:00:01.712 66421 INFO tempest.lib.common.rest_client [req-70eb4cf4-cd06-40b7-9687-d2cd98f81e72 req-70eb4cf4-cd06-40b7-9687-d2cd98f81e72 ] Request (AZV2TestJSON:tearDownClass): 204 DELETE http://10.180.1.21/identity/v3/users/c1f135e6ee4f45d28240c66e99a4814a 0.286s
2025-11-22 08:00:01.713 66421 INFO tempest.lib.common.dynamic_creds [-] Deleting project and security group for project: 0f0bbf674db146d2be5a7f3b19e3d1a0
2025-11-22 08:00:01.734 66466 INFO tempest.lib.common.rest_client [req-6fc846db-4b97-417e-a0fe-244f4b92346d req-6fc846db-4b97-417e-a0fe-244f4b92346d ] Request (SecurityGroupRulesNegativeTestJSON:test_create_security_group_rule_with_invalid_from_port): 200 POST http://10.180.1.21/compute/v2.1/os-security-groups 5.140s
2025-11-22 08:00:01.805 66421 INFO tempest.lib.common.rest_client [req-5cf159e6-8d61-4b1f-81e4-c18a17373a4c req-5cf159e6-8d61-4b1f-81e4-c18a17373a4c ] Request (AZV2TestJSON:tearDownClass): 201 POST http://10.180.1.21/identity/v3/auth/tokens 0.092s
2025-11-22 08:00:01.817 66413 INFO tempest.lib.common.rest_client [req-081513a3-0d0e-44dd-b663-3dbdea08c2a9 req-081513a3-0d0e-44dd-b663-3dbdea08c2a9 ] Request (ServersTestMultiNic:setUpClass): 201 POST http://10.180.1.21/networking/v2.0/routers 1.068s
2025-11-22 08:00:01.904 66431 INFO tempest.lib.common.rest_client [req-6879b143-aed2-49f8-a146-3cc7cdad3f1a req-6879b143-aed2-49f8-a146-3cc7cdad3f1a ] Request (VolumesAdminNegativeTest:tearDownClass): 200 GET http://10.180.1.21/compute/v2.1/servers/9bfbb6d5-90ee-4bca-b52e-1a6bc3fffcc8 5.218s
2025-11-22 08:00:02.107 66421 INFO tempest.lib.common.rest_client [req-5029da9f-da34-40c0-b29b-b03cfabdbeb2 req-5029da9f-da34-40c0-b29b-b03cfabdbeb2 ] Request (AZV2TestJSON:tearDownClass): 200 GET http://10.180.1.21/networking/v2.0/security-groups?tenant_id=0f0bbf674db146d2be5a7f3b19e3d1a0&name=default 0.300s
2025-11-22 08:00:02.342 66471 WARNING tempest.lib.common.ssh [-] Failed to establish authenticated ssh connection to cirros@10.180.180.230 ([Errno None] Unable to connect to port 22 on 10.180.180.230). Number attempts: 4. Retry after 5 seconds.: paramiko.ssh_exception.NoValidConnectionsError: [Errno None] Unable to connect to port 22 on 10.180.180.230
2025-11-22 08:00:03.040 66413 INFO tempest.lib.common.rest_client [req-1db01c34-6966-446a-9339-d254463279a2 req-1db01c34-6966-446a-9339-d254463279a2 ] Request (ServersTestMultiNic:setUpClass): 200 PUT http://10.180.1.21/networking/v2.0/routers/ed2f5967-6c71-4854-b8e5-63110562b207/add_router_interface 1.223s
2025-11-22 08:00:03.041 66413 INFO tempest.lib.common.dynamic_creds [-] Created isolated network resources for: credentials: Credentials: {'domain_id': 'default', 'domain_name': 'Default', 'username': 'tempest-ServersTestMultiNic-798162655-project-member', 'project_domain_id': 'default', 'project_domain_name': 'Default', 'project_id': '075af0ddbe2e4b50b6667b1b909ddc37', 'project_name': 'tempest-ServersTestMultiNic-798162655', 'tenant_id': '075af0ddbe2e4b50b6667b1b909ddc37', 'tenant_name': 'tempest-ServersTestMultiNic-798162655', 'user_domain_id': 'default', 'user_domain_name': 'Default', 'user_id': '3ba55e2a9c024d458e3f61d4e377d731', 'system': None}, Network: {'id': 'a5279f1c-8e08-4d18-b026-69f6f5e0f969', 'name': 'tempest-ServersTestMultiNic-2130845150-network', 'tenant_id': '075af0ddbe2e4b50b6667b1b909ddc37', 'project_id': '075af0ddbe2e4b50b6667b1b909ddc37', 'admin_state_up': True, 'mtu': 8950, 'status': 'ACTIVE', 'subnets': [], 'shared': False, 'port_security_enabled': True, 'router:external': False, 'provider:network_type': 'vlan', 'provider:physical_network': 'default', 'provider:segmentation_id': 34, 'availability_zone_hints': [], 'availability_zones': [], 'ipv4_address_scope': None, 'ipv6_address_scope': None, 'description': '', 'tags': [], 'created_at': '2025-11-22T08:00:00Z', 'updated_at': '2025-11-22T08:00:00Z', 'revision_number': 1}, Subnet: {'id': '8e89173f-59a2-412d-834a-d012e994013c', 'name': 'tempest-ServersTestMultiNic-2130845150-subnet', 'tenant_id': '075af0ddbe2e4b50b6667b1b909ddc37', 'network_id': 'a5279f1c-8e08-4d18-b026-69f6f5e0f969', 'ip_version': 4, 'subnetpool_id': None, 'enable_dhcp': True, 'ipv6_ra_mode': None, 'ipv6_address_mode': None, 'gateway_ip': '192.168.128.1', 'cidr': '192.168.128.0/28', 'allocation_pools': [{'start': '192.168.128.2', 'end': '192.168.128.14'}], 'host_routes': [], 'dns_nameservers': [], 'description': '', 'router:external': False, 'service_types': [], 'tags': [], 'created_at': '2025-11-22T08:00:00Z', 'updated_at': '2025-11-22T08:00:00Z', 'revision_number': 0, 'project_id': '075af0ddbe2e4b50b6667b1b909ddc37'}, Router: {'id': 'ed2f5967-6c71-4854-b8e5-63110562b207', 'name': 'tempest-ServersTestMultiNic-2130845150-router', 'tenant_id': '075af0ddbe2e4b50b6667b1b909ddc37', 'admin_state_up': True, 'status': 'ACTIVE', 'external_gateway_info': {'network_id': '79013118-6fc6-403a-927f-d7b98a07e42c', 'external_fixed_ips': [{'subnet_id': '41a003ef-a232-4e35-8692-16aa67067a2e', 'ip_address': '10.180.180.174'}], 'enable_snat': True}, 'description': '', 'availability_zones': [], 'distributed': False, 'ha': False, 'availability_zone_hints': [], 'routes': [], 'flavor_id': None, 'tags': [], 'created_at': '2025-11-22T08:00:00Z', 'updated_at': '2025-11-22T08:00:01Z', 'revision_number': 2, 'project_id': '075af0ddbe2e4b50b6667b1b909ddc37'}
2025-11-22 08:00:03.134 66413 INFO tempest.lib.common.rest_client [req-f8880a09-2794-4770-8c62-5e50d5ccbd1e req-f8880a09-2794-4770-8c62-5e50d5ccbd1e ] Request (ServersTestMultiNic:setUpClass): 201 POST http://10.180.1.21/identity/v3/auth/tokens 0.088s
2025-11-22 08:00:03.213 66423 INFO tempest.lib.common.rest_client [req-16e94b77-584e-4f6d-bd59-efc2192a4cc9 req-16e94b77-584e-4f6d-bd59-efc2192a4cc9 ] Request (ServersTestManualDisk:setUpClass): 200 GET http://10.180.1.21/compute/v2.1/servers/2dace8f0-915e-456f-92a1-ab031aa58982/os-interface 5.836s
2025-11-22 08:00:03.320 66421 INFO tempest.lib.common.rest_client [req-49f450ac-59f0-47b9-aaff-46e2274af8f6 req-49f450ac-59f0-47b9-aaff-46e2274af8f6 ] Request (AZV2TestJSON:tearDownClass): 204 DELETE http://10.180.1.21/networking/v2.0/security-groups/b9aba447-bbe5-45d9-b019-9e583ac43302 1.213s
2025-11-22 08:00:03.404 66447 INFO tempest.lib.common.rest_client [req-33074baa-c9ee-4f92-be36-1953fa3438e3 req-33074baa-c9ee-4f92-be36-1953fa3438e3 ] Request (DeleteServersAdminTestJSON:test_delete_server_while_in_error_state): 200 GET http://10.180.1.21/compute/v2.1/servers/ede41cbe-9f68-40b0-b986-bd9848147694 6.292s
2025-11-22 08:00:03.414 66447 INFO tempest.common.waiters [-] State transition "BUILD/None" ==> "BUILD/block_device_mapping" after 7 second wait
2025-11-22 08:00:03.427 66421 INFO tempest.lib.common.rest_client [req-f2ad7870-bf3c-461c-87e3-a8a9b474615b req-f2ad7870-bf3c-461c-87e3-a8a9b474615b ] Request (AZV2TestJSON:tearDownClass): 204 DELETE http://10.180.1.21/identity/v3/projects/0f0bbf674db146d2be5a7f3b19e3d1a0 0.106s
2025-11-22 08:00:03.568 66421 INFO tempest.lib.common.rest_client [req-b7334a6e-231f-4cdf-8881-135b7c893b01 req-b7334a6e-231f-4cdf-8881-135b7c893b01 ] Request (ServerActionsTestOtherA:setUpClass): 201 POST http://10.180.1.21/identity/v3/auth/tokens 0.139s
2025-11-22 08:00:03.609 66421 INFO tempest.lib.common.rest_client [req-1266b079-648a-4c86-b54a-b6d6810bc7ac req-1266b079-648a-4c86-b54a-b6d6810bc7ac ] Request (ServerActionsTestOtherA:setUpClass): 201 POST http://10.180.1.21/identity/v3/auth/tokens 0.038s
2025-11-22 08:00:03.644 66421 INFO tempest.lib.common.rest_client [req-cc0b0445-d969-4378-9ca4-399eb0f45e53 req-cc0b0445-d969-4378-9ca4-399eb0f45e53 ] Request (ServerActionsTestOtherA:setUpClass): 200 GET http://10.180.1.21/identity/v3/domains?name=Default 0.034s
2025-11-22 08:00:03.660 66413 INFO tempest.lib.common.rest_client [req-94e76d78-e18d-44c2-b4a1-95ee6a1696f2 req-94e76d78-e18d-44c2-b4a1-95ee6a1696f2 ] Request (ServersTestMultiNic:test_verify_duplicate_network_nics): 201 POST http://10.180.1.21/networking/v2.0/networks 0.524s
2025-11-22 08:00:03.675 66421 INFO tempest.lib.common.rest_client [req-df582db6-29f1-4dfb-9e5d-865a0b8e6a46 req-df582db6-29f1-4dfb-9e5d-865a0b8e6a46 ] Request (ServerActionsTestOtherA:setUpClass): 201 POST http://10.180.1.21/identity/v3/projects 0.031s
2025-11-22 08:00:03.742 66421 INFO tempest.lib.common.rest_client [req-f03f7dd1-7471-4965-a76c-e2ca288a2ce6 req-f03f7dd1-7471-4965-a76c-e2ca288a2ce6 ] Request (ServerActionsTestOtherA:setUpClass): 201 POST http://10.180.1.21/identity/v3/users 0.067s
2025-11-22 08:00:03.757 66457 INFO tempest.lib.common.rest_client [req-fe629463-ebdc-4620-aa28-273ffc91d6f0 req-fe629463-ebdc-4620-aa28-273ffc91d6f0 ] Request (QuotasAdminTestJSON:_run_cleanups): 200 PUT http://10.180.1.21/compute/v2.1/os-quota-sets/2de0300423e44c5d94221f0832fae001 6.057s
2025-11-22 08:00:03.775 66421 INFO tempest.lib.common.rest_client [req-5d32df62-541b-45b4-a5fa-b14ac5871547 req-5d32df62-541b-45b4-a5fa-b14ac5871547 ] Request (ServerActionsTestOtherA:setUpClass): 200 GET http://10.180.1.21/identity/v3/roles 0.032s
2025-11-22 08:00:03.824 66421 INFO tempest.lib.common.rest_client [req-d833a20c-f43f-4dec-9d51-dbe442ab5a60 req-d833a20c-f43f-4dec-9d51-dbe442ab5a60 ] Request (ServerActionsTestOtherA:setUpClass): 204 PUT http://10.180.1.21/identity/v3/projects/32c257f9abdf4e698b001d3e55f3fcd8/users/f843321ae471420792a511fa2b0afbad/roles/04da0d0bfc824f2e90cc300389c84a66 0.048s
2025-11-22 08:00:03.824 66421 INFO tempest.lib.common.dynamic_creds [-] Dynamic test user f843321ae471420792a511fa2b0afbad is created with scope project and roles: ['member']
2025-11-22 08:00:03.824 66421 INFO tempest.lib.common.dynamic_creds [-] Acquired dynamic creds: credentials: Credentials: {'domain_id': 'default', 'domain_name': 'Default', 'username': 'tempest-ServerActionsTestOtherA-1083798740-project-member', 'project_domain_id': 'default', 'project_domain_name': 'Default', 'project_id': '32c257f9abdf4e698b001d3e55f3fcd8', 'project_name': 'tempest-ServerActionsTestOtherA-1083798740', 'tenant_id': '32c257f9abdf4e698b001d3e55f3fcd8', 'tenant_name': 'tempest-ServerActionsTestOtherA-1083798740', 'user_domain_id': 'default', 'user_domain_name': 'Default', 'user_id': 'f843321ae471420792a511fa2b0afbad', 'system': None}, Network: None, Subnet: None, Router: None
2025-11-22 08:00:03.858 66457 INFO tempest.lib.common.rest_client [req-9775053b-c99f-4b43-a77b-9f87c3910db3 req-9775053b-c99f-4b43-a77b-9f87c3910db3 ] Request (QuotasAdminTestJSON:tearDownClass): 204 DELETE http://10.180.1.21/identity/v3/users/e0d3409167604fbba52421eed449c8a6 0.094s
2025-11-22 08:00:03.928 66421 INFO tempest.lib.common.rest_client [req-3ddb1f9f-808c-44ff-8367-95ab59ecfc98 req-3ddb1f9f-808c-44ff-8367-95ab59ecfc98 ] Request (ServerActionsTestOtherA:setUpClass): 201 POST http://10.180.1.21/identity/v3/auth/tokens 0.102s
2025-11-22 08:00:03.931 66455 INFO tempest.lib.common.rest_client [req-35005c49-a28a-4767-a72a-28fd4ac8ef5f req-35005c49-a28a-4767-a72a-28fd4ac8ef5f ] Request (QuotasAdminTestV257:test_get_updated_quotas): 200 GET http://10.180.1.21/identity/v3/domains?name=Default 0.133s
2025-11-22 08:00:03.980 66455 INFO tempest.lib.common.rest_client [req-2b765e00-f773-4bca-bad1-4f976492f397 req-2b765e00-f773-4bca-bad1-4f976492f397 ] Request (QuotasAdminTestV257:test_get_updated_quotas): 201 POST http://10.180.1.21/identity/v3/projects 0.048s
2025-11-22 08:00:04.061 66457 INFO tempest.lib.common.rest_client [req-5e6f44bc-8ced-406b-99b8-eed1a0a0c231 req-5e6f44bc-8ced-406b-99b8-eed1a0a0c231 ] Request (QuotasAdminTestJSON:tearDownClass): 204 DELETE http://10.180.1.21/identity/v3/users/7a873f30d47841d1bb6273ce659d94ee 0.202s
2025-11-22 08:00:04.061 66457 INFO tempest.lib.common.dynamic_creds [-] Deleting project and security group for project: 2de0300423e44c5d94221f0832fae001
2025-11-22 08:00:04.098 66455 INFO tempest.lib.common.rest_client [req-05f20182-194e-4498-a984-1ceceab1f60d req-05f20182-194e-4498-a984-1ceceab1f60d ] Request (QuotasAdminTestV257:test_get_updated_quotas): 200 GET http://10.180.1.21/identity/v3/domains?name=Default 0.117s
2025-11-22 08:00:04.107 66413 INFO tempest.lib.common.rest_client [req-b4a567da-8036-489c-a1db-11ffea1ce422 req-b4a567da-8036-489c-a1db-11ffea1ce422 ] Request (ServersTestMultiNic:test_verify_duplicate_network_nics): 201 POST http://10.180.1.21/networking/v2.0/subnets 0.445s
2025-11-22 08:00:04.135 66457 INFO tempest.lib.common.rest_client [req-fcae0f10-d406-412e-b3ee-b98e29b21ce6 req-fcae0f10-d406-412e-b3ee-b98e29b21ce6 ] Request (QuotasAdminTestJSON:tearDownClass): 201 POST http://10.180.1.21/identity/v3/auth/tokens 0.074s
2025-11-22 08:00:04.169 66423 INFO tempest.lib.common.rest_client [req-f1eea0c6-a62c-4af6-b5ca-0a79e1667f29 req-f1eea0c6-a62c-4af6-b5ca-0a79e1667f29 ] Request (ServersTestManualDisk:setUpClass): 200 PUT http://10.180.1.21/networking/v2.0/floatingips/81cf716d-e451-4b87-914c-d189c216dc0a 0.954s
2025-11-22 08:00:04.350 66413 INFO tempest.lib.common.rest_client [req-7be641bf-b61d-4635-a0a7-486db43c03b6 req-7be641bf-b61d-4635-a0a7-486db43c03b6 ] Request (ServersTestMultiNic:test_verify_duplicate_network_nics): 201 POST http://10.180.1.21/networking/v2.0/networks 0.242s
2025-11-22 08:00:04.578 66421 INFO tempest.lib.common.rest_client [req-2dd5ed42-7bee-485d-9c4e-458d8f606d0b req-2dd5ed42-7bee-485d-9c4e-458d8f606d0b ] Request (ServerActionsTestOtherA:setUpClass): 201 POST http://10.180.1.21/networking/v2.0/networks 0.650s
2025-11-22 08:00:04.585 66457 INFO tempest.lib.common.rest_client [req-911b274b-5a8c-4fff-8bd0-d4b15d03e072 req-911b274b-5a8c-4fff-8bd0-d4b15d03e072 ] Request (QuotasAdminTestJSON:tearDownClass): 200 GET http://10.180.1.21/networking/v2.0/security-groups?tenant_id=2de0300423e44c5d94221f0832fae001&name=default 0.449s
2025-11-22 08:00:04.851 66413 INFO tempest.lib.common.rest_client [req-80625a6c-a0cd-4c99-994f-1eb78c91cd0b req-80625a6c-a0cd-4c99-994f-1eb78c91cd0b ] Request (ServersTestMultiNic:test_verify_duplicate_network_nics): 201 POST http://10.180.1.21/networking/v2.0/subnets 0.501s
2025-11-22 08:00:04.880 66421 INFO tempest.lib.common.rest_client [req-c5d88eb3-43a9-4001-9b20-4473150b0edc req-c5d88eb3-43a9-4001-9b20-4473150b0edc ] Request (ServerActionsTestOtherA:setUpClass): 201 POST http://10.180.1.21/networking/v2.0/subnets 0.300s
2025-11-22 08:00:04.932 66413 INFO tempest.lib.common.rest_client [req-05af4c8a-48df-497c-bb81-548dbaa8e700 req-05af4c8a-48df-497c-bb81-548dbaa8e700 ] Request (ServersTestMultiNic:test_verify_duplicate_network_nics): 201 POST http://10.180.1.21/identity/v3/auth/tokens 0.076s
2025-11-22 08:00:04.933 66413 INFO tempest.lib.common.fixed_network [-] (ServersTestMultiNic:test_verify_duplicate_network_nics) Found network {'id': 'a5279f1c-8e08-4d18-b026-69f6f5e0f969', 'name': 'tempest-ServersTestMultiNic-2130845150-network', 'tenant_id': '075af0ddbe2e4b50b6667b1b909ddc37', 'project_id': '075af0ddbe2e4b50b6667b1b909ddc37', 'admin_state_up': True, 'mtu': 8950, 'status': 'ACTIVE', 'subnets': [], 'shared': False, 'port_security_enabled': True, 'router:external': False, 'provider:network_type': 'vlan', 'provider:physical_network': 'default', 'provider:segmentation_id': 34, 'availability_zone_hints': [], 'availability_zones': [], 'ipv4_address_scope': None, 'ipv6_address_scope': None, 'description': '', 'tags': [], 'created_at': '2025-11-22T08:00:00Z', 'updated_at': '2025-11-22T08:00:00Z', 'revision_number': 1} available for tenant
2025-11-22 08:00:04.952 66457 INFO tempest.lib.common.rest_client [req-d82a66e6-e1cc-4e4f-8517-a9b5a97d5f16 req-d82a66e6-e1cc-4e4f-8517-a9b5a97d5f16 ] Request (QuotasAdminTestJSON:tearDownClass): 204 DELETE http://10.180.1.21/networking/v2.0/security-groups/7d9476f3-896c-4fa3-85fa-faa5566adb65 0.367s
2025-11-22 08:00:05.077 66457 INFO tempest.lib.common.rest_client [req-8d7a55bb-7b36-4e57-bd12-c219e323496f req-8d7a55bb-7b36-4e57-bd12-c219e323496f ] Request (QuotasAdminTestJSON:tearDownClass): 204 DELETE http://10.180.1.21/identity/v3/projects/2de0300423e44c5d94221f0832fae001 0.125s
2025-11-22 08:00:05.077 66457 INFO tempest.lib.common.dynamic_creds [-] Deleting project and security group for project: 37962a03e4a14590afa56b90b2dc57d3
