2025-11-22 08:01:41.929 66457 INFO tempest.lib.common.rest_client [req-5ba5b9d4-1957-4111-8910-1ca8f5881893 req-5ba5b9d4-1957-4111-8910-1ca8f5881893 ] Request (ServerTagsTestJSON:setUpClass): 200 GET http://10.180.1.21/compute/v2.1/servers/f5e953e4-0a7c-452a-92f8-aa4fa8f0b8c4 2.815s
2025-11-22 08:01:41.997 66415 INFO tempest.lib.common.rest_client [req-c46b5fd0-ce5b-4154-9a0c-a9104251a330 req-c46b5fd0-ce5b-4154-9a0c-a9104251a330 ] Request (VolumesSnapshotsTestJSON:test_volume_snapshot_create_get_list_delete): 200 POST http://10.180.1.21/compute/v2.1/os-volumes 3.056s
2025-11-22 08:01:42.002 66439 INFO tempest.lib.common.rest_client [req-ad0b9688-abf4-4629-bef6-13628efa6b4f req-ad0b9688-abf4-4629-bef6-13628efa6b4f ] Request (ListServersNegativeTestJSON:setUpClass): 200 GET http://10.180.1.21/compute/v2.1/servers/675ce103-095d-41a1-9e80-d02db15fd70b 2.860s
2025-11-22 08:01:42.025 66453 INFO tempest.lib.common.rest_client [req-feec4bb5-af98-4617-8e60-bedf4e07421a req-feec4bb5-af98-4617-8e60-bedf4e07421a ] Request (InstanceActionsV221TestJSON:tearDownClass): 404 DELETE http://10.180.1.21/compute/v2.1/servers/bcda1680-2ff0-45b6-a392-f673e368f3f7 2.682s
2025-11-22 08:01:42.046 66447 INFO tempest.lib.common.rest_client [req-c5e8c026-f43a-427a-a7bc-6b1b6f4012da req-c5e8c026-f43a-427a-a7bc-6b1b6f4012da ] Request (FlavorsV2TestJSON:test_list_flavors_detailed_filter_by_min_ram): 200 GET http://10.180.1.21/compute/v2.1/flavors/42 2.439s
2025-11-22 08:01:42.101 66449 INFO tempest.lib.common.rest_client [req-83512b85-32cf-4e54-a6a5-06fb9a561feb req-83512b85-32cf-4e54-a6a5-06fb9a561feb ] Request (ServersListShow296Test:test_list_show_update_rebuild_server_296): 200 GET http://10.180.1.21/compute/v2.1/servers/e8b262e2-318a-4b97-b1cb-74dfcbc3c0f1 2.808s
2025-11-22 08:01:42.161 66421 INFO tempest.lib.common.rest_client [req-00486b86-d711-4718-ab90-d3e4d46848e6 req-00486b86-d711-4718-ab90-d3e4d46848e6 ] Request (ServerActionsTestOtherA:test_rebuild_server_in_stop_state): 200 GET http://10.180.1.21/compute/v2.1/servers/9acb8c8a-5dcb-41ab-9b38-f034e9958eaf 2.541s
2025-11-22 08:01:42.204 66475 INFO tempest.lib.common.rest_client [req-7a49e70f-170c-44f4-be3e-94b214e8108c req-7a49e70f-170c-44f4-be3e-94b214e8108c ] Request (FloatingIPsAssociationNegativeTestJSON:tearDownClass): 204 DELETE http://10.180.1.21/compute/v2.1/servers/688adbe0-8ea5-455b-9fac-56e629760f97 2.492s
2025-11-22 08:01:42.273 66417 INFO tempest.lib.common.rest_client [req-6bde5cba-0bde-42c7-8682-697350129a77 req-6bde5cba-0bde-42c7-8682-697350129a77 ] Request (ImagesOneServerTestJSON:tearDownClass): 204 DELETE http://10.180.1.21/compute/v2.1/servers/e4660855-95b3-4e45-af27-c0b38344d5b6 2.471s
2025-11-22 08:01:42.354 66425 INFO tempest.lib.common.rest_client [req-a5c4d576-b12e-4299-b428-887ebd2a1f03 req-a5c4d576-b12e-4299-b428-887ebd2a1f03 ] Request (VolumesAssistedSnapshotsTest:test_volume_assisted_snapshot_create_delete): 200 POST http://10.180.1.21/compute/v2.1/os-assisted-volume-snapshots 2.492s
2025-11-22 08:01:42.379 66435 INFO tempest.lib.common.rest_client [req-dc805944-3c51-4464-b67a-e5608af09ad7 req-dc805944-3c51-4464-b67a-e5608af09ad7 ] Request (ServersNegativeTestJSON:setUpClass): 200 GET http://10.180.1.21/compute/v2.1/servers/425401d2-e6d0-4258-a371-73a5fc163366 2.068s
2025-11-22 08:01:42.423 66413 INFO tempest.lib.common.rest_client [req-dac3b17e-c2b8-42e6-bbd5-269c221f0bca req-dac3b17e-c2b8-42e6-bbd5-269c221f0bca ] Request (ServersTestMultiNic:test_verify_multiple_nics_order): 200 GET http://10.180.1.21/compute/v2.1/servers/0da35e46-3969-498e-a8b6-5dfd50d67308 2.070s
2025-11-22 08:01:42.449 66433 INFO tempest.lib.common.rest_client [req-0cee27b8-8f52-467c-b70b-7957755315a6 req-0cee27b8-8f52-467c-b70b-7957755315a6 ] Request (FloatingIPsAssociationTestJSON:tearDownClass): 404 GET http://10.180.1.21/compute/v2.1/servers/d10c5dc9-ea86-4733-83bb-8c68948ea79d 1.760s
2025-11-22 08:01:42.730 66443 INFO tempest.lib.common.rest_client [req-aa1a494c-860f-4e70-94e0-875b798c21e9 req-aa1a494c-860f-4e70-94e0-875b798c21e9 ] Request (ServerActionsV293TestJSON:setUpClass): 200 GET http://10.180.1.21/volume/v3/volumes/d19399d8-b9af-4eec-9b06-b53b43f7a0b1 0.034s
2025-11-22 08:01:42.763 66455 INFO tempest.lib.common.rest_client [req-343cc91d-8ead-46ed-9d3d-66333f7620b6 req-343cc91d-8ead-46ed-9d3d-66333f7620b6 ] Request (ServersTestBootFromVolume:setUpClass): 200 GET http://10.180.1.21/compute/v2.1/servers/ad2cc4a6-6dee-46d3-be10-ec9d5307195c 2.176s
2025-11-22 08:01:42.772 66455 INFO tempest.common.waiters [-] State transition "BUILD/spawning" ==> "ACTIVE/None" after 33 second wait
2025-11-22 08:01:42.781 66471 INFO tempest.lib.common.rest_client [req-77ae71d4-4814-47aa-8990-c1cd47fa2251 req-77ae71d4-4814-47aa-8990-c1cd47fa2251 ] Request (ServersTestFqdnHostnames:tearDownClass): 200 GET http://10.180.1.21/compute/v2.1/servers/ecda4daf-d08a-4f84-b1cd-116427f27efc 2.064s
2025-11-22 08:01:42.953 66430 INFO tempest.lib.common.rest_client [req-00f17b4d-b7b8-4bf2-b349-26add32f75c2 req-00f17b4d-b7b8-4bf2-b349-26add32f75c2 ] Request (AttachInterfacesUnderV243Test:test_add_remove_fixed_ip): 200 GET http://10.180.1.21/compute/v2.1/servers/bd5c4a96-5c4d-4b81-a43b-a8857bcc6f98 2.168s
2025-11-22 08:01:42.961 66430 INFO tempest.common.waiters [-] State transition "BUILD/None" ==> "BUILD/spawning" after 17 second wait
2025-11-22 08:01:42.982 66431 INFO tempest.lib.common.rest_client [req-46054d29-92d6-4f08-812e-923aba7f868f req-46054d29-92d6-4f08-812e-923aba7f868f ] Request (ServersTestJSON:test_create_server_with_ipv6_addr_only): 200 GET http://10.180.1.21/compute/v2.1/servers/5b8b450b-fabb-4765-bf26-975e87013889 2.062s
2025-11-22 08:01:43.012 66467 INFO tempest.lib.common.rest_client [req-d42541cb-73e5-462b-8fca-e963ff3073b1 req-d42541cb-73e5-462b-8fca-e963ff3073b1 ] Request (MigrationsAdminTest:test_resize_server_revert_deleted_flavor): 200 GET http://10.180.1.21/compute/v2.1/servers/9df35b0f-9489-4184-b13f-0263a7616e49 1.574s
2025-11-22 08:01:43.108 66419 INFO tempest.lib.common.rest_client [req-fe95f63d-594f-49f6-aa07-00f1fe888697 req-fe95f63d-594f-49f6-aa07-00f1fe888697 ] Request (ServersAdminNegativeTestJSON:test_migrate_server_invalid_state): 200 GET http://10.180.1.21/compute/v2.1/servers/e87da1ac-755a-4778-afb7-38a6347e63df 1.570s
2025-11-22 08:01:43.136 66437 INFO tempest.lib.common.rest_client [req-15743454-1064-4894-86e8-cfb3c00ae57b req-15743454-1064-4894-86e8-cfb3c00ae57b ] Request (ServersWithSpecificFlavorTestJSON:test_verify_created_server_ephemeral_disk): 200 GET http://10.180.1.21/compute/v2.1/servers/5bbb05c8-6579-4c12-bcd3-2cd2cce89323 1.613s
2025-11-22 08:01:43.144 66437 INFO tempest.lib.common.ssh [-] Creating ssh connection to '10.180.180.195:22' as 'cirros' with public key authentication
2025-11-22 08:01:43.175 66462 INFO tempest.lib.common.rest_client [req-9dc4ff2e-48b0-4a14-a1b9-e6035210dd4c req-9dc4ff2e-48b0-4a14-a1b9-e6035210dd4c ] Request (AttachVolumeNegativeTest:test_attach_attached_volume_to_different_server): 200 GET http://10.180.1.21/compute/v2.1/servers/3f77c4c1-099a-4cfd-9539-9f88853559ac 1.620s
2025-11-22 08:01:43.197 66433 INFO tempest.lib.common.rest_client [req-f7802e25-8a8e-4978-b7f2-f16da6c5ab6f req-f7802e25-8a8e-4978-b7f2-f16da6c5ab6f ] Request (FloatingIPsAssociationTestJSON:tearDownClass): 200 PUT http://10.180.1.21/networking/v2.0/routers/4f17e7b8-206d-4631-bf83-f432a71b451c/remove_router_interface 0.748s
2025-11-22 08:01:43.251 66441 INFO tempest.lib.common.rest_client [req-74ed3aec-95f8-4e6e-b922-8b9f47cb7b99 req-74ed3aec-95f8-4e6e-b922-8b9f47cb7b99 ] Request (ServersV294TestFqdnHostnames:setUpClass): 200 GET http://10.180.1.21/compute/v2.1/servers/7faf56d4-9e21-401e-936a-b1889af650a6 1.533s
2025-11-22 08:01:43.251 66473 INFO tempest.lib.common.rest_client [req-0ac4ae4c-efdc-4c44-875f-17fdcf3dbf40 req-0ac4ae4c-efdc-4c44-875f-17fdcf3dbf40 ] Request (ServerDiagnosticsTest:tearDownClass): 204 DELETE http://10.180.1.21/compute/v2.1/servers/0569c0ba-011a-441d-b4aa-aaadd0b800d6 1.569s
2025-11-22 08:01:43.331 66459 INFO tempest.lib.common.rest_client [req-b7c9d014-c5ef-4496-9775-90bcdd64684a req-b7c9d014-c5ef-4496-9775-90bcdd64684a ] Request (ServerRescueNegativeTestJSON:setUpClass): 200 GET http://10.180.1.21/compute/v2.1/servers/64caf03f-83f3-4e4d-87ad-216c0003305e 1.570s
2025-11-22 08:01:43.336 66415 INFO tempest.lib.common.rest_client [req-b0dc5a07-5264-4f10-a539-436623c5a559 req-b0dc5a07-5264-4f10-a539-436623c5a559 ] Request (VolumesSnapshotsTestJSON:test_volume_snapshot_create_get_list_delete): 200 GET http://10.180.1.21/compute/v2.1/os-volumes/98656097-18c9-44f2-b940-29b5b219e794 1.336s
2025-11-22 08:01:43.339 66415 INFO tempest.common.waiters [-] volume 98656097-18c9-44f2-b940-29b5b219e794 reached available after waiting for 0.339647 seconds
2025-11-22 08:01:43.377 66453 INFO tempest.lib.common.rest_client [req-b7f56a09-6d66-4c7b-bc76-3a2cb4e15df1 req-b7f56a09-6d66-4c7b-bc76-3a2cb4e15df1 ] Request (InstanceActionsV221TestJSON:tearDownClass): 404 GET http://10.180.1.21/compute/v2.1/servers/bcda1680-2ff0-45b6-a392-f673e368f3f7 1.351s
2025-11-22 08:01:43.397 66459 INFO tempest.lib.common.rest_client [req-762dcd1b-3c21-4cbb-b765-967080f9f31b req-762dcd1b-3c21-4cbb-b765-967080f9f31b ] Request (ServerRescueNegativeTestJSON:setUpClass): 201 POST http://10.180.1.21/identity/v3/auth/tokens 0.049s
2025-11-22 08:01:43.398 66459 INFO tempest.lib.common.fixed_network [-] (ServerRescueNegativeTestJSON:setUpClass) Found network {'id': '20ac7dfd-b9e8-483f-9afc-59f7a288a5e0', 'name': 'tempest-ServerRescueNegativeTestJSON-1255748826-network', 'tenant_id': 'afa744df60b34e81a47be70a5b15d197', 'project_id': 'afa744df60b34e81a47be70a5b15d197', 'admin_state_up': True, 'mtu': 8950, 'status': 'ACTIVE', 'subnets': [], 'shared': False, 'port_security_enabled': True, 'router:external': False, 'provider:network_type': 'vlan', 'provider:physical_network': 'default', 'provider:segmentation_id': 296, 'availability_zone_hints': [], 'availability_zones': [], 'ipv4_address_scope': None, 'ipv6_address_scope': None, 'description': '', 'tags': [], 'created_at': '2025-11-22T08:01:35Z', 'updated_at': '2025-11-22T08:01:35Z', 'revision_number': 1} available for tenant
2025-11-22 08:01:43.418 66447 INFO tempest.lib.common.rest_client [req-dc159c8e-b583-43f8-a6a7-f233a4e1aa6f req-dc159c8e-b583-43f8-a6a7-f233a4e1aa6f ] Request (FlavorsV2TestJSON:test_list_flavors_detailed_filter_by_min_ram): 200 GET http://10.180.1.21/compute/v2.1/flavors/detail?minRam=193 1.369s
2025-11-22 08:01:43.744 66433 INFO tempest.lib.common.rest_client [req-8ff7224d-d4c9-4f84-ba9d-492123bf4a43 req-8ff7224d-d4c9-4f84-ba9d-492123bf4a43 ] Request (FloatingIPsAssociationTestJSON:tearDownClass): 204 DELETE http://10.180.1.21/networking/v2.0/routers/4f17e7b8-206d-4631-bf83-f432a71b451c 0.546s
2025-11-22 08:01:43.777 66451 INFO tempest.lib.common.rest_client [req-fab00b93-0f99-4a64-84a7-3a59987c1269 req-fab00b93-0f99-4a64-84a7-3a59987c1269 ] Request (AttachInterfacesTestJSON:_run_cleanups): 200 GET http://10.180.1.21/compute/v2.1/servers/8be1844e-a328-4c33-ac85-167d2709b483 1.737s
2025-11-22 08:01:43.777 66443 INFO tempest.lib.common.rest_client [req-00f6c70e-20da-49d3-94e1-786413aa2ba0 req-00f6c70e-20da-49d3-94e1-786413aa2ba0 ] Request (ServerActionsV293TestJSON:setUpClass): 200 GET http://10.180.1.21/volume/v3/volumes/d19399d8-b9af-4eec-9b06-b53b43f7a0b1 0.035s
2025-11-22 08:01:44.011 66433 INFO tempest.lib.common.rest_client [req-5a97999a-cf12-4f9e-90eb-7a106df45500 req-5a97999a-cf12-4f9e-90eb-7a106df45500 ] Request (FloatingIPsAssociationTestJSON:tearDownClass): 204 DELETE http://10.180.1.21/networking/v2.0/subnets/b28218ca-b5e5-40b3-93f3-deba823b3cf0 0.267s
2025-11-22 08:01:44.144 66475 INFO tempest.lib.common.rest_client [req-e3790be0-176e-4eab-bbe1-ac2c8fa71886 req-e3790be0-176e-4eab-bbe1-ac2c8fa71886 ] Request (FloatingIPsAssociationNegativeTestJSON:tearDownClass): 200 GET http://10.180.1.21/compute/v2.1/servers/688adbe0-8ea5-455b-9fac-56e629760f97 1.939s
2025-11-22 08:01:44.196 66425 INFO tempest.lib.common.rest_client [req-437b8756-801b-47dc-9b8a-8b39bd788a19 req-437b8756-801b-47dc-9b8a-8b39bd788a19 ] Request (VolumesAssistedSnapshotsTest:test_volume_assisted_snapshot_create_delete): 204 DELETE http://10.180.1.21/compute/v2.1/os-assisted-volume-snapshots/None?delete_info=%7B%22volume_id%22%3A+%229bd53a61-3d30-4ba0-b28e-6021e6a10390%22%7D 1.841s
2025-11-22 08:01:44.223 66453 INFO tempest.lib.common.rest_client [req-dd1c9366-486d-4f82-aedc-4f39ce07f352 req-dd1c9366-486d-4f82-aedc-4f39ce07f352 ] Request (InstanceActionsV221TestJSON:tearDownClass): 200 PUT http://10.180.1.21/networking/v2.0/routers/c2866f7f-60fc-41e0-ad52-800d5f9b0b8d/remove_router_interface 0.845s
2025-11-22 08:01:44.234 66425 INFO tempest.lib.common.rest_client [req-bb98fef5-4da5-44b4-8791-790c8709fb9f req-bb98fef5-4da5-44b4-8791-790c8709fb9f ] Request (VolumesAssistedSnapshotsTest:_run_cleanups): 200 GET http://10.180.1.21/volume/v3/volumes/9bd53a61-3d30-4ba0-b28e-6021e6a10390 0.037s
2025-11-22 08:01:44.295 66417 INFO tempest.lib.common.rest_client [req-3a1562be-e4ed-4921-9191-e92e06b6997a req-3a1562be-e4ed-4921-9191-e92e06b6997a ] Request (ImagesOneServerTestJSON:tearDownClass): 200 GET http://10.180.1.21/compute/v2.1/servers/e4660855-95b3-4e45-af27-c0b38344d5b6 2.022s
2025-11-22 08:01:44.542 66433 INFO tempest.lib.common.rest_client [req-aecaebb0-2185-40d6-9ac4-ab4161cfef84 req-aecaebb0-2185-40d6-9ac4-ab4161cfef84 ] Request (FloatingIPsAssociationTestJSON:tearDownClass): 204 DELETE http://10.180.1.21/networking/v2.0/networks/1d7050c3-2154-4c5a-a422-16c65098ff5a 0.530s
2025-11-22 08:01:44.627 66445 INFO tempest.lib.common.rest_client [req-00787cc4-a57e-4bd1-8b4f-f3638914dba9 req-00787cc4-a57e-4bd1-8b4f-f3638914dba9 ] Request (ImagesTestJSON:test_create_image_from_suspended_server): 200 GET http://10.180.1.21/compute/v2.1/servers/8d48172e-5dac-4f2d-b701-d5a4cc5e2e25 1.875s
2025-11-22 08:01:44.694 66433 INFO tempest.lib.common.rest_client [req-4b98eaa5-c7f0-4ab0-bb7f-f51a7ce051e3 req-4b98eaa5-c7f0-4ab0-bb7f-f51a7ce051e3 ] Request (FloatingIPsAssociationTestJSON:tearDownClass): 204 DELETE http://10.180.1.21/identity/v3/users/26497510867b48fbb01282672dc53b75 0.152s
2025-11-22 08:01:44.695 66433 INFO tempest.lib.common.dynamic_creds [-] Deleting project and security group for project: 23fc609f260c4867859d627aa36ba591
2025-11-22 08:01:44.741 66455 INFO tempest.lib.common.rest_client [req-77b2abe6-2636-45ef-84bf-c7be496321ce req-77b2abe6-2636-45ef-84bf-c7be496321ce ] Request (ServersTestBootFromVolume:setUpClass): 200 GET http://10.180.1.21/compute/v2.1/servers/ad2cc4a6-6dee-46d3-be10-ec9d5307195c/os-interface 1.968s
2025-11-22 08:01:44.842 66443 INFO tempest.lib.common.rest_client [req-df83ab64-53f3-4df6-93a7-ed23ae1ddcd3 req-df83ab64-53f3-4df6-93a7-ed23ae1ddcd3 ] Request (ServerActionsV293TestJSON:setUpClass): 200 GET http://10.180.1.21/volume/v3/volumes/d19399d8-b9af-4eec-9b06-b53b43f7a0b1 0.050s
2025-11-22 08:01:44.872 66453 INFO tempest.lib.common.rest_client [req-0c4b613f-ff5c-483a-a095-f0b044bbc7d4 req-0c4b613f-ff5c-483a-a095-f0b044bbc7d4 ] Request (InstanceActionsV221TestJSON:tearDownClass): 204 DELETE http://10.180.1.21/networking/v2.0/routers/c2866f7f-60fc-41e0-ad52-800d5f9b0b8d 0.648s
2025-11-22 08:01:44.901 66423 INFO tempest.lib.common.rest_client [req-b10b6419-c1b9-4e5b-8088-63f08d52fe1a req-b10b6419-c1b9-4e5b-8088-63f08d52fe1a ] Request (ServersNegativeTestMultiTenantJSON:setUpClass): 200 GET http://10.180.1.21/compute/v2.1/servers/f49bd07c-2bae-49c7-93ad-d8af456975be 2.083s
2025-11-22 08:01:44.923 66433 INFO tempest.lib.common.rest_client [req-dd419cd4-0a80-4b5b-ad10-da6b43c7ff6f req-dd419cd4-0a80-4b5b-ad10-da6b43c7ff6f ] Request (FloatingIPsAssociationTestJSON:tearDownClass): 200 GET http://10.180.1.21/networking/v2.0/security-groups?tenant_id=23fc609f260c4867859d627aa36ba591&name=default 0.228s
2025-11-22 08:01:44.948 66463 INFO tempest.lib.common.rest_client [req-d97c8d7e-6c12-4d4b-a0c9-b40130e7ac67 req-d97c8d7e-6c12-4d4b-a0c9-b40130e7ac67 ] Request (ImagesOneServerNegativeTestJSON:setUpClass): 200 GET http://10.180.1.21/compute/v2.1/servers/ca1f38e6-37a4-431b-956f-cbde92ae70a4 2.064s
2025-11-22 08:01:44.960 66463 INFO tempest.common.waiters [-] State transition "BUILD/scheduling" ==> "BUILD/None" after 3 second wait
2025-11-22 08:01:45.487 66455 INFO tempest.lib.common.rest_client [req-47e04c78-01cd-446e-ad12-8bc0739b71da req-47e04c78-01cd-446e-ad12-8bc0739b71da ] Request (ServersTestBootFromVolume:setUpClass): 200 PUT http://10.180.1.21/networking/v2.0/floatingips/c42da522-3a58-4fc1-bc5e-4b4837955ca0 0.742s
2025-11-22 08:01:45.628 66453 INFO tempest.lib.common.rest_client [req-6e7ace56-03d6-46aa-b0ea-caea8396aa84 req-6e7ace56-03d6-46aa-b0ea-caea8396aa84 ] Request (InstanceActionsV221TestJSON:tearDownClass): 204 DELETE http://10.180.1.21/networking/v2.0/subnets/13fd41c3-118d-4ce0-8bb2-d589d56f113d 0.755s
2025-11-22 08:01:45.640 66433 INFO tempest.lib.common.rest_client [req-9c6d154d-3d4a-44a9-8082-be4b6e526c8a req-9c6d154d-3d4a-44a9-8082-be4b6e526c8a ] Request (FloatingIPsAssociationTestJSON:tearDownClass): 204 DELETE http://10.180.1.21/networking/v2.0/security-groups/105f4c71-b4a6-489e-b56b-8133942aeb6a 0.716s
2025-11-22 08:01:45.659 66457 INFO tempest.lib.common.rest_client [req-6aaa89f7-ce7a-4fb0-8adb-62f2cea284fb req-6aaa89f7-ce7a-4fb0-8adb-62f2cea284fb ] Request (ServerTagsTestJSON:setUpClass): 200 GET http://10.180.1.21/compute/v2.1/servers/f5e953e4-0a7c-452a-92f8-aa4fa8f0b8c4 2.718s
2025-11-22 08:01:45.662 66439 INFO tempest.lib.common.rest_client [req-4ffcc48f-21b1-47b5-bfcc-3391904c86e4 req-4ffcc48f-21b1-47b5-bfcc-3391904c86e4 ] Request (ListServersNegativeTestJSON:setUpClass): 200 GET http://10.180.1.21/compute/v2.1/servers/675ce103-095d-41a1-9e80-d02db15fd70b 2.649s
2025-11-22 08:01:45.674 66457 INFO tempest.common.waiters [-] State transition "BUILD/scheduling" ==> "BUILD/None" after 4 second wait
2025-11-22 08:01:45.762 66421 INFO tempest.lib.common.rest_client [req-5d2cbc0f-f88b-4024-9aef-b4811b874d89 req-5d2cbc0f-f88b-4024-9aef-b4811b874d89 ] Request (ServerActionsTestOtherA:test_rebuild_server_in_stop_state): 200 GET http://10.180.1.21/compute/v2.1/servers/9acb8c8a-5dcb-41ab-9b38-f034e9958eaf 2.583s
2025-11-22 08:01:45.764 66433 INFO tempest.lib.common.rest_client [req-68993d70-b15e-4d2d-bf04-3dfaab7de6da req-68993d70-b15e-4d2d-bf04-3dfaab7de6da ] Request (FloatingIPsAssociationTestJSON:tearDownClass): 204 DELETE http://10.180.1.21/identity/v3/projects/23fc609f260c4867859d627aa36ba591 0.124s
2025-11-22 08:01:45.786 66449 INFO tempest.lib.common.rest_client [req-e93c2160-740a-4221-b6f6-9fecc4f12592 req-e93c2160-740a-4221-b6f6-9fecc4f12592 ] Request (ServersListShow296Test:test_list_show_update_rebuild_server_296): 200 GET http://10.180.1.21/compute/v2.1/servers/e8b262e2-318a-4b97-b1cb-74dfcbc3c0f1 2.674s
2025-11-22 08:01:45.798 66449 INFO tempest.common.waiters [-] State transition "BUILD/spawning" ==> "ACTIVE/None" after 21 second wait
2025-11-22 08:01:45.831 66433 INFO tempest.lib.common.rest_client [req-a33ee9ff-dbda-4005-a752-bb590bf073e8 req-a33ee9ff-dbda-4005-a752-bb590bf073e8 ] Request (ListImagesTestJSON:setUpClass): 201 POST http://10.180.1.21/identity/v3/auth/tokens 0.065s
2025-11-22 08:01:45.887 66443 INFO tempest.lib.common.rest_client [req-aa3f7109-2f6a-4798-80b3-3a9d076e1787 req-aa3f7109-2f6a-4798-80b3-3a9d076e1787 ] Request (ServerActionsV293TestJSON:setUpClass): 200 GET http://10.180.1.21/volume/v3/volumes/d19399d8-b9af-4eec-9b06-b53b43f7a0b1 0.035s
2025-11-22 08:01:45.891 66433 INFO tempest.lib.common.rest_client [req-7b0f484e-84bb-47b7-8abc-b751605301d1 req-7b0f484e-84bb-47b7-8abc-b751605301d1 ] Request (ListImagesTestJSON:setUpClass): 201 POST http://10.180.1.21/identity/v3/auth/tokens 0.056s
2025-11-22 08:01:45.905 66473 INFO tempest.lib.common.rest_client [req-72aa97df-4ffe-4531-be65-48b703ff02cb req-72aa97df-4ffe-4531-be65-48b703ff02cb ] Request (ServerDiagnosticsTest:tearDownClass): 200 GET http://10.180.1.21/compute/v2.1/servers/0569c0ba-011a-441d-b4aa-aaadd0b800d6 2.654s
2025-11-22 08:01:45.918 66433 INFO tempest.lib.common.rest_client [req-34d32673-7104-4d69-9244-0a4c1ffcd78b req-34d32673-7104-4d69-9244-0a4c1ffcd78b ] Request (ListImagesTestJSON:setUpClass): 200 GET http://10.180.1.21/identity/v3/domains?name=Default 0.027s
2025-11-22 08:01:45.957 66433 INFO tempest.lib.common.rest_client [req-5c3d313f-4712-4a89-98b5-1470aa995490 req-5c3d313f-4712-4a89-98b5-1470aa995490 ] Request (ListImagesTestJSON:setUpClass): 201 POST http://10.180.1.21/identity/v3/projects 0.039s
2025-11-22 08:01:45.964 66415 INFO tempest.lib.common.rest_client [req-5d46321f-0172-4506-a7be-401822e5e0f2 req-5d46321f-0172-4506-a7be-401822e5e0f2 ] Request (VolumesSnapshotsTestJSON:test_volume_snapshot_create_get_list_delete): 200 POST http://10.180.1.21/compute/v2.1/os-snapshots 2.625s
2025-11-22 08:01:45.983 66435 INFO tempest.lib.common.rest_client [req-8f427d1f-cbd7-492b-86a8-a579b339959c req-8f427d1f-cbd7-492b-86a8-a579b339959c ] Request (ServersNegativeTestJSON:setUpClass): 200 GET http://10.180.1.21/compute/v2.1/servers/425401d2-e6d0-4258-a371-73a5fc163366 2.592s
2025-11-22 08:01:46.001 66447 INFO tempest.lib.common.rest_client [req-bc82d5ad-2520-455a-a3ca-ec0f6810ead3 req-bc82d5ad-2520-455a-a3ca-ec0f6810ead3 ] Request (FlavorsV2TestJSON:test_list_flavors_detailed_limit_results): 200 GET http://10.180.1.21/compute/v2.1/flavors/detail?limit=1 2.577s
2025-11-22 08:01:46.013 66453 INFO tempest.lib.common.rest_client [req-e2003648-6eca-4304-aafd-8c2d6b892f15 req-e2003648-6eca-4304-aafd-8c2d6b892f15 ] Request (InstanceActionsV221TestJSON:tearDownClass): 204 DELETE http://10.180.1.21/networking/v2.0/networks/56415e4d-f544-4baf-a244-2fbc4dab0a6a 0.385s
2025-11-22 08:01:46.072 66413 INFO tempest.lib.common.rest_client [req-97e610de-a52d-4092-89f4-d16832b47257 req-97e610de-a52d-4092-89f4-d16832b47257 ] Request (ServersTestMultiNic:test_verify_multiple_nics_order): 200 GET http://10.180.1.21/compute/v2.1/servers/0da35e46-3969-498e-a8b6-5dfd50d67308 2.637s
2025-11-22 08:01:46.085 66433 INFO tempest.lib.common.rest_client [req-eb9557bf-fe29-4ffc-b34c-a5c4a8a18528 req-eb9557bf-fe29-4ffc-b34c-a5c4a8a18528 ] Request (ListImagesTestJSON:setUpClass): 201 POST http://10.180.1.21/identity/v3/users 0.127s
2025-11-22 08:01:46.103 66471 INFO tempest.lib.common.rest_client [req-7e243eb9-e0ec-43ec-815f-068338d27fa4 req-7e243eb9-e0ec-43ec-815f-068338d27fa4 ] Request (ServersTestFqdnHostnames:tearDownClass): 404 GET http://10.180.1.21/compute/v2.1/servers/ecda4daf-d08a-4f84-b1cd-116427f27efc 2.314s
2025-11-22 08:01:46.111 66433 INFO tempest.lib.common.rest_client [req-59d57ef9-24a4-4ea3-9ae3-67e3ab404ace req-59d57ef9-24a4-4ea3-9ae3-67e3ab404ace ] Request (ListImagesTestJSON:setUpClass): 200 GET http://10.180.1.21/identity/v3/roles 0.025s
2025-11-22 08:01:46.139 66433 INFO tempest.lib.common.rest_client [req-15d9d588-309c-44b9-96d7-241de27834af req-15d9d588-309c-44b9-96d7-241de27834af ] Request (ListImagesTestJSON:setUpClass): 204 PUT http://10.180.1.21/identity/v3/projects/a20c27d722254c9ca05a46a32aa03c20/users/190b768d6f734a1abd8722a9928e589b/roles/04da0d0bfc824f2e90cc300389c84a66 0.027s
2025-11-22 08:01:46.139 66433 INFO tempest.lib.common.dynamic_creds [-] Dynamic test user 190b768d6f734a1abd8722a9928e589b is created with scope project and roles: ['member']
2025-11-22 08:01:46.139 66433 INFO tempest.lib.common.dynamic_creds [-] Acquired dynamic creds: credentials: Credentials: {'domain_id': 'default', 'domain_name': 'Default', 'username': 'tempest-ListImagesTestJSON-1622121122-project-member', 'project_domain_id': 'default', 'project_domain_name': 'Default', 'project_id': 'a20c27d722254c9ca05a46a32aa03c20', 'project_name': 'tempest-ListImagesTestJSON-1622121122', 'tenant_id': 'a20c27d722254c9ca05a46a32aa03c20', 'tenant_name': 'tempest-ListImagesTestJSON-1622121122', 'user_domain_id': 'default', 'user_domain_name': 'Default', 'user_id': '190b768d6f734a1abd8722a9928e589b', 'system': None}, Network: None, Subnet: None, Router: None
2025-11-22 08:01:46.139 66433 INFO tempest.lib.common.dynamic_creds [-] Created isolated network resources for: credentials: Credentials: {'domain_id': 'default', 'domain_name': 'Default', 'username': 'tempest-ListImagesTestJSON-1622121122-project-member', 'project_domain_id': 'default', 'project_domain_name': 'Default', 'project_id': 'a20c27d722254c9ca05a46a32aa03c20', 'project_name': 'tempest-ListImagesTestJSON-1622121122', 'tenant_id': 'a20c27d722254c9ca05a46a32aa03c20', 'tenant_name': 'tempest-ListImagesTestJSON-1622121122', 'user_domain_id': 'default', 'user_domain_name': 'Default', 'user_id': '190b768d6f734a1abd8722a9928e589b', 'system': None}, Network: None, Subnet: None, Router: None
2025-11-22 08:01:46.164 66453 INFO tempest.lib.common.rest_client [req-9ab38186-3148-4980-80b6-c721636ce6c1 req-9ab38186-3148-4980-80b6-c721636ce6c1 ] Request (InstanceActionsV221TestJSON:tearDownClass): 204 DELETE http://10.180.1.21/identity/v3/users/c22ca4a28d014c359e42f49a3a010ccd 0.151s
2025-11-22 08:01:46.165 66453 INFO tempest.lib.common.dynamic_creds [-] Deleting project and security group for project: fee27f5e78054170b61f850f35275fc2
2025-11-22 08:01:46.214 66433 INFO tempest.lib.common.rest_client [req-1dce0482-83b8-4107-a3da-7e7750dfd3ee req-1dce0482-83b8-4107-a3da-7e7750dfd3ee ] Request (ListImagesTestJSON:setUpClass): 201 POST http://10.180.1.21/identity/v3/auth/tokens 0.071s
2025-11-22 08:01:46.218 66437 WARNING tempest.lib.common.ssh [-] Failed to establish authenticated ssh connection to cirros@10.180.180.195 ([Errno None] Unable to connect to port 22 on 10.180.180.195). Number attempts: 1. Retry after 2 seconds.: paramiko.ssh_exception.NoValidConnectionsError: [Errno None] Unable to connect to port 22 on 10.180.180.195
2025-11-22 08:01:46.244 66453 INFO tempest.lib.common.rest_client [req-1db743f7-ab26-44f8-8866-76fc2d83b34f req-1db743f7-ab26-44f8-8866-76fc2d83b34f ] Request (InstanceActionsV221TestJSON:tearDownClass): 200 GET http://10.180.1.21/networking/v2.0/security-groups?tenant_id=fee27f5e78054170b61f850f35275fc2&name=default 0.079s
2025-11-22 08:01:46.283 66430 INFO tempest.lib.common.rest_client [req-c83564df-60d3-45fb-a722-6310371453d9 req-c83564df-60d3-45fb-a722-6310371453d9 ] Request (AttachInterfacesUnderV243Test:test_add_remove_fixed_ip): 200 GET http://10.180.1.21/compute/v2.1/servers/bd5c4a96-5c4d-4b81-a43b-a8857bcc6f98 2.321s
2025-11-22 08:01:46.427 66453 INFO tempest.lib.common.rest_client [req-97651a67-5db5-4f33-af12-671a1835043d req-97651a67-5db5-4f33-af12-671a1835043d ] Request (InstanceActionsV221TestJSON:tearDownClass): 204 DELETE http://10.180.1.21/networking/v2.0/security-groups/74a2c836-fc35-4de7-8103-b4e5eb50c16a 0.182s
2025-11-22 08:01:46.444 66431 INFO tempest.lib.common.rest_client [req-b0f6b421-44c6-42b9-8f53-6774f8970cf6 req-b0f6b421-44c6-42b9-8f53-6774f8970cf6 ] Request (ServersTestJSON:test_create_server_with_ipv6_addr_only): 200 GET http://10.180.1.21/compute/v2.1/servers/5b8b450b-fabb-4765-bf26-975e87013889 2.449s
2025-11-22 08:01:46.451 66431 INFO tempest.common.waiters [-] State transition "BUILD/spawning" ==> "ACTIVE/None" after 29 second wait
2025-11-22 08:01:46.514 66467 INFO tempest.lib.common.rest_client [req-6b265bb0-b511-4115-b3e6-6732fc18296a req-6b265bb0-b511-4115-b3e6-6732fc18296a ] Request (MigrationsAdminTest:test_resize_server_revert_deleted_flavor): 200 GET http://10.180.1.21/compute/v2.1/servers/9df35b0f-9489-4184-b13f-0263a7616e49 2.493s
2025-11-22 08:01:46.554 66453 INFO tempest.lib.common.rest_client [req-58df35ee-e77e-4110-8d1c-d60ea392686c req-58df35ee-e77e-4110-8d1c-d60ea392686c ] Request (InstanceActionsV221TestJSON:tearDownClass): 204 DELETE http://10.180.1.21/identity/v3/projects/fee27f5e78054170b61f850f35275fc2 0.126s
2025-11-22 08:01:46.563 66459 INFO tempest.lib.common.rest_client [req-b9a95784-17c2-41ce-9a7b-dd6eeee9f230 req-b9a95784-17c2-41ce-9a7b-dd6eeee9f230 ] Request (ServerRescueNegativeTestJSON:setUpClass): 202 POST http://10.180.1.21/compute/v2.1/servers 3.165s
2025-11-22 08:01:46.577 66419 INFO tempest.lib.common.rest_client [req-791925e7-7dbc-49fb-98ee-e8164cf7a42e req-791925e7-7dbc-49fb-98ee-e8164cf7a42e ] Request (ServersAdminNegativeTestJSON:test_migrate_server_invalid_state): 200 GET http://10.180.1.21/compute/v2.1/servers/e87da1ac-755a-4778-afb7-38a6347e63df 2.458s
2025-11-22 08:01:46.632 66453 INFO tempest.lib.common.rest_client [req-a06c5f44-c372-4798-9cf8-99a728227e25 req-a06c5f44-c372-4798-9cf8-99a728227e25 ] Request (ServerShowV263Test:setUpClass): 201 POST http://10.180.1.21/identity/v3/auth/tokens 0.076s
2025-11-22 08:01:46.633 66462 INFO tempest.lib.common.rest_client [req-0154fd46-cad5-4359-b9a1-bf1483e6df76 req-0154fd46-cad5-4359-b9a1-bf1483e6df76 ] Request (AttachVolumeNegativeTest:test_attach_attached_volume_to_different_server): 200 GET http://10.180.1.21/compute/v2.1/servers/3f77c4c1-099a-4cfd-9539-9f88853559ac 2.449s
2025-11-22 08:01:46.669 66453 INFO tempest.lib.common.rest_client [req-100d9236-aa0c-401a-9b49-23e44486520a req-100d9236-aa0c-401a-9b49-23e44486520a ] Request (ServerShowV263Test:setUpClass): 201 POST http://10.180.1.21/identity/v3/auth/tokens 0.033s
2025-11-22 08:01:46.697 66441 INFO tempest.lib.common.rest_client [req-61cc3531-2462-4ad1-9181-e5efa07dc5b0 req-61cc3531-2462-4ad1-9181-e5efa07dc5b0 ] Request (ServersV294TestFqdnHostnames:setUpClass): 200 GET http://10.180.1.21/compute/v2.1/servers/7faf56d4-9e21-401e-936a-b1889af650a6 2.435s
2025-11-22 08:01:46.697 66453 INFO tempest.lib.common.rest_client [req-06fe1a78-38e8-403b-80a8-298035ca6b25 req-06fe1a78-38e8-403b-80a8-298035ca6b25 ] Request (ServerShowV263Test:setUpClass): 200 GET http://10.180.1.21/identity/v3/domains?name=Default 0.027s
2025-11-22 08:01:46.729 66453 INFO tempest.lib.common.rest_client [req-c053d37b-6446-48a4-9d2c-2d61c145f505 req-c053d37b-6446-48a4-9d2c-2d61c145f505 ] Request (ServerShowV263Test:setUpClass): 201 POST http://10.180.1.21/identity/v3/projects 0.030s
2025-11-22 08:01:46.751 66425 INFO tempest.lib.common.rest_client [req-eb38db4d-2d62-4758-8618-006b6e36171c req-eb38db4d-2d62-4758-8618-006b6e36171c ] Request (VolumesAssistedSnapshotsTest:_run_cleanups): 202 DELETE http://10.180.1.21/compute/v2.1/servers/9a7b8729-6fdb-42f2-83c6-3a3fdd514f91/os-volume_attachments/9bd53a61-3d30-4ba0-b28e-6021e6a10390 2.510s
2025-11-22 08:01:46.762 66451 INFO tempest.lib.common.rest_client [req-fa21289a-9663-4be1-a411-1c6f2a527f42 req-fa21289a-9663-4be1-a411-1c6f2a527f42 ] Request (AttachInterfacesTestJSON:_run_cleanups): 200 GET http://10.180.1.21/compute/v2.1/servers/8be1844e-a328-4c33-ac85-167d2709b483 1.976s
2025-11-22 08:01:46.799 66453 INFO tempest.lib.common.rest_client [req-1930a282-7218-4121-8f70-d4fdeae1a76b req-1930a282-7218-4121-8f70-d4fdeae1a76b ] Request (ServerShowV263Test:setUpClass): 201 POST http://10.180.1.21/identity/v3/users 0.069s
2025-11-22 08:01:46.816 66475 INFO tempest.lib.common.rest_client [req-0c41d506-33b3-46ee-a2c5-925e1227dfa9 req-0c41d506-33b3-46ee-a2c5-925e1227dfa9 ] Request (FloatingIPsAssociationNegativeTestJSON:tearDownClass): 200 GET http://10.180.1.21/compute/v2.1/servers/688adbe0-8ea5-455b-9fac-56e629760f97 1.661s
2025-11-22 08:01:46.824 66475 INFO tempest.common.waiters [-] State transition "ACTIVE/deleting" ==> "DELETED/None" after 2 second wait
2025-11-22 08:01:46.826 66453 INFO tempest.lib.common.rest_client [req-a704fe92-0b07-4d92-a007-533d6c76a236 req-a704fe92-0b07-4d92-a007-533d6c76a236 ] Request (ServerShowV263Test:setUpClass): 200 GET http://10.180.1.21/identity/v3/roles 0.026s
2025-11-22 08:01:46.851 66417 INFO tempest.lib.common.rest_client [req-228b38ee-811a-4361-821b-9da330f6e851 req-228b38ee-811a-4361-821b-9da330f6e851 ] Request (ImagesOneServerTestJSON:tearDownClass): 200 GET http://10.180.1.21/compute/v2.1/servers/e4660855-95b3-4e45-af27-c0b38344d5b6 1.543s
2025-11-22 08:01:46.858 66417 INFO tempest.common.waiters [-] State transition "ACTIVE/deleting" ==> "DELETED/None" after 2 second wait
2025-11-22 08:01:46.859 66453 INFO tempest.lib.common.rest_client [req-c9b5bd5c-3020-4455-9e4e-21e9203ab21e req-c9b5bd5c-3020-4455-9e4e-21e9203ab21e ] Request (ServerShowV263Test:setUpClass): 204 PUT http://10.180.1.21/identity/v3/projects/bab97a7df59143039e2a16d9a801e737/users/c320e743690c480fbdda7e0ca66db09e/roles/04da0d0bfc824f2e90cc300389c84a66 0.033s
2025-11-22 08:01:46.860 66453 INFO tempest.lib.common.dynamic_creds [-] Dynamic test user c320e743690c480fbdda7e0ca66db09e is created with scope project and roles: ['member']
2025-11-22 08:01:46.860 66453 INFO tempest.lib.common.dynamic_creds [-] Acquired dynamic creds: credentials: Credentials: {'domain_id': 'default', 'domain_name': 'Default', 'username': 'tempest-ServerShowV263Test-469812804-project-member', 'project_domain_id': 'default', 'project_domain_name': 'Default', 'project_id': 'bab97a7df59143039e2a16d9a801e737', 'project_name': 'tempest-ServerShowV263Test-469812804', 'tenant_id': 'bab97a7df59143039e2a16d9a801e737', 'tenant_name': 'tempest-ServerShowV263Test-469812804', 'user_domain_id': 'default', 'user_domain_name': 'Default', 'user_id': 'c320e743690c480fbdda7e0ca66db09e', 'system': None}, Network: None, Subnet: None, Router: None
2025-11-22 08:01:46.860 66453 INFO tempest.lib.common.dynamic_creds [-] Created isolated network resources for: credentials: Credentials: {'domain_id': 'default', 'domain_name': 'Default', 'username': 'tempest-ServerShowV263Test-469812804-project-member', 'project_domain_id': 'default', 'project_domain_name': 'Default', 'project_id': 'bab97a7df59143039e2a16d9a801e737', 'project_name': 'tempest-ServerShowV263Test-469812804', 'tenant_id': 'bab97a7df59143039e2a16d9a801e737', 'tenant_name': 'tempest-ServerShowV263Test-469812804', 'user_domain_id': 'default', 'user_domain_name': 'Default', 'user_id': 'c320e743690c480fbdda7e0ca66db09e', 'system': None}, Network: None, Subnet: None, Router: None
2025-11-22 08:01:46.926 66445 INFO tempest.lib.common.rest_client [req-458def85-be7c-46bd-bd34-501eb4e75d80 req-458def85-be7c-46bd-bd34-501eb4e75d80 ] Request (ImagesTestJSON:test_create_image_from_suspended_server): 200 GET http://10.180.1.21/compute/v2.1/servers/8d48172e-5dac-4f2d-b701-d5a4cc5e2e25 1.289s
2025-11-22 08:01:46.932 66443 INFO tempest.lib.common.rest_client [req-98342033-5505-4a88-bd38-2830a3816760 req-98342033-5505-4a88-bd38-2830a3816760 ] Request (ServerActionsV293TestJSON:setUpClass): 200 GET http://10.180.1.21/volume/v3/volumes/d19399d8-b9af-4eec-9b06-b53b43f7a0b1 0.034s
2025-11-22 08:01:46.940 66453 INFO tempest.lib.common.rest_client [req-93cc3f3c-1f3d-4df0-9c15-5f5266e426aa req-93cc3f3c-1f3d-4df0-9c15-5f5266e426aa ] Request (ServerShowV263Test:setUpClass): 201 POST http://10.180.1.21/identity/v3/auth/tokens 0.075s
2025-11-22 08:01:46.970 66455 INFO tempest.lib.common.rest_client [req-246cf183-4bbf-4f89-9bb4-4e9ee37de414 req-246cf183-4bbf-4f89-9bb4-4e9ee37de414 ] Request (ServersTestBootFromVolume:setUpClass): 200 GET http://10.180.1.21/compute/v2.1/servers/ad2cc4a6-6dee-46d3-be10-ec9d5307195c 1.482s
2025-11-22 08:01:46.978 66455 INFO tempest.lib.common.ssh [-] Creating ssh connection to '10.180.180.226:22' as 'cirros' with public key authentication
2025-11-22 08:01:46.986 66453 INFO tempest.lib.common.rest_client [req-2afffbda-09be-4a37-a99f-5d8f50172a40 req-2afffbda-09be-4a37-a99f-5d8f50172a40 ] Request (ServerShowV263Test:setUpClass): 200 GET http://10.180.1.21/identity/v3/projects/bab97a7df59143039e2a16d9a801e737 0.046s
2025-11-22 08:01:46.986 66453 INFO tempest.lib.common.dynamic_creds [-] Using the existing project bab97a7df59143039e2a16d9a801e737 for scope project and roles: ['reader']
2025-11-22 08:01:47.016 66453 INFO tempest.lib.common.rest_client [req-32e9c7e3-cb30-4361-90d5-672161c2b75a req-32e9c7e3-cb30-4361-90d5-672161c2b75a ] Request (ServerShowV263Test:setUpClass): 201 POST http://10.180.1.21/identity/v3/users 0.030s
2025-11-22 08:01:47.025 66423 INFO tempest.lib.common.rest_client [req-6a37ecd2-647c-4415-9036-1c95ba4a1b63 req-6a37ecd2-647c-4415-9036-1c95ba4a1b63 ] Request (ServersNegativeTestMultiTenantJSON:setUpClass): 200 GET http://10.180.1.21/compute/v2.1/servers/f49bd07c-2bae-49c7-93ad-d8af456975be 1.112s
2025-11-22 08:01:47.046 66453 INFO tempest.lib.common.rest_client [req-87d060e6-47ac-4f6c-84e6-d68948f34b73 req-87d060e6-47ac-4f6c-84e6-d68948f34b73 ] Request (ServerShowV263Test:setUpClass): 200 GET http://10.180.1.21/identity/v3/roles 0.029s
2025-11-22 08:01:47.076 66453 INFO tempest.lib.common.rest_client [req-f4166046-902a-4726-a120-d76c6f587cd5 req-f4166046-902a-4726-a120-d76c6f587cd5 ] Request (ServerShowV263Test:setUpClass): 204 PUT http://10.180.1.21/identity/v3/projects/bab97a7df59143039e2a16d9a801e737/users/1b6d5b97b1a1411592272bc5222cc326/roles/77f51136c3a0426ebadac0c753df6db1 0.029s
2025-11-22 08:01:47.076 66453 INFO tempest.lib.common.dynamic_creds [-] Dynamic test user 1b6d5b97b1a1411592272bc5222cc326 is created with scope project and roles: ['reader']
2025-11-22 08:01:47.077 66453 INFO tempest.lib.common.dynamic_creds [-] Acquired dynamic creds: credentials: Credentials: {'domain_id': 'default', 'domain_name': 'Default', 'username': 'tempest-ServerShowV263Test-469812804-project-reader', 'project_domain_id': 'default', 'project_domain_name': 'Default', 'project_id': 'bab97a7df59143039e2a16d9a801e737', 'project_name': 'tempest-ServerShowV263Test-469812804', 'tenant_id': 'bab97a7df59143039e2a16d9a801e737', 'tenant_name': 'tempest-ServerShowV263Test-469812804', 'user_domain_id': 'default', 'user_domain_name': 'Default', 'user_id': '1b6d5b97b1a1411592272bc5222cc326', 'system': None}, Network: None, Subnet: None, Router: None
2025-11-22 08:01:47.077 66453 INFO tempest.lib.common.dynamic_creds [-] Network resources are not created for requested scope: project and credentials: Credentials: {'domain_id': 'default', 'domain_name': 'Default', 'username': 'tempest-ServerShowV263Test-469812804-project-reader', 'project_domain_id': 'default', 'project_domain_name': 'Default', 'project_id': 'bab97a7df59143039e2a16d9a801e737', 'project_name': 'tempest-ServerShowV263Test-469812804', 'tenant_id': 'bab97a7df59143039e2a16d9a801e737', 'tenant_name': 'tempest-ServerShowV263Test-469812804', 'user_domain_id': 'default', 'user_domain_name': 'Default', 'user_id': '1b6d5b97b1a1411592272bc5222cc326', 'system': None}, Network: None, Subnet: None, Router: None
2025-11-22 08:01:47.078 66463 INFO tempest.lib.common.rest_client [req-45b128d5-c51e-4e15-b35b-a69b04cdfe0c req-45b128d5-c51e-4e15-b35b-a69b04cdfe0c ] Request (ImagesOneServerNegativeTestJSON:setUpClass): 200 GET http://10.180.1.21/compute/v2.1/servers/ca1f38e6-37a4-431b-956f-cbde92ae70a4 1.116s
2025-11-22 08:01:47.107 66449 INFO tempest.lib.common.rest_client [req-911c9d3f-ca81-4e8b-896d-c650174cdc41 req-911c9d3f-ca81-4e8b-896d-c650174cdc41 ] Request (ServersListShow296Test:test_list_show_update_rebuild_server_296): 200 GET http://10.180.1.21/compute/v2.1/servers/detail 1.308s
2025-11-22 08:01:47.114 66415 INFO tempest.lib.common.rest_client [req-bae60e1e-acb8-45ac-89b0-b66449e8be78 req-bae60e1e-acb8-45ac-89b0-b66449e8be78 ] Request (VolumesSnapshotsTestJSON:test_volume_snapshot_create_get_list_delete): 200 GET http://10.180.1.21/compute/v2.1/os-snapshots/e30f48db-3dac-45d5-b815-39381bce2a44 1.147s
2025-11-22 08:01:47.125 66447 INFO tempest.lib.common.rest_client [req-3094e744-5fca-40d9-8f0f-525a4c283e8a req-3094e744-5fca-40d9-8f0f-525a4c283e8a ] Request (FlavorsV2TestJSON:test_list_flavors_detailed_using_marker): 200 GET http://10.180.1.21/compute/v2.1/flavors/42 1.118s
2025-11-22 08:01:47.145 66471 INFO tempest.lib.common.rest_client [req-949778e7-a806-4445-ab48-11c9790ea9a6 req-949778e7-a806-4445-ab48-11c9790ea9a6 ] Request (ServersTestFqdnHostnames:tearDownClass): 202 DELETE http://10.180.1.21/compute/v2.1/os-keypairs/tempest-keypair-400409541 1.041s
2025-11-22 08:01:47.175 66453 INFO tempest.lib.common.rest_client [req-7606f160-e4fb-4b6d-8ba1-327315247e27 req-7606f160-e4fb-4b6d-8ba1-327315247e27 ] Request (ServerShowV263Test:setUpClass): 201 POST http://10.180.1.21/identity/v3/auth/tokens 0.095s
2025-11-22 08:01:47.257 66471 INFO tempest.lib.common.rest_client [req-3bb2e41a-0a19-4287-bde5-ced4ac35df44 req-3bb2e41a-0a19-4287-bde5-ced4ac35df44 ] Request (ServersTestFqdnHostnames:tearDownClass): 204 DELETE http://10.180.1.21/networking/v2.0/security-groups/5baecf71-9337-4482-8938-f6b6cb72d081 0.112s
2025-11-22 08:01:47.274 66471 INFO tempest.lib.common.rest_client [req-69e4248c-ee9e-4535-b1c5-b24221d81506 req-69e4248c-ee9e-4535-b1c5-b24221d81506 ] Request (ServersTestFqdnHostnames:tearDownClass): 404 GET http://10.180.1.21/networking/v2.0/security-groups/5baecf71-9337-4482-8938-f6b6cb72d081 0.016s
2025-11-22 08:01:47.372 66453 INFO tempest.lib.common.rest_client [req-444edcf1-33ef-4f10-86ac-1a93d9ac4649 req-444edcf1-33ef-4f10-86ac-1a93d9ac4649 ] Request (ServerShowV263Test:tearDownClass): 204 DELETE http://10.180.1.21/identity/v3/users/c320e743690c480fbdda7e0ca66db09e 0.187s
2025-11-22 08:01:47.468 66431 INFO tempest.lib.common.rest_client [req-21fde82b-80ba-4bc9-aecb-0b5e1ecd38de req-21fde82b-80ba-4bc9-aecb-0b5e1ecd38de ] Request (ServersTestJSON:test_create_server_with_ipv6_addr_only): 200 GET http://10.180.1.21/compute/v2.1/servers/5b8b450b-fabb-4765-bf26-975e87013889 1.016s
2025-11-22 08:01:47.534 66453 INFO tempest.lib.common.rest_client [req-fd02cf51-beae-4196-b172-e5d60ad4cbfe req-fd02cf51-beae-4196-b172-e5d60ad4cbfe ] Request (ServerShowV263Test:tearDownClass): 204 DELETE http://10.180.1.21/identity/v3/users/1b6d5b97b1a1411592272bc5222cc326 0.161s
2025-11-22 08:01:47.535 66453 INFO tempest.lib.common.dynamic_creds [-] Deleting project and security group for project: bab97a7df59143039e2a16d9a801e737
2025-11-22 08:01:47.552 66433 INFO tempest.lib.common.rest_client [req-02ac55a8-7eed-49cd-a8e9-54a6195bc3cb req-02ac55a8-7eed-49cd-a8e9-54a6195bc3cb ] Request (ListImagesTestJSON:test_get_image): 200 GET http://10.180.1.21/compute/v2.1/images/df6b2111-1e9a-4263-97f6-91f306ed40e6 1.337s
2025-11-22 08:01:47.597 66459 INFO tempest.lib.common.rest_client [req-465eee5e-e959-4408-a91b-0da5d47c38ea req-465eee5e-e959-4408-a91b-0da5d47c38ea ] Request (ServerRescueNegativeTestJSON:setUpClass): 200 GET http://10.180.1.21/compute/v2.1/servers/3a9ea2e2-762d-4e7d-93de-2683045d4098 1.032s
2025-11-22 08:01:47.610 66471 INFO tempest.lib.common.rest_client [req-bc3de60e-3751-4d9a-9919-7a076134f549 req-bc3de60e-3751-4d9a-9919-7a076134f549 ] Request (ServersTestFqdnHostnames:tearDownClass): 204 DELETE http://10.180.1.21/networking/v2.0/floatingips/f4c91f59-5d3c-465d-9822-ff9072fce6fb 0.335s
2025-11-22 08:01:47.618 66453 INFO tempest.lib.common.rest_client [req-c22005ec-1988-4757-968b-465f912e8f75 req-c22005ec-1988-4757-968b-465f912e8f75 ] Request (ServerShowV263Test:tearDownClass): 201 POST http://10.180.1.21/identity/v3/auth/tokens 0.083s
2025-11-22 08:01:47.639 66457 INFO tempest.lib.common.rest_client [req-a32659f3-95be-413e-9720-338befa2bad4 req-a32659f3-95be-413e-9720-338befa2bad4 ] Request (ServerTagsTestJSON:setUpClass): 200 GET http://10.180.1.21/compute/v2.1/servers/f5e953e4-0a7c-452a-92f8-aa4fa8f0b8c4 0.964s
2025-11-22 08:01:47.668 66425 INFO tempest.lib.common.rest_client [req-57ab0c88-38f4-4229-a7db-4ababc176dce req-57ab0c88-38f4-4229-a7db-4ababc176dce ] Request (VolumesAssistedSnapshotsTest:_run_cleanups): 200 GET http://10.180.1.21/compute/v2.1/servers/9a7b8729-6fdb-42f2-83c6-3a3fdd514f91/os-volume_attachments 0.917s
2025-11-22 08:01:47.965 66443 INFO tempest.lib.common.rest_client [req-8ed8af50-b6ed-4d89-b7ad-2bcf55300ed1 req-8ed8af50-b6ed-4d89-b7ad-2bcf55300ed1 ] Request (ServerActionsV293TestJSON:setUpClass): 200 GET http://10.180.1.21/volume/v3/volumes/d19399d8-b9af-4eec-9b06-b53b43f7a0b1 0.025s
2025-11-22 08:01:48.065 66453 INFO tempest.lib.common.rest_client [req-d229792e-9439-42a0-89d4-67a1684f7c43 req-d229792e-9439-42a0-89d4-67a1684f7c43 ] Request (ServerShowV263Test:tearDownClass): 200 GET http://10.180.1.21/networking/v2.0/security-groups?tenant_id=bab97a7df59143039e2a16d9a801e737&name=default 0.447s
2025-11-22 08:01:48.095 66439 INFO tempest.lib.common.rest_client [req-7758b26d-6a74-441d-9c1a-1a32d6b906b8 req-7758b26d-6a74-441d-9c1a-1a32d6b906b8 ] Request (ListServersNegativeTestJSON:setUpClass): 200 GET http://10.180.1.21/compute/v2.1/servers/675ce103-095d-41a1-9e80-d02db15fd70b 1.419s
2025-11-22 08:01:48.147 66421 INFO tempest.lib.common.rest_client [req-71c40bee-0796-497f-aeb4-17ee3d044667 req-71c40bee-0796-497f-aeb4-17ee3d044667 ] Request (ServerActionsTestOtherA:test_rebuild_server_in_stop_state): 200 GET http://10.180.1.21/compute/v2.1/servers/9acb8c8a-5dcb-41ab-9b38-f034e9958eaf 1.374s
2025-11-22 08:01:48.154 66421 INFO tempest.common.waiters [-] State transition "BUILD/scheduling" ==> "BUILD/None" after 6 second wait
2025-11-22 08:01:48.381 66471 INFO tempest.lib.common.rest_client [req-70f470c9-6bca-4e49-81cf-450d0f8e15b6 req-70f470c9-6bca-4e49-81cf-450d0f8e15b6 ] Request (ServersTestFqdnHostnames:tearDownClass): 200 PUT http://10.180.1.21/networking/v2.0/routers/ed62b7a3-292d-4382-abee-e08f2af74947/remove_router_interface 0.771s
2025-11-22 08:01:48.492 66453 INFO tempest.lib.common.rest_client [req-ecc0a619-5cd9-4b90-84a4-4f1701301c2a req-ecc0a619-5cd9-4b90-84a4-4f1701301c2a ] Request (ServerShowV263Test:tearDownClass): 204 DELETE http://10.180.1.21/networking/v2.0/security-groups/8c875722-8d22-4261-9885-8dd5e9289b89 0.426s
2025-11-22 08:01:48.567 66473 INFO tempest.lib.common.rest_client [req-92e64672-d6df-4e6a-bd68-7988d9a2587d req-92e64672-d6df-4e6a-bd68-7988d9a2587d ] Request (ServerDiagnosticsTest:tearDownClass): 200 GET http://10.180.1.21/compute/v2.1/servers/0569c0ba-011a-441d-b4aa-aaadd0b800d6 1.654s
2025-11-22 08:01:48.572 66453 INFO tempest.lib.common.rest_client [req-a8eaf2ac-9398-44e2-be91-764d1fa22f75 req-a8eaf2ac-9398-44e2-be91-764d1fa22f75 ] Request (ServerShowV263Test:tearDownClass): 204 DELETE http://10.180.1.21/identity/v3/projects/bab97a7df59143039e2a16d9a801e737 0.079s
2025-11-22 08:01:48.576 66473 INFO tempest.common.waiters [-] State transition "ACTIVE/deleting" ==> "DELETED/None" after 3 second wait
2025-11-22 08:01:48.584 66435 INFO tempest.lib.common.rest_client [req-8773a46e-4b1a-446f-83aa-9c4dae2e397c req-8773a46e-4b1a-446f-83aa-9c4dae2e397c ] Request (ServersNegativeTestJSON:setUpClass): 200 GET http://10.180.1.21/compute/v2.1/servers/425401d2-e6d0-4258-a371-73a5fc163366 1.583s
2025-11-22 08:01:48.621 66415 INFO tempest.lib.common.rest_client [req-9c59c39d-52bf-4eeb-96c6-a9b5f2229e14 req-9c59c39d-52bf-4eeb-96c6-a9b5f2229e14 ] Request (VolumesSnapshotsTestJSON:test_volume_snapshot_create_get_list_delete): 200 GET http://10.180.1.21/compute/v2.1/os-snapshots 1.505s
2025-11-22 08:01:48.987 66471 INFO tempest.lib.common.rest_client [req-60558461-31f9-4602-8cdc-b1d092541cad req-60558461-31f9-4602-8cdc-b1d092541cad ] Request (ServersTestFqdnHostnames:tearDownClass): 204 DELETE http://10.180.1.21/networking/v2.0/routers/ed62b7a3-292d-4382-abee-e08f2af74947 0.606s
2025-11-22 08:01:49.007 66443 INFO tempest.lib.common.rest_client [req-fe2a501d-b942-4b49-8203-9c1cd1499bf3 req-fe2a501d-b942-4b49-8203-9c1cd1499bf3 ] Request (ServerActionsV293TestJSON:setUpClass): 200 GET http://10.180.1.21/volume/v3/volumes/d19399d8-b9af-4eec-9b06-b53b43f7a0b1 0.031s
2025-11-22 08:01:49.032 66413 INFO tempest.lib.common.rest_client [req-89b97bfc-ddb1-40fd-947a-96e33f048d30 req-89b97bfc-ddb1-40fd-947a-96e33f048d30 ] Request (ServersTestMultiNic:test_verify_multiple_nics_order): 200 GET http://10.180.1.21/compute/v2.1/servers/0da35e46-3969-498e-a8b6-5dfd50d67308 1.950s
2025-11-22 08:01:49.053 66449 INFO tempest.lib.common.rest_client [req-e7a24c4c-5af5-40dc-8154-0c7a102723d2 req-e7a24c4c-5af5-40dc-8154-0c7a102723d2 ] Request (ServersListShow296Test:test_list_show_update_rebuild_server_296): 200 GET http://10.180.1.21/compute/v2.1/servers/e8b262e2-318a-4b97-b1cb-74dfcbc3c0f1 1.936s
2025-11-22 08:01:49.072 66447 INFO tempest.lib.common.rest_client [req-c3057116-1048-4271-8fe0-5a92fda177df req-c3057116-1048-4271-8fe0-5a92fda177df ] Request (FlavorsV2TestJSON:test_list_flavors_detailed_using_marker): 200 GET http://10.180.1.21/compute/v2.1/flavors/detail?marker=42 1.943s
2025-11-22 08:01:49.158 66431 INFO tempest.lib.common.rest_client [req-fe03deba-d4e7-4f1f-9d1c-19a25a68eb43 req-fe03deba-d4e7-4f1f-9d1c-19a25a68eb43 ] Request (ServersTestJSON:_run_cleanups): 204 DELETE http://10.180.1.21/compute/v2.1/servers/5b8b450b-fabb-4765-bf26-975e87013889 1.682s
2025-11-22 08:01:49.184 66471 INFO tempest.lib.common.rest_client [req-1555363e-03d9-400b-92f6-35cae82d11eb req-1555363e-03d9-400b-92f6-35cae82d11eb ] Request (ServersTestFqdnHostnames:tearDownClass): 204 DELETE http://10.180.1.21/networking/v2.0/subnets/61818050-4c05-4322-a946-6fd3bacb23eb 0.195s
2025-11-22 08:01:49.501 66471 INFO tempest.lib.common.rest_client [req-e6332b67-d631-45ef-88e0-20a9e0002cf3 req-e6332b67-d631-45ef-88e0-20a9e0002cf3 ] Request (ServersTestFqdnHostnames:tearDownClass): 204 DELETE http://10.180.1.21/networking/v2.0/networks/a406a7ae-cf31-4c13-9b32-d7108a0a6d03 0.317s
2025-11-22 08:01:49.530 66467 INFO tempest.lib.common.rest_client [req-223187ac-73e7-488a-985c-e99be9505e0e req-223187ac-73e7-488a-985c-e99be9505e0e ] Request (MigrationsAdminTest:test_resize_server_revert_deleted_flavor): 200 GET http://10.180.1.21/compute/v2.1/servers/9df35b0f-9489-4184-b13f-0263a7616e49 2.007s
2025-11-22 08:01:49.606 66433 INFO tempest.lib.common.rest_client [req-1dac5aa6-faf4-4d05-b62c-ee709b39d363 req-1dac5aa6-faf4-4d05-b62c-ee709b39d363 ] Request (ListImagesTestJSON:test_list_images): 200 GET http://10.180.1.21/compute/v2.1/images 2.047s
