2025-11-22 07:59:51.175 66435 INFO tempest.lib.common.dynamic_creds [-] Created isolated network resources for: credentials: Credentials: {'domain_id': 'default', 'domain_name': 'Default', 'username': 'tempest-ServersAaction247Test-2053489964-project-member', 'project_domain_id': 'default', 'project_domain_name': 'Default', 'project_id': '462cdea1accc4becb6d3c629716723fa', 'project_name': 'tempest-ServersAaction247Test-2053489964', 'tenant_id': '462cdea1accc4becb6d3c629716723fa', 'tenant_name': 'tempest-ServersAaction247Test-2053489964', 'user_domain_id': 'default', 'user_domain_name': 'Default', 'user_id': 'a5394587f98e41fcaa272093a3c10360', 'system': None}, Network: None, Subnet: None, Router: None
2025-11-22 07:59:51.183 66427 INFO tempest.lib.common.rest_client [req-9329657f-970a-4e93-8f52-fcd7f6cd31ad req-9329657f-970a-4e93-8f52-fcd7f6cd31ad ] Request (QuotasAdminNegativeTest:test_create_server_when_instances_quota_is_full): 200 PUT http://10.180.1.21/compute/v2.1/os-quota-sets/c6dd58415f15421fbaa7985395f2ac3b 1.482s
2025-11-22 07:59:51.208 66445 INFO tempest.lib.common.rest_client [req-b802f1f8-2d72-45ac-91a9-c34d719e11b9 req-b802f1f8-2d72-45ac-91a9-c34d719e11b9 ] Request (FlavorsExtraSpecsNegativeTestJSON:tearDownClass): 200 GET http://10.180.1.21/compute/v2.1/flavors/detail 1.437s
2025-11-22 07:59:51.257 66427 INFO tempest.lib.common.rest_client [req-2349e0b2-374a-49ca-b87d-72159cde3bc0 req-2349e0b2-374a-49ca-b87d-72159cde3bc0 ] Request (QuotasAdminNegativeTest:test_create_server_when_instances_quota_is_full): 201 POST http://10.180.1.21/identity/v3/auth/tokens 0.068s
2025-11-22 07:59:51.257 66427 INFO tempest.lib.common.fixed_network [-] (QuotasAdminNegativeTest:test_create_server_when_instances_quota_is_full) Found network None available for tenant
2025-11-22 07:59:51.266 66435 INFO tempest.lib.common.rest_client [req-66f1c45b-3e63-4394-95eb-bde91eab8cac req-66f1c45b-3e63-4394-95eb-bde91eab8cac ] Request (ServersAaction247Test:setUpClass): 201 POST http://10.180.1.21/identity/v3/auth/tokens 0.087s
2025-11-22 07:59:51.281 66425 INFO tempest.lib.common.rest_client [req-aadbd183-218d-4ce1-98bb-8248b2277ef3 req-aadbd183-218d-4ce1-98bb-8248b2277ef3 ] Request (VolumesAssistedSnapshotsTest:test_volume_assisted_snapshot_create_delete): 200 GET http://10.180.1.21/compute/v2.1/servers/9a7b8729-6fdb-42f2-83c6-3a3fdd514f91/os-interface 1.520s
2025-11-22 07:59:51.316 66435 INFO tempest.lib.common.rest_client [req-098534fa-7b09-4b00-9df1-c03a364e6666 req-098534fa-7b09-4b00-9df1-c03a364e6666 ] Request (ServersAaction247Test:test_create_backup): 201 POST http://10.180.1.21/identity/v3/auth/tokens 0.044s
2025-11-22 07:59:51.317 66435 INFO tempest.lib.common.fixed_network [-] (ServersAaction247Test:test_create_backup) Found network None available for tenant
2025-11-22 07:59:51.394 66453 INFO tempest.lib.common.rest_client [req-5891bdba-da18-427c-8c36-5204384c6bac req-5891bdba-da18-427c-8c36-5204384c6bac ] Request (FloatingIPsTestJSON:tearDownClass): 200 PUT http://10.180.1.21/networking/v2.0/routers/1257e744-0c4e-4626-8e58-499d840c583a/remove_router_interface 0.953s
2025-11-22 07:59:51.430 66445 INFO tempest.lib.common.rest_client [req-163dc9ea-6282-43b2-973d-361728757b41 req-163dc9ea-6282-43b2-973d-361728757b41 ] Request (FlavorsExtraSpecsNegativeTestJSON:tearDownClass): 204 DELETE http://10.180.1.21/identity/v3/users/f8238f174555404ea4ccb08df230673e 0.215s
2025-11-22 07:59:51.553 66445 INFO tempest.lib.common.rest_client [req-2adc6058-8552-4cff-bc76-dc3a0e333c92 req-2adc6058-8552-4cff-bc76-dc3a0e333c92 ] Request (FlavorsExtraSpecsNegativeTestJSON:tearDownClass): 204 DELETE http://10.180.1.21/identity/v3/users/3041529d8b90461d84337d5a68ed5c87 0.122s
2025-11-22 07:59:51.554 66445 INFO tempest.lib.common.dynamic_creds [-] Deleting project and security group for project: e9658936a3164090822d845e83948dc1
2025-11-22 07:59:51.630 66445 INFO tempest.lib.common.rest_client [req-78a7efce-d4cd-4014-9a4a-a70205983335 req-78a7efce-d4cd-4014-9a4a-a70205983335 ] Request (FlavorsExtraSpecsNegativeTestJSON:tearDownClass): 201 POST http://10.180.1.21/identity/v3/auth/tokens 0.076s
2025-11-22 07:59:51.933 66453 INFO tempest.lib.common.rest_client [req-714255d9-835a-43d1-9628-bc59b3265b2c req-714255d9-835a-43d1-9628-bc59b3265b2c ] Request (FloatingIPsTestJSON:tearDownClass): 204 DELETE http://10.180.1.21/networking/v2.0/routers/1257e744-0c4e-4626-8e58-499d840c583a 0.538s
2025-11-22 07:59:52.011 66423 INFO tempest.lib.common.rest_client [req-5c66e29d-023a-4475-ba44-2160cdc7512b req-5c66e29d-023a-4475-ba44-2160cdc7512b ] Request (ServersTestManualDisk:setUpClass): 200 GET http://10.180.1.21/compute/v2.1/servers/2dace8f0-915e-456f-92a1-ab031aa58982 2.226s
2025-11-22 07:59:52.030 66425 INFO tempest.lib.common.rest_client [req-fa61b411-a619-4440-97e1-ece63f822553 req-fa61b411-a619-4440-97e1-ece63f822553 ] Request (VolumesAssistedSnapshotsTest:test_volume_assisted_snapshot_create_delete): 200 PUT http://10.180.1.21/networking/v2.0/floatingips/65263c19-3a54-4551-be33-f5dce3b82849 0.747s
2025-11-22 07:59:52.032 66425 INFO tempest.lib.common.ssh [-] Creating ssh connection to '10.180.180.194:22' as 'cirros' with public key authentication
2025-11-22 07:59:52.189 66453 INFO tempest.lib.common.rest_client [req-ea7629e6-daec-4dc0-959d-f4ab5a7498a9 req-ea7629e6-daec-4dc0-959d-f4ab5a7498a9 ] Request (FloatingIPsTestJSON:tearDownClass): 204 DELETE http://10.180.1.21/networking/v2.0/subnets/b6b5472e-5e29-484e-9cb6-e3a0f0b52605 0.255s
2025-11-22 07:59:52.198 66431 INFO tempest.lib.common.rest_client [req-93d93dfc-fe71-4b62-9dd7-2262f68d7cc0 req-93d93dfc-fe71-4b62-9dd7-2262f68d7cc0 ] Request (VolumesAdminNegativeTest:test_update_attached_volume_with_nonexistent_volume_in_uri): 404 PUT http://10.180.1.21/compute/v2.1/servers/9bfbb6d5-90ee-4bca-b52e-1a6bc3fffcc8/os-volume_attachments/926cee91-97bf-44fe-853f-b606da5f3a0f 2.162s
2025-11-22 07:59:52.244 66445 INFO tempest.lib.common.rest_client [req-898063f1-5b60-4506-b9a1-4156ce7abf28 req-898063f1-5b60-4506-b9a1-4156ce7abf28 ] Request (FlavorsExtraSpecsNegativeTestJSON:tearDownClass): 200 GET http://10.180.1.21/networking/v2.0/security-groups?tenant_id=e9658936a3164090822d845e83948dc1&name=default 0.612s
2025-11-22 07:59:52.252 66431 INFO tempest.lib.common.rest_client [req-e1011855-69e9-4f0a-908e-7f3c2170d70a req-e1011855-69e9-4f0a-908e-7f3c2170d70a ] Request (VolumesAdminNegativeTest:tearDownClass): 202 DELETE http://10.180.1.21/volume/v3/volumes/23415616-8974-464e-9dd1-2eaa41c59642 0.052s
2025-11-22 07:59:52.289 66431 INFO tempest.lib.common.rest_client [req-4953bd1c-f6f8-412c-a9a3-69d7d5920463 req-4953bd1c-f6f8-412c-a9a3-69d7d5920463 ] Request (VolumesAdminNegativeTest:tearDownClass): 200 GET http://10.180.1.21/volume/v3/volumes/23415616-8974-464e-9dd1-2eaa41c59642 0.036s
2025-11-22 07:59:52.335 66466 INFO tempest.lib.common.rest_client [req-e09435c1-f258-48ce-b216-b7acf20689d4 req-e09435c1-f258-48ce-b216-b7acf20689d4 ] Request (SecurityGroupRulesNegativeTestJSON:test_create_security_group_rule_duplicate): 400 POST http://10.180.1.21/compute/v2.1/os-security-group-rules 2.172s
2025-11-22 07:59:52.382 66430 INFO tempest.lib.common.rest_client [req-7039f272-7dc6-43d9-8af7-2d7919d6be20 req-7039f272-7dc6-43d9-8af7-2d7919d6be20 ] Request (ImagesMetadataTestJSON:setUpClass): 200 GET http://10.180.1.21/compute/v2.1/images/dc578583-188b-4081-b7b3-b5af727b8592 2.159s
2025-11-22 07:59:52.401 66415 INFO tempest.lib.common.rest_client [req-f32d579a-ce40-4a79-aae1-00dbb926f9d3 req-f32d579a-ce40-4a79-aae1-00dbb926f9d3 ] Request (FlavorsAccessNegativeTestJSON:_run_cleanups): 202 DELETE http://10.180.1.21/compute/v2.1/flavors/1312795040 2.081s
2025-11-22 07:59:52.511 66445 INFO tempest.lib.common.rest_client [req-53b2ad0f-164b-43e8-8445-5b4d7bc458f9 req-53b2ad0f-164b-43e8-8445-5b4d7bc458f9 ] Request (FlavorsExtraSpecsNegativeTestJSON:tearDownClass): 204 DELETE http://10.180.1.21/networking/v2.0/security-groups/e78ca061-ae13-4b99-81ba-bbe5f9ac296a 0.266s
2025-11-22 07:59:52.587 66445 INFO tempest.lib.common.rest_client [req-733f85d7-6ddf-4b9e-81ed-faa20f1dc376 req-733f85d7-6ddf-4b9e-81ed-faa20f1dc376 ] Request (FlavorsExtraSpecsNegativeTestJSON:tearDownClass): 204 DELETE http://10.180.1.21/identity/v3/projects/e9658936a3164090822d845e83948dc1 0.075s
2025-11-22 07:59:52.587 66445 INFO tempest.lib.common.dynamic_creds [-] Deleting project and security group for project: 35405af9b92842d2ada12e3f154b51b2
2025-11-22 07:59:52.661 66447 INFO tempest.lib.common.rest_client [req-72b5e655-039b-4194-878d-b95ca032b1e1 req-72b5e655-039b-4194-878d-b95ca032b1e1 ] Request (DeleteServersAdminTestJSON:test_delete_server_while_in_error_state): 202 POST http://10.180.1.21/compute/v2.1/servers 2.742s
2025-11-22 07:59:52.664 66453 INFO tempest.lib.common.rest_client [req-f4c3476a-024c-49a7-b8da-957a859b6038 req-f4c3476a-024c-49a7-b8da-957a859b6038 ] Request (FloatingIPsTestJSON:tearDownClass): 204 DELETE http://10.180.1.21/networking/v2.0/networks/90a42d32-bf86-4dc8-b135-0e8e8f661700 0.475s
2025-11-22 07:59:52.690 66439 INFO tempest.lib.common.rest_client [req-2ef11284-9f3d-416f-ac28-4aec14f6ae19 req-2ef11284-9f3d-416f-ac28-4aec14f6ae19 ] Request (ImagesNegativeTestJSON:test_create_image_from_deleted_server): 404 POST http://10.180.1.21/compute/v2.1/servers/89d656f5-7828-4165-89a3-28c4e7798c72/action 2.302s
2025-11-22 07:59:52.698 66475 INFO tempest.lib.common.rest_client [req-329c2526-e058-4993-85d7-f4b86e1801aa req-329c2526-e058-4993-85d7-f4b86e1801aa ] Request (ServerDiagnosticsV248Test:tearDownClass): 200 GET http://10.180.1.21/compute/v2.1/servers/56dd1a5a-f13f-4107-9502-738c7ac99be4 2.328s
2025-11-22 07:59:52.811 66437 INFO tempest.lib.common.rest_client [req-6aa1e38f-0c70-4322-87b6-72e1ee46d463 req-6aa1e38f-0c70-4322-87b6-72e1ee46d463 ] Request (ServersWithSpecificFlavorTestJSON:test_verify_created_server_ephemeral_disk): 200 GET http://10.180.1.21/compute/v2.1/servers/bf2125a0-2e73-461d-ae63-30cea35d23b3 2.198s
2025-11-22 07:59:52.817 66445 INFO tempest.lib.common.rest_client [req-5858b605-1c05-4409-aa52-b791ace90f75 req-5858b605-1c05-4409-aa52-b791ace90f75 ] Request (FlavorsExtraSpecsNegativeTestJSON:tearDownClass): 200 GET http://10.180.1.21/networking/v2.0/security-groups?tenant_id=35405af9b92842d2ada12e3f154b51b2&name=default 0.230s
2025-11-22 07:59:52.821 66453 INFO tempest.lib.common.rest_client [req-7f29a0f2-b958-4f01-9ecf-5941a755581c req-7f29a0f2-b958-4f01-9ecf-5941a755581c ] Request (FloatingIPsTestJSON:tearDownClass): 204 DELETE http://10.180.1.21/identity/v3/users/5efb4a08d5264054b5b15acbf2cb316f 0.156s
2025-11-22 07:59:52.821 66453 INFO tempest.lib.common.dynamic_creds [-] Deleting project and security group for project: 35d1b4f53eb64b15a54b69cf8bb0f993
2025-11-22 07:59:52.850 66453 INFO tempest.lib.common.rest_client [req-0528e0cd-2025-4aa3-9e03-f89fb3d81833 req-0528e0cd-2025-4aa3-9e03-f89fb3d81833 ] Request (FloatingIPsTestJSON:tearDownClass): 200 GET http://10.180.1.21/networking/v2.0/security-groups?tenant_id=35d1b4f53eb64b15a54b69cf8bb0f993&name=default 0.028s
2025-11-22 07:59:52.891 66421 INFO tempest.lib.common.rest_client [req-830b14f5-409a-44b8-a250-9dea5c39819a req-830b14f5-409a-44b8-a250-9dea5c39819a ] Request (TenantUsagesNegativeTestJSON:test_list_usage_all_tenants_with_non_admin_user): 403 GET http://10.180.1.21/compute/v2.1/os-simple-tenant-usage?start=2025-11-21T07%3A59%3A45.174022&end=2025-11-23T07%3A59%3A45.174022&detailed=1 2.360s
2025-11-22 07:59:52.921 66445 INFO tempest.lib.common.rest_client [req-78687340-d321-4d40-972e-a67f2f911c6b req-78687340-d321-4d40-972e-a67f2f911c6b ] Request (FlavorsExtraSpecsNegativeTestJSON:tearDownClass): 204 DELETE http://10.180.1.21/networking/v2.0/security-groups/42bce132-ae9f-4af1-ac40-c7259fa7e588 0.104s
2025-11-22 07:59:52.945 66453 INFO tempest.lib.common.rest_client [req-434da5fd-2f9d-4825-8169-b13b20126a82 req-434da5fd-2f9d-4825-8169-b13b20126a82 ] Request (FloatingIPsTestJSON:tearDownClass): 204 DELETE http://10.180.1.21/networking/v2.0/security-groups/c7c1daa2-54fe-4b19-91cc-f36d71ae2c2d 0.095s
2025-11-22 07:59:52.948 66449 INFO tempest.lib.common.rest_client [req-b12d97e0-61d9-45cf-807e-e8678a1faa5c req-b12d97e0-61d9-45cf-807e-e8678a1faa5c ] Request (ServersAdmin275Test:test_rebuild_update_server_275): 200 GET http://10.180.1.21/compute/v2.1/servers/50d0984f-bb01-4ffc-a0f6-2d5c94107483 2.222s
2025-11-22 07:59:52.959 66433 INFO tempest.lib.common.rest_client [req-318aa064-03c1-475a-9952-7dac52cd053c req-318aa064-03c1-475a-9952-7dac52cd053c ] Request (FloatingIPsAssociationTestJSON:test_associate_already_associated_floating_ip): 200 GET http://10.180.1.21/compute/v2.1/servers/de779937-8a5c-4840-8125-e097cecb3bf3 2.054s
2025-11-22 07:59:52.965 66463 INFO tempest.lib.common.rest_client [req-882c4a53-4cda-432a-a4ce-50d4a2fff6d3 req-882c4a53-4cda-432a-a4ce-50d4a2fff6d3 ] Request (AggregatesAdminNegativeTestJSON:test_aggregate_create_aggregate_name_length_less_than_1): 400 POST http://10.180.1.21/compute/v2.1/os-aggregates 1.996s
2025-11-22 07:59:53.013 66421 INFO tempest.lib.common.rest_client [req-e6a97f69-2ad7-40fa-a840-d04cfeb1e931 req-e6a97f69-2ad7-40fa-a840-d04cfeb1e931 ] Request (TenantUsagesNegativeTestJSON:tearDownClass): 204 DELETE http://10.180.1.21/identity/v3/users/3e369408ebac40ac91c4e98821cd3550 0.121s
2025-11-22 07:59:53.037 66445 INFO tempest.lib.common.rest_client [req-f6a66b4c-6456-4085-9cc0-31b65f1850b4 req-f6a66b4c-6456-4085-9cc0-31b65f1850b4 ] Request (FlavorsExtraSpecsNegativeTestJSON:tearDownClass): 204 DELETE http://10.180.1.21/identity/v3/projects/35405af9b92842d2ada12e3f154b51b2 0.114s
2025-11-22 07:59:53.132 66417 INFO tempest.lib.common.rest_client [req-8f594aa8-aca0-426c-ab09-a317620c9498 req-8f594aa8-aca0-426c-ab09-a317620c9498 ] Request (ImagesOneServerTestJSON:setUpClass): 200 GET http://10.180.1.21/compute/v2.1/servers/e4660855-95b3-4e45-af27-c0b38344d5b6 2.155s
2025-11-22 07:59:53.136 66453 INFO tempest.lib.common.rest_client [req-bec4b036-456f-4017-bf40-5c474d211229 req-bec4b036-456f-4017-bf40-5c474d211229 ] Request (FloatingIPsTestJSON:tearDownClass): 204 DELETE http://10.180.1.21/identity/v3/projects/35d1b4f53eb64b15a54b69cf8bb0f993 0.190s
2025-11-22 07:59:53.151 66421 INFO tempest.lib.common.rest_client [req-260a9081-82c6-445b-839b-24df062f39f6 req-260a9081-82c6-445b-839b-24df062f39f6 ] Request (TenantUsagesNegativeTestJSON:tearDownClass): 204 DELETE http://10.180.1.21/identity/v3/users/7bc0926dea9640058f74fc4a795f7bfb 0.137s
2025-11-22 07:59:53.151 66421 INFO tempest.lib.common.dynamic_creds [-] Deleting project and security group for project: d5c4184260a7483b8eb613d54d5d5fdd
2025-11-22 07:59:53.155 66469 INFO tempest.lib.common.rest_client [req-9e98830e-583d-47b4-a0c9-9e3a60b8cc5a req-9e98830e-583d-47b4-a0c9-9e3a60b8cc5a ] Request (ServerDiagnosticsNegativeTest:tearDownClass): 404 GET http://10.180.1.21/compute/v2.1/servers/a88928b6-0aaf-4b99-aa62-f6f54305c4e2 2.162s
2025-11-22 07:59:53.179 66419 INFO tempest.lib.common.rest_client [req-c3d41bb6-750d-48a4-86fe-108ef47d05cc req-c3d41bb6-750d-48a4-86fe-108ef47d05cc ] Request (FlavorsExtraSpecsTestJSON:tearDownClass): 200 GET http://10.180.1.21/compute/v2.1/flavors/detail 2.179s
2025-11-22 07:59:53.186 66459 INFO tempest.lib.common.rest_client [req-901bd761-eb0b-4ad2-9bb7-31e9bc5aedb4 req-901bd761-eb0b-4ad2-9bb7-31e9bc5aedb4 ] Request (HostsAdminNegativeTestJSON:test_update_host_without_param): 400 PUT http://10.180.1.21/compute/v2.1/os-hosts/devstack 2.178s
2025-11-22 07:59:53.201 66445 INFO tempest.lib.common.rest_client [req-86724064-5e21-4de0-898c-a6a26a59d883 req-86724064-5e21-4de0-898c-a6a26a59d883 ] Request (ImagesTestJSON:setUpClass): 201 POST http://10.180.1.21/identity/v3/auth/tokens 0.161s
2025-11-22 07:59:53.214 66453 INFO tempest.lib.common.rest_client [req-4cc1891d-1fd7-457b-b988-1f58d40954fd req-4cc1891d-1fd7-457b-b988-1f58d40954fd ] Request (ImagesMetadataNegativeTestJSON:setUpClass): 201 POST http://10.180.1.21/identity/v3/auth/tokens 0.076s
2025-11-22 07:59:53.231 66421 INFO tempest.lib.common.rest_client [req-a13b5f6f-977a-4264-b589-76c8a8e639cb req-a13b5f6f-977a-4264-b589-76c8a8e639cb ] Request (TenantUsagesNegativeTestJSON:tearDownClass): 201 POST http://10.180.1.21/identity/v3/auth/tokens 0.079s
2025-11-22 07:59:53.314 66431 INFO tempest.lib.common.rest_client [req-c0189c0c-c283-44f3-8e01-c55827e7030f req-c0189c0c-c283-44f3-8e01-c55827e7030f ] Request (VolumesAdminNegativeTest:tearDownClass): 404 GET http://10.180.1.21/volume/v3/volumes/23415616-8974-464e-9dd1-2eaa41c59642 0.014s
2025-11-22 07:59:53.326 66469 INFO tempest.lib.common.rest_client [req-fa2452bb-81a3-494d-b05f-5b50e8e07e3d req-fa2452bb-81a3-494d-b05f-5b50e8e07e3d ] Request (ServerDiagnosticsNegativeTest:tearDownClass): 204 DELETE http://10.180.1.21/identity/v3/users/ec61e6b51fe845918901f004e14d6356 0.170s
2025-11-22 07:59:53.359 66419 INFO tempest.lib.common.rest_client [req-52556a2a-b096-45a1-8871-6366406d553d req-52556a2a-b096-45a1-8871-6366406d553d ] Request (FlavorsExtraSpecsTestJSON:tearDownClass): 204 DELETE http://10.180.1.21/identity/v3/users/2293823f2df3448cbbee040cf5462461 0.174s
2025-11-22 07:59:53.404 66445 INFO tempest.lib.common.rest_client [req-ac165f35-9346-46f4-b5cf-694dbc890966 req-ac165f35-9346-46f4-b5cf-694dbc890966 ] Request (ImagesTestJSON:setUpClass): 201 POST http://10.180.1.21/identity/v3/auth/tokens 0.200s
2025-11-22 07:59:53.434 66453 INFO tempest.lib.common.rest_client [req-e804244e-f806-4c25-aff0-e8fb0ca8a75b req-e804244e-f806-4c25-aff0-e8fb0ca8a75b ] Request (ImagesMetadataNegativeTestJSON:setUpClass): 201 POST http://10.180.1.21/identity/v3/auth/tokens 0.217s
2025-11-22 07:59:53.439 66443 INFO tempest.lib.common.rest_client [req-e1943a35-ff73-47dd-810d-35f377ab568c req-e1943a35-ff73-47dd-810d-35f377ab568c ] Request (FloatingIPDetailsTestJSON:tearDownClass): 202 DELETE http://10.180.1.21/compute/v2.1/os-floating-ips/0ad3db18-45b6-4ec5-a0f1-5cd139650525 2.475s
2025-11-22 07:59:53.460 66413 INFO tempest.lib.common.rest_client [req-fc80dad8-3124-457a-8c48-9af349bdf3e4 req-fc80dad8-3124-457a-8c48-9af349bdf3e4 ] Request (KeyPairsV2TestJSON:_run_cleanups): 202 DELETE http://10.180.1.21/compute/v2.1/os-keypairs/tempest-KeyPairsV2TestJSON-keypair-341687267 2.436s
2025-11-22 07:59:53.507 66469 INFO tempest.lib.common.rest_client [req-cce5ea2f-44a4-4b0d-ba77-cd1faefe984b req-cce5ea2f-44a4-4b0d-ba77-cd1faefe984b ] Request (ServerDiagnosticsNegativeTest:tearDownClass): 204 DELETE http://10.180.1.21/identity/v3/users/81a510566e5049879a83d2b97e309011 0.180s
2025-11-22 07:59:53.507 66469 INFO tempest.lib.common.dynamic_creds [-] Deleting project and security group for project: e6df27cdf6af4629b9ba137367bd7ea0
2025-11-22 07:59:53.587 66467 INFO tempest.lib.common.rest_client [req-e7e9a489-b253-4239-9d3a-360c76739e0f req-e7e9a489-b253-4239-9d3a-360c76739e0f ] Request (MigrationsAdminTest:test_list_migrations_in_flavor_resize_situation): 200 GET http://10.180.1.21/compute/v2.1/servers/4c4b6069-aefb-4aca-9aa6-fc801eeb1247 2.402s
2025-11-22 07:59:53.594 66421 INFO tempest.lib.common.rest_client [req-113643c8-3fc7-45cc-b973-8ef2cf918839 req-113643c8-3fc7-45cc-b973-8ef2cf918839 ] Request (TenantUsagesNegativeTestJSON:tearDownClass): 200 GET http://10.180.1.21/networking/v2.0/security-groups?tenant_id=d5c4184260a7483b8eb613d54d5d5fdd&name=default 0.363s
2025-11-22 07:59:53.610 66419 INFO tempest.lib.common.rest_client [req-deb7dd0d-f065-4479-9ab2-557b5a2a7f5a req-deb7dd0d-f065-4479-9ab2-557b5a2a7f5a ] Request (FlavorsExtraSpecsTestJSON:tearDownClass): 204 DELETE http://10.180.1.21/identity/v3/users/327c0346ae7f4736aa1cce002365d5c9 0.250s
2025-11-22 07:59:53.610 66419 INFO tempest.lib.common.dynamic_creds [-] Deleting project and security group for project: 3e34a5bad6a3455eabb15cb3bc9aacbe
2025-11-22 07:59:53.611 66457 INFO tempest.lib.common.rest_client [req-bc0719cb-a624-4760-8135-3cb45f8d0baa req-bc0719cb-a624-4760-8135-3cb45f8d0baa ] Request (QuotasAdminTestJSON:test_update_all_quota_resources_for_tenant): 200 GET http://10.180.1.21/compute/v2.1/os-quota-sets/2de0300423e44c5d94221f0832fae001/defaults 2.602s
2025-11-22 07:59:53.641 66451 WARNING tempest.lib.common.ssh [-] Failed to establish authenticated ssh connection to cirros@10.180.180.202 ([Errno None] Unable to connect to port 22 on 10.180.180.202). Number attempts: 1. Retry after 2 seconds.: paramiko.ssh_exception.NoValidConnectionsError: [Errno None] Unable to connect to port 22 on 10.180.180.202
2025-11-22 07:59:53.668 66453 INFO tempest.lib.common.rest_client [req-98ac933f-3ebf-4af8-aa82-46df6810a541 req-98ac933f-3ebf-4af8-aa82-46df6810a541 ] Request (ImagesMetadataNegativeTestJSON:setUpClass): 200 GET http://10.180.1.21/identity/v3/domains?name=Default 0.234s
2025-11-22 07:59:53.670 66445 INFO tempest.lib.common.rest_client [req-2b868441-5dee-48a1-a368-7926e5f1aa24 req-2b868441-5dee-48a1-a368-7926e5f1aa24 ] Request (ImagesTestJSON:setUpClass): 200 GET http://10.180.1.21/identity/v3/domains?name=Default 0.266s
2025-11-22 07:59:53.695 66469 INFO tempest.lib.common.rest_client [req-2c965c1f-4788-421e-a419-377d1d6f5783 req-2c965c1f-4788-421e-a419-377d1d6f5783 ] Request (ServerDiagnosticsNegativeTest:tearDownClass): 201 POST http://10.180.1.21/identity/v3/auth/tokens 0.187s
2025-11-22 07:59:53.701 66419 INFO tempest.lib.common.rest_client [req-44fa6423-55c2-478d-92a6-cee635eb4364 req-44fa6423-55c2-478d-92a6-cee635eb4364 ] Request (FlavorsExtraSpecsTestJSON:tearDownClass): 201 POST http://10.180.1.21/identity/v3/auth/tokens 0.091s
2025-11-22 07:59:53.704 66421 INFO tempest.lib.common.rest_client [req-283dfe85-161f-456a-9147-85e7711e2cb8 req-283dfe85-161f-456a-9147-85e7711e2cb8 ] Request (TenantUsagesNegativeTestJSON:tearDownClass): 204 DELETE http://10.180.1.21/networking/v2.0/security-groups/67ba6500-98d1-4ad8-bf93-bf430c3f41b8 0.109s
2025-11-22 07:59:53.733 66453 INFO tempest.lib.common.rest_client [req-0115fbe1-d444-42f0-81a6-ee704feef074 req-0115fbe1-d444-42f0-81a6-ee704feef074 ] Request (ImagesMetadataNegativeTestJSON:setUpClass): 201 POST http://10.180.1.21/identity/v3/projects 0.063s
2025-11-22 07:59:53.797 66445 INFO tempest.lib.common.rest_client [req-2a2e5299-f48a-4eb1-9005-37b473d3debe req-2a2e5299-f48a-4eb1-9005-37b473d3debe ] Request (ImagesTestJSON:setUpClass): 201 POST http://10.180.1.21/identity/v3/projects 0.125s
2025-11-22 07:59:53.882 66421 INFO tempest.lib.common.rest_client [req-9b98809d-170f-4add-acca-93f3bf8a3715 req-9b98809d-170f-4add-acca-93f3bf8a3715 ] Request (TenantUsagesNegativeTestJSON:tearDownClass): 204 DELETE http://10.180.1.21/identity/v3/projects/d5c4184260a7483b8eb613d54d5d5fdd 0.177s
2025-11-22 07:59:53.882 66421 INFO tempest.lib.common.dynamic_creds [-] Deleting project and security group for project: 8aa0c3519c11450892e130a0c52e5a5f
2025-11-22 07:59:53.915 66469 INFO tempest.lib.common.rest_client [req-eedfbd6e-edf5-469f-a9f1-9a8a7ee0434d req-eedfbd6e-edf5-469f-a9f1-9a8a7ee0434d ] Request (ServerDiagnosticsNegativeTest:tearDownClass): 200 GET http://10.180.1.21/networking/v2.0/security-groups?tenant_id=e6df27cdf6af4629b9ba137367bd7ea0&name=default 0.220s
2025-11-22 07:59:53.931 66435 INFO tempest.lib.common.rest_client [req-86dc6bff-9e72-4af8-8801-a90efb17a02c req-86dc6bff-9e72-4af8-8801-a90efb17a02c ] Request (ServersAaction247Test:test_create_backup): 202 POST http://10.180.1.21/compute/v2.1/servers 2.613s
2025-11-22 07:59:53.950 66453 INFO tempest.lib.common.rest_client [req-e5c1d37c-1335-4b44-b0af-0f9015cb8c4a req-e5c1d37c-1335-4b44-b0af-0f9015cb8c4a ] Request (ImagesMetadataNegativeTestJSON:setUpClass): 201 POST http://10.180.1.21/identity/v3/users 0.216s
2025-11-22 07:59:53.982 66445 INFO tempest.lib.common.rest_client [req-2d80f0de-e0d2-427c-aae8-f43f20bf9c44 req-2d80f0de-e0d2-427c-aae8-f43f20bf9c44 ] Request (ImagesTestJSON:setUpClass): 201 POST http://10.180.1.21/identity/v3/users 0.185s
2025-11-22 07:59:53.995 66453 INFO tempest.lib.common.rest_client [req-c2d3c885-7703-4af7-81cf-b2ff026502c3 req-c2d3c885-7703-4af7-81cf-b2ff026502c3 ] Request (ImagesMetadataNegativeTestJSON:setUpClass): 200 GET http://10.180.1.21/identity/v3/roles 0.044s
2025-11-22 07:59:54.003 66445 INFO tempest.lib.common.rest_client [req-c4196269-445e-4c88-a6b5-b0fb1e2c391d req-c4196269-445e-4c88-a6b5-b0fb1e2c391d ] Request (ImagesTestJSON:setUpClass): 200 GET http://10.180.1.21/identity/v3/roles 0.020s
2025-11-22 07:59:54.036 66453 INFO tempest.lib.common.rest_client [req-afbc23dd-e052-400f-a565-88c5403e493a req-afbc23dd-e052-400f-a565-88c5403e493a ] Request (ImagesMetadataNegativeTestJSON:setUpClass): 204 PUT http://10.180.1.21/identity/v3/projects/b59b2874258d40b5b8b056f5c2f7f9ff/users/1654f3614732481e8a475a5f459e9633/roles/04da0d0bfc824f2e90cc300389c84a66 0.041s
2025-11-22 07:59:54.037 66445 INFO tempest.lib.common.rest_client [req-ec9e912d-7c15-49a7-bade-f0a8c80afe1c req-ec9e912d-7c15-49a7-bade-f0a8c80afe1c ] Request (ImagesTestJSON:setUpClass): 204 PUT http://10.180.1.21/identity/v3/projects/7ea8330e32c242d0bbc0c69ec323052b/users/e889d63551d448b5a63b8ba48257fce3/roles/04da0d0bfc824f2e90cc300389c84a66 0.033s
2025-11-22 07:59:54.037 66453 INFO tempest.lib.common.dynamic_creds [-] Dynamic test user 1654f3614732481e8a475a5f459e9633 is created with scope project and roles: ['member']
2025-11-22 07:59:54.037 66445 INFO tempest.lib.common.dynamic_creds [-] Dynamic test user e889d63551d448b5a63b8ba48257fce3 is created with scope project and roles: ['member']
2025-11-22 07:59:54.037 66453 INFO tempest.lib.common.dynamic_creds [-] Acquired dynamic creds: credentials: Credentials: {'domain_id': 'default', 'domain_name': 'Default', 'username': 'tempest-ImagesMetadataNegativeTestJSON-1785042235-project-member', 'project_domain_id': 'default', 'project_domain_name': 'Default', 'project_id': 'b59b2874258d40b5b8b056f5c2f7f9ff', 'project_name': 'tempest-ImagesMetadataNegativeTestJSON-1785042235', 'tenant_id': 'b59b2874258d40b5b8b056f5c2f7f9ff', 'tenant_name': 'tempest-ImagesMetadataNegativeTestJSON-1785042235', 'user_domain_id': 'default', 'user_domain_name': 'Default', 'user_id': '1654f3614732481e8a475a5f459e9633', 'system': None}, Network: None, Subnet: None, Router: None
2025-11-22 07:59:54.037 66453 INFO tempest.lib.common.dynamic_creds [-] Created isolated network resources for: credentials: Credentials: {'domain_id': 'default', 'domain_name': 'Default', 'username': 'tempest-ImagesMetadataNegativeTestJSON-1785042235-project-member', 'project_domain_id': 'default', 'project_domain_name': 'Default', 'project_id': 'b59b2874258d40b5b8b056f5c2f7f9ff', 'project_name': 'tempest-ImagesMetadataNegativeTestJSON-1785042235', 'tenant_id': 'b59b2874258d40b5b8b056f5c2f7f9ff', 'tenant_name': 'tempest-ImagesMetadataNegativeTestJSON-1785042235', 'user_domain_id': 'default', 'user_domain_name': 'Default', 'user_id': '1654f3614732481e8a475a5f459e9633', 'system': None}, Network: None, Subnet: None, Router: None
2025-11-22 07:59:54.037 66445 INFO tempest.lib.common.dynamic_creds [-] Acquired dynamic creds: credentials: Credentials: {'domain_id': 'default', 'domain_name': 'Default', 'username': 'tempest-ImagesTestJSON-175862518-project-member', 'project_domain_id': 'default', 'project_domain_name': 'Default', 'project_id': '7ea8330e32c242d0bbc0c69ec323052b', 'project_name': 'tempest-ImagesTestJSON-175862518', 'tenant_id': '7ea8330e32c242d0bbc0c69ec323052b', 'tenant_name': 'tempest-ImagesTestJSON-175862518', 'user_domain_id': 'default', 'user_domain_name': 'Default', 'user_id': 'e889d63551d448b5a63b8ba48257fce3', 'system': None}, Network: None, Subnet: None, Router: None
2025-11-22 07:59:54.088 66419 INFO tempest.lib.common.rest_client [req-6dfb04a4-e7b5-493e-9fc1-e23b1e68e11f req-6dfb04a4-e7b5-493e-9fc1-e23b1e68e11f ] Request (FlavorsExtraSpecsTestJSON:tearDownClass): 200 GET http://10.180.1.21/networking/v2.0/security-groups?tenant_id=3e34a5bad6a3455eabb15cb3bc9aacbe&name=default 0.386s
2025-11-22 07:59:54.102 66445 INFO tempest.lib.common.rest_client [req-b7817e30-01b3-471c-8fb2-86d5c74606ce req-b7817e30-01b3-471c-8fb2-86d5c74606ce ] Request (ImagesTestJSON:setUpClass): 201 POST http://10.180.1.21/identity/v3/auth/tokens 0.065s
2025-11-22 07:59:54.123 66453 INFO tempest.lib.common.rest_client [req-6f110922-4709-4037-b172-d81331c7e7e9 req-6f110922-4709-4037-b172-d81331c7e7e9 ] Request (ImagesMetadataNegativeTestJSON:setUpClass): 201 POST http://10.180.1.21/identity/v3/auth/tokens 0.080s
2025-11-22 07:59:54.135 66421 INFO tempest.lib.common.rest_client [req-10696874-bec6-4e9f-b4ea-6e25f0d17225 req-10696874-bec6-4e9f-b4ea-6e25f0d17225 ] Request (TenantUsagesNegativeTestJSON:tearDownClass): 200 GET http://10.180.1.21/networking/v2.0/security-groups?tenant_id=8aa0c3519c11450892e130a0c52e5a5f&name=default 0.252s
2025-11-22 07:59:54.172 66469 INFO tempest.lib.common.rest_client [req-09b3e400-32ad-4d59-8f8c-9b7cf8781373 req-09b3e400-32ad-4d59-8f8c-9b7cf8781373 ] Request (ServerDiagnosticsNegativeTest:tearDownClass): 204 DELETE http://10.180.1.21/networking/v2.0/security-groups/505f1edd-d097-4ee7-88b3-d8ad942b6b69 0.256s
2025-11-22 07:59:54.245 66469 INFO tempest.lib.common.rest_client [req-f048978c-f213-44d6-b072-6f0e37596afc req-f048978c-f213-44d6-b072-6f0e37596afc ] Request (ServerDiagnosticsNegativeTest:tearDownClass): 204 DELETE http://10.180.1.21/identity/v3/projects/e6df27cdf6af4629b9ba137367bd7ea0 0.073s
2025-11-22 07:59:54.246 66469 INFO tempest.lib.common.dynamic_creds [-] Deleting project and security group for project: 628c642e483f4b039be99c0f10de4f7b
2025-11-22 07:59:54.408 66419 INFO tempest.lib.common.rest_client [req-be4b1a6e-22ca-4fa2-a85c-4a00c319aa51 req-be4b1a6e-22ca-4fa2-a85c-4a00c319aa51 ] Request (FlavorsExtraSpecsTestJSON:tearDownClass): 204 DELETE http://10.180.1.21/networking/v2.0/security-groups/7e91e9f2-33ba-485b-93de-94700583442c 0.319s
2025-11-22 07:59:54.536 66419 INFO tempest.lib.common.rest_client [req-be161ede-533a-46cc-80d9-ead260357118 req-be161ede-533a-46cc-80d9-ead260357118 ] Request (FlavorsExtraSpecsTestJSON:tearDownClass): 204 DELETE http://10.180.1.21/identity/v3/projects/3e34a5bad6a3455eabb15cb3bc9aacbe 0.127s
2025-11-22 07:59:54.536 66419 INFO tempest.lib.common.dynamic_creds [-] Deleting project and security group for project: 9a2eaffffbe14152bac0ea9ca87061d9
2025-11-22 07:59:54.597 66421 INFO tempest.lib.common.rest_client [req-306ca809-80e2-4454-9af4-75497ce29328 req-306ca809-80e2-4454-9af4-75497ce29328 ] Request (TenantUsagesNegativeTestJSON:tearDownClass): 204 DELETE http://10.180.1.21/networking/v2.0/security-groups/108d05d5-ff41-46f7-ab9c-85844f23458e 0.462s
2025-11-22 07:59:54.701 66445 INFO tempest.lib.common.rest_client [req-9494216d-7d95-41e6-a71a-fe5989d618c7 req-9494216d-7d95-41e6-a71a-fe5989d618c7 ] Request (ImagesTestJSON:setUpClass): 201 POST http://10.180.1.21/networking/v2.0/networks 0.598s
2025-11-22 07:59:54.708 66421 INFO tempest.lib.common.rest_client [req-0617b093-b495-4a4f-9d3f-82a99613a062 req-0617b093-b495-4a4f-9d3f-82a99613a062 ] Request (TenantUsagesNegativeTestJSON:tearDownClass): 204 DELETE http://10.180.1.21/identity/v3/projects/8aa0c3519c11450892e130a0c52e5a5f 0.110s
2025-11-22 07:59:54.723 66469 INFO tempest.lib.common.rest_client [req-a46a2148-8267-457e-84ec-60c70d157b97 req-a46a2148-8267-457e-84ec-60c70d157b97 ] Request (ServerDiagnosticsNegativeTest:tearDownClass): 200 GET http://10.180.1.21/networking/v2.0/security-groups?tenant_id=628c642e483f4b039be99c0f10de4f7b&name=default 0.477s
2025-11-22 07:59:54.728 66471 WARNING tempest.lib.common.ssh [-] Failed to establish authenticated ssh connection to cirros@10.180.180.230 ([Errno None] Unable to connect to port 22 on 10.180.180.230). Number attempts: 3. Retry after 4 seconds.: paramiko.ssh_exception.NoValidConnectionsError: [Errno None] Unable to connect to port 22 on 10.180.180.230
2025-11-22 07:59:54.736 66462 INFO tempest.lib.common.rest_client [req-90df56b5-d798-4221-98cf-41c9b2f31464 req-90df56b5-d798-4221-98cf-41c9b2f31464 ] Request (TenantUsagesTestJSON:setUpClass): 200 GET http://10.180.1.21/compute/v2.1/servers/73cfc7b9-a17e-450f-bdee-124c93345182 2.796s
2025-11-22 07:59:54.746 66462 INFO tempest.common.waiters [-] State transition "BUILD/spawning" ==> "ACTIVE/None" after 22 second wait
2025-11-22 07:59:54.780 66421 INFO tempest.lib.common.rest_client [req-4a31f735-5578-4060-b5ba-6bfc9a2eff13 req-4a31f735-5578-4060-b5ba-6bfc9a2eff13 ] Request (AZV2TestJSON:setUpClass): 201 POST http://10.180.1.21/identity/v3/auth/tokens 0.071s
2025-11-22 07:59:54.784 66427 INFO tempest.lib.common.rest_client [req-2fdccf2e-add6-4101-97e3-da99a7f279ee req-2fdccf2e-add6-4101-97e3-da99a7f279ee ] Request (QuotasAdminNegativeTest:test_create_server_when_instances_quota_is_full): 403 POST http://10.180.1.21/compute/v2.1/servers 3.526s
2025-11-22 07:59:54.827 66421 INFO tempest.lib.common.rest_client [req-7967785e-fa03-452a-a496-1e7922ee1b4d req-7967785e-fa03-452a-a496-1e7922ee1b4d ] Request (AZV2TestJSON:setUpClass): 201 POST http://10.180.1.21/identity/v3/auth/tokens 0.039s
2025-11-22 07:59:54.876 66421 INFO tempest.lib.common.rest_client [req-2c2ff378-991b-4f9e-82a5-942fc083091a req-2c2ff378-991b-4f9e-82a5-942fc083091a ] Request (AZV2TestJSON:setUpClass): 200 GET http://10.180.1.21/identity/v3/domains?name=Default 0.048s
2025-11-22 07:59:54.885 66419 INFO tempest.lib.common.rest_client [req-8b93de9d-0ee5-4b7f-92b9-1447e9a1d92b req-8b93de9d-0ee5-4b7f-92b9-1447e9a1d92b ] Request (FlavorsExtraSpecsTestJSON:tearDownClass): 200 GET http://10.180.1.21/networking/v2.0/security-groups?tenant_id=9a2eaffffbe14152bac0ea9ca87061d9&name=default 0.349s
2025-11-22 07:59:54.918 66421 INFO tempest.lib.common.rest_client [req-7deeee01-aab4-4929-9952-08b5bae640ce req-7deeee01-aab4-4929-9952-08b5bae640ce ] Request (AZV2TestJSON:setUpClass): 201 POST http://10.180.1.21/identity/v3/projects 0.041s
2025-11-22 07:59:55.011 66421 INFO tempest.lib.common.rest_client [req-f49b6f92-edc3-40d2-9aa4-83cbba2c5890 req-f49b6f92-edc3-40d2-9aa4-83cbba2c5890 ] Request (AZV2TestJSON:setUpClass): 201 POST http://10.180.1.21/identity/v3/users 0.092s
2025-11-22 07:59:55.034 66421 INFO tempest.lib.common.rest_client [req-660ec388-8228-46f4-9f9a-c0c38dd308a5 req-660ec388-8228-46f4-9f9a-c0c38dd308a5 ] Request (AZV2TestJSON:setUpClass): 200 GET http://10.180.1.21/identity/v3/roles 0.023s
2025-11-22 07:59:55.066 66445 INFO tempest.lib.common.rest_client [req-996727ac-5198-47b3-b171-bc3bb704d644 req-996727ac-5198-47b3-b171-bc3bb704d644 ] Request (ImagesTestJSON:setUpClass): 201 POST http://10.180.1.21/networking/v2.0/subnets 0.365s
2025-11-22 07:59:55.070 66421 INFO tempest.lib.common.rest_client [req-6a286df5-cb94-4758-b8c5-555017df09ed req-6a286df5-cb94-4758-b8c5-555017df09ed ] Request (AZV2TestJSON:setUpClass): 204 PUT http://10.180.1.21/identity/v3/projects/0f0bbf674db146d2be5a7f3b19e3d1a0/users/c1f135e6ee4f45d28240c66e99a4814a/roles/04da0d0bfc824f2e90cc300389c84a66 0.035s
2025-11-22 07:59:55.070 66421 INFO tempest.lib.common.dynamic_creds [-] Dynamic test user c1f135e6ee4f45d28240c66e99a4814a is created with scope project and roles: ['member']
2025-11-22 07:59:55.070 66421 INFO tempest.lib.common.dynamic_creds [-] Acquired dynamic creds: credentials: Credentials: {'domain_id': 'default', 'domain_name': 'Default', 'username': 'tempest-AZV2TestJSON-1412854544-project-member', 'project_domain_id': 'default', 'project_domain_name': 'Default', 'project_id': '0f0bbf674db146d2be5a7f3b19e3d1a0', 'project_name': 'tempest-AZV2TestJSON-1412854544', 'tenant_id': '0f0bbf674db146d2be5a7f3b19e3d1a0', 'tenant_name': 'tempest-AZV2TestJSON-1412854544', 'user_domain_id': 'default', 'user_domain_name': 'Default', 'user_id': 'c1f135e6ee4f45d28240c66e99a4814a', 'system': None}, Network: None, Subnet: None, Router: None
2025-11-22 07:59:55.071 66421 INFO tempest.lib.common.dynamic_creds [-] Created isolated network resources for: credentials: Credentials: {'domain_id': 'default', 'domain_name': 'Default', 'username': 'tempest-AZV2TestJSON-1412854544-project-member', 'project_domain_id': 'default', 'project_domain_name': 'Default', 'project_id': '0f0bbf674db146d2be5a7f3b19e3d1a0', 'project_name': 'tempest-AZV2TestJSON-1412854544', 'tenant_id': '0f0bbf674db146d2be5a7f3b19e3d1a0', 'tenant_name': 'tempest-AZV2TestJSON-1412854544', 'user_domain_id': 'default', 'user_domain_name': 'Default', 'user_id': 'c1f135e6ee4f45d28240c66e99a4814a', 'system': None}, Network: None, Subnet: None, Router: None
2025-11-22 07:59:55.113 66430 INFO tempest.lib.common.rest_client [req-f2758308-1d37-4930-b083-e10785a0e4ba req-f2758308-1d37-4930-b083-e10785a0e4ba ] Request (ImagesMetadataTestJSON:setUp): 200 PUT http://10.180.1.21/compute/v2.1/images/dc578583-188b-4081-b7b3-b5af727b8592/metadata 2.726s
2025-11-22 07:59:55.147 66415 INFO tempest.lib.common.rest_client [req-03821b7b-90df-49f8-bc2b-d4804b5c27de req-03821b7b-90df-49f8-bc2b-d4804b5c27de ] Request (FlavorsAccessNegativeTestJSON:_run_cleanups): 200 GET http://10.180.1.21/compute/v2.1/flavors/detail 2.745s
2025-11-22 07:59:55.170 66421 INFO tempest.lib.common.rest_client [req-38259f89-1c56-4be1-9c99-56c30e12b2c3 req-38259f89-1c56-4be1-9c99-56c30e12b2c3 ] Request (AZV2TestJSON:setUpClass): 201 POST http://10.180.1.21/identity/v3/auth/tokens 0.094s
2025-11-22 07:59:55.190 66469 INFO tempest.lib.common.rest_client [req-10795300-5d96-4304-93f5-d90cf9e71c93 req-10795300-5d96-4304-93f5-d90cf9e71c93 ] Request (ServerDiagnosticsNegativeTest:tearDownClass): 204 DELETE http://10.180.1.21/networking/v2.0/security-groups/9bdcd47c-2dcb-42e7-aaea-8bdd3d454baf 0.467s
2025-11-22 07:59:55.285 66469 INFO tempest.lib.common.rest_client [req-e1b07a6a-9d5a-4134-9c22-896a72d941c0 req-e1b07a6a-9d5a-4134-9c22-896a72d941c0 ] Request (ServerDiagnosticsNegativeTest:tearDownClass): 204 DELETE http://10.180.1.21/identity/v3/projects/628c642e483f4b039be99c0f10de4f7b 0.094s
2025-11-22 07:59:55.287 66469 INFO tempest.test [-] raised in TestVolumeSwap.setUpClass. Invoking tearDownClass.
2025-11-22 07:59:55.363 66419 INFO tempest.lib.common.rest_client [req-e5313912-024a-415f-89a3-b9c2fe1372a9 req-e5313912-024a-415f-89a3-b9c2fe1372a9 ] Request (FlavorsExtraSpecsTestJSON:tearDownClass): 204 DELETE http://10.180.1.21/networking/v2.0/security-groups/614e5a1b-6a6c-4250-81a0-ac25826b8d4b 0.477s
2025-11-22 07:59:55.372 66469 INFO tempest.lib.common.rest_client [req-cfc39ef4-35d8-437b-a11e-9b7ef116dcb2 req-cfc39ef4-35d8-437b-a11e-9b7ef116dcb2 ] Request (FloatingIPDetailsNegativeTestJSON:setUpClass): 201 POST http://10.180.1.21/identity/v3/auth/tokens 0.082s
2025-11-22 07:59:55.406 66469 INFO tempest.lib.common.rest_client [req-da3cf7bb-2de0-428e-9c09-f44e6a633015 req-da3cf7bb-2de0-428e-9c09-f44e6a633015 ] Request (FloatingIPDetailsNegativeTestJSON:setUpClass): 201 POST http://10.180.1.21/identity/v3/auth/tokens 0.031s
2025-11-22 07:59:55.435 66419 INFO tempest.lib.common.rest_client [req-bb821914-6225-44ba-94fc-03ee1247b266 req-bb821914-6225-44ba-94fc-03ee1247b266 ] Request (FlavorsExtraSpecsTestJSON:tearDownClass): 204 DELETE http://10.180.1.21/identity/v3/projects/9a2eaffffbe14152bac0ea9ca87061d9 0.072s
2025-11-22 07:59:55.466 66469 INFO tempest.lib.common.rest_client [req-fa72dfae-055f-4934-88a5-001b5244beb9 req-fa72dfae-055f-4934-88a5-001b5244beb9 ] Request (FloatingIPDetailsNegativeTestJSON:setUpClass): 200 GET http://10.180.1.21/identity/v3/domains?name=Default 0.060s
2025-11-22 07:59:55.468 66419 INFO tempest.lib.common.rest_client [req-0a555c60-8fe1-4571-bfc1-de0ccdaa680f req-0a555c60-8fe1-4571-bfc1-de0ccdaa680f ] Request (KeyPairsV210TestJSON:setUpClass): 201 POST http://10.180.1.21/identity/v3/auth/tokens 0.031s
2025-11-22 07:59:55.499 66419 INFO tempest.lib.common.rest_client [req-95cf8547-461f-4461-99bf-cf546952a5b5 req-95cf8547-461f-4461-99bf-cf546952a5b5 ] Request (KeyPairsV210TestJSON:setUpClass): 201 POST http://10.180.1.21/identity/v3/auth/tokens 0.027s
2025-11-22 07:59:55.505 66469 INFO tempest.lib.common.rest_client [req-c4e1de36-39af-47be-ba27-1b3463f1efc7 req-c4e1de36-39af-47be-ba27-1b3463f1efc7 ] Request (FloatingIPDetailsNegativeTestJSON:setUpClass): 201 POST http://10.180.1.21/identity/v3/projects 0.038s
2025-11-22 07:59:55.562 66419 INFO tempest.lib.common.rest_client [req-dc7f8e89-ae60-4df1-a01d-981a2098991b req-dc7f8e89-ae60-4df1-a01d-981a2098991b ] Request (KeyPairsV210TestJSON:setUpClass): 200 GET http://10.180.1.21/identity/v3/domains?name=Default 0.062s
2025-11-22 07:59:55.579 66469 INFO tempest.lib.common.rest_client [req-23c4ea2d-4fef-4528-a2ad-5e3b5df0afcc req-23c4ea2d-4fef-4528-a2ad-5e3b5df0afcc ] Request (FloatingIPDetailsNegativeTestJSON:setUpClass): 201 POST http://10.180.1.21/identity/v3/users 0.074s
2025-11-22 07:59:55.597 66419 INFO tempest.lib.common.rest_client [req-8474f905-9e47-4d83-9fcc-167ae8a0e48c req-8474f905-9e47-4d83-9fcc-167ae8a0e48c ] Request (KeyPairsV210TestJSON:setUpClass): 201 POST http://10.180.1.21/identity/v3/projects 0.034s
2025-11-22 07:59:55.599 66469 INFO tempest.lib.common.rest_client [req-4be63c38-1eaa-45e0-9c8d-75b2ada26860 req-4be63c38-1eaa-45e0-9c8d-75b2ada26860 ] Request (FloatingIPDetailsNegativeTestJSON:setUpClass): 200 GET http://10.180.1.21/identity/v3/roles 0.019s
2025-11-22 07:59:55.660 66469 INFO tempest.lib.common.rest_client [req-b864e051-51ba-4c2f-b928-d220a70cc26d req-b864e051-51ba-4c2f-b928-d220a70cc26d ] Request (FloatingIPDetailsNegativeTestJSON:setUpClass): 204 PUT http://10.180.1.21/identity/v3/projects/dccf83dd91a74427bc945c2e9fcf7d4b/users/e8db6224bd534c2abb0cc8507b1856ea/roles/04da0d0bfc824f2e90cc300389c84a66 0.060s
2025-11-22 07:59:55.661 66469 INFO tempest.lib.common.dynamic_creds [-] Dynamic test user e8db6224bd534c2abb0cc8507b1856ea is created with scope project and roles: ['member']
2025-11-22 07:59:55.661 66469 INFO tempest.lib.common.dynamic_creds [-] Acquired dynamic creds: credentials: Credentials: {'domain_id': 'default', 'domain_name': 'Default', 'username': 'tempest-FloatingIPDetailsNegativeTestJSON-1153811394-project-member', 'project_domain_id': 'default', 'project_domain_name': 'Default', 'project_id': 'dccf83dd91a74427bc945c2e9fcf7d4b', 'project_name': 'tempest-FloatingIPDetailsNegativeTestJSON-1153811394', 'tenant_id': 'dccf83dd91a74427bc945c2e9fcf7d4b', 'tenant_name': 'tempest-FloatingIPDetailsNegativeTestJSON-1153811394', 'user_domain_id': 'default', 'user_domain_name': 'Default', 'user_id': 'e8db6224bd534c2abb0cc8507b1856ea', 'system': None}, Network: None, Subnet: None, Router: None
2025-11-22 07:59:55.661 66419 INFO tempest.lib.common.rest_client [req-c4308dc1-779d-4c6e-8436-d466850875e8 req-c4308dc1-779d-4c6e-8436-d466850875e8 ] Request (KeyPairsV210TestJSON:setUpClass): 201 POST http://10.180.1.21/identity/v3/users 0.063s
2025-11-22 07:59:55.715 66419 INFO tempest.lib.common.rest_client [req-6f6d9a13-6b53-43a0-b228-4eb85627707b req-6f6d9a13-6b53-43a0-b228-4eb85627707b ] Request (KeyPairsV210TestJSON:setUpClass): 200 GET http://10.180.1.21/identity/v3/roles 0.053s
2025-11-22 07:59:55.715 66469 INFO tempest.lib.common.rest_client [req-31880b38-cc1d-4341-95ba-76505d1ab830 req-31880b38-cc1d-4341-95ba-76505d1ab830 ] Request (FloatingIPDetailsNegativeTestJSON:setUpClass): 201 POST http://10.180.1.21/identity/v3/auth/tokens 0.054s
2025-11-22 07:59:55.743 66419 INFO tempest.lib.common.rest_client [req-ca1dc816-aadb-4534-b6c0-de249c317bb4 req-ca1dc816-aadb-4534-b6c0-de249c317bb4 ] Request (KeyPairsV210TestJSON:setUpClass): 204 PUT http://10.180.1.21/identity/v3/projects/9522bec46af14921a760779914bc191f/users/fd70584d17644bb9b93f83561db28424/roles/04da0d0bfc824f2e90cc300389c84a66 0.027s
2025-11-22 07:59:55.743 66419 INFO tempest.lib.common.dynamic_creds [-] Dynamic test user fd70584d17644bb9b93f83561db28424 is created with scope project and roles: ['member']
2025-11-22 07:59:55.743 66419 INFO tempest.lib.common.dynamic_creds [-] Acquired dynamic creds: credentials: Credentials: {'domain_id': 'default', 'domain_name': 'Default', 'username': 'tempest-KeyPairsV210TestJSON-495160716-project-member', 'project_domain_id': 'default', 'project_domain_name': 'Default', 'project_id': '9522bec46af14921a760779914bc191f', 'project_name': 'tempest-KeyPairsV210TestJSON-495160716', 'tenant_id': '9522bec46af14921a760779914bc191f', 'tenant_name': 'tempest-KeyPairsV210TestJSON-495160716', 'user_domain_id': 'default', 'user_domain_name': 'Default', 'user_id': 'fd70584d17644bb9b93f83561db28424', 'system': None}, Network: None, Subnet: None, Router: None
2025-11-22 07:59:55.743 66419 INFO tempest.lib.common.dynamic_creds [-] Created isolated network resources for: credentials: Credentials: {'domain_id': 'default', 'domain_name': 'Default', 'username': 'tempest-KeyPairsV210TestJSON-495160716-project-member', 'project_domain_id': 'default', 'project_domain_name': 'Default', 'project_id': '9522bec46af14921a760779914bc191f', 'project_name': 'tempest-KeyPairsV210TestJSON-495160716', 'tenant_id': '9522bec46af14921a760779914bc191f', 'tenant_name': 'tempest-KeyPairsV210TestJSON-495160716', 'user_domain_id': 'default', 'user_domain_name': 'Default', 'user_id': 'fd70584d17644bb9b93f83561db28424', 'system': None}, Network: None, Subnet: None, Router: None
2025-11-22 07:59:55.819 66419 INFO tempest.lib.common.rest_client [req-5b9c0cf9-c068-442f-9128-29a6178f4a34 req-5b9c0cf9-c068-442f-9128-29a6178f4a34 ] Request (KeyPairsV210TestJSON:setUpClass): 201 POST http://10.180.1.21/identity/v3/auth/tokens 0.073s
2025-11-22 07:59:55.879 66419 INFO tempest.lib.common.rest_client [req-40336776-38f5-4f3f-95bf-e10f2ab7b876 req-40336776-38f5-4f3f-95bf-e10f2ab7b876 ] Request (KeyPairsV210TestJSON:setUpClass): 201 POST http://10.180.1.21/identity/v3/projects 0.059s
2025-11-22 07:59:55.929 66419 INFO tempest.lib.common.rest_client [req-8137e9cf-be05-4653-9709-7502ee33f568 req-8137e9cf-be05-4653-9709-7502ee33f568 ] Request (KeyPairsV210TestJSON:setUpClass): 201 POST http://10.180.1.21/identity/v3/users 0.050s
2025-11-22 07:59:55.948 66419 INFO tempest.lib.common.rest_client [req-27acde7c-7687-499e-812f-086f78ab709e req-27acde7c-7687-499e-812f-086f78ab709e ] Request (KeyPairsV210TestJSON:setUpClass): 200 GET http://10.180.1.21/identity/v3/roles 0.018s
2025-11-22 07:59:55.982 66419 INFO tempest.lib.common.rest_client [req-c961b7a0-0006-416d-8dcd-0fc6b7086635 req-c961b7a0-0006-416d-8dcd-0fc6b7086635 ] Request (KeyPairsV210TestJSON:setUpClass): 204 PUT http://10.180.1.21/identity/v3/projects/167bb8b0febb40dd92fcdbc352e927f8/users/73b3878236dc4f199340750ce84c477e/roles/eb014a5ca83447ef902f59b268cd3750 0.033s
2025-11-22 07:59:56.044 66419 INFO tempest.lib.common.rest_client [req-24ec0eaf-afb1-49e6-9274-d57964d909b1 req-24ec0eaf-afb1-49e6-9274-d57964d909b1 ] Request (KeyPairsV210TestJSON:setUpClass): 200 GET http://10.180.1.21/identity/v3/roles 0.062s
2025-11-22 07:59:56.068 66419 INFO tempest.lib.common.rest_client [req-eb63a692-fca2-4f75-a1e7-6390716fc291 req-eb63a692-fca2-4f75-a1e7-6390716fc291 ] Request (KeyPairsV210TestJSON:setUpClass): 204 PUT http://10.180.1.21/identity/v3/projects/167bb8b0febb40dd92fcdbc352e927f8/users/73b3878236dc4f199340750ce84c477e/roles/eb014a5ca83447ef902f59b268cd3750 0.024s
2025-11-22 07:59:56.068 66419 INFO tempest.lib.common.dynamic_creds [-] Dynamic test user 73b3878236dc4f199340750ce84c477e is created with scope project and roles: ['admin']
2025-11-22 07:59:56.068 66419 INFO tempest.lib.common.dynamic_creds [-] Acquired dynamic creds: credentials: Credentials: {'domain_id': 'default', 'domain_name': 'Default', 'username': 'tempest-KeyPairsV210TestJSON-1651233202-project-admin', 'project_domain_id': 'default', 'project_domain_name': 'Default', 'project_id': '167bb8b0febb40dd92fcdbc352e927f8', 'project_name': 'tempest-KeyPairsV210TestJSON-1651233202', 'tenant_id': '167bb8b0febb40dd92fcdbc352e927f8', 'tenant_name': 'tempest-KeyPairsV210TestJSON-1651233202', 'user_domain_id': 'default', 'user_domain_name': 'Default', 'user_id': '73b3878236dc4f199340750ce84c477e', 'system': None}, Network: None, Subnet: None, Router: None
2025-11-22 07:59:56.069 66419 INFO tempest.lib.common.dynamic_creds [-] Created isolated network resources for: credentials: Credentials: {'domain_id': 'default', 'domain_name': 'Default', 'username': 'tempest-KeyPairsV210TestJSON-1651233202-project-admin', 'project_domain_id': 'default', 'project_domain_name': 'Default', 'project_id': '167bb8b0febb40dd92fcdbc352e927f8', 'project_name': 'tempest-KeyPairsV210TestJSON-1651233202', 'tenant_id': '167bb8b0febb40dd92fcdbc352e927f8', 'tenant_name': 'tempest-KeyPairsV210TestJSON-1651233202', 'user_domain_id': 'default', 'user_domain_name': 'Default', 'user_id': '73b3878236dc4f199340750ce84c477e', 'system': None}, Network: None, Subnet: None, Router: None
2025-11-22 07:59:56.076 66445 INFO tempest.lib.common.rest_client [req-6bd97290-4e05-4d04-9781-5505349feb8f req-6bd97290-4e05-4d04-9781-5505349feb8f ] Request (ImagesTestJSON:setUpClass): 201 POST http://10.180.1.21/networking/v2.0/routers 1.009s
2025-11-22 07:59:56.101 66447 INFO tempest.lib.common.rest_client [req-784707b7-ed1b-4973-9875-f0adcfe18bf1 req-784707b7-ed1b-4973-9875-f0adcfe18bf1 ] Request (DeleteServersAdminTestJSON:test_delete_server_while_in_error_state): 200 GET http://10.180.1.21/compute/v2.1/servers/ede41cbe-9f68-40b0-b986-bd9848147694 3.435s
2025-11-22 07:59:56.110 66439 INFO tempest.lib.common.rest_client [req-94c1b4ef-62e6-4b06-a7d3-fc595800bfb6 req-94c1b4ef-62e6-4b06-a7d3-fc595800bfb6 ] Request (ImagesNegativeTestJSON:test_create_image_from_invalid_server): 404 POST http://10.180.1.21/compute/v2.1/servers/tempest-invalid-1938071646/action 3.419s
2025-11-22 07:59:56.115 66463 INFO tempest.lib.common.rest_client [req-ca18e3a8-28ce-42c3-aa02-e8b37282c33c req-ca18e3a8-28ce-42c3-aa02-e8b37282c33c ] Request (AggregatesAdminNegativeTestJSON:test_aggregate_create_as_user): 403 POST http://10.180.1.21/compute/v2.1/os-aggregates 3.148s
