2025-11-22 07:29:42.192 66666 INFO tempest.lib.common.rest_client [req-91d37c97-f286-4417-b466-d6f703ad1ee0 req-91d37c97-f286-4417-b466-d6f703ad1ee0 ] Request (VolumesAdminNegativeTest:test_update_attached_volume_with_nonexistent_volume_in_uri): 404 PUT http://10.180.1.21/compute/v2.1/servers/485630f9-8279-432f-aef0-45cdc0a09ec5/os-volume_attachments/3330f6b9-b74b-4edf-aced-c782f0388a48 2.899s
2025-11-22 07:29:42.243 66664 INFO tempest.lib.common.rest_client [req-4e5d6f64-6165-4946-8c5d-c52ab0795d66 req-4e5d6f64-6165-4946-8c5d-c52ab0795d66 ] Request (KeyPairsV2TestJSON:setUpClass): 201 POST http://10.180.1.21/identity/v3/auth/tokens 0.124s
2025-11-22 07:29:42.303 66666 INFO tempest.lib.common.rest_client [req-eb24b2e3-c3f7-4783-8dfa-7abf18251f16 req-eb24b2e3-c3f7-4783-8dfa-7abf18251f16 ] Request (VolumesAdminNegativeTest:tearDownClass): 202 DELETE http://10.180.1.21/volume/v3/volumes/02089699-3d46-40e6-a937-694cbcc8f24e 0.109s
2025-11-22 07:29:42.336 66666 INFO tempest.lib.common.rest_client [req-f0a21110-374d-4abf-a5b1-6175e1d2f33c req-f0a21110-374d-4abf-a5b1-6175e1d2f33c ] Request (VolumesAdminNegativeTest:tearDownClass): 200 GET http://10.180.1.21/volume/v3/volumes/02089699-3d46-40e6-a937-694cbcc8f24e 0.032s
2025-11-22 07:29:42.672 66696 INFO tempest.lib.common.rest_client [req-8482b291-9d39-48b7-a301-aca35d0ba78b req-8482b291-9d39-48b7-a301-aca35d0ba78b ] Request (ServerExternalEventsTest:test_create_server_external_events): 200 GET http://10.180.1.21/compute/v2.1/servers/db1723be-7cbf-4414-9823-815c98313a4a 3.346s
2025-11-22 07:29:42.681 66696 INFO tempest.common.waiters [-] State transition "BUILD/spawning" ==> "ACTIVE/None" after 36 second wait
2025-11-22 07:29:42.703 66682 INFO tempest.lib.common.rest_client [req-63eb5629-2415-46ea-99e3-9c0529854d6e req-63eb5629-2415-46ea-99e3-9c0529854d6e ] Request (ServersTestBootFromVolume:setUpClass): 202 POST http://10.180.1.21/volume/v3/volumes 0.516s
2025-11-22 07:29:42.704 66678 INFO tempest.lib.common.rest_client [req-0b12ff56-473f-4af7-a00b-fccdaedf89be req-0b12ff56-473f-4af7-a00b-fccdaedf89be ] Request (ServersTestFqdnHostnames:test_create_server_with_fqdn_name): 202 POST http://10.180.1.21/compute/v2.1/servers 3.788s
2025-11-22 07:29:42.712 66688 INFO tempest.lib.common.rest_client [req-c1dedef3-8e3a-41be-8e5c-5706ab8a6784 req-c1dedef3-8e3a-41be-8e5c-5706ab8a6784 ] Request (TenantUsagesNegativeTestJSON:test_get_usage_tenant_with_invalid_date): 400 GET http://10.180.1.21/compute/v2.1/os-simple-tenant-usage/920bed38493f4127afb735cab99a6893?start=2025-11-23T07%3A29%3A36.104103&end=2025-11-21T07%3A29%3A36.104103 3.345s
2025-11-22 07:29:42.718 66718 INFO tempest.lib.common.rest_client [req-f99777e3-4401-4c12-8ef5-eaa4eb813f39 req-f99777e3-4401-4c12-8ef5-eaa4eb813f39 ] Request (MultipleCreateNegativeTestJSON:test_min_count_non_integer): 400 POST http://10.180.1.21/compute/v2.1/servers 3.328s
2025-11-22 07:29:42.745 66682 INFO tempest.lib.common.rest_client [req-e4fcc772-6da1-4bb0-9b0b-330ace4fa81c req-e4fcc772-6da1-4bb0-9b0b-330ace4fa81c ] Request (ServersTestBootFromVolume:setUpClass): 200 GET http://10.180.1.21/volume/v3/volumes/69886927-9c78-494a-801f-854baba41b8f 0.033s
2025-11-22 07:29:42.806 66720 INFO tempest.lib.common.rest_client [req-72d9a13c-c475-4329-a6fe-b55c021db2dd req-72d9a13c-c475-4329-a6fe-b55c021db2dd ] Request (ServerDiagnosticsNegativeTest:tearDownClass): 200 GET http://10.180.1.21/compute/v2.1/servers/0a847584-d04a-45f6-8bad-c962aa44073f 3.464s
2025-11-22 07:29:42.819 66691 INFO tempest.lib.common.rest_client [req-e9e05dcf-dc5a-47f8-9846-924f0dc6680c req-e9e05dcf-dc5a-47f8-9846-924f0dc6680c ] Request (TenantUsagesTestJSON:setUpClass): 200 GET http://10.180.1.21/compute/v2.1/servers/53443ee7-ccf1-4eff-b6a2-da4eaa24f146 3.367s
2025-11-22 07:29:42.908 66713 INFO tempest.lib.common.rest_client [req-88875dd2-0ca9-465c-89cd-db1e2845a2f9 req-88875dd2-0ca9-465c-89cd-db1e2845a2f9 ] Request (ListServersNegativeTestJSON:setUpClass): 200 GET http://10.180.1.21/compute/v2.1/servers/01100757-7e89-49d5-848f-e9155dc9e326 3.434s
2025-11-22 07:29:42.925 66710 INFO tempest.lib.common.rest_client [req-de28f7d3-04ba-416c-8313-ae8079bd45df req-de28f7d3-04ba-416c-8313-ae8079bd45df ] Request (ServerDiagnosticsV248Test:tearDownClass): 200 GET http://10.180.1.21/compute/v2.1/servers/086df410-c3f1-46f5-81b0-f2e8c85da553 3.456s
2025-11-22 07:29:42.928 66718 INFO tempest.lib.common.rest_client [req-e65e0a5d-e7a2-4720-9e7e-8210f6544fa0 req-e65e0a5d-e7a2-4720-9e7e-8210f6544fa0 ] Request (MultipleCreateNegativeTestJSON:tearDownClass): 204 DELETE http://10.180.1.21/identity/v3/users/a79b11b8948e463c86480e861d3b0e8e 0.207s
2025-11-22 07:29:42.929 66718 INFO tempest.lib.common.dynamic_creds [-] Deleting project and security group for project: 26394696bcc44d7e8632a016a7914a38
2025-11-22 07:29:42.948 66692 INFO tempest.lib.common.rest_client [req-7758e050-76fe-4005-bb1d-a9ff1a42443d req-7758e050-76fe-4005-bb1d-a9ff1a42443d ] Request (KeyPairsV210TestJSON:_run_cleanups): 204 DELETE http://10.180.1.21/compute/v2.1/os-keypairs/tempest-keypair-780620149?user_id=19d8bacdb1e4444e993f6062e9027623 3.448s
2025-11-22 07:29:43.041 66708 INFO tempest.lib.common.rest_client [req-38357fea-a8b0-46b3-bc81-baa2470de121 req-38357fea-a8b0-46b3-bc81-baa2470de121 ] Request (ServerAddressesNegativeTestJSON:tearDownClass): 200 GET http://10.180.1.21/compute/v2.1/servers/b93aba85-e534-42d2-9278-0d6ca71bbec0 3.352s
2025-11-22 07:29:43.078 66718 INFO tempest.lib.common.rest_client [req-58b1aff1-86ad-4c32-965b-d3993047163f req-58b1aff1-86ad-4c32-965b-d3993047163f ] Request (MultipleCreateNegativeTestJSON:tearDownClass): 201 POST http://10.180.1.21/identity/v3/auth/tokens 0.149s
2025-11-22 07:29:43.085 66674 INFO tempest.lib.common.rest_client [req-40f59c56-3ab9-4617-8110-0640ff3fd87d req-40f59c56-3ab9-4617-8110-0640ff3fd87d ] Request (ImagesMetadataTestJSON:test_set_image_metadata): 200 GET http://10.180.1.21/compute/v2.1/images/44c0bd0e-c747-45a1-ab85-3791d787caaf/metadata 3.091s
2025-11-22 07:29:43.189 66702 INFO tempest.lib.common.rest_client [req-067a8e82-99e9-4d1a-9657-e47f44715d06 req-067a8e82-99e9-4d1a-9657-e47f44715d06 ] Request (QuotasAdminTestV236:test_get_updated_quotas): 200 PUT http://10.180.1.21/compute/v2.1/os-quota-sets/7bb6189d915d4268b449ea77c7ee534b 3.367s
2025-11-22 07:29:43.213 66668 INFO tempest.lib.common.rest_client [req-cada79d7-3d76-4fdc-8e4c-45119f607359 req-cada79d7-3d76-4fdc-8e4c-45119f607359 ] Request (AggregatesAdminNegativeTestJSON:_run_cleanups): 200 DELETE http://10.180.1.21/compute/v2.1/os-aggregates/4 3.199s
2025-11-22 07:29:43.374 66666 INFO tempest.lib.common.rest_client [req-73886f16-0344-47db-888e-e58238e49e35 req-73886f16-0344-47db-888e-e58238e49e35 ] Request (VolumesAdminNegativeTest:tearDownClass): 404 GET http://10.180.1.21/volume/v3/volumes/02089699-3d46-40e6-a937-694cbcc8f24e 0.030s
2025-11-22 07:29:43.383 66718 INFO tempest.lib.common.rest_client [req-38d6335c-b021-4a9f-a1f9-f1b8a4909b5b req-38d6335c-b021-4a9f-a1f9-f1b8a4909b5b ] Request (MultipleCreateNegativeTestJSON:tearDownClass): 200 GET http://10.180.1.21/networking/v2.0/security-groups?tenant_id=26394696bcc44d7e8632a016a7914a38&name=default 0.304s
2025-11-22 07:29:43.655 66718 INFO tempest.lib.common.rest_client [req-d40e019d-a26c-4016-ab05-95ef76198860 req-d40e019d-a26c-4016-ab05-95ef76198860 ] Request (MultipleCreateNegativeTestJSON:tearDownClass): 204 DELETE http://10.180.1.21/networking/v2.0/security-groups/8a5a62c1-c9d4-44ee-8c01-d73ee55366de 0.272s
2025-11-22 07:29:43.737 66718 INFO tempest.lib.common.rest_client [req-ad0232d2-8440-44db-83b2-e8ef6a3c118b req-ad0232d2-8440-44db-83b2-e8ef6a3c118b ] Request (MultipleCreateNegativeTestJSON:tearDownClass): 204 DELETE http://10.180.1.21/identity/v3/projects/26394696bcc44d7e8632a016a7914a38 0.081s
2025-11-22 07:29:43.786 66682 INFO tempest.lib.common.rest_client [req-159a9dcc-c840-43e3-8e4b-3367e0baa705 req-159a9dcc-c840-43e3-8e4b-3367e0baa705 ] Request (ServersTestBootFromVolume:setUpClass): 200 GET http://10.180.1.21/volume/v3/volumes/69886927-9c78-494a-801f-854baba41b8f 0.033s
2025-11-22 07:29:43.817 66718 INFO tempest.lib.common.rest_client [req-59a0ce29-6632-4784-a13f-2e6f4be640db req-59a0ce29-6632-4784-a13f-2e6f4be640db ] Request (ComputeTenantNetworksTest:setUpClass): 201 POST http://10.180.1.21/identity/v3/auth/tokens 0.078s
2025-11-22 07:29:43.849 66718 INFO tempest.lib.common.rest_client [req-ac60d1be-2d7e-4420-bacf-df61913a0bd1 req-ac60d1be-2d7e-4420-bacf-df61913a0bd1 ] Request (ComputeTenantNetworksTest:setUpClass): 201 POST http://10.180.1.21/identity/v3/auth/tokens 0.030s
2025-11-22 07:29:43.877 66718 INFO tempest.lib.common.rest_client [req-f8f9cd87-2faa-46ac-acf9-83176d6c4588 req-f8f9cd87-2faa-46ac-acf9-83176d6c4588 ] Request (ComputeTenantNetworksTest:setUpClass): 200 GET http://10.180.1.21/identity/v3/domains?name=Default 0.028s
2025-11-22 07:29:43.902 66714 INFO tempest.lib.common.rest_client [req-75dd3d53-fcf2-46da-83d2-2c3c02381d33 req-75dd3d53-fcf2-46da-83d2-2c3c02381d33 ] Request (ServersAdminTestJSON:setUpClass): 200 GET http://10.180.1.21/compute/v2.1/servers/b40a0533-a14f-428f-a39e-7076f0394386 3.887s
2025-11-22 07:29:43.912 66718 INFO tempest.lib.common.rest_client [req-8f809585-44ff-489b-b3d7-df912e8407d9 req-8f809585-44ff-489b-b3d7-df912e8407d9 ] Request (ComputeTenantNetworksTest:setUpClass): 201 POST http://10.180.1.21/identity/v3/projects 0.034s
2025-11-22 07:29:43.979 66718 INFO tempest.lib.common.rest_client [req-30218fc6-97af-43ba-bd8c-7a6ee6009ac8 req-30218fc6-97af-43ba-bd8c-7a6ee6009ac8 ] Request (ComputeTenantNetworksTest:setUpClass): 201 POST http://10.180.1.21/identity/v3/users 0.066s
2025-11-22 07:29:44.002 66718 INFO tempest.lib.common.rest_client [req-b266448a-5f32-49c8-89ff-44aac6a1a909 req-b266448a-5f32-49c8-89ff-44aac6a1a909 ] Request (ComputeTenantNetworksTest:setUpClass): 200 GET http://10.180.1.21/identity/v3/roles 0.022s
2025-11-22 07:29:44.034 66718 INFO tempest.lib.common.rest_client [req-c5746596-0b38-4d4d-8c28-6c1e0bd0fb93 req-c5746596-0b38-4d4d-8c28-6c1e0bd0fb93 ] Request (ComputeTenantNetworksTest:setUpClass): 204 PUT http://10.180.1.21/identity/v3/projects/9995c7acdd6a490b954f4d86f850cca8/users/5231f16b108c4b979a37c50127d89ae9/roles/025530159c8348df9f61db99da335d5b 0.031s
2025-11-22 07:29:44.035 66718 INFO tempest.lib.common.dynamic_creds [-] Dynamic test user 5231f16b108c4b979a37c50127d89ae9 is created with scope project and roles: ['member']
2025-11-22 07:29:44.035 66718 INFO tempest.lib.common.dynamic_creds [-] Acquired dynamic creds: credentials: Credentials: {'domain_id': 'default', 'domain_name': 'Default', 'username': 'tempest-ComputeTenantNetworksTest-1020681360-project-member', 'project_domain_id': 'default', 'project_domain_name': 'Default', 'project_id': '9995c7acdd6a490b954f4d86f850cca8', 'project_name': 'tempest-ComputeTenantNetworksTest-1020681360', 'tenant_id': '9995c7acdd6a490b954f4d86f850cca8', 'tenant_name': 'tempest-ComputeTenantNetworksTest-1020681360', 'user_domain_id': 'default', 'user_domain_name': 'Default', 'user_id': '5231f16b108c4b979a37c50127d89ae9', 'system': None}, Network: None, Subnet: None, Router: None
2025-11-22 07:29:44.071 66672 INFO tempest.lib.common.rest_client [req-6efbad54-14d9-4bda-becd-a33eb2a099ae req-6efbad54-14d9-4bda-becd-a33eb2a099ae ] Request (FlavorsAdminTestJSON:test_create_list_flavor_without_extra_data): 200 GET http://10.180.1.21/compute/v2.1/flavors/detail 4.051s
2025-11-22 07:29:44.103 66718 INFO tempest.lib.common.rest_client [req-0058f228-9fa0-49c8-9a87-228d7370deaf req-0058f228-9fa0-49c8-9a87-228d7370deaf ] Request (ComputeTenantNetworksTest:setUpClass): 201 POST http://10.180.1.21/identity/v3/auth/tokens 0.068s
2025-11-22 07:29:44.182 66686 INFO tempest.lib.common.rest_client [req-31de7aa6-4097-4031-a503-fc139c766268 req-31de7aa6-4097-4031-a503-fc139c766268 ] Request (FloatingIPsAssociationNegativeTestJSON:_run_cleanups): 202 DELETE http://10.180.1.21/compute/v2.1/os-floating-ips/1386ab19-0c13-48e9-8f47-06d7346ff823 4.181s
2025-11-22 07:29:44.495 66718 INFO tempest.lib.common.rest_client [req-702af1fd-15f3-4b2d-bb9e-a9fd600964e3 req-702af1fd-15f3-4b2d-bb9e-a9fd600964e3 ] Request (ComputeTenantNetworksTest:setUpClass): 201 POST http://10.180.1.21/networking/v2.0/networks 0.392s
2025-11-22 07:29:44.496 66718 INFO tempest.lib.common.dynamic_creds [-] Created isolated network resources for: credentials: Credentials: {'domain_id': 'default', 'domain_name': 'Default', 'username': 'tempest-ComputeTenantNetworksTest-1020681360-project-member', 'project_domain_id': 'default', 'project_domain_name': 'Default', 'project_id': '9995c7acdd6a490b954f4d86f850cca8', 'project_name': 'tempest-ComputeTenantNetworksTest-1020681360', 'tenant_id': '9995c7acdd6a490b954f4d86f850cca8', 'tenant_name': 'tempest-ComputeTenantNetworksTest-1020681360', 'user_domain_id': 'default', 'user_domain_name': 'Default', 'user_id': '5231f16b108c4b979a37c50127d89ae9', 'system': None}, Network: {'id': '54979865-2a16-4f20-b6a2-1662291f770c', 'name': 'tempest-ComputeTenantNetworksTest-1397348544-network', 'tenant_id': '9995c7acdd6a490b954f4d86f850cca8', 'project_id': '9995c7acdd6a490b954f4d86f850cca8', 'admin_state_up': True, 'mtu': 8950, 'status': 'ACTIVE', 'subnets': [], 'shared': False, 'port_security_enabled': True, 'router:external': False, 'provider:network_type': 'vlan', 'provider:physical_network': 'default', 'provider:segmentation_id': 490, 'availability_zone_hints': [], 'availability_zones': [], 'ipv4_address_scope': None, 'ipv6_address_scope': None, 'description': '', 'tags': [], 'created_at': '2025-11-22T07:29:44Z', 'updated_at': '2025-11-22T07:29:44Z', 'revision_number': 1}, Subnet: None, Router: None
2025-11-22 07:29:44.574 66718 INFO tempest.lib.common.rest_client [req-19deeece-d7a6-41d5-9abf-fcd264f935c5 req-19deeece-d7a6-41d5-9abf-fcd264f935c5 ] Request (ComputeTenantNetworksTest:setUpClass): 201 POST http://10.180.1.21/identity/v3/auth/tokens 0.075s
2025-11-22 07:29:44.587 66700 INFO tempest.lib.common.rest_client [req-6d45466a-ae34-49e3-869b-5fe071287cdc req-6d45466a-ae34-49e3-869b-5fe071287cdc ] Request (ImagesTestJSON:test_create_image_from_stopped_server): 200 GET http://10.180.1.21/compute/v2.1/servers/4f51c25f-c291-4a81-aacb-8d91f84b47ca 4.418s
2025-11-22 07:29:44.610 66718 INFO tempest.lib.common.rest_client [req-bfc0f865-2f86-4556-8a6b-dbbb4c97e419 req-bfc0f865-2f86-4556-8a6b-dbbb4c97e419 ] Request (ComputeTenantNetworksTest:setUpClass): 201 POST http://10.180.1.21/identity/v3/auth/tokens 0.032s
2025-11-22 07:29:44.611 66718 INFO tempest.lib.common.fixed_network [-] (ComputeTenantNetworksTest:setUpClass) Found network {'id': '54979865-2a16-4f20-b6a2-1662291f770c', 'name': 'tempest-ComputeTenantNetworksTest-1397348544-network', 'tenant_id': '9995c7acdd6a490b954f4d86f850cca8', 'project_id': '9995c7acdd6a490b954f4d86f850cca8', 'admin_state_up': True, 'mtu': 8950, 'status': 'ACTIVE', 'subnets': [], 'shared': False, 'port_security_enabled': True, 'router:external': False, 'provider:network_type': 'vlan', 'provider:physical_network': 'default', 'provider:segmentation_id': 490, 'availability_zone_hints': [], 'availability_zones': [], 'ipv4_address_scope': None, 'ipv6_address_scope': None, 'description': '', 'tags': [], 'created_at': '2025-11-22T07:29:44Z', 'updated_at': '2025-11-22T07:29:44Z', 'revision_number': 1} available for tenant
2025-11-22 07:29:44.614 66724 INFO tempest.lib.common.rest_client [req-e476d5de-468f-4a09-8455-a101723b99b6 req-e476d5de-468f-4a09-8455-a101723b99b6 ] Request (ServersWithSpecificFlavorTestJSON:test_verify_created_server_ephemeral_disk): 200 GET http://10.180.1.21/compute/v2.1/servers/82b10e60-6014-43f0-89d7-e43490d6b3cc 4.513s
2025-11-22 07:29:44.622 66724 INFO tempest.common.waiters [-] State transition "BUILD/None" ==> "BUILD/spawning" after 22 second wait
2025-11-22 07:29:44.650 66716 INFO tempest.lib.common.rest_client [req-851956ad-b472-435f-8b1d-74dc91ccb016 req-851956ad-b472-435f-8b1d-74dc91ccb016 ] Request (AttachInterfacesTestJSON:test_create_list_show_delete_interfaces_by_fixed_ip): 200 GET http://10.180.1.21/compute/v2.1/servers/360dd62d-2728-42fc-b465-be021e7b4ca1 4.452s
2025-11-22 07:29:44.659 66716 INFO tempest.common.waiters [-] State transition "BUILD/scheduling" ==> "BUILD/None" after 5 second wait
2025-11-22 07:29:44.666 66676 INFO tempest.lib.common.rest_client [req-4230c334-9c8f-4959-8b24-a66f9ab3e166 req-4230c334-9c8f-4959-8b24-a66f9ab3e166 ] Request (FloatingIPsAssociationTestJSON:setUpClass): 200 GET http://10.180.1.21/compute/v2.1/servers/f077c0a1-f72a-4ce7-b1b3-4b38195bcfae 4.359s
2025-11-22 07:29:44.705 66698 INFO tempest.lib.common.rest_client [req-f6670e8a-ae09-406d-8d08-e776c26f6221 req-f6670e8a-ae09-406d-8d08-e776c26f6221 ] Request (DeleteServersAdminTestJSON:test_delete_server_while_in_error_state): 200 GET http://10.180.1.21/compute/v2.1/servers/f28bb836-873d-45ba-8e0b-b9ed0a4efd8b 4.381s
2025-11-22 07:29:44.731 66694 INFO tempest.lib.common.rest_client [req-c412cec1-bedc-4c35-860e-e55822860d53 req-c412cec1-bedc-4c35-860e-e55822860d53 ] Request (ImagesMetadataNegativeTestJSON:test_list_nonexistent_image_metadata): 404 GET http://10.180.1.21/compute/v2.1/images/4a689e12-bef0-46ac-8822-ee68f3cdf92b/metadata 4.287s
2025-11-22 07:29:44.767 66684 INFO tempest.lib.common.rest_client [req-c0338e76-f952-4bfc-bee9-8645675f9ca4 req-c0338e76-f952-4bfc-bee9-8645675f9ca4 ] Request (DeleteServersTestJSON:test_delete_active_server): 200 GET http://10.180.1.21/compute/v2.1/servers/85179817-231c-426a-a178-5d82f230c91f 4.421s
2025-11-22 07:29:44.828 66682 INFO tempest.lib.common.rest_client [req-a2aabf5f-2283-4b32-959a-ece19bb96734 req-a2aabf5f-2283-4b32-959a-ece19bb96734 ] Request (ServersTestBootFromVolume:setUpClass): 200 GET http://10.180.1.21/volume/v3/volumes/69886927-9c78-494a-801f-854baba41b8f 0.033s
2025-11-22 07:29:44.904 66722 INFO tempest.lib.common.rest_client [req-603fbe3b-83ff-4c55-a65f-2529bfe2b863 req-603fbe3b-83ff-4c55-a65f-2529bfe2b863 ] Request (ServersAdmin275Test:tearDownClass): 200 GET http://10.180.1.21/compute/v2.1/servers/4ec9786f-f606-413b-9b4e-df58138aea40 3.472s
2025-11-22 07:29:44.915 66722 INFO tempest.common.waiters [-] State transition "ACTIVE/deleting" ==> "DELETED/None" after 4 second wait
2025-11-22 07:29:44.915 66726 INFO tempest.lib.common.rest_client [req-5e4942bc-7632-48b5-a26f-71d3fcd6ce63 req-5e4942bc-7632-48b5-a26f-71d3fcd6ce63 ] Request (MultipleCreateTestJSON:test_multiple_create): 200 GET http://10.180.1.21/compute/v2.1/servers/93f2b474-fb15-4d51-bcfe-214c0aa875ab 3.213s
2025-11-22 07:29:45.041 66664 INFO tempest.lib.common.rest_client [req-f4212279-d8a0-43a3-bd60-97523b0642ce req-f4212279-d8a0-43a3-bd60-97523b0642ce ] Request (KeyPairsV2TestJSON:test_get_keypair_detail): 200 POST http://10.180.1.21/compute/v2.1/os-keypairs 2.795s
2025-11-22 07:29:45.051 66696 INFO tempest.lib.common.rest_client [req-5912288b-2860-489e-8f0f-59cf4e0c0145 req-5912288b-2860-489e-8f0f-59cf4e0c0145 ] Request (ServerExternalEventsTest:test_create_server_external_events): 200 POST http://10.180.1.21/compute/v2.1/os-server-external-events 2.369s
2025-11-22 07:29:45.105 66678 INFO tempest.lib.common.rest_client [req-7698619a-fa3f-4bea-93cc-5c9f75e75e40 req-7698619a-fa3f-4bea-93cc-5c9f75e75e40 ] Request (ServersTestFqdnHostnames:test_create_server_with_fqdn_name): 200 GET http://10.180.1.21/compute/v2.1/servers/58538626-bfca-4c65-afe8-4b629209eed7 2.399s
2025-11-22 07:29:45.113 66688 INFO tempest.lib.common.rest_client [req-efb75b49-69ff-4212-85a7-8652df45708d req-efb75b49-69ff-4212-85a7-8652df45708d ] Request (TenantUsagesNegativeTestJSON:test_list_usage_all_tenants_with_non_admin_user): 403 GET http://10.180.1.21/compute/v2.1/os-simple-tenant-usage?start=2025-11-21T07%3A29%3A36.104103&end=2025-11-23T07%3A29%3A36.104103&detailed=1 2.399s
2025-11-22 07:29:45.125 66692 INFO tempest.lib.common.rest_client [req-2d107625-7fba-4fc6-8b03-ebad33eb949f req-2d107625-7fba-4fc6-8b03-ebad33eb949f ] Request (KeyPairsV210TestJSON:_run_cleanups): 204 DELETE http://10.180.1.21/compute/v2.1/os-keypairs/tempest-keypair-521770944?user_id=19d8bacdb1e4444e993f6062e9027623 2.177s
2025-11-22 07:29:45.214 66688 INFO tempest.lib.common.rest_client [req-515d27c3-73b7-48f1-8445-dac9bb29c9fd req-515d27c3-73b7-48f1-8445-dac9bb29c9fd ] Request (TenantUsagesNegativeTestJSON:tearDownClass): 204 DELETE http://10.180.1.21/identity/v3/users/a3d304eed06d4226a35414f245805bca 0.099s
2025-11-22 07:29:45.225 66692 INFO tempest.lib.common.rest_client [req-c9f0343c-11e7-44ba-942c-df4f24d27508 req-c9f0343c-11e7-44ba-942c-df4f24d27508 ] Request (KeyPairsV210TestJSON:tearDownClass): 204 DELETE http://10.180.1.21/identity/v3/users/19d8bacdb1e4444e993f6062e9027623 0.096s
2025-11-22 07:29:45.228 66680 INFO tempest.lib.common.rest_client [req-54dcb476-cffc-4c45-a5c7-c9e2f3f9d31b req-54dcb476-cffc-4c45-a5c7-c9e2f3f9d31b ] Request (ServersAdminNegativeTestJSON:test_migrate_server_invalid_state): 200 GET http://10.180.1.21/compute/v2.1/servers/8738f005-0f23-4332-8c49-94015b8f1786 2.255s
2025-11-22 07:29:45.338 66688 INFO tempest.lib.common.rest_client [req-872c7533-2f6f-4757-b002-bdb2c9fe0f1d req-872c7533-2f6f-4757-b002-bdb2c9fe0f1d ] Request (TenantUsagesNegativeTestJSON:tearDownClass): 204 DELETE http://10.180.1.21/identity/v3/users/6d46f1e291a847e5aa3b7c0f0123d018 0.123s
2025-11-22 07:29:45.338 66688 INFO tempest.lib.common.dynamic_creds [-] Deleting project and security group for project: 920bed38493f4127afb735cab99a6893
2025-11-22 07:29:45.353 66692 INFO tempest.lib.common.rest_client [req-3eab9e14-2116-4b2f-b42a-267c52c15b5c req-3eab9e14-2116-4b2f-b42a-267c52c15b5c ] Request (KeyPairsV210TestJSON:tearDownClass): 204 DELETE http://10.180.1.21/identity/v3/users/3caaa0dadb1945a0a43505a6ff4e2af6 0.127s
2025-11-22 07:29:45.354 66692 INFO tempest.lib.common.dynamic_creds [-] Deleting project and security group for project: 4fadd47d9e3f4d3a9ece87a34cef77b4
2025-11-22 07:29:45.403 66688 INFO tempest.lib.common.rest_client [req-5dbc040b-3985-465e-82ae-2ca23b8ee8a9 req-5dbc040b-3985-465e-82ae-2ca23b8ee8a9 ] Request (TenantUsagesNegativeTestJSON:tearDownClass): 201 POST http://10.180.1.21/identity/v3/auth/tokens 0.065s
2025-11-22 07:29:45.429 66692 INFO tempest.lib.common.rest_client [req-01f0ca33-5093-4103-97eb-279ff3fb90b4 req-01f0ca33-5093-4103-97eb-279ff3fb90b4 ] Request (KeyPairsV210TestJSON:tearDownClass): 201 POST http://10.180.1.21/identity/v3/auth/tokens 0.075s
2025-11-22 07:29:45.428 66674 INFO tempest.lib.common.rest_client [req-e280590e-049d-4ec7-9c3f-7cff178195e5 req-e280590e-049d-4ec7-9c3f-7cff178195e5 ] Request (ImagesMetadataTestJSON:setUp): 200 PUT http://10.180.1.21/compute/v2.1/images/44c0bd0e-c747-45a1-ab85-3791d787caaf/metadata 2.339s
2025-11-22 07:29:45.463 66668 INFO tempest.lib.common.rest_client [req-da883093-bd3e-4df7-a7fa-446038fb6e0e req-da883093-bd3e-4df7-a7fa-446038fb6e0e ] Request (AggregatesAdminNegativeTestJSON:test_aggregate_delete_as_user): 200 POST http://10.180.1.21/compute/v2.1/os-aggregates 2.245s
2025-11-22 07:29:45.525 66702 INFO tempest.lib.common.rest_client [req-b1f79bee-a832-4a7e-b6de-67dcf520b1f5 req-b1f79bee-a832-4a7e-b6de-67dcf520b1f5 ] Request (QuotasAdminTestV236:test_get_updated_quotas): 200 GET http://10.180.1.21/compute/v2.1/os-quota-sets/7bb6189d915d4268b449ea77c7ee534b/detail 2.334s
2025-11-22 07:29:45.554 66702 INFO tempest.lib.common.rest_client [req-221d7742-580d-4152-9a4e-676eec3cbd4c req-221d7742-580d-4152-9a4e-676eec3cbd4c ] Request (QuotasAdminTestV236:test_get_updated_quotas): 200 GET http://10.180.1.21/identity/v3/domains?name=Default 0.024s
2025-11-22 07:29:45.578 66666 INFO tempest.lib.common.rest_client [req-b6ef0196-b0c7-432b-b491-ffb47f36f67f req-b6ef0196-b0c7-432b-b491-ffb47f36f67f ] Request (VolumesAdminNegativeTest:tearDownClass): 204 DELETE http://10.180.1.21/compute/v2.1/servers/485630f9-8279-432f-aef0-45cdc0a09ec5 2.203s
2025-11-22 07:29:45.598 66702 INFO tempest.lib.common.rest_client [req-df47b339-0ac5-4aad-8f47-0e3f136cdbe3 req-df47b339-0ac5-4aad-8f47-0e3f136cdbe3 ] Request (QuotasAdminTestV236:test_get_updated_quotas): 201 POST http://10.180.1.21/identity/v3/users 0.043s
2025-11-22 07:29:45.613 66688 INFO tempest.lib.common.rest_client [req-643c7df2-215e-48e1-a8a9-db05027456a1 req-643c7df2-215e-48e1-a8a9-db05027456a1 ] Request (TenantUsagesNegativeTestJSON:tearDownClass): 200 GET http://10.180.1.21/networking/v2.0/security-groups?tenant_id=920bed38493f4127afb735cab99a6893&name=default 0.210s
2025-11-22 07:29:45.625 66702 INFO tempest.lib.common.rest_client [req-36f2d75f-a942-4c4c-8500-20017540032c req-36f2d75f-a942-4c4c-8500-20017540032c ] Request (QuotasAdminTestV236:test_get_updated_quotas): 200 GET http://10.180.1.21/identity/v3/domains?name=Default 0.026s
2025-11-22 07:29:45.785 66692 INFO tempest.lib.common.rest_client [req-5bb0897b-d7ad-497c-9c53-abfaebd0d089 req-5bb0897b-d7ad-497c-9c53-abfaebd0d089 ] Request (KeyPairsV210TestJSON:tearDownClass): 200 GET http://10.180.1.21/networking/v2.0/security-groups?tenant_id=4fadd47d9e3f4d3a9ece87a34cef77b4&name=default 0.356s
2025-11-22 07:29:45.868 66682 INFO tempest.lib.common.rest_client [req-e090c268-e368-48ec-ab9b-2ee4ae8c2a54 req-e090c268-e368-48ec-ab9b-2ee4ae8c2a54 ] Request (ServersTestBootFromVolume:setUpClass): 200 GET http://10.180.1.21/volume/v3/volumes/69886927-9c78-494a-801f-854baba41b8f 0.032s
2025-11-22 07:29:45.885 66720 INFO tempest.lib.common.rest_client [req-73c2fa1a-5ecc-4e0f-a3ad-199e5c3a447d req-73c2fa1a-5ecc-4e0f-a3ad-199e5c3a447d ] Request (ServerDiagnosticsNegativeTest:tearDownClass): 200 GET http://10.180.1.21/compute/v2.1/servers/0a847584-d04a-45f6-8bad-c962aa44073f 2.066s
2025-11-22 07:29:45.988 66706 WARNING tempest.lib.common.ssh [-] Failed to establish authenticated ssh connection to cirros@10.180.180.245 ([Errno None] Unable to connect to port 22 on 10.180.180.245). Number attempts: 1. Retry after 2 seconds.: paramiko.ssh_exception.NoValidConnectionsError: [Errno None] Unable to connect to port 22 on 10.180.180.245
2025-11-22 07:29:46.005 66688 INFO tempest.lib.common.rest_client [req-9479c835-3f33-4e06-a6b9-19a06be3d644 req-9479c835-3f33-4e06-a6b9-19a06be3d644 ] Request (TenantUsagesNegativeTestJSON:tearDownClass): 204 DELETE http://10.180.1.21/networking/v2.0/security-groups/2b321301-7a81-4e5e-aa12-95b1ba66f7f8 0.391s
2025-11-22 07:29:46.073 66688 INFO tempest.lib.common.rest_client [req-1ea69eeb-c456-41aa-8a20-7229c2c39ce3 req-1ea69eeb-c456-41aa-8a20-7229c2c39ce3 ] Request (TenantUsagesNegativeTestJSON:tearDownClass): 204 DELETE http://10.180.1.21/identity/v3/projects/920bed38493f4127afb735cab99a6893 0.068s
2025-11-22 07:29:46.073 66688 INFO tempest.lib.common.dynamic_creds [-] Deleting project and security group for project: 65197d9211bf47a58c35697ba9be451a
2025-11-22 07:29:46.130 66692 INFO tempest.lib.common.rest_client [req-266ed262-7382-40d3-9982-c82cdc026d0f req-266ed262-7382-40d3-9982-c82cdc026d0f ] Request (KeyPairsV210TestJSON:tearDownClass): 204 DELETE http://10.180.1.21/networking/v2.0/security-groups/4a9af696-b187-4ec2-a9fe-eb1a7a50c3db 0.345s
2025-11-22 07:29:46.256 66692 INFO tempest.lib.common.rest_client [req-1916a531-24fb-4c96-a8c0-9e77c51ae5f4 req-1916a531-24fb-4c96-a8c0-9e77c51ae5f4 ] Request (KeyPairsV210TestJSON:tearDownClass): 204 DELETE http://10.180.1.21/identity/v3/projects/4fadd47d9e3f4d3a9ece87a34cef77b4 0.125s
2025-11-22 07:29:46.256 66692 INFO tempest.lib.common.dynamic_creds [-] Deleting project and security group for project: 0dce510088764539a6a91e40a71230b2
2025-11-22 07:29:46.343 66691 INFO tempest.lib.common.rest_client [req-4e225a53-f1a7-45b3-b685-19eb0a853ab0 req-4e225a53-f1a7-45b3-b685-19eb0a853ab0 ] Request (TenantUsagesTestJSON:setUpClass): 200 GET http://10.180.1.21/compute/v2.1/servers/53443ee7-ccf1-4eff-b6a2-da4eaa24f146 2.508s
2025-11-22 07:29:46.351 66691 INFO tempest.common.waiters [-] State transition "BUILD/None" ==> "BUILD/block_device_mapping" after 18 second wait
2025-11-22 07:29:46.358 66713 INFO tempest.lib.common.rest_client [req-f1ffe340-b6e4-4c36-8b44-fb47ba4530b3 req-f1ffe340-b6e4-4c36-8b44-fb47ba4530b3 ] Request (ListServersNegativeTestJSON:setUpClass): 200 GET http://10.180.1.21/compute/v2.1/servers/01100757-7e89-49d5-848f-e9155dc9e326 2.436s
2025-11-22 07:29:46.365 66713 INFO tempest.common.waiters [-] State transition "ACTIVE/deleting" ==> "DELETED/None" after 4 second wait
2025-11-22 07:29:46.491 66688 INFO tempest.lib.common.rest_client [req-dedc546a-a4e6-45a4-82ef-f6ea17fb40e8 req-dedc546a-a4e6-45a4-82ef-f6ea17fb40e8 ] Request (TenantUsagesNegativeTestJSON:tearDownClass): 200 GET http://10.180.1.21/networking/v2.0/security-groups?tenant_id=65197d9211bf47a58c35697ba9be451a&name=default 0.418s
2025-11-22 07:29:46.690 66692 INFO tempest.lib.common.rest_client [req-d963c78f-7cfd-4dfb-aa90-8c5804c3e2a0 req-d963c78f-7cfd-4dfb-aa90-8c5804c3e2a0 ] Request (KeyPairsV210TestJSON:tearDownClass): 200 GET http://10.180.1.21/networking/v2.0/security-groups?tenant_id=0dce510088764539a6a91e40a71230b2&name=default 0.433s
2025-11-22 07:29:46.786 66710 INFO tempest.lib.common.rest_client [req-c5d4137a-9080-4c6d-bc53-41bf323e580d req-c5d4137a-9080-4c6d-bc53-41bf323e580d ] Request (ServerDiagnosticsV248Test:tearDownClass): 200 GET http://10.180.1.21/compute/v2.1/servers/086df410-c3f1-46f5-81b0-f2e8c85da553 2.846s
2025-11-22 07:29:46.799 66708 INFO tempest.lib.common.rest_client [req-cf7b0f72-6248-4e8d-b43c-672afedccb85 req-cf7b0f72-6248-4e8d-b43c-672afedccb85 ] Request (ServerAddressesNegativeTestJSON:tearDownClass): 200 GET http://10.180.1.21/compute/v2.1/servers/b93aba85-e534-42d2-9278-0d6ca71bbec0 2.741s
2025-11-22 07:29:46.808 66708 INFO tempest.common.waiters [-] State transition "ACTIVE/deleting" ==> "DELETED/None" after 3 second wait
2025-11-22 07:29:46.817 66672 INFO tempest.lib.common.rest_client [req-0f9da05b-70ff-4851-a74e-7c6f8ee6bbb9 req-0f9da05b-70ff-4851-a74e-7c6f8ee6bbb9 ] Request (FlavorsAdminTestJSON:_run_cleanups): 202 DELETE http://10.180.1.21/compute/v2.1/flavors/1533499086 2.739s
2025-11-22 07:29:46.920 66688 INFO tempest.lib.common.rest_client [req-7a535009-a578-4faa-8309-bfc2cb9cd7e3 req-7a535009-a578-4faa-8309-bfc2cb9cd7e3 ] Request (TenantUsagesNegativeTestJSON:tearDownClass): 204 DELETE http://10.180.1.21/networking/v2.0/security-groups/24c7f67c-37c8-4d21-8e10-fb9ebee549d3 0.428s
2025-11-22 07:29:46.922 66682 INFO tempest.lib.common.rest_client [req-23ac33f3-b6f8-4c0a-bbae-5bd7cc95cdb1 req-23ac33f3-b6f8-4c0a-bbae-5bd7cc95cdb1 ] Request (ServersTestBootFromVolume:setUpClass): 200 GET http://10.180.1.21/volume/v3/volumes/69886927-9c78-494a-801f-854baba41b8f 0.042s
2025-11-22 07:29:47.053 66692 INFO tempest.lib.common.rest_client [req-8e7437b1-ee22-4b8d-92ee-021e88e8f4b2 req-8e7437b1-ee22-4b8d-92ee-021e88e8f4b2 ] Request (KeyPairsV210TestJSON:tearDownClass): 204 DELETE http://10.180.1.21/networking/v2.0/security-groups/9980f651-9a6b-4d5d-8946-c8e374ba313f 0.362s
2025-11-22 07:29:47.066 66688 INFO tempest.lib.common.rest_client [req-3f989f17-920e-4041-ad57-8839435f91c0 req-3f989f17-920e-4041-ad57-8839435f91c0 ] Request (TenantUsagesNegativeTestJSON:tearDownClass): 204 DELETE http://10.180.1.21/identity/v3/projects/65197d9211bf47a58c35697ba9be451a 0.146s
2025-11-22 07:29:47.130 66688 INFO tempest.lib.common.rest_client [req-ea014392-cae1-41d0-a0c6-c35ae331dd0d req-ea014392-cae1-41d0-a0c6-c35ae331dd0d ] Request (KeyPairsV22TestJSON:setUpClass): 201 POST http://10.180.1.21/identity/v3/auth/tokens 0.062s
2025-11-22 07:29:47.178 66692 INFO tempest.lib.common.rest_client [req-ae3939f5-a25d-48b4-b3ee-0a7f0355a981 req-ae3939f5-a25d-48b4-b3ee-0a7f0355a981 ] Request (KeyPairsV210TestJSON:tearDownClass): 204 DELETE http://10.180.1.21/identity/v3/projects/0dce510088764539a6a91e40a71230b2 0.125s
2025-11-22 07:29:47.204 66688 INFO tempest.lib.common.rest_client [req-049a99b7-7420-42e3-bd54-4071e79463a4 req-049a99b7-7420-42e3-bd54-4071e79463a4 ] Request (KeyPairsV22TestJSON:setUpClass): 201 POST http://10.180.1.21/identity/v3/auth/tokens 0.071s
2025-11-22 07:29:47.204 66718 INFO tempest.lib.common.rest_client [req-528e27ed-75d7-4f4c-b8f8-edf60d0c2a0a req-528e27ed-75d7-4f4c-b8f8-edf60d0c2a0a ] Request (ComputeTenantNetworksTest:test_list_show_tenant_networks): 200 GET http://10.180.1.21/compute/v2.1/os-tenant-networks 2.593s
2025-11-22 07:29:47.216 66692 INFO tempest.lib.common.rest_client [req-e6b8d974-f795-4244-8af6-e4b7bd35717f req-e6b8d974-f795-4244-8af6-e4b7bd35717f ] Request (ImagesOneServerNegativeTestJSON:setUpClass): 201 POST http://10.180.1.21/identity/v3/auth/tokens 0.034s
2025-11-22 07:29:47.237 66688 INFO tempest.lib.common.rest_client [req-e9efdc51-5160-4cc2-b62e-e12ad1356e72 req-e9efdc51-5160-4cc2-b62e-e12ad1356e72 ] Request (KeyPairsV22TestJSON:setUpClass): 200 GET http://10.180.1.21/identity/v3/domains?name=Default 0.032s
2025-11-22 07:29:47.237 66694 INFO tempest.lib.common.rest_client [req-8542fcf7-cb63-4fcd-af5f-24a301dafecf req-8542fcf7-cb63-4fcd-af5f-24a301dafecf ] Request (ImagesMetadataNegativeTestJSON:test_set_nonexistent_image_metadata): 404 PUT http://10.180.1.21/compute/v2.1/images/660ee38a-ab90-4684-88b6-11512d3200ef/metadata 2.505s
2025-11-22 07:29:47.263 66692 INFO tempest.lib.common.rest_client [req-2124a032-bcd8-4146-a433-9cf68824258b req-2124a032-bcd8-4146-a433-9cf68824258b ] Request (ImagesOneServerNegativeTestJSON:setUpClass): 201 POST http://10.180.1.21/identity/v3/auth/tokens 0.041s
2025-11-22 07:29:47.275 66688 INFO tempest.lib.common.rest_client [req-571dd8cc-436e-44cd-9873-f735d65a89d7 req-571dd8cc-436e-44cd-9873-f735d65a89d7 ] Request (KeyPairsV22TestJSON:setUpClass): 201 POST http://10.180.1.21/identity/v3/projects 0.037s
2025-11-22 07:29:47.337 66692 INFO tempest.lib.common.rest_client [req-5022c4ff-2d21-483f-8026-1e346f511011 req-5022c4ff-2d21-483f-8026-1e346f511011 ] Request (ImagesOneServerNegativeTestJSON:setUpClass): 200 GET http://10.180.1.21/identity/v3/domains?name=Default 0.073s
2025-11-22 07:29:47.346 66688 INFO tempest.lib.common.rest_client [req-0632ef73-c644-415c-8d6d-fb24be951410 req-0632ef73-c644-415c-8d6d-fb24be951410 ] Request (KeyPairsV22TestJSON:setUpClass): 201 POST http://10.180.1.21/identity/v3/users 0.071s
2025-11-22 07:29:47.367 66692 INFO tempest.lib.common.rest_client [req-092a7787-42bd-4fbe-a021-db1d6f526152 req-092a7787-42bd-4fbe-a021-db1d6f526152 ] Request (ImagesOneServerNegativeTestJSON:setUpClass): 201 POST http://10.180.1.21/identity/v3/projects 0.029s
2025-11-22 07:29:47.369 66688 INFO tempest.lib.common.rest_client [req-2bd43391-4ce9-49ee-91e0-f1030c98dee9 req-2bd43391-4ce9-49ee-91e0-f1030c98dee9 ] Request (KeyPairsV22TestJSON:setUpClass): 200 GET http://10.180.1.21/identity/v3/roles 0.022s
2025-11-22 07:29:47.444 66692 INFO tempest.lib.common.rest_client [req-ba2d025e-31bd-4959-8a01-6336bb892f5e req-ba2d025e-31bd-4959-8a01-6336bb892f5e ] Request (ImagesOneServerNegativeTestJSON:setUpClass): 201 POST http://10.180.1.21/identity/v3/users 0.076s
2025-11-22 07:29:47.450 66688 INFO tempest.lib.common.rest_client [req-4be357ff-b60e-41cd-b0d7-b46735a57bd3 req-4be357ff-b60e-41cd-b0d7-b46735a57bd3 ] Request (KeyPairsV22TestJSON:setUpClass): 204 PUT http://10.180.1.21/identity/v3/projects/29b34f40f505427c969331c515d2d4e5/users/9127a6b7202e4e4484f222522bf69b10/roles/025530159c8348df9f61db99da335d5b 0.081s
2025-11-22 07:29:47.451 66714 INFO tempest.lib.common.rest_client [req-4861f941-78e3-45ea-8b60-bc06dd28daf3 req-4861f941-78e3-45ea-8b60-bc06dd28daf3 ] Request (ServersAdminTestJSON:setUpClass): 200 GET http://10.180.1.21/compute/v2.1/servers/b40a0533-a14f-428f-a39e-7076f0394386 2.539s
2025-11-22 07:29:47.452 66688 INFO tempest.lib.common.dynamic_creds [-] Dynamic test user 9127a6b7202e4e4484f222522bf69b10 is created with scope project and roles: ['member']
2025-11-22 07:29:47.452 66688 INFO tempest.lib.common.dynamic_creds [-] Acquired dynamic creds: credentials: Credentials: {'domain_id': 'default', 'domain_name': 'Default', 'username': 'tempest-KeyPairsV22TestJSON-740104512-project-member', 'project_domain_id': 'default', 'project_domain_name': 'Default', 'project_id': '29b34f40f505427c969331c515d2d4e5', 'project_name': 'tempest-KeyPairsV22TestJSON-740104512', 'tenant_id': '29b34f40f505427c969331c515d2d4e5', 'tenant_name': 'tempest-KeyPairsV22TestJSON-740104512', 'user_domain_id': 'default', 'user_domain_name': 'Default', 'user_id': '9127a6b7202e4e4484f222522bf69b10', 'system': None}, Network: None, Subnet: None, Router: None
2025-11-22 07:29:47.452 66688 INFO tempest.lib.common.dynamic_creds [-] Created isolated network resources for: credentials: Credentials: {'domain_id': 'default', 'domain_name': 'Default', 'username': 'tempest-KeyPairsV22TestJSON-740104512-project-member', 'project_domain_id': 'default', 'project_domain_name': 'Default', 'project_id': '29b34f40f505427c969331c515d2d4e5', 'project_name': 'tempest-KeyPairsV22TestJSON-740104512', 'tenant_id': '29b34f40f505427c969331c515d2d4e5', 'tenant_name': 'tempest-KeyPairsV22TestJSON-740104512', 'user_domain_id': 'default', 'user_domain_name': 'Default', 'user_id': '9127a6b7202e4e4484f222522bf69b10', 'system': None}, Network: None, Subnet: None, Router: None
2025-11-22 07:29:47.469 66664 INFO tempest.lib.common.rest_client [req-3f5d0130-b56e-4924-829d-36f407b16e54 req-3f5d0130-b56e-4924-829d-36f407b16e54 ] Request (KeyPairsV2TestJSON:test_get_keypair_detail): 200 GET http://10.180.1.21/compute/v2.1/os-keypairs/tempest-keypair-1733304283 2.425s
2025-11-22 07:29:47.517 66692 INFO tempest.lib.common.rest_client [req-447fdc3b-2faa-4fe6-b0fb-5dc15c96d3e0 req-447fdc3b-2faa-4fe6-b0fb-5dc15c96d3e0 ] Request (ImagesOneServerNegativeTestJSON:setUpClass): 200 GET http://10.180.1.21/identity/v3/roles 0.072s
2025-11-22 07:29:47.550 66692 INFO tempest.lib.common.rest_client [req-26e32c41-a2c3-439d-9a2c-98d2cf430adc req-26e32c41-a2c3-439d-9a2c-98d2cf430adc ] Request (ImagesOneServerNegativeTestJSON:setUpClass): 204 PUT http://10.180.1.21/identity/v3/projects/13a042aedef14e4db42fe2171427fe5e/users/5f28b6dca5f44c2282c973e812585f29/roles/025530159c8348df9f61db99da335d5b 0.032s
2025-11-22 07:29:47.551 66692 INFO tempest.lib.common.dynamic_creds [-] Dynamic test user 5f28b6dca5f44c2282c973e812585f29 is created with scope project and roles: ['member']
2025-11-22 07:29:47.551 66692 INFO tempest.lib.common.dynamic_creds [-] Acquired dynamic creds: credentials: Credentials: {'domain_id': 'default', 'domain_name': 'Default', 'username': 'tempest-ImagesOneServerNegativeTestJSON-1102838547-project-member', 'project_domain_id': 'default', 'project_domain_name': 'Default', 'project_id': '13a042aedef14e4db42fe2171427fe5e', 'project_name': 'tempest-ImagesOneServerNegativeTestJSON-1102838547', 'tenant_id': '13a042aedef14e4db42fe2171427fe5e', 'tenant_name': 'tempest-ImagesOneServerNegativeTestJSON-1102838547', 'user_domain_id': 'default', 'user_domain_name': 'Default', 'user_id': '5f28b6dca5f44c2282c973e812585f29', 'system': None}, Network: None, Subnet: None, Router: None
2025-11-22 07:29:47.552 66688 INFO tempest.lib.common.rest_client [req-f00d097a-fe98-4b0f-a678-dbe06daf5b1e req-f00d097a-fe98-4b0f-a678-dbe06daf5b1e ] Request (KeyPairsV22TestJSON:setUpClass): 201 POST http://10.180.1.21/identity/v3/auth/tokens 0.092s
2025-11-22 07:29:47.595 66696 INFO tempest.lib.common.rest_client [req-79b968ce-119d-41e6-af47-1e4d3bd0f00f req-79b968ce-119d-41e6-af47-1e4d3bd0f00f ] Request (ServerExternalEventsTest:tearDownClass): 204 DELETE http://10.180.1.21/compute/v2.1/servers/db1723be-7cbf-4414-9823-815c98313a4a 2.541s
2025-11-22 07:29:47.629 66692 INFO tempest.lib.common.rest_client [req-f90c9b92-8a6d-4a41-ae09-d38b5ad921d9 req-f90c9b92-8a6d-4a41-ae09-d38b5ad921d9 ] Request (ImagesOneServerNegativeTestJSON:setUpClass): 201 POST http://10.180.1.21/identity/v3/auth/tokens 0.078s
2025-11-22 07:29:47.800 66674 INFO tempest.lib.common.rest_client [req-46dd6c1a-089b-424c-a2ed-9595e994dff6 req-46dd6c1a-089b-424c-a2ed-9595e994dff6 ] Request (ImagesMetadataTestJSON:test_set_image_metadata_item): 200 PUT http://10.180.1.21/compute/v2.1/images/44c0bd0e-c747-45a1-ab85-3791d787caaf/metadata/os_version 2.370s
2025-11-22 07:29:47.811 66668 INFO tempest.lib.common.rest_client [req-e27ea30a-293a-4240-b03c-ce443772eb06 req-e27ea30a-293a-4240-b03c-ce443772eb06 ] Request (AggregatesAdminNegativeTestJSON:test_aggregate_delete_as_user): 403 DELETE http://10.180.1.21/compute/v2.1/os-aggregates/5 2.346s
2025-11-22 07:29:47.966 66682 INFO tempest.lib.common.rest_client [req-ac1a4403-c339-44ad-8a78-dfc583fdf0c0 req-ac1a4403-c339-44ad-8a78-dfc583fdf0c0 ] Request (ServersTestBootFromVolume:setUpClass): 200 GET http://10.180.1.21/volume/v3/volumes/69886927-9c78-494a-801f-854baba41b8f 0.036s
2025-11-22 07:29:48.050 66692 INFO tempest.lib.common.rest_client [req-3e2a2598-c251-40fb-9f88-0e1226c05134 req-3e2a2598-c251-40fb-9f88-0e1226c05134 ] Request (ImagesOneServerNegativeTestJSON:setUpClass): 201 POST http://10.180.1.21/networking/v2.0/networks 0.421s
2025-11-22 07:29:48.420 66692 INFO tempest.lib.common.rest_client [req-b2978679-5b2a-416f-b7e7-d1ef7b49851a req-b2978679-5b2a-416f-b7e7-d1ef7b49851a ] Request (ImagesOneServerNegativeTestJSON:setUpClass): 201 POST http://10.180.1.21/networking/v2.0/subnets 0.368s
2025-11-22 07:29:48.749 66666 INFO tempest.lib.common.rest_client [req-9bf86557-1c8e-4a61-8a4a-87c8cec84cfd req-9bf86557-1c8e-4a61-8a4a-87c8cec84cfd ] Request (VolumesAdminNegativeTest:tearDownClass): 200 GET http://10.180.1.21/compute/v2.1/servers/485630f9-8279-432f-aef0-45cdc0a09ec5 3.170s
2025-11-22 07:29:49.012 66682 INFO tempest.lib.common.rest_client [req-a5875c42-c88c-4bb4-9d57-0564afcbbd28 req-a5875c42-c88c-4bb4-9d57-0564afcbbd28 ] Request (ServersTestBootFromVolume:setUpClass): 200 GET http://10.180.1.21/volume/v3/volumes/69886927-9c78-494a-801f-854baba41b8f 0.037s
2025-11-22 07:29:49.058 66706 WARNING tempest.lib.common.ssh [-] Failed to establish authenticated ssh connection to cirros@10.180.180.245 ([Errno None] Unable to connect to port 22 on 10.180.180.245). Number attempts: 2. Retry after 3 seconds.: paramiko.ssh_exception.NoValidConnectionsError: [Errno None] Unable to connect to port 22 on 10.180.180.245
2025-11-22 07:29:49.467 66692 INFO tempest.lib.common.rest_client [req-6f0a80bc-46e9-4d15-95f5-4af32cf2a2ba req-6f0a80bc-46e9-4d15-95f5-4af32cf2a2ba ] Request (ImagesOneServerNegativeTestJSON:setUpClass): 201 POST http://10.180.1.21/networking/v2.0/routers 1.047s
2025-11-22 07:29:49.637 66700 INFO tempest.lib.common.rest_client [req-e33af136-ead0-491b-a4ec-e330a34652e6 req-e33af136-ead0-491b-a4ec-e330a34652e6 ] Request (ImagesTestJSON:test_create_image_from_stopped_server): 200 GET http://10.180.1.21/compute/v2.1/servers/4f51c25f-c291-4a81-aacb-8d91f84b47ca 4.041s
2025-11-22 07:29:49.649 66700 INFO tempest.common.waiters [-] State transition "BUILD/None" ==> "BUILD/spawning" after 20 second wait
2025-11-22 07:29:50.005 66686 INFO tempest.lib.common.rest_client [req-f777a97c-7cbc-4785-8a61-45823dea194b req-f777a97c-7cbc-4785-8a61-45823dea194b ] Request (FloatingIPsAssociationNegativeTestJSON:_run_cleanups): 202 POST http://10.180.1.21/compute/v2.1/servers/3cba14a9-99bb-4630-ace4-d9ead1c2c2a4/action 5.823s
2025-11-22 07:29:50.028 66724 INFO tempest.lib.common.rest_client [req-400f4c85-52bb-4e3c-be3e-f4955d956e4f req-400f4c85-52bb-4e3c-be3e-f4955d956e4f ] Request (ServersWithSpecificFlavorTestJSON:test_verify_created_server_ephemeral_disk): 200 GET http://10.180.1.21/compute/v2.1/servers/82b10e60-6014-43f0-89d7-e43490d6b3cc 4.405s
2025-11-22 07:29:50.063 66682 INFO tempest.lib.common.rest_client [req-6e63cd28-5e5e-48d9-bac1-b665b065e613 req-6e63cd28-5e5e-48d9-bac1-b665b065e613 ] Request (ServersTestBootFromVolume:setUpClass): 200 GET http://10.180.1.21/volume/v3/volumes/69886927-9c78-494a-801f-854baba41b8f 0.043s
2025-11-22 07:29:50.232 66702 INFO tempest.lib.common.rest_client [req-35face08-57a1-42dc-b6cd-0e06b6d19bce req-35face08-57a1-42dc-b6cd-0e06b6d19bce ] Request (QuotasAdminTestV236:test_get_updated_quotas): 200 PUT http://10.180.1.21/compute/v2.1/os-quota-sets/7bb6189d915d4268b449ea77c7ee534b?user_id=329f291e0abc4aa4bf2e6b75a264366b 4.606s
2025-11-22 07:29:50.253 66716 INFO tempest.lib.common.rest_client [req-fc599244-c0ff-400a-81dd-9eea09ff5e3f req-fc599244-c0ff-400a-81dd-9eea09ff5e3f ] Request (AttachInterfacesTestJSON:test_create_list_show_delete_interfaces_by_fixed_ip): 200 GET http://10.180.1.21/compute/v2.1/servers/360dd62d-2728-42fc-b465-be021e7b4ca1 4.593s
2025-11-22 07:29:50.298 66676 INFO tempest.lib.common.rest_client [req-b7e7875b-0ad2-4a53-b1a7-494aea3107f7 req-b7e7875b-0ad2-4a53-b1a7-494aea3107f7 ] Request (FloatingIPsAssociationTestJSON:setUpClass): 200 GET http://10.180.1.21/compute/v2.1/servers/f077c0a1-f72a-4ce7-b1b3-4b38195bcfae 4.624s
2025-11-22 07:29:50.309 66698 INFO tempest.lib.common.rest_client [req-c46c4f78-0c21-434a-bca5-5ab3a4d5ae4a req-c46c4f78-0c21-434a-bca5-5ab3a4d5ae4a ] Request (DeleteServersAdminTestJSON:test_delete_server_while_in_error_state): 200 GET http://10.180.1.21/compute/v2.1/servers/f28bb836-873d-45ba-8e0b-b9ed0a4efd8b 4.595s
2025-11-22 07:29:50.316 66698 INFO tempest.common.waiters [-] State transition "BUILD/scheduling" ==> "BUILD/None" after 11 second wait
2025-11-22 07:29:50.360 66684 INFO tempest.lib.common.rest_client [req-93e07a43-b214-4fa6-b26d-541effbb664c req-93e07a43-b214-4fa6-b26d-541effbb664c ] Request (DeleteServersTestJSON:test_delete_active_server): 200 GET http://10.180.1.21/compute/v2.1/servers/85179817-231c-426a-a178-5d82f230c91f 4.583s
2025-11-22 07:29:50.368 66684 INFO tempest.common.waiters [-] State transition "ACTIVE/deleting" ==> "DELETED/None" after 6 second wait
2025-11-22 07:29:50.385 66692 INFO tempest.lib.common.rest_client [req-8edc56c3-52b2-4afe-bef1-b9458b9032bd req-8edc56c3-52b2-4afe-bef1-b9458b9032bd ] Request (ImagesOneServerNegativeTestJSON:setUpClass): 200 PUT http://10.180.1.21/networking/v2.0/routers/ecb36c99-1e4a-4188-a92e-3d603ae3f9e9/add_router_interface 0.917s
2025-11-22 07:29:50.385 66692 INFO tempest.lib.common.dynamic_creds [-] Created isolated network resources for: credentials: Credentials: {'domain_id': 'default', 'domain_name': 'Default', 'username': 'tempest-ImagesOneServerNegativeTestJSON-1102838547-project-member', 'project_domain_id': 'default', 'project_domain_name': 'Default', 'project_id': '13a042aedef14e4db42fe2171427fe5e', 'project_name': 'tempest-ImagesOneServerNegativeTestJSON-1102838547', 'tenant_id': '13a042aedef14e4db42fe2171427fe5e', 'tenant_name': 'tempest-ImagesOneServerNegativeTestJSON-1102838547', 'user_domain_id': 'default', 'user_domain_name': 'Default', 'user_id': '5f28b6dca5f44c2282c973e812585f29', 'system': None}, Network: {'id': '2c452ff9-ea10-415b-8294-b2670ce65cd7', 'name': 'tempest-ImagesOneServerNegativeTestJSON-1651403564-network', 'tenant_id': '13a042aedef14e4db42fe2171427fe5e', 'project_id': '13a042aedef14e4db42fe2171427fe5e', 'admin_state_up': True, 'mtu': 8950, 'status': 'ACTIVE', 'subnets': [], 'shared': False, 'port_security_enabled': True, 'router:external': False, 'provider:network_type': 'vlan', 'provider:physical_network': 'default', 'provider:segmentation_id': 102, 'availability_zone_hints': [], 'availability_zones': [], 'ipv4_address_scope': None, 'ipv6_address_scope': None, 'description': '', 'tags': [], 'created_at': '2025-11-22T07:29:47Z', 'updated_at': '2025-11-22T07:29:47Z', 'revision_number': 1}, Subnet: {'id': '42bf292c-e043-4b81-a508-05c245cc28dd', 'name': 'tempest-ImagesOneServerNegativeTestJSON-1651403564-subnet', 'tenant_id': '13a042aedef14e4db42fe2171427fe5e', 'network_id': '2c452ff9-ea10-415b-8294-b2670ce65cd7', 'ip_version': 4, 'subnetpool_id': None, 'enable_dhcp': True, 'ipv6_ra_mode': None, 'ipv6_address_mode': None, 'gateway_ip': '192.168.128.1', 'cidr': '192.168.128.0/28', 'allocation_pools': [{'start': '192.168.128.2', 'end': '192.168.128.14'}], 'host_routes': [], 'dns_nameservers': [], 'description': '', 'router:external': False, 'service_types': [], 'tags': [], 'created_at': '2025-11-22T07:29:48Z', 'updated_at': '2025-11-22T07:29:48Z', 'revision_number': 0, 'project_id': '13a042aedef14e4db42fe2171427fe5e'}, Router: {'id': 'ecb36c99-1e4a-4188-a92e-3d603ae3f9e9', 'name': 'tempest-ImagesOneServerNegativeTestJSON-1651403564-router', 'tenant_id': '13a042aedef14e4db42fe2171427fe5e', 'admin_state_up': True, 'status': 'ACTIVE', 'external_gateway_info': {'network_id': '08ff20ae-4e29-4684-9270-7adca4edadc3', 'external_fixed_ips': [{'subnet_id': '33cca699-7059-4386-928a-3e0c2718680a', 'ip_address': '10.180.180.209'}], 'enable_snat': True}, 'description': '', 'availability_zones': [], 'distributed': False, 'ha': False, 'availability_zone_hints': [], 'routes': [], 'flavor_id': None, 'tags': [], 'created_at': '2025-11-22T07:29:48Z', 'updated_at': '2025-11-22T07:29:49Z', 'revision_number': 2, 'project_id': '13a042aedef14e4db42fe2171427fe5e'}
2025-11-22 07:29:50.386 66722 INFO tempest.lib.common.rest_client [req-f9ed62fe-a12d-4109-a0b5-5e98d610e3af req-f9ed62fe-a12d-4109-a0b5-5e98d610e3af ] Request (ServersAdmin275Test:tearDownClass): 200 GET http://10.180.1.21/compute/v2.1/servers/4ec9786f-f606-413b-9b4e-df58138aea40 4.470s
2025-11-22 07:29:50.417 66726 INFO tempest.lib.common.rest_client [req-48b266ae-6134-4427-a044-ce8d80dce58c req-48b266ae-6134-4427-a044-ce8d80dce58c ] Request (MultipleCreateTestJSON:test_multiple_create): 200 GET http://10.180.1.21/compute/v2.1/servers/93f2b474-fb15-4d51-bcfe-214c0aa875ab 4.493s
2025-11-22 07:29:50.447 66678 INFO tempest.lib.common.rest_client [req-e7206876-a23e-40ac-b4b4-5f838b3064ad req-e7206876-a23e-40ac-b4b4-5f838b3064ad ] Request (ServersTestFqdnHostnames:test_create_server_with_fqdn_name): 200 GET http://10.180.1.21/compute/v2.1/servers/58538626-bfca-4c65-afe8-4b629209eed7 4.333s
