2025-11-22 07:31:22.062 66698 INFO tempest.lib.common.rest_client [req-67ac04a5-a0cc-431c-901d-30ee080e5387 req-67ac04a5-a0cc-431c-901d-30ee080e5387 ] Request (DeleteServersAdminTestJSON:tearDownClass): 204 DELETE http://10.180.1.21/identity/v3/users/c965e872c9db4ce386e1d0c4c26268b6 0.099s
2025-11-22 07:31:22.179 66706 INFO tempest.lib.common.rest_client [req-f686ac6b-f89d-4850-9e5e-911c715edeae req-f686ac6b-f89d-4850-9e5e-911c715edeae ] Request (VolumesAssistedSnapshotsTest:tearDownClass): 204 DELETE http://10.180.1.21/networking/v2.0/networks/191dd878-ce36-4755-910e-40da65828946 0.321s
2025-11-22 07:31:22.187 66710 INFO tempest.lib.common.rest_client [req-7b090bcf-f858-4d79-8f25-1eb9b2b07fa1 req-7b090bcf-f858-4d79-8f25-1eb9b2b07fa1 ] Request (ImagesOneServerTestJSON:test_create_delete_image): 202 POST http://10.180.1.21/compute/v2.1/servers/2db81ef0-e3e3-4dda-bc19-3507b5c9fbe0/action 2.493s
2025-11-22 07:31:22.191 66698 INFO tempest.lib.common.rest_client [req-fe01f03d-68ea-4c29-bcb2-6b62598615f6 req-fe01f03d-68ea-4c29-bcb2-6b62598615f6 ] Request (DeleteServersAdminTestJSON:tearDownClass): 204 DELETE http://10.180.1.21/identity/v3/users/ec9b8774cdd04ac6a0ee82e0aaebd52d 0.128s
2025-11-22 07:31:22.192 66698 INFO tempest.lib.common.dynamic_creds [-] Deleting project and security group for project: 082a5ed5b80a484da541439893023093
2025-11-22 07:31:22.285 66698 INFO tempest.lib.common.rest_client [req-7c8b4a9e-bac8-4877-9ae1-31d204c066b1 req-7c8b4a9e-bac8-4877-9ae1-31d204c066b1 ] Request (DeleteServersAdminTestJSON:tearDownClass): 201 POST http://10.180.1.21/identity/v3/auth/tokens 0.092s
2025-11-22 07:31:22.322 66716 INFO tempest.lib.common.rest_client [req-28a188ff-69e4-4b78-8b4f-fff86843520c req-28a188ff-69e4-4b78-8b4f-fff86843520c ] Request (AttachInterfacesTestJSON:test_create_list_show_delete_interfaces_by_fixed_ip): 200 GET http://10.180.1.21/compute/v2.1/servers/360dd62d-2728-42fc-b465-be021e7b4ca1/os-interface 1.197s
2025-11-22 07:31:22.608 66720 INFO tempest.lib.common.rest_client [req-ae43e172-1f6d-4ca0-8219-eadee2cf3003 req-ae43e172-1f6d-4ca0-8219-eadee2cf3003 ] Request (ServerActionsTestOtherA:setUpClass): 200 PUT http://10.180.1.21/networking/v2.0/floatingips/8756e2b5-3d8b-429d-b700-503738a1e7dc 0.678s
2025-11-22 07:31:22.610 66720 INFO tempest.lib.common.ssh [-] Creating ssh connection to '10.180.180.169:22' as 'cirros' with public key authentication
2025-11-22 07:31:22.899 66698 INFO tempest.lib.common.rest_client [req-110f32b3-66d9-4197-b110-b3163dfcb389 req-110f32b3-66d9-4197-b110-b3163dfcb389 ] Request (DeleteServersAdminTestJSON:tearDownClass): 200 GET http://10.180.1.21/networking/v2.0/security-groups?tenant_id=082a5ed5b80a484da541439893023093&name=default 0.614s
2025-11-22 07:31:23.028 66692 INFO tempest.lib.common.rest_client [req-7ca5c0e3-d8bc-4918-af94-396a3a6b93b8 req-7ca5c0e3-d8bc-4918-af94-396a3a6b93b8 ] Request (ImagesOneServerNegativeTestJSON:tearDown): 200 GET http://10.180.1.21/compute/v2.1/servers/e21774ad-2fe9-44e1-bfa6-2e1b34821a87 1.787s
2025-11-22 07:31:23.036 66692 INFO tempest.common.waiters [-] State transition "ACTIVE/image_uploading" ==> "ACTIVE/None" after 8 second wait
2025-11-22 07:31:23.180 66706 INFO tempest.lib.common.rest_client [req-3788c573-ce18-46ae-baa9-9ab94a4938e2 req-3788c573-ce18-46ae-baa9-9ab94a4938e2 ] Request (VolumesAssistedSnapshotsTest:tearDownClass): 200 PUT http://10.180.1.21/networking/v2.0/routers/7033b9cd-bcc1-472e-a7c2-49e147c02bce/remove_router_interface 1.000s
2025-11-22 07:31:23.214 66664 INFO tempest.lib.common.rest_client [req-503e37d7-6c22-4f8a-b357-1087b57b5578 req-503e37d7-6c22-4f8a-b357-1087b57b5578 ] Request (SecurityGroupsTestJSON:test_list_security_groups_by_server): 200 GET http://10.180.1.21/compute/v2.1/servers/ed2d18ae-6612-4691-8306-67f1c68ee346/os-security-groups 1.828s
2025-11-22 07:31:23.234 66698 INFO tempest.lib.common.rest_client [req-2790d6ae-0729-4a7f-9813-ad84eb812907 req-2790d6ae-0729-4a7f-9813-ad84eb812907 ] Request (DeleteServersAdminTestJSON:tearDownClass): 204 DELETE http://10.180.1.21/networking/v2.0/security-groups/b7064858-7d44-42a1-a959-981d85362db7 0.335s
2025-11-22 07:31:23.281 66672 INFO tempest.lib.common.rest_client [req-553ca038-838a-48d9-8def-c3f05c10f2ad req-553ca038-838a-48d9-8def-c3f05c10f2ad ] Request (ServerActionsTestJSON:setUpClass): 200 GET http://10.180.1.21/compute/v2.1/servers/32f2dac1-51a5-4d33-9736-369727b065be 1.825s
2025-11-22 07:31:23.376 66698 INFO tempest.lib.common.rest_client [req-60ec72c3-9a71-46b3-8c51-a7a60d5dc5b4 req-60ec72c3-9a71-46b3-8c51-a7a60d5dc5b4 ] Request (DeleteServersAdminTestJSON:tearDownClass): 204 DELETE http://10.180.1.21/identity/v3/projects/082a5ed5b80a484da541439893023093 0.141s
2025-11-22 07:31:23.376 66698 INFO tempest.lib.common.dynamic_creds [-] Deleting project and security group for project: 6a9ffcd895d249b5894265cfbc714b5a
2025-11-22 07:31:23.733 66702 WARNING tempest.lib.common.ssh [-] Failed to establish authenticated ssh connection to cirros@10.180.180.234 ([Errno None] Unable to connect to port 22 on 10.180.180.234). Number attempts: 5. Retry after 6 seconds.: paramiko.ssh_exception.NoValidConnectionsError: [Errno None] Unable to connect to port 22 on 10.180.180.234
2025-11-22 07:31:23.806 66706 INFO tempest.lib.common.rest_client [req-2125d0b1-bc19-4283-8098-405e47246e89 req-2125d0b1-bc19-4283-8098-405e47246e89 ] Request (VolumesAssistedSnapshotsTest:tearDownClass): 204 DELETE http://10.180.1.21/networking/v2.0/routers/7033b9cd-bcc1-472e-a7c2-49e147c02bce 0.626s
2025-11-22 07:31:23.828 66698 INFO tempest.lib.common.rest_client [req-602d716d-6f95-49d6-ae23-adf74af019fa req-602d716d-6f95-49d6-ae23-adf74af019fa ] Request (DeleteServersAdminTestJSON:tearDownClass): 200 GET http://10.180.1.21/networking/v2.0/security-groups?tenant_id=6a9ffcd895d249b5894265cfbc714b5a&name=default 0.451s
2025-11-22 07:31:24.115 66706 INFO tempest.lib.common.rest_client [req-c6b4aa91-4313-41a6-ba10-9f42ea23b057 req-c6b4aa91-4313-41a6-ba10-9f42ea23b057 ] Request (VolumesAssistedSnapshotsTest:tearDownClass): 204 DELETE http://10.180.1.21/networking/v2.0/subnets/4b1624f1-db46-41de-94c6-c04bdec73cc8 0.308s
2025-11-22 07:31:24.151 66668 INFO tempest.lib.common.rest_client [req-3f4709e1-ce6f-44d0-ae29-bb44c69bbdda req-3f4709e1-ce6f-44d0-ae29-bb44c69bbdda ] Request (MigrationsAdminTest:test_list_migrations_in_flavor_resize_situation): 200 GET http://10.180.1.21/compute/v2.1/servers/25e5aec6-9c2f-4916-b635-e9e1ffcd0d9b 2.654s
2025-11-22 07:31:24.160 66668 INFO tempest.common.waiters [-] State transition "BUILD/spawning" ==> "ACTIVE/None" after 47 second wait
2025-11-22 07:31:24.314 66698 INFO tempest.lib.common.rest_client [req-1094d5f0-68d4-4e94-b488-347872ed89f3 req-1094d5f0-68d4-4e94-b488-347872ed89f3 ] Request (DeleteServersAdminTestJSON:tearDownClass): 204 DELETE http://10.180.1.21/networking/v2.0/security-groups/8dcd68de-e6b5-4530-a5e3-1cc7b7044638 0.485s
2025-11-22 07:31:24.455 66698 INFO tempest.lib.common.rest_client [req-ed6c0544-5707-4c37-bf74-7bb2cdd85b38 req-ed6c0544-5707-4c37-bf74-7bb2cdd85b38 ] Request (DeleteServersAdminTestJSON:tearDownClass): 204 DELETE http://10.180.1.21/identity/v3/projects/6a9ffcd895d249b5894265cfbc714b5a 0.140s
2025-11-22 07:31:24.560 66698 INFO tempest.lib.common.rest_client [req-53bbb3d1-f092-4e7d-a06d-0bb36eb3c3f7 req-53bbb3d1-f092-4e7d-a06d-0bb36eb3c3f7 ] Request (QuotasAdminTestV257:setUpClass): 201 POST http://10.180.1.21/identity/v3/auth/tokens 0.103s
2025-11-22 07:31:24.596 66698 INFO tempest.lib.common.rest_client [req-cc8bd873-7e6f-48a9-b47f-2281b7412034 req-cc8bd873-7e6f-48a9-b47f-2281b7412034 ] Request (QuotasAdminTestV257:setUpClass): 201 POST http://10.180.1.21/identity/v3/auth/tokens 0.033s
2025-11-22 07:31:24.619 66698 INFO tempest.lib.common.rest_client [req-125c18f6-4ff4-4d67-9705-d1aaf704e33c req-125c18f6-4ff4-4d67-9705-d1aaf704e33c ] Request (QuotasAdminTestV257:setUpClass): 200 GET http://10.180.1.21/identity/v3/domains?name=Default 0.023s
2025-11-22 07:31:24.659 66698 INFO tempest.lib.common.rest_client [req-3c092967-14c6-4f65-a2f6-55005426f54e req-3c092967-14c6-4f65-a2f6-55005426f54e ] Request (QuotasAdminTestV257:setUpClass): 201 POST http://10.180.1.21/identity/v3/projects 0.040s
2025-11-22 07:31:24.722 66698 INFO tempest.lib.common.rest_client [req-3702ca80-003a-49c7-a6d8-c1f43fa010e9 req-3702ca80-003a-49c7-a6d8-c1f43fa010e9 ] Request (QuotasAdminTestV257:setUpClass): 201 POST http://10.180.1.21/identity/v3/users 0.062s
2025-11-22 07:31:24.748 66698 INFO tempest.lib.common.rest_client [req-55776fe8-997e-4e64-8e9c-949347e7305e req-55776fe8-997e-4e64-8e9c-949347e7305e ] Request (QuotasAdminTestV257:setUpClass): 200 GET http://10.180.1.21/identity/v3/roles 0.026s
2025-11-22 07:31:24.790 66698 INFO tempest.lib.common.rest_client [req-b0901965-5618-4430-a09d-7b50c1afc65c req-b0901965-5618-4430-a09d-7b50c1afc65c ] Request (QuotasAdminTestV257:setUpClass): 204 PUT http://10.180.1.21/identity/v3/projects/9fdd31c16af24f4c996fb7e1f9444624/users/5bd50b18cbf34abf991915c1da331132/roles/025530159c8348df9f61db99da335d5b 0.041s
2025-11-22 07:31:24.790 66698 INFO tempest.lib.common.dynamic_creds [-] Dynamic test user 5bd50b18cbf34abf991915c1da331132 is created with scope project and roles: ['member']
2025-11-22 07:31:24.790 66698 INFO tempest.lib.common.dynamic_creds [-] Acquired dynamic creds: credentials: Credentials: {'domain_id': 'default', 'domain_name': 'Default', 'username': 'tempest-QuotasAdminTestV257-1053979443-project-member', 'project_domain_id': 'default', 'project_domain_name': 'Default', 'project_id': '9fdd31c16af24f4c996fb7e1f9444624', 'project_name': 'tempest-QuotasAdminTestV257-1053979443', 'tenant_id': '9fdd31c16af24f4c996fb7e1f9444624', 'tenant_name': 'tempest-QuotasAdminTestV257-1053979443', 'user_domain_id': 'default', 'user_domain_name': 'Default', 'user_id': '5bd50b18cbf34abf991915c1da331132', 'system': None}, Network: None, Subnet: None, Router: None
2025-11-22 07:31:24.790 66698 INFO tempest.lib.common.dynamic_creds [-] Created isolated network resources for: credentials: Credentials: {'domain_id': 'default', 'domain_name': 'Default', 'username': 'tempest-QuotasAdminTestV257-1053979443-project-member', 'project_domain_id': 'default', 'project_domain_name': 'Default', 'project_id': '9fdd31c16af24f4c996fb7e1f9444624', 'project_name': 'tempest-QuotasAdminTestV257-1053979443', 'tenant_id': '9fdd31c16af24f4c996fb7e1f9444624', 'tenant_name': 'tempest-QuotasAdminTestV257-1053979443', 'user_domain_id': 'default', 'user_domain_name': 'Default', 'user_id': '5bd50b18cbf34abf991915c1da331132', 'system': None}, Network: None, Subnet: None, Router: None
2025-11-22 07:31:24.869 66698 INFO tempest.lib.common.rest_client [req-d4681ba9-3de8-4f4c-92b2-88e7faea4b59 req-d4681ba9-3de8-4f4c-92b2-88e7faea4b59 ] Request (QuotasAdminTestV257:setUpClass): 201 POST http://10.180.1.21/identity/v3/auth/tokens 0.074s
2025-11-22 07:31:24.937 66698 INFO tempest.lib.common.rest_client [req-0fd4b1c7-a9e9-4a0d-b758-da3fda98c12d req-0fd4b1c7-a9e9-4a0d-b758-da3fda98c12d ] Request (QuotasAdminTestV257:setUpClass): 201 POST http://10.180.1.21/identity/v3/projects 0.068s
2025-11-22 07:31:24.996 66698 INFO tempest.lib.common.rest_client [req-9dccb053-43c4-435a-ba00-9055a23c9a0b req-9dccb053-43c4-435a-ba00-9055a23c9a0b ] Request (QuotasAdminTestV257:setUpClass): 201 POST http://10.180.1.21/identity/v3/users 0.058s
2025-11-22 07:31:25.018 66698 INFO tempest.lib.common.rest_client [req-981886e4-3854-4daf-976c-1c405328b798 req-981886e4-3854-4daf-976c-1c405328b798 ] Request (QuotasAdminTestV257:setUpClass): 200 GET http://10.180.1.21/identity/v3/roles 0.022s
2025-11-22 07:31:25.054 66698 INFO tempest.lib.common.rest_client [req-8fb1104d-784f-46c7-9550-29a6ebf747cf req-8fb1104d-784f-46c7-9550-29a6ebf747cf ] Request (QuotasAdminTestV257:setUpClass): 204 PUT http://10.180.1.21/identity/v3/projects/521c94769e5c454c843524e082fdb152/users/e0effd3b34014dd29c9715e922fa59a8/roles/609de1abf1c245ba9d74978e0c1b4120 0.035s
2025-11-22 07:31:25.111 66698 INFO tempest.lib.common.rest_client [req-64ac4d06-e9d5-4a89-bf4c-46a9d053d48a req-64ac4d06-e9d5-4a89-bf4c-46a9d053d48a ] Request (QuotasAdminTestV257:setUpClass): 200 GET http://10.180.1.21/identity/v3/roles 0.057s
2025-11-22 07:31:25.130 66698 INFO tempest.lib.common.rest_client [req-c39e50cb-a577-4691-9be2-09508bbbab5b req-c39e50cb-a577-4691-9be2-09508bbbab5b ] Request (QuotasAdminTestV257:setUpClass): 204 PUT http://10.180.1.21/identity/v3/projects/521c94769e5c454c843524e082fdb152/users/e0effd3b34014dd29c9715e922fa59a8/roles/609de1abf1c245ba9d74978e0c1b4120 0.019s
2025-11-22 07:31:25.131 66698 INFO tempest.lib.common.dynamic_creds [-] Dynamic test user e0effd3b34014dd29c9715e922fa59a8 is created with scope project and roles: ['admin']
2025-11-22 07:31:25.131 66698 INFO tempest.lib.common.dynamic_creds [-] Acquired dynamic creds: credentials: Credentials: {'domain_id': 'default', 'domain_name': 'Default', 'username': 'tempest-QuotasAdminTestV257-765906188-project-admin', 'project_domain_id': 'default', 'project_domain_name': 'Default', 'project_id': '521c94769e5c454c843524e082fdb152', 'project_name': 'tempest-QuotasAdminTestV257-765906188', 'tenant_id': '521c94769e5c454c843524e082fdb152', 'tenant_name': 'tempest-QuotasAdminTestV257-765906188', 'user_domain_id': 'default', 'user_domain_name': 'Default', 'user_id': 'e0effd3b34014dd29c9715e922fa59a8', 'system': None}, Network: None, Subnet: None, Router: None
2025-11-22 07:31:25.131 66698 INFO tempest.lib.common.dynamic_creds [-] Created isolated network resources for: credentials: Credentials: {'domain_id': 'default', 'domain_name': 'Default', 'username': 'tempest-QuotasAdminTestV257-765906188-project-admin', 'project_domain_id': 'default', 'project_domain_name': 'Default', 'project_id': '521c94769e5c454c843524e082fdb152', 'project_name': 'tempest-QuotasAdminTestV257-765906188', 'tenant_id': '521c94769e5c454c843524e082fdb152', 'tenant_name': 'tempest-QuotasAdminTestV257-765906188', 'user_domain_id': 'default', 'user_domain_name': 'Default', 'user_id': 'e0effd3b34014dd29c9715e922fa59a8', 'system': None}, Network: None, Subnet: None, Router: None
2025-11-22 07:31:25.248 66698 INFO tempest.lib.common.rest_client [req-9bea6264-e95d-480b-848f-8fb1b8bd237f req-9bea6264-e95d-480b-848f-8fb1b8bd237f ] Request (QuotasAdminTestV257:setUpClass): 201 POST http://10.180.1.21/identity/v3/auth/tokens 0.113s
2025-11-22 07:31:25.249 66698 WARNING tempest.lib.common.rest_client [-] Deprecated: "tenant_id" property is deprecated for removal, use "project_id" instead
2025-11-22 07:31:25.277 66698 INFO tempest.lib.common.rest_client [req-9317572f-0cfe-4196-ae7b-3cbbaaff131b req-9317572f-0cfe-4196-ae7b-3cbbaaff131b ] Request (QuotasAdminTestV257:test_get_updated_quotas): 200 GET http://10.180.1.21/identity/v3/domains?name=Default 0.027s
2025-11-22 07:31:25.319 66698 INFO tempest.lib.common.rest_client [req-02886df3-d010-46d5-9596-412d9dd4d370 req-02886df3-d010-46d5-9596-412d9dd4d370 ] Request (QuotasAdminTestV257:test_get_updated_quotas): 201 POST http://10.180.1.21/identity/v3/projects 0.041s
2025-11-22 07:31:25.427 66698 INFO tempest.lib.common.rest_client [req-7a21cfcd-7bca-49cf-9c79-687681ce6ef2 req-7a21cfcd-7bca-49cf-9c79-687681ce6ef2 ] Request (QuotasAdminTestV257:test_get_updated_quotas): 200 GET http://10.180.1.21/identity/v3/domains?name=Default 0.107s
2025-11-22 07:31:25.585 66706 INFO tempest.lib.common.rest_client [req-3633a986-7747-4c56-b8ca-245758c9384c req-3633a986-7747-4c56-b8ca-245758c9384c ] Request (VolumesAssistedSnapshotsTest:tearDownClass): 204 DELETE http://10.180.1.21/networking/v2.0/networks/56f0ade5-3bbf-4148-84fa-092504dcd692 1.470s
2025-11-22 07:31:25.705 66694 INFO tempest.lib.common.rest_client [req-b3212f97-5d60-4bd9-bc64-d16a69738405 req-b3212f97-5d60-4bd9-bc64-d16a69738405 ] Request (ServerRescueNegativeTestJSON:test_rescued_vm_attach_volume): 200 GET http://10.180.1.21/compute/v2.1/servers/cae671ff-27e4-4ceb-9c71-9f7b09647fbf 4.115s
2025-11-22 07:31:25.747 66713 INFO tempest.lib.common.rest_client [req-d422d287-7b73-4adb-ab1b-10f98397ef69 req-d422d287-7b73-4adb-ab1b-10f98397ef69 ] Request (ListServersNegativeTestJSON:tearDownClass): 404 GET http://10.180.1.21/compute/v2.1/servers/0b6c54c4-cf9b-4c49-bf95-a3203241b12b 4.129s
2025-11-22 07:31:25.772 66706 INFO tempest.lib.common.rest_client [req-2941cfcb-345c-4da9-b82e-0ce41cb3f4dc req-2941cfcb-345c-4da9-b82e-0ce41cb3f4dc ] Request (VolumesAssistedSnapshotsTest:tearDownClass): 204 DELETE http://10.180.1.21/identity/v3/users/eb6108853d2441d18fbc393c8796aaa4 0.187s
2025-11-22 07:31:25.830 66686 INFO tempest.lib.common.rest_client [req-a42dc76e-0235-47ba-bb28-d5cc0b3189aa req-a42dc76e-0235-47ba-bb28-d5cc0b3189aa ] Request (ListImageFiltersTestJSON:setUpClass): 200 GET http://10.180.1.21/compute/v2.1/servers/35192b67-abc7-44bd-87c6-afef5e5f0d7e 4.210s
2025-11-22 07:31:25.937 66706 INFO tempest.lib.common.rest_client [req-a9fda6d6-09dc-4b7c-b9ce-5e5553e17311 req-a9fda6d6-09dc-4b7c-b9ce-5e5553e17311 ] Request (VolumesAssistedSnapshotsTest:tearDownClass): 204 DELETE http://10.180.1.21/identity/v3/users/a35ea296b2274c839005f9392122bb6d 0.164s
2025-11-22 07:31:25.953 66684 INFO tempest.lib.common.rest_client [req-c715f298-a192-41ce-bd49-28bf6a288a05 req-c715f298-a192-41ce-bd49-28bf6a288a05 ] Request (DeleteServersTestJSON:test_delete_server_while_in_attached_volume): 204 DELETE http://10.180.1.21/compute/v2.1/servers/797401df-8cad-4a87-b2de-31378bd59876 4.325s
2025-11-22 07:31:26.073 66676 INFO tempest.lib.common.rest_client [req-4f782066-3576-4c7f-810e-4631d5fa6365 req-4f782066-3576-4c7f-810e-4631d5fa6365 ] Request (FloatingIPsAssociationTestJSON:test_associate_disassociate_floating_ip): 202 POST http://10.180.1.21/compute/v2.1/servers/f077c0a1-f72a-4ce7-b1b3-4b38195bcfae/action 4.581s
2025-11-22 07:31:26.074 66706 INFO tempest.lib.common.rest_client [req-10c9ffb7-ec50-4703-8e70-3e368ecffecb req-10c9ffb7-ec50-4703-8e70-3e368ecffecb ] Request (VolumesAssistedSnapshotsTest:tearDownClass): 204 DELETE http://10.180.1.21/identity/v3/users/6a2da13c4d8746fda1cdf846afa18e25 0.136s
2025-11-22 07:31:26.075 66706 INFO tempest.lib.common.dynamic_creds [-] Deleting project and security group for project: 091e85d98ca6409bad0ed33c534f6a85
2025-11-22 07:31:26.098 66700 INFO tempest.lib.common.rest_client [req-a2d1e23d-6761-4eed-bbd0-91260c997d9c req-a2d1e23d-6761-4eed-bbd0-91260c997d9c ] Request (ImagesTestJSON:test_create_image_from_suspended_server): 200 GET http://10.180.1.21/compute/v2.1/servers/20f01a9c-f79c-4399-b329-f252e9046f35 4.438s
2025-11-22 07:31:26.125 66706 INFO tempest.lib.common.rest_client [req-280b7ba2-883e-4f5b-9bf0-152ec65c3f9d req-280b7ba2-883e-4f5b-9bf0-152ec65c3f9d ] Request (VolumesAssistedSnapshotsTest:tearDownClass): 200 GET http://10.180.1.21/networking/v2.0/security-groups?tenant_id=091e85d98ca6409bad0ed33c534f6a85&name=default 0.050s
2025-11-22 07:31:26.242 66706 INFO tempest.lib.common.rest_client [req-5d46e55a-9974-422e-b63e-2480f904304c req-5d46e55a-9974-422e-b63e-2480f904304c ] Request (VolumesAssistedSnapshotsTest:tearDownClass): 204 DELETE http://10.180.1.21/networking/v2.0/security-groups/82c1e39a-446a-4bce-812a-dd4564aae09b 0.116s
2025-11-22 07:31:26.269 66680 INFO tempest.lib.common.rest_client [req-1fab809d-fa8d-4bd7-8a0a-61b85a9c024e req-1fab809d-fa8d-4bd7-8a0a-61b85a9c024e ] Request (ServersAdminNegativeTestJSON:tearDownClass): 200 GET http://10.180.1.21/compute/v2.1/servers/0433729f-30d5-407f-8a9b-8ffe91f19b4a 4.555s
2025-11-22 07:31:26.288 66714 INFO tempest.lib.common.rest_client [req-60a12b38-7bdd-4a6b-ac6f-ed58e4aca0e1 req-60a12b38-7bdd-4a6b-ac6f-ed58e4aca0e1 ] Request (ServersAdminTestJSON:test_inject_network_info): 200 GET http://10.180.1.21/compute/v2.1/servers/119ab8b0-38bd-4ab4-95c4-df54273d3ed7 4.548s
2025-11-22 07:31:26.304 66714 INFO tempest.common.waiters [-] State transition "BUILD/None" ==> "BUILD/spawning" after 39 second wait
2025-11-22 07:31:26.353 66670 INFO tempest.lib.common.rest_client [req-22adee8b-b248-42bc-9bf8-385f92f5cc32 req-22adee8b-b248-42bc-9bf8-385f92f5cc32 ] Request (ServerDiskConfigTestJSON:test_rebuild_server_with_auto_disk_config): 200 GET http://10.180.1.21/compute/v2.1/servers/235e3d24-849e-4b78-bf3e-8d4508b96e40 4.560s
2025-11-22 07:31:26.382 66666 INFO tempest.lib.common.rest_client [req-f31a30dd-bd26-410e-ae97-441287562083 req-f31a30dd-bd26-410e-ae97-441287562083 ] Request (ServersAaction247Test:test_create_backup): 200 GET http://10.180.1.21/compute/v2.1/servers/6331e94b-ad11-44b8-b5f4-91d0b19248fe 4.543s
2025-11-22 07:31:26.427 66706 INFO tempest.lib.common.rest_client [req-b410444c-ece1-4a57-ae5b-03f9ddd60547 req-b410444c-ece1-4a57-ae5b-03f9ddd60547 ] Request (VolumesAssistedSnapshotsTest:tearDownClass): 204 DELETE http://10.180.1.21/identity/v3/projects/091e85d98ca6409bad0ed33c534f6a85 0.184s
2025-11-22 07:31:26.427 66706 INFO tempest.lib.common.dynamic_creds [-] Deleting project and security group for project: 38e4d67f462b480b8ff6afb5d8fdd52a
2025-11-22 07:31:26.444 66691 INFO tempest.lib.common.rest_client [req-ec429db3-1c5d-4055-954c-6de0a2b037be req-ec429db3-1c5d-4055-954c-6de0a2b037be ] Request (ServerActionsTestOtherB:setUpClass): 200 GET http://10.180.1.21/compute/v2.1/servers/2e027a17-ebf1-4497-82c3-92312899063c 4.567s
2025-11-22 07:31:26.466 66706 INFO tempest.lib.common.rest_client [req-823ca625-a792-4388-af7a-a8a45fa53371 req-823ca625-a792-4388-af7a-a8a45fa53371 ] Request (VolumesAssistedSnapshotsTest:tearDownClass): 200 GET http://10.180.1.21/networking/v2.0/security-groups?tenant_id=38e4d67f462b480b8ff6afb5d8fdd52a&name=default 0.039s
2025-11-22 07:31:26.497 66710 INFO tempest.lib.common.rest_client [req-0f0d821a-8aed-4148-af70-f9886376d1df req-0f0d821a-8aed-4148-af70-f9886376d1df ] Request (ImagesOneServerTestJSON:test_create_delete_image): 200 GET http://10.180.1.21/compute/v2.1/images/28339b23-98d2-4eb6-8786-c26e35157377 4.308s
2025-11-22 07:31:26.571 66706 INFO tempest.lib.common.rest_client [req-78506e74-f027-4964-98f8-0c2b2fd3ca10 req-78506e74-f027-4964-98f8-0c2b2fd3ca10 ] Request (VolumesAssistedSnapshotsTest:tearDownClass): 204 DELETE http://10.180.1.21/networking/v2.0/security-groups/d0d0fcad-d73e-450b-a08d-5f035a30641b 0.104s
2025-11-22 07:31:26.589 66724 INFO tempest.lib.common.rest_client [req-9a294906-7356-4b0d-91a4-a0c57e8a05f7 req-9a294906-7356-4b0d-91a4-a0c57e8a05f7 ] Request (ServersWithSpecificFlavorTestJSON:test_verify_created_server_ephemeral_disk): 200 GET http://10.180.1.21/compute/v2.1/servers/1c17b29e-afcf-4175-a0de-7f35b0a888c1 4.551s
2025-11-22 07:31:26.592 66704 INFO tempest.lib.common.rest_client [req-c41e72d7-33e2-4010-b9db-02ce4aa69511 req-c41e72d7-33e2-4010-b9db-02ce4aa69511 ] Request (InstanceActionsTestJSON:setUpClass): 200 GET http://10.180.1.21/compute/v2.1/servers/3eab91f6-38c9-46f2-8c57-ff97d92b3d06 4.170s
2025-11-22 07:31:26.596 66724 INFO tempest.common.waiters [-] State transition "BUILD/spawning" ==> "ACTIVE/None" after 46 second wait
2025-11-22 07:31:26.657 66722 INFO tempest.lib.common.rest_client [req-e39c6113-e54c-4fea-8a6c-bdc296dd1de8 req-e39c6113-e54c-4fea-8a6c-bdc296dd1de8 ] Request (ServersNegativeTestJSON:setUpClass): 200 GET http://10.180.1.21/compute/v2.1/servers/be68fda2-3ad5-4802-bdc4-0faaeaeffbf3 3.945s
2025-11-22 07:31:26.659 66726 INFO tempest.lib.common.rest_client [req-9fefe5a3-08dc-4aad-9bc9-dbc69d79b257 req-9fefe5a3-08dc-4aad-9bc9-dbc69d79b257 ] Request (MultipleCreateTestJSON:test_multiple_create_with_reservation_return): 200 GET http://10.180.1.21/compute/v2.1/servers/d771709b-f481-4582-aff7-e7abb514db2e 4.122s
2025-11-22 07:31:26.709 66706 INFO tempest.lib.common.rest_client [req-26348bbd-dca8-48d8-9338-a73f383cd223 req-26348bbd-dca8-48d8-9338-a73f383cd223 ] Request (VolumesAssistedSnapshotsTest:tearDownClass): 204 DELETE http://10.180.1.21/identity/v3/projects/38e4d67f462b480b8ff6afb5d8fdd52a 0.138s
2025-11-22 07:31:26.709 66706 INFO tempest.lib.common.dynamic_creds [-] Deleting project and security group for project: 2101dd73ed034138addd0834e5a59289
2025-11-22 07:31:26.724 66720 WARNING tempest.lib.common.ssh [-] Failed to establish authenticated ssh connection to cirros@10.180.180.169 ([Errno None] Unable to connect to port 22 on 10.180.180.169). Number attempts: 1. Retry after 2 seconds.: paramiko.ssh_exception.NoValidConnectionsError: [Errno None] Unable to connect to port 22 on 10.180.180.169
2025-11-22 07:31:26.743 66706 INFO tempest.lib.common.rest_client [req-7e6f8f96-37b4-4f3c-b83d-bb3550ed2701 req-7e6f8f96-37b4-4f3c-b83d-bb3550ed2701 ] Request (VolumesAssistedSnapshotsTest:tearDownClass): 200 GET http://10.180.1.21/networking/v2.0/security-groups?tenant_id=2101dd73ed034138addd0834e5a59289&name=default 0.034s
2025-11-22 07:31:26.767 66688 INFO tempest.lib.common.rest_client [req-e8fbb862-3ce6-4de0-a4aa-520b97283b04 req-e8fbb862-3ce6-4de0-a4aa-520b97283b04 ] Request (InstanceActionsNegativeTestJSON:setUpClass): 200 GET http://10.180.1.21/compute/v2.1/servers/7c95d790-62e5-4d59-a578-c3062ff6ccf1 3.954s
2025-11-22 07:31:26.793 66692 INFO tempest.lib.common.rest_client [req-19d11a74-a3e0-4b7e-ad43-ab65b30cc86a req-19d11a74-a3e0-4b7e-ad43-ab65b30cc86a ] Request (ImagesOneServerNegativeTestJSON:_run_cleanups): 204 DELETE http://10.180.1.21/compute/v2.1/servers/e21774ad-2fe9-44e1-bfa6-2e1b34821a87 3.757s
2025-11-22 07:31:26.843 66706 INFO tempest.lib.common.rest_client [req-046e11e5-5c53-4c2d-a6aa-91096500d89b req-046e11e5-5c53-4c2d-a6aa-91096500d89b ] Request (VolumesAssistedSnapshotsTest:tearDownClass): 204 DELETE http://10.180.1.21/networking/v2.0/security-groups/6d7685af-aa67-446a-9ce5-54fced821f82 0.099s
2025-11-22 07:31:26.915 66716 INFO tempest.lib.common.rest_client [req-616eb30a-6c43-450c-9426-70a5455fe516 req-616eb30a-6c43-450c-9426-70a5455fe516 ] Request (AttachInterfacesTestJSON:test_create_list_show_delete_interfaces_by_fixed_ip): 200 GET http://10.180.1.21/compute/v2.1/servers/360dd62d-2728-42fc-b465-be021e7b4ca1/os-interface 3.587s
2025-11-22 07:31:26.929 66664 INFO tempest.lib.common.rest_client [req-079b6f5d-bc1b-4b25-828a-709c3a08d31a req-079b6f5d-bc1b-4b25-828a-709c3a08d31a ] Request (SecurityGroupsTestJSON:test_security_group_create_get_delete): 200 POST http://10.180.1.21/compute/v2.1/os-security-groups 3.707s
2025-11-22 07:31:26.984 66706 INFO tempest.lib.common.rest_client [req-1b0309c0-701a-4e1e-8a27-bcbe616293b3 req-1b0309c0-701a-4e1e-8a27-bcbe616293b3 ] Request (VolumesAssistedSnapshotsTest:tearDownClass): 204 DELETE http://10.180.1.21/identity/v3/projects/2101dd73ed034138addd0834e5a59289 0.141s
2025-11-22 07:31:27.032 66672 INFO tempest.lib.common.rest_client [req-b3dfb587-23d1-49a6-a3ab-d29619f6ec4c req-b3dfb587-23d1-49a6-a3ab-d29619f6ec4c ] Request (ServerActionsTestJSON:setUpClass): 200 GET http://10.180.1.21/compute/v2.1/servers/32f2dac1-51a5-4d33-9736-369727b065be 2.742s
2025-11-22 07:31:27.065 66706 INFO tempest.lib.common.rest_client [req-6b6db1d4-1831-4b65-b388-92f71cf95bf2 req-6b6db1d4-1831-4b65-b388-92f71cf95bf2 ] Request (AZAdminNegativeTestJSON:setUpClass): 201 POST http://10.180.1.21/identity/v3/auth/tokens 0.078s
2025-11-22 07:31:27.108 66706 INFO tempest.lib.common.rest_client [req-55a127e0-a29d-45a1-a122-4068da8f6482 req-55a127e0-a29d-45a1-a122-4068da8f6482 ] Request (AZAdminNegativeTestJSON:setUpClass): 201 POST http://10.180.1.21/identity/v3/auth/tokens 0.040s
2025-11-22 07:31:27.136 66706 INFO tempest.lib.common.rest_client [req-9d6fc4f7-f649-4234-a348-3e935ca9d9c4 req-9d6fc4f7-f649-4234-a348-3e935ca9d9c4 ] Request (AZAdminNegativeTestJSON:setUpClass): 200 GET http://10.180.1.21/identity/v3/domains?name=Default 0.027s
2025-11-22 07:31:27.170 66706 INFO tempest.lib.common.rest_client [req-ac726151-1674-4772-aef3-c59fef5dec4f req-ac726151-1674-4772-aef3-c59fef5dec4f ] Request (AZAdminNegativeTestJSON:setUpClass): 201 POST http://10.180.1.21/identity/v3/projects 0.033s
2025-11-22 07:31:27.235 66668 INFO tempest.lib.common.rest_client [req-34805524-5090-4c38-9a1a-649dc89ff6bd req-34805524-5090-4c38-9a1a-649dc89ff6bd ] Request (MigrationsAdminTest:test_list_migrations_in_flavor_resize_situation): 202 POST http://10.180.1.21/compute/v2.1/servers/25e5aec6-9c2f-4916-b635-e9e1ffcd0d9b/action 3.075s
2025-11-22 07:31:27.253 66706 INFO tempest.lib.common.rest_client [req-d4e80992-7c73-4afc-bf9d-ddff93deffc9 req-d4e80992-7c73-4afc-bf9d-ddff93deffc9 ] Request (AZAdminNegativeTestJSON:setUpClass): 201 POST http://10.180.1.21/identity/v3/users 0.081s
2025-11-22 07:31:27.265 66713 INFO tempest.lib.common.rest_client [req-55dc7e6e-811d-4c3f-8706-7e34244111ab req-55dc7e6e-811d-4c3f-8706-7e34244111ab ] Request (ListServersNegativeTestJSON:tearDownClass): 404 GET http://10.180.1.21/compute/v2.1/servers/01100757-7e89-49d5-848f-e9155dc9e326 1.516s
2025-11-22 07:31:27.276 66706 INFO tempest.lib.common.rest_client [req-57156a50-5a27-433e-a8d3-1e683f8ce8e9 req-57156a50-5a27-433e-a8d3-1e683f8ce8e9 ] Request (AZAdminNegativeTestJSON:setUpClass): 200 GET http://10.180.1.21/identity/v3/roles 0.023s
2025-11-22 07:31:27.334 66706 INFO tempest.lib.common.rest_client [req-a89d6a42-9635-41b6-b0d5-1009fbeda3a1 req-a89d6a42-9635-41b6-b0d5-1009fbeda3a1 ] Request (AZAdminNegativeTestJSON:setUpClass): 204 PUT http://10.180.1.21/identity/v3/projects/2c61e159564341d9b50971fdd46b6b93/users/af0c71cafa3e483196501a01f812ea5d/roles/025530159c8348df9f61db99da335d5b 0.058s
2025-11-22 07:31:27.335 66706 INFO tempest.lib.common.dynamic_creds [-] Dynamic test user af0c71cafa3e483196501a01f812ea5d is created with scope project and roles: ['member']
2025-11-22 07:31:27.335 66706 INFO tempest.lib.common.dynamic_creds [-] Acquired dynamic creds: credentials: Credentials: {'domain_id': 'default', 'domain_name': 'Default', 'username': 'tempest-AZAdminNegativeTestJSON-1230669536-project-member', 'project_domain_id': 'default', 'project_domain_name': 'Default', 'project_id': '2c61e159564341d9b50971fdd46b6b93', 'project_name': 'tempest-AZAdminNegativeTestJSON-1230669536', 'tenant_id': '2c61e159564341d9b50971fdd46b6b93', 'tenant_name': 'tempest-AZAdminNegativeTestJSON-1230669536', 'user_domain_id': 'default', 'user_domain_name': 'Default', 'user_id': 'af0c71cafa3e483196501a01f812ea5d', 'system': None}, Network: None, Subnet: None, Router: None
2025-11-22 07:31:27.335 66706 INFO tempest.lib.common.dynamic_creds [-] Created isolated network resources for: credentials: Credentials: {'domain_id': 'default', 'domain_name': 'Default', 'username': 'tempest-AZAdminNegativeTestJSON-1230669536-project-member', 'project_domain_id': 'default', 'project_domain_name': 'Default', 'project_id': '2c61e159564341d9b50971fdd46b6b93', 'project_name': 'tempest-AZAdminNegativeTestJSON-1230669536', 'tenant_id': '2c61e159564341d9b50971fdd46b6b93', 'tenant_name': 'tempest-AZAdminNegativeTestJSON-1230669536', 'user_domain_id': 'default', 'user_domain_name': 'Default', 'user_id': 'af0c71cafa3e483196501a01f812ea5d', 'system': None}, Network: None, Subnet: None, Router: None
2025-11-22 07:31:27.394 66698 INFO tempest.lib.common.rest_client [req-f122174a-1944-43ea-9d15-51bd4defb67c req-f122174a-1944-43ea-9d15-51bd4defb67c ] Request (QuotasAdminTestV257:test_get_updated_quotas): 200 PUT http://10.180.1.21/compute/v2.1/os-quota-sets/161038b9f4614b838515fe9394c6bd44 1.966s
2025-11-22 07:31:27.447 66706 INFO tempest.lib.common.rest_client [req-1c04b227-c8eb-4b84-8410-002dd876c085 req-1c04b227-c8eb-4b84-8410-002dd876c085 ] Request (AZAdminNegativeTestJSON:setUpClass): 201 POST http://10.180.1.21/identity/v3/auth/tokens 0.107s
2025-11-22 07:31:27.538 66706 INFO tempest.lib.common.rest_client [req-6c78f45d-5743-4112-84ec-162ceccb53ed req-6c78f45d-5743-4112-84ec-162ceccb53ed ] Request (AZAdminNegativeTestJSON:setUpClass): 201 POST http://10.180.1.21/identity/v3/projects 0.089s
2025-11-22 07:31:27.608 66706 INFO tempest.lib.common.rest_client [req-eac40b9b-e121-4625-b134-ec8fb03fc73f req-eac40b9b-e121-4625-b134-ec8fb03fc73f ] Request (AZAdminNegativeTestJSON:setUpClass): 201 POST http://10.180.1.21/identity/v3/users 0.069s
2025-11-22 07:31:27.629 66706 INFO tempest.lib.common.rest_client [req-321a6ca4-1663-41be-8c5d-bdb692477edc req-321a6ca4-1663-41be-8c5d-bdb692477edc ] Request (AZAdminNegativeTestJSON:setUpClass): 200 GET http://10.180.1.21/identity/v3/roles 0.021s
2025-11-22 07:31:27.658 66706 INFO tempest.lib.common.rest_client [req-8bb6eb2c-1a25-4085-a2f0-b34489ae2b4c req-8bb6eb2c-1a25-4085-a2f0-b34489ae2b4c ] Request (AZAdminNegativeTestJSON:setUpClass): 204 PUT http://10.180.1.21/identity/v3/projects/1436acc9dc2e4d7994d0200c10b3cb2f/users/c9438602575a42aeaaa32486f4d11d7f/roles/609de1abf1c245ba9d74978e0c1b4120 0.028s
2025-11-22 07:31:27.717 66706 INFO tempest.lib.common.rest_client [req-94225e88-8631-4b20-8f0b-642fbafb91f6 req-94225e88-8631-4b20-8f0b-642fbafb91f6 ] Request (AZAdminNegativeTestJSON:setUpClass): 200 GET http://10.180.1.21/identity/v3/roles 0.058s
2025-11-22 07:31:27.735 66706 INFO tempest.lib.common.rest_client [req-c4b45276-d880-4398-85e8-5dca8306144c req-c4b45276-d880-4398-85e8-5dca8306144c ] Request (AZAdminNegativeTestJSON:setUpClass): 204 PUT http://10.180.1.21/identity/v3/projects/1436acc9dc2e4d7994d0200c10b3cb2f/users/c9438602575a42aeaaa32486f4d11d7f/roles/609de1abf1c245ba9d74978e0c1b4120 0.018s
2025-11-22 07:31:27.735 66706 INFO tempest.lib.common.dynamic_creds [-] Dynamic test user c9438602575a42aeaaa32486f4d11d7f is created with scope project and roles: ['admin']
2025-11-22 07:31:27.735 66706 INFO tempest.lib.common.dynamic_creds [-] Acquired dynamic creds: credentials: Credentials: {'domain_id': 'default', 'domain_name': 'Default', 'username': 'tempest-AZAdminNegativeTestJSON-1513927660-project-admin', 'project_domain_id': 'default', 'project_domain_name': 'Default', 'project_id': '1436acc9dc2e4d7994d0200c10b3cb2f', 'project_name': 'tempest-AZAdminNegativeTestJSON-1513927660', 'tenant_id': '1436acc9dc2e4d7994d0200c10b3cb2f', 'tenant_name': 'tempest-AZAdminNegativeTestJSON-1513927660', 'user_domain_id': 'default', 'user_domain_name': 'Default', 'user_id': 'c9438602575a42aeaaa32486f4d11d7f', 'system': None}, Network: None, Subnet: None, Router: None
2025-11-22 07:31:27.736 66706 INFO tempest.lib.common.dynamic_creds [-] Created isolated network resources for: credentials: Credentials: {'domain_id': 'default', 'domain_name': 'Default', 'username': 'tempest-AZAdminNegativeTestJSON-1513927660-project-admin', 'project_domain_id': 'default', 'project_domain_name': 'Default', 'project_id': '1436acc9dc2e4d7994d0200c10b3cb2f', 'project_name': 'tempest-AZAdminNegativeTestJSON-1513927660', 'tenant_id': '1436acc9dc2e4d7994d0200c10b3cb2f', 'tenant_name': 'tempest-AZAdminNegativeTestJSON-1513927660', 'user_domain_id': 'default', 'user_domain_name': 'Default', 'user_id': 'c9438602575a42aeaaa32486f4d11d7f', 'system': None}, Network: None, Subnet: None, Router: None
2025-11-22 07:31:27.833 66706 INFO tempest.lib.common.rest_client [req-42e76da0-a28b-4ff8-9aee-535e89f3c295 req-42e76da0-a28b-4ff8-9aee-535e89f3c295 ] Request (AZAdminNegativeTestJSON:setUpClass): 201 POST http://10.180.1.21/identity/v3/auth/tokens 0.093s
2025-11-22 07:31:27.843 66684 INFO tempest.lib.common.rest_client [req-bac4f761-1266-41ec-9627-25848e9fe8a1 req-bac4f761-1266-41ec-9627-25848e9fe8a1 ] Request (DeleteServersTestJSON:test_delete_server_while_in_attached_volume): 200 GET http://10.180.1.21/compute/v2.1/servers/797401df-8cad-4a87-b2de-31378bd59876 1.890s
2025-11-22 07:31:28.002 66682 WARNING tempest.lib.common.ssh [-] Failed to establish authenticated ssh connection to cirros@10.180.180.208 ([Errno None] Unable to connect to port 22 on 10.180.180.208). Number attempts: 5. Retry after 6 seconds.: paramiko.ssh_exception.NoValidConnectionsError: [Errno None] Unable to connect to port 22 on 10.180.180.208
2025-11-22 07:31:28.152 66724 INFO tempest.lib.common.rest_client [req-1112dd94-83ec-4a5c-96d2-4610b34112aa req-1112dd94-83ec-4a5c-96d2-4610b34112aa ] Request (ServersWithSpecificFlavorTestJSON:test_verify_created_server_ephemeral_disk): 200 GET http://10.180.1.21/compute/v2.1/servers/1c17b29e-afcf-4175-a0de-7f35b0a888c1/os-interface 1.555s
2025-11-22 07:31:28.163 66676 INFO tempest.lib.common.rest_client [req-10f5dc1f-2c5a-4cae-ac5f-67fac83bd41e req-10f5dc1f-2c5a-4cae-ac5f-67fac83bd41e ] Request (FloatingIPsAssociationTestJSON:test_associate_disassociate_floating_ip): 200 GET http://10.180.1.21/compute/v2.1/os-floating-ips/afb77c30-a6dc-41d5-8751-2db5c2125c30 2.089s
2025-11-22 07:31:28.168 66713 INFO tempest.lib.common.rest_client [req-14e4a2b1-bd63-4e27-b2f7-521ebe1ec7f2 req-14e4a2b1-bd63-4e27-b2f7-521ebe1ec7f2 ] Request (ListServersNegativeTestJSON:tearDownClass): 200 PUT http://10.180.1.21/networking/v2.0/routers/18b7efe4-8986-4395-854d-3058ab429227/remove_router_interface 0.903s
2025-11-22 07:31:28.810 66724 INFO tempest.lib.common.rest_client [req-7268e0b3-4775-4d6a-b3e4-bab4efd283d0 req-7268e0b3-4775-4d6a-b3e4-bab4efd283d0 ] Request (ServersWithSpecificFlavorTestJSON:test_verify_created_server_ephemeral_disk): 200 PUT http://10.180.1.21/networking/v2.0/floatingips/88c43cae-05f9-4fe0-8c32-caa4b736b8e1 0.656s
2025-11-22 07:31:29.042 66713 INFO tempest.lib.common.rest_client [req-ba0a72cb-ff98-4092-99b7-c7e013c48063 req-ba0a72cb-ff98-4092-99b7-c7e013c48063 ] Request (ListServersNegativeTestJSON:tearDownClass): 204 DELETE http://10.180.1.21/networking/v2.0/routers/18b7efe4-8986-4395-854d-3058ab429227 0.874s
2025-11-22 07:31:29.050 66678 WARNING tempest.lib.common.ssh [-] Failed to establish authenticated ssh connection to cirros@10.180.180.216 ([Errno None] Unable to connect to port 22 on 10.180.180.216). Number attempts: 7. Retry after 8 seconds.: paramiko.ssh_exception.NoValidConnectionsError: [Errno None] Unable to connect to port 22 on 10.180.180.216
2025-11-22 07:31:29.379 66694 INFO tempest.lib.common.rest_client [req-d44fe9a6-54d8-4489-b273-e39b0f074547 req-d44fe9a6-54d8-4489-b273-e39b0f074547 ] Request (ServerRescueNegativeTestJSON:test_rescued_vm_attach_volume): 200 GET http://10.180.1.21/compute/v2.1/servers/cae671ff-27e4-4ceb-9c71-9f7b09647fbf 2.660s
2025-11-22 07:31:29.432 66692 INFO tempest.lib.common.rest_client [req-42a995e2-8f72-4f09-add5-df74ad3b95c4 req-42a995e2-8f72-4f09-add5-df74ad3b95c4 ] Request (ImagesOneServerNegativeTestJSON:_run_cleanups): 200 GET http://10.180.1.21/compute/v2.1/servers/e21774ad-2fe9-44e1-bfa6-2e1b34821a87 2.637s
2025-11-22 07:31:29.698 66713 INFO tempest.lib.common.rest_client [req-ae8d0753-bb03-45d0-974e-906e7cef2ef4 req-ae8d0753-bb03-45d0-974e-906e7cef2ef4 ] Request (ListServersNegativeTestJSON:tearDownClass): 204 DELETE http://10.180.1.21/networking/v2.0/subnets/01737db2-eabd-4bee-b488-7ba18e349022 0.655s
2025-11-22 07:31:29.795 66720 WARNING tempest.lib.common.ssh [-] Failed to establish authenticated ssh connection to cirros@10.180.180.169 ([Errno None] Unable to connect to port 22 on 10.180.180.169). Number attempts: 2. Retry after 3 seconds.: paramiko.ssh_exception.NoValidConnectionsError: [Errno None] Unable to connect to port 22 on 10.180.180.169
2025-11-22 07:31:30.039 66664 INFO tempest.lib.common.rest_client [req-a2f4f59e-b9cb-4264-b86d-b2f8fcabdbbb req-a2f4f59e-b9cb-4264-b86d-b2f8fcabdbbb ] Request (SecurityGroupsTestJSON:test_security_group_create_get_delete): 200 GET http://10.180.1.21/compute/v2.1/os-security-groups/d50dcd1c-e5bc-4af8-b23e-287749de9d4a 3.107s
2025-11-22 07:31:30.060 66686 INFO tempest.lib.common.rest_client [req-56528e98-9abc-4d9e-9941-7afd4078c2e5 req-56528e98-9abc-4d9e-9941-7afd4078c2e5 ] Request (ListImageFiltersTestJSON:setUpClass): 200 GET http://10.180.1.21/compute/v2.1/servers/35192b67-abc7-44bd-87c6-afef5e5f0d7e 3.220s
2025-11-22 07:31:30.235 66702 WARNING tempest.lib.common.ssh [-] Failed to establish authenticated ssh connection to cirros@10.180.180.234 ([Errno None] Unable to connect to port 22 on 10.180.180.234). Number attempts: 6. Retry after 7 seconds.: paramiko.ssh_exception.NoValidConnectionsError: [Errno None] Unable to connect to port 22 on 10.180.180.234
2025-11-22 07:31:30.651 66713 INFO tempest.lib.common.rest_client [req-3e23ab5a-6754-462f-80db-e5b3af08ec16 req-3e23ab5a-6754-462f-80db-e5b3af08ec16 ] Request (ListServersNegativeTestJSON:tearDownClass): 204 DELETE http://10.180.1.21/networking/v2.0/networks/2c8e61b9-b347-41e3-94fe-d25bd7143c11 0.953s
2025-11-22 07:31:30.797 66713 INFO tempest.lib.common.rest_client [req-6f95c8be-32cd-4f42-8867-ca93b7e05502 req-6f95c8be-32cd-4f42-8867-ca93b7e05502 ] Request (ListServersNegativeTestJSON:tearDownClass): 204 DELETE http://10.180.1.21/identity/v3/users/98156b19aa8445af802af5a3f0e9614f 0.145s
2025-11-22 07:31:30.797 66713 INFO tempest.lib.common.dynamic_creds [-] Deleting project and security group for project: 87d4c125e4734c9b9432efb020c8d39f
2025-11-22 07:31:31.001 66713 INFO tempest.lib.common.rest_client [req-938d4498-0b62-46f4-8570-996ca561c9c4 req-938d4498-0b62-46f4-8570-996ca561c9c4 ] Request (ListServersNegativeTestJSON:tearDownClass): 200 GET http://10.180.1.21/networking/v2.0/security-groups?tenant_id=87d4c125e4734c9b9432efb020c8d39f&name=default 0.203s
2025-11-22 07:31:31.036 66700 INFO tempest.lib.common.rest_client [req-8fbecb08-2e72-4a30-83ac-270ac41cd3ff req-8fbecb08-2e72-4a30-83ac-270ac41cd3ff ] Request (ImagesTestJSON:test_create_image_from_suspended_server): 200 GET http://10.180.1.21/compute/v2.1/servers/20f01a9c-f79c-4399-b329-f252e9046f35 3.926s
2025-11-22 07:31:31.038 66668 INFO tempest.lib.common.rest_client [req-5f18232c-d26b-42a1-9721-1d09b66bf897 req-5f18232c-d26b-42a1-9721-1d09b66bf897 ] Request (MigrationsAdminTest:test_list_migrations_in_flavor_resize_situation): 200 GET http://10.180.1.21/compute/v2.1/servers/25e5aec6-9c2f-4916-b635-e9e1ffcd0d9b 3.802s
2025-11-22 07:31:31.050 66700 INFO tempest.common.waiters [-] State transition "BUILD/spawning" ==> "ACTIVE/None" after 50 second wait
2025-11-22 07:31:31.146 66713 INFO tempest.lib.common.rest_client [req-2843a69c-eaec-40ae-a105-6c48372f7c25 req-2843a69c-eaec-40ae-a105-6c48372f7c25 ] Request (ListServersNegativeTestJSON:tearDownClass): 204 DELETE http://10.180.1.21/networking/v2.0/security-groups/1b914926-c34d-40b5-a117-0f60f82e3845 0.145s
2025-11-22 07:31:31.265 66680 INFO tempest.lib.common.rest_client [req-4f6a5ffc-cb61-4155-9cbd-ac1a01ea2f68 req-4f6a5ffc-cb61-4155-9cbd-ac1a01ea2f68 ] Request (ServersAdminNegativeTestJSON:tearDownClass): 200 GET http://10.180.1.21/compute/v2.1/servers/0433729f-30d5-407f-8a9b-8ffe91f19b4a 3.979s
2025-11-22 07:31:31.281 66714 INFO tempest.lib.common.rest_client [req-803acad4-632f-49b7-a8e9-f6be224f1c6d req-803acad4-632f-49b7-a8e9-f6be224f1c6d ] Request (ServersAdminTestJSON:test_inject_network_info): 200 GET http://10.180.1.21/compute/v2.1/servers/119ab8b0-38bd-4ab4-95c4-df54273d3ed7 3.974s
2025-11-22 07:31:31.283 66713 INFO tempest.lib.common.rest_client [req-2de011bc-150c-49c2-aac2-a514d7d6bf21 req-2de011bc-150c-49c2-aac2-a514d7d6bf21 ] Request (ListServersNegativeTestJSON:tearDownClass): 204 DELETE http://10.180.1.21/identity/v3/projects/87d4c125e4734c9b9432efb020c8d39f 0.135s
2025-11-22 07:31:31.346 66670 INFO tempest.lib.common.rest_client [req-73b6628e-6e67-4663-9bd1-88fec501f38f req-73b6628e-6e67-4663-9bd1-88fec501f38f ] Request (ServerDiskConfigTestJSON:test_rebuild_server_with_auto_disk_config): 200 GET http://10.180.1.21/compute/v2.1/servers/235e3d24-849e-4b78-bf3e-8d4508b96e40 3.983s
2025-11-22 07:31:31.388 66713 INFO tempest.lib.common.rest_client [req-edb06773-c84a-4f14-8170-e7f26f120a80 req-edb06773-c84a-4f14-8170-e7f26f120a80 ] Request (ServerMetadataTestJSON:setUpClass): 201 POST http://10.180.1.21/identity/v3/auth/tokens 0.103s
2025-11-22 07:31:31.452 66666 INFO tempest.lib.common.rest_client [req-4e14652b-48e2-484c-80e0-1d3b9ad08332 req-4e14652b-48e2-484c-80e0-1d3b9ad08332 ] Request (ServersAaction247Test:test_create_backup): 200 GET http://10.180.1.21/compute/v2.1/servers/6331e94b-ad11-44b8-b5f4-91d0b19248fe 4.053s
2025-11-22 07:31:31.453 66713 INFO tempest.lib.common.rest_client [req-07d33676-069f-4079-adc0-fbae917dfe87 req-07d33676-069f-4079-adc0-fbae917dfe87 ] Request (ServerMetadataTestJSON:setUpClass): 201 POST http://10.180.1.21/identity/v3/auth/tokens 0.058s
2025-11-22 07:31:31.471 66698 INFO tempest.lib.common.rest_client [req-3373b483-51b0-4ec1-9ce4-00bfe5a88bfc req-3373b483-51b0-4ec1-9ce4-00bfe5a88bfc ] Request (QuotasAdminTestV257:test_get_updated_quotas): 200 GET http://10.180.1.21/compute/v2.1/os-quota-sets/161038b9f4614b838515fe9394c6bd44/detail 4.074s
2025-11-22 07:31:31.495 66713 INFO tempest.lib.common.rest_client [req-5561c27f-eeee-4ea5-8a43-5d2126d31e6c req-5561c27f-eeee-4ea5-8a43-5d2126d31e6c ] Request (ServerMetadataTestJSON:setUpClass): 200 GET http://10.180.1.21/identity/v3/domains?name=Default 0.041s
2025-11-22 07:31:31.507 66698 INFO tempest.lib.common.rest_client [req-8c266bb4-19ce-434a-9a7a-58e4bb877834 req-8c266bb4-19ce-434a-9a7a-58e4bb877834 ] Request (QuotasAdminTestV257:test_get_updated_quotas): 200 GET http://10.180.1.21/identity/v3/domains?name=Default 0.032s
2025-11-22 07:31:31.515 66710 INFO tempest.lib.common.rest_client [req-0495c584-dcb5-409d-9375-88833de19891 req-0495c584-dcb5-409d-9375-88833de19891 ] Request (ImagesOneServerTestJSON:test_create_delete_image): 200 GET http://10.180.1.21/compute/v2.1/images/28339b23-98d2-4eb6-8786-c26e35157377 4.013s
2025-11-22 07:31:31.529 66713 INFO tempest.lib.common.rest_client [req-c4e49a95-238e-46ff-832a-b2a3c2c1df00 req-c4e49a95-238e-46ff-832a-b2a3c2c1df00 ] Request (ServerMetadataTestJSON:setUpClass): 201 POST http://10.180.1.21/identity/v3/projects 0.034s
2025-11-22 07:31:31.551 66698 INFO tempest.lib.common.rest_client [req-dc0d5c91-0c53-445c-b288-44a34a870f62 req-dc0d5c91-0c53-445c-b288-44a34a870f62 ] Request (QuotasAdminTestV257:test_get_updated_quotas): 201 POST http://10.180.1.21/identity/v3/users 0.044s
2025-11-22 07:31:31.603 66713 INFO tempest.lib.common.rest_client [req-3f307912-4898-46b3-81ff-8727ee5e0ee8 req-3f307912-4898-46b3-81ff-8727ee5e0ee8 ] Request (ServerMetadataTestJSON:setUpClass): 201 POST http://10.180.1.21/identity/v3/users 0.073s
2025-11-22 07:31:31.614 66704 INFO tempest.lib.common.rest_client [req-1e435a6e-8fd8-4220-ac2d-5b857260c93d req-1e435a6e-8fd8-4220-ac2d-5b857260c93d ] Request (InstanceActionsTestJSON:setUpClass): 200 GET http://10.180.1.21/compute/v2.1/servers/3eab91f6-38c9-46f2-8c57-ff97d92b3d06 4.011s
2025-11-22 07:31:31.614 66698 INFO tempest.lib.common.rest_client [req-c945501b-f260-4b90-9687-597ed167715a req-c945501b-f260-4b90-9687-597ed167715a ] Request (QuotasAdminTestV257:test_get_updated_quotas): 200 GET http://10.180.1.21/identity/v3/domains?name=Default 0.062s
2025-11-22 07:31:31.626 66704 INFO tempest.common.waiters [-] State transition "BUILD/scheduling" ==> "BUILD/None" after 15 second wait
2025-11-22 07:31:31.626 66713 INFO tempest.lib.common.rest_client [req-c63463cc-9cc1-4be6-95d9-2f94fb010e29 req-c63463cc-9cc1-4be6-95d9-2f94fb010e29 ] Request (ServerMetadataTestJSON:setUpClass): 200 GET http://10.180.1.21/identity/v3/roles 0.023s
2025-11-22 07:31:31.659 66713 INFO tempest.lib.common.rest_client [req-4706da3a-91f4-4dd8-94d6-f03eb7a52573 req-4706da3a-91f4-4dd8-94d6-f03eb7a52573 ] Request (ServerMetadataTestJSON:setUpClass): 204 PUT http://10.180.1.21/identity/v3/projects/6106966a9a154712bc2b4037274efa5e/users/41c4e7f3983943f99c5dc6ccd8c2417c/roles/025530159c8348df9f61db99da335d5b 0.032s
2025-11-22 07:31:31.659 66713 INFO tempest.lib.common.dynamic_creds [-] Dynamic test user 41c4e7f3983943f99c5dc6ccd8c2417c is created with scope project and roles: ['member']
2025-11-22 07:31:31.659 66713 INFO tempest.lib.common.dynamic_creds [-] Acquired dynamic creds: credentials: Credentials: {'domain_id': 'default', 'domain_name': 'Default', 'username': 'tempest-ServerMetadataTestJSON-1631134771-project-member', 'project_domain_id': 'default', 'project_domain_name': 'Default', 'project_id': '6106966a9a154712bc2b4037274efa5e', 'project_name': 'tempest-ServerMetadataTestJSON-1631134771', 'tenant_id': '6106966a9a154712bc2b4037274efa5e', 'tenant_name': 'tempest-ServerMetadataTestJSON-1631134771', 'user_domain_id': 'default', 'user_domain_name': 'Default', 'user_id': '41c4e7f3983943f99c5dc6ccd8c2417c', 'system': None}, Network: None, Subnet: None, Router: None
2025-11-22 07:31:31.678 66691 INFO tempest.lib.common.rest_client [req-237d496e-bfcb-46f3-89bc-004de694e722 req-237d496e-bfcb-46f3-89bc-004de694e722 ] Request (ServerActionsTestOtherB:setUpClass): 200 GET http://10.180.1.21/compute/v2.1/servers/2e027a17-ebf1-4497-82c3-92312899063c 4.226s
2025-11-22 07:31:31.685 66691 INFO tempest.common.waiters [-] State transition "BUILD/None" ==> "BUILD/block_device_mapping" after 38 second wait
2025-11-22 07:31:31.716 66722 INFO tempest.lib.common.rest_client [req-9e42ecae-0964-4ab5-ba15-89efbe5a0fcf req-9e42ecae-0964-4ab5-ba15-89efbe5a0fcf ] Request (ServersNegativeTestJSON:setUpClass): 200 GET http://10.180.1.21/compute/v2.1/servers/be68fda2-3ad5-4802-bdc4-0faaeaeffbf3 4.049s
2025-11-22 07:31:31.720 66713 INFO tempest.lib.common.rest_client [req-756b9aca-75b3-4399-b7b9-39c5d69d26e4 req-756b9aca-75b3-4399-b7b9-39c5d69d26e4 ] Request (ServerMetadataTestJSON:setUpClass): 201 POST http://10.180.1.21/identity/v3/auth/tokens 0.060s
2025-11-22 07:31:31.762 66726 INFO tempest.lib.common.rest_client [req-72ffdb5b-d68b-4d78-86de-ddab49001199 req-72ffdb5b-d68b-4d78-86de-ddab49001199 ] Request (MultipleCreateTestJSON:test_multiple_create_with_reservation_return): 200 GET http://10.180.1.21/compute/v2.1/servers/d771709b-f481-4582-aff7-e7abb514db2e 4.089s
2025-11-22 07:31:31.770 66726 INFO tempest.common.waiters [-] State transition "BUILD/scheduling" ==> "BUILD/None" after 15 second wait
