2025-11-22 07:32:37.157 66680 INFO tempest.lib.common.rest_client [req-21ccefa4-46b3-4354-9ba2-d88964158633 req-21ccefa4-46b3-4354-9ba2-d88964158633 ] Request (InstanceActionsV221TestJSON:test_get_list_deleted_instance_actions): 200 GET http://10.180.1.21/compute/v2.1/servers/d0663d90-ad43-413d-a31d-332d76b8ce71 0.325s
2025-11-22 07:32:37.194 66700 INFO tempest.lib.common.rest_client [req-1c77791e-bb08-422b-95da-dc849add3fea req-1c77791e-bb08-422b-95da-dc849add3fea ] Request (ImagesTestJSON:test_create_server_from_snapshot): 200 GET http://10.180.1.21/compute/v2.1/servers/7f3570b8-09a4-41f0-a8a7-f4f84fe4386b 0.288s
2025-11-22 07:32:37.223 66678 INFO tempest.lib.common.rest_client [req-e76c151b-3184-4184-ba8b-ebe0b9e42fc3 req-e76c151b-3184-4184-ba8b-ebe0b9e42fc3 ] Request (ServersTestFqdnHostnames:tearDownClass): 204 DELETE http://10.180.1.21/identity/v3/projects/46cea2b4df974ff18fea0e1f2a1df167 0.105s
2025-11-22 07:32:37.241 66710 INFO tempest.lib.common.rest_client [req-860d5c94-d33b-4930-acb8-8002590bddee req-860d5c94-d33b-4930-acb8-8002590bddee ] Request (ImagesOneServerTestJSON:tearDownClass): 200 GET http://10.180.1.21/compute/v2.1/servers/2db81ef0-e3e3-4dda-bc19-3507b5c9fbe0 0.255s
2025-11-22 07:32:37.291 66692 INFO tempest.lib.common.rest_client [req-f3589363-e7c1-42c6-9bc0-96ab2b307e58 req-f3589363-e7c1-42c6-9bc0-96ab2b307e58 ] Request (ImagesOneServerNegativeTestJSON:_run_cleanups): 200 GET http://10.180.1.21/compute/v2.1/servers/41be6276-f3f5-466f-87c2-8c496d458dd3 0.187s
2025-11-22 07:32:37.296 66678 INFO tempest.lib.common.rest_client [req-4e5d93a2-f618-4a78-b5d8-947c78ce712d req-4e5d93a2-f618-4a78-b5d8-947c78ce712d ] Request (ServersListShow2100Test:setUpClass): 201 POST http://10.180.1.21/identity/v3/auth/tokens 0.071s
2025-11-22 07:32:37.331 66678 INFO tempest.lib.common.rest_client [req-c3e4ae72-88ae-444f-a4c4-cf6a50cfb0b3 req-c3e4ae72-88ae-444f-a4c4-cf6a50cfb0b3 ] Request (ServersListShow2100Test:setUpClass): 201 POST http://10.180.1.21/identity/v3/auth/tokens 0.032s
2025-11-22 07:32:37.338 66714 INFO tempest.lib.common.rest_client [req-77ad2aa3-5a16-4cf6-8935-cf5aa227a3db req-77ad2aa3-5a16-4cf6-8935-cf5aa227a3db ] Request (ServersAdminTestJSON:tearDownClass): 200 GET http://10.180.1.21/compute/v2.1/servers/119ab8b0-38bd-4ab4-95c4-df54273d3ed7 0.315s
2025-11-22 07:32:37.363 66678 INFO tempest.lib.common.rest_client [req-4dda8527-1ab8-467e-afb3-2ee5b4171c76 req-4dda8527-1ab8-467e-afb3-2ee5b4171c76 ] Request (ServersListShow2100Test:setUpClass): 200 GET http://10.180.1.21/identity/v3/domains?name=Default 0.031s
2025-11-22 07:32:37.392 66713 INFO tempest.lib.common.rest_client [req-c529f312-a9ca-499b-a3d8-d81522dc7f45 req-c529f312-a9ca-499b-a3d8-d81522dc7f45 ] Request (ServerMetadataTestJSON:test_set_server_metadata): 200 PUT http://10.180.1.21/compute/v2.1/servers/9ec91cd5-efe8-4408-a32f-e7032ce745fd/metadata 0.256s
2025-11-22 07:32:37.404 66678 INFO tempest.lib.common.rest_client [req-18334f2e-ebc3-44ad-b16e-21158c0ddbfc req-18334f2e-ebc3-44ad-b16e-21158c0ddbfc ] Request (ServersListShow2100Test:setUpClass): 201 POST http://10.180.1.21/identity/v3/projects 0.041s
2025-11-22 07:32:37.429 66716 INFO tempest.lib.common.rest_client [req-8168709c-3514-452b-a7d9-1b61df8b9f91 req-8168709c-3514-452b-a7d9-1b61df8b9f91 ] Request (AttachInterfacesTestJSON:test_create_list_show_delete_interfaces_by_network_port): 200 GET http://10.180.1.21/compute/v2.1/servers/a6c3ed16-58e5-40b7-8e4c-7c85bf620be7 0.250s
2025-11-22 07:32:37.448 66686 INFO tempest.lib.common.rest_client [req-aa85bdac-d517-4764-bd0e-0bb3257ca03e req-aa85bdac-d517-4764-bd0e-0bb3257ca03e ] Request (ListImageFiltersTestJSON:setUpClass): 200 GET http://10.180.1.21/compute/v2.1/images/e88242ba-be24-4f47-b28e-4038431cfd71 0.224s
2025-11-22 07:32:37.510 66678 INFO tempest.lib.common.rest_client [req-4251e4cf-2b60-4c80-9c9e-9b76a2f20c58 req-4251e4cf-2b60-4c80-9c9e-9b76a2f20c58 ] Request (ServersListShow2100Test:setUpClass): 201 POST http://10.180.1.21/identity/v3/users 0.105s
2025-11-22 07:32:37.548 66678 INFO tempest.lib.common.rest_client [req-3d7f9b3f-1d4e-4548-bb13-3fc564b956eb req-3d7f9b3f-1d4e-4548-bb13-3fc564b956eb ] Request (ServersListShow2100Test:setUpClass): 200 GET http://10.180.1.21/identity/v3/roles 0.035s
2025-11-22 07:32:37.570 66676 INFO tempest.lib.common.rest_client [req-3c23144a-e592-4aa1-92e0-f6bf12b032c6 req-3c23144a-e592-4aa1-92e0-f6bf12b032c6 ] Request (ServerTagsTestJSON:setUpClass): 200 GET http://10.180.1.21/compute/v2.1/servers/5adf1b95-9b1c-4796-a71c-357ffe1aab5b 0.263s
2025-11-22 07:32:37.588 66668 INFO tempest.lib.common.rest_client [req-d2a60719-052f-4f6b-8768-f567db962364 req-d2a60719-052f-4f6b-8768-f567db962364 ] Request (MigrationsAdminTest:test_list_migrations_in_flavor_resize_situation): 200 GET http://10.180.1.21/compute/v2.1/servers/25e5aec6-9c2f-4916-b635-e9e1ffcd0d9b 0.333s
2025-11-22 07:32:37.593 66678 INFO tempest.lib.common.rest_client [req-979b2863-fcc3-4ba7-96c6-6cad510ee569 req-979b2863-fcc3-4ba7-96c6-6cad510ee569 ] Request (ServersListShow2100Test:setUpClass): 204 PUT http://10.180.1.21/identity/v3/projects/e1a1e10c078447a78b681ffad69e5e6c/users/7793e5c70c0949f9a8ff4b2bffb92181/roles/025530159c8348df9f61db99da335d5b 0.044s
2025-11-22 07:32:37.593 66678 INFO tempest.lib.common.dynamic_creds [-] Dynamic test user 7793e5c70c0949f9a8ff4b2bffb92181 is created with scope project and roles: ['member']
2025-11-22 07:32:37.593 66678 INFO tempest.lib.common.dynamic_creds [-] Acquired dynamic creds: credentials: Credentials: {'domain_id': 'default', 'domain_name': 'Default', 'username': 'tempest-ServersListShow2100Test-2039234761-project-member', 'project_domain_id': 'default', 'project_domain_name': 'Default', 'project_id': 'e1a1e10c078447a78b681ffad69e5e6c', 'project_name': 'tempest-ServersListShow2100Test-2039234761', 'tenant_id': 'e1a1e10c078447a78b681ffad69e5e6c', 'tenant_name': 'tempest-ServersListShow2100Test-2039234761', 'user_domain_id': 'default', 'user_domain_name': 'Default', 'user_id': '7793e5c70c0949f9a8ff4b2bffb92181', 'system': None}, Network: None, Subnet: None, Router: None
2025-11-22 07:32:37.594 66678 INFO tempest.lib.common.dynamic_creds [-] Created isolated network resources for: credentials: Credentials: {'domain_id': 'default', 'domain_name': 'Default', 'username': 'tempest-ServersListShow2100Test-2039234761-project-member', 'project_domain_id': 'default', 'project_domain_name': 'Default', 'project_id': 'e1a1e10c078447a78b681ffad69e5e6c', 'project_name': 'tempest-ServersListShow2100Test-2039234761', 'tenant_id': 'e1a1e10c078447a78b681ffad69e5e6c', 'tenant_name': 'tempest-ServersListShow2100Test-2039234761', 'user_domain_id': 'default', 'user_domain_name': 'Default', 'user_id': '7793e5c70c0949f9a8ff4b2bffb92181', 'system': None}, Network: None, Subnet: None, Router: None
2025-11-22 07:32:37.633 66713 INFO tempest.lib.common.rest_client [req-2e4a016c-9d80-423c-a6e5-f55ab29cba5d req-2e4a016c-9d80-423c-a6e5-f55ab29cba5d ] Request (ServerMetadataTestJSON:test_set_server_metadata): 200 GET http://10.180.1.21/compute/v2.1/servers/9ec91cd5-efe8-4408-a32f-e7032ce745fd/metadata 0.240s
2025-11-22 07:32:37.665 66704 INFO tempest.lib.common.rest_client [req-fb7b1af4-d861-47c6-b34f-e88574334b8c req-fb7b1af4-d861-47c6-b34f-e88574334b8c ] Request (InstanceActionsTestJSON:tearDownClass): 200 GET http://10.180.1.21/compute/v2.1/servers/3eab91f6-38c9-46f2-8c57-ff97d92b3d06 0.341s
2025-11-22 07:32:37.681 66678 INFO tempest.lib.common.rest_client [req-72b6669f-103d-49a9-9273-ee7f92f9e0b2 req-72b6669f-103d-49a9-9273-ee7f92f9e0b2 ] Request (ServersListShow2100Test:setUpClass): 201 POST http://10.180.1.21/identity/v3/auth/tokens 0.083s
2025-11-22 07:32:37.719 66678 INFO tempest.lib.common.rest_client [req-33d469eb-bf7a-4a52-b555-f877e57f2b0c req-33d469eb-bf7a-4a52-b555-f877e57f2b0c ] Request (ServersListShow2100Test:test_list_show_rebuild_update_server_2100): 201 POST http://10.180.1.21/identity/v3/auth/tokens 0.034s
2025-11-22 07:32:37.720 66678 INFO tempest.lib.common.fixed_network [-] (ServersListShow2100Test:test_list_show_rebuild_update_server_2100) Found network None available for tenant
2025-11-22 07:32:37.771 66713 INFO tempest.lib.common.rest_client [req-c7243faa-02b2-45f2-9e61-c94ddebaa49e req-c7243faa-02b2-45f2-9e61-c94ddebaa49e ] Request (ServerMetadataTestJSON:setUp): 200 PUT http://10.180.1.21/compute/v2.1/servers/9ec91cd5-efe8-4408-a32f-e7032ce745fd/metadata 0.135s
2025-11-22 07:32:37.783 66694 INFO tempest.lib.common.rest_client [req-23cb8d4b-68ae-4ca0-bef5-7b2762874292 req-23cb8d4b-68ae-4ca0-bef5-7b2762874292 ] Request (ServerRescueNegativeTestJSON:test_rescued_vm_detach_volume): 200 GET http://10.180.1.21/compute/v2.1/servers/eed19f33-7861-496a-96e3-6593613e8a1f 0.202s
2025-11-22 07:32:37.826 66691 WARNING tempest.lib.common.ssh [-] Failed to establish authenticated ssh connection to cirros@10.180.180.240 ([Errno None] Unable to connect to port 22 on 10.180.180.240). Number attempts: 7. Retry after 8 seconds.: paramiko.ssh_exception.NoValidConnectionsError: [Errno None] Unable to connect to port 22 on 10.180.180.240
2025-11-22 07:32:37.832 66726 INFO tempest.lib.common.rest_client [req-0919d7e5-ca89-42ca-9935-09a1f29e3427 req-0919d7e5-ca89-42ca-9935-09a1f29e3427 ] Request (MultipleCreateTestJSON:tearDownClass): 200 GET http://10.180.1.21/compute/v2.1/servers/eec17832-3bd6-42b1-a869-3a61c5c77d72 0.155s
2025-11-22 07:32:37.883 66684 INFO tempest.lib.common.rest_client [req-2115387e-662e-4f6a-a0ef-59bb75c0d327 req-2115387e-662e-4f6a-a0ef-59bb75c0d327 ] Request (DeleteServersTestJSON:test_delete_server_while_in_shelved_state): 200 GET http://10.180.1.21/compute/v2.1/servers/97c4fbc2-645e-49c9-af75-4bcfdf5e969a 0.144s
2025-11-22 07:32:37.961 66678 INFO tempest.lib.common.rest_client [req-e255d72e-08e1-4835-a100-a0394a572f45 req-e255d72e-08e1-4835-a100-a0394a572f45 ] Request (ServersListShow2100Test:test_list_show_rebuild_update_server_2100): 202 POST http://10.180.1.21/compute/v2.1/servers 0.240s
2025-11-22 07:32:38.008 66664 INFO tempest.lib.common.rest_client [req-b0b61d00-4a7c-4012-8994-2f7585c71661 req-b0b61d00-4a7c-4012-8994-2f7585c71661 ] Request (SecurityGroupsTestJSON:test_server_security_groups): 200 GET http://10.180.1.21/compute/v2.1/servers/1680301a-3a6b-42ee-8f53-b54a50235d32 0.241s
2025-11-22 07:32:38.017 66713 INFO tempest.lib.common.rest_client [req-79819f13-e26d-48f8-9603-8de81c434824 req-79819f13-e26d-48f8-9603-8de81c434824 ] Request (ServerMetadataTestJSON:test_set_server_metadata_item): 200 PUT http://10.180.1.21/compute/v2.1/servers/9ec91cd5-efe8-4408-a32f-e7032ce745fd/metadata/nova 0.244s
2025-11-22 07:32:38.059 66706 INFO tempest.lib.common.rest_client [req-61b623f9-8134-4907-af47-0d55e55eee96 req-61b623f9-8134-4907-af47-0d55e55eee96 ] Request (ImagesNegativeTestJSON:test_create_image_from_deleted_server): 200 GET http://10.180.1.21/compute/v2.1/servers/13d2052b-2dfe-4a19-8e9b-79e66c47aa51 0.249s
2025-11-22 07:32:38.077 66698 INFO tempest.lib.common.rest_client [req-6a7539af-9b90-49fd-aace-898d8ae02113 req-6a7539af-9b90-49fd-aace-898d8ae02113 ] Request (ServersTestJSON:setUpClass): 200 GET http://10.180.1.21/compute/v2.1/servers/c5ebb481-06cf-45ca-8db2-aac48cb1bd6e 0.223s
2025-11-22 07:32:38.113 66702 INFO tempest.lib.common.rest_client [req-288ef96c-88e5-4e4a-8763-6c19ad646bf1 req-288ef96c-88e5-4e4a-8763-6c19ad646bf1 ] Request (ServerMetadataNegativeTestJSON:setUpClass): 200 GET http://10.180.1.21/compute/v2.1/servers/cdcc6a24-5b77-466b-a5f6-bb3cb39dbe41 0.220s
2025-11-22 07:32:38.137 66688 INFO tempest.lib.common.rest_client [req-88828e4d-07af-43ce-b9bd-74952ff29ab6 req-88828e4d-07af-43ce-b9bd-74952ff29ab6 ] Request (ListServerFiltersTestJSON:setUpClass): 200 GET http://10.180.1.21/compute/v2.1/servers/3158416d-9431-49d8-8de9-ca2570ab2151 0.226s
2025-11-22 07:32:38.176 66666 INFO tempest.lib.common.rest_client [req-dffe9538-07e4-4511-bd05-274741b3761d req-dffe9538-07e4-4511-bd05-274741b3761d ] Request (ServerPasswordTestJSON:setUpClass): 200 GET http://10.180.1.21/compute/v2.1/servers/fbcff267-f2e3-4632-aca9-eff61696a28a 0.224s
2025-11-22 07:32:38.190 66678 INFO tempest.lib.common.rest_client [req-677e7c44-127e-4ec1-be2d-1d700fd33896 req-677e7c44-127e-4ec1-be2d-1d700fd33896 ] Request (ServersListShow2100Test:test_list_show_rebuild_update_server_2100): 200 GET http://10.180.1.21/compute/v2.1/servers/5e4b2d9d-ddad-480c-af82-b208ab892e86 0.227s
2025-11-22 07:32:38.219 66713 INFO tempest.lib.common.rest_client [req-9fa578ca-9f8f-453c-bb07-5ac6032b61cd req-9fa578ca-9f8f-453c-bb07-5ac6032b61cd ] Request (ServerMetadataTestJSON:test_set_server_metadata_item): 200 GET http://10.180.1.21/compute/v2.1/servers/9ec91cd5-efe8-4408-a32f-e7032ce745fd/metadata 0.201s
2025-11-22 07:32:38.242 66722 INFO tempest.lib.common.rest_client [req-4d5459f1-2f5d-4d59-9e64-132e82f5aad5 req-4d5459f1-2f5d-4d59-9e64-132e82f5aad5 ] Request (ServersNegativeTestJSON:setUpClass): 200 GET http://10.180.1.21/compute/v2.1/servers/be68fda2-3ad5-4802-bdc4-0faaeaeffbf3 0.259s
2025-11-22 07:32:38.277 66720 INFO tempest.lib.common.rest_client [req-d52ed9b9-e2d0-4eda-a22f-eedbbaede629 req-d52ed9b9-e2d0-4eda-a22f-eedbbaede629 ] Request (ServerActionsTestOtherA:test_rebuild_server_in_stop_state): 200 GET http://10.180.1.21/compute/v2.1/servers/e0167ad2-2d81-4d64-84b1-766dd61fb5d9 0.240s
2025-11-22 07:32:38.297 66670 INFO tempest.lib.common.rest_client [req-0eca218e-44c1-4f94-8353-8dfb3bb16a76 req-0eca218e-44c1-4f94-8353-8dfb3bb16a76 ] Request (ServerDiskConfigTestJSON:test_rebuild_server_with_manual_disk_config): 200 GET http://10.180.1.21/compute/v2.1/servers/a08c637f-8d96-4479-a085-2ca821bfcf2f 0.210s
2025-11-22 07:32:38.333 66680 INFO tempest.lib.common.rest_client [req-92529795-d4dc-4058-b578-1a3487c50c69 req-92529795-d4dc-4058-b578-1a3487c50c69 ] Request (InstanceActionsV221TestJSON:test_get_list_deleted_instance_actions): 200 GET http://10.180.1.21/compute/v2.1/servers/d0663d90-ad43-413d-a31d-332d76b8ce71 0.167s
2025-11-22 07:32:38.359 66700 INFO tempest.lib.common.rest_client [req-ab992cf9-7b61-4b0a-a369-18b546d87805 req-ab992cf9-7b61-4b0a-a369-18b546d87805 ] Request (ImagesTestJSON:test_create_server_from_snapshot): 200 GET http://10.180.1.21/compute/v2.1/servers/7f3570b8-09a4-41f0-a8a7-f4f84fe4386b 0.157s
2025-11-22 07:32:38.369 66700 INFO tempest.common.waiters [-] State transition "BUILD/None" ==> "BUILD/networking" after 32 second wait
2025-11-22 07:32:38.433 66713 INFO tempest.lib.common.rest_client [req-5a66bbb5-0877-4b3f-a548-c8d4756ca3dd req-5a66bbb5-0877-4b3f-a548-c8d4756ca3dd ] Request (ServerMetadataTestJSON:setUp): 200 PUT http://10.180.1.21/compute/v2.1/servers/9ec91cd5-efe8-4408-a32f-e7032ce745fd/metadata 0.211s
2025-11-22 07:32:38.447 66710 INFO tempest.lib.common.rest_client [req-3c6478a8-1bf8-4c0a-8d00-b662131c7a75 req-3c6478a8-1bf8-4c0a-8d00-b662131c7a75 ] Request (ImagesOneServerTestJSON:tearDownClass): 200 GET http://10.180.1.21/compute/v2.1/servers/2db81ef0-e3e3-4dda-bc19-3507b5c9fbe0 0.198s
2025-11-22 07:32:38.489 66692 INFO tempest.lib.common.rest_client [req-da4987b2-80be-4797-a794-93c4dc51f093 req-da4987b2-80be-4797-a794-93c4dc51f093 ] Request (ImagesOneServerNegativeTestJSON:_run_cleanups): 200 GET http://10.180.1.21/compute/v2.1/servers/41be6276-f3f5-466f-87c2-8c496d458dd3 0.181s
2025-11-22 07:32:38.558 66713 INFO tempest.lib.common.rest_client [req-8e20f6bc-834b-489c-9eff-e770ad58a9f9 req-8e20f6bc-834b-489c-9eff-e770ad58a9f9 ] Request (ServerMetadataTestJSON:test_update_metadata_empty_body): 200 POST http://10.180.1.21/compute/v2.1/servers/9ec91cd5-efe8-4408-a32f-e7032ce745fd/metadata 0.124s
2025-11-22 07:32:38.572 66714 INFO tempest.lib.common.rest_client [req-00df7909-ef74-40ea-9c07-3555dc6a5f64 req-00df7909-ef74-40ea-9c07-3555dc6a5f64 ] Request (ServersAdminTestJSON:tearDownClass): 200 GET http://10.180.1.21/compute/v2.1/servers/119ab8b0-38bd-4ab4-95c4-df54273d3ed7 0.225s
2025-11-22 07:32:38.612 66686 INFO tempest.lib.common.rest_client [req-43c5727d-02bd-4353-8166-f9aa024af439 req-43c5727d-02bd-4353-8166-f9aa024af439 ] Request (ListImageFiltersTestJSON:setUpClass): 200 GET http://10.180.1.21/compute/v2.1/images/e88242ba-be24-4f47-b28e-4038431cfd71 0.159s
2025-11-22 07:32:38.613 66716 INFO tempest.lib.common.rest_client [req-03a02555-40bb-409a-8263-32de52cac2f9 req-03a02555-40bb-409a-8263-32de52cac2f9 ] Request (AttachInterfacesTestJSON:test_create_list_show_delete_interfaces_by_network_port): 200 GET http://10.180.1.21/compute/v2.1/servers/a6c3ed16-58e5-40b7-8e4c-7c85bf620be7 0.175s
2025-11-22 07:32:38.645 66713 INFO tempest.lib.common.rest_client [req-82080450-5880-43f7-a173-f7d22281ce2b req-82080450-5880-43f7-a173-f7d22281ce2b ] Request (ServerMetadataTestJSON:test_update_metadata_empty_body): 200 GET http://10.180.1.21/compute/v2.1/servers/9ec91cd5-efe8-4408-a32f-e7032ce745fd/metadata 0.086s
2025-11-22 07:32:38.677 66676 INFO tempest.lib.common.rest_client [req-2e787d77-c8c5-4513-9628-fb1febc0b8df req-2e787d77-c8c5-4513-9628-fb1febc0b8df ] Request (ServerTagsTestJSON:setUpClass): 200 GET http://10.180.1.21/compute/v2.1/servers/5adf1b95-9b1c-4796-a71c-357ffe1aab5b 0.091s
2025-11-22 07:32:38.730 66713 INFO tempest.lib.common.rest_client [req-bd783ad9-0ec8-4493-8ee6-743df0281897 req-bd783ad9-0ec8-4493-8ee6-743df0281897 ] Request (ServerMetadataTestJSON:setUp): 200 PUT http://10.180.1.21/compute/v2.1/servers/9ec91cd5-efe8-4408-a32f-e7032ce745fd/metadata 0.083s
2025-11-22 07:32:38.777 66668 INFO tempest.lib.common.rest_client [req-90c2ea5b-86dc-42c7-9a0d-017a4fa4343e req-90c2ea5b-86dc-42c7-9a0d-017a4fa4343e ] Request (MigrationsAdminTest:test_list_migrations_in_flavor_resize_situation): 200 GET http://10.180.1.21/compute/v2.1/servers/25e5aec6-9c2f-4916-b635-e9e1ffcd0d9b 0.174s
2025-11-22 07:32:38.793 66704 INFO tempest.lib.common.rest_client [req-15a351c8-2a7d-4550-99de-88f25486a97d req-15a351c8-2a7d-4550-99de-88f25486a97d ] Request (InstanceActionsTestJSON:tearDownClass): 200 GET http://10.180.1.21/compute/v2.1/servers/3eab91f6-38c9-46f2-8c57-ff97d92b3d06 0.118s
2025-11-22 07:32:38.868 66713 INFO tempest.lib.common.rest_client [req-96c58ccc-fcbe-46db-a0d1-347434bb1e8b req-96c58ccc-fcbe-46db-a0d1-347434bb1e8b ] Request (ServerMetadataTestJSON:test_update_server_metadata): 200 POST http://10.180.1.21/compute/v2.1/servers/9ec91cd5-efe8-4408-a32f-e7032ce745fd/metadata 0.137s
2025-11-22 07:32:38.958 66726 INFO tempest.lib.common.rest_client [req-1eaf3275-be60-4193-a467-a3fcadb25a8e req-1eaf3275-be60-4193-a467-a3fcadb25a8e ] Request (MultipleCreateTestJSON:tearDownClass): 200 GET http://10.180.1.21/compute/v2.1/servers/eec17832-3bd6-42b1-a869-3a61c5c77d72 0.117s
2025-11-22 07:32:38.989 66713 INFO tempest.lib.common.rest_client [req-317c5526-6d36-40f1-8e39-a4b3a208a71d req-317c5526-6d36-40f1-8e39-a4b3a208a71d ] Request (ServerMetadataTestJSON:test_update_server_metadata): 200 GET http://10.180.1.21/compute/v2.1/servers/9ec91cd5-efe8-4408-a32f-e7032ce745fd/metadata 0.119s
2025-11-22 07:32:38.993 66694 INFO tempest.lib.common.rest_client [req-b01428fc-ca36-4890-ab65-09352627e600 req-b01428fc-ca36-4890-ab65-09352627e600 ] Request (ServerRescueNegativeTestJSON:test_rescued_vm_detach_volume): 200 GET http://10.180.1.21/compute/v2.1/servers/eed19f33-7861-496a-96e3-6593613e8a1f 0.202s
2025-11-22 07:32:39.004 66694 INFO tempest.common.waiters [-] State transition "BUILD/spawning" ==> "ACTIVE/None" after 46 second wait
2025-11-22 07:32:39.053 66684 INFO tempest.lib.common.rest_client [req-17f269fe-b002-47dd-8b08-1312ca346431 req-17f269fe-b002-47dd-8b08-1312ca346431 ] Request (DeleteServersTestJSON:test_delete_server_while_in_shelved_state): 200 GET http://10.180.1.21/compute/v2.1/servers/97c4fbc2-645e-49c9-af75-4bcfdf5e969a 0.163s
2025-11-22 07:32:39.074 66713 INFO tempest.lib.common.rest_client [req-4ca2555a-3cd3-497f-ad02-71e6f92e8521 req-4ca2555a-3cd3-497f-ad02-71e6f92e8521 ] Request (ServerMetadataTestJSON:tearDownClass): 204 DELETE http://10.180.1.21/compute/v2.1/servers/9ec91cd5-efe8-4408-a32f-e7032ce745fd 0.082s
2025-11-22 07:32:39.118 66694 INFO tempest.lib.common.rest_client [req-4905efcf-d8c1-4d35-9714-2ad705abfd7e req-4905efcf-d8c1-4d35-9714-2ad705abfd7e ] Request (ServerRescueNegativeTestJSON:test_rescued_vm_detach_volume): 200 GET http://10.180.1.21/compute/v2.1/servers/eed19f33-7861-496a-96e3-6593613e8a1f/os-interface 0.113s
2025-11-22 07:32:39.710 66694 INFO tempest.lib.common.rest_client [req-61b196bc-cf5a-4cc5-9a53-3932101e163c req-61b196bc-cf5a-4cc5-9a53-3932101e163c ] Request (ServerRescueNegativeTestJSON:test_rescued_vm_detach_volume): 200 PUT http://10.180.1.21/networking/v2.0/floatingips/57c265b9-fcae-4d20-8799-cec03ad0081e 0.588s
2025-11-22 07:32:39.711 66694 INFO tempest.lib.common.ssh [-] Creating ssh connection to '10.180.180.225:22' as 'cirros' with public key authentication
2025-11-22 07:32:39.741 66706 INFO tempest.lib.common.rest_client [req-3097e878-5234-4221-9f6e-66df80afe689 req-3097e878-5234-4221-9f6e-66df80afe689 ] Request (ImagesNegativeTestJSON:test_create_image_from_deleted_server): 200 GET http://10.180.1.21/compute/v2.1/servers/13d2052b-2dfe-4a19-8e9b-79e66c47aa51 0.671s
2025-11-22 07:32:39.771 66664 INFO tempest.lib.common.rest_client [req-01ff4dd7-d36d-473a-8838-e0b831633f91 req-01ff4dd7-d36d-473a-8838-e0b831633f91 ] Request (SecurityGroupsTestJSON:test_server_security_groups): 200 GET http://10.180.1.21/compute/v2.1/servers/1680301a-3a6b-42ee-8f53-b54a50235d32 0.754s
2025-11-22 07:32:40.095 66698 INFO tempest.lib.common.rest_client [req-8eabcc84-0c2f-4f27-ad7c-ce0b4988c220 req-8eabcc84-0c2f-4f27-ad7c-ce0b4988c220 ] Request (ServersTestJSON:setUpClass): 200 GET http://10.180.1.21/compute/v2.1/servers/c5ebb481-06cf-45ca-8db2-aac48cb1bd6e 1.010s
2025-11-22 07:32:40.117 66713 INFO tempest.lib.common.rest_client [req-294a4c35-cbd9-48c2-a8c4-17b6aba4ee97 req-294a4c35-cbd9-48c2-a8c4-17b6aba4ee97 ] Request (ServerMetadataTestJSON:tearDownClass): 200 GET http://10.180.1.21/compute/v2.1/servers/9ec91cd5-efe8-4408-a32f-e7032ce745fd 1.043s
2025-11-22 07:32:40.162 66702 INFO tempest.lib.common.rest_client [req-3d9f0ced-8a12-48bc-b3b3-1b199edba92a req-3d9f0ced-8a12-48bc-b3b3-1b199edba92a ] Request (ServerMetadataNegativeTestJSON:setUpClass): 200 GET http://10.180.1.21/compute/v2.1/servers/cdcc6a24-5b77-466b-a5f6-bb3cb39dbe41 1.038s
2025-11-22 07:32:40.190 66688 INFO tempest.lib.common.rest_client [req-b721421f-e793-4ee1-b369-73db63100d0f req-b721421f-e793-4ee1-b369-73db63100d0f ] Request (ListServerFiltersTestJSON:setUpClass): 200 GET http://10.180.1.21/compute/v2.1/servers/3158416d-9431-49d8-8de9-ca2570ab2151 1.044s
2025-11-22 07:32:40.236 66666 INFO tempest.lib.common.rest_client [req-bc4ff536-2d9f-4d43-8835-cf40b6bedaa2 req-bc4ff536-2d9f-4d43-8835-cf40b6bedaa2 ] Request (ServerPasswordTestJSON:setUpClass): 200 GET http://10.180.1.21/compute/v2.1/servers/fbcff267-f2e3-4632-aca9-eff61696a28a 1.052s
2025-11-22 07:32:40.291 66678 INFO tempest.lib.common.rest_client [req-fcf23b97-6cdc-4b9a-8bf7-56f2d0bcd4c8 req-fcf23b97-6cdc-4b9a-8bf7-56f2d0bcd4c8 ] Request (ServersListShow2100Test:test_list_show_rebuild_update_server_2100): 200 GET http://10.180.1.21/compute/v2.1/servers/5e4b2d9d-ddad-480c-af82-b208ab892e86 1.087s
2025-11-22 07:32:40.337 66722 INFO tempest.lib.common.rest_client [req-4fd74593-28a3-4112-bdf4-47807d245759 req-4fd74593-28a3-4112-bdf4-47807d245759 ] Request (ServersNegativeTestJSON:setUpClass): 200 GET http://10.180.1.21/compute/v2.1/servers/be68fda2-3ad5-4802-bdc4-0faaeaeffbf3 1.087s
2025-11-22 07:32:40.360 66720 INFO tempest.lib.common.rest_client [req-82f0fb5f-dcf0-453d-980d-3e430c6a88d8 req-82f0fb5f-dcf0-453d-980d-3e430c6a88d8 ] Request (ServerActionsTestOtherA:test_rebuild_server_in_stop_state): 200 GET http://10.180.1.21/compute/v2.1/servers/e0167ad2-2d81-4d64-84b1-766dd61fb5d9 1.073s
2025-11-22 07:32:40.369 66720 INFO tempest.common.waiters [-] State transition "BUILD/scheduling" ==> "BUILD/None" after 22 second wait
2025-11-22 07:32:40.424 66670 INFO tempest.lib.common.rest_client [req-9aa11d7e-2967-472a-86ed-a9d01f8cf2d5 req-9aa11d7e-2967-472a-86ed-a9d01f8cf2d5 ] Request (ServerDiskConfigTestJSON:test_rebuild_server_with_manual_disk_config): 200 GET http://10.180.1.21/compute/v2.1/servers/a08c637f-8d96-4479-a085-2ca821bfcf2f 1.116s
2025-11-22 07:32:40.450 66680 INFO tempest.lib.common.rest_client [req-95c090bb-0a50-49fa-a341-299430803277 req-95c090bb-0a50-49fa-a341-299430803277 ] Request (InstanceActionsV221TestJSON:test_get_list_deleted_instance_actions): 200 GET http://10.180.1.21/compute/v2.1/servers/d0663d90-ad43-413d-a31d-332d76b8ce71 1.107s
2025-11-22 07:32:40.515 66682 WARNING tempest.lib.common.ssh [-] Failed to establish authenticated ssh connection to cirros@10.180.180.208 ([Errno None] Unable to connect to port 22 on 10.180.180.208). Number attempts: 11. Retry after 12 seconds.: paramiko.ssh_exception.NoValidConnectionsError: [Errno None] Unable to connect to port 22 on 10.180.180.208
2025-11-22 07:32:40.606 66710 INFO tempest.lib.common.rest_client [req-75f3ed9e-2d23-43f8-a987-8eaf19f9dc75 req-75f3ed9e-2d23-43f8-a987-8eaf19f9dc75 ] Request (ImagesOneServerTestJSON:tearDownClass): 200 GET http://10.180.1.21/compute/v2.1/servers/2db81ef0-e3e3-4dda-bc19-3507b5c9fbe0 1.148s
2025-11-22 07:32:40.641 66700 INFO tempest.lib.common.rest_client [req-478921f5-14cb-4923-8ad0-7a29988824d6 req-478921f5-14cb-4923-8ad0-7a29988824d6 ] Request (ImagesTestJSON:test_create_server_from_snapshot): 200 GET http://10.180.1.21/compute/v2.1/servers/7f3570b8-09a4-41f0-a8a7-f4f84fe4386b 1.270s
2025-11-22 07:32:40.648 66700 INFO tempest.common.waiters [-] State transition "BUILD/networking" ==> "BUILD/spawning" after 34 second wait
2025-11-22 07:32:40.679 66692 INFO tempest.lib.common.rest_client [req-ba163ee3-7e73-4dc9-8a85-3cb847d101ab req-ba163ee3-7e73-4dc9-8a85-3cb847d101ab ] Request (ImagesOneServerNegativeTestJSON:_run_cleanups): 200 GET http://10.180.1.21/compute/v2.1/servers/41be6276-f3f5-466f-87c2-8c496d458dd3 1.179s
2025-11-22 07:32:40.689 66692 INFO tempest.common.waiters [-] State transition "BUILD/None" ==> "BUILD/networking" after 34 second wait
2025-11-22 07:32:40.702 66714 INFO tempest.lib.common.rest_client [req-b5efd2ee-65fb-4915-991a-ba9544e837fd req-b5efd2ee-65fb-4915-991a-ba9544e837fd ] Request (ServersAdminTestJSON:tearDownClass): 200 GET http://10.180.1.21/compute/v2.1/servers/119ab8b0-38bd-4ab4-95c4-df54273d3ed7 1.119s
2025-11-22 07:32:40.726 66686 INFO tempest.lib.common.rest_client [req-fa57178b-299d-4a3c-adb4-0170dbc3278f req-fa57178b-299d-4a3c-adb4-0170dbc3278f ] Request (ListImageFiltersTestJSON:setUpClass): 200 GET http://10.180.1.21/compute/v2.1/images/e88242ba-be24-4f47-b28e-4038431cfd71 1.109s
2025-11-22 07:32:40.756 66716 INFO tempest.lib.common.rest_client [req-607a57fe-a355-4fcf-a01c-e4bd809bc7a0 req-607a57fe-a355-4fcf-a01c-e4bd809bc7a0 ] Request (AttachInterfacesTestJSON:test_create_list_show_delete_interfaces_by_network_port): 200 GET http://10.180.1.21/compute/v2.1/servers/a6c3ed16-58e5-40b7-8e4c-7c85bf620be7 1.135s
2025-11-22 07:32:40.776 66676 INFO tempest.lib.common.rest_client [req-7c61138e-64a4-4c86-b655-0b903dd365af req-7c61138e-64a4-4c86-b655-0b903dd365af ] Request (ServerTagsTestJSON:setUpClass): 200 GET http://10.180.1.21/compute/v2.1/servers/5adf1b95-9b1c-4796-a71c-357ffe1aab5b 1.090s
2025-11-22 07:32:40.847 66704 INFO tempest.lib.common.rest_client [req-e9d5ff8b-264e-4a86-af9b-27874cb60d5f req-e9d5ff8b-264e-4a86-af9b-27874cb60d5f ] Request (InstanceActionsTestJSON:tearDownClass): 200 GET http://10.180.1.21/compute/v2.1/servers/3eab91f6-38c9-46f2-8c57-ff97d92b3d06 1.043s
2025-11-22 07:32:40.886 66668 INFO tempest.lib.common.rest_client [req-81bf5b18-327d-49e9-a69e-a80313400abd req-81bf5b18-327d-49e9-a69e-a80313400abd ] Request (MigrationsAdminTest:test_list_migrations_in_flavor_resize_situation): 200 GET http://10.180.1.21/compute/v2.1/servers/25e5aec6-9c2f-4916-b635-e9e1ffcd0d9b 1.099s
2025-11-22 07:32:40.908 66726 INFO tempest.lib.common.rest_client [req-0bdd4380-b4cc-4125-b347-b4b43081116e req-0bdd4380-b4cc-4125-b347-b4b43081116e ] Request (MultipleCreateTestJSON:tearDownClass): 200 GET http://10.180.1.21/compute/v2.1/servers/eec17832-3bd6-42b1-a869-3a61c5c77d72 0.942s
2025-11-22 07:32:40.950 66684 INFO tempest.lib.common.rest_client [req-8182156e-438c-42b6-9b2a-28303367762e req-8182156e-438c-42b6-9b2a-28303367762e ] Request (DeleteServersTestJSON:test_delete_server_while_in_shelved_state): 200 GET http://10.180.1.21/compute/v2.1/servers/97c4fbc2-645e-49c9-af75-4bcfdf5e969a 0.888s
2025-11-22 07:32:40.979 66706 INFO tempest.lib.common.rest_client [req-cf581efd-9f6e-4555-ad0e-307d6ba40efb req-cf581efd-9f6e-4555-ad0e-307d6ba40efb ] Request (ImagesNegativeTestJSON:test_create_image_from_deleted_server): 200 GET http://10.180.1.21/compute/v2.1/servers/13d2052b-2dfe-4a19-8e9b-79e66c47aa51 0.231s
2025-11-22 07:32:41.045 66664 INFO tempest.lib.common.rest_client [req-f995d3f7-b51b-469d-acc7-efedb8d734cd req-f995d3f7-b51b-469d-acc7-efedb8d734cd ] Request (SecurityGroupsTestJSON:test_server_security_groups): 200 GET http://10.180.1.21/compute/v2.1/servers/1680301a-3a6b-42ee-8f53-b54a50235d32 0.264s
2025-11-22 07:32:41.055 66664 INFO tempest.common.waiters [-] State transition "BUILD/spawning" ==> "ACTIVE/None" after 38 second wait
2025-11-22 07:32:41.166 66698 INFO tempest.lib.common.rest_client [req-bc060c77-5377-4ef6-8347-58fe8d4c44c1 req-bc060c77-5377-4ef6-8347-58fe8d4c44c1 ] Request (ServersTestJSON:setUpClass): 200 GET http://10.180.1.21/compute/v2.1/servers/c5ebb481-06cf-45ca-8db2-aac48cb1bd6e 0.062s
2025-11-22 07:32:41.434 66664 INFO tempest.lib.common.rest_client [req-4b9b283d-5ed3-4277-bc97-4f35f937228b req-4b9b283d-5ed3-4277-bc97-4f35f937228b ] Request (SecurityGroupsTestJSON:test_server_security_groups): 202 POST http://10.180.1.21/compute/v2.1/servers/1680301a-3a6b-42ee-8f53-b54a50235d32/action 0.379s
2025-11-22 07:32:41.544 66713 INFO tempest.lib.common.rest_client [req-f52d9095-f927-418d-b2a0-b55ed5fd2c1a req-f52d9095-f927-418d-b2a0-b55ed5fd2c1a ] Request (ServerMetadataTestJSON:tearDownClass): 200 GET http://10.180.1.21/compute/v2.1/servers/9ec91cd5-efe8-4408-a32f-e7032ce745fd 0.418s
2025-11-22 07:32:41.557 66702 INFO tempest.lib.common.rest_client [req-2053af84-078d-430b-8f08-de9cae9ad464 req-2053af84-078d-430b-8f08-de9cae9ad464 ] Request (ServerMetadataNegativeTestJSON:setUpClass): 200 GET http://10.180.1.21/compute/v2.1/servers/cdcc6a24-5b77-466b-a5f6-bb3cb39dbe41 0.383s
2025-11-22 07:32:41.831 66688 INFO tempest.lib.common.rest_client [req-6fcfc094-357d-431e-a779-5cd3b3d0648b req-6fcfc094-357d-431e-a779-5cd3b3d0648b ] Request (ListServerFiltersTestJSON:setUpClass): 200 GET http://10.180.1.21/compute/v2.1/servers/3158416d-9431-49d8-8de9-ca2570ab2151 0.633s
2025-11-22 07:32:41.850 66666 INFO tempest.lib.common.rest_client [req-77ced435-8e77-4afa-a786-ccf2fe5ec0b0 req-77ced435-8e77-4afa-a786-ccf2fe5ec0b0 ] Request (ServerPasswordTestJSON:setUpClass): 200 GET http://10.180.1.21/compute/v2.1/servers/fbcff267-f2e3-4632-aca9-eff61696a28a 0.601s
2025-11-22 07:32:41.939 66678 INFO tempest.lib.common.rest_client [req-8a5afb7e-fcf0-47ec-b615-cf6bb81b2a62 req-8a5afb7e-fcf0-47ec-b615-cf6bb81b2a62 ] Request (ServersListShow2100Test:test_list_show_rebuild_update_server_2100): 200 GET http://10.180.1.21/compute/v2.1/servers/5e4b2d9d-ddad-480c-af82-b208ab892e86 0.633s
2025-11-22 07:32:41.965 66722 INFO tempest.lib.common.rest_client [req-82ebaed2-f0db-42e5-b516-94d5a7237672 req-82ebaed2-f0db-42e5-b516-94d5a7237672 ] Request (ServersNegativeTestJSON:setUpClass): 200 GET http://10.180.1.21/compute/v2.1/servers/be68fda2-3ad5-4802-bdc4-0faaeaeffbf3 0.618s
2025-11-22 07:32:42.031 66720 INFO tempest.lib.common.rest_client [req-432ec04f-4e91-4082-9671-9c96d262b532 req-432ec04f-4e91-4082-9671-9c96d262b532 ] Request (ServerActionsTestOtherA:test_rebuild_server_in_stop_state): 200 GET http://10.180.1.21/compute/v2.1/servers/e0167ad2-2d81-4d64-84b1-766dd61fb5d9 0.661s
2025-11-22 07:32:42.139 66664 INFO tempest.lib.common.rest_client [req-cef198bd-3caa-4797-9adf-9ef3acd8d313 req-cef198bd-3caa-4797-9adf-9ef3acd8d313 ] Request (SecurityGroupsTestJSON:test_server_security_groups): 400 DELETE http://10.180.1.21/compute/v2.1/os-security-groups/999b5d73-a0af-4e80-9039-6f365217c4db 0.704s
2025-11-22 07:32:42.157 66670 INFO tempest.lib.common.rest_client [req-0f040c8d-d8a3-45ea-a896-439045dd8653 req-0f040c8d-d8a3-45ea-a896-439045dd8653 ] Request (ServerDiskConfigTestJSON:test_rebuild_server_with_manual_disk_config): 200 GET http://10.180.1.21/compute/v2.1/servers/a08c637f-8d96-4479-a085-2ca821bfcf2f 0.717s
2025-11-22 07:32:42.245 66680 INFO tempest.lib.common.rest_client [req-4c4ef87c-ac57-43d2-8620-ba84f396d16a req-4c4ef87c-ac57-43d2-8620-ba84f396d16a ] Request (InstanceActionsV221TestJSON:test_get_list_deleted_instance_actions): 200 GET http://10.180.1.21/compute/v2.1/servers/d0663d90-ad43-413d-a31d-332d76b8ce71 0.782s
2025-11-22 07:32:42.292 66710 INFO tempest.lib.common.rest_client [req-051fed0b-9e51-4dfb-b24a-4829f4040b24 req-051fed0b-9e51-4dfb-b24a-4829f4040b24 ] Request (ImagesOneServerTestJSON:tearDownClass): 200 GET http://10.180.1.21/compute/v2.1/servers/2db81ef0-e3e3-4dda-bc19-3507b5c9fbe0 0.672s
2025-11-22 07:32:42.401 66700 INFO tempest.lib.common.rest_client [req-8fb1dab2-bab2-43e3-9f43-5df25fa623bd req-8fb1dab2-bab2-43e3-9f43-5df25fa623bd ] Request (ImagesTestJSON:test_create_server_from_snapshot): 200 GET http://10.180.1.21/compute/v2.1/servers/7f3570b8-09a4-41f0-a8a7-f4f84fe4386b 0.751s
2025-11-22 07:32:42.467 66692 INFO tempest.lib.common.rest_client [req-56b3da1b-3842-4399-877e-dc550431aea3 req-56b3da1b-3842-4399-877e-dc550431aea3 ] Request (ImagesOneServerNegativeTestJSON:_run_cleanups): 200 GET http://10.180.1.21/compute/v2.1/servers/41be6276-f3f5-466f-87c2-8c496d458dd3 0.777s
2025-11-22 07:32:42.474 66692 INFO tempest.common.waiters [-] State transition "BUILD/networking" ==> "BUILD/spawning" after 36 second wait
2025-11-22 07:32:42.488 66714 INFO tempest.lib.common.rest_client [req-a27852c8-aa04-42dd-8f01-5ea559d1aed2 req-a27852c8-aa04-42dd-8f01-5ea559d1aed2 ] Request (ServersAdminTestJSON:tearDownClass): 200 GET http://10.180.1.21/compute/v2.1/servers/119ab8b0-38bd-4ab4-95c4-df54273d3ed7 0.775s
2025-11-22 07:32:42.495 66714 INFO tempest.common.waiters [-] State transition "ACTIVE/deleting" ==> "DELETED/None" after 5 second wait
2025-11-22 07:32:42.509 66686 INFO tempest.lib.common.rest_client [req-00a0ac91-d79d-41ba-b63c-2cb541011de9 req-00a0ac91-d79d-41ba-b63c-2cb541011de9 ] Request (ListImageFiltersTestJSON:setUpClass): 200 GET http://10.180.1.21/compute/v2.1/images/e88242ba-be24-4f47-b28e-4038431cfd71 0.774s
2025-11-22 07:32:42.542 66716 INFO tempest.lib.common.rest_client [req-481a9ed8-892a-4d4f-962d-b66f667d2e2c req-481a9ed8-892a-4d4f-962d-b66f667d2e2c ] Request (AttachInterfacesTestJSON:test_create_list_show_delete_interfaces_by_network_port): 200 GET http://10.180.1.21/compute/v2.1/servers/a6c3ed16-58e5-40b7-8e4c-7c85bf620be7 0.779s
2025-11-22 07:32:42.566 66676 INFO tempest.lib.common.rest_client [req-08fd8907-b33c-4b1c-b01a-84b2cb835730 req-08fd8907-b33c-4b1c-b01a-84b2cb835730 ] Request (ServerTagsTestJSON:setUpClass): 200 GET http://10.180.1.21/compute/v2.1/servers/5adf1b95-9b1c-4796-a71c-357ffe1aab5b 0.775s
2025-11-22 07:32:42.607 66704 INFO tempest.lib.common.rest_client [req-a050e18c-274c-4e90-9a1e-18cfe76f8a23 req-a050e18c-274c-4e90-9a1e-18cfe76f8a23 ] Request (InstanceActionsTestJSON:tearDownClass): 200 GET http://10.180.1.21/compute/v2.1/servers/3eab91f6-38c9-46f2-8c57-ff97d92b3d06 0.751s
2025-11-22 07:32:42.707 66726 INFO tempest.lib.common.rest_client [req-7ad43ae5-3810-494d-8c8a-92cdb6ec7590 req-7ad43ae5-3810-494d-8c8a-92cdb6ec7590 ] Request (MultipleCreateTestJSON:tearDownClass): 200 GET http://10.180.1.21/compute/v2.1/servers/eec17832-3bd6-42b1-a869-3a61c5c77d72 0.790s
2025-11-22 07:32:42.733 66668 INFO tempest.lib.common.rest_client [req-781322c2-2084-44c8-9557-f12fe5f73ecc req-781322c2-2084-44c8-9557-f12fe5f73ecc ] Request (MigrationsAdminTest:test_list_migrations_in_flavor_resize_situation): 200 GET http://10.180.1.21/compute/v2.1/servers/25e5aec6-9c2f-4916-b635-e9e1ffcd0d9b 0.838s
2025-11-22 07:32:42.761 66684 INFO tempest.lib.common.rest_client [req-945beb8a-7a40-45bf-92b9-333cb1349677 req-945beb8a-7a40-45bf-92b9-333cb1349677 ] Request (DeleteServersTestJSON:test_delete_server_while_in_shelved_state): 200 GET http://10.180.1.21/compute/v2.1/servers/97c4fbc2-645e-49c9-af75-4bcfdf5e969a 0.801s
2025-11-22 07:32:42.786 66706 INFO tempest.lib.common.rest_client [req-dd569b69-d9c3-49a7-a1a9-305ab8285477 req-dd569b69-d9c3-49a7-a1a9-305ab8285477 ] Request (ImagesNegativeTestJSON:test_create_image_from_deleted_server): 200 GET http://10.180.1.21/compute/v2.1/servers/13d2052b-2dfe-4a19-8e9b-79e66c47aa51 0.798s
2025-11-22 07:32:42.826 66664 INFO tempest.lib.common.rest_client [req-7b625dd0-bcbe-4d5a-9eb9-d356b4fa1949 req-7b625dd0-bcbe-4d5a-9eb9-d356b4fa1949 ] Request (SecurityGroupsTestJSON:test_server_security_groups): 202 POST http://10.180.1.21/compute/v2.1/servers/1680301a-3a6b-42ee-8f53-b54a50235d32/action 0.687s
2025-11-22 07:32:42.840 66698 INFO tempest.lib.common.rest_client [req-e442772c-648d-4408-8e4c-cef90b3dadfd req-e442772c-648d-4408-8e4c-cef90b3dadfd ] Request (ServersTestJSON:setUpClass): 200 GET http://10.180.1.21/compute/v2.1/servers/c5ebb481-06cf-45ca-8db2-aac48cb1bd6e 0.665s
2025-11-22 07:32:42.862 66686 INFO tempest.lib.common.rest_client [req-f37204f0-3f3e-4275-b384-ee16f635c3e4 req-f37204f0-3f3e-4275-b384-ee16f635c3e4 ] Request (ListImageFiltersTestJSON:setUpClass): 200 GET http://10.180.1.21/compute/v2.1/images/e88242ba-be24-4f47-b28e-4038431cfd71 0.348s
2025-11-22 07:32:42.891 66713 INFO tempest.lib.common.rest_client [req-a9d2bcbd-9605-4e28-924b-99cc7b1b2e01 req-a9d2bcbd-9605-4e28-924b-99cc7b1b2e01 ] Request (ServerMetadataTestJSON:tearDownClass): 200 GET http://10.180.1.21/compute/v2.1/servers/9ec91cd5-efe8-4408-a32f-e7032ce745fd 0.334s
2025-11-22 07:32:42.917 66702 INFO tempest.lib.common.rest_client [req-341a3fcf-8761-435b-b153-6bbd544c8e38 req-341a3fcf-8761-435b-b153-6bbd544c8e38 ] Request (ServerMetadataNegativeTestJSON:setUpClass): 200 GET http://10.180.1.21/compute/v2.1/servers/cdcc6a24-5b77-466b-a5f6-bb3cb39dbe41 0.349s
2025-11-22 07:32:43.027 66688 INFO tempest.lib.common.rest_client [req-81e1bba0-fb13-4d69-ab2c-78f8e39ed7cb req-81e1bba0-fb13-4d69-ab2c-78f8e39ed7cb ] Request (ListServerFiltersTestJSON:setUpClass): 200 GET http://10.180.1.21/compute/v2.1/servers/3158416d-9431-49d8-8de9-ca2570ab2151 0.183s
2025-11-22 07:32:43.058 66664 INFO tempest.lib.common.rest_client [req-bdb72557-09f2-453a-8fc8-4c8e96819ea8 req-bdb72557-09f2-453a-8fc8-4c8e96819ea8 ] Request (SecurityGroupsTestJSON:test_server_security_groups): 200 GET http://10.180.1.21/compute/v2.1/servers/1680301a-3a6b-42ee-8f53-b54a50235d32 0.231s
2025-11-22 07:32:43.080 66666 INFO tempest.lib.common.rest_client [req-160044fd-cff5-460c-a5b5-a65a29b901b5 req-160044fd-cff5-460c-a5b5-a65a29b901b5 ] Request (ServerPasswordTestJSON:setUpClass): 200 GET http://10.180.1.21/compute/v2.1/servers/fbcff267-f2e3-4632-aca9-eff61696a28a 0.223s
2025-11-22 07:32:43.175 66686 INFO tempest.lib.common.rest_client [req-ace080e9-6f48-4229-a516-f47b10d870d6 req-ace080e9-6f48-4229-a516-f47b10d870d6 ] Request (ListImageFiltersTestJSON:setUpClass): 200 GET http://10.180.1.21/compute/v2.1/servers/35192b67-abc7-44bd-87c6-afef5e5f0d7e 0.310s
2025-11-22 07:32:43.182 66678 INFO tempest.lib.common.rest_client [req-83adacef-6177-42f8-b3c6-ebeda33b724a req-83adacef-6177-42f8-b3c6-ebeda33b724a ] Request (ServersListShow2100Test:test_list_show_rebuild_update_server_2100): 200 GET http://10.180.1.21/compute/v2.1/servers/5e4b2d9d-ddad-480c-af82-b208ab892e86 0.229s
2025-11-22 07:32:43.237 66722 INFO tempest.lib.common.rest_client [req-d46ba437-c63d-41f9-9869-20ee5cd1dc2b req-d46ba437-c63d-41f9-9869-20ee5cd1dc2b ] Request (ServersNegativeTestJSON:setUpClass): 200 GET http://10.180.1.21/compute/v2.1/servers/be68fda2-3ad5-4802-bdc4-0faaeaeffbf3 0.263s
2025-11-22 07:32:43.238 66720 INFO tempest.lib.common.rest_client [req-42b7081a-0d05-42f3-8f72-60ada373f8ac req-42b7081a-0d05-42f3-8f72-60ada373f8ac ] Request (ServerActionsTestOtherA:test_rebuild_server_in_stop_state): 200 GET http://10.180.1.21/compute/v2.1/servers/e0167ad2-2d81-4d64-84b1-766dd61fb5d9 0.197s
2025-11-22 07:32:43.289 66670 INFO tempest.lib.common.rest_client [req-fb8a2b68-dcd3-456e-8e2a-e349d166638f req-fb8a2b68-dcd3-456e-8e2a-e349d166638f ] Request (ServerDiskConfigTestJSON:test_rebuild_server_with_manual_disk_config): 200 GET http://10.180.1.21/compute/v2.1/servers/a08c637f-8d96-4479-a085-2ca821bfcf2f 0.122s
2025-11-22 07:32:43.316 66680 INFO tempest.lib.common.rest_client [req-abee17aa-3214-4eb3-8572-c2fb1f4ba393 req-abee17aa-3214-4eb3-8572-c2fb1f4ba393 ] Request (InstanceActionsV221TestJSON:test_get_list_deleted_instance_actions): 200 GET http://10.180.1.21/compute/v2.1/servers/d0663d90-ad43-413d-a31d-332d76b8ce71 0.059s
2025-11-22 07:32:43.366 66710 INFO tempest.lib.common.rest_client [req-f7e0633a-4369-4989-b8f8-f4a36cd4b13a req-f7e0633a-4369-4989-b8f8-f4a36cd4b13a ] Request (ImagesOneServerTestJSON:tearDownClass): 200 GET http://10.180.1.21/compute/v2.1/servers/2db81ef0-e3e3-4dda-bc19-3507b5c9fbe0 0.065s
2025-11-22 07:32:43.520 66700 INFO tempest.lib.common.rest_client [req-42e86b89-eb9b-43d7-8a2a-1287ad65a859 req-42e86b89-eb9b-43d7-8a2a-1287ad65a859 ] Request (ImagesTestJSON:test_create_server_from_snapshot): 200 GET http://10.180.1.21/compute/v2.1/servers/7f3570b8-09a4-41f0-a8a7-f4f84fe4386b 0.110s
2025-11-22 07:32:43.575 66692 INFO tempest.lib.common.rest_client [req-8ec02030-d993-442d-a704-b552d0c19a01 req-8ec02030-d993-442d-a704-b552d0c19a01 ] Request (ImagesOneServerNegativeTestJSON:_run_cleanups): 200 GET http://10.180.1.21/compute/v2.1/servers/41be6276-f3f5-466f-87c2-8c496d458dd3 0.099s
2025-11-22 07:32:43.579 66714 INFO tempest.lib.common.rest_client [req-00e7d5ce-028c-4a0a-9353-906a1e7d240a req-00e7d5ce-028c-4a0a-9353-906a1e7d240a ] Request (ServersAdminTestJSON:tearDownClass): 200 GET http://10.180.1.21/compute/v2.1/servers/119ab8b0-38bd-4ab4-95c4-df54273d3ed7 0.083s
2025-11-22 07:32:43.629 66716 INFO tempest.lib.common.rest_client [req-b0293c24-827f-45bd-b726-e44d6e043e1a req-b0293c24-827f-45bd-b726-e44d6e043e1a ] Request (AttachInterfacesTestJSON:test_create_list_show_delete_interfaces_by_network_port): 200 GET http://10.180.1.21/compute/v2.1/servers/a6c3ed16-58e5-40b7-8e4c-7c85bf620be7 0.078s
2025-11-22 07:32:43.645 66676 INFO tempest.lib.common.rest_client [req-620720e2-0c42-4c28-8805-74b94db0bb2a req-620720e2-0c42-4c28-8805-74b94db0bb2a ] Request (ServerTagsTestJSON:setUpClass): 200 GET http://10.180.1.21/compute/v2.1/servers/5adf1b95-9b1c-4796-a71c-357ffe1aab5b 0.068s
2025-11-22 07:32:43.684 66704 INFO tempest.lib.common.rest_client [req-e419d307-fd15-4ed5-9376-370f82f0890e req-e419d307-fd15-4ed5-9376-370f82f0890e ] Request (InstanceActionsTestJSON:tearDownClass): 200 GET http://10.180.1.21/compute/v2.1/servers/3eab91f6-38c9-46f2-8c57-ff97d92b3d06 0.066s
2025-11-22 07:32:43.782 66726 INFO tempest.lib.common.rest_client [req-fd0ba621-fcb3-4d31-9ef6-02c53b9f14e4 req-fd0ba621-fcb3-4d31-9ef6-02c53b9f14e4 ] Request (MultipleCreateTestJSON:tearDownClass): 200 GET http://10.180.1.21/compute/v2.1/servers/eec17832-3bd6-42b1-a869-3a61c5c77d72 0.068s
2025-11-22 07:32:43.843 66684 INFO tempest.lib.common.rest_client [req-7986baeb-837b-4170-bc20-7abf9fedba14 req-7986baeb-837b-4170-bc20-7abf9fedba14 ] Request (DeleteServersTestJSON:test_delete_server_while_in_shelved_state): 200 GET http://10.180.1.21/compute/v2.1/servers/97c4fbc2-645e-49c9-af75-4bcfdf5e969a 0.074s
2025-11-22 07:32:43.845 66694 WARNING tempest.lib.common.ssh [-] Failed to establish authenticated ssh connection to cirros@10.180.180.225 ([Errno None] Unable to connect to port 22 on 10.180.180.225). Number attempts: 1. Retry after 2 seconds.: paramiko.ssh_exception.NoValidConnectionsError: [Errno None] Unable to connect to port 22 on 10.180.180.225
2025-11-22 07:32:43.862 66668 INFO tempest.lib.common.rest_client [req-9127d013-4450-4b56-8000-d9eb1c3160fb req-9127d013-4450-4b56-8000-d9eb1c3160fb ] Request (MigrationsAdminTest:test_list_migrations_in_flavor_resize_situation): 200 GET http://10.180.1.21/compute/v2.1/servers/25e5aec6-9c2f-4916-b635-e9e1ffcd0d9b 0.122s
2025-11-22 07:32:43.913 66706 INFO tempest.lib.common.rest_client [req-6df76a71-92a7-42df-92bc-365f90e5181b req-6df76a71-92a7-42df-92bc-365f90e5181b ] Request (ImagesNegativeTestJSON:test_create_image_from_deleted_server): 200 GET http://10.180.1.21/compute/v2.1/servers/13d2052b-2dfe-4a19-8e9b-79e66c47aa51 0.118s
2025-11-22 07:32:43.920 66698 INFO tempest.lib.common.rest_client [req-994b1e6e-4977-47e2-81ee-f81e54bfe8e5 req-994b1e6e-4977-47e2-81ee-f81e54bfe8e5 ] Request (ServersTestJSON:setUpClass): 200 GET http://10.180.1.21/compute/v2.1/servers/c5ebb481-06cf-45ca-8db2-aac48cb1bd6e 0.070s
2025-11-22 07:32:43.970 66672 WARNING tempest.lib.common.ssh [-] Failed to establish authenticated ssh connection to cirros@10.180.180.197 ([Errno None] Unable to connect to port 22 on 10.180.180.197). Number attempts: 4. Retry after 5 seconds.: paramiko.ssh_exception.NoValidConnectionsError: [Errno None] Unable to connect to port 22 on 10.180.180.197
2025-11-22 07:32:43.986 66713 INFO tempest.lib.common.rest_client [req-cb9b7bef-215f-48f9-ac82-b07c35f99017 req-cb9b7bef-215f-48f9-ac82-b07c35f99017 ] Request (ServerMetadataTestJSON:tearDownClass): 200 GET http://10.180.1.21/compute/v2.1/servers/9ec91cd5-efe8-4408-a32f-e7032ce745fd 0.086s
2025-11-22 07:32:43.993 66713 INFO tempest.common.waiters [-] State transition "ACTIVE/deleting" ==> "DELETED/None" after 3 second wait
2025-11-22 07:32:44.000 66702 INFO tempest.lib.common.rest_client [req-e5f0c4be-96ea-4cfa-a5c9-8f56f4a338b2 req-e5f0c4be-96ea-4cfa-a5c9-8f56f4a338b2 ] Request (ServerMetadataNegativeTestJSON:setUpClass): 200 GET http://10.180.1.21/compute/v2.1/servers/cdcc6a24-5b77-466b-a5f6-bb3cb39dbe41 0.073s
2025-11-22 07:32:44.099 66688 INFO tempest.lib.common.rest_client [req-dae7f520-4d08-4982-8d69-a9b64390aba8 req-dae7f520-4d08-4982-8d69-a9b64390aba8 ] Request (ListServerFiltersTestJSON:setUpClass): 200 GET http://10.180.1.21/compute/v2.1/servers/3158416d-9431-49d8-8de9-ca2570ab2151 0.063s
2025-11-22 07:32:44.183 66666 INFO tempest.lib.common.rest_client [req-ce3643d1-e138-4e4c-91f3-d245327aa079 req-ce3643d1-e138-4e4c-91f3-d245327aa079 ] Request (ServerPasswordTestJSON:setUpClass): 200 GET http://10.180.1.21/compute/v2.1/servers/fbcff267-f2e3-4632-aca9-eff61696a28a 0.092s
2025-11-22 07:32:44.225 66664 INFO tempest.lib.common.rest_client [req-11a2f724-87d0-44e1-925a-31901c59090f req-11a2f724-87d0-44e1-925a-31901c59090f ] Request (SecurityGroupsTestJSON:test_server_security_groups): 200 GET http://10.180.1.21/compute/v2.1/servers/1680301a-3a6b-42ee-8f53-b54a50235d32 0.160s
2025-11-22 07:32:44.325 66686 INFO tempest.lib.common.rest_client [req-9e0d9a76-e421-4d64-bdb2-e85db385e75a req-9e0d9a76-e421-4d64-bdb2-e85db385e75a ] Request (ListImageFiltersTestJSON:setUpClass): 200 GET http://10.180.1.21/compute/v2.1/servers/35192b67-abc7-44bd-87c6-afef5e5f0d7e 0.139s
2025-11-22 07:32:44.337 66686 INFO tempest.common.waiters [-] State transition "ACTIVE/image_uploading" ==> "ACTIVE/None" after 1 second wait
2025-11-22 07:32:44.352 66678 INFO tempest.lib.common.rest_client [req-a6936b51-5bd8-4279-a0a4-308c78c6b124 req-a6936b51-5bd8-4279-a0a4-308c78c6b124 ] Request (ServersListShow2100Test:test_list_show_rebuild_update_server_2100): 200 GET http://10.180.1.21/compute/v2.1/servers/5e4b2d9d-ddad-480c-af82-b208ab892e86 0.153s
2025-11-22 07:32:44.440 66722 INFO tempest.lib.common.rest_client [req-251186d3-d46a-4be7-babd-c2ad70648c3e req-251186d3-d46a-4be7-babd-c2ad70648c3e ] Request (ServersNegativeTestJSON:setUpClass): 200 GET http://10.180.1.21/compute/v2.1/servers/be68fda2-3ad5-4802-bdc4-0faaeaeffbf3 0.195s
2025-11-22 07:32:44.453 66720 INFO tempest.lib.common.rest_client [req-df1e17c0-95e0-4051-963b-c168278699b5 req-df1e17c0-95e0-4051-963b-c168278699b5 ] Request (ServerActionsTestOtherA:test_rebuild_server_in_stop_state): 200 GET http://10.180.1.21/compute/v2.1/servers/e0167ad2-2d81-4d64-84b1-766dd61fb5d9 0.203s
2025-11-22 07:32:44.558 66680 INFO tempest.lib.common.rest_client [req-f61a498b-e735-455d-825b-b18ef86111ba req-f61a498b-e735-455d-825b-b18ef86111ba ] Request (InstanceActionsV221TestJSON:test_get_list_deleted_instance_actions): 200 GET http://10.180.1.21/compute/v2.1/servers/d0663d90-ad43-413d-a31d-332d76b8ce71 0.231s
2025-11-22 07:32:44.599 66670 INFO tempest.lib.common.rest_client [req-c13f856f-214b-4411-a581-e058e4f91529 req-c13f856f-214b-4411-a581-e058e4f91529 ] Request (ServerDiskConfigTestJSON:test_rebuild_server_with_manual_disk_config): 200 GET http://10.180.1.21/compute/v2.1/servers/a08c637f-8d96-4479-a085-2ca821bfcf2f 0.301s
2025-11-22 07:32:44.605 66670 INFO tempest.common.waiters [-] State transition "BUILD/None" ==> "BUILD/block_device_mapping" after 36 second wait
2025-11-22 07:32:44.656 66710 INFO tempest.lib.common.rest_client [req-9d2591f3-1794-4e01-8095-1863993950b3 req-9d2591f3-1794-4e01-8095-1863993950b3 ] Request (ImagesOneServerTestJSON:tearDownClass): 200 GET http://10.180.1.21/compute/v2.1/servers/2db81ef0-e3e3-4dda-bc19-3507b5c9fbe0 0.281s
2025-11-22 07:32:44.772 66700 INFO tempest.lib.common.rest_client [req-4f5430da-9d94-4f3a-9014-8a3f7230e319 req-4f5430da-9d94-4f3a-9014-8a3f7230e319 ] Request (ImagesTestJSON:test_create_server_from_snapshot): 200 GET http://10.180.1.21/compute/v2.1/servers/7f3570b8-09a4-41f0-a8a7-f4f84fe4386b 0.245s
