2025-11-22 07:30:10.751 66722 INFO tempest.lib.common.rest_client [req-63b02d3b-4947-41f8-ba11-e8376012cb86 req-63b02d3b-4947-41f8-ba11-e8376012cb86 ] Request (FloatingIPDetailsNegativeTestJSON:setUpClass): 201 POST http://10.180.1.21/identity/v3/projects 0.066s
2025-11-22 07:30:10.762 66696 INFO tempest.lib.common.rest_client [req-acbbadca-b4ef-4867-b41d-015b712c6e4d req-acbbadca-b4ef-4867-b41d-015b712c6e4d ] Request (ServerExternalEventsTest:tearDownClass): 200 GET http://10.180.1.21/compute/v2.1/servers/db1723be-7cbf-4414-9823-815c98313a4a 1.337s
2025-11-22 07:30:10.785 66664 INFO tempest.lib.common.rest_client [req-19e148ca-e64c-4040-bc98-d8a58b685df6 req-19e148ca-e64c-4040-bc98-d8a58b685df6 ] Request (KeyPairsV2TestJSON:tearDownClass): 201 POST http://10.180.1.21/identity/v3/auth/tokens 0.075s
2025-11-22 07:30:10.875 66722 INFO tempest.lib.common.rest_client [req-9e53038c-0297-4fb5-ab78-a5b559e073fa req-9e53038c-0297-4fb5-ab78-a5b559e073fa ] Request (FloatingIPDetailsNegativeTestJSON:setUpClass): 201 POST http://10.180.1.21/identity/v3/users 0.124s
2025-11-22 07:30:10.901 66722 INFO tempest.lib.common.rest_client [req-9b4303ef-3be4-451e-ac11-736243bbbe75 req-9b4303ef-3be4-451e-ac11-736243bbbe75 ] Request (FloatingIPDetailsNegativeTestJSON:setUpClass): 200 GET http://10.180.1.21/identity/v3/roles 0.025s
2025-11-22 07:30:10.930 66722 INFO tempest.lib.common.rest_client [req-62a06498-8d04-49b1-9b04-80d18b37c226 req-62a06498-8d04-49b1-9b04-80d18b37c226 ] Request (FloatingIPDetailsNegativeTestJSON:setUpClass): 204 PUT http://10.180.1.21/identity/v3/projects/941f6c054c8f49da9749f554d67618b9/users/979f4f23711f42c1b3da9aefc82e0dc0/roles/025530159c8348df9f61db99da335d5b 0.028s
2025-11-22 07:30:10.930 66722 INFO tempest.lib.common.dynamic_creds [-] Dynamic test user 979f4f23711f42c1b3da9aefc82e0dc0 is created with scope project and roles: ['member']
2025-11-22 07:30:10.930 66722 INFO tempest.lib.common.dynamic_creds [-] Acquired dynamic creds: credentials: Credentials: {'domain_id': 'default', 'domain_name': 'Default', 'username': 'tempest-FloatingIPDetailsNegativeTestJSON-1615572247-project-member', 'project_domain_id': 'default', 'project_domain_name': 'Default', 'project_id': '941f6c054c8f49da9749f554d67618b9', 'project_name': 'tempest-FloatingIPDetailsNegativeTestJSON-1615572247', 'tenant_id': '941f6c054c8f49da9749f554d67618b9', 'tenant_name': 'tempest-FloatingIPDetailsNegativeTestJSON-1615572247', 'user_domain_id': 'default', 'user_domain_name': 'Default', 'user_id': '979f4f23711f42c1b3da9aefc82e0dc0', 'system': None}, Network: None, Subnet: None, Router: None
2025-11-22 07:30:11.001 66722 INFO tempest.lib.common.rest_client [req-a4810d14-1cd5-46c2-9535-f59584d42178 req-a4810d14-1cd5-46c2-9535-f59584d42178 ] Request (FloatingIPDetailsNegativeTestJSON:setUpClass): 201 POST http://10.180.1.21/identity/v3/auth/tokens 0.071s
2025-11-22 07:30:11.058 66664 INFO tempest.lib.common.rest_client [req-3a648a2e-5aa4-4ce4-ab28-d586de329a9c req-3a648a2e-5aa4-4ce4-ab28-d586de329a9c ] Request (KeyPairsV2TestJSON:tearDownClass): 200 GET http://10.180.1.21/networking/v2.0/security-groups?tenant_id=8985de50d06641fba061b13c684204fc&name=default 0.273s
2025-11-22 07:30:11.126 66714 INFO tempest.lib.common.rest_client [req-a16c9533-42a7-4bd5-b35c-6a845a54121d req-a16c9533-42a7-4bd5-b35c-6a845a54121d ] Request (ServersAdminTestJSON:test_create_server_with_scheduling_hint): 200 GET http://10.180.1.21/compute/v2.1/servers/844e11be-7d1e-4691-8418-d60fd84bb57e 1.635s
2025-11-22 07:30:11.127 66676 INFO tempest.lib.common.rest_client [req-b461effe-60cd-4439-afeb-01f816a00842 req-b461effe-60cd-4439-afeb-01f816a00842 ] Request (FloatingIPsAssociationTestJSON:setUpClass): 200 POST http://10.180.1.21/compute/v2.1/os-floating-ips 2.153s
2025-11-22 07:30:11.212 66724 WARNING tempest.lib.common.ssh [-] Failed to establish authenticated ssh connection to cirros@10.180.180.137 ([Errno None] Unable to connect to port 22 on 10.180.180.137). Number attempts: 2. Retry after 3 seconds.: paramiko.ssh_exception.NoValidConnectionsError: [Errno None] Unable to connect to port 22 on 10.180.180.137
2025-11-22 07:30:11.218 66676 INFO tempest.lib.common.rest_client [req-08b1d872-1f2e-4154-aa1b-daddaa5ab7a6 req-08b1d872-1f2e-4154-aa1b-daddaa5ab7a6 ] Request (FloatingIPsAssociationTestJSON:test_associate_already_associated_floating_ip): 201 POST http://10.180.1.21/identity/v3/auth/tokens 0.082s
2025-11-22 07:30:11.218 66676 INFO tempest.lib.common.fixed_network [-] (FloatingIPsAssociationTestJSON:test_associate_already_associated_floating_ip) Found network {'id': 'e233bc18-4ce0-437c-92d0-d3c088d5124c', 'name': 'tempest-FloatingIPsAssociationTestJSON-398537229-network', 'tenant_id': '08d6c9ff6b4b4202acd190daa5b75be7', 'project_id': '08d6c9ff6b4b4202acd190daa5b75be7', 'admin_state_up': True, 'mtu': 8950, 'status': 'ACTIVE', 'subnets': [], 'shared': False, 'port_security_enabled': True, 'router:external': False, 'provider:network_type': 'vlan', 'provider:physical_network': 'default', 'provider:segmentation_id': 40, 'availability_zone_hints': [], 'availability_zones': [], 'ipv4_address_scope': None, 'ipv6_address_scope': None, 'description': '', 'tags': [], 'created_at': '2025-11-22T07:29:21Z', 'updated_at': '2025-11-22T07:29:21Z', 'revision_number': 1} available for tenant
2025-11-22 07:30:11.426 66708 INFO tempest.lib.common.rest_client [req-f99f557b-ed63-4c06-9b1e-85b27e483939 req-f99f557b-ed63-4c06-9b1e-85b27e483939 ] Request (ServerAddressesNegativeTestJSON:tearDownClass): 200 PUT http://10.180.1.21/networking/v2.0/routers/e0983e45-78ba-4014-9485-01a61ddcc16a/remove_router_interface 0.879s
2025-11-22 07:30:11.482 66722 INFO tempest.lib.common.rest_client [req-232c3734-7e40-4011-94d4-9405fe74802d req-232c3734-7e40-4011-94d4-9405fe74802d ] Request (FloatingIPDetailsNegativeTestJSON:setUpClass): 201 POST http://10.180.1.21/networking/v2.0/networks 0.481s
2025-11-22 07:30:11.529 66664 INFO tempest.lib.common.rest_client [req-37b47921-dc08-4b15-8ed6-6027e989d46a req-37b47921-dc08-4b15-8ed6-6027e989d46a ] Request (KeyPairsV2TestJSON:tearDownClass): 204 DELETE http://10.180.1.21/networking/v2.0/security-groups/421ad337-361f-4e1f-b881-949f921c80d8 0.470s
2025-11-22 07:30:11.567 66702 INFO tempest.lib.common.rest_client [req-5f9432d1-de32-4492-8c37-0481e7977820 req-5f9432d1-de32-4492-8c37-0481e7977820 ] Request (ServersV294TestFqdnHostnames:setUpClass): 200 GET http://10.180.1.21/compute/v2.1/servers/928431fc-2170-4b5b-96e4-576ed0868b5f 1.917s
2025-11-22 07:30:11.571 66666 INFO tempest.lib.common.rest_client [req-621dddda-d684-4849-9d7c-67056469e944 req-621dddda-d684-4849-9d7c-67056469e944 ] Request (VolumesAdminNegativeTest:tearDownClass): 200 GET http://10.180.1.21/compute/v2.1/servers/485630f9-8279-432f-aef0-45cdc0a09ec5 1.995s
2025-11-22 07:30:11.615 66664 INFO tempest.lib.common.rest_client [req-16ffa95e-c673-4c41-be68-4b02bd90f6be req-16ffa95e-c673-4c41-be68-4b02bd90f6be ] Request (KeyPairsV2TestJSON:tearDownClass): 204 DELETE http://10.180.1.21/identity/v3/projects/8985de50d06641fba061b13c684204fc 0.085s
2025-11-22 07:30:11.679 66664 INFO tempest.lib.common.rest_client [req-0e8729cc-312a-478a-a25b-1733e4524b6f req-0e8729cc-312a-478a-a25b-1733e4524b6f ] Request (SecurityGroupsTestJSON:setUpClass): 201 POST http://10.180.1.21/identity/v3/auth/tokens 0.062s
2025-11-22 07:30:11.713 66664 INFO tempest.lib.common.rest_client [req-e80e06b2-314f-451e-887b-45761d99dd90 req-e80e06b2-314f-451e-887b-45761d99dd90 ] Request (SecurityGroupsTestJSON:setUpClass): 201 POST http://10.180.1.21/identity/v3/auth/tokens 0.032s
2025-11-22 07:30:11.738 66722 INFO tempest.lib.common.rest_client [req-b7643ffb-962f-4eed-b5c7-d65dd919fc6e req-b7643ffb-962f-4eed-b5c7-d65dd919fc6e ] Request (FloatingIPDetailsNegativeTestJSON:setUpClass): 201 POST http://10.180.1.21/networking/v2.0/subnets 0.255s
2025-11-22 07:30:11.744 66664 INFO tempest.lib.common.rest_client [req-6f4963b8-b8d6-4404-a023-91ef585d89e2 req-6f4963b8-b8d6-4404-a023-91ef585d89e2 ] Request (SecurityGroupsTestJSON:setUpClass): 200 GET http://10.180.1.21/identity/v3/domains?name=Default 0.029s
2025-11-22 07:30:11.773 66664 INFO tempest.lib.common.rest_client [req-a9031c6b-c346-4cf0-a3a7-395f04bea2ab req-a9031c6b-c346-4cf0-a3a7-395f04bea2ab ] Request (SecurityGroupsTestJSON:setUpClass): 201 POST http://10.180.1.21/identity/v3/projects 0.028s
2025-11-22 07:30:11.849 66686 INFO tempest.lib.common.rest_client [req-676b7ff3-b464-4f9e-a421-980efbe84340 req-676b7ff3-b464-4f9e-a421-980efbe84340 ] Request (FloatingIPsAssociationNegativeTestJSON:tearDownClass): 200 GET http://10.180.1.21/compute/v2.1/servers/3cba14a9-99bb-4630-ace4-d9ead1c2c2a4 2.193s
2025-11-22 07:30:11.861 66664 INFO tempest.lib.common.rest_client [req-6b007977-a7e3-4964-a457-3769fa8a74c6 req-6b007977-a7e3-4964-a457-3769fa8a74c6 ] Request (SecurityGroupsTestJSON:setUpClass): 201 POST http://10.180.1.21/identity/v3/users 0.087s
2025-11-22 07:30:11.881 66664 INFO tempest.lib.common.rest_client [req-a0c3a5a3-8856-433d-a817-f60855e37689 req-a0c3a5a3-8856-433d-a817-f60855e37689 ] Request (SecurityGroupsTestJSON:setUpClass): 200 GET http://10.180.1.21/identity/v3/roles 0.019s
2025-11-22 07:30:11.922 66664 INFO tempest.lib.common.rest_client [req-36910702-a9c1-4514-b6e8-713b4f7a8499 req-36910702-a9c1-4514-b6e8-713b4f7a8499 ] Request (SecurityGroupsTestJSON:setUpClass): 204 PUT http://10.180.1.21/identity/v3/projects/839a98cef6fb40d6be0b86f56fe1a7e8/users/e24b095c0c964f62b8c941304c7a4722/roles/025530159c8348df9f61db99da335d5b 0.040s
2025-11-22 07:30:11.922 66664 INFO tempest.lib.common.dynamic_creds [-] Dynamic test user e24b095c0c964f62b8c941304c7a4722 is created with scope project and roles: ['member']
2025-11-22 07:30:11.922 66664 INFO tempest.lib.common.dynamic_creds [-] Acquired dynamic creds: credentials: Credentials: {'domain_id': 'default', 'domain_name': 'Default', 'username': 'tempest-SecurityGroupsTestJSON-1436620606-project-member', 'project_domain_id': 'default', 'project_domain_name': 'Default', 'project_id': '839a98cef6fb40d6be0b86f56fe1a7e8', 'project_name': 'tempest-SecurityGroupsTestJSON-1436620606', 'tenant_id': '839a98cef6fb40d6be0b86f56fe1a7e8', 'tenant_name': 'tempest-SecurityGroupsTestJSON-1436620606', 'user_domain_id': 'default', 'user_domain_name': 'Default', 'user_id': 'e24b095c0c964f62b8c941304c7a4722', 'system': None}, Network: None, Subnet: None, Router: None
2025-11-22 07:30:11.988 66708 INFO tempest.lib.common.rest_client [req-f368b39d-0ec9-46c3-9ff8-15929d6c0551 req-f368b39d-0ec9-46c3-9ff8-15929d6c0551 ] Request (ServerAddressesNegativeTestJSON:tearDownClass): 204 DELETE http://10.180.1.21/networking/v2.0/routers/e0983e45-78ba-4014-9485-01a61ddcc16a 0.561s
2025-11-22 07:30:11.997 66664 INFO tempest.lib.common.rest_client [req-55e74859-e674-4339-9a62-f4e2adad3e57 req-55e74859-e674-4339-9a62-f4e2adad3e57 ] Request (SecurityGroupsTestJSON:setUpClass): 201 POST http://10.180.1.21/identity/v3/auth/tokens 0.074s
2025-11-22 07:30:12.083 66716 INFO tempest.lib.common.rest_client [req-16dc237f-3d8a-4521-b744-9ae8aa81bf13 req-16dc237f-3d8a-4521-b744-9ae8aa81bf13 ] Request (AttachInterfacesTestJSON:test_create_list_show_delete_interfaces_by_fixed_ip): 200 GET http://10.180.1.21/compute/v2.1/servers/360dd62d-2728-42fc-b465-be021e7b4ca1 2.275s
2025-11-22 07:30:12.112 66688 INFO tempest.lib.common.rest_client [req-96858caf-7604-4309-aa9b-8080f79affcc req-96858caf-7604-4309-aa9b-8080f79affcc ] Request (KeyPairsV22TestJSON:_run_cleanups): 204 DELETE http://10.180.1.21/compute/v2.1/os-keypairs/tempest-KeyPairsV22TestJSON-keypair-1167544476 2.224s
2025-11-22 07:30:12.256 66708 INFO tempest.lib.common.rest_client [req-9f1b0099-1a7f-4050-8e25-b36525b3580f req-9f1b0099-1a7f-4050-8e25-b36525b3580f ] Request (ServerAddressesNegativeTestJSON:tearDownClass): 204 DELETE http://10.180.1.21/networking/v2.0/subnets/5beff554-6d64-4ba7-862c-bad9558190d4 0.268s
2025-11-22 07:30:12.597 66664 INFO tempest.lib.common.rest_client [req-38a7989a-2ce4-44c8-aa69-ac2df73cf1df req-38a7989a-2ce4-44c8-aa69-ac2df73cf1df ] Request (SecurityGroupsTestJSON:setUpClass): 201 POST http://10.180.1.21/networking/v2.0/networks 0.600s
2025-11-22 07:30:12.630 66722 INFO tempest.lib.common.rest_client [req-615c635f-24ea-4cb0-868f-7f6821cb2cc7 req-615c635f-24ea-4cb0-868f-7f6821cb2cc7 ] Request (FloatingIPDetailsNegativeTestJSON:setUpClass): 201 POST http://10.180.1.21/networking/v2.0/routers 0.891s
2025-11-22 07:30:12.678 66698 INFO tempest.lib.common.rest_client [req-19b45e65-f827-4546-91ff-5c57f3d925de req-19b45e65-f827-4546-91ff-5c57f3d925de ] Request (DeleteServersAdminTestJSON:test_delete_server_while_in_error_state): 200 GET http://10.180.1.21/compute/v2.1/servers/f28bb836-873d-45ba-8e0b-b9ed0a4efd8b 2.757s
2025-11-22 07:30:12.743 66704 INFO tempest.lib.common.rest_client [req-3615cff1-e985-415f-bc79-184cc710310a req-3615cff1-e985-415f-bc79-184cc710310a ] Request (SecurityGroupRulesNegativeTestJSON:test_create_security_group_rule_duplicate): 200 POST http://10.180.1.21/compute/v2.1/os-security-group-rules 2.868s
2025-11-22 07:30:12.778 66674 INFO tempest.lib.common.rest_client [req-f1d1f9e5-1d26-495d-a2be-3a5b8305ef38 req-f1d1f9e5-1d26-495d-a2be-3a5b8305ef38 ] Request (VolumesNegativeTest:test_volume_delete_nonexistent_volume_id): 404 DELETE http://10.180.1.21/compute/v2.1/os-volumes/67f10813-4c03-4499-8651-5b9dbb7b49d1 2.738s
2025-11-22 07:30:12.933 66664 INFO tempest.lib.common.rest_client [req-e7a4c5fc-2e58-4575-b443-5b735be6f434 req-e7a4c5fc-2e58-4575-b443-5b735be6f434 ] Request (SecurityGroupsTestJSON:setUpClass): 201 POST http://10.180.1.21/networking/v2.0/subnets 0.334s
2025-11-22 07:30:12.976 66708 INFO tempest.lib.common.rest_client [req-6a97f314-4252-4b1d-af2b-d25863f92806 req-6a97f314-4252-4b1d-af2b-d25863f92806 ] Request (ServerAddressesNegativeTestJSON:tearDownClass): 204 DELETE http://10.180.1.21/networking/v2.0/networks/158785b5-ef99-49f3-a950-27bdabc026bd 0.720s
2025-11-22 07:30:13.070 66708 INFO tempest.lib.common.rest_client [req-4e56b75f-f9ef-4ab1-be89-b3ce8081a574 req-4e56b75f-f9ef-4ab1-be89-b3ce8081a574 ] Request (ServerAddressesNegativeTestJSON:tearDownClass): 204 DELETE http://10.180.1.21/identity/v3/users/91e28dd5561945df8c18beecd80a9aea 0.093s
2025-11-22 07:30:13.071 66708 INFO tempest.lib.common.dynamic_creds [-] Deleting project and security group for project: fdb73fdb008a43678c45c69637343771
2025-11-22 07:30:13.097 66682 INFO tempest.lib.common.rest_client [req-f46c9815-0954-4a04-9777-14dfde9c0100 req-f46c9815-0954-4a04-9777-14dfde9c0100 ] Request (ServersTestBootFromVolume:setUpClass): 200 GET http://10.180.1.21/compute/v2.1/servers/16a3de42-316a-4487-9eef-171e468f3eca 3.033s
2025-11-22 07:30:13.104 66682 INFO tempest.common.waiters [-] State transition "BUILD/scheduling" ==> "BUILD/None" after 8 second wait
2025-11-22 07:30:13.835 66722 INFO tempest.lib.common.rest_client [req-e05681bd-24cf-4e72-a4fc-564414394871 req-e05681bd-24cf-4e72-a4fc-564414394871 ] Request (FloatingIPDetailsNegativeTestJSON:setUpClass): 200 PUT http://10.180.1.21/networking/v2.0/routers/1a1786e3-2272-4f56-8472-52109c7051bb/add_router_interface 1.205s
2025-11-22 07:30:13.836 66722 INFO tempest.lib.common.dynamic_creds [-] Created isolated network resources for: credentials: Credentials: {'domain_id': 'default', 'domain_name': 'Default', 'username': 'tempest-FloatingIPDetailsNegativeTestJSON-1615572247-project-member', 'project_domain_id': 'default', 'project_domain_name': 'Default', 'project_id': '941f6c054c8f49da9749f554d67618b9', 'project_name': 'tempest-FloatingIPDetailsNegativeTestJSON-1615572247', 'tenant_id': '941f6c054c8f49da9749f554d67618b9', 'tenant_name': 'tempest-FloatingIPDetailsNegativeTestJSON-1615572247', 'user_domain_id': 'default', 'user_domain_name': 'Default', 'user_id': '979f4f23711f42c1b3da9aefc82e0dc0', 'system': None}, Network: {'id': '590f5670-0165-49a1-af10-498d56262dfd', 'name': 'tempest-FloatingIPDetailsNegativeTestJSON-2039943823-network', 'tenant_id': '941f6c054c8f49da9749f554d67618b9', 'project_id': '941f6c054c8f49da9749f554d67618b9', 'admin_state_up': True, 'mtu': 8950, 'status': 'ACTIVE', 'subnets': [], 'shared': False, 'port_security_enabled': True, 'router:external': False, 'provider:network_type': 'vlan', 'provider:physical_network': 'default', 'provider:segmentation_id': 833, 'availability_zone_hints': [], 'availability_zones': [], 'ipv4_address_scope': None, 'ipv6_address_scope': None, 'description': '', 'tags': [], 'created_at': '2025-11-22T07:30:11Z', 'updated_at': '2025-11-22T07:30:11Z', 'revision_number': 1}, Subnet: {'id': 'cde21e5f-222f-4ac3-96fd-a9bdf26f4f93', 'name': 'tempest-FloatingIPDetailsNegativeTestJSON-2039943823-subnet', 'tenant_id': '941f6c054c8f49da9749f554d67618b9', 'network_id': '590f5670-0165-49a1-af10-498d56262dfd', 'ip_version': 4, 'subnetpool_id': None, 'enable_dhcp': True, 'ipv6_ra_mode': None, 'ipv6_address_mode': None, 'gateway_ip': '192.168.128.1', 'cidr': '192.168.128.0/28', 'allocation_pools': [{'start': '192.168.128.2', 'end': '192.168.128.14'}], 'host_routes': [], 'dns_nameservers': [], 'description': '', 'router:external': False, 'service_types': [], 'tags': [], 'created_at': '2025-11-22T07:30:11Z', 'updated_at': '2025-11-22T07:30:11Z', 'revision_number': 0, 'project_id': '941f6c054c8f49da9749f554d67618b9'}, Router: {'id': '1a1786e3-2272-4f56-8472-52109c7051bb', 'name': 'tempest-FloatingIPDetailsNegativeTestJSON-2039943823-router', 'tenant_id': '941f6c054c8f49da9749f554d67618b9', 'admin_state_up': True, 'status': 'ACTIVE', 'external_gateway_info': {'network_id': '08ff20ae-4e29-4684-9270-7adca4edadc3', 'external_fixed_ips': [{'subnet_id': '33cca699-7059-4386-928a-3e0c2718680a', 'ip_address': '10.180.180.246'}], 'enable_snat': True}, 'description': '', 'availability_zones': [], 'distributed': False, 'ha': False, 'availability_zone_hints': [], 'routes': [], 'flavor_id': None, 'tags': [], 'created_at': '2025-11-22T07:30:11Z', 'updated_at': '2025-11-22T07:30:12Z', 'revision_number': 2, 'project_id': '941f6c054c8f49da9749f554d67618b9'}
2025-11-22 07:30:13.863 66664 INFO tempest.lib.common.rest_client [req-23abc254-1510-401d-adc2-1594f943995e req-23abc254-1510-401d-adc2-1594f943995e ] Request (SecurityGroupsTestJSON:setUpClass): 201 POST http://10.180.1.21/networking/v2.0/routers 0.930s
2025-11-22 07:30:13.892 66708 INFO tempest.lib.common.rest_client [req-1ce69c18-3851-439d-a27e-102ffad6a8a2 req-1ce69c18-3851-439d-a27e-102ffad6a8a2 ] Request (ServerAddressesNegativeTestJSON:tearDownClass): 200 GET http://10.180.1.21/networking/v2.0/security-groups?tenant_id=fdb73fdb008a43678c45c69637343771&name=default 0.821s
2025-11-22 07:30:13.940 66722 INFO tempest.lib.common.rest_client [req-2fcfb91b-be7d-419d-b1e9-e94e8638914d req-2fcfb91b-be7d-419d-b1e9-e94e8638914d ] Request (FloatingIPDetailsNegativeTestJSON:setUpClass): 201 POST http://10.180.1.21/identity/v3/auth/tokens 0.102s
2025-11-22 07:30:13.971 66680 INFO tempest.lib.common.rest_client [req-5be4a778-762a-4cc6-b21c-8fdfdef7281f req-5be4a778-762a-4cc6-b21c-8fdfdef7281f ] Request (ServersAdminNegativeTestJSON:test_resize_server_using_overlimit_ram): 403 POST http://10.180.1.21/compute/v2.1/servers/0433729f-30d5-407f-8a9b-8ffe91f19b4a/action 3.903s
2025-11-22 07:30:14.080 66708 INFO tempest.lib.common.rest_client [req-0b89f5ba-b61b-4def-9dd4-7a18b3510f73 req-0b89f5ba-b61b-4def-9dd4-7a18b3510f73 ] Request (ServerAddressesNegativeTestJSON:tearDownClass): 204 DELETE http://10.180.1.21/networking/v2.0/security-groups/7cafd215-842a-42d8-9ed0-32523772f625 0.187s
2025-11-22 07:30:14.142 66684 INFO tempest.lib.common.rest_client [req-51041d56-74ca-4286-a08a-0ea71e92de93 req-51041d56-74ca-4286-a08a-0ea71e92de93 ] Request (DeleteServersTestJSON:test_delete_active_server): 200 GET http://10.180.1.21/compute/v2.1/servers/85179817-231c-426a-a178-5d82f230c91f 4.064s
2025-11-22 07:30:14.166 66670 INFO tempest.lib.common.rest_client [req-2badbe1e-5808-425b-8a75-1b5371092ea7 req-2badbe1e-5808-425b-8a75-1b5371092ea7 ] Request (FlavorsV2TestJSON:test_list_flavors_detailed_filter_by_min_ram): 200 GET http://10.180.1.21/compute/v2.1/flavors/42 4.064s
2025-11-22 07:30:14.194 66672 INFO tempest.lib.common.rest_client [req-1f894b73-38b0-4eba-970e-dad288c88f46 req-1f894b73-38b0-4eba-970e-dad288c88f46 ] Request (FlavorsAdminTestJSON:test_is_public_string_variations): 200 GET http://10.180.1.21/compute/v2.1/flavors/detail?is_public=true 4.063s
2025-11-22 07:30:14.254 66708 INFO tempest.lib.common.rest_client [req-b1786622-f91b-4878-a625-f67302f4d11a req-b1786622-f91b-4878-a625-f67302f4d11a ] Request (ServerAddressesNegativeTestJSON:tearDownClass): 204 DELETE http://10.180.1.21/identity/v3/projects/fdb73fdb008a43678c45c69637343771 0.174s
2025-11-22 07:30:14.330 66708 INFO tempest.lib.common.rest_client [req-8de82ae8-ea47-43bc-bf79-70f57a5c0f4f req-8de82ae8-ea47-43bc-bf79-70f57a5c0f4f ] Request (ServerGroup264TestJSON:setUpClass): 201 POST http://10.180.1.21/identity/v3/auth/tokens 0.074s
2025-11-22 07:30:14.365 66708 INFO tempest.lib.common.rest_client [req-0c811558-c324-47c4-af9b-07d9a717b8b2 req-0c811558-c324-47c4-af9b-07d9a717b8b2 ] Request (ServerGroup264TestJSON:setUpClass): 201 POST http://10.180.1.21/identity/v3/auth/tokens 0.031s
2025-11-22 07:30:14.390 66708 INFO tempest.lib.common.rest_client [req-2fe27204-b215-4e98-b8a2-71b138f5898a req-2fe27204-b215-4e98-b8a2-71b138f5898a ] Request (ServerGroup264TestJSON:setUpClass): 200 GET http://10.180.1.21/identity/v3/domains?name=Default 0.025s
2025-11-22 07:30:14.402 66720 INFO tempest.lib.common.rest_client [req-87b73d22-0840-43b4-9da5-7e105bfdea5b req-87b73d22-0840-43b4-9da5-7e105bfdea5b ] Request (FloatingIPsTestJSON:test_delete_floating_ip): 202 DELETE http://10.180.1.21/compute/v2.1/os-floating-ips/562225a6-3a19-45ee-bcae-834df9311e36 4.365s
2025-11-22 07:30:14.422 66694 INFO tempest.lib.common.rest_client [req-288aa98a-2bbb-4c81-ac47-57574c8c8feb req-288aa98a-2bbb-4c81-ac47-57574c8c8feb ] Request (ServerRescueNegativeTestJSON:setUpClass): 200 GET http://10.180.1.21/compute/v2.1/servers/fa971152-1811-4b6a-ab2c-b964b337e533 4.275s
2025-11-22 07:30:14.426 66708 INFO tempest.lib.common.rest_client [req-13afdfc2-e554-49f1-97ae-c2e5592f0271 req-13afdfc2-e554-49f1-97ae-c2e5592f0271 ] Request (ServerGroup264TestJSON:setUpClass): 201 POST http://10.180.1.21/identity/v3/projects 0.035s
2025-11-22 07:30:14.430 66668 INFO tempest.lib.common.rest_client [req-caeda554-dea7-4974-afc8-d0f7b99381f7 req-caeda554-dea7-4974-afc8-d0f7b99381f7 ] Request (AggregatesAdminNegativeTestJSON:_run_cleanups): 200 DELETE http://10.180.1.21/compute/v2.1/os-aggregates/7 4.229s
2025-11-22 07:30:14.432 66694 INFO tempest.common.waiters [-] State transition "BUILD/scheduling" ==> "BUILD/None" after 8 second wait
2025-11-22 07:30:14.472 66700 INFO tempest.lib.common.rest_client [req-eeb7c155-f2a8-4ca4-bb84-ffa6560f5be0 req-eeb7c155-f2a8-4ca4-bb84-ffa6560f5be0 ] Request (ImagesTestJSON:test_create_image_from_stopped_server): 200 GET http://10.180.1.21/compute/v2.1/images/50f5ef1f-af0e-41b6-8cbb-4e123713c818 4.032s
2025-11-22 07:30:14.493 66708 INFO tempest.lib.common.rest_client [req-21848f8a-29c7-4fc3-96eb-9001ae06ba8c req-21848f8a-29c7-4fc3-96eb-9001ae06ba8c ] Request (ServerGroup264TestJSON:setUpClass): 201 POST http://10.180.1.21/identity/v3/users 0.066s
2025-11-22 07:30:14.495 66710 INFO tempest.lib.common.rest_client [req-3dac2eec-e690-41f1-b6e9-93706c640375 req-3dac2eec-e690-41f1-b6e9-93706c640375 ] Request (ServicesAdminNegativeV253TestJSON:test_get_service_by_invalid_service_and_valid_host): 200 GET http://10.180.1.21/compute/v2.1/os-services?host=devstack&binary=xxx 3.969s
2025-11-22 07:30:14.516 66708 INFO tempest.lib.common.rest_client [req-8eec0adb-f7bc-443d-b23f-cdc02eb7f3e3 req-8eec0adb-f7bc-443d-b23f-cdc02eb7f3e3 ] Request (ServerGroup264TestJSON:setUpClass): 200 GET http://10.180.1.21/identity/v3/roles 0.023s
2025-11-22 07:30:14.545 66708 INFO tempest.lib.common.rest_client [req-c655302e-bbc1-44a7-96d1-b8a716eacd08 req-c655302e-bbc1-44a7-96d1-b8a716eacd08 ] Request (ServerGroup264TestJSON:setUpClass): 204 PUT http://10.180.1.21/identity/v3/projects/22afd4286ce74c66a8872f5653357369/users/5511f00408f0485f98cee54c2098d203/roles/025530159c8348df9f61db99da335d5b 0.028s
2025-11-22 07:30:14.545 66708 INFO tempest.lib.common.dynamic_creds [-] Dynamic test user 5511f00408f0485f98cee54c2098d203 is created with scope project and roles: ['member']
2025-11-22 07:30:14.546 66708 INFO tempest.lib.common.dynamic_creds [-] Acquired dynamic creds: credentials: Credentials: {'domain_id': 'default', 'domain_name': 'Default', 'username': 'tempest-ServerGroup264TestJSON-313553232-project-member', 'project_domain_id': 'default', 'project_domain_name': 'Default', 'project_id': '22afd4286ce74c66a8872f5653357369', 'project_name': 'tempest-ServerGroup264TestJSON-313553232', 'tenant_id': '22afd4286ce74c66a8872f5653357369', 'tenant_name': 'tempest-ServerGroup264TestJSON-313553232', 'user_domain_id': 'default', 'user_domain_name': 'Default', 'user_id': '5511f00408f0485f98cee54c2098d203', 'system': None}, Network: None, Subnet: None, Router: None
2025-11-22 07:30:14.599 66726 INFO tempest.lib.common.rest_client [req-1d4be5a5-4505-473c-a85d-9871c8d36ff5 req-1d4be5a5-4505-473c-a85d-9871c8d36ff5 ] Request (MultipleCreateTestJSON:test_multiple_create): 200 GET http://10.180.1.21/compute/v2.1/servers/93f2b474-fb15-4d51-bcfe-214c0aa875ab 4.263s
2025-11-22 07:30:14.612 66691 INFO tempest.lib.common.rest_client [req-b52d02c8-3ec8-41aa-9c7d-7711b7749273 req-b52d02c8-3ec8-41aa-9c7d-7711b7749273 ] Request (TenantUsagesTestJSON:tearDownClass): 200 GET http://10.180.1.21/compute/v2.1/servers/53443ee7-ccf1-4eff-b6a2-da4eaa24f146 3.574s
2025-11-22 07:30:14.620 66708 INFO tempest.lib.common.rest_client [req-c1ae5e3c-7fa6-433c-bf7b-25c09e1d1979 req-c1ae5e3c-7fa6-433c-bf7b-25c09e1d1979 ] Request (ServerGroup264TestJSON:setUpClass): 201 POST http://10.180.1.21/identity/v3/auth/tokens 0.074s
2025-11-22 07:30:14.620 66691 INFO tempest.common.waiters [-] State transition "ACTIVE/deleting" ==> "DELETED/None" after 7 second wait
2025-11-22 07:30:14.721 66724 WARNING tempest.lib.common.ssh [-] Failed to establish authenticated ssh connection to cirros@10.180.180.137 ([Errno None] Unable to connect to port 22 on 10.180.180.137). Number attempts: 3. Retry after 4 seconds.: paramiko.ssh_exception.NoValidConnectionsError: [Errno None] Unable to connect to port 22 on 10.180.180.137
2025-11-22 07:30:14.903 66664 INFO tempest.lib.common.rest_client [req-1fa21a12-758f-482b-9393-70ce6d5e9bd5 req-1fa21a12-758f-482b-9393-70ce6d5e9bd5 ] Request (SecurityGroupsTestJSON:setUpClass): 200 PUT http://10.180.1.21/networking/v2.0/routers/387ce23d-076b-4d64-8c46-c0c4af4772f7/add_router_interface 1.039s
2025-11-22 07:30:14.903 66664 INFO tempest.lib.common.dynamic_creds [-] Created isolated network resources for: credentials: Credentials: {'domain_id': 'default', 'domain_name': 'Default', 'username': 'tempest-SecurityGroupsTestJSON-1436620606-project-member', 'project_domain_id': 'default', 'project_domain_name': 'Default', 'project_id': '839a98cef6fb40d6be0b86f56fe1a7e8', 'project_name': 'tempest-SecurityGroupsTestJSON-1436620606', 'tenant_id': '839a98cef6fb40d6be0b86f56fe1a7e8', 'tenant_name': 'tempest-SecurityGroupsTestJSON-1436620606', 'user_domain_id': 'default', 'user_domain_name': 'Default', 'user_id': 'e24b095c0c964f62b8c941304c7a4722', 'system': None}, Network: {'id': '36f67494-f2b2-4ff0-8bf6-71305d3de01f', 'name': 'tempest-SecurityGroupsTestJSON-257733104-network', 'tenant_id': '839a98cef6fb40d6be0b86f56fe1a7e8', 'project_id': '839a98cef6fb40d6be0b86f56fe1a7e8', 'admin_state_up': True, 'mtu': 8950, 'status': 'ACTIVE', 'subnets': [], 'shared': False, 'port_security_enabled': True, 'router:external': False, 'provider:network_type': 'vlan', 'provider:physical_network': 'default', 'provider:segmentation_id': 450, 'availability_zone_hints': [], 'availability_zones': [], 'ipv4_address_scope': None, 'ipv6_address_scope': None, 'description': '', 'tags': [], 'created_at': '2025-11-22T07:30:12Z', 'updated_at': '2025-11-22T07:30:12Z', 'revision_number': 1}, Subnet: {'id': '27207cc2-aa61-4119-beb7-b581e4f504dd', 'name': 'tempest-SecurityGroupsTestJSON-257733104-subnet', 'tenant_id': '839a98cef6fb40d6be0b86f56fe1a7e8', 'network_id': '36f67494-f2b2-4ff0-8bf6-71305d3de01f', 'ip_version': 4, 'subnetpool_id': None, 'enable_dhcp': True, 'ipv6_ra_mode': None, 'ipv6_address_mode': None, 'gateway_ip': '192.168.128.1', 'cidr': '192.168.128.0/28', 'allocation_pools': [{'start': '192.168.128.2', 'end': '192.168.128.14'}], 'host_routes': [], 'dns_nameservers': [], 'description': '', 'router:external': False, 'service_types': [], 'tags': [], 'created_at': '2025-11-22T07:30:12Z', 'updated_at': '2025-11-22T07:30:12Z', 'revision_number': 0, 'project_id': '839a98cef6fb40d6be0b86f56fe1a7e8'}, Router: {'id': '387ce23d-076b-4d64-8c46-c0c4af4772f7', 'name': 'tempest-SecurityGroupsTestJSON-257733104-router', 'tenant_id': '839a98cef6fb40d6be0b86f56fe1a7e8', 'admin_state_up': True, 'status': 'ACTIVE', 'external_gateway_info': {'network_id': '08ff20ae-4e29-4684-9270-7adca4edadc3', 'external_fixed_ips': [{'subnet_id': '33cca699-7059-4386-928a-3e0c2718680a', 'ip_address': '10.180.180.173'}], 'enable_snat': True}, 'description': '', 'availability_zones': [], 'distributed': False, 'ha': False, 'availability_zone_hints': [], 'routes': [], 'flavor_id': None, 'tags': [], 'created_at': '2025-11-22T07:30:13Z', 'updated_at': '2025-11-22T07:30:13Z', 'revision_number': 2, 'project_id': '839a98cef6fb40d6be0b86f56fe1a7e8'}
2025-11-22 07:30:14.917 66708 INFO tempest.lib.common.rest_client [req-b3e86dfc-2b2f-4c92-af1d-c255f0ea9b2f req-b3e86dfc-2b2f-4c92-af1d-c255f0ea9b2f ] Request (ServerGroup264TestJSON:setUpClass): 201 POST http://10.180.1.21/networking/v2.0/networks 0.296s
2025-11-22 07:30:14.931 66678 INFO tempest.lib.common.rest_client [req-7d0cdc0d-8409-4d1b-a4bd-cdf1f1d26eec req-7d0cdc0d-8409-4d1b-a4bd-cdf1f1d26eec ] Request (ServersTestFqdnHostnames:test_create_server_with_fqdn_name): 200 GET http://10.180.1.21/compute/v2.1/servers/58538626-bfca-4c65-afe8-4b629209eed7 3.626s
2025-11-22 07:30:14.964 66713 INFO tempest.lib.common.rest_client [req-63c72efe-fe11-402b-9124-bf2ad297bc83 req-63c72efe-fe11-402b-9124-bf2ad297bc83 ] Request (ListServersNegativeTestJSON:setUpClass): 404 GET http://10.180.1.21/compute/v2.1/servers/01100757-7e89-49d5-848f-e9155dc9e326 3.524s
2025-11-22 07:30:15.031 66664 INFO tempest.lib.common.rest_client [req-f620db8e-49b1-40e4-80ee-1fab4bccd9b6 req-f620db8e-49b1-40e4-80ee-1fab4bccd9b6 ] Request (SecurityGroupsTestJSON:setUpClass): 201 POST http://10.180.1.21/identity/v3/auth/tokens 0.120s
2025-11-22 07:30:15.078 66692 INFO tempest.lib.common.rest_client [req-b0f66d8e-4104-4079-9c1e-16f19bd48a0c req-b0f66d8e-4104-4079-9c1e-16f19bd48a0c ] Request (ImagesOneServerNegativeTestJSON:setUpClass): 200 GET http://10.180.1.21/compute/v2.1/servers/e21774ad-2fe9-44e1-bfa6-2e1b34821a87 3.564s
2025-11-22 07:30:15.088 66708 INFO tempest.lib.common.rest_client [req-d11de903-d018-4862-9d8c-d3647580aca5 req-d11de903-d018-4862-9d8c-d3647580aca5 ] Request (ServerGroup264TestJSON:setUpClass): 201 POST http://10.180.1.21/networking/v2.0/subnets 0.170s
2025-11-22 07:30:15.195 66696 INFO tempest.lib.common.rest_client [req-47e479a0-0e39-46da-9f41-df6bb42a2a2f req-47e479a0-0e39-46da-9f41-df6bb42a2a2f ] Request (ServerExternalEventsTest:tearDownClass): 200 GET http://10.180.1.21/compute/v2.1/servers/db1723be-7cbf-4414-9823-815c98313a4a 3.420s
2025-11-22 07:30:15.211 66688 INFO tempest.lib.common.rest_client [req-acdeab91-e453-4120-9fd2-03ee2ee35d79 req-acdeab91-e453-4120-9fd2-03ee2ee35d79 ] Request (KeyPairsV22TestJSON:_run_cleanups): 204 DELETE http://10.180.1.21/compute/v2.1/os-keypairs/tempest-KeyPairsV22TestJSON-keypair-114172286 3.099s
2025-11-22 07:30:15.304 66676 INFO tempest.lib.common.rest_client [req-d9aada37-bc19-4a36-97de-a085128959dd req-d9aada37-bc19-4a36-97de-a085128959dd ] Request (FloatingIPsAssociationTestJSON:test_associate_already_associated_floating_ip): 202 POST http://10.180.1.21/compute/v2.1/servers 4.084s
2025-11-22 07:30:15.316 66714 INFO tempest.lib.common.rest_client [req-ca9dca03-ba89-4b2b-99e6-f0d3befcabd6 req-ca9dca03-ba89-4b2b-99e6-f0d3befcabd6 ] Request (ServersAdminTestJSON:test_create_server_with_scheduling_hint): 200 GET http://10.180.1.21/compute/v2.1/servers/844e11be-7d1e-4691-8418-d60fd84bb57e 3.178s
2025-11-22 07:30:15.432 66702 INFO tempest.lib.common.rest_client [req-0d117b17-abbf-420c-bfe6-83c454361222 req-0d117b17-abbf-420c-bfe6-83c454361222 ] Request (ServersV294TestFqdnHostnames:setUpClass): 200 GET http://10.180.1.21/compute/v2.1/servers/928431fc-2170-4b5b-96e4-576ed0868b5f 2.852s
2025-11-22 07:30:15.445 66666 INFO tempest.lib.common.rest_client [req-b9b4407d-ee09-44c1-991a-8cff9b4639a5 req-b9b4407d-ee09-44c1-991a-8cff9b4639a5 ] Request (VolumesAdminNegativeTest:tearDownClass): 200 GET http://10.180.1.21/compute/v2.1/servers/485630f9-8279-432f-aef0-45cdc0a09ec5 2.858s
2025-11-22 07:30:15.491 66674 INFO tempest.lib.common.rest_client [req-6e850726-7133-442e-bbb1-5847f50d061e req-6e850726-7133-442e-bbb1-5847f50d061e ] Request (VolumesNegativeTest:test_volume_get_nonexistent_volume_id): 404 GET http://10.180.1.21/compute/v2.1/os-volumes/729dd7d0-19d4-4467-a3df-f67739d42ff5 2.711s
2025-11-22 07:30:15.503 66704 INFO tempest.lib.common.rest_client [req-1054dc41-9abd-4c67-b388-4ef1c583b1d6 req-1054dc41-9abd-4c67-b388-4ef1c583b1d6 ] Request (SecurityGroupRulesNegativeTestJSON:test_create_security_group_rule_duplicate): 400 POST http://10.180.1.21/compute/v2.1/os-security-group-rules 2.755s
2025-11-22 07:30:15.616 66674 INFO tempest.lib.common.rest_client [req-b395cb23-8470-4a30-a3ab-76cf357a257b req-b395cb23-8470-4a30-a3ab-76cf357a257b ] Request (VolumesNegativeTest:tearDownClass): 204 DELETE http://10.180.1.21/identity/v3/users/ff838e5b91f74326817676d0f8248c60 0.117s
2025-11-22 07:30:15.616 66674 INFO tempest.lib.common.dynamic_creds [-] Deleting project and security group for project: b35bd367ffc749afaf22fab6d98bc332
2025-11-22 07:30:15.681 66686 INFO tempest.lib.common.rest_client [req-c8da5679-08ca-4140-897b-8a69247abe23 req-c8da5679-08ca-4140-897b-8a69247abe23 ] Request (FloatingIPsAssociationNegativeTestJSON:tearDownClass): 200 GET http://10.180.1.21/compute/v2.1/servers/3cba14a9-99bb-4630-ace4-d9ead1c2c2a4 2.824s
2025-11-22 07:30:15.690 66674 INFO tempest.lib.common.rest_client [req-c2deb0b4-8808-4532-9876-29e6685c1597 req-c2deb0b4-8808-4532-9876-29e6685c1597 ] Request (VolumesNegativeTest:tearDownClass): 201 POST http://10.180.1.21/identity/v3/auth/tokens 0.074s
2025-11-22 07:30:15.726 66716 INFO tempest.lib.common.rest_client [req-a915e589-44ef-4c5a-af52-289940ec3d1e req-a915e589-44ef-4c5a-af52-289940ec3d1e ] Request (AttachInterfacesTestJSON:test_create_list_show_delete_interfaces_by_fixed_ip): 200 GET http://10.180.1.21/compute/v2.1/servers/360dd62d-2728-42fc-b465-be021e7b4ca1 2.634s
2025-11-22 07:30:15.932 66674 INFO tempest.lib.common.rest_client [req-ff63ddbc-32aa-4dd8-b32f-ab7664bdbcb1 req-ff63ddbc-32aa-4dd8-b32f-ab7664bdbcb1 ] Request (VolumesNegativeTest:tearDownClass): 200 GET http://10.180.1.21/networking/v2.0/security-groups?tenant_id=b35bd367ffc749afaf22fab6d98bc332&name=default 0.241s
2025-11-22 07:30:15.964 66698 INFO tempest.lib.common.rest_client [req-224d2914-d81e-49e1-af67-445ad087507d req-224d2914-d81e-49e1-af67-445ad087507d ] Request (DeleteServersAdminTestJSON:test_delete_server_while_in_error_state): 200 GET http://10.180.1.21/compute/v2.1/servers/f28bb836-873d-45ba-8e0b-b9ed0a4efd8b 2.274s
2025-11-22 07:30:15.981 66722 INFO tempest.lib.common.rest_client [req-b3880f0a-2e6b-4466-9e23-c1fdbcf1e862 req-b3880f0a-2e6b-4466-9e23-c1fdbcf1e862 ] Request (FloatingIPDetailsNegativeTestJSON:test_get_nonexistent_floating_ip_details): 404 GET http://10.180.1.21/compute/v2.1/os-floating-ips/328bdaea-250e-46a7-8bf1-c0c064ac59c8 2.039s
2025-11-22 07:30:15.991 66680 INFO tempest.lib.common.rest_client [req-10eb5e42-0e45-47a5-8906-f8ce7a1d52eb req-10eb5e42-0e45-47a5-8906-f8ce7a1d52eb ] Request (ServersAdminNegativeTestJSON:_run_cleanups): 202 DELETE http://10.180.1.21/compute/v2.1/flavors/71869135 2.019s
2025-11-22 07:30:16.027 66670 INFO tempest.lib.common.rest_client [req-672edab7-ac9d-4e49-91e5-62231f7f89e1 req-672edab7-ac9d-4e49-91e5-62231f7f89e1 ] Request (FlavorsV2TestJSON:test_list_flavors_detailed_filter_by_min_ram): 200 GET http://10.180.1.21/compute/v2.1/flavors/detail?minRam=193 1.857s
2025-11-22 07:30:16.056 66672 INFO tempest.lib.common.rest_client [req-52aee327-ae54-43e7-bef4-7a7e0ba3eddb req-52aee327-ae54-43e7-bef4-7a7e0ba3eddb ] Request (FlavorsAdminTestJSON:test_is_public_string_variations): 200 GET http://10.180.1.21/compute/v2.1/flavors/detail?is_public=yes 1.856s
2025-11-22 07:30:16.115 66674 INFO tempest.lib.common.rest_client [req-9a7c78cc-66f1-4b53-9541-a477e05c31e8 req-9a7c78cc-66f1-4b53-9541-a477e05c31e8 ] Request (VolumesNegativeTest:tearDownClass): 204 DELETE http://10.180.1.21/networking/v2.0/security-groups/7b4960f7-36a9-4f20-a63c-d7405a9d2b63 0.183s
2025-11-22 07:30:16.160 66708 INFO tempest.lib.common.rest_client [req-0e5afd45-478f-4886-9c94-c5049d82f139 req-0e5afd45-478f-4886-9c94-c5049d82f139 ] Request (ServerGroup264TestJSON:setUpClass): 201 POST http://10.180.1.21/networking/v2.0/routers 1.071s
2025-11-22 07:30:16.196 66682 INFO tempest.lib.common.rest_client [req-fc54dd3b-0842-42d6-9a58-8695232c7a4c req-fc54dd3b-0842-42d6-9a58-8695232c7a4c ] Request (ServersTestBootFromVolume:setUpClass): 200 GET http://10.180.1.21/compute/v2.1/servers/16a3de42-316a-4487-9eef-171e468f3eca 2.089s
2025-11-22 07:30:16.197 66674 INFO tempest.lib.common.rest_client [req-757c1fb0-e070-47df-9452-004fb76a4102 req-757c1fb0-e070-47df-9452-004fb76a4102 ] Request (VolumesNegativeTest:tearDownClass): 204 DELETE http://10.180.1.21/identity/v3/projects/b35bd367ffc749afaf22fab6d98bc332 0.081s
2025-11-22 07:30:16.215 66720 INFO tempest.lib.common.rest_client [req-37dc9375-d6f0-4def-bd7b-abb3ff58c625 req-37dc9375-d6f0-4def-bd7b-abb3ff58c625 ] Request (FloatingIPsTestJSON:test_delete_floating_ip): 404 GET http://10.180.1.21/compute/v2.1/os-floating-ips/562225a6-3a19-45ee-bcae-834df9311e36 1.811s
2025-11-22 07:30:16.259 66668 INFO tempest.lib.common.rest_client [req-59b6721e-b550-428c-86b4-65755fd9b2be req-59b6721e-b550-428c-86b4-65755fd9b2be ] Request (AggregatesAdminNegativeTestJSON:test_aggregate_remove_nonexistent_host): 200 POST http://10.180.1.21/compute/v2.1/os-aggregates 1.822s
2025-11-22 07:30:16.262 66710 INFO tempest.lib.common.rest_client [req-bb5a26ac-c77a-4592-bb6a-39970322a208 req-bb5a26ac-c77a-4592-bb6a-39970322a208 ] Request (ServicesAdminNegativeV253TestJSON:test_get_service_with_valid_service_and_invalid_host): 200 GET http://10.180.1.21/compute/v2.1/os-services 1.764s
2025-11-22 07:30:16.350 66713 INFO tempest.lib.common.rest_client [req-be8d7b30-b859-413f-91eb-5c4b107f9ad8 req-be8d7b30-b859-413f-91eb-5c4b107f9ad8 ] Request (ListServersNegativeTestJSON:test_list_servers_by_changes_since_future_date): 200 GET http://10.180.1.21/compute/v2.1/servers?changes-since=2051-01-01T12%3A34%3A00Z&status=ACTIVE 1.385s
2025-11-22 07:30:16.379 66684 INFO tempest.lib.common.rest_client [req-fd96e931-c507-4e56-8515-8eaf9cc6a2f0 req-fd96e931-c507-4e56-8515-8eaf9cc6a2f0 ] Request (DeleteServersTestJSON:test_delete_active_server): 404 GET http://10.180.1.21/compute/v2.1/servers/85179817-231c-426a-a178-5d82f230c91f 1.226s
2025-11-22 07:30:16.405 66688 INFO tempest.lib.common.rest_client [req-75c1094d-9892-4a79-8b99-9bdbe638b4f8 req-75c1094d-9892-4a79-8b99-9bdbe638b4f8 ] Request (KeyPairsV22TestJSON:_run_cleanups): 204 DELETE http://10.180.1.21/compute/v2.1/os-keypairs/tempest-KeyPairsV22TestJSON-keypair-459190526 1.192s
2025-11-22 07:30:16.509 66684 INFO tempest.lib.common.rest_client [req-7336aaca-c605-4793-b577-df07daaa2aa3 req-7336aaca-c605-4793-b577-df07daaa2aa3 ] Request (DeleteServersTestJSON:test_delete_server_while_in_attached_volume): 201 POST http://10.180.1.21/identity/v3/auth/tokens 0.119s
2025-11-22 07:30:16.510 66684 INFO tempest.lib.common.fixed_network [-] (DeleteServersTestJSON:test_delete_server_while_in_attached_volume) Found network {'id': 'fde18807-b1ea-4351-8aab-e5ffddecb0e3', 'name': 'tempest-DeleteServersTestJSON-1497086735-network', 'tenant_id': '5bc36d2ed4db4f1d96e963080485f879', 'project_id': '5bc36d2ed4db4f1d96e963080485f879', 'admin_state_up': True, 'mtu': 8950, 'status': 'ACTIVE', 'subnets': [], 'shared': False, 'port_security_enabled': True, 'router:external': False, 'provider:network_type': 'vlan', 'provider:physical_network': 'default', 'provider:segmentation_id': 160, 'availability_zone_hints': [], 'availability_zones': [], 'ipv4_address_scope': None, 'ipv6_address_scope': None, 'description': '', 'tags': [], 'created_at': '2025-11-22T07:28:46Z', 'updated_at': '2025-11-22T07:28:46Z', 'revision_number': 1} available for tenant
2025-11-22 07:30:16.605 66706 INFO paramiko.transport [-] Connected (version 2.0, client dropbear_2020.81)
2025-11-22 07:30:16.669 66706 INFO paramiko.transport [-] Authentication (publickey) successful!
2025-11-22 07:30:16.670 66706 INFO tempest.lib.common.ssh [-] ssh connection to cirros@10.180.180.245 successfully created
2025-11-22 07:30:17.102 66722 INFO tempest.lib.common.rest_client [req-9e42f6d5-d7e2-473e-89ea-e8ea421a99da req-9e42f6d5-d7e2-473e-89ea-e8ea421a99da ] Request (FloatingIPDetailsNegativeTestJSON:tearDownClass): 200 PUT http://10.180.1.21/networking/v2.0/routers/1a1786e3-2272-4f56-8472-52109c7051bb/remove_router_interface 1.119s
2025-11-22 07:30:17.129 66676 INFO tempest.lib.common.rest_client [req-690456dd-ee4b-4fb0-b82c-d70aa56d4950 req-690456dd-ee4b-4fb0-b82c-d70aa56d4950 ] Request (FloatingIPsAssociationTestJSON:test_associate_already_associated_floating_ip): 200 GET http://10.180.1.21/compute/v2.1/servers/c5efa7a2-9c86-450d-abaf-1cd8182e092b 1.822s
2025-11-22 07:30:17.253 66664 INFO tempest.lib.common.rest_client [req-a14763c6-0e48-4b73-9d88-6df5c2cb1900 req-a14763c6-0e48-4b73-9d88-6df5c2cb1900 ] Request (SecurityGroupsTestJSON:test_list_security_groups_by_server): 200 POST http://10.180.1.21/compute/v2.1/os-security-groups 2.220s
2025-11-22 07:30:17.307 66700 INFO tempest.lib.common.rest_client [req-c22931f6-240c-4f33-a5fa-d78742f753e0 req-c22931f6-240c-4f33-a5fa-d78742f753e0 ] Request (ImagesTestJSON:test_create_image_from_stopped_server): 200 GET http://10.180.1.21/compute/v2.1/images/50f5ef1f-af0e-41b6-8cbb-4e123713c818 1.828s
2025-11-22 07:30:17.344 66708 INFO tempest.lib.common.rest_client [req-c13045bf-0325-4e59-ab06-b11a0e13f1ad req-c13045bf-0325-4e59-ab06-b11a0e13f1ad ] Request (ServerGroup264TestJSON:setUpClass): 200 PUT http://10.180.1.21/networking/v2.0/routers/90971737-4b4c-40fd-b6d2-59b616109fc8/add_router_interface 1.184s
2025-11-22 07:30:17.345 66708 INFO tempest.lib.common.dynamic_creds [-] Created isolated network resources for: credentials: Credentials: {'domain_id': 'default', 'domain_name': 'Default', 'username': 'tempest-ServerGroup264TestJSON-313553232-project-member', 'project_domain_id': 'default', 'project_domain_name': 'Default', 'project_id': '22afd4286ce74c66a8872f5653357369', 'project_name': 'tempest-ServerGroup264TestJSON-313553232', 'tenant_id': '22afd4286ce74c66a8872f5653357369', 'tenant_name': 'tempest-ServerGroup264TestJSON-313553232', 'user_domain_id': 'default', 'user_domain_name': 'Default', 'user_id': '5511f00408f0485f98cee54c2098d203', 'system': None}, Network: {'id': '48235eb1-97d0-4dc5-9cf1-4dd2f1bfd39b', 'name': 'tempest-ServerGroup264TestJSON-1793306523-network', 'tenant_id': '22afd4286ce74c66a8872f5653357369', 'project_id': '22afd4286ce74c66a8872f5653357369', 'admin_state_up': True, 'mtu': 8950, 'status': 'ACTIVE', 'subnets': [], 'shared': False, 'port_security_enabled': True, 'router:external': False, 'provider:network_type': 'vlan', 'provider:physical_network': 'default', 'provider:segmentation_id': 140, 'availability_zone_hints': [], 'availability_zones': [], 'ipv4_address_scope': None, 'ipv6_address_scope': None, 'description': '', 'tags': [], 'created_at': '2025-11-22T07:30:14Z', 'updated_at': '2025-11-22T07:30:14Z', 'revision_number': 1}, Subnet: {'id': 'baf00880-9aa2-4ab0-abc9-f7af6da1e2e0', 'name': 'tempest-ServerGroup264TestJSON-1793306523-subnet', 'tenant_id': '22afd4286ce74c66a8872f5653357369', 'network_id': '48235eb1-97d0-4dc5-9cf1-4dd2f1bfd39b', 'ip_version': 4, 'subnetpool_id': None, 'enable_dhcp': True, 'ipv6_ra_mode': None, 'ipv6_address_mode': None, 'gateway_ip': '192.168.128.1', 'cidr': '192.168.128.0/28', 'allocation_pools': [{'start': '192.168.128.2', 'end': '192.168.128.14'}], 'host_routes': [], 'dns_nameservers': [], 'description': '', 'router:external': False, 'service_types': [], 'tags': [], 'created_at': '2025-11-22T07:30:14Z', 'updated_at': '2025-11-22T07:30:14Z', 'revision_number': 0, 'project_id': '22afd4286ce74c66a8872f5653357369'}, Router: {'id': '90971737-4b4c-40fd-b6d2-59b616109fc8', 'name': 'tempest-ServerGroup264TestJSON-1793306523-router', 'tenant_id': '22afd4286ce74c66a8872f5653357369', 'admin_state_up': True, 'status': 'ACTIVE', 'external_gateway_info': {'network_id': '08ff20ae-4e29-4684-9270-7adca4edadc3', 'external_fixed_ips': [{'subnet_id': '33cca699-7059-4386-928a-3e0c2718680a', 'ip_address': '10.180.180.140'}], 'enable_snat': True}, 'description': '', 'availability_zones': [], 'distributed': False, 'ha': False, 'availability_zone_hints': [], 'routes': [], 'flavor_id': None, 'tags': [], 'created_at': '2025-11-22T07:30:15Z', 'updated_at': '2025-11-22T07:30:15Z', 'revision_number': 2, 'project_id': '22afd4286ce74c66a8872f5653357369'}
2025-11-22 07:30:17.375 66694 INFO tempest.lib.common.rest_client [req-d01c06eb-e798-4fec-80f1-34f22862ed1d req-d01c06eb-e798-4fec-80f1-34f22862ed1d ] Request (ServerRescueNegativeTestJSON:setUpClass): 200 GET http://10.180.1.21/compute/v2.1/servers/fa971152-1811-4b6a-ab2c-b964b337e533 1.938s
2025-11-22 07:30:17.470 66708 INFO tempest.lib.common.rest_client [req-efb5e062-f943-4272-a93d-aca54e04a330 req-efb5e062-f943-4272-a93d-aca54e04a330 ] Request (ServerGroup264TestJSON:setUpClass): 201 POST http://10.180.1.21/identity/v3/auth/tokens 0.118s
2025-11-22 07:30:17.685 66722 INFO tempest.lib.common.rest_client [req-ba85ed4b-b0e5-433b-b4f7-6c7a21d58fa6 req-ba85ed4b-b0e5-433b-b4f7-6c7a21d58fa6 ] Request (FloatingIPDetailsNegativeTestJSON:tearDownClass): 204 DELETE http://10.180.1.21/networking/v2.0/routers/1a1786e3-2272-4f56-8472-52109c7051bb 0.582s
2025-11-22 07:30:17.779 66704 INFO tempest.lib.common.rest_client [req-b6b5f06e-c2af-4fdb-bc75-98f53eef8ed9 req-b6b5f06e-c2af-4fdb-bc75-98f53eef8ed9 ] Request (SecurityGroupRulesNegativeTestJSON:_run_cleanups): 202 DELETE http://10.180.1.21/compute/v2.1/os-security-group-rules/4a510cb4-05ff-4b37-bfbd-7c6aeb8a77b9 2.275s
2025-11-22 07:30:17.816 66726 INFO tempest.lib.common.rest_client [req-2a5b9cca-336f-4b67-8242-42c19455c306 req-2a5b9cca-336f-4b67-8242-42c19455c306 ] Request (MultipleCreateTestJSON:test_multiple_create): 200 GET http://10.180.1.21/compute/v2.1/servers/93f2b474-fb15-4d51-bcfe-214c0aa875ab 2.205s
2025-11-22 07:30:17.824 66726 INFO tempest.common.waiters [-] State transition "BUILD/spawning" ==> "ACTIVE/None" after 37 second wait
2025-11-22 07:30:17.925 66722 INFO tempest.lib.common.rest_client [req-4c1e353f-e1df-4d3d-a3ba-b74df5a71d4f req-4c1e353f-e1df-4d3d-a3ba-b74df5a71d4f ] Request (FloatingIPDetailsNegativeTestJSON:tearDownClass): 204 DELETE http://10.180.1.21/networking/v2.0/subnets/cde21e5f-222f-4ac3-96fd-a9bdf26f4f93 0.239s
2025-11-22 07:30:17.930 66691 INFO tempest.lib.common.rest_client [req-2eab9103-b22c-487b-a508-8744da67d11e req-2eab9103-b22c-487b-a508-8744da67d11e ] Request (TenantUsagesTestJSON:tearDownClass): 200 GET http://10.180.1.21/compute/v2.1/servers/53443ee7-ccf1-4eff-b6a2-da4eaa24f146 2.309s
2025-11-22 07:30:17.947 66678 INFO tempest.lib.common.rest_client [req-aa06571c-01d5-423c-9180-600eab51e81d req-aa06571c-01d5-423c-9180-600eab51e81d ] Request (ServersTestFqdnHostnames:test_create_server_with_fqdn_name): 200 GET http://10.180.1.21/compute/v2.1/servers/58538626-bfca-4c65-afe8-4b629209eed7 2.008s
2025-11-22 07:30:17.962 66680 INFO tempest.lib.common.rest_client [req-404375f8-c6f8-43ed-88bd-031afacadb28 req-404375f8-c6f8-43ed-88bd-031afacadb28 ] Request (ServersAdminNegativeTestJSON:_run_cleanups): 200 GET http://10.180.1.21/compute/v2.1/flavors/detail 1.971s
2025-11-22 07:30:17.963 66670 INFO tempest.lib.common.rest_client [req-df6881b1-f36d-4bf7-8812-38efc4f4553d req-df6881b1-f36d-4bf7-8812-38efc4f4553d ] Request (FlavorsV2TestJSON:test_list_flavors_detailed_limit_results): 200 GET http://10.180.1.21/compute/v2.1/flavors/detail?limit=1 1.929s
2025-11-22 07:30:17.993 66672 INFO tempest.lib.common.rest_client [req-ed510808-ff50-49af-af98-46415a67867f req-ed510808-ff50-49af-af98-46415a67867f ] Request (FlavorsAdminTestJSON:test_is_public_string_variations): 200 GET http://10.180.1.21/compute/v2.1/flavors/detail?is_public=1 1.930s
2025-11-22 07:30:18.062 66722 INFO tempest.lib.common.rest_client [req-def28fea-fd11-44ce-9b74-1b28c2b3ec6d req-def28fea-fd11-44ce-9b74-1b28c2b3ec6d ] Request (FloatingIPDetailsNegativeTestJSON:tearDownClass): 204 DELETE http://10.180.1.21/networking/v2.0/networks/590f5670-0165-49a1-af10-498d56262dfd 0.135s
2025-11-22 07:30:18.088 66692 INFO tempest.lib.common.rest_client [req-32ebe90d-4b94-497d-ae57-f1d8a9a166d7 req-32ebe90d-4b94-497d-ae57-f1d8a9a166d7 ] Request (ImagesOneServerNegativeTestJSON:setUpClass): 200 GET http://10.180.1.21/compute/v2.1/servers/e21774ad-2fe9-44e1-bfa6-2e1b34821a87 1.991s
