2025-11-22 07:29:56.736 66702 INFO tempest.lib.common.dynamic_creds [-] Created isolated network resources for: credentials: Credentials: {'domain_id': 'default', 'domain_name': 'Default', 'username': 'tempest-ServersV294TestFqdnHostnames-1302171498-project-member', 'project_domain_id': 'default', 'project_domain_name': 'Default', 'project_id': '1ddb81d17b624f7e9dc14a055485145e', 'project_name': 'tempest-ServersV294TestFqdnHostnames-1302171498', 'tenant_id': '1ddb81d17b624f7e9dc14a055485145e', 'tenant_name': 'tempest-ServersV294TestFqdnHostnames-1302171498', 'user_domain_id': 'default', 'user_domain_name': 'Default', 'user_id': '3475016793f84f7399d5e4877e2b6772', 'system': None}, Network: {'id': '1ccefab7-497f-42de-88ca-30e8f85138d4', 'name': 'tempest-ServersV294TestFqdnHostnames-284236752-network', 'tenant_id': '1ddb81d17b624f7e9dc14a055485145e', 'project_id': '1ddb81d17b624f7e9dc14a055485145e', 'admin_state_up': True, 'mtu': 8950, 'status': 'ACTIVE', 'subnets': [], 'shared': False, 'port_security_enabled': True, 'router:external': False, 'provider:network_type': 'vlan', 'provider:physical_network': 'default', 'provider:segmentation_id': 156, 'availability_zone_hints': [], 'availability_zones': [], 'ipv4_address_scope': None, 'ipv6_address_scope': None, 'description': '', 'tags': [], 'created_at': '2025-11-22T07:29:54Z', 'updated_at': '2025-11-22T07:29:54Z', 'revision_number': 1}, Subnet: {'id': '45a5783e-492a-4563-af5d-6b1cf7498e5f', 'name': 'tempest-ServersV294TestFqdnHostnames-284236752-subnet', 'tenant_id': '1ddb81d17b624f7e9dc14a055485145e', 'network_id': '1ccefab7-497f-42de-88ca-30e8f85138d4', 'ip_version': 4, 'subnetpool_id': None, 'enable_dhcp': True, 'ipv6_ra_mode': None, 'ipv6_address_mode': None, 'gateway_ip': '192.168.128.1', 'cidr': '192.168.128.0/28', 'allocation_pools': [{'start': '192.168.128.2', 'end': '192.168.128.14'}], 'host_routes': [], 'dns_nameservers': [], 'description': '', 'router:external': False, 'service_types': [], 'tags': [], 'created_at': '2025-11-22T07:29:54Z', 'updated_at': '2025-11-22T07:29:54Z', 'revision_number': 0, 'project_id': '1ddb81d17b624f7e9dc14a055485145e'}, Router: {'id': '623ca9f8-3e65-4c8b-94a4-70879da8b183', 'name': 'tempest-ServersV294TestFqdnHostnames-284236752-router', 'tenant_id': '1ddb81d17b624f7e9dc14a055485145e', 'admin_state_up': True, 'status': 'ACTIVE', 'external_gateway_info': {'network_id': '08ff20ae-4e29-4684-9270-7adca4edadc3', 'external_fixed_ips': [{'subnet_id': '33cca699-7059-4386-928a-3e0c2718680a', 'ip_address': '10.180.180.182'}], 'enable_snat': True}, 'description': '', 'availability_zones': [], 'distributed': False, 'ha': False, 'availability_zone_hints': [], 'routes': [], 'flavor_id': None, 'tags': [], 'created_at': '2025-11-22T07:29:54Z', 'updated_at': '2025-11-22T07:29:55Z', 'revision_number': 2, 'project_id': '1ddb81d17b624f7e9dc14a055485145e'}
2025-11-22 07:29:56.871 66702 INFO tempest.lib.common.rest_client [req-ecbb1480-92a0-4675-b02d-e36386d2f70d req-ecbb1480-92a0-4675-b02d-e36386d2f70d ] Request (ServersV294TestFqdnHostnames:setUpClass): 201 POST http://10.180.1.21/identity/v3/auth/tokens 0.129s
2025-11-22 07:29:57.073 66706 WARNING tempest.lib.common.ssh [-] Failed to establish authenticated ssh connection to cirros@10.180.180.245 ([Errno None] Unable to connect to port 22 on 10.180.180.245). Number attempts: 4. Retry after 5 seconds.: paramiko.ssh_exception.NoValidConnectionsError: [Errno None] Unable to connect to port 22 on 10.180.180.245
2025-11-22 07:29:57.157 66720 INFO tempest.lib.common.rest_client [req-5d824a37-f537-4786-987d-b994f2b5e4b2 req-5d824a37-f537-4786-987d-b994f2b5e4b2 ] Request (FloatingIPsTestJSON:setUpClass): 201 POST http://10.180.1.21/networking/v2.0/routers 0.864s
2025-11-22 07:29:57.181 66676 INFO tempest.lib.common.rest_client [req-20f77e81-d3a6-40a3-bbaa-43fb40106563 req-20f77e81-d3a6-40a3-bbaa-43fb40106563 ] Request (FloatingIPsAssociationTestJSON:setUpClass): 200 GET http://10.180.1.21/compute/v2.1/servers/f077c0a1-f72a-4ce7-b1b3-4b38195bcfae 3.602s
2025-11-22 07:29:57.188 66724 INFO tempest.lib.common.rest_client [req-d31d1944-aa30-4caa-a737-bdcb5a5a7c52 req-d31d1944-aa30-4caa-a737-bdcb5a5a7c52 ] Request (ServersWithSpecificFlavorTestJSON:test_verify_created_server_ephemeral_disk): 200 GET http://10.180.1.21/compute/v2.1/servers/82b10e60-6014-43f0-89d7-e43490d6b3cc 3.692s
2025-11-22 07:29:57.254 66698 INFO tempest.lib.common.rest_client [req-9e2cf33e-d571-40d4-a78b-02b69552bdee req-9e2cf33e-d571-40d4-a78b-02b69552bdee ] Request (DeleteServersAdminTestJSON:test_delete_server_while_in_error_state): 200 GET http://10.180.1.21/compute/v2.1/servers/f28bb836-873d-45ba-8e0b-b9ed0a4efd8b 3.589s
2025-11-22 07:29:57.317 66684 INFO tempest.lib.common.rest_client [req-0a53c942-4ca2-4271-a1d2-57795850f11d req-0a53c942-4ca2-4271-a1d2-57795850f11d ] Request (DeleteServersTestJSON:test_delete_active_server): 200 GET http://10.180.1.21/compute/v2.1/servers/85179817-231c-426a-a178-5d82f230c91f 3.642s
2025-11-22 07:29:57.357 66722 INFO tempest.lib.common.rest_client [req-ba507249-ff02-4b47-a61b-a772f411457f req-ba507249-ff02-4b47-a61b-a772f411457f ] Request (ServersAdmin275Test:tearDownClass): 200 GET http://10.180.1.21/compute/v2.1/servers/4ec9786f-f606-413b-9b4e-df58138aea40 3.572s
2025-11-22 07:29:57.401 66726 INFO tempest.lib.common.rest_client [req-cd24d6e3-d40d-4e9f-86a4-c029e816cef3 req-cd24d6e3-d40d-4e9f-86a4-c029e816cef3 ] Request (MultipleCreateTestJSON:test_multiple_create): 200 GET http://10.180.1.21/compute/v2.1/servers/93f2b474-fb15-4d51-bcfe-214c0aa875ab 3.604s
2025-11-22 07:29:57.424 66678 INFO tempest.lib.common.rest_client [req-0a089645-ebab-498e-856f-249db68e4675 req-0a089645-ebab-498e-856f-249db68e4675 ] Request (ServersTestFqdnHostnames:test_create_server_with_fqdn_name): 200 GET http://10.180.1.21/compute/v2.1/servers/58538626-bfca-4c65-afe8-4b629209eed7 3.573s
2025-11-22 07:29:57.429 66682 INFO tempest.lib.common.rest_client [req-b83bf727-5a71-4c4f-b5cd-32b35ef8bd18 req-b83bf727-5a71-4c4f-b5cd-32b35ef8bd18 ] Request (ServersTestBootFromVolume:setUpClass): 200 GET http://10.180.1.21/volume/v3/volumes/69886927-9c78-494a-801f-854baba41b8f 0.042s
2025-11-22 07:29:57.557 66713 INFO tempest.lib.common.rest_client [req-bd1208fe-e922-4dd7-ac9a-916bad31de97 req-bd1208fe-e922-4dd7-ac9a-916bad31de97 ] Request (ListServersNegativeTestJSON:setUpClass): 200 GET http://10.180.1.21/compute/v2.1/servers/01100757-7e89-49d5-848f-e9155dc9e326 3.607s
2025-11-22 07:29:57.585 66691 INFO tempest.lib.common.rest_client [req-770c1aad-1ab7-47b9-b5a5-112d65d773ba req-770c1aad-1ab7-47b9-b5a5-112d65d773ba ] Request (TenantUsagesTestJSON:setUpClass): 200 GET http://10.180.1.21/compute/v2.1/servers/53443ee7-ccf1-4eff-b6a2-da4eaa24f146 3.485s
2025-11-22 07:29:57.595 66674 INFO tempest.lib.common.rest_client [req-3b27c962-3f36-4c20-b579-537af059773d req-3b27c962-3f36-4c20-b579-537af059773d ] Request (ImagesMetadataTestJSON:test_update_image_metadata): 200 GET http://10.180.1.21/compute/v2.1/images/44c0bd0e-c747-45a1-ab85-3791d787caaf/metadata 3.465s
2025-11-22 07:29:57.598 66691 INFO tempest.common.waiters [-] State transition "BUILD/spawning" ==> "ACTIVE/None" after 29 second wait
2025-11-22 07:29:57.616 66672 INFO tempest.lib.common.rest_client [req-1aa3c2e3-bd89-42fe-905f-25e74d56b55e req-1aa3c2e3-bd89-42fe-905f-25e74d56b55e ] Request (FlavorsAdminTestJSON:_run_cleanups): 200 GET http://10.180.1.21/compute/v2.1/flavors/detail 3.432s
2025-11-22 07:29:57.683 66674 INFO tempest.lib.common.rest_client [req-402ebc1c-0544-4c8b-9515-f5838788367b req-402ebc1c-0544-4c8b-9515-f5838788367b ] Request (ImagesMetadataTestJSON:tearDownClass): 204 DELETE http://10.180.1.21/image/v2/images/44c0bd0e-c747-45a1-ab85-3791d787caaf 0.082s
2025-11-22 07:29:57.693 66696 INFO tempest.lib.common.rest_client [req-204a2624-0484-469e-a111-a0ea69194d70 req-204a2624-0484-469e-a111-a0ea69194d70 ] Request (ServerExternalEventsTest:tearDownClass): 200 GET http://10.180.1.21/compute/v2.1/servers/db1723be-7cbf-4414-9823-815c98313a4a 3.490s
2025-11-22 07:29:57.715 66692 INFO tempest.lib.common.rest_client [req-b1d0efe2-d247-462b-a859-0c642ee24530 req-b1d0efe2-d247-462b-a859-0c642ee24530 ] Request (ImagesOneServerNegativeTestJSON:setUpClass): 200 GET http://10.180.1.21/compute/v2.1/servers/e21774ad-2fe9-44e1-bfa6-2e1b34821a87 3.393s
2025-11-22 07:29:57.744 66710 INFO tempest.lib.common.rest_client [req-a15c813a-7645-40c4-9163-e335493d1f6f req-a15c813a-7645-40c4-9163-e335493d1f6f ] Request (ServerDiagnosticsV248Test:tearDownClass): 404 GET http://10.180.1.21/compute/v2.1/servers/086df410-c3f1-46f5-81b0-f2e8c85da553 3.299s
2025-11-22 07:29:57.786 66674 INFO tempest.lib.common.rest_client [req-a199148e-c93c-472e-b7da-f008fd25d9d7 req-a199148e-c93c-472e-b7da-f008fd25d9d7 ] Request (ImagesMetadataTestJSON:tearDownClass): 204 DELETE http://10.180.1.21/identity/v3/users/56017ee586c04f59a054093fc582876c 0.102s
2025-11-22 07:29:57.787 66674 INFO tempest.lib.common.dynamic_creds [-] Deleting project and security group for project: a65fc2e558774a768983510e6dc8bdc5
2025-11-22 07:29:57.861 66674 INFO tempest.lib.common.rest_client [req-e01faf2d-ce24-40e2-ac48-fd788d9abf05 req-e01faf2d-ce24-40e2-ac48-fd788d9abf05 ] Request (ImagesMetadataTestJSON:tearDownClass): 201 POST http://10.180.1.21/identity/v3/auth/tokens 0.074s
2025-11-22 07:29:57.905 66710 INFO tempest.lib.common.rest_client [req-8a7df08b-aedf-4c78-a6a2-c675a2c09bc2 req-8a7df08b-aedf-4c78-a6a2-c675a2c09bc2 ] Request (ServerDiagnosticsV248Test:tearDownClass): 204 DELETE http://10.180.1.21/identity/v3/users/21fbbcf72926489488fe06e41b871596 0.160s
2025-11-22 07:29:58.009 66710 INFO tempest.lib.common.rest_client [req-5bcd3222-f8ba-44b0-994a-43221632ada0 req-5bcd3222-f8ba-44b0-994a-43221632ada0 ] Request (ServerDiagnosticsV248Test:tearDownClass): 204 DELETE http://10.180.1.21/identity/v3/users/64301bdba6ee44db81b8a8b12a8aea69 0.104s
2025-11-22 07:29:58.009 66710 INFO tempest.lib.common.dynamic_creds [-] Deleting project and security group for project: 2e025f13af8b4b8198340f1f8bf679ef
2025-11-22 07:29:58.106 66710 INFO tempest.lib.common.rest_client [req-7abe491d-f2c9-4dd1-9b6d-8fea71954b10 req-7abe491d-f2c9-4dd1-9b6d-8fea71954b10 ] Request (ServerDiagnosticsV248Test:tearDownClass): 201 POST http://10.180.1.21/identity/v3/auth/tokens 0.097s
2025-11-22 07:29:58.160 66686 INFO tempest.lib.common.rest_client [req-20eae931-389e-446b-b883-2166b411b9e8 req-20eae931-389e-446b-b883-2166b411b9e8 ] Request (FloatingIPsAssociationNegativeTestJSON:test_dissociate_nonexistent_floating_ip): 404 POST http://10.180.1.21/compute/v2.1/servers/3cba14a9-99bb-4630-ace4-d9ead1c2c2a4/action 3.521s
2025-11-22 07:29:58.174 66670 INFO tempest.lib.common.rest_client [req-34e4acf8-49c9-46c3-b038-c52802d1734b req-34e4acf8-49c9-46c3-b038-c52802d1734b ] Request (QuotaClassesAdminTestJSON:test_update_default_quotas): 200 GET http://10.180.1.21/compute/v2.1/os-quota-class-sets/default 3.408s
2025-11-22 07:29:58.215 66720 INFO tempest.lib.common.rest_client [req-0136c41c-7410-4a21-b542-7db4bdf9e8d7 req-0136c41c-7410-4a21-b542-7db4bdf9e8d7 ] Request (FloatingIPsTestJSON:setUpClass): 200 PUT http://10.180.1.21/networking/v2.0/routers/eb369f5d-dd7c-4efb-bea6-b20a0bdd82fa/add_router_interface 1.057s
2025-11-22 07:29:58.215 66720 INFO tempest.lib.common.dynamic_creds [-] Created isolated network resources for: credentials: Credentials: {'domain_id': 'default', 'domain_name': 'Default', 'username': 'tempest-FloatingIPsTestJSON-1554552060-project-member', 'project_domain_id': 'default', 'project_domain_name': 'Default', 'project_id': '9053b15470f349bf8d406c053c0e5e9c', 'project_name': 'tempest-FloatingIPsTestJSON-1554552060', 'tenant_id': '9053b15470f349bf8d406c053c0e5e9c', 'tenant_name': 'tempest-FloatingIPsTestJSON-1554552060', 'user_domain_id': 'default', 'user_domain_name': 'Default', 'user_id': '736e008db1604e2fbf89ac807e3035e5', 'system': None}, Network: {'id': 'd25e880d-5a17-4836-8bef-c05a52136ec2', 'name': 'tempest-FloatingIPsTestJSON-1407968441-network', 'tenant_id': '9053b15470f349bf8d406c053c0e5e9c', 'project_id': '9053b15470f349bf8d406c053c0e5e9c', 'admin_state_up': True, 'mtu': 8950, 'status': 'ACTIVE', 'subnets': [], 'shared': False, 'port_security_enabled': True, 'router:external': False, 'provider:network_type': 'vlan', 'provider:physical_network': 'default', 'provider:segmentation_id': 434, 'availability_zone_hints': [], 'availability_zones': [], 'ipv4_address_scope': None, 'ipv6_address_scope': None, 'description': '', 'tags': [], 'created_at': '2025-11-22T07:29:55Z', 'updated_at': '2025-11-22T07:29:55Z', 'revision_number': 1}, Subnet: {'id': '04a2d7b3-8617-42ee-9131-3e3cee7fe846', 'name': 'tempest-FloatingIPsTestJSON-1407968441-subnet', 'tenant_id': '9053b15470f349bf8d406c053c0e5e9c', 'network_id': 'd25e880d-5a17-4836-8bef-c05a52136ec2', 'ip_version': 4, 'subnetpool_id': None, 'enable_dhcp': True, 'ipv6_ra_mode': None, 'ipv6_address_mode': None, 'gateway_ip': '192.168.128.1', 'cidr': '192.168.128.0/28', 'allocation_pools': [{'start': '192.168.128.2', 'end': '192.168.128.14'}], 'host_routes': [], 'dns_nameservers': [], 'description': '', 'router:external': False, 'service_types': [], 'tags': [], 'created_at': '2025-11-22T07:29:56Z', 'updated_at': '2025-11-22T07:29:56Z', 'revision_number': 0, 'project_id': '9053b15470f349bf8d406c053c0e5e9c'}, Router: {'id': 'eb369f5d-dd7c-4efb-bea6-b20a0bdd82fa', 'name': 'tempest-FloatingIPsTestJSON-1407968441-router', 'tenant_id': '9053b15470f349bf8d406c053c0e5e9c', 'admin_state_up': True, 'status': 'ACTIVE', 'external_gateway_info': {'network_id': '08ff20ae-4e29-4684-9270-7adca4edadc3', 'external_fixed_ips': [{'subnet_id': '33cca699-7059-4386-928a-3e0c2718680a', 'ip_address': '10.180.180.230'}], 'enable_snat': True}, 'description': '', 'availability_zones': [], 'distributed': False, 'ha': False, 'availability_zone_hints': [], 'routes': [], 'flavor_id': None, 'tags': [], 'created_at': '2025-11-22T07:29:56Z', 'updated_at': '2025-11-22T07:29:56Z', 'revision_number': 2, 'project_id': '9053b15470f349bf8d406c053c0e5e9c'}
2025-11-22 07:29:58.340 66720 INFO tempest.lib.common.rest_client [req-332a83c5-1ff4-4461-a36b-a63fcd8fccbe req-332a83c5-1ff4-4461-a36b-a63fcd8fccbe ] Request (FloatingIPsTestJSON:setUpClass): 201 POST http://10.180.1.21/identity/v3/auth/tokens 0.118s
2025-11-22 07:29:58.387 66674 INFO tempest.lib.common.rest_client [req-0a558560-ba24-41b0-b1b7-ca2c2ba8783e req-0a558560-ba24-41b0-b1b7-ca2c2ba8783e ] Request (ImagesMetadataTestJSON:tearDownClass): 200 GET http://10.180.1.21/networking/v2.0/security-groups?tenant_id=a65fc2e558774a768983510e6dc8bdc5&name=default 0.525s
2025-11-22 07:29:58.480 66682 INFO tempest.lib.common.rest_client [req-6a1699ab-7646-4d99-89bf-f9af03fe32f0 req-6a1699ab-7646-4d99-89bf-f9af03fe32f0 ] Request (ServersTestBootFromVolume:setUpClass): 200 GET http://10.180.1.21/volume/v3/volumes/69886927-9c78-494a-801f-854baba41b8f 0.041s
2025-11-22 07:29:58.530 66710 INFO tempest.lib.common.rest_client [req-5ddea442-aaec-496e-9755-1759c4dc32f2 req-5ddea442-aaec-496e-9755-1759c4dc32f2 ] Request (ServerDiagnosticsV248Test:tearDownClass): 200 GET http://10.180.1.21/networking/v2.0/security-groups?tenant_id=2e025f13af8b4b8198340f1f8bf679ef&name=default 0.423s
2025-11-22 07:29:58.571 66680 INFO tempest.lib.common.rest_client [req-f07fb0be-2ff3-4c39-a2cf-517335325706 req-f07fb0be-2ff3-4c39-a2cf-517335325706 ] Request (ServersAdminNegativeTestJSON:test_migrate_server_invalid_state): 200 GET http://10.180.1.21/compute/v2.1/servers/8738f005-0f23-4332-8c49-94015b8f1786 4.132s
2025-11-22 07:29:58.581 66680 INFO tempest.common.waiters [-] State transition "ACTIVE/suspending" ==> "SUSPENDED/None" after 5 second wait
2025-11-22 07:29:58.586 66708 INFO tempest.lib.common.rest_client [req-c64d66cb-5d79-4379-ac44-ddc769746d77 req-c64d66cb-5d79-4379-ac44-ddc769746d77 ] Request (ServerAddressesNegativeTestJSON:tearDownClass): 200 GET http://10.180.1.21/compute/v2.1/servers/b93aba85-e534-42d2-9278-0d6ca71bbec0 3.711s
2025-11-22 07:29:58.612 66664 INFO tempest.lib.common.rest_client [req-32d116f4-d321-4817-a6aa-73260bcfad53 req-32d116f4-d321-4817-a6aa-73260bcfad53 ] Request (KeyPairsV2TestJSON:_run_cleanups): 202 DELETE http://10.180.1.21/compute/v2.1/os-keypairs/tempest-keypair-202361135 2.801s
2025-11-22 07:29:58.633 66688 INFO tempest.lib.common.rest_client [req-a679f730-7c17-4521-87b2-a1d4f6fd8de1 req-a679f730-7c17-4521-87b2-a1d4f6fd8de1 ] Request (KeyPairsV22TestJSON:_run_cleanups): 204 DELETE http://10.180.1.21/compute/v2.1/os-keypairs/tempest-keypair-486169208 2.787s
2025-11-22 07:29:58.672 66668 INFO tempest.lib.common.rest_client [req-ae42f097-b4aa-4957-af6e-582c4f3c80ad req-ae42f097-b4aa-4957-af6e-582c4f3c80ad ] Request (AggregatesAdminNegativeTestJSON:_run_cleanups): 200 DELETE http://10.180.1.21/compute/v2.1/os-aggregates/6 2.823s
2025-11-22 07:29:58.742 66674 INFO tempest.lib.common.rest_client [req-4b71ed55-a48d-4b39-ab04-b023ed84b847 req-4b71ed55-a48d-4b39-ab04-b023ed84b847 ] Request (ImagesMetadataTestJSON:tearDownClass): 204 DELETE http://10.180.1.21/networking/v2.0/security-groups/7bd80445-842f-4984-955a-07dd24fee816 0.355s
2025-11-22 07:29:58.827 66710 INFO tempest.lib.common.rest_client [req-e363175b-729e-450d-87a1-ebcc4b3719fa req-e363175b-729e-450d-87a1-ebcc4b3719fa ] Request (ServerDiagnosticsV248Test:tearDownClass): 204 DELETE http://10.180.1.21/networking/v2.0/security-groups/d8710a60-95ba-4239-954b-39c9f3179321 0.296s
2025-11-22 07:29:58.845 66674 INFO tempest.lib.common.rest_client [req-404780f5-8566-4bf9-a502-f52153dc565b req-404780f5-8566-4bf9-a502-f52153dc565b ] Request (ImagesMetadataTestJSON:tearDownClass): 204 DELETE http://10.180.1.21/identity/v3/projects/a65fc2e558774a768983510e6dc8bdc5 0.102s
2025-11-22 07:29:58.856 66666 INFO tempest.lib.common.rest_client [req-5409bba3-0e94-47d7-adb7-35dddc8e802d req-5409bba3-0e94-47d7-adb7-35dddc8e802d ] Request (VolumesAdminNegativeTest:tearDownClass): 200 GET http://10.180.1.21/compute/v2.1/servers/485630f9-8279-432f-aef0-45cdc0a09ec5 3.964s
2025-11-22 07:29:58.921 66714 INFO tempest.lib.common.rest_client [req-f3450d37-e342-4e86-84c4-721383a6a4be req-f3450d37-e342-4e86-84c4-721383a6a4be ] Request (ServersAdminTestJSON:test_create_server_with_scheduling_hint): 200 GET http://10.180.1.21/compute/v2.1/servers/844e11be-7d1e-4691-8418-d60fd84bb57e 2.769s
2025-11-22 07:29:58.929 66674 INFO tempest.lib.common.rest_client [req-7c3b6147-4ecf-4c3d-9e14-a665e97227bd req-7c3b6147-4ecf-4c3d-9e14-a665e97227bd ] Request (VolumesNegativeTest:setUpClass): 201 POST http://10.180.1.21/identity/v3/auth/tokens 0.083s
2025-11-22 07:29:58.948 66710 INFO tempest.lib.common.rest_client [req-ee73301c-f1c5-4bdb-8db6-2135727e1855 req-ee73301c-f1c5-4bdb-8db6-2135727e1855 ] Request (ServerDiagnosticsV248Test:tearDownClass): 204 DELETE http://10.180.1.21/identity/v3/projects/2e025f13af8b4b8198340f1f8bf679ef 0.121s
2025-11-22 07:29:58.949 66710 INFO tempest.lib.common.dynamic_creds [-] Deleting project and security group for project: 9344ffc7253e4892901d49e953a4e8cd
2025-11-22 07:29:59.008 66674 INFO tempest.lib.common.rest_client [req-d8e7412d-dc34-44a3-8e36-920c71f6b8fb req-d8e7412d-dc34-44a3-8e36-920c71f6b8fb ] Request (VolumesNegativeTest:setUpClass): 201 POST http://10.180.1.21/identity/v3/auth/tokens 0.075s
2025-11-22 07:29:59.033 66674 INFO tempest.lib.common.rest_client [req-b85ca395-eaca-42f5-b90f-3230ca5bff7a req-b85ca395-eaca-42f5-b90f-3230ca5bff7a ] Request (VolumesNegativeTest:setUpClass): 200 GET http://10.180.1.21/identity/v3/domains?name=Default 0.025s
2025-11-22 07:29:59.068 66674 INFO tempest.lib.common.rest_client [req-d77e81c8-98fd-4da2-8bf6-8e6af79ff24f req-d77e81c8-98fd-4da2-8bf6-8e6af79ff24f ] Request (VolumesNegativeTest:setUpClass): 201 POST http://10.180.1.21/identity/v3/projects 0.034s
2025-11-22 07:29:59.072 66710 INFO tempest.lib.common.rest_client [req-1dfd1876-c27b-42c3-ad10-039bc0810bff req-1dfd1876-c27b-42c3-ad10-039bc0810bff ] Request (ServerDiagnosticsV248Test:tearDownClass): 200 GET http://10.180.1.21/networking/v2.0/security-groups?tenant_id=9344ffc7253e4892901d49e953a4e8cd&name=default 0.123s
2025-11-22 07:29:59.148 66674 INFO tempest.lib.common.rest_client [req-2d3e5427-6aac-42e1-86a6-c4a7311a72d1 req-2d3e5427-6aac-42e1-86a6-c4a7311a72d1 ] Request (VolumesNegativeTest:setUpClass): 201 POST http://10.180.1.21/identity/v3/users 0.079s
2025-11-22 07:29:59.176 66674 INFO tempest.lib.common.rest_client [req-b8ff6d39-2e97-4bde-9c02-6268f604af82 req-b8ff6d39-2e97-4bde-9c02-6268f604af82 ] Request (VolumesNegativeTest:setUpClass): 200 GET http://10.180.1.21/identity/v3/roles 0.027s
2025-11-22 07:29:59.212 66674 INFO tempest.lib.common.rest_client [req-1c6660cd-af0b-4ffc-8e7a-f7b741cf9284 req-1c6660cd-af0b-4ffc-8e7a-f7b741cf9284 ] Request (VolumesNegativeTest:setUpClass): 204 PUT http://10.180.1.21/identity/v3/projects/b35bd367ffc749afaf22fab6d98bc332/users/ff838e5b91f74326817676d0f8248c60/roles/025530159c8348df9f61db99da335d5b 0.036s
2025-11-22 07:29:59.213 66674 INFO tempest.lib.common.dynamic_creds [-] Dynamic test user ff838e5b91f74326817676d0f8248c60 is created with scope project and roles: ['member']
2025-11-22 07:29:59.213 66674 INFO tempest.lib.common.dynamic_creds [-] Acquired dynamic creds: credentials: Credentials: {'domain_id': 'default', 'domain_name': 'Default', 'username': 'tempest-VolumesNegativeTest-2105191858-project-member', 'project_domain_id': 'default', 'project_domain_name': 'Default', 'project_id': 'b35bd367ffc749afaf22fab6d98bc332', 'project_name': 'tempest-VolumesNegativeTest-2105191858', 'tenant_id': 'b35bd367ffc749afaf22fab6d98bc332', 'tenant_name': 'tempest-VolumesNegativeTest-2105191858', 'user_domain_id': 'default', 'user_domain_name': 'Default', 'user_id': 'ff838e5b91f74326817676d0f8248c60', 'system': None}, Network: None, Subnet: None, Router: None
2025-11-22 07:29:59.213 66674 INFO tempest.lib.common.dynamic_creds [-] Created isolated network resources for: credentials: Credentials: {'domain_id': 'default', 'domain_name': 'Default', 'username': 'tempest-VolumesNegativeTest-2105191858-project-member', 'project_domain_id': 'default', 'project_domain_name': 'Default', 'project_id': 'b35bd367ffc749afaf22fab6d98bc332', 'project_name': 'tempest-VolumesNegativeTest-2105191858', 'tenant_id': 'b35bd367ffc749afaf22fab6d98bc332', 'tenant_name': 'tempest-VolumesNegativeTest-2105191858', 'user_domain_id': 'default', 'user_domain_name': 'Default', 'user_id': 'ff838e5b91f74326817676d0f8248c60', 'system': None}, Network: None, Subnet: None, Router: None
2025-11-22 07:29:59.227 66710 INFO tempest.lib.common.rest_client [req-ad1ecfc0-55c4-40f5-8101-0b4dbf11265f req-ad1ecfc0-55c4-40f5-8101-0b4dbf11265f ] Request (ServerDiagnosticsV248Test:tearDownClass): 204 DELETE http://10.180.1.21/networking/v2.0/security-groups/26a178c3-f0a4-45ee-a9b8-3bf0d28ed3ed 0.154s
2025-11-22 07:29:59.309 66674 INFO tempest.lib.common.rest_client [req-c60bb765-eec1-46c6-8755-23b8d895ada9 req-c60bb765-eec1-46c6-8755-23b8d895ada9 ] Request (VolumesNegativeTest:setUpClass): 201 POST http://10.180.1.21/identity/v3/auth/tokens 0.092s
2025-11-22 07:29:59.322 66700 INFO tempest.lib.common.rest_client [req-8c11bdfd-9bad-4d32-a78b-20f009544234 req-8c11bdfd-9bad-4d32-a78b-20f009544234 ] Request (ImagesTestJSON:test_create_image_from_stopped_server): 200 GET http://10.180.1.21/compute/v2.1/servers/4f51c25f-c291-4a81-aacb-8d91f84b47ca 2.546s
2025-11-22 07:29:59.333 66700 INFO tempest.common.waiters [-] State transition "BUILD/spawning" ==> "ACTIVE/None" after 30 second wait
2025-11-22 07:29:59.351 66710 INFO tempest.lib.common.rest_client [req-efb24566-b77e-440d-9eeb-9ead47c293fd req-efb24566-b77e-440d-9eeb-9ead47c293fd ] Request (ServerDiagnosticsV248Test:tearDownClass): 204 DELETE http://10.180.1.21/identity/v3/projects/9344ffc7253e4892901d49e953a4e8cd 0.124s
2025-11-22 07:29:59.432 66710 INFO tempest.lib.common.rest_client [req-18a3d8d1-e63d-48b5-9f41-85a793eb859b req-18a3d8d1-e63d-48b5-9f41-85a793eb859b ] Request (ServicesAdminNegativeV253TestJSON:setUpClass): 201 POST http://10.180.1.21/identity/v3/auth/tokens 0.079s
2025-11-22 07:29:59.472 66710 INFO tempest.lib.common.rest_client [req-8b296c34-3e55-4ba2-9420-4e1c6ba1775c req-8b296c34-3e55-4ba2-9420-4e1c6ba1775c ] Request (ServicesAdminNegativeV253TestJSON:setUpClass): 201 POST http://10.180.1.21/identity/v3/auth/tokens 0.037s
2025-11-22 07:29:59.497 66710 INFO tempest.lib.common.rest_client [req-108cf356-90b9-45c1-aaca-9512a9a57870 req-108cf356-90b9-45c1-aaca-9512a9a57870 ] Request (ServicesAdminNegativeV253TestJSON:setUpClass): 200 GET http://10.180.1.21/identity/v3/domains?name=Default 0.024s
2025-11-22 07:29:59.527 66682 INFO tempest.lib.common.rest_client [req-7c1145e1-80a5-49cf-ad91-332304fc629a req-7c1145e1-80a5-49cf-ad91-332304fc629a ] Request (ServersTestBootFromVolume:setUpClass): 200 GET http://10.180.1.21/volume/v3/volumes/69886927-9c78-494a-801f-854baba41b8f 0.037s
2025-11-22 07:29:59.543 66710 INFO tempest.lib.common.rest_client [req-8810730c-b0f5-45dc-bd2c-d60d6604433b req-8810730c-b0f5-45dc-bd2c-d60d6604433b ] Request (ServicesAdminNegativeV253TestJSON:setUpClass): 201 POST http://10.180.1.21/identity/v3/projects 0.045s
2025-11-22 07:29:59.543 66702 INFO tempest.lib.common.rest_client [req-bc9935e3-28a7-4c35-ac28-81f3fe6c03dd req-bc9935e3-28a7-4c35-ac28-81f3fe6c03dd ] Request (ServersV294TestFqdnHostnames:setUpClass): 201 POST http://10.180.1.21/compute/v2.1/os-keypairs 2.670s
2025-11-22 07:29:59.623 66710 INFO tempest.lib.common.rest_client [req-90fd43ab-4809-4395-a686-9deb611f18eb req-90fd43ab-4809-4395-a686-9deb611f18eb ] Request (ServicesAdminNegativeV253TestJSON:setUpClass): 201 POST http://10.180.1.21/identity/v3/users 0.079s
2025-11-22 07:29:59.645 66710 INFO tempest.lib.common.rest_client [req-bb140bca-cb72-46e2-81b9-b4b68cad30a9 req-bb140bca-cb72-46e2-81b9-b4b68cad30a9 ] Request (ServicesAdminNegativeV253TestJSON:setUpClass): 200 GET http://10.180.1.21/identity/v3/roles 0.022s
2025-11-22 07:29:59.673 66702 INFO tempest.lib.common.rest_client [req-82e2345f-fbbb-4d0f-b076-5c1944fe0251 req-82e2345f-fbbb-4d0f-b076-5c1944fe0251 ] Request (ServersV294TestFqdnHostnames:setUpClass): 201 POST http://10.180.1.21/networking/v2.0/security-groups 0.127s
2025-11-22 07:29:59.680 66710 INFO tempest.lib.common.rest_client [req-4f34a666-0979-4ccf-adf5-c79fad944763 req-4f34a666-0979-4ccf-adf5-c79fad944763 ] Request (ServicesAdminNegativeV253TestJSON:setUpClass): 204 PUT http://10.180.1.21/identity/v3/projects/ff58ae3f2b7742ac8ee35aee0aa81a82/users/ab448e22af58405abaab82de3a547e64/roles/025530159c8348df9f61db99da335d5b 0.034s
2025-11-22 07:29:59.680 66710 INFO tempest.lib.common.dynamic_creds [-] Dynamic test user ab448e22af58405abaab82de3a547e64 is created with scope project and roles: ['member']
2025-11-22 07:29:59.680 66710 INFO tempest.lib.common.dynamic_creds [-] Acquired dynamic creds: credentials: Credentials: {'domain_id': 'default', 'domain_name': 'Default', 'username': 'tempest-ServicesAdminNegativeV253TestJSON-142224662-project-member', 'project_domain_id': 'default', 'project_domain_name': 'Default', 'project_id': 'ff58ae3f2b7742ac8ee35aee0aa81a82', 'project_name': 'tempest-ServicesAdminNegativeV253TestJSON-142224662', 'tenant_id': 'ff58ae3f2b7742ac8ee35aee0aa81a82', 'tenant_name': 'tempest-ServicesAdminNegativeV253TestJSON-142224662', 'user_domain_id': 'default', 'user_domain_name': 'Default', 'user_id': 'ab448e22af58405abaab82de3a547e64', 'system': None}, Network: None, Subnet: None, Router: None
2025-11-22 07:29:59.681 66710 INFO tempest.lib.common.dynamic_creds [-] Created isolated network resources for: credentials: Credentials: {'domain_id': 'default', 'domain_name': 'Default', 'username': 'tempest-ServicesAdminNegativeV253TestJSON-142224662-project-member', 'project_domain_id': 'default', 'project_domain_name': 'Default', 'project_id': 'ff58ae3f2b7742ac8ee35aee0aa81a82', 'project_name': 'tempest-ServicesAdminNegativeV253TestJSON-142224662', 'tenant_id': 'ff58ae3f2b7742ac8ee35aee0aa81a82', 'tenant_name': 'tempest-ServicesAdminNegativeV253TestJSON-142224662', 'user_domain_id': 'default', 'user_domain_name': 'Default', 'user_id': 'ab448e22af58405abaab82de3a547e64', 'system': None}, Network: None, Subnet: None, Router: None
2025-11-22 07:29:59.749 66716 INFO tempest.lib.common.rest_client [req-89714a24-7fb2-4b44-847a-ae9575bfaa1a req-89714a24-7fb2-4b44-847a-ae9575bfaa1a ] Request (AttachInterfacesTestJSON:test_create_list_show_delete_interfaces_by_fixed_ip): 200 GET http://10.180.1.21/compute/v2.1/servers/360dd62d-2728-42fc-b465-be021e7b4ca1 2.295s
2025-11-22 07:29:59.781 66710 INFO tempest.lib.common.rest_client [req-080b2c27-f565-4b2d-b83d-324ad1db6524 req-080b2c27-f565-4b2d-b83d-324ad1db6524 ] Request (ServicesAdminNegativeV253TestJSON:setUpClass): 201 POST http://10.180.1.21/identity/v3/auth/tokens 0.097s
2025-11-22 07:29:59.815 66694 INFO tempest.lib.common.rest_client [req-0e061faf-4f86-43ac-8e01-d9bf4a5ad4df req-0e061faf-4f86-43ac-8e01-d9bf4a5ad4df ] Request (ServerRescueNegativeTestJSON:setUpClass): 202 POST http://10.180.1.21/compute/v2.1/servers 3.622s
2025-11-22 07:29:59.842 66672 INFO tempest.lib.common.rest_client [req-f869412a-5039-45e9-904d-c543c99caa92 req-f869412a-5039-45e9-904d-c543c99caa92 ] Request (FlavorsAdminTestJSON:test_is_public_string_variations): 200 POST http://10.180.1.21/compute/v2.1/flavors 2.215s
2025-11-22 07:29:59.853 66702 INFO tempest.lib.common.rest_client [req-4daee511-a664-4634-ad5b-2004b986bc09 req-4daee511-a664-4634-ad5b-2004b986bc09 ] Request (ServersV294TestFqdnHostnames:setUpClass): 201 POST http://10.180.1.21/networking/v2.0/security-group-rules 0.180s
2025-11-22 07:29:59.862 66710 INFO tempest.lib.common.rest_client [req-74d7dc3d-dfb6-4d8d-8a7c-958b3cc105a7 req-74d7dc3d-dfb6-4d8d-8a7c-958b3cc105a7 ] Request (ServicesAdminNegativeV253TestJSON:setUpClass): 201 POST http://10.180.1.21/identity/v3/projects 0.080s
2025-11-22 07:29:59.934 66710 INFO tempest.lib.common.rest_client [req-e495dc16-5f02-4137-95bb-57555b0659da req-e495dc16-5f02-4137-95bb-57555b0659da ] Request (ServicesAdminNegativeV253TestJSON:setUpClass): 201 POST http://10.180.1.21/identity/v3/users 0.071s
2025-11-22 07:29:59.944 66702 INFO tempest.lib.common.rest_client [req-11222a24-dd0a-4238-8e35-d2cc601bb5d8 req-11222a24-dd0a-4238-8e35-d2cc601bb5d8 ] Request (ServersV294TestFqdnHostnames:setUpClass): 201 POST http://10.180.1.21/networking/v2.0/security-group-rules 0.090s
2025-11-22 07:29:59.950 66691 INFO tempest.lib.common.rest_client [req-b96a313c-450e-475a-bc39-ba8d3851fee5 req-b96a313c-450e-475a-bc39-ba8d3851fee5 ] Request (TenantUsagesTestJSON:test_get_usage_tenant): 200 GET http://10.180.1.21/compute/v2.1/os-simple-tenant-usage/24f06614db6d4f7a98cdf983a232b32f?start=2025-11-21T07%3A29%3A57.598815&end=2025-11-23T07%3A29%3A57.598815 2.350s
2025-11-22 07:29:59.952 66686 INFO tempest.lib.common.rest_client [req-e7289473-219b-4df1-bf6a-426182caf39d req-e7289473-219b-4df1-bf6a-426182caf39d ] Request (FloatingIPsAssociationNegativeTestJSON:tearDownClass): 204 DELETE http://10.180.1.21/compute/v2.1/servers/3cba14a9-99bb-4630-ace4-d9ead1c2c2a4 1.791s
2025-11-22 07:29:59.962 66710 INFO tempest.lib.common.rest_client [req-287d3a76-7789-4dc7-9b57-387858f125d7 req-287d3a76-7789-4dc7-9b57-387858f125d7 ] Request (ServicesAdminNegativeV253TestJSON:setUpClass): 200 GET http://10.180.1.21/identity/v3/roles 0.027s
2025-11-22 07:30:00.003 66710 INFO tempest.lib.common.rest_client [req-08c43d97-9cc5-419f-b100-62ff0d91f7e1 req-08c43d97-9cc5-419f-b100-62ff0d91f7e1 ] Request (ServicesAdminNegativeV253TestJSON:setUpClass): 204 PUT http://10.180.1.21/identity/v3/projects/3bd7a37ac66442feaef42d79b7cba292/users/66dac571e5874527a67eee3a909a89d3/roles/609de1abf1c245ba9d74978e0c1b4120 0.041s
2025-11-22 07:30:00.044 66670 INFO tempest.lib.common.rest_client [req-b936ea56-98d9-4ef0-9ef3-9260933f4093 req-b936ea56-98d9-4ef0-9ef3-9260933f4093 ] Request (QuotaClassesAdminTestJSON:_run_cleanups): 200 PUT http://10.180.1.21/compute/v2.1/os-quota-class-sets/default 1.867s
2025-11-22 07:30:00.104 66710 INFO tempest.lib.common.rest_client [req-670562f5-c94d-4bcd-8d9c-fc89f433eb8b req-670562f5-c94d-4bcd-8d9c-fc89f433eb8b ] Request (ServicesAdminNegativeV253TestJSON:setUpClass): 200 GET http://10.180.1.21/identity/v3/roles 0.100s
2025-11-22 07:30:00.127 66710 INFO tempest.lib.common.rest_client [req-99b10687-2f4b-4ed4-aa97-e478e238c270 req-99b10687-2f4b-4ed4-aa97-e478e238c270 ] Request (ServicesAdminNegativeV253TestJSON:setUpClass): 204 PUT http://10.180.1.21/identity/v3/projects/3bd7a37ac66442feaef42d79b7cba292/users/66dac571e5874527a67eee3a909a89d3/roles/609de1abf1c245ba9d74978e0c1b4120 0.022s
2025-11-22 07:30:00.128 66710 INFO tempest.lib.common.dynamic_creds [-] Dynamic test user 66dac571e5874527a67eee3a909a89d3 is created with scope project and roles: ['admin']
2025-11-22 07:30:00.128 66710 INFO tempest.lib.common.dynamic_creds [-] Acquired dynamic creds: credentials: Credentials: {'domain_id': 'default', 'domain_name': 'Default', 'username': 'tempest-ServicesAdminNegativeV253TestJSON-1822571720-project-admin', 'project_domain_id': 'default', 'project_domain_name': 'Default', 'project_id': '3bd7a37ac66442feaef42d79b7cba292', 'project_name': 'tempest-ServicesAdminNegativeV253TestJSON-1822571720', 'tenant_id': '3bd7a37ac66442feaef42d79b7cba292', 'tenant_name': 'tempest-ServicesAdminNegativeV253TestJSON-1822571720', 'user_domain_id': 'default', 'user_domain_name': 'Default', 'user_id': '66dac571e5874527a67eee3a909a89d3', 'system': None}, Network: None, Subnet: None, Router: None
2025-11-22 07:30:00.128 66710 INFO tempest.lib.common.dynamic_creds [-] Created isolated network resources for: credentials: Credentials: {'domain_id': 'default', 'domain_name': 'Default', 'username': 'tempest-ServicesAdminNegativeV253TestJSON-1822571720-project-admin', 'project_domain_id': 'default', 'project_domain_name': 'Default', 'project_id': '3bd7a37ac66442feaef42d79b7cba292', 'project_name': 'tempest-ServicesAdminNegativeV253TestJSON-1822571720', 'tenant_id': '3bd7a37ac66442feaef42d79b7cba292', 'tenant_name': 'tempest-ServicesAdminNegativeV253TestJSON-1822571720', 'user_domain_id': 'default', 'user_domain_name': 'Default', 'user_id': '66dac571e5874527a67eee3a909a89d3', 'system': None}, Network: None, Subnet: None, Router: None
2025-11-22 07:30:00.169 66670 INFO tempest.lib.common.rest_client [req-1907ee09-2612-43d9-8157-bb94b070993b req-1907ee09-2612-43d9-8157-bb94b070993b ] Request (QuotaClassesAdminTestJSON:tearDownClass): 204 DELETE http://10.180.1.21/identity/v3/users/44770bcb76f1408bbbfb34dcb473906f 0.117s
2025-11-22 07:30:00.208 66676 INFO tempest.lib.common.rest_client [req-ae2f837e-e726-4a38-a7db-351523f91f29 req-ae2f837e-e726-4a38-a7db-351523f91f29 ] Request (FloatingIPsAssociationTestJSON:setUpClass): 200 GET http://10.180.1.21/compute/v2.1/servers/f077c0a1-f72a-4ce7-b1b3-4b38195bcfae 2.020s
2025-11-22 07:30:00.221 66676 INFO tempest.common.waiters [-] State transition "BUILD/None" ==> "BUILD/spawning" after 26 second wait
2025-11-22 07:30:00.232 66724 INFO tempest.lib.common.rest_client [req-a0870a81-c106-4d9f-9a8a-2bde16a0d5ac req-a0870a81-c106-4d9f-9a8a-2bde16a0d5ac ] Request (ServersWithSpecificFlavorTestJSON:test_verify_created_server_ephemeral_disk): 200 GET http://10.180.1.21/compute/v2.1/servers/82b10e60-6014-43f0-89d7-e43490d6b3cc 2.033s
2025-11-22 07:30:00.247 66710 INFO tempest.lib.common.rest_client [req-7fcc3ad8-b368-4bb4-bac3-fd687a1d7415 req-7fcc3ad8-b368-4bb4-bac3-fd687a1d7415 ] Request (ServicesAdminNegativeV253TestJSON:setUpClass): 201 POST http://10.180.1.21/identity/v3/auth/tokens 0.115s
2025-11-22 07:30:00.252 66724 INFO tempest.common.waiters [-] State transition "BUILD/spawning" ==> "ACTIVE/None" after 38 second wait
2025-11-22 07:30:00.311 66698 INFO tempest.lib.common.rest_client [req-67ac5a43-03a1-40ea-a552-9b684ab6dd44 req-67ac5a43-03a1-40ea-a552-9b684ab6dd44 ] Request (DeleteServersAdminTestJSON:test_delete_server_while_in_error_state): 200 GET http://10.180.1.21/compute/v2.1/servers/f28bb836-873d-45ba-8e0b-b9ed0a4efd8b 2.046s
2025-11-22 07:30:00.327 66670 INFO tempest.lib.common.rest_client [req-8de91589-61d0-41ad-be21-55e917ceced5 req-8de91589-61d0-41ad-be21-55e917ceced5 ] Request (QuotaClassesAdminTestJSON:tearDownClass): 204 DELETE http://10.180.1.21/identity/v3/users/b4b107b4b11d420ba0c117bd500cc82b 0.157s
2025-11-22 07:30:00.328 66670 INFO tempest.lib.common.dynamic_creds [-] Deleting project and security group for project: 9a1e43b6d2354b85b7e2525bf332d41f
2025-11-22 07:30:00.406 66670 INFO tempest.lib.common.rest_client [req-a225e726-edbe-4ab0-824f-400c9bfd94da req-a225e726-edbe-4ab0-824f-400c9bfd94da ] Request (QuotaClassesAdminTestJSON:tearDownClass): 201 POST http://10.180.1.21/identity/v3/auth/tokens 0.078s
2025-11-22 07:30:00.455 66702 INFO tempest.lib.common.rest_client [req-112319fb-57b1-4aa0-9bb7-9565d40a6506 req-112319fb-57b1-4aa0-9bb7-9565d40a6506 ] Request (ServersV294TestFqdnHostnames:setUpClass): 201 POST http://10.180.1.21/networking/v2.0/floatingips 0.509s
2025-11-22 07:30:00.488 66684 INFO tempest.lib.common.rest_client [req-34f76036-f06f-4e52-8e2f-7e0fb36b2b8c req-34f76036-f06f-4e52-8e2f-7e0fb36b2b8c ] Request (DeleteServersTestJSON:test_delete_active_server): 200 GET http://10.180.1.21/compute/v2.1/servers/85179817-231c-426a-a178-5d82f230c91f 2.156s
2025-11-22 07:30:00.553 66702 INFO tempest.lib.common.rest_client [req-af6b84bd-029c-48c9-8d18-6ec6bc3ff038 req-af6b84bd-029c-48c9-8d18-6ec6bc3ff038 ] Request (ServersV294TestFqdnHostnames:setUpClass): 201 POST http://10.180.1.21/identity/v3/auth/tokens 0.096s
2025-11-22 07:30:00.553 66702 INFO tempest.lib.common.fixed_network [-] (ServersV294TestFqdnHostnames:setUpClass) Found network {'id': '1ccefab7-497f-42de-88ca-30e8f85138d4', 'name': 'tempest-ServersV294TestFqdnHostnames-284236752-network', 'tenant_id': '1ddb81d17b624f7e9dc14a055485145e', 'project_id': '1ddb81d17b624f7e9dc14a055485145e', 'admin_state_up': True, 'mtu': 8950, 'status': 'ACTIVE', 'subnets': [], 'shared': False, 'port_security_enabled': True, 'router:external': False, 'provider:network_type': 'vlan', 'provider:physical_network': 'default', 'provider:segmentation_id': 156, 'availability_zone_hints': [], 'availability_zones': [], 'ipv4_address_scope': None, 'ipv6_address_scope': None, 'description': '', 'tags': [], 'created_at': '2025-11-22T07:29:54Z', 'updated_at': '2025-11-22T07:29:54Z', 'revision_number': 1} available for tenant
2025-11-22 07:30:00.582 66682 INFO tempest.lib.common.rest_client [req-ef61f3f6-a0d9-42cf-bede-f49bd369e5dd req-ef61f3f6-a0d9-42cf-bede-f49bd369e5dd ] Request (ServersTestBootFromVolume:setUpClass): 200 GET http://10.180.1.21/volume/v3/volumes/69886927-9c78-494a-801f-854baba41b8f 0.045s
2025-11-22 07:30:00.695 66670 INFO tempest.lib.common.rest_client [req-c9849bb7-5b90-488b-8a94-d707354dd9d6 req-c9849bb7-5b90-488b-8a94-d707354dd9d6 ] Request (QuotaClassesAdminTestJSON:tearDownClass): 200 GET http://10.180.1.21/networking/v2.0/security-groups?tenant_id=9a1e43b6d2354b85b7e2525bf332d41f&name=default 0.288s
2025-11-22 07:30:00.734 66722 INFO tempest.lib.common.rest_client [req-daf0969a-0333-4cd4-8ca9-8f277e30524f req-daf0969a-0333-4cd4-8ca9-8f277e30524f ] Request (ServersAdmin275Test:tearDownClass): 200 GET http://10.180.1.21/compute/v2.1/servers/4ec9786f-f606-413b-9b4e-df58138aea40 2.361s
2025-11-22 07:30:00.810 66670 INFO tempest.lib.common.rest_client [req-8cbf159d-5967-4d1b-a42c-506e81f7fdcf req-8cbf159d-5967-4d1b-a42c-506e81f7fdcf ] Request (QuotaClassesAdminTestJSON:tearDownClass): 204 DELETE http://10.180.1.21/networking/v2.0/security-groups/9ac8830e-b2ca-4d50-a0b5-c4d236bd0f30 0.114s
2025-11-22 07:30:00.909 66670 INFO tempest.lib.common.rest_client [req-7d1edfd8-ae29-4e0a-9115-784a01a0b385 req-7d1edfd8-ae29-4e0a-9115-784a01a0b385 ] Request (QuotaClassesAdminTestJSON:tearDownClass): 204 DELETE http://10.180.1.21/identity/v3/projects/9a1e43b6d2354b85b7e2525bf332d41f 0.098s
2025-11-22 07:30:00.909 66670 INFO tempest.lib.common.dynamic_creds [-] Deleting project and security group for project: 019cd58a177e423a86f0ad44cb539863
2025-11-22 07:30:01.431 66726 INFO tempest.lib.common.rest_client [req-5857f5cf-c8a3-4997-9ec5-98e3304986ff req-5857f5cf-c8a3-4997-9ec5-98e3304986ff ] Request (MultipleCreateTestJSON:test_multiple_create): 200 GET http://10.180.1.21/compute/v2.1/servers/93f2b474-fb15-4d51-bcfe-214c0aa875ab 3.015s
2025-11-22 07:30:01.529 66670 INFO tempest.lib.common.rest_client [req-0f59e00f-d76d-4db4-a3e5-8061732165fd req-0f59e00f-d76d-4db4-a3e5-8061732165fd ] Request (QuotaClassesAdminTestJSON:tearDownClass): 200 GET http://10.180.1.21/networking/v2.0/security-groups?tenant_id=019cd58a177e423a86f0ad44cb539863&name=default 0.619s
2025-11-22 07:30:01.616 66678 INFO tempest.lib.common.rest_client [req-6e792602-8927-4b40-b615-e9ed4ae843b4 req-6e792602-8927-4b40-b615-e9ed4ae843b4 ] Request (ServersTestFqdnHostnames:test_create_server_with_fqdn_name): 200 GET http://10.180.1.21/compute/v2.1/servers/58538626-bfca-4c65-afe8-4b629209eed7 3.181s
2025-11-22 07:30:01.626 66682 INFO tempest.lib.common.rest_client [req-ee34b092-f13e-49ab-84bb-5d4089d5b4fd req-ee34b092-f13e-49ab-84bb-5d4089d5b4fd ] Request (ServersTestBootFromVolume:setUpClass): 200 GET http://10.180.1.21/volume/v3/volumes/69886927-9c78-494a-801f-854baba41b8f 0.031s
2025-11-22 07:30:01.633 66682 INFO tempest.common.waiters [-] volume 69886927-9c78-494a-801f-854baba41b8f reached available after waiting for 19.633553 seconds
2025-11-22 07:30:01.703 66670 INFO tempest.lib.common.rest_client [req-3c463323-143a-46c9-af07-1e3d2bc4d57d req-3c463323-143a-46c9-af07-1e3d2bc4d57d ] Request (QuotaClassesAdminTestJSON:tearDownClass): 204 DELETE http://10.180.1.21/networking/v2.0/security-groups/9ad707ff-962d-44c8-b8ca-ef45478dec9e 0.173s
2025-11-22 07:30:01.777 66720 INFO tempest.lib.common.rest_client [req-fb5be44d-1f78-4cfc-9088-446cdac6f5aa req-fb5be44d-1f78-4cfc-9088-446cdac6f5aa ] Request (FloatingIPsTestJSON:test_allocate_floating_ip): 200 POST http://10.180.1.21/compute/v2.1/os-floating-ips 3.435s
2025-11-22 07:30:01.796 66713 INFO tempest.lib.common.rest_client [req-e1c6d49c-90f6-4fa3-ac1f-44a9ba1defff req-e1c6d49c-90f6-4fa3-ac1f-44a9ba1defff ] Request (ListServersNegativeTestJSON:setUpClass): 200 GET http://10.180.1.21/compute/v2.1/servers/01100757-7e89-49d5-848f-e9155dc9e326 3.227s
2025-11-22 07:30:01.819 66670 INFO tempest.lib.common.rest_client [req-5083a31e-883d-444d-91c1-cd2262cac0b0 req-5083a31e-883d-444d-91c1-cd2262cac0b0 ] Request (QuotaClassesAdminTestJSON:tearDownClass): 204 DELETE http://10.180.1.21/identity/v3/projects/019cd58a177e423a86f0ad44cb539863 0.115s
2025-11-22 07:30:01.836 66664 INFO tempest.lib.common.rest_client [req-81745f28-0f3f-4e15-b683-c1489e5ddbcd req-81745f28-0f3f-4e15-b683-c1489e5ddbcd ] Request (KeyPairsV2TestJSON:test_keypairs_create_list_delete): 200 POST http://10.180.1.21/compute/v2.1/os-keypairs 3.220s
2025-11-22 07:30:01.862 66688 INFO tempest.lib.common.rest_client [req-45292be3-f63f-4cfd-8c89-4878e419cc34 req-45292be3-f63f-4cfd-8c89-4878e419cc34 ] Request (KeyPairsV22TestJSON:test_keypair_create_with_pub_key): 201 POST http://10.180.1.21/compute/v2.1/os-keypairs 3.227s
2025-11-22 07:30:01.867 66680 INFO tempest.lib.common.rest_client [req-e8f484a9-c9e1-4590-b3ad-f4c1354771b0 req-e8f484a9-c9e1-4590-b3ad-f4c1354771b0 ] Request (ServersAdminNegativeTestJSON:test_migrate_server_invalid_state): 409 POST http://10.180.1.21/compute/v2.1/servers/8738f005-0f23-4332-8c49-94015b8f1786/action 3.285s
2025-11-22 07:30:01.872 66668 INFO tempest.lib.common.rest_client [req-2745b1cc-8abb-4708-865d-49ad4f73e85f req-2745b1cc-8abb-4708-865d-49ad4f73e85f ] Request (AggregatesAdminNegativeTestJSON:test_aggregate_get_details_with_invalid_id): 404 GET http://10.180.1.21/compute/v2.1/os-aggregates/-1 3.194s
2025-11-22 07:30:01.883 66670 INFO tempest.lib.common.rest_client [req-0d980df6-b09e-4192-87b4-0b41e2670bb7 req-0d980df6-b09e-4192-87b4-0b41e2670bb7 ] Request (FlavorsV2TestJSON:setUpClass): 201 POST http://10.180.1.21/identity/v3/auth/tokens 0.063s
2025-11-22 07:30:01.924 66670 INFO tempest.lib.common.rest_client [req-a86e0002-b9fd-4fbf-86d0-1824cdffa172 req-a86e0002-b9fd-4fbf-86d0-1824cdffa172 ] Request (FlavorsV2TestJSON:setUpClass): 201 POST http://10.180.1.21/identity/v3/auth/tokens 0.037s
2025-11-22 07:30:01.949 66670 INFO tempest.lib.common.rest_client [req-6bf4f756-58e7-4f2f-a678-c9bc3d87db7d req-6bf4f756-58e7-4f2f-a678-c9bc3d87db7d ] Request (FlavorsV2TestJSON:setUpClass): 200 GET http://10.180.1.21/identity/v3/domains?name=Default 0.025s
2025-11-22 07:30:01.976 66670 INFO tempest.lib.common.rest_client [req-159528c4-d93b-413d-998a-1ed9c84cbc80 req-159528c4-d93b-413d-998a-1ed9c84cbc80 ] Request (FlavorsV2TestJSON:setUpClass): 201 POST http://10.180.1.21/identity/v3/projects 0.026s
2025-11-22 07:30:01.976 66692 INFO tempest.lib.common.rest_client [req-333beda7-16e3-4b68-bcb4-8cf7427c1650 req-333beda7-16e3-4b68-bcb4-8cf7427c1650 ] Request (ImagesOneServerNegativeTestJSON:setUpClass): 200 GET http://10.180.1.21/compute/v2.1/servers/e21774ad-2fe9-44e1-bfa6-2e1b34821a87 3.248s
2025-11-22 07:30:01.992 66696 INFO tempest.lib.common.rest_client [req-8f4b815c-9555-4846-853a-564d989c5c35 req-8f4b815c-9555-4846-853a-564d989c5c35 ] Request (ServerExternalEventsTest:tearDownClass): 200 GET http://10.180.1.21/compute/v2.1/servers/db1723be-7cbf-4414-9823-815c98313a4a 3.287s
2025-11-22 07:30:02.040 66670 INFO tempest.lib.common.rest_client [req-a84713a8-0d6f-4089-b8c6-1b788051d525 req-a84713a8-0d6f-4089-b8c6-1b788051d525 ] Request (FlavorsV2TestJSON:setUpClass): 201 POST http://10.180.1.21/identity/v3/users 0.064s
2025-11-22 07:30:02.064 66670 INFO tempest.lib.common.rest_client [req-3fdac48f-04bd-44f9-bbb7-cab633379078 req-3fdac48f-04bd-44f9-bbb7-cab633379078 ] Request (FlavorsV2TestJSON:setUpClass): 200 GET http://10.180.1.21/identity/v3/roles 0.023s
2025-11-22 07:30:02.078 66674 INFO tempest.lib.common.rest_client [req-0bd76783-7f3c-47af-bc56-349ef75c6ab7 req-0bd76783-7f3c-47af-bc56-349ef75c6ab7 ] Request (VolumesNegativeTest:test_create_volume_with_invalid_size): 400 POST http://10.180.1.21/compute/v2.1/os-volumes 2.768s
2025-11-22 07:30:02.082 66700 INFO tempest.lib.common.rest_client [req-524b1118-b85a-4e7c-a8ae-6a1370b31609 req-524b1118-b85a-4e7c-a8ae-6a1370b31609 ] Request (ImagesTestJSON:test_create_image_from_stopped_server): 202 POST http://10.180.1.21/compute/v2.1/servers/4f51c25f-c291-4a81-aacb-8d91f84b47ca/action 2.748s
2025-11-22 07:30:02.102 66670 INFO tempest.lib.common.rest_client [req-73f54894-12fe-45f4-96c9-4894ca2d82c9 req-73f54894-12fe-45f4-96c9-4894ca2d82c9 ] Request (FlavorsV2TestJSON:setUpClass): 204 PUT http://10.180.1.21/identity/v3/projects/eb4ec0fd77ce4db880535780ce3b1131/users/8532e3f6c3604efda1a932c14422d449/roles/025530159c8348df9f61db99da335d5b 0.037s
2025-11-22 07:30:02.102 66670 INFO tempest.lib.common.dynamic_creds [-] Dynamic test user 8532e3f6c3604efda1a932c14422d449 is created with scope project and roles: ['member']
2025-11-22 07:30:02.102 66670 INFO tempest.lib.common.dynamic_creds [-] Acquired dynamic creds: credentials: Credentials: {'domain_id': 'default', 'domain_name': 'Default', 'username': 'tempest-FlavorsV2TestJSON-1449508641-project-member', 'project_domain_id': 'default', 'project_domain_name': 'Default', 'project_id': 'eb4ec0fd77ce4db880535780ce3b1131', 'project_name': 'tempest-FlavorsV2TestJSON-1449508641', 'tenant_id': 'eb4ec0fd77ce4db880535780ce3b1131', 'tenant_name': 'tempest-FlavorsV2TestJSON-1449508641', 'user_domain_id': 'default', 'user_domain_name': 'Default', 'user_id': '8532e3f6c3604efda1a932c14422d449', 'system': None}, Network: None, Subnet: None, Router: None
2025-11-22 07:30:02.102 66670 INFO tempest.lib.common.dynamic_creds [-] Created isolated network resources for: credentials: Credentials: {'domain_id': 'default', 'domain_name': 'Default', 'username': 'tempest-FlavorsV2TestJSON-1449508641-project-member', 'project_domain_id': 'default', 'project_domain_name': 'Default', 'project_id': 'eb4ec0fd77ce4db880535780ce3b1131', 'project_name': 'tempest-FlavorsV2TestJSON-1449508641', 'tenant_id': 'eb4ec0fd77ce4db880535780ce3b1131', 'tenant_name': 'tempest-FlavorsV2TestJSON-1449508641', 'user_domain_id': 'default', 'user_domain_name': 'Default', 'user_id': '8532e3f6c3604efda1a932c14422d449', 'system': None}, Network: None, Subnet: None, Router: None
2025-11-22 07:30:02.179 66670 INFO tempest.lib.common.rest_client [req-c467f636-870f-4511-a6a5-bb9f359d067e req-c467f636-870f-4511-a6a5-bb9f359d067e ] Request (FlavorsV2TestJSON:setUpClass): 201 POST http://10.180.1.21/identity/v3/auth/tokens 0.072s
2025-11-22 07:30:02.197 66708 INFO tempest.lib.common.rest_client [req-f27dec57-0b07-4d01-9667-b2f9c17b3bb2 req-f27dec57-0b07-4d01-9667-b2f9c17b3bb2 ] Request (ServerAddressesNegativeTestJSON:tearDownClass): 200 GET http://10.180.1.21/compute/v2.1/servers/b93aba85-e534-42d2-9278-0d6ca71bbec0 2.597s
2025-11-22 07:30:02.213 66694 INFO tempest.lib.common.rest_client [req-847912d8-3bce-4dbf-8fd6-9ec0dd2e53c2 req-847912d8-3bce-4dbf-8fd6-9ec0dd2e53c2 ] Request (ServerRescueNegativeTestJSON:setUpClass): 200 GET http://10.180.1.21/compute/v2.1/servers/cae671ff-27e4-4ceb-9c71-9f7b09647fbf 2.395s
2025-11-22 07:30:02.217 66672 INFO tempest.lib.common.rest_client [req-d0a2de2c-b7c8-4b19-89a4-829759a2e905 req-d0a2de2c-b7c8-4b19-89a4-829759a2e905 ] Request (FlavorsAdminTestJSON:test_is_public_string_variations): 200 POST http://10.180.1.21/compute/v2.1/flavors 2.371s
2025-11-22 07:30:02.291 66694 INFO tempest.lib.common.rest_client [req-c1a0a40c-a0c7-464e-bae9-7253e5ddf8b4 req-c1a0a40c-a0c7-464e-bae9-7253e5ddf8b4 ] Request (ServerRescueNegativeTestJSON:setUpClass): 201 POST http://10.180.1.21/identity/v3/auth/tokens 0.066s
