2025-11-22 07:28:54.920 66672 INFO tempest.lib.common.rest_client [req-bf04ccab-73f0-4ab2-8eb4-27a5cb04984b req-bf04ccab-73f0-4ab2-8eb4-27a5cb04984b ] Request (FlavorsAdminTestJSON:test_create_flavor_verify_entry_in_list_details): 200 POST http://10.180.1.21/compute/v2.1/flavors 1.895s
2025-11-22 07:28:54.938 66678 INFO tempest.lib.common.rest_client [req-a31c1423-31a2-4e44-be25-a8d8b2c5b0ea req-a31c1423-31a2-4e44-be25-a8d8b2c5b0ea ] Request (FlavorsExtraSpecsTestJSON:test_flavor_non_admin_get_specific_key): 200 GET http://10.180.1.21/compute/v2.1/flavors/1101118104/os-extra_specs/hw:numa_nodes 1.900s
2025-11-22 07:28:54.956 66726 INFO tempest.lib.common.rest_client [req-a43bba9f-2a2e-4d0f-a16d-eed7a91d5fe7 req-a43bba9f-2a2e-4d0f-a16d-eed7a91d5fe7 ] Request (FlavorMetadataValidation:_run_cleanups): 202 DELETE http://10.180.1.21/compute/v2.1/flavors/401870354 1.869s
2025-11-22 07:28:54.963 66692 INFO tempest.lib.common.rest_client [req-12209620-2a8b-4309-840a-02a66d035b2c req-12209620-2a8b-4309-840a-02a66d035b2c ] Request (HypervisorAdminNegativeTestJSON:test_get_hypervisor_stats_with_non_admin_user): 403 GET http://10.180.1.21/compute/v2.1/os-hypervisors/statistics 1.869s
2025-11-22 07:28:54.988 66716 INFO tempest.lib.common.rest_client [req-22ac7e04-7dd3-48a6-9bf5-8ece8fbb2adf req-22ac7e04-7dd3-48a6-9bf5-8ece8fbb2adf ] Request (HypervisorAdminV253TestBase:tearDownClass): 204 DELETE http://10.180.1.21/identity/v3/users/1ea5e72bae424d9e80d4f3fc6cde48b1 0.155s
2025-11-22 07:28:55.052 66706 INFO tempest.lib.common.rest_client [req-cfa36a20-08b5-4cb8-8c97-c2dc5ff4c339 req-cfa36a20-08b5-4cb8-8c97-c2dc5ff4c339 ] Request (VolumesAssistedSnapshotsTest:test_volume_assisted_snapshot_create_delete): 200 POST http://10.180.1.21/compute/v2.1/os-keypairs 2.049s
2025-11-22 07:28:55.138 66696 INFO tempest.lib.common.rest_client [req-f7835190-89fb-497a-b989-5360bd647a0c req-f7835190-89fb-497a-b989-5360bd647a0c ] Request (HypervisorAdminV228Test:tearDownClass): 204 DELETE http://10.180.1.21/identity/v3/users/901d32eeb2ae4b74bf006c4740bc2327 0.259s
2025-11-22 07:28:55.138 66696 INFO tempest.lib.common.dynamic_creds [-] Deleting project and security group for project: d75b76a069884773ad5c4d85aac00858
2025-11-22 07:28:55.173 66718 INFO tempest.lib.common.rest_client [req-2b14c548-b023-4805-8f53-fa5b1fa4b614 req-2b14c548-b023-4805-8f53-fa5b1fa4b614 ] Request (FlavorsAccessTestJSON:test_flavor_access_add_remove): 200 GET http://10.180.1.21/compute/v2.1/flavors/detail 2.044s
2025-11-22 07:28:55.235 66706 INFO tempest.lib.common.rest_client [req-7b667741-9c95-4f00-b53c-0a7398ad8b6e req-7b667741-9c95-4f00-b53c-0a7398ad8b6e ] Request (VolumesAssistedSnapshotsTest:test_volume_assisted_snapshot_create_delete): 201 POST http://10.180.1.21/networking/v2.0/security-groups 0.181s
2025-11-22 07:28:55.302 66716 INFO tempest.lib.common.rest_client [req-73397e55-f72b-4465-be3f-93e5b497b17d req-73397e55-f72b-4465-be3f-93e5b497b17d ] Request (HypervisorAdminV253TestBase:tearDownClass): 204 DELETE http://10.180.1.21/identity/v3/users/707588a1d4b44e23be7e803077c920eb 0.313s
2025-11-22 07:28:55.302 66724 INFO tempest.lib.common.rest_client [req-38bada5d-a741-4f15-b857-ebbd4e4bf6b5 req-38bada5d-a741-4f15-b857-ebbd4e4bf6b5 ] Request (ServersWithSpecificFlavorTestJSON:test_verify_created_server_ephemeral_disk): 200 POST http://10.180.1.21/compute/v2.1/flavors 2.114s
2025-11-22 07:28:55.302 66716 INFO tempest.lib.common.dynamic_creds [-] Deleting project and security group for project: 29567ad8af7942999b23e8752052b5fa
2025-11-22 07:28:55.356 66696 INFO tempest.lib.common.rest_client [req-3281dc7e-d465-42e0-ba29-ab31bc53e6a0 req-3281dc7e-d465-42e0-ba29-ab31bc53e6a0 ] Request (HypervisorAdminV228Test:tearDownClass): 201 POST http://10.180.1.21/identity/v3/auth/tokens 0.217s
2025-11-22 07:28:55.363 66714 INFO tempest.lib.common.rest_client [req-55964d59-0c64-4f71-9885-183102b8b202 req-55964d59-0c64-4f71-9885-183102b8b202 ] Request (QuotaClassesAdmin257Test:_run_cleanups): 200 PUT http://10.180.1.21/compute/v2.1/os-quota-class-sets/default 2.053s
2025-11-22 07:28:55.437 66716 INFO tempest.lib.common.rest_client [req-00d7b79b-16af-4620-95a4-d9f6307c8fd6 req-00d7b79b-16af-4620-95a4-d9f6307c8fd6 ] Request (HypervisorAdminV253TestBase:tearDownClass): 201 POST http://10.180.1.21/identity/v3/auth/tokens 0.134s
2025-11-22 07:28:55.450 66706 INFO tempest.lib.common.rest_client [req-9ca5bb99-49a9-4a69-93cf-0492e9cb3958 req-9ca5bb99-49a9-4a69-93cf-0492e9cb3958 ] Request (VolumesAssistedSnapshotsTest:test_volume_assisted_snapshot_create_delete): 201 POST http://10.180.1.21/networking/v2.0/security-group-rules 0.214s
2025-11-22 07:28:55.496 66664 INFO tempest.lib.common.rest_client [req-c2450d0f-32a2-4e03-99a8-4f41a9db0b51 req-c2450d0f-32a2-4e03-99a8-4f41a9db0b51 ] Request (QuotasAdminTestJSON:test_delete_quota): 200 GET http://10.180.1.21/identity/v3/domains?name=Default 0.130s
2025-11-22 07:28:55.561 66714 INFO tempest.lib.common.rest_client [req-705a5a1c-a3f7-44e6-b2c5-b19306b7716a req-705a5a1c-a3f7-44e6-b2c5-b19306b7716a ] Request (QuotaClassesAdmin257Test:tearDownClass): 204 DELETE http://10.180.1.21/identity/v3/users/522fa5f50ffb44acaf4f49bbf62a69c7 0.186s
2025-11-22 07:28:55.665 66691 INFO tempest.lib.common.rest_client [req-99707978-300e-40c5-b8b0-9be0faf7d306 req-99707978-300e-40c5-b8b0-9be0faf7d306 ] Request (QuotasAdminNegativeTest:test_create_server_when_instances_quota_is_full): 200 PUT http://10.180.1.21/compute/v2.1/os-quota-sets/79547d124b214f649b8a60c9533af861 2.244s
2025-11-22 07:28:55.688 66682 INFO tempest.lib.common.rest_client [req-f9536374-1c37-486d-bd39-6953d83d478a req-f9536374-1c37-486d-bd39-6953d83d478a ] Request (FlavorsExtraSpecsNegativeTestJSON:test_flavor_non_admin_update_specific_key): 200 POST http://10.180.1.21/compute/v2.1/flavors/801979426/os-extra_specs 2.261s
2025-11-22 07:28:55.700 66664 INFO tempest.lib.common.rest_client [req-f03ecd55-572a-4094-b433-e46429dfe8fe req-f03ecd55-572a-4094-b433-e46429dfe8fe ] Request (QuotasAdminTestJSON:test_delete_quota): 201 POST http://10.180.1.21/identity/v3/projects 0.203s
2025-11-22 07:28:55.724 66674 INFO tempest.lib.common.rest_client [req-d80d4191-1e19-4b98-9713-6494126b3d33 req-d80d4191-1e19-4b98-9713-6494126b3d33 ] Request (HypervisorAdminNegativeUnderV252Test:test_show_servers_with_non_admin_user): 200 GET http://10.180.1.21/compute/v2.1/os-hypervisors 2.195s
2025-11-22 07:28:55.788 66691 INFO tempest.lib.common.rest_client [req-f57285b6-2a90-4cbd-b41f-c056ab03fc2a req-f57285b6-2a90-4cbd-b41f-c056ab03fc2a ] Request (QuotasAdminNegativeTest:test_create_server_when_instances_quota_is_full): 201 POST http://10.180.1.21/identity/v3/auth/tokens 0.119s
2025-11-22 07:28:55.789 66691 INFO tempest.lib.common.fixed_network [-] (QuotasAdminNegativeTest:test_create_server_when_instances_quota_is_full) Found network None available for tenant
2025-11-22 07:28:55.806 66714 INFO tempest.lib.common.rest_client [req-940d9496-f006-4ac8-9176-40a207843632 req-940d9496-f006-4ac8-9176-40a207843632 ] Request (QuotaClassesAdmin257Test:tearDownClass): 204 DELETE http://10.180.1.21/identity/v3/users/c762302504a5405da43fc6b9a8be6f2d 0.244s
2025-11-22 07:28:55.806 66714 INFO tempest.lib.common.dynamic_creds [-] Deleting project and security group for project: b43d401ecf8245d5aba88fc46e5e4c8e
2025-11-22 07:28:55.811 66704 INFO tempest.lib.common.rest_client [req-e05f7491-eb4c-4d38-895c-388f19b3e670 req-e05f7491-eb4c-4d38-895c-388f19b3e670 ] Request (SecurityGroupsTestAdminJSON:test_list_security_groups_list_all_tenants_filter): 200 POST http://10.180.1.21/compute/v2.1/os-security-groups 2.515s
2025-11-22 07:28:55.841 66694 INFO tempest.lib.common.rest_client [req-3af8c050-b2c8-4779-8359-c6f04a9e1b38 req-3af8c050-b2c8-4779-8359-c6f04a9e1b38 ] Request (HostsAdminNegativeTestJSON:test_reboot_nonexistent_host): 404 GET http://10.180.1.21/compute/v2.1/os-hosts/nonexistent_hostname/reboot 2.089s
2025-11-22 07:28:55.858 66696 INFO tempest.lib.common.rest_client [req-3e0aff5f-4947-433f-a6c1-aa7715e16aac req-3e0aff5f-4947-433f-a6c1-aa7715e16aac ] Request (HypervisorAdminV228Test:tearDownClass): 200 GET http://10.180.1.21/networking/v2.0/security-groups?tenant_id=d75b76a069884773ad5c4d85aac00858&name=default 0.501s
2025-11-22 07:28:55.891 66668 INFO tempest.lib.common.rest_client [req-3bfe535f-e2c2-4468-8d3d-a8927f64c38e req-3bfe535f-e2c2-4468-8d3d-a8927f64c38e ] Request (AggregatesAdminNegativeTestJSON:test_aggregate_add_existent_host): 409 POST http://10.180.1.21/compute/v2.1/os-aggregates/1/action 2.079s
2025-11-22 07:28:55.897 66664 INFO tempest.lib.common.rest_client [req-1209875f-f4f0-49be-86e1-08f0605fc5e9 req-1209875f-f4f0-49be-86e1-08f0605fc5e9 ] Request (QuotasAdminTestJSON:test_delete_quota): 200 GET http://10.180.1.21/identity/v3/domains?name=Default 0.196s
2025-11-22 07:28:55.928 66714 INFO tempest.lib.common.rest_client [req-cdb19206-7c4d-461b-8c6a-cf82ac2543e9 req-cdb19206-7c4d-461b-8c6a-cf82ac2543e9 ] Request (QuotaClassesAdmin257Test:tearDownClass): 201 POST http://10.180.1.21/identity/v3/auth/tokens 0.121s
2025-11-22 07:28:55.938 66706 INFO tempest.lib.common.rest_client [req-1848cc49-52f8-4891-bdf3-44f76af936ba req-1848cc49-52f8-4891-bdf3-44f76af936ba ] Request (VolumesAssistedSnapshotsTest:test_volume_assisted_snapshot_create_delete): 201 POST http://10.180.1.21/networking/v2.0/security-group-rules 0.487s
2025-11-22 07:28:56.017 66716 INFO tempest.lib.common.rest_client [req-0330465a-67ab-4ef4-a09c-58736dfe78c6 req-0330465a-67ab-4ef4-a09c-58736dfe78c6 ] Request (HypervisorAdminV253TestBase:tearDownClass): 200 GET http://10.180.1.21/networking/v2.0/security-groups?tenant_id=29567ad8af7942999b23e8752052b5fa&name=default 0.580s
2025-11-22 07:28:56.043 66708 INFO tempest.lib.common.rest_client [req-4d8cfe0b-7221-4085-8088-09706f2f493d req-4d8cfe0b-7221-4085-8088-09706f2f493d ] Request (ServerAddressesNegativeTestJSON:setUpClass): 200 GET http://10.180.1.21/compute/v2.1/servers/b93aba85-e534-42d2-9278-0d6ca71bbec0 2.298s
2025-11-22 07:28:56.130 66696 INFO tempest.lib.common.rest_client [req-07ed9bc4-37b2-4f75-9c37-8658857bc780 req-07ed9bc4-37b2-4f75-9c37-8658857bc780 ] Request (HypervisorAdminV228Test:tearDownClass): 204 DELETE http://10.180.1.21/networking/v2.0/security-groups/4c7c7c7d-f634-4ec6-a333-4e55b98147fd 0.271s
2025-11-22 07:28:56.231 66696 INFO tempest.lib.common.rest_client [req-6b1638be-d6d2-4333-b3ba-5e3120cf90dd req-6b1638be-d6d2-4333-b3ba-5e3120cf90dd ] Request (HypervisorAdminV228Test:tearDownClass): 204 DELETE http://10.180.1.21/identity/v3/projects/d75b76a069884773ad5c4d85aac00858 0.101s
2025-11-22 07:28:56.232 66696 INFO tempest.lib.common.dynamic_creds [-] Deleting project and security group for project: 40c640dd2baa4b71af640c10d43e6bc5
2025-11-22 07:28:56.300 66714 INFO tempest.lib.common.rest_client [req-1a8acb4d-b8ef-4dd3-b4f6-5adeaccf26c8 req-1a8acb4d-b8ef-4dd3-b4f6-5adeaccf26c8 ] Request (QuotaClassesAdmin257Test:tearDownClass): 200 GET http://10.180.1.21/networking/v2.0/security-groups?tenant_id=b43d401ecf8245d5aba88fc46e5e4c8e&name=default 0.371s
2025-11-22 07:28:56.685 66706 INFO tempest.lib.common.rest_client [req-fda28ee3-8f4e-46cc-abab-ab86fa6376c9 req-fda28ee3-8f4e-46cc-abab-ab86fa6376c9 ] Request (VolumesAssistedSnapshotsTest:test_volume_assisted_snapshot_create_delete): 201 POST http://10.180.1.21/networking/v2.0/floatingips 0.746s
2025-11-22 07:28:56.759 66706 INFO tempest.lib.common.rest_client [req-61c7dc37-12a4-49b6-84bb-fee06f0bfbb0 req-61c7dc37-12a4-49b6-84bb-fee06f0bfbb0 ] Request (VolumesAssistedSnapshotsTest:test_volume_assisted_snapshot_create_delete): 201 POST http://10.180.1.21/identity/v3/auth/tokens 0.070s
2025-11-22 07:28:56.759 66706 INFO tempest.lib.common.fixed_network [-] (VolumesAssistedSnapshotsTest:test_volume_assisted_snapshot_create_delete) Found network {'id': 'c1498c3b-dc97-4b81-8008-69b287e92326', 'name': 'tempest-VolumesAssistedSnapshotsTest-1255549336-network', 'tenant_id': '2101dd73ed034138addd0834e5a59289', 'project_id': '2101dd73ed034138addd0834e5a59289', 'admin_state_up': True, 'mtu': 8950, 'status': 'ACTIVE', 'subnets': [], 'shared': False, 'port_security_enabled': True, 'router:external': False, 'provider:network_type': 'vlan', 'provider:physical_network': 'default', 'provider:segmentation_id': 998, 'availability_zone_hints': [], 'availability_zones': [], 'ipv4_address_scope': None, 'ipv6_address_scope': None, 'description': '', 'tags': [], 'created_at': '2025-11-22T07:28:36Z', 'updated_at': '2025-11-22T07:28:36Z', 'revision_number': 1} available for tenant
2025-11-22 07:28:56.837 66716 INFO tempest.lib.common.rest_client [req-fc02e161-8dfc-4ebc-9009-d80b5dd236f6 req-fc02e161-8dfc-4ebc-9009-d80b5dd236f6 ] Request (HypervisorAdminV253TestBase:tearDownClass): 204 DELETE http://10.180.1.21/networking/v2.0/security-groups/3661e820-6faf-4731-a497-0b059b5e0284 0.819s
2025-11-22 07:28:56.923 66688 INFO tempest.lib.common.rest_client [req-8e062278-d9c0-4268-b414-7d507ca63ba4 req-8e062278-d9c0-4268-b414-7d507ca63ba4 ] Request (ServerDiagnosticsTest:test_get_server_diagnostics): 200 GET http://10.180.1.21/compute/v2.1/servers/98d9d693-64a2-43e6-b5c7-9a8ae5add435 3.043s
2025-11-22 07:28:56.932 66688 INFO tempest.common.waiters [-] State transition "BUILD/networking" ==> "BUILD/spawning" after 4 second wait
2025-11-22 07:28:56.961 66716 INFO tempest.lib.common.rest_client [req-892b69d1-b25c-438a-bae6-aa28fa547f9f req-892b69d1-b25c-438a-bae6-aa28fa547f9f ] Request (HypervisorAdminV253TestBase:tearDownClass): 204 DELETE http://10.180.1.21/identity/v3/projects/29567ad8af7942999b23e8752052b5fa 0.123s
2025-11-22 07:28:56.961 66716 INFO tempest.lib.common.dynamic_creds [-] Deleting project and security group for project: d4fbd0079a4145628cefd04ef2db8e8d
2025-11-22 07:28:57.021 66696 INFO tempest.lib.common.rest_client [req-7235c5db-30a5-45ca-9f5d-2b9465267ecd req-7235c5db-30a5-45ca-9f5d-2b9465267ecd ] Request (HypervisorAdminV228Test:tearDownClass): 200 GET http://10.180.1.21/networking/v2.0/security-groups?tenant_id=40c640dd2baa4b71af640c10d43e6bc5&name=default 0.788s
2025-11-22 07:28:57.109 66714 INFO tempest.lib.common.rest_client [req-a4e47c78-916d-4957-b9e2-2c41db0202f3 req-a4e47c78-916d-4957-b9e2-2c41db0202f3 ] Request (QuotaClassesAdmin257Test:tearDownClass): 204 DELETE http://10.180.1.21/networking/v2.0/security-groups/2acc09cd-7172-48b6-bdd7-b7ed2fc98486 0.809s
2025-11-22 07:28:57.197 66698 INFO tempest.lib.common.rest_client [req-19f5b167-cd4f-438b-ad9f-2712e53628df req-19f5b167-cd4f-438b-ad9f-2712e53628df ] Request (DeleteServersAdminTestJSON:test_admin_delete_servers_of_others): 200 GET http://10.180.1.21/compute/v2.1/servers/1745f02b-e9f0-404e-affa-b47c26facc11 3.277s
2025-11-22 07:28:57.222 66714 INFO tempest.lib.common.rest_client [req-95783422-8381-40c2-a3e5-ad7fdf71033b req-95783422-8381-40c2-a3e5-ad7fdf71033b ] Request (QuotaClassesAdmin257Test:tearDownClass): 204 DELETE http://10.180.1.21/identity/v3/projects/b43d401ecf8245d5aba88fc46e5e4c8e 0.111s
2025-11-22 07:28:57.222 66714 INFO tempest.lib.common.dynamic_creds [-] Deleting project and security group for project: 8ec6b7d62471489bace748e9a0e75fa2
2025-11-22 07:28:57.300 66716 INFO tempest.lib.common.rest_client [req-5984270f-b21c-4120-96ba-62f462cb5167 req-5984270f-b21c-4120-96ba-62f462cb5167 ] Request (HypervisorAdminV253TestBase:tearDownClass): 200 GET http://10.180.1.21/networking/v2.0/security-groups?tenant_id=d4fbd0079a4145628cefd04ef2db8e8d&name=default 0.339s
2025-11-22 07:28:57.426 66696 INFO tempest.lib.common.rest_client [req-258b89dc-ef57-4b31-8c10-4d3fd91c6a14 req-258b89dc-ef57-4b31-8c10-4d3fd91c6a14 ] Request (HypervisorAdminV228Test:tearDownClass): 204 DELETE http://10.180.1.21/networking/v2.0/security-groups/d4fec5c1-5c19-40d2-a665-187cc3e1c957 0.404s
2025-11-22 07:28:57.455 66710 INFO tempest.lib.common.rest_client [req-13fedbea-f616-43dd-b389-5a1cc6b9c6c1 req-13fedbea-f616-43dd-b389-5a1cc6b9c6c1 ] Request (ServerDiagnosticsV248Test:test_get_server_diagnostics): 200 GET http://10.180.1.21/compute/v2.1/servers/086df410-c3f1-46f5-81b0-f2e8c85da553 3.107s
2025-11-22 07:28:57.466 66710 INFO tempest.common.waiters [-] State transition "BUILD/networking" ==> "BUILD/spawning" after 4 second wait
2025-11-22 07:28:57.542 66696 INFO tempest.lib.common.rest_client [req-672724fa-0d10-4841-be61-7ffc6dd7f412 req-672724fa-0d10-4841-be61-7ffc6dd7f412 ] Request (HypervisorAdminV228Test:tearDownClass): 204 DELETE http://10.180.1.21/identity/v3/projects/40c640dd2baa4b71af640c10d43e6bc5 0.115s
2025-11-22 07:28:57.598 66714 INFO tempest.lib.common.rest_client [req-8524cbbf-7c03-44c2-89ce-07ef99eec81a req-8524cbbf-7c03-44c2-89ce-07ef99eec81a ] Request (QuotaClassesAdmin257Test:tearDownClass): 200 GET http://10.180.1.21/networking/v2.0/security-groups?tenant_id=8ec6b7d62471489bace748e9a0e75fa2&name=default 0.375s
2025-11-22 07:28:57.626 66696 INFO tempest.lib.common.rest_client [req-a33b3492-e22f-4483-b816-087e65ec4b2b req-a33b3492-e22f-4483-b816-087e65ec4b2b ] Request (ServerExternalEventsTest:setUpClass): 201 POST http://10.180.1.21/identity/v3/auth/tokens 0.083s
2025-11-22 07:28:57.662 66696 INFO tempest.lib.common.rest_client [req-60d83f3d-1ccb-4023-a9cf-fc8f3be6e3ad req-60d83f3d-1ccb-4023-a9cf-fc8f3be6e3ad ] Request (ServerExternalEventsTest:setUpClass): 201 POST http://10.180.1.21/identity/v3/auth/tokens 0.031s
2025-11-22 07:28:57.688 66716 INFO tempest.lib.common.rest_client [req-31de1cc3-2ace-42e2-b834-d06258842b09 req-31de1cc3-2ace-42e2-b834-d06258842b09 ] Request (HypervisorAdminV253TestBase:tearDownClass): 204 DELETE http://10.180.1.21/networking/v2.0/security-groups/6965e489-bbb0-40af-932e-dcd9ee4948cd 0.387s
2025-11-22 07:28:57.689 66696 INFO tempest.lib.common.rest_client [req-abfe8e18-04c7-4cf0-939d-9b3469d723f8 req-abfe8e18-04c7-4cf0-939d-9b3469d723f8 ] Request (ServerExternalEventsTest:setUpClass): 200 GET http://10.180.1.21/identity/v3/domains?name=Default 0.026s
2025-11-22 07:28:57.696 66720 INFO tempest.lib.common.rest_client [req-60a1dd9d-de3f-4bd5-b671-bb635b81fbae req-60a1dd9d-de3f-4bd5-b671-bb635b81fbae ] Request (ServerDiagnosticsNegativeTest:test_get_server_diagnostics_by_non_admin): 200 GET http://10.180.1.21/compute/v2.1/servers/0a847584-d04a-45f6-8bad-c962aa44073f 3.174s
2025-11-22 07:28:57.706 66720 INFO tempest.common.waiters [-] State transition "BUILD/None" ==> "BUILD/networking" after 4 second wait
2025-11-22 07:28:57.720 66680 INFO tempest.lib.common.rest_client [req-0f0b7a1f-6eb8-43d5-ac83-d2d60ce2c606 req-0f0b7a1f-6eb8-43d5-ac83-d2d60ce2c606 ] Request (ServersAdminNegativeTestJSON:setUpClass): 200 GET http://10.180.1.21/compute/v2.1/servers/0433729f-30d5-407f-8a9b-8ffe91f19b4a 3.335s
2025-11-22 07:28:57.728 66696 INFO tempest.lib.common.rest_client [req-478021fe-c776-4dee-9e9e-8ade3015d015 req-478021fe-c776-4dee-9e9e-8ade3015d015 ] Request (ServerExternalEventsTest:setUpClass): 201 POST http://10.180.1.21/identity/v3/projects 0.039s
2025-11-22 07:28:57.734 66680 INFO tempest.common.waiters [-] State transition "BUILD/None" ==> "BUILD/spawning" after 4 second wait
2025-11-22 07:28:57.755 66716 INFO tempest.lib.common.rest_client [req-0a24d2ba-0eab-4d6f-b3be-dab3cb8f38e3 req-0a24d2ba-0eab-4d6f-b3be-dab3cb8f38e3 ] Request (HypervisorAdminV253TestBase:tearDownClass): 204 DELETE http://10.180.1.21/identity/v3/projects/d4fbd0079a4145628cefd04ef2db8e8d 0.066s
2025-11-22 07:28:57.756 66716 INFO tempest.test [-] raised in LiveMigrationWithoutHostTest.setUpClass. Invoking tearDownClass.
2025-11-22 07:28:57.763 66714 INFO tempest.lib.common.rest_client [req-cd378d1f-e53a-4e7b-a726-b6c7bcfdc09e req-cd378d1f-e53a-4e7b-a726-b6c7bcfdc09e ] Request (QuotaClassesAdmin257Test:tearDownClass): 204 DELETE http://10.180.1.21/networking/v2.0/security-groups/fbd21b3c-a43a-4187-99fe-be537421a60b 0.165s
2025-11-22 07:28:57.773 66666 INFO tempest.lib.common.rest_client [req-4632105a-5aea-4156-b04f-03a98954c605 req-4632105a-5aea-4156-b04f-03a98954c605 ] Request (VolumesAdminNegativeTest:test_update_attached_volume_with_nonexistent_volume_in_uri): 200 GET http://10.180.1.21/compute/v2.1/servers/485630f9-8279-432f-aef0-45cdc0a09ec5 3.224s
2025-11-22 07:28:57.786 66684 INFO tempest.lib.common.rest_client [req-a350a033-16cb-45e9-a563-20018b35d78e req-a350a033-16cb-45e9-a563-20018b35d78e ] Request (DeleteServersTestJSON:test_delete_active_server): 200 GET http://10.180.1.21/compute/v2.1/servers/85179817-231c-426a-a178-5d82f230c91f 3.102s
2025-11-22 07:28:57.810 66700 INFO tempest.lib.common.rest_client [req-c0b0d5b3-3cc4-47ba-beb5-ef55d8729e35 req-c0b0d5b3-3cc4-47ba-beb5-ef55d8729e35 ] Request (HypervisorAdminTestJSON:test_get_hypervisor_show_details): 200 GET http://10.180.1.21/compute/v2.1/os-hypervisors/1 3.009s
2025-11-22 07:28:57.830 66696 INFO tempest.lib.common.rest_client [req-b29986f2-fb08-46e1-ac6e-0c6dea4b6ce3 req-b29986f2-fb08-46e1-ac6e-0c6dea4b6ce3 ] Request (ServerExternalEventsTest:setUpClass): 201 POST http://10.180.1.21/identity/v3/users 0.101s
2025-11-22 07:28:57.833 66716 INFO tempest.lib.common.rest_client [req-d224acd4-4eab-4893-afce-54496a1d8891 req-d224acd4-4eab-4893-afce-54496a1d8891 ] Request (ServicesAdminNegativeTestJSON:setUpClass): 201 POST http://10.180.1.21/identity/v3/auth/tokens 0.075s
2025-11-22 07:28:57.842 66713 INFO tempest.lib.common.rest_client [req-26066e6a-a44f-4d09-bcb2-f5d311f8d1ec req-26066e6a-a44f-4d09-bcb2-f5d311f8d1ec ] Request (ListServersNegativeTestJSON:setUpClass): 200 GET http://10.180.1.21/compute/v2.1/servers/01100757-7e89-49d5-848f-e9155dc9e326 3.067s
2025-11-22 07:28:57.856 66696 INFO tempest.lib.common.rest_client [req-b3f0563d-a277-47db-a6aa-d3f3d66b7b0e req-b3f0563d-a277-47db-a6aa-d3f3d66b7b0e ] Request (ServerExternalEventsTest:setUpClass): 200 GET http://10.180.1.21/identity/v3/roles 0.025s
2025-11-22 07:28:57.883 66722 INFO tempest.lib.common.rest_client [req-fceba8fa-7818-4782-ab0f-ff3f87306249 req-fceba8fa-7818-4782-ab0f-ff3f87306249 ] Request (ServersAdmin275Test:test_rebuild_update_server_275): 200 GET http://10.180.1.21/compute/v2.1/servers/4ec9786f-f606-413b-9b4e-df58138aea40 3.016s
2025-11-22 07:28:57.884 66676 INFO tempest.lib.common.rest_client [req-c5a6f919-c85f-4dcc-a443-3b37b6dafcde req-c5a6f919-c85f-4dcc-a443-3b37b6dafcde ] Request (FlavorsV255TestJSON:test_crud_flavor): 200 PUT http://10.180.1.21/compute/v2.1/flavors/854070625 2.980s
2025-11-22 07:28:57.890 66716 INFO tempest.lib.common.rest_client [req-2842af38-883c-4766-a075-9d49fe9a8666 req-2842af38-883c-4766-a075-9d49fe9a8666 ] Request (ServicesAdminNegativeTestJSON:setUpClass): 201 POST http://10.180.1.21/identity/v3/auth/tokens 0.053s
2025-11-22 07:28:57.893 66722 INFO tempest.common.waiters [-] State transition "BUILD/spawning" ==> "ACTIVE/None" after 4 second wait
2025-11-22 07:28:57.925 66678 INFO tempest.lib.common.rest_client [req-6929b257-7692-4fc4-b7c0-36e28a40096d req-6929b257-7692-4fc4-b7c0-36e28a40096d ] Request (FlavorsExtraSpecsTestJSON:test_flavor_set_get_update_show_unset_keys): 200 POST http://10.180.1.21/compute/v2.1/flavors/1101118104/os-extra_specs 2.986s
2025-11-22 07:28:57.931 66672 INFO tempest.lib.common.rest_client [req-b855aa38-7612-47fe-8fdc-bf7a8292b99f req-b855aa38-7612-47fe-8fdc-bf7a8292b99f ] Request (FlavorsAdminTestJSON:test_create_flavor_verify_entry_in_list_details): 200 GET http://10.180.1.21/compute/v2.1/flavors/detail 3.008s
2025-11-22 07:28:57.946 66714 INFO tempest.lib.common.rest_client [req-fff10c82-27e1-4a33-a442-904f7f342870 req-fff10c82-27e1-4a33-a442-904f7f342870 ] Request (QuotaClassesAdmin257Test:tearDownClass): 204 DELETE http://10.180.1.21/identity/v3/projects/8ec6b7d62471489bace748e9a0e75fa2 0.182s
2025-11-22 07:28:57.952 66726 INFO tempest.lib.common.rest_client [req-abec38e1-4a66-419c-8339-32201aade807 req-abec38e1-4a66-419c-8339-32201aade807 ] Request (FlavorMetadataValidation:_run_cleanups): 200 GET http://10.180.1.21/compute/v2.1/flavors/detail 2.994s
2025-11-22 07:28:57.983 66716 INFO tempest.lib.common.rest_client [req-5d815bf3-2e3c-4cfb-8e38-2172be798530 req-5d815bf3-2e3c-4cfb-8e38-2172be798530 ] Request (ServicesAdminNegativeTestJSON:setUpClass): 200 GET http://10.180.1.21/identity/v3/domains?name=Default 0.092s
2025-11-22 07:28:57.991 66696 INFO tempest.lib.common.rest_client [req-8278b120-9017-4cbd-99c6-c32f5940b111 req-8278b120-9017-4cbd-99c6-c32f5940b111 ] Request (ServerExternalEventsTest:setUpClass): 204 PUT http://10.180.1.21/identity/v3/projects/4dd3a6f03b65412795dd9b7392c723f4/users/8d74b9125fdd4aa185fb10bf9d5d1772/roles/025530159c8348df9f61db99da335d5b 0.134s
2025-11-22 07:28:57.991 66696 INFO tempest.lib.common.dynamic_creds [-] Dynamic test user 8d74b9125fdd4aa185fb10bf9d5d1772 is created with scope project and roles: ['member']
2025-11-22 07:28:57.992 66696 INFO tempest.lib.common.dynamic_creds [-] Acquired dynamic creds: credentials: Credentials: {'domain_id': 'default', 'domain_name': 'Default', 'username': 'tempest-ServerExternalEventsTest-827326638-project-member', 'project_domain_id': 'default', 'project_domain_name': 'Default', 'project_id': '4dd3a6f03b65412795dd9b7392c723f4', 'project_name': 'tempest-ServerExternalEventsTest-827326638', 'tenant_id': '4dd3a6f03b65412795dd9b7392c723f4', 'tenant_name': 'tempest-ServerExternalEventsTest-827326638', 'user_domain_id': 'default', 'user_domain_name': 'Default', 'user_id': '8d74b9125fdd4aa185fb10bf9d5d1772', 'system': None}, Network: None, Subnet: None, Router: None
2025-11-22 07:28:57.992 66696 INFO tempest.lib.common.dynamic_creds [-] Created isolated network resources for: credentials: Credentials: {'domain_id': 'default', 'domain_name': 'Default', 'username': 'tempest-ServerExternalEventsTest-827326638-project-member', 'project_domain_id': 'default', 'project_domain_name': 'Default', 'project_id': '4dd3a6f03b65412795dd9b7392c723f4', 'project_name': 'tempest-ServerExternalEventsTest-827326638', 'tenant_id': '4dd3a6f03b65412795dd9b7392c723f4', 'tenant_name': 'tempest-ServerExternalEventsTest-827326638', 'user_domain_id': 'default', 'user_domain_name': 'Default', 'user_id': '8d74b9125fdd4aa185fb10bf9d5d1772', 'system': None}, Network: None, Subnet: None, Router: None
2025-11-22 07:28:58.063 66714 INFO tempest.lib.common.rest_client [req-024125ed-6c98-4ec5-84cf-174e4305ab22 req-024125ed-6c98-4ec5-84cf-174e4305ab22 ] Request (ServersAdminTestJSON:setUpClass): 201 POST http://10.180.1.21/identity/v3/auth/tokens 0.114s
2025-11-22 07:28:58.175 66692 INFO tempest.lib.common.rest_client [req-7a3a9a4c-6b75-4ad0-8a64-9a1b0ac11812 req-7a3a9a4c-6b75-4ad0-8a64-9a1b0ac11812 ] Request (HypervisorAdminNegativeTestJSON:test_get_hypervisor_uptime_with_non_admin_user): 200 GET http://10.180.1.21/compute/v2.1/os-hypervisors 3.207s
2025-11-22 07:28:58.188 66726 INFO tempest.lib.common.rest_client [req-fbf8df61-a36b-492a-b95a-d6730d111039 req-fbf8df61-a36b-492a-b95a-d6730d111039 ] Request (FlavorMetadataValidation:tearDownClass): 204 DELETE http://10.180.1.21/identity/v3/users/361472b831d647c4870b230025df1e4d 0.217s
2025-11-22 07:28:58.190 66724 INFO tempest.lib.common.rest_client [req-de5cf5d0-c919-47e1-8651-df581220ea97 req-de5cf5d0-c919-47e1-8651-df581220ea97 ] Request (ServersWithSpecificFlavorTestJSON:test_verify_created_server_ephemeral_disk): 200 GET http://10.180.1.21/compute/v2.1/flavors/42/os-extra_specs 2.884s
2025-11-22 07:28:58.270 66686 INFO tempest.lib.common.rest_client [req-17fbffd3-c1fa-4ff0-aacf-6a07ad6ea76c req-17fbffd3-c1fa-4ff0-aacf-6a07ad6ea76c ] Request (FloatingIPsAssociationNegativeTestJSON:setUpClass): 200 GET http://10.180.1.21/compute/v2.1/servers/3cba14a9-99bb-4630-ace4-d9ead1c2c2a4 2.635s
2025-11-22 07:28:58.279 66716 INFO tempest.lib.common.rest_client [req-db4d79e2-fcf1-418e-92a4-288562094ca3 req-db4d79e2-fcf1-418e-92a4-288562094ca3 ] Request (ServicesAdminNegativeTestJSON:setUpClass): 201 POST http://10.180.1.21/identity/v3/projects 0.295s
2025-11-22 07:28:58.280 66682 INFO tempest.lib.common.rest_client [req-566178f0-1b2a-442e-8233-7832e42f75a0 req-566178f0-1b2a-442e-8233-7832e42f75a0 ] Request (FlavorsExtraSpecsNegativeTestJSON:test_flavor_non_admin_update_specific_key): 403 PUT http://10.180.1.21/compute/v2.1/flavors/801979426/os-extra_specs/hw:numa_nodes 2.588s
2025-11-22 07:28:58.287 66674 INFO tempest.lib.common.rest_client [req-36de1863-e933-4efc-acb1-676d7617e161 req-36de1863-e933-4efc-acb1-676d7617e161 ] Request (HypervisorAdminNegativeUnderV252Test:test_show_servers_with_non_admin_user): 403 GET http://10.180.1.21/compute/v2.1/os-hypervisors/1/servers 2.561s
2025-11-22 07:28:58.327 66696 INFO tempest.lib.common.rest_client [req-22eff903-4050-4da9-bd15-0611288b0b4b req-22eff903-4050-4da9-bd15-0611288b0b4b ] Request (ServerExternalEventsTest:setUpClass): 201 POST http://10.180.1.21/identity/v3/auth/tokens 0.332s
2025-11-22 07:28:58.439 66714 INFO tempest.lib.common.rest_client [req-a16c16f0-d236-4c00-ad63-f5b1e11680ec req-a16c16f0-d236-4c00-ad63-f5b1e11680ec ] Request (ServersAdminTestJSON:setUpClass): 201 POST http://10.180.1.21/identity/v3/auth/tokens 0.370s
2025-11-22 07:28:58.456 66718 INFO tempest.lib.common.rest_client [req-418528e2-d75c-4138-b56a-9c8ea47bedb6 req-418528e2-d75c-4138-b56a-9c8ea47bedb6 ] Request (FlavorsAccessTestJSON:test_flavor_access_add_remove): 200 POST http://10.180.1.21/compute/v2.1/flavors/308277252/action 3.276s
2025-11-22 07:28:58.479 66716 INFO tempest.lib.common.rest_client [req-0c0c7c82-3df8-4106-b344-e4fd860fdaa2 req-0c0c7c82-3df8-4106-b344-e4fd860fdaa2 ] Request (ServicesAdminNegativeTestJSON:setUpClass): 201 POST http://10.180.1.21/identity/v3/users 0.195s
2025-11-22 07:28:58.522 66696 INFO tempest.lib.common.rest_client [req-1f9a7b27-7e54-4931-b09e-2e98392d0f03 req-1f9a7b27-7e54-4931-b09e-2e98392d0f03 ] Request (ServerExternalEventsTest:setUpClass): 201 POST http://10.180.1.21/identity/v3/projects 0.194s
2025-11-22 07:28:58.534 66726 INFO tempest.lib.common.rest_client [req-a80c5154-5805-4d1f-9e9d-de1c4e6adc59 req-a80c5154-5805-4d1f-9e9d-de1c4e6adc59 ] Request (FlavorMetadataValidation:tearDownClass): 204 DELETE http://10.180.1.21/identity/v3/users/099a6c08c7c54f5abd3fbc9605613d57 0.345s
2025-11-22 07:28:58.534 66726 INFO tempest.lib.common.dynamic_creds [-] Deleting project and security group for project: f7f67c43fbdb4ef2bd03500ec5d44f81
2025-11-22 07:28:58.577 66704 INFO tempest.lib.common.rest_client [req-cd66e7f7-4eba-48d8-80bc-fd7866cae625 req-cd66e7f7-4eba-48d8-80bc-fd7866cae625 ] Request (SecurityGroupsTestAdminJSON:test_list_security_groups_list_all_tenants_filter): 200 POST http://10.180.1.21/compute/v2.1/os-security-groups 2.761s
2025-11-22 07:28:58.588 66694 INFO tempest.lib.common.rest_client [req-921c1175-0829-4604-9313-105800460613 req-921c1175-0829-4604-9313-105800460613 ] Request (HostsAdminNegativeTestJSON:test_show_host_detail_with_non_admin_user): 403 GET http://10.180.1.21/compute/v2.1/os-hosts/devstack 2.746s
2025-11-22 07:28:58.608 66716 INFO tempest.lib.common.rest_client [req-27b7dabc-2855-4244-b8eb-73603a2225b4 req-27b7dabc-2855-4244-b8eb-73603a2225b4 ] Request (ServicesAdminNegativeTestJSON:setUpClass): 200 GET http://10.180.1.21/identity/v3/roles 0.129s
2025-11-22 07:28:58.638 66714 INFO tempest.lib.common.rest_client [req-a53c07a7-3911-4f5c-83ba-ca126efa6019 req-a53c07a7-3911-4f5c-83ba-ca126efa6019 ] Request (ServersAdminTestJSON:setUpClass): 200 GET http://10.180.1.21/identity/v3/domains?name=Default 0.196s
2025-11-22 07:28:58.676 66691 INFO tempest.lib.common.rest_client [req-34786e72-79f8-42c5-b664-cda292092366 req-34786e72-79f8-42c5-b664-cda292092366 ] Request (QuotasAdminNegativeTest:test_create_server_when_instances_quota_is_full): 403 POST http://10.180.1.21/compute/v2.1/servers 2.885s
2025-11-22 07:28:58.685 66696 INFO tempest.lib.common.rest_client [req-08ed2ae6-42d1-4dd6-a1bb-0a250ce2e1e2 req-08ed2ae6-42d1-4dd6-a1bb-0a250ce2e1e2 ] Request (ServerExternalEventsTest:setUpClass): 201 POST http://10.180.1.21/identity/v3/users 0.162s
2025-11-22 07:28:58.691 66726 INFO tempest.lib.common.rest_client [req-59f471d1-5dd6-4b9f-9862-e6b99aae339a req-59f471d1-5dd6-4b9f-9862-e6b99aae339a ] Request (FlavorMetadataValidation:tearDownClass): 201 POST http://10.180.1.21/identity/v3/auth/tokens 0.156s
2025-11-22 07:28:58.720 66716 INFO tempest.lib.common.rest_client [req-8e524738-358e-454f-b958-6424e05a7390 req-8e524738-358e-454f-b958-6424e05a7390 ] Request (ServicesAdminNegativeTestJSON:setUpClass): 204 PUT http://10.180.1.21/identity/v3/projects/1249b5b95b78405fa5e129b5441bfde8/users/f87ef04db8104f0ca91de41b54590b4e/roles/025530159c8348df9f61db99da335d5b 0.111s
2025-11-22 07:28:58.720 66716 INFO tempest.lib.common.dynamic_creds [-] Dynamic test user f87ef04db8104f0ca91de41b54590b4e is created with scope project and roles: ['member']
2025-11-22 07:28:58.720 66716 INFO tempest.lib.common.dynamic_creds [-] Acquired dynamic creds: credentials: Credentials: {'domain_id': 'default', 'domain_name': 'Default', 'username': 'tempest-ServicesAdminNegativeTestJSON-1537723313-project-member', 'project_domain_id': 'default', 'project_domain_name': 'Default', 'project_id': '1249b5b95b78405fa5e129b5441bfde8', 'project_name': 'tempest-ServicesAdminNegativeTestJSON-1537723313', 'tenant_id': '1249b5b95b78405fa5e129b5441bfde8', 'tenant_name': 'tempest-ServicesAdminNegativeTestJSON-1537723313', 'user_domain_id': 'default', 'user_domain_name': 'Default', 'user_id': 'f87ef04db8104f0ca91de41b54590b4e', 'system': None}, Network: None, Subnet: None, Router: None
2025-11-22 07:28:58.720 66716 INFO tempest.lib.common.dynamic_creds [-] Created isolated network resources for: credentials: Credentials: {'domain_id': 'default', 'domain_name': 'Default', 'username': 'tempest-ServicesAdminNegativeTestJSON-1537723313-project-member', 'project_domain_id': 'default', 'project_domain_name': 'Default', 'project_id': '1249b5b95b78405fa5e129b5441bfde8', 'project_name': 'tempest-ServicesAdminNegativeTestJSON-1537723313', 'tenant_id': '1249b5b95b78405fa5e129b5441bfde8', 'tenant_name': 'tempest-ServicesAdminNegativeTestJSON-1537723313', 'user_domain_id': 'default', 'user_domain_name': 'Default', 'user_id': 'f87ef04db8104f0ca91de41b54590b4e', 'system': None}, Network: None, Subnet: None, Router: None
2025-11-22 07:28:58.733 66714 INFO tempest.lib.common.rest_client [req-d20159ee-77a3-4041-bb9b-6efc694ad10e req-d20159ee-77a3-4041-bb9b-6efc694ad10e ] Request (ServersAdminTestJSON:setUpClass): 201 POST http://10.180.1.21/identity/v3/projects 0.094s
2025-11-22 07:28:58.786 66696 INFO tempest.lib.common.rest_client [req-e1f0b07b-65dd-478b-b644-2b63ef8690de req-e1f0b07b-65dd-478b-b644-2b63ef8690de ] Request (ServerExternalEventsTest:setUpClass): 200 GET http://10.180.1.21/identity/v3/roles 0.101s
2025-11-22 07:28:58.890 66714 INFO tempest.lib.common.rest_client [req-d9621546-61e4-4aa7-a62c-a789f8fb9e52 req-d9621546-61e4-4aa7-a62c-a789f8fb9e52 ] Request (ServersAdminTestJSON:setUpClass): 201 POST http://10.180.1.21/identity/v3/users 0.156s
2025-11-22 07:28:58.917 66696 INFO tempest.lib.common.rest_client [req-bd0bdd3a-f0e5-4980-8fbe-37eee3dfbcab req-bd0bdd3a-f0e5-4980-8fbe-37eee3dfbcab ] Request (ServerExternalEventsTest:setUpClass): 204 PUT http://10.180.1.21/identity/v3/projects/1c4e6dfde0434f2ca027945620fccac4/users/86c9bb92d42f41c08d979c5278eae1a0/roles/609de1abf1c245ba9d74978e0c1b4120 0.130s
2025-11-22 07:28:58.917 66716 INFO tempest.lib.common.rest_client [req-e399eea0-9441-4315-98ce-f20a68e685ff req-e399eea0-9441-4315-98ce-f20a68e685ff ] Request (ServicesAdminNegativeTestJSON:setUpClass): 201 POST http://10.180.1.21/identity/v3/auth/tokens 0.193s
2025-11-22 07:28:58.956 66726 INFO tempest.lib.common.rest_client [req-9ec6f843-8d55-4f5d-b3ca-7cb99759f638 req-9ec6f843-8d55-4f5d-b3ca-7cb99759f638 ] Request (FlavorMetadataValidation:tearDownClass): 200 GET http://10.180.1.21/networking/v2.0/security-groups?tenant_id=f7f67c43fbdb4ef2bd03500ec5d44f81&name=default 0.262s
2025-11-22 07:28:58.973 66714 INFO tempest.lib.common.rest_client [req-f86050ac-b274-4570-9bb7-68f567f13bab req-f86050ac-b274-4570-9bb7-68f567f13bab ] Request (ServersAdminTestJSON:setUpClass): 200 GET http://10.180.1.21/identity/v3/roles 0.082s
2025-11-22 07:28:58.976 66696 INFO tempest.lib.common.rest_client [req-1936505f-c645-4712-b2e8-6c73894586d6 req-1936505f-c645-4712-b2e8-6c73894586d6 ] Request (ServerExternalEventsTest:setUpClass): 200 GET http://10.180.1.21/identity/v3/roles 0.058s
2025-11-22 07:28:59.000 66716 INFO tempest.lib.common.rest_client [req-cfb4e80a-d728-40af-b5dc-2e551d55bdc6 req-cfb4e80a-d728-40af-b5dc-2e551d55bdc6 ] Request (ServicesAdminNegativeTestJSON:setUpClass): 201 POST http://10.180.1.21/identity/v3/projects 0.082s
2025-11-22 07:28:59.056 66726 INFO tempest.lib.common.rest_client [req-4b7c8f6d-6908-44ae-9e67-f41f4054b66c req-4b7c8f6d-6908-44ae-9e67-f41f4054b66c ] Request (FlavorMetadataValidation:tearDownClass): 204 DELETE http://10.180.1.21/networking/v2.0/security-groups/930f61dd-108c-4cd1-8fa8-b5926190b842 0.100s
2025-11-22 07:28:59.102 66664 INFO tempest.lib.common.rest_client [req-00c9484b-9416-434b-82c6-ccc4ea0c2b26 req-00c9484b-9416-434b-82c6-ccc4ea0c2b26 ] Request (QuotasAdminTestJSON:test_delete_quota): 200 GET http://10.180.1.21/compute/v2.1/os-quota-sets/c9fa4230cf5d4da6b3cbda02f8c4fa47 3.205s
2025-11-22 07:28:59.124 66714 INFO tempest.lib.common.rest_client [req-0c9551c9-9315-4b2f-a508-6d35b4b08549 req-0c9551c9-9315-4b2f-a508-6d35b4b08549 ] Request (ServersAdminTestJSON:setUpClass): 204 PUT http://10.180.1.21/identity/v3/projects/330aa6a3774c4484a64a555a16b3a1c8/users/11d83dad4fe34b5fb4bca2a0ed9cad65/roles/025530159c8348df9f61db99da335d5b 0.151s
2025-11-22 07:28:59.124 66714 INFO tempest.lib.common.dynamic_creds [-] Dynamic test user 11d83dad4fe34b5fb4bca2a0ed9cad65 is created with scope project and roles: ['member']
2025-11-22 07:28:59.124 66714 INFO tempest.lib.common.dynamic_creds [-] Acquired dynamic creds: credentials: Credentials: {'domain_id': 'default', 'domain_name': 'Default', 'username': 'tempest-ServersAdminTestJSON-2048552091-project-member', 'project_domain_id': 'default', 'project_domain_name': 'Default', 'project_id': '330aa6a3774c4484a64a555a16b3a1c8', 'project_name': 'tempest-ServersAdminTestJSON-2048552091', 'tenant_id': '330aa6a3774c4484a64a555a16b3a1c8', 'tenant_name': 'tempest-ServersAdminTestJSON-2048552091', 'user_domain_id': 'default', 'user_domain_name': 'Default', 'user_id': '11d83dad4fe34b5fb4bca2a0ed9cad65', 'system': None}, Network: None, Subnet: None, Router: None
2025-11-22 07:28:59.178 66696 INFO tempest.lib.common.rest_client [req-99d95521-97a1-40ad-9af3-3a907ab0966c req-99d95521-97a1-40ad-9af3-3a907ab0966c ] Request (ServerExternalEventsTest:setUpClass): 204 PUT http://10.180.1.21/identity/v3/projects/1c4e6dfde0434f2ca027945620fccac4/users/86c9bb92d42f41c08d979c5278eae1a0/roles/609de1abf1c245ba9d74978e0c1b4120 0.202s
2025-11-22 07:28:59.179 66696 INFO tempest.lib.common.dynamic_creds [-] Dynamic test user 86c9bb92d42f41c08d979c5278eae1a0 is created with scope project and roles: ['admin']
2025-11-22 07:28:59.179 66696 INFO tempest.lib.common.dynamic_creds [-] Acquired dynamic creds: credentials: Credentials: {'domain_id': 'default', 'domain_name': 'Default', 'username': 'tempest-ServerExternalEventsTest-1135642535-project-admin', 'project_domain_id': 'default', 'project_domain_name': 'Default', 'project_id': '1c4e6dfde0434f2ca027945620fccac4', 'project_name': 'tempest-ServerExternalEventsTest-1135642535', 'tenant_id': '1c4e6dfde0434f2ca027945620fccac4', 'tenant_name': 'tempest-ServerExternalEventsTest-1135642535', 'user_domain_id': 'default', 'user_domain_name': 'Default', 'user_id': '86c9bb92d42f41c08d979c5278eae1a0', 'system': None}, Network: None, Subnet: None, Router: None
2025-11-22 07:28:59.179 66696 INFO tempest.lib.common.dynamic_creds [-] Created isolated network resources for: credentials: Credentials: {'domain_id': 'default', 'domain_name': 'Default', 'username': 'tempest-ServerExternalEventsTest-1135642535-project-admin', 'project_domain_id': 'default', 'project_domain_name': 'Default', 'project_id': '1c4e6dfde0434f2ca027945620fccac4', 'project_name': 'tempest-ServerExternalEventsTest-1135642535', 'tenant_id': '1c4e6dfde0434f2ca027945620fccac4', 'tenant_name': 'tempest-ServerExternalEventsTest-1135642535', 'user_domain_id': 'default', 'user_domain_name': 'Default', 'user_id': '86c9bb92d42f41c08d979c5278eae1a0', 'system': None}, Network: None, Subnet: None, Router: None
2025-11-22 07:28:59.190 66716 INFO tempest.lib.common.rest_client [req-7bdec914-81c0-4f9c-b0bc-2e5bb60edac2 req-7bdec914-81c0-4f9c-b0bc-2e5bb60edac2 ] Request (ServicesAdminNegativeTestJSON:setUpClass): 201 POST http://10.180.1.21/identity/v3/users 0.190s
2025-11-22 07:28:59.280 66726 INFO tempest.lib.common.rest_client [req-31e1f7a6-406d-43c6-80a0-798af18de527 req-31e1f7a6-406d-43c6-80a0-798af18de527 ] Request (FlavorMetadataValidation:tearDownClass): 204 DELETE http://10.180.1.21/identity/v3/projects/f7f67c43fbdb4ef2bd03500ec5d44f81 0.224s
2025-11-22 07:28:59.280 66726 INFO tempest.lib.common.dynamic_creds [-] Deleting project and security group for project: ca38c8ed03e74ab98b98886be42c1f7d
2025-11-22 07:28:59.333 66714 INFO tempest.lib.common.rest_client [req-dd6dad87-96eb-447d-b975-494c414c86ba req-dd6dad87-96eb-447d-b975-494c414c86ba ] Request (ServersAdminTestJSON:setUpClass): 201 POST http://10.180.1.21/identity/v3/auth/tokens 0.207s
2025-11-22 07:28:59.352 66716 INFO tempest.lib.common.rest_client [req-91f083a5-8463-4896-9ba0-9aacf33229da req-91f083a5-8463-4896-9ba0-9aacf33229da ] Request (ServicesAdminNegativeTestJSON:setUpClass): 200 GET http://10.180.1.21/identity/v3/roles 0.161s
2025-11-22 07:28:59.382 66696 INFO tempest.lib.common.rest_client [req-6228de26-6ead-4f5a-9fd2-7a8315cd310d req-6228de26-6ead-4f5a-9fd2-7a8315cd310d ] Request (ServerExternalEventsTest:setUpClass): 201 POST http://10.180.1.21/identity/v3/auth/tokens 0.200s
2025-11-22 07:28:59.392 66668 INFO tempest.lib.common.rest_client [req-454c35af-0850-4388-bb73-fa82713c2c54 req-454c35af-0850-4388-bb73-fa82713c2c54 ] Request (AggregatesAdminNegativeTestJSON:_run_cleanups): 200 POST http://10.180.1.21/compute/v2.1/os-aggregates/1/action 3.500s
2025-11-22 07:28:59.396 66716 INFO tempest.lib.common.rest_client [req-8cdccfe9-26b2-4d07-9a40-fa163efadbc7 req-8cdccfe9-26b2-4d07-9a40-fa163efadbc7 ] Request (ServicesAdminNegativeTestJSON:setUpClass): 204 PUT http://10.180.1.21/identity/v3/projects/27c216bc365749389ae6fa4cb36caa17/users/1b1307569daa49e1af2b79ddae79a81d/roles/609de1abf1c245ba9d74978e0c1b4120 0.043s
2025-11-22 07:28:59.432 66726 INFO tempest.lib.common.rest_client [req-f482b1c6-4211-4c86-9a61-ff56f9b183fd req-f482b1c6-4211-4c86-9a61-ff56f9b183fd ] Request (FlavorMetadataValidation:tearDownClass): 200 GET http://10.180.1.21/networking/v2.0/security-groups?tenant_id=ca38c8ed03e74ab98b98886be42c1f7d&name=default 0.151s
2025-11-22 07:28:59.466 66716 INFO tempest.lib.common.rest_client [req-02003ea1-9a96-4b6d-bb3c-5747ba5b54a6 req-02003ea1-9a96-4b6d-bb3c-5747ba5b54a6 ] Request (ServicesAdminNegativeTestJSON:setUpClass): 200 GET http://10.180.1.21/identity/v3/roles 0.069s
2025-11-22 07:28:59.474 66696 INFO tempest.lib.common.rest_client [req-86b5bd3e-443e-4305-bc81-b42dd81ab8d0 req-86b5bd3e-443e-4305-bc81-b42dd81ab8d0 ] Request (ServerExternalEventsTest:setUpClass): 201 POST http://10.180.1.21/identity/v3/projects 0.092s
2025-11-22 07:28:59.517 66716 INFO tempest.lib.common.rest_client [req-169d23cf-f54c-4e03-94a8-1be2dd56ce62 req-169d23cf-f54c-4e03-94a8-1be2dd56ce62 ] Request (ServicesAdminNegativeTestJSON:setUpClass): 204 PUT http://10.180.1.21/identity/v3/projects/27c216bc365749389ae6fa4cb36caa17/users/1b1307569daa49e1af2b79ddae79a81d/roles/609de1abf1c245ba9d74978e0c1b4120 0.050s
2025-11-22 07:28:59.517 66716 INFO tempest.lib.common.dynamic_creds [-] Dynamic test user 1b1307569daa49e1af2b79ddae79a81d is created with scope project and roles: ['admin']
2025-11-22 07:28:59.517 66716 INFO tempest.lib.common.dynamic_creds [-] Acquired dynamic creds: credentials: Credentials: {'domain_id': 'default', 'domain_name': 'Default', 'username': 'tempest-ServicesAdminNegativeTestJSON-1278145654-project-admin', 'project_domain_id': 'default', 'project_domain_name': 'Default', 'project_id': '27c216bc365749389ae6fa4cb36caa17', 'project_name': 'tempest-ServicesAdminNegativeTestJSON-1278145654', 'tenant_id': '27c216bc365749389ae6fa4cb36caa17', 'tenant_name': 'tempest-ServicesAdminNegativeTestJSON-1278145654', 'user_domain_id': 'default', 'user_domain_name': 'Default', 'user_id': '1b1307569daa49e1af2b79ddae79a81d', 'system': None}, Network: None, Subnet: None, Router: None
2025-11-22 07:28:59.518 66716 INFO tempest.lib.common.dynamic_creds [-] Created isolated network resources for: credentials: Credentials: {'domain_id': 'default', 'domain_name': 'Default', 'username': 'tempest-ServicesAdminNegativeTestJSON-1278145654-project-admin', 'project_domain_id': 'default', 'project_domain_name': 'Default', 'project_id': '27c216bc365749389ae6fa4cb36caa17', 'project_name': 'tempest-ServicesAdminNegativeTestJSON-1278145654', 'tenant_id': '27c216bc365749389ae6fa4cb36caa17', 'tenant_name': 'tempest-ServicesAdminNegativeTestJSON-1278145654', 'user_domain_id': 'default', 'user_domain_name': 'Default', 'user_id': '1b1307569daa49e1af2b79ddae79a81d', 'system': None}, Network: None, Subnet: None, Router: None
2025-11-22 07:28:59.572 66696 INFO tempest.lib.common.rest_client [req-f47acd11-41ad-476b-b66c-51f5957a95b9 req-f47acd11-41ad-476b-b66c-51f5957a95b9 ] Request (ServerExternalEventsTest:setUpClass): 201 POST http://10.180.1.21/identity/v3/users 0.097s
2025-11-22 07:28:59.593 66696 INFO tempest.lib.common.rest_client [req-21384f42-8435-400a-a654-c75a471f2e6d req-21384f42-8435-400a-a654-c75a471f2e6d ] Request (ServerExternalEventsTest:setUpClass): 200 GET http://10.180.1.21/identity/v3/roles 0.020s
2025-11-22 07:28:59.598 66716 INFO tempest.lib.common.rest_client [req-ae582bc5-9f00-4b52-9484-b1c3e83f850a req-ae582bc5-9f00-4b52-9484-b1c3e83f850a ] Request (ServicesAdminNegativeTestJSON:setUpClass): 201 POST http://10.180.1.21/identity/v3/auth/tokens 0.078s
2025-11-22 07:28:59.624 66696 INFO tempest.lib.common.rest_client [req-de5b89ef-26ed-4f6c-81cb-46a0dd99cd61 req-de5b89ef-26ed-4f6c-81cb-46a0dd99cd61 ] Request (ServerExternalEventsTest:setUpClass): 204 PUT http://10.180.1.21/identity/v3/projects/d3ffc2d5df8d434eb3c26cffa7d4fa4c/users/f7729a8cd0884440b02054f931caf77d/roles/609de1abf1c245ba9d74978e0c1b4120 0.030s
2025-11-22 07:28:59.673 66696 INFO tempest.lib.common.rest_client [req-72599f1a-ddfa-4a5e-899d-603bf9ec46e2 req-72599f1a-ddfa-4a5e-899d-603bf9ec46e2 ] Request (ServerExternalEventsTest:setUpClass): 200 GET http://10.180.1.21/identity/v3/roles 0.049s
2025-11-22 07:28:59.692 66696 INFO tempest.lib.common.rest_client [req-d1c0920d-250a-43f5-9b35-0b4296ab740d req-d1c0920d-250a-43f5-9b35-0b4296ab740d ] Request (ServerExternalEventsTest:setUpClass): 204 PUT http://10.180.1.21/identity/v3/projects/d3ffc2d5df8d434eb3c26cffa7d4fa4c/users/f7729a8cd0884440b02054f931caf77d/roles/4481330d97fc4c8dbe13cc0a305ceb14 0.019s
2025-11-22 07:28:59.693 66696 INFO tempest.lib.common.dynamic_creds [-] Dynamic test user f7729a8cd0884440b02054f931caf77d is created with scope project and roles: ['admin', 'service']
2025-11-22 07:28:59.693 66696 INFO tempest.lib.common.dynamic_creds [-] Acquired dynamic creds: credentials: Credentials: {'domain_id': 'default', 'domain_name': 'Default', 'username': 'tempest-ServerExternalEventsTest-158590141-project', 'project_domain_id': 'default', 'project_domain_name': 'Default', 'project_id': 'd3ffc2d5df8d434eb3c26cffa7d4fa4c', 'project_name': 'tempest-ServerExternalEventsTest-158590141', 'tenant_id': 'd3ffc2d5df8d434eb3c26cffa7d4fa4c', 'tenant_name': 'tempest-ServerExternalEventsTest-158590141', 'user_domain_id': 'default', 'user_domain_name': 'Default', 'user_id': 'f7729a8cd0884440b02054f931caf77d', 'system': None}, Network: None, Subnet: None, Router: None
2025-11-22 07:28:59.693 66696 INFO tempest.lib.common.dynamic_creds [-] Created isolated network resources for: credentials: Credentials: {'domain_id': 'default', 'domain_name': 'Default', 'username': 'tempest-ServerExternalEventsTest-158590141-project', 'project_domain_id': 'default', 'project_domain_name': 'Default', 'project_id': 'd3ffc2d5df8d434eb3c26cffa7d4fa4c', 'project_name': 'tempest-ServerExternalEventsTest-158590141', 'tenant_id': 'd3ffc2d5df8d434eb3c26cffa7d4fa4c', 'tenant_name': 'tempest-ServerExternalEventsTest-158590141', 'user_domain_id': 'default', 'user_domain_name': 'Default', 'user_id': 'f7729a8cd0884440b02054f931caf77d', 'system': None}, Network: None, Subnet: None, Router: None
2025-11-22 07:28:59.718 66714 INFO tempest.lib.common.rest_client [req-f7c010b4-54d7-4468-9970-5992f50aae1a req-f7c010b4-54d7-4468-9970-5992f50aae1a ] Request (ServersAdminTestJSON:setUpClass): 201 POST http://10.180.1.21/networking/v2.0/networks 0.385s
2025-11-22 07:28:59.770 66696 INFO tempest.lib.common.rest_client [req-17451beb-44fd-44f5-b89a-4183e4ffad57 req-17451beb-44fd-44f5-b89a-4183e4ffad57 ] Request (ServerExternalEventsTest:setUpClass): 201 POST http://10.180.1.21/identity/v3/auth/tokens 0.074s
2025-11-22 07:28:59.799 66726 INFO tempest.lib.common.rest_client [req-df6fa99e-d087-4a51-807d-89e8e982c8f5 req-df6fa99e-d087-4a51-807d-89e8e982c8f5 ] Request (FlavorMetadataValidation:tearDownClass): 204 DELETE http://10.180.1.21/networking/v2.0/security-groups/ce4726bd-ef38-4026-939c-e3b06b7750c0 0.366s
2025-11-22 07:28:59.840 66696 INFO tempest.lib.common.rest_client [req-f013cf0d-94f1-4286-ae29-ee8614f96eea req-f013cf0d-94f1-4286-ae29-ee8614f96eea ] Request (ServerExternalEventsTest:test_create_server_external_events): 201 POST http://10.180.1.21/identity/v3/auth/tokens 0.066s
2025-11-22 07:28:59.841 66696 INFO tempest.lib.common.fixed_network [-] (ServerExternalEventsTest:test_create_server_external_events) Found network None available for tenant
