2025-11-22 07:31:50.027 66680 INFO tempest.lib.common.rest_client [req-724856be-a47a-409b-8a53-4468a4dccf4f req-724856be-a47a-409b-8a53-4468a4dccf4f ] Request (FloatingIPDetailsTestJSON:setUpClass): 200 POST http://10.180.1.21/compute/v2.1/os-floating-ips 1.345s
2025-11-22 07:31:50.116 66726 INFO tempest.lib.common.rest_client [req-e6c29bb3-5efe-48ff-b4d5-c2d6e66598a4 req-e6c29bb3-5efe-48ff-b4d5-c2d6e66598a4 ] Request (MultipleCreateTestJSON:test_multiple_create_with_reservation_return): 200 GET http://10.180.1.21/compute/v2.1/servers/d771709b-f481-4582-aff7-e7abb514db2e 1.336s
2025-11-22 07:31:50.122 66664 INFO tempest.lib.common.rest_client [req-eedb1ab5-0f73-459f-bccb-9c60405b4853 req-eedb1ab5-0f73-459f-bccb-9c60405b4853 ] Request (SecurityGroupsTestJSON:test_security_groups_create_list_delete): 404 GET http://10.180.1.21/compute/v2.1/os-security-groups/1994a1b2-2aff-45fe-b254-60830ac857a9 1.321s
2025-11-22 07:31:50.161 66706 INFO tempest.lib.common.rest_client [req-65fa5008-cb97-47d1-9d61-f77c79001c02 req-65fa5008-cb97-47d1-9d61-f77c79001c02 ] Request (FlavorsAccessNegativeTestJSON:_run_cleanups): 200 GET http://10.180.1.21/compute/v2.1/flavors/detail 1.343s
2025-11-22 07:31:50.252 66722 INFO tempest.lib.common.rest_client [req-fd7070d9-9815-44b7-b783-c438fb60c4fa req-fd7070d9-9815-44b7-b783-c438fb60c4fa ] Request (ServersNegativeTestJSON:setUpClass): 200 GET http://10.180.1.21/compute/v2.1/servers/be68fda2-3ad5-4802-bdc4-0faaeaeffbf3 1.408s
2025-11-22 07:31:50.354 66672 INFO tempest.lib.common.rest_client [req-4d829496-c35e-45ef-9da8-88275cc0732d req-4d829496-c35e-45ef-9da8-88275cc0732d ] Request (ServerActionsTestJSON:setUpClass): 200 GET http://10.180.1.21/compute/v2.1/servers/32f2dac1-51a5-4d33-9736-369727b065be 1.452s
2025-11-22 07:31:50.479 66670 INFO tempest.lib.common.rest_client [req-07affca1-c74a-45cf-a3b3-61a4aeef76b5 req-07affca1-c74a-45cf-a3b3-61a4aeef76b5 ] Request (ServerDiskConfigTestJSON:test_rebuild_server_with_auto_disk_config): 202 POST http://10.180.1.21/compute/v2.1/servers/235e3d24-849e-4b78-bf3e-8d4508b96e40/action 1.603s
2025-11-22 07:31:50.508 66714 INFO tempest.lib.common.rest_client [req-301e8abe-39f0-4dec-a181-ff216944c767 req-301e8abe-39f0-4dec-a181-ff216944c767 ] Request (ServersAdminTestJSON:test_list_servers_filter_by_error_status): 200 GET http://10.180.1.21/compute/v2.1/servers?status=error 1.562s
2025-11-22 07:31:50.665 66698 INFO tempest.lib.common.rest_client [req-dce8309c-4211-4ed9-9778-1b495dc013c1 req-dce8309c-4211-4ed9-9778-1b495dc013c1 ] Request (SecurityGroupRulesTestJSON:test_security_group_rules_create_with_optional_group_id): 200 POST http://10.180.1.21/compute/v2.1/os-security-groups 1.662s
2025-11-22 07:31:50.695 66684 INFO tempest.lib.common.rest_client [req-411346d3-a795-49bf-8c58-f515cc32f90c req-411346d3-a795-49bf-8c58-f515cc32f90c ] Request (DeleteServersTestJSON:test_delete_server_while_in_attached_volume): 200 GET http://10.180.1.21/compute/v2.1/servers/797401df-8cad-4a87-b2de-31378bd59876 1.718s
2025-11-22 07:31:50.751 66692 INFO tempest.lib.common.rest_client [req-6bc28f3f-178c-4ade-a928-82e3598b8351 req-6bc28f3f-178c-4ade-a928-82e3598b8351 ] Request (ImagesOneServerNegativeTestJSON:_run_cleanups): 200 GET http://10.180.1.21/compute/v2.1/servers/e21774ad-2fe9-44e1-bfa6-2e1b34821a87 1.700s
2025-11-22 07:31:50.937 66688 INFO tempest.lib.common.rest_client [req-078535b2-0d74-4e42-a722-7c430b51c0dc req-078535b2-0d74-4e42-a722-7c430b51c0dc ] Request (InstanceActionsNegativeTestJSON:tearDownClass): 200 GET http://10.180.1.21/compute/v2.1/servers/7c95d790-62e5-4d59-a578-c3062ff6ccf1 1.845s
2025-11-22 07:31:50.973 66686 INFO tempest.lib.common.rest_client [req-0be38f73-2599-4dba-b758-7adc970d6ce8 req-0be38f73-2599-4dba-b758-7adc970d6ce8 ] Request (ListImageFiltersTestJSON:setUpClass): 200 GET http://10.180.1.21/compute/v2.1/servers/35192b67-abc7-44bd-87c6-afef5e5f0d7e 1.615s
2025-11-22 07:31:51.085 66716 INFO tempest.lib.common.rest_client [req-8ccbec8a-d542-459f-8490-dd7bf06fd05b req-8ccbec8a-d542-459f-8490-dd7bf06fd05b ] Request (AttachInterfacesTestJSON:_run_cleanups): 200 GET http://10.180.1.21/compute/v2.1/servers/360dd62d-2728-42fc-b465-be021e7b4ca1 1.631s
2025-11-22 07:31:51.127 66700 INFO tempest.lib.common.rest_client [req-24d882d7-1218-44a6-8ddb-6aea5c112f2e req-24d882d7-1218-44a6-8ddb-6aea5c112f2e ] Request (ImagesTestJSON:test_create_image_from_suspended_server): 200 GET http://10.180.1.21/compute/v2.1/images/38c07c9c-4600-48ce-9844-cd8102e32c7d 1.632s
2025-11-22 07:31:51.167 66710 INFO tempest.lib.common.rest_client [req-cea63637-374b-41bd-99d2-be7e1c7d61b3 req-cea63637-374b-41bd-99d2-be7e1c7d61b3 ] Request (ImagesOneServerTestJSON:test_create_image_specify_multibyte_character_image_name): 200 GET http://10.180.1.21/compute/v2.1/images/ca8d316f-bf23-4b5c-a472-27770afaad72 1.284s
2025-11-22 07:31:51.812 66691 WARNING tempest.lib.common.ssh [-] Failed to establish authenticated ssh connection to cirros@10.180.180.240 ([Errno None] Unable to connect to port 22 on 10.180.180.240). Number attempts: 1. Retry after 2 seconds.: paramiko.ssh_exception.NoValidConnectionsError: [Errno None] Unable to connect to port 22 on 10.180.180.240
2025-11-22 07:31:52.296 66680 INFO tempest.lib.common.rest_client [req-3e7fdacc-ae1b-4163-9bc5-c62108f2bd62 req-3e7fdacc-ae1b-4163-9bc5-c62108f2bd62 ] Request (FloatingIPDetailsTestJSON:test_get_floating_ip_details): 200 POST http://10.180.1.21/compute/v2.1/os-floating-ips 2.264s
2025-11-22 07:31:52.452 66694 INFO tempest.lib.common.rest_client [req-6d817750-49de-4597-803b-1a190830f129 req-6d817750-49de-4597-803b-1a190830f129 ] Request (ServerRescueNegativeTestJSON:test_rescued_vm_detach_volume): 202 POST http://10.180.1.21/compute/v2.1/servers 2.957s
2025-11-22 07:31:52.533 66668 INFO tempest.lib.common.rest_client [req-889dfc57-9486-447b-828a-50562e3405bb req-889dfc57-9486-447b-828a-50562e3405bb ] Request (MigrationsAdminTest:test_list_migrations_in_flavor_resize_situation): 200 GET http://10.180.1.21/compute/v2.1/servers/25e5aec6-9c2f-4916-b635-e9e1ffcd0d9b 2.452s
2025-11-22 07:31:52.621 66664 INFO tempest.lib.common.rest_client [req-704b3b7a-83af-47ed-a362-91685ae47111 req-704b3b7a-83af-47ed-a362-91685ae47111 ] Request (SecurityGroupsTestJSON:test_security_groups_create_list_delete): 202 DELETE http://10.180.1.21/compute/v2.1/os-security-groups/c4f9ad35-9c8b-45a6-b875-d469b74bbe2b 2.499s
2025-11-22 07:31:52.621 66713 INFO tempest.lib.common.rest_client [req-c47cf4b2-46ff-4f5c-bfb4-cf5ce154b3d5 req-c47cf4b2-46ff-4f5c-bfb4-cf5ce154b3d5 ] Request (ServerMetadataTestJSON:setUpClass): 200 GET http://10.180.1.21/compute/v2.1/servers/9ec91cd5-efe8-4408-a32f-e7032ce745fd 2.482s
2025-11-22 07:31:52.645 66676 INFO tempest.lib.common.rest_client [req-a953945a-2ff6-4fc9-b920-9f58007f955e req-a953945a-2ff6-4fc9-b920-9f58007f955e ] Request (FloatingIPsAssociationTestJSON:tearDownClass): 404 GET http://10.180.1.21/compute/v2.1/servers/c5efa7a2-9c86-450d-abaf-1cd8182e092b 2.457s
2025-11-22 07:31:52.648 66706 INFO tempest.lib.common.rest_client [req-c63a06f2-07ae-4b45-a8e5-b3432ad6fff4 req-c63a06f2-07ae-4b45-a8e5-b3432ad6fff4 ] Request (FlavorsAccessNegativeTestJSON:test_flavor_non_admin_add): 200 POST http://10.180.1.21/compute/v2.1/flavors 2.475s
2025-11-22 07:31:52.719 66704 INFO tempest.lib.common.rest_client [req-ebd071c0-f606-4c1f-8034-5f13aed671b2 req-ebd071c0-f606-4c1f-8034-5f13aed671b2 ] Request (InstanceActionsTestJSON:setUpClass): 200 GET http://10.180.1.21/compute/v2.1/servers/3eab91f6-38c9-46f2-8c57-ff97d92b3d06 2.304s
2025-11-22 07:31:52.735 66666 INFO tempest.lib.common.rest_client [req-1619e2d5-4bf6-4bd6-9a0e-c5d5792884ba req-1619e2d5-4bf6-4bd6-9a0e-c5d5792884ba ] Request (ServersAaction247Test:tearDownClass): 200 GET http://10.180.1.21/compute/v2.1/servers/6331e94b-ad11-44b8-b5f4-91d0b19248fe 2.529s
2025-11-22 07:31:52.810 66714 INFO tempest.lib.common.rest_client [req-b7831ba5-841a-4f29-9555-48b5c61d344a req-b7831ba5-841a-4f29-9555-48b5c61d344a ] Request (ServersAdminTestJSON:test_list_servers_filter_by_error_status): 202 POST http://10.180.1.21/compute/v2.1/servers/32219fae-832e-46f8-82f8-80f0cb2ae87a/action 2.299s
2025-11-22 07:31:52.885 66670 INFO tempest.lib.common.rest_client [req-bd101b9f-67ff-44fb-9270-2cbfa9bb1305 req-bd101b9f-67ff-44fb-9270-2cbfa9bb1305 ] Request (ServerDiskConfigTestJSON:test_rebuild_server_with_auto_disk_config): 200 GET http://10.180.1.21/compute/v2.1/servers/235e3d24-849e-4b78-bf3e-8d4508b96e40 2.394s
2025-11-22 07:31:52.991 66698 INFO tempest.lib.common.rest_client [req-50a6715c-7b25-4b85-b07a-7e14a8ecf93b req-50a6715c-7b25-4b85-b07a-7e14a8ecf93b ] Request (SecurityGroupRulesTestJSON:test_security_group_rules_create_with_optional_group_id): 200 POST http://10.180.1.21/compute/v2.1/os-security-groups 2.323s
2025-11-22 07:31:53.026 66702 INFO tempest.lib.common.rest_client [req-ea64494e-21f6-4ee1-9b65-aeb00b5cc241 req-ea64494e-21f6-4ee1-9b65-aeb00b5cc241 ] Request (ServersV294TestFqdnHostnames:tearDownClass): 200 GET http://10.180.1.21/compute/v2.1/servers/928431fc-2170-4b5b-96e4-576ed0868b5f 2.034s
2025-11-22 07:31:53.040 66702 INFO tempest.common.waiters [-] State transition "ACTIVE/deleting" ==> "DELETED/None" after 4 second wait
2025-11-22 07:31:53.073 66726 INFO tempest.lib.common.rest_client [req-b976c283-5933-4751-a440-d8f86e4a170a req-b976c283-5933-4751-a440-d8f86e4a170a ] Request (MultipleCreateTestJSON:test_multiple_create_with_reservation_return): 200 GET http://10.180.1.21/compute/v2.1/servers/d771709b-f481-4582-aff7-e7abb514db2e 1.944s
2025-11-22 07:31:53.101 66722 INFO tempest.lib.common.rest_client [req-5a4283f8-be29-4aec-86a3-62eef0c0a73c req-5a4283f8-be29-4aec-86a3-62eef0c0a73c ] Request (ServersNegativeTestJSON:setUpClass): 200 GET http://10.180.1.21/compute/v2.1/servers/be68fda2-3ad5-4802-bdc4-0faaeaeffbf3 1.837s
2025-11-22 07:31:53.139 66672 INFO tempest.lib.common.rest_client [req-4bbbda4c-b1f9-4951-9ea0-9c03b1f158a0 req-4bbbda4c-b1f9-4951-9ea0-9c03b1f158a0 ] Request (ServerActionsTestJSON:setUpClass): 200 GET http://10.180.1.21/compute/v2.1/servers/32f2dac1-51a5-4d33-9736-369727b065be 1.775s
2025-11-22 07:31:53.195 66684 INFO tempest.lib.common.rest_client [req-42c04ab0-53b8-4a3d-b5e0-3ad669a610c2 req-42c04ab0-53b8-4a3d-b5e0-3ad669a610c2 ] Request (DeleteServersTestJSON:test_delete_server_while_in_attached_volume): 200 GET http://10.180.1.21/compute/v2.1/servers/797401df-8cad-4a87-b2de-31378bd59876 1.487s
2025-11-22 07:31:53.200 66692 INFO tempest.lib.common.rest_client [req-8ee71779-2fce-415c-9655-a91479b09985 req-8ee71779-2fce-415c-9655-a91479b09985 ] Request (ImagesOneServerNegativeTestJSON:_run_cleanups): 200 GET http://10.180.1.21/compute/v2.1/servers/e21774ad-2fe9-44e1-bfa6-2e1b34821a87 1.436s
2025-11-22 07:31:53.258 66688 INFO tempest.lib.common.rest_client [req-ba09e6fe-2e25-478f-bb17-5041c66aa354 req-ba09e6fe-2e25-478f-bb17-5041c66aa354 ] Request (InstanceActionsNegativeTestJSON:tearDownClass): 200 GET http://10.180.1.21/compute/v2.1/servers/7c95d790-62e5-4d59-a578-c3062ff6ccf1 1.307s
2025-11-22 07:31:53.266 66688 INFO tempest.common.waiters [-] State transition "ACTIVE/deleting" ==> "DELETED/None" after 3 second wait
2025-11-22 07:31:53.312 66686 INFO tempest.lib.common.rest_client [req-2912e9f8-e76d-46c6-a015-31580f517610 req-2912e9f8-e76d-46c6-a015-31580f517610 ] Request (ListImageFiltersTestJSON:setUpClass): 200 GET http://10.180.1.21/compute/v2.1/servers/35192b67-abc7-44bd-87c6-afef5e5f0d7e 1.330s
2025-11-22 07:31:53.324 66716 INFO tempest.lib.common.rest_client [req-8293791f-a8be-4341-aabe-ced6dd6ba99a req-8293791f-a8be-4341-aabe-ced6dd6ba99a ] Request (AttachInterfacesTestJSON:_run_cleanups): 200 GET http://10.180.1.21/compute/v2.1/servers/360dd62d-2728-42fc-b465-be021e7b4ca1 1.229s
2025-11-22 07:31:53.367 66700 INFO tempest.lib.common.rest_client [req-89358d8d-3260-474c-b5a5-94e36e504ada req-89358d8d-3260-474c-b5a5-94e36e504ada ] Request (ImagesTestJSON:test_create_image_from_suspended_server): 200 GET http://10.180.1.21/compute/v2.1/images/38c07c9c-4600-48ce-9844-cd8102e32c7d 1.233s
2025-11-22 07:31:53.374 66710 INFO tempest.lib.common.rest_client [req-aa72fb98-9327-4294-b026-2f76d49fb79e req-aa72fb98-9327-4294-b026-2f76d49fb79e ] Request (ImagesOneServerTestJSON:test_create_image_specify_multibyte_character_image_name): 200 GET http://10.180.1.21/compute/v2.1/images/ca8d316f-bf23-4b5c-a472-27770afaad72 1.202s
2025-11-22 07:31:53.468 66680 INFO tempest.lib.common.rest_client [req-95dba6b5-a9e5-4a59-bdad-cf84a3d9c92f req-95dba6b5-a9e5-4a59-bdad-cf84a3d9c92f ] Request (FloatingIPDetailsTestJSON:test_get_floating_ip_details): 200 GET http://10.180.1.21/compute/v2.1/os-floating-ips/3878c79e-3cf2-4ecb-91cd-b3a636f6a67d 1.169s
2025-11-22 07:31:53.485 66694 INFO tempest.lib.common.rest_client [req-7ff77905-77f1-43c9-a61a-0660023c4d49 req-7ff77905-77f1-43c9-a61a-0660023c4d49 ] Request (ServerRescueNegativeTestJSON:test_rescued_vm_detach_volume): 200 GET http://10.180.1.21/compute/v2.1/servers/eed19f33-7861-496a-96e3-6593613e8a1f 1.030s
2025-11-22 07:31:53.503 66664 INFO tempest.lib.common.rest_client [req-d1031d85-1c98-4212-9828-cc9d97f53c12 req-d1031d85-1c98-4212-9828-cc9d97f53c12 ] Request (SecurityGroupsTestJSON:test_security_groups_create_list_delete): 404 GET http://10.180.1.21/compute/v2.1/os-security-groups/c4f9ad35-9c8b-45a6-b875-d469b74bbe2b 0.881s
2025-11-22 07:31:53.585 66706 INFO tempest.lib.common.rest_client [req-77ef4ecd-09ce-4e42-aa88-60728d05f312 req-77ef4ecd-09ce-4e42-aa88-60728d05f312 ] Request (FlavorsAccessNegativeTestJSON:test_flavor_non_admin_add): 403 POST http://10.180.1.21/compute/v2.1/flavors/1901386187/action 0.934s
2025-11-22 07:31:53.734 66714 INFO tempest.lib.common.rest_client [req-e8d0fdeb-3a0f-4cd4-a298-04023da3d399 req-e8d0fdeb-3a0f-4cd4-a298-04023da3d399 ] Request (ServersAdminTestJSON:test_list_servers_filter_by_error_status): 200 GET http://10.180.1.21/compute/v2.1/servers/32219fae-832e-46f8-82f8-80f0cb2ae87a 0.924s
2025-11-22 07:31:53.954 66698 INFO tempest.lib.common.rest_client [req-76145af7-efc0-4087-9d23-9eeae9534e82 req-76145af7-efc0-4087-9d23-9eeae9534e82 ] Request (SecurityGroupRulesTestJSON:test_security_group_rules_create_with_optional_group_id): 200 POST http://10.180.1.21/compute/v2.1/os-security-group-rules 0.959s
2025-11-22 07:31:54.114 66724 WARNING tempest.lib.common.ssh [-] Failed to establish authenticated ssh connection to cirros@10.180.180.137 ([Errno None] Unable to connect to port 22 on 10.180.180.137). Number attempts: 4. Retry after 5 seconds.: paramiko.ssh_exception.NoValidConnectionsError: [Errno None] Unable to connect to port 22 on 10.180.180.137
2025-11-22 07:31:54.327 66680 INFO tempest.lib.common.rest_client [req-24bfc5d3-a181-455d-aa8e-26c7dc13095d req-24bfc5d3-a181-455d-aa8e-26c7dc13095d ] Request (FloatingIPDetailsTestJSON:_run_cleanups): 202 DELETE http://10.180.1.21/compute/v2.1/os-floating-ips/3878c79e-3cf2-4ecb-91cd-b3a636f6a67d 0.856s
2025-11-22 07:31:54.329 66676 INFO tempest.lib.common.rest_client [req-98bf5a6e-2518-4e00-9111-6f78710972c0 req-98bf5a6e-2518-4e00-9111-6f78710972c0 ] Request (FloatingIPsAssociationTestJSON:tearDownClass): 202 DELETE http://10.180.1.21/compute/v2.1/os-floating-ips/afb77c30-a6dc-41d5-8751-2db5c2125c30 1.683s
2025-11-22 07:31:54.463 66664 INFO tempest.lib.common.rest_client [req-912bfd1e-feae-4350-86bf-aeb57e04ef1f req-912bfd1e-feae-4350-86bf-aeb57e04ef1f ] Request (SecurityGroupsTestJSON:test_security_groups_create_list_delete): 200 GET http://10.180.1.21/compute/v2.1/os-security-groups 0.960s
2025-11-22 07:31:54.468 66668 INFO tempest.lib.common.rest_client [req-84cd8e6e-d1d6-455b-86f7-88502eb3390c req-84cd8e6e-d1d6-455b-86f7-88502eb3390c ] Request (MigrationsAdminTest:test_list_migrations_in_flavor_resize_situation): 200 GET http://10.180.1.21/compute/v2.1/servers/25e5aec6-9c2f-4916-b635-e9e1ffcd0d9b 0.926s
2025-11-22 07:31:54.483 66706 INFO tempest.lib.common.rest_client [req-e74afae1-a53b-4fa3-957e-cbe73e5d137b req-e74afae1-a53b-4fa3-957e-cbe73e5d137b ] Request (FlavorsAccessNegativeTestJSON:_run_cleanups): 202 DELETE http://10.180.1.21/compute/v2.1/flavors/1901386187 0.898s
2025-11-22 07:31:54.540 66713 INFO tempest.lib.common.rest_client [req-a9b79188-38c9-46fe-84c8-a03d267bf4c9 req-a9b79188-38c9-46fe-84c8-a03d267bf4c9 ] Request (ServerMetadataTestJSON:setUpClass): 200 GET http://10.180.1.21/compute/v2.1/servers/9ec91cd5-efe8-4408-a32f-e7032ce745fd 0.911s
2025-11-22 07:31:54.541 66704 INFO tempest.lib.common.rest_client [req-de073bfe-41ac-4b2d-b130-acd69eb3d77b req-de073bfe-41ac-4b2d-b130-acd69eb3d77b ] Request (InstanceActionsTestJSON:setUpClass): 200 GET http://10.180.1.21/compute/v2.1/servers/3eab91f6-38c9-46f2-8c57-ff97d92b3d06 0.810s
2025-11-22 07:31:54.626 66666 INFO tempest.lib.common.rest_client [req-bee4e2bf-ce3b-4a97-98ab-592742c72666 req-bee4e2bf-ce3b-4a97-98ab-592742c72666 ] Request (ServersAaction247Test:tearDownClass): 200 GET http://10.180.1.21/compute/v2.1/servers/6331e94b-ad11-44b8-b5f4-91d0b19248fe 0.876s
2025-11-22 07:31:54.640 66666 INFO tempest.common.waiters [-] State transition "ACTIVE/deleting" ==> "DELETED/None" after 5 second wait
2025-11-22 07:31:54.681 66714 INFO tempest.lib.common.rest_client [req-ced77353-1547-4ba7-8846-c267e30233dd req-ced77353-1547-4ba7-8846-c267e30233dd ] Request (ServersAdminTestJSON:test_list_servers_filter_by_exist_host): 200 GET http://10.180.1.21/compute/v2.1/servers/32219fae-832e-46f8-82f8-80f0cb2ae87a 0.930s
2025-11-22 07:31:54.827 66698 INFO tempest.lib.common.rest_client [req-d71a05f9-6117-4cdb-9087-f56264492732 req-d71a05f9-6117-4cdb-9087-f56264492732 ] Request (SecurityGroupRulesTestJSON:test_security_group_rules_delete_when_peer_group_deleted): 200 POST http://10.180.1.21/compute/v2.1/os-security-groups 0.866s
2025-11-22 07:31:54.859 66670 INFO tempest.lib.common.rest_client [req-6dfa825c-28c0-4039-9d7f-0d756d0e317d req-6dfa825c-28c0-4039-9d7f-0d756d0e317d ] Request (ServerDiskConfigTestJSON:test_rebuild_server_with_auto_disk_config): 200 GET http://10.180.1.21/compute/v2.1/servers/235e3d24-849e-4b78-bf3e-8d4508b96e40 0.966s
2025-11-22 07:31:54.867 66670 INFO tempest.common.waiters [-] State transition "REBUILD/rebuilding" ==> "REBUILD/rebuild_spawning" after 2 second wait
2025-11-22 07:31:54.882 66691 WARNING tempest.lib.common.ssh [-] Failed to establish authenticated ssh connection to cirros@10.180.180.240 ([Errno None] Unable to connect to port 22 on 10.180.180.240). Number attempts: 2. Retry after 3 seconds.: paramiko.ssh_exception.NoValidConnectionsError: [Errno None] Unable to connect to port 22 on 10.180.180.240
2025-11-22 07:31:54.908 66702 INFO tempest.lib.common.rest_client [req-f5ce4221-1a6b-4b28-b099-17de88552db7 req-f5ce4221-1a6b-4b28-b099-17de88552db7 ] Request (ServersV294TestFqdnHostnames:tearDownClass): 200 GET http://10.180.1.21/compute/v2.1/servers/928431fc-2170-4b5b-96e4-576ed0868b5f 0.868s
2025-11-22 07:31:54.974 66722 INFO tempest.lib.common.rest_client [req-e7953abb-c058-4f95-b44f-34c53c51d966 req-e7953abb-c058-4f95-b44f-34c53c51d966 ] Request (ServersNegativeTestJSON:setUpClass): 200 GET http://10.180.1.21/compute/v2.1/servers/be68fda2-3ad5-4802-bdc4-0faaeaeffbf3 0.863s
2025-11-22 07:31:54.991 66726 INFO tempest.lib.common.rest_client [req-1b7021da-4640-4a98-bb56-d40c5bdd0f2c req-1b7021da-4640-4a98-bb56-d40c5bdd0f2c ] Request (MultipleCreateTestJSON:test_multiple_create_with_reservation_return): 200 GET http://10.180.1.21/compute/v2.1/servers/d771709b-f481-4582-aff7-e7abb514db2e 0.907s
2025-11-22 07:31:54.998 66726 INFO tempest.common.waiters [-] State transition "BUILD/None" ==> "BUILD/networking" after 38 second wait
2025-11-22 07:31:55.032 66672 INFO tempest.lib.common.rest_client [req-ba0bce9b-efb7-4322-9dc5-cb0d68bf8825 req-ba0bce9b-efb7-4322-9dc5-cb0d68bf8825 ] Request (ServerActionsTestJSON:setUpClass): 200 GET http://10.180.1.21/compute/v2.1/servers/32f2dac1-51a5-4d33-9736-369727b065be 0.882s
2025-11-22 07:31:55.063 66684 INFO tempest.lib.common.rest_client [req-b54fad38-3d60-4957-8308-0605d2a7d329 req-b54fad38-3d60-4957-8308-0605d2a7d329 ] Request (DeleteServersTestJSON:test_delete_server_while_in_attached_volume): 200 GET http://10.180.1.21/compute/v2.1/servers/797401df-8cad-4a87-b2de-31378bd59876 0.859s
2025-11-22 07:31:55.118 66692 INFO tempest.lib.common.rest_client [req-58914e00-369a-44bb-a37b-57bd4752e762 req-58914e00-369a-44bb-a37b-57bd4752e762 ] Request (ImagesOneServerNegativeTestJSON:_run_cleanups): 200 GET http://10.180.1.21/compute/v2.1/servers/e21774ad-2fe9-44e1-bfa6-2e1b34821a87 0.910s
2025-11-22 07:31:55.136 66688 INFO tempest.lib.common.rest_client [req-674de261-db3b-4426-8a50-c1dffd9b18d8 req-674de261-db3b-4426-8a50-c1dffd9b18d8 ] Request (InstanceActionsNegativeTestJSON:tearDownClass): 200 GET http://10.180.1.21/compute/v2.1/servers/7c95d790-62e5-4d59-a578-c3062ff6ccf1 0.870s
2025-11-22 07:31:55.257 66676 INFO tempest.lib.common.rest_client [req-71bd2cdd-3a51-4d01-a8d4-603a7626d8ff req-71bd2cdd-3a51-4d01-a8d4-603a7626d8ff ] Request (FloatingIPsAssociationTestJSON:tearDownClass): 204 DELETE http://10.180.1.21/compute/v2.1/servers/f077c0a1-f72a-4ce7-b1b3-4b38195bcfae 0.927s
2025-11-22 07:31:55.261 66686 INFO tempest.lib.common.rest_client [req-6d860c97-7f4f-4bd2-b944-8dcbe7c2f2d1 req-6d860c97-7f4f-4bd2-b944-8dcbe7c2f2d1 ] Request (ListImageFiltersTestJSON:setUpClass): 200 GET http://10.180.1.21/compute/v2.1/servers/35192b67-abc7-44bd-87c6-afef5e5f0d7e 0.941s
2025-11-22 07:31:55.274 66686 INFO tempest.common.waiters [-] State transition "BUILD/spawning" ==> "ACTIVE/None" after 43 second wait
2025-11-22 07:31:55.412 66680 INFO tempest.lib.common.rest_client [req-3886a4dc-472e-4a09-8a5d-778fe6b8c205 req-3886a4dc-472e-4a09-8a5d-778fe6b8c205 ] Request (FloatingIPDetailsTestJSON:test_list_floating_ips): 200 GET http://10.180.1.21/compute/v2.1/os-floating-ips 1.081s
2025-11-22 07:31:55.417 66716 INFO tempest.lib.common.rest_client [req-0e415774-db06-425d-bd94-5a1edd10ad07 req-0e415774-db06-425d-bd94-5a1edd10ad07 ] Request (AttachInterfacesTestJSON:_run_cleanups): 200 GET http://10.180.1.21/compute/v2.1/servers/360dd62d-2728-42fc-b465-be021e7b4ca1 1.084s
2025-11-22 07:31:56.027 66720 WARNING tempest.lib.common.ssh [-] Failed to establish authenticated ssh connection to cirros@10.180.180.169 ([Errno None] Unable to connect to port 22 on 10.180.180.169). Number attempts: 6. Retry after 7 seconds.: paramiko.ssh_exception.NoValidConnectionsError: [Errno None] Unable to connect to port 22 on 10.180.180.169
2025-11-22 07:31:57.594 66678 INFO paramiko.transport [-] Connected (version 2.0, client dropbear_2020.81)
2025-11-22 07:31:57.702 66678 INFO paramiko.transport [-] Authentication (publickey) successful!
2025-11-22 07:31:57.703 66678 INFO tempest.lib.common.ssh [-] ssh connection to cirros@10.180.180.216 successfully created
2025-11-22 07:31:58.538 66700 INFO tempest.lib.common.rest_client [req-4362a2c9-cf09-46d8-a468-149481d37657 req-4362a2c9-cf09-46d8-a468-149481d37657 ] Request (ImagesTestJSON:test_create_image_from_suspended_server): 200 GET http://10.180.1.21/compute/v2.1/images/38c07c9c-4600-48ce-9844-cd8102e32c7d 4.165s
2025-11-22 07:31:58.541 66710 INFO tempest.lib.common.rest_client [req-9880bad2-808c-4e01-9633-10895ea073f4 req-9880bad2-808c-4e01-9633-10895ea073f4 ] Request (ImagesOneServerTestJSON:test_create_image_specify_multibyte_character_image_name): 200 GET http://10.180.1.21/compute/v2.1/images/ca8d316f-bf23-4b5c-a472-27770afaad72 4.162s
2025-11-22 07:31:58.566 66706 INFO tempest.lib.common.rest_client [req-8a3dfa7f-a465-4637-b5d2-de2d58230ac5 req-8a3dfa7f-a465-4637-b5d2-de2d58230ac5 ] Request (FlavorsAccessNegativeTestJSON:_run_cleanups): 200 GET http://10.180.1.21/compute/v2.1/flavors/detail 4.083s
2025-11-22 07:31:58.698 66664 INFO tempest.lib.common.rest_client [req-66b4e986-7d6c-4d7a-87cb-7b05957b49c9 req-66b4e986-7d6c-4d7a-87cb-7b05957b49c9 ] Request (SecurityGroupsTestJSON:test_server_security_groups): 200 POST http://10.180.1.21/compute/v2.1/os-security-groups 4.230s
2025-11-22 07:31:58.725 66694 INFO tempest.lib.common.rest_client [req-01383e0d-ed7b-44a1-915a-ca663957197a req-01383e0d-ed7b-44a1-915a-ca663957197a ] Request (ServerRescueNegativeTestJSON:test_rescued_vm_detach_volume): 200 GET http://10.180.1.21/compute/v2.1/servers/eed19f33-7861-496a-96e3-6593613e8a1f 4.229s
2025-11-22 07:31:58.733 66694 INFO tempest.common.waiters [-] State transition "BUILD/scheduling" ==> "BUILD/None" after 5 second wait
2025-11-22 07:31:58.835 66714 INFO tempest.lib.common.rest_client [req-f30d2aea-50e6-449b-8a77-40f986cf5520 req-f30d2aea-50e6-449b-8a77-40f986cf5520 ] Request (ServersAdminTestJSON:test_list_servers_filter_by_exist_host): 200 GET http://10.180.1.21/compute/v2.1/servers?host=cpu-1&all_tenants=1 4.144s
2025-11-22 07:31:58.858 66698 INFO tempest.lib.common.rest_client [req-ed68344e-6a72-4796-8c4e-903171b5cf4e req-ed68344e-6a72-4796-8c4e-903171b5cf4e ] Request (SecurityGroupRulesTestJSON:test_security_group_rules_delete_when_peer_group_deleted): 200 POST http://10.180.1.21/compute/v2.1/os-security-groups 4.027s
2025-11-22 07:31:58.943 66676 INFO tempest.lib.common.rest_client [req-2b8c3a51-c9fa-446d-8b1a-1698926be5f9 req-2b8c3a51-c9fa-446d-8b1a-1698926be5f9 ] Request (FloatingIPsAssociationTestJSON:tearDownClass): 200 GET http://10.180.1.21/compute/v2.1/servers/f077c0a1-f72a-4ce7-b1b3-4b38195bcfae 3.684s
2025-11-22 07:31:59.083 66686 INFO tempest.lib.common.rest_client [req-725141ad-57e7-4885-8f0b-f898c33823f6 req-725141ad-57e7-4885-8f0b-f898c33823f6 ] Request (ListImageFiltersTestJSON:setUpClass): 200 GET http://10.180.1.21/compute/v2.1/servers/0da876bd-bd37-4b33-860d-4a401d35ada5 3.809s
2025-11-22 07:31:59.210 66668 INFO tempest.lib.common.rest_client [req-15ca14e8-e3c1-4b37-9b7a-7a1ec67e8710 req-15ca14e8-e3c1-4b37-9b7a-7a1ec67e8710 ] Request (MigrationsAdminTest:test_list_migrations_in_flavor_resize_situation): 200 GET http://10.180.1.21/compute/v2.1/servers/25e5aec6-9c2f-4916-b635-e9e1ffcd0d9b 3.733s
2025-11-22 07:31:59.409 66713 INFO tempest.lib.common.rest_client [req-41a4b210-69af-4f15-8a42-060866961cab req-41a4b210-69af-4f15-8a42-060866961cab ] Request (ServerMetadataTestJSON:setUpClass): 200 GET http://10.180.1.21/compute/v2.1/servers/9ec91cd5-efe8-4408-a32f-e7032ce745fd 3.860s
2025-11-22 07:31:59.506 66680 INFO tempest.lib.common.rest_client [req-b4f41c43-402b-4a9e-b6b8-0b4bba681dba req-b4f41c43-402b-4a9e-b6b8-0b4bba681dba ] Request (FloatingIPDetailsTestJSON:tearDownClass): 202 DELETE http://10.180.1.21/compute/v2.1/os-floating-ips/9e46a506-d25f-459a-b786-376365913017 4.089s
2025-11-22 07:31:59.573 66704 INFO tempest.lib.common.rest_client [req-c192541e-8e26-4ae3-97be-dd16b3abe3c8 req-c192541e-8e26-4ae3-97be-dd16b3abe3c8 ] Request (InstanceActionsTestJSON:setUpClass): 200 GET http://10.180.1.21/compute/v2.1/servers/3eab91f6-38c9-46f2-8c57-ff97d92b3d06 4.024s
2025-11-22 07:31:59.578 66666 INFO tempest.lib.common.rest_client [req-07c08ade-72df-45eb-bad7-e042f5599463 req-07c08ade-72df-45eb-bad7-e042f5599463 ] Request (ServersAaction247Test:tearDownClass): 200 GET http://10.180.1.21/compute/v2.1/servers/6331e94b-ad11-44b8-b5f4-91d0b19248fe 3.937s
2025-11-22 07:31:59.580 66704 INFO tempest.common.waiters [-] State transition "BUILD/None" ==> "BUILD/spawning" after 43 second wait
2025-11-22 07:31:59.667 66702 INFO tempest.lib.common.rest_client [req-6458d045-27ca-4d8f-bbde-1c7e95bb89e1 req-6458d045-27ca-4d8f-bbde-1c7e95bb89e1 ] Request (ServersV294TestFqdnHostnames:tearDownClass): 200 GET http://10.180.1.21/compute/v2.1/servers/928431fc-2170-4b5b-96e4-576ed0868b5f 3.747s
2025-11-22 07:31:59.705 66670 INFO tempest.lib.common.rest_client [req-7f941f8d-a6e5-47aa-ac17-7ed54178514a req-7f941f8d-a6e5-47aa-ac17-7ed54178514a ] Request (ServerDiskConfigTestJSON:test_rebuild_server_with_auto_disk_config): 200 GET http://10.180.1.21/compute/v2.1/servers/235e3d24-849e-4b78-bf3e-8d4508b96e40 3.836s
2025-11-22 07:31:59.719 66722 INFO tempest.lib.common.rest_client [req-385dc409-dec8-420a-a086-4078fcad1cfe req-385dc409-dec8-420a-a086-4078fcad1cfe ] Request (ServersNegativeTestJSON:setUpClass): 200 GET http://10.180.1.21/compute/v2.1/servers/be68fda2-3ad5-4802-bdc4-0faaeaeffbf3 3.733s
2025-11-22 07:31:59.746 66682 WARNING tempest.lib.common.ssh [-] Failed to establish authenticated ssh connection to cirros@10.180.180.208 ([Errno None] Unable to connect to port 22 on 10.180.180.208). Number attempts: 8. Retry after 9 seconds.: paramiko.ssh_exception.NoValidConnectionsError: [Errno None] Unable to connect to port 22 on 10.180.180.208
2025-11-22 07:31:59.765 66672 INFO tempest.lib.common.rest_client [req-4b7eb23b-4bb3-41e1-8bcc-a7f2549f0137 req-4b7eb23b-4bb3-41e1-8bcc-a7f2549f0137 ] Request (ServerActionsTestJSON:setUpClass): 200 GET http://10.180.1.21/compute/v2.1/servers/32f2dac1-51a5-4d33-9736-369727b065be 3.725s
2025-11-22 07:31:59.806 66726 INFO tempest.lib.common.rest_client [req-778cd621-a483-4a1f-bdb9-39360b722fa8 req-778cd621-a483-4a1f-bdb9-39360b722fa8 ] Request (MultipleCreateTestJSON:test_multiple_create_with_reservation_return): 200 GET http://10.180.1.21/compute/v2.1/servers/d771709b-f481-4582-aff7-e7abb514db2e 3.806s
2025-11-22 07:31:59.813 66726 INFO tempest.common.waiters [-] State transition "BUILD/networking" ==> "BUILD/spawning" after 43 second wait
2025-11-22 07:31:59.821 66684 INFO tempest.lib.common.rest_client [req-e7eed396-756e-4bb6-b85b-e893c9af458e req-e7eed396-756e-4bb6-b85b-e893c9af458e ] Request (DeleteServersTestJSON:test_delete_server_while_in_attached_volume): 200 GET http://10.180.1.21/compute/v2.1/servers/797401df-8cad-4a87-b2de-31378bd59876 3.751s
2025-11-22 07:31:59.870 66692 INFO tempest.lib.common.rest_client [req-6be19d83-6015-4dd4-95f5-c85d08434c06 req-6be19d83-6015-4dd4-95f5-c85d08434c06 ] Request (ImagesOneServerNegativeTestJSON:_run_cleanups): 200 GET http://10.180.1.21/compute/v2.1/servers/e21774ad-2fe9-44e1-bfa6-2e1b34821a87 3.743s
2025-11-22 07:31:59.889 66688 INFO tempest.lib.common.rest_client [req-d0f7bac3-8161-48c1-82ac-916e271e0ec4 req-d0f7bac3-8161-48c1-82ac-916e271e0ec4 ] Request (InstanceActionsNegativeTestJSON:tearDownClass): 200 GET http://10.180.1.21/compute/v2.1/servers/7c95d790-62e5-4d59-a578-c3062ff6ccf1 3.741s
2025-11-22 07:31:59.936 66716 INFO tempest.lib.common.rest_client [req-a3fb1725-5a82-4cea-8d40-edac2899afcc req-a3fb1725-5a82-4cea-8d40-edac2899afcc ] Request (AttachInterfacesTestJSON:_run_cleanups): 200 GET http://10.180.1.21/compute/v2.1/servers/360dd62d-2728-42fc-b465-be021e7b4ca1 3.510s
2025-11-22 07:31:59.965 66678 INFO tempest.lib.common.rest_client [req-fc9aa45a-5168-4bfa-9772-4014a3eb88d0 req-fc9aa45a-5168-4bfa-9772-4014a3eb88d0 ] Request (ServersTestFqdnHostnames:tearDownClass): 204 DELETE http://10.180.1.21/compute/v2.1/servers/58538626-bfca-4c65-afe8-4b629209eed7 2.253s
2025-11-22 07:31:59.976 66700 INFO tempest.lib.common.rest_client [req-d1e03722-66e8-404d-bef0-07301b028139 req-d1e03722-66e8-404d-bef0-07301b028139 ] Request (ImagesTestJSON:test_create_image_from_suspended_server): 200 GET http://10.180.1.21/compute/v2.1/images/38c07c9c-4600-48ce-9844-cd8102e32c7d 1.435s
2025-11-22 07:31:59.986 66706 INFO tempest.lib.common.rest_client [req-d0619fd2-cf9c-47c9-8b8d-9e59b92321f5 req-d0619fd2-cf9c-47c9-8b8d-9e59b92321f5 ] Request (FlavorsAccessNegativeTestJSON:test_flavor_non_admin_remove): 200 POST http://10.180.1.21/compute/v2.1/flavors 1.412s
2025-11-22 07:32:00.017 66714 INFO tempest.lib.common.rest_client [req-be4ba258-c5e3-4a34-b008-06ed4234d15b req-be4ba258-c5e3-4a34-b008-06ed4234d15b ] Request (ServersAdminTestJSON:test_list_servers_filter_by_exist_host): 200 GET http://10.180.1.21/compute/v2.1/servers?host=nonexistent_host&all_tenants=1 1.173s
2025-11-22 07:32:00.020 66700 INFO tempest.lib.common.rest_client [req-a9264458-b038-46b1-a1d2-17d4d73dd116 req-a9264458-b038-46b1-a1d2-17d4d73dd116 ] Request (ImagesTestJSON:test_create_image_from_suspended_server): 200 GET http://10.180.1.21/image/v2/images/38c07c9c-4600-48ce-9844-cd8102e32c7d/tasks 0.040s
2025-11-22 07:32:00.126 66664 INFO tempest.lib.common.rest_client [req-01229e3e-4e5a-496a-a9db-973880077cf7 req-01229e3e-4e5a-496a-a9db-973880077cf7 ] Request (SecurityGroupsTestJSON:test_server_security_groups): 200 POST http://10.180.1.21/compute/v2.1/os-security-groups 1.425s
2025-11-22 07:32:00.210 66698 INFO tempest.lib.common.rest_client [req-883a1760-9003-4d83-a43b-2ad569c7bbb0 req-883a1760-9003-4d83-a43b-2ad569c7bbb0 ] Request (SecurityGroupRulesTestJSON:test_security_group_rules_delete_when_peer_group_deleted): 200 POST http://10.180.1.21/compute/v2.1/os-security-group-rules 1.349s
2025-11-22 07:32:00.216 66664 INFO tempest.lib.common.rest_client [req-b9eb6377-7a7a-484a-936a-5e1123b92996 req-b9eb6377-7a7a-484a-936a-5e1123b92996 ] Request (SecurityGroupsTestJSON:test_server_security_groups): 201 POST http://10.180.1.21/identity/v3/auth/tokens 0.083s
2025-11-22 07:32:00.217 66664 INFO tempest.lib.common.fixed_network [-] (SecurityGroupsTestJSON:test_server_security_groups) Found network {'id': '36f67494-f2b2-4ff0-8bf6-71305d3de01f', 'name': 'tempest-SecurityGroupsTestJSON-257733104-network', 'tenant_id': '839a98cef6fb40d6be0b86f56fe1a7e8', 'project_id': '839a98cef6fb40d6be0b86f56fe1a7e8', 'admin_state_up': True, 'mtu': 8950, 'status': 'ACTIVE', 'subnets': [], 'shared': False, 'port_security_enabled': True, 'router:external': False, 'provider:network_type': 'vlan', 'provider:physical_network': 'default', 'provider:segmentation_id': 450, 'availability_zone_hints': [], 'availability_zones': [], 'ipv4_address_scope': None, 'ipv6_address_scope': None, 'description': '', 'tags': [], 'created_at': '2025-11-22T07:30:12Z', 'updated_at': '2025-11-22T07:30:12Z', 'revision_number': 1} available for tenant
2025-11-22 07:32:00.742 66686 INFO tempest.lib.common.rest_client [req-51119fa3-bbd8-4acf-8213-bf44eeaecc91 req-51119fa3-bbd8-4acf-8213-bf44eeaecc91 ] Request (ListImageFiltersTestJSON:setUpClass): 202 POST http://10.180.1.21/compute/v2.1/servers/0da876bd-bd37-4b33-860d-4a401d35ada5/action 1.646s
2025-11-22 07:32:00.762 66680 INFO tempest.lib.common.rest_client [req-fe351f3d-18fe-4f1c-99a9-d320117c218c req-fe351f3d-18fe-4f1c-99a9-d320117c218c ] Request (FloatingIPDetailsTestJSON:tearDownClass): 202 DELETE http://10.180.1.21/compute/v2.1/os-floating-ips/0bb54950-9b7e-4f5f-a621-7dae3d0db2b8 1.256s
2025-11-22 07:32:00.783 66710 INFO tempest.lib.common.rest_client [req-bf952a2f-8c3f-4174-a3c9-37ec95cee37a req-bf952a2f-8c3f-4174-a3c9-37ec95cee37a ] Request (ImagesOneServerTestJSON:test_create_image_specify_multibyte_character_image_name): 200 GET http://10.180.1.21/compute/v2.1/images/ca8d316f-bf23-4b5c-a472-27770afaad72 1.238s
2025-11-22 07:32:00.842 66694 INFO tempest.lib.common.rest_client [req-75451e1f-c073-489a-b240-13066761cf2f req-75451e1f-c073-489a-b240-13066761cf2f ] Request (ServerRescueNegativeTestJSON:test_rescued_vm_detach_volume): 200 GET http://10.180.1.21/compute/v2.1/servers/eed19f33-7861-496a-96e3-6593613e8a1f 1.108s
2025-11-22 07:32:00.857 66676 INFO tempest.lib.common.rest_client [req-ac909508-d5db-4e27-8a87-65f09da64a29 req-ac909508-d5db-4e27-8a87-65f09da64a29 ] Request (FloatingIPsAssociationTestJSON:tearDownClass): 200 GET http://10.180.1.21/compute/v2.1/servers/f077c0a1-f72a-4ce7-b1b3-4b38195bcfae 0.907s
2025-11-22 07:32:00.963 66706 INFO tempest.lib.common.rest_client [req-a3af7305-46ae-43aa-911e-dd896d969c72 req-a3af7305-46ae-43aa-911e-dd896d969c72 ] Request (FlavorsAccessNegativeTestJSON:test_flavor_non_admin_remove): 200 POST http://10.180.1.21/compute/v2.1/flavors/1210035092/action 0.973s
2025-11-22 07:32:00.987 66678 INFO tempest.lib.common.rest_client [req-7d3bd097-9618-48d5-9ca3-cb3254fc41e0 req-7d3bd097-9618-48d5-9ca3-cb3254fc41e0 ] Request (ServersTestFqdnHostnames:tearDownClass): 200 GET http://10.180.1.21/compute/v2.1/servers/58538626-bfca-4c65-afe8-4b629209eed7 1.021s
2025-11-22 07:32:01.047 66714 INFO tempest.lib.common.rest_client [req-c2f6c938-be9c-4849-ab1c-c5cda6b3c1e6 req-c2f6c938-be9c-4849-ab1c-c5cda6b3c1e6 ] Request (ServersAdminTestJSON:test_rebuild_server_in_error_state): 202 POST http://10.180.1.21/compute/v2.1/servers/32219fae-832e-46f8-82f8-80f0cb2ae87a/action 1.026s
2025-11-22 07:32:01.075 66700 INFO tempest.lib.common.rest_client [req-1a069433-7045-4a3f-81e8-6f1d282c4d45 req-1a069433-7045-4a3f-81e8-6f1d282c4d45 ] Request (ImagesTestJSON:_run_cleanups): 204 DELETE http://10.180.1.21/compute/v2.1/images/38c07c9c-4600-48ce-9844-cd8102e32c7d 1.054s
2025-11-22 07:32:01.203 66698 INFO tempest.lib.common.rest_client [req-8cb80f7d-90f5-4396-8c49-2ca7402f674f req-8cb80f7d-90f5-4396-8c49-2ca7402f674f ] Request (SecurityGroupRulesTestJSON:test_security_group_rules_delete_when_peer_group_deleted): 202 DELETE http://10.180.1.21/compute/v2.1/os-security-groups/c6157cf2-7e1a-4578-b306-fc926d22590d 0.991s
2025-11-22 07:32:01.438 66668 INFO tempest.lib.common.rest_client [req-cbf4fcdf-c6ff-4b59-a8d0-9ec9d5ba9f35 req-cbf4fcdf-c6ff-4b59-a8d0-9ec9d5ba9f35 ] Request (MigrationsAdminTest:test_list_migrations_in_flavor_resize_situation): 200 GET http://10.180.1.21/compute/v2.1/servers/25e5aec6-9c2f-4916-b635-e9e1ffcd0d9b 1.219s
2025-11-22 07:32:01.475 66691 WARNING tempest.lib.common.ssh [-] Failed to establish authenticated ssh connection to cirros@10.180.180.240 ([Errno None] Unable to connect to port 22 on 10.180.180.240). Number attempts: 3. Retry after 4 seconds.: paramiko.ssh_exception.NoValidConnectionsError: [Errno None] Unable to connect to port 22 on 10.180.180.240
2025-11-22 07:32:01.527 66713 INFO tempest.lib.common.rest_client [req-81270f8a-c854-4a8e-bd02-1b95b1ea2c13 req-81270f8a-c854-4a8e-bd02-1b95b1ea2c13 ] Request (ServerMetadataTestJSON:setUpClass): 200 GET http://10.180.1.21/compute/v2.1/servers/9ec91cd5-efe8-4408-a32f-e7032ce745fd 1.109s
2025-11-22 07:32:01.578 66664 INFO tempest.lib.common.rest_client [req-4bba37e1-7248-4202-a7c6-a9d39cc661dc req-4bba37e1-7248-4202-a7c6-a9d39cc661dc ] Request (SecurityGroupsTestJSON:test_server_security_groups): 202 POST http://10.180.1.21/compute/v2.1/servers 1.360s
2025-11-22 07:32:01.650 66666 INFO tempest.lib.common.rest_client [req-f5df18e2-0f56-401c-b34f-3de41bd8cddb req-f5df18e2-0f56-401c-b34f-3de41bd8cddb ] Request (ServersAaction247Test:tearDownClass): 200 GET http://10.180.1.21/compute/v2.1/servers/6331e94b-ad11-44b8-b5f4-91d0b19248fe 1.060s
2025-11-22 07:32:01.721 66704 INFO tempest.lib.common.rest_client [req-05dcecaf-3bde-46b2-9997-b1844b12be6d req-05dcecaf-3bde-46b2-9997-b1844b12be6d ] Request (InstanceActionsTestJSON:setUpClass): 200 GET http://10.180.1.21/compute/v2.1/servers/3eab91f6-38c9-46f2-8c57-ff97d92b3d06 1.139s
2025-11-22 07:32:01.727 66702 INFO tempest.lib.common.rest_client [req-cfd9357c-9ee8-4901-a1ff-aebc0562cb19 req-cfd9357c-9ee8-4901-a1ff-aebc0562cb19 ] Request (ServersV294TestFqdnHostnames:tearDownClass): 200 GET http://10.180.1.21/compute/v2.1/servers/928431fc-2170-4b5b-96e4-576ed0868b5f 1.050s
2025-11-22 07:32:01.794 66722 INFO tempest.lib.common.rest_client [req-96a04535-1721-48e7-8ce0-ff60408f429f req-96a04535-1721-48e7-8ce0-ff60408f429f ] Request (ServersNegativeTestJSON:setUpClass): 200 GET http://10.180.1.21/compute/v2.1/servers/be68fda2-3ad5-4802-bdc4-0faaeaeffbf3 1.067s
2025-11-22 07:32:01.842 66686 INFO tempest.lib.common.rest_client [req-5279c8ae-3780-4d4c-a978-b193b38f5cf9 req-5279c8ae-3780-4d4c-a978-b193b38f5cf9 ] Request (ListImageFiltersTestJSON:setUpClass): 200 GET http://10.180.1.21/compute/v2.1/images/7aad13a1-2dc6-431f-9059-f02b40dd08d7 1.099s
2025-11-22 07:32:01.934 66670 INFO tempest.lib.common.rest_client [req-2c21f2e8-a4f2-4c35-9956-9e01e5d8d0a6 req-2c21f2e8-a4f2-4c35-9956-9e01e5d8d0a6 ] Request (ServerDiskConfigTestJSON:test_rebuild_server_with_auto_disk_config): 200 GET http://10.180.1.21/compute/v2.1/servers/235e3d24-849e-4b78-bf3e-8d4508b96e40 1.222s
2025-11-22 07:32:01.942 66670 INFO tempest.common.waiters [-] State transition "REBUILD/rebuild_spawning" ==> "ACTIVE/None" after 9 second wait
2025-11-22 07:32:01.988 66672 INFO tempest.lib.common.rest_client [req-2fd774d9-83dc-42af-8dc2-491966224e6c req-2fd774d9-83dc-42af-8dc2-491966224e6c ] Request (ServerActionsTestJSON:setUpClass): 200 GET http://10.180.1.21/compute/v2.1/servers/32f2dac1-51a5-4d33-9736-369727b065be 1.216s
2025-11-22 07:32:02.119 66726 INFO tempest.lib.common.rest_client [req-eb2e2bd7-79ce-4a91-90f3-354ec4b0c345 req-eb2e2bd7-79ce-4a91-90f3-354ec4b0c345 ] Request (MultipleCreateTestJSON:test_multiple_create_with_reservation_return): 200 GET http://10.180.1.21/compute/v2.1/servers/d771709b-f481-4582-aff7-e7abb514db2e 1.304s
2025-11-22 07:32:02.215 66684 INFO tempest.lib.common.rest_client [req-9be6f2b6-7369-492a-b5ec-12d661625877 req-9be6f2b6-7369-492a-b5ec-12d661625877 ] Request (DeleteServersTestJSON:test_delete_server_while_in_attached_volume): 200 GET http://10.180.1.21/compute/v2.1/servers/797401df-8cad-4a87-b2de-31378bd59876 1.383s
2025-11-22 07:32:02.264 66692 INFO tempest.lib.common.rest_client [req-4eee5409-0978-4f4b-b540-926bd1cb0012 req-4eee5409-0978-4f4b-b540-926bd1cb0012 ] Request (ImagesOneServerNegativeTestJSON:_run_cleanups): 404 GET http://10.180.1.21/compute/v2.1/servers/e21774ad-2fe9-44e1-bfa6-2e1b34821a87 1.385s
2025-11-22 07:32:02.282 66680 INFO tempest.lib.common.rest_client [req-6ef155bf-4bd0-4240-81e4-35aec73708bf req-6ef155bf-4bd0-4240-81e4-35aec73708bf ] Request (FloatingIPDetailsTestJSON:tearDownClass): 202 DELETE http://10.180.1.21/compute/v2.1/os-floating-ips/3e73fe28-2ec6-4b86-85dd-7f546e5a6131 1.520s
2025-11-22 07:32:02.690 66724 WARNING tempest.lib.common.ssh [-] Failed to establish authenticated ssh connection to cirros@10.180.180.137 ([Errno None] Unable to connect to port 22 on 10.180.180.137). Number attempts: 5. Retry after 6 seconds.: paramiko.ssh_exception.NoValidConnectionsError: [Errno None] Unable to connect to port 22 on 10.180.180.137
2025-11-22 07:32:02.796 66688 INFO tempest.lib.common.rest_client [req-e6d910c0-c8bb-4414-b0b1-b504e82d234e req-e6d910c0-c8bb-4414-b0b1-b504e82d234e ] Request (InstanceActionsNegativeTestJSON:tearDownClass): 200 GET http://10.180.1.21/compute/v2.1/servers/7c95d790-62e5-4d59-a578-c3062ff6ccf1 1.899s
2025-11-22 07:32:02.799 66706 INFO tempest.lib.common.rest_client [req-5814a7bc-e800-4adb-92e9-70a780c04f22 req-5814a7bc-e800-4adb-92e9-70a780c04f22 ] Request (FlavorsAccessNegativeTestJSON:test_flavor_non_admin_remove): 403 POST http://10.180.1.21/compute/v2.1/flavors/1210035092/action 1.834s
2025-11-22 07:32:02.805 66716 INFO tempest.lib.common.rest_client [req-db6d2e2c-736f-45c7-977e-479b7738e3b7 req-db6d2e2c-736f-45c7-977e-479b7738e3b7 ] Request (AttachInterfacesTestJSON:_run_cleanups): 200 GET http://10.180.1.21/compute/v2.1/servers/360dd62d-2728-42fc-b465-be021e7b4ca1 1.859s
2025-11-22 07:32:02.902 66700 INFO tempest.lib.common.rest_client [req-2cdf7609-383d-4e3f-a02f-d66b6a3fbf01 req-2cdf7609-383d-4e3f-a02f-d66b6a3fbf01 ] Request (ImagesTestJSON:_run_cleanups): 204 DELETE http://10.180.1.21/compute/v2.1/servers/20f01a9c-f79c-4399-b329-f252e9046f35 1.827s
2025-11-22 07:32:02.963 66698 INFO tempest.lib.common.rest_client [req-8c05ee5f-77fe-4dec-b640-a94567c44fc5 req-8c05ee5f-77fe-4dec-b640-a94567c44fc5 ] Request (SecurityGroupRulesTestJSON:test_security_group_rules_delete_when_peer_group_deleted): 200 GET http://10.180.1.21/compute/v2.1/os-security-groups/5b40812e-79d3-42c5-8fd5-9b3920134203 1.759s
2025-11-22 07:32:03.018 66700 INFO tempest.lib.common.rest_client [req-88d50767-2d0d-4008-a11b-fe29a91b81c1 req-88d50767-2d0d-4008-a11b-fe29a91b81c1 ] Request (ImagesTestJSON:test_create_server_from_snapshot): 201 POST http://10.180.1.21/identity/v3/auth/tokens 0.109s
2025-11-22 07:32:03.018 66700 INFO tempest.lib.common.fixed_network [-] (ImagesTestJSON:test_create_server_from_snapshot) Found network {'id': '881cc6d6-de3c-4282-95b8-1ea4dd2ce2bd', 'name': 'tempest-ImagesTestJSON-269769607-network', 'tenant_id': 'e8f09d62e606444c9069f8d7a6d290fd', 'project_id': 'e8f09d62e606444c9069f8d7a6d290fd', 'admin_state_up': True, 'mtu': 8950, 'status': 'ACTIVE', 'subnets': [], 'shared': False, 'port_security_enabled': True, 'router:external': False, 'provider:network_type': 'vlan', 'provider:physical_network': 'default', 'provider:segmentation_id': 801, 'availability_zone_hints': [], 'availability_zones': [], 'ipv4_address_scope': None, 'ipv6_address_scope': None, 'description': '', 'tags': [], 'created_at': '2025-11-22T07:29:14Z', 'updated_at': '2025-11-22T07:29:14Z', 'revision_number': 1} available for tenant
2025-11-22 07:32:03.027 66714 INFO tempest.lib.common.rest_client [req-8d4482fc-521f-4189-8429-687241e5ef01 req-8d4482fc-521f-4189-8429-687241e5ef01 ] Request (ServersAdminTestJSON:test_rebuild_server_in_error_state): 202 POST http://10.180.1.21/compute/v2.1/servers/32219fae-832e-46f8-82f8-80f0cb2ae87a/action 1.979s
2025-11-22 07:32:03.078 66710 INFO tempest.lib.common.rest_client [req-735c90b9-c53b-4715-8087-a81cf28d8951 req-735c90b9-c53b-4715-8087-a81cf28d8951 ] Request (ImagesOneServerTestJSON:test_create_image_specify_multibyte_character_image_name): 200 GET http://10.180.1.21/compute/v2.1/images/ca8d316f-bf23-4b5c-a472-27770afaad72 1.290s
2025-11-22 07:32:03.078 66664 INFO tempest.lib.common.rest_client [req-69833a2e-80ae-4a5e-99ea-44d97d92ac29 req-69833a2e-80ae-4a5e-99ea-44d97d92ac29 ] Request (SecurityGroupsTestJSON:test_server_security_groups): 200 GET http://10.180.1.21/compute/v2.1/servers/1680301a-3a6b-42ee-8f53-b54a50235d32 1.498s
2025-11-22 07:32:03.159 66694 INFO tempest.lib.common.rest_client [req-6859a5cd-5fe1-4ced-bb91-0d3100366be8 req-6859a5cd-5fe1-4ced-bb91-0d3100366be8 ] Request (ServerRescueNegativeTestJSON:test_rescued_vm_detach_volume): 200 GET http://10.180.1.21/compute/v2.1/servers/eed19f33-7861-496a-96e3-6593613e8a1f 1.309s
2025-11-22 07:32:03.176 66676 INFO tempest.lib.common.rest_client [req-322ec1f5-8b7f-4440-be89-37c539a0004c req-322ec1f5-8b7f-4440-be89-37c539a0004c ] Request (FloatingIPsAssociationTestJSON:tearDownClass): 200 GET http://10.180.1.21/compute/v2.1/servers/f077c0a1-f72a-4ce7-b1b3-4b38195bcfae 1.311s
2025-11-22 07:32:03.198 66680 INFO tempest.lib.common.rest_client [req-09cd8993-836d-463f-9e41-69beb5cb075c req-09cd8993-836d-463f-9e41-69beb5cb075c ] Request (FloatingIPDetailsTestJSON:tearDownClass): 200 PUT http://10.180.1.21/networking/v2.0/routers/4e422ca6-fa5f-4e84-bd7a-28693dccb5a2/remove_router_interface 0.915s
2025-11-22 07:32:03.257 66678 INFO tempest.lib.common.rest_client [req-b6bc1529-d101-4dda-bf1c-5c37d9c738c7 req-b6bc1529-d101-4dda-bf1c-5c37d9c738c7 ] Request (ServersTestFqdnHostnames:tearDownClass): 200 GET http://10.180.1.21/compute/v2.1/servers/58538626-bfca-4c65-afe8-4b629209eed7 1.262s
2025-11-22 07:32:03.303 66692 INFO tempest.lib.common.rest_client [req-95dd2a90-53e2-43df-9e8a-e0fe34de2e15 req-95dd2a90-53e2-43df-9e8a-e0fe34de2e15 ] Request (ImagesOneServerNegativeTestJSON:_run_cleanups): 200 POST http://10.180.1.21/compute/v2.1/os-keypairs 1.037s
2025-11-22 07:32:03.360 66670 INFO tempest.lib.common.rest_client [req-b2ca4898-fee7-4947-8300-36025efae49f req-b2ca4898-fee7-4947-8300-36025efae49f ] Request (ServerDiskConfigTestJSON:test_rebuild_server_with_auto_disk_config): 200 GET http://10.180.1.21/compute/v2.1/servers/235e3d24-849e-4b78-bf3e-8d4508b96e40 1.417s
2025-11-22 07:32:03.479 66692 INFO tempest.lib.common.rest_client [req-ffe3c41a-26fd-4dc0-befa-9230e592ebeb req-ffe3c41a-26fd-4dc0-befa-9230e592ebeb ] Request (ImagesOneServerNegativeTestJSON:_run_cleanups): 201 POST http://10.180.1.21/networking/v2.0/security-groups 0.172s
2025-11-22 07:32:03.536 66720 WARNING tempest.lib.common.ssh [-] Failed to establish authenticated ssh connection to cirros@10.180.180.169 ([Errno None] Unable to connect to port 22 on 10.180.180.169). Number attempts: 7. Retry after 8 seconds.: paramiko.ssh_exception.NoValidConnectionsError: [Errno None] Unable to connect to port 22 on 10.180.180.169
2025-11-22 07:32:03.540 66713 INFO tempest.lib.common.rest_client [req-c08c4e3e-ba16-4ff3-8d39-783a7c04529f req-c08c4e3e-ba16-4ff3-8d39-783a7c04529f ] Request (ServerMetadataTestJSON:setUpClass): 200 GET http://10.180.1.21/compute/v2.1/servers/9ec91cd5-efe8-4408-a32f-e7032ce745fd 1.003s
2025-11-22 07:32:03.638 66692 INFO tempest.lib.common.rest_client [req-82c2b1b3-ab26-4a9e-acdf-ed5d4fd5bdb5 req-82c2b1b3-ab26-4a9e-acdf-ed5d4fd5bdb5 ] Request (ImagesOneServerNegativeTestJSON:_run_cleanups): 201 POST http://10.180.1.21/networking/v2.0/security-group-rules 0.158s
2025-11-22 07:32:03.680 66668 INFO tempest.lib.common.rest_client [req-9ea7875a-f3a0-4147-ad56-91471d412c5c req-9ea7875a-f3a0-4147-ad56-91471d412c5c ] Request (MigrationsAdminTest:test_list_migrations_in_flavor_resize_situation): 200 GET http://10.180.1.21/compute/v2.1/servers/25e5aec6-9c2f-4916-b635-e9e1ffcd0d9b 1.229s
2025-11-22 07:32:03.694 66668 INFO tempest.common.waiters [-] State transition "RESIZE/resize_prep" ==> "RESIZE/resize_migrating" after 32 second wait
2025-11-22 07:32:03.698 66666 INFO tempest.lib.common.rest_client [req-570f3d59-56f3-4da9-8341-bdad7b2ff7d3 req-570f3d59-56f3-4da9-8341-bdad7b2ff7d3 ] Request (ServersAaction247Test:tearDownClass): 200 GET http://10.180.1.21/compute/v2.1/servers/6331e94b-ad11-44b8-b5f4-91d0b19248fe 1.039s
2025-11-22 07:32:03.806 66680 INFO tempest.lib.common.rest_client [req-ed70589e-66da-42ab-bb6c-7bd85857f635 req-ed70589e-66da-42ab-bb6c-7bd85857f635 ] Request (FloatingIPDetailsTestJSON:tearDownClass): 204 DELETE http://10.180.1.21/networking/v2.0/routers/4e422ca6-fa5f-4e84-bd7a-28693dccb5a2 0.607s
2025-11-22 07:32:03.837 66692 INFO tempest.lib.common.rest_client [req-4e15b170-4d01-4a0c-9cc6-7510bb6d8f8a req-4e15b170-4d01-4a0c-9cc6-7510bb6d8f8a ] Request (ImagesOneServerNegativeTestJSON:_run_cleanups): 201 POST http://10.180.1.21/networking/v2.0/security-group-rules 0.199s
