2025-11-22 09:02:41.474 66734 INFO tempest.lib.common.rest_client [req-984221f5-7f0d-400c-b715-7fcb98b86d8c req-984221f5-7f0d-400c-b715-7fcb98b86d8c ] Request (MigrationsAdminTest:test_list_migrations_in_flavor_resize_situation): 200 GET http://10.180.1.21/compute/v2.1/servers/cc4e1a97-8dc1-4102-83bb-3f521c21a6ef 2.453s
2025-11-22 09:02:41.488 66697 INFO tempest.lib.common.rest_client [req-23df064f-f756-4171-81ef-34336fa6b1c4 req-23df064f-f756-4171-81ef-34336fa6b1c4 ] Request (ComputeTenantNetworksTest:setUpClass): 201 POST http://10.180.1.21/identity/v3/auth/tokens 0.034s
2025-11-22 09:02:41.488 66697 INFO tempest.lib.common.fixed_network [-] (ComputeTenantNetworksTest:setUpClass) Found network {'id': '884733c2-5d69-46ab-ada8-522d35ffc8ad', 'name': 'tempest-ComputeTenantNetworksTest-828741632-network', 'tenant_id': '37fcd903a22f434e89f2ead608dae773', 'project_id': '37fcd903a22f434e89f2ead608dae773', 'admin_state_up': True, 'mtu': 8950, 'status': 'ACTIVE', 'subnets': [], 'shared': False, 'port_security_enabled': True, 'router:external': False, 'provider:network_type': 'vlan', 'provider:physical_network': 'default', 'provider:segmentation_id': 578, 'availability_zone_hints': [], 'availability_zones': [], 'ipv4_address_scope': None, 'ipv6_address_scope': None, 'description': '', 'tags': [], 'created_at': '2025-11-22T09:02:41Z', 'updated_at': '2025-11-22T09:02:41Z', 'revision_number': 1} available for tenant
2025-11-22 09:02:41.555 66693 INFO tempest.lib.common.rest_client [req-121bda71-03eb-4d67-b5ea-fb9d129b62ca req-121bda71-03eb-4d67-b5ea-fb9d129b62ca ] Request (ServersV294TestFqdnHostnames:setUpClass): 200 GET http://10.180.1.21/compute/v2.1/servers/bb327196-8041-4008-92a9-9be82afe20e1 2.513s
2025-11-22 09:02:41.563 66695 INFO tempest.lib.common.rest_client [req-0c2cbaa3-825f-43cf-b251-58e52e2b5d25 req-0c2cbaa3-825f-43cf-b251-58e52e2b5d25 ] Request (AggregatesAdminNegativeTestJSON:test_aggregate_list_as_user): 403 GET http://10.180.1.21/compute/v2.1/os-aggregates 2.365s
2025-11-22 09:02:41.565 66693 INFO tempest.common.waiters [-] State transition "BUILD/None" ==> "BUILD/networking" after 8 second wait
2025-11-22 09:02:41.726 66718 INFO tempest.lib.common.rest_client [req-a529c305-25ec-40d1-a3f5-81ecd897e373 req-a529c305-25ec-40d1-a3f5-81ecd897e373 ] Request (ImagesTestJSON:test_create_image_from_suspended_server): 202 POST http://10.180.1.21/compute/v2.1/servers 2.709s
2025-11-22 09:02:41.906 66709 INFO tempest.lib.common.rest_client [req-0b7c1e37-ccc4-4fc8-b1ea-b9c793a85405 req-0b7c1e37-ccc4-4fc8-b1ea-b9c793a85405 ] Request (SecurityGroupRulesNegativeTestJSON:test_create_security_group_rule_with_invalid_to_port): 200 POST http://10.180.1.21/compute/v2.1/os-security-groups 2.703s
2025-11-22 09:02:41.926 66689 INFO tempest.lib.common.rest_client [req-15398594-6d4a-41fa-bba0-6d870730e6ab req-15398594-6d4a-41fa-bba0-6d870730e6ab ] Request (FlavorsAdminTestJSON:test_is_public_string_variations): 200 POST http://10.180.1.21/compute/v2.1/flavors 2.702s
2025-11-22 09:02:41.946 66703 INFO tempest.lib.common.rest_client [req-10f397b4-f203-483d-8a89-bb6e6d65605b req-10f397b4-f203-483d-8a89-bb6e6d65605b ] Request (ServersListShow298Test:test_list_show_update_rebuild_server_298): 202 POST http://10.180.1.21/compute/v2.1/servers/dbece97f-baca-43f3-bacd-e274c9b6d985/action 2.745s
2025-11-22 09:02:42.059 66701 INFO tempest.lib.common.rest_client [req-bda4fcc4-96b9-411a-9771-2b6689b02f83 req-bda4fcc4-96b9-411a-9771-2b6689b02f83 ] Request (ServerDiagnosticsV248Test:tearDownClass): 200 GET http://10.180.1.21/compute/v2.1/servers/6ec300ff-3375-4735-8c53-0b48db26f989 2.745s
2025-11-22 09:02:42.072 66747 INFO tempest.lib.common.rest_client [req-3c8a77c1-ad2f-45bb-929c-e684afdbb27b req-3c8a77c1-ad2f-45bb-929c-e684afdbb27b ] Request (ServersTestManualDisk:test_verify_created_server_vcpus): 200 GET http://10.180.1.21/compute/v2.1/flavors/42 2.432s
2025-11-22 09:02:42.078 66747 INFO tempest.lib.common.ssh [-] Creating ssh connection to '10.180.180.207:22' as 'cirros' with public key authentication
2025-11-22 09:02:42.081 66747 INFO paramiko.transport [-] Connected (version 2.0, client dropbear_2020.81)
2025-11-22 09:02:42.087 66705 INFO tempest.lib.common.rest_client [req-d0baf9e1-e993-4525-8a61-6b3f1327fc0e req-d0baf9e1-e993-4525-8a61-6b3f1327fc0e ] Request (DeleteServersAdminTestJSON:test_delete_server_while_in_error_state): 200 GET http://10.180.1.21/compute/v2.1/servers/933540f6-b642-4e12-a392-c8075652e313 2.791s
2025-11-22 09:02:42.097 66705 INFO tempest.common.waiters [-] State transition "BUILD/spawning" ==> "ACTIVE/None" after 33 second wait
2025-11-22 09:02:42.130 66729 INFO tempest.lib.common.rest_client [req-fcafbacc-2355-48b3-b510-4519a79c6fed req-fcafbacc-2355-48b3-b510-4519a79c6fed ] Request (VolumesAssistedSnapshotsTest:test_volume_assisted_snapshot_create_delete): 200 GET http://10.180.1.21/volume/v3/volumes/a14966c4-315d-4212-b084-2ad3a473702c 0.038s
2025-11-22 09:02:42.185 66747 INFO paramiko.transport [-] Authentication (publickey) successful!
2025-11-22 09:02:42.186 66747 INFO tempest.lib.common.ssh [-] ssh connection to cirros@10.180.180.207 successfully created
2025-11-22 09:02:42.322 66739 INFO tempest.lib.common.rest_client [req-b29c36fa-86f2-4005-b3b5-d29a81c3c39d req-b29c36fa-86f2-4005-b3b5-d29a81c3c39d ] Request (InstanceActionsTestJSON:test_list_instance_actions): 200 GET http://10.180.1.21/compute/v2.1/servers/a4e27299-8e9e-4489-b91b-769099101b96 2.478s
2025-11-22 09:02:42.330 66739 INFO tempest.common.waiters [-] State transition "HARD_REBOOT/rebooting_hard" ==> "ACTIVE/None" after 4 second wait
2025-11-22 09:02:42.391 66691 INFO tempest.lib.common.rest_client [req-99f2305f-e19f-4047-b57a-7510a0af64da req-99f2305f-e19f-4047-b57a-7510a0af64da ] Request (ServerRescueNegativeTestJSON:test_rescued_vm_attach_volume): 200 GET http://10.180.1.21/compute/v2.1/servers/91002d37-1efc-4000-b3b3-95637394a6a5 2.521s
2025-11-22 09:02:42.507 66699 INFO tempest.lib.common.rest_client [req-1fbe8e52-0076-48b6-9d1f-a0beff9d4da3 req-1fbe8e52-0076-48b6-9d1f-a0beff9d4da3 ] Request (ServerActionsTestJSON:setUpClass): 200 GET http://10.180.1.21/compute/v2.1/servers/789938ae-ffd9-47fb-81cb-6b48653dafab 2.428s
2025-11-22 09:02:42.537 66737 INFO tempest.lib.common.rest_client [req-c6942a50-da05-45b8-b526-b7d771316ae8 req-c6942a50-da05-45b8-b526-b7d771316ae8 ] Request (FloatingIPsAssociationTestJSON:setUpClass): 200 GET http://10.180.1.21/compute/v2.1/servers/beb1d19f-1268-4a4b-86fc-ba4e09a61449 2.485s
2025-11-22 09:02:42.548 66737 INFO tempest.common.waiters [-] State transition "BUILD/spawning" ==> "ACTIVE/None" after 32 second wait
2025-11-22 09:02:42.638 66741 INFO tempest.lib.common.rest_client [req-2363a654-360e-4bdd-a8c0-61d7002f409f req-2363a654-360e-4bdd-a8c0-61d7002f409f ] Request (ServerActionsTestOtherB:setUpClass): 200 GET http://10.180.1.21/compute/v2.1/servers/8c24f910-8be2-430d-a07c-ced235d1060f 2.310s
2025-11-22 09:02:42.730 66743 INFO tempest.lib.common.rest_client [req-c3149c7f-ec40-4d79-8260-836d6fe5fc62 req-c3149c7f-ec40-4d79-8260-836d6fe5fc62 ] Request (MultipleCreateTestJSON:test_multiple_create): 200 GET http://10.180.1.21/compute/v2.1/servers/062a9332-cf2e-43d8-938c-c65b4d337921 2.219s
2025-11-22 09:02:42.791 66713 INFO tempest.lib.common.rest_client [req-7b02b999-e0d8-44ec-9c2a-9fdefbd001fc req-7b02b999-e0d8-44ec-9c2a-9fdefbd001fc ] Request (ImagesMetadataTestJSON:test_update_image_metadata): 200 GET http://10.180.1.21/compute/v2.1/images/461d6b82-dba9-46f4-8510-61a245933a44/metadata 1.868s
2025-11-22 09:02:42.852 66713 INFO tempest.lib.common.rest_client [req-5915335d-db65-4983-9c5a-6bf027d7b452 req-5915335d-db65-4983-9c5a-6bf027d7b452 ] Request (ImagesMetadataTestJSON:tearDownClass): 204 DELETE http://10.180.1.21/image/v2/images/461d6b82-dba9-46f4-8510-61a245933a44 0.059s
2025-11-22 09:02:42.942 66713 INFO tempest.lib.common.rest_client [req-21dbd63a-7afa-4fb5-888a-ef466ad5f69d req-21dbd63a-7afa-4fb5-888a-ef466ad5f69d ] Request (ImagesMetadataTestJSON:tearDownClass): 204 DELETE http://10.180.1.21/identity/v3/users/682bf0f01a414609be9a8548457dae53 0.090s
2025-11-22 09:02:42.943 66713 INFO tempest.lib.common.dynamic_creds [-] Deleting project and security group for project: 6913cdd27da7453abef9a94d64ce5abe
2025-11-22 09:02:43.046 66735 INFO tempest.lib.common.rest_client [req-091c08e4-6367-41e1-b366-c8fe090908ff req-091c08e4-6367-41e1-b366-c8fe090908ff ] Request (DeleteServersTestJSON:test_delete_active_server): 200 GET http://10.180.1.21/compute/v2.1/servers/893b68a5-2280-453b-b4d4-0fe8c57bb117 2.036s
2025-11-22 09:02:43.046 66713 INFO tempest.lib.common.rest_client [req-ca39b067-3ce5-4d6a-b9c8-968bdb7fcfa2 req-ca39b067-3ce5-4d6a-b9c8-968bdb7fcfa2 ] Request (ImagesMetadataTestJSON:tearDownClass): 201 POST http://10.180.1.21/identity/v3/auth/tokens 0.103s
2025-11-22 09:02:43.068 66719 INFO tempest.lib.common.rest_client [req-378e66b4-a8d6-4734-89a5-3be2a4b48bc2 req-378e66b4-a8d6-4734-89a5-3be2a4b48bc2 ] Request (ServerGroupTestJSON:test_create_delete_multiple_server_groups_with_same_name_policy): 200 GET http://10.180.1.21/compute/v2.1/os-server-groups 2.001s
2025-11-22 09:02:43.085 66745 INFO tempest.lib.common.rest_client [req-9bd0ace1-aaba-4d69-8be5-2f9a185ff2cb req-9bd0ace1-aaba-4d69-8be5-2f9a185ff2cb ] Request (KeyPairsV2TestJSON:test_keypairs_create_list_delete): 200 GET http://10.180.1.21/compute/v2.1/os-keypairs 1.956s
2025-11-22 09:02:43.109 66711 INFO tempest.lib.common.rest_client [req-9942924a-9673-49ce-9119-beb6a1f5c64d req-9942924a-9673-49ce-9119-beb6a1f5c64d ] Request (AttachInterfacesTestJSON:test_create_list_show_delete_interfaces_by_fixed_ip): 202 POST http://10.180.1.21/compute/v2.1/servers 2.913s
2025-11-22 09:02:43.199 66729 INFO tempest.lib.common.rest_client [req-f6797667-dbc5-419a-b414-fea20411271e req-f6797667-dbc5-419a-b414-fea20411271e ] Request (VolumesAssistedSnapshotsTest:test_volume_assisted_snapshot_create_delete): 200 GET http://10.180.1.21/volume/v3/volumes/a14966c4-315d-4212-b084-2ad3a473702c 0.056s
2025-11-22 09:02:43.286 66731 INFO tempest.lib.common.rest_client [req-287fa654-2907-48ae-b844-1089ad5719be req-287fa654-2907-48ae-b844-1089ad5719be ] Request (QuotasAdminTestV257:test_get_updated_quotas): 200 GET http://10.180.1.21/compute/v2.1/os-quota-sets/6394a5e9e042492bb4ceb7c66649c63d?user_id=c3bdd34244fa46f495c59e449d87f4de 1.975s
2025-11-22 09:02:43.288 66713 INFO tempest.lib.common.rest_client [req-792cb6b6-2b33-4012-9528-782c99fa2b4b req-792cb6b6-2b33-4012-9528-782c99fa2b4b ] Request (ImagesMetadataTestJSON:tearDownClass): 200 GET http://10.180.1.21/networking/v2.0/security-groups?tenant_id=6913cdd27da7453abef9a94d64ce5abe&name=default 0.241s
2025-11-22 09:02:43.388 66731 INFO tempest.lib.common.rest_client [req-0801e327-c116-44d8-bcd9-f781cc71ac69 req-0801e327-c116-44d8-bcd9-f781cc71ac69 ] Request (QuotasAdminTestV257:_run_cleanups): 204 DELETE http://10.180.1.21/identity/v3/users/c3bdd34244fa46f495c59e449d87f4de 0.100s
2025-11-22 09:02:43.463 66713 INFO tempest.lib.common.rest_client [req-8407aa02-9fd5-414b-82a1-0b1f538a3cc6 req-8407aa02-9fd5-414b-82a1-0b1f538a3cc6 ] Request (ImagesMetadataTestJSON:tearDownClass): 204 DELETE http://10.180.1.21/networking/v2.0/security-groups/f267d49b-51de-44f4-ae45-0887eea76517 0.175s
2025-11-22 09:02:43.499 66715 INFO tempest.lib.common.rest_client [req-dfeb0574-8445-4b1b-9eed-db0d8640c84f req-dfeb0574-8445-4b1b-9eed-db0d8640c84f ] Request (ServersListShow296Test:tearDownClass): 200 GET http://10.180.1.21/compute/v2.1/servers/37906b9f-5d41-4bb9-b3d0-37c2a5c6b98a 2.132s
2025-11-22 09:02:43.520 66731 INFO tempest.lib.common.rest_client [req-4ff69c57-0c0e-4b7e-b664-44af571e2f47 req-4ff69c57-0c0e-4b7e-b664-44af571e2f47 ] Request (QuotasAdminTestV257:_run_cleanups): 204 DELETE http://10.180.1.21/identity/v3/projects/6394a5e9e042492bb4ceb7c66649c63d 0.131s
2025-11-22 09:02:43.652 66713 INFO tempest.lib.common.rest_client [req-e2679520-1f61-4800-974f-880c91231900 req-e2679520-1f61-4800-974f-880c91231900 ] Request (ImagesMetadataTestJSON:tearDownClass): 204 DELETE http://10.180.1.21/identity/v3/projects/6913cdd27da7453abef9a94d64ce5abe 0.188s
2025-11-22 09:02:43.730 66687 INFO tempest.lib.common.rest_client [req-72a31156-5385-4494-85e2-b4fc8b03287c req-72a31156-5385-4494-85e2-b4fc8b03287c ] Request (ListServerFiltersTestJSON:setUpClass): 202 POST http://10.180.1.21/compute/v2.1/servers 2.532s
2025-11-22 09:02:43.761 66695 INFO tempest.lib.common.rest_client [req-1347fbb9-6650-43ad-bd86-b8ddeff7fd5b req-1347fbb9-6650-43ad-bd86-b8ddeff7fd5b ] Request (AggregatesAdminNegativeTestJSON:test_aggregate_remove_host_as_user): 200 POST http://10.180.1.21/compute/v2.1/os-aggregates 2.196s
2025-11-22 09:02:43.783 66731 INFO tempest.lib.common.rest_client [req-cf867c5e-9cbc-4d94-b584-21c7e0eb5ac5 req-cf867c5e-9cbc-4d94-b584-21c7e0eb5ac5 ] Request (QuotasAdminTestV257:tearDownClass): 204 DELETE http://10.180.1.21/identity/v3/users/f6866937567a4bb88b3a4e1ea1b82b98 0.262s
2025-11-22 09:02:43.787 66727 INFO tempest.lib.common.rest_client [req-789fe905-23fd-4871-b67f-33865538c8ae req-789fe905-23fd-4871-b67f-33865538c8ae ] Request (QuotasAdminTestV236:test_get_updated_quotas): 200 GET http://10.180.1.21/identity/v3/domains?name=Default 0.232s
2025-11-22 09:02:43.820 66697 INFO tempest.lib.common.rest_client [req-f22ebc5b-1cfe-4707-8e5d-8d2f6bcc3bca req-f22ebc5b-1cfe-4707-8e5d-8d2f6bcc3bca ] Request (ComputeTenantNetworksTest:test_list_show_tenant_networks): 200 GET http://10.180.1.21/compute/v2.1/os-tenant-networks 2.331s
2025-11-22 09:02:43.854 66713 INFO tempest.lib.common.rest_client [req-6bad6be4-afb2-46b2-b26e-abdbeb5837de req-6bad6be4-afb2-46b2-b26e-abdbeb5837de ] Request (ListImageFiltersTestJSON:setUpClass): 201 POST http://10.180.1.21/identity/v3/auth/tokens 0.200s
2025-11-22 09:02:43.865 66687 INFO tempest.lib.common.rest_client [req-46c2a1a2-775e-4fb3-99d2-a9dbd6c4e609 req-46c2a1a2-775e-4fb3-99d2-a9dbd6c4e609 ] Request (ListServerFiltersTestJSON:setUpClass): 201 POST http://10.180.1.21/identity/v3/auth/tokens 0.130s
2025-11-22 09:02:43.866 66687 INFO tempest.lib.common.fixed_network [-] (ListServerFiltersTestJSON:setUpClass) Found network {'id': '0bb08db1-ac20-4ecf-bfc5-683723f17b3a', 'name': 'tempest-ListServerFiltersTestJSON-1471892843-network', 'tenant_id': '3c144285dc3949ef926c0b13645574be', 'project_id': '3c144285dc3949ef926c0b13645574be', 'admin_state_up': True, 'mtu': 8950, 'status': 'ACTIVE', 'subnets': [], 'shared': False, 'port_security_enabled': True, 'router:external': False, 'provider:network_type': 'vlan', 'provider:physical_network': 'default', 'provider:segmentation_id': 582, 'availability_zone_hints': [], 'availability_zones': [], 'ipv4_address_scope': None, 'ipv6_address_scope': None, 'description': '', 'tags': [], 'created_at': '2025-11-22T09:02:37Z', 'updated_at': '2025-11-22T09:02:37Z', 'revision_number': 1} available for tenant
2025-11-22 09:02:43.954 66718 INFO tempest.lib.common.rest_client [req-bd553bef-235e-4fcd-ab78-bcd1c582b774 req-bd553bef-235e-4fcd-ab78-bcd1c582b774 ] Request (ImagesTestJSON:test_create_image_from_suspended_server): 200 GET http://10.180.1.21/compute/v2.1/servers/0070a399-7c91-4abb-a36e-d57408c91e31 2.226s
2025-11-22 09:02:43.959 66731 INFO tempest.lib.common.rest_client [req-d253e540-7ffc-4525-a14a-c0084cfb81f9 req-d253e540-7ffc-4525-a14a-c0084cfb81f9 ] Request (QuotasAdminTestV257:tearDownClass): 204 DELETE http://10.180.1.21/identity/v3/users/54c7a120410048d89f2b04240792a2ba 0.175s
2025-11-22 09:02:43.960 66731 INFO tempest.lib.common.dynamic_creds [-] Deleting project and security group for project: bfbb90a96c234437b183a85fc1bc374d
2025-11-22 09:02:43.983 66723 INFO tempest.lib.common.rest_client [req-2c007756-27a2-449b-8897-558f35d07b78 req-2c007756-27a2-449b-8897-558f35d07b78 ] Request (VolumesAdminNegativeTest:test_update_attached_volume_with_nonexistent_volume_in_uri): 200 GET http://10.180.1.21/compute/v2.1/servers/6e8842a2-e3c7-4511-9b8d-6c38e1df8626 2.337s
2025-11-22 09:02:43.989 66727 INFO tempest.lib.common.rest_client [req-8feca1e1-31a6-407b-ab41-8d9a08cd1ff2 req-8feca1e1-31a6-407b-ab41-8d9a08cd1ff2 ] Request (QuotasAdminTestV236:test_get_updated_quotas): 201 POST http://10.180.1.21/identity/v3/projects 0.201s
2025-11-22 09:02:44.001 66689 INFO tempest.lib.common.rest_client [req-dbb0e5cd-2318-4d95-adbc-aa7de2f756ec req-dbb0e5cd-2318-4d95-adbc-aa7de2f756ec ] Request (FlavorsAdminTestJSON:test_is_public_string_variations): 200 GET http://10.180.1.21/compute/v2.1/flavors/detail?is_public=f 2.072s
2025-11-22 09:02:44.050 66713 INFO tempest.lib.common.rest_client [req-7617be6b-9d48-42ee-a8f2-9f5b94b76b27 req-7617be6b-9d48-42ee-a8f2-9f5b94b76b27 ] Request (ListImageFiltersTestJSON:setUpClass): 201 POST http://10.180.1.21/identity/v3/auth/tokens 0.194s
2025-11-22 09:02:44.061 66709 INFO tempest.lib.common.rest_client [req-b55d2ba0-3d45-4cd4-a818-3685726689d0 req-b55d2ba0-3d45-4cd4-a818-3685726689d0 ] Request (SecurityGroupRulesNegativeTestJSON:test_create_security_group_rule_with_invalid_to_port): 400 POST http://10.180.1.21/compute/v2.1/os-security-group-rules 2.150s
2025-11-22 09:02:44.064 66731 INFO tempest.lib.common.rest_client [req-8e8e0813-41da-4d1c-b747-ebe27b5e36be req-8e8e0813-41da-4d1c-b747-ebe27b5e36be ] Request (QuotasAdminTestV257:tearDownClass): 201 POST http://10.180.1.21/identity/v3/auth/tokens 0.104s
2025-11-22 09:02:44.093 66703 INFO tempest.lib.common.rest_client [req-521bd6a1-8406-41ca-8cbe-83db405afa46 req-521bd6a1-8406-41ca-8cbe-83db405afa46 ] Request (ServersListShow298Test:test_list_show_update_rebuild_server_298): 200 GET http://10.180.1.21/compute/v2.1/servers/dbece97f-baca-43f3-bacd-e274c9b6d985 2.132s
2025-11-22 09:02:44.107 66713 INFO tempest.lib.common.rest_client [req-9994f189-8859-4e1e-8d30-3ee90a67ff60 req-9994f189-8859-4e1e-8d30-3ee90a67ff60 ] Request (ListImageFiltersTestJSON:setUpClass): 200 GET http://10.180.1.21/identity/v3/domains?name=Default 0.056s
2025-11-22 09:02:44.119 66727 INFO tempest.lib.common.rest_client [req-8802930a-6e5c-4a02-9dac-fa3d1495d9a2 req-8802930a-6e5c-4a02-9dac-fa3d1495d9a2 ] Request (QuotasAdminTestV236:test_get_updated_quotas): 200 GET http://10.180.1.21/identity/v3/domains?name=Default 0.130s
2025-11-22 09:02:44.137 66705 INFO tempest.lib.common.rest_client [req-1a3cea00-6ac4-4ea6-ad41-21a9180472cb req-1a3cea00-6ac4-4ea6-ad41-21a9180472cb ] Request (DeleteServersAdminTestJSON:test_delete_server_while_in_error_state): 202 POST http://10.180.1.21/compute/v2.1/servers/933540f6-b642-4e12-a392-c8075652e313/action 2.039s
2025-11-22 09:02:44.158 66713 INFO tempest.lib.common.rest_client [req-8b84aefb-7029-40a9-b3a3-72c7e867967b req-8b84aefb-7029-40a9-b3a3-72c7e867967b ] Request (ListImageFiltersTestJSON:setUpClass): 201 POST http://10.180.1.21/identity/v3/projects 0.050s
2025-11-22 09:02:44.180 66747 INFO tempest.lib.common.rest_client [req-dbd47624-f8c7-4fcf-af73-b3baee38b605 req-dbd47624-f8c7-4fcf-af73-b3baee38b605 ] Request (ServersTestManualDisk:tearDownClass): 204 DELETE http://10.180.1.21/compute/v2.1/servers/0f504896-3d18-4e8d-923e-276f44901f46 1.986s
2025-11-22 09:02:44.211 66739 INFO tempest.lib.common.rest_client [req-b702c8ff-786f-4bf3-bf88-9db68eefe623 req-b702c8ff-786f-4bf3-bf88-9db68eefe623 ] Request (InstanceActionsTestJSON:test_list_instance_actions): 200 GET http://10.180.1.21/compute/v2.1/servers/a4e27299-8e9e-4489-b91b-769099101b96/os-instance-actions 1.880s
2025-11-22 09:02:44.228 66713 INFO tempest.lib.common.rest_client [req-98c2902d-37d4-424b-87df-b19f8a481a75 req-98c2902d-37d4-424b-87df-b19f8a481a75 ] Request (ListImageFiltersTestJSON:setUpClass): 201 POST http://10.180.1.21/identity/v3/users 0.069s
2025-11-22 09:02:44.239 66729 INFO tempest.lib.common.rest_client [req-c1cd483d-c701-4def-9079-45aeff3df458 req-c1cd483d-c701-4def-9079-45aeff3df458 ] Request (VolumesAssistedSnapshotsTest:test_volume_assisted_snapshot_create_delete): 200 GET http://10.180.1.21/volume/v3/volumes/a14966c4-315d-4212-b084-2ad3a473702c 0.033s
2025-11-22 09:02:44.247 66729 INFO tempest.common.waiters [-] Attachment 4128bc2a-37e5-41d6-b3b0-065a1e80f125 created for volume a14966c4-315d-4212-b084-2ad3a473702c to server c34d3429-a622-4f9f-be91-510b5c07671e after waiting for 9.246998 seconds
2025-11-22 09:02:44.249 66713 INFO tempest.lib.common.rest_client [req-c81e8cd7-0238-4755-820e-6b676fad9098 req-c81e8cd7-0238-4755-820e-6b676fad9098 ] Request (ListImageFiltersTestJSON:setUpClass): 200 GET http://10.180.1.21/identity/v3/roles 0.021s
2025-11-22 09:02:44.273 66729 INFO tempest.lib.common.rest_client [req-3fd8482f-25eb-4263-bc96-f0fc96a4e4ac req-3fd8482f-25eb-4263-bc96-f0fc96a4e4ac ] Request (VolumesAssistedSnapshotsTest:test_volume_assisted_snapshot_create_delete): 200 GET http://10.180.1.21/volume/v3/volumes/a14966c4-315d-4212-b084-2ad3a473702c 0.026s
2025-11-22 09:02:44.277 66731 INFO tempest.lib.common.rest_client [req-96e42be3-4506-4cc2-af0c-8c061aa405d0 req-96e42be3-4506-4cc2-af0c-8c061aa405d0 ] Request (QuotasAdminTestV257:tearDownClass): 200 GET http://10.180.1.21/networking/v2.0/security-groups?tenant_id=bfbb90a96c234437b183a85fc1bc374d&name=default 0.212s
2025-11-22 09:02:44.280 66713 INFO tempest.lib.common.rest_client [req-5d4b2ac6-e7ec-4a4d-9a22-9b2110dae4dc req-5d4b2ac6-e7ec-4a4d-9a22-9b2110dae4dc ] Request (ListImageFiltersTestJSON:setUpClass): 204 PUT http://10.180.1.21/identity/v3/projects/9593051f73de4c7f844206e8156b2473/users/87a9b6fc5f624010b5610e37b93518d4/roles/80d723911f9b48a2ae53c87bc6e5ea0d 0.030s
2025-11-22 09:02:44.280 66729 INFO tempest.common.waiters [-] volume a14966c4-315d-4212-b084-2ad3a473702c reached in-use after waiting for 0.280736 seconds
2025-11-22 09:02:44.281 66713 INFO tempest.lib.common.dynamic_creds [-] Dynamic test user 87a9b6fc5f624010b5610e37b93518d4 is created with scope project and roles: ['member']
2025-11-22 09:02:44.281 66713 INFO tempest.lib.common.dynamic_creds [-] Acquired dynamic creds: credentials: Credentials: {'domain_id': 'default', 'domain_name': 'Default', 'username': 'tempest-ListImageFiltersTestJSON-1166256917-project-member', 'project_domain_id': 'default', 'project_domain_name': 'Default', 'project_id': '9593051f73de4c7f844206e8156b2473', 'project_name': 'tempest-ListImageFiltersTestJSON-1166256917', 'tenant_id': '9593051f73de4c7f844206e8156b2473', 'tenant_name': 'tempest-ListImageFiltersTestJSON-1166256917', 'user_domain_id': 'default', 'user_domain_name': 'Default', 'user_id': '87a9b6fc5f624010b5610e37b93518d4', 'system': None}, Network: None, Subnet: None, Router: None
2025-11-22 09:02:44.281 66713 INFO tempest.lib.common.dynamic_creds [-] Created isolated network resources for: credentials: Credentials: {'domain_id': 'default', 'domain_name': 'Default', 'username': 'tempest-ListImageFiltersTestJSON-1166256917-project-member', 'project_domain_id': 'default', 'project_domain_name': 'Default', 'project_id': '9593051f73de4c7f844206e8156b2473', 'project_name': 'tempest-ListImageFiltersTestJSON-1166256917', 'tenant_id': '9593051f73de4c7f844206e8156b2473', 'tenant_name': 'tempest-ListImageFiltersTestJSON-1166256917', 'user_domain_id': 'default', 'user_domain_name': 'Default', 'user_id': '87a9b6fc5f624010b5610e37b93518d4', 'system': None}, Network: None, Subnet: None, Router: None
2025-11-22 09:02:44.306 66707 INFO tempest.lib.common.rest_client [req-7c5cd942-10d2-475a-bde1-fa5bcd98fbf2 req-7c5cd942-10d2-475a-bde1-fa5bcd98fbf2 ] Request (ImagesOneServerTestJSON:setUpClass): 200 GET http://10.180.1.21/compute/v2.1/servers/d896c622-22e3-4de9-a972-f8f83b49f015 2.007s
2025-11-22 09:02:44.373 66713 INFO tempest.lib.common.rest_client [req-d76263cc-7d06-4f12-9c65-564020fa429a req-d76263cc-7d06-4f12-9c65-564020fa429a ] Request (ListImageFiltersTestJSON:setUpClass): 201 POST http://10.180.1.21/identity/v3/auth/tokens 0.088s
2025-11-22 09:02:44.389 66731 INFO tempest.lib.common.rest_client [req-d9599a75-0840-4499-b331-e00264d16cdf req-d9599a75-0840-4499-b331-e00264d16cdf ] Request (QuotasAdminTestV257:tearDownClass): 204 DELETE http://10.180.1.21/networking/v2.0/security-groups/31d275a4-fe51-4eb1-bd67-a6561e8f5933 0.112s
2025-11-22 09:02:44.423 66734 INFO tempest.lib.common.rest_client [req-4d4fe257-7389-4283-b90a-e4900966c691 req-4d4fe257-7389-4283-b90a-e4900966c691 ] Request (MigrationsAdminTest:test_list_migrations_in_flavor_resize_situation): 200 GET http://10.180.1.21/compute/v2.1/servers/cc4e1a97-8dc1-4102-83bb-3f521c21a6ef 1.940s
2025-11-22 09:02:44.513 66731 INFO tempest.lib.common.rest_client [req-6278a40f-fe99-40f9-8de4-de495c4ffb5c req-6278a40f-fe99-40f9-8de4-de495c4ffb5c ] Request (QuotasAdminTestV257:tearDownClass): 204 DELETE http://10.180.1.21/identity/v3/projects/bfbb90a96c234437b183a85fc1bc374d 0.123s
2025-11-22 09:02:44.513 66731 INFO tempest.lib.common.dynamic_creds [-] Deleting project and security group for project: 1300c6af56c24e64a29d093c9043648b
2025-11-22 09:02:44.555 66693 INFO tempest.lib.common.rest_client [req-e1a3e376-5dcb-45fe-b5c0-fba39c8fd413 req-e1a3e376-5dcb-45fe-b5c0-fba39c8fd413 ] Request (ServersV294TestFqdnHostnames:setUpClass): 200 GET http://10.180.1.21/compute/v2.1/servers/bb327196-8041-4008-92a9-9be82afe20e1 1.988s
2025-11-22 09:02:44.568 66693 INFO tempest.common.waiters [-] State transition "BUILD/networking" ==> "BUILD/spawning" after 11 second wait
2025-11-22 09:02:44.599 66719 INFO tempest.lib.common.rest_client [req-9bc83e52-f249-4ba5-bd80-88b79793ee64 req-9bc83e52-f249-4ba5-bd80-88b79793ee64 ] Request (ServerGroupTestJSON:test_create_delete_multiple_server_groups_with_same_name_policy): 204 DELETE http://10.180.1.21/compute/v2.1/os-server-groups/365e7046-9ac2-4c92-a1cf-08b64639b07b 1.530s
2025-11-22 09:02:44.693 66731 INFO tempest.lib.common.rest_client [req-95d6551d-d32a-400a-8924-8fb56da1bc6d req-95d6551d-d32a-400a-8924-8fb56da1bc6d ] Request (QuotasAdminTestV257:tearDownClass): 200 GET http://10.180.1.21/networking/v2.0/security-groups?tenant_id=1300c6af56c24e64a29d093c9043648b&name=default 0.179s
2025-11-22 09:02:44.717 66701 INFO tempest.lib.common.rest_client [req-9757db19-0a0e-466f-ab7f-0f9b9fb4248c req-9757db19-0a0e-466f-ab7f-0f9b9fb4248c ] Request (ServerDiagnosticsV248Test:tearDownClass): 200 GET http://10.180.1.21/compute/v2.1/servers/6ec300ff-3375-4735-8c53-0b48db26f989 1.647s
2025-11-22 09:02:44.746 66745 INFO tempest.lib.common.rest_client [req-37d30e42-e791-4a47-81a4-edee6dce65ca req-37d30e42-e791-4a47-81a4-edee6dce65ca ] Request (KeyPairsV2TestJSON:_run_cleanups): 202 DELETE http://10.180.1.21/compute/v2.1/os-keypairs/tempest-KeyPairsV2TestJSON-keypair-848181032 1.659s
2025-11-22 09:02:44.788 66731 INFO tempest.lib.common.rest_client [req-1b47808b-cd8c-4ddb-81b8-47f53f1e1097 req-1b47808b-cd8c-4ddb-81b8-47f53f1e1097 ] Request (QuotasAdminTestV257:tearDownClass): 204 DELETE http://10.180.1.21/networking/v2.0/security-groups/ec5cd3c8-a87b-4abb-ae5f-d4531f57d22a 0.095s
2025-11-22 09:02:44.841 66711 INFO tempest.lib.common.rest_client [req-379c0d48-8d96-4619-9894-e9445dee0634 req-379c0d48-8d96-4619-9894-e9445dee0634 ] Request (AttachInterfacesTestJSON:test_create_list_show_delete_interfaces_by_fixed_ip): 200 GET http://10.180.1.21/compute/v2.1/servers/a121a65e-d11a-4c79-8076-c1e5358bb89d 1.730s
2025-11-22 09:02:44.879 66713 INFO tempest.lib.common.rest_client [req-72fdaaea-12a3-4913-af1c-bec915607779 req-72fdaaea-12a3-4913-af1c-bec915607779 ] Request (ListImageFiltersTestJSON:setUpClass): 201 POST http://10.180.1.21/image/v2/images 0.505s
2025-11-22 09:02:44.918 66731 INFO tempest.lib.common.rest_client [req-e561b0db-9fd7-4890-b77c-4f6eb4da5cfa req-e561b0db-9fd7-4890-b77c-4f6eb4da5cfa ] Request (QuotasAdminTestV257:tearDownClass): 204 DELETE http://10.180.1.21/identity/v3/projects/1300c6af56c24e64a29d093c9043648b 0.130s
2025-11-22 09:02:44.987 66691 INFO tempest.lib.common.rest_client [req-35a5606d-b4b5-4b41-ac31-4f4105b52eee req-35a5606d-b4b5-4b41-ac31-4f4105b52eee ] Request (ServerRescueNegativeTestJSON:test_rescued_vm_attach_volume): 200 GET http://10.180.1.21/compute/v2.1/servers/91002d37-1efc-4000-b3b3-95637394a6a5 1.584s
2025-11-22 09:02:45.009 66731 INFO tempest.lib.common.rest_client [req-3752daa7-a323-46f4-bc43-c39e407ec495 req-3752daa7-a323-46f4-bc43-c39e407ec495 ] Request (FloatingIPsAssociationNegativeTestJSON:setUpClass): 201 POST http://10.180.1.21/identity/v3/auth/tokens 0.089s
2025-11-22 09:02:45.021 66737 INFO tempest.lib.common.rest_client [req-0dcf0f1a-34a2-4274-9e86-08e36950c5a8 req-0dcf0f1a-34a2-4274-9e86-08e36950c5a8 ] Request (FloatingIPsAssociationTestJSON:setUpClass): 200 POST http://10.180.1.21/compute/v2.1/os-floating-ips 2.472s
2025-11-22 09:02:45.056 66699 INFO tempest.lib.common.rest_client [req-2a2f07bb-0414-4c36-8c84-44db1cf864ba req-2a2f07bb-0414-4c36-8c84-44db1cf864ba ] Request (ServerActionsTestJSON:setUpClass): 200 GET http://10.180.1.21/compute/v2.1/servers/789938ae-ffd9-47fb-81cb-6b48653dafab 1.538s
2025-11-22 09:02:45.058 66731 INFO tempest.lib.common.rest_client [req-267ba837-6ec2-4c56-8c33-859303ac6891 req-267ba837-6ec2-4c56-8c33-859303ac6891 ] Request (FloatingIPsAssociationNegativeTestJSON:setUpClass): 201 POST http://10.180.1.21/identity/v3/auth/tokens 0.045s
2025-11-22 09:02:45.087 66741 INFO tempest.lib.common.rest_client [req-e8395784-317d-4541-a449-30866b050de8 req-e8395784-317d-4541-a449-30866b050de8 ] Request (ServerActionsTestOtherB:setUpClass): 200 GET http://10.180.1.21/compute/v2.1/servers/8c24f910-8be2-430d-a07c-ced235d1060f 1.439s
2025-11-22 09:02:45.090 66731 INFO tempest.lib.common.rest_client [req-ba57a0ea-a388-4fc0-8912-aafa8d1ee800 req-ba57a0ea-a388-4fc0-8912-aafa8d1ee800 ] Request (FloatingIPsAssociationNegativeTestJSON:setUpClass): 200 GET http://10.180.1.21/identity/v3/domains?name=Default 0.032s
2025-11-22 09:02:45.105 66737 INFO tempest.lib.common.rest_client [req-f2f84414-2316-40a1-a474-7f1dadfc1748 req-f2f84414-2316-40a1-a474-7f1dadfc1748 ] Request (FloatingIPsAssociationTestJSON:test_associate_already_associated_floating_ip): 201 POST http://10.180.1.21/identity/v3/auth/tokens 0.077s
2025-11-22 09:02:45.106 66737 INFO tempest.lib.common.fixed_network [-] (FloatingIPsAssociationTestJSON:test_associate_already_associated_floating_ip) Found network {'id': '51f49cce-5911-4c6b-89a8-50867cce1cc1', 'name': 'tempest-FloatingIPsAssociationTestJSON-1884717076-network', 'tenant_id': 'c48c5d0c7a2e4ea1b4e89ec8ffa567e9', 'project_id': 'c48c5d0c7a2e4ea1b4e89ec8ffa567e9', 'admin_state_up': True, 'mtu': 8950, 'status': 'ACTIVE', 'subnets': [], 'shared': False, 'port_security_enabled': True, 'router:external': False, 'provider:network_type': 'vlan', 'provider:physical_network': 'default', 'provider:segmentation_id': 197, 'availability_zone_hints': [], 'availability_zones': [], 'ipv4_address_scope': None, 'ipv6_address_scope': None, 'description': '', 'tags': [], 'created_at': '2025-11-22T09:02:01Z', 'updated_at': '2025-11-22T09:02:01Z', 'revision_number': 1} available for tenant
2025-11-22 09:02:45.117 66743 INFO tempest.lib.common.rest_client [req-fc20c192-184c-4767-a071-5e62b544a784 req-fc20c192-184c-4767-a071-5e62b544a784 ] Request (MultipleCreateTestJSON:test_multiple_create): 200 GET http://10.180.1.21/compute/v2.1/servers/062a9332-cf2e-43d8-938c-c65b4d337921 1.378s
2025-11-22 09:02:45.122 66731 INFO tempest.lib.common.rest_client [req-29ce228b-7053-4b38-8c10-77977b077e82 req-29ce228b-7053-4b38-8c10-77977b077e82 ] Request (FloatingIPsAssociationNegativeTestJSON:setUpClass): 201 POST http://10.180.1.21/identity/v3/projects 0.031s
2025-11-22 09:02:45.167 66697 INFO tempest.lib.common.rest_client [req-4f50a7b4-0cb3-4873-ad9c-2acaf3e9b960 req-4f50a7b4-0cb3-4873-ad9c-2acaf3e9b960 ] Request (ComputeTenantNetworksTest:test_list_show_tenant_networks): 200 GET http://10.180.1.21/compute/v2.1/os-tenant-networks/884733c2-5d69-46ab-ada8-522d35ffc8ad 1.344s
2025-11-22 09:02:45.196 66731 INFO tempest.lib.common.rest_client [req-3d5aa9c5-66ca-4d90-adab-e6a2eeda9394 req-3d5aa9c5-66ca-4d90-adab-e6a2eeda9394 ] Request (FloatingIPsAssociationNegativeTestJSON:setUpClass): 201 POST http://10.180.1.21/identity/v3/users 0.073s
2025-11-22 09:02:45.218 66695 INFO tempest.lib.common.rest_client [req-bce100f5-c045-45ad-9863-1c1af822848b req-bce100f5-c045-45ad-9863-1c1af822848b ] Request (AggregatesAdminNegativeTestJSON:test_aggregate_remove_host_as_user): 200 POST http://10.180.1.21/compute/v2.1/os-aggregates/7/action 1.451s
2025-11-22 09:02:45.230 66731 INFO tempest.lib.common.rest_client [req-8c7d21e0-88f5-4400-a6a7-55d672a02595 req-8c7d21e0-88f5-4400-a6a7-55d672a02595 ] Request (FloatingIPsAssociationNegativeTestJSON:setUpClass): 200 GET http://10.180.1.21/identity/v3/roles 0.033s
2025-11-22 09:02:45.240 66689 INFO tempest.lib.common.rest_client [req-2838e893-2de4-418a-b23c-63c733191971 req-2838e893-2de4-418a-b23c-63c733191971 ] Request (FlavorsAdminTestJSON:test_is_public_string_variations): 200 GET http://10.180.1.21/compute/v2.1/flavors/detail?is_public=false 1.237s
2025-11-22 09:02:45.261 66731 INFO tempest.lib.common.rest_client [req-cb2f48ed-c212-4bd1-9c1c-36fc65900d52 req-cb2f48ed-c212-4bd1-9c1c-36fc65900d52 ] Request (FloatingIPsAssociationNegativeTestJSON:setUpClass): 204 PUT http://10.180.1.21/identity/v3/projects/e335ae3c01144b2e88cccee23ed70fc1/users/7aa2d351a8244609a78c94fafe84f843/roles/80d723911f9b48a2ae53c87bc6e5ea0d 0.030s
2025-11-22 09:02:45.261 66731 INFO tempest.lib.common.dynamic_creds [-] Dynamic test user 7aa2d351a8244609a78c94fafe84f843 is created with scope project and roles: ['member']
2025-11-22 09:02:45.261 66731 INFO tempest.lib.common.dynamic_creds [-] Acquired dynamic creds: credentials: Credentials: {'domain_id': 'default', 'domain_name': 'Default', 'username': 'tempest-FloatingIPsAssociationNegativeTestJSON-1335302679-project-member', 'project_domain_id': 'default', 'project_domain_name': 'Default', 'project_id': 'e335ae3c01144b2e88cccee23ed70fc1', 'project_name': 'tempest-FloatingIPsAssociationNegativeTestJSON-1335302679', 'tenant_id': 'e335ae3c01144b2e88cccee23ed70fc1', 'tenant_name': 'tempest-FloatingIPsAssociationNegativeTestJSON-1335302679', 'user_domain_id': 'default', 'user_domain_name': 'Default', 'user_id': '7aa2d351a8244609a78c94fafe84f843', 'system': None}, Network: None, Subnet: None, Router: None
2025-11-22 09:02:45.308 66735 INFO tempest.lib.common.rest_client [req-9a85343e-365d-40eb-a3bd-c2e4d64132d9 req-9a85343e-365d-40eb-a3bd-c2e4d64132d9 ] Request (DeleteServersTestJSON:test_delete_active_server): 200 GET http://10.180.1.21/compute/v2.1/servers/893b68a5-2280-453b-b4d4-0fe8c57bb117 1.249s
2025-11-22 09:02:45.318 66735 INFO tempest.common.waiters [-] State transition "ACTIVE/deleting" ==> "DELETED/None" after 2 second wait
2025-11-22 09:02:45.332 66709 INFO tempest.lib.common.rest_client [req-e3b86cec-64d1-4575-bfd2-f86bee2efcd9 req-e3b86cec-64d1-4575-bfd2-f86bee2efcd9 ] Request (SecurityGroupRulesNegativeTestJSON:test_create_security_group_rule_with_non_existent_id): 404 POST http://10.180.1.21/compute/v2.1/os-security-group-rules 1.268s
2025-11-22 09:02:45.345 66697 INFO tempest.lib.common.rest_client [req-d0115067-deea-4c2f-a72f-e9d11dfe0fad req-d0115067-deea-4c2f-a72f-e9d11dfe0fad ] Request (ComputeTenantNetworksTest:tearDownClass): 204 DELETE http://10.180.1.21/networking/v2.0/networks/884733c2-5d69-46ab-ada8-522d35ffc8ad 0.172s
2025-11-22 09:02:45.349 66731 INFO tempest.lib.common.rest_client [req-2c8990a8-c6a0-40d1-a7d4-1688f752271f req-2c8990a8-c6a0-40d1-a7d4-1688f752271f ] Request (FloatingIPsAssociationNegativeTestJSON:setUpClass): 201 POST http://10.180.1.21/identity/v3/auth/tokens 0.087s
2025-11-22 09:02:45.421 66697 INFO tempest.lib.common.rest_client [req-8fdef71e-ea60-4c6c-89ea-a41a5728267b req-8fdef71e-ea60-4c6c-89ea-a41a5728267b ] Request (ComputeTenantNetworksTest:tearDownClass): 204 DELETE http://10.180.1.21/identity/v3/users/2ed15823aee24ef4a4c2fa8d2fc71511 0.076s
2025-11-22 09:02:45.421 66697 INFO tempest.lib.common.dynamic_creds [-] Deleting project and security group for project: 37fcd903a22f434e89f2ead608dae773
2025-11-22 09:02:45.452 66697 INFO tempest.lib.common.rest_client [req-c101a0af-7419-40d6-aff9-a4f4540f72c4 req-c101a0af-7419-40d6-aff9-a4f4540f72c4 ] Request (ComputeTenantNetworksTest:tearDownClass): 200 GET http://10.180.1.21/networking/v2.0/security-groups?tenant_id=37fcd903a22f434e89f2ead608dae773&name=default 0.030s
2025-11-22 09:02:45.498 66687 INFO tempest.lib.common.rest_client [req-b016a974-59d7-4345-b0f4-6488b44848d8 req-b016a974-59d7-4345-b0f4-6488b44848d8 ] Request (ListServerFiltersTestJSON:setUpClass): 202 POST http://10.180.1.21/compute/v2.1/servers 1.628s
2025-11-22 09:02:45.584 66697 INFO tempest.lib.common.rest_client [req-fd247376-a08f-4f5c-b839-79374053e468 req-fd247376-a08f-4f5c-b839-79374053e468 ] Request (ComputeTenantNetworksTest:tearDownClass): 204 DELETE http://10.180.1.21/networking/v2.0/security-groups/855083fe-9345-4b04-af07-7610241eba87 0.131s
2025-11-22 09:02:45.690 66727 INFO tempest.lib.common.rest_client [req-31872204-8456-47fd-8b23-c1603fb5cb25 req-31872204-8456-47fd-8b23-c1603fb5cb25 ] Request (QuotasAdminTestV236:test_get_updated_quotas): 200 PUT http://10.180.1.21/compute/v2.1/os-quota-sets/a51b53619b334fb59e50887eaa946340 1.570s
2025-11-22 09:02:45.702 66697 INFO tempest.lib.common.rest_client [req-9d524e86-4f35-46b3-90ba-117d5cf05ffc req-9d524e86-4f35-46b3-90ba-117d5cf05ffc ] Request (ComputeTenantNetworksTest:tearDownClass): 204 DELETE http://10.180.1.21/identity/v3/projects/37fcd903a22f434e89f2ead608dae773 0.117s
2025-11-22 09:02:45.705 66705 INFO tempest.lib.common.rest_client [req-816a5410-5fe2-4d32-8d87-930a9706f249 req-816a5410-5fe2-4d32-8d87-930a9706f249 ] Request (DeleteServersAdminTestJSON:test_delete_server_while_in_error_state): 200 GET http://10.180.1.21/compute/v2.1/servers/933540f6-b642-4e12-a392-c8075652e313 1.568s
2025-11-22 09:02:45.805 66731 INFO tempest.lib.common.rest_client [req-610ae0b7-96fa-4c1c-81ac-855decf46941 req-610ae0b7-96fa-4c1c-81ac-855decf46941 ] Request (FloatingIPsAssociationNegativeTestJSON:setUpClass): 201 POST http://10.180.1.21/networking/v2.0/networks 0.456s
2025-11-22 09:02:45.825 66739 INFO tempest.lib.common.rest_client [req-89cfbc5f-79c3-40e0-a216-a913693e15bb req-89cfbc5f-79c3-40e0-a216-a913693e15bb ] Request (InstanceActionsTestJSON:tearDownClass): 204 DELETE http://10.180.1.21/compute/v2.1/servers/a4e27299-8e9e-4489-b91b-769099101b96 1.605s
2025-11-22 09:02:45.923 66747 INFO tempest.lib.common.rest_client [req-a42b5847-f832-4d2c-9080-5bc0e904a625 req-a42b5847-f832-4d2c-9080-5bc0e904a625 ] Request (ServersTestManualDisk:tearDownClass): 200 GET http://10.180.1.21/compute/v2.1/servers/0f504896-3d18-4e8d-923e-276f44901f46 1.742s
2025-11-22 09:02:46.037 66715 INFO tempest.lib.common.rest_client [req-1f1b99e4-93c6-4245-a38a-e7b50e1dd9b6 req-1f1b99e4-93c6-4245-a38a-e7b50e1dd9b6 ] Request (ServersListShow296Test:tearDownClass): 200 GET http://10.180.1.21/compute/v2.1/servers/37906b9f-5d41-4bb9-b3d0-37c2a5c6b98a 1.522s
2025-11-22 09:02:46.047 66715 INFO tempest.common.waiters [-] State transition "ACTIVE/deleting" ==> "DELETED/None" after 6 second wait
2025-11-22 09:02:46.047 66731 INFO tempest.lib.common.rest_client [req-51a1d534-05fe-4dd3-a38f-3fbda0ebfef6 req-51a1d534-05fe-4dd3-a38f-3fbda0ebfef6 ] Request (FloatingIPsAssociationNegativeTestJSON:setUpClass): 201 POST http://10.180.1.21/networking/v2.0/subnets 0.241s
2025-11-22 09:02:46.071 66719 INFO tempest.lib.common.rest_client [req-13d399ab-e446-471c-bf95-8a2086d24e47 req-13d399ab-e446-471c-bf95-8a2086d24e47 ] Request (ServerGroupTestJSON:test_create_delete_multiple_server_groups_with_same_name_policy): 200 GET http://10.180.1.21/compute/v2.1/os-server-groups 1.471s
2025-11-22 09:02:46.081 66729 INFO tempest.lib.common.rest_client [req-4156261a-1cbd-49e2-af67-44f4cd6bf6b7 req-4156261a-1cbd-49e2-af67-44f4cd6bf6b7 ] Request (VolumesAssistedSnapshotsTest:test_volume_assisted_snapshot_create_delete): 200 POST http://10.180.1.21/compute/v2.1/os-assisted-volume-snapshots 1.800s
2025-11-22 09:02:46.099 66745 INFO tempest.lib.common.rest_client [req-8a98fb87-58a6-44ef-bb6f-e4c18a353af5 req-8a98fb87-58a6-44ef-bb6f-e4c18a353af5 ] Request (KeyPairsV2TestJSON:_run_cleanups): 202 DELETE http://10.180.1.21/compute/v2.1/os-keypairs/tempest-KeyPairsV2TestJSON-keypair-1755471547 1.353s
2025-11-22 09:02:46.183 66685 WARNING tempest.lib.common.ssh [-] Failed to establish authenticated ssh connection to cirros@10.180.180.140 ([Errno None] Unable to connect to port 22 on 10.180.180.140). Number attempts: 3. Retry after 4 seconds.: paramiko.ssh_exception.NoValidConnectionsError: [Errno None] Unable to connect to port 22 on 10.180.180.140
2025-11-22 09:02:46.203 66718 INFO tempest.lib.common.rest_client [req-69f4555d-4600-4b23-9ce3-a3a9bd745305 req-69f4555d-4600-4b23-9ce3-a3a9bd745305 ] Request (ImagesTestJSON:test_create_image_from_suspended_server): 200 GET http://10.180.1.21/compute/v2.1/servers/0070a399-7c91-4abb-a36e-d57408c91e31 1.239s
2025-11-22 09:02:46.318 66703 INFO tempest.lib.common.rest_client [req-ddc87cda-987c-4f6c-b529-dc4d458e3ef3 req-ddc87cda-987c-4f6c-b529-dc4d458e3ef3 ] Request (ServersListShow298Test:test_list_show_update_rebuild_server_298): 200 GET http://10.180.1.21/compute/v2.1/servers/dbece97f-baca-43f3-bacd-e274c9b6d985 1.215s
2025-11-22 09:02:46.330 66703 INFO tempest.common.waiters [-] State transition "REBUILD/rebuilding" ==> "REBUILD/rebuild_spawning" after 2 second wait
2025-11-22 09:02:46.342 66723 INFO tempest.lib.common.rest_client [req-60a84ad1-3c40-48bc-b35b-4b32210d0d01 req-60a84ad1-3c40-48bc-b35b-4b32210d0d01 ] Request (VolumesAdminNegativeTest:test_update_attached_volume_with_nonexistent_volume_in_uri): 200 GET http://10.180.1.21/compute/v2.1/servers/6e8842a2-e3c7-4511-9b8d-6c38e1df8626 1.349s
2025-11-22 09:02:46.355 66695 INFO tempest.lib.common.rest_client [req-13b44695-7d88-4e9b-a276-1cb6a0d8da41 req-13b44695-7d88-4e9b-a276-1cb6a0d8da41 ] Request (AggregatesAdminNegativeTestJSON:test_aggregate_remove_host_as_user): 403 POST http://10.180.1.21/compute/v2.1/os-aggregates/7/action 1.134s
2025-11-22 09:02:46.374 66689 INFO tempest.lib.common.rest_client [req-e4260236-a606-4a92-88aa-03a254db8b93 req-e4260236-a606-4a92-88aa-03a254db8b93 ] Request (FlavorsAdminTestJSON:test_is_public_string_variations): 200 GET http://10.180.1.21/compute/v2.1/flavors/detail?is_public=no 1.131s
2025-11-22 09:02:46.560 66707 INFO tempest.lib.common.rest_client [req-ad44c6d8-73c7-465f-a242-7176f1be29a9 req-ad44c6d8-73c7-465f-a242-7176f1be29a9 ] Request (ImagesOneServerTestJSON:setUpClass): 200 GET http://10.180.1.21/compute/v2.1/servers/d896c622-22e3-4de9-a972-f8f83b49f015 1.246s
2025-11-22 09:02:46.650 66709 INFO tempest.lib.common.rest_client [req-f3a37f53-6b64-4356-902d-f3047a45cc4f req-f3a37f53-6b64-4356-902d-f3047a45cc4f ] Request (SecurityGroupRulesNegativeTestJSON:test_delete_security_group_rule_with_non_existent_id): 404 DELETE http://10.180.1.21/compute/v2.1/os-security-group-rules/49413b2b-cb0b-4a14-92b6-0b1b64645996 1.316s
2025-11-22 09:02:46.807 66713 INFO tempest.lib.common.rest_client [req-de734e0c-b8c5-4d0d-a7ad-bd6022d9f54b req-de734e0c-b8c5-4d0d-a7ad-bd6022d9f54b ] Request (ListImageFiltersTestJSON:setUpClass): 204 PUT http://10.180.1.21/image/v2/images/0b1787a5-2df1-4625-a88f-9fca597cd3e0/file 0.926s
2025-11-22 09:02:46.901 66737 INFO tempest.lib.common.rest_client [req-5ec36cc9-06aa-4827-8b53-f92f197ac347 req-5ec36cc9-06aa-4827-8b53-f92f197ac347 ] Request (FloatingIPsAssociationTestJSON:test_associate_already_associated_floating_ip): 202 POST http://10.180.1.21/compute/v2.1/servers 1.794s
2025-11-22 09:02:46.909 66734 INFO tempest.lib.common.rest_client [req-c6124c26-2552-4395-8d53-cb4d0379db5f req-c6124c26-2552-4395-8d53-cb4d0379db5f ] Request (MigrationsAdminTest:test_list_migrations_in_flavor_resize_situation): 200 GET http://10.180.1.21/compute/v2.1/servers/cc4e1a97-8dc1-4102-83bb-3f521c21a6ef 1.477s
2025-11-22 09:02:46.972 66731 INFO tempest.lib.common.rest_client [req-a7c97b3d-1d53-4c12-8e53-f93cf740f60f req-a7c97b3d-1d53-4c12-8e53-f93cf740f60f ] Request (FloatingIPsAssociationNegativeTestJSON:setUpClass): 201 POST http://10.180.1.21/networking/v2.0/routers 0.924s
2025-11-22 09:02:47.025 66687 INFO tempest.lib.common.rest_client [req-f3ee5e04-a303-4f09-bd16-5a9a4071ed59 req-f3ee5e04-a303-4f09-bd16-5a9a4071ed59 ] Request (ListServerFiltersTestJSON:setUpClass): 200 GET http://10.180.1.21/compute/v2.1/servers/0aa855e6-fdd7-4867-851e-c3d710a1b2f6 1.525s
2025-11-22 09:02:47.147 66727 INFO tempest.lib.common.rest_client [req-32d78b78-d568-4137-af6a-ac0ca2a0b424 req-32d78b78-d568-4137-af6a-ac0ca2a0b424 ] Request (QuotasAdminTestV236:test_get_updated_quotas): 200 GET http://10.180.1.21/compute/v2.1/os-quota-sets/a51b53619b334fb59e50887eaa946340/detail 1.454s
2025-11-22 09:02:47.185 66727 INFO tempest.lib.common.rest_client [req-067acafc-2b5b-4af6-8f04-2233ac1854b9 req-067acafc-2b5b-4af6-8f04-2233ac1854b9 ] Request (QuotasAdminTestV236:test_get_updated_quotas): 200 GET http://10.180.1.21/identity/v3/domains?name=Default 0.031s
2025-11-22 09:02:47.244 66727 INFO tempest.lib.common.rest_client [req-78c8e34d-9ad9-418e-b6bb-df29d875eaff req-78c8e34d-9ad9-418e-b6bb-df29d875eaff ] Request (QuotasAdminTestV236:test_get_updated_quotas): 201 POST http://10.180.1.21/identity/v3/users 0.059s
2025-11-22 09:02:47.275 66705 INFO tempest.lib.common.rest_client [req-24e9c0af-f4eb-406e-9587-272e74e97eb0 req-24e9c0af-f4eb-406e-9587-272e74e97eb0 ] Request (DeleteServersAdminTestJSON:test_delete_server_while_in_error_state): 204 DELETE http://10.180.1.21/compute/v2.1/servers/933540f6-b642-4e12-a392-c8075652e313 1.558s
2025-11-22 09:02:47.292 66727 INFO tempest.lib.common.rest_client [req-e5cdc1ab-2b96-4d93-91b3-5baff62d5fc9 req-e5cdc1ab-2b96-4d93-91b3-5baff62d5fc9 ] Request (QuotasAdminTestV236:test_get_updated_quotas): 200 GET http://10.180.1.21/identity/v3/domains?name=Default 0.046s
2025-11-22 09:02:47.653 66725 WARNING tempest.lib.common.ssh [-] Failed to establish authenticated ssh connection to cirros@10.180.180.160 ([Errno None] Unable to connect to port 22 on 10.180.180.160). Number attempts: 6. Retry after 7 seconds.: paramiko.ssh_exception.NoValidConnectionsError: [Errno None] Unable to connect to port 22 on 10.180.180.160
2025-11-22 09:02:48.056 66731 INFO tempest.lib.common.rest_client [req-934400e3-256c-4b11-961d-0d7c09a9b084 req-934400e3-256c-4b11-961d-0d7c09a9b084 ] Request (FloatingIPsAssociationNegativeTestJSON:setUpClass): 200 PUT http://10.180.1.21/networking/v2.0/routers/443d6816-6aae-420a-9636-09213b9edaf8/add_router_interface 1.084s
2025-11-22 09:02:48.056 66731 INFO tempest.lib.common.dynamic_creds [-] Created isolated network resources for: credentials: Credentials: {'domain_id': 'default', 'domain_name': 'Default', 'username': 'tempest-FloatingIPsAssociationNegativeTestJSON-1335302679-project-member', 'project_domain_id': 'default', 'project_domain_name': 'Default', 'project_id': 'e335ae3c01144b2e88cccee23ed70fc1', 'project_name': 'tempest-FloatingIPsAssociationNegativeTestJSON-1335302679', 'tenant_id': 'e335ae3c01144b2e88cccee23ed70fc1', 'tenant_name': 'tempest-FloatingIPsAssociationNegativeTestJSON-1335302679', 'user_domain_id': 'default', 'user_domain_name': 'Default', 'user_id': '7aa2d351a8244609a78c94fafe84f843', 'system': None}, Network: {'id': 'f2ae9be8-8d3a-46db-b686-87d2721d6767', 'name': 'tempest-FloatingIPsAssociationNegativeTestJSON-372256498-network', 'tenant_id': 'e335ae3c01144b2e88cccee23ed70fc1', 'project_id': 'e335ae3c01144b2e88cccee23ed70fc1', 'admin_state_up': True, 'mtu': 8950, 'status': 'ACTIVE', 'subnets': [], 'shared': False, 'port_security_enabled': True, 'router:external': False, 'provider:network_type': 'vlan', 'provider:physical_network': 'default', 'provider:segmentation_id': 450, 'availability_zone_hints': [], 'availability_zones': [], 'ipv4_address_scope': None, 'ipv6_address_scope': None, 'description': '', 'tags': [], 'created_at': '2025-11-22T09:02:45Z', 'updated_at': '2025-11-22T09:02:45Z', 'revision_number': 1}, Subnet: {'id': 'c2e886d2-ebf3-45c6-9e22-4d54a37ebdf2', 'name': 'tempest-FloatingIPsAssociationNegativeTestJSON-372256498-subnet', 'tenant_id': 'e335ae3c01144b2e88cccee23ed70fc1', 'network_id': 'f2ae9be8-8d3a-46db-b686-87d2721d6767', 'ip_version': 4, 'subnetpool_id': None, 'enable_dhcp': True, 'ipv6_ra_mode': None, 'ipv6_address_mode': None, 'gateway_ip': '192.168.128.1', 'cidr': '192.168.128.0/28', 'allocation_pools': [{'start': '192.168.128.2', 'end': '192.168.128.14'}], 'host_routes': [], 'dns_nameservers': [], 'description': '', 'router:external': False, 'service_types': [], 'tags': [], 'created_at': '2025-11-22T09:02:45Z', 'updated_at': '2025-11-22T09:02:45Z', 'revision_number': 0, 'project_id': 'e335ae3c01144b2e88cccee23ed70fc1'}, Router: {'id': '443d6816-6aae-420a-9636-09213b9edaf8', 'name': 'tempest-FloatingIPsAssociationNegativeTestJSON-372256498-router', 'tenant_id': 'e335ae3c01144b2e88cccee23ed70fc1', 'admin_state_up': True, 'status': 'ACTIVE', 'external_gateway_info': {'network_id': '1930df74-5bbf-4a05-81f1-09fadb2fa31e', 'external_fixed_ips': [{'subnet_id': 'b4f6b472-f104-449f-a2a3-03fa87c1026e', 'ip_address': '10.180.180.232'}], 'enable_snat': True}, 'description': '', 'availability_zones': [], 'distributed': False, 'ha': False, 'availability_zone_hints': [], 'routes': [], 'flavor_id': None, 'tags': [], 'created_at': '2025-11-22T09:02:46Z', 'updated_at': '2025-11-22T09:02:46Z', 'revision_number': 2, 'project_id': 'e335ae3c01144b2e88cccee23ed70fc1'}
2025-11-22 09:02:48.116 66693 INFO tempest.lib.common.rest_client [req-77466d3d-ad4d-4eb2-a2fe-8da384196fa6 req-77466d3d-ad4d-4eb2-a2fe-8da384196fa6 ] Request (ServersV294TestFqdnHostnames:setUpClass): 200 GET http://10.180.1.21/compute/v2.1/servers/bb327196-8041-4008-92a9-9be82afe20e1 2.548s
