2025-11-22 09:03:45.220 66743 INFO tempest.lib.common.rest_client [req-050603be-ddb2-4b8e-83a9-f7037bc70e01 req-050603be-ddb2-4b8e-83a9-f7037bc70e01 ] Request (MultipleCreateTestJSON:_run_cleanups): 200 GET http://10.180.1.21/compute/v2.1/servers/80dabcfd-eb95-4cbf-ad9c-6c82a05b74c8 0.565s
2025-11-22 09:03:45.233 66718 INFO tempest.lib.common.rest_client [req-db738d1f-dbb1-4b63-ac2d-10f3c3e8e9f3 req-db738d1f-dbb1-4b63-ac2d-10f3c3e8e9f3 ] Request (ImagesTestJSON:test_create_server_from_snapshot): 200 GET http://10.180.1.21/compute/v2.1/servers/065200c9-ab8c-4a77-8b06-724bc8792962 0.530s
2025-11-22 09:03:45.272 66705 INFO tempest.lib.common.rest_client [req-f56d0b22-0bb8-48c5-9ea9-d0d914498175 req-f56d0b22-0bb8-48c5-9ea9-d0d914498175 ] Request (FloatingIPDetailsNegativeTestJSON:setUpClass): 201 POST http://10.180.1.21/identity/v3/auth/tokens 0.069s
2025-11-22 09:03:45.274 66691 INFO tempest.lib.common.rest_client [req-3c3aceab-2a0e-4141-9873-b7b7b9921b6f req-3c3aceab-2a0e-4141-9873-b7b7b9921b6f ] Request (ServerRescueNegativeTestJSON:test_rescued_vm_detach_volume): 200 GET http://10.180.1.21/compute/v2.1/servers/09a5a012-cd41-485e-94eb-3a5ad9e06e67 0.455s
2025-11-22 09:03:45.289 66747 INFO tempest.lib.common.rest_client [req-46909a7c-88e5-454a-8d6c-9a1dfe73c6f6 req-46909a7c-88e5-454a-8d6c-9a1dfe73c6f6 ] Request (InstanceActionsV221TestJSON:test_get_list_deleted_instance_actions): 200 GET http://10.180.1.21/compute/v2.1/servers/9d589d1f-1202-4fff-92a7-2a4fe4a4f859 0.464s
2025-11-22 09:03:45.512 66705 INFO tempest.lib.common.rest_client [req-20c2739c-1d46-43f7-8cc1-55b26f561adf req-20c2739c-1d46-43f7-8cc1-55b26f561adf ] Request (FloatingIPDetailsNegativeTestJSON:setUpClass): 201 POST http://10.180.1.21/networking/v2.0/networks 0.239s
2025-11-22 09:03:45.532 66729 INFO tempest.lib.common.rest_client [req-b87714fc-03f4-48a2-a82a-2b6dec9ea5de req-b87714fc-03f4-48a2-a82a-2b6dec9ea5de ] Request (VolumesAssistedSnapshotsTest:tearDownClass): 200 GET http://10.180.1.21/compute/v2.1/servers/c34d3429-a622-4f9f-be91-510b5c07671e 0.447s
2025-11-22 09:03:45.554 66703 INFO tempest.lib.common.rest_client [req-7ae36294-d7cd-45f5-aa5c-1891b50d7a20 req-7ae36294-d7cd-45f5-aa5c-1891b50d7a20 ] Request (ServersListShow298Test:tearDownClass): 404 GET http://10.180.1.21/compute/v2.1/servers/dbece97f-baca-43f3-bacd-e274c9b6d985 0.350s
2025-11-22 09:03:45.651 66703 INFO tempest.lib.common.rest_client [req-2033fd93-daf0-4f73-a5d6-f5f95d746478 req-2033fd93-daf0-4f73-a5d6-f5f95d746478 ] Request (ServersListShow298Test:tearDownClass): 204 DELETE http://10.180.1.21/identity/v3/users/dd2b17f0a8ad438089e23140273c673e 0.097s
2025-11-22 09:03:45.651 66703 INFO tempest.lib.common.dynamic_creds [-] Deleting project and security group for project: f9e42d29acde46e9bc8e09e802703537
2025-11-22 09:03:45.732 66703 INFO tempest.lib.common.rest_client [req-55d1dd25-6090-4f8c-8ca4-af9acd6f032c req-55d1dd25-6090-4f8c-8ca4-af9acd6f032c ] Request (ServersListShow298Test:tearDownClass): 201 POST http://10.180.1.21/identity/v3/auth/tokens 0.080s
2025-11-22 09:03:45.789 66737 INFO tempest.lib.common.rest_client [req-36269fd3-42b5-4e63-b060-e47fa94a127b req-36269fd3-42b5-4e63-b060-e47fa94a127b ] Request (FloatingIPsAssociationTestJSON:test_associate_already_associated_floating_ip): 200 GET http://10.180.1.21/compute/v2.1/servers/5175b31f-4b06-4ba8-86ac-60966ad2d6a3 0.658s
2025-11-22 09:03:45.798 66737 INFO tempest.common.waiters [-] State transition "BUILD/networking" ==> "BUILD/spawning" after 56 second wait
2025-11-22 09:03:45.803 66735 INFO tempest.lib.common.rest_client [req-b9ff3ed2-0412-457a-a322-2d11a21c0cff req-b9ff3ed2-0412-457a-a322-2d11a21c0cff ] Request (DeleteServersTestJSON:test_delete_server_while_in_attached_volume): 200 GET http://10.180.1.21/compute/v2.1/servers/c11f4633-8e3a-4731-b36c-80593bd3223b 0.590s
2025-11-22 09:03:45.809 66705 INFO tempest.lib.common.rest_client [req-7ba8b264-0b62-4df9-8c57-5f0a854414b8 req-7ba8b264-0b62-4df9-8c57-5f0a854414b8 ] Request (FloatingIPDetailsNegativeTestJSON:setUpClass): 201 POST http://10.180.1.21/networking/v2.0/subnets 0.296s
2025-11-22 09:03:45.955 66741 WARNING tempest.lib.common.ssh [-] Failed to establish authenticated ssh connection to cirros@10.180.180.194 ([Errno None] Unable to connect to port 22 on 10.180.180.194). Number attempts: 5. Retry after 6 seconds.: paramiko.ssh_exception.NoValidConnectionsError: [Errno None] Unable to connect to port 22 on 10.180.180.194
2025-11-22 09:03:45.983 66703 INFO tempest.lib.common.rest_client [req-81612575-9e61-47d5-a37c-40c9c9e360c2 req-81612575-9e61-47d5-a37c-40c9c9e360c2 ] Request (ServersListShow298Test:tearDownClass): 200 GET http://10.180.1.21/networking/v2.0/security-groups?tenant_id=f9e42d29acde46e9bc8e09e802703537&name=default 0.251s
2025-11-22 09:03:46.001 66685 INFO tempest.lib.common.rest_client [req-7d21f6c3-ae83-4c37-90b3-ecb69396f752 req-7d21f6c3-ae83-4c37-90b3-ecb69396f752 ] Request (ServersWithSpecificFlavorTestJSON:test_verify_created_server_ephemeral_disk): 200 GET http://10.180.1.21/compute/v2.1/servers/ac56cad6-c397-4945-8247-71c954f90f81 0.717s
2025-11-22 09:03:46.013 66723 INFO tempest.lib.common.rest_client [req-98b6fb91-4b8d-4d10-93d8-58bf715650c4 req-98b6fb91-4b8d-4d10-93d8-58bf715650c4 ] Request (VolumesAdminNegativeTest:tearDownClass): 200 GET http://10.180.1.21/compute/v2.1/servers/6e8842a2-e3c7-4511-9b8d-6c38e1df8626 0.749s
2025-11-22 09:03:46.106 66703 INFO tempest.lib.common.rest_client [req-025d0cb3-2a72-4a3c-89ce-f2d2a80a19d8 req-025d0cb3-2a72-4a3c-89ce-f2d2a80a19d8 ] Request (ServersListShow298Test:tearDownClass): 204 DELETE http://10.180.1.21/networking/v2.0/security-groups/c5513f64-91e9-4a7d-a7a8-21f368af0793 0.123s
2025-11-22 09:03:46.158 66745 INFO tempest.lib.common.rest_client [req-f079038f-3544-4bea-820a-2ed7c65ec628 req-f079038f-3544-4bea-820a-2ed7c65ec628 ] Request (ServersTestJSON:setUpClass): 200 GET http://10.180.1.21/compute/v2.1/servers/8658aad2-1192-43d3-ae1c-62f876fbb262 0.751s
2025-11-22 09:03:46.173 66709 INFO tempest.lib.common.rest_client [req-075aa895-7044-4535-b13f-091125552556 req-075aa895-7044-4535-b13f-091125552556 ] Request (ListServersNegativeTestJSON:setUpClass): 200 GET http://10.180.1.21/compute/v2.1/servers/be212011-2e63-4bda-8cde-c26e101b7ac8 0.749s
2025-11-22 09:03:46.204 66703 INFO tempest.lib.common.rest_client [req-587e5ebe-6c7d-46af-8b2a-2d4fb8068602 req-587e5ebe-6c7d-46af-8b2a-2d4fb8068602 ] Request (ServersListShow298Test:tearDownClass): 204 DELETE http://10.180.1.21/identity/v3/projects/f9e42d29acde46e9bc8e09e802703537 0.097s
2025-11-22 09:03:46.250 66731 INFO tempest.lib.common.rest_client [req-3645a07e-3bb0-40d9-9800-b0bebe963c0e req-3645a07e-3bb0-40d9-9800-b0bebe963c0e ] Request (FloatingIPsAssociationNegativeTestJSON:setUpClass): 200 GET http://10.180.1.21/compute/v2.1/servers/3623e55c-da09-4ca2-b0be-902ec6707ff9 0.746s
2025-11-22 09:03:46.262 66701 INFO tempest.lib.common.rest_client [req-eb14020d-6425-4107-8c73-211ca17ffcbe req-eb14020d-6425-4107-8c73-211ca17ffcbe ] Request (ServersTestMultiNic:test_verify_duplicate_network_nics): 200 GET http://10.180.1.21/compute/v2.1/servers/3a339820-12e6-4d84-ae0c-076f5df05d85 0.744s
2025-11-22 09:03:46.289 66703 INFO tempest.lib.common.rest_client [req-8d70fa99-8b14-4a56-be21-17651205a661 req-8d70fa99-8b14-4a56-be21-17651205a661 ] Request (ServerShowV254Test:setUpClass): 201 POST http://10.180.1.21/identity/v3/auth/tokens 0.083s
2025-11-22 09:03:46.321 66703 INFO tempest.lib.common.rest_client [req-cb6073c6-b57c-4ffd-bc95-719d23bcfb46 req-cb6073c6-b57c-4ffd-bc95-719d23bcfb46 ] Request (ServerShowV254Test:setUpClass): 201 POST http://10.180.1.21/identity/v3/auth/tokens 0.028s
2025-11-22 09:03:46.333 66719 INFO tempest.lib.common.rest_client [req-8badc5f2-2d04-434c-97df-1406509e428f req-8badc5f2-2d04-434c-97df-1406509e428f ] Request (ServerGroupTestJSON:test_create_server_with_scheduler_hint_group): 200 GET http://10.180.1.21/compute/v2.1/servers/bed4788b-8024-4a97-8612-45821dc862e7 0.760s
2025-11-22 09:03:46.354 66707 INFO tempest.lib.common.rest_client [req-361e6b9a-1e7d-47c9-a2a3-842182c9e89c req-361e6b9a-1e7d-47c9-a2a3-842182c9e89c ] Request (ImagesOneServerTestJSON:tearDownClass): 200 GET http://10.180.1.21/compute/v2.1/servers/d896c622-22e3-4de9-a972-f8f83b49f015 0.792s
2025-11-22 09:03:46.365 66703 INFO tempest.lib.common.rest_client [req-1396721c-e606-43d2-acfb-5e8b04ec224b req-1396721c-e606-43d2-acfb-5e8b04ec224b ] Request (ServerShowV254Test:setUpClass): 200 GET http://10.180.1.21/identity/v3/domains?name=Default 0.044s
2025-11-22 09:03:46.400 66689 INFO tempest.lib.common.rest_client [req-65edd0b2-3dd7-4304-a3b7-e4c7100a311f req-65edd0b2-3dd7-4304-a3b7-e4c7100a311f ] Request (ServersAdmin275Test:test_rebuild_update_server_275): 200 GET http://10.180.1.21/compute/v2.1/servers/6a859176-53a2-4678-8669-39d57102fc78 0.665s
2025-11-22 09:03:46.404 66703 INFO tempest.lib.common.rest_client [req-1f112fed-25a7-409f-92bb-efb74264e230 req-1f112fed-25a7-409f-92bb-efb74264e230 ] Request (ServerShowV254Test:setUpClass): 201 POST http://10.180.1.21/identity/v3/projects 0.038s
2025-11-22 09:03:46.424 66713 INFO tempest.lib.common.rest_client [req-88dcce73-1df7-488e-8ed7-31051c41549b req-88dcce73-1df7-488e-8ed7-31051c41549b ] Request (ListImageFiltersTestJSON:setUpClass): 200 GET http://10.180.1.21/compute/v2.1/servers/ac685f5d-a007-4850-a678-8a585abc56b0 0.681s
2025-11-22 09:03:46.475 66727 INFO tempest.lib.common.rest_client [req-7206df49-892a-4c05-a5c8-fa1421b73786 req-7206df49-892a-4c05-a5c8-fa1421b73786 ] Request (ServerActionsTestOtherA:setUpClass): 200 GET http://10.180.1.21/compute/v2.1/servers/47ef2216-f972-4c3e-9707-4968b824c37c 0.600s
2025-11-22 09:03:46.482 66703 INFO tempest.lib.common.rest_client [req-e2b7b902-db2b-4962-89ad-96914b124a48 req-e2b7b902-db2b-4962-89ad-96914b124a48 ] Request (ServerShowV254Test:setUpClass): 201 POST http://10.180.1.21/identity/v3/users 0.077s
2025-11-22 09:03:46.506 66703 INFO tempest.lib.common.rest_client [req-4fb51fc7-0c34-48b0-b72a-e264826515f9 req-4fb51fc7-0c34-48b0-b72a-e264826515f9 ] Request (ServerShowV254Test:setUpClass): 200 GET http://10.180.1.21/identity/v3/roles 0.023s
2025-11-22 09:03:46.539 66703 INFO tempest.lib.common.rest_client [req-f07e28c3-68a4-4fda-b59b-dec77199d82b req-f07e28c3-68a4-4fda-b59b-dec77199d82b ] Request (ServerShowV254Test:setUpClass): 204 PUT http://10.180.1.21/identity/v3/projects/76eb17b4cc7c4c97bba10a3bd9bc2c46/users/1a6f5fb88aef4107b171a329a42712e2/roles/80d723911f9b48a2ae53c87bc6e5ea0d 0.033s
2025-11-22 09:03:46.540 66703 INFO tempest.lib.common.dynamic_creds [-] Dynamic test user 1a6f5fb88aef4107b171a329a42712e2 is created with scope project and roles: ['member']
2025-11-22 09:03:46.540 66703 INFO tempest.lib.common.dynamic_creds [-] Acquired dynamic creds: credentials: Credentials: {'domain_id': 'default', 'domain_name': 'Default', 'username': 'tempest-ServerShowV254Test-2015105171-project-member', 'project_domain_id': 'default', 'project_domain_name': 'Default', 'project_id': '76eb17b4cc7c4c97bba10a3bd9bc2c46', 'project_name': 'tempest-ServerShowV254Test-2015105171', 'tenant_id': '76eb17b4cc7c4c97bba10a3bd9bc2c46', 'tenant_name': 'tempest-ServerShowV254Test-2015105171', 'user_domain_id': 'default', 'user_domain_name': 'Default', 'user_id': '1a6f5fb88aef4107b171a329a42712e2', 'system': None}, Network: None, Subnet: None, Router: None
2025-11-22 09:03:46.540 66703 INFO tempest.lib.common.dynamic_creds [-] Created isolated network resources for: credentials: Credentials: {'domain_id': 'default', 'domain_name': 'Default', 'username': 'tempest-ServerShowV254Test-2015105171-project-member', 'project_domain_id': 'default', 'project_domain_name': 'Default', 'project_id': '76eb17b4cc7c4c97bba10a3bd9bc2c46', 'project_name': 'tempest-ServerShowV254Test-2015105171', 'tenant_id': '76eb17b4cc7c4c97bba10a3bd9bc2c46', 'tenant_name': 'tempest-ServerShowV254Test-2015105171', 'user_domain_id': 'default', 'user_domain_name': 'Default', 'user_id': '1a6f5fb88aef4107b171a329a42712e2', 'system': None}, Network: None, Subnet: None, Router: None
2025-11-22 09:03:46.558 66734 INFO tempest.lib.common.rest_client [req-7557c015-1eb3-4cb2-b370-ac708f618b95 req-7557c015-1eb3-4cb2-b370-ac708f618b95 ] Request (MigrationsAdminTest:test_resize_server_revert_deleted_flavor): 200 GET http://10.180.1.21/compute/v2.1/servers/6a70db32-0f17-4e2c-83c7-1bd577c4645b 0.385s
2025-11-22 09:03:46.588 66687 INFO tempest.lib.common.rest_client [req-dbc9cf5c-e379-4138-8287-ad04079416e5 req-dbc9cf5c-e379-4138-8287-ad04079416e5 ] Request (ListServerFiltersTestJSON:setUpClass): 200 GET http://10.180.1.21/compute/v2.1/servers/0aa855e6-fdd7-4867-851e-c3d710a1b2f6 0.430s
2025-11-22 09:03:46.593 66705 INFO tempest.lib.common.rest_client [req-0fac612b-afdc-4bfd-8a3a-e1c556b2412d req-0fac612b-afdc-4bfd-8a3a-e1c556b2412d ] Request (FloatingIPDetailsNegativeTestJSON:setUpClass): 201 POST http://10.180.1.21/networking/v2.0/routers 0.783s
2025-11-22 09:03:46.628 66743 INFO tempest.lib.common.rest_client [req-ee2ecd87-863c-4dc0-83e7-bc7d5d24a8e0 req-ee2ecd87-863c-4dc0-83e7-bc7d5d24a8e0 ] Request (MultipleCreateTestJSON:_run_cleanups): 200 GET http://10.180.1.21/compute/v2.1/servers/80dabcfd-eb95-4cbf-ad9c-6c82a05b74c8 0.399s
2025-11-22 09:03:46.636 66703 INFO tempest.lib.common.rest_client [req-1cb870d2-8f0f-44ef-8b88-294f34cdb239 req-1cb870d2-8f0f-44ef-8b88-294f34cdb239 ] Request (ServerShowV254Test:setUpClass): 201 POST http://10.180.1.21/identity/v3/auth/tokens 0.092s
2025-11-22 09:03:46.669 66718 INFO tempest.lib.common.rest_client [req-d1165a46-a35a-40a4-a6e0-b3cc67480227 req-d1165a46-a35a-40a4-a6e0-b3cc67480227 ] Request (ImagesTestJSON:test_create_server_from_snapshot): 200 GET http://10.180.1.21/compute/v2.1/servers/065200c9-ab8c-4a77-8b06-724bc8792962 0.428s
2025-11-22 09:03:46.688 66703 INFO tempest.lib.common.rest_client [req-60819b53-3001-4a1c-8b32-b9452d3f3c2a req-60819b53-3001-4a1c-8b32-b9452d3f3c2a ] Request (ServerShowV254Test:test_rebuild_server): 201 POST http://10.180.1.21/identity/v3/auth/tokens 0.045s
2025-11-22 09:03:46.689 66703 INFO tempest.lib.common.fixed_network [-] (ServerShowV254Test:test_rebuild_server) Found network None available for tenant
2025-11-22 09:03:46.700 66691 INFO tempest.lib.common.rest_client [req-0ba68f81-d77a-4471-a2b9-234822ce1c4f req-0ba68f81-d77a-4471-a2b9-234822ce1c4f ] Request (ServerRescueNegativeTestJSON:test_rescued_vm_detach_volume): 200 GET http://10.180.1.21/compute/v2.1/servers/09a5a012-cd41-485e-94eb-3a5ad9e06e67 0.419s
2025-11-22 09:03:46.729 66747 INFO tempest.lib.common.rest_client [req-54b60be8-82ae-4c77-9aaa-f83886efb594 req-54b60be8-82ae-4c77-9aaa-f83886efb594 ] Request (InstanceActionsV221TestJSON:test_get_list_deleted_instance_actions): 200 GET http://10.180.1.21/compute/v2.1/servers/9d589d1f-1202-4fff-92a7-2a4fe4a4f859 0.430s
2025-11-22 09:03:46.769 66729 INFO tempest.lib.common.rest_client [req-549a7f5a-1bfb-4a10-a956-042794d49e30 req-549a7f5a-1bfb-4a10-a956-042794d49e30 ] Request (VolumesAssistedSnapshotsTest:tearDownClass): 200 GET http://10.180.1.21/compute/v2.1/servers/c34d3429-a622-4f9f-be91-510b5c07671e 0.229s
2025-11-22 09:03:46.942 66703 INFO tempest.lib.common.rest_client [req-043f2e25-fac6-4cf2-b3fb-a0927c1b509c req-043f2e25-fac6-4cf2-b3fb-a0927c1b509c ] Request (ServerShowV254Test:test_rebuild_server): 202 POST http://10.180.1.21/compute/v2.1/servers 0.253s
2025-11-22 09:03:46.943 66737 INFO tempest.lib.common.rest_client [req-37a5795a-ea1f-4f56-842c-db0476626c41 req-37a5795a-ea1f-4f56-842c-db0476626c41 ] Request (FloatingIPsAssociationTestJSON:test_associate_already_associated_floating_ip): 200 GET http://10.180.1.21/compute/v2.1/servers/5175b31f-4b06-4ba8-86ac-60966ad2d6a3 0.144s
2025-11-22 09:03:46.995 66703 INFO tempest.lib.common.rest_client [req-de8eb247-37da-4602-8c53-d78800bc4ff9 req-de8eb247-37da-4602-8c53-d78800bc4ff9 ] Request (ServerShowV254Test:test_rebuild_server): 200 GET http://10.180.1.21/compute/v2.1/servers/ad880724-3f46-44b1-8e5b-3e6292b04aed 0.051s
2025-11-22 09:03:47.059 66735 INFO tempest.lib.common.rest_client [req-2464cae6-79f8-4710-a687-4c0510b408b4 req-2464cae6-79f8-4710-a687-4c0510b408b4 ] Request (DeleteServersTestJSON:test_delete_server_while_in_attached_volume): 200 GET http://10.180.1.21/compute/v2.1/servers/c11f4633-8e3a-4731-b36c-80593bd3223b 0.244s
2025-11-22 09:03:47.082 66685 INFO tempest.lib.common.rest_client [req-ebdcb739-b212-49eb-8e96-66d7dc4e21ee req-ebdcb739-b212-49eb-8e96-66d7dc4e21ee ] Request (ServersWithSpecificFlavorTestJSON:test_verify_created_server_ephemeral_disk): 200 GET http://10.180.1.21/compute/v2.1/servers/ac56cad6-c397-4945-8247-71c954f90f81 0.070s
2025-11-22 09:03:47.140 66723 INFO tempest.lib.common.rest_client [req-4887083a-cc00-4bfa-a352-12d6543c94de req-4887083a-cc00-4bfa-a352-12d6543c94de ] Request (VolumesAdminNegativeTest:tearDownClass): 200 GET http://10.180.1.21/compute/v2.1/servers/6e8842a2-e3c7-4511-9b8d-6c38e1df8626 0.118s
2025-11-22 09:03:47.230 66745 INFO tempest.lib.common.rest_client [req-e7684796-a435-482c-9219-3283076bf5c5 req-e7684796-a435-482c-9219-3283076bf5c5 ] Request (ServersTestJSON:setUpClass): 200 GET http://10.180.1.21/compute/v2.1/servers/8658aad2-1192-43d3-ae1c-62f876fbb262 0.063s
2025-11-22 09:03:47.248 66709 INFO tempest.lib.common.rest_client [req-7a0e36e5-09bd-4a8f-b35a-ebd3cae1484a req-7a0e36e5-09bd-4a8f-b35a-ebd3cae1484a ] Request (ListServersNegativeTestJSON:setUpClass): 200 GET http://10.180.1.21/compute/v2.1/servers/be212011-2e63-4bda-8cde-c26e101b7ac8 0.066s
2025-11-22 09:03:47.308 66731 INFO tempest.lib.common.rest_client [req-6e421fa9-321a-4538-b7ba-da6dc2f3b271 req-6e421fa9-321a-4538-b7ba-da6dc2f3b271 ] Request (FloatingIPsAssociationNegativeTestJSON:setUpClass): 200 GET http://10.180.1.21/compute/v2.1/servers/3623e55c-da09-4ca2-b0be-902ec6707ff9 0.050s
2025-11-22 09:03:47.327 66701 INFO tempest.lib.common.rest_client [req-afd87ab2-8822-44e6-9871-cb69ceaf68b4 req-afd87ab2-8822-44e6-9871-cb69ceaf68b4 ] Request (ServersTestMultiNic:test_verify_duplicate_network_nics): 200 GET http://10.180.1.21/compute/v2.1/servers/3a339820-12e6-4d84-ae0c-076f5df05d85 0.055s
2025-11-22 09:03:47.400 66719 INFO tempest.lib.common.rest_client [req-8d3af130-2743-4f36-8937-e41b36b9e4bd req-8d3af130-2743-4f36-8937-e41b36b9e4bd ] Request (ServerGroupTestJSON:test_create_server_with_scheduler_hint_group): 200 GET http://10.180.1.21/compute/v2.1/servers/bed4788b-8024-4a97-8612-45821dc862e7 0.051s
2025-11-22 09:03:47.433 66707 INFO tempest.lib.common.rest_client [req-88c6af4f-8ac9-4a99-9247-f30011e7f461 req-88c6af4f-8ac9-4a99-9247-f30011e7f461 ] Request (ImagesOneServerTestJSON:tearDownClass): 200 GET http://10.180.1.21/compute/v2.1/servers/d896c622-22e3-4de9-a972-f8f83b49f015 0.066s
2025-11-22 09:03:47.479 66689 INFO tempest.lib.common.rest_client [req-d1eae823-4bf1-4bfa-89d3-68952920dce0 req-d1eae823-4bf1-4bfa-89d3-68952920dce0 ] Request (ServersAdmin275Test:test_rebuild_update_server_275): 200 GET http://10.180.1.21/compute/v2.1/servers/6a859176-53a2-4678-8669-39d57102fc78 0.062s
2025-11-22 09:03:47.490 66713 INFO tempest.lib.common.rest_client [req-d26718f2-b565-4da8-85e9-828ada1f5647 req-d26718f2-b565-4da8-85e9-828ada1f5647 ] Request (ListImageFiltersTestJSON:setUpClass): 200 GET http://10.180.1.21/compute/v2.1/servers/ac685f5d-a007-4850-a678-8a585abc56b0 0.056s
2025-11-22 09:03:47.502 66711 WARNING tempest.lib.common.ssh [-] Failed to establish authenticated ssh connection to cirros@10.180.180.184 ([Errno None] Unable to connect to port 22 on 10.180.180.184). Number attempts: 4. Retry after 5 seconds.: paramiko.ssh_exception.NoValidConnectionsError: [Errno None] Unable to connect to port 22 on 10.180.180.184
2025-11-22 09:03:47.543 66727 INFO tempest.lib.common.rest_client [req-d9de13b9-076b-481d-aff3-90f2eb88c9a5 req-d9de13b9-076b-481d-aff3-90f2eb88c9a5 ] Request (ServerActionsTestOtherA:setUpClass): 200 GET http://10.180.1.21/compute/v2.1/servers/47ef2216-f972-4c3e-9707-4968b824c37c 0.059s
2025-11-22 09:03:47.642 66734 INFO tempest.lib.common.rest_client [req-afd932a0-e4dc-4403-9d39-af522dd59b90 req-afd932a0-e4dc-4403-9d39-af522dd59b90 ] Request (MigrationsAdminTest:test_resize_server_revert_deleted_flavor): 200 GET http://10.180.1.21/compute/v2.1/servers/6a70db32-0f17-4e2c-83c7-1bd577c4645b 0.074s
2025-11-22 09:03:47.776 66743 INFO tempest.lib.common.rest_client [req-5bbe663c-7649-4211-a3f4-ccaa5815e95f req-5bbe663c-7649-4211-a3f4-ccaa5815e95f ] Request (MultipleCreateTestJSON:_run_cleanups): 200 GET http://10.180.1.21/compute/v2.1/servers/80dabcfd-eb95-4cbf-ad9c-6c82a05b74c8 0.140s
2025-11-22 09:03:47.806 66687 INFO tempest.lib.common.rest_client [req-0661e093-cfcc-449d-b8a0-b488c7a7e178 req-0661e093-cfcc-449d-b8a0-b488c7a7e178 ] Request (ListServerFiltersTestJSON:setUpClass): 200 GET http://10.180.1.21/compute/v2.1/servers/0aa855e6-fdd7-4867-851e-c3d710a1b2f6 0.208s
2025-11-22 09:03:47.811 66699 WARNING tempest.lib.common.ssh [-] Failed to establish authenticated ssh connection to cirros@10.180.180.246 ([Errno None] Unable to connect to port 22 on 10.180.180.246). Number attempts: 6. Retry after 7 seconds.: paramiko.ssh_exception.NoValidConnectionsError: [Errno None] Unable to connect to port 22 on 10.180.180.246
2025-11-22 09:03:47.845 66718 INFO tempest.lib.common.rest_client [req-a64b0147-e87c-46f0-8122-84dbe0ab5e65 req-a64b0147-e87c-46f0-8122-84dbe0ab5e65 ] Request (ImagesTestJSON:test_create_server_from_snapshot): 200 GET http://10.180.1.21/compute/v2.1/servers/065200c9-ab8c-4a77-8b06-724bc8792962 0.168s
2025-11-22 09:03:47.863 66691 INFO tempest.lib.common.rest_client [req-eaf0963a-5ab7-4e3a-8510-0052bd68ee9e req-eaf0963a-5ab7-4e3a-8510-0052bd68ee9e ] Request (ServerRescueNegativeTestJSON:test_rescued_vm_detach_volume): 200 GET http://10.180.1.21/compute/v2.1/servers/09a5a012-cd41-485e-94eb-3a5ad9e06e67 0.154s
2025-11-22 09:03:47.908 66747 INFO tempest.lib.common.rest_client [req-e1df51d4-0872-484b-a534-43a0ad003f35 req-e1df51d4-0872-484b-a534-43a0ad003f35 ] Request (InstanceActionsV221TestJSON:test_get_list_deleted_instance_actions): 200 GET http://10.180.1.21/compute/v2.1/servers/9d589d1f-1202-4fff-92a7-2a4fe4a4f859 0.170s
2025-11-22 09:03:47.927 66729 INFO tempest.lib.common.rest_client [req-ac701e54-3e0e-4beb-add0-b6a5d1acff5f req-ac701e54-3e0e-4beb-add0-b6a5d1acff5f ] Request (VolumesAssistedSnapshotsTest:tearDownClass): 200 GET http://10.180.1.21/compute/v2.1/servers/c34d3429-a622-4f9f-be91-510b5c07671e 0.149s
2025-11-22 09:03:47.927 66705 INFO tempest.lib.common.rest_client [req-bce7235b-1817-41d7-bf74-e160e9274bee req-bce7235b-1817-41d7-bf74-e160e9274bee ] Request (FloatingIPDetailsNegativeTestJSON:setUpClass): 200 PUT http://10.180.1.21/networking/v2.0/routers/d3f57bc6-1c72-4e87-a671-bac3f5413ccf/add_router_interface 1.334s
2025-11-22 09:03:47.928 66705 INFO tempest.lib.common.dynamic_creds [-] Created isolated network resources for: credentials: Credentials: {'domain_id': 'default', 'domain_name': 'Default', 'username': 'tempest-FloatingIPDetailsNegativeTestJSON-1555931534-project-member', 'project_domain_id': 'default', 'project_domain_name': 'Default', 'project_id': '052406fa869641a78119d685e6e6788b', 'project_name': 'tempest-FloatingIPDetailsNegativeTestJSON-1555931534', 'tenant_id': '052406fa869641a78119d685e6e6788b', 'tenant_name': 'tempest-FloatingIPDetailsNegativeTestJSON-1555931534', 'user_domain_id': 'default', 'user_domain_name': 'Default', 'user_id': 'cf00352f49ce47198b3d693201579ae5', 'system': None}, Network: {'id': '10c8ff25-3cc9-4ff1-bd67-d12bdd914d1c', 'name': 'tempest-FloatingIPDetailsNegativeTestJSON-2021000687-network', 'tenant_id': '052406fa869641a78119d685e6e6788b', 'project_id': '052406fa869641a78119d685e6e6788b', 'admin_state_up': True, 'mtu': 8950, 'status': 'ACTIVE', 'subnets': [], 'shared': False, 'port_security_enabled': True, 'router:external': False, 'provider:network_type': 'vlan', 'provider:physical_network': 'default', 'provider:segmentation_id': 271, 'availability_zone_hints': [], 'availability_zones': [], 'ipv4_address_scope': None, 'ipv6_address_scope': None, 'description': '', 'tags': [], 'created_at': '2025-11-22T09:03:45Z', 'updated_at': '2025-11-22T09:03:45Z', 'revision_number': 1}, Subnet: {'id': '8ea4d611-635d-4fa1-b5ca-5b92371000ff', 'name': 'tempest-FloatingIPDetailsNegativeTestJSON-2021000687-subnet', 'tenant_id': '052406fa869641a78119d685e6e6788b', 'network_id': '10c8ff25-3cc9-4ff1-bd67-d12bdd914d1c', 'ip_version': 4, 'subnetpool_id': None, 'enable_dhcp': True, 'ipv6_ra_mode': None, 'ipv6_address_mode': None, 'gateway_ip': '192.168.128.1', 'cidr': '192.168.128.0/28', 'allocation_pools': [{'start': '192.168.128.2', 'end': '192.168.128.14'}], 'host_routes': [], 'dns_nameservers': [], 'description': '', 'router:external': False, 'service_types': [], 'tags': [], 'created_at': '2025-11-22T09:03:45Z', 'updated_at': '2025-11-22T09:03:45Z', 'revision_number': 0, 'project_id': '052406fa869641a78119d685e6e6788b'}, Router: {'id': 'd3f57bc6-1c72-4e87-a671-bac3f5413ccf', 'name': 'tempest-FloatingIPDetailsNegativeTestJSON-2021000687-router', 'tenant_id': '052406fa869641a78119d685e6e6788b', 'admin_state_up': True, 'status': 'ACTIVE', 'external_gateway_info': {'network_id': '1930df74-5bbf-4a05-81f1-09fadb2fa31e', 'external_fixed_ips': [{'subnet_id': 'b4f6b472-f104-449f-a2a3-03fa87c1026e', 'ip_address': '10.180.180.145'}], 'enable_snat': True}, 'description': '', 'availability_zones': [], 'distributed': False, 'ha': False, 'availability_zone_hints': [], 'routes': [], 'flavor_id': None, 'tags': [], 'created_at': '2025-11-22T09:03:45Z', 'updated_at': '2025-11-22T09:03:46Z', 'revision_number': 2, 'project_id': '052406fa869641a78119d685e6e6788b'}
2025-11-22 09:03:48.019 66705 INFO tempest.lib.common.rest_client [req-dad08be9-0510-4f4c-84fa-01c5ab07c41d req-dad08be9-0510-4f4c-84fa-01c5ab07c41d ] Request (FloatingIPDetailsNegativeTestJSON:setUpClass): 201 POST http://10.180.1.21/identity/v3/auth/tokens 0.088s
2025-11-22 09:03:48.063 66703 INFO tempest.lib.common.rest_client [req-6cbd5165-549d-4530-8aa2-81beef191bab req-6cbd5165-549d-4530-8aa2-81beef191bab ] Request (ServerShowV254Test:test_rebuild_server): 200 GET http://10.180.1.21/compute/v2.1/servers/ad880724-3f46-44b1-8e5b-3e6292b04aed 0.058s
2025-11-22 09:03:48.087 66737 INFO tempest.lib.common.rest_client [req-f1960e01-9836-41e7-af2a-5d3191ce5680 req-f1960e01-9836-41e7-af2a-5d3191ce5680 ] Request (FloatingIPsAssociationTestJSON:test_associate_already_associated_floating_ip): 200 GET http://10.180.1.21/compute/v2.1/servers/5175b31f-4b06-4ba8-86ac-60966ad2d6a3 0.131s
2025-11-22 09:03:48.128 66705 INFO tempest.lib.common.rest_client [req-d4926b23-c14a-4190-8474-7c6a683cb2da req-d4926b23-c14a-4190-8474-7c6a683cb2da ] Request (FloatingIPDetailsNegativeTestJSON:test_get_nonexistent_floating_ip_details): 404 GET http://10.180.1.21/compute/v2.1/os-floating-ips/9a36a6be-a32b-4fd2-9b8c-b6dd4975d7e1 0.108s
2025-11-22 09:03:48.140 66735 INFO tempest.lib.common.rest_client [req-3e385d39-49f1-4ab7-86ec-3d0faaf62864 req-3e385d39-49f1-4ab7-86ec-3d0faaf62864 ] Request (DeleteServersTestJSON:test_delete_server_while_in_attached_volume): 200 GET http://10.180.1.21/compute/v2.1/servers/c11f4633-8e3a-4731-b36c-80593bd3223b 0.074s
2025-11-22 09:03:48.170 66723 INFO tempest.lib.common.rest_client [req-fbd05a79-b22b-431a-93f2-ab632877f7e3 req-fbd05a79-b22b-431a-93f2-ab632877f7e3 ] Request (VolumesAdminNegativeTest:tearDownClass): 404 GET http://10.180.1.21/compute/v2.1/servers/6e8842a2-e3c7-4511-9b8d-6c38e1df8626 0.023s
2025-11-22 09:03:48.176 66685 INFO tempest.lib.common.rest_client [req-a85f94f8-601e-4974-ba12-c6e836de6bf8 req-a85f94f8-601e-4974-ba12-c6e836de6bf8 ] Request (ServersWithSpecificFlavorTestJSON:test_verify_created_server_ephemeral_disk): 200 GET http://10.180.1.21/compute/v2.1/servers/ac56cad6-c397-4945-8247-71c954f90f81 0.085s
2025-11-22 09:03:48.827 66723 INFO tempest.lib.common.rest_client [req-42062b8f-1b46-4e65-82dc-7d5e932cc6d6 req-42062b8f-1b46-4e65-82dc-7d5e932cc6d6 ] Request (VolumesAdminNegativeTest:tearDownClass): 200 PUT http://10.180.1.21/networking/v2.0/routers/56c2ec34-bc95-491b-b238-7a22e95ac313/remove_router_interface 0.656s
2025-11-22 09:03:48.834 66705 INFO tempest.lib.common.rest_client [req-edb38202-2e32-4f3e-a494-15e8bf914538 req-edb38202-2e32-4f3e-a494-15e8bf914538 ] Request (FloatingIPDetailsNegativeTestJSON:tearDownClass): 200 PUT http://10.180.1.21/networking/v2.0/routers/d3f57bc6-1c72-4e87-a671-bac3f5413ccf/remove_router_interface 0.703s
2025-11-22 09:03:48.858 66745 INFO tempest.lib.common.rest_client [req-ca1fdce8-68cf-49ea-8861-757d271eb526 req-ca1fdce8-68cf-49ea-8861-757d271eb526 ] Request (ServersTestJSON:setUpClass): 200 GET http://10.180.1.21/compute/v2.1/servers/8658aad2-1192-43d3-ae1c-62f876fbb262 0.619s
2025-11-22 09:03:48.861 66709 INFO tempest.lib.common.rest_client [req-8986932a-d3af-4ffa-a063-c2173627aa13 req-8986932a-d3af-4ffa-a063-c2173627aa13 ] Request (ListServersNegativeTestJSON:setUpClass): 200 GET http://10.180.1.21/compute/v2.1/servers/be212011-2e63-4bda-8cde-c26e101b7ac8 0.605s
2025-11-22 09:03:49.292 66723 INFO tempest.lib.common.rest_client [req-34c8a0ec-deef-401a-8cec-a937ba59a7cf req-34c8a0ec-deef-401a-8cec-a937ba59a7cf ] Request (VolumesAdminNegativeTest:tearDownClass): 204 DELETE http://10.180.1.21/networking/v2.0/routers/56c2ec34-bc95-491b-b238-7a22e95ac313 0.464s
2025-11-22 09:03:49.292 66705 INFO tempest.lib.common.rest_client [req-75f0fc30-e23d-4e7e-b1d5-e86a8b5955b0 req-75f0fc30-e23d-4e7e-b1d5-e86a8b5955b0 ] Request (FloatingIPDetailsNegativeTestJSON:tearDownClass): 204 DELETE http://10.180.1.21/networking/v2.0/routers/d3f57bc6-1c72-4e87-a671-bac3f5413ccf 0.457s
2025-11-22 09:03:49.316 66701 INFO tempest.lib.common.rest_client [req-ae6c5136-7030-43ea-9b23-abacbc7f2112 req-ae6c5136-7030-43ea-9b23-abacbc7f2112 ] Request (ServersTestMultiNic:test_verify_duplicate_network_nics): 200 GET http://10.180.1.21/compute/v2.1/servers/3a339820-12e6-4d84-ae0c-076f5df05d85 0.981s
2025-11-22 09:03:49.316 66731 INFO tempest.lib.common.rest_client [req-b77b9db0-1763-416e-b3eb-e4f12b1a8eb2 req-b77b9db0-1763-416e-b3eb-e4f12b1a8eb2 ] Request (FloatingIPsAssociationNegativeTestJSON:setUpClass): 200 GET http://10.180.1.21/compute/v2.1/servers/3623e55c-da09-4ca2-b0be-902ec6707ff9 1.001s
2025-11-22 09:03:49.405 66705 INFO tempest.lib.common.rest_client [req-6a1032d7-da81-4738-9454-02833bb33a3e req-6a1032d7-da81-4738-9454-02833bb33a3e ] Request (FloatingIPDetailsNegativeTestJSON:tearDownClass): 204 DELETE http://10.180.1.21/networking/v2.0/subnets/8ea4d611-635d-4fa1-b5ca-5b92371000ff 0.113s
2025-11-22 09:03:49.431 66719 INFO tempest.lib.common.rest_client [req-abd6c211-22e0-4104-869a-6cf9b40cf71c req-abd6c211-22e0-4104-869a-6cf9b40cf71c ] Request (ServerGroupTestJSON:test_create_server_with_scheduler_hint_group): 200 GET http://10.180.1.21/compute/v2.1/servers/bed4788b-8024-4a97-8612-45821dc862e7 1.023s
2025-11-22 09:03:49.431 66723 INFO tempest.lib.common.rest_client [req-02986018-edfd-4454-a73e-46973fff73b8 req-02986018-edfd-4454-a73e-46973fff73b8 ] Request (VolumesAdminNegativeTest:tearDownClass): 204 DELETE http://10.180.1.21/networking/v2.0/subnets/61d095d0-82eb-45d5-b3a0-720082410031 0.139s
2025-11-22 09:03:49.447 66707 INFO tempest.lib.common.rest_client [req-679482a3-d3f9-4a9f-88fc-0ee7eee4a2ab req-679482a3-d3f9-4a9f-88fc-0ee7eee4a2ab ] Request (ImagesOneServerTestJSON:tearDownClass): 200 GET http://10.180.1.21/compute/v2.1/servers/d896c622-22e3-4de9-a972-f8f83b49f015 1.005s
2025-11-22 09:03:49.588 66705 INFO tempest.lib.common.rest_client [req-22f08422-de50-4394-9841-146d08430004 req-22f08422-de50-4394-9841-146d08430004 ] Request (FloatingIPDetailsNegativeTestJSON:tearDownClass): 204 DELETE http://10.180.1.21/networking/v2.0/networks/10c8ff25-3cc9-4ff1-bd67-d12bdd914d1c 0.182s
2025-11-22 09:03:49.626 66689 INFO tempest.lib.common.rest_client [req-5e923376-8b15-4a04-b01a-244d00ec2582 req-5e923376-8b15-4a04-b01a-244d00ec2582 ] Request (ServersAdmin275Test:test_rebuild_update_server_275): 200 GET http://10.180.1.21/compute/v2.1/servers/6a859176-53a2-4678-8669-39d57102fc78 1.135s
2025-11-22 09:03:49.702 66713 INFO tempest.lib.common.rest_client [req-e66e9565-3912-49ec-9c9d-84754fd1605a req-e66e9565-3912-49ec-9c9d-84754fd1605a ] Request (ListImageFiltersTestJSON:setUpClass): 200 GET http://10.180.1.21/compute/v2.1/servers/ac685f5d-a007-4850-a678-8a585abc56b0 1.203s
2025-11-22 09:03:49.755 66727 INFO tempest.lib.common.rest_client [req-11c95a03-67ae-4bfc-8cb6-abcf81c68fd2 req-11c95a03-67ae-4bfc-8cb6-abcf81c68fd2 ] Request (ServerActionsTestOtherA:setUpClass): 200 GET http://10.180.1.21/compute/v2.1/servers/47ef2216-f972-4c3e-9707-4968b824c37c 1.205s
2025-11-22 09:03:49.805 66705 INFO tempest.lib.common.rest_client [req-32a538f8-b76b-4416-9bff-882d3fec184c req-32a538f8-b76b-4416-9bff-882d3fec184c ] Request (FloatingIPDetailsNegativeTestJSON:tearDownClass): 204 DELETE http://10.180.1.21/identity/v3/users/cf00352f49ce47198b3d693201579ae5 0.217s
2025-11-22 09:03:49.806 66705 INFO tempest.lib.common.dynamic_creds [-] Deleting project and security group for project: 052406fa869641a78119d685e6e6788b
2025-11-22 09:03:49.814 66734 INFO tempest.lib.common.rest_client [req-111a5a28-a649-498c-a1da-66ae1130e9bb req-111a5a28-a649-498c-a1da-66ae1130e9bb ] Request (MigrationsAdminTest:test_resize_server_revert_deleted_flavor): 200 GET http://10.180.1.21/compute/v2.1/servers/6a70db32-0f17-4e2c-83c7-1bd577c4645b 1.160s
2025-11-22 09:03:49.851 66723 INFO tempest.lib.common.rest_client [req-999cf0de-0e42-4847-b7f3-7e6d8417b693 req-999cf0de-0e42-4847-b7f3-7e6d8417b693 ] Request (VolumesAdminNegativeTest:tearDownClass): 204 DELETE http://10.180.1.21/networking/v2.0/networks/250f865a-a757-44b5-95c5-0e7946068422 0.419s
2025-11-22 09:03:49.873 66743 INFO tempest.lib.common.rest_client [req-0ce817e3-693a-4035-877f-cac5e3788e33 req-0ce817e3-693a-4035-877f-cac5e3788e33 ] Request (MultipleCreateTestJSON:_run_cleanups): 200 GET http://10.180.1.21/compute/v2.1/servers/80dabcfd-eb95-4cbf-ad9c-6c82a05b74c8 1.089s
2025-11-22 09:03:49.877 66705 INFO tempest.lib.common.rest_client [req-bc953d18-bd91-4a7f-ab92-054ff343af74 req-bc953d18-bd91-4a7f-ab92-054ff343af74 ] Request (FloatingIPDetailsNegativeTestJSON:tearDownClass): 200 GET http://10.180.1.21/networking/v2.0/security-groups?tenant_id=052406fa869641a78119d685e6e6788b&name=default 0.071s
2025-11-22 09:03:50.006 66705 INFO tempest.lib.common.rest_client [req-72dbdd10-ad7c-4723-a310-9005e52de49e req-72dbdd10-ad7c-4723-a310-9005e52de49e ] Request (FloatingIPDetailsNegativeTestJSON:tearDownClass): 204 DELETE http://10.180.1.21/networking/v2.0/security-groups/f7645d42-614c-48f5-83ec-cfbf27fc1d17 0.129s
2025-11-22 09:03:50.036 66687 INFO tempest.lib.common.rest_client [req-adbe5d1d-d403-439d-840d-49c4be0b0c06 req-adbe5d1d-d403-439d-840d-49c4be0b0c06 ] Request (ListServerFiltersTestJSON:setUpClass): 200 GET http://10.180.1.21/compute/v2.1/servers/0aa855e6-fdd7-4867-851e-c3d710a1b2f6 1.220s
2025-11-22 09:03:50.043 66687 INFO tempest.common.waiters [-] State transition "BUILD/spawning" ==> "ACTIVE/None" after 63 second wait
2025-11-22 09:03:50.050 66718 INFO tempest.lib.common.rest_client [req-e55fc1c4-9fa6-4c94-90b1-6f1fbc6e5012 req-e55fc1c4-9fa6-4c94-90b1-6f1fbc6e5012 ] Request (ImagesTestJSON:test_create_server_from_snapshot): 200 GET http://10.180.1.21/compute/v2.1/servers/065200c9-ab8c-4a77-8b06-724bc8792962 1.197s
2025-11-22 09:03:50.110 66691 INFO tempest.lib.common.rest_client [req-56d24b9a-5f14-4b41-90ad-9ba8dc21cc69 req-56d24b9a-5f14-4b41-90ad-9ba8dc21cc69 ] Request (ServerRescueNegativeTestJSON:test_rescued_vm_detach_volume): 200 GET http://10.180.1.21/compute/v2.1/servers/09a5a012-cd41-485e-94eb-3a5ad9e06e67 1.238s
2025-11-22 09:03:50.122 66705 INFO tempest.lib.common.rest_client [req-d3f00807-2a87-40c2-b6eb-16bc141d9430 req-d3f00807-2a87-40c2-b6eb-16bc141d9430 ] Request (FloatingIPDetailsNegativeTestJSON:tearDownClass): 204 DELETE http://10.180.1.21/identity/v3/projects/052406fa869641a78119d685e6e6788b 0.115s
2025-11-22 09:03:50.123 66705 INFO tempest.test [-] raised in ServerPersonalityTestJSON.setUpClass. Invoking tearDownClass.
2025-11-22 09:03:50.124 66747 INFO tempest.lib.common.rest_client [req-3b1cb87e-08bb-4756-85af-8e3601870208 req-3b1cb87e-08bb-4756-85af-8e3601870208 ] Request (InstanceActionsV221TestJSON:test_get_list_deleted_instance_actions): 200 GET http://10.180.1.21/compute/v2.1/servers/9d589d1f-1202-4fff-92a7-2a4fe4a4f859 1.207s
2025-11-22 09:03:50.129 66729 INFO tempest.lib.common.rest_client [req-87939b8b-eff2-4b91-ae39-77ca79806d55 req-87939b8b-eff2-4b91-ae39-77ca79806d55 ] Request (VolumesAssistedSnapshotsTest:tearDownClass): 404 GET http://10.180.1.21/compute/v2.1/servers/c34d3429-a622-4f9f-be91-510b5c07671e 1.192s
2025-11-22 09:03:50.174 66703 INFO tempest.lib.common.rest_client [req-2eac04e9-2fe8-4865-9229-3857e6671eaf req-2eac04e9-2fe8-4865-9229-3857e6671eaf ] Request (ServerShowV254Test:test_rebuild_server): 200 GET http://10.180.1.21/compute/v2.1/servers/ad880724-3f46-44b1-8e5b-3e6292b04aed 1.102s
2025-11-22 09:03:50.188 66705 INFO tempest.lib.common.rest_client [req-52eaf573-7778-4c40-a447-6a4b4be9e04a req-52eaf573-7778-4c40-a447-6a4b4be9e04a ] Request (AttachVolumeShelveTestJSON:setUpClass): 201 POST http://10.180.1.21/identity/v3/auth/tokens 0.061s
2025-11-22 09:03:50.216 66705 INFO tempest.lib.common.rest_client [req-b6201ea4-4e87-4fe6-aa6b-96441c5fe98c req-b6201ea4-4e87-4fe6-aa6b-96441c5fe98c ] Request (AttachVolumeShelveTestJSON:setUpClass): 201 POST http://10.180.1.21/identity/v3/auth/tokens 0.025s
2025-11-22 09:03:50.240 66735 INFO tempest.lib.common.rest_client [req-92e7f255-fc5b-49b4-a4cb-4465b10d8d09 req-92e7f255-fc5b-49b4-a4cb-4465b10d8d09 ] Request (DeleteServersTestJSON:test_delete_server_while_in_attached_volume): 200 GET http://10.180.1.21/compute/v2.1/servers/c11f4633-8e3a-4731-b36c-80593bd3223b 1.092s
2025-11-22 09:03:50.243 66705 INFO tempest.lib.common.rest_client [req-c1dfd271-300a-4053-addb-8c7fbe1eb857 req-c1dfd271-300a-4053-addb-8c7fbe1eb857 ] Request (AttachVolumeShelveTestJSON:setUpClass): 200 GET http://10.180.1.21/identity/v3/domains?name=Default 0.027s
2025-11-22 09:03:50.264 66737 INFO tempest.lib.common.rest_client [req-a2c8c41d-a89d-4de1-80ba-a6ff1e81941e req-a2c8c41d-a89d-4de1-80ba-a6ff1e81941e ] Request (FloatingIPsAssociationTestJSON:test_associate_already_associated_floating_ip): 200 GET http://10.180.1.21/compute/v2.1/servers/5175b31f-4b06-4ba8-86ac-60966ad2d6a3 1.168s
2025-11-22 09:03:50.277 66705 INFO tempest.lib.common.rest_client [req-0c4b859e-b2b9-4345-8d2f-11fd3e4b2c31 req-0c4b859e-b2b9-4345-8d2f-11fd3e4b2c31 ] Request (AttachVolumeShelveTestJSON:setUpClass): 201 POST http://10.180.1.21/identity/v3/projects 0.033s
2025-11-22 09:03:50.299 66685 INFO tempest.lib.common.rest_client [req-d0b70672-2448-4f40-a5bb-103256857b0d req-d0b70672-2448-4f40-a5bb-103256857b0d ] Request (ServersWithSpecificFlavorTestJSON:test_verify_created_server_ephemeral_disk): 200 GET http://10.180.1.21/compute/v2.1/servers/ac56cad6-c397-4945-8247-71c954f90f81 1.114s
2025-11-22 09:03:50.317 66745 INFO tempest.lib.common.rest_client [req-da7bd6a8-b6eb-4008-a8c7-f283171c3844 req-da7bd6a8-b6eb-4008-a8c7-f283171c3844 ] Request (ServersTestJSON:setUpClass): 200 GET http://10.180.1.21/compute/v2.1/servers/8658aad2-1192-43d3-ae1c-62f876fbb262 0.447s
2025-11-22 09:03:50.340 66705 INFO tempest.lib.common.rest_client [req-f98fe3d2-a228-4901-8465-6c1d43e3bf9a req-f98fe3d2-a228-4901-8465-6c1d43e3bf9a ] Request (AttachVolumeShelveTestJSON:setUpClass): 201 POST http://10.180.1.21/identity/v3/users 0.062s
2025-11-22 09:03:50.352 66709 INFO tempest.lib.common.rest_client [req-caa7fb7c-5134-4b6c-91fc-8a47132c7d3a req-caa7fb7c-5134-4b6c-91fc-8a47132c7d3a ] Request (ListServersNegativeTestJSON:setUpClass): 200 GET http://10.180.1.21/compute/v2.1/servers/be212011-2e63-4bda-8cde-c26e101b7ac8 0.482s
2025-11-22 09:03:50.363 66705 INFO tempest.lib.common.rest_client [req-bdde0eb7-a965-4b6e-98a2-978f603f936f req-bdde0eb7-a965-4b6e-98a2-978f603f936f ] Request (AttachVolumeShelveTestJSON:setUpClass): 200 GET http://10.180.1.21/identity/v3/roles 0.022s
2025-11-22 09:03:50.372 66729 INFO tempest.lib.common.rest_client [req-fcdb0792-69a1-4654-8a88-46d8ac25f6e5 req-fcdb0792-69a1-4654-8a88-46d8ac25f6e5 ] Request (VolumesAssistedSnapshotsTest:tearDownClass): 202 DELETE http://10.180.1.21/compute/v2.1/os-keypairs/tempest-keypair-262424460 0.242s
2025-11-22 09:03:50.395 66705 INFO tempest.lib.common.rest_client [req-0d19cf9d-08fd-458e-8244-cfefc9ca6377 req-0d19cf9d-08fd-458e-8244-cfefc9ca6377 ] Request (AttachVolumeShelveTestJSON:setUpClass): 204 PUT http://10.180.1.21/identity/v3/projects/6a1f335ad3ea4a638294793214b6701e/users/eab225259c514f8e8f906455e1cb3094/roles/80d723911f9b48a2ae53c87bc6e5ea0d 0.032s
2025-11-22 09:03:50.395 66705 INFO tempest.lib.common.dynamic_creds [-] Dynamic test user eab225259c514f8e8f906455e1cb3094 is created with scope project and roles: ['member']
2025-11-22 09:03:50.396 66705 INFO tempest.lib.common.dynamic_creds [-] Acquired dynamic creds: credentials: Credentials: {'domain_id': 'default', 'domain_name': 'Default', 'username': 'tempest-AttachVolumeShelveTestJSON-1865269064-project-member', 'project_domain_id': 'default', 'project_domain_name': 'Default', 'project_id': '6a1f335ad3ea4a638294793214b6701e', 'project_name': 'tempest-AttachVolumeShelveTestJSON-1865269064', 'tenant_id': '6a1f335ad3ea4a638294793214b6701e', 'tenant_name': 'tempest-AttachVolumeShelveTestJSON-1865269064', 'user_domain_id': 'default', 'user_domain_name': 'Default', 'user_id': 'eab225259c514f8e8f906455e1cb3094', 'system': None}, Network: None, Subnet: None, Router: None
2025-11-22 09:03:50.453 66705 INFO tempest.lib.common.rest_client [req-5567e026-d951-4356-941e-0b80c4e52adb req-5567e026-d951-4356-941e-0b80c4e52adb ] Request (AttachVolumeShelveTestJSON:setUpClass): 201 POST http://10.180.1.21/identity/v3/auth/tokens 0.057s
2025-11-22 09:03:50.462 66729 INFO tempest.lib.common.rest_client [req-33312cc0-0597-4811-9fb8-5e335fffe01a req-33312cc0-0597-4811-9fb8-5e335fffe01a ] Request (VolumesAssistedSnapshotsTest:tearDownClass): 204 DELETE http://10.180.1.21/networking/v2.0/security-groups/7962bd12-d8cb-482a-9ffa-6a0195a24c83 0.090s
2025-11-22 09:03:50.495 66687 INFO tempest.lib.common.rest_client [req-eb3e254e-a7e6-4536-b20d-abae6289e9ed req-eb3e254e-a7e6-4536-b20d-abae6289e9ed ] Request (ListServerFiltersTestJSON:setUpClass): 200 GET http://10.180.1.21/compute/v2.1/servers/cc94e223-52e5-4afa-9fe5-9d702b96ed86 0.451s
2025-11-22 09:03:50.516 66701 INFO tempest.lib.common.rest_client [req-bbc2e388-c20f-4892-a61e-05565e4c1600 req-bbc2e388-c20f-4892-a61e-05565e4c1600 ] Request (ServersTestMultiNic:test_verify_duplicate_network_nics): 200 GET http://10.180.1.21/compute/v2.1/servers/3a339820-12e6-4d84-ae0c-076f5df05d85 0.191s
2025-11-22 09:03:50.563 66725 WARNING tempest.lib.common.ssh [-] Failed to establish authenticated ssh connection to cirros@10.180.180.160 ([Errno None] Unable to connect to port 22 on 10.180.180.160). Number attempts: 11. Retry after 12 seconds.: paramiko.ssh_exception.NoValidConnectionsError: [Errno None] Unable to connect to port 22 on 10.180.180.160
2025-11-22 09:03:50.588 66723 INFO tempest.lib.common.rest_client [req-692c3e19-754a-4352-be4c-f00c005eb213 req-692c3e19-754a-4352-be4c-f00c005eb213 ] Request (VolumesAdminNegativeTest:tearDownClass): 200 PUT http://10.180.1.21/networking/v2.0/routers/9034c255-8ed2-4f31-86b8-b84eb76b06b2/remove_router_interface 0.737s
2025-11-22 09:03:50.596 66729 INFO tempest.lib.common.rest_client [req-3c156cad-ba19-4b00-a758-2985599c9ead req-3c156cad-ba19-4b00-a758-2985599c9ead ] Request (VolumesAssistedSnapshotsTest:tearDownClass): 404 GET http://10.180.1.21/networking/v2.0/security-groups/7962bd12-d8cb-482a-9ffa-6a0195a24c83 0.133s
2025-11-22 09:03:50.620 66731 INFO tempest.lib.common.rest_client [req-9aa6f322-9fa9-434e-a3a4-72f252359f97 req-9aa6f322-9fa9-434e-a3a4-72f252359f97 ] Request (FloatingIPsAssociationNegativeTestJSON:setUpClass): 200 GET http://10.180.1.21/compute/v2.1/servers/3623e55c-da09-4ca2-b0be-902ec6707ff9 0.293s
2025-11-22 09:03:50.634 66719 INFO tempest.lib.common.rest_client [req-bc90b967-448b-43b1-b3fc-1b24ccdae0f5 req-bc90b967-448b-43b1-b3fc-1b24ccdae0f5 ] Request (ServerGroupTestJSON:test_create_server_with_scheduler_hint_group): 200 GET http://10.180.1.21/compute/v2.1/servers/bed4788b-8024-4a97-8612-45821dc862e7 0.194s
2025-11-22 09:03:50.804 66705 INFO tempest.lib.common.rest_client [req-f86d4680-8acf-4671-b3ed-455b40e6be0c req-f86d4680-8acf-4671-b3ed-455b40e6be0c ] Request (AttachVolumeShelveTestJSON:setUpClass): 201 POST http://10.180.1.21/networking/v2.0/networks 0.350s
2025-11-22 09:03:50.986 66729 INFO tempest.lib.common.rest_client [req-26071259-4110-4298-8071-38d3a57bf3a2 req-26071259-4110-4298-8071-38d3a57bf3a2 ] Request (VolumesAssistedSnapshotsTest:tearDownClass): 204 DELETE http://10.180.1.21/networking/v2.0/floatingips/346b2adf-c540-4cdf-be9b-aa3f5ddc07b7 0.390s
2025-11-22 09:03:51.001 66729 INFO tempest.lib.common.rest_client [req-61069c6f-4b35-4698-9deb-1c45712e5efc req-61069c6f-4b35-4698-9deb-1c45712e5efc ] Request (VolumesAssistedSnapshotsTest:tearDownClass): 404 DELETE http://10.180.1.21/volume/v3/volumes/a14966c4-315d-4212-b084-2ad3a473702c 0.014s
2025-11-22 09:03:51.011 66707 INFO tempest.lib.common.rest_client [req-e5285a71-9f53-442e-85d9-9ddf6e367ca3 req-e5285a71-9f53-442e-85d9-9ddf6e367ca3 ] Request (ImagesOneServerTestJSON:tearDownClass): 200 GET http://10.180.1.21/compute/v2.1/servers/d896c622-22e3-4de9-a972-f8f83b49f015 0.557s
2025-11-22 09:03:51.020 66729 INFO tempest.lib.common.rest_client [req-bca5ba48-3f0b-40e8-8bd5-b057c48b05b8 req-bca5ba48-3f0b-40e8-8bd5-b057c48b05b8 ] Request (VolumesAssistedSnapshotsTest:tearDownClass): 404 GET http://10.180.1.21/volume/v3/volumes/a14966c4-315d-4212-b084-2ad3a473702c 0.018s
2025-11-22 09:03:51.048 66723 INFO tempest.lib.common.rest_client [req-a99fd559-02f2-47b7-b1cd-ccd3adbb4c92 req-a99fd559-02f2-47b7-b1cd-ccd3adbb4c92 ] Request (VolumesAdminNegativeTest:tearDownClass): 204 DELETE http://10.180.1.21/networking/v2.0/routers/9034c255-8ed2-4f31-86b8-b84eb76b06b2 0.459s
2025-11-22 09:03:51.207 66705 INFO tempest.lib.common.rest_client [req-d1e01f6d-4d47-4450-b4cd-7feb898a12cc req-d1e01f6d-4d47-4450-b4cd-7feb898a12cc ] Request (AttachVolumeShelveTestJSON:setUpClass): 201 POST http://10.180.1.21/networking/v2.0/subnets 0.402s
2025-11-22 09:03:51.239 66687 INFO tempest.lib.common.rest_client [req-cab315c9-c1b1-4b29-9fc9-023f91172f29 req-cab315c9-c1b1-4b29-9fc9-023f91172f29 ] Request (ListServerFiltersTestJSON:setUpClass): 200 GET http://10.180.1.21/compute/v2.1/servers/04bfa888-7aaa-4afd-a662-c040eae47739 0.735s
2025-11-22 09:03:51.370 66723 INFO tempest.lib.common.rest_client [req-32ad6032-9e82-4406-9f9b-0fda5028bbbe req-32ad6032-9e82-4406-9f9b-0fda5028bbbe ] Request (VolumesAdminNegativeTest:tearDownClass): 204 DELETE http://10.180.1.21/networking/v2.0/subnets/8b7a3937-5edd-4f73-8b5c-0b683df2f5de 0.322s
2025-11-22 09:03:51.397 66689 INFO tempest.lib.common.rest_client [req-0c3c300a-848a-42b8-a459-8e6aa4c7e5e0 req-0c3c300a-848a-42b8-a459-8e6aa4c7e5e0 ] Request (ServersAdmin275Test:test_rebuild_update_server_275): 200 GET http://10.180.1.21/compute/v2.1/servers/6a859176-53a2-4678-8669-39d57102fc78 0.755s
2025-11-22 09:03:51.754 66729 INFO tempest.lib.common.rest_client [req-788b5705-7d1d-4978-a059-2bc8886cc439 req-788b5705-7d1d-4978-a059-2bc8886cc439 ] Request (VolumesAssistedSnapshotsTest:tearDownClass): 200 PUT http://10.180.1.21/networking/v2.0/routers/7747e099-c8fd-4561-81a8-d9081146c427/remove_router_interface 0.734s
2025-11-22 09:03:51.777 66713 INFO tempest.lib.common.rest_client [req-fae95d21-3696-44ab-8a16-db240c0b0bd2 req-fae95d21-3696-44ab-8a16-db240c0b0bd2 ] Request (ListImageFiltersTestJSON:setUpClass): 200 GET http://10.180.1.21/compute/v2.1/servers/ac685f5d-a007-4850-a678-8a585abc56b0 1.060s
2025-11-22 09:03:51.787 66713 INFO tempest.common.waiters [-] State transition "BUILD/scheduling" ==> "BUILD/None" after 39 second wait
2025-11-22 09:03:52.016 66723 INFO tempest.lib.common.rest_client [req-3309d833-6de6-4af2-a9c6-983bf4dee48f req-3309d833-6de6-4af2-a9c6-983bf4dee48f ] Request (VolumesAdminNegativeTest:tearDownClass): 204 DELETE http://10.180.1.21/networking/v2.0/networks/24aa3603-8408-4f61-9b3c-3fdf310b02e4 0.645s
2025-11-22 09:03:52.043 66705 INFO tempest.lib.common.rest_client [req-7106e601-745d-4fba-ac32-e926ecec9e40 req-7106e601-745d-4fba-ac32-e926ecec9e40 ] Request (AttachVolumeShelveTestJSON:setUpClass): 201 POST http://10.180.1.21/networking/v2.0/routers 0.836s
2025-11-22 09:03:52.050 66727 INFO tempest.lib.common.rest_client [req-07ee64b0-dce7-48d0-b8f7-d24035857875 req-07ee64b0-dce7-48d0-b8f7-d24035857875 ] Request (ServerActionsTestOtherA:setUpClass): 200 GET http://10.180.1.21/compute/v2.1/servers/47ef2216-f972-4c3e-9707-4968b824c37c 1.283s
2025-11-22 09:03:52.068 66734 INFO tempest.lib.common.rest_client [req-94394ef6-911b-4bb6-b856-6afbb4b46898 req-94394ef6-911b-4bb6-b856-6afbb4b46898 ] Request (MigrationsAdminTest:test_resize_server_revert_deleted_flavor): 200 GET http://10.180.1.21/compute/v2.1/servers/6a70db32-0f17-4e2c-83c7-1bd577c4645b 1.244s
2025-11-22 09:03:52.416 66729 INFO tempest.lib.common.rest_client [req-3365a233-2512-42c3-8665-dd35d502e016 req-3365a233-2512-42c3-8665-dd35d502e016 ] Request (VolumesAssistedSnapshotsTest:tearDownClass): 204 DELETE http://10.180.1.21/networking/v2.0/routers/7747e099-c8fd-4561-81a8-d9081146c427 0.661s
2025-11-22 09:03:52.814 66723 INFO tempest.lib.common.rest_client [req-353cb13a-ae48-4523-9a66-b1c7dfbde2ac req-353cb13a-ae48-4523-9a66-b1c7dfbde2ac ] Request (VolumesAdminNegativeTest:tearDownClass): 200 PUT http://10.180.1.21/networking/v2.0/routers/b957e216-b498-4f0c-8b65-e2eca50ba1b0/remove_router_interface 0.798s
