2025-11-22 09:01:18.076 66687 INFO tempest.lib.common.rest_client [req-0a4b951d-36b5-4378-ad41-802ed6001082 req-0a4b951d-36b5-4378-ad41-802ed6001082 ] Request (TenantUsagesNegativeTestJSON:tearDownClass): 204 DELETE http://10.180.1.21/identity/v3/users/ddc5f2fc89aa4839a426879177cf2969 0.227s
2025-11-22 09:01:18.117 66721 INFO tempest.lib.common.rest_client [req-dd44ef72-374d-4ca1-b4ea-9d2b3a473a8f req-dd44ef72-374d-4ca1-b4ea-9d2b3a473a8f ] Request (FlavorsExtraSpecsTestJSON:setUpClass): 200 GET http://10.180.1.21/identity/v3/roles 0.214s
2025-11-22 09:01:18.194 66713 INFO tempest.lib.common.rest_client [req-27e40b9d-764a-450d-bf77-16cc5c030760 req-27e40b9d-764a-450d-bf77-16cc5c030760 ] Request (FlavorMetadataValidation:test_flavor_update_with_custom_namespace): 200 POST http://10.180.1.21/compute/v2.1/flavors/241529371/os-extra_specs 4.858s
2025-11-22 09:01:18.244 66687 INFO tempest.lib.common.rest_client [req-74fe6497-5051-42af-a8fb-7f7ec46b9c85 req-74fe6497-5051-42af-a8fb-7f7ec46b9c85 ] Request (TenantUsagesNegativeTestJSON:tearDownClass): 204 DELETE http://10.180.1.21/identity/v3/users/6132927f7bb945629403fcc073f1ebdd 0.167s
2025-11-22 09:01:18.244 66687 INFO tempest.lib.common.dynamic_creds [-] Deleting project and security group for project: 370f800bd66c465ba6c46ece79b84e3d
2025-11-22 09:01:18.258 66721 INFO tempest.lib.common.rest_client [req-1f90eeed-ba5c-45d9-930d-4e0b1400267d req-1f90eeed-ba5c-45d9-930d-4e0b1400267d ] Request (FlavorsExtraSpecsTestJSON:setUpClass): 204 PUT http://10.180.1.21/identity/v3/projects/a24859dcc58e4e9f849fa7698ed99b3f/users/4d4dcbb8515f423e93f911a0c55f4c88/roles/1e9a20eda58c429493f2acb1431157b0 0.140s
2025-11-22 09:01:18.258 66721 INFO tempest.lib.common.dynamic_creds [-] Dynamic test user 4d4dcbb8515f423e93f911a0c55f4c88 is created with scope project and roles: ['admin']
2025-11-22 09:01:18.258 66721 INFO tempest.lib.common.dynamic_creds [-] Acquired dynamic creds: credentials: Credentials: {'domain_id': 'default', 'domain_name': 'Default', 'username': 'tempest-FlavorsExtraSpecsTestJSON-705629509-project-admin', 'project_domain_id': 'default', 'project_domain_name': 'Default', 'project_id': 'a24859dcc58e4e9f849fa7698ed99b3f', 'project_name': 'tempest-FlavorsExtraSpecsTestJSON-705629509', 'tenant_id': 'a24859dcc58e4e9f849fa7698ed99b3f', 'tenant_name': 'tempest-FlavorsExtraSpecsTestJSON-705629509', 'user_domain_id': 'default', 'user_domain_name': 'Default', 'user_id': '4d4dcbb8515f423e93f911a0c55f4c88', 'system': None}, Network: None, Subnet: None, Router: None
2025-11-22 09:01:18.258 66721 INFO tempest.lib.common.dynamic_creds [-] Created isolated network resources for: credentials: Credentials: {'domain_id': 'default', 'domain_name': 'Default', 'username': 'tempest-FlavorsExtraSpecsTestJSON-705629509-project-admin', 'project_domain_id': 'default', 'project_domain_name': 'Default', 'project_id': 'a24859dcc58e4e9f849fa7698ed99b3f', 'project_name': 'tempest-FlavorsExtraSpecsTestJSON-705629509', 'tenant_id': 'a24859dcc58e4e9f849fa7698ed99b3f', 'tenant_name': 'tempest-FlavorsExtraSpecsTestJSON-705629509', 'user_domain_id': 'default', 'user_domain_name': 'Default', 'user_id': '4d4dcbb8515f423e93f911a0c55f4c88', 'system': None}, Network: None, Subnet: None, Router: None
2025-11-22 09:01:18.381 66731 INFO tempest.lib.common.rest_client [req-499df8d2-18fd-4c46-abcc-9352098acc26 req-499df8d2-18fd-4c46-abcc-9352098acc26 ] Request (FlavorsV255TestJSON:test_crud_flavor): 200 GET http://10.180.1.21/compute/v2.1/flavors/36072435 4.943s
2025-11-22 09:01:18.415 66687 INFO tempest.lib.common.rest_client [req-7dd9547b-be2d-4480-89ad-da8995081282 req-7dd9547b-be2d-4480-89ad-da8995081282 ] Request (TenantUsagesNegativeTestJSON:tearDownClass): 201 POST http://10.180.1.21/identity/v3/auth/tokens 0.171s
2025-11-22 09:01:18.427 66715 INFO tempest.lib.common.rest_client [req-76cfb0a7-7f3d-42e6-b8c4-2fb094d2012b req-76cfb0a7-7f3d-42e6-b8c4-2fb094d2012b ] Request (ServerGroup264TestJSON:setUpClass): 200 PUT http://10.180.1.21/networking/v2.0/routers/1e3bf32a-8c22-48df-b09e-a9906e529d1c/add_router_interface 1.409s
2025-11-22 09:01:18.427 66715 INFO tempest.lib.common.dynamic_creds [-] Created isolated network resources for: credentials: Credentials: {'domain_id': 'default', 'domain_name': 'Default', 'username': 'tempest-ServerGroup264TestJSON-961213736-project-member', 'project_domain_id': 'default', 'project_domain_name': 'Default', 'project_id': 'cf618bea72d846a69e8a38adc1a01814', 'project_name': 'tempest-ServerGroup264TestJSON-961213736', 'tenant_id': 'cf618bea72d846a69e8a38adc1a01814', 'tenant_name': 'tempest-ServerGroup264TestJSON-961213736', 'user_domain_id': 'default', 'user_domain_name': 'Default', 'user_id': '8d9705fa4b294edea700a10d356761db', 'system': None}, Network: {'id': '4df4364f-2430-4c29-90f6-f9f7f08a380b', 'name': 'tempest-ServerGroup264TestJSON-1645305863-network', 'tenant_id': 'cf618bea72d846a69e8a38adc1a01814', 'project_id': 'cf618bea72d846a69e8a38adc1a01814', 'admin_state_up': True, 'mtu': 8950, 'status': 'ACTIVE', 'subnets': [], 'shared': False, 'port_security_enabled': True, 'router:external': False, 'provider:network_type': 'vlan', 'provider:physical_network': 'default', 'provider:segmentation_id': 775, 'availability_zone_hints': [], 'availability_zones': [], 'ipv4_address_scope': None, 'ipv6_address_scope': None, 'description': '', 'tags': [], 'created_at': '2025-11-22T09:01:15Z', 'updated_at': '2025-11-22T09:01:15Z', 'revision_number': 1}, Subnet: {'id': '8d5509db-88c4-44c2-9236-f0420ca69250', 'name': 'tempest-ServerGroup264TestJSON-1645305863-subnet', 'tenant_id': 'cf618bea72d846a69e8a38adc1a01814', 'network_id': '4df4364f-2430-4c29-90f6-f9f7f08a380b', 'ip_version': 4, 'subnetpool_id': None, 'enable_dhcp': True, 'ipv6_ra_mode': None, 'ipv6_address_mode': None, 'gateway_ip': '192.168.128.1', 'cidr': '192.168.128.0/28', 'allocation_pools': [{'start': '192.168.128.2', 'end': '192.168.128.14'}], 'host_routes': [], 'dns_nameservers': [], 'description': '', 'router:external': False, 'service_types': [], 'tags': [], 'created_at': '2025-11-22T09:01:15Z', 'updated_at': '2025-11-22T09:01:15Z', 'revision_number': 0, 'project_id': 'cf618bea72d846a69e8a38adc1a01814'}, Router: {'id': '1e3bf32a-8c22-48df-b09e-a9906e529d1c', 'name': 'tempest-ServerGroup264TestJSON-1645305863-router', 'tenant_id': 'cf618bea72d846a69e8a38adc1a01814', 'admin_state_up': True, 'status': 'ACTIVE', 'external_gateway_info': {'network_id': '1930df74-5bbf-4a05-81f1-09fadb2fa31e', 'external_fixed_ips': [{'subnet_id': 'b4f6b472-f104-449f-a2a3-03fa87c1026e', 'ip_address': '10.180.180.211'}], 'enable_snat': True}, 'description': '', 'availability_zones': [], 'distributed': False, 'ha': False, 'availability_zone_hints': [], 'routes': [], 'flavor_id': None, 'tags': [], 'created_at': '2025-11-22T09:01:16Z', 'updated_at': '2025-11-22T09:01:16Z', 'revision_number': 2, 'project_id': 'cf618bea72d846a69e8a38adc1a01814'}
2025-11-22 09:01:18.467 66729 INFO tempest.lib.common.rest_client [req-f5eacf2c-8712-4c30-a302-af7137dc9b67 req-f5eacf2c-8712-4c30-a302-af7137dc9b67 ] Request (VolumesAssistedSnapshotsTest:setUpClass): 201 POST http://10.180.1.21/networking/v2.0/routers 0.826s
2025-11-22 09:01:18.510 66721 INFO tempest.lib.common.rest_client [req-1034d521-a804-4aaf-aea5-dd1eb2b83551 req-1034d521-a804-4aaf-aea5-dd1eb2b83551 ] Request (FlavorsExtraSpecsTestJSON:setUpClass): 201 POST http://10.180.1.21/identity/v3/auth/tokens 0.246s
2025-11-22 09:01:18.542 66703 INFO tempest.lib.common.rest_client [req-03126b7c-a705-42e8-b814-ca61fc2ea34c req-03126b7c-a705-42e8-b814-ca61fc2ea34c ] Request (FlavorsExtraSpecsNegativeTestJSON:setUpClass): 200 POST http://10.180.1.21/compute/v2.1/flavors 5.061s
2025-11-22 09:01:18.590 66715 INFO tempest.lib.common.rest_client [req-3b47c116-1450-4fd3-9061-b77bfb0db62a req-3b47c116-1450-4fd3-9061-b77bfb0db62a ] Request (ServerGroup264TestJSON:setUpClass): 201 POST http://10.180.1.21/identity/v3/auth/tokens 0.157s
2025-11-22 09:01:18.725 66691 INFO tempest.lib.common.rest_client [req-27a9c944-f467-4d21-8c50-f3fcf9704cc1 req-27a9c944-f467-4d21-8c50-f3fcf9704cc1 ] Request (ListImagesTestJSON:tearDownClass): 200 GET http://10.180.1.21/networking/v2.0/security-groups?tenant_id=873953efaf3d4160b48c33d4bddbfda9&name=default 0.817s
2025-11-22 09:01:18.726 66687 INFO tempest.lib.common.rest_client [req-f65063a3-f70a-4569-ae2b-fe4a8afe6cbd req-f65063a3-f70a-4569-ae2b-fe4a8afe6cbd ] Request (TenantUsagesNegativeTestJSON:tearDownClass): 200 GET http://10.180.1.21/networking/v2.0/security-groups?tenant_id=370f800bd66c465ba6c46ece79b84e3d&name=default 0.310s
2025-11-22 09:01:18.767 66725 INFO tempest.lib.common.rest_client [req-13710fa5-b711-47ab-8cc2-a9a3f4112f70 req-13710fa5-b711-47ab-8cc2-a9a3f4112f70 ] Request (ServersTestBootFromVolume:setUpClass): 200 GET http://10.180.1.21/volume/v3/volumes/eceba8b4-7030-406c-a527-2a85f6c86879 0.045s
2025-11-22 09:01:18.887 66743 INFO tempest.lib.common.rest_client [req-4814f82c-db52-4e4a-ab99-fbf2638f2f0f req-4814f82c-db52-4e4a-ab99-fbf2638f2f0f ] Request (ImagesNegativeTestJSON:test_create_image_from_deleted_server): 200 GET http://10.180.1.21/compute/v2.1/servers/0373fb1e-2c83-4d17-b002-a5d4dac0978d 5.290s
2025-11-22 09:01:18.905 66735 INFO tempest.lib.common.rest_client [req-84b6cc1b-0132-4130-99b8-76d4f726d1b8 req-84b6cc1b-0132-4130-99b8-76d4f726d1b8 ] Request (InstanceUsageAuditLogTestJSON:test_list_instance_usage_audit_logs): 200 GET http://10.180.1.21/compute/v2.1/os-instance_usage_audit_log 5.226s
2025-11-22 09:01:18.948 66701 INFO tempest.lib.common.rest_client [req-59d53559-d0bf-4a9c-9b9b-feb345b33911 req-59d53559-d0bf-4a9c-9b9b-feb345b33911 ] Request (KeyPairsV210TestJSON:test_admin_manage_keypairs_for_other_users): 201 POST http://10.180.1.21/compute/v2.1/os-keypairs 5.160s
2025-11-22 09:01:18.970 66691 INFO tempest.lib.common.rest_client [req-a7b8e9dd-f8fd-472e-ae5a-8f1bd78960b6 req-a7b8e9dd-f8fd-472e-ae5a-8f1bd78960b6 ] Request (ListImagesTestJSON:tearDownClass): 204 DELETE http://10.180.1.21/networking/v2.0/security-groups/567e50f3-8059-4982-b83a-4167ee14092c 0.245s
2025-11-22 09:01:19.005 66735 INFO tempest.lib.common.rest_client [req-13847655-c34a-488f-8385-7e39c6c82e7a req-13847655-c34a-488f-8385-7e39c6c82e7a ] Request (InstanceUsageAuditLogTestJSON:tearDownClass): 204 DELETE http://10.180.1.21/identity/v3/users/f7c0ea6be1c74a62824919117ae9b22c 0.097s
2025-11-22 09:01:19.045 66711 INFO tempest.lib.common.rest_client [req-620f070b-1b6e-4601-8a86-f24b1aa49c05 req-620f070b-1b6e-4601-8a86-f24b1aa49c05 ] Request (FlavorsV261TestJSON:test_crud_flavor): 200 GET http://10.180.1.21/compute/v2.1/flavors/1089670038 5.170s
2025-11-22 09:01:19.054 66687 INFO tempest.lib.common.rest_client [req-1b81fd10-cbd6-46f9-8b32-c7b7a01fdb16 req-1b81fd10-cbd6-46f9-8b32-c7b7a01fdb16 ] Request (TenantUsagesNegativeTestJSON:tearDownClass): 204 DELETE http://10.180.1.21/networking/v2.0/security-groups/5472df76-397f-4d52-8a4b-7b785f1714b7 0.328s
2025-11-22 09:01:19.084 66689 INFO tempest.lib.common.rest_client [req-8214c89e-bfbd-4d8c-82f3-8662381b7ee8 req-8214c89e-bfbd-4d8c-82f3-8662381b7ee8 ] Request (FlavorsAdminTestJSON:_run_cleanups): 202 DELETE http://10.180.1.21/compute/v2.1/flavors/571078917 5.065s
2025-11-22 09:01:19.123 66735 INFO tempest.lib.common.rest_client [req-89cc4b7d-39a1-45bb-83bc-523ce3231ab4 req-89cc4b7d-39a1-45bb-83bc-523ce3231ab4 ] Request (InstanceUsageAuditLogTestJSON:tearDownClass): 204 DELETE http://10.180.1.21/identity/v3/users/9c4ade396f5642e3b018e87195cee76d 0.118s
2025-11-22 09:01:19.124 66735 INFO tempest.lib.common.dynamic_creds [-] Deleting project and security group for project: dbcf7842999a4614baad1232668b86a8
2025-11-22 09:01:19.127 66691 INFO tempest.lib.common.rest_client [req-bc87c01f-7ffc-4b66-b69f-301c0873b579 req-bc87c01f-7ffc-4b66-b69f-301c0873b579 ] Request (ListImagesTestJSON:tearDownClass): 204 DELETE http://10.180.1.21/identity/v3/projects/873953efaf3d4160b48c33d4bddbfda9 0.156s
2025-11-22 09:01:19.208 66687 INFO tempest.lib.common.rest_client [req-756fb0b7-25c5-4833-871a-43d9f0b81729 req-756fb0b7-25c5-4833-871a-43d9f0b81729 ] Request (TenantUsagesNegativeTestJSON:tearDownClass): 204 DELETE http://10.180.1.21/identity/v3/projects/370f800bd66c465ba6c46ece79b84e3d 0.153s
2025-11-22 09:01:19.209 66687 INFO tempest.lib.common.dynamic_creds [-] Deleting project and security group for project: b19551baa5494bdeb09de78d96541417
2025-11-22 09:01:19.261 66735 INFO tempest.lib.common.rest_client [req-75aebeba-6dd9-44c1-a9dd-82f680674703 req-75aebeba-6dd9-44c1-a9dd-82f680674703 ] Request (InstanceUsageAuditLogTestJSON:tearDownClass): 201 POST http://10.180.1.21/identity/v3/auth/tokens 0.137s
2025-11-22 09:01:19.262 66739 INFO tempest.lib.common.rest_client [req-770b3664-70ee-4840-ac6f-bc4a9b0b223b req-770b3664-70ee-4840-ac6f-bc4a9b0b223b ] Request (InstanceUsageAuditLogNegativeTestJSON:test_instance_usage_audit_logs_with_nonadmin_user): 403 GET http://10.180.1.21/compute/v2.1/os-instance_usage_audit_log 5.083s
2025-11-22 09:01:19.276 66691 INFO tempest.lib.common.rest_client [req-3de2ba1c-ba72-4493-86f1-1ea9aa143cc8 req-3de2ba1c-ba72-4493-86f1-1ea9aa143cc8 ] Request (ServerRescueNegativeTestJSON:setUpClass): 201 POST http://10.180.1.21/identity/v3/auth/tokens 0.147s
2025-11-22 09:01:19.293 66737 INFO tempest.lib.common.rest_client [req-008efd25-310a-4f59-bae8-e1afd587f3d4 req-008efd25-310a-4f59-bae8-e1afd587f3d4 ] Request (HypervisorAdminV228Test:test_get_list_hypervisor_details): 200 GET http://10.180.1.21/compute/v2.1/os-hypervisors/1 4.991s
2025-11-22 09:01:19.309 66691 INFO tempest.lib.common.rest_client [req-30c11e4d-8848-4c9a-badf-f3587307a852 req-30c11e4d-8848-4c9a-badf-f3587307a852 ] Request (ServerRescueNegativeTestJSON:setUpClass): 201 POST http://10.180.1.21/identity/v3/auth/tokens 0.030s
2025-11-22 09:01:19.361 66737 INFO tempest.lib.common.rest_client [req-a17df7f9-e97f-4ca3-85c9-b48f11080345 req-a17df7f9-e97f-4ca3-85c9-b48f11080345 ] Request (HypervisorAdminV228Test:tearDownClass): 204 DELETE http://10.180.1.21/identity/v3/users/6f4e5b7f76d248978c602b15b0fba4f8 0.056s
2025-11-22 09:01:19.413 66691 INFO tempest.lib.common.rest_client [req-0680715e-c93d-41df-953c-1a775712654a req-0680715e-c93d-41df-953c-1a775712654a ] Request (ServerRescueNegativeTestJSON:setUpClass): 200 GET http://10.180.1.21/identity/v3/domains?name=Default 0.103s
2025-11-22 09:01:19.470 66709 INFO tempest.lib.common.rest_client [req-edce8433-4e08-4016-a6c3-cea5b99137fe req-edce8433-4e08-4016-a6c3-cea5b99137fe ] Request (FlavorsAccessTestJSON:test_flavor_access_add_remove): 200 POST http://10.180.1.21/compute/v2.1/flavors/211218901/action 4.868s
2025-11-22 09:01:19.485 66691 INFO tempest.lib.common.rest_client [req-f9dc9256-3300-47e8-ba5d-6b9e8806d396 req-f9dc9256-3300-47e8-ba5d-6b9e8806d396 ] Request (ServerRescueNegativeTestJSON:setUpClass): 201 POST http://10.180.1.21/identity/v3/projects 0.071s
2025-11-22 09:01:19.517 66737 INFO tempest.lib.common.rest_client [req-d89463bc-de3d-49fc-ad07-6ccf00360e37 req-d89463bc-de3d-49fc-ad07-6ccf00360e37 ] Request (HypervisorAdminV228Test:tearDownClass): 204 DELETE http://10.180.1.21/identity/v3/users/0aaf63662dad4a8bbdf5c5ad1f124064 0.155s
2025-11-22 09:01:19.517 66737 INFO tempest.lib.common.dynamic_creds [-] Deleting project and security group for project: b47d22c1e46f47978c65d334ed966d98
2025-11-22 09:01:19.595 66741 INFO tempest.lib.common.rest_client [req-c82d7312-a723-4487-9bbd-255e7b28b26b req-c82d7312-a723-4487-9bbd-255e7b28b26b ] Request (InstanceActionsNegativeTestJSON:setUpClass): 202 POST http://10.180.1.21/compute/v2.1/servers 7.327s
2025-11-22 09:01:19.607 66737 INFO tempest.lib.common.rest_client [req-36184269-5de1-4d15-b67a-b5665f5ce0e4 req-36184269-5de1-4d15-b67a-b5665f5ce0e4 ] Request (HypervisorAdminV228Test:tearDownClass): 201 POST http://10.180.1.21/identity/v3/auth/tokens 0.090s
2025-11-22 09:01:19.613 66687 INFO tempest.lib.common.rest_client [req-5b926240-b72d-48a8-8ef7-ed98b37f8cbc req-5b926240-b72d-48a8-8ef7-ed98b37f8cbc ] Request (TenantUsagesNegativeTestJSON:tearDownClass): 200 GET http://10.180.1.21/networking/v2.0/security-groups?tenant_id=b19551baa5494bdeb09de78d96541417&name=default 0.404s
2025-11-22 09:01:19.624 66691 INFO tempest.lib.common.rest_client [req-b0bfb139-053a-4bee-94b3-d4b51215a586 req-b0bfb139-053a-4bee-94b3-d4b51215a586 ] Request (ServerRescueNegativeTestJSON:setUpClass): 201 POST http://10.180.1.21/identity/v3/users 0.139s
2025-11-22 09:01:19.640 66729 INFO tempest.lib.common.rest_client [req-7ef25ebb-417c-475c-93a2-bf0fb18a4656 req-7ef25ebb-417c-475c-93a2-bf0fb18a4656 ] Request (VolumesAssistedSnapshotsTest:setUpClass): 200 PUT http://10.180.1.21/networking/v2.0/routers/6134916b-f94e-4a39-a28d-688e849902ee/add_router_interface 1.172s
2025-11-22 09:01:19.641 66729 INFO tempest.lib.common.dynamic_creds [-] Created isolated network resources for: credentials: Credentials: {'domain_id': 'default', 'domain_name': 'Default', 'username': 'tempest-VolumesAssistedSnapshotsTest-1805087057-project', 'project_domain_id': 'default', 'project_domain_name': 'Default', 'project_id': 'c00da98a7f344de8ace1f2d8fcbefe55', 'project_name': 'tempest-VolumesAssistedSnapshotsTest-1805087057', 'tenant_id': 'c00da98a7f344de8ace1f2d8fcbefe55', 'tenant_name': 'tempest-VolumesAssistedSnapshotsTest-1805087057', 'user_domain_id': 'default', 'user_domain_name': 'Default', 'user_id': 'fc6a6d35504e40f9ad8180ada26c8ea4', 'system': None}, Network: {'id': 'ed88f82f-b186-4c2c-8035-82792f4ac706', 'name': 'tempest-VolumesAssistedSnapshotsTest-363415069-network', 'tenant_id': 'c00da98a7f344de8ace1f2d8fcbefe55', 'project_id': 'c00da98a7f344de8ace1f2d8fcbefe55', 'admin_state_up': True, 'mtu': 8950, 'status': 'ACTIVE', 'subnets': [], 'shared': False, 'port_security_enabled': True, 'router:external': False, 'provider:network_type': 'vlan', 'provider:physical_network': 'default', 'provider:segmentation_id': 313, 'availability_zone_hints': [], 'availability_zones': [], 'ipv4_address_scope': None, 'ipv6_address_scope': None, 'description': '', 'tags': [], 'created_at': '2025-11-22T09:01:17Z', 'updated_at': '2025-11-22T09:01:17Z', 'revision_number': 1}, Subnet: {'id': '96451a5c-ada8-4bba-9464-fc60260f9fa6', 'name': 'tempest-VolumesAssistedSnapshotsTest-363415069-subnet', 'tenant_id': 'c00da98a7f344de8ace1f2d8fcbefe55', 'network_id': 'ed88f82f-b186-4c2c-8035-82792f4ac706', 'ip_version': 4, 'subnetpool_id': None, 'enable_dhcp': True, 'ipv6_ra_mode': None, 'ipv6_address_mode': None, 'gateway_ip': '192.168.128.1', 'cidr': '192.168.128.0/28', 'allocation_pools': [{'start': '192.168.128.2', 'end': '192.168.128.14'}], 'host_routes': [], 'dns_nameservers': [], 'description': '', 'router:external': False, 'service_types': [], 'tags': [], 'created_at': '2025-11-22T09:01:17Z', 'updated_at': '2025-11-22T09:01:17Z', 'revision_number': 0, 'project_id': 'c00da98a7f344de8ace1f2d8fcbefe55'}, Router: {'id': '6134916b-f94e-4a39-a28d-688e849902ee', 'name': 'tempest-VolumesAssistedSnapshotsTest-363415069-router', 'tenant_id': 'c00da98a7f344de8ace1f2d8fcbefe55', 'admin_state_up': True, 'status': 'ACTIVE', 'external_gateway_info': {'network_id': '1930df74-5bbf-4a05-81f1-09fadb2fa31e', 'external_fixed_ips': [{'subnet_id': 'b4f6b472-f104-449f-a2a3-03fa87c1026e', 'ip_address': '10.180.180.188'}], 'enable_snat': True}, 'description': '', 'availability_zones': [], 'distributed': False, 'ha': False, 'availability_zone_hints': [], 'routes': [], 'flavor_id': None, 'tags': [], 'created_at': '2025-11-22T09:01:17Z', 'updated_at': '2025-11-22T09:01:18Z', 'revision_number': 2, 'project_id': 'c00da98a7f344de8ace1f2d8fcbefe55'}
2025-11-22 09:01:19.664 66691 INFO tempest.lib.common.rest_client [req-15cb3e05-947b-467d-bc98-be84978c7d56 req-15cb3e05-947b-467d-bc98-be84978c7d56 ] Request (ServerRescueNegativeTestJSON:setUpClass): 200 GET http://10.180.1.21/identity/v3/roles 0.039s
2025-11-22 09:01:19.680 66745 INFO tempest.lib.common.rest_client [req-adb0431e-e260-4fe5-9750-8470de63d1e6 req-adb0431e-e260-4fe5-9750-8470de63d1e6 ] Request (HypervisorAdminUnderV252Test:test_get_hypervisor_show_servers): 200 GET http://10.180.1.21/compute/v2.1/os-hypervisors/domain-c8.fc996f14-c53b-4953-92e3-bdfa48f5cc28/servers 4.858s
2025-11-22 09:01:19.789 66729 INFO tempest.lib.common.rest_client [req-1061c463-6fdd-4b60-af73-cd63b070c4dc req-1061c463-6fdd-4b60-af73-cd63b070c4dc ] Request (VolumesAssistedSnapshotsTest:setUpClass): 201 POST http://10.180.1.21/identity/v3/auth/tokens 0.139s
2025-11-22 09:01:19.809 66725 INFO tempest.lib.common.rest_client [req-047a9289-1a50-47b6-9b89-f3f5337f4f4b req-047a9289-1a50-47b6-9b89-f3f5337f4f4b ] Request (ServersTestBootFromVolume:setUpClass): 200 GET http://10.180.1.21/volume/v3/volumes/eceba8b4-7030-406c-a527-2a85f6c86879 0.034s
2025-11-22 09:01:19.823 66735 INFO tempest.lib.common.rest_client [req-17a780b9-8d22-4fd0-9bf2-15f804ca80c5 req-17a780b9-8d22-4fd0-9bf2-15f804ca80c5 ] Request (InstanceUsageAuditLogTestJSON:tearDownClass): 200 GET http://10.180.1.21/networking/v2.0/security-groups?tenant_id=dbcf7842999a4614baad1232668b86a8&name=default 0.561s
2025-11-22 09:01:19.826 66691 INFO tempest.lib.common.rest_client [req-075e289f-420a-45ef-81be-d07e7ea51c60 req-075e289f-420a-45ef-81be-d07e7ea51c60 ] Request (ServerRescueNegativeTestJSON:setUpClass): 204 PUT http://10.180.1.21/identity/v3/projects/a978b988801747a5a7f025d5b029126c/users/fc79059d8fa244d3a94f5bf7ede78127/roles/80d723911f9b48a2ae53c87bc6e5ea0d 0.161s
2025-11-22 09:01:19.826 66691 INFO tempest.lib.common.dynamic_creds [-] Dynamic test user fc79059d8fa244d3a94f5bf7ede78127 is created with scope project and roles: ['member']
2025-11-22 09:01:19.826 66691 INFO tempest.lib.common.dynamic_creds [-] Acquired dynamic creds: credentials: Credentials: {'domain_id': 'default', 'domain_name': 'Default', 'username': 'tempest-ServerRescueNegativeTestJSON-1613975853-project-member', 'project_domain_id': 'default', 'project_domain_name': 'Default', 'project_id': 'a978b988801747a5a7f025d5b029126c', 'project_name': 'tempest-ServerRescueNegativeTestJSON-1613975853', 'tenant_id': 'a978b988801747a5a7f025d5b029126c', 'tenant_name': 'tempest-ServerRescueNegativeTestJSON-1613975853', 'user_domain_id': 'default', 'user_domain_name': 'Default', 'user_id': 'fc79059d8fa244d3a94f5bf7ede78127', 'system': None}, Network: None, Subnet: None, Router: None
2025-11-22 09:01:19.848 66737 INFO tempest.lib.common.rest_client [req-bf404dfc-8de1-4f04-b28d-8d6527287856 req-bf404dfc-8de1-4f04-b28d-8d6527287856 ] Request (HypervisorAdminV228Test:tearDownClass): 200 GET http://10.180.1.21/networking/v2.0/security-groups?tenant_id=b47d22c1e46f47978c65d334ed966d98&name=default 0.240s
2025-11-22 09:01:19.881 66693 INFO tempest.lib.common.rest_client [req-74293476-5938-4b2d-bc3c-87e53bef6db5 req-74293476-5938-4b2d-bc3c-87e53bef6db5 ] Request (QuotasAdminNegativeTest:test_create_server_when_cpu_quota_is_full): 200 PUT http://10.180.1.21/compute/v2.1/os-quota-sets/bb38c23037124123b3a8a7f07ab9a598 5.147s
2025-11-22 09:01:19.916 66687 INFO tempest.lib.common.rest_client [req-cce28cf4-7cad-44d8-abdc-93b7dcbb7362 req-cce28cf4-7cad-44d8-abdc-93b7dcbb7362 ] Request (TenantUsagesNegativeTestJSON:tearDownClass): 204 DELETE http://10.180.1.21/networking/v2.0/security-groups/cdcc1dd3-0821-4743-9318-65b33c792495 0.302s
2025-11-22 09:01:19.941 66685 INFO tempest.lib.common.rest_client [req-7d45d3ce-1457-4f34-8914-415ec12efade req-7d45d3ce-1457-4f34-8914-415ec12efade ] Request (ServersWithSpecificFlavorTestJSON:test_verify_created_server_ephemeral_disk): 200 GET http://10.180.1.21/compute/v2.1/flavors/42 4.716s
2025-11-22 09:01:19.998 66691 INFO tempest.lib.common.rest_client [req-b96f6626-69ef-464b-bf53-9c8d68f9e386 req-b96f6626-69ef-464b-bf53-9c8d68f9e386 ] Request (ServerRescueNegativeTestJSON:setUpClass): 201 POST http://10.180.1.21/identity/v3/auth/tokens 0.171s
2025-11-22 09:01:20.023 66735 INFO tempest.lib.common.rest_client [req-ef320181-a403-4541-93da-f5e5502021fb req-ef320181-a403-4541-93da-f5e5502021fb ] Request (InstanceUsageAuditLogTestJSON:tearDownClass): 204 DELETE http://10.180.1.21/networking/v2.0/security-groups/25afda17-655e-4d42-b32f-e772bc5ca700 0.199s
2025-11-22 09:01:20.106 66693 INFO tempest.lib.common.rest_client [req-da9ee06a-63f2-4513-b97e-5fcf530af253 req-da9ee06a-63f2-4513-b97e-5fcf530af253 ] Request (QuotasAdminNegativeTest:test_create_server_when_cpu_quota_is_full): 201 POST http://10.180.1.21/identity/v3/auth/tokens 0.218s
2025-11-22 09:01:20.106 66693 INFO tempest.lib.common.fixed_network [-] (QuotasAdminNegativeTest:test_create_server_when_cpu_quota_is_full) Found network None available for tenant
2025-11-22 09:01:20.116 66737 INFO tempest.lib.common.rest_client [req-fc4cbec3-d4c1-4090-885d-65f08e46353a req-fc4cbec3-d4c1-4090-885d-65f08e46353a ] Request (HypervisorAdminV228Test:tearDownClass): 204 DELETE http://10.180.1.21/networking/v2.0/security-groups/ce2cf269-fb9b-42c6-8273-1a572da0f813 0.268s
2025-11-22 09:01:20.118 66687 INFO tempest.lib.common.rest_client [req-44c49fe2-54e2-4af6-917d-a8109ac029e8 req-44c49fe2-54e2-4af6-917d-a8109ac029e8 ] Request (TenantUsagesNegativeTestJSON:tearDownClass): 204 DELETE http://10.180.1.21/identity/v3/projects/b19551baa5494bdeb09de78d96541417 0.202s
2025-11-22 09:01:20.280 66735 INFO tempest.lib.common.rest_client [req-8b305867-a5e7-497e-8131-baecb3727b39 req-8b305867-a5e7-497e-8131-baecb3727b39 ] Request (InstanceUsageAuditLogTestJSON:tearDownClass): 204 DELETE http://10.180.1.21/identity/v3/projects/dbcf7842999a4614baad1232668b86a8 0.256s
2025-11-22 09:01:20.280 66735 INFO tempest.lib.common.dynamic_creds [-] Deleting project and security group for project: b8fae08a61924ee4a77ef20b21774c26
2025-11-22 09:01:20.327 66687 INFO tempest.lib.common.rest_client [req-0b69aafd-da8a-42e7-9137-76653bbe28af req-0b69aafd-da8a-42e7-9137-76653bbe28af ] Request (KeyPairsV22TestJSON:setUpClass): 201 POST http://10.180.1.21/identity/v3/auth/tokens 0.206s
2025-11-22 09:01:20.344 66729 INFO tempest.lib.common.rest_client [req-d29721a9-ca4d-4958-be52-26a915965e3b req-d29721a9-ca4d-4958-be52-26a915965e3b ] Request (VolumesAssistedSnapshotsTest:test_volume_assisted_snapshot_create_delete): 202 POST http://10.180.1.21/volume/v3/volumes 0.551s
2025-11-22 09:01:20.411 66737 INFO tempest.lib.common.rest_client [req-ec986381-69b4-42f3-8d3e-ea6ee12536d1 req-ec986381-69b4-42f3-8d3e-ea6ee12536d1 ] Request (HypervisorAdminV228Test:tearDownClass): 204 DELETE http://10.180.1.21/identity/v3/projects/b47d22c1e46f47978c65d334ed966d98 0.294s
2025-11-22 09:01:20.411 66737 INFO tempest.lib.common.dynamic_creds [-] Deleting project and security group for project: d64ffc717e134e18bf66d535cf8ef91a
2025-11-22 09:01:20.459 66729 INFO tempest.lib.common.rest_client [req-704f8332-b207-4963-9fa0-485fda366c45 req-704f8332-b207-4963-9fa0-485fda366c45 ] Request (VolumesAssistedSnapshotsTest:test_volume_assisted_snapshot_create_delete): 200 GET http://10.180.1.21/volume/v3/volumes/a14966c4-315d-4212-b084-2ad3a473702c 0.099s
2025-11-22 09:01:20.503 66687 INFO tempest.lib.common.rest_client [req-91142eea-e0e7-44c0-a968-911a4c2c0a50 req-91142eea-e0e7-44c0-a968-911a4c2c0a50 ] Request (KeyPairsV22TestJSON:setUpClass): 201 POST http://10.180.1.21/identity/v3/auth/tokens 0.169s
2025-11-22 09:01:20.544 66687 INFO tempest.lib.common.rest_client [req-80d92b9e-0bf3-43db-a704-015fb8313ba6 req-80d92b9e-0bf3-43db-a704-015fb8313ba6 ] Request (KeyPairsV22TestJSON:setUpClass): 200 GET http://10.180.1.21/identity/v3/domains?name=Default 0.041s
2025-11-22 09:01:20.617 66687 INFO tempest.lib.common.rest_client [req-1275d251-2584-4aa1-a3a3-066d05c8762f req-1275d251-2584-4aa1-a3a3-066d05c8762f ] Request (KeyPairsV22TestJSON:setUpClass): 201 POST http://10.180.1.21/identity/v3/projects 0.072s
2025-11-22 09:01:20.641 66691 INFO tempest.lib.common.rest_client [req-e7247f29-b8ab-43ab-8a8d-e1ca13d8f916 req-e7247f29-b8ab-43ab-8a8d-e1ca13d8f916 ] Request (ServerRescueNegativeTestJSON:setUpClass): 201 POST http://10.180.1.21/networking/v2.0/networks 0.643s
2025-11-22 09:01:20.669 66705 INFO tempest.lib.common.rest_client [req-2e146035-9f34-4b51-b4bb-aea1f75fe6e1 req-2e146035-9f34-4b51-b4bb-aea1f75fe6e1 ] Request (DeleteServersAdminTestJSON:test_admin_delete_servers_of_others): 200 GET http://10.180.1.21/compute/v2.1/servers/497a0c9c-e2ac-45ef-865f-76b3d8c80e9d 4.287s
2025-11-22 09:01:20.691 66687 INFO tempest.lib.common.rest_client [req-0dd37cd8-42f9-475e-9549-4f4b46846c8e req-0dd37cd8-42f9-475e-9549-4f4b46846c8e ] Request (KeyPairsV22TestJSON:setUpClass): 201 POST http://10.180.1.21/identity/v3/users 0.073s
2025-11-22 09:01:20.718 66687 INFO tempest.lib.common.rest_client [req-ee3f3f8e-31b7-4d0b-bf92-71ce202e1d5a req-ee3f3f8e-31b7-4d0b-bf92-71ce202e1d5a ] Request (KeyPairsV22TestJSON:setUpClass): 200 GET http://10.180.1.21/identity/v3/roles 0.026s
2025-11-22 09:01:20.754 66687 INFO tempest.lib.common.rest_client [req-bc79540b-a778-47fe-a94c-a6094a95d588 req-bc79540b-a778-47fe-a94c-a6094a95d588 ] Request (KeyPairsV22TestJSON:setUpClass): 204 PUT http://10.180.1.21/identity/v3/projects/af425d3a747e4c05a04261c109df7d38/users/ab699548cd1f44e29d6df5410562cc07/roles/80d723911f9b48a2ae53c87bc6e5ea0d 0.035s
2025-11-22 09:01:20.754 66687 INFO tempest.lib.common.dynamic_creds [-] Dynamic test user ab699548cd1f44e29d6df5410562cc07 is created with scope project and roles: ['member']
2025-11-22 09:01:20.754 66687 INFO tempest.lib.common.dynamic_creds [-] Acquired dynamic creds: credentials: Credentials: {'domain_id': 'default', 'domain_name': 'Default', 'username': 'tempest-KeyPairsV22TestJSON-32358350-project-member', 'project_domain_id': 'default', 'project_domain_name': 'Default', 'project_id': 'af425d3a747e4c05a04261c109df7d38', 'project_name': 'tempest-KeyPairsV22TestJSON-32358350', 'tenant_id': 'af425d3a747e4c05a04261c109df7d38', 'tenant_name': 'tempest-KeyPairsV22TestJSON-32358350', 'user_domain_id': 'default', 'user_domain_name': 'Default', 'user_id': 'ab699548cd1f44e29d6df5410562cc07', 'system': None}, Network: None, Subnet: None, Router: None
2025-11-22 09:01:20.754 66687 INFO tempest.lib.common.dynamic_creds [-] Created isolated network resources for: credentials: Credentials: {'domain_id': 'default', 'domain_name': 'Default', 'username': 'tempest-KeyPairsV22TestJSON-32358350-project-member', 'project_domain_id': 'default', 'project_domain_name': 'Default', 'project_id': 'af425d3a747e4c05a04261c109df7d38', 'project_name': 'tempest-KeyPairsV22TestJSON-32358350', 'tenant_id': 'af425d3a747e4c05a04261c109df7d38', 'tenant_name': 'tempest-KeyPairsV22TestJSON-32358350', 'user_domain_id': 'default', 'user_domain_name': 'Default', 'user_id': 'ab699548cd1f44e29d6df5410562cc07', 'system': None}, Network: None, Subnet: None, Router: None
2025-11-22 09:01:20.811 66735 INFO tempest.lib.common.rest_client [req-c3828be8-4639-4469-9322-75ddb6743726 req-c3828be8-4639-4469-9322-75ddb6743726 ] Request (InstanceUsageAuditLogTestJSON:tearDownClass): 200 GET http://10.180.1.21/networking/v2.0/security-groups?tenant_id=b8fae08a61924ee4a77ef20b21774c26&name=default 0.530s
2025-11-22 09:01:20.841 66687 INFO tempest.lib.common.rest_client [req-68388cfa-1f59-4c89-8502-bddb392b2475 req-68388cfa-1f59-4c89-8502-bddb392b2475 ] Request (KeyPairsV22TestJSON:setUpClass): 201 POST http://10.180.1.21/identity/v3/auth/tokens 0.083s
2025-11-22 09:01:20.857 66725 INFO tempest.lib.common.rest_client [req-3f393c42-73e8-4bea-b4e8-2cdea9a86195 req-3f393c42-73e8-4bea-b4e8-2cdea9a86195 ] Request (ServersTestBootFromVolume:setUpClass): 200 GET http://10.180.1.21/volume/v3/volumes/eceba8b4-7030-406c-a527-2a85f6c86879 0.039s
2025-11-22 09:01:20.914 66737 INFO tempest.lib.common.rest_client [req-d79d30ac-4134-43d7-b88f-50f320ca344c req-d79d30ac-4134-43d7-b88f-50f320ca344c ] Request (HypervisorAdminV228Test:tearDownClass): 200 GET http://10.180.1.21/networking/v2.0/security-groups?tenant_id=d64ffc717e134e18bf66d535cf8ef91a&name=default 0.503s
2025-11-22 09:01:21.065 66691 INFO tempest.lib.common.rest_client [req-5facc739-c3fb-4a0d-a892-8cecbb76b677 req-5facc739-c3fb-4a0d-a892-8cecbb76b677 ] Request (ServerRescueNegativeTestJSON:setUpClass): 201 POST http://10.180.1.21/networking/v2.0/subnets 0.423s
2025-11-22 09:01:21.216 66735 INFO tempest.lib.common.rest_client [req-74cc36c5-fed9-40d7-b614-0f441d0308ed req-74cc36c5-fed9-40d7-b614-0f441d0308ed ] Request (InstanceUsageAuditLogTestJSON:tearDownClass): 204 DELETE http://10.180.1.21/networking/v2.0/security-groups/9d018ae3-827d-41d3-8330-2194d1eea1e3 0.404s
2025-11-22 09:01:21.324 66735 INFO tempest.lib.common.rest_client [req-2f023517-70b6-4056-a595-47514059367a req-2f023517-70b6-4056-a595-47514059367a ] Request (InstanceUsageAuditLogTestJSON:tearDownClass): 204 DELETE http://10.180.1.21/identity/v3/projects/b8fae08a61924ee4a77ef20b21774c26 0.108s
2025-11-22 09:01:21.325 66735 INFO tempest.test [-] raised in LiveMigrationTest.setUpClass. Invoking tearDownClass.
2025-11-22 09:01:21.336 66737 INFO tempest.lib.common.rest_client [req-324b5ec4-7283-4981-97c0-2ccce0886b01 req-324b5ec4-7283-4981-97c0-2ccce0886b01 ] Request (HypervisorAdminV228Test:tearDownClass): 204 DELETE http://10.180.1.21/networking/v2.0/security-groups/b4323dac-9287-4933-84df-807135c675b8 0.421s
2025-11-22 09:01:21.410 66735 INFO tempest.lib.common.rest_client [req-ea3503b5-9d02-45f7-882e-fd57c97d99db req-ea3503b5-9d02-45f7-882e-fd57c97d99db ] Request (FloatingIPsTestJSON:setUpClass): 201 POST http://10.180.1.21/identity/v3/auth/tokens 0.082s
2025-11-22 09:01:21.451 66737 INFO tempest.lib.common.rest_client [req-962e5fcd-777e-4d5f-97eb-9305cf0cf066 req-962e5fcd-777e-4d5f-97eb-9305cf0cf066 ] Request (HypervisorAdminV228Test:tearDownClass): 204 DELETE http://10.180.1.21/identity/v3/projects/d64ffc717e134e18bf66d535cf8ef91a 0.114s
2025-11-22 09:01:21.511 66729 INFO tempest.lib.common.rest_client [req-1dd14c15-b56d-4224-87ea-3b63cf34cdfb req-1dd14c15-b56d-4224-87ea-3b63cf34cdfb ] Request (VolumesAssistedSnapshotsTest:test_volume_assisted_snapshot_create_delete): 200 GET http://10.180.1.21/volume/v3/volumes/a14966c4-315d-4212-b084-2ad3a473702c 0.044s
2025-11-22 09:01:21.514 66735 INFO tempest.lib.common.rest_client [req-0cc9e542-8db2-47ea-be8a-247235fdb6c2 req-0cc9e542-8db2-47ea-be8a-247235fdb6c2 ] Request (FloatingIPsTestJSON:setUpClass): 201 POST http://10.180.1.21/identity/v3/auth/tokens 0.101s
2025-11-22 09:01:21.518 66737 INFO tempest.lib.common.rest_client [req-0985051f-e8d8-43ee-a8a2-3fab649d7125 req-0985051f-e8d8-43ee-a8a2-3fab649d7125 ] Request (SecurityGroupsTestAdminJSON:setUpClass): 201 POST http://10.180.1.21/identity/v3/auth/tokens 0.065s
2025-11-22 09:01:21.521 66729 INFO tempest.common.waiters [-] volume a14966c4-315d-4212-b084-2ad3a473702c reached available after waiting for 1.521799 seconds
2025-11-22 09:01:21.539 66735 INFO tempest.lib.common.rest_client [req-e0356d7c-afdc-4115-9360-8170aafb593b req-e0356d7c-afdc-4115-9360-8170aafb593b ] Request (FloatingIPsTestJSON:setUpClass): 200 GET http://10.180.1.21/identity/v3/domains?name=Default 0.024s
2025-11-22 09:01:21.552 66737 INFO tempest.lib.common.rest_client [req-87227793-26d0-4cb3-a5bb-8cf66b258b53 req-87227793-26d0-4cb3-a5bb-8cf66b258b53 ] Request (SecurityGroupsTestAdminJSON:setUpClass): 201 POST http://10.180.1.21/identity/v3/auth/tokens 0.031s
2025-11-22 09:01:21.577 66737 INFO tempest.lib.common.rest_client [req-355d886d-28a7-4528-a686-791d1e84e4f7 req-355d886d-28a7-4528-a686-791d1e84e4f7 ] Request (SecurityGroupsTestAdminJSON:setUpClass): 200 GET http://10.180.1.21/identity/v3/domains?name=Default 0.024s
2025-11-22 09:01:21.578 66735 INFO tempest.lib.common.rest_client [req-04fda39e-187a-456e-8221-f6723eee606e req-04fda39e-187a-456e-8221-f6723eee606e ] Request (FloatingIPsTestJSON:setUpClass): 201 POST http://10.180.1.21/identity/v3/projects 0.039s
2025-11-22 09:01:21.655 66737 INFO tempest.lib.common.rest_client [req-886139bd-9a47-40f6-97db-d2bfc72189bd req-886139bd-9a47-40f6-97db-d2bfc72189bd ] Request (SecurityGroupsTestAdminJSON:setUpClass): 201 POST http://10.180.1.21/identity/v3/projects 0.077s
2025-11-22 09:01:21.667 66735 INFO tempest.lib.common.rest_client [req-9639b032-2897-4f3c-b22d-7631d8f79225 req-9639b032-2897-4f3c-b22d-7631d8f79225 ] Request (FloatingIPsTestJSON:setUpClass): 201 POST http://10.180.1.21/identity/v3/users 0.087s
2025-11-22 09:01:21.726 66737 INFO tempest.lib.common.rest_client [req-cbca5591-4ee9-4402-9ad7-06e9b86a9a89 req-cbca5591-4ee9-4402-9ad7-06e9b86a9a89 ] Request (SecurityGroupsTestAdminJSON:setUpClass): 201 POST http://10.180.1.21/identity/v3/users 0.070s
2025-11-22 09:01:21.747 66737 INFO tempest.lib.common.rest_client [req-7a1f2f6b-2070-4706-9b7a-def110abe5b6 req-7a1f2f6b-2070-4706-9b7a-def110abe5b6 ] Request (SecurityGroupsTestAdminJSON:setUpClass): 200 GET http://10.180.1.21/identity/v3/roles 0.020s
2025-11-22 09:01:21.759 66735 INFO tempest.lib.common.rest_client [req-d61c1455-d3a0-4a58-bd30-ab0040d99917 req-d61c1455-d3a0-4a58-bd30-ab0040d99917 ] Request (FloatingIPsTestJSON:setUpClass): 200 GET http://10.180.1.21/identity/v3/roles 0.091s
2025-11-22 09:01:21.791 66737 INFO tempest.lib.common.rest_client [req-8e9bc129-3901-4d31-b8c5-e66f1dc9f3f0 req-8e9bc129-3901-4d31-b8c5-e66f1dc9f3f0 ] Request (SecurityGroupsTestAdminJSON:setUpClass): 204 PUT http://10.180.1.21/identity/v3/projects/08ff3d9f19bb4772a2e7526d759beabd/users/7d3c5a000e6d4531843dfa5b859c5932/roles/80d723911f9b48a2ae53c87bc6e5ea0d 0.044s
2025-11-22 09:01:21.792 66737 INFO tempest.lib.common.dynamic_creds [-] Dynamic test user 7d3c5a000e6d4531843dfa5b859c5932 is created with scope project and roles: ['member']
2025-11-22 09:01:21.792 66737 INFO tempest.lib.common.dynamic_creds [-] Acquired dynamic creds: credentials: Credentials: {'domain_id': 'default', 'domain_name': 'Default', 'username': 'tempest-SecurityGroupsTestAdminJSON-1619184583-project-member', 'project_domain_id': 'default', 'project_domain_name': 'Default', 'project_id': '08ff3d9f19bb4772a2e7526d759beabd', 'project_name': 'tempest-SecurityGroupsTestAdminJSON-1619184583', 'tenant_id': '08ff3d9f19bb4772a2e7526d759beabd', 'tenant_name': 'tempest-SecurityGroupsTestAdminJSON-1619184583', 'user_domain_id': 'default', 'user_domain_name': 'Default', 'user_id': '7d3c5a000e6d4531843dfa5b859c5932', 'system': None}, Network: None, Subnet: None, Router: None
2025-11-22 09:01:21.792 66737 INFO tempest.lib.common.dynamic_creds [-] Created isolated network resources for: credentials: Credentials: {'domain_id': 'default', 'domain_name': 'Default', 'username': 'tempest-SecurityGroupsTestAdminJSON-1619184583-project-member', 'project_domain_id': 'default', 'project_domain_name': 'Default', 'project_id': '08ff3d9f19bb4772a2e7526d759beabd', 'project_name': 'tempest-SecurityGroupsTestAdminJSON-1619184583', 'tenant_id': '08ff3d9f19bb4772a2e7526d759beabd', 'tenant_name': 'tempest-SecurityGroupsTestAdminJSON-1619184583', 'user_domain_id': 'default', 'user_domain_name': 'Default', 'user_id': '7d3c5a000e6d4531843dfa5b859c5932', 'system': None}, Network: None, Subnet: None, Router: None
2025-11-22 09:01:21.794 66735 INFO tempest.lib.common.rest_client [req-ca027756-d526-47c5-99ce-c0ce911a3f75 req-ca027756-d526-47c5-99ce-c0ce911a3f75 ] Request (FloatingIPsTestJSON:setUpClass): 204 PUT http://10.180.1.21/identity/v3/projects/6907adfdf8a34ceb97c230a8468be096/users/e753573d9c6349909b470abce0cd0482/roles/80d723911f9b48a2ae53c87bc6e5ea0d 0.034s
2025-11-22 09:01:21.794 66735 INFO tempest.lib.common.dynamic_creds [-] Dynamic test user e753573d9c6349909b470abce0cd0482 is created with scope project and roles: ['member']
2025-11-22 09:01:21.794 66735 INFO tempest.lib.common.dynamic_creds [-] Acquired dynamic creds: credentials: Credentials: {'domain_id': 'default', 'domain_name': 'Default', 'username': 'tempest-FloatingIPsTestJSON-811035784-project-member', 'project_domain_id': 'default', 'project_domain_name': 'Default', 'project_id': '6907adfdf8a34ceb97c230a8468be096', 'project_name': 'tempest-FloatingIPsTestJSON-811035784', 'tenant_id': '6907adfdf8a34ceb97c230a8468be096', 'tenant_name': 'tempest-FloatingIPsTestJSON-811035784', 'user_domain_id': 'default', 'user_domain_name': 'Default', 'user_id': 'e753573d9c6349909b470abce0cd0482', 'system': None}, Network: None, Subnet: None, Router: None
2025-11-22 09:01:21.856 66735 INFO tempest.lib.common.rest_client [req-c6182319-fefa-427e-ab4c-ff4b952d9ab2 req-c6182319-fefa-427e-ab4c-ff4b952d9ab2 ] Request (FloatingIPsTestJSON:setUpClass): 201 POST http://10.180.1.21/identity/v3/auth/tokens 0.061s
2025-11-22 09:01:21.874 66737 INFO tempest.lib.common.rest_client [req-827a98a4-5e5e-43f1-ae32-5124cdde47eb req-827a98a4-5e5e-43f1-ae32-5124cdde47eb ] Request (SecurityGroupsTestAdminJSON:setUpClass): 201 POST http://10.180.1.21/identity/v3/auth/tokens 0.076s
2025-11-22 09:01:21.897 66725 INFO tempest.lib.common.rest_client [req-2debd533-343f-477c-83d0-0158848d5a85 req-2debd533-343f-477c-83d0-0158848d5a85 ] Request (ServersTestBootFromVolume:setUpClass): 200 GET http://10.180.1.21/volume/v3/volumes/eceba8b4-7030-406c-a527-2a85f6c86879 0.032s
2025-11-22 09:01:21.908 66737 INFO tempest.lib.common.rest_client [req-a8e21daa-49fe-42a4-850e-f94777dae97e req-a8e21daa-49fe-42a4-850e-f94777dae97e ] Request (SecurityGroupsTestAdminJSON:setUpClass): 201 POST http://10.180.1.21/identity/v3/projects 0.034s
2025-11-22 09:01:21.977 66737 INFO tempest.lib.common.rest_client [req-a35cc2ce-c7d6-460a-ae1a-aaec494ca13e req-a35cc2ce-c7d6-460a-ae1a-aaec494ca13e ] Request (SecurityGroupsTestAdminJSON:setUpClass): 201 POST http://10.180.1.21/identity/v3/users 0.067s
2025-11-22 09:01:22.000 66737 INFO tempest.lib.common.rest_client [req-68165ee6-0d6d-4f6e-90cf-25a20d08a512 req-68165ee6-0d6d-4f6e-90cf-25a20d08a512 ] Request (SecurityGroupsTestAdminJSON:setUpClass): 200 GET http://10.180.1.21/identity/v3/roles 0.023s
2025-11-22 09:01:22.035 66737 INFO tempest.lib.common.rest_client [req-fdb9372b-b84d-4c5f-97d4-c3be052968e8 req-fdb9372b-b84d-4c5f-97d4-c3be052968e8 ] Request (SecurityGroupsTestAdminJSON:setUpClass): 204 PUT http://10.180.1.21/identity/v3/projects/8ba9b282099146ddbf7db32cbf478d5c/users/d35565f03b1c4c4697e7c717c22553a4/roles/1e9a20eda58c429493f2acb1431157b0 0.035s
2025-11-22 09:01:22.105 66737 INFO tempest.lib.common.rest_client [req-8c115be4-66d6-4469-b8b1-4a2d2c87ecab req-8c115be4-66d6-4469-b8b1-4a2d2c87ecab ] Request (SecurityGroupsTestAdminJSON:setUpClass): 200 GET http://10.180.1.21/identity/v3/roles 0.069s
2025-11-22 09:01:22.127 66737 INFO tempest.lib.common.rest_client [req-a2f3a245-9b79-43be-badf-a57dcd98ac36 req-a2f3a245-9b79-43be-badf-a57dcd98ac36 ] Request (SecurityGroupsTestAdminJSON:setUpClass): 204 PUT http://10.180.1.21/identity/v3/projects/8ba9b282099146ddbf7db32cbf478d5c/users/d35565f03b1c4c4697e7c717c22553a4/roles/1e9a20eda58c429493f2acb1431157b0 0.021s
2025-11-22 09:01:22.127 66737 INFO tempest.lib.common.dynamic_creds [-] Dynamic test user d35565f03b1c4c4697e7c717c22553a4 is created with scope project and roles: ['admin']
2025-11-22 09:01:22.127 66737 INFO tempest.lib.common.dynamic_creds [-] Acquired dynamic creds: credentials: Credentials: {'domain_id': 'default', 'domain_name': 'Default', 'username': 'tempest-SecurityGroupsTestAdminJSON-1992232375-project-admin', 'project_domain_id': 'default', 'project_domain_name': 'Default', 'project_id': '8ba9b282099146ddbf7db32cbf478d5c', 'project_name': 'tempest-SecurityGroupsTestAdminJSON-1992232375', 'tenant_id': '8ba9b282099146ddbf7db32cbf478d5c', 'tenant_name': 'tempest-SecurityGroupsTestAdminJSON-1992232375', 'user_domain_id': 'default', 'user_domain_name': 'Default', 'user_id': 'd35565f03b1c4c4697e7c717c22553a4', 'system': None}, Network: None, Subnet: None, Router: None
2025-11-22 09:01:22.127 66737 INFO tempest.lib.common.dynamic_creds [-] Created isolated network resources for: credentials: Credentials: {'domain_id': 'default', 'domain_name': 'Default', 'username': 'tempest-SecurityGroupsTestAdminJSON-1992232375-project-admin', 'project_domain_id': 'default', 'project_domain_name': 'Default', 'project_id': '8ba9b282099146ddbf7db32cbf478d5c', 'project_name': 'tempest-SecurityGroupsTestAdminJSON-1992232375', 'tenant_id': '8ba9b282099146ddbf7db32cbf478d5c', 'tenant_name': 'tempest-SecurityGroupsTestAdminJSON-1992232375', 'user_domain_id': 'default', 'user_domain_name': 'Default', 'user_id': 'd35565f03b1c4c4697e7c717c22553a4', 'system': None}, Network: None, Subnet: None, Router: None
2025-11-22 09:01:22.137 66691 INFO tempest.lib.common.rest_client [req-e45442f9-0e4a-4a26-8edb-95c9276d5196 req-e45442f9-0e4a-4a26-8edb-95c9276d5196 ] Request (ServerRescueNegativeTestJSON:setUpClass): 201 POST http://10.180.1.21/networking/v2.0/routers 1.071s
2025-11-22 09:01:22.225 66723 INFO tempest.lib.common.rest_client [req-973c43df-3b61-4662-88bd-dab3276deb65 req-973c43df-3b61-4662-88bd-dab3276deb65 ] Request (ServerExternalEventsTest:test_create_server_external_events): 202 POST http://10.180.1.21/compute/v2.1/servers 6.398s
2025-11-22 09:01:22.250 66737 INFO tempest.lib.common.rest_client [req-7f5e52eb-105e-4d56-9d25-6b5ec518023a req-7f5e52eb-105e-4d56-9d25-6b5ec518023a ] Request (SecurityGroupsTestAdminJSON:setUpClass): 201 POST http://10.180.1.21/identity/v3/auth/tokens 0.119s
2025-11-22 09:01:22.320 66735 INFO tempest.lib.common.rest_client [req-c32b96c1-b4b5-4f6c-941c-4e40ef281782 req-c32b96c1-b4b5-4f6c-941c-4e40ef281782 ] Request (FloatingIPsTestJSON:setUpClass): 201 POST http://10.180.1.21/networking/v2.0/networks 0.464s
2025-11-22 09:01:22.632 66707 INFO tempest.lib.common.rest_client [req-2fe0f1ab-3db8-4b23-9953-d736265250e9 req-2fe0f1ab-3db8-4b23-9953-d736265250e9 ] Request (ServerDiagnosticsNegativeTest:test_get_server_diagnostics_by_non_admin): 200 GET http://10.180.1.21/compute/v2.1/servers/c0e8093c-03b2-467b-a314-672e404f6efd 5.212s
2025-11-22 09:01:22.695 66734 INFO tempest.lib.common.rest_client [req-80212bb7-6dc9-4d1d-9a22-bd3494147053 req-80212bb7-6dc9-4d1d-9a22-bd3494147053 ] Request (MigrationsAdminTest:test_list_migrations_in_flavor_resize_situation): 202 POST http://10.180.1.21/compute/v2.1/servers 5.922s
2025-11-22 09:01:22.797 66735 INFO tempest.lib.common.rest_client [req-3301a4a8-09a8-4c26-a46f-55f825d418d6 req-3301a4a8-09a8-4c26-a46f-55f825d418d6 ] Request (FloatingIPsTestJSON:setUpClass): 201 POST http://10.180.1.21/networking/v2.0/subnets 0.476s
2025-11-22 09:01:22.942 66725 INFO tempest.lib.common.rest_client [req-d81e6d21-84ea-44bc-be72-011eb087ede9 req-d81e6d21-84ea-44bc-be72-011eb087ede9 ] Request (ServersTestBootFromVolume:setUpClass): 200 GET http://10.180.1.21/volume/v3/volumes/eceba8b4-7030-406c-a527-2a85f6c86879 0.036s
2025-11-22 09:01:23.001 66718 INFO tempest.lib.common.rest_client [req-24a045a3-ad8d-4685-9918-cc9f9c5fbfbc req-24a045a3-ad8d-4685-9918-cc9f9c5fbfbc ] Request (QuotaClassesAdmin257Test:test_update_default_quotas): 200 PUT http://10.180.1.21/compute/v2.1/os-quota-class-sets/default 5.358s
2025-11-22 09:01:23.215 66691 INFO tempest.lib.common.rest_client [req-a6720066-b7fc-489d-b1c5-5076d7e0efb3 req-a6720066-b7fc-489d-b1c5-5076d7e0efb3 ] Request (ServerRescueNegativeTestJSON:setUpClass): 200 PUT http://10.180.1.21/networking/v2.0/routers/52f923a2-37a0-444e-ac5c-c5443b067dca/add_router_interface 1.077s
