2025-11-22 09:01:13.395 66703 INFO tempest.lib.common.dynamic_creds [-] Acquired dynamic creds: credentials: Credentials: {'domain_id': 'default', 'domain_name': 'Default', 'username': 'tempest-FlavorsExtraSpecsNegativeTestJSON-111898178-project-admin', 'project_domain_id': 'default', 'project_domain_name': 'Default', 'project_id': '10e0af82b7fe498cb5d9d37072f5b1e5', 'project_name': 'tempest-FlavorsExtraSpecsNegativeTestJSON-111898178', 'tenant_id': '10e0af82b7fe498cb5d9d37072f5b1e5', 'tenant_name': 'tempest-FlavorsExtraSpecsNegativeTestJSON-111898178', 'user_domain_id': 'default', 'user_domain_name': 'Default', 'user_id': 'b6b5e17e0abb4e85a6c5afa8fd80fede', 'system': None}, Network: None, Subnet: None, Router: None
2025-11-22 09:01:13.396 66703 INFO tempest.lib.common.dynamic_creds [-] Created isolated network resources for: credentials: Credentials: {'domain_id': 'default', 'domain_name': 'Default', 'username': 'tempest-FlavorsExtraSpecsNegativeTestJSON-111898178-project-admin', 'project_domain_id': 'default', 'project_domain_name': 'Default', 'project_id': '10e0af82b7fe498cb5d9d37072f5b1e5', 'project_name': 'tempest-FlavorsExtraSpecsNegativeTestJSON-111898178', 'tenant_id': '10e0af82b7fe498cb5d9d37072f5b1e5', 'tenant_name': 'tempest-FlavorsExtraSpecsNegativeTestJSON-111898178', 'user_domain_id': 'default', 'user_domain_name': 'Default', 'user_id': 'b6b5e17e0abb4e85a6c5afa8fd80fede', 'system': None}, Network: None, Subnet: None, Router: None
2025-11-22 09:01:13.427 66723 INFO tempest.lib.common.rest_client [req-3f492899-ebb3-4282-aee0-0a9bd005934a req-3f492899-ebb3-4282-aee0-0a9bd005934a ] Request (QuotasSecurityGroupAdminNegativeTest:tearDownClass): 204 DELETE http://10.180.1.21/networking/v2.0/security-groups/5b019752-38ce-45e4-aed4-7f40c4499d27 0.388s
2025-11-22 09:01:13.434 66731 INFO tempest.lib.common.rest_client [req-f20061a0-96f0-4498-b41a-eac16e7d66ab req-f20061a0-96f0-4498-b41a-eac16e7d66ab ] Request (FlavorsV255TestJSON:test_crud_flavor): 200 POST http://10.180.1.21/compute/v2.1/flavors 2.760s
2025-11-22 09:01:13.480 66703 INFO tempest.lib.common.rest_client [req-b32eb5f8-fd2b-4e24-9df7-81be6f200be0 req-b32eb5f8-fd2b-4e24-9df7-81be6f200be0 ] Request (FlavorsExtraSpecsNegativeTestJSON:setUpClass): 201 POST http://10.180.1.21/identity/v3/auth/tokens 0.081s
2025-11-22 09:01:13.540 66723 INFO tempest.lib.common.rest_client [req-e2bcadb3-7cd8-418d-9a7a-d0a003381898 req-e2bcadb3-7cd8-418d-9a7a-d0a003381898 ] Request (QuotasSecurityGroupAdminNegativeTest:tearDownClass): 204 DELETE http://10.180.1.21/identity/v3/projects/8201b0833726482fb03bce51c18b2b1e 0.112s
2025-11-22 09:01:13.595 66743 INFO tempest.lib.common.rest_client [req-b95d56fc-c488-40fe-b069-d418bc2f49b0 req-b95d56fc-c488-40fe-b069-d418bc2f49b0 ] Request (ImagesNegativeTestJSON:test_create_image_from_deleted_server): 202 POST http://10.180.1.21/compute/v2.1/servers 5.167s
2025-11-22 09:01:13.664 66723 INFO tempest.lib.common.rest_client [req-8ad1d557-0d9a-4af4-a4c0-ebd860b4ee2d req-8ad1d557-0d9a-4af4-a4c0-ebd860b4ee2d ] Request (ServerExternalEventsTest:setUpClass): 201 POST http://10.180.1.21/identity/v3/auth/tokens 0.123s
2025-11-22 09:01:13.669 66735 INFO tempest.lib.common.rest_client [req-1024fafe-209d-4199-9d35-0cd322fb6680 req-1024fafe-209d-4199-9d35-0cd322fb6680 ] Request (InstanceUsageAuditLogTestJSON:test_get_instance_usage_audit_log): 200 GET http://10.180.1.21/compute/v2.1/os-instance_usage_audit_log/2025-11-22%2009%3A01%3A10 2.903s
2025-11-22 09:01:13.693 66729 INFO tempest.lib.common.rest_client [req-c664d897-9f00-4dc0-8b9b-1472d454dd92 req-c664d897-9f00-4dc0-8b9b-1472d454dd92 ] Request (VolumesAssistedSnapshotsTest:setUpClass): 201 POST http://10.180.1.21/networking/v2.0/networks 0.597s
2025-11-22 09:01:13.752 66723 INFO tempest.lib.common.rest_client [req-0cec4046-9af1-4e83-8463-ad3108e2e2b6 req-0cec4046-9af1-4e83-8463-ad3108e2e2b6 ] Request (ServerExternalEventsTest:setUpClass): 201 POST http://10.180.1.21/identity/v3/auth/tokens 0.084s
2025-11-22 09:01:13.784 66723 INFO tempest.lib.common.rest_client [req-c34f739f-119d-453f-a5f9-5cd6e31c58e4 req-c34f739f-119d-453f-a5f9-5cd6e31c58e4 ] Request (ServerExternalEventsTest:setUpClass): 200 GET http://10.180.1.21/identity/v3/domains?name=Default 0.031s
2025-11-22 09:01:13.786 66701 INFO tempest.lib.common.rest_client [req-07865c01-500a-4c4f-a2bd-ee2f5313a523 req-07865c01-500a-4c4f-a2bd-ee2f5313a523 ] Request (KeyPairsV210TestJSON:test_admin_manage_keypairs_for_other_users): 201 POST http://10.180.1.21/compute/v2.1/os-keypairs 2.811s
2025-11-22 09:01:13.786 66685 INFO tempest.lib.common.rest_client [req-fea810ef-c1bd-4a3a-b70f-4183eb7b31ad req-fea810ef-c1bd-4a3a-b70f-4183eb7b31ad ] Request (ServersWithSpecificFlavorTestJSON:setUpClass): 201 POST http://10.180.1.21/networking/v2.0/routers 1.069s
2025-11-22 09:01:13.790 66715 INFO tempest.lib.common.rest_client [req-daf82bef-db50-458f-bc69-0e4e7b77d60d req-daf82bef-db50-458f-bc69-0e4e7b77d60d ] Request (AbsoluteLimitsNegativeTestJSON:tearDownClass): 204 DELETE http://10.180.1.21/networking/v2.0/security-groups/b6dc0ae5-3f97-4384-a33b-657bb2d45ac8 0.456s
2025-11-22 09:01:13.843 66723 INFO tempest.lib.common.rest_client [req-b6b9b029-0bbf-4555-9bfd-223d9400ae1e req-b6b9b029-0bbf-4555-9bfd-223d9400ae1e ] Request (ServerExternalEventsTest:setUpClass): 201 POST http://10.180.1.21/identity/v3/projects 0.059s
2025-11-22 09:01:13.872 66711 INFO tempest.lib.common.rest_client [req-6d4398a3-bbca-4325-9d80-b6320ac8338f req-6d4398a3-bbca-4325-9d80-b6320ac8338f ] Request (FlavorsV261TestJSON:test_crud_flavor): 200 POST http://10.180.1.21/compute/v2.1/flavors 2.867s
2025-11-22 09:01:14.015 66689 INFO tempest.lib.common.rest_client [req-28d2b352-ed21-4819-8a5a-93366a22bb8d req-28d2b352-ed21-4819-8a5a-93366a22bb8d ] Request (FlavorsAdminTestJSON:test_create_flavor_using_string_ram): 200 POST http://10.180.1.21/compute/v2.1/flavors 2.968s
2025-11-22 09:01:14.029 66715 INFO tempest.lib.common.rest_client [req-57488fc3-d1a9-447d-a1d5-0274eaaef804 req-57488fc3-d1a9-447d-a1d5-0274eaaef804 ] Request (AbsoluteLimitsNegativeTestJSON:tearDownClass): 204 DELETE http://10.180.1.21/identity/v3/projects/4a2412b8dfd24a0f8c09190d0d3667ab 0.239s
2025-11-22 09:01:14.043 66729 INFO tempest.lib.common.rest_client [req-ab958226-d640-42fe-b4b0-eaf0030ff314 req-ab958226-d640-42fe-b4b0-eaf0030ff314 ] Request (VolumesAssistedSnapshotsTest:setUpClass): 201 POST http://10.180.1.21/networking/v2.0/subnets 0.350s
2025-11-22 09:01:14.053 66723 INFO tempest.lib.common.rest_client [req-3b26eb35-da3f-448b-9d83-8a9e626724e0 req-3b26eb35-da3f-448b-9d83-8a9e626724e0 ] Request (ServerExternalEventsTest:setUpClass): 201 POST http://10.180.1.21/identity/v3/users 0.209s
2025-11-22 09:01:14.171 66739 INFO tempest.lib.common.rest_client [req-d703f235-3614-46c5-b79f-6cac730de34e req-d703f235-3614-46c5-b79f-6cac730de34e ] Request (InstanceUsageAuditLogNegativeTestJSON:test_get_instance_usage_audit_logs_with_invalid_time): 400 GET http://10.180.1.21/compute/v2.1/os-instance_usage_audit_log/invalid_time 3.090s
2025-11-22 09:01:14.174 66721 INFO tempest.lib.common.rest_client [req-40e421c5-e576-4dfb-8d04-04e5065cc652 req-40e421c5-e576-4dfb-8d04-04e5065cc652 ] Request (AZAdminNegativeTestJSON:test_get_availability_zone_list_detail_with_non_admin_user): 403 GET http://10.180.1.21/compute/v2.1/os-availability-zone/detail 3.047s
2025-11-22 09:01:14.194 66715 INFO tempest.lib.common.rest_client [req-4596b879-32b9-40d6-8c8a-d731ded4fb9e req-4596b879-32b9-40d6-8c8a-d731ded4fb9e ] Request (ServerGroup264TestJSON:setUpClass): 201 POST http://10.180.1.21/identity/v3/auth/tokens 0.161s
2025-11-22 09:01:14.212 66723 INFO tempest.lib.common.rest_client [req-941d5998-9d22-4875-94c2-585e46fe1e7c req-941d5998-9d22-4875-94c2-585e46fe1e7c ] Request (ServerExternalEventsTest:setUpClass): 200 GET http://10.180.1.21/identity/v3/roles 0.158s
2025-11-22 09:01:14.301 66737 INFO tempest.lib.common.rest_client [req-50b7fbd8-cb7a-47e2-8f4f-0debe92a1153 req-50b7fbd8-cb7a-47e2-8f4f-0debe92a1153 ] Request (HypervisorAdminV228Test:test_get_list_hypervisor_details): 200 GET http://10.180.1.21/compute/v2.1/os-hypervisors 3.080s
2025-11-22 09:01:14.319 66721 INFO tempest.lib.common.rest_client [req-5baaadea-2143-4a87-acb2-a97e1bb174b1 req-5baaadea-2143-4a87-acb2-a97e1bb174b1 ] Request (AZAdminNegativeTestJSON:tearDownClass): 204 DELETE http://10.180.1.21/identity/v3/users/6e84a95cacd44fa9a7ec9e72df168bbc 0.138s
2025-11-22 09:01:14.380 66715 INFO tempest.lib.common.rest_client [req-987be0b6-3168-40ee-a625-c1968ffe7337 req-987be0b6-3168-40ee-a625-c1968ffe7337 ] Request (ServerGroup264TestJSON:setUpClass): 201 POST http://10.180.1.21/identity/v3/auth/tokens 0.182s
2025-11-22 09:01:14.408 66723 INFO tempest.lib.common.rest_client [req-c9a79f97-15ed-465d-8ed6-3166543f72bf req-c9a79f97-15ed-465d-8ed6-3166543f72bf ] Request (ServerExternalEventsTest:setUpClass): 204 PUT http://10.180.1.21/identity/v3/projects/86915e50ffe44fb2bb7cb70ffb4db9c6/users/193fadf917de43dba8db96207fe6110f/roles/80d723911f9b48a2ae53c87bc6e5ea0d 0.196s
2025-11-22 09:01:14.408 66723 INFO tempest.lib.common.dynamic_creds [-] Dynamic test user 193fadf917de43dba8db96207fe6110f is created with scope project and roles: ['member']
2025-11-22 09:01:14.408 66723 INFO tempest.lib.common.dynamic_creds [-] Acquired dynamic creds: credentials: Credentials: {'domain_id': 'default', 'domain_name': 'Default', 'username': 'tempest-ServerExternalEventsTest-513086891-project-member', 'project_domain_id': 'default', 'project_domain_name': 'Default', 'project_id': '86915e50ffe44fb2bb7cb70ffb4db9c6', 'project_name': 'tempest-ServerExternalEventsTest-513086891', 'tenant_id': '86915e50ffe44fb2bb7cb70ffb4db9c6', 'tenant_name': 'tempest-ServerExternalEventsTest-513086891', 'user_domain_id': 'default', 'user_domain_name': 'Default', 'user_id': '193fadf917de43dba8db96207fe6110f', 'system': None}, Network: None, Subnet: None, Router: None
2025-11-22 09:01:14.409 66723 INFO tempest.lib.common.dynamic_creds [-] Created isolated network resources for: credentials: Credentials: {'domain_id': 'default', 'domain_name': 'Default', 'username': 'tempest-ServerExternalEventsTest-513086891-project-member', 'project_domain_id': 'default', 'project_domain_name': 'Default', 'project_id': '86915e50ffe44fb2bb7cb70ffb4db9c6', 'project_name': 'tempest-ServerExternalEventsTest-513086891', 'tenant_id': '86915e50ffe44fb2bb7cb70ffb4db9c6', 'tenant_name': 'tempest-ServerExternalEventsTest-513086891', 'user_domain_id': 'default', 'user_domain_name': 'Default', 'user_id': '193fadf917de43dba8db96207fe6110f', 'system': None}, Network: None, Subnet: None, Router: None
2025-11-22 09:01:14.586 66721 INFO tempest.lib.common.rest_client [req-4b133059-c273-4777-9536-9a3552d253cc req-4b133059-c273-4777-9536-9a3552d253cc ] Request (AZAdminNegativeTestJSON:tearDownClass): 204 DELETE http://10.180.1.21/identity/v3/users/a8b72461f69f4f72b00a6874cc5cbc73 0.266s
2025-11-22 09:01:14.586 66721 INFO tempest.lib.common.dynamic_creds [-] Deleting project and security group for project: 59274253bf5a4398a3b42e4c0d888f92
2025-11-22 09:01:14.600 66709 INFO tempest.lib.common.rest_client [req-cef19d3b-1e70-41fb-8cd6-a768858fe81a req-cef19d3b-1e70-41fb-8cd6-a768858fe81a ] Request (FlavorsAccessTestJSON:test_flavor_access_add_remove): 200 POST http://10.180.1.21/compute/v2.1/flavors 3.297s
2025-11-22 09:01:14.652 66715 INFO tempest.lib.common.rest_client [req-ab87ff13-9c79-4deb-b6b1-2a48045c5426 req-ab87ff13-9c79-4deb-b6b1-2a48045c5426 ] Request (ServerGroup264TestJSON:setUpClass): 200 GET http://10.180.1.21/identity/v3/domains?name=Default 0.271s
2025-11-22 09:01:14.728 66723 INFO tempest.lib.common.rest_client [req-4f790e3a-2153-46d1-855f-9b135315e790 req-4f790e3a-2153-46d1-855f-9b135315e790 ] Request (ServerExternalEventsTest:setUpClass): 201 POST http://10.180.1.21/identity/v3/auth/tokens 0.314s
2025-11-22 09:01:14.730 66693 INFO tempest.lib.common.rest_client [req-b23e13c0-b457-4333-95bc-80ae66d6e347 req-b23e13c0-b457-4333-95bc-80ae66d6e347 ] Request (QuotasAdminNegativeTest:test_create_server_when_cpu_quota_is_full): 200 GET http://10.180.1.21/compute/v2.1/os-quota-sets/bb38c23037124123b3a8a7f07ab9a598 3.432s
2025-11-22 09:01:14.737 66721 INFO tempest.lib.common.rest_client [req-9d751f23-c3af-4f4c-a821-b658f9df420d req-9d751f23-c3af-4f4c-a821-b658f9df420d ] Request (AZAdminNegativeTestJSON:tearDownClass): 201 POST http://10.180.1.21/identity/v3/auth/tokens 0.150s
2025-11-22 09:01:14.775 66715 INFO tempest.lib.common.rest_client [req-d5bb50a5-6974-411d-922a-2699e8e5ffc2 req-d5bb50a5-6974-411d-922a-2699e8e5ffc2 ] Request (ServerGroup264TestJSON:setUpClass): 201 POST http://10.180.1.21/identity/v3/projects 0.122s
2025-11-22 09:01:14.820 66745 INFO tempest.lib.common.rest_client [req-1b652e33-3418-42ca-a2bb-ef727c8af347 req-1b652e33-3418-42ca-a2bb-ef727c8af347 ] Request (HypervisorAdminUnderV252Test:test_get_hypervisor_show_servers): 200 GET http://10.180.1.21/compute/v2.1/os-hypervisors 3.361s
2025-11-22 09:01:14.853 66723 INFO tempest.lib.common.rest_client [req-06e3691f-b8c4-4e45-8e62-bbb7574e412e req-06e3691f-b8c4-4e45-8e62-bbb7574e412e ] Request (ServerExternalEventsTest:setUpClass): 201 POST http://10.180.1.21/identity/v3/projects 0.124s
2025-11-22 09:01:14.930 66729 INFO tempest.lib.common.rest_client [req-1777ac11-0236-4ffc-9656-178f5015221a req-1777ac11-0236-4ffc-9656-178f5015221a ] Request (VolumesAssistedSnapshotsTest:setUpClass): 201 POST http://10.180.1.21/networking/v2.0/routers 0.886s
2025-11-22 09:01:14.936 66715 INFO tempest.lib.common.rest_client [req-3058c9c4-5fac-4379-845e-595ebf1bdc87 req-3058c9c4-5fac-4379-845e-595ebf1bdc87 ] Request (ServerGroup264TestJSON:setUpClass): 201 POST http://10.180.1.21/identity/v3/users 0.160s
2025-11-22 09:01:14.961 66723 INFO tempest.lib.common.rest_client [req-43267db5-2fc1-4b7e-b432-20a938ed2443 req-43267db5-2fc1-4b7e-b432-20a938ed2443 ] Request (ServerExternalEventsTest:setUpClass): 201 POST http://10.180.1.21/identity/v3/users 0.107s
2025-11-22 09:01:14.985 66715 INFO tempest.lib.common.rest_client [req-408049c3-f4dc-4a9f-8801-a295253f4847 req-408049c3-f4dc-4a9f-8801-a295253f4847 ] Request (ServerGroup264TestJSON:setUpClass): 200 GET http://10.180.1.21/identity/v3/roles 0.049s
2025-11-22 09:01:15.002 66725 INFO tempest.lib.common.rest_client [req-b3e17cad-3996-4372-b200-95b87262c5a5 req-b3e17cad-3996-4372-b200-95b87262c5a5 ] Request (ServersTestBootFromVolume:setUpClass): 200 POST http://10.180.1.21/compute/v2.1/os-keypairs 3.414s
2025-11-22 09:01:15.005 66723 INFO tempest.lib.common.rest_client [req-ad566759-0295-4ca2-bf67-8e22204ff760 req-ad566759-0295-4ca2-bf67-8e22204ff760 ] Request (ServerExternalEventsTest:setUpClass): 200 GET http://10.180.1.21/identity/v3/roles 0.043s
2025-11-22 09:01:15.020 66715 INFO tempest.lib.common.rest_client [req-f014f034-4c2b-4fcc-b4b5-64a81d499f5b req-f014f034-4c2b-4fcc-b4b5-64a81d499f5b ] Request (ServerGroup264TestJSON:setUpClass): 204 PUT http://10.180.1.21/identity/v3/projects/cf618bea72d846a69e8a38adc1a01814/users/8d9705fa4b294edea700a10d356761db/roles/80d723911f9b48a2ae53c87bc6e5ea0d 0.034s
2025-11-22 09:01:15.020 66715 INFO tempest.lib.common.dynamic_creds [-] Dynamic test user 8d9705fa4b294edea700a10d356761db is created with scope project and roles: ['member']
2025-11-22 09:01:15.021 66715 INFO tempest.lib.common.dynamic_creds [-] Acquired dynamic creds: credentials: Credentials: {'domain_id': 'default', 'domain_name': 'Default', 'username': 'tempest-ServerGroup264TestJSON-961213736-project-member', 'project_domain_id': 'default', 'project_domain_name': 'Default', 'project_id': 'cf618bea72d846a69e8a38adc1a01814', 'project_name': 'tempest-ServerGroup264TestJSON-961213736', 'tenant_id': 'cf618bea72d846a69e8a38adc1a01814', 'tenant_name': 'tempest-ServerGroup264TestJSON-961213736', 'user_domain_id': 'default', 'user_domain_name': 'Default', 'user_id': '8d9705fa4b294edea700a10d356761db', 'system': None}, Network: None, Subnet: None, Router: None
2025-11-22 09:01:15.076 66715 INFO tempest.lib.common.rest_client [req-15995758-ce61-4aab-b51a-f8dd8c741efa req-15995758-ce61-4aab-b51a-f8dd8c741efa ] Request (ServerGroup264TestJSON:setUpClass): 201 POST http://10.180.1.21/identity/v3/auth/tokens 0.055s
2025-11-22 09:01:15.077 66723 INFO tempest.lib.common.rest_client [req-ce8b713e-cbb9-46ec-b341-95fc50e5e9f3 req-ce8b713e-cbb9-46ec-b341-95fc50e5e9f3 ] Request (ServerExternalEventsTest:setUpClass): 204 PUT http://10.180.1.21/identity/v3/projects/09afed0b36ca43cd99372b3723aad804/users/ea439e49f00f40e08d7ed28c6b342b98/roles/1e9a20eda58c429493f2acb1431157b0 0.071s
2025-11-22 09:01:15.095 66685 INFO tempest.lib.common.rest_client [req-16eac4f6-b82e-4281-84e1-6c6a82587535 req-16eac4f6-b82e-4281-84e1-6c6a82587535 ] Request (ServersWithSpecificFlavorTestJSON:setUpClass): 200 PUT http://10.180.1.21/networking/v2.0/routers/fb5d7b93-8edb-4f99-b138-0671503217ce/add_router_interface 1.308s
2025-11-22 09:01:15.095 66685 INFO tempest.lib.common.dynamic_creds [-] Created isolated network resources for: credentials: Credentials: {'domain_id': 'default', 'domain_name': 'Default', 'username': 'tempest-ServersWithSpecificFlavorTestJSON-2090823178-project-admin', 'project_domain_id': 'default', 'project_domain_name': 'Default', 'project_id': '4bc23082c9e9448a8032db7e0c1f0c9d', 'project_name': 'tempest-ServersWithSpecificFlavorTestJSON-2090823178', 'tenant_id': '4bc23082c9e9448a8032db7e0c1f0c9d', 'tenant_name': 'tempest-ServersWithSpecificFlavorTestJSON-2090823178', 'user_domain_id': 'default', 'user_domain_name': 'Default', 'user_id': 'f8e1c4e00e58422e82a52e265b3669af', 'system': None}, Network: {'id': 'b1dceceb-e814-4dda-9748-d61c4cd8a9a1', 'name': 'tempest-ServersWithSpecificFlavorTestJSON-1427029071-network', 'tenant_id': '4bc23082c9e9448a8032db7e0c1f0c9d', 'project_id': '4bc23082c9e9448a8032db7e0c1f0c9d', 'admin_state_up': True, 'mtu': 8950, 'status': 'ACTIVE', 'subnets': [], 'shared': False, 'port_security_enabled': True, 'router:external': False, 'provider:network_type': 'vlan', 'provider:physical_network': 'default', 'provider:segmentation_id': 875, 'availability_zone_hints': [], 'availability_zones': [], 'ipv4_address_scope': None, 'ipv6_address_scope': None, 'description': '', 'tags': [], 'created_at': '2025-11-22T09:01:12Z', 'updated_at': '2025-11-22T09:01:12Z', 'revision_number': 1}, Subnet: {'id': '4db4eb05-c15c-4394-93f1-bcb441486c66', 'name': 'tempest-ServersWithSpecificFlavorTestJSON-1427029071-subnet', 'tenant_id': '4bc23082c9e9448a8032db7e0c1f0c9d', 'network_id': 'b1dceceb-e814-4dda-9748-d61c4cd8a9a1', 'ip_version': 4, 'subnetpool_id': None, 'enable_dhcp': True, 'ipv6_ra_mode': None, 'ipv6_address_mode': None, 'gateway_ip': '192.168.128.1', 'cidr': '192.168.128.0/28', 'allocation_pools': [{'start': '192.168.128.2', 'end': '192.168.128.14'}], 'host_routes': [], 'dns_nameservers': [], 'description': '', 'router:external': False, 'service_types': [], 'tags': [], 'created_at': '2025-11-22T09:01:12Z', 'updated_at': '2025-11-22T09:01:12Z', 'revision_number': 0, 'project_id': '4bc23082c9e9448a8032db7e0c1f0c9d'}, Router: {'id': 'fb5d7b93-8edb-4f99-b138-0671503217ce', 'name': 'tempest-ServersWithSpecificFlavorTestJSON-1427029071-router', 'tenant_id': '4bc23082c9e9448a8032db7e0c1f0c9d', 'admin_state_up': True, 'status': 'ACTIVE', 'external_gateway_info': {'network_id': '1930df74-5bbf-4a05-81f1-09fadb2fa31e', 'external_fixed_ips': [{'subnet_id': 'b4f6b472-f104-449f-a2a3-03fa87c1026e', 'ip_address': '10.180.180.168'}], 'enable_snat': True}, 'description': '', 'availability_zones': [], 'distributed': False, 'ha': False, 'availability_zone_hints': [], 'routes': [], 'flavor_id': None, 'tags': [], 'created_at': '2025-11-22T09:01:12Z', 'updated_at': '2025-11-22T09:01:13Z', 'revision_number': 2, 'project_id': '4bc23082c9e9448a8032db7e0c1f0c9d'}
2025-11-22 09:01:15.096 66747 INFO tempest.lib.common.rest_client [req-d73402f6-cca9-4de9-9e8a-7d80234c4530 req-d73402f6-cca9-4de9-9e8a-7d80234c4530 ] Request (ServersTestManualDisk:setUpClass): 200 POST http://10.180.1.21/compute/v2.1/os-keypairs 3.501s
2025-11-22 09:01:15.122 66721 INFO tempest.lib.common.rest_client [req-8f9ed967-e103-40c4-aadd-d0693a38e06c req-8f9ed967-e103-40c4-aadd-d0693a38e06c ] Request (AZAdminNegativeTestJSON:tearDownClass): 200 GET http://10.180.1.21/networking/v2.0/security-groups?tenant_id=59274253bf5a4398a3b42e4c0d888f92&name=default 0.385s
2025-11-22 09:01:15.148 66723 INFO tempest.lib.common.rest_client [req-c7b8ff2b-5cef-46b1-a4c1-3a50762d60cb req-c7b8ff2b-5cef-46b1-a4c1-3a50762d60cb ] Request (ServerExternalEventsTest:setUpClass): 200 GET http://10.180.1.21/identity/v3/roles 0.071s
2025-11-22 09:01:15.223 66685 INFO tempest.lib.common.rest_client [req-1a204ef1-3a93-4b81-bc03-8d8ac8eb8ba3 req-1a204ef1-3a93-4b81-bc03-8d8ac8eb8ba3 ] Request (ServersWithSpecificFlavorTestJSON:setUpClass): 201 POST http://10.180.1.21/identity/v3/auth/tokens 0.125s
2025-11-22 09:01:15.232 66723 INFO tempest.lib.common.rest_client [req-940e6062-bcb3-4f7d-bf41-775163ea4243 req-940e6062-bcb3-4f7d-bf41-775163ea4243 ] Request (ServerExternalEventsTest:setUpClass): 204 PUT http://10.180.1.21/identity/v3/projects/09afed0b36ca43cd99372b3723aad804/users/ea439e49f00f40e08d7ed28c6b342b98/roles/1e9a20eda58c429493f2acb1431157b0 0.084s
2025-11-22 09:01:15.233 66723 INFO tempest.lib.common.dynamic_creds [-] Dynamic test user ea439e49f00f40e08d7ed28c6b342b98 is created with scope project and roles: ['admin']
2025-11-22 09:01:15.233 66723 INFO tempest.lib.common.dynamic_creds [-] Acquired dynamic creds: credentials: Credentials: {'domain_id': 'default', 'domain_name': 'Default', 'username': 'tempest-ServerExternalEventsTest-1299015358-project-admin', 'project_domain_id': 'default', 'project_domain_name': 'Default', 'project_id': '09afed0b36ca43cd99372b3723aad804', 'project_name': 'tempest-ServerExternalEventsTest-1299015358', 'tenant_id': '09afed0b36ca43cd99372b3723aad804', 'tenant_name': 'tempest-ServerExternalEventsTest-1299015358', 'user_domain_id': 'default', 'user_domain_name': 'Default', 'user_id': 'ea439e49f00f40e08d7ed28c6b342b98', 'system': None}, Network: None, Subnet: None, Router: None
2025-11-22 09:01:15.233 66723 INFO tempest.lib.common.dynamic_creds [-] Created isolated network resources for: credentials: Credentials: {'domain_id': 'default', 'domain_name': 'Default', 'username': 'tempest-ServerExternalEventsTest-1299015358-project-admin', 'project_domain_id': 'default', 'project_domain_name': 'Default', 'project_id': '09afed0b36ca43cd99372b3723aad804', 'project_name': 'tempest-ServerExternalEventsTest-1299015358', 'tenant_id': '09afed0b36ca43cd99372b3723aad804', 'tenant_name': 'tempest-ServerExternalEventsTest-1299015358', 'user_domain_id': 'default', 'user_domain_name': 'Default', 'user_id': 'ea439e49f00f40e08d7ed28c6b342b98', 'system': None}, Network: None, Subnet: None, Router: None
2025-11-22 09:01:15.258 66725 INFO tempest.lib.common.rest_client [req-1ded9e1d-4510-44ca-90f8-8749e15fa6f4 req-1ded9e1d-4510-44ca-90f8-8749e15fa6f4 ] Request (ServersTestBootFromVolume:setUpClass): 201 POST http://10.180.1.21/networking/v2.0/security-groups 0.254s
2025-11-22 09:01:15.329 66723 INFO tempest.lib.common.rest_client [req-3a80cfcd-9473-4816-898b-26e6d8f65032 req-3a80cfcd-9473-4816-898b-26e6d8f65032 ] Request (ServerExternalEventsTest:setUpClass): 201 POST http://10.180.1.21/identity/v3/auth/tokens 0.093s
2025-11-22 09:01:15.409 66723 INFO tempest.lib.common.rest_client [req-a826c128-603a-4ec0-86f8-0bfe374db8b2 req-a826c128-603a-4ec0-86f8-0bfe374db8b2 ] Request (ServerExternalEventsTest:setUpClass): 201 POST http://10.180.1.21/identity/v3/projects 0.079s
2025-11-22 09:01:15.509 66723 INFO tempest.lib.common.rest_client [req-6b195b2a-4e50-430b-942c-2ce7b8d42ed4 req-6b195b2a-4e50-430b-942c-2ce7b8d42ed4 ] Request (ServerExternalEventsTest:setUpClass): 201 POST http://10.180.1.21/identity/v3/users 0.099s
2025-11-22 09:01:15.538 66723 INFO tempest.lib.common.rest_client [req-9355457e-28f6-4d9d-80ef-38d2b44792ea req-9355457e-28f6-4d9d-80ef-38d2b44792ea ] Request (ServerExternalEventsTest:setUpClass): 200 GET http://10.180.1.21/identity/v3/roles 0.028s
2025-11-22 09:01:15.585 66723 INFO tempest.lib.common.rest_client [req-679e4556-445c-49ad-806c-d4d26b0898fd req-679e4556-445c-49ad-806c-d4d26b0898fd ] Request (ServerExternalEventsTest:setUpClass): 204 PUT http://10.180.1.21/identity/v3/projects/0b8f1c0d8527473abd4ec95dc3a6562a/users/1b2294f4a4d2435eb59580c6d65cd631/roles/1e9a20eda58c429493f2acb1431157b0 0.046s
2025-11-22 09:01:15.615 66715 INFO tempest.lib.common.rest_client [req-59b342dd-caed-4cd1-a5e7-fa8c3116b379 req-59b342dd-caed-4cd1-a5e7-fa8c3116b379 ] Request (ServerGroup264TestJSON:setUpClass): 201 POST http://10.180.1.21/networking/v2.0/networks 0.538s
2025-11-22 09:01:15.651 66723 INFO tempest.lib.common.rest_client [req-6ac7c213-8ae0-4242-b99e-0117e96dcd62 req-6ac7c213-8ae0-4242-b99e-0117e96dcd62 ] Request (ServerExternalEventsTest:setUpClass): 200 GET http://10.180.1.21/identity/v3/roles 0.065s
2025-11-22 09:01:15.677 66723 INFO tempest.lib.common.rest_client [req-bab9fca0-43d1-40e2-afdc-546de540d696 req-bab9fca0-43d1-40e2-afdc-546de540d696 ] Request (ServerExternalEventsTest:setUpClass): 204 PUT http://10.180.1.21/identity/v3/projects/0b8f1c0d8527473abd4ec95dc3a6562a/users/1b2294f4a4d2435eb59580c6d65cd631/roles/4a70165a5ee84f5588decf1bc2960e1b 0.026s
2025-11-22 09:01:15.678 66723 INFO tempest.lib.common.dynamic_creds [-] Dynamic test user 1b2294f4a4d2435eb59580c6d65cd631 is created with scope project and roles: ['admin', 'service']
2025-11-22 09:01:15.678 66723 INFO tempest.lib.common.dynamic_creds [-] Acquired dynamic creds: credentials: Credentials: {'domain_id': 'default', 'domain_name': 'Default', 'username': 'tempest-ServerExternalEventsTest-931280710-project', 'project_domain_id': 'default', 'project_domain_name': 'Default', 'project_id': '0b8f1c0d8527473abd4ec95dc3a6562a', 'project_name': 'tempest-ServerExternalEventsTest-931280710', 'tenant_id': '0b8f1c0d8527473abd4ec95dc3a6562a', 'tenant_name': 'tempest-ServerExternalEventsTest-931280710', 'user_domain_id': 'default', 'user_domain_name': 'Default', 'user_id': '1b2294f4a4d2435eb59580c6d65cd631', 'system': None}, Network: None, Subnet: None, Router: None
2025-11-22 09:01:15.678 66723 INFO tempest.lib.common.dynamic_creds [-] Created isolated network resources for: credentials: Credentials: {'domain_id': 'default', 'domain_name': 'Default', 'username': 'tempest-ServerExternalEventsTest-931280710-project', 'project_domain_id': 'default', 'project_domain_name': 'Default', 'project_id': '0b8f1c0d8527473abd4ec95dc3a6562a', 'project_name': 'tempest-ServerExternalEventsTest-931280710', 'tenant_id': '0b8f1c0d8527473abd4ec95dc3a6562a', 'tenant_name': 'tempest-ServerExternalEventsTest-931280710', 'user_domain_id': 'default', 'user_domain_name': 'Default', 'user_id': '1b2294f4a4d2435eb59580c6d65cd631', 'system': None}, Network: None, Subnet: None, Router: None
2025-11-22 09:01:15.715 66747 INFO tempest.lib.common.rest_client [req-758edf11-c614-4564-96d4-ebe26f98bab9 req-758edf11-c614-4564-96d4-ebe26f98bab9 ] Request (ServersTestManualDisk:setUpClass): 201 POST http://10.180.1.21/networking/v2.0/security-groups 0.617s
2025-11-22 09:01:15.764 66723 INFO tempest.lib.common.rest_client [req-edcff093-ff59-45d0-bc59-07a1a87919c6 req-edcff093-ff59-45d0-bc59-07a1a87919c6 ] Request (ServerExternalEventsTest:setUpClass): 201 POST http://10.180.1.21/identity/v3/auth/tokens 0.082s
2025-11-22 09:01:15.793 66721 INFO tempest.lib.common.rest_client [req-ad2d5f2b-cd60-479d-baeb-4ed09f1d2121 req-ad2d5f2b-cd60-479d-baeb-4ed09f1d2121 ] Request (AZAdminNegativeTestJSON:tearDownClass): 204 DELETE http://10.180.1.21/networking/v2.0/security-groups/48197c77-1a06-4b56-9a50-29e3d178fb3f 0.670s
2025-11-22 09:01:15.825 66723 INFO tempest.lib.common.rest_client [req-c4e097e6-379b-42f4-abd8-40ffa13731b9 req-c4e097e6-379b-42f4-abd8-40ffa13731b9 ] Request (ServerExternalEventsTest:test_create_server_external_events): 201 POST http://10.180.1.21/identity/v3/auth/tokens 0.058s
2025-11-22 09:01:15.826 66723 INFO tempest.lib.common.fixed_network [-] (ServerExternalEventsTest:test_create_server_external_events) Found network None available for tenant
2025-11-22 09:01:15.888 66721 INFO tempest.lib.common.rest_client [req-e2ab20a7-334d-4bd6-b10f-ab46e21778c6 req-e2ab20a7-334d-4bd6-b10f-ab46e21778c6 ] Request (AZAdminNegativeTestJSON:tearDownClass): 204 DELETE http://10.180.1.21/identity/v3/projects/59274253bf5a4398a3b42e4c0d888f92 0.094s
2025-11-22 09:01:15.889 66721 INFO tempest.lib.common.dynamic_creds [-] Deleting project and security group for project: 1a5cb62b26164883bfebb42698ec7bd3
2025-11-22 09:01:15.914 66725 INFO tempest.lib.common.rest_client [req-156d5a60-26d9-4005-b6fd-24fe405705ab req-156d5a60-26d9-4005-b6fd-24fe405705ab ] Request (ServersTestBootFromVolume:setUpClass): 201 POST http://10.180.1.21/networking/v2.0/security-group-rules 0.655s
2025-11-22 09:01:15.975 66729 INFO tempest.lib.common.rest_client [req-de288f3e-1891-42d4-b96e-a4d0cf810e78 req-de288f3e-1891-42d4-b96e-a4d0cf810e78 ] Request (VolumesAssistedSnapshotsTest:setUpClass): 200 PUT http://10.180.1.21/networking/v2.0/routers/32d59b4a-934b-466e-a9d8-97be7a8725d5/add_router_interface 1.044s
2025-11-22 09:01:15.975 66729 INFO tempest.lib.common.dynamic_creds [-] Created isolated network resources for: credentials: Credentials: {'domain_id': 'default', 'domain_name': 'Default', 'username': 'tempest-VolumesAssistedSnapshotsTest-2083579123-project-admin', 'project_domain_id': 'default', 'project_domain_name': 'Default', 'project_id': '8555d827e1f94644b91875ef3550c273', 'project_name': 'tempest-VolumesAssistedSnapshotsTest-2083579123', 'tenant_id': '8555d827e1f94644b91875ef3550c273', 'tenant_name': 'tempest-VolumesAssistedSnapshotsTest-2083579123', 'user_domain_id': 'default', 'user_domain_name': 'Default', 'user_id': 'f965505028b2409dbe482e13e79a7466', 'system': None}, Network: {'id': '6f4c936d-4f64-4cd1-ab5a-b3770f682d9f', 'name': 'tempest-VolumesAssistedSnapshotsTest-2081739679-network', 'tenant_id': '8555d827e1f94644b91875ef3550c273', 'project_id': '8555d827e1f94644b91875ef3550c273', 'admin_state_up': True, 'mtu': 8950, 'status': 'ACTIVE', 'subnets': [], 'shared': False, 'port_security_enabled': True, 'router:external': False, 'provider:network_type': 'vlan', 'provider:physical_network': 'default', 'provider:segmentation_id': 972, 'availability_zone_hints': [], 'availability_zones': [], 'ipv4_address_scope': None, 'ipv6_address_scope': None, 'description': '', 'tags': [], 'created_at': '2025-11-22T09:01:13Z', 'updated_at': '2025-11-22T09:01:13Z', 'revision_number': 1}, Subnet: {'id': '1c682f94-946c-4b29-9cb1-a5fde9923d44', 'name': 'tempest-VolumesAssistedSnapshotsTest-2081739679-subnet', 'tenant_id': '8555d827e1f94644b91875ef3550c273', 'network_id': '6f4c936d-4f64-4cd1-ab5a-b3770f682d9f', 'ip_version': 4, 'subnetpool_id': None, 'enable_dhcp': True, 'ipv6_ra_mode': None, 'ipv6_address_mode': None, 'gateway_ip': '192.168.128.1', 'cidr': '192.168.128.0/28', 'allocation_pools': [{'start': '192.168.128.2', 'end': '192.168.128.14'}], 'host_routes': [], 'dns_nameservers': [], 'description': '', 'router:external': False, 'service_types': [], 'tags': [], 'created_at': '2025-11-22T09:01:13Z', 'updated_at': '2025-11-22T09:01:13Z', 'revision_number': 0, 'project_id': '8555d827e1f94644b91875ef3550c273'}, Router: {'id': '32d59b4a-934b-466e-a9d8-97be7a8725d5', 'name': 'tempest-VolumesAssistedSnapshotsTest-2081739679-router', 'tenant_id': '8555d827e1f94644b91875ef3550c273', 'admin_state_up': True, 'status': 'ACTIVE', 'external_gateway_info': {'network_id': '1930df74-5bbf-4a05-81f1-09fadb2fa31e', 'external_fixed_ips': [{'subnet_id': 'b4f6b472-f104-449f-a2a3-03fa87c1026e', 'ip_address': '10.180.180.221'}], 'enable_snat': True}, 'description': '', 'availability_zones': [], 'distributed': False, 'ha': False, 'availability_zone_hints': [], 'routes': [], 'flavor_id': None, 'tags': [], 'created_at': '2025-11-22T09:01:14Z', 'updated_at': '2025-11-22T09:01:14Z', 'revision_number': 2, 'project_id': '8555d827e1f94644b91875ef3550c273'}
2025-11-22 09:01:16.063 66729 INFO tempest.lib.common.rest_client [req-8a60d9e4-fb2d-4001-af07-53c9a51ca1a8 req-8a60d9e4-fb2d-4001-af07-53c9a51ca1a8 ] Request (VolumesAssistedSnapshotsTest:setUpClass): 201 POST http://10.180.1.21/identity/v3/auth/tokens 0.085s
2025-11-22 09:01:16.065 66747 INFO tempest.lib.common.rest_client [req-76bfd1ea-53cc-4259-a217-819bb7de1d78 req-76bfd1ea-53cc-4259-a217-819bb7de1d78 ] Request (ServersTestManualDisk:setUpClass): 201 POST http://10.180.1.21/networking/v2.0/security-group-rules 0.349s
2025-11-22 09:01:16.069 66715 INFO tempest.lib.common.rest_client [req-ab8c7405-4dd9-4932-8706-3f9607d975c4 req-ab8c7405-4dd9-4932-8706-3f9607d975c4 ] Request (ServerGroup264TestJSON:setUpClass): 201 POST http://10.180.1.21/networking/v2.0/subnets 0.452s
2025-11-22 09:01:16.132 66729 INFO tempest.lib.common.rest_client [req-1ed6f833-aea1-46a2-98f0-43239d3bce14 req-1ed6f833-aea1-46a2-98f0-43239d3bce14 ] Request (VolumesAssistedSnapshotsTest:setUpClass): 201 POST http://10.180.1.21/identity/v3/projects 0.068s
2025-11-22 09:01:16.152 66725 INFO tempest.lib.common.rest_client [req-d23e6f30-ff72-469f-a1ea-372064a50479 req-d23e6f30-ff72-469f-a1ea-372064a50479 ] Request (ServersTestBootFromVolume:setUpClass): 201 POST http://10.180.1.21/networking/v2.0/security-group-rules 0.238s
2025-11-22 09:01:16.155 66721 INFO tempest.lib.common.rest_client [req-4b2c639d-8cf0-429d-a22d-c567bd45e1d9 req-4b2c639d-8cf0-429d-a22d-c567bd45e1d9 ] Request (AZAdminNegativeTestJSON:tearDownClass): 200 GET http://10.180.1.21/networking/v2.0/security-groups?tenant_id=1a5cb62b26164883bfebb42698ec7bd3&name=default 0.266s
2025-11-22 09:01:16.198 66729 INFO tempest.lib.common.rest_client [req-fd91a1b7-134f-4e60-9aac-0841cf605eda req-fd91a1b7-134f-4e60-9aac-0841cf605eda ] Request (VolumesAssistedSnapshotsTest:setUpClass): 201 POST http://10.180.1.21/identity/v3/users 0.066s
2025-11-22 09:01:16.222 66729 INFO tempest.lib.common.rest_client [req-d4b409a4-e76e-4b3b-89db-baaeb800a369 req-d4b409a4-e76e-4b3b-89db-baaeb800a369 ] Request (VolumesAssistedSnapshotsTest:setUpClass): 200 GET http://10.180.1.21/identity/v3/roles 0.024s
2025-11-22 09:01:16.248 66747 INFO tempest.lib.common.rest_client [req-2df0f489-75d4-4383-a38f-45d9e577d412 req-2df0f489-75d4-4383-a38f-45d9e577d412 ] Request (ServersTestManualDisk:setUpClass): 201 POST http://10.180.1.21/networking/v2.0/security-group-rules 0.182s
2025-11-22 09:01:16.253 66729 INFO tempest.lib.common.rest_client [req-08404b46-56f3-4087-b6a2-da2f57cf244e req-08404b46-56f3-4087-b6a2-da2f57cf244e ] Request (VolumesAssistedSnapshotsTest:setUpClass): 204 PUT http://10.180.1.21/identity/v3/projects/c00da98a7f344de8ace1f2d8fcbefe55/users/fc6a6d35504e40f9ad8180ada26c8ea4/roles/4a70165a5ee84f5588decf1bc2960e1b 0.030s
2025-11-22 09:01:16.312 66729 INFO tempest.lib.common.rest_client [req-9ddf6351-7a2c-422f-846e-3883a1a9ceba req-9ddf6351-7a2c-422f-846e-3883a1a9ceba ] Request (VolumesAssistedSnapshotsTest:setUpClass): 200 GET http://10.180.1.21/identity/v3/roles 0.058s
2025-11-22 09:01:16.332 66729 INFO tempest.lib.common.rest_client [req-19dfa786-27e9-4fa3-9fb9-3c0782e7d9da req-19dfa786-27e9-4fa3-9fb9-3c0782e7d9da ] Request (VolumesAssistedSnapshotsTest:setUpClass): 204 PUT http://10.180.1.21/identity/v3/projects/c00da98a7f344de8ace1f2d8fcbefe55/users/fc6a6d35504e40f9ad8180ada26c8ea4/roles/1e9a20eda58c429493f2acb1431157b0 0.020s
2025-11-22 09:01:16.332 66729 INFO tempest.lib.common.dynamic_creds [-] Dynamic test user fc6a6d35504e40f9ad8180ada26c8ea4 is created with scope project and roles: ['service', 'admin']
2025-11-22 09:01:16.332 66729 INFO tempest.lib.common.dynamic_creds [-] Acquired dynamic creds: credentials: Credentials: {'domain_id': 'default', 'domain_name': 'Default', 'username': 'tempest-VolumesAssistedSnapshotsTest-1805087057-project', 'project_domain_id': 'default', 'project_domain_name': 'Default', 'project_id': 'c00da98a7f344de8ace1f2d8fcbefe55', 'project_name': 'tempest-VolumesAssistedSnapshotsTest-1805087057', 'tenant_id': 'c00da98a7f344de8ace1f2d8fcbefe55', 'tenant_name': 'tempest-VolumesAssistedSnapshotsTest-1805087057', 'user_domain_id': 'default', 'user_domain_name': 'Default', 'user_id': 'fc6a6d35504e40f9ad8180ada26c8ea4', 'system': None}, Network: None, Subnet: None, Router: None
2025-11-22 09:01:16.380 66705 INFO tempest.lib.common.rest_client [req-caad7e5f-2b43-4683-997f-8ebf2fcd2dfe req-caad7e5f-2b43-4683-997f-8ebf2fcd2dfe ] Request (DeleteServersAdminTestJSON:test_admin_delete_servers_of_others): 202 POST http://10.180.1.21/compute/v2.1/servers 4.878s
2025-11-22 09:01:16.680 66734 INFO tempest.lib.common.rest_client [req-cbec577b-585a-46ec-a7ff-88147496ddb4 req-cbec577b-585a-46ec-a7ff-88147496ddb4 ] Request (MigrationsAdminTest:test_list_migrations): 200 GET http://10.180.1.21/compute/v2.1/os-migrations 4.726s
2025-11-22 09:01:16.772 66734 INFO tempest.lib.common.rest_client [req-929fea94-f7a9-4200-9cae-ba502556d85a req-929fea94-f7a9-4200-9cae-ba502556d85a ] Request (MigrationsAdminTest:test_list_migrations_in_flavor_resize_situation): 201 POST http://10.180.1.21/identity/v3/auth/tokens 0.084s
2025-11-22 09:01:16.773 66734 INFO tempest.lib.common.fixed_network [-] (MigrationsAdminTest:test_list_migrations_in_flavor_resize_situation) Found network None available for tenant
2025-11-22 09:01:16.901 66725 INFO tempest.lib.common.rest_client [req-b441b207-d145-4f66-ab4c-a5f72c9a7b44 req-b441b207-d145-4f66-ab4c-a5f72c9a7b44 ] Request (ServersTestBootFromVolume:setUpClass): 201 POST http://10.180.1.21/networking/v2.0/floatingips 0.748s
2025-11-22 09:01:16.969 66725 INFO tempest.lib.common.rest_client [req-4ef875dc-4f10-411c-819c-e92d19517c31 req-4ef875dc-4f10-411c-819c-e92d19517c31 ] Request (ServersTestBootFromVolume:setUpClass): 201 POST http://10.180.1.21/identity/v3/auth/tokens 0.065s
2025-11-22 09:01:16.969 66725 INFO tempest.lib.common.fixed_network [-] (ServersTestBootFromVolume:setUpClass) Found network {'id': '6f590f8c-0327-4df8-91a6-0b08f02b1f51', 'name': 'tempest-ServersTestBootFromVolume-1294035601-network', 'tenant_id': '60758353741b41369d4fd2f9649943be', 'project_id': '60758353741b41369d4fd2f9649943be', 'admin_state_up': True, 'mtu': 8950, 'status': 'ACTIVE', 'subnets': [], 'shared': False, 'port_security_enabled': True, 'router:external': False, 'provider:network_type': 'vlan', 'provider:physical_network': 'default', 'provider:segmentation_id': 412, 'availability_zone_hints': [], 'availability_zones': [], 'ipv4_address_scope': None, 'ipv6_address_scope': None, 'description': '', 'tags': [], 'created_at': '2025-11-22T09:01:08Z', 'updated_at': '2025-11-22T09:01:08Z', 'revision_number': 1} available for tenant
2025-11-22 09:01:16.996 66721 INFO tempest.lib.common.rest_client [req-92b5f237-12a5-4035-86bd-db491f9b8f2f req-92b5f237-12a5-4035-86bd-db491f9b8f2f ] Request (AZAdminNegativeTestJSON:tearDownClass): 204 DELETE http://10.180.1.21/networking/v2.0/security-groups/e3a91e13-7fbe-4cba-9967-087ec1304479 0.841s
2025-11-22 09:01:17.017 66715 INFO tempest.lib.common.rest_client [req-8f01228c-3790-4214-a10e-c5222a67e62d req-8f01228c-3790-4214-a10e-c5222a67e62d ] Request (ServerGroup264TestJSON:setUpClass): 201 POST http://10.180.1.21/networking/v2.0/routers 0.947s
2025-11-22 09:01:17.116 66721 INFO tempest.lib.common.rest_client [req-6c58b474-d42d-4951-9b77-0efbf1067a65 req-6c58b474-d42d-4951-9b77-0efbf1067a65 ] Request (AZAdminNegativeTestJSON:tearDownClass): 204 DELETE http://10.180.1.21/identity/v3/projects/1a5cb62b26164883bfebb42698ec7bd3 0.120s
2025-11-22 09:01:17.187 66721 INFO tempest.lib.common.rest_client [req-3a7996fa-2fa8-4d16-9901-4fd59cd372bd req-3a7996fa-2fa8-4d16-9901-4fd59cd372bd ] Request (FlavorsExtraSpecsTestJSON:setUpClass): 201 POST http://10.180.1.21/identity/v3/auth/tokens 0.069s
2025-11-22 09:01:17.227 66721 INFO tempest.lib.common.rest_client [req-be86efea-d7ab-4488-8bb3-0ba52e73308c req-be86efea-d7ab-4488-8bb3-0ba52e73308c ] Request (FlavorsExtraSpecsTestJSON:setUpClass): 201 POST http://10.180.1.21/identity/v3/auth/tokens 0.035s
2025-11-22 09:01:17.250 66729 INFO tempest.lib.common.rest_client [req-154f02e2-e1dc-4725-9058-b6574ab06536 req-154f02e2-e1dc-4725-9058-b6574ab06536 ] Request (VolumesAssistedSnapshotsTest:setUpClass): 201 POST http://10.180.1.21/networking/v2.0/networks 0.917s
2025-11-22 09:01:17.256 66721 INFO tempest.lib.common.rest_client [req-f765b563-f8a0-4738-9d59-e9ea8eee2d54 req-f765b563-f8a0-4738-9d59-e9ea8eee2d54 ] Request (FlavorsExtraSpecsTestJSON:setUpClass): 200 GET http://10.180.1.21/identity/v3/domains?name=Default 0.028s
2025-11-22 09:01:17.284 66721 INFO tempest.lib.common.rest_client [req-326bc6b5-331d-49fb-bfe0-6acef7bbb613 req-326bc6b5-331d-49fb-bfe0-6acef7bbb613 ] Request (FlavorsExtraSpecsTestJSON:setUpClass): 201 POST http://10.180.1.21/identity/v3/projects 0.027s
2025-11-22 09:01:17.352 66721 INFO tempest.lib.common.rest_client [req-d8cae4a3-b674-402d-a83e-1a9032ea9506 req-d8cae4a3-b674-402d-a83e-1a9032ea9506 ] Request (FlavorsExtraSpecsTestJSON:setUpClass): 201 POST http://10.180.1.21/identity/v3/users 0.068s
2025-11-22 09:01:17.375 66721 INFO tempest.lib.common.rest_client [req-a76cd789-d7fb-449d-95ce-e73a4bd85f90 req-a76cd789-d7fb-449d-95ce-e73a4bd85f90 ] Request (FlavorsExtraSpecsTestJSON:setUpClass): 200 GET http://10.180.1.21/identity/v3/roles 0.022s
2025-11-22 09:01:17.418 66707 INFO tempest.lib.common.rest_client [req-cdbea10e-d0d2-4258-8b29-57a177355c69 req-cdbea10e-d0d2-4258-8b29-57a177355c69 ] Request (ServerDiagnosticsNegativeTest:test_get_server_diagnostics_by_non_admin): 202 POST http://10.180.1.21/compute/v2.1/servers 5.757s
2025-11-22 09:01:17.419 66747 INFO tempest.lib.common.rest_client [req-d1bbeb7c-2388-4599-b932-2814f63783de req-d1bbeb7c-2388-4599-b932-2814f63783de ] Request (ServersTestManualDisk:setUpClass): 201 POST http://10.180.1.21/networking/v2.0/floatingips 1.171s
2025-11-22 09:01:17.419 66721 INFO tempest.lib.common.rest_client [req-d1b234e7-425b-4227-b8e5-10f52146a526 req-d1b234e7-425b-4227-b8e5-10f52146a526 ] Request (FlavorsExtraSpecsTestJSON:setUpClass): 204 PUT http://10.180.1.21/identity/v3/projects/76c1a5c171474ad497e1d5d5bfab4774/users/1dc5ed93b79e4f67a376ed66cdbdd713/roles/80d723911f9b48a2ae53c87bc6e5ea0d 0.044s
2025-11-22 09:01:17.420 66721 INFO tempest.lib.common.dynamic_creds [-] Dynamic test user 1dc5ed93b79e4f67a376ed66cdbdd713 is created with scope project and roles: ['member']
2025-11-22 09:01:17.420 66721 INFO tempest.lib.common.dynamic_creds [-] Acquired dynamic creds: credentials: Credentials: {'domain_id': 'default', 'domain_name': 'Default', 'username': 'tempest-FlavorsExtraSpecsTestJSON-490852493-project-member', 'project_domain_id': 'default', 'project_domain_name': 'Default', 'project_id': '76c1a5c171474ad497e1d5d5bfab4774', 'project_name': 'tempest-FlavorsExtraSpecsTestJSON-490852493', 'tenant_id': '76c1a5c171474ad497e1d5d5bfab4774', 'tenant_name': 'tempest-FlavorsExtraSpecsTestJSON-490852493', 'user_domain_id': 'default', 'user_domain_name': 'Default', 'user_id': '1dc5ed93b79e4f67a376ed66cdbdd713', 'system': None}, Network: None, Subnet: None, Router: None
2025-11-22 09:01:17.420 66721 INFO tempest.lib.common.dynamic_creds [-] Created isolated network resources for: credentials: Credentials: {'domain_id': 'default', 'domain_name': 'Default', 'username': 'tempest-FlavorsExtraSpecsTestJSON-490852493-project-member', 'project_domain_id': 'default', 'project_domain_name': 'Default', 'project_id': '76c1a5c171474ad497e1d5d5bfab4774', 'project_name': 'tempest-FlavorsExtraSpecsTestJSON-490852493', 'tenant_id': '76c1a5c171474ad497e1d5d5bfab4774', 'tenant_name': 'tempest-FlavorsExtraSpecsTestJSON-490852493', 'user_domain_id': 'default', 'user_domain_name': 'Default', 'user_id': '1dc5ed93b79e4f67a376ed66cdbdd713', 'system': None}, Network: None, Subnet: None, Router: None
2025-11-22 09:01:17.494 66747 INFO tempest.lib.common.rest_client [req-4a206de7-43b7-4a46-b182-b6656acd9eae req-4a206de7-43b7-4a46-b182-b6656acd9eae ] Request (ServersTestManualDisk:setUpClass): 201 POST http://10.180.1.21/identity/v3/auth/tokens 0.072s
2025-11-22 09:01:17.494 66747 INFO tempest.lib.common.fixed_network [-] (ServersTestManualDisk:setUpClass) Found network {'id': 'bf81ee2b-a197-47ea-b092-71c9b92f6126', 'name': 'tempest-ServersTestManualDisk-2056510860-network', 'tenant_id': '460be7d9f1ca49b8b7fabbdd9e26339f', 'project_id': '460be7d9f1ca49b8b7fabbdd9e26339f', 'admin_state_up': True, 'mtu': 8950, 'status': 'ACTIVE', 'subnets': [], 'shared': False, 'port_security_enabled': True, 'router:external': False, 'provider:network_type': 'vlan', 'provider:physical_network': 'default', 'provider:segmentation_id': 455, 'availability_zone_hints': [], 'availability_zones': [], 'ipv4_address_scope': None, 'ipv6_address_scope': None, 'description': '', 'tags': [], 'created_at': '2025-11-22T09:01:07Z', 'updated_at': '2025-11-22T09:01:07Z', 'revision_number': 1} available for tenant
2025-11-22 09:01:17.564 66721 INFO tempest.lib.common.rest_client [req-53e892c1-653c-4b6d-aa25-f2903a4a0719 req-53e892c1-653c-4b6d-aa25-f2903a4a0719 ] Request (FlavorsExtraSpecsTestJSON:setUpClass): 201 POST http://10.180.1.21/identity/v3/auth/tokens 0.142s
2025-11-22 09:01:17.635 66725 INFO tempest.lib.common.rest_client [req-d4e9f69c-2924-4e5e-b089-040f046fdc57 req-d4e9f69c-2924-4e5e-b089-040f046fdc57 ] Request (ServersTestBootFromVolume:setUpClass): 202 POST http://10.180.1.21/volume/v3/volumes 0.665s
2025-11-22 09:01:17.640 66729 INFO tempest.lib.common.rest_client [req-3d9522d3-7fb4-4b59-b0af-cf17adcc5d77 req-3d9522d3-7fb4-4b59-b0af-cf17adcc5d77 ] Request (VolumesAssistedSnapshotsTest:setUpClass): 201 POST http://10.180.1.21/networking/v2.0/subnets 0.389s
2025-11-22 09:01:17.641 66718 INFO tempest.lib.common.rest_client [req-1ad17759-1c03-4e41-9eb2-e7b06d6eb3b4 req-1ad17759-1c03-4e41-9eb2-e7b06d6eb3b4 ] Request (QuotaClassesAdmin257Test:test_update_default_quotas): 200 GET http://10.180.1.21/compute/v2.1/os-quota-class-sets/default 5.070s
2025-11-22 09:01:17.653 66721 INFO tempest.lib.common.rest_client [req-0a5a8a9f-0fd1-4143-8c86-63cb5ebb122e req-0a5a8a9f-0fd1-4143-8c86-63cb5ebb122e ] Request (FlavorsExtraSpecsTestJSON:setUpClass): 201 POST http://10.180.1.21/identity/v3/projects 0.088s
2025-11-22 09:01:17.670 66695 INFO tempest.lib.common.rest_client [req-cbeed800-daa8-452b-9dee-fd4cd972113f req-cbeed800-daa8-452b-9dee-fd4cd972113f ] Request (AggregatesAdminNegativeTestJSON:test_aggregate_add_existent_host): 200 POST http://10.180.1.21/compute/v2.1/os-aggregates 4.900s
2025-11-22 09:01:17.710 66725 INFO tempest.lib.common.rest_client [req-c6fedb2f-76ed-40a3-8a48-127d35843665 req-c6fedb2f-76ed-40a3-8a48-127d35843665 ] Request (ServersTestBootFromVolume:setUpClass): 200 GET http://10.180.1.21/volume/v3/volumes/eceba8b4-7030-406c-a527-2a85f6c86879 0.067s
2025-11-22 09:01:17.743 66691 INFO tempest.lib.common.rest_client [req-9b64a1ae-382d-4ca7-914e-5d0b48981bf4 req-9b64a1ae-382d-4ca7-914e-5d0b48981bf4 ] Request (ListImagesTestJSON:test_list_images_with_detail): 200 GET http://10.180.1.21/compute/v2.1/images/detail 4.899s
2025-11-22 09:01:17.744 66721 INFO tempest.lib.common.rest_client [req-66ba2ff6-876f-45b7-a852-5e1f7a46f325 req-66ba2ff6-876f-45b7-a852-5e1f7a46f325 ] Request (FlavorsExtraSpecsTestJSON:setUpClass): 201 POST http://10.180.1.21/identity/v3/users 0.090s
2025-11-22 09:01:17.764 66721 INFO tempest.lib.common.rest_client [req-4fe1e761-fe05-41ab-a83e-e317d958aeb0 req-4fe1e761-fe05-41ab-a83e-e317d958aeb0 ] Request (FlavorsExtraSpecsTestJSON:setUpClass): 200 GET http://10.180.1.21/identity/v3/roles 0.019s
2025-11-22 09:01:17.847 66691 INFO tempest.lib.common.rest_client [req-f0f7bc00-4c06-41d9-8fb2-a2a9185721be req-f0f7bc00-4c06-41d9-8fb2-a2a9185721be ] Request (ListImagesTestJSON:tearDownClass): 204 DELETE http://10.180.1.21/identity/v3/users/f677d6d20f0c41c9bd4f20b19b4785d7 0.097s
2025-11-22 09:01:17.847 66691 INFO tempest.lib.common.dynamic_creds [-] Deleting project and security group for project: 873953efaf3d4160b48c33d4bddbfda9
2025-11-22 09:01:17.847 66687 INFO tempest.lib.common.rest_client [req-823ca2ee-ab8e-4fe3-b732-4def8ba50deb req-823ca2ee-ab8e-4fe3-b732-4def8ba50deb ] Request (TenantUsagesNegativeTestJSON:test_list_usage_all_tenants_with_non_admin_user): 403 GET http://10.180.1.21/compute/v2.1/os-simple-tenant-usage?start=2025-11-21T09%3A01%3A07.656680&end=2025-11-23T09%3A01%3A07.656680&detailed=1 5.000s
2025-11-22 09:01:17.877 66697 INFO tempest.lib.common.rest_client [req-a6a21d7e-2d25-47a5-ba1a-68335f7b83b9 req-a6a21d7e-2d25-47a5-ba1a-68335f7b83b9 ] Request (ServicesAdminNegativeTestJSON:test_get_service_by_invalid_params): 200 GET http://10.180.1.21/compute/v2.1/os-services?xxx=nova-compute 4.790s
2025-11-22 09:01:17.903 66721 INFO tempest.lib.common.rest_client [req-c25fbb72-b40e-4110-8a9d-9809c5505314 req-c25fbb72-b40e-4110-8a9d-9809c5505314 ] Request (FlavorsExtraSpecsTestJSON:setUpClass): 204 PUT http://10.180.1.21/identity/v3/projects/a24859dcc58e4e9f849fa7698ed99b3f/users/4d4dcbb8515f423e93f911a0c55f4c88/roles/1e9a20eda58c429493f2acb1431157b0 0.139s
2025-11-22 09:01:17.907 66691 INFO tempest.lib.common.rest_client [req-9d7aeeca-23ad-496c-a5b0-47216514fe25 req-9d7aeeca-23ad-496c-a5b0-47216514fe25 ] Request (ListImagesTestJSON:tearDownClass): 201 POST http://10.180.1.21/identity/v3/auth/tokens 0.060s
2025-11-22 09:01:18.072 66719 INFO tempest.lib.common.rest_client [req-454aa68e-f0bc-47af-bfee-fa903604cc81 req-454aa68e-f0bc-47af-bfee-fa903604cc81 ] Request (HostsAdminNegativeTestJSON:test_list_hosts_with_non_admin_user): 403 GET http://10.180.1.21/compute/v2.1/os-hosts 4.867s
