2025-11-22 09:04:31.694 66703 INFO tempest.lib.common.rest_client [req-597e0c5a-b709-4694-a1f4-e6fc8d456a22 req-597e0c5a-b709-4694-a1f4-e6fc8d456a22 ] Request (ServerShowV254Test:test_rebuild_server): 200 GET http://10.180.1.21/compute/v2.1/servers/ad880724-3f46-44b1-8e5b-3e6292b04aed 0.771s
2025-11-22 09:04:31.706 66703 INFO tempest.common.waiters [-] State transition "BUILD/scheduling" ==> "BUILD/None" after 44 second wait
2025-11-22 09:04:31.876 66709 INFO tempest.lib.common.rest_client [req-97b06589-1084-46b7-9ce3-7d14816e4986 req-97b06589-1084-46b7-9ce3-7d14816e4986 ] Request (ListServersNegativeTestJSON:setUpClass): 200 GET http://10.180.1.21/compute/v2.1/servers/2025c0aa-6096-46c6-93e0-869600505d61 0.906s
2025-11-22 09:04:32.006 66711 INFO tempest.lib.common.rest_client [req-d2e9a84b-ac92-45dc-b7e6-1d0bbc730f13 req-d2e9a84b-ac92-45dc-b7e6-1d0bbc730f13 ] Request (AttachInterfacesTestJSON:test_create_list_show_delete_interfaces_by_fixed_ip): 200 GET http://10.180.1.21/compute/v2.1/servers/a121a65e-d11a-4c79-8076-c1e5358bb89d/os-interface 0.912s
2025-11-22 09:04:32.272 66711 INFO tempest.lib.common.rest_client [req-0f990f78-debf-495c-80b9-0b8235c17724 req-0f990f78-debf-495c-80b9-0b8235c17724 ] Request (AttachInterfacesTestJSON:_run_cleanups): 404 DELETE http://10.180.1.21/networking/v2.0/ports/574f5d08-73d4-4b7d-aee0-7147b9986e2d 0.263s
2025-11-22 09:04:32.294 66685 INFO tempest.lib.common.rest_client [req-8ce9b18a-2ee6-4560-843a-528c2061b788 req-8ce9b18a-2ee6-4560-843a-528c2061b788 ] Request (ServersWithSpecificFlavorTestJSON:test_verify_created_server_ephemeral_disk): 200 GET http://10.180.1.21/compute/v2.1/servers/ac56cad6-c397-4945-8247-71c954f90f81 1.016s
2025-11-22 09:04:32.399 66707 INFO tempest.lib.common.rest_client [req-f1cb732e-571e-4b5e-b98f-375dac55c9ca req-f1cb732e-571e-4b5e-b98f-375dac55c9ca ] Request (AttachVolumeNegativeTest:test_attach_attached_volume_to_different_server): 202 POST http://10.180.1.21/compute/v2.1/servers 1.524s
2025-11-22 09:04:32.465 66741 INFO tempest.lib.common.rest_client [req-878bf568-e635-4283-9e5c-44b3c5da1d00 req-878bf568-e635-4283-9e5c-44b3c5da1d00 ] Request (ServerActionsTestOtherB:test_create_backup): 200 GET http://10.180.1.21/image/v2/images/c7d579b0-3c8e-4c4d-ba58-f9b9d001e5b2 0.027s
2025-11-22 09:04:32.469 66687 INFO tempest.lib.common.rest_client [req-9b13e80c-7eff-4cef-af1f-66a9725e56b6 req-9b13e80c-7eff-4cef-af1f-66a9725e56b6 ] Request (ListServerFiltersTestJSON:test_list_servers_filtered_by_ip): 200 GET http://10.180.1.21/compute/v2.1/servers?ip=192.168.128.12 1.120s
2025-11-22 09:04:32.476 66729 INFO tempest.lib.common.rest_client [req-1e0d4a2e-77ff-4899-8ada-070f2beab453 req-1e0d4a2e-77ff-4899-8ada-070f2beab453 ] Request (ServerDiagnosticsTest:test_get_server_diagnostics): 200 GET http://10.180.1.21/compute/v2.1/servers/84d43574-28e0-48e4-8517-c1f00fc5e3c1 1.080s
2025-11-22 09:04:32.548 66701 INFO tempest.lib.common.rest_client [req-7ba73d5e-b95a-410b-9c29-53d2a69c665e req-7ba73d5e-b95a-410b-9c29-53d2a69c665e ] Request (ServersTestMultiNic:test_verify_duplicate_network_nics): 200 GET http://10.180.1.21/compute/v2.1/servers/3a339820-12e6-4d84-ae0c-076f5df05d85 1.138s
2025-11-22 09:04:32.592 66723 INFO tempest.lib.common.rest_client [req-deade33d-3bbf-432d-93dc-1d1dc0b01de2 req-deade33d-3bbf-432d-93dc-1d1dc0b01de2 ] Request (ServersNegativeTestMultiTenantJSON:setUpClass): 200 GET http://10.180.1.21/compute/v2.1/servers/289a955b-3fa7-4ed9-a223-9959e63e8dfb 0.735s
2025-11-22 09:04:32.623 66689 INFO tempest.lib.common.rest_client [req-aee9189e-b1ca-40a3-9a0e-2758a2949714 req-aee9189e-b1ca-40a3-9a0e-2758a2949714 ] Request (ServersAdmin275Test:test_rebuild_update_server_275): 200 GET http://10.180.1.21/compute/v2.1/servers/6a859176-53a2-4678-8669-39d57102fc78 0.738s
2025-11-22 09:04:32.682 66727 INFO tempest.lib.common.rest_client [req-664f2e6f-0f2a-4f4a-957c-0e7cd118271b req-664f2e6f-0f2a-4f4a-957c-0e7cd118271b ] Request (ServerActionsTestOtherA:setUpClass): 200 GET http://10.180.1.21/compute/v2.1/servers/47ef2216-f972-4c3e-9707-4968b824c37c 0.482s
2025-11-22 09:04:32.684 66719 INFO tempest.lib.common.rest_client [req-75bf3a38-149c-4c4c-b94a-5019b4ce262b req-75bf3a38-149c-4c4c-b94a-5019b4ce262b ] Request (ServerGroupTestJSON:_run_cleanups): 200 GET http://10.180.1.21/compute/v2.1/servers/bed4788b-8024-4a97-8612-45821dc862e7 0.502s
2025-11-22 09:04:32.694 66727 INFO tempest.common.waiters [-] State transition "BUILD/None" ==> "BUILD/networking" after 73 second wait
2025-11-22 09:04:32.796 66711 INFO tempest.lib.common.rest_client [req-50d54b4f-8e30-48a1-b9cf-a64e20390a97 req-50d54b4f-8e30-48a1-b9cf-a64e20390a97 ] Request (AttachInterfacesTestJSON:_run_cleanups): 204 DELETE http://10.180.1.21/compute/v2.1/servers/a121a65e-d11a-4c79-8076-c1e5358bb89d 0.523s
2025-11-22 09:04:32.855 66707 INFO tempest.lib.common.rest_client [req-23629887-6774-4bdb-9fda-69fa4cec8aca req-23629887-6774-4bdb-9fda-69fa4cec8aca ] Request (AttachVolumeNegativeTest:test_attach_attached_volume_to_different_server): 200 GET http://10.180.1.21/compute/v2.1/servers/89822c3d-768e-4516-917f-dc28a07098de 0.454s
2025-11-22 09:04:32.876 66713 INFO tempest.lib.common.rest_client [req-3ab273a9-7c47-4f5e-b9f9-6c8fec8bac63 req-3ab273a9-7c47-4f5e-b9f9-6c8fec8bac63 ] Request (ListImageFiltersTestJSON:setUpClass): 200 GET http://10.180.1.21/compute/v2.1/servers/ac685f5d-a007-4850-a678-8a585abc56b0 0.501s
2025-11-22 09:04:32.911 66743 INFO tempest.lib.common.rest_client [req-c1d243af-ed8a-405a-8c72-cee20564d4dc req-c1d243af-ed8a-405a-8c72-cee20564d4dc ] Request (MultipleCreateTestJSON:test_multiple_create_with_reservation_return): 200 GET http://10.180.1.21/compute/v2.1/servers/4170753a-2c5d-4981-84e2-3eaf1feabd6f 0.501s
2025-11-22 09:04:32.953 66731 INFO tempest.lib.common.rest_client [req-713b8028-e6b1-44b7-957e-0c5611c74458 req-713b8028-e6b1-44b7-957e-0c5611c74458 ] Request (FloatingIPsAssociationNegativeTestJSON:tearDownClass): 200 GET http://10.180.1.21/compute/v2.1/servers/3623e55c-da09-4ca2-b0be-902ec6707ff9 0.516s
2025-11-22 09:04:33.000 66718 INFO tempest.lib.common.rest_client [req-c7157466-9f2a-459d-ae6a-98deb90e81d2 req-c7157466-9f2a-459d-ae6a-98deb90e81d2 ] Request (ImagesTestJSON:test_create_server_from_snapshot): 200 GET http://10.180.1.21/compute/v2.1/servers/065200c9-ab8c-4a77-8b06-724bc8792962 0.534s
2025-11-22 09:04:33.125 66705 INFO tempest.lib.common.rest_client [req-72097a8c-3c95-43f0-b238-190efeb7a39d req-72097a8c-3c95-43f0-b238-190efeb7a39d ] Request (AttachVolumeShelveTestJSON:test_attach_volume_shelved_or_offload_server): 200 GET http://10.180.1.21/compute/v2.1/servers/70209a70-165e-4092-b4ac-879b6a6f29b5 0.587s
2025-11-22 09:04:33.153 66687 INFO tempest.lib.common.rest_client [req-b021f5d8-9a00-469e-8858-8a4fd1815450 req-b021f5d8-9a00-469e-8858-8a4fd1815450 ] Request (ListServerFiltersTestJSON:test_list_servers_filtered_by_ip_regex): 200 GET http://10.180.1.21/compute/v2.1/servers/cc94e223-52e5-4afa-9fe5-9d702b96ed86 0.677s
2025-11-22 09:04:33.255 66747 INFO tempest.lib.common.rest_client [req-eb379458-2c24-4c94-8d1d-807b5aa53513 req-eb379458-2c24-4c94-8d1d-807b5aa53513 ] Request (InstanceActionsV221TestJSON:test_get_list_deleted_instance_actions): 200 GET http://10.180.1.21/compute/v2.1/servers/9d589d1f-1202-4fff-92a7-2a4fe4a4f859 0.663s
2025-11-22 09:04:33.284 66734 INFO tempest.lib.common.rest_client [req-6d76c65e-c371-4e67-b4a5-418c10116713 req-6d76c65e-c371-4e67-b4a5-418c10116713 ] Request (MigrationsAdminTest:test_resize_server_revert_deleted_flavor): 200 GET http://10.180.1.21/compute/v2.1/servers/6a70db32-0f17-4e2c-83c7-1bd577c4645b 0.715s
2025-11-22 09:04:33.352 66737 INFO tempest.lib.common.rest_client [req-3e83193f-a5c3-466e-bef0-9285dbc22000 req-3e83193f-a5c3-466e-bef0-9285dbc22000 ] Request (FloatingIPsAssociationTestJSON:tearDownClass): 200 GET http://10.180.1.21/compute/v2.1/servers/5175b31f-4b06-4ba8-86ac-60966ad2d6a3 0.726s
2025-11-22 09:04:33.367 66735 INFO tempest.lib.common.rest_client [req-57a37860-ba24-40a1-8404-b9151250a3e2 req-57a37860-ba24-40a1-8404-b9151250a3e2 ] Request (DeleteServersTestJSON:test_delete_server_while_in_attached_volume): 200 GET http://10.180.1.21/compute/v2.1/servers/c11f4633-8e3a-4731-b36c-80593bd3223b 0.724s
2025-11-22 09:04:33.411 66703 INFO tempest.lib.common.rest_client [req-763ea503-1856-47db-b398-ec03c7fedc4a req-763ea503-1856-47db-b398-ec03c7fedc4a ] Request (ServerShowV254Test:test_rebuild_server): 200 GET http://10.180.1.21/compute/v2.1/servers/ad880724-3f46-44b1-8e5b-3e6292b04aed 0.704s
2025-11-22 09:04:33.488 66741 INFO tempest.lib.common.rest_client [req-97d1c0fa-3b76-4890-b079-ee385dbe9841 req-97d1c0fa-3b76-4890-b079-ee385dbe9841 ] Request (ServerActionsTestOtherB:test_create_backup): 200 GET http://10.180.1.21/image/v2/images/c7d579b0-3c8e-4c4d-ba58-f9b9d001e5b2 0.021s
2025-11-22 09:04:33.527 66709 INFO tempest.lib.common.rest_client [req-3ac7e79b-98ef-40cd-bc61-c4628d66a059 req-3ac7e79b-98ef-40cd-bc61-c4628d66a059 ] Request (ListServersNegativeTestJSON:setUpClass): 200 GET http://10.180.1.21/compute/v2.1/servers/2025c0aa-6096-46c6-93e0-869600505d61 0.639s
2025-11-22 09:04:33.538 66709 INFO tempest.common.waiters [-] State transition "ACTIVE/deleting" ==> "DELETED/None" after 4 second wait
2025-11-22 09:04:33.576 66711 INFO tempest.lib.common.rest_client [req-89ccb02a-53dd-4ed5-aae3-21bebe49578f req-89ccb02a-53dd-4ed5-aae3-21bebe49578f ] Request (AttachInterfacesTestJSON:_run_cleanups): 200 GET http://10.180.1.21/compute/v2.1/servers/a121a65e-d11a-4c79-8076-c1e5358bb89d 0.779s
2025-11-22 09:04:33.661 66685 INFO tempest.lib.common.rest_client [req-29a2aae1-d6ce-4c69-bed4-943253aee5d6 req-29a2aae1-d6ce-4c69-bed4-943253aee5d6 ] Request (ServersWithSpecificFlavorTestJSON:test_verify_created_server_ephemeral_disk): 200 GET http://10.180.1.21/compute/v2.1/servers/ac56cad6-c397-4945-8247-71c954f90f81 0.357s
2025-11-22 09:04:33.701 66687 INFO tempest.lib.common.rest_client [req-b5534e44-100b-475d-9fab-b0dfe15d9062 req-b5534e44-100b-475d-9fab-b0dfe15d9062 ] Request (ListServerFiltersTestJSON:test_list_servers_filtered_by_ip_regex): 200 GET http://10.180.1.21/compute/v2.1/servers/04bfa888-7aaa-4afd-a662-c040eae47739 0.540s
2025-11-22 09:04:33.754 66729 INFO tempest.lib.common.rest_client [req-f8389244-1c73-4276-a6c9-f51df8f7dc48 req-f8389244-1c73-4276-a6c9-f51df8f7dc48 ] Request (ServerDiagnosticsTest:test_get_server_diagnostics): 200 GET http://10.180.1.21/compute/v2.1/servers/84d43574-28e0-48e4-8517-c1f00fc5e3c1 0.269s
2025-11-22 09:04:33.829 66701 INFO tempest.lib.common.rest_client [req-0d0ca311-61f3-473e-945b-64eaa11fc258 req-0d0ca311-61f3-473e-945b-64eaa11fc258 ] Request (ServersTestMultiNic:test_verify_duplicate_network_nics): 200 GET http://10.180.1.21/compute/v2.1/servers/3a339820-12e6-4d84-ae0c-076f5df05d85 0.270s
2025-11-22 09:04:33.891 66723 INFO tempest.lib.common.rest_client [req-397feec4-5e7a-4498-94e5-233d5dba9b64 req-397feec4-5e7a-4498-94e5-233d5dba9b64 ] Request (ServersNegativeTestMultiTenantJSON:setUpClass): 200 GET http://10.180.1.21/compute/v2.1/servers/289a955b-3fa7-4ed9-a223-9959e63e8dfb 0.289s
2025-11-22 09:04:33.909 66689 INFO tempest.lib.common.rest_client [req-2c6eb030-3ccd-4d92-907f-f92795c5dc94 req-2c6eb030-3ccd-4d92-907f-f92795c5dc94 ] Request (ServersAdmin275Test:test_rebuild_update_server_275): 200 GET http://10.180.1.21/compute/v2.1/servers/6a859176-53a2-4678-8669-39d57102fc78 0.273s
2025-11-22 09:04:33.970 66719 INFO tempest.lib.common.rest_client [req-2261b71d-f671-4d2e-82de-b3fff42299bc req-2261b71d-f671-4d2e-82de-b3fff42299bc ] Request (ServerGroupTestJSON:_run_cleanups): 200 GET http://10.180.1.21/compute/v2.1/servers/bed4788b-8024-4a97-8612-45821dc862e7 0.277s
2025-11-22 09:04:34.114 66727 INFO tempest.lib.common.rest_client [req-0484f8a8-41c4-44c9-b73c-913ac06503e3 req-0484f8a8-41c4-44c9-b73c-913ac06503e3 ] Request (ServerActionsTestOtherA:setUpClass): 200 GET http://10.180.1.21/compute/v2.1/servers/47ef2216-f972-4c3e-9707-4968b824c37c 0.419s
2025-11-22 09:04:34.124 66727 INFO tempest.common.waiters [-] State transition "BUILD/networking" ==> "BUILD/spawning" after 75 second wait
2025-11-22 09:04:34.139 66687 INFO tempest.lib.common.rest_client [req-85051d0c-ab15-4b13-9b83-0bd766bb4600 req-85051d0c-ab15-4b13-9b83-0bd766bb4600 ] Request (ListServerFiltersTestJSON:test_list_servers_filtered_by_ip_regex): 200 GET http://10.180.1.21/compute/v2.1/servers/0aa855e6-fdd7-4867-851e-c3d710a1b2f6 0.417s
2025-11-22 09:04:34.173 66707 INFO tempest.lib.common.rest_client [req-2e51a5a3-0c3c-4983-9773-79d39ad1b127 req-2e51a5a3-0c3c-4983-9773-79d39ad1b127 ] Request (AttachVolumeNegativeTest:test_attach_attached_volume_to_different_server): 200 GET http://10.180.1.21/compute/v2.1/servers/89822c3d-768e-4516-917f-dc28a07098de 0.308s
2025-11-22 09:04:34.226 66743 INFO tempest.lib.common.rest_client [req-4b4d637d-b86b-4df7-a3af-d5da2fae1bae req-4b4d637d-b86b-4df7-a3af-d5da2fae1bae ] Request (MultipleCreateTestJSON:test_multiple_create_with_reservation_return): 200 GET http://10.180.1.21/compute/v2.1/servers/4170753a-2c5d-4981-84e2-3eaf1feabd6f 0.306s
2025-11-22 09:04:34.251 66713 INFO tempest.lib.common.rest_client [req-6b811270-aaf8-4aa7-a2d8-66ea1611dc7f req-6b811270-aaf8-4aa7-a2d8-66ea1611dc7f ] Request (ListImageFiltersTestJSON:setUpClass): 200 GET http://10.180.1.21/compute/v2.1/servers/ac685f5d-a007-4850-a678-8a585abc56b0 0.366s
2025-11-22 09:04:34.287 66731 INFO tempest.lib.common.rest_client [req-6dc12e11-aba1-4e90-9249-14aad7d2487f req-6dc12e11-aba1-4e90-9249-14aad7d2487f ] Request (FloatingIPsAssociationNegativeTestJSON:tearDownClass): 200 GET http://10.180.1.21/compute/v2.1/servers/3623e55c-da09-4ca2-b0be-902ec6707ff9 0.325s
2025-11-22 09:04:34.307 66718 INFO tempest.lib.common.rest_client [req-9b488093-9bfc-411c-8a6b-1158c4d433c1 req-9b488093-9bfc-411c-8a6b-1158c4d433c1 ] Request (ImagesTestJSON:test_create_server_from_snapshot): 200 GET http://10.180.1.21/compute/v2.1/servers/065200c9-ab8c-4a77-8b06-724bc8792962 0.297s
2025-11-22 09:04:34.343 66705 INFO tempest.lib.common.rest_client [req-cc519bce-fefb-4057-8d07-cdb00a7e191d req-cc519bce-fefb-4057-8d07-cdb00a7e191d ] Request (AttachVolumeShelveTestJSON:test_attach_volume_shelved_or_offload_server): 200 GET http://10.180.1.21/compute/v2.1/servers/70209a70-165e-4092-b4ac-879b6a6f29b5 0.208s
2025-11-22 09:04:34.396 66747 INFO tempest.lib.common.rest_client [req-aa24b56c-12c9-4a67-8b3b-07e491a401ad req-aa24b56c-12c9-4a67-8b3b-07e491a401ad ] Request (InstanceActionsV221TestJSON:test_get_list_deleted_instance_actions): 200 GET http://10.180.1.21/compute/v2.1/servers/9d589d1f-1202-4fff-92a7-2a4fe4a4f859 0.129s
2025-11-22 09:04:34.490 66687 INFO tempest.lib.common.rest_client [req-ba170d08-a9cb-4e72-a643-d6dd7e2bed23 req-ba170d08-a9cb-4e72-a643-d6dd7e2bed23 ] Request (ListServerFiltersTestJSON:test_list_servers_filtered_by_ip_regex): 200 GET http://10.180.1.21/compute/v2.1/servers/detail 0.341s
2025-11-22 09:04:34.513 66741 INFO tempest.lib.common.rest_client [req-c54d6f1f-556c-4f20-8386-14d93b8fd1a0 req-c54d6f1f-556c-4f20-8386-14d93b8fd1a0 ] Request (ServerActionsTestOtherB:test_create_backup): 200 GET http://10.180.1.21/image/v2/images/c7d579b0-3c8e-4c4d-ba58-f9b9d001e5b2 0.022s
2025-11-22 09:04:34.521 66734 INFO tempest.lib.common.rest_client [req-eabeef77-27a8-4444-b503-7b69d71f2310 req-eabeef77-27a8-4444-b503-7b69d71f2310 ] Request (MigrationsAdminTest:test_resize_server_revert_deleted_flavor): 200 GET http://10.180.1.21/compute/v2.1/servers/6a70db32-0f17-4e2c-83c7-1bd577c4645b 0.229s
2025-11-22 09:04:34.557 66737 INFO tempest.lib.common.rest_client [req-24a3d88d-d2d0-40d5-9659-d06789d3ce66 req-24a3d88d-d2d0-40d5-9659-d06789d3ce66 ] Request (FloatingIPsAssociationTestJSON:tearDownClass): 200 GET http://10.180.1.21/compute/v2.1/servers/5175b31f-4b06-4ba8-86ac-60966ad2d6a3 0.191s
2025-11-22 09:04:34.577 66735 INFO tempest.lib.common.rest_client [req-c7e1a2d2-566a-47cd-8f51-5efefddc3312 req-c7e1a2d2-566a-47cd-8f51-5efefddc3312 ] Request (DeleteServersTestJSON:test_delete_server_while_in_attached_volume): 200 GET http://10.180.1.21/compute/v2.1/servers/c11f4633-8e3a-4731-b36c-80593bd3223b 0.197s
2025-11-22 09:04:34.617 66703 INFO tempest.lib.common.rest_client [req-e1d115d3-e92d-4ce1-9e5f-b49c12aa00c0 req-e1d115d3-e92d-4ce1-9e5f-b49c12aa00c0 ] Request (ServerShowV254Test:test_rebuild_server): 200 GET http://10.180.1.21/compute/v2.1/servers/ad880724-3f46-44b1-8e5b-3e6292b04aed 0.195s
2025-11-22 09:04:34.701 66709 INFO tempest.lib.common.rest_client [req-6e44349c-2eea-4502-bb47-c7f87b7d8877 req-6e44349c-2eea-4502-bb47-c7f87b7d8877 ] Request (ListServersNegativeTestJSON:setUpClass): 200 GET http://10.180.1.21/compute/v2.1/servers/2025c0aa-6096-46c6-93e0-869600505d61 0.163s
2025-11-22 09:04:34.792 66687 INFO tempest.lib.common.rest_client [req-e4af9eba-6239-4230-ad73-a70532e7ce85 req-e4af9eba-6239-4230-ad73-a70532e7ce85 ] Request (ListServerFiltersTestJSON:test_list_servers_filtered_by_ip_regex): 200 GET http://10.180.1.21/compute/v2.1/servers?ip=192.168.128. 0.291s
2025-11-22 09:04:34.866 66711 INFO tempest.lib.common.rest_client [req-86d76c9c-e534-400f-b82d-36464d2fec70 req-86d76c9c-e534-400f-b82d-36464d2fec70 ] Request (AttachInterfacesTestJSON:_run_cleanups): 200 GET http://10.180.1.21/compute/v2.1/servers/a121a65e-d11a-4c79-8076-c1e5358bb89d 0.281s
2025-11-22 09:04:34.931 66729 INFO tempest.lib.common.rest_client [req-c3c2afb0-f05a-4c2e-a464-833d18324e28 req-c3c2afb0-f05a-4c2e-a464-833d18324e28 ] Request (ServerDiagnosticsTest:test_get_server_diagnostics): 200 GET http://10.180.1.21/compute/v2.1/servers/84d43574-28e0-48e4-8517-c1f00fc5e3c1 0.168s
2025-11-22 09:04:34.990 66687 INFO tempest.lib.common.rest_client [req-10babac1-abd3-4868-b6c3-031cb71a3a98 req-10babac1-abd3-4868-b6c3-031cb71a3a98 ] Request (ListServerFiltersTestJSON:test_list_servers_filtered_by_name_regex): 200 GET http://10.180.1.21/compute/v2.1/servers?name=%5E.%2A%5C-instance%5C-%5B0-9%5D%2B%24 0.194s
2025-11-22 09:04:35.056 66701 INFO tempest.lib.common.rest_client [req-318b87fa-ec36-4d3e-aea3-82fecb3e4500 req-318b87fa-ec36-4d3e-aea3-82fecb3e4500 ] Request (ServersTestMultiNic:test_verify_duplicate_network_nics): 200 GET http://10.180.1.21/compute/v2.1/servers/3a339820-12e6-4d84-ae0c-076f5df05d85 0.220s
2025-11-22 09:04:35.122 66723 INFO tempest.lib.common.rest_client [req-f513c674-6986-4133-bd98-d78adb2776c9 req-f513c674-6986-4133-bd98-d78adb2776c9 ] Request (ServersNegativeTestMultiTenantJSON:setUpClass): 200 GET http://10.180.1.21/compute/v2.1/servers/289a955b-3fa7-4ed9-a223-9959e63e8dfb 0.219s
2025-11-22 09:04:35.151 66685 INFO tempest.lib.common.rest_client [req-7c809c27-0a81-4c55-8793-87fe2ca02128 req-7c809c27-0a81-4c55-8793-87fe2ca02128 ] Request (ServersWithSpecificFlavorTestJSON:test_verify_created_server_ephemeral_disk): 200 GET http://10.180.1.21/compute/v2.1/servers/ac56cad6-c397-4945-8247-71c954f90f81 0.479s
2025-11-22 09:04:35.181 66689 INFO tempest.lib.common.rest_client [req-9a881720-90d5-4cb4-a479-d66156cb6f46 req-9a881720-90d5-4cb4-a479-d66156cb6f46 ] Request (ServersAdmin275Test:test_rebuild_update_server_275): 200 GET http://10.180.1.21/compute/v2.1/servers/6a859176-53a2-4678-8669-39d57102fc78 0.258s
2025-11-22 09:04:35.212 66719 INFO tempest.lib.common.rest_client [req-6491d65d-7451-42b8-aa57-8eeffcf8bbdb req-6491d65d-7451-42b8-aa57-8eeffcf8bbdb ] Request (ServerGroupTestJSON:_run_cleanups): 200 GET http://10.180.1.21/compute/v2.1/servers/bed4788b-8024-4a97-8612-45821dc862e7 0.233s
2025-11-22 09:04:35.231 66687 INFO tempest.lib.common.rest_client [req-44388838-9dbc-4756-86fb-0009a3e84a1b req-44388838-9dbc-4756-86fb-0009a3e84a1b ] Request (ListServerFiltersTestJSON:test_list_servers_filtered_by_name_regex): 200 GET http://10.180.1.21/compute/v2.1/servers?name=%5E.%2A%5C-instance%5C-.%2A%24 0.238s
2025-11-22 09:04:35.296 66707 INFO tempest.lib.common.rest_client [req-60a19ce4-1b99-45b3-9c60-9a4982edfc8e req-60a19ce4-1b99-45b3-9c60-9a4982edfc8e ] Request (AttachVolumeNegativeTest:test_attach_attached_volume_to_different_server): 200 GET http://10.180.1.21/compute/v2.1/servers/89822c3d-768e-4516-917f-dc28a07098de 0.113s
2025-11-22 09:04:35.328 66727 INFO tempest.lib.common.rest_client [req-1b17f8da-180e-439c-ab31-4053c8bb881d req-1b17f8da-180e-439c-ab31-4053c8bb881d ] Request (ServerActionsTestOtherA:setUpClass): 200 GET http://10.180.1.21/compute/v2.1/servers/47ef2216-f972-4c3e-9707-4968b824c37c 0.201s
2025-11-22 09:04:35.345 66687 INFO tempest.lib.common.rest_client [req-315f2d03-0625-438f-98b1-256a044f0b52 req-315f2d03-0625-438f-98b1-256a044f0b52 ] Request (ListServerFiltersTestJSON:test_list_servers_filtered_by_name_regex): 200 GET http://10.180.1.21/compute/v2.1/servers?name=1130534279 0.111s
2025-11-22 09:04:35.386 66743 INFO tempest.lib.common.rest_client [req-c83ec875-71c4-4806-925b-1f77c9534341 req-c83ec875-71c4-4806-925b-1f77c9534341 ] Request (MultipleCreateTestJSON:test_multiple_create_with_reservation_return): 200 GET http://10.180.1.21/compute/v2.1/servers/4170753a-2c5d-4981-84e2-3eaf1feabd6f 0.151s
2025-11-22 09:04:35.487 66731 INFO tempest.lib.common.rest_client [req-113a24c3-b252-4423-b639-1b366033068d req-113a24c3-b252-4423-b639-1b366033068d ] Request (FloatingIPsAssociationNegativeTestJSON:tearDownClass): 200 GET http://10.180.1.21/compute/v2.1/servers/3623e55c-da09-4ca2-b0be-902ec6707ff9 0.189s
2025-11-22 09:04:35.519 66713 INFO tempest.lib.common.rest_client [req-b9b1e96f-fdd5-4998-83db-a9a54233bc3a req-b9b1e96f-fdd5-4998-83db-a9a54233bc3a ] Request (ListImageFiltersTestJSON:setUpClass): 200 GET http://10.180.1.21/compute/v2.1/servers/ac685f5d-a007-4850-a678-8a585abc56b0 0.260s
2025-11-22 09:04:35.541 66741 INFO tempest.lib.common.rest_client [req-17a10cbb-441f-4c80-8706-81435bcf52b6 req-17a10cbb-441f-4c80-8706-81435bcf52b6 ] Request (ServerActionsTestOtherB:test_create_backup): 200 GET http://10.180.1.21/image/v2/images/c7d579b0-3c8e-4c4d-ba58-f9b9d001e5b2 0.026s
2025-11-22 09:04:35.566 66718 INFO tempest.lib.common.rest_client [req-5cb31c46-47ef-4ae8-84d9-cc39acf50b73 req-5cb31c46-47ef-4ae8-84d9-cc39acf50b73 ] Request (ImagesTestJSON:test_create_server_from_snapshot): 200 GET http://10.180.1.21/compute/v2.1/servers/065200c9-ab8c-4a77-8b06-724bc8792962 0.251s
2025-11-22 09:04:35.577 66687 INFO tempest.lib.common.rest_client [req-3723341e-0962-44d7-8dbe-bb18d197e021 req-3723341e-0962-44d7-8dbe-bb18d197e021 ] Request (ListServerFiltersTestJSON:test_list_servers_filtered_by_name_wildcard): 200 GET http://10.180.1.21/compute/v2.1/servers?name=-instance 0.229s
2025-11-22 09:04:35.640 66705 INFO tempest.lib.common.rest_client [req-317612d5-2758-489d-9e1e-1663965b5fc4 req-317612d5-2758-489d-9e1e-1663965b5fc4 ] Request (AttachVolumeShelveTestJSON:test_attach_volume_shelved_or_offload_server): 200 GET http://10.180.1.21/compute/v2.1/servers/70209a70-165e-4092-b4ac-879b6a6f29b5 0.289s
2025-11-22 09:04:35.688 66747 INFO tempest.lib.common.rest_client [req-a8dfb331-52a1-435b-ae5a-837c534a5b03 req-a8dfb331-52a1-435b-ae5a-837c534a5b03 ] Request (InstanceActionsV221TestJSON:test_get_list_deleted_instance_actions): 200 GET http://10.180.1.21/compute/v2.1/servers/9d589d1f-1202-4fff-92a7-2a4fe4a4f859 0.282s
2025-11-22 09:04:35.803 66737 INFO tempest.lib.common.rest_client [req-1577c7d3-0776-4201-93c6-91c4ac3b2e63 req-1577c7d3-0776-4201-93c6-91c4ac3b2e63 ] Request (FloatingIPsAssociationTestJSON:tearDownClass): 200 GET http://10.180.1.21/compute/v2.1/servers/5175b31f-4b06-4ba8-86ac-60966ad2d6a3 0.234s
2025-11-22 09:04:35.826 66734 INFO tempest.lib.common.rest_client [req-c467bcc1-0bea-4d88-a357-ce18cb17c0d2 req-c467bcc1-0bea-4d88-a357-ce18cb17c0d2 ] Request (MigrationsAdminTest:test_resize_server_revert_deleted_flavor): 200 GET http://10.180.1.21/compute/v2.1/servers/6a70db32-0f17-4e2c-83c7-1bd577c4645b 0.298s
2025-11-22 09:04:35.862 66687 INFO tempest.lib.common.rest_client [req-1d563014-bb4b-4cca-84b9-0b2566c982de req-1d563014-bb4b-4cca-84b9-0b2566c982de ] Request (ListServerFiltersTestJSON:test_list_servers_filtered_by_name_wildcard): 200 GET http://10.180.1.21/compute/v2.1/servers?name=t-ListServerFiltersTestJSON-instance-113053427 0.282s
2025-11-22 09:04:35.900 66735 INFO tempest.lib.common.rest_client [req-9cf90df8-9ed5-4f5d-b951-de9aec7f65bf req-9cf90df8-9ed5-4f5d-b951-de9aec7f65bf ] Request (DeleteServersTestJSON:test_delete_server_while_in_attached_volume): 200 GET http://10.180.1.21/compute/v2.1/servers/c11f4633-8e3a-4731-b36c-80593bd3223b 0.309s
2025-11-22 09:04:35.908 66735 INFO tempest.common.waiters [-] State transition "BUILD/None" ==> "BUILD/networking" after 74 second wait
2025-11-22 09:04:35.943 66703 INFO tempest.lib.common.rest_client [req-7f33526b-5e32-4127-b8b0-5e361193baf2 req-7f33526b-5e32-4127-b8b0-5e361193baf2 ] Request (ServerShowV254Test:test_rebuild_server): 200 GET http://10.180.1.21/compute/v2.1/servers/ad880724-3f46-44b1-8e5b-3e6292b04aed 0.313s
2025-11-22 09:04:35.993 66709 INFO tempest.lib.common.rest_client [req-af3b3716-1118-4657-844c-a07ee4ddab63 req-af3b3716-1118-4657-844c-a07ee4ddab63 ] Request (ListServersNegativeTestJSON:setUpClass): 200 GET http://10.180.1.21/compute/v2.1/servers/2025c0aa-6096-46c6-93e0-869600505d61 0.281s
2025-11-22 09:04:36.004 66745 WARNING tempest.lib.common.ssh [-] Failed to establish authenticated ssh connection to cirros@10.180.180.200 ([Errno None] Unable to connect to port 22 on 10.180.180.200). Number attempts: 4. Retry after 5 seconds.: paramiko.ssh_exception.NoValidConnectionsError: [Errno None] Unable to connect to port 22 on 10.180.180.200
2025-11-22 09:04:36.033 66687 INFO tempest.lib.common.rest_client [req-3b341e50-b6dc-4f3e-8143-62b7b296dd1b req-3b341e50-b6dc-4f3e-8143-62b7b296dd1b ] Request (ListServerFiltersTestJSON:tearDownClass): 204 DELETE http://10.180.1.21/compute/v2.1/servers/0aa855e6-fdd7-4867-851e-c3d710a1b2f6 0.165s
2025-11-22 09:04:36.104 66711 INFO tempest.lib.common.rest_client [req-569543b0-b29d-4c99-aaf1-4cf3d6de8fea req-569543b0-b29d-4c99-aaf1-4cf3d6de8fea ] Request (AttachInterfacesTestJSON:_run_cleanups): 200 GET http://10.180.1.21/compute/v2.1/servers/a121a65e-d11a-4c79-8076-c1e5358bb89d 0.228s
2025-11-22 09:04:36.119 66729 INFO tempest.lib.common.rest_client [req-c7d65207-7285-41f1-bc19-effa7c4bdfc3 req-c7d65207-7285-41f1-bc19-effa7c4bdfc3 ] Request (ServerDiagnosticsTest:test_get_server_diagnostics): 200 GET http://10.180.1.21/compute/v2.1/servers/84d43574-28e0-48e4-8517-c1f00fc5e3c1 0.179s
2025-11-22 09:04:36.133 66699 WARNING tempest.lib.common.ssh [-] Failed to establish authenticated ssh connection to cirros@10.180.180.246 ([Errno None] Unable to connect to port 22 on 10.180.180.246). Number attempts: 10. Retry after 11 seconds.: paramiko.ssh_exception.NoValidConnectionsError: [Errno None] Unable to connect to port 22 on 10.180.180.246
2025-11-22 09:04:36.261 66701 INFO tempest.lib.common.rest_client [req-3a0801de-7fa5-49b4-91a0-d51a8b8216b5 req-3a0801de-7fa5-49b4-91a0-d51a8b8216b5 ] Request (ServersTestMultiNic:test_verify_duplicate_network_nics): 200 GET http://10.180.1.21/compute/v2.1/servers/3a339820-12e6-4d84-ae0c-076f5df05d85 0.196s
2025-11-22 09:04:36.286 66687 INFO tempest.lib.common.rest_client [req-f34e61b1-00ce-463b-8f62-e3b0b11d2838 req-f34e61b1-00ce-463b-8f62-e3b0b11d2838 ] Request (ListServerFiltersTestJSON:tearDownClass): 200 GET http://10.180.1.21/compute/v2.1/servers/0aa855e6-fdd7-4867-851e-c3d710a1b2f6 0.253s
2025-11-22 09:04:36.328 66723 INFO tempest.lib.common.rest_client [req-aa915f2c-9d61-4433-8958-8c53e2aef13f req-aa915f2c-9d61-4433-8958-8c53e2aef13f ] Request (ServersNegativeTestMultiTenantJSON:setUpClass): 200 GET http://10.180.1.21/compute/v2.1/servers/289a955b-3fa7-4ed9-a223-9959e63e8dfb 0.196s
2025-11-22 09:04:36.352 66685 INFO tempest.lib.common.rest_client [req-1fdd564d-955b-4d62-bffd-5ef37c053de2 req-1fdd564d-955b-4d62-bffd-5ef37c053de2 ] Request (ServersWithSpecificFlavorTestJSON:test_verify_created_server_ephemeral_disk): 200 GET http://10.180.1.21/compute/v2.1/servers/ac56cad6-c397-4945-8247-71c954f90f81 0.193s
2025-11-22 09:04:36.390 66689 INFO tempest.lib.common.rest_client [req-eb83848f-124f-45d6-b6df-e54540706013 req-eb83848f-124f-45d6-b6df-e54540706013 ] Request (ServersAdmin275Test:test_rebuild_update_server_275): 200 GET http://10.180.1.21/compute/v2.1/servers/6a859176-53a2-4678-8669-39d57102fc78 0.197s
2025-11-22 09:04:36.418 66719 INFO tempest.lib.common.rest_client [req-76012e7c-5ffa-49c0-8544-a0762ddae50e req-76012e7c-5ffa-49c0-8544-a0762ddae50e ] Request (ServerGroupTestJSON:_run_cleanups): 200 GET http://10.180.1.21/compute/v2.1/servers/bed4788b-8024-4a97-8612-45821dc862e7 0.199s
2025-11-22 09:04:36.443 66707 INFO tempest.lib.common.rest_client [req-14f430e4-6942-4573-90f2-38645b4bb33a req-14f430e4-6942-4573-90f2-38645b4bb33a ] Request (AttachVolumeNegativeTest:test_attach_attached_volume_to_different_server): 200 GET http://10.180.1.21/compute/v2.1/servers/89822c3d-768e-4516-917f-dc28a07098de 0.138s
2025-11-22 09:04:36.516 66743 INFO tempest.lib.common.rest_client [req-92af0f7a-ff49-4533-bb22-ab2ce3ee4a17 req-92af0f7a-ff49-4533-bb22-ab2ce3ee4a17 ] Request (MultipleCreateTestJSON:test_multiple_create_with_reservation_return): 200 GET http://10.180.1.21/compute/v2.1/servers/4170753a-2c5d-4981-84e2-3eaf1feabd6f 0.122s
2025-11-22 09:04:36.554 66727 INFO tempest.lib.common.rest_client [req-16a42fff-1453-449c-a68a-3caf32c5b7e3 req-16a42fff-1453-449c-a68a-3caf32c5b7e3 ] Request (ServerActionsTestOtherA:setUpClass): 200 GET http://10.180.1.21/compute/v2.1/servers/47ef2216-f972-4c3e-9707-4968b824c37c 0.217s
2025-11-22 09:04:36.565 66741 INFO tempest.lib.common.rest_client [req-92b032a7-8b73-4e9e-bb94-1cef596fbc60 req-92b032a7-8b73-4e9e-bb94-1cef596fbc60 ] Request (ServerActionsTestOtherB:test_create_backup): 200 GET http://10.180.1.21/image/v2/images/c7d579b0-3c8e-4c4d-ba58-f9b9d001e5b2 0.023s
2025-11-22 09:04:36.593 66731 INFO tempest.lib.common.rest_client [req-05b8ca07-26c3-4918-b803-4029720f75e4 req-05b8ca07-26c3-4918-b803-4029720f75e4 ] Request (FloatingIPsAssociationNegativeTestJSON:tearDownClass): 200 GET http://10.180.1.21/compute/v2.1/servers/3623e55c-da09-4ca2-b0be-902ec6707ff9 0.093s
2025-11-22 09:04:36.667 66718 INFO tempest.lib.common.rest_client [req-1d2cca38-4963-4c11-be81-8d7862cb7d24 req-1d2cca38-4963-4c11-be81-8d7862cb7d24 ] Request (ImagesTestJSON:test_create_server_from_snapshot): 200 GET http://10.180.1.21/compute/v2.1/servers/065200c9-ab8c-4a77-8b06-724bc8792962 0.086s
2025-11-22 09:04:36.701 66713 INFO tempest.lib.common.rest_client [req-ae00cf2b-13e0-4447-b460-631f90ca6105 req-ae00cf2b-13e0-4447-b460-631f90ca6105 ] Request (ListImageFiltersTestJSON:setUpClass): 200 GET http://10.180.1.21/compute/v2.1/servers/ac685f5d-a007-4850-a678-8a585abc56b0 0.171s
2025-11-22 09:04:36.732 66705 INFO tempest.lib.common.rest_client [req-0cd0da38-f605-472a-9d48-00f10300d3e1 req-0cd0da38-f605-472a-9d48-00f10300d3e1 ] Request (AttachVolumeShelveTestJSON:test_attach_volume_shelved_or_offload_server): 200 GET http://10.180.1.21/compute/v2.1/servers/70209a70-165e-4092-b4ac-879b6a6f29b5 0.078s
2025-11-22 09:04:36.756 66747 INFO tempest.lib.common.rest_client [req-86ba4ff8-b28c-4a94-a3ae-23ea75370f26 req-86ba4ff8-b28c-4a94-a3ae-23ea75370f26 ] Request (InstanceActionsV221TestJSON:test_get_list_deleted_instance_actions): 200 GET http://10.180.1.21/compute/v2.1/servers/9d589d1f-1202-4fff-92a7-2a4fe4a4f859 0.056s
2025-11-22 09:04:36.877 66737 INFO tempest.lib.common.rest_client [req-829336af-ece6-4bae-bd04-fc9590084331 req-829336af-ece6-4bae-bd04-fc9590084331 ] Request (FloatingIPsAssociationTestJSON:tearDownClass): 200 GET http://10.180.1.21/compute/v2.1/servers/5175b31f-4b06-4ba8-86ac-60966ad2d6a3 0.063s
2025-11-22 09:04:36.960 66734 INFO tempest.lib.common.rest_client [req-b82f6be2-0d62-487d-93bf-3cd3beb1e34b req-b82f6be2-0d62-487d-93bf-3cd3beb1e34b ] Request (MigrationsAdminTest:test_resize_server_revert_deleted_flavor): 200 GET http://10.180.1.21/compute/v2.1/servers/6a70db32-0f17-4e2c-83c7-1bd577c4645b 0.125s
2025-11-22 09:04:37.048 66703 INFO tempest.lib.common.rest_client [req-d93ce759-0582-4c3b-be67-86f269a5b9d5 req-d93ce759-0582-4c3b-be67-86f269a5b9d5 ] Request (ServerShowV254Test:test_rebuild_server): 200 GET http://10.180.1.21/compute/v2.1/servers/ad880724-3f46-44b1-8e5b-3e6292b04aed 0.095s
2025-11-22 09:04:37.077 66735 INFO tempest.lib.common.rest_client [req-8a887ea6-e486-4af2-bdcd-412dbc68b6c0 req-8a887ea6-e486-4af2-bdcd-412dbc68b6c0 ] Request (DeleteServersTestJSON:test_delete_server_while_in_attached_volume): 200 GET http://10.180.1.21/compute/v2.1/servers/c11f4633-8e3a-4731-b36c-80593bd3223b 0.168s
2025-11-22 09:04:37.088 66735 INFO tempest.common.waiters [-] State transition "BUILD/networking" ==> "BUILD/spawning" after 76 second wait
2025-11-22 09:04:37.129 66709 INFO tempest.lib.common.rest_client [req-4d6e17c0-1df8-4730-8afd-d40b3fca01bb req-4d6e17c0-1df8-4730-8afd-d40b3fca01bb ] Request (ListServersNegativeTestJSON:setUpClass): 200 GET http://10.180.1.21/compute/v2.1/servers/2025c0aa-6096-46c6-93e0-869600505d61 0.127s
2025-11-22 09:04:37.186 66711 INFO tempest.lib.common.rest_client [req-fe3d5b22-ba03-4fd3-ab5c-33a376596476 req-fe3d5b22-ba03-4fd3-ab5c-33a376596476 ] Request (AttachInterfacesTestJSON:_run_cleanups): 200 GET http://10.180.1.21/compute/v2.1/servers/a121a65e-d11a-4c79-8076-c1e5358bb89d 0.068s
2025-11-22 09:04:37.193 66711 INFO tempest.common.waiters [-] State transition "ACTIVE/deleting" ==> "DELETED/None" after 4 second wait
2025-11-22 09:04:37.201 66729 INFO tempest.lib.common.rest_client [req-2413fdba-aed7-49c7-86b6-f41a3c4d8fe7 req-2413fdba-aed7-49c7-86b6-f41a3c4d8fe7 ] Request (ServerDiagnosticsTest:test_get_server_diagnostics): 200 GET http://10.180.1.21/compute/v2.1/servers/84d43574-28e0-48e4-8517-c1f00fc5e3c1 0.068s
2025-11-22 09:04:37.355 66701 INFO tempest.lib.common.rest_client [req-1cc0ca64-1570-4fd5-a51b-f5b214a5a63b req-1cc0ca64-1570-4fd5-a51b-f5b214a5a63b ] Request (ServersTestMultiNic:test_verify_duplicate_network_nics): 200 GET http://10.180.1.21/compute/v2.1/servers/3a339820-12e6-4d84-ae0c-076f5df05d85 0.084s
2025-11-22 09:04:37.447 66687 INFO tempest.lib.common.rest_client [req-5c64f8b8-f47d-4711-b3d1-5fa01b22d352 req-5c64f8b8-f47d-4711-b3d1-5fa01b22d352 ] Request (ListServerFiltersTestJSON:tearDownClass): 200 GET http://10.180.1.21/compute/v2.1/servers/0aa855e6-fdd7-4867-851e-c3d710a1b2f6 0.149s
2025-11-22 09:04:37.462 66723 INFO tempest.lib.common.rest_client [req-d751fb4e-9264-4607-9dc3-4667becba4de req-d751fb4e-9264-4607-9dc3-4667becba4de ] Request (ServersNegativeTestMultiTenantJSON:setUpClass): 200 GET http://10.180.1.21/compute/v2.1/servers/289a955b-3fa7-4ed9-a223-9959e63e8dfb 0.125s
2025-11-22 09:04:37.526 66685 INFO tempest.lib.common.rest_client [req-e3ee0ed8-f406-433f-a949-ad2df6ab5e0a req-e3ee0ed8-f406-433f-a949-ad2df6ab5e0a ] Request (ServersWithSpecificFlavorTestJSON:test_verify_created_server_ephemeral_disk): 200 GET http://10.180.1.21/compute/v2.1/servers/ac56cad6-c397-4945-8247-71c954f90f81 0.166s
2025-11-22 09:04:37.547 66689 INFO tempest.lib.common.rest_client [req-37d66ad7-902b-47fd-a740-16343959a504 req-37d66ad7-902b-47fd-a740-16343959a504 ] Request (ServersAdmin275Test:test_rebuild_update_server_275): 200 GET http://10.180.1.21/compute/v2.1/servers/6a859176-53a2-4678-8669-39d57102fc78 0.147s
2025-11-22 09:04:37.581 66741 INFO tempest.lib.common.rest_client [req-93568b07-aa0e-4ca3-8dc5-a3c70c716807 req-93568b07-aa0e-4ca3-8dc5-a3c70c716807 ] Request (ServerActionsTestOtherB:test_create_backup): 200 GET http://10.180.1.21/image/v2/images/c7d579b0-3c8e-4c4d-ba58-f9b9d001e5b2 0.015s
2025-11-22 09:04:37.636 66719 INFO tempest.lib.common.rest_client [req-0284bfe7-ddfa-4bd6-a134-0306cec79f4b req-0284bfe7-ddfa-4bd6-a134-0306cec79f4b ] Request (ServerGroupTestJSON:_run_cleanups): 200 GET http://10.180.1.21/compute/v2.1/servers/bed4788b-8024-4a97-8612-45821dc862e7 0.209s
2025-11-22 09:04:37.658 66707 INFO tempest.lib.common.rest_client [req-1ee69ee9-d762-4a84-a18d-d58cbe8e343f req-1ee69ee9-d762-4a84-a18d-d58cbe8e343f ] Request (AttachVolumeNegativeTest:test_attach_attached_volume_to_different_server): 200 GET http://10.180.1.21/compute/v2.1/servers/89822c3d-768e-4516-917f-dc28a07098de 0.206s
2025-11-22 09:04:37.668 66691 WARNING tempest.lib.common.ssh [-] Failed to establish authenticated ssh connection to cirros@10.180.180.153 ([Errno None] Unable to connect to port 22 on 10.180.180.153). Number attempts: 4. Retry after 5 seconds.: paramiko.ssh_exception.NoValidConnectionsError: [Errno None] Unable to connect to port 22 on 10.180.180.153
2025-11-22 09:04:37.729 66743 INFO tempest.lib.common.rest_client [req-9db46760-0032-40c4-ab77-a8071e47791b req-9db46760-0032-40c4-ab77-a8071e47791b ] Request (MultipleCreateTestJSON:test_multiple_create_with_reservation_return): 200 GET http://10.180.1.21/compute/v2.1/servers/4170753a-2c5d-4981-84e2-3eaf1feabd6f 0.204s
2025-11-22 09:04:37.793 66731 INFO tempest.lib.common.rest_client [req-c5c0eb7b-0d67-42a0-b10e-85a9c11d9001 req-c5c0eb7b-0d67-42a0-b10e-85a9c11d9001 ] Request (FloatingIPsAssociationNegativeTestJSON:tearDownClass): 200 GET http://10.180.1.21/compute/v2.1/servers/3623e55c-da09-4ca2-b0be-902ec6707ff9 0.191s
2025-11-22 09:04:37.797 66727 INFO tempest.lib.common.rest_client [req-6c0615e9-7174-48d2-80bc-fa36752d1f6f req-6c0615e9-7174-48d2-80bc-fa36752d1f6f ] Request (ServerActionsTestOtherA:setUpClass): 200 GET http://10.180.1.21/compute/v2.1/servers/47ef2216-f972-4c3e-9707-4968b824c37c 0.234s
2025-11-22 09:04:37.846 66718 INFO tempest.lib.common.rest_client [req-27f2f430-4806-4367-93e6-eb3c7ddf20c5 req-27f2f430-4806-4367-93e6-eb3c7ddf20c5 ] Request (ImagesTestJSON:test_create_server_from_snapshot): 200 GET http://10.180.1.21/compute/v2.1/servers/065200c9-ab8c-4a77-8b06-724bc8792962 0.168s
2025-11-22 09:04:37.905 66705 INFO tempest.lib.common.rest_client [req-462f639e-34db-4e40-9c3f-485d60b04e2c req-462f639e-34db-4e40-9c3f-485d60b04e2c ] Request (AttachVolumeShelveTestJSON:test_attach_volume_shelved_or_offload_server): 200 GET http://10.180.1.21/compute/v2.1/servers/70209a70-165e-4092-b4ac-879b6a6f29b5 0.164s
2025-11-22 09:04:37.932 66713 INFO tempest.lib.common.rest_client [req-07a8d839-7d47-4bd8-bb49-c5a2814e05b2 req-07a8d839-7d47-4bd8-bb49-c5a2814e05b2 ] Request (ListImageFiltersTestJSON:setUpClass): 200 GET http://10.180.1.21/compute/v2.1/servers/ac685f5d-a007-4850-a678-8a585abc56b0 0.219s
2025-11-22 09:04:37.941 66713 INFO tempest.common.waiters [-] State transition "BUILD/spawning" ==> "ACTIVE/None" after 85 second wait
2025-11-22 09:04:37.960 66747 INFO tempest.lib.common.rest_client [req-ca849f50-093f-4192-aefc-8682dc9dc800 req-ca849f50-093f-4192-aefc-8682dc9dc800 ] Request (InstanceActionsV221TestJSON:test_get_list_deleted_instance_actions): 200 GET http://10.180.1.21/compute/v2.1/servers/9d589d1f-1202-4fff-92a7-2a4fe4a4f859 0.195s
2025-11-22 09:04:37.997 66737 INFO tempest.lib.common.rest_client [req-36b642dc-78cb-429e-a91a-4f70be3f15cb req-36b642dc-78cb-429e-a91a-4f70be3f15cb ] Request (FloatingIPsAssociationTestJSON:tearDownClass): 200 GET http://10.180.1.21/compute/v2.1/servers/5175b31f-4b06-4ba8-86ac-60966ad2d6a3 0.112s
2025-11-22 09:04:38.065 66713 INFO tempest.lib.common.rest_client [req-dcfcd411-5cf7-4d77-9a70-38fabaa6035b req-dcfcd411-5cf7-4d77-9a70-38fabaa6035b ] Request (ListImageFiltersTestJSON:setUpClass): 200 GET http://10.180.1.21/compute/v2.1/servers/2201a5b6-f0ac-44f2-af9e-b31c45ae41aa 0.123s
2025-11-22 09:04:38.094 66734 INFO tempest.lib.common.rest_client [req-31357c48-0acf-4072-9646-feb42ddc9d02 req-31357c48-0acf-4072-9646-feb42ddc9d02 ] Request (MigrationsAdminTest:test_resize_server_revert_deleted_flavor): 200 GET http://10.180.1.21/compute/v2.1/servers/6a70db32-0f17-4e2c-83c7-1bd577c4645b 0.124s
2025-11-22 09:04:38.119 66703 INFO tempest.lib.common.rest_client [req-c1bbc3a0-2fbd-4af5-9c06-fd62a97b5d5e req-c1bbc3a0-2fbd-4af5-9c06-fd62a97b5d5e ] Request (ServerShowV254Test:test_rebuild_server): 200 GET http://10.180.1.21/compute/v2.1/servers/ad880724-3f46-44b1-8e5b-3e6292b04aed 0.060s
2025-11-22 09:04:38.218 66735 INFO tempest.lib.common.rest_client [req-3c29b923-e92c-429d-9ead-c4de2495d434 req-3c29b923-e92c-429d-9ead-c4de2495d434 ] Request (DeleteServersTestJSON:test_delete_server_while_in_attached_volume): 200 GET http://10.180.1.21/compute/v2.1/servers/c11f4633-8e3a-4731-b36c-80593bd3223b 0.129s
2025-11-22 09:04:38.299 66709 INFO tempest.lib.common.rest_client [req-900e7b22-87a0-454a-9b8d-c4060801d329 req-900e7b22-87a0-454a-9b8d-c4060801d329 ] Request (ListServersNegativeTestJSON:setUpClass): 200 GET http://10.180.1.21/compute/v2.1/servers/2025c0aa-6096-46c6-93e0-869600505d61 0.158s
2025-11-22 09:04:38.359 66711 INFO tempest.lib.common.rest_client [req-b2c79408-57da-4cdc-bd90-1288bae1fe56 req-b2c79408-57da-4cdc-bd90-1288bae1fe56 ] Request (AttachInterfacesTestJSON:_run_cleanups): 200 GET http://10.180.1.21/compute/v2.1/servers/a121a65e-d11a-4c79-8076-c1e5358bb89d 0.164s
2025-11-22 09:04:38.438 66729 INFO tempest.lib.common.rest_client [req-28dfdaf2-77a2-471e-9a09-8423adc3fdcd req-28dfdaf2-77a2-471e-9a09-8423adc3fdcd ] Request (ServerDiagnosticsTest:test_get_server_diagnostics): 200 GET http://10.180.1.21/compute/v2.1/servers/84d43574-28e0-48e4-8517-c1f00fc5e3c1 0.227s
2025-11-22 09:04:38.484 66701 INFO tempest.lib.common.rest_client [req-3893d0c9-7714-4a90-ac5d-f8d866a181f1 req-3893d0c9-7714-4a90-ac5d-f8d866a181f1 ] Request (ServersTestMultiNic:test_verify_duplicate_network_nics): 200 GET http://10.180.1.21/compute/v2.1/servers/3a339820-12e6-4d84-ae0c-076f5df05d85 0.121s
2025-11-22 09:04:38.554 66687 INFO tempest.lib.common.rest_client [req-40692851-a2e8-4c42-97ac-420a9a848014 req-40692851-a2e8-4c42-97ac-420a9a848014 ] Request (ListServerFiltersTestJSON:tearDownClass): 200 GET http://10.180.1.21/compute/v2.1/servers/0aa855e6-fdd7-4867-851e-c3d710a1b2f6 0.095s
2025-11-22 09:04:38.601 66741 INFO tempest.lib.common.rest_client [req-31368de4-2325-470c-964a-3c93ae6287d4 req-31368de4-2325-470c-964a-3c93ae6287d4 ] Request (ServerActionsTestOtherB:test_create_backup): 200 GET http://10.180.1.21/image/v2/images/c7d579b0-3c8e-4c4d-ba58-f9b9d001e5b2 0.018s
2025-11-22 09:04:38.612 66723 INFO tempest.lib.common.rest_client [req-34491a76-0496-4155-b041-e8654f2a4b3f req-34491a76-0496-4155-b041-e8654f2a4b3f ] Request (ServersNegativeTestMultiTenantJSON:setUpClass): 200 GET http://10.180.1.21/compute/v2.1/servers/289a955b-3fa7-4ed9-a223-9959e63e8dfb 0.137s
2025-11-22 09:04:38.622 66713 INFO tempest.lib.common.rest_client [req-116b5ae5-2a7c-4b05-a8cf-cccd93ba6fb4 req-116b5ae5-2a7c-4b05-a8cf-cccd93ba6fb4 ] Request (ListImageFiltersTestJSON:setUpClass): 202 POST http://10.180.1.21/compute/v2.1/servers/2201a5b6-f0ac-44f2-af9e-b31c45ae41aa/action 0.550s
2025-11-22 09:04:38.682 66685 INFO tempest.lib.common.rest_client [req-3516109c-439c-4231-84f7-28b8406b75b1 req-3516109c-439c-4231-84f7-28b8406b75b1 ] Request (ServersWithSpecificFlavorTestJSON:test_verify_created_server_ephemeral_disk): 200 GET http://10.180.1.21/compute/v2.1/servers/ac56cad6-c397-4945-8247-71c954f90f81 0.145s
2025-11-22 09:04:38.690 66685 INFO tempest.common.waiters [-] State transition "BUILD/None" ==> "BUILD/networking" after 72 second wait
2025-11-22 09:04:38.703 66689 INFO tempest.lib.common.rest_client [req-3bee962e-2cc9-458e-bfbb-faac7acb0e16 req-3bee962e-2cc9-458e-bfbb-faac7acb0e16 ] Request (ServersAdmin275Test:test_rebuild_update_server_275): 200 GET http://10.180.1.21/compute/v2.1/servers/6a859176-53a2-4678-8669-39d57102fc78 0.142s
2025-11-22 09:04:38.721 66713 INFO tempest.lib.common.rest_client [req-4189f696-ea6d-495c-bd2f-9e3a34d8a9f0 req-4189f696-ea6d-495c-bd2f-9e3a34d8a9f0 ] Request (ListImageFiltersTestJSON:setUpClass): 200 GET http://10.180.1.21/compute/v2.1/images/79b4dba9-1a70-47b5-b96e-ed5069953576 0.097s
2025-11-22 09:04:38.780 66719 INFO tempest.lib.common.rest_client [req-492bba43-761a-419e-8f99-1cf19a4f19cf req-492bba43-761a-419e-8f99-1cf19a4f19cf ] Request (ServerGroupTestJSON:_run_cleanups): 200 GET http://10.180.1.21/compute/v2.1/servers/bed4788b-8024-4a97-8612-45821dc862e7 0.131s
2025-11-22 09:04:38.796 66707 INFO tempest.lib.common.rest_client [req-262dde02-a8f0-4c00-b3a1-337bceec717f req-262dde02-a8f0-4c00-b3a1-337bceec717f ] Request (AttachVolumeNegativeTest:test_attach_attached_volume_to_different_server): 200 GET http://10.180.1.21/compute/v2.1/servers/89822c3d-768e-4516-917f-dc28a07098de 0.128s
2025-11-22 09:04:38.844 66743 INFO tempest.lib.common.rest_client [req-a7f04724-9705-4179-ab83-0ba9af9e0b04 req-a7f04724-9705-4179-ab83-0ba9af9e0b04 ] Request (MultipleCreateTestJSON:test_multiple_create_with_reservation_return): 200 GET http://10.180.1.21/compute/v2.1/servers/4170753a-2c5d-4981-84e2-3eaf1feabd6f 0.105s
2025-11-22 09:04:38.971 66731 INFO tempest.lib.common.rest_client [req-341140c9-eeee-4460-bab4-af05822c35fe req-341140c9-eeee-4460-bab4-af05822c35fe ] Request (FloatingIPsAssociationNegativeTestJSON:tearDownClass): 200 GET http://10.180.1.21/compute/v2.1/servers/3623e55c-da09-4ca2-b0be-902ec6707ff9 0.167s
2025-11-22 09:04:39.035 66727 INFO tempest.lib.common.rest_client [req-5b2ef1a0-cf12-4aad-9687-9e2f6168e814 req-5b2ef1a0-cf12-4aad-9687-9e2f6168e814 ] Request (ServerActionsTestOtherA:setUpClass): 200 GET http://10.180.1.21/compute/v2.1/servers/47ef2216-f972-4c3e-9707-4968b824c37c 0.229s
2025-11-22 09:04:39.100 66718 INFO tempest.lib.common.rest_client [req-e7fcb44c-9347-46f3-bbe5-226b08792461 req-e7fcb44c-9347-46f3-bbe5-226b08792461 ] Request (ImagesTestJSON:test_create_server_from_snapshot): 200 GET http://10.180.1.21/compute/v2.1/servers/065200c9-ab8c-4a77-8b06-724bc8792962 0.246s
2025-11-22 09:04:39.114 66705 INFO tempest.lib.common.rest_client [req-39e98e37-cf8c-4bd7-ba00-4b969faf0fce req-39e98e37-cf8c-4bd7-ba00-4b969faf0fce ] Request (AttachVolumeShelveTestJSON:test_attach_volume_shelved_or_offload_server): 200 GET http://10.180.1.21/compute/v2.1/servers/70209a70-165e-4092-b4ac-879b6a6f29b5 0.199s
2025-11-22 09:04:39.161 66747 INFO tempest.lib.common.rest_client [req-fc3dd7d8-7abd-4176-a38d-d4866da034d8 req-fc3dd7d8-7abd-4176-a38d-d4866da034d8 ] Request (InstanceActionsV221TestJSON:test_get_list_deleted_instance_actions): 200 GET http://10.180.1.21/compute/v2.1/servers/9d589d1f-1202-4fff-92a7-2a4fe4a4f859 0.189s
2025-11-22 09:04:39.185 66737 INFO tempest.lib.common.rest_client [req-0ebc1c22-b5ac-49a0-a576-b0ad5ad396b1 req-0ebc1c22-b5ac-49a0-a576-b0ad5ad396b1 ] Request (FloatingIPsAssociationTestJSON:tearDownClass): 200 GET http://10.180.1.21/compute/v2.1/servers/5175b31f-4b06-4ba8-86ac-60966ad2d6a3 0.181s
2025-11-22 09:04:39.278 66703 INFO tempest.lib.common.rest_client [req-1a92a62b-d1a8-4bff-94f5-4377043c7fdd req-1a92a62b-d1a8-4bff-94f5-4377043c7fdd ] Request (ServerShowV254Test:test_rebuild_server): 200 GET http://10.180.1.21/compute/v2.1/servers/ad880724-3f46-44b1-8e5b-3e6292b04aed 0.150s
2025-11-22 09:04:39.306 66734 INFO tempest.lib.common.rest_client [req-a978b5c3-f506-4e23-bb6d-fc2bf8e0c0ab req-a978b5c3-f506-4e23-bb6d-fc2bf8e0c0ab ] Request (MigrationsAdminTest:test_resize_server_revert_deleted_flavor): 200 GET http://10.180.1.21/compute/v2.1/servers/6a70db32-0f17-4e2c-83c7-1bd577c4645b 0.200s
2025-11-22 09:04:39.377 66709 INFO tempest.lib.common.rest_client [req-5b76dcd4-0ff2-430b-8636-4c084f05a8af req-5b76dcd4-0ff2-430b-8636-4c084f05a8af ] Request (ListServersNegativeTestJSON:setUpClass): 200 GET http://10.180.1.21/compute/v2.1/servers/2025c0aa-6096-46c6-93e0-869600505d61 0.070s
2025-11-22 09:04:39.398 66735 INFO tempest.lib.common.rest_client [req-f5b6b432-ab5d-45f3-b011-fcd24630842a req-f5b6b432-ab5d-45f3-b011-fcd24630842a ] Request (DeleteServersTestJSON:test_delete_server_while_in_attached_volume): 200 GET http://10.180.1.21/compute/v2.1/servers/c11f4633-8e3a-4731-b36c-80593bd3223b 0.171s
2025-11-22 09:04:39.434 66711 INFO tempest.lib.common.rest_client [req-ec7b310f-26fa-42a4-892f-2735f3a4436b req-ec7b310f-26fa-42a4-892f-2735f3a4436b ] Request (AttachInterfacesTestJSON:_run_cleanups): 200 GET http://10.180.1.21/compute/v2.1/servers/a121a65e-d11a-4c79-8076-c1e5358bb89d 0.066s
2025-11-22 09:04:39.497 66729 INFO tempest.lib.common.rest_client [req-fc49e220-f00b-44fb-803a-78ef59703d90 req-fc49e220-f00b-44fb-803a-78ef59703d90 ] Request (ServerDiagnosticsTest:test_get_server_diagnostics): 200 GET http://10.180.1.21/compute/v2.1/servers/84d43574-28e0-48e4-8517-c1f00fc5e3c1 0.052s
2025-11-22 09:04:39.543 66701 INFO tempest.lib.common.rest_client [req-d812a060-c20c-46ed-84a7-7c44a533f314 req-d812a060-c20c-46ed-84a7-7c44a533f314 ] Request (ServersTestMultiNic:test_verify_duplicate_network_nics): 200 GET http://10.180.1.21/compute/v2.1/servers/3a339820-12e6-4d84-ae0c-076f5df05d85 0.051s
2025-11-22 09:04:39.615 66741 INFO tempest.lib.common.rest_client [req-8cc51057-849c-47c1-a77e-9436b3a6b8e1 req-8cc51057-849c-47c1-a77e-9436b3a6b8e1 ] Request (ServerActionsTestOtherB:test_create_backup): 200 GET http://10.180.1.21/image/v2/images/c7d579b0-3c8e-4c4d-ba58-f9b9d001e5b2 0.013s
2025-11-22 09:04:39.621 66687 INFO tempest.lib.common.rest_client [req-3ad8cc19-ac7d-44d7-b79a-4904dd8ffa0b req-3ad8cc19-ac7d-44d7-b79a-4904dd8ffa0b ] Request (ListServerFiltersTestJSON:tearDownClass): 200 GET http://10.180.1.21/compute/v2.1/servers/0aa855e6-fdd7-4867-851e-c3d710a1b2f6 0.058s
2025-11-22 09:04:39.628 66687 INFO tempest.common.waiters [-] State transition "ACTIVE/deleting" ==> "DELETED/None" after 3 second wait
2025-11-22 09:04:39.637 66741 INFO tempest.lib.common.rest_client [req-d6d2cce0-c584-497d-a3cd-d45fc9f58131 req-d6d2cce0-c584-497d-a3cd-d45fc9f58131 ] Request (ServerActionsTestOtherB:test_create_backup): 200 GET http://10.180.1.21/image/v2/images/c7d579b0-3c8e-4c4d-ba58-f9b9d001e5b2/tasks 0.021s
