2025-11-22 09:05:33.589 66731 INFO tempest.lib.common.rest_client [req-0b4b27a6-5cc9-4d5f-bfb2-4e803eeb13bb req-0b4b27a6-5cc9-4d5f-bfb2-4e803eeb13bb ] Request (ServerDiskConfigTestJSON:test_rebuild_server_with_auto_disk_config): 200 GET http://10.180.1.21/compute/v2.1/servers/cb9954d9-e58d-4954-b23f-e832b5cad4e3 4.141s
2025-11-22 09:05:33.623 66713 INFO tempest.lib.common.rest_client [req-f98d43e9-5483-4f74-b7dd-0057a651ef3f req-f98d43e9-5483-4f74-b7dd-0057a651ef3f ] Request (ListImageFiltersTestJSON:setUpClass): 200 GET http://10.180.1.21/compute/v2.1/images/9b4d252c-be24-4710-ae78-c827e46118ba 4.128s
2025-11-22 09:05:33.630 66711 INFO tempest.lib.common.rest_client [req-8d94fb3e-0829-44bd-8f81-f9546b3da032 req-8d94fb3e-0829-44bd-8f81-f9546b3da032 ] Request (AttachInterfacesTestJSON:test_create_list_show_delete_interfaces_by_network_port): 200 GET http://10.180.1.21/compute/v2.1/servers/f49da5e9-0676-4780-bafd-3e4b2177bd9b 4.149s
2025-11-22 09:05:33.690 66709 INFO tempest.lib.common.rest_client [req-38b6789d-669e-41bf-927b-25b1c64b6a23 req-38b6789d-669e-41bf-927b-25b1c64b6a23 ] Request (ListServersNegativeTestJSON:tearDownClass): 200 GET http://10.180.1.21/compute/v2.1/servers/dee2c7c5-6a83-4a99-8f9e-9ddd981fd86d 3.967s
2025-11-22 09:05:33.803 66707 INFO tempest.lib.common.rest_client [req-3b2b243d-2ee3-4c94-9b90-0b7f2fcc9908 req-3b2b243d-2ee3-4c94-9b90-0b7f2fcc9908 ] Request (AttachVolumeNegativeTest:test_attach_attached_volume_to_different_server): 200 GET http://10.180.1.21/compute/v2.1/servers/89822c3d-768e-4516-917f-dc28a07098de 3.832s
2025-11-22 09:05:33.860 66734 INFO tempest.lib.common.rest_client [req-d2d28f71-afb3-4984-b64a-34d247961178 req-d2d28f71-afb3-4984-b64a-34d247961178 ] Request (MigrationsAdminTest:test_resize_server_revert_deleted_flavor): 200 GET http://10.180.1.21/compute/v2.1/servers/6a70db32-0f17-4e2c-83c7-1bd577c4645b 3.875s
2025-11-22 09:05:33.876 66703 INFO tempest.lib.common.rest_client [req-47d27db4-b84a-43e3-9085-faa5805df2d3 req-47d27db4-b84a-43e3-9085-faa5805df2d3 ] Request (ServerShowV254Test:tearDownClass): 200 GET http://10.180.1.21/compute/v2.1/servers/ad880724-3f46-44b1-8e5b-3e6292b04aed 3.822s
2025-11-22 09:05:33.885 66703 INFO tempest.common.waiters [-] State transition "ACTIVE/deleting" ==> "DELETED/None" after 4 second wait
2025-11-22 09:05:33.901 66701 INFO tempest.lib.common.rest_client [req-fae31d5b-7855-492f-9130-0338c3820167 req-fae31d5b-7855-492f-9130-0338c3820167 ] Request (ServersTestMultiNic:_run_cleanups): 404 GET http://10.180.1.21/compute/v2.1/servers/3a339820-12e6-4d84-ae0c-076f5df05d85 3.761s
2025-11-22 09:05:33.919 66737 INFO tempest.lib.common.rest_client [req-d1159db8-9be2-4433-8d35-08eb682b92c9 req-d1159db8-9be2-4433-8d35-08eb682b92c9 ] Request (AttachInterfacesV270Test:test_create_get_list_interfaces): 200 GET http://10.180.1.21/compute/v2.1/servers/7c809f4c-7d79-4f36-90a0-c2b920467a26 3.855s
2025-11-22 09:05:34.063 66701 INFO tempest.lib.common.rest_client [req-8350c3a7-117c-411d-8753-2943c9f5e19b req-8350c3a7-117c-411d-8753-2943c9f5e19b ] Request (ServersTestMultiNic:_run_cleanups): 204 DELETE http://10.180.1.21/networking/v2.0/subnets/937e7194-461a-416f-a29d-369f7c30ca2a 0.161s
2025-11-22 09:05:34.079 66741 INFO tempest.lib.common.rest_client [req-80ca4bb6-7031-4143-8cec-65ed5a1e278c req-80ca4bb6-7031-4143-8cec-65ed5a1e278c ] Request (ServerActionsTestOtherB:test_resize_server_confirm_from_stopped): 200 GET http://10.180.1.21/compute/v2.1/servers/8c24f910-8be2-430d-a07c-ced235d1060f 3.840s
2025-11-22 09:05:34.087 66741 INFO tempest.common.waiters [-] State transition "ACTIVE/powering-off" ==> "SHUTOFF/None" after 7 second wait
2025-11-22 09:05:34.105 66743 INFO tempest.lib.common.rest_client [req-0b5f3a36-1c0d-41d2-a128-b7ffdfd3950d req-0b5f3a36-1c0d-41d2-a128-b7ffdfd3950d ] Request (MultipleCreateTestJSON:test_multiple_create_with_reservation_return): 200 GET http://10.180.1.21/compute/v2.1/servers/4170753a-2c5d-4981-84e2-3eaf1feabd6f 3.567s
2025-11-22 09:05:34.112 66743 INFO tempest.common.waiters [-] State transition "BUILD/spawning" ==> "ACTIVE/None" after 86 second wait
2025-11-22 09:05:34.146 66729 INFO tempest.lib.common.rest_client [req-b3e8b564-196c-4c8d-a021-0682d7b4b846 req-b3e8b564-196c-4c8d-a021-0682d7b4b846 ] Request (ServerDiagnosticsTest:tearDownClass): 200 GET http://10.180.1.21/compute/v2.1/servers/84d43574-28e0-48e4-8517-c1f00fc5e3c1 3.478s
2025-11-22 09:05:34.160 66729 INFO tempest.common.waiters [-] State transition "ACTIVE/deleting" ==> "DELETED/None" after 6 second wait
2025-11-22 09:05:34.177 66687 INFO tempest.lib.common.rest_client [req-b1854ee4-6ea7-4f1e-9c37-055b33a49fc7 req-b1854ee4-6ea7-4f1e-9c37-055b33a49fc7 ] Request (ListServerFiltersTestJSON:tearDownClass): 200 GET http://10.180.1.21/compute/v2.1/servers/04bfa888-7aaa-4afd-a662-c040eae47739 3.417s
2025-11-22 09:05:34.229 66718 INFO tempest.lib.common.rest_client [req-587ad4ec-e1a1-44bf-aa22-05eef8c264b9 req-587ad4ec-e1a1-44bf-aa22-05eef8c264b9 ] Request (ImagesTestJSON:test_create_server_from_snapshot): 200 GET http://10.180.1.21/compute/v2.1/images/db6a4442-6b88-4d50-90e9-c0e920de69ea 1.006s
2025-11-22 09:05:34.263 66735 INFO tempest.lib.common.rest_client [req-ee1d2585-4a17-4dc5-86fd-04d495e535e1 req-ee1d2585-4a17-4dc5-86fd-04d495e535e1 ] Request (DeleteServersTestJSON:test_delete_server_while_in_shelved_state): 200 GET http://10.180.1.21/compute/v2.1/servers/44ce01f3-ec3c-481b-a877-ed8ffc022074 0.756s
2025-11-22 09:05:34.332 66718 INFO tempest.lib.common.rest_client [req-bd0b40c8-0777-48c4-a0bb-95e3c53d00f9 req-bd0b40c8-0777-48c4-a0bb-95e3c53d00f9 ] Request (ImagesTestJSON:test_create_server_from_snapshot): 201 POST http://10.180.1.21/identity/v3/auth/tokens 0.094s
2025-11-22 09:05:34.333 66718 INFO tempest.lib.common.fixed_network [-] (ImagesTestJSON:test_create_server_from_snapshot) Found network {'id': 'b8c99d58-5244-464e-a43c-09ea231d8bf8', 'name': 'tempest-ImagesTestJSON-2046024399-network', 'tenant_id': 'a0354862f8874be58da7865e9889ec14', 'project_id': 'a0354862f8874be58da7865e9889ec14', 'admin_state_up': True, 'mtu': 8950, 'status': 'ACTIVE', 'subnets': [], 'shared': False, 'port_security_enabled': True, 'router:external': False, 'provider:network_type': 'vlan', 'provider:physical_network': 'default', 'provider:segmentation_id': 65, 'availability_zone_hints': [], 'availability_zones': [], 'ipv4_address_scope': None, 'ipv6_address_scope': None, 'description': '', 'tags': [], 'created_at': '2025-11-22T09:01:33Z', 'updated_at': '2025-11-22T09:01:33Z', 'revision_number': 1} available for tenant
2025-11-22 09:05:34.390 66723 INFO tempest.lib.common.rest_client [req-f0c25089-4539-45a0-8456-db5844449a36 req-f0c25089-4539-45a0-8456-db5844449a36 ] Request (ServersNegativeTestMultiTenantJSON:setUp): 200 GET http://10.180.1.21/compute/v2.1/servers/289a955b-3fa7-4ed9-a223-9959e63e8dfb 0.849s
2025-11-22 09:05:34.434 66701 INFO tempest.lib.common.rest_client [req-0875d684-b2a3-4ceb-9a0e-b15825751526 req-0875d684-b2a3-4ceb-9a0e-b15825751526 ] Request (ServersTestMultiNic:_run_cleanups): 204 DELETE http://10.180.1.21/networking/v2.0/networks/4f4c2ad6-9956-4ed0-8d3d-2c291fc8bc85 0.370s
2025-11-22 09:05:34.489 66741 INFO tempest.lib.common.rest_client [req-0ece4035-d8f9-45c1-bb08-ec277050f101 req-0ece4035-d8f9-45c1-bb08-ec277050f101 ] Request (ServerActionsTestOtherB:test_resize_server_confirm_from_stopped): 202 POST http://10.180.1.21/compute/v2.1/servers/8c24f910-8be2-430d-a07c-ced235d1060f/action 0.401s
2025-11-22 09:05:34.583 66701 INFO tempest.lib.common.rest_client [req-aec3c76d-9331-49a4-b987-f2464fa960d3 req-aec3c76d-9331-49a4-b987-f2464fa960d3 ] Request (ServersTestMultiNic:_run_cleanups): 204 DELETE http://10.180.1.21/networking/v2.0/subnets/b3092a63-e4ec-4f42-95f7-4ceeb7726b85 0.148s
2025-11-22 09:05:34.605 66743 INFO tempest.lib.common.rest_client [req-11c82176-ad50-4aa9-8c84-3d9dd0673ef3 req-11c82176-ad50-4aa9-8c84-3d9dd0673ef3 ] Request (MultipleCreateTestJSON:test_multiple_create_with_reservation_return): 200 GET http://10.180.1.21/compute/v2.1/servers/91aaebca-af63-4cca-82ca-221319143069 0.492s
2025-11-22 09:05:34.842 66719 INFO tempest.lib.common.rest_client [req-f249de4f-dcdc-4117-8ac8-e345741a1116 req-f249de4f-dcdc-4117-8ac8-e345741a1116 ] Request (ServerMetadataTestJSON:setUpClass): 200 GET http://10.180.1.21/compute/v2.1/servers/07869919-b539-4b24-8198-54356fee6ded 0.460s
2025-11-22 09:05:34.877 66723 INFO tempest.lib.common.rest_client [req-77d49648-d785-4601-8d4a-70c4a387f98b req-77d49648-d785-4601-8d4a-70c4a387f98b ] Request (ServersNegativeTestMultiTenantJSON:test_update_server_of_another_tenant): 404 PUT http://10.180.1.21/compute/v2.1/servers/289a955b-3fa7-4ed9-a223-9959e63e8dfb 0.472s
2025-11-22 09:05:34.883 66685 WARNING tempest.lib.common.ssh [-] Failed to establish authenticated ssh connection to cirros@10.180.180.140 ([Errno None] Unable to connect to port 22 on 10.180.180.140). Number attempts: 6. Retry after 7 seconds.: paramiko.ssh_exception.NoValidConnectionsError: [Errno None] Unable to connect to port 22 on 10.180.180.140
2025-11-22 09:05:34.944 66701 INFO tempest.lib.common.rest_client [req-9b359c53-2adc-43ae-a340-8cfea1fd3f17 req-9b359c53-2adc-43ae-a340-8cfea1fd3f17 ] Request (ServersTestMultiNic:_run_cleanups): 204 DELETE http://10.180.1.21/networking/v2.0/networks/9afe86e1-5c94-4b12-a60e-d1e7493075c9 0.360s
2025-11-22 09:05:35.005 66747 INFO tempest.lib.common.rest_client [req-ee3a6f94-6aaf-4d9d-b2de-2762eb7e1818 req-ee3a6f94-6aaf-4d9d-b2de-2762eb7e1818 ] Request (InstanceActionsV221TestJSON:test_get_list_deleted_instance_actions): 200 GET http://10.180.1.21/compute/v2.1/servers/9d589d1f-1202-4fff-92a7-2a4fe4a4f859 0.542s
2025-11-22 09:05:35.059 66718 INFO tempest.lib.common.rest_client [req-1e387b18-d5f4-4cb2-8600-6b2be2bfccf0 req-1e387b18-d5f4-4cb2-8600-6b2be2bfccf0 ] Request (ImagesTestJSON:test_create_server_from_snapshot): 202 POST http://10.180.1.21/compute/v2.1/servers 0.725s
2025-11-22 09:05:35.115 66701 INFO tempest.lib.common.rest_client [req-0634fea2-971d-4ce3-bacc-f65f111a6104 req-0634fea2-971d-4ce3-bacc-f65f111a6104 ] Request (ServersTestMultiNic:test_verify_multiple_nics_order): 201 POST http://10.180.1.21/networking/v2.0/networks 0.169s
2025-11-22 09:05:35.138 66741 INFO tempest.lib.common.rest_client [req-5a13a4e0-4fa6-4ca1-91fc-13f660be9956 req-5a13a4e0-4fa6-4ca1-91fc-13f660be9956 ] Request (ServerActionsTestOtherB:test_resize_server_confirm_from_stopped): 200 GET http://10.180.1.21/compute/v2.1/servers/8c24f910-8be2-430d-a07c-ced235d1060f 0.648s
2025-11-22 09:05:35.148 66689 INFO tempest.lib.common.rest_client [req-fd3347d7-2442-4a82-a748-bd117b6008a1 req-fd3347d7-2442-4a82-a748-bd117b6008a1 ] Request (ServersAdmin275Test:tearDownClass): 200 GET http://10.180.1.21/compute/v2.1/servers/6a859176-53a2-4678-8669-39d57102fc78 0.567s
2025-11-22 09:05:35.189 66713 INFO tempest.lib.common.rest_client [req-1ccefbac-539d-490b-9804-b0b41bd53645 req-1ccefbac-539d-490b-9804-b0b41bd53645 ] Request (ListImageFiltersTestJSON:setUpClass): 200 GET http://10.180.1.21/compute/v2.1/images/9b4d252c-be24-4710-ae78-c827e46118ba 0.561s
2025-11-22 09:05:35.202 66731 INFO tempest.lib.common.rest_client [req-568f43a5-0270-48d3-91d5-5e63fdc5a1fa req-568f43a5-0270-48d3-91d5-5e63fdc5a1fa ] Request (ServerDiskConfigTestJSON:test_rebuild_server_with_auto_disk_config): 200 GET http://10.180.1.21/compute/v2.1/servers/cb9954d9-e58d-4954-b23f-e832b5cad4e3 0.603s
2025-11-22 09:05:35.258 66711 INFO tempest.lib.common.rest_client [req-a23e3302-746a-4574-a356-9d3e9abe4705 req-a23e3302-746a-4574-a356-9d3e9abe4705 ] Request (AttachInterfacesTestJSON:test_create_list_show_delete_interfaces_by_network_port): 200 GET http://10.180.1.21/compute/v2.1/servers/f49da5e9-0676-4780-bafd-3e4b2177bd9b 0.620s
2025-11-22 09:05:35.297 66709 INFO tempest.lib.common.rest_client [req-27c1eb8c-05c9-4595-96d2-05c33f069185 req-27c1eb8c-05c9-4595-96d2-05c33f069185 ] Request (ListServersNegativeTestJSON:tearDownClass): 200 GET http://10.180.1.21/compute/v2.1/servers/dee2c7c5-6a83-4a99-8f9e-9ddd981fd86d 0.596s
2025-11-22 09:05:35.387 66701 INFO tempest.lib.common.rest_client [req-eafff7a9-66b3-409d-b5e4-320df7b2b083 req-eafff7a9-66b3-409d-b5e4-320df7b2b083 ] Request (ServersTestMultiNic:test_verify_multiple_nics_order): 201 POST http://10.180.1.21/networking/v2.0/subnets 0.271s
2025-11-22 09:05:35.485 66707 INFO tempest.lib.common.rest_client [req-4920d654-7ff2-4554-9522-d86badf31a26 req-4920d654-7ff2-4554-9522-d86badf31a26 ] Request (AttachVolumeNegativeTest:test_attach_attached_volume_to_different_server): 200 GET http://10.180.1.21/compute/v2.1/servers/89822c3d-768e-4516-917f-dc28a07098de 0.673s
2025-11-22 09:05:35.494 66707 INFO tempest.common.waiters [-] State transition "BUILD/spawning" ==> "ACTIVE/None" after 63 second wait
2025-11-22 09:05:35.511 66734 INFO tempest.lib.common.rest_client [req-88acd25f-3706-4e0f-b3a3-42f28ac92048 req-88acd25f-3706-4e0f-b3a3-42f28ac92048 ] Request (MigrationsAdminTest:test_resize_server_revert_deleted_flavor): 200 GET http://10.180.1.21/compute/v2.1/servers/6a70db32-0f17-4e2c-83c7-1bd577c4645b 0.641s
2025-11-22 09:05:35.511 66701 INFO tempest.lib.common.rest_client [req-d5eee0f3-2eb3-470c-bb6a-09d0fd0367d3 req-d5eee0f3-2eb3-470c-bb6a-09d0fd0367d3 ] Request (ServersTestMultiNic:test_verify_multiple_nics_order): 201 POST http://10.180.1.21/networking/v2.0/networks 0.124s
2025-11-22 09:05:35.555 66723 INFO tempest.lib.common.rest_client [req-859d2b59-f09d-4d77-8201-ca17644b47ab req-859d2b59-f09d-4d77-8201-ca17644b47ab ] Request (ServersNegativeTestMultiTenantJSON:tearDownClass): 204 DELETE http://10.180.1.21/compute/v2.1/servers/289a955b-3fa7-4ed9-a223-9959e63e8dfb 0.676s
2025-11-22 09:05:35.590 66703 INFO tempest.lib.common.rest_client [req-191d3e52-95b1-4221-b762-878e27ecc000 req-191d3e52-95b1-4221-b762-878e27ecc000 ] Request (ServerShowV254Test:tearDownClass): 200 GET http://10.180.1.21/compute/v2.1/servers/ad880724-3f46-44b1-8e5b-3e6292b04aed 0.704s
2025-11-22 09:05:35.616 66737 INFO tempest.lib.common.rest_client [req-825d368d-5a8e-4971-9739-bde2a5a88467 req-825d368d-5a8e-4971-9739-bde2a5a88467 ] Request (AttachInterfacesV270Test:test_create_get_list_interfaces): 200 GET http://10.180.1.21/compute/v2.1/servers/7c809f4c-7d79-4f36-90a0-c2b920467a26 0.686s
2025-11-22 09:05:35.639 66718 INFO tempest.lib.common.rest_client [req-508661b7-b268-4395-a57b-878e01645d54 req-508661b7-b268-4395-a57b-878e01645d54 ] Request (ImagesTestJSON:test_create_server_from_snapshot): 200 GET http://10.180.1.21/compute/v2.1/servers/5d7e430c-ddba-4bb9-90d4-8e55510bf6f5 0.579s
2025-11-22 09:05:35.668 66687 INFO tempest.lib.common.rest_client [req-c6a5043a-e3f3-4491-a404-336e52a84676 req-c6a5043a-e3f3-4491-a404-336e52a84676 ] Request (ListServerFiltersTestJSON:tearDownClass): 404 GET http://10.180.1.21/compute/v2.1/servers/04bfa888-7aaa-4afd-a662-c040eae47739 0.479s
2025-11-22 09:05:35.699 66729 INFO tempest.lib.common.rest_client [req-af8cc0c6-ff5e-46d5-9e1d-3728ed6ebd2a req-af8cc0c6-ff5e-46d5-9e1d-3728ed6ebd2a ] Request (ServerDiagnosticsTest:tearDownClass): 200 GET http://10.180.1.21/compute/v2.1/servers/84d43574-28e0-48e4-8517-c1f00fc5e3c1 0.538s
2025-11-22 09:05:35.729 66735 INFO tempest.lib.common.rest_client [req-0439cadd-7ce9-45f5-9985-8553148936d6 req-0439cadd-7ce9-45f5-9985-8553148936d6 ] Request (DeleteServersTestJSON:test_delete_server_while_in_shelved_state): 200 GET http://10.180.1.21/compute/v2.1/servers/44ce01f3-ec3c-481b-a877-ed8ffc022074 0.452s
2025-11-22 09:05:35.737 66735 INFO tempest.common.waiters [-] State transition "BUILD/scheduling" ==> "BUILD/None" after 1 second wait
2025-11-22 09:05:35.765 66701 INFO tempest.lib.common.rest_client [req-51d7c6ac-c95f-4ff8-935b-32cc8ac96bca req-51d7c6ac-c95f-4ff8-935b-32cc8ac96bca ] Request (ServersTestMultiNic:test_verify_multiple_nics_order): 201 POST http://10.180.1.21/networking/v2.0/subnets 0.253s
2025-11-22 09:05:35.799 66707 INFO tempest.lib.common.rest_client [req-50ecd1b2-28ca-4351-a300-0a5b06e36e48 req-50ecd1b2-28ca-4351-a300-0a5b06e36e48 ] Request (AttachVolumeNegativeTest:test_attach_attached_volume_to_different_server): 200 GET http://10.180.1.21/compute/v2.1/servers/89822c3d-768e-4516-917f-dc28a07098de/os-interface 0.305s
2025-11-22 09:05:35.860 66701 INFO tempest.lib.common.rest_client [req-f4fb39fd-045c-4b84-9170-5766026fc5b7 req-f4fb39fd-045c-4b84-9170-5766026fc5b7 ] Request (ServersTestMultiNic:test_verify_multiple_nics_order): 201 POST http://10.180.1.21/identity/v3/auth/tokens 0.090s
2025-11-22 09:05:35.860 66701 INFO tempest.lib.common.fixed_network [-] (ServersTestMultiNic:test_verify_multiple_nics_order) Found network {'id': '86bcc5ec-ccf3-41db-92c7-1aad438a8cbd', 'name': 'tempest-ServersTestMultiNic-1817947238-network', 'tenant_id': '456c473b8bc54e6a812ddd4f4e1fd97f', 'project_id': '456c473b8bc54e6a812ddd4f4e1fd97f', 'admin_state_up': True, 'mtu': 8950, 'status': 'ACTIVE', 'subnets': [], 'shared': False, 'port_security_enabled': True, 'router:external': False, 'provider:network_type': 'vlan', 'provider:physical_network': 'default', 'provider:segmentation_id': 49, 'availability_zone_hints': [], 'availability_zones': [], 'ipv4_address_scope': None, 'ipv6_address_scope': None, 'description': '', 'tags': [], 'created_at': '2025-11-22T09:03:29Z', 'updated_at': '2025-11-22T09:03:29Z', 'revision_number': 1} available for tenant
2025-11-22 09:05:35.927 66723 INFO tempest.lib.common.rest_client [req-047cbe37-a054-463f-a0e7-72e825c10fb4 req-047cbe37-a054-463f-a0e7-72e825c10fb4 ] Request (ServersNegativeTestMultiTenantJSON:tearDownClass): 200 GET http://10.180.1.21/compute/v2.1/servers/289a955b-3fa7-4ed9-a223-9959e63e8dfb 0.371s
2025-11-22 09:05:35.949 66743 INFO tempest.lib.common.rest_client [req-45f03d67-05c7-4834-b2e1-af6c04f4219c req-45f03d67-05c7-4834-b2e1-af6c04f4219c ] Request (MultipleCreateTestJSON:test_multiple_create_with_reservation_return): 200 GET http://10.180.1.21/compute/v2.1/servers/91aaebca-af63-4cca-82ca-221319143069 0.333s
2025-11-22 09:05:36.013 66687 INFO tempest.lib.common.rest_client [req-be37e2c6-656d-42cc-a0f3-c76061c7675a req-be37e2c6-656d-42cc-a0f3-c76061c7675a ] Request (ListServerFiltersTestJSON:tearDownClass): 204 DELETE http://10.180.1.21/compute/v2.1/servers/cc94e223-52e5-4afa-9fe5-9d702b96ed86 0.345s
2025-11-22 09:05:36.083 66725 ERROR tempest.lib.common.ssh [-] Failed to establish authenticated ssh connection to cirros@10.180.180.160 after 16 attempts. Proxy client: no proxy client: paramiko.ssh_exception.NoValidConnectionsError: [Errno None] Unable to connect to port 22 on 10.180.180.160
2025-11-22 09:05:36.083 66725 ERROR tempest.lib.common.ssh
Traceback (most recent call last):
2025-11-22 09:05:36.083 66725 ERROR tempest.lib.common.ssh
File "/opt/stack/tempest/tempest/lib/common/ssh.py", line 136, in _get_ssh_connection
2025-11-22 09:05:36.083 66725 ERROR tempest.lib.common.ssh ssh.connect(self.host, port=self.port, username=self.username,
2025-11-22 09:05:36.083 66725 ERROR tempest.lib.common.ssh
File "/opt/stack/tempest/.tox/venv/lib/python3.10/site-packages/paramiko/client.py", line 407, in connect
2025-11-22 09:05:36.083 66725 ERROR tempest.lib.common.ssh raise NoValidConnectionsError(errors)
2025-11-22 09:05:36.083 66725 ERROR tempest.lib.common.ssh paramiko.ssh_exception.NoValidConnectionsError: [Errno None] Unable to connect to port 22 on 10.180.180.160
2025-11-22 09:05:36.083 66725 ERROR tempest.lib.common.ssh
2025-11-22 09:05:36.086 66719 INFO tempest.lib.common.rest_client [req-f7f4ef7a-860d-4206-9f0f-026b8abf6bd0 req-f7f4ef7a-860d-4206-9f0f-026b8abf6bd0 ] Request (ServerMetadataTestJSON:setUpClass): 200 GET http://10.180.1.21/compute/v2.1/servers/07869919-b539-4b24-8198-54356fee6ded 0.233s
2025-11-22 09:05:36.224 66687 INFO tempest.lib.common.rest_client [req-ba45d210-43f7-4dd2-8c43-73ecd09ac180 req-ba45d210-43f7-4dd2-8c43-73ecd09ac180 ] Request (ListServerFiltersTestJSON:tearDownClass): 200 GET http://10.180.1.21/compute/v2.1/servers/cc94e223-52e5-4afa-9fe5-9d702b96ed86 0.210s
2025-11-22 09:05:36.306 66747 INFO tempest.lib.common.rest_client [req-23bddabf-5b1e-4b46-bb7f-5652fa44f80a req-23bddabf-5b1e-4b46-bb7f-5652fa44f80a ] Request (InstanceActionsV221TestJSON:test_get_list_deleted_instance_actions): 200 GET http://10.180.1.21/compute/v2.1/servers/9d589d1f-1202-4fff-92a7-2a4fe4a4f859 0.291s
2025-11-22 09:05:36.355 66745 WARNING tempest.lib.common.ssh [-] Failed to establish authenticated ssh connection to cirros@10.180.180.200 ([Errno None] Unable to connect to port 22 on 10.180.180.200). Number attempts: 10. Retry after 11 seconds.: paramiko.ssh_exception.NoValidConnectionsError: [Errno None] Unable to connect to port 22 on 10.180.180.200
2025-11-22 09:05:36.382 66707 INFO tempest.lib.common.rest_client [req-f113d995-28bf-44bd-8d2f-1f706c8d4782 req-f113d995-28bf-44bd-8d2f-1f706c8d4782 ] Request (AttachVolumeNegativeTest:test_attach_attached_volume_to_different_server): 200 PUT http://10.180.1.21/networking/v2.0/floatingips/4debfb60-e512-4136-934b-682a7c50694e 0.580s
2025-11-22 09:05:36.383 66707 INFO tempest.lib.common.ssh [-] Creating ssh connection to '10.180.180.210:22' as 'cirros' with public key authentication
2025-11-22 09:05:36.538 66701 INFO tempest.lib.common.rest_client [req-dcc781be-1855-4d9d-ad5e-a624aa9c7f38 req-dcc781be-1855-4d9d-ad5e-a624aa9c7f38 ] Request (ServersTestMultiNic:test_verify_multiple_nics_order): 202 POST http://10.180.1.21/compute/v2.1/servers 0.678s
2025-11-22 09:05:36.653 66741 INFO tempest.lib.common.rest_client [req-0e4dcef9-ce54-4e2c-8bf7-96090386b8e3 req-0e4dcef9-ce54-4e2c-8bf7-96090386b8e3 ] Request (ServerActionsTestOtherB:test_resize_server_confirm_from_stopped): 200 GET http://10.180.1.21/compute/v2.1/servers/8c24f910-8be2-430d-a07c-ced235d1060f 0.506s
2025-11-22 09:05:36.747 66689 INFO tempest.lib.common.rest_client [req-06ccc6a1-0229-4a20-b3e7-a630462caf64 req-06ccc6a1-0229-4a20-b3e7-a630462caf64 ] Request (ServersAdmin275Test:tearDownClass): 200 GET http://10.180.1.21/compute/v2.1/servers/6a859176-53a2-4678-8669-39d57102fc78 0.584s
2025-11-22 09:05:36.848 66713 INFO tempest.lib.common.rest_client [req-b156c19f-f79e-4e8c-a375-a1615346985f req-b156c19f-f79e-4e8c-a375-a1615346985f ] Request (ListImageFiltersTestJSON:setUpClass): 200 GET http://10.180.1.21/compute/v2.1/images/9b4d252c-be24-4710-ae78-c827e46118ba 0.654s
2025-11-22 09:05:36.857 66725 INFO tempest.lib.common.rest_client [req-c87b7bce-45bf-4c11-aa5a-e68a294bdd5d req-c87b7bce-45bf-4c11-aa5a-e68a294bdd5d ] Request (ServersTestBootFromVolume:test_host_name_is_same_as_server_name): 200 POST http://10.180.1.21/compute/v2.1/servers/48162bc9-4aac-4372-90a1-cb94cea18232/action 0.773s
2025-11-22 09:05:36.942 66731 INFO tempest.lib.common.rest_client [req-d62d26f2-fefb-427f-b89f-7599dd4cb236 req-d62d26f2-fefb-427f-b89f-7599dd4cb236 ] Request (ServerDiskConfigTestJSON:test_rebuild_server_with_auto_disk_config): 200 GET http://10.180.1.21/compute/v2.1/servers/cb9954d9-e58d-4954-b23f-e832b5cad4e3 0.733s
2025-11-22 09:05:36.943 66711 INFO tempest.lib.common.rest_client [req-73a99476-0a42-4d1a-bcfd-60d0703fe381 req-73a99476-0a42-4d1a-bcfd-60d0703fe381 ] Request (AttachInterfacesTestJSON:test_create_list_show_delete_interfaces_by_network_port): 200 GET http://10.180.1.21/compute/v2.1/servers/f49da5e9-0676-4780-bafd-3e4b2177bd9b 0.672s
2025-11-22 09:05:37.019 66709 INFO tempest.lib.common.rest_client [req-900583f1-8a04-417b-9fd9-a41a62e9625e req-900583f1-8a04-417b-9fd9-a41a62e9625e ] Request (ListServersNegativeTestJSON:tearDownClass): 200 GET http://10.180.1.21/compute/v2.1/servers/dee2c7c5-6a83-4a99-8f9e-9ddd981fd86d 0.711s
2025-11-22 09:05:37.072 66701 INFO tempest.lib.common.rest_client [req-5476dc72-6d1f-4d14-9576-313bcc9eb6f6 req-5476dc72-6d1f-4d14-9576-313bcc9eb6f6 ] Request (ServersTestMultiNic:test_verify_multiple_nics_order): 200 GET http://10.180.1.21/compute/v2.1/servers/6142799e-f4e4-41f1-9e0c-993dc37b74be 0.531s
2025-11-22 09:05:37.089 66734 INFO tempest.lib.common.rest_client [req-e0a53052-8ea2-4508-8dce-63cce6ee2504 req-e0a53052-8ea2-4508-8dce-63cce6ee2504 ] Request (MigrationsAdminTest:test_resize_server_revert_deleted_flavor): 200 GET http://10.180.1.21/compute/v2.1/servers/6a70db32-0f17-4e2c-83c7-1bd577c4645b 0.570s
2025-11-22 09:05:37.158 66703 INFO tempest.lib.common.rest_client [req-0c639cf1-27bf-42ca-b8d3-0360076ccbe5 req-0c639cf1-27bf-42ca-b8d3-0360076ccbe5 ] Request (ServerShowV254Test:tearDownClass): 200 GET http://10.180.1.21/compute/v2.1/servers/ad880724-3f46-44b1-8e5b-3e6292b04aed 0.558s
2025-11-22 09:05:37.159 66737 INFO tempest.lib.common.rest_client [req-5f63df32-e9ad-4eff-9859-0f83b3f4a0ee req-5f63df32-e9ad-4eff-9859-0f83b3f4a0ee ] Request (AttachInterfacesV270Test:test_create_get_list_interfaces): 200 GET http://10.180.1.21/compute/v2.1/servers/7c809f4c-7d79-4f36-90a0-c2b920467a26 0.534s
2025-11-22 09:05:37.219 66718 INFO tempest.lib.common.rest_client [req-a97f11ab-35fe-47a3-8b50-ad708c67e8b3 req-a97f11ab-35fe-47a3-8b50-ad708c67e8b3 ] Request (ImagesTestJSON:test_create_server_from_snapshot): 200 GET http://10.180.1.21/compute/v2.1/servers/5d7e430c-ddba-4bb9-90d4-8e55510bf6f5 0.571s
2025-11-22 09:05:37.227 66718 INFO tempest.common.waiters [-] State transition "BUILD/scheduling" ==> "BUILD/None" after 2 second wait
2025-11-22 09:05:37.233 66729 INFO tempest.lib.common.rest_client [req-ab150dff-821f-4d2f-8b41-729cce4a4479 req-ab150dff-821f-4d2f-8b41-729cce4a4479 ] Request (ServerDiagnosticsTest:tearDownClass): 200 GET http://10.180.1.21/compute/v2.1/servers/84d43574-28e0-48e4-8517-c1f00fc5e3c1 0.522s
2025-11-22 09:05:37.276 66735 INFO tempest.lib.common.rest_client [req-b47fc12a-73b9-4934-aa3f-0d237fb19bb9 req-b47fc12a-73b9-4934-aa3f-0d237fb19bb9 ] Request (DeleteServersTestJSON:test_delete_server_while_in_shelved_state): 200 GET http://10.180.1.21/compute/v2.1/servers/44ce01f3-ec3c-481b-a877-ed8ffc022074 0.538s
2025-11-22 09:05:37.289 66725 INFO tempest.lib.common.rest_client [req-782b1590-28ed-4603-b79f-3dd9ccc8ddec req-782b1590-28ed-4603-b79f-3dd9ccc8ddec ] Request (ServersTestBootFromVolume:test_list_servers): 200 GET http://10.180.1.21/compute/v2.1/servers 0.422s
2025-11-22 09:05:37.412 66723 INFO tempest.lib.common.rest_client [req-90880949-081b-408f-8ca6-dff60adac8bf req-90880949-081b-408f-8ca6-dff60adac8bf ] Request (ServersNegativeTestMultiTenantJSON:tearDownClass): 200 GET http://10.180.1.21/compute/v2.1/servers/289a955b-3fa7-4ed9-a223-9959e63e8dfb 0.476s
2025-11-22 09:05:37.444 66743 INFO tempest.lib.common.rest_client [req-8bd15be8-f4da-44ae-8a67-00b8895ea478 req-8bd15be8-f4da-44ae-8a67-00b8895ea478 ] Request (MultipleCreateTestJSON:test_multiple_create_with_reservation_return): 200 GET http://10.180.1.21/compute/v2.1/servers/91aaebca-af63-4cca-82ca-221319143069 0.484s
2025-11-22 09:05:37.458 66743 INFO tempest.common.waiters [-] State transition "BUILD/spawning" ==> "ACTIVE/None" after 3 second wait
2025-11-22 09:05:37.562 66719 INFO tempest.lib.common.rest_client [req-b5893679-0676-491a-9cb2-58c9e042b0d0 req-b5893679-0676-491a-9cb2-58c9e042b0d0 ] Request (ServerMetadataTestJSON:setUpClass): 200 GET http://10.180.1.21/compute/v2.1/servers/07869919-b539-4b24-8198-54356fee6ded 0.463s
2025-11-22 09:05:37.567 66687 INFO tempest.lib.common.rest_client [req-274b056b-5458-430b-ac99-b083bdd37fd5 req-274b056b-5458-430b-ac99-b083bdd37fd5 ] Request (ListServerFiltersTestJSON:tearDownClass): 200 GET http://10.180.1.21/compute/v2.1/servers/cc94e223-52e5-4afa-9fe5-9d702b96ed86 0.335s
2025-11-22 09:05:37.658 66747 INFO tempest.lib.common.rest_client [req-9884ae4b-f664-466c-9077-eb4e508e2bba req-9884ae4b-f664-466c-9077-eb4e508e2bba ] Request (InstanceActionsV221TestJSON:test_get_list_deleted_instance_actions): 200 GET http://10.180.1.21/compute/v2.1/servers/9d589d1f-1202-4fff-92a7-2a4fe4a4f859 0.340s
2025-11-22 09:05:37.759 66743 INFO tempest.lib.common.rest_client [req-7436ccd1-41c6-4e12-9784-8152ca0f5565 req-7436ccd1-41c6-4e12-9784-8152ca0f5565 ] Request (MultipleCreateTestJSON:tearDownClass): 204 DELETE http://10.180.1.21/compute/v2.1/servers/91aaebca-af63-4cca-82ca-221319143069 0.296s
2025-11-22 09:05:37.777 66725 INFO tempest.lib.common.rest_client [req-8735d1d8-bb45-4f1c-aeec-26b3c6f91208 req-8735d1d8-bb45-4f1c-aeec-26b3c6f91208 ] Request (ServersTestBootFromVolume:test_list_servers_with_detail): 200 GET http://10.180.1.21/compute/v2.1/servers/detail 0.484s
2025-11-22 09:05:37.873 66743 INFO tempest.lib.common.rest_client [req-7e991a8f-7069-4f91-86df-f2d59c10ab1e req-7e991a8f-7069-4f91-86df-f2d59c10ab1e ] Request (MultipleCreateTestJSON:tearDownClass): 204 DELETE http://10.180.1.21/compute/v2.1/servers/4170753a-2c5d-4981-84e2-3eaf1feabd6f 0.114s
2025-11-22 09:05:37.875 66741 INFO tempest.lib.common.rest_client [req-83edf7a9-835b-413a-81ab-d90076f9a95c req-83edf7a9-835b-413a-81ab-d90076f9a95c ] Request (ServerActionsTestOtherB:test_resize_server_confirm_from_stopped): 200 GET http://10.180.1.21/compute/v2.1/servers/8c24f910-8be2-430d-a07c-ced235d1060f 0.215s
2025-11-22 09:05:37.894 66725 INFO tempest.lib.common.rest_client [req-469b41f4-8ce8-4b3f-8372-2317f58cfafe req-469b41f4-8ce8-4b3f-8372-2317f58cfafe ] Request (ServersTestBootFromVolume:test_verify_created_server_vcpus): 200 GET http://10.180.1.21/compute/v2.1/flavors/42 0.107s
2025-11-22 09:05:37.897 66725 INFO tempest.lib.common.ssh [-] Creating ssh connection to '10.180.180.160:22' as 'cirros' with public key authentication
2025-11-22 09:05:37.900 66725 WARNING tempest.lib.common.ssh [-] Failed to establish authenticated ssh connection to cirros@10.180.180.160 ([Errno None] Unable to connect to port 22 on 10.180.180.160). Number attempts: 1. Retry after 2 seconds.: paramiko.ssh_exception.NoValidConnectionsError: [Errno None] Unable to connect to port 22 on 10.180.180.160
2025-11-22 09:05:37.932 66713 INFO tempest.lib.common.rest_client [req-469aef69-15ee-46c5-a626-5191615dfbb2 req-469aef69-15ee-46c5-a626-5191615dfbb2 ] Request (ListImageFiltersTestJSON:setUpClass): 200 GET http://10.180.1.21/compute/v2.1/images/9b4d252c-be24-4710-ae78-c827e46118ba 0.077s
2025-11-22 09:05:37.950 66689 INFO tempest.lib.common.rest_client [req-957b0a0f-1a48-4395-a0bf-d96f3d319cc1 req-957b0a0f-1a48-4395-a0bf-d96f3d319cc1 ] Request (ServersAdmin275Test:tearDownClass): 200 GET http://10.180.1.21/compute/v2.1/servers/6a859176-53a2-4678-8669-39d57102fc78 0.188s
2025-11-22 09:05:38.023 66731 INFO tempest.lib.common.rest_client [req-488bf43a-ca3a-4ec3-b516-7de9562e9178 req-488bf43a-ca3a-4ec3-b516-7de9562e9178 ] Request (ServerDiskConfigTestJSON:test_rebuild_server_with_auto_disk_config): 200 GET http://10.180.1.21/compute/v2.1/servers/cb9954d9-e58d-4954-b23f-e832b5cad4e3 0.072s
2025-11-22 09:05:38.053 66743 INFO tempest.lib.common.rest_client [req-53a0a331-4580-4580-90d4-dd3a55144735 req-53a0a331-4580-4580-90d4-dd3a55144735 ] Request (MultipleCreateTestJSON:tearDownClass): 200 GET http://10.180.1.21/compute/v2.1/servers/91aaebca-af63-4cca-82ca-221319143069 0.180s
2025-11-22 09:05:38.079 66711 INFO tempest.lib.common.rest_client [req-0f462a35-6ffe-4d35-a36e-2546b69fabdc req-0f462a35-6ffe-4d35-a36e-2546b69fabdc ] Request (AttachInterfacesTestJSON:test_create_list_show_delete_interfaces_by_network_port): 200 GET http://10.180.1.21/compute/v2.1/servers/f49da5e9-0676-4780-bafd-3e4b2177bd9b 0.122s
2025-11-22 09:05:38.120 66709 INFO tempest.lib.common.rest_client [req-8031067c-5c40-45fb-99c2-4586acacf875 req-8031067c-5c40-45fb-99c2-4586acacf875 ] Request (ListServersNegativeTestJSON:tearDownClass): 200 GET http://10.180.1.21/compute/v2.1/servers/dee2c7c5-6a83-4a99-8f9e-9ddd981fd86d 0.092s
2025-11-22 09:05:38.149 66701 INFO tempest.lib.common.rest_client [req-2256dd71-c882-41cb-8a85-6430acd4c7af req-2256dd71-c882-41cb-8a85-6430acd4c7af ] Request (ServersTestMultiNic:test_verify_multiple_nics_order): 200 GET http://10.180.1.21/compute/v2.1/servers/6142799e-f4e4-41f1-9e0c-993dc37b74be 0.068s
2025-11-22 09:05:38.157 66701 INFO tempest.common.waiters [-] State transition "BUILD/scheduling" ==> "BUILD/None" after 1 second wait
2025-11-22 09:05:38.237 66734 INFO tempest.lib.common.rest_client [req-50b5c69f-5fe1-4278-9a36-f801f38967b3 req-50b5c69f-5fe1-4278-9a36-f801f38967b3 ] Request (MigrationsAdminTest:test_resize_server_revert_deleted_flavor): 200 GET http://10.180.1.21/compute/v2.1/servers/6a70db32-0f17-4e2c-83c7-1bd577c4645b 0.136s
2025-11-22 09:05:38.238 66703 INFO tempest.lib.common.rest_client [req-14cf4e6a-1a93-429a-9aea-16736c205ad7 req-14cf4e6a-1a93-429a-9aea-16736c205ad7 ] Request (ServerShowV254Test:tearDownClass): 200 GET http://10.180.1.21/compute/v2.1/servers/ad880724-3f46-44b1-8e5b-3e6292b04aed 0.069s
2025-11-22 09:05:38.291 66737 INFO tempest.lib.common.rest_client [req-4f66abaf-a0b1-4262-8eb4-6e000900d18d req-4f66abaf-a0b1-4262-8eb4-6e000900d18d ] Request (AttachInterfacesV270Test:test_create_get_list_interfaces): 200 GET http://10.180.1.21/compute/v2.1/servers/7c809f4c-7d79-4f36-90a0-c2b920467a26 0.120s
2025-11-22 09:05:38.295 66718 INFO tempest.lib.common.rest_client [req-9f49fa4f-f008-46f1-a863-813aa5b54e2f req-9f49fa4f-f008-46f1-a863-813aa5b54e2f ] Request (ImagesTestJSON:test_create_server_from_snapshot): 200 GET http://10.180.1.21/compute/v2.1/servers/5d7e430c-ddba-4bb9-90d4-8e55510bf6f5 0.066s
2025-11-22 09:05:38.346 66735 INFO tempest.lib.common.rest_client [req-530f814e-cd15-41d5-8955-19d48a17d1ed req-530f814e-cd15-41d5-8955-19d48a17d1ed ] Request (DeleteServersTestJSON:test_delete_server_while_in_shelved_state): 200 GET http://10.180.1.21/compute/v2.1/servers/44ce01f3-ec3c-481b-a877-ed8ffc022074 0.062s
2025-11-22 09:05:38.348 66729 INFO tempest.lib.common.rest_client [req-b936c0bd-a90e-4550-973d-9786414f59ce req-b936c0bd-a90e-4550-973d-9786414f59ce ] Request (ServerDiagnosticsTest:tearDownClass): 200 GET http://10.180.1.21/compute/v2.1/servers/84d43574-28e0-48e4-8517-c1f00fc5e3c1 0.107s
2025-11-22 09:05:38.478 66723 INFO tempest.lib.common.rest_client [req-a1616d37-7f27-4a44-9876-1581aa189da9 req-a1616d37-7f27-4a44-9876-1581aa189da9 ] Request (ServersNegativeTestMultiTenantJSON:tearDownClass): 200 GET http://10.180.1.21/compute/v2.1/servers/289a955b-3fa7-4ed9-a223-9959e63e8dfb 0.056s
2025-11-22 09:05:38.700 66687 INFO tempest.lib.common.rest_client [req-37c4184a-d888-4c19-8130-a8ed2414c5b0 req-37c4184a-d888-4c19-8130-a8ed2414c5b0 ] Request (ListServerFiltersTestJSON:tearDownClass): 200 GET http://10.180.1.21/compute/v2.1/servers/cc94e223-52e5-4afa-9fe5-9d702b96ed86 0.121s
2025-11-22 09:05:38.708 66719 INFO tempest.lib.common.rest_client [req-e84a5259-a226-4a1f-9c8d-23401783d369 req-e84a5259-a226-4a1f-9c8d-23401783d369 ] Request (ServerMetadataTestJSON:setUpClass): 200 GET http://10.180.1.21/compute/v2.1/servers/07869919-b539-4b24-8198-54356fee6ded 0.136s
2025-11-22 09:05:38.768 66747 INFO tempest.lib.common.rest_client [req-44e25893-da39-4dbd-af6f-1c9de10f14f9 req-44e25893-da39-4dbd-af6f-1c9de10f14f9 ] Request (InstanceActionsV221TestJSON:test_get_list_deleted_instance_actions): 200 GET http://10.180.1.21/compute/v2.1/servers/9d589d1f-1202-4fff-92a7-2a4fe4a4f859 0.099s
2025-11-22 09:05:38.995 66713 INFO tempest.lib.common.rest_client [req-850ffab3-c6c0-47c9-85cd-f8da29e18150 req-850ffab3-c6c0-47c9-85cd-f8da29e18150 ] Request (ListImageFiltersTestJSON:setUpClass): 200 GET http://10.180.1.21/compute/v2.1/images/9b4d252c-be24-4710-ae78-c827e46118ba 0.059s
2025-11-22 09:05:39.016 66741 INFO tempest.lib.common.rest_client [req-c2737be6-ea7d-4a67-973d-d2e6213c13c9 req-c2737be6-ea7d-4a67-973d-d2e6213c13c9 ] Request (ServerActionsTestOtherB:test_resize_server_confirm_from_stopped): 200 GET http://10.180.1.21/compute/v2.1/servers/8c24f910-8be2-430d-a07c-ced235d1060f 0.132s
2025-11-22 09:05:39.081 66689 INFO tempest.lib.common.rest_client [req-4a971258-f1c2-4cbd-b514-d8c3916362d5 req-4a971258-f1c2-4cbd-b514-d8c3916362d5 ] Request (ServersAdmin275Test:tearDownClass): 200 GET http://10.180.1.21/compute/v2.1/servers/6a859176-53a2-4678-8669-39d57102fc78 0.120s
2025-11-22 09:05:39.086 66705 WARNING tempest.lib.common.ssh [-] Failed to establish authenticated ssh connection to cirros@10.180.180.192 ([Errno None] Unable to connect to port 22 on 10.180.180.192). Number attempts: 3. Retry after 4 seconds.: paramiko.ssh_exception.NoValidConnectionsError: [Errno None] Unable to connect to port 22 on 10.180.180.192
2025-11-22 09:05:39.098 66731 INFO tempest.lib.common.rest_client [req-6b1529f9-276d-4fe0-aeb0-06aa143affaa req-6b1529f9-276d-4fe0-aeb0-06aa143affaa ] Request (ServerDiskConfigTestJSON:test_rebuild_server_with_auto_disk_config): 200 GET http://10.180.1.21/compute/v2.1/servers/cb9954d9-e58d-4954-b23f-e832b5cad4e3 0.066s
2025-11-22 09:05:39.152 66711 INFO tempest.lib.common.rest_client [req-56965f02-8fa0-46f1-80c1-4901d9a0875c req-56965f02-8fa0-46f1-80c1-4901d9a0875c ] Request (AttachInterfacesTestJSON:test_create_list_show_delete_interfaces_by_network_port): 200 GET http://10.180.1.21/compute/v2.1/servers/f49da5e9-0676-4780-bafd-3e4b2177bd9b 0.064s
2025-11-22 09:05:39.210 66709 INFO tempest.lib.common.rest_client [req-670b7430-f812-40bf-85f8-1eee20b231ab req-670b7430-f812-40bf-85f8-1eee20b231ab ] Request (ListServersNegativeTestJSON:tearDownClass): 200 GET http://10.180.1.21/compute/v2.1/servers/dee2c7c5-6a83-4a99-8f9e-9ddd981fd86d 0.081s
2025-11-22 09:05:39.212 66743 INFO tempest.lib.common.rest_client [req-ec74f222-bc3c-4a28-9c08-9fcf9e11633f req-ec74f222-bc3c-4a28-9c08-9fcf9e11633f ] Request (MultipleCreateTestJSON:tearDownClass): 200 GET http://10.180.1.21/compute/v2.1/servers/91aaebca-af63-4cca-82ca-221319143069 0.151s
2025-11-22 09:05:39.260 66701 INFO tempest.lib.common.rest_client [req-24292c45-f8d4-45b4-9013-b7d381386ae0 req-24292c45-f8d4-45b4-9013-b7d381386ae0 ] Request (ServersTestMultiNic:test_verify_multiple_nics_order): 200 GET http://10.180.1.21/compute/v2.1/servers/6142799e-f4e4-41f1-9e0c-993dc37b74be 0.101s
2025-11-22 09:05:39.320 66703 INFO tempest.lib.common.rest_client [req-26cc4112-a78f-4d4a-a97c-bde56862d011 req-26cc4112-a78f-4d4a-a97c-bde56862d011 ] Request (ServerShowV254Test:tearDownClass): 200 GET http://10.180.1.21/compute/v2.1/servers/ad880724-3f46-44b1-8e5b-3e6292b04aed 0.072s
2025-11-22 09:05:39.374 66734 INFO tempest.lib.common.rest_client [req-0269711e-99a1-4876-a236-dea16dfadf7f req-0269711e-99a1-4876-a236-dea16dfadf7f ] Request (MigrationsAdminTest:test_resize_server_revert_deleted_flavor): 200 GET http://10.180.1.21/compute/v2.1/servers/6a70db32-0f17-4e2c-83c7-1bd577c4645b 0.129s
2025-11-22 09:05:39.397 66737 INFO tempest.lib.common.rest_client [req-566fd149-3a59-4c02-af9f-e321130e9cd9 req-566fd149-3a59-4c02-af9f-e321130e9cd9 ] Request (AttachInterfacesV270Test:test_create_get_list_interfaces): 200 GET http://10.180.1.21/compute/v2.1/servers/7c809f4c-7d79-4f36-90a0-c2b920467a26 0.094s
2025-11-22 09:05:39.427 66718 INFO tempest.lib.common.rest_client [req-a81b80ba-0180-4a97-af8c-40adb4702903 req-a81b80ba-0180-4a97-af8c-40adb4702903 ] Request (ImagesTestJSON:test_create_server_from_snapshot): 200 GET http://10.180.1.21/compute/v2.1/servers/5d7e430c-ddba-4bb9-90d4-8e55510bf6f5 0.124s
2025-11-22 09:05:39.447 66735 INFO tempest.lib.common.rest_client [req-652f2460-ec8f-48ef-a2cf-3b037d21d1b8 req-652f2460-ec8f-48ef-a2cf-3b037d21d1b8 ] Request (DeleteServersTestJSON:test_delete_server_while_in_shelved_state): 200 GET http://10.180.1.21/compute/v2.1/servers/44ce01f3-ec3c-481b-a877-ed8ffc022074 0.093s
2025-11-22 09:05:39.494 66729 INFO tempest.lib.common.rest_client [req-675d640f-b052-4b01-bff2-d7f5628b03af req-675d640f-b052-4b01-bff2-d7f5628b03af ] Request (ServerDiagnosticsTest:tearDownClass): 200 GET http://10.180.1.21/compute/v2.1/servers/84d43574-28e0-48e4-8517-c1f00fc5e3c1 0.136s
2025-11-22 09:05:39.561 66723 INFO tempest.lib.common.rest_client [req-ba3a38d0-05b5-44b5-b499-f9c555abb806 req-ba3a38d0-05b5-44b5-b499-f9c555abb806 ] Request (ServersNegativeTestMultiTenantJSON:tearDownClass): 200 GET http://10.180.1.21/compute/v2.1/servers/289a955b-3fa7-4ed9-a223-9959e63e8dfb 0.074s
2025-11-22 09:05:39.570 66723 INFO tempest.common.waiters [-] State transition "ACTIVE/deleting" ==> "DELETED/None" after 4 second wait
2025-11-22 09:05:39.783 66687 INFO tempest.lib.common.rest_client [req-d2fb4908-2284-432b-8a84-e595bf0674e4 req-d2fb4908-2284-432b-8a84-e595bf0674e4 ] Request (ListServerFiltersTestJSON:tearDownClass): 200 GET http://10.180.1.21/compute/v2.1/servers/cc94e223-52e5-4afa-9fe5-9d702b96ed86 0.075s
2025-11-22 09:05:39.865 66719 INFO tempest.lib.common.rest_client [req-7b39f9d6-288d-48be-8f5b-625380f8e2d1 req-7b39f9d6-288d-48be-8f5b-625380f8e2d1 ] Request (ServerMetadataTestJSON:setUpClass): 200 GET http://10.180.1.21/compute/v2.1/servers/07869919-b539-4b24-8198-54356fee6ded 0.149s
2025-11-22 09:05:39.883 66747 INFO tempest.lib.common.rest_client [req-c7932fc1-41a6-4cb8-8bc7-1a9f502dc2af req-c7932fc1-41a6-4cb8-8bc7-1a9f502dc2af ] Request (InstanceActionsV221TestJSON:test_get_list_deleted_instance_actions): 200 GET http://10.180.1.21/compute/v2.1/servers/9d589d1f-1202-4fff-92a7-2a4fe4a4f859 0.106s
2025-11-22 09:05:40.051 66713 INFO tempest.lib.common.rest_client [req-085517aa-4713-443f-9c74-f3ff4fc7c575 req-085517aa-4713-443f-9c74-f3ff4fc7c575 ] Request (ListImageFiltersTestJSON:setUpClass): 200 GET http://10.180.1.21/compute/v2.1/images/9b4d252c-be24-4710-ae78-c827e46118ba 0.051s
2025-11-22 09:05:40.107 66713 INFO tempest.lib.common.rest_client [req-df405879-a853-46b6-8d8c-57e71418d63b req-df405879-a853-46b6-8d8c-57e71418d63b ] Request (ListImageFiltersTestJSON:setUpClass): 200 GET http://10.180.1.21/compute/v2.1/images/9b4d252c-be24-4710-ae78-c827e46118ba 0.051s
2025-11-22 09:05:40.258 66689 INFO tempest.lib.common.rest_client [req-43ea4f11-b832-404c-8b26-28dc68ed8896 req-43ea4f11-b832-404c-8b26-28dc68ed8896 ] Request (ServersAdmin275Test:tearDownClass): 200 GET http://10.180.1.21/compute/v2.1/servers/6a859176-53a2-4678-8669-39d57102fc78 0.162s
2025-11-22 09:05:40.404 66725 WARNING tempest.lib.common.ssh [-] Failed to establish authenticated ssh connection to cirros@10.180.180.160 ([Errno None] Unable to connect to port 22 on 10.180.180.160). Number attempts: 2. Retry after 3 seconds.: paramiko.ssh_exception.NoValidConnectionsError: [Errno None] Unable to connect to port 22 on 10.180.180.160
2025-11-22 09:05:40.516 66699 WARNING tempest.lib.common.ssh [-] Failed to establish authenticated ssh connection to cirros@10.180.180.246 ([Errno None] Unable to connect to port 22 on 10.180.180.246). Number attempts: 14. Retry after 15 seconds.: paramiko.ssh_exception.NoValidConnectionsError: [Errno None] Unable to connect to port 22 on 10.180.180.246
2025-11-22 09:05:40.518 66707 WARNING tempest.lib.common.ssh [-] Failed to establish authenticated ssh connection to cirros@10.180.180.210 ([Errno None] Unable to connect to port 22 on 10.180.180.210). Number attempts: 1. Retry after 2 seconds.: paramiko.ssh_exception.NoValidConnectionsError: [Errno None] Unable to connect to port 22 on 10.180.180.210
2025-11-22 09:05:40.522 66741 INFO tempest.lib.common.rest_client [req-3b2158da-eca9-492a-888b-753bea961431 req-3b2158da-eca9-492a-888b-753bea961431 ] Request (ServerActionsTestOtherB:test_resize_server_confirm_from_stopped): 200 GET http://10.180.1.21/compute/v2.1/servers/8c24f910-8be2-430d-a07c-ced235d1060f 0.495s
2025-11-22 09:05:40.701 66731 INFO tempest.lib.common.rest_client [req-27e1cd2a-add2-447b-ae8d-e7deb9b4c505 req-27e1cd2a-add2-447b-ae8d-e7deb9b4c505 ] Request (ServerDiskConfigTestJSON:test_rebuild_server_with_auto_disk_config): 200 GET http://10.180.1.21/compute/v2.1/servers/cb9954d9-e58d-4954-b23f-e832b5cad4e3 0.591s
2025-11-22 09:05:40.713 66731 INFO tempest.common.waiters [-] State transition "BUILD/None" ==> "BUILD/block_device_mapping" after 35 second wait
2025-11-22 09:05:40.762 66713 INFO tempest.lib.common.rest_client [req-4f6ae84f-47d0-41ef-9673-95274aa65536 req-4f6ae84f-47d0-41ef-9673-95274aa65536 ] Request (ListImageFiltersTestJSON:setUpClass): 200 GET http://10.180.1.21/compute/v2.1/servers/2201a5b6-f0ac-44f2-af9e-b31c45ae41aa 0.650s
2025-11-22 09:05:40.794 66711 INFO tempest.lib.common.rest_client [req-aacdea4a-79e0-4f5d-b6f2-90c3d675a966 req-aacdea4a-79e0-4f5d-b6f2-90c3d675a966 ] Request (AttachInterfacesTestJSON:test_create_list_show_delete_interfaces_by_network_port): 200 GET http://10.180.1.21/compute/v2.1/servers/f49da5e9-0676-4780-bafd-3e4b2177bd9b 0.628s
2025-11-22 09:05:40.836 66709 INFO tempest.lib.common.rest_client [req-a4b9035a-2a89-4847-a07c-bc1bc73919f8 req-a4b9035a-2a89-4847-a07c-bc1bc73919f8 ] Request (ListServersNegativeTestJSON:tearDownClass): 200 GET http://10.180.1.21/compute/v2.1/servers/dee2c7c5-6a83-4a99-8f9e-9ddd981fd86d 0.616s
2025-11-22 09:05:40.852 66743 INFO tempest.lib.common.rest_client [req-f5e99472-e964-4ac5-89b3-c631d38645ff req-f5e99472-e964-4ac5-89b3-c631d38645ff ] Request (MultipleCreateTestJSON:tearDownClass): 200 GET http://10.180.1.21/compute/v2.1/servers/91aaebca-af63-4cca-82ca-221319143069 0.629s
2025-11-22 09:05:40.900 66701 INFO tempest.lib.common.rest_client [req-59ebc416-9204-40cc-b58f-92ea274cbecc req-59ebc416-9204-40cc-b58f-92ea274cbecc ] Request (ServersTestMultiNic:test_verify_multiple_nics_order): 200 GET http://10.180.1.21/compute/v2.1/servers/6142799e-f4e4-41f1-9e0c-993dc37b74be 0.632s
2025-11-22 09:05:40.925 66703 INFO tempest.lib.common.rest_client [req-e051ee80-5b63-4dcd-aa46-de1df8b08685 req-e051ee80-5b63-4dcd-aa46-de1df8b08685 ] Request (ServerShowV254Test:tearDownClass): 200 GET http://10.180.1.21/compute/v2.1/servers/ad880724-3f46-44b1-8e5b-3e6292b04aed 0.594s
2025-11-22 09:05:41.031 66737 INFO tempest.lib.common.rest_client [req-dfedee7c-7726-47ac-a956-8cac19089758 req-dfedee7c-7726-47ac-a956-8cac19089758 ] Request (AttachInterfacesV270Test:test_create_get_list_interfaces): 200 GET http://10.180.1.21/compute/v2.1/servers/7c809f4c-7d79-4f36-90a0-c2b920467a26 0.623s
2025-11-22 09:05:41.051 66734 INFO tempest.lib.common.rest_client [req-fc378c54-3c45-4fa1-836c-53861562dd83 req-fc378c54-3c45-4fa1-836c-53861562dd83 ] Request (MigrationsAdminTest:test_resize_server_revert_deleted_flavor): 200 GET http://10.180.1.21/compute/v2.1/servers/6a70db32-0f17-4e2c-83c7-1bd577c4645b 0.670s
2025-11-22 09:05:41.085 66718 INFO tempest.lib.common.rest_client [req-43ce4b7d-3674-49f0-8776-33371cbd60a4 req-43ce4b7d-3674-49f0-8776-33371cbd60a4 ] Request (ImagesTestJSON:test_create_server_from_snapshot): 200 GET http://10.180.1.21/compute/v2.1/servers/5d7e430c-ddba-4bb9-90d4-8e55510bf6f5 0.650s
2025-11-22 09:05:41.101 66735 INFO tempest.lib.common.rest_client [req-a8d3e528-d0fe-458f-9b09-65f245ebb031 req-a8d3e528-d0fe-458f-9b09-65f245ebb031 ] Request (DeleteServersTestJSON:test_delete_server_while_in_shelved_state): 200 GET http://10.180.1.21/compute/v2.1/servers/44ce01f3-ec3c-481b-a877-ed8ffc022074 0.646s
2025-11-22 09:05:41.146 66729 INFO tempest.lib.common.rest_client [req-c2f3ce29-3d2d-4fd8-a092-4bd4763da89d req-c2f3ce29-3d2d-4fd8-a092-4bd4763da89d ] Request (ServerDiagnosticsTest:tearDownClass): 200 GET http://10.180.1.21/compute/v2.1/servers/84d43574-28e0-48e4-8517-c1f00fc5e3c1 0.643s
2025-11-22 09:05:41.157 66723 INFO tempest.lib.common.rest_client [req-e985bd13-dc54-408e-8263-5a4d4fdde04e req-e985bd13-dc54-408e-8263-5a4d4fdde04e ] Request (ServersNegativeTestMultiTenantJSON:tearDownClass): 200 GET http://10.180.1.21/compute/v2.1/servers/289a955b-3fa7-4ed9-a223-9959e63e8dfb 0.586s
2025-11-22 09:05:41.209 66687 INFO tempest.lib.common.rest_client [req-72454eec-75f4-47bc-acc6-b8659981079f req-72454eec-75f4-47bc-acc6-b8659981079f ] Request (ListServerFiltersTestJSON:tearDownClass): 200 GET http://10.180.1.21/compute/v2.1/servers/cc94e223-52e5-4afa-9fe5-9d702b96ed86 0.415s
2025-11-22 09:05:41.216 66687 INFO tempest.common.waiters [-] State transition "ACTIVE/deleting" ==> "DELETED/None" after 5 second wait
2025-11-22 09:05:41.239 66727 WARNING tempest.lib.common.ssh [-] Failed to establish authenticated ssh connection to cirros@10.180.180.229 ([Errno None] Unable to connect to port 22 on 10.180.180.229). Number attempts: 8. Retry after 9 seconds.: paramiko.ssh_exception.NoValidConnectionsError: [Errno None] Unable to connect to port 22 on 10.180.180.229
2025-11-22 09:05:41.296 66747 INFO tempest.lib.common.rest_client [req-cb6ff9a4-1b12-4be3-8787-2473fbddaab0 req-cb6ff9a4-1b12-4be3-8787-2473fbddaab0 ] Request (InstanceActionsV221TestJSON:test_get_list_deleted_instance_actions): 200 GET http://10.180.1.21/compute/v2.1/servers/9d589d1f-1202-4fff-92a7-2a4fe4a4f859 0.399s
2025-11-22 09:05:41.315 66719 INFO tempest.lib.common.rest_client [req-530749b8-30db-4ed1-bed7-4aa59293bc38 req-530749b8-30db-4ed1-bed7-4aa59293bc38 ] Request (ServerMetadataTestJSON:setUpClass): 200 GET http://10.180.1.21/compute/v2.1/servers/07869919-b539-4b24-8198-54356fee6ded 0.441s
2025-11-22 09:05:41.322 66719 INFO tempest.common.waiters [-] State transition "BUILD/spawning" ==> "ACTIVE/None" after 44 second wait
2025-11-22 09:05:41.361 66689 INFO tempest.lib.common.rest_client [req-a3546121-417c-4d64-b755-f9f01cc27e0b req-a3546121-417c-4d64-b755-f9f01cc27e0b ] Request (ServersAdmin275Test:tearDownClass): 200 GET http://10.180.1.21/compute/v2.1/servers/6a859176-53a2-4678-8669-39d57102fc78 0.090s
2025-11-22 09:05:41.388 66719 INFO tempest.lib.common.rest_client [req-88188ff0-b38a-4a53-96af-7467b6e4fe18 req-88188ff0-b38a-4a53-96af-7467b6e4fe18 ] Request (ServerMetadataTestJSON:setUp): 200 PUT http://10.180.1.21/compute/v2.1/servers/07869919-b539-4b24-8198-54356fee6ded/metadata 0.065s
2025-11-22 09:05:41.427 66719 INFO tempest.lib.common.rest_client [req-d020f546-c453-4fb7-bc03-b598c857681d req-d020f546-c453-4fb7-bc03-b598c857681d ] Request (ServerMetadataTestJSON:test_delete_server_metadata_item): 204 DELETE http://10.180.1.21/compute/v2.1/servers/07869919-b539-4b24-8198-54356fee6ded/metadata/key1 0.038s
