2025-11-22 09:04:39.688 66723 INFO tempest.lib.common.rest_client [req-8101fc2b-57eb-4d60-857d-76b41a5f3513 req-8101fc2b-57eb-4d60-857d-76b41a5f3513 ] Request (ServersNegativeTestMultiTenantJSON:setUpClass): 200 GET http://10.180.1.21/compute/v2.1/servers/289a955b-3fa7-4ed9-a223-9959e63e8dfb 0.068s
2025-11-22 09:04:39.866 66741 INFO tempest.lib.common.rest_client [req-5d1c990d-1e01-406f-b2d0-ac1634f0e909 req-5d1c990d-1e01-406f-b2d0-ac1634f0e909 ] Request (ServerActionsTestOtherB:test_create_backup): 200 GET http://10.180.1.21/compute/v2.1/servers/8c24f910-8be2-430d-a07c-ced235d1060f 0.228s
2025-11-22 09:04:39.893 66685 INFO tempest.lib.common.rest_client [req-60243f8b-53b9-47e9-baa2-4d9ca2d9d89d req-60243f8b-53b9-47e9-baa2-4d9ca2d9d89d ] Request (ServersWithSpecificFlavorTestJSON:test_verify_created_server_ephemeral_disk): 200 GET http://10.180.1.21/compute/v2.1/servers/ac56cad6-c397-4945-8247-71c954f90f81 0.202s
2025-11-22 09:04:39.900 66685 INFO tempest.common.waiters [-] State transition "BUILD/networking" ==> "BUILD/block_device_mapping" after 73 second wait
2025-11-22 09:04:39.930 66689 INFO tempest.lib.common.rest_client [req-371c0b11-6970-4545-a4af-08d297588055 req-371c0b11-6970-4545-a4af-08d297588055 ] Request (ServersAdmin275Test:test_rebuild_update_server_275): 200 GET http://10.180.1.21/compute/v2.1/servers/6a859176-53a2-4678-8669-39d57102fc78 0.213s
2025-11-22 09:04:39.937 66713 INFO tempest.lib.common.rest_client [req-6225bb24-6ecf-4e15-a6ae-5303bd9fa64a req-6225bb24-6ecf-4e15-a6ae-5303bd9fa64a ] Request (ListImageFiltersTestJSON:setUpClass): 200 GET http://10.180.1.21/compute/v2.1/images/79b4dba9-1a70-47b5-b96e-ed5069953576 0.210s
2025-11-22 09:04:39.993 66719 INFO tempest.lib.common.rest_client [req-f4c0b233-00a7-47a0-ab9f-e70c617d1cc1 req-f4c0b233-00a7-47a0-ab9f-e70c617d1cc1 ] Request (ServerGroupTestJSON:_run_cleanups): 200 GET http://10.180.1.21/compute/v2.1/servers/bed4788b-8024-4a97-8612-45821dc862e7 0.203s
2025-11-22 09:04:40.011 66707 INFO tempest.lib.common.rest_client [req-122aa5f7-9900-49e4-a184-bb38e5985137 req-122aa5f7-9900-49e4-a184-bb38e5985137 ] Request (AttachVolumeNegativeTest:test_attach_attached_volume_to_different_server): 200 GET http://10.180.1.21/compute/v2.1/servers/89822c3d-768e-4516-917f-dc28a07098de 0.205s
2025-11-22 09:04:40.050 66743 INFO tempest.lib.common.rest_client [req-2746fcb7-2781-4bf8-986d-4764a5aaff7a req-2746fcb7-2781-4bf8-986d-4764a5aaff7a ] Request (MultipleCreateTestJSON:test_multiple_create_with_reservation_return): 200 GET http://10.180.1.21/compute/v2.1/servers/4170753a-2c5d-4981-84e2-3eaf1feabd6f 0.191s
2025-11-22 09:04:40.085 66731 INFO tempest.lib.common.rest_client [req-b1650d9d-8bf4-4827-883d-a5d73ac6495f req-b1650d9d-8bf4-4827-883d-a5d73ac6495f ] Request (FloatingIPsAssociationNegativeTestJSON:tearDownClass): 200 GET http://10.180.1.21/compute/v2.1/servers/3623e55c-da09-4ca2-b0be-902ec6707ff9 0.104s
2025-11-22 09:04:40.161 66727 INFO tempest.lib.common.rest_client [req-57b7a78e-5c0c-46f5-a49b-931c69c68c1d req-57b7a78e-5c0c-46f5-a49b-931c69c68c1d ] Request (ServerActionsTestOtherA:setUpClass): 200 GET http://10.180.1.21/compute/v2.1/servers/47ef2216-f972-4c3e-9707-4968b824c37c 0.118s
2025-11-22 09:04:40.173 66718 INFO tempest.lib.common.rest_client [req-72532c41-740f-4965-8045-590b7a0542bf req-72532c41-740f-4965-8045-590b7a0542bf ] Request (ImagesTestJSON:test_create_server_from_snapshot): 200 GET http://10.180.1.21/compute/v2.1/servers/065200c9-ab8c-4a77-8b06-724bc8792962 0.061s
2025-11-22 09:04:40.223 66705 INFO tempest.lib.common.rest_client [req-fb33ada1-bf3d-4a83-87f7-df0af5229c67 req-fb33ada1-bf3d-4a83-87f7-df0af5229c67 ] Request (AttachVolumeShelveTestJSON:test_attach_volume_shelved_or_offload_server): 200 GET http://10.180.1.21/compute/v2.1/servers/70209a70-165e-4092-b4ac-879b6a6f29b5 0.098s
2025-11-22 09:04:40.238 66705 INFO tempest.common.waiters [-] State transition "BUILD/scheduling" ==> "BUILD/None" after 35 second wait
2025-11-22 09:04:40.243 66747 INFO tempest.lib.common.rest_client [req-e8492c08-eab0-4639-822f-c550dd2944c3 req-e8492c08-eab0-4639-822f-c550dd2944c3 ] Request (InstanceActionsV221TestJSON:test_get_list_deleted_instance_actions): 200 GET http://10.180.1.21/compute/v2.1/servers/9d589d1f-1202-4fff-92a7-2a4fe4a4f859 0.072s
2025-11-22 09:04:40.250 66737 INFO tempest.lib.common.rest_client [req-4059cb1e-8787-4230-82ba-47fa4b56f906 req-4059cb1e-8787-4230-82ba-47fa4b56f906 ] Request (FloatingIPsAssociationTestJSON:tearDownClass): 404 GET http://10.180.1.21/compute/v2.1/servers/5175b31f-4b06-4ba8-86ac-60966ad2d6a3 0.053s
2025-11-22 09:04:40.355 66725 WARNING tempest.lib.common.ssh [-] Failed to establish authenticated ssh connection to cirros@10.180.180.160 ([Errno None] Unable to connect to port 22 on 10.180.180.160). Number attempts: 14. Retry after 15 seconds.: paramiko.ssh_exception.NoValidConnectionsError: [Errno None] Unable to connect to port 22 on 10.180.180.160
2025-11-22 09:04:40.424 66703 INFO tempest.lib.common.rest_client [req-1b943357-fafc-49c7-884c-a5b94a9615ed req-1b943357-fafc-49c7-884c-a5b94a9615ed ] Request (ServerShowV254Test:test_rebuild_server): 200 GET http://10.180.1.21/compute/v2.1/servers/ad880724-3f46-44b1-8e5b-3e6292b04aed 0.134s
2025-11-22 09:04:40.624 66734 INFO tempest.lib.common.rest_client [req-1b9b3c44-85da-45d7-9cd2-439b9b53c616 req-1b9b3c44-85da-45d7-9cd2-439b9b53c616 ] Request (MigrationsAdminTest:test_resize_server_revert_deleted_flavor): 200 GET http://10.180.1.21/compute/v2.1/servers/6a70db32-0f17-4e2c-83c7-1bd577c4645b 0.310s
2025-11-22 09:04:40.631 66734 INFO tempest.common.waiters [-] State transition "BUILD/spawning" ==> "ACTIVE/None" after 85 second wait
2025-11-22 09:04:40.768 66709 INFO tempest.lib.common.rest_client [req-31e8a8f2-2f80-4b1d-a5f6-5b4425b7481d req-31e8a8f2-2f80-4b1d-a5f6-5b4425b7481d ] Request (ListServersNegativeTestJSON:setUpClass): 200 GET http://10.180.1.21/compute/v2.1/servers/2025c0aa-6096-46c6-93e0-869600505d61 0.382s
2025-11-22 09:04:40.876 66737 INFO tempest.lib.common.rest_client [req-fbacec43-24fb-46e5-8962-f066644713ca req-fbacec43-24fb-46e5-8962-f066644713ca ] Request (FloatingIPsAssociationTestJSON:tearDownClass): 202 DELETE http://10.180.1.21/compute/v2.1/os-floating-ips/5483e515-ab53-4032-962c-1dd749000c0b 0.625s
2025-11-22 09:04:40.885 66735 INFO tempest.lib.common.rest_client [req-42fdc1db-4f46-49c5-ab37-e39cc49c73dc req-42fdc1db-4f46-49c5-ab37-e39cc49c73dc ] Request (DeleteServersTestJSON:test_delete_server_while_in_attached_volume): 200 GET http://10.180.1.21/compute/v2.1/servers/c11f4633-8e3a-4731-b36c-80593bd3223b 0.479s
2025-11-22 09:04:40.932 66729 INFO tempest.lib.common.rest_client [req-792d00fa-116d-4919-a79a-e03bb86cc98d req-792d00fa-116d-4919-a79a-e03bb86cc98d ] Request (ServerDiagnosticsTest:test_get_server_diagnostics): 200 GET http://10.180.1.21/compute/v2.1/servers/84d43574-28e0-48e4-8517-c1f00fc5e3c1 0.427s
2025-11-22 09:04:40.934 66711 INFO tempest.lib.common.rest_client [req-60411b3d-23e3-4c52-83e4-e6e2b1936ea1 req-60411b3d-23e3-4c52-83e4-e6e2b1936ea1 ] Request (AttachInterfacesTestJSON:_run_cleanups): 200 GET http://10.180.1.21/compute/v2.1/servers/a121a65e-d11a-4c79-8076-c1e5358bb89d 0.493s
2025-11-22 09:04:40.980 66701 INFO tempest.lib.common.rest_client [req-c347d45f-5ab3-490c-955f-576c4ad74c61 req-c347d45f-5ab3-490c-955f-576c4ad74c61 ] Request (ServersTestMultiNic:test_verify_duplicate_network_nics): 200 GET http://10.180.1.21/compute/v2.1/servers/3a339820-12e6-4d84-ae0c-076f5df05d85 0.430s
2025-11-22 09:04:40.989 66687 INFO tempest.lib.common.rest_client [req-9ba42d84-0db9-4a93-816b-bdd77c145f32 req-9ba42d84-0db9-4a93-816b-bdd77c145f32 ] Request (ListServerFiltersTestJSON:tearDownClass): 200 GET http://10.180.1.21/compute/v2.1/servers/0aa855e6-fdd7-4867-851e-c3d710a1b2f6 0.360s
2025-11-22 09:04:41.040 66723 INFO tempest.lib.common.rest_client [req-e11420b5-9bd0-4705-91cf-c924102391bf req-e11420b5-9bd0-4705-91cf-c924102391bf ] Request (ServersNegativeTestMultiTenantJSON:setUpClass): 200 GET http://10.180.1.21/compute/v2.1/servers/289a955b-3fa7-4ed9-a223-9959e63e8dfb 0.344s
2025-11-22 09:04:41.081 66734 INFO tempest.lib.common.rest_client [req-784ba08b-da94-4ca6-834b-b933b7b29b6d req-784ba08b-da94-4ca6-834b-b933b7b29b6d ] Request (MigrationsAdminTest:test_resize_server_revert_deleted_flavor): 200 GET http://10.180.1.21/compute/v2.1/servers/6a70db32-0f17-4e2c-83c7-1bd577c4645b 0.449s
2025-11-22 09:04:41.138 66741 INFO tempest.lib.common.rest_client [req-398de660-a736-4a39-8a90-03fd7b7794f4 req-398de660-a736-4a39-8a90-03fd7b7794f4 ] Request (ServerActionsTestOtherB:test_create_backup): 200 GET http://10.180.1.21/compute/v2.1/servers/8c24f910-8be2-430d-a07c-ced235d1060f 0.263s
2025-11-22 09:04:41.145 66741 INFO tempest.common.waiters [-] State transition "ACTIVE/image_uploading" ==> "ACTIVE/None" after 2 second wait
2025-11-22 09:04:41.150 66737 INFO tempest.lib.common.rest_client [req-dfac5f19-a104-4a65-933d-73163357683b req-dfac5f19-a104-4a65-933d-73163357683b ] Request (FloatingIPsAssociationTestJSON:tearDownClass): 204 DELETE http://10.180.1.21/compute/v2.1/servers/beb1d19f-1268-4a4b-86fc-ba4e09a61449 0.274s
2025-11-22 09:04:41.187 66713 INFO tempest.lib.common.rest_client [req-bc50ead7-e237-4573-88f3-64b14fcaa910 req-bc50ead7-e237-4573-88f3-64b14fcaa910 ] Request (ListImageFiltersTestJSON:setUpClass): 200 GET http://10.180.1.21/compute/v2.1/images/79b4dba9-1a70-47b5-b96e-ed5069953576 0.245s
2025-11-22 09:04:41.243 66685 INFO tempest.lib.common.rest_client [req-f1fd36a6-52ac-42ad-8265-e5a03b5fce28 req-f1fd36a6-52ac-42ad-8265-e5a03b5fce28 ] Request (ServersWithSpecificFlavorTestJSON:test_verify_created_server_ephemeral_disk): 200 GET http://10.180.1.21/compute/v2.1/servers/ac56cad6-c397-4945-8247-71c954f90f81 0.341s
2025-11-22 09:04:41.248 66689 INFO tempest.lib.common.rest_client [req-b2d6b7a9-5615-45ba-a32e-4407b4537788 req-b2d6b7a9-5615-45ba-a32e-4407b4537788 ] Request (ServersAdmin275Test:test_rebuild_update_server_275): 200 GET http://10.180.1.21/compute/v2.1/servers/6a859176-53a2-4678-8669-39d57102fc78 0.306s
2025-11-22 09:04:41.249 66685 INFO tempest.common.waiters [-] State transition "BUILD/block_device_mapping" ==> "BUILD/spawning" after 75 second wait
2025-11-22 09:04:41.301 66707 INFO tempest.lib.common.rest_client [req-83ec0836-d811-400b-95c1-53a77e613207 req-83ec0836-d811-400b-95c1-53a77e613207 ] Request (AttachVolumeNegativeTest:test_attach_attached_volume_to_different_server): 200 GET http://10.180.1.21/compute/v2.1/servers/89822c3d-768e-4516-917f-dc28a07098de 0.282s
2025-11-22 09:04:41.305 66719 INFO tempest.lib.common.rest_client [req-c83fa175-5410-44fc-b41a-64a4f6d6ee52 req-c83fa175-5410-44fc-b41a-64a4f6d6ee52 ] Request (ServerGroupTestJSON:_run_cleanups): 200 GET http://10.180.1.21/compute/v2.1/servers/bed4788b-8024-4a97-8612-45821dc862e7 0.300s
2025-11-22 09:04:41.333 66734 INFO tempest.lib.common.rest_client [req-a732c37c-b73a-436b-84ac-0ce84f332988 req-a732c37c-b73a-436b-84ac-0ce84f332988 ] Request (MigrationsAdminTest:test_resize_server_revert_deleted_flavor): 202 DELETE http://10.180.1.21/compute/v2.1/flavors/7d8075fa-7296-4f87-917f-41442653e29f 0.246s
2025-11-22 09:04:41.376 66743 INFO tempest.lib.common.rest_client [req-774cfef9-f786-4264-9a85-97c5a171fc53 req-774cfef9-f786-4264-9a85-97c5a171fc53 ] Request (MultipleCreateTestJSON:test_multiple_create_with_reservation_return): 200 GET http://10.180.1.21/compute/v2.1/servers/4170753a-2c5d-4981-84e2-3eaf1feabd6f 0.317s
2025-11-22 09:04:41.400 66731 INFO tempest.lib.common.rest_client [req-e036d67a-6128-4a72-aeaa-80883e3d2629 req-e036d67a-6128-4a72-aeaa-80883e3d2629 ] Request (FloatingIPsAssociationNegativeTestJSON:tearDownClass): 200 GET http://10.180.1.21/compute/v2.1/servers/3623e55c-da09-4ca2-b0be-902ec6707ff9 0.306s
2025-11-22 09:04:41.541 66737 INFO tempest.lib.common.rest_client [req-866579c6-cbdf-4fb0-bbf6-2e6b454e70b8 req-866579c6-cbdf-4fb0-bbf6-2e6b454e70b8 ] Request (FloatingIPsAssociationTestJSON:tearDownClass): 200 GET http://10.180.1.21/compute/v2.1/servers/beb1d19f-1268-4a4b-86fc-ba4e09a61449 0.391s
2025-11-22 09:04:41.668 66727 INFO tempest.lib.common.rest_client [req-08ef6b35-49f6-42f8-94b5-43677507b4b9 req-08ef6b35-49f6-42f8-94b5-43677507b4b9 ] Request (ServerActionsTestOtherA:setUpClass): 200 GET http://10.180.1.21/compute/v2.1/servers/47ef2216-f972-4c3e-9707-4968b824c37c 0.497s
2025-11-22 09:04:41.736 66718 INFO tempest.lib.common.rest_client [req-0aa50cff-7d67-4680-a1b9-b1b38e70c9d8 req-0aa50cff-7d67-4680-a1b9-b1b38e70c9d8 ] Request (ImagesTestJSON:test_create_server_from_snapshot): 200 GET http://10.180.1.21/compute/v2.1/servers/065200c9-ab8c-4a77-8b06-724bc8792962 0.553s
2025-11-22 09:04:41.799 66705 INFO tempest.lib.common.rest_client [req-04a5a497-f6f5-45ff-a235-1f484394cb82 req-04a5a497-f6f5-45ff-a235-1f484394cb82 ] Request (AttachVolumeShelveTestJSON:test_attach_volume_shelved_or_offload_server): 200 GET http://10.180.1.21/compute/v2.1/servers/70209a70-165e-4092-b4ac-879b6a6f29b5 0.559s
2025-11-22 09:04:41.802 66741 INFO tempest.lib.common.rest_client [req-f091d1ba-0c8a-48c6-8d70-ae9811e4f864 req-f091d1ba-0c8a-48c6-8d70-ae9811e4f864 ] Request (ServerActionsTestOtherB:test_create_backup): 202 POST http://10.180.1.21/compute/v2.1/servers/8c24f910-8be2-430d-a07c-ced235d1060f/action 0.656s
2025-11-22 09:04:41.828 66741 INFO tempest.lib.common.rest_client [req-c5e8f890-f5e5-46d3-bdbb-b519f75c34ce req-c5e8f890-f5e5-46d3-bdbb-b519f75c34ce ] Request (ServerActionsTestOtherB:test_create_backup): 200 GET http://10.180.1.21/image/v2/images/b76529a0-08b8-4a8c-92da-449eb5324b96 0.025s
2025-11-22 09:04:41.832 66734 INFO tempest.lib.common.rest_client [req-afd1cb72-de56-4d29-a563-27f9a7bda8e7 req-afd1cb72-de56-4d29-a563-27f9a7bda8e7 ] Request (MigrationsAdminTest:test_resize_server_revert_deleted_flavor): 200 GET http://10.180.1.21/compute/v2.1/flavors/detail 0.498s
2025-11-22 09:04:41.863 66747 INFO tempest.lib.common.rest_client [req-8ffd6c39-a774-4ba8-aaa5-386d3ef52ae0 req-8ffd6c39-a774-4ba8-aaa5-386d3ef52ae0 ] Request (InstanceActionsV221TestJSON:test_get_list_deleted_instance_actions): 200 GET http://10.180.1.21/compute/v2.1/servers/9d589d1f-1202-4fff-92a7-2a4fe4a4f859 0.610s
2025-11-22 09:04:41.892 66703 INFO tempest.lib.common.rest_client [req-bc6ac409-411c-451b-80fb-a81e007a077d req-bc6ac409-411c-451b-80fb-a81e007a077d ] Request (ServerShowV254Test:test_rebuild_server): 200 GET http://10.180.1.21/compute/v2.1/servers/ad880724-3f46-44b1-8e5b-3e6292b04aed 0.457s
2025-11-22 09:04:41.957 66709 INFO tempest.lib.common.rest_client [req-c2a7359c-b769-43f4-8766-523d8c367679 req-c2a7359c-b769-43f4-8766-523d8c367679 ] Request (ListServersNegativeTestJSON:setUpClass): 200 GET http://10.180.1.21/compute/v2.1/servers/2025c0aa-6096-46c6-93e0-869600505d61 0.181s
2025-11-22 09:04:42.020 66734 INFO tempest.lib.common.rest_client [req-58db9530-1108-49a1-9f0e-d629405484be req-58db9530-1108-49a1-9f0e-d629405484be ] Request (MigrationsAdminTest:test_resize_server_revert_deleted_flavor): 202 POST http://10.180.1.21/compute/v2.1/servers/6a70db32-0f17-4e2c-83c7-1bd577c4645b/action 0.183s
2025-11-22 09:04:42.080 66729 INFO tempest.lib.common.rest_client [req-68d8a4ff-a312-41b7-ab46-5c8b1e649eb1 req-68d8a4ff-a312-41b7-ab46-5c8b1e649eb1 ] Request (ServerDiagnosticsTest:test_get_server_diagnostics): 200 GET http://10.180.1.21/compute/v2.1/servers/84d43574-28e0-48e4-8517-c1f00fc5e3c1 0.141s
2025-11-22 09:04:42.087 66729 INFO tempest.common.waiters [-] State transition "BUILD/scheduling" ==> "BUILD/None" after 37 second wait
2025-11-22 09:04:42.114 66735 INFO tempest.lib.common.rest_client [req-090a8ee4-691e-4825-b84e-4cfc2ec931f5 req-090a8ee4-691e-4825-b84e-4cfc2ec931f5 ] Request (DeleteServersTestJSON:test_delete_server_while_in_attached_volume): 200 GET http://10.180.1.21/compute/v2.1/servers/c11f4633-8e3a-4731-b36c-80593bd3223b 0.219s
2025-11-22 09:04:42.146 66711 INFO tempest.lib.common.rest_client [req-a0bae4f8-1529-43d0-8c3e-2e9f96dfecd6 req-a0bae4f8-1529-43d0-8c3e-2e9f96dfecd6 ] Request (AttachInterfacesTestJSON:_run_cleanups): 200 GET http://10.180.1.21/compute/v2.1/servers/a121a65e-d11a-4c79-8076-c1e5358bb89d 0.200s
2025-11-22 09:04:42.168 66701 INFO tempest.lib.common.rest_client [req-82163a93-b597-4a47-b296-09e58bc0f464 req-82163a93-b597-4a47-b296-09e58bc0f464 ] Request (ServersTestMultiNic:test_verify_duplicate_network_nics): 200 GET http://10.180.1.21/compute/v2.1/servers/3a339820-12e6-4d84-ae0c-076f5df05d85 0.178s
2025-11-22 09:04:42.215 66687 INFO tempest.lib.common.rest_client [req-63d436dd-3750-4680-a30b-d034491657f2 req-63d436dd-3750-4680-a30b-d034491657f2 ] Request (ListServerFiltersTestJSON:tearDownClass): 200 GET http://10.180.1.21/compute/v2.1/servers/0aa855e6-fdd7-4867-851e-c3d710a1b2f6 0.218s
2025-11-22 09:04:42.324 66723 INFO tempest.lib.common.rest_client [req-3d9e1d47-4a12-455f-9635-35f6cce96790 req-3d9e1d47-4a12-455f-9635-35f6cce96790 ] Request (ServersNegativeTestMultiTenantJSON:setUpClass): 200 GET http://10.180.1.21/compute/v2.1/servers/289a955b-3fa7-4ed9-a223-9959e63e8dfb 0.275s
2025-11-22 09:04:42.364 66734 INFO tempest.lib.common.rest_client [req-aa8b18e5-74f5-44f1-ad5a-a45fa6fcbee4 req-aa8b18e5-74f5-44f1-ad5a-a45fa6fcbee4 ] Request (MigrationsAdminTest:test_resize_server_revert_deleted_flavor): 200 GET http://10.180.1.21/compute/v2.1/servers/6a70db32-0f17-4e2c-83c7-1bd577c4645b 0.343s
2025-11-22 09:04:42.382 66713 INFO tempest.lib.common.rest_client [req-35b5ac50-d2fc-49ea-8539-f306e6d3846c req-35b5ac50-d2fc-49ea-8539-f306e6d3846c ] Request (ListImageFiltersTestJSON:setUpClass): 200 GET http://10.180.1.21/compute/v2.1/images/79b4dba9-1a70-47b5-b96e-ed5069953576 0.188s
2025-11-22 09:04:42.481 66689 INFO tempest.lib.common.rest_client [req-ebf80a8d-9c06-499c-915c-772a628a2db7 req-ebf80a8d-9c06-499c-915c-772a628a2db7 ] Request (ServersAdmin275Test:test_rebuild_update_server_275): 200 GET http://10.180.1.21/compute/v2.1/servers/6a859176-53a2-4678-8669-39d57102fc78 0.222s
2025-11-22 09:04:42.525 66685 INFO tempest.lib.common.rest_client [req-d9fbe732-d122-4066-af42-e58870ea582d req-d9fbe732-d122-4066-af42-e58870ea582d ] Request (ServersWithSpecificFlavorTestJSON:test_verify_created_server_ephemeral_disk): 200 GET http://10.180.1.21/compute/v2.1/servers/ac56cad6-c397-4945-8247-71c954f90f81 0.274s
2025-11-22 09:04:42.544 66707 INFO tempest.lib.common.rest_client [req-6c41a934-9c57-462c-bf59-dedbf3e98287 req-6c41a934-9c57-462c-bf59-dedbf3e98287 ] Request (AttachVolumeNegativeTest:test_attach_attached_volume_to_different_server): 200 GET http://10.180.1.21/compute/v2.1/servers/89822c3d-768e-4516-917f-dc28a07098de 0.235s
2025-11-22 09:04:42.593 66719 INFO tempest.lib.common.rest_client [req-d552ebf3-b744-413b-a695-59a4751162dd req-d552ebf3-b744-413b-a695-59a4751162dd ] Request (ServerGroupTestJSON:_run_cleanups): 200 GET http://10.180.1.21/compute/v2.1/servers/bed4788b-8024-4a97-8612-45821dc862e7 0.279s
2025-11-22 09:04:42.612 66743 INFO tempest.lib.common.rest_client [req-5a06dee8-8c18-4012-a22d-5fa04e2b293f req-5a06dee8-8c18-4012-a22d-5fa04e2b293f ] Request (MultipleCreateTestJSON:test_multiple_create_with_reservation_return): 200 GET http://10.180.1.21/compute/v2.1/servers/4170753a-2c5d-4981-84e2-3eaf1feabd6f 0.227s
2025-11-22 09:04:42.662 66731 INFO tempest.lib.common.rest_client [req-2d90e62f-17b9-4c0a-af16-ff2847d7e9c6 req-2d90e62f-17b9-4c0a-af16-ff2847d7e9c6 ] Request (FloatingIPsAssociationNegativeTestJSON:tearDownClass): 200 GET http://10.180.1.21/compute/v2.1/servers/3623e55c-da09-4ca2-b0be-902ec6707ff9 0.250s
2025-11-22 09:04:42.771 66737 INFO tempest.lib.common.rest_client [req-c5459cc4-3ac7-4b27-b721-0155dbe3afe5 req-c5459cc4-3ac7-4b27-b721-0155dbe3afe5 ] Request (FloatingIPsAssociationTestJSON:tearDownClass): 200 GET http://10.180.1.21/compute/v2.1/servers/beb1d19f-1268-4a4b-86fc-ba4e09a61449 0.222s
2025-11-22 09:04:42.800 66727 INFO tempest.lib.common.rest_client [req-76eeb725-bf31-426b-8f3c-5d217ae83150 req-76eeb725-bf31-426b-8f3c-5d217ae83150 ] Request (ServerActionsTestOtherA:setUpClass): 200 GET http://10.180.1.21/compute/v2.1/servers/47ef2216-f972-4c3e-9707-4968b824c37c 0.122s
2025-11-22 09:04:42.832 66718 INFO tempest.lib.common.rest_client [req-3e5531f3-442f-4204-9c1a-7151a5ead10a req-3e5531f3-442f-4204-9c1a-7151a5ead10a ] Request (ImagesTestJSON:test_create_server_from_snapshot): 200 GET http://10.180.1.21/compute/v2.1/servers/065200c9-ab8c-4a77-8b06-724bc8792962 0.088s
2025-11-22 09:04:42.846 66741 INFO tempest.lib.common.rest_client [req-80d7c0ba-65f6-49ac-8a47-932ecf331929 req-80d7c0ba-65f6-49ac-8a47-932ecf331929 ] Request (ServerActionsTestOtherB:test_create_backup): 200 GET http://10.180.1.21/image/v2/images/b76529a0-08b8-4a8c-92da-449eb5324b96 0.017s
2025-11-22 09:04:42.864 66705 INFO tempest.lib.common.rest_client [req-96d68d88-c32f-4144-b705-91072982155c req-96d68d88-c32f-4144-b705-91072982155c ] Request (AttachVolumeShelveTestJSON:test_attach_volume_shelved_or_offload_server): 200 GET http://10.180.1.21/compute/v2.1/servers/70209a70-165e-4092-b4ac-879b6a6f29b5 0.056s
2025-11-22 09:04:42.933 66747 INFO tempest.lib.common.rest_client [req-c76b5086-d73a-4fc3-946d-23d42141f7fc req-c76b5086-d73a-4fc3-946d-23d42141f7fc ] Request (InstanceActionsV221TestJSON:test_get_list_deleted_instance_actions): 200 GET http://10.180.1.21/compute/v2.1/servers/9d589d1f-1202-4fff-92a7-2a4fe4a4f859 0.056s
2025-11-22 09:04:42.958 66703 INFO tempest.lib.common.rest_client [req-379cf685-2147-484b-9139-5f10ada1b498 req-379cf685-2147-484b-9139-5f10ada1b498 ] Request (ServerShowV254Test:test_rebuild_server): 200 GET http://10.180.1.21/compute/v2.1/servers/ad880724-3f46-44b1-8e5b-3e6292b04aed 0.056s
2025-11-22 09:04:43.035 66709 INFO tempest.lib.common.rest_client [req-e2439a94-97cf-4336-8a85-e017a13fc949 req-e2439a94-97cf-4336-8a85-e017a13fc949 ] Request (ListServersNegativeTestJSON:setUpClass): 200 GET http://10.180.1.21/compute/v2.1/servers/2025c0aa-6096-46c6-93e0-869600505d61 0.069s
2025-11-22 09:04:43.147 66729 INFO tempest.lib.common.rest_client [req-c99f38a5-b794-4813-8000-4a8af28eb41e req-c99f38a5-b794-4813-8000-4a8af28eb41e ] Request (ServerDiagnosticsTest:test_get_server_diagnostics): 200 GET http://10.180.1.21/compute/v2.1/servers/84d43574-28e0-48e4-8517-c1f00fc5e3c1 0.058s
2025-11-22 09:04:43.213 66711 INFO tempest.lib.common.rest_client [req-583f0a38-5932-43cc-8061-38f6a39a9869 req-583f0a38-5932-43cc-8061-38f6a39a9869 ] Request (AttachInterfacesTestJSON:_run_cleanups): 200 GET http://10.180.1.21/compute/v2.1/servers/a121a65e-d11a-4c79-8076-c1e5358bb89d 0.057s
2025-11-22 09:04:43.222 66735 INFO tempest.lib.common.rest_client [req-a3957f29-4023-4a70-a5ee-d24b7e16088c req-a3957f29-4023-4a70-a5ee-d24b7e16088c ] Request (DeleteServersTestJSON:test_delete_server_while_in_attached_volume): 200 GET http://10.180.1.21/compute/v2.1/servers/c11f4633-8e3a-4731-b36c-80593bd3223b 0.100s
2025-11-22 09:04:43.267 66701 INFO tempest.lib.common.rest_client [req-8fa8477f-239a-4aa5-a4f2-0951b1ce7da0 req-8fa8477f-239a-4aa5-a4f2-0951b1ce7da0 ] Request (ServersTestMultiNic:test_verify_duplicate_network_nics): 200 GET http://10.180.1.21/compute/v2.1/servers/3a339820-12e6-4d84-ae0c-076f5df05d85 0.090s
2025-11-22 09:04:43.288 66687 INFO tempest.lib.common.rest_client [req-013c9d95-6e94-4319-bdbd-62514ff1af94 req-013c9d95-6e94-4319-bdbd-62514ff1af94 ] Request (ListServerFiltersTestJSON:tearDownClass): 200 GET http://10.180.1.21/compute/v2.1/servers/0aa855e6-fdd7-4867-851e-c3d710a1b2f6 0.063s
2025-11-22 09:04:43.398 66723 INFO tempest.lib.common.rest_client [req-5241f640-264c-4cca-a013-a58baeff7c81 req-5241f640-264c-4cca-a013-a58baeff7c81 ] Request (ServersNegativeTestMultiTenantJSON:setUpClass): 200 GET http://10.180.1.21/compute/v2.1/servers/289a955b-3fa7-4ed9-a223-9959e63e8dfb 0.058s
2025-11-22 09:04:43.446 66713 INFO tempest.lib.common.rest_client [req-9149e642-925f-4fcb-9e37-5b456d1a829f req-9149e642-925f-4fcb-9e37-5b456d1a829f ] Request (ListImageFiltersTestJSON:setUpClass): 200 GET http://10.180.1.21/compute/v2.1/images/79b4dba9-1a70-47b5-b96e-ed5069953576 0.058s
2025-11-22 09:04:43.520 66734 INFO tempest.lib.common.rest_client [req-9543e985-b429-4094-92d0-04ce837e828a req-9543e985-b429-4094-92d0-04ce837e828a ] Request (MigrationsAdminTest:test_resize_server_revert_deleted_flavor): 200 GET http://10.180.1.21/compute/v2.1/servers/6a70db32-0f17-4e2c-83c7-1bd577c4645b 0.141s
2025-11-22 09:04:43.573 66689 INFO tempest.lib.common.rest_client [req-0aaf2224-b6fc-4110-b774-f591c0b01b1f req-0aaf2224-b6fc-4110-b774-f591c0b01b1f ] Request (ServersAdmin275Test:test_rebuild_update_server_275): 200 GET http://10.180.1.21/compute/v2.1/servers/6a859176-53a2-4678-8669-39d57102fc78 0.081s
2025-11-22 09:04:43.585 66689 INFO tempest.common.waiters [-] State transition "BUILD/None" ==> "BUILD/networking" after 74 second wait
2025-11-22 09:04:43.651 66707 INFO tempest.lib.common.rest_client [req-87c39396-7433-47d1-8dbb-0ffc4948dba2 req-87c39396-7433-47d1-8dbb-0ffc4948dba2 ] Request (AttachVolumeNegativeTest:test_attach_attached_volume_to_different_server): 200 GET http://10.180.1.21/compute/v2.1/servers/89822c3d-768e-4516-917f-dc28a07098de 0.097s
2025-11-22 09:04:43.665 66685 INFO tempest.lib.common.rest_client [req-5fa2c02d-d025-4d5c-907b-00d2489f9462 req-5fa2c02d-d025-4d5c-907b-00d2489f9462 ] Request (ServersWithSpecificFlavorTestJSON:test_verify_created_server_ephemeral_disk): 200 GET http://10.180.1.21/compute/v2.1/servers/ac56cad6-c397-4945-8247-71c954f90f81 0.131s
2025-11-22 09:04:43.723 66719 INFO tempest.lib.common.rest_client [req-336c3e38-f623-49c3-a4d9-dbf279714ff6 req-336c3e38-f623-49c3-a4d9-dbf279714ff6 ] Request (ServerGroupTestJSON:_run_cleanups): 200 GET http://10.180.1.21/compute/v2.1/servers/bed4788b-8024-4a97-8612-45821dc862e7 0.122s
2025-11-22 09:04:43.729 66743 INFO tempest.lib.common.rest_client [req-35075ada-f6fc-417e-9fcc-f51acc65b0dd req-35075ada-f6fc-417e-9fcc-f51acc65b0dd ] Request (MultipleCreateTestJSON:test_multiple_create_with_reservation_return): 200 GET http://10.180.1.21/compute/v2.1/servers/4170753a-2c5d-4981-84e2-3eaf1feabd6f 0.106s
2025-11-22 09:04:43.784 66731 INFO tempest.lib.common.rest_client [req-4dde8fbf-6a13-4b24-9ff7-ad0cf5e6937e req-4dde8fbf-6a13-4b24-9ff7-ad0cf5e6937e ] Request (FloatingIPsAssociationNegativeTestJSON:tearDownClass): 200 GET http://10.180.1.21/compute/v2.1/servers/3623e55c-da09-4ca2-b0be-902ec6707ff9 0.115s
2025-11-22 09:04:43.832 66737 INFO tempest.lib.common.rest_client [req-6c2c7b08-bfe8-4e57-9c20-497082a2ba5c req-6c2c7b08-bfe8-4e57-9c20-497082a2ba5c ] Request (FloatingIPsAssociationTestJSON:tearDownClass): 200 GET http://10.180.1.21/compute/v2.1/servers/beb1d19f-1268-4a4b-86fc-ba4e09a61449 0.053s
2025-11-22 09:04:43.865 66741 INFO tempest.lib.common.rest_client [req-3e9204a9-61a7-405f-85e4-71b603d23d80 req-3e9204a9-61a7-405f-85e4-71b603d23d80 ] Request (ServerActionsTestOtherB:test_create_backup): 200 GET http://10.180.1.21/image/v2/images/b76529a0-08b8-4a8c-92da-449eb5324b96 0.018s
2025-11-22 09:04:43.896 66718 INFO tempest.lib.common.rest_client [req-58aca73c-9a3d-4c6d-8cdf-dcb14f9ea20d req-58aca73c-9a3d-4c6d-8cdf-dcb14f9ea20d ] Request (ImagesTestJSON:test_create_server_from_snapshot): 200 GET http://10.180.1.21/compute/v2.1/servers/065200c9-ab8c-4a77-8b06-724bc8792962 0.055s
2025-11-22 09:04:43.922 66727 INFO tempest.lib.common.rest_client [req-41f36835-74f3-405e-aa9f-3196655541fc req-41f36835-74f3-405e-aa9f-3196655541fc ] Request (ServerActionsTestOtherA:setUpClass): 200 GET http://10.180.1.21/compute/v2.1/servers/47ef2216-f972-4c3e-9707-4968b824c37c 0.113s
2025-11-22 09:04:43.929 66727 INFO tempest.common.waiters [-] State transition "BUILD/spawning" ==> "ACTIVE/None" after 84 second wait
2025-11-22 09:04:43.952 66705 INFO tempest.lib.common.rest_client [req-f8c22ef6-8a26-4ce9-89fc-53b5a39bcd2b req-f8c22ef6-8a26-4ce9-89fc-53b5a39bcd2b ] Request (AttachVolumeShelveTestJSON:test_attach_volume_shelved_or_offload_server): 200 GET http://10.180.1.21/compute/v2.1/servers/70209a70-165e-4092-b4ac-879b6a6f29b5 0.080s
2025-11-22 09:04:44.013 66747 INFO tempest.lib.common.rest_client [req-63e3d834-3aa4-4dfa-a189-c2710a71f3fe req-63e3d834-3aa4-4dfa-a189-c2710a71f3fe ] Request (InstanceActionsV221TestJSON:test_get_list_deleted_instance_actions): 200 GET http://10.180.1.21/compute/v2.1/servers/9d589d1f-1202-4fff-92a7-2a4fe4a4f859 0.071s
2025-11-22 09:04:44.030 66727 INFO tempest.lib.common.rest_client [req-8cb1a6fb-e8df-471f-b024-d2cbb58344c8 req-8cb1a6fb-e8df-471f-b024-d2cbb58344c8 ] Request (ServerActionsTestOtherA:setUpClass): 200 GET http://10.180.1.21/compute/v2.1/servers/47ef2216-f972-4c3e-9707-4968b824c37c/os-interface 0.101s
2025-11-22 09:04:44.071 66703 INFO tempest.lib.common.rest_client [req-c82789ab-1e0f-4cee-993c-411ded904e03 req-c82789ab-1e0f-4cee-993c-411ded904e03 ] Request (ServerShowV254Test:test_rebuild_server): 200 GET http://10.180.1.21/compute/v2.1/servers/ad880724-3f46-44b1-8e5b-3e6292b04aed 0.103s
2025-11-22 09:04:44.114 66709 INFO tempest.lib.common.rest_client [req-54ab0f0e-a98d-4b0c-9546-8f0a30a9e21d req-54ab0f0e-a98d-4b0c-9546-8f0a30a9e21d ] Request (ListServersNegativeTestJSON:setUpClass): 200 GET http://10.180.1.21/compute/v2.1/servers/2025c0aa-6096-46c6-93e0-869600505d61 0.071s
2025-11-22 09:04:44.210 66729 INFO tempest.lib.common.rest_client [req-cd47c6e9-1d92-4e88-8eaa-331768c902a9 req-cd47c6e9-1d92-4e88-8eaa-331768c902a9 ] Request (ServerDiagnosticsTest:test_get_server_diagnostics): 200 GET http://10.180.1.21/compute/v2.1/servers/84d43574-28e0-48e4-8517-c1f00fc5e3c1 0.055s
2025-11-22 09:04:44.295 66711 INFO tempest.lib.common.rest_client [req-f37e2eab-ecc0-4bd0-b483-ef0be05ea2b1 req-f37e2eab-ecc0-4bd0-b483-ef0be05ea2b1 ] Request (AttachInterfacesTestJSON:_run_cleanups): 200 GET http://10.180.1.21/compute/v2.1/servers/a121a65e-d11a-4c79-8076-c1e5358bb89d 0.074s
2025-11-22 09:04:44.392 66701 INFO tempest.lib.common.rest_client [req-d4460753-72ac-49d0-b7c9-0eec0941ff58 req-d4460753-72ac-49d0-b7c9-0eec0941ff58 ] Request (ServersTestMultiNic:test_verify_duplicate_network_nics): 200 GET http://10.180.1.21/compute/v2.1/servers/3a339820-12e6-4d84-ae0c-076f5df05d85 0.111s
2025-11-22 09:04:44.424 66735 INFO tempest.lib.common.rest_client [req-f369ba41-72a9-4434-95bc-948696502f41 req-f369ba41-72a9-4434-95bc-948696502f41 ] Request (DeleteServersTestJSON:test_delete_server_while_in_attached_volume): 200 GET http://10.180.1.21/compute/v2.1/servers/c11f4633-8e3a-4731-b36c-80593bd3223b 0.191s
2025-11-22 09:04:44.434 66735 INFO tempest.common.waiters [-] State transition "BUILD/spawning" ==> "ACTIVE/None" after 83 second wait
2025-11-22 09:04:44.461 66687 INFO tempest.lib.common.rest_client [req-9f7f1649-1188-481a-9d7e-6fb2ed7f5888 req-9f7f1649-1188-481a-9d7e-6fb2ed7f5888 ] Request (ListServerFiltersTestJSON:tearDownClass): 200 GET http://10.180.1.21/compute/v2.1/servers/0aa855e6-fdd7-4867-851e-c3d710a1b2f6 0.164s
2025-11-22 09:04:44.499 66723 INFO tempest.lib.common.rest_client [req-7dd2406f-0a9a-4cc1-81f3-8c22fe952fe9 req-7dd2406f-0a9a-4cc1-81f3-8c22fe952fe9 ] Request (ServersNegativeTestMultiTenantJSON:setUpClass): 200 GET http://10.180.1.21/compute/v2.1/servers/289a955b-3fa7-4ed9-a223-9959e63e8dfb 0.093s
2025-11-22 09:04:44.500 66713 INFO tempest.lib.common.rest_client [req-ca39e030-c0b7-4e86-8503-5faab6a8409f req-ca39e030-c0b7-4e86-8503-5faab6a8409f ] Request (ListImageFiltersTestJSON:setUpClass): 200 GET http://10.180.1.21/compute/v2.1/images/79b4dba9-1a70-47b5-b96e-ed5069953576 0.048s
2025-11-22 09:04:44.579 66745 WARNING tempest.lib.common.ssh [-] Failed to establish authenticated ssh connection to cirros@10.180.180.200 ([Errno None] Unable to connect to port 22 on 10.180.180.200). Number attempts: 5. Retry after 6 seconds.: paramiko.ssh_exception.NoValidConnectionsError: [Errno None] Unable to connect to port 22 on 10.180.180.200
2025-11-22 09:04:44.611 66727 INFO tempest.lib.common.rest_client [req-ca6283e9-7d64-49ca-a6ee-75cff2a4b61b req-ca6283e9-7d64-49ca-a6ee-75cff2a4b61b ] Request (ServerActionsTestOtherA:setUpClass): 200 PUT http://10.180.1.21/networking/v2.0/floatingips/ae0ffff2-4a89-41a4-af5e-e5c23da99f83 0.579s
2025-11-22 09:04:44.613 66727 INFO tempest.lib.common.ssh [-] Creating ssh connection to '10.180.180.229:22' as 'cirros' with public key authentication
2025-11-22 09:04:44.671 66735 INFO tempest.lib.common.rest_client [req-6d9869da-4aac-4952-9f87-eacc4ef888cd req-6d9869da-4aac-4952-9f87-eacc4ef888cd ] Request (DeleteServersTestJSON:test_delete_server_while_in_attached_volume): 202 POST http://10.180.1.21/volume/v3/volumes 0.235s
2025-11-22 09:04:44.678 66689 INFO tempest.lib.common.rest_client [req-a88a3a49-18d1-4ac7-9a2f-d7c306a548a2 req-a88a3a49-18d1-4ac7-9a2f-d7c306a548a2 ] Request (ServersAdmin275Test:test_rebuild_update_server_275): 200 GET http://10.180.1.21/compute/v2.1/servers/6a859176-53a2-4678-8669-39d57102fc78 0.092s
2025-11-22 09:04:44.692 66689 INFO tempest.common.waiters [-] State transition "BUILD/networking" ==> "BUILD/spawning" after 75 second wait
2025-11-22 09:04:44.697 66734 INFO tempest.lib.common.rest_client [req-bc87461f-5d05-4913-b592-337dcdd985f0 req-bc87461f-5d05-4913-b592-337dcdd985f0 ] Request (MigrationsAdminTest:test_resize_server_revert_deleted_flavor): 200 GET http://10.180.1.21/compute/v2.1/servers/6a70db32-0f17-4e2c-83c7-1bd577c4645b 0.160s
2025-11-22 09:04:44.724 66735 INFO tempest.lib.common.rest_client [req-f0c34b71-e595-4154-90b0-c63a1e06f6fe req-f0c34b71-e595-4154-90b0-c63a1e06f6fe ] Request (DeleteServersTestJSON:test_delete_server_while_in_attached_volume): 200 GET http://10.180.1.21/volume/v3/volumes/3500385a-0e3b-46ca-8390-71347f46171f 0.040s
2025-11-22 09:04:44.785 66707 INFO tempest.lib.common.rest_client [req-f160390e-5da5-4892-babb-33a4d8f9c42c req-f160390e-5da5-4892-babb-33a4d8f9c42c ] Request (AttachVolumeNegativeTest:test_attach_attached_volume_to_different_server): 200 GET http://10.180.1.21/compute/v2.1/servers/89822c3d-768e-4516-917f-dc28a07098de 0.125s
2025-11-22 09:04:44.862 66719 INFO tempest.lib.common.rest_client [req-651b7b6f-bb42-4b01-8763-1c523faaf087 req-651b7b6f-bb42-4b01-8763-1c523faaf087 ] Request (ServerGroupTestJSON:_run_cleanups): 200 GET http://10.180.1.21/compute/v2.1/servers/bed4788b-8024-4a97-8612-45821dc862e7 0.131s
2025-11-22 09:04:44.901 66741 INFO tempest.lib.common.rest_client [req-70dd9b84-9824-44b7-93bc-fff137af80a2 req-70dd9b84-9824-44b7-93bc-fff137af80a2 ] Request (ServerActionsTestOtherB:test_create_backup): 200 GET http://10.180.1.21/image/v2/images/b76529a0-08b8-4a8c-92da-449eb5324b96 0.034s
2025-11-22 09:04:44.907 66685 INFO tempest.lib.common.rest_client [req-5261be40-7792-4758-a03a-b40ba52467e9 req-5261be40-7792-4758-a03a-b40ba52467e9 ] Request (ServersWithSpecificFlavorTestJSON:test_verify_created_server_ephemeral_disk): 200 GET http://10.180.1.21/compute/v2.1/servers/ac56cad6-c397-4945-8247-71c954f90f81 0.233s
2025-11-22 09:04:44.936 66743 INFO tempest.lib.common.rest_client [req-6444ebda-a949-4016-b929-10479cd59863 req-6444ebda-a949-4016-b929-10479cd59863 ] Request (MultipleCreateTestJSON:test_multiple_create_with_reservation_return): 200 GET http://10.180.1.21/compute/v2.1/servers/4170753a-2c5d-4981-84e2-3eaf1feabd6f 0.199s
2025-11-22 09:04:44.976 66731 INFO tempest.lib.common.rest_client [req-7f442706-10ca-49c1-97a6-1110af5facbf req-7f442706-10ca-49c1-97a6-1110af5facbf ] Request (FloatingIPsAssociationNegativeTestJSON:tearDownClass): 200 GET http://10.180.1.21/compute/v2.1/servers/3623e55c-da09-4ca2-b0be-902ec6707ff9 0.183s
2025-11-22 09:04:45.008 66737 INFO tempest.lib.common.rest_client [req-4ba564f2-54b6-40c7-a9c1-58c7695c06fc req-4ba564f2-54b6-40c7-a9c1-58c7695c06fc ] Request (FloatingIPsAssociationTestJSON:tearDownClass): 200 GET http://10.180.1.21/compute/v2.1/servers/beb1d19f-1268-4a4b-86fc-ba4e09a61449 0.167s
2025-11-22 09:04:45.017 66737 INFO tempest.common.waiters [-] State transition "ACTIVE/deleting" ==> "DELETED/None" after 4 second wait
2025-11-22 09:04:45.035 66718 INFO tempest.lib.common.rest_client [req-fb953740-f932-48d5-b6de-e9c1c9406f3c req-fb953740-f932-48d5-b6de-e9c1c9406f3c ] Request (ImagesTestJSON:test_create_server_from_snapshot): 200 GET http://10.180.1.21/compute/v2.1/servers/065200c9-ab8c-4a77-8b06-724bc8792962 0.130s
2025-11-22 09:04:45.075 66705 INFO tempest.lib.common.rest_client [req-ad9db1c2-d141-4dd2-a9d7-9792e11a77b0 req-ad9db1c2-d141-4dd2-a9d7-9792e11a77b0 ] Request (AttachVolumeShelveTestJSON:test_attach_volume_shelved_or_offload_server): 200 GET http://10.180.1.21/compute/v2.1/servers/70209a70-165e-4092-b4ac-879b6a6f29b5 0.111s
2025-11-22 09:04:45.099 66747 INFO tempest.lib.common.rest_client [req-6575f2e6-ac44-466c-b316-75488f22ddbf req-6575f2e6-ac44-466c-b316-75488f22ddbf ] Request (InstanceActionsV221TestJSON:test_get_list_deleted_instance_actions): 200 GET http://10.180.1.21/compute/v2.1/servers/9d589d1f-1202-4fff-92a7-2a4fe4a4f859 0.076s
2025-11-22 09:04:45.149 66703 INFO tempest.lib.common.rest_client [req-bbbbee0a-b7d6-4292-ba52-2fde66d14c85 req-bbbbee0a-b7d6-4292-ba52-2fde66d14c85 ] Request (ServerShowV254Test:test_rebuild_server): 200 GET http://10.180.1.21/compute/v2.1/servers/ad880724-3f46-44b1-8e5b-3e6292b04aed 0.067s
2025-11-22 09:04:45.186 66709 INFO tempest.lib.common.rest_client [req-5039ab16-ab24-4ea7-a431-1b7f1d34f58a req-5039ab16-ab24-4ea7-a431-1b7f1d34f58a ] Request (ListServersNegativeTestJSON:setUpClass): 200 GET http://10.180.1.21/compute/v2.1/servers/2025c0aa-6096-46c6-93e0-869600505d61 0.063s
2025-11-22 09:04:45.274 66729 INFO tempest.lib.common.rest_client [req-90cac7c6-9cef-471f-bacb-5e0d472ad111 req-90cac7c6-9cef-471f-bacb-5e0d472ad111 ] Request (ServerDiagnosticsTest:test_get_server_diagnostics): 200 GET http://10.180.1.21/compute/v2.1/servers/84d43574-28e0-48e4-8517-c1f00fc5e3c1 0.055s
2025-11-22 09:04:45.369 66711 INFO tempest.lib.common.rest_client [req-b9b8eb48-a1f6-4d7a-8c2e-a16620450e2e req-b9b8eb48-a1f6-4d7a-8c2e-a16620450e2e ] Request (AttachInterfacesTestJSON:_run_cleanups): 200 GET http://10.180.1.21/compute/v2.1/servers/a121a65e-d11a-4c79-8076-c1e5358bb89d 0.065s
2025-11-22 09:04:45.461 66701 INFO tempest.lib.common.rest_client [req-cbf96c68-5f45-4a7e-ab60-c1e9f02ef032 req-cbf96c68-5f45-4a7e-ab60-c1e9f02ef032 ] Request (ServersTestMultiNic:test_verify_duplicate_network_nics): 200 GET http://10.180.1.21/compute/v2.1/servers/3a339820-12e6-4d84-ae0c-076f5df05d85 0.062s
2025-11-22 09:04:45.539 66687 INFO tempest.lib.common.rest_client [req-4a59bd2d-313f-4848-92f3-07b233b80afe req-4a59bd2d-313f-4848-92f3-07b233b80afe ] Request (ListServerFiltersTestJSON:tearDownClass): 200 GET http://10.180.1.21/compute/v2.1/servers/0aa855e6-fdd7-4867-851e-c3d710a1b2f6 0.068s
2025-11-22 09:04:45.544 66713 INFO tempest.lib.common.rest_client [req-89467d7d-7569-40fc-bc72-63fc11ae686a req-89467d7d-7569-40fc-bc72-63fc11ae686a ] Request (ListImageFiltersTestJSON:setUpClass): 200 GET http://10.180.1.21/compute/v2.1/images/79b4dba9-1a70-47b5-b96e-ed5069953576 0.037s
2025-11-22 09:04:45.591 66723 INFO tempest.lib.common.rest_client [req-08750764-f7c8-4ab7-a2a8-a1aaf8354a82 req-08750764-f7c8-4ab7-a2a8-a1aaf8354a82 ] Request (ServersNegativeTestMultiTenantJSON:setUpClass): 200 GET http://10.180.1.21/compute/v2.1/servers/289a955b-3fa7-4ed9-a223-9959e63e8dfb 0.080s
2025-11-22 09:04:45.600 66723 INFO tempest.common.waiters [-] State transition "BUILD/scheduling" ==> "BUILD/None" after 39 second wait
2025-11-22 09:04:45.766 66735 INFO tempest.lib.common.rest_client [req-40f87764-8d94-475f-8f14-6d5d7e1569bd req-40f87764-8d94-475f-8f14-6d5d7e1569bd ] Request (DeleteServersTestJSON:test_delete_server_while_in_attached_volume): 200 GET http://10.180.1.21/volume/v3/volumes/3500385a-0e3b-46ca-8390-71347f46171f 0.031s
2025-11-22 09:04:45.773 66735 INFO tempest.common.waiters [-] volume 3500385a-0e3b-46ca-8390-71347f46171f reached available after waiting for 1.773737 seconds
2025-11-22 09:04:45.775 66689 INFO tempest.lib.common.rest_client [req-5c445e38-94a9-4d2a-b019-edf1771094bf req-5c445e38-94a9-4d2a-b019-edf1771094bf ] Request (ServersAdmin275Test:test_rebuild_update_server_275): 200 GET http://10.180.1.21/compute/v2.1/servers/6a859176-53a2-4678-8669-39d57102fc78 0.082s
2025-11-22 09:04:45.823 66734 INFO tempest.lib.common.rest_client [req-80c1811a-d4e7-4a4d-b8ae-ca51a1b1455c req-80c1811a-d4e7-4a4d-b8ae-ca51a1b1455c ] Request (MigrationsAdminTest:test_resize_server_revert_deleted_flavor): 200 GET http://10.180.1.21/compute/v2.1/servers/6a70db32-0f17-4e2c-83c7-1bd577c4645b 0.114s
2025-11-22 09:04:45.886 66707 INFO tempest.lib.common.rest_client [req-31a4a34b-4847-41aa-9465-c19d331ab222 req-31a4a34b-4847-41aa-9465-c19d331ab222 ] Request (AttachVolumeNegativeTest:test_attach_attached_volume_to_different_server): 200 GET http://10.180.1.21/compute/v2.1/servers/89822c3d-768e-4516-917f-dc28a07098de 0.092s
2025-11-22 09:04:45.912 66719 INFO tempest.lib.common.rest_client [req-3a4533ec-e09e-40ee-8152-adb728d21dbb req-3a4533ec-e09e-40ee-8152-adb728d21dbb ] Request (ServerGroupTestJSON:_run_cleanups): 404 GET http://10.180.1.21/compute/v2.1/servers/bed4788b-8024-4a97-8612-45821dc862e7 0.037s
2025-11-22 09:04:45.919 66741 INFO tempest.lib.common.rest_client [req-aa32be0b-8984-4f2b-84aa-df09ff025c38 req-aa32be0b-8984-4f2b-84aa-df09ff025c38 ] Request (ServerActionsTestOtherB:test_create_backup): 200 GET http://10.180.1.21/image/v2/images/b76529a0-08b8-4a8c-92da-449eb5324b96 0.017s
2025-11-22 09:04:45.948 66719 INFO tempest.lib.common.rest_client [req-6dcab391-5cdb-4ef6-9ca6-31858f06fdf6 req-6dcab391-5cdb-4ef6-9ca6-31858f06fdf6 ] Request (ServerGroupTestJSON:test_list_server_groups): 200 GET http://10.180.1.21/compute/v2.1/os-server-groups 0.035s
2025-11-22 09:04:46.096 66685 INFO tempest.lib.common.rest_client [req-40872cf9-927c-4384-ac2f-d8edad7e98eb req-40872cf9-927c-4384-ac2f-d8edad7e98eb ] Request (ServersWithSpecificFlavorTestJSON:test_verify_created_server_ephemeral_disk): 200 GET http://10.180.1.21/compute/v2.1/servers/ac56cad6-c397-4945-8247-71c954f90f81 0.182s
2025-11-22 09:04:46.155 66743 INFO tempest.lib.common.rest_client [req-1536663d-03e6-494d-b706-dbcdb4ec4bed req-1536663d-03e6-494d-b706-dbcdb4ec4bed ] Request (MultipleCreateTestJSON:test_multiple_create_with_reservation_return): 200 GET http://10.180.1.21/compute/v2.1/servers/4170753a-2c5d-4981-84e2-3eaf1feabd6f 0.209s
2025-11-22 09:04:46.166 66743 INFO tempest.common.waiters [-] State transition "BUILD/scheduling" ==> "BUILD/None" after 38 second wait
2025-11-22 09:04:46.183 66719 INFO tempest.lib.common.rest_client [req-de2821d4-41d4-4a1d-a3c5-fdf01d96bca5 req-de2821d4-41d4-4a1d-a3c5-fdf01d96bca5 ] Request (ServerGroupTestJSON:test_show_server_group): 200 GET http://10.180.1.21/compute/v2.1/os-server-groups/dc736766-ab59-4b4b-a9a0-230dff60c567 0.231s
2025-11-22 09:04:46.244 66691 WARNING tempest.lib.common.ssh [-] Failed to establish authenticated ssh connection to cirros@10.180.180.153 ([Errno None] Unable to connect to port 22 on 10.180.180.153). Number attempts: 5. Retry after 6 seconds.: paramiko.ssh_exception.NoValidConnectionsError: [Errno None] Unable to connect to port 22 on 10.180.180.153
2025-11-22 09:04:46.253 66731 INFO tempest.lib.common.rest_client [req-7267f380-8241-46a1-95cd-b2e398d91fd0 req-7267f380-8241-46a1-95cd-b2e398d91fd0 ] Request (FloatingIPsAssociationNegativeTestJSON:tearDownClass): 200 GET http://10.180.1.21/compute/v2.1/servers/3623e55c-da09-4ca2-b0be-902ec6707ff9 0.268s
2025-11-22 09:04:46.320 66737 INFO tempest.lib.common.rest_client [req-ea41b032-d8e7-4af6-bc0c-aad9645fa31b req-ea41b032-d8e7-4af6-bc0c-aad9645fa31b ] Request (FloatingIPsAssociationTestJSON:tearDownClass): 200 GET http://10.180.1.21/compute/v2.1/servers/beb1d19f-1268-4a4b-86fc-ba4e09a61449 0.302s
2025-11-22 09:04:46.375 66718 INFO tempest.lib.common.rest_client [req-7cfbf25e-43ee-45aa-a3a9-26d916bb3c30 req-7cfbf25e-43ee-45aa-a3a9-26d916bb3c30 ] Request (ImagesTestJSON:test_create_server_from_snapshot): 200 GET http://10.180.1.21/compute/v2.1/servers/065200c9-ab8c-4a77-8b06-724bc8792962 0.330s
2025-11-22 09:04:46.431 66705 INFO tempest.lib.common.rest_client [req-0586cc98-f38f-4efd-8ce4-a371fa8f21bf req-0586cc98-f38f-4efd-8ce4-a371fa8f21bf ] Request (AttachVolumeShelveTestJSON:test_attach_volume_shelved_or_offload_server): 200 GET http://10.180.1.21/compute/v2.1/servers/70209a70-165e-4092-b4ac-879b6a6f29b5 0.345s
2025-11-22 09:04:46.487 66747 INFO tempest.lib.common.rest_client [req-6d61da80-a024-425d-86e3-bad711bf0728 req-6d61da80-a024-425d-86e3-bad711bf0728 ] Request (InstanceActionsV221TestJSON:test_get_list_deleted_instance_actions): 200 GET http://10.180.1.21/compute/v2.1/servers/9d589d1f-1202-4fff-92a7-2a4fe4a4f859 0.377s
2025-11-22 09:04:46.539 66703 INFO tempest.lib.common.rest_client [req-6cda2ac9-1298-40ef-ac3d-e69e7d3c52b4 req-6cda2ac9-1298-40ef-ac3d-e69e7d3c52b4 ] Request (ServerShowV254Test:test_rebuild_server): 200 GET http://10.180.1.21/compute/v2.1/servers/ad880724-3f46-44b1-8e5b-3e6292b04aed 0.378s
2025-11-22 09:04:46.557 66719 INFO tempest.lib.common.rest_client [req-d0ed4722-8846-4be5-9a5d-453aa7d779e8 req-d0ed4722-8846-4be5-9a5d-453aa7d779e8 ] Request (ServerGroupTestJSON:tearDownClass): 404 DELETE http://10.180.1.21/compute/v2.1/servers/bed4788b-8024-4a97-8612-45821dc862e7 0.372s
2025-11-22 09:04:46.613 66709 INFO tempest.lib.common.rest_client [req-eaf85f24-2f4e-4b00-af59-fa2a32a5c125 req-eaf85f24-2f4e-4b00-af59-fa2a32a5c125 ] Request (ListServersNegativeTestJSON:setUpClass): 200 GET http://10.180.1.21/compute/v2.1/servers/2025c0aa-6096-46c6-93e0-869600505d61 0.419s
2025-11-22 09:04:46.671 66729 INFO tempest.lib.common.rest_client [req-999247bd-3e17-4bba-bdcf-e3c9e88a393b req-999247bd-3e17-4bba-bdcf-e3c9e88a393b ] Request (ServerDiagnosticsTest:test_get_server_diagnostics): 200 GET http://10.180.1.21/compute/v2.1/servers/84d43574-28e0-48e4-8517-c1f00fc5e3c1 0.390s
2025-11-22 09:04:46.738 66711 INFO tempest.lib.common.rest_client [req-2f3a8a39-9265-4eaf-8c8c-703cbfc44376 req-2f3a8a39-9265-4eaf-8c8c-703cbfc44376 ] Request (AttachInterfacesTestJSON:_run_cleanups): 200 GET http://10.180.1.21/compute/v2.1/servers/a121a65e-d11a-4c79-8076-c1e5358bb89d 0.359s
2025-11-22 09:04:46.787 66701 INFO tempest.lib.common.rest_client [req-af758fa7-90aa-4c73-9c5b-6a9d4e428548 req-af758fa7-90aa-4c73-9c5b-6a9d4e428548 ] Request (ServersTestMultiNic:test_verify_duplicate_network_nics): 200 GET http://10.180.1.21/compute/v2.1/servers/3a339820-12e6-4d84-ae0c-076f5df05d85 0.316s
2025-11-22 09:04:46.849 66687 INFO tempest.lib.common.rest_client [req-051c5c40-9f5b-4e5d-9897-070925bf7914 req-051c5c40-9f5b-4e5d-9897-070925bf7914 ] Request (ListServerFiltersTestJSON:tearDownClass): 200 GET http://10.180.1.21/compute/v2.1/servers/0aa855e6-fdd7-4867-851e-c3d710a1b2f6 0.302s
2025-11-22 09:04:46.886 66713 INFO tempest.lib.common.rest_client [req-8bb6e722-e21a-4118-824d-9ad37fd48d56 req-8bb6e722-e21a-4118-824d-9ad37fd48d56 ] Request (ListImageFiltersTestJSON:setUpClass): 200 GET http://10.180.1.21/compute/v2.1/images/79b4dba9-1a70-47b5-b96e-ed5069953576 0.338s
2025-11-22 09:04:46.905 66719 INFO tempest.lib.common.rest_client [req-e8104c13-9061-4cd0-abc8-781274ff26b1 req-e8104c13-9061-4cd0-abc8-781274ff26b1 ] Request (ServerGroupTestJSON:tearDownClass): 404 GET http://10.180.1.21/compute/v2.1/servers/bed4788b-8024-4a97-8612-45821dc862e7 0.348s
2025-11-22 09:04:46.933 66741 INFO tempest.lib.common.rest_client [req-6655ebb7-753f-4971-8ae9-5f44f23b0748 req-6655ebb7-753f-4971-8ae9-5f44f23b0748 ] Request (ServerActionsTestOtherB:test_create_backup): 200 GET http://10.180.1.21/image/v2/images/b76529a0-08b8-4a8c-92da-449eb5324b96 0.012s
2025-11-22 09:04:46.951 66723 INFO tempest.lib.common.rest_client [req-0d803368-2919-4483-83f6-8d405d8bc8a9 req-0d803368-2919-4483-83f6-8d405d8bc8a9 ] Request (ServersNegativeTestMultiTenantJSON:setUpClass): 200 GET http://10.180.1.21/compute/v2.1/servers/289a955b-3fa7-4ed9-a223-9959e63e8dfb 0.350s
2025-11-22 09:04:47.009 66689 INFO tempest.lib.common.rest_client [req-2877b2ed-a06b-4235-a0b8-f215d941c219 req-2877b2ed-a06b-4235-a0b8-f215d941c219 ] Request (ServersAdmin275Test:test_rebuild_update_server_275): 200 GET http://10.180.1.21/compute/v2.1/servers/6a859176-53a2-4678-8669-39d57102fc78 0.222s
2025-11-22 09:04:47.127 66734 INFO tempest.lib.common.rest_client [req-ed977656-4551-4cb2-974f-629f0493be0a req-ed977656-4551-4cb2-974f-629f0493be0a ] Request (MigrationsAdminTest:test_resize_server_revert_deleted_flavor): 200 GET http://10.180.1.21/compute/v2.1/servers/6a70db32-0f17-4e2c-83c7-1bd577c4645b 0.293s
2025-11-22 09:04:47.182 66707 INFO tempest.lib.common.rest_client [req-0198b8d5-f45d-4d85-a86e-ae2c06316892 req-0198b8d5-f45d-4d85-a86e-ae2c06316892 ] Request (AttachVolumeNegativeTest:test_attach_attached_volume_to_different_server): 200 GET http://10.180.1.21/compute/v2.1/servers/89822c3d-768e-4516-917f-dc28a07098de 0.288s
2025-11-22 09:04:47.190 66719 INFO tempest.lib.common.rest_client [req-9a8d8dc2-7562-4410-b6aa-86ffdc5ccdb4 req-9a8d8dc2-7562-4410-b6aa-86ffdc5ccdb4 ] Request (ServerGroupTestJSON:tearDownClass): 404 DELETE http://10.180.1.21/compute/v2.1/os-server-groups/55576e30-266e-43f2-8ee6-842f62101167 0.284s
2025-11-22 09:04:47.293 66685 INFO tempest.lib.common.rest_client [req-981c632b-ae1c-4053-aabc-cceb2ebead7c req-981c632b-ae1c-4053-aabc-cceb2ebead7c ] Request (ServersWithSpecificFlavorTestJSON:test_verify_created_server_ephemeral_disk): 200 GET http://10.180.1.21/compute/v2.1/servers/ac56cad6-c397-4945-8247-71c954f90f81 0.189s
2025-11-22 09:04:47.346 66743 INFO tempest.lib.common.rest_client [req-34fa6444-f5e5-4ca7-a95c-40927f139aba req-34fa6444-f5e5-4ca7-a95c-40927f139aba ] Request (MultipleCreateTestJSON:test_multiple_create_with_reservation_return): 200 GET http://10.180.1.21/compute/v2.1/servers/4170753a-2c5d-4981-84e2-3eaf1feabd6f 0.177s
