2025-11-22 09:03:11.749 66709 INFO tempest.lib.common.rest_client [req-b0501fc4-12bb-4ca9-ab47-e8770ab6fb2a req-b0501fc4-12bb-4ca9-ab47-e8770ab6fb2a ] Request (ListServersNegativeTestJSON:setUpClass): 200 GET http://10.180.1.21/compute/v2.1/servers/be212011-2e63-4bda-8cde-c26e101b7ac8 2.029s
2025-11-22 09:03:11.766 66705 INFO tempest.lib.common.rest_client [req-c194f18e-92d4-4d83-9ab5-f3b2d1112d35 req-c194f18e-92d4-4d83-9ab5-f3b2d1112d35 ] Request (DeleteServersAdminTestJSON:test_delete_server_while_in_error_state): 200 GET http://10.180.1.21/compute/v2.1/servers/933540f6-b642-4e12-a392-c8075652e313 2.041s
2025-11-22 09:03:11.776 66695 INFO tempest.lib.common.rest_client [req-d8018068-e4b8-49a3-b3fa-e766df76ad68 req-d8018068-e4b8-49a3-b3fa-e766df76ad68 ] Request (HypervisorAdminNegativeTestJSON:test_show_hypervisor_with_non_admin_user): 200 GET http://10.180.1.21/compute/v2.1/os-hypervisors 1.969s
2025-11-22 09:03:11.848 66689 INFO tempest.lib.common.rest_client [req-b6971a00-92b4-419a-ab77-43bb22cc7b3d req-b6971a00-92b4-419a-ab77-43bb22cc7b3d ] Request (FlavorsAdminTestJSON:_run_cleanups): 200 GET http://10.180.1.21/compute/v2.1/flavors/detail 1.810s
2025-11-22 09:03:12.040 66719 INFO tempest.lib.common.rest_client [req-b73afb2a-d7cc-465c-9ca8-8847f6521172 req-b73afb2a-d7cc-465c-9ca8-8847f6521172 ] Request (ServerGroupTestJSON:test_create_server_with_scheduler_hint_group): 200 GET http://10.180.1.21/compute/v2.1/servers/bed4788b-8024-4a97-8612-45821dc862e7 2.155s
2025-11-22 09:03:12.055 66713 INFO tempest.lib.common.rest_client [req-b4b5a6bc-d9a6-439b-9658-a2a865756151 req-b4b5a6bc-d9a6-439b-9658-a2a865756151 ] Request (ListImageFiltersTestJSON:setUpClass): 200 GET http://10.180.1.21/compute/v2.1/servers/ac685f5d-a007-4850-a678-8a585abc56b0 2.000s
2025-11-22 09:03:12.244 66693 WARNING tempest.lib.common.ssh [-] Failed to establish authenticated ssh connection to cirros@10.180.180.216 ([Errno None] Unable to connect to port 22 on 10.180.180.216). Number attempts: 4. Retry after 5 seconds.: paramiko.ssh_exception.NoValidConnectionsError: [Errno None] Unable to connect to port 22 on 10.180.180.216
2025-11-22 09:03:12.384 66699 WARNING tempest.lib.common.ssh [-] Failed to establish authenticated ssh connection to cirros@10.180.180.246 ([Errno None] Unable to connect to port 22 on 10.180.180.246). Number attempts: 1. Retry after 2 seconds.: paramiko.ssh_exception.NoValidConnectionsError: [Errno None] Unable to connect to port 22 on 10.180.180.246
2025-11-22 09:03:12.919 66727 INFO tempest.lib.common.rest_client [req-f20622ef-868c-4670-a8a1-989c1b0cb36b req-f20622ef-868c-4670-a8a1-989c1b0cb36b ] Request (ServerActionsTestOtherA:setUpClass): 201 POST http://10.180.1.21/networking/v2.0/routers 1.213s
2025-11-22 09:03:13.034 66687 INFO tempest.lib.common.rest_client [req-b84c4ced-c1e4-4dfc-b0c6-229cc4a782be req-b84c4ced-c1e4-4dfc-b0c6-229cc4a782be ] Request (ListServerFiltersTestJSON:setUpClass): 200 GET http://10.180.1.21/compute/v2.1/servers/0aa855e6-fdd7-4867-851e-c3d710a1b2f6 2.507s
2025-11-22 09:03:13.320 66685 WARNING tempest.lib.common.ssh [-] Failed to establish authenticated ssh connection to cirros@10.180.180.140 ([Errno None] Unable to connect to port 22 on 10.180.180.140). Number attempts: 7. Retry after 8 seconds.: paramiko.ssh_exception.NoValidConnectionsError: [Errno None] Unable to connect to port 22 on 10.180.180.140
2025-11-22 09:03:13.709 66707 INFO tempest.lib.common.rest_client [req-d28ef9b2-2d75-4664-9805-ba6deee5c2fe req-d28ef9b2-2d75-4664-9805-ba6deee5c2fe ] Request (ImagesOneServerTestJSON:test_create_delete_image): 200 GET http://10.180.1.21/compute/v2.1/servers/d896c622-22e3-4de9-a972-f8f83b49f015 3.436s
2025-11-22 09:03:13.716 66707 INFO tempest.common.waiters [-] State transition "ACTIVE/image_uploading" ==> "ACTIVE/None" after 4 second wait
2025-11-22 09:03:13.746 66729 INFO tempest.lib.common.rest_client [req-f57ec22c-c3cf-4b4d-8522-1f85c2224139 req-f57ec22c-c3cf-4b4d-8522-1f85c2224139 ] Request (VolumesAssistedSnapshotsTest:tearDownClass): 200 GET http://10.180.1.21/compute/v2.1/servers/c34d3429-a622-4f9f-be91-510b5c07671e 2.938s
2025-11-22 09:03:13.875 66711 INFO tempest.lib.common.rest_client [req-8bb30ebf-f3db-4603-9970-c7d04f9f4ed8 req-8bb30ebf-f3db-4603-9970-c7d04f9f4ed8 ] Request (AttachInterfacesTestJSON:test_create_list_show_delete_interfaces_by_fixed_ip): 200 GET http://10.180.1.21/compute/v2.1/servers/a121a65e-d11a-4c79-8076-c1e5358bb89d 2.861s
2025-11-22 09:03:13.930 66739 INFO tempest.lib.common.rest_client [req-cf173013-7e2a-4309-91cb-558a0f65bc87 req-cf173013-7e2a-4309-91cb-558a0f65bc87 ] Request (InstanceActionsTestJSON:tearDownClass): 200 GET http://10.180.1.21/compute/v2.1/servers/a4e27299-8e9e-4489-b91b-769099101b96 2.643s
2025-11-22 09:03:13.992 66703 INFO tempest.lib.common.rest_client [req-1d30e4c4-2bff-4f52-805e-9849886e7fd0 req-1d30e4c4-2bff-4f52-805e-9849886e7fd0 ] Request (ServersListShow298Test:tearDownClass): 200 GET http://10.180.1.21/compute/v2.1/servers/dbece97f-baca-43f3-bacd-e274c9b6d985 2.672s
2025-11-22 09:03:14.052 66691 INFO tempest.lib.common.rest_client [req-72047c87-96ef-4b13-929c-e6ff0affc3c7 req-72047c87-96ef-4b13-929c-e6ff0affc3c7 ] Request (ServerRescueNegativeTestJSON:test_rescued_vm_detach_volume): 200 GET http://10.180.1.21/compute/v2.1/servers/09a5a012-cd41-485e-94eb-3a5ad9e06e67 2.645s
2025-11-22 09:03:14.067 66727 INFO tempest.lib.common.rest_client [req-e74f75c6-f691-4fb6-9181-7d53d2226e63 req-e74f75c6-f691-4fb6-9181-7d53d2226e63 ] Request (ServerActionsTestOtherA:setUpClass): 200 PUT http://10.180.1.21/networking/v2.0/routers/2db67f49-5d73-407c-84e9-b772b4a1c174/add_router_interface 1.147s
2025-11-22 09:03:14.067 66727 INFO tempest.lib.common.dynamic_creds [-] Created isolated network resources for: credentials: Credentials: {'domain_id': 'default', 'domain_name': 'Default', 'username': 'tempest-ServerActionsTestOtherA-2102375804-project-member', 'project_domain_id': 'default', 'project_domain_name': 'Default', 'project_id': '133ae53c86724b0fbe2d8a7c59a0175d', 'project_name': 'tempest-ServerActionsTestOtherA-2102375804', 'tenant_id': '133ae53c86724b0fbe2d8a7c59a0175d', 'tenant_name': 'tempest-ServerActionsTestOtherA-2102375804', 'user_domain_id': 'default', 'user_domain_name': 'Default', 'user_id': 'db513b6b82f94ab28c962e5cedbed83e', 'system': None}, Network: {'id': 'cc9d740a-9327-4545-95f0-948912a09635', 'name': 'tempest-ServerActionsTestOtherA-1892277198-network', 'tenant_id': '133ae53c86724b0fbe2d8a7c59a0175d', 'project_id': '133ae53c86724b0fbe2d8a7c59a0175d', 'admin_state_up': True, 'mtu': 8950, 'status': 'ACTIVE', 'subnets': [], 'shared': False, 'port_security_enabled': True, 'router:external': False, 'provider:network_type': 'vlan', 'provider:physical_network': 'default', 'provider:segmentation_id': 478, 'availability_zone_hints': [], 'availability_zones': [], 'ipv4_address_scope': None, 'ipv6_address_scope': None, 'description': '', 'tags': [], 'created_at': '2025-11-22T09:03:11Z', 'updated_at': '2025-11-22T09:03:11Z', 'revision_number': 1}, Subnet: {'id': 'faf35f97-0cc8-4e51-bf84-91d003e79a1d', 'name': 'tempest-ServerActionsTestOtherA-1892277198-subnet', 'tenant_id': '133ae53c86724b0fbe2d8a7c59a0175d', 'network_id': 'cc9d740a-9327-4545-95f0-948912a09635', 'ip_version': 4, 'subnetpool_id': None, 'enable_dhcp': True, 'ipv6_ra_mode': None, 'ipv6_address_mode': None, 'gateway_ip': '192.168.128.1', 'cidr': '192.168.128.0/28', 'allocation_pools': [{'start': '192.168.128.2', 'end': '192.168.128.14'}], 'host_routes': [], 'dns_nameservers': [], 'description': '', 'router:external': False, 'service_types': [], 'tags': [], 'created_at': '2025-11-22T09:03:11Z', 'updated_at': '2025-11-22T09:03:11Z', 'revision_number': 0, 'project_id': '133ae53c86724b0fbe2d8a7c59a0175d'}, Router: {'id': '2db67f49-5d73-407c-84e9-b772b4a1c174', 'name': 'tempest-ServerActionsTestOtherA-1892277198-router', 'tenant_id': '133ae53c86724b0fbe2d8a7c59a0175d', 'admin_state_up': True, 'status': 'ACTIVE', 'external_gateway_info': {'network_id': '1930df74-5bbf-4a05-81f1-09fadb2fa31e', 'external_fixed_ips': [{'subnet_id': 'b4f6b472-f104-449f-a2a3-03fa87c1026e', 'ip_address': '10.180.180.190'}], 'enable_snat': True}, 'description': '', 'availability_zones': [], 'distributed': False, 'ha': False, 'availability_zone_hints': [], 'routes': [], 'flavor_id': None, 'tags': [], 'created_at': '2025-11-22T09:03:11Z', 'updated_at': '2025-11-22T09:03:12Z', 'revision_number': 2, 'project_id': '133ae53c86724b0fbe2d8a7c59a0175d'}
2025-11-22 09:03:14.149 66735 INFO tempest.lib.common.rest_client [req-217a43ac-c0a9-40ab-b04c-5d8729d82d40 req-217a43ac-c0a9-40ab-b04c-5d8729d82d40 ] Request (DeleteServersTestJSON:test_delete_active_server): 200 GET http://10.180.1.21/compute/v2.1/servers/893b68a5-2280-453b-b4d4-0fe8c57bb117 2.549s
2025-11-22 09:03:14.165 66727 INFO tempest.lib.common.rest_client [req-2f7c43db-721a-4faf-91b8-f3e843b6b750 req-2f7c43db-721a-4faf-91b8-f3e843b6b750 ] Request (ServerActionsTestOtherA:setUpClass): 201 POST http://10.180.1.21/identity/v3/auth/tokens 0.092s
2025-11-22 09:03:14.326 66741 INFO tempest.lib.common.rest_client [req-979b63e2-f151-4607-a147-bca70760f86c req-979b63e2-f151-4607-a147-bca70760f86c ] Request (ServerActionsTestOtherB:setUpClass): 200 GET http://10.180.1.21/compute/v2.1/servers/8c24f910-8be2-430d-a07c-ced235d1060f 2.677s
2025-11-22 09:03:14.338 66741 INFO tempest.common.waiters [-] State transition "BUILD/spawning" ==> "ACTIVE/None" after 35 second wait
2025-11-22 09:03:14.599 66734 INFO tempest.lib.common.rest_client [req-a1a67a95-f04e-4833-bac1-c2958919947f req-a1a67a95-f04e-4833-bac1-c2958919947f ] Request (MigrationsAdminTest:test_resize_server_revert_deleted_flavor): 202 POST http://10.180.1.21/compute/v2.1/servers 2.912s
2025-11-22 09:03:14.683 66737 INFO tempest.lib.common.rest_client [req-628863b8-293f-4ddb-aaa6-ae6924197fbe req-628863b8-293f-4ddb-aaa6-ae6924197fbe ] Request (FloatingIPsAssociationTestJSON:test_associate_already_associated_floating_ip): 200 GET http://10.180.1.21/compute/v2.1/servers/5175b31f-4b06-4ba8-86ac-60966ad2d6a3 2.953s
2025-11-22 09:03:14.785 66701 INFO tempest.lib.common.rest_client [req-643f4f12-351e-45e9-8297-dfabec540539 req-643f4f12-351e-45e9-8297-dfabec540539 ] Request (FloatingIPDetailsTestJSON:setUpClass): 200 POST http://10.180.1.21/compute/v2.1/os-floating-ips 3.187s
2025-11-22 09:03:14.791 66695 INFO tempest.lib.common.rest_client [req-f091fe61-6d64-489f-96ab-eb569b00aea7 req-f091fe61-6d64-489f-96ab-eb569b00aea7 ] Request (HypervisorAdminNegativeTestJSON:test_show_hypervisor_with_non_admin_user): 403 GET http://10.180.1.21/compute/v2.1/os-hypervisors/1 3.013s
2025-11-22 09:03:14.883 66723 INFO tempest.lib.common.rest_client [req-7d7b24a3-f297-41a6-83b7-7a0e00dae456 req-7d7b24a3-f297-41a6-83b7-7a0e00dae456 ] Request (VolumesAdminNegativeTest:tearDownClass): 200 GET http://10.180.1.21/compute/v2.1/servers/6e8842a2-e3c7-4511-9b8d-6c38e1df8626 3.033s
2025-11-22 09:03:14.896 66743 INFO tempest.lib.common.rest_client [req-d9f62088-74cd-4c9b-ba45-c85c8efcffd4 req-d9f62088-74cd-4c9b-ba45-c85c8efcffd4 ] Request (MultipleCreateTestJSON:test_multiple_create): 200 GET http://10.180.1.21/compute/v2.1/servers/062a9332-cf2e-43d8-938c-c65b4d337921 3.134s
2025-11-22 09:03:14.903 66689 INFO tempest.lib.common.rest_client [req-0b5abad6-fc2c-405b-99f2-e70d74cb2f0e req-0b5abad6-fc2c-405b-99f2-e70d74cb2f0e ] Request (FlavorsAdminTestJSON:test_list_public_flavor_with_other_user): 200 POST http://10.180.1.21/compute/v2.1/flavors 3.045s
2025-11-22 09:03:14.905 66743 INFO tempest.common.waiters [-] State transition "BUILD/spawning" ==> "ACTIVE/None" after 35 second wait
2025-11-22 09:03:14.966 66747 INFO tempest.lib.common.rest_client [req-9825e38d-eb32-44eb-8e3a-8e01176bdc2a req-9825e38d-eb32-44eb-8e3a-8e01176bdc2a ] Request (ServersTestManualDisk:tearDownClass): 200 GET http://10.180.1.21/compute/v2.1/servers/0f504896-3d18-4e8d-923e-276f44901f46 2.995s
2025-11-22 09:03:14.987 66715 INFO tempest.lib.common.rest_client [req-b796c019-27f1-4af7-819f-1ef8e61a6da4 req-b796c019-27f1-4af7-819f-1ef8e61a6da4 ] Request (ServersListShow296Test:tearDownClass): 404 GET http://10.180.1.21/compute/v2.1/servers/37906b9f-5d41-4bb9-b3d0-37c2a5c6b98a 2.765s
2025-11-22 09:03:15.027 66718 INFO tempest.lib.common.rest_client [req-b3ee911a-ebbe-4c82-b2e8-b501e6b27e55 req-b3ee911a-ebbe-4c82-b2e8-b501e6b27e55 ] Request (ImagesTestJSON:test_create_image_from_suspended_server): 200 GET http://10.180.1.21/compute/v2.1/servers/0070a399-7c91-4abb-a36e-d57408c91e31 3.121s
2025-11-22 09:03:15.034 66718 INFO tempest.common.waiters [-] State transition "BUILD/networking" ==> "BUILD/spawning" after 32 second wait
2025-11-22 09:03:15.044 66745 INFO tempest.lib.common.rest_client [req-9d138b1c-27dd-464d-85bf-44ca03bbc4a7 req-9d138b1c-27dd-464d-85bf-44ca03bbc4a7 ] Request (ServersTestJSON:setUpClass): 200 GET http://10.180.1.21/compute/v2.1/servers/8658aad2-1192-43d3-ae1c-62f876fbb262 2.610s
2025-11-22 09:03:15.055 66745 INFO tempest.common.waiters [-] State transition "BUILD/scheduling" ==> "BUILD/None" after 12 second wait
2025-11-22 09:03:15.075 66715 INFO tempest.lib.common.rest_client [req-6233e020-9275-4c00-9147-8e191b7c7601 req-6233e020-9275-4c00-9147-8e191b7c7601 ] Request (ServersListShow296Test:tearDownClass): 204 DELETE http://10.180.1.21/identity/v3/users/7f7e9ea30fcd478b8f6065a4825b1d01 0.088s
2025-11-22 09:03:15.076 66715 INFO tempest.lib.common.dynamic_creds [-] Deleting project and security group for project: e33075bca47944f39b34e0eed78111d7
2025-11-22 09:03:15.105 66731 INFO tempest.lib.common.rest_client [req-e5c256f8-772d-404c-872a-5f0c00198d38 req-e5c256f8-772d-404c-872a-5f0c00198d38 ] Request (FloatingIPsAssociationNegativeTestJSON:setUpClass): 200 GET http://10.180.1.21/compute/v2.1/servers/3623e55c-da09-4ca2-b0be-902ec6707ff9 2.538s
2025-11-22 09:03:15.105 66709 INFO tempest.lib.common.rest_client [req-198e438b-a1ba-4a74-ac0c-bcb6c0c5bcee req-198e438b-a1ba-4a74-ac0c-bcb6c0c5bcee ] Request (ListServersNegativeTestJSON:setUpClass): 200 GET http://10.180.1.21/compute/v2.1/servers/be212011-2e63-4bda-8cde-c26e101b7ac8 2.346s
2025-11-22 09:03:15.158 66715 INFO tempest.lib.common.rest_client [req-3328def4-390f-4531-a732-3b7a94759974 req-3328def4-390f-4531-a732-3b7a94759974 ] Request (ServersListShow296Test:tearDownClass): 201 POST http://10.180.1.21/identity/v3/auth/tokens 0.082s
2025-11-22 09:03:15.181 66719 INFO tempest.lib.common.rest_client [req-3f5d23cc-2b88-4bb0-bb62-d32ee20b0c47 req-3f5d23cc-2b88-4bb0-bb62-d32ee20b0c47 ] Request (ServerGroupTestJSON:test_create_server_with_scheduler_hint_group): 200 GET http://10.180.1.21/compute/v2.1/servers/bed4788b-8024-4a97-8612-45821dc862e7 2.128s
2025-11-22 09:03:15.188 66705 INFO tempest.lib.common.rest_client [req-6a2989ac-b78f-4409-942f-03437cdb6c8e req-6a2989ac-b78f-4409-942f-03437cdb6c8e ] Request (DeleteServersAdminTestJSON:test_delete_server_while_in_error_state): 200 GET http://10.180.1.21/compute/v2.1/servers/933540f6-b642-4e12-a392-c8075652e313 2.412s
2025-11-22 09:03:15.189 66719 INFO tempest.common.waiters [-] State transition "BUILD/scheduling" ==> "BUILD/None" after 12 second wait
2025-11-22 09:03:15.234 66707 INFO tempest.lib.common.rest_client [req-150336e6-f3f6-4775-a60c-900b14611ddf req-150336e6-f3f6-4775-a60c-900b14611ddf ] Request (ImagesOneServerTestJSON:test_create_delete_image): 200 GET http://10.180.1.21/compute/v2.1/images/80b686fe-859f-4328-b4b3-d54170356b9a 1.518s
2025-11-22 09:03:15.254 66713 INFO tempest.lib.common.rest_client [req-1406fd64-edc2-4d0e-a344-ded46c35b58e req-1406fd64-edc2-4d0e-a344-ded46c35b58e ] Request (ListImageFiltersTestJSON:setUpClass): 200 GET http://10.180.1.21/compute/v2.1/servers/ac685f5d-a007-4850-a678-8a585abc56b0 2.187s
2025-11-22 09:03:15.299 66687 INFO tempest.lib.common.rest_client [req-9c19ef6c-bcd8-4112-a3b4-a53906048eae req-9c19ef6c-bcd8-4112-a3b4-a53906048eae ] Request (ListServerFiltersTestJSON:setUpClass): 200 GET http://10.180.1.21/compute/v2.1/servers/0aa855e6-fdd7-4867-851e-c3d710a1b2f6 1.254s
2025-11-22 09:03:15.376 66741 INFO tempest.lib.common.rest_client [req-dffc1c86-c0ec-4439-899c-d61393fec145 req-dffc1c86-c0ec-4439-899c-d61393fec145 ] Request (ServerActionsTestOtherB:setUpClass): 200 GET http://10.180.1.21/compute/v2.1/servers/8c24f910-8be2-430d-a07c-ced235d1060f/os-interface 1.037s
2025-11-22 09:03:15.391 66715 INFO tempest.lib.common.rest_client [req-0a806a0f-871d-4217-9577-1e41d9c2d1d2 req-0a806a0f-871d-4217-9577-1e41d9c2d1d2 ] Request (ServersListShow296Test:tearDownClass): 200 GET http://10.180.1.21/networking/v2.0/security-groups?tenant_id=e33075bca47944f39b34e0eed78111d7&name=default 0.232s
2025-11-22 09:03:15.413 66727 INFO tempest.lib.common.rest_client [req-303e1854-30c6-4891-862c-ba61ec1ab9ee req-303e1854-30c6-4891-862c-ba61ec1ab9ee ] Request (ServerActionsTestOtherA:setUpClass): 200 POST http://10.180.1.21/compute/v2.1/os-keypairs 1.246s
2025-11-22 09:03:15.428 66699 WARNING tempest.lib.common.ssh [-] Failed to establish authenticated ssh connection to cirros@10.180.180.246 ([Errno None] Unable to connect to port 22 on 10.180.180.246). Number attempts: 2. Retry after 3 seconds.: paramiko.ssh_exception.NoValidConnectionsError: [Errno None] Unable to connect to port 22 on 10.180.180.246
2025-11-22 09:03:15.481 66715 INFO tempest.lib.common.rest_client [req-d7c1b3d0-a68c-4cc5-a1d7-0e214855d03e req-d7c1b3d0-a68c-4cc5-a1d7-0e214855d03e ] Request (ServersListShow296Test:tearDownClass): 204 DELETE http://10.180.1.21/networking/v2.0/security-groups/586395d4-51ab-445c-a063-e9e4a6881c23 0.089s
2025-11-22 09:03:15.507 66734 INFO tempest.lib.common.rest_client [req-7006c49c-7f1a-4406-b399-4ad2dbee3ce4 req-7006c49c-7f1a-4406-b399-4ad2dbee3ce4 ] Request (MigrationsAdminTest:test_resize_server_revert_deleted_flavor): 200 GET http://10.180.1.21/compute/v2.1/servers/6a70db32-0f17-4e2c-83c7-1bd577c4645b 0.906s
2025-11-22 09:03:15.575 66715 INFO tempest.lib.common.rest_client [req-02c7fac4-8687-4188-a4cc-03fb416438b5 req-02c7fac4-8687-4188-a4cc-03fb416438b5 ] Request (ServersListShow296Test:tearDownClass): 204 DELETE http://10.180.1.21/identity/v3/projects/e33075bca47944f39b34e0eed78111d7 0.093s
2025-11-22 09:03:15.634 66727 INFO tempest.lib.common.rest_client [req-d08c227b-5abb-4c33-a3ce-ab8b66b8e3d4 req-d08c227b-5abb-4c33-a3ce-ab8b66b8e3d4 ] Request (ServerActionsTestOtherA:setUpClass): 201 POST http://10.180.1.21/networking/v2.0/security-groups 0.219s
2025-11-22 09:03:15.667 66729 INFO tempest.lib.common.rest_client [req-0d9543d5-0e60-48f7-9739-50a700de608e req-0d9543d5-0e60-48f7-9739-50a700de608e ] Request (VolumesAssistedSnapshotsTest:tearDownClass): 200 GET http://10.180.1.21/compute/v2.1/servers/c34d3429-a622-4f9f-be91-510b5c07671e 0.912s
2025-11-22 09:03:15.673 66695 INFO tempest.lib.common.rest_client [req-e51e13ba-8862-4c1d-ac1c-bdfad308f3de req-e51e13ba-8862-4c1d-ac1c-bdfad308f3de ] Request (HypervisorAdminNegativeTestJSON:test_show_nonexistent_hypervisor): 404 GET http://10.180.1.21/compute/v2.1/os-hypervisors/0111764c-3867-4cf3-9945-3a53bf64cdfb 0.878s
2025-11-22 09:03:15.811 66727 INFO tempest.lib.common.rest_client [req-0b8764c3-c2ea-4f67-bc3d-f3abac97f1ba req-0b8764c3-c2ea-4f67-bc3d-f3abac97f1ba ] Request (ServerActionsTestOtherA:setUpClass): 201 POST http://10.180.1.21/networking/v2.0/security-group-rules 0.176s
2025-11-22 09:03:15.829 66695 INFO tempest.lib.common.rest_client [req-5a03e1c3-2545-4a2e-8893-1a4f8a4cf5f3 req-5a03e1c3-2545-4a2e-8893-1a4f8a4cf5f3 ] Request (HypervisorAdminNegativeTestJSON:tearDownClass): 204 DELETE http://10.180.1.21/identity/v3/users/b33990f2c3134b8e957ea6b379725898 0.155s
2025-11-22 09:03:15.953 66695 INFO tempest.lib.common.rest_client [req-33d3ca29-92a7-4f99-b72f-e82cf242e233 req-33d3ca29-92a7-4f99-b72f-e82cf242e233 ] Request (HypervisorAdminNegativeTestJSON:tearDownClass): 204 DELETE http://10.180.1.21/identity/v3/users/a00f3e85c917499f96f5586bb9d24b69 0.123s
2025-11-22 09:03:15.953 66695 INFO tempest.lib.common.dynamic_creds [-] Deleting project and security group for project: 4b1605facbff4b1aabe580f88246ff5f
2025-11-22 09:03:15.971 66741 INFO tempest.lib.common.rest_client [req-9b115832-a8cb-449c-92f7-321871872403 req-9b115832-a8cb-449c-92f7-321871872403 ] Request (ServerActionsTestOtherB:setUpClass): 200 PUT http://10.180.1.21/networking/v2.0/floatingips/73ac9d17-1950-4527-964b-78c7068ee2bc 0.593s
2025-11-22 09:03:15.974 66741 INFO tempest.lib.common.ssh [-] Creating ssh connection to '10.180.180.194:22' as 'cirros' with public key authentication
2025-11-22 09:03:16.007 66711 INFO tempest.lib.common.rest_client [req-234807c7-e8b5-4205-b0ba-587a53c5f957 req-234807c7-e8b5-4205-b0ba-587a53c5f957 ] Request (AttachInterfacesTestJSON:test_create_list_show_delete_interfaces_by_fixed_ip): 200 GET http://10.180.1.21/compute/v2.1/servers/a121a65e-d11a-4c79-8076-c1e5358bb89d 1.123s
2025-11-22 09:03:16.040 66695 INFO tempest.lib.common.rest_client [req-c3705914-4e7c-4d21-badf-bdaa29d04f5d req-c3705914-4e7c-4d21-badf-bdaa29d04f5d ] Request (HypervisorAdminNegativeTestJSON:tearDownClass): 201 POST http://10.180.1.21/identity/v3/auth/tokens 0.087s
2025-11-22 09:03:16.097 66727 INFO tempest.lib.common.rest_client [req-f7e540fa-acbe-45d2-8da5-a3118957dd8d req-f7e540fa-acbe-45d2-8da5-a3118957dd8d ] Request (ServerActionsTestOtherA:setUpClass): 201 POST http://10.180.1.21/networking/v2.0/security-group-rules 0.286s
2025-11-22 09:03:16.289 66695 INFO tempest.lib.common.rest_client [req-1b2dfe52-dc31-49f5-9c02-f6a25cd7eb36 req-1b2dfe52-dc31-49f5-9c02-f6a25cd7eb36 ] Request (HypervisorAdminNegativeTestJSON:tearDownClass): 200 GET http://10.180.1.21/networking/v2.0/security-groups?tenant_id=4b1605facbff4b1aabe580f88246ff5f&name=default 0.248s
2025-11-22 09:03:16.447 66695 INFO tempest.lib.common.rest_client [req-dd407f89-89bd-4079-96cf-e506e5059ede req-dd407f89-89bd-4079-96cf-e506e5059ede ] Request (HypervisorAdminNegativeTestJSON:tearDownClass): 204 DELETE http://10.180.1.21/networking/v2.0/security-groups/c2d47d3e-fb19-4128-86bb-313c7b0e232b 0.157s
2025-11-22 09:03:16.512 66743 INFO tempest.lib.common.rest_client [req-52b77db5-d7a8-4b68-9b59-d29ae2288274 req-52b77db5-d7a8-4b68-9b59-d29ae2288274 ] Request (MultipleCreateTestJSON:test_multiple_create): 200 GET http://10.180.1.21/compute/v2.1/servers/80dabcfd-eb95-4cbf-ad9c-6c82a05b74c8 1.607s
2025-11-22 09:03:16.528 66695 INFO tempest.lib.common.rest_client [req-33e9587a-bc2a-4e4e-bada-518c0c613897 req-33e9587a-bc2a-4e4e-bada-518c0c613897 ] Request (HypervisorAdminNegativeTestJSON:tearDownClass): 204 DELETE http://10.180.1.21/identity/v3/projects/4b1605facbff4b1aabe580f88246ff5f 0.080s
2025-11-22 09:03:16.528 66695 INFO tempest.lib.common.dynamic_creds [-] Deleting project and security group for project: 00a3f743c61c49bfa507557a33ceef3d
2025-11-22 09:03:16.546 66689 INFO tempest.lib.common.rest_client [req-b846d726-f1c9-4c7b-b684-e56247e7c7f9 req-b846d726-f1c9-4c7b-b684-e56247e7c7f9 ] Request (FlavorsAdminTestJSON:test_list_public_flavor_with_other_user): 200 GET http://10.180.1.21/compute/v2.1/flavors/detail 1.640s
2025-11-22 09:03:16.609 66701 INFO tempest.lib.common.rest_client [req-871fe449-fe48-4631-92fc-3c460ebd39d6 req-871fe449-fe48-4631-92fc-3c460ebd39d6 ] Request (FloatingIPDetailsTestJSON:setUpClass): 200 POST http://10.180.1.21/compute/v2.1/os-floating-ips 1.822s
2025-11-22 09:03:16.738 66695 INFO tempest.lib.common.rest_client [req-e6baff42-f842-46a3-baea-05c36f1d392a req-e6baff42-f842-46a3-baea-05c36f1d392a ] Request (HypervisorAdminNegativeTestJSON:tearDownClass): 200 GET http://10.180.1.21/networking/v2.0/security-groups?tenant_id=00a3f743c61c49bfa507557a33ceef3d&name=default 0.210s
2025-11-22 09:03:16.793 66739 INFO tempest.lib.common.rest_client [req-fe7fa1ca-09d5-4612-9872-3397073ace48 req-fe7fa1ca-09d5-4612-9872-3397073ace48 ] Request (InstanceActionsTestJSON:tearDownClass): 200 GET http://10.180.1.21/compute/v2.1/servers/a4e27299-8e9e-4489-b91b-769099101b96 1.853s
2025-11-22 09:03:16.824 66727 INFO tempest.lib.common.rest_client [req-04140628-2463-4a68-a32c-f23a356fbd4c req-04140628-2463-4a68-a32c-f23a356fbd4c ] Request (ServerActionsTestOtherA:setUpClass): 201 POST http://10.180.1.21/networking/v2.0/floatingips 0.726s
2025-11-22 09:03:16.840 66703 INFO tempest.lib.common.rest_client [req-56ccbd23-18bd-4fcb-9301-03387c792bd5 req-56ccbd23-18bd-4fcb-9301-03387c792bd5 ] Request (ServersListShow298Test:tearDownClass): 200 GET http://10.180.1.21/compute/v2.1/servers/dbece97f-baca-43f3-bacd-e274c9b6d985 1.837s
2025-11-22 09:03:16.912 66727 INFO tempest.lib.common.rest_client [req-d27f2b9c-84fc-456d-be6a-24ed46243e63 req-d27f2b9c-84fc-456d-be6a-24ed46243e63 ] Request (ServerActionsTestOtherA:setUpClass): 201 POST http://10.180.1.21/identity/v3/auth/tokens 0.084s
2025-11-22 09:03:16.912 66727 INFO tempest.lib.common.fixed_network [-] (ServerActionsTestOtherA:setUpClass) Found network {'id': 'cc9d740a-9327-4545-95f0-948912a09635', 'name': 'tempest-ServerActionsTestOtherA-1892277198-network', 'tenant_id': '133ae53c86724b0fbe2d8a7c59a0175d', 'project_id': '133ae53c86724b0fbe2d8a7c59a0175d', 'admin_state_up': True, 'mtu': 8950, 'status': 'ACTIVE', 'subnets': [], 'shared': False, 'port_security_enabled': True, 'router:external': False, 'provider:network_type': 'vlan', 'provider:physical_network': 'default', 'provider:segmentation_id': 478, 'availability_zone_hints': [], 'availability_zones': [], 'ipv4_address_scope': None, 'ipv6_address_scope': None, 'description': '', 'tags': [], 'created_at': '2025-11-22T09:03:11Z', 'updated_at': '2025-11-22T09:03:11Z', 'revision_number': 1} available for tenant
2025-11-22 09:03:16.919 66695 INFO tempest.lib.common.rest_client [req-8db1aa5e-ba09-411c-bf66-979584e18db6 req-8db1aa5e-ba09-411c-bf66-979584e18db6 ] Request (HypervisorAdminNegativeTestJSON:tearDownClass): 204 DELETE http://10.180.1.21/networking/v2.0/security-groups/de4d0c7c-f598-4330-8c4f-08e220a83a48 0.180s
2025-11-22 09:03:16.966 66691 INFO tempest.lib.common.rest_client [req-fbcb4c4e-28ce-4420-86ba-3368e58ee6dc req-fbcb4c4e-28ce-4420-86ba-3368e58ee6dc ] Request (ServerRescueNegativeTestJSON:test_rescued_vm_detach_volume): 200 GET http://10.180.1.21/compute/v2.1/servers/09a5a012-cd41-485e-94eb-3a5ad9e06e67 1.904s
2025-11-22 09:03:16.979 66691 INFO tempest.common.waiters [-] State transition "BUILD/scheduling" ==> "BUILD/None" after 9 second wait
2025-11-22 09:03:16.983 66707 INFO tempest.lib.common.rest_client [req-27d460ac-ab96-430f-953e-ebd291a4e595 req-27d460ac-ab96-430f-953e-ebd291a4e595 ] Request (ImagesOneServerTestJSON:test_create_delete_image): 200 GET http://10.180.1.21/compute/v2.1/flavors/42 1.746s
2025-11-22 09:03:16.984 66735 INFO tempest.lib.common.rest_client [req-ba1cdc2f-bdc6-41cf-a46b-b47573fea0f2 req-ba1cdc2f-bdc6-41cf-a46b-b47573fea0f2 ] Request (DeleteServersTestJSON:test_delete_active_server): 200 GET http://10.180.1.21/compute/v2.1/servers/893b68a5-2280-453b-b4d4-0fe8c57bb117 1.825s
2025-11-22 09:03:17.040 66695 INFO tempest.lib.common.rest_client [req-924aa244-a351-4995-a39e-c38b5341e834 req-924aa244-a351-4995-a39e-c38b5341e834 ] Request (HypervisorAdminNegativeTestJSON:tearDownClass): 204 DELETE http://10.180.1.21/identity/v3/projects/00a3f743c61c49bfa507557a33ceef3d 0.121s
2025-11-22 09:03:17.041 66695 INFO tempest.test [-] raised in LiveMigrationNegativeTest.setUpClass. Invoking tearDownClass.
2025-11-22 09:03:17.052 66737 INFO tempest.lib.common.rest_client [req-18bbf0ae-e470-4651-90b5-7bc2afab78d2 req-18bbf0ae-e470-4651-90b5-7bc2afab78d2 ] Request (FloatingIPsAssociationTestJSON:test_associate_already_associated_floating_ip): 200 GET http://10.180.1.21/compute/v2.1/servers/5175b31f-4b06-4ba8-86ac-60966ad2d6a3 1.360s
2025-11-22 09:03:17.080 66723 INFO tempest.lib.common.rest_client [req-b4e8c44e-c440-491d-bfcb-c4ff6bf1e205 req-b4e8c44e-c440-491d-bfcb-c4ff6bf1e205 ] Request (VolumesAdminNegativeTest:tearDownClass): 200 GET http://10.180.1.21/compute/v2.1/servers/6e8842a2-e3c7-4511-9b8d-6c38e1df8626 1.189s
2025-11-22 09:03:17.126 66747 INFO tempest.lib.common.rest_client [req-fc24a879-6838-41d7-b0f7-bd460cf6fd70 req-fc24a879-6838-41d7-b0f7-bd460cf6fd70 ] Request (ServersTestManualDisk:tearDownClass): 200 GET http://10.180.1.21/compute/v2.1/servers/0f504896-3d18-4e8d-923e-276f44901f46 1.153s
2025-11-22 09:03:17.139 66695 INFO tempest.lib.common.rest_client [req-807d313f-d724-45bc-bfb0-3f38d5803cad req-807d313f-d724-45bc-bfb0-3f38d5803cad ] Request (NetworksTest:setUpClass): 201 POST http://10.180.1.21/identity/v3/auth/tokens 0.096s
2025-11-22 09:03:17.173 66695 INFO tempest.lib.common.rest_client [req-3987c6ea-46e4-4c49-8075-6af800722ce5 req-3987c6ea-46e4-4c49-8075-6af800722ce5 ] Request (NetworksTest:setUpClass): 201 POST http://10.180.1.21/identity/v3/auth/tokens 0.032s
2025-11-22 09:03:17.179 66745 INFO tempest.lib.common.rest_client [req-638b004b-8079-4e2b-b323-5da059c452b1 req-638b004b-8079-4e2b-b323-5da059c452b1 ] Request (ServersTestJSON:setUpClass): 200 GET http://10.180.1.21/compute/v2.1/servers/8658aad2-1192-43d3-ae1c-62f876fbb262 1.123s
2025-11-22 09:03:17.199 66695 INFO tempest.lib.common.rest_client [req-6d082ee4-9acf-4207-b1cd-522795254f91 req-6d082ee4-9acf-4207-b1cd-522795254f91 ] Request (NetworksTest:setUpClass): 200 GET http://10.180.1.21/identity/v3/domains?name=Default 0.025s
2025-11-22 09:03:17.219 66718 INFO tempest.lib.common.rest_client [req-fff27534-8b9d-4b66-81de-821dac0e9fb0 req-fff27534-8b9d-4b66-81de-821dac0e9fb0 ] Request (ImagesTestJSON:test_create_image_from_suspended_server): 200 GET http://10.180.1.21/compute/v2.1/servers/0070a399-7c91-4abb-a36e-d57408c91e31 1.181s
2025-11-22 09:03:17.227 66695 INFO tempest.lib.common.rest_client [req-591d92a3-c5f7-4556-9cf2-224a637f995c req-591d92a3-c5f7-4556-9cf2-224a637f995c ] Request (NetworksTest:setUpClass): 201 POST http://10.180.1.21/identity/v3/projects 0.028s
2025-11-22 09:03:17.235 66709 INFO tempest.lib.common.rest_client [req-2e3ec6fe-f387-4cc2-8823-e397baca591c req-2e3ec6fe-f387-4cc2-8823-e397baca591c ] Request (ListServersNegativeTestJSON:setUpClass): 200 GET http://10.180.1.21/compute/v2.1/servers/be212011-2e63-4bda-8cde-c26e101b7ac8 1.120s
2025-11-22 09:03:17.279 66731 INFO tempest.lib.common.rest_client [req-75095cc4-7241-4fae-bca4-777c450efd6b req-75095cc4-7241-4fae-bca4-777c450efd6b ] Request (FloatingIPsAssociationNegativeTestJSON:setUpClass): 200 GET http://10.180.1.21/compute/v2.1/servers/3623e55c-da09-4ca2-b0be-902ec6707ff9 1.164s
2025-11-22 09:03:17.296 66695 INFO tempest.lib.common.rest_client [req-b16aa5d5-d6dc-4671-9a16-e54bd2f00ec9 req-b16aa5d5-d6dc-4671-9a16-e54bd2f00ec9 ] Request (NetworksTest:setUpClass): 201 POST http://10.180.1.21/identity/v3/users 0.068s
2025-11-22 09:03:17.300 66719 INFO tempest.lib.common.rest_client [req-768bfca6-45b3-4f23-b50c-12df767e7e0f req-768bfca6-45b3-4f23-b50c-12df767e7e0f ] Request (ServerGroupTestJSON:test_create_server_with_scheduler_hint_group): 200 GET http://10.180.1.21/compute/v2.1/servers/bed4788b-8024-4a97-8612-45821dc862e7 1.110s
2025-11-22 09:03:17.325 66695 INFO tempest.lib.common.rest_client [req-79dd0ec1-fce2-4dde-91d1-ddcf20bec2b9 req-79dd0ec1-fce2-4dde-91d1-ddcf20bec2b9 ] Request (NetworksTest:setUpClass): 200 GET http://10.180.1.21/identity/v3/roles 0.028s
2025-11-22 09:03:17.353 66705 INFO tempest.lib.common.rest_client [req-00019a58-a4ee-4385-bc67-bb2fd89394a8 req-00019a58-a4ee-4385-bc67-bb2fd89394a8 ] Request (DeleteServersAdminTestJSON:test_delete_server_while_in_error_state): 200 GET http://10.180.1.21/compute/v2.1/servers/933540f6-b642-4e12-a392-c8075652e313 1.150s
2025-11-22 09:03:17.372 66695 INFO tempest.lib.common.rest_client [req-873a0c08-42fb-4a9b-8797-7a5b5f9ebb89 req-873a0c08-42fb-4a9b-8797-7a5b5f9ebb89 ] Request (NetworksTest:setUpClass): 204 PUT http://10.180.1.21/identity/v3/projects/703456f5c02c474e8b02749f0d0a35c7/users/d6f7e1ab5a574111bbed07ce53100fa8/roles/80d723911f9b48a2ae53c87bc6e5ea0d 0.047s
2025-11-22 09:03:17.372 66695 INFO tempest.lib.common.dynamic_creds [-] Dynamic test user d6f7e1ab5a574111bbed07ce53100fa8 is created with scope project and roles: ['member']
2025-11-22 09:03:17.373 66695 INFO tempest.lib.common.dynamic_creds [-] Acquired dynamic creds: credentials: Credentials: {'domain_id': 'default', 'domain_name': 'Default', 'username': 'tempest-NetworksTest-559499178-project-member', 'project_domain_id': 'default', 'project_domain_name': 'Default', 'project_id': '703456f5c02c474e8b02749f0d0a35c7', 'project_name': 'tempest-NetworksTest-559499178', 'tenant_id': '703456f5c02c474e8b02749f0d0a35c7', 'tenant_name': 'tempest-NetworksTest-559499178', 'user_domain_id': 'default', 'user_domain_name': 'Default', 'user_id': 'd6f7e1ab5a574111bbed07ce53100fa8', 'system': None}, Network: None, Subnet: None, Router: None
2025-11-22 09:03:17.373 66695 INFO tempest.lib.common.dynamic_creds [-] Created isolated network resources for: credentials: Credentials: {'domain_id': 'default', 'domain_name': 'Default', 'username': 'tempest-NetworksTest-559499178-project-member', 'project_domain_id': 'default', 'project_domain_name': 'Default', 'project_id': '703456f5c02c474e8b02749f0d0a35c7', 'project_name': 'tempest-NetworksTest-559499178', 'tenant_id': '703456f5c02c474e8b02749f0d0a35c7', 'tenant_name': 'tempest-NetworksTest-559499178', 'user_domain_id': 'default', 'user_domain_name': 'Default', 'user_id': 'd6f7e1ab5a574111bbed07ce53100fa8', 'system': None}, Network: None, Subnet: None, Router: None
2025-11-22 09:03:17.374 66713 INFO tempest.lib.common.rest_client [req-638e314d-a5e4-4e3b-883a-8f3ebf0092cf req-638e314d-a5e4-4e3b-883a-8f3ebf0092cf ] Request (ListImageFiltersTestJSON:setUpClass): 200 GET http://10.180.1.21/compute/v2.1/servers/ac685f5d-a007-4850-a678-8a585abc56b0 1.108s
2025-11-22 09:03:17.433 66687 INFO tempest.lib.common.rest_client [req-f8fc561e-ae64-4e16-b8ab-cd660e054d70 req-f8fc561e-ae64-4e16-b8ab-cd660e054d70 ] Request (ListServerFiltersTestJSON:setUpClass): 200 GET http://10.180.1.21/compute/v2.1/servers/0aa855e6-fdd7-4867-851e-c3d710a1b2f6 1.123s
2025-11-22 09:03:17.450 66734 INFO tempest.lib.common.rest_client [req-87901be6-a1b6-49a6-85bf-930c9d1e1742 req-87901be6-a1b6-49a6-85bf-930c9d1e1742 ] Request (MigrationsAdminTest:test_resize_server_revert_deleted_flavor): 200 GET http://10.180.1.21/compute/v2.1/servers/6a70db32-0f17-4e2c-83c7-1bd577c4645b 0.933s
2025-11-22 09:03:17.470 66689 INFO tempest.lib.common.rest_client [req-8c2ecb21-1a68-425a-a0bb-27c6f7ec70d4 req-8c2ecb21-1a68-425a-a0bb-27c6f7ec70d4 ] Request (FlavorsAdminTestJSON:_run_cleanups): 202 DELETE http://10.180.1.21/compute/v2.1/flavors/1495176520 0.918s
2025-11-22 09:03:17.479 66695 INFO tempest.lib.common.rest_client [req-41b76834-4718-4e5e-be5f-bf6aaf39384b req-41b76834-4718-4e5e-be5f-bf6aaf39384b ] Request (NetworksTest:setUpClass): 201 POST http://10.180.1.21/identity/v3/auth/tokens 0.099s
2025-11-22 09:03:17.524 66743 INFO tempest.lib.common.rest_client [req-8d76b893-c749-4a28-8e13-059a6fe91d8f req-8d76b893-c749-4a28-8e13-059a6fe91d8f ] Request (MultipleCreateTestJSON:_run_cleanups): 204 DELETE http://10.180.1.21/compute/v2.1/servers/80dabcfd-eb95-4cbf-ad9c-6c82a05b74c8 1.003s
2025-11-22 09:03:17.543 66695 INFO tempest.lib.common.rest_client [req-a1afcd73-d230-4d62-92d9-2fae96ac9eb4 req-a1afcd73-d230-4d62-92d9-2fae96ac9eb4 ] Request (NetworksTest:setUpClass): 201 POST http://10.180.1.21/identity/v3/projects 0.063s
2025-11-22 09:03:17.637 66695 INFO tempest.lib.common.rest_client [req-8c784982-7a2c-45cb-ae2c-9f8e8d010736 req-8c784982-7a2c-45cb-ae2c-9f8e8d010736 ] Request (NetworksTest:setUpClass): 201 POST http://10.180.1.21/identity/v3/users 0.094s
2025-11-22 09:03:17.659 66695 INFO tempest.lib.common.rest_client [req-1097d60e-e848-4869-a25a-4ba2f69f5e08 req-1097d60e-e848-4869-a25a-4ba2f69f5e08 ] Request (NetworksTest:setUpClass): 200 GET http://10.180.1.21/identity/v3/roles 0.021s
2025-11-22 09:03:17.690 66695 INFO tempest.lib.common.rest_client [req-1cf4f22a-909c-4b1e-9e76-6c79273fd828 req-1cf4f22a-909c-4b1e-9e76-6c79273fd828 ] Request (NetworksTest:setUpClass): 204 PUT http://10.180.1.21/identity/v3/projects/5b8dff9575754b78a1b559ca5afb7f77/users/90572d655d90479fa294c76691651220/roles/1e9a20eda58c429493f2acb1431157b0 0.031s
2025-11-22 09:03:17.742 66695 INFO tempest.lib.common.rest_client [req-2f1aa014-6491-4ab7-bdbe-cdf4e9140ee7 req-2f1aa014-6491-4ab7-bdbe-cdf4e9140ee7 ] Request (NetworksTest:setUpClass): 200 GET http://10.180.1.21/identity/v3/roles 0.051s
2025-11-22 09:03:17.751 66693 WARNING tempest.lib.common.ssh [-] Failed to establish authenticated ssh connection to cirros@10.180.180.216 ([Errno None] Unable to connect to port 22 on 10.180.180.216). Number attempts: 5. Retry after 6 seconds.: paramiko.ssh_exception.NoValidConnectionsError: [Errno None] Unable to connect to port 22 on 10.180.180.216
2025-11-22 09:03:17.760 66695 INFO tempest.lib.common.rest_client [req-56a28206-bde7-4a3d-b177-38486edd5020 req-56a28206-bde7-4a3d-b177-38486edd5020 ] Request (NetworksTest:setUpClass): 204 PUT http://10.180.1.21/identity/v3/projects/5b8dff9575754b78a1b559ca5afb7f77/users/90572d655d90479fa294c76691651220/roles/1e9a20eda58c429493f2acb1431157b0 0.017s
2025-11-22 09:03:17.760 66695 INFO tempest.lib.common.dynamic_creds [-] Dynamic test user 90572d655d90479fa294c76691651220 is created with scope project and roles: ['admin']
2025-11-22 09:03:17.760 66695 INFO tempest.lib.common.dynamic_creds [-] Acquired dynamic creds: credentials: Credentials: {'domain_id': 'default', 'domain_name': 'Default', 'username': 'tempest-NetworksTest-210361186-project-admin', 'project_domain_id': 'default', 'project_domain_name': 'Default', 'project_id': '5b8dff9575754b78a1b559ca5afb7f77', 'project_name': 'tempest-NetworksTest-210361186', 'tenant_id': '5b8dff9575754b78a1b559ca5afb7f77', 'tenant_name': 'tempest-NetworksTest-210361186', 'user_domain_id': 'default', 'user_domain_name': 'Default', 'user_id': '90572d655d90479fa294c76691651220', 'system': None}, Network: None, Subnet: None, Router: None
2025-11-22 09:03:17.760 66695 INFO tempest.lib.common.dynamic_creds [-] Created isolated network resources for: credentials: Credentials: {'domain_id': 'default', 'domain_name': 'Default', 'username': 'tempest-NetworksTest-210361186-project-admin', 'project_domain_id': 'default', 'project_domain_name': 'Default', 'project_id': '5b8dff9575754b78a1b559ca5afb7f77', 'project_name': 'tempest-NetworksTest-210361186', 'tenant_id': '5b8dff9575754b78a1b559ca5afb7f77', 'tenant_name': 'tempest-NetworksTest-210361186', 'user_domain_id': 'default', 'user_domain_name': 'Default', 'user_id': '90572d655d90479fa294c76691651220', 'system': None}, Network: None, Subnet: None, Router: None
2025-11-22 09:03:17.840 66695 INFO tempest.lib.common.rest_client [req-c7c3e099-9f80-46e4-83b6-3f428c4fa246 req-c7c3e099-9f80-46e4-83b6-3f428c4fa246 ] Request (NetworksTest:setUpClass): 201 POST http://10.180.1.21/identity/v3/auth/tokens 0.076s
2025-11-22 09:03:18.102 66729 INFO tempest.lib.common.rest_client [req-4cdd2566-e528-4067-beb4-75969239af73 req-4cdd2566-e528-4067-beb4-75969239af73 ] Request (VolumesAssistedSnapshotsTest:tearDownClass): 200 GET http://10.180.1.21/compute/v2.1/servers/c34d3429-a622-4f9f-be91-510b5c07671e 1.426s
2025-11-22 09:03:18.243 66701 INFO tempest.lib.common.rest_client [req-753567d4-de12-4538-8de8-37c3df0eb07a req-753567d4-de12-4538-8de8-37c3df0eb07a ] Request (FloatingIPDetailsTestJSON:test_get_floating_ip_details): 200 POST http://10.180.1.21/compute/v2.1/os-floating-ips 1.629s
2025-11-22 09:03:18.342 66707 INFO tempest.lib.common.rest_client [req-22481a9b-7e44-48a9-b73f-e7fbf48980ed req-22481a9b-7e44-48a9-b73f-e7fbf48980ed ] Request (ImagesOneServerTestJSON:test_create_delete_image): 204 DELETE http://10.180.1.21/compute/v2.1/images/7e592c34-7655-4e3d-88ff-ca8bfb312be1 1.356s
2025-11-22 09:03:18.663 66711 INFO tempest.lib.common.rest_client [req-2011a9d0-3f87-403f-bdb7-1edec833d664 req-2011a9d0-3f87-403f-bdb7-1edec833d664 ] Request (AttachInterfacesTestJSON:test_create_list_show_delete_interfaces_by_fixed_ip): 200 GET http://10.180.1.21/compute/v2.1/servers/a121a65e-d11a-4c79-8076-c1e5358bb89d 1.647s
2025-11-22 09:03:18.674 66711 INFO tempest.common.waiters [-] State transition "BUILD/None" ==> "BUILD/spawning" after 34 second wait
2025-11-22 09:03:18.695 66689 INFO tempest.lib.common.rest_client [req-bfe822cb-5ec9-418c-a28b-0ce43edf55cb req-bfe822cb-5ec9-418c-a28b-0ce43edf55cb ] Request (FlavorsAdminTestJSON:_run_cleanups): 200 GET http://10.180.1.21/compute/v2.1/flavors/detail 1.225s
2025-11-22 09:03:18.783 66743 INFO tempest.lib.common.rest_client [req-8b76eaad-f0c6-4373-bc70-178b0fb50a06 req-8b76eaad-f0c6-4373-bc70-178b0fb50a06 ] Request (MultipleCreateTestJSON:_run_cleanups): 204 DELETE http://10.180.1.21/compute/v2.1/servers/062a9332-cf2e-43d8-938c-c65b4d337921 1.258s
2025-11-22 09:03:18.837 66689 INFO tempest.lib.common.rest_client [req-2b766c24-1243-4d9f-acaa-62e5d4a4cddd req-2b766c24-1243-4d9f-acaa-62e5d4a4cddd ] Request (FlavorsAdminTestJSON:tearDownClass): 204 DELETE http://10.180.1.21/identity/v3/users/6fe2d1e7244e4fc78d7337418d4a5997 0.135s
2025-11-22 09:03:18.861 66739 INFO tempest.lib.common.rest_client [req-c20b924a-46ea-42f0-8a6c-5ab33ae50e1c req-c20b924a-46ea-42f0-8a6c-5ab33ae50e1c ] Request (InstanceActionsTestJSON:tearDownClass): 200 GET http://10.180.1.21/compute/v2.1/servers/a4e27299-8e9e-4489-b91b-769099101b96 1.058s
2025-11-22 09:03:18.873 66727 INFO tempest.lib.common.rest_client [req-7f8caf90-f069-4c6f-a248-7d7941ad020b req-7f8caf90-f069-4c6f-a248-7d7941ad020b ] Request (ServerActionsTestOtherA:setUpClass): 202 POST http://10.180.1.21/compute/v2.1/servers 1.959s
2025-11-22 09:03:18.959 66689 INFO tempest.lib.common.rest_client [req-d61a0a8d-1b8b-428d-b933-816bd81bac30 req-d61a0a8d-1b8b-428d-b933-816bd81bac30 ] Request (FlavorsAdminTestJSON:tearDownClass): 204 DELETE http://10.180.1.21/identity/v3/users/9230d093654e4d92a1f2d81fc7b20be6 0.121s
2025-11-22 09:03:18.959 66689 INFO tempest.lib.common.dynamic_creds [-] Deleting project and security group for project: 9bd702da2d50449bae61bdea4b3fc7d8
2025-11-22 09:03:18.967 66703 INFO tempest.lib.common.rest_client [req-1e819801-0bac-4906-8a3f-7eef19bf1581 req-1e819801-0bac-4906-8a3f-7eef19bf1581 ] Request (ServersListShow298Test:tearDownClass): 200 GET http://10.180.1.21/compute/v2.1/servers/dbece97f-baca-43f3-bacd-e274c9b6d985 1.111s
2025-11-22 09:03:19.027 66689 INFO tempest.lib.common.rest_client [req-2aa417ca-98c8-42be-9260-058a27bde5d0 req-2aa417ca-98c8-42be-9260-058a27bde5d0 ] Request (FlavorsAdminTestJSON:tearDownClass): 201 POST http://10.180.1.21/identity/v3/auth/tokens 0.067s
2025-11-22 09:03:19.032 66691 INFO tempest.lib.common.rest_client [req-3edbd0d5-7182-460e-b5be-3907d9b0869f req-3edbd0d5-7182-460e-b5be-3907d9b0869f ] Request (ServerRescueNegativeTestJSON:test_rescued_vm_detach_volume): 200 GET http://10.180.1.21/compute/v2.1/servers/09a5a012-cd41-485e-94eb-3a5ad9e06e67 1.052s
2025-11-22 09:03:19.058 66735 INFO tempest.lib.common.rest_client [req-0ae9a917-2c29-4e31-a723-34fa8ca09e2f req-0ae9a917-2c29-4e31-a723-34fa8ca09e2f ] Request (DeleteServersTestJSON:test_delete_active_server): 404 GET http://10.180.1.21/compute/v2.1/servers/893b68a5-2280-453b-b4d4-0fe8c57bb117 1.065s
2025-11-22 09:03:19.169 66735 INFO tempest.lib.common.rest_client [req-20a65cd0-e5dd-433c-9661-144955a20b1c req-20a65cd0-e5dd-433c-9661-144955a20b1c ] Request (DeleteServersTestJSON:test_delete_server_while_in_attached_volume): 201 POST http://10.180.1.21/identity/v3/auth/tokens 0.106s
2025-11-22 09:03:19.170 66735 INFO tempest.lib.common.fixed_network [-] (DeleteServersTestJSON:test_delete_server_while_in_attached_volume) Found network {'id': 'f35ba2fa-79ba-4568-97bf-56d5db67fc85', 'name': 'tempest-DeleteServersTestJSON-879279573-network', 'tenant_id': '5490f8fd1828492fb247ec9ca754bd05', 'project_id': '5490f8fd1828492fb247ec9ca754bd05', 'admin_state_up': True, 'mtu': 8950, 'status': 'ACTIVE', 'subnets': [], 'shared': False, 'port_security_enabled': True, 'router:external': False, 'provider:network_type': 'vlan', 'provider:physical_network': 'default', 'provider:segmentation_id': 399, 'availability_zone_hints': [], 'availability_zones': [], 'ipv4_address_scope': None, 'ipv6_address_scope': None, 'description': '', 'tags': [], 'created_at': '2025-11-22T09:01:57Z', 'updated_at': '2025-11-22T09:01:57Z', 'revision_number': 1} available for tenant
2025-11-22 09:03:19.223 66689 INFO tempest.lib.common.rest_client [req-21772b5c-e61c-4f3b-8e91-6cd34818e2bf req-21772b5c-e61c-4f3b-8e91-6cd34818e2bf ] Request (FlavorsAdminTestJSON:tearDownClass): 200 GET http://10.180.1.21/networking/v2.0/security-groups?tenant_id=9bd702da2d50449bae61bdea4b3fc7d8&name=default 0.195s
2025-11-22 09:03:19.250 66737 INFO tempest.lib.common.rest_client [req-6fe4d111-ce87-4086-86fa-3d29fb6777fb req-6fe4d111-ce87-4086-86fa-3d29fb6777fb ] Request (FloatingIPsAssociationTestJSON:test_associate_already_associated_floating_ip): 200 GET http://10.180.1.21/compute/v2.1/servers/5175b31f-4b06-4ba8-86ac-60966ad2d6a3 1.190s
2025-11-22 09:03:19.298 66695 INFO tempest.lib.common.rest_client [req-4d6567aa-891c-47bd-b890-61417dd7c156 req-4d6567aa-891c-47bd-b890-61417dd7c156 ] Request (NetworksTest:test_get_network): 200 GET http://10.180.1.21/compute/v2.1/os-networks 1.456s
2025-11-22 09:03:19.339 66723 INFO tempest.lib.common.rest_client [req-804c4852-423f-4b84-b302-83bcbe6e52f5 req-804c4852-423f-4b84-b302-83bcbe6e52f5 ] Request (VolumesAdminNegativeTest:tearDownClass): 200 GET http://10.180.1.21/compute/v2.1/servers/6e8842a2-e3c7-4511-9b8d-6c38e1df8626 1.251s
2025-11-22 09:03:19.348 66689 INFO tempest.lib.common.rest_client [req-5e9841fd-5639-4e4e-af0b-24a418233b15 req-5e9841fd-5639-4e4e-af0b-24a418233b15 ] Request (FlavorsAdminTestJSON:tearDownClass): 204 DELETE http://10.180.1.21/networking/v2.0/security-groups/a0f53fd2-ea50-4bc6-b00c-b5bd0bd59543 0.125s
2025-11-22 09:03:19.360 66747 INFO tempest.lib.common.rest_client [req-be8de96f-63e4-45b2-8c4f-56789c6a55d4 req-be8de96f-63e4-45b2-8c4f-56789c6a55d4 ] Request (ServersTestManualDisk:tearDownClass): 200 GET http://10.180.1.21/compute/v2.1/servers/0f504896-3d18-4e8d-923e-276f44901f46 1.222s
2025-11-22 09:03:19.408 66745 INFO tempest.lib.common.rest_client [req-8ae02395-c55a-4b89-b6f3-34ebea615c01 req-8ae02395-c55a-4b89-b6f3-34ebea615c01 ] Request (ServersTestJSON:setUpClass): 200 GET http://10.180.1.21/compute/v2.1/servers/8658aad2-1192-43d3-ae1c-62f876fbb262 1.220s
2025-11-22 09:03:19.441 66689 INFO tempest.lib.common.rest_client [req-cf2c97bf-3bf3-4cb4-980a-14817ff8e3dc req-cf2c97bf-3bf3-4cb4-980a-14817ff8e3dc ] Request (FlavorsAdminTestJSON:tearDownClass): 204 DELETE http://10.180.1.21/identity/v3/projects/9bd702da2d50449bae61bdea4b3fc7d8 0.093s
2025-11-22 09:03:19.443 66689 INFO tempest.lib.common.dynamic_creds [-] Deleting project and security group for project: 8a8ed677e6924ad2b570c19cdb88c597
2025-11-22 09:03:19.490 66718 INFO tempest.lib.common.rest_client [req-5ed9075d-4ad8-47d8-b202-d7581b4ec767 req-5ed9075d-4ad8-47d8-b202-d7581b4ec767 ] Request (ImagesTestJSON:test_create_image_from_suspended_server): 200 GET http://10.180.1.21/compute/v2.1/servers/0070a399-7c91-4abb-a36e-d57408c91e31 1.264s
2025-11-22 09:03:19.511 66709 INFO tempest.lib.common.rest_client [req-dde3499c-d7a6-421a-9e8e-69381ba669e5 req-dde3499c-d7a6-421a-9e8e-69381ba669e5 ] Request (ListServersNegativeTestJSON:setUpClass): 200 GET http://10.180.1.21/compute/v2.1/servers/be212011-2e63-4bda-8cde-c26e101b7ac8 1.268s
2025-11-22 09:03:19.584 66689 INFO tempest.lib.common.rest_client [req-dd56c7e2-0efe-4ad6-b18e-6cd735c3da38 req-dd56c7e2-0efe-4ad6-b18e-6cd735c3da38 ] Request (FlavorsAdminTestJSON:tearDownClass): 200 GET http://10.180.1.21/networking/v2.0/security-groups?tenant_id=8a8ed677e6924ad2b570c19cdb88c597&name=default 0.140s
2025-11-22 09:03:19.595 66701 INFO tempest.lib.common.rest_client [req-07e811fe-be2a-43d8-b0c9-84b392f25f37 req-07e811fe-be2a-43d8-b0c9-84b392f25f37 ] Request (FloatingIPDetailsTestJSON:test_get_floating_ip_details): 200 GET http://10.180.1.21/compute/v2.1/os-floating-ips/f13c30cc-aa32-4ce6-a64b-5dba3edc52f2 1.349s
2025-11-22 09:03:19.617 66731 INFO tempest.lib.common.rest_client [req-85dc0576-ba6d-49bc-9701-5785edaba801 req-85dc0576-ba6d-49bc-9701-5785edaba801 ] Request (FloatingIPsAssociationNegativeTestJSON:setUpClass): 200 GET http://10.180.1.21/compute/v2.1/servers/3623e55c-da09-4ca2-b0be-902ec6707ff9 1.329s
2025-11-22 09:03:19.641 66707 INFO tempest.lib.common.rest_client [req-8ca4d70b-5cbf-4649-9fc6-6540ead4794b req-8ca4d70b-5cbf-4649-9fc6-6540ead4794b ] Request (ImagesOneServerTestJSON:test_create_delete_image): 404 GET http://10.180.1.21/compute/v2.1/images/7e592c34-7655-4e3d-88ff-ca8bfb312be1 1.299s
2025-11-22 09:03:19.658 66719 INFO tempest.lib.common.rest_client [req-d4eb1509-501a-4c64-9a9b-5989fef06711 req-d4eb1509-501a-4c64-9a9b-5989fef06711 ] Request (ServerGroupTestJSON:test_create_server_with_scheduler_hint_group): 200 GET http://10.180.1.21/compute/v2.1/servers/bed4788b-8024-4a97-8612-45821dc862e7 1.349s
2025-11-22 09:03:19.708 66689 INFO tempest.lib.common.rest_client [req-8a4e477a-12a6-4098-bc19-1be1ff4b2a79 req-8a4e477a-12a6-4098-bc19-1be1ff4b2a79 ] Request (FlavorsAdminTestJSON:tearDownClass): 204 DELETE http://10.180.1.21/networking/v2.0/security-groups/c3a498a1-eb42-4097-b75d-4ffa43965a1b 0.124s
2025-11-22 09:03:19.727 66705 INFO tempest.lib.common.rest_client [req-f92bbc25-02b8-4be9-98bf-a87c8b504a66 req-f92bbc25-02b8-4be9-98bf-a87c8b504a66 ] Request (DeleteServersAdminTestJSON:test_delete_server_while_in_error_state): 200 GET http://10.180.1.21/compute/v2.1/servers/933540f6-b642-4e12-a392-c8075652e313 1.363s
