2025-11-22 08:33:03.439 66678 INFO tempest.lib.common.rest_client [req-144b44e6-9d34-4693-856e-4cc143ad57cd req-144b44e6-9d34-4693-856e-4cc143ad57cd ] Request (VolumesAdminNegativeTest:tearDownClass): 200 GET http://10.180.1.21/volume/v3/volumes/fd418e52-22ef-4acd-8c9a-6ba77ccb4429 0.040s
2025-11-22 08:33:03.480 66664 INFO tempest.lib.common.rest_client [req-9f394ade-6909-413e-a54f-2ce760275282 req-9f394ade-6909-413e-a54f-2ce760275282 ] Request (AZV2TestJSON:tearDownClass): 204 DELETE http://10.180.1.21/identity/v3/projects/6254440e2bdc41aa929d8fa832f33064 0.096s
2025-11-22 08:33:03.492 66630 WARNING tempest.lib.common.ssh [-] Failed to establish authenticated ssh connection to cirros@10.180.180.206 ([Errno None] Unable to connect to port 22 on 10.180.180.206). Number attempts: 2. Retry after 3 seconds.: paramiko.ssh_exception.NoValidConnectionsError: [Errno None] Unable to connect to port 22 on 10.180.180.206
2025-11-22 08:33:03.568 66664 INFO tempest.lib.common.rest_client [req-dc1624b4-b10e-453a-9780-4d65913cf82a req-dc1624b4-b10e-453a-9780-4d65913cf82a ] Request (ServerAddressesTestJSON:setUpClass): 201 POST http://10.180.1.21/identity/v3/auth/tokens 0.087s
2025-11-22 08:33:03.599 66632 INFO tempest.lib.common.rest_client [req-f5fe75ad-4963-4f85-8677-f9dba6d32953 req-f5fe75ad-4963-4f85-8677-f9dba6d32953 ] Request (ServersAdminTestJSON:setUpClass): 200 GET http://10.180.1.21/compute/v2.1/servers/acd63a90-cd48-4a8f-b32a-209f6734543d 5.214s
2025-11-22 08:33:03.609 66632 INFO tempest.common.waiters [-] State transition "BUILD/spawning" ==> "ACTIVE/None" after 22 second wait
2025-11-22 08:33:03.621 66664 INFO tempest.lib.common.rest_client [req-98151a7c-032f-482d-8ddf-734759cfb784 req-98151a7c-032f-482d-8ddf-734759cfb784 ] Request (ServerAddressesTestJSON:setUpClass): 201 POST http://10.180.1.21/identity/v3/auth/tokens 0.051s
2025-11-22 08:33:03.646 66664 INFO tempest.lib.common.rest_client [req-47b14f18-ca85-476d-ab41-31e6150acb1c req-47b14f18-ca85-476d-ab41-31e6150acb1c ] Request (ServerAddressesTestJSON:setUpClass): 200 GET http://10.180.1.21/identity/v3/domains?name=Default 0.024s
2025-11-22 08:33:03.703 66664 INFO tempest.lib.common.rest_client [req-5f3a2f83-0d36-4769-9fc7-4c314eb65611 req-5f3a2f83-0d36-4769-9fc7-4c314eb65611 ] Request (ServerAddressesTestJSON:setUpClass): 201 POST http://10.180.1.21/identity/v3/projects 0.056s
2025-11-22 08:33:03.798 66664 INFO tempest.lib.common.rest_client [req-a633417f-725b-4523-95f5-856db8e825b8 req-a633417f-725b-4523-95f5-856db8e825b8 ] Request (ServerAddressesTestJSON:setUpClass): 201 POST http://10.180.1.21/identity/v3/users 0.095s
2025-11-22 08:33:03.802 66666 INFO tempest.lib.common.rest_client [req-9c86ec32-4e62-43a3-8d0a-ccff581426f5 req-9c86ec32-4e62-43a3-8d0a-ccff581426f5 ] Request (FloatingIPsTestJSON:test_allocate_floating_ip): 200 GET http://10.180.1.21/compute/v2.1/os-floating-ips/ad17f500-0c8a-4341-b2bb-ca059ed8d780 5.142s
2025-11-22 08:33:03.829 66664 INFO tempest.lib.common.rest_client [req-bf850351-619b-4be7-a28c-7befe12db8fe req-bf850351-619b-4be7-a28c-7befe12db8fe ] Request (ServerAddressesTestJSON:setUpClass): 200 GET http://10.180.1.21/identity/v3/roles 0.030s
2025-11-22 08:33:03.863 66664 INFO tempest.lib.common.rest_client [req-22f62422-0ded-491c-ac2e-e67aeccbb3cf req-22f62422-0ded-491c-ac2e-e67aeccbb3cf ] Request (ServerAddressesTestJSON:setUpClass): 204 PUT http://10.180.1.21/identity/v3/projects/581a781f430f4f61860c3a888519d8f2/users/c3186936dacf4140ad941dd293b8f839/roles/2d2df2fdc0e249cc8b4bc54cf949fd33 0.033s
2025-11-22 08:33:03.863 66664 INFO tempest.lib.common.dynamic_creds [-] Dynamic test user c3186936dacf4140ad941dd293b8f839 is created with scope project and roles: ['member']
2025-11-22 08:33:03.864 66664 INFO tempest.lib.common.dynamic_creds [-] Acquired dynamic creds: credentials: Credentials: {'domain_id': 'default', 'domain_name': 'Default', 'username': 'tempest-ServerAddressesTestJSON-646462000-project-member', 'project_domain_id': 'default', 'project_domain_name': 'Default', 'project_id': '581a781f430f4f61860c3a888519d8f2', 'project_name': 'tempest-ServerAddressesTestJSON-646462000', 'tenant_id': '581a781f430f4f61860c3a888519d8f2', 'tenant_name': 'tempest-ServerAddressesTestJSON-646462000', 'user_domain_id': 'default', 'user_domain_name': 'Default', 'user_id': 'c3186936dacf4140ad941dd293b8f839', 'system': None}, Network: None, Subnet: None, Router: None
2025-11-22 08:33:03.934 66664 INFO tempest.lib.common.rest_client [req-16a1640d-f0b2-4d88-be28-eb5b3f5da2ff req-16a1640d-f0b2-4d88-be28-eb5b3f5da2ff ] Request (ServerAddressesTestJSON:setUpClass): 201 POST http://10.180.1.21/identity/v3/auth/tokens 0.070s
2025-11-22 08:33:04.066 66636 INFO tempest.lib.common.rest_client [req-b0666bd9-fb0c-48b8-80e9-2bc84344ed1c req-b0666bd9-fb0c-48b8-80e9-2bc84344ed1c ] Request (ServersTestBootFromVolume:setUpClass): 202 POST http://10.180.1.21/compute/v2.1/servers 5.950s
2025-11-22 08:33:04.256 66664 INFO tempest.lib.common.rest_client [req-80f36c48-35ba-4a50-9dd7-663c209ade47 req-80f36c48-35ba-4a50-9dd7-663c209ade47 ] Request (ServerAddressesTestJSON:setUpClass): 201 POST http://10.180.1.21/networking/v2.0/networks 0.321s
2025-11-22 08:33:04.429 66628 INFO tempest.lib.common.rest_client [req-4122f7a8-df79-4e09-9067-ae60b6741e09 req-4122f7a8-df79-4e09-9067-ae60b6741e09 ] Request (ServerDiagnosticsTest:tearDownClass): 204 DELETE http://10.180.1.21/compute/v2.1/servers/00a1cb6d-8417-4e15-a093-16eec1ba3425 5.043s
2025-11-22 08:33:04.468 66678 INFO tempest.lib.common.rest_client [req-58aead80-4d47-4eb5-9667-c5c7b6cb3393 req-58aead80-4d47-4eb5-9667-c5c7b6cb3393 ] Request (VolumesAdminNegativeTest:tearDownClass): 404 GET http://10.180.1.21/volume/v3/volumes/fd418e52-22ef-4acd-8c9a-6ba77ccb4429 0.022s
2025-11-22 08:33:04.471 66664 INFO tempest.lib.common.rest_client [req-c3eced7a-94c5-4f51-a17d-f8a7f8ef93ce req-c3eced7a-94c5-4f51-a17d-f8a7f8ef93ce ] Request (ServerAddressesTestJSON:setUpClass): 201 POST http://10.180.1.21/networking/v2.0/subnets 0.215s
2025-11-22 08:33:04.528 66682 INFO tempest.lib.common.rest_client [req-ac4da6be-4627-4293-beeb-1e1e9bc66331 req-ac4da6be-4627-4293-beeb-1e1e9bc66331 ] Request (InstanceActionsTestJSON:setUpClass): 200 GET http://10.180.1.21/compute/v2.1/servers/7dd90932-48bb-4122-9264-a443b4fa1be9 5.033s
2025-11-22 08:33:04.670 66662 INFO tempest.lib.common.rest_client [req-38ec9ca2-691d-4a83-9d5e-bcf9f4f995d7 req-38ec9ca2-691d-4a83-9d5e-bcf9f4f995d7 ] Request (QuotasAdminTestV257:test_get_updated_quotas): 200 GET http://10.180.1.21/compute/v2.1/os-quota-sets/0e78e3956b0d4226aa136b17a0b6374f/detail 5.027s
2025-11-22 08:33:04.695 66671 INFO tempest.lib.common.rest_client [req-949cd72d-9818-4576-a353-d2d1f8b60de8 req-949cd72d-9818-4576-a353-d2d1f8b60de8 ] Request (FlavorsAdminTestJSON:test_create_flavor_with_none_id): 200 POST http://10.180.1.21/compute/v2.1/flavors 4.981s
2025-11-22 08:33:04.726 66662 INFO tempest.lib.common.rest_client [req-49a51cfe-5986-4f26-8777-817e0b537547 req-49a51cfe-5986-4f26-8777-817e0b537547 ] Request (QuotasAdminTestV257:test_get_updated_quotas): 200 GET http://10.180.1.21/identity/v3/domains?name=Default 0.047s
2025-11-22 08:33:04.771 66662 INFO tempest.lib.common.rest_client [req-a640e26b-903b-4f66-b732-c4dd324bd39a req-a640e26b-903b-4f66-b732-c4dd324bd39a ] Request (QuotasAdminTestV257:test_get_updated_quotas): 201 POST http://10.180.1.21/identity/v3/users 0.045s
2025-11-22 08:33:04.806 66662 INFO tempest.lib.common.rest_client [req-ed874879-b20a-4fbf-806f-87fc95767f28 req-ed874879-b20a-4fbf-806f-87fc95767f28 ] Request (QuotasAdminTestV257:test_get_updated_quotas): 200 GET http://10.180.1.21/identity/v3/domains?name=Default 0.033s
2025-11-22 08:33:05.329 66664 INFO tempest.lib.common.rest_client [req-5a94c0fb-d06d-439e-b1d1-daaebded0d06 req-5a94c0fb-d06d-439e-b1d1-daaebded0d06 ] Request (ServerAddressesTestJSON:setUpClass): 201 POST http://10.180.1.21/networking/v2.0/routers 0.857s
2025-11-22 08:33:05.426 66652 INFO tempest.lib.common.rest_client [req-11b50a83-1339-4807-bdf5-416e3b6ca0dd req-11b50a83-1339-4807-bdf5-416e3b6ca0dd ] Request (ServerExternalEventsTest:test_create_server_external_events): 202 POST http://10.180.1.21/compute/v2.1/servers 6.234s
2025-11-22 08:33:05.433 66646 INFO tempest.lib.common.rest_client [req-b3eb20ef-3e4e-4e01-bd7e-99d18bbcf348 req-b3eb20ef-3e4e-4e01-bd7e-99d18bbcf348 ] Request (ServersAdmin275Test:test_rebuild_update_server_275): 200 PUT http://10.180.1.21/compute/v2.1/servers/44644682-995b-44e3-bbbf-3841dc4ec555 5.505s
2025-11-22 08:33:05.459 66642 INFO tempest.lib.common.rest_client [req-26ad154e-a1fd-4151-a045-cf0bdc3c6df9 req-26ad154e-a1fd-4151-a045-cf0bdc3c6df9 ] Request (AggregatesAdminNegativeTestJSON:test_aggregate_create_with_existent_aggregate_name): 200 POST http://10.180.1.21/compute/v2.1/os-aggregates 5.526s
2025-11-22 08:33:05.490 66686 INFO tempest.lib.common.rest_client [req-46ff6d7a-32f7-4fbb-9096-8648bc8dad6d req-46ff6d7a-32f7-4fbb-9096-8648bc8dad6d ] Request (ImagesMetadataTestJSON:test_set_image_metadata_item): 200 GET http://10.180.1.21/compute/v2.1/images/8d75ea08-b208-406a-be1a-bdea301fcbc4/metadata 4.982s
2025-11-22 08:33:05.495 66680 INFO tempest.lib.common.rest_client [req-7d5b9ca9-b570-46c3-95bb-36a5bbd9af54 req-7d5b9ca9-b570-46c3-95bb-36a5bbd9af54 ] Request (FlavorsV2TestJSON:test_list_flavors_with_detail): 200 GET http://10.180.1.21/compute/v2.1/flavors/detail 4.951s
2025-11-22 08:33:05.513 66655 INFO tempest.lib.common.rest_client [req-999d9b50-7d86-45da-8baf-35d1cf91a7e4 req-999d9b50-7d86-45da-8baf-35d1cf91a7e4 ] Request (FlavorsAccessNegativeTestJSON:test_flavor_non_admin_remove): 200 POST http://10.180.1.21/compute/v2.1/flavors 4.526s
2025-11-22 08:33:05.536 66674 INFO tempest.lib.common.rest_client [req-1dfdd45d-eac5-431b-99be-0a5e6d6013cd req-1dfdd45d-eac5-431b-99be-0a5e6d6013cd ] Request (HypervisorAdminTestJSON:test_get_hypervisor_show_details): 200 GET http://10.180.1.21/compute/v2.1/os-hypervisors 4.508s
2025-11-22 08:33:06.325 66664 INFO tempest.lib.common.rest_client [req-60c1022d-3706-4ea1-8f64-d3068463cbb7 req-60c1022d-3706-4ea1-8f64-d3068463cbb7 ] Request (ServerAddressesTestJSON:setUpClass): 200 PUT http://10.180.1.21/networking/v2.0/routers/d7a57192-8e27-40cb-ada8-66aab4585cdf/add_router_interface 0.996s
2025-11-22 08:33:06.326 66664 INFO tempest.lib.common.dynamic_creds [-] Created isolated network resources for: credentials: Credentials: {'domain_id': 'default', 'domain_name': 'Default', 'username': 'tempest-ServerAddressesTestJSON-646462000-project-member', 'project_domain_id': 'default', 'project_domain_name': 'Default', 'project_id': '581a781f430f4f61860c3a888519d8f2', 'project_name': 'tempest-ServerAddressesTestJSON-646462000', 'tenant_id': '581a781f430f4f61860c3a888519d8f2', 'tenant_name': 'tempest-ServerAddressesTestJSON-646462000', 'user_domain_id': 'default', 'user_domain_name': 'Default', 'user_id': 'c3186936dacf4140ad941dd293b8f839', 'system': None}, Network: {'id': 'a626d8fd-c0e3-4b69-95f1-4f86bb04e499', 'name': 'tempest-ServerAddressesTestJSON-353417743-network', 'tenant_id': '581a781f430f4f61860c3a888519d8f2', 'project_id': '581a781f430f4f61860c3a888519d8f2', 'admin_state_up': True, 'mtu': 8950, 'status': 'ACTIVE', 'subnets': [], 'shared': False, 'port_security_enabled': True, 'router:external': False, 'provider:network_type': 'vlan', 'provider:physical_network': 'default', 'provider:segmentation_id': 337, 'availability_zone_hints': [], 'availability_zones': [], 'ipv4_address_scope': None, 'ipv6_address_scope': None, 'description': '', 'tags': [], 'created_at': '2025-11-22T08:33:04Z', 'updated_at': '2025-11-22T08:33:04Z', 'revision_number': 1}, Subnet: {'id': 'c82b1c90-67d2-48d0-a3c9-0a15ad02bca8', 'name': 'tempest-ServerAddressesTestJSON-353417743-subnet', 'tenant_id': '581a781f430f4f61860c3a888519d8f2', 'network_id': 'a626d8fd-c0e3-4b69-95f1-4f86bb04e499', 'ip_version': 4, 'subnetpool_id': None, 'enable_dhcp': True, 'ipv6_ra_mode': None, 'ipv6_address_mode': None, 'gateway_ip': '192.168.128.1', 'cidr': '192.168.128.0/28', 'allocation_pools': [{'start': '192.168.128.2', 'end': '192.168.128.14'}], 'host_routes': [], 'dns_nameservers': [], 'description': '', 'router:external': False, 'service_types': [], 'tags': [], 'created_at': '2025-11-22T08:33:04Z', 'updated_at': '2025-11-22T08:33:04Z', 'revision_number': 0, 'project_id': '581a781f430f4f61860c3a888519d8f2'}, Router: {'id': 'd7a57192-8e27-40cb-ada8-66aab4585cdf', 'name': 'tempest-ServerAddressesTestJSON-353417743-router', 'tenant_id': '581a781f430f4f61860c3a888519d8f2', 'admin_state_up': True, 'status': 'ACTIVE', 'external_gateway_info': {'network_id': '1aae25df-1724-47e6-a3f0-56e941ded227', 'external_fixed_ips': [{'subnet_id': 'a0b1ff83-f3e0-4f3c-9315-ceb806f47a75', 'ip_address': '10.180.180.192'}], 'enable_snat': True}, 'description': '', 'availability_zones': [], 'distributed': False, 'ha': False, 'availability_zone_hints': [], 'routes': [], 'flavor_id': None, 'tags': [], 'created_at': '2025-11-22T08:33:04Z', 'updated_at': '2025-11-22T08:33:05Z', 'revision_number': 2, 'project_id': '581a781f430f4f61860c3a888519d8f2'}
2025-11-22 08:33:06.344 66644 INFO tempest.lib.common.rest_client [req-11751496-9c63-4513-9d07-e51e21786b2e req-11751496-9c63-4513-9d07-e51e21786b2e ] Request (VolumesAssistedSnapshotsTest:test_volume_assisted_snapshot_create_delete): 200 GET http://10.180.1.21/compute/v2.1/servers/2da07645-640d-49ee-87ec-711b9c2d56ee 5.668s
2025-11-22 08:33:06.352 66644 INFO tempest.common.waiters [-] State transition "BUILD/spawning" ==> "ACTIVE/None" after 28 second wait
2025-11-22 08:33:06.364 66640 INFO tempest.lib.common.rest_client [req-7953a058-a2e6-4333-806a-2d0a6507a88d req-7953a058-a2e6-4333-806a-2d0a6507a88d ] Request (ServersV294TestFqdnHostnames:setUpClass): 200 GET http://10.180.1.21/compute/v2.1/servers/873c424b-6165-4b29-98bf-7ec3296a9078 5.079s
2025-11-22 08:33:06.367 66660 INFO tempest.lib.common.rest_client [req-2015764e-7f27-48c3-931d-4a0d507c096d req-2015764e-7f27-48c3-931d-4a0d507c096d ] Request (ServicesAdminNegativeTestJSON:test_get_service_by_invalid_params): 200 GET http://10.180.1.21/compute/v2.1/os-services?xxx=nova-compute 4.450s
2025-11-22 08:33:06.434 66664 INFO tempest.lib.common.rest_client [req-9a2c8605-33cc-4a70-b09c-c6a5462019bd req-9a2c8605-33cc-4a70-b09c-c6a5462019bd ] Request (ServerAddressesTestJSON:setUpClass): 201 POST http://10.180.1.21/identity/v3/auth/tokens 0.104s
2025-11-22 08:33:06.473 66664 INFO tempest.lib.common.rest_client [req-fb810604-0931-4560-b94a-eee9cfa06ea3 req-fb810604-0931-4560-b94a-eee9cfa06ea3 ] Request (ServerAddressesTestJSON:setUpClass): 201 POST http://10.180.1.21/identity/v3/auth/tokens 0.035s
2025-11-22 08:33:06.473 66664 INFO tempest.lib.common.fixed_network [-] (ServerAddressesTestJSON:setUpClass) Found network {'id': 'a626d8fd-c0e3-4b69-95f1-4f86bb04e499', 'name': 'tempest-ServerAddressesTestJSON-353417743-network', 'tenant_id': '581a781f430f4f61860c3a888519d8f2', 'project_id': '581a781f430f4f61860c3a888519d8f2', 'admin_state_up': True, 'mtu': 8950, 'status': 'ACTIVE', 'subnets': [], 'shared': False, 'port_security_enabled': True, 'router:external': False, 'provider:network_type': 'vlan', 'provider:physical_network': 'default', 'provider:segmentation_id': 337, 'availability_zone_hints': [], 'availability_zones': [], 'ipv4_address_scope': None, 'ipv6_address_scope': None, 'description': '', 'tags': [], 'created_at': '2025-11-22T08:33:04Z', 'updated_at': '2025-11-22T08:33:04Z', 'revision_number': 1} available for tenant
2025-11-22 08:33:06.542 66688 INFO tempest.lib.common.rest_client [req-2a98ef91-bb0c-4feb-a6f1-92f748bfbf00 req-2a98ef91-bb0c-4feb-a6f1-92f748bfbf00 ] Request (ServersWithSpecificFlavorTestJSON:test_verify_created_server_ephemeral_disk): 200 GET http://10.180.1.21/compute/v2.1/servers/af4e7872-e3b7-459f-af0f-b6b0ed30756d 4.566s
2025-11-22 08:33:06.550 66688 INFO tempest.common.waiters [-] State transition "BUILD/networking" ==> "BUILD/spawning" after 13 second wait
2025-11-22 08:33:06.561 66650 INFO tempest.lib.common.rest_client [req-2fb68448-3702-40d3-9a0e-9cb2f784f7bd req-2fb68448-3702-40d3-9a0e-9cb2f784f7bd ] Request (TenantUsagesTestJSON:setUpClass): 200 GET http://10.180.1.21/compute/v2.1/servers/e7f4d05e-9aff-494d-9d10-a1dd9bd3959a 4.607s
2025-11-22 08:33:06.574 66650 INFO tempest.common.waiters [-] State transition "BUILD/spawning" ==> "ACTIVE/None" after 24 second wait
2025-11-22 08:33:06.630 66656 INFO tempest.lib.common.rest_client [req-6afacc2e-4398-44c1-9521-76996f03b4e5 req-6afacc2e-4398-44c1-9521-76996f03b4e5 ] Request (FlavorsV255TestJSON:test_crud_flavor): 200 GET http://10.180.1.21/compute/v2.1/flavors/314394617 4.617s
2025-11-22 08:33:06.929 66672 INFO tempest.lib.common.rest_client [req-4295c2a4-6b0d-4bf9-8873-f01174235760 req-4295c2a4-6b0d-4bf9-8873-f01174235760 ] Request (ServersTestFqdnHostnames:test_create_server_with_fqdn_name): 200 GET http://10.180.1.21/compute/v2.1/servers/4732b42e-93bc-4f24-9649-76464c4d108d 4.443s
2025-11-22 08:33:06.939 66672 INFO tempest.common.waiters [-] State transition "BUILD/None" ==> "BUILD/spawning" after 12 second wait
2025-11-22 08:33:06.997 66630 WARNING tempest.lib.common.ssh [-] Failed to establish authenticated ssh connection to cirros@10.180.180.206 ([Errno None] Unable to connect to port 22 on 10.180.180.206). Number attempts: 3. Retry after 4 seconds.: paramiko.ssh_exception.NoValidConnectionsError: [Errno None] Unable to connect to port 22 on 10.180.180.206
2025-11-22 08:33:07.002 66684 INFO tempest.lib.common.rest_client [req-3c9faa88-d4d0-4ed6-aad3-050a4594eae3 req-3c9faa88-d4d0-4ed6-aad3-050a4594eae3 ] Request (MigrationsAdminTest:test_list_migrations_in_flavor_resize_situation): 200 GET http://10.180.1.21/compute/v2.1/servers/a5e6da27-5a87-4dff-84e5-990b00e230f0 4.241s
2025-11-22 08:33:07.086 66690 INFO tempest.lib.common.rest_client [req-e92b7393-6996-4d5c-887d-94c4b8456fad req-e92b7393-6996-4d5c-887d-94c4b8456fad ] Request (ListImageFiltersTestJSON:setUpClass): 200 GET http://10.180.1.21/compute/v2.1/servers/11eebb27-741f-4da8-9ee9-3b17c451f984 4.307s
2025-11-22 08:33:07.100 66690 INFO tempest.common.waiters [-] State transition "BUILD/None" ==> "BUILD/networking" after 13 second wait
2025-11-22 08:33:07.179 66648 INFO tempest.lib.common.rest_client [req-91dc2778-8b28-4b4b-913a-ac7121d9e5bd req-91dc2778-8b28-4b4b-913a-ac7121d9e5bd ] Request (ServerActionsTestOtherB:setUpClass): 200 POST http://10.180.1.21/compute/v2.1/os-keypairs 4.300s
2025-11-22 08:33:07.352 66648 INFO tempest.lib.common.rest_client [req-3d6a0e6c-8209-414f-95a1-4e0ac8146279 req-3d6a0e6c-8209-414f-95a1-4e0ac8146279 ] Request (ServerActionsTestOtherB:setUpClass): 201 POST http://10.180.1.21/networking/v2.0/security-groups 0.170s
2025-11-22 08:33:07.652 66648 INFO tempest.lib.common.rest_client [req-26628fc1-c018-450b-93e2-151ed12fb14f req-26628fc1-c018-450b-93e2-151ed12fb14f ] Request (ServerActionsTestOtherB:setUpClass): 201 POST http://10.180.1.21/networking/v2.0/security-group-rules 0.300s
2025-11-22 08:33:07.712 66632 INFO tempest.lib.common.rest_client [req-0186f4f3-5afd-43fb-abe4-1a023c3dacb4 req-0186f4f3-5afd-43fb-abe4-1a023c3dacb4 ] Request (ServersAdminTestJSON:setUpClass): 200 GET http://10.180.1.21/compute/v2.1/servers/f3b256a1-49bd-47db-ac50-9fd730a137cd 4.102s
2025-11-22 08:33:07.797 66632 INFO tempest.lib.common.rest_client [req-025267ea-1cdc-4ab7-9682-2f4d3f2f8fa4 req-025267ea-1cdc-4ab7-9682-2f4d3f2f8fa4 ] Request (ServersAdminTestJSON:test_create_server_with_scheduling_hint): 201 POST http://10.180.1.21/identity/v3/auth/tokens 0.072s
2025-11-22 08:33:07.797 66632 INFO tempest.lib.common.fixed_network [-] (ServersAdminTestJSON:test_create_server_with_scheduling_hint) Found network {'id': '76214044-a9fb-45ed-b4df-858847719cfb', 'name': 'tempest-ServersAdminTestJSON-1191538380-network', 'tenant_id': '3c54ce917bbe4976b167b3e4829e174d', 'project_id': '3c54ce917bbe4976b167b3e4829e174d', 'admin_state_up': True, 'mtu': 8950, 'status': 'ACTIVE', 'subnets': [], 'shared': False, 'port_security_enabled': True, 'router:external': False, 'provider:network_type': 'vlan', 'provider:physical_network': 'default', 'provider:segmentation_id': 4, 'availability_zone_hints': [], 'availability_zones': [], 'ipv4_address_scope': None, 'ipv6_address_scope': None, 'description': '', 'tags': [], 'created_at': '2025-11-22T08:32:23Z', 'updated_at': '2025-11-22T08:32:23Z', 'revision_number': 1} available for tenant
2025-11-22 08:33:07.842 66648 INFO tempest.lib.common.rest_client [req-a5888a83-fe6c-4edb-a063-d8755eb9a9da req-a5888a83-fe6c-4edb-a063-d8755eb9a9da ] Request (ServerActionsTestOtherB:setUpClass): 201 POST http://10.180.1.21/networking/v2.0/security-group-rules 0.189s
2025-11-22 08:33:07.960 66636 INFO tempest.lib.common.rest_client [req-1604fe0c-1135-4e98-818a-bbd4c6f9a419 req-1604fe0c-1135-4e98-818a-bbd4c6f9a419 ] Request (ServersTestBootFromVolume:setUpClass): 200 GET http://10.180.1.21/compute/v2.1/servers/bade10a4-4265-4d74-8e00-1af43eddab92 3.893s
2025-11-22 08:33:07.985 66666 INFO tempest.lib.common.rest_client [req-0f60f2f6-e107-4c56-97a7-3c9bb013b692 req-0f60f2f6-e107-4c56-97a7-3c9bb013b692 ] Request (FloatingIPsTestJSON:test_allocate_floating_ip): 200 GET http://10.180.1.21/compute/v2.1/os-floating-ips 4.180s
2025-11-22 08:33:08.413 66648 INFO tempest.lib.common.rest_client [req-d83e35c6-59e5-44c6-b59f-183fa4d453de req-d83e35c6-59e5-44c6-b59f-183fa4d453de ] Request (ServerActionsTestOtherB:setUpClass): 201 POST http://10.180.1.21/networking/v2.0/floatingips 0.571s
2025-11-22 08:33:08.451 66648 INFO tempest.lib.common.rest_client [req-830b6dec-8a25-4aea-8ada-d552130995a2 req-830b6dec-8a25-4aea-8ada-d552130995a2 ] Request (ServerActionsTestOtherB:setUpClass): 201 POST http://10.180.1.21/identity/v3/auth/tokens 0.035s
2025-11-22 08:33:08.452 66648 INFO tempest.lib.common.fixed_network [-] (ServerActionsTestOtherB:setUpClass) Found network {'id': '7b77c502-a078-4378-b43c-4357efb0ed17', 'name': 'tempest-ServerActionsTestOtherB-1139072651-network', 'tenant_id': 'b4426bc71eb64b47989532c971f306ff', 'project_id': 'b4426bc71eb64b47989532c971f306ff', 'admin_state_up': True, 'mtu': 8950, 'status': 'ACTIVE', 'subnets': [], 'shared': False, 'port_security_enabled': True, 'router:external': False, 'provider:network_type': 'vlan', 'provider:physical_network': 'default', 'provider:segmentation_id': 268, 'availability_zone_hints': [], 'availability_zones': [], 'ipv4_address_scope': None, 'ipv6_address_scope': None, 'description': '', 'tags': [], 'created_at': '2025-11-22T08:33:00Z', 'updated_at': '2025-11-22T08:33:00Z', 'revision_number': 1} available for tenant
2025-11-22 08:33:08.549 66634 INFO tempest.lib.common.rest_client [req-10b8168d-79e1-4fa2-90fe-252716ea813d req-10b8168d-79e1-4fa2-90fe-252716ea813d ] Request (DeleteServersAdminTestJSON:test_admin_delete_servers_of_others): 200 GET http://10.180.1.21/compute/v2.1/servers/39526b86-96e4-4a7e-b436-c9af0a5833d5 4.433s
2025-11-22 08:33:08.635 66676 INFO tempest.lib.common.rest_client [req-6b3eb3f4-fb5d-4e75-97e1-3b8ea1e2c70d req-6b3eb3f4-fb5d-4e75-97e1-3b8ea1e2c70d ] Request (ServerDiagnosticsNegativeTest:test_get_server_diagnostics_by_non_admin): 200 GET http://10.180.1.21/compute/v2.1/servers/1b7ed79d-8744-45d3-9aef-f464e70463e3 4.417s
2025-11-22 08:33:08.644 66676 INFO tempest.common.waiters [-] State transition "BUILD/spawning" ==> "ACTIVE/None" after 24 second wait
2025-11-22 08:33:08.647 66628 INFO tempest.lib.common.rest_client [req-532b27dd-c2e9-46be-8223-6981ecf9ba3f req-532b27dd-c2e9-46be-8223-6981ecf9ba3f ] Request (ServerDiagnosticsTest:tearDownClass): 200 GET http://10.180.1.21/compute/v2.1/servers/00a1cb6d-8417-4e15-a093-16eec1ba3425 4.218s
2025-11-22 08:33:08.672 66671 INFO tempest.lib.common.rest_client [req-b5796576-33be-4a98-bd3f-a56786b326be req-b5796576-33be-4a98-bd3f-a56786b326be ] Request (FlavorsAdminTestJSON:_run_cleanups): 202 DELETE http://10.180.1.21/compute/v2.1/flavors/f6926aff-9b8d-4f69-bfca-608d395cd9a7 3.973s
2025-11-22 08:33:08.742 66678 INFO tempest.lib.common.rest_client [req-1a252e12-1b7c-49ab-94c1-37ae06810766 req-1a252e12-1b7c-49ab-94c1-37ae06810766 ] Request (VolumesAdminNegativeTest:tearDownClass): 204 DELETE http://10.180.1.21/compute/v2.1/servers/cf9f8400-ef93-4ecd-8851-72831369d239 4.273s
2025-11-22 08:33:08.777 66662 INFO tempest.lib.common.rest_client [req-865aa9ad-3847-4118-884d-0a2f83bc640a req-865aa9ad-3847-4118-884d-0a2f83bc640a ] Request (QuotasAdminTestV257:test_get_updated_quotas): 200 PUT http://10.180.1.21/compute/v2.1/os-quota-sets/0e78e3956b0d4226aa136b17a0b6374f?user_id=973735d2c999406fa0e7fb6e4c9ea580 3.971s
2025-11-22 08:33:08.808 66652 INFO tempest.lib.common.rest_client [req-ff12f0aa-8b04-427f-b0cb-b0308e54ebbe req-ff12f0aa-8b04-427f-b0cb-b0308e54ebbe ] Request (ServerExternalEventsTest:test_create_server_external_events): 200 GET http://10.180.1.21/compute/v2.1/servers/1f8a9c27-8628-438f-b52a-9fb5288e49d1 3.380s
2025-11-22 08:33:08.820 66642 INFO tempest.lib.common.rest_client [req-d4421f43-ecc6-48d8-9033-a3e107c2c9fd req-d4421f43-ecc6-48d8-9033-a3e107c2c9fd ] Request (AggregatesAdminNegativeTestJSON:test_aggregate_create_with_existent_aggregate_name): 409 POST http://10.180.1.21/compute/v2.1/os-aggregates 3.358s
2025-11-22 08:33:08.847 66646 INFO tempest.lib.common.rest_client [req-bda41a96-5000-4eb9-9e12-937b5d8c4d94 req-bda41a96-5000-4eb9-9e12-937b5d8c4d94 ] Request (ServersAdmin275Test:test_rebuild_update_server_275): 200 GET http://10.180.1.21/compute/v2.1/servers/44644682-995b-44e3-bbbf-3841dc4ec555 3.402s
2025-11-22 08:33:08.858 66680 INFO tempest.lib.common.rest_client [req-f73714a7-e677-49c1-a1aa-9855db4affa7 req-f73714a7-e677-49c1-a1aa-9855db4affa7 ] Request (FlavorsV2TestJSON:test_list_flavors_with_detail): 200 GET http://10.180.1.21/compute/v2.1/flavors/42 3.355s
2025-11-22 08:33:08.954 66680 INFO tempest.lib.common.rest_client [req-702b5233-7c98-4c09-b1d5-27c9bcc2527a req-702b5233-7c98-4c09-b1d5-27c9bcc2527a ] Request (FlavorsV2TestJSON:tearDownClass): 204 DELETE http://10.180.1.21/identity/v3/users/48104127170f42caad1f32e1049cca04 0.091s
2025-11-22 08:33:08.954 66680 INFO tempest.lib.common.dynamic_creds [-] Deleting project and security group for project: bebc3c2d09b243b99c12faf29c098ce3
2025-11-22 08:33:09.036 66680 INFO tempest.lib.common.rest_client [req-6b8faf0b-3300-42d0-b0a7-4a1916599743 req-6b8faf0b-3300-42d0-b0a7-4a1916599743 ] Request (FlavorsV2TestJSON:tearDownClass): 201 POST http://10.180.1.21/identity/v3/auth/tokens 0.082s
2025-11-22 08:33:09.058 66686 INFO tempest.lib.common.rest_client [req-93fba761-3755-444e-899c-f9ce749dd3d1 req-93fba761-3755-444e-899c-f9ce749dd3d1 ] Request (ImagesMetadataTestJSON:setUp): 200 PUT http://10.180.1.21/compute/v2.1/images/8d75ea08-b208-406a-be1a-bdea301fcbc4/metadata 3.564s
2025-11-22 08:33:09.090 66674 INFO tempest.lib.common.rest_client [req-d4e4d0c5-e607-406b-81c5-68d00e6d7702 req-d4e4d0c5-e607-406b-81c5-68d00e6d7702 ] Request (HypervisorAdminTestJSON:test_get_hypervisor_show_details): 200 GET http://10.180.1.21/compute/v2.1/os-hypervisors/1 3.552s
2025-11-22 08:33:09.185 66682 INFO tempest.lib.common.rest_client [req-4c750e36-a604-4a4c-815c-b9ac58bb45f6 req-4c750e36-a604-4a4c-815c-b9ac58bb45f6 ] Request (InstanceActionsTestJSON:setUpClass): 200 GET http://10.180.1.21/compute/v2.1/servers/7dd90932-48bb-4122-9264-a443b4fa1be9 3.644s
2025-11-22 08:33:09.277 66655 INFO tempest.lib.common.rest_client [req-7fb0c65d-b262-4540-af62-73ea1fde3bec req-7fb0c65d-b262-4540-af62-73ea1fde3bec ] Request (FlavorsAccessNegativeTestJSON:test_flavor_non_admin_remove): 200 POST http://10.180.1.21/compute/v2.1/flavors/940102343/action 3.761s
2025-11-22 08:33:09.314 66680 INFO tempest.lib.common.rest_client [req-bb9651ff-2b56-4b31-9674-18d1535bed00 req-bb9651ff-2b56-4b31-9674-18d1535bed00 ] Request (FlavorsV2TestJSON:tearDownClass): 200 GET http://10.180.1.21/networking/v2.0/security-groups?tenant_id=bebc3c2d09b243b99c12faf29c098ce3&name=default 0.278s
2025-11-22 08:33:09.400 66644 INFO tempest.lib.common.rest_client [req-0b681fd5-2484-4933-89c1-8a5793b915d1 req-0b681fd5-2484-4933-89c1-8a5793b915d1 ] Request (VolumesAssistedSnapshotsTest:test_volume_assisted_snapshot_create_delete): 200 GET http://10.180.1.21/compute/v2.1/servers/2da07645-640d-49ee-87ec-711b9c2d56ee/os-interface 3.047s
2025-11-22 08:33:09.417 66680 INFO tempest.lib.common.rest_client [req-fcd2bbf4-c792-4f58-aa3a-969d609dde18 req-fcd2bbf4-c792-4f58-aa3a-969d609dde18 ] Request (FlavorsV2TestJSON:tearDownClass): 204 DELETE http://10.180.1.21/networking/v2.0/security-groups/690c5c02-a49c-4480-8ae3-9c2939271a0b 0.102s
2025-11-22 08:33:09.429 66660 INFO tempest.lib.common.rest_client [req-5e2b1217-72fb-469c-9808-fb9585f0b2c2 req-5e2b1217-72fb-469c-9808-fb9585f0b2c2 ] Request (ServicesAdminNegativeTestJSON:test_get_service_by_invalid_service_and_valid_host): 200 GET http://10.180.1.21/compute/v2.1/os-services 3.059s
2025-11-22 08:33:09.531 66680 INFO tempest.lib.common.rest_client [req-7a761645-e781-46c4-a6c0-e718185e4f31 req-7a761645-e781-46c4-a6c0-e718185e4f31 ] Request (FlavorsV2TestJSON:tearDownClass): 204 DELETE http://10.180.1.21/identity/v3/projects/bebc3c2d09b243b99c12faf29c098ce3 0.113s
2025-11-22 08:33:09.609 66680 INFO tempest.lib.common.rest_client [req-c62b433f-02bb-483e-9fb8-0598b6df18de req-c62b433f-02bb-483e-9fb8-0598b6df18de ] Request (ServerRescueTestJSON:setUpClass): 201 POST http://10.180.1.21/identity/v3/auth/tokens 0.076s
2025-11-22 08:33:09.650 66680 INFO tempest.lib.common.rest_client [req-5905b280-f585-40c2-98e7-097a56778564 req-5905b280-f585-40c2-98e7-097a56778564 ] Request (ServerRescueTestJSON:setUpClass): 201 POST http://10.180.1.21/identity/v3/auth/tokens 0.038s
2025-11-22 08:33:09.676 66680 INFO tempest.lib.common.rest_client [req-48ed9dc6-0e20-43df-94b7-b3b60b1f088b req-48ed9dc6-0e20-43df-94b7-b3b60b1f088b ] Request (ServerRescueTestJSON:setUpClass): 200 GET http://10.180.1.21/identity/v3/domains?name=Default 0.026s
2025-11-22 08:33:09.725 66680 INFO tempest.lib.common.rest_client [req-5bc98f35-6c6b-40e7-a3a7-e4ff06df68e9 req-5bc98f35-6c6b-40e7-a3a7-e4ff06df68e9 ] Request (ServerRescueTestJSON:setUpClass): 201 POST http://10.180.1.21/identity/v3/projects 0.048s
2025-11-22 08:33:09.732 66668 INFO tempest.lib.common.rest_client [req-e7cc5404-13c9-49c7-8d7b-70937b4dbeb0 req-e7cc5404-13c9-49c7-8d7b-70937b4dbeb0 ] Request (ServerDiagnosticsV248Test:test_get_server_diagnostics): 200 GET http://10.180.1.21/compute/v2.1/servers/b3bb10c2-2d9d-4554-b2eb-1ce331a90db7/diagnostics 3.599s
2025-11-22 08:33:09.810 66680 INFO tempest.lib.common.rest_client [req-24b8e8b1-ffba-4681-b9e1-6686578d1121 req-24b8e8b1-ffba-4681-b9e1-6686578d1121 ] Request (ServerRescueTestJSON:setUpClass): 201 POST http://10.180.1.21/identity/v3/users 0.084s
2025-11-22 08:33:09.840 66680 INFO tempest.lib.common.rest_client [req-65a330e1-66d5-4dfd-83ac-32118b07502e req-65a330e1-66d5-4dfd-83ac-32118b07502e ] Request (ServerRescueTestJSON:setUpClass): 200 GET http://10.180.1.21/identity/v3/roles 0.029s
2025-11-22 08:33:09.879 66680 INFO tempest.lib.common.rest_client [req-8de02999-8aed-4416-903e-18917dc46031 req-8de02999-8aed-4416-903e-18917dc46031 ] Request (ServerRescueTestJSON:setUpClass): 204 PUT http://10.180.1.21/identity/v3/projects/9a9508d599db4d098fc47625fde0938d/users/c7446a260cf54ae99cf36bd261afe95f/roles/2d2df2fdc0e249cc8b4bc54cf949fd33 0.038s
2025-11-22 08:33:09.879 66680 INFO tempest.lib.common.dynamic_creds [-] Dynamic test user c7446a260cf54ae99cf36bd261afe95f is created with scope project and roles: ['member']
2025-11-22 08:33:09.879 66680 INFO tempest.lib.common.dynamic_creds [-] Acquired dynamic creds: credentials: Credentials: {'domain_id': 'default', 'domain_name': 'Default', 'username': 'tempest-ServerRescueTestJSON-1121077807-project-member', 'project_domain_id': 'default', 'project_domain_name': 'Default', 'project_id': '9a9508d599db4d098fc47625fde0938d', 'project_name': 'tempest-ServerRescueTestJSON-1121077807', 'tenant_id': '9a9508d599db4d098fc47625fde0938d', 'tenant_name': 'tempest-ServerRescueTestJSON-1121077807', 'user_domain_id': 'default', 'user_domain_name': 'Default', 'user_id': 'c7446a260cf54ae99cf36bd261afe95f', 'system': None}, Network: None, Subnet: None, Router: None
2025-11-22 08:33:09.892 66664 INFO tempest.lib.common.rest_client [req-5e6ec985-26dd-4181-855a-01e98428ed4d req-5e6ec985-26dd-4181-855a-01e98428ed4d ] Request (ServerAddressesTestJSON:setUpClass): 202 POST http://10.180.1.21/compute/v2.1/servers 3.418s
2025-11-22 08:33:09.924 66656 INFO tempest.lib.common.rest_client [req-609c41e1-e55e-4ffa-83f7-3bb59804c982 req-609c41e1-e55e-4ffa-83f7-3bb59804c982 ] Request (FlavorsV255TestJSON:test_crud_flavor): 200 PUT http://10.180.1.21/compute/v2.1/flavors/314394617 3.291s
2025-11-22 08:33:09.945 66650 INFO tempest.lib.common.rest_client [req-cb990709-2734-46ba-ab5d-af8fb5caf26f req-cb990709-2734-46ba-ab5d-af8fb5caf26f ] Request (TenantUsagesTestJSON:test_get_usage_tenant): 200 GET http://10.180.1.21/compute/v2.1/os-simple-tenant-usage/409e356544a04380b407709dc065e81b?start=2025-11-21T08%3A33%3A06.574450&end=2025-11-23T08%3A33%3A06.574450 3.369s
2025-11-22 08:33:09.975 66680 INFO tempest.lib.common.rest_client [req-f2537d88-7a9e-4181-9499-737421ca45e8 req-f2537d88-7a9e-4181-9499-737421ca45e8 ] Request (ServerRescueTestJSON:setUpClass): 201 POST http://10.180.1.21/identity/v3/auth/tokens 0.095s
2025-11-22 08:33:10.465 66644 INFO tempest.lib.common.rest_client [req-d7f63f30-73f8-461f-b23d-295ebd8e4b80 req-d7f63f30-73f8-461f-b23d-295ebd8e4b80 ] Request (VolumesAssistedSnapshotsTest:test_volume_assisted_snapshot_create_delete): 200 PUT http://10.180.1.21/networking/v2.0/floatingips/05cc9c5a-83b8-4222-b180-a81a5e7dd15b 1.061s
2025-11-22 08:33:10.466 66644 INFO tempest.lib.common.ssh [-] Creating ssh connection to '10.180.180.178:22' as 'cirros' with public key authentication
2025-11-22 08:33:10.470 66680 INFO tempest.lib.common.rest_client [req-82a4c515-1008-40d9-981c-2f2595055c7d req-82a4c515-1008-40d9-981c-2f2595055c7d ] Request (ServerRescueTestJSON:setUpClass): 201 POST http://10.180.1.21/networking/v2.0/networks 0.494s
2025-11-22 08:33:10.556 66640 INFO tempest.lib.common.rest_client [req-100ac108-149a-484d-a203-d59437c727ab req-100ac108-149a-484d-a203-d59437c727ab ] Request (ServersV294TestFqdnHostnames:setUpClass): 200 GET http://10.180.1.21/compute/v2.1/servers/873c424b-6165-4b29-98bf-7ec3296a9078 3.176s
2025-11-22 08:33:10.570 66640 INFO tempest.common.waiters [-] State transition "BUILD/spawning" ==> "ACTIVE/None" after 25 second wait
2025-11-22 08:33:10.646 66688 INFO tempest.lib.common.rest_client [req-1d573f24-1d61-48c1-91e8-dd88fff8a1ca req-1d573f24-1d61-48c1-91e8-dd88fff8a1ca ] Request (ServersWithSpecificFlavorTestJSON:test_verify_created_server_ephemeral_disk): 200 GET http://10.180.1.21/compute/v2.1/servers/af4e7872-e3b7-459f-af0f-b6b0ed30756d 3.095s
2025-11-22 08:33:10.705 66680 INFO tempest.lib.common.rest_client [req-28aa6525-115f-416c-8ae6-52c030be5198 req-28aa6525-115f-416c-8ae6-52c030be5198 ] Request (ServerRescueTestJSON:setUpClass): 201 POST http://10.180.1.21/networking/v2.0/subnets 0.235s
2025-11-22 08:33:10.917 66672 INFO tempest.lib.common.rest_client [req-44a939f7-71c6-4321-9c29-89fda95adc63 req-44a939f7-71c6-4321-9c29-89fda95adc63 ] Request (ServersTestFqdnHostnames:test_create_server_with_fqdn_name): 200 GET http://10.180.1.21/compute/v2.1/servers/4732b42e-93bc-4f24-9649-76464c4d108d 2.976s
2025-11-22 08:33:11.219 66632 INFO tempest.lib.common.rest_client [req-e72d79be-0d0b-4500-8440-5c073fd4835e req-e72d79be-0d0b-4500-8440-5c073fd4835e ] Request (ServersAdminTestJSON:test_create_server_with_scheduling_hint): 202 POST http://10.180.1.21/compute/v2.1/servers 3.421s
2025-11-22 08:33:11.489 66666 INFO tempest.lib.common.rest_client [req-64ec0984-02a2-4bc5-a4cb-56212f8f5c4f req-64ec0984-02a2-4bc5-a4cb-56212f8f5c4f ] Request (FloatingIPsTestJSON:_run_cleanups): 202 DELETE http://10.180.1.21/compute/v2.1/os-floating-ips/ad17f500-0c8a-4341-b2bb-ca059ed8d780 3.502s
2025-11-22 08:33:11.505 66630 WARNING tempest.lib.common.ssh [-] Failed to establish authenticated ssh connection to cirros@10.180.180.206 ([Errno None] Unable to connect to port 22 on 10.180.180.206). Number attempts: 4. Retry after 5 seconds.: paramiko.ssh_exception.NoValidConnectionsError: [Errno None] Unable to connect to port 22 on 10.180.180.206
2025-11-22 08:33:11.725 66684 INFO tempest.lib.common.rest_client [req-68548e93-f600-478c-8815-78d5b3801272 req-68548e93-f600-478c-8815-78d5b3801272 ] Request (MigrationsAdminTest:test_list_migrations_in_flavor_resize_situation): 200 GET http://10.180.1.21/compute/v2.1/servers/a5e6da27-5a87-4dff-84e5-990b00e230f0 3.712s
2025-11-22 08:33:11.937 66680 INFO tempest.lib.common.rest_client [req-227e4d4e-8aff-4a02-ba0b-5dde56477db9 req-227e4d4e-8aff-4a02-ba0b-5dde56477db9 ] Request (ServerRescueTestJSON:setUpClass): 201 POST http://10.180.1.21/networking/v2.0/routers 1.231s
2025-11-22 08:33:11.986 66690 INFO tempest.lib.common.rest_client [req-976fda41-2558-40bd-9515-0a1da82b6740 req-976fda41-2558-40bd-9515-0a1da82b6740 ] Request (ListImageFiltersTestJSON:setUpClass): 200 GET http://10.180.1.21/compute/v2.1/servers/11eebb27-741f-4da8-9ee9-3b17c451f984 3.885s
2025-11-22 08:33:11.998 66690 INFO tempest.common.waiters [-] State transition "BUILD/networking" ==> "BUILD/spawning" after 17 second wait
2025-11-22 08:33:12.022 66676 INFO tempest.lib.common.rest_client [req-292eb38c-b31c-4ac8-b30c-16b2a473041f req-292eb38c-b31c-4ac8-b30c-16b2a473041f ] Request (ServerDiagnosticsNegativeTest:test_get_server_diagnostics_by_non_admin): 403 GET http://10.180.1.21/compute/v2.1/servers/1b7ed79d-8744-45d3-9aef-f464e70463e3/diagnostics 3.377s
2025-11-22 08:33:12.050 66671 INFO tempest.lib.common.rest_client [req-86a46e43-520a-4c26-bc38-e9c3d3c5ff9d req-86a46e43-520a-4c26-bc38-e9c3d3c5ff9d ] Request (FlavorsAdminTestJSON:_run_cleanups): 200 GET http://10.180.1.21/compute/v2.1/flavors/detail 3.377s
2025-11-22 08:33:12.269 66678 INFO tempest.lib.common.rest_client [req-894634a2-c8a4-48e3-8083-0d54b1a3602b req-894634a2-c8a4-48e3-8083-0d54b1a3602b ] Request (VolumesAdminNegativeTest:tearDownClass): 200 GET http://10.180.1.21/compute/v2.1/servers/cf9f8400-ef93-4ecd-8851-72831369d239 3.527s
2025-11-22 08:33:12.406 66662 INFO tempest.lib.common.rest_client [req-218196d8-8762-4381-b7cf-259e713d23f4 req-218196d8-8762-4381-b7cf-259e713d23f4 ] Request (QuotasAdminTestV257:test_get_updated_quotas): 200 GET http://10.180.1.21/compute/v2.1/os-quota-sets/0e78e3956b0d4226aa136b17a0b6374f?user_id=973735d2c999406fa0e7fb6e4c9ea580 3.627s
2025-11-22 08:33:12.424 66642 INFO tempest.lib.common.rest_client [req-b0055a84-cc7b-4f73-bcec-9166da8ea2c6 req-b0055a84-cc7b-4f73-bcec-9166da8ea2c6 ] Request (AggregatesAdminNegativeTestJSON:_run_cleanups): 200 DELETE http://10.180.1.21/compute/v2.1/os-aggregates/4 3.604s
2025-11-22 08:33:12.506 66662 INFO tempest.lib.common.rest_client [req-d6eba03c-a814-4d27-87a6-18ac11ac37cd req-d6eba03c-a814-4d27-87a6-18ac11ac37cd ] Request (QuotasAdminTestV257:_run_cleanups): 204 DELETE http://10.180.1.21/identity/v3/users/973735d2c999406fa0e7fb6e4c9ea580 0.098s
2025-11-22 08:33:12.529 66636 INFO tempest.lib.common.rest_client [req-cb781152-9f6f-4d8b-a917-94531eb61930 req-cb781152-9f6f-4d8b-a917-94531eb61930 ] Request (ServersTestBootFromVolume:setUpClass): 200 GET http://10.180.1.21/compute/v2.1/servers/bade10a4-4265-4d74-8e00-1af43eddab92 3.561s
2025-11-22 08:33:12.635 66662 INFO tempest.lib.common.rest_client [req-7cfb2b9a-fdda-4271-bbd0-d14bf7af07fa req-7cfb2b9a-fdda-4271-bbd0-d14bf7af07fa ] Request (QuotasAdminTestV257:_run_cleanups): 204 DELETE http://10.180.1.21/identity/v3/projects/0e78e3956b0d4226aa136b17a0b6374f 0.128s
2025-11-22 08:33:12.663 66648 INFO tempest.lib.common.rest_client [req-ccec0e18-1c15-4788-9eda-b21af4525e7d req-ccec0e18-1c15-4788-9eda-b21af4525e7d ] Request (ServerActionsTestOtherB:setUpClass): 202 POST http://10.180.1.21/compute/v2.1/servers 4.210s
2025-11-22 08:33:12.685 66674 INFO tempest.lib.common.rest_client [req-dbcbdeee-ef2c-4dff-94d5-a5b8e4050cc4 req-dbcbdeee-ef2c-4dff-94d5-a5b8e4050cc4 ] Request (HypervisorAdminTestJSON:test_get_hypervisor_stats): 200 GET http://10.180.1.21/compute/v2.1/os-hypervisors/statistics 3.590s
2025-11-22 08:33:12.738 66655 INFO tempest.lib.common.rest_client [req-03fc258e-42fc-40f7-9549-594e9996c0c1 req-03fc258e-42fc-40f7-9549-594e9996c0c1 ] Request (FlavorsAccessNegativeTestJSON:test_flavor_non_admin_remove): 403 POST http://10.180.1.21/compute/v2.1/flavors/940102343/action 3.460s
2025-11-22 08:33:12.769 66660 INFO tempest.lib.common.rest_client [req-e6148878-bb0e-40bf-a201-598d41deda19 req-e6148878-bb0e-40bf-a201-598d41deda19 ] Request (ServicesAdminNegativeTestJSON:test_get_service_by_invalid_service_and_valid_host): 200 GET http://10.180.1.21/compute/v2.1/os-services?host=devstack&binary=xxx 3.338s
2025-11-22 08:33:12.811 66634 INFO tempest.lib.common.rest_client [req-5b96d4f0-4a38-4891-9487-1e4c25b25055 req-5b96d4f0-4a38-4891-9487-1e4c25b25055 ] Request (DeleteServersAdminTestJSON:test_admin_delete_servers_of_others): 404 GET http://10.180.1.21/compute/v2.1/servers/39526b86-96e4-4a7e-b436-c9af0a5833d5 3.253s
2025-11-22 08:33:12.837 66674 INFO tempest.lib.common.rest_client [req-439a9428-538a-41b7-a30b-8e2d795aaf27 req-439a9428-538a-41b7-a30b-8e2d795aaf27 ] Request (HypervisorAdminTestJSON:tearDownClass): 204 DELETE http://10.180.1.21/identity/v3/users/763b420c7f1e48548a52d558fb57ba6a 0.143s
2025-11-22 08:33:12.848 66686 INFO tempest.lib.common.rest_client [req-63eded53-735a-42b2-b0b1-521afdfc8e26 req-63eded53-735a-42b2-b0b1-521afdfc8e26 ] Request (ImagesMetadataTestJSON:test_update_image_metadata): 200 POST http://10.180.1.21/compute/v2.1/images/8d75ea08-b208-406a-be1a-bdea301fcbc4/metadata 3.788s
2025-11-22 08:33:12.876 66662 INFO tempest.lib.common.rest_client [req-182638b4-a81f-4aed-8f3b-de54f3f506aa req-182638b4-a81f-4aed-8f3b-de54f3f506aa ] Request (QuotasAdminTestV257:tearDownClass): 204 DELETE http://10.180.1.21/identity/v3/users/6d1f36bd13604bb6bca761a584fd9e1d 0.235s
2025-11-22 08:33:12.891 66634 INFO tempest.lib.common.rest_client [req-b5a82639-2db4-46bd-aa1a-f4acbadac76e req-b5a82639-2db4-46bd-aa1a-f4acbadac76e ] Request (DeleteServersAdminTestJSON:test_delete_server_while_in_error_state): 201 POST http://10.180.1.21/identity/v3/auth/tokens 0.065s
2025-11-22 08:33:12.891 66634 INFO tempest.lib.common.fixed_network [-] (DeleteServersAdminTestJSON:test_delete_server_while_in_error_state) Found network None available for tenant
2025-11-22 08:33:12.907 66628 INFO tempest.lib.common.rest_client [req-ff0ab1f2-d934-471f-bed7-bcb0993734d4 req-ff0ab1f2-d934-471f-bed7-bcb0993734d4 ] Request (ServerDiagnosticsTest:tearDownClass): 200 GET http://10.180.1.21/compute/v2.1/servers/00a1cb6d-8417-4e15-a093-16eec1ba3425 3.248s
2025-11-22 08:33:12.964 66668 INFO tempest.lib.common.rest_client [req-b676551a-a61c-4a4a-9e9f-719bfcaca9ba req-b676551a-a61c-4a4a-9e9f-719bfcaca9ba ] Request (ServerDiagnosticsV248Test:tearDownClass): 204 DELETE http://10.180.1.21/compute/v2.1/servers/b3bb10c2-2d9d-4554-b2eb-1ce331a90db7 3.223s
2025-11-22 08:33:13.016 66652 INFO tempest.lib.common.rest_client [req-e0fdf37c-cf92-4f58-9052-6bd96883e87e req-e0fdf37c-cf92-4f58-9052-6bd96883e87e ] Request (ServerExternalEventsTest:test_create_server_external_events): 200 GET http://10.180.1.21/compute/v2.1/servers/1f8a9c27-8628-438f-b52a-9fb5288e49d1 3.197s
2025-11-22 08:33:13.032 66646 INFO tempest.lib.common.rest_client [req-49065efc-1b46-4050-9357-bf0c2251563b req-49065efc-1b46-4050-9357-bf0c2251563b ] Request (ServersAdmin275Test:test_rebuild_update_server_275): 200 GET http://10.180.1.21/compute/v2.1/servers/44644682-995b-44e3-bbbf-3841dc4ec555 3.167s
2025-11-22 08:33:13.044 66674 INFO tempest.lib.common.rest_client [req-8946f882-7405-4de8-97ce-c1bb00be9186 req-8946f882-7405-4de8-97ce-c1bb00be9186 ] Request (HypervisorAdminTestJSON:tearDownClass): 204 DELETE http://10.180.1.21/identity/v3/users/bbdba4bcf8484418a9a99a27c7c2d4f7 0.206s
2025-11-22 08:33:13.044 66674 INFO tempest.lib.common.dynamic_creds [-] Deleting project and security group for project: a97efd985b65417294e6754ef5e3f685
2025-11-22 08:33:13.059 66656 INFO tempest.lib.common.rest_client [req-c5518263-1552-46ae-bfee-4b14b306a66b req-c5518263-1552-46ae-bfee-4b14b306a66b ] Request (FlavorsV255TestJSON:test_crud_flavor): 200 GET http://10.180.1.21/compute/v2.1/flavors/detail 3.131s
2025-11-22 08:33:13.084 66662 INFO tempest.lib.common.rest_client [req-fd9ec15f-d8ae-4f89-8d30-c4687705c992 req-fd9ec15f-d8ae-4f89-8d30-c4687705c992 ] Request (QuotasAdminTestV257:tearDownClass): 204 DELETE http://10.180.1.21/identity/v3/users/dec8a9ffabcd4d9a9e4d18bec2b8eaba 0.207s
2025-11-22 08:33:13.084 66662 INFO tempest.lib.common.dynamic_creds [-] Deleting project and security group for project: dc1636bfc9ff4522a0b5af98aaf8ae96
2025-11-22 08:33:13.089 66664 INFO tempest.lib.common.rest_client [req-38f72963-251f-4f87-8a66-65c95eafc0ad req-38f72963-251f-4f87-8a66-65c95eafc0ad ] Request (ServerAddressesTestJSON:setUpClass): 200 GET http://10.180.1.21/compute/v2.1/servers/787d8aaf-f254-484a-8573-e3b9d609e29a 3.195s
2025-11-22 08:33:13.103 66680 INFO tempest.lib.common.rest_client [req-138f74eb-4178-4bd6-9469-c0c4b93a68fb req-138f74eb-4178-4bd6-9469-c0c4b93a68fb ] Request (ServerRescueTestJSON:setUpClass): 200 PUT http://10.180.1.21/networking/v2.0/routers/5255aea7-2334-45d7-87e5-42c0b9d27100/add_router_interface 1.166s
2025-11-22 08:33:13.104 66680 INFO tempest.lib.common.dynamic_creds [-] Created isolated network resources for: credentials: Credentials: {'domain_id': 'default', 'domain_name': 'Default', 'username': 'tempest-ServerRescueTestJSON-1121077807-project-member', 'project_domain_id': 'default', 'project_domain_name': 'Default', 'project_id': '9a9508d599db4d098fc47625fde0938d', 'project_name': 'tempest-ServerRescueTestJSON-1121077807', 'tenant_id': '9a9508d599db4d098fc47625fde0938d', 'tenant_name': 'tempest-ServerRescueTestJSON-1121077807', 'user_domain_id': 'default', 'user_domain_name': 'Default', 'user_id': 'c7446a260cf54ae99cf36bd261afe95f', 'system': None}, Network: {'id': '400b5576-56bb-4455-a2cf-cfcbf6d5f7e6', 'name': 'tempest-ServerRescueTestJSON-947427752-network', 'tenant_id': '9a9508d599db4d098fc47625fde0938d', 'project_id': '9a9508d599db4d098fc47625fde0938d', 'admin_state_up': True, 'mtu': 8950, 'status': 'ACTIVE', 'subnets': [], 'shared': False, 'port_security_enabled': True, 'router:external': False, 'provider:network_type': 'vlan', 'provider:physical_network': 'default', 'provider:segmentation_id': 546, 'availability_zone_hints': [], 'availability_zones': [], 'ipv4_address_scope': None, 'ipv6_address_scope': None, 'description': '', 'tags': [], 'created_at': '2025-11-22T08:33:10Z', 'updated_at': '2025-11-22T08:33:10Z', 'revision_number': 1}, Subnet: {'id': '1e61fda6-32dc-4ecc-a90e-0eca4fcbd81a', 'name': 'tempest-ServerRescueTestJSON-947427752-subnet', 'tenant_id': '9a9508d599db4d098fc47625fde0938d', 'network_id': '400b5576-56bb-4455-a2cf-cfcbf6d5f7e6', 'ip_version': 4, 'subnetpool_id': None, 'enable_dhcp': False, 'ipv6_ra_mode': None, 'ipv6_address_mode': None, 'gateway_ip': '192.168.128.1', 'cidr': '192.168.128.0/28', 'allocation_pools': [{'start': '192.168.128.2', 'end': '192.168.128.14'}], 'host_routes': [], 'dns_nameservers': [], 'description': '', 'router:external': False, 'service_types': [], 'tags': [], 'created_at': '2025-11-22T08:33:10Z', 'updated_at': '2025-11-22T08:33:10Z', 'revision_number': 0, 'project_id': '9a9508d599db4d098fc47625fde0938d'}, Router: {'id': '5255aea7-2334-45d7-87e5-42c0b9d27100', 'name': 'tempest-ServerRescueTestJSON-947427752-router', 'tenant_id': '9a9508d599db4d098fc47625fde0938d', 'admin_state_up': True, 'status': 'ACTIVE', 'external_gateway_info': {'network_id': '1aae25df-1724-47e6-a3f0-56e941ded227', 'external_fixed_ips': [{'subnet_id': 'a0b1ff83-f3e0-4f3c-9315-ceb806f47a75', 'ip_address': '10.180.180.170'}], 'enable_snat': True}, 'description': '', 'availability_zones': [], 'distributed': False, 'ha': False, 'availability_zone_hints': [], 'routes': [], 'flavor_id': None, 'tags': [], 'created_at': '2025-11-22T08:33:10Z', 'updated_at': '2025-11-22T08:33:11Z', 'revision_number': 2, 'project_id': '9a9508d599db4d098fc47625fde0938d'}
2025-11-22 08:33:13.108 66650 INFO tempest.lib.common.rest_client [req-10ec2ae5-f2cd-48c7-8b0f-196970bc6dc1 req-10ec2ae5-f2cd-48c7-8b0f-196970bc6dc1 ] Request (TenantUsagesTestJSON:test_get_usage_tenant_with_non_admin_user): 200 GET http://10.180.1.21/compute/v2.1/os-simple-tenant-usage/409e356544a04380b407709dc065e81b?start=2025-11-21T08%3A33%3A06.574450&end=2025-11-23T08%3A33%3A06.574450 3.156s
2025-11-22 08:33:13.166 66674 INFO tempest.lib.common.rest_client [req-7ea3b469-586d-4de0-8941-39754ac22fb2 req-7ea3b469-586d-4de0-8941-39754ac22fb2 ] Request (HypervisorAdminTestJSON:tearDownClass): 201 POST http://10.180.1.21/identity/v3/auth/tokens 0.122s
2025-11-22 08:33:13.170 66682 INFO tempest.lib.common.rest_client [req-12bcc6b0-53a3-414e-a50e-57af1c2f8d35 req-12bcc6b0-53a3-414e-a50e-57af1c2f8d35 ] Request (InstanceActionsTestJSON:setUpClass): 200 GET http://10.180.1.21/compute/v2.1/servers/7dd90932-48bb-4122-9264-a443b4fa1be9 2.977s
2025-11-22 08:33:13.173 66662 INFO tempest.lib.common.rest_client [req-498588dc-6a98-42ec-96ac-891cf7e5edd4 req-498588dc-6a98-42ec-96ac-891cf7e5edd4 ] Request (QuotasAdminTestV257:tearDownClass): 201 POST http://10.180.1.21/identity/v3/auth/tokens 0.089s
2025-11-22 08:33:13.268 66680 INFO tempest.lib.common.rest_client [req-70cab693-1d0b-4ddb-8cfc-edc1d0cf69c0 req-70cab693-1d0b-4ddb-8cfc-edc1d0cf69c0 ] Request (ServerRescueTestJSON:setUpClass): 201 POST http://10.180.1.21/identity/v3/auth/tokens 0.159s
