2025-11-22 08:34:19.464 66640 INFO tempest.lib.common.rest_client [req-133342d5-f063-46e7-bf44-cdf1ac2d52d5 req-133342d5-f063-46e7-bf44-cdf1ac2d52d5 ] Request (ServersV294TestFqdnHostnames:tearDownClass): 204 DELETE http://10.180.1.21/networking/v2.0/subnets/69c2c23d-12e4-4169-9484-1a6a140a499f 0.142s
2025-11-22 08:34:19.552 66628 INFO tempest.lib.common.rest_client [req-24881675-a3c6-4723-8e59-50765f6a6f7b req-24881675-a3c6-4723-8e59-50765f6a6f7b ] Request (ListServersNegativeTestJSON:setUpClass): 200 GET http://10.180.1.21/compute/v2.1/servers/4c8b03ea-16aa-4d19-bf96-f03d6dea4c04 1.151s
2025-11-22 08:34:19.635 66652 INFO tempest.lib.common.rest_client [req-9c17a6c6-d4d4-4a11-8500-70ec205213ea req-9c17a6c6-d4d4-4a11-8500-70ec205213ea ] Request (ServerExternalEventsTest:tearDownClass): 200 GET http://10.180.1.21/compute/v2.1/servers/1f8a9c27-8628-438f-b52a-9fb5288e49d1 1.074s
2025-11-22 08:34:19.731 66640 INFO tempest.lib.common.rest_client [req-599ea3ea-defe-4e93-b9e1-5ebd87945566 req-599ea3ea-defe-4e93-b9e1-5ebd87945566 ] Request (ServersV294TestFqdnHostnames:tearDownClass): 204 DELETE http://10.180.1.21/networking/v2.0/networks/f85d398e-9f1c-4631-b2de-6043db9c908f 0.267s
2025-11-22 08:34:19.748 66662 INFO tempest.lib.common.rest_client [req-ed511b63-58b8-4cc3-a973-c3a1ff2692ea req-ed511b63-58b8-4cc3-a973-c3a1ff2692ea ] Request (ImagesNegativeTestJSON:test_create_image_from_deleted_server): 200 GET http://10.180.1.21/compute/v2.1/servers/ebf6ff4f-c736-44b2-b92f-36313cfb5be6 1.084s
2025-11-22 08:34:19.757 66662 INFO tempest.common.waiters [-] State transition "ACTIVE/deleting" ==> "DELETED/None" after 2 second wait
2025-11-22 08:34:19.806 66638 INFO tempest.lib.common.rest_client [req-a03b58a2-fde5-4b06-b931-7093d0e6c827 req-a03b58a2-fde5-4b06-b931-7093d0e6c827 ] Request (ListServerFiltersTestJSON:setUpClass): 202 POST http://10.180.1.21/compute/v2.1/servers 1.381s
2025-11-22 08:34:19.814 66658 INFO tempest.lib.common.rest_client [req-cf7fba0b-ac0d-46b2-8f50-a8e40f1aa524 req-cf7fba0b-ac0d-46b2-8f50-a8e40f1aa524 ] Request (MultipleCreateNegativeTestJSON:test_max_count_less_than_one): 400 POST http://10.180.1.21/compute/v2.1/servers 0.801s
2025-11-22 08:34:19.848 66640 INFO tempest.lib.common.rest_client [req-0088e59e-7158-470c-943f-9fffe883d896 req-0088e59e-7158-470c-943f-9fffe883d896 ] Request (ServersV294TestFqdnHostnames:tearDownClass): 204 DELETE http://10.180.1.21/identity/v3/users/aba14f35f7a74b33929359fc89f1c2f1 0.116s
2025-11-22 08:34:19.849 66640 INFO tempest.lib.common.dynamic_creds [-] Deleting project and security group for project: 59716a7e8e2441be8e53c44801082845
2025-11-22 08:34:19.891 66640 INFO tempest.lib.common.rest_client [req-696bcb42-cdf9-4574-84b4-d7b0fda47d47 req-696bcb42-cdf9-4574-84b4-d7b0fda47d47 ] Request (ServersV294TestFqdnHostnames:tearDownClass): 200 GET http://10.180.1.21/networking/v2.0/security-groups?tenant_id=59716a7e8e2441be8e53c44801082845&name=default 0.042s
2025-11-22 08:34:19.898 66638 INFO tempest.lib.common.rest_client [req-8bda310e-da92-475f-9163-0da5acf69120 req-8bda310e-da92-475f-9163-0da5acf69120 ] Request (ListServerFiltersTestJSON:setUpClass): 201 POST http://10.180.1.21/identity/v3/auth/tokens 0.087s
2025-11-22 08:34:19.898 66638 INFO tempest.lib.common.fixed_network [-] (ListServerFiltersTestJSON:setUpClass) Found network {'id': '55f9b0d6-67d7-44d6-8fb3-511c8c3fd913', 'name': 'tempest-ListServerFiltersTestJSON-1823647106-network', 'tenant_id': 'd5763a2a60b247019f2ee3d467babb45', 'project_id': 'd5763a2a60b247019f2ee3d467babb45', 'admin_state_up': True, 'mtu': 8950, 'status': 'ACTIVE', 'subnets': [], 'shared': False, 'port_security_enabled': True, 'router:external': False, 'provider:network_type': 'vlan', 'provider:physical_network': 'default', 'provider:segmentation_id': 321, 'availability_zone_hints': [], 'availability_zones': [], 'ipv4_address_scope': None, 'ipv6_address_scope': None, 'description': '', 'tags': [], 'created_at': '2025-11-22T08:34:17Z', 'updated_at': '2025-11-22T08:34:17Z', 'revision_number': 1} available for tenant
2025-11-22 08:34:19.918 66672 INFO tempest.lib.common.rest_client [req-552e91b5-ee0e-4675-8ed4-3f775d12278e req-552e91b5-ee0e-4675-8ed4-3f775d12278e ] Request (ServersTestFqdnHostnames:tearDownClass): 200 GET http://10.180.1.21/compute/v2.1/servers/4732b42e-93bc-4f24-9649-76464c4d108d 0.858s
2025-11-22 08:34:19.922 66658 INFO tempest.lib.common.rest_client [req-e0f812b4-a25b-4094-970d-703292e234b4 req-e0f812b4-a25b-4094-970d-703292e234b4 ] Request (MultipleCreateNegativeTestJSON:test_max_count_non_integer): 201 POST http://10.180.1.21/identity/v3/auth/tokens 0.102s
2025-11-22 08:34:19.922 66658 INFO tempest.lib.common.fixed_network [-] (MultipleCreateNegativeTestJSON:test_max_count_non_integer) Found network None available for tenant
2025-11-22 08:34:20.014 66636 INFO tempest.lib.common.rest_client [req-22a71b44-4ea7-4bac-a3d4-9ea786b86d38 req-22a71b44-4ea7-4bac-a3d4-9ea786b86d38 ] Request (ServersTestBootFromVolume:tearDownClass): 204 DELETE http://10.180.1.21/compute/v2.1/servers/bade10a4-4265-4d74-8e00-1af43eddab92 0.894s
2025-11-22 08:34:20.071 66640 INFO tempest.lib.common.rest_client [req-07a312e5-694f-4979-b8ed-62d9f47c6330 req-07a312e5-694f-4979-b8ed-62d9f47c6330 ] Request (ServersV294TestFqdnHostnames:tearDownClass): 204 DELETE http://10.180.1.21/networking/v2.0/security-groups/54c15c20-c6c6-4cc6-ae01-d077ab37a498 0.179s
2025-11-22 08:34:20.080 66678 INFO tempest.lib.common.rest_client [req-cbcaa9b6-bb9c-4e90-9f2d-0eec8a315396 req-cbcaa9b6-bb9c-4e90-9f2d-0eec8a315396 ] Request (KeyPairsV22TestJSON:test_keypairs_create_list_delete): 201 POST http://10.180.1.21/compute/v2.1/os-keypairs 0.905s
2025-11-22 08:34:20.107 66671 INFO tempest.lib.common.rest_client [req-8399c15b-ab48-4abd-a9c7-8fcfd44ee786 req-8399c15b-ab48-4abd-a9c7-8fcfd44ee786 ] Request (FlavorsAdminTestJSON:test_is_public_string_variations): 200 GET http://10.180.1.21/compute/v2.1/flavors/detail?is_public=1 0.901s
2025-11-22 08:34:20.227 66640 INFO tempest.lib.common.rest_client [req-8cc95ae5-623f-4672-a276-7635ef297130 req-8cc95ae5-623f-4672-a276-7635ef297130 ] Request (ServersV294TestFqdnHostnames:tearDownClass): 204 DELETE http://10.180.1.21/identity/v3/projects/59716a7e8e2441be8e53c44801082845 0.155s
2025-11-22 08:34:20.323 66644 INFO tempest.lib.common.rest_client [req-7db272f6-49d5-42f7-864e-38ad58a472ce req-7db272f6-49d5-42f7-864e-38ad58a472ce ] Request (VolumesAssistedSnapshotsTest:_run_cleanups): 202 DELETE http://10.180.1.21/compute/v2.1/servers/2da07645-640d-49ee-87ec-711b9c2d56ee/os-volume_attachments/c2205c6e-7a10-4986-8687-2e71ccbb3124 0.994s
2025-11-22 08:34:20.339 66640 INFO tempest.lib.common.rest_client [req-58e60a12-0eab-4968-8a9b-fe48976fa0a9 req-58e60a12-0eab-4968-8a9b-fe48976fa0a9 ] Request (ServerAddressesNegativeTestJSON:setUpClass): 201 POST http://10.180.1.21/identity/v3/auth/tokens 0.110s
2025-11-22 08:34:20.366 66684 INFO tempest.lib.common.rest_client [req-f543c74b-4cb1-446e-8b92-ed2b07b723db req-f543c74b-4cb1-446e-8b92-ed2b07b723db ] Request (MigrationsAdminTest:test_resize_server_revert_deleted_flavor): 200 POST http://10.180.1.21/compute/v2.1/flavors/fbb37369-51b0-4907-bc8d-e4040cd84e6d/os-extra_specs 1.027s
2025-11-22 08:34:20.386 66640 INFO tempest.lib.common.rest_client [req-2b964514-c84c-48a2-8d43-b08d2f1e242c req-2b964514-c84c-48a2-8d43-b08d2f1e242c ] Request (ServerAddressesNegativeTestJSON:setUpClass): 201 POST http://10.180.1.21/identity/v3/auth/tokens 0.044s
2025-11-22 08:34:20.427 66640 INFO tempest.lib.common.rest_client [req-b16a84ae-148b-49fd-aadd-7e91da1f0a0f req-b16a84ae-148b-49fd-aadd-7e91da1f0a0f ] Request (ServerAddressesNegativeTestJSON:setUpClass): 200 GET http://10.180.1.21/identity/v3/domains?name=Default 0.041s
2025-11-22 08:34:20.459 66666 INFO tempest.lib.common.rest_client [req-3aeed346-f90f-45a4-a1df-1290bc9c3cb9 req-3aeed346-f90f-45a4-a1df-1290bc9c3cb9 ] Request (ServersListShow2100Test:test_list_show_rebuild_update_server_2100): 200 GET http://10.180.1.21/compute/v2.1/servers/e32a72ec-bdb9-4dd8-a005-468a57a9d1f6 1.075s
2025-11-22 08:34:20.463 66640 INFO tempest.lib.common.rest_client [req-3d7e0aa7-e225-43d2-bc84-75aecc4b2727 req-3d7e0aa7-e225-43d2-bc84-75aecc4b2727 ] Request (ServerAddressesNegativeTestJSON:setUpClass): 201 POST http://10.180.1.21/identity/v3/projects 0.035s
2025-11-22 08:34:20.484 66684 INFO tempest.lib.common.rest_client [req-5f73d72d-e9a7-4165-8082-e8863d5d1540 req-5f73d72d-e9a7-4165-8082-e8863d5d1540 ] Request (MigrationsAdminTest:test_resize_server_revert_deleted_flavor): 201 POST http://10.180.1.21/identity/v3/auth/tokens 0.114s
2025-11-22 08:34:20.485 66684 INFO tempest.lib.common.fixed_network [-] (MigrationsAdminTest:test_resize_server_revert_deleted_flavor) Found network None available for tenant
2025-11-22 08:34:20.511 66690 INFO tempest.lib.common.rest_client [req-711b215d-16e5-4694-9229-66a22f433573 req-711b215d-16e5-4694-9229-66a22f433573 ] Request (ListImageFiltersTestJSON:setUpClass): 200 GET http://10.180.1.21/compute/v2.1/images/be969d6b-23cc-43f4-8cde-9c7120ca7355 1.068s
2025-11-22 08:34:20.576 66640 INFO tempest.lib.common.rest_client [req-cd9710ec-72f1-4e4e-93ec-4f91f98b8f0c req-cd9710ec-72f1-4e4e-93ec-4f91f98b8f0c ] Request (ServerAddressesNegativeTestJSON:setUpClass): 201 POST http://10.180.1.21/identity/v3/users 0.112s
2025-11-22 08:34:20.587 66632 INFO tempest.lib.common.rest_client [req-2cbba960-c01c-435d-9ed7-5b02d991ab38 req-2cbba960-c01c-435d-9ed7-5b02d991ab38 ] Request (ServersAdminTestJSON:test_inject_network_info): 200 GET http://10.180.1.21/compute/v2.1/servers/1c839d9a-682d-4125-a7e0-f7d5739a6da9 1.135s
2025-11-22 08:34:20.616 66640 INFO tempest.lib.common.rest_client [req-db0a96b2-e47a-437f-bafc-798c418bd279 req-db0a96b2-e47a-437f-bafc-798c418bd279 ] Request (ServerAddressesNegativeTestJSON:setUpClass): 200 GET http://10.180.1.21/identity/v3/roles 0.039s
2025-11-22 08:34:20.657 66640 INFO tempest.lib.common.rest_client [req-5731cf1f-9a0f-47db-86a9-5f316f24cf0b req-5731cf1f-9a0f-47db-86a9-5f316f24cf0b ] Request (ServerAddressesNegativeTestJSON:setUpClass): 204 PUT http://10.180.1.21/identity/v3/projects/5083d7a5e2ce4d29a48da717625f7f3a/users/72fed328cae046ca9c43b857c5ce1ca4/roles/2d2df2fdc0e249cc8b4bc54cf949fd33 0.040s
2025-11-22 08:34:20.657 66640 INFO tempest.lib.common.dynamic_creds [-] Dynamic test user 72fed328cae046ca9c43b857c5ce1ca4 is created with scope project and roles: ['member']
2025-11-22 08:34:20.657 66640 INFO tempest.lib.common.dynamic_creds [-] Acquired dynamic creds: credentials: Credentials: {'domain_id': 'default', 'domain_name': 'Default', 'username': 'tempest-ServerAddressesNegativeTestJSON-984840834-project-member', 'project_domain_id': 'default', 'project_domain_name': 'Default', 'project_id': '5083d7a5e2ce4d29a48da717625f7f3a', 'project_name': 'tempest-ServerAddressesNegativeTestJSON-984840834', 'tenant_id': '5083d7a5e2ce4d29a48da717625f7f3a', 'tenant_name': 'tempest-ServerAddressesNegativeTestJSON-984840834', 'user_domain_id': 'default', 'user_domain_name': 'Default', 'user_id': '72fed328cae046ca9c43b857c5ce1ca4', 'system': None}, Network: None, Subnet: None, Router: None
2025-11-22 08:34:20.686 66646 INFO tempest.lib.common.rest_client [req-239ee929-6d8b-45ee-bb2f-d4fc5973c614 req-239ee929-6d8b-45ee-bb2f-d4fc5973c614 ] Request (ServersAdmin275Test:tearDownClass): 200 GET http://10.180.1.21/compute/v2.1/servers/44644682-995b-44e3-bbbf-3841dc4ec555 1.036s
2025-11-22 08:34:20.750 66640 INFO tempest.lib.common.rest_client [req-47195597-f345-45c5-8f89-b74f9275341e req-47195597-f345-45c5-8f89-b74f9275341e ] Request (ServerAddressesNegativeTestJSON:setUpClass): 201 POST http://10.180.1.21/identity/v3/auth/tokens 0.092s
2025-11-22 08:34:20.761 66650 INFO tempest.lib.common.rest_client [req-a852d306-7447-482d-b081-94e595470a5b req-a852d306-7447-482d-b081-94e595470a5b ] Request (FloatingIPsAssociationNegativeTestJSON:setUpClass): 200 GET http://10.180.1.21/compute/v2.1/servers/70dbb604-dfcf-4f7a-b8af-d01536633973 0.949s
2025-11-22 08:34:20.807 66630 WARNING tempest.lib.common.ssh [-] Failed to establish authenticated ssh connection to cirros@10.180.180.206 ([Errno None] Unable to connect to port 22 on 10.180.180.206). Number attempts: 2. Retry after 3 seconds.: paramiko.ssh_exception.NoValidConnectionsError: [Errno None] Unable to connect to port 22 on 10.180.180.206
2025-11-22 08:34:20.954 66664 INFO tempest.lib.common.rest_client [req-23cb5b5b-d381-45a7-827b-9c66951d93a2 req-23cb5b5b-d381-45a7-827b-9c66951d93a2 ] Request (ServerAddressesTestJSON:tearDownClass): 200 GET http://10.180.1.21/compute/v2.1/servers/787d8aaf-f254-484a-8573-e3b9d609e29a 1.129s
2025-11-22 08:34:21.108 66640 INFO tempest.lib.common.rest_client [req-16cfc9be-ab27-447e-a724-8aae0ab55045 req-16cfc9be-ab27-447e-a724-8aae0ab55045 ] Request (ServerAddressesNegativeTestJSON:setUpClass): 201 POST http://10.180.1.21/networking/v2.0/networks 0.357s
2025-11-22 08:34:21.317 66640 INFO tempest.lib.common.rest_client [req-1f71a7a4-56b4-42c0-ad98-2df0bf3f72ac req-1f71a7a4-56b4-42c0-ad98-2df0bf3f72ac ] Request (ServerAddressesNegativeTestJSON:setUpClass): 201 POST http://10.180.1.21/networking/v2.0/subnets 0.208s
2025-11-22 08:34:21.392 66638 INFO tempest.lib.common.rest_client [req-bd2524f2-022c-4c4d-af96-3e7230b36cdc req-bd2524f2-022c-4c4d-af96-3e7230b36cdc ] Request (ListServerFiltersTestJSON:setUpClass): 202 POST http://10.180.1.21/compute/v2.1/servers 1.492s
2025-11-22 08:34:21.395 66658 INFO tempest.lib.common.rest_client [req-408c36ed-1814-48fb-9025-be0946749403 req-408c36ed-1814-48fb-9025-be0946749403 ] Request (MultipleCreateNegativeTestJSON:test_max_count_non_integer): 400 POST http://10.180.1.21/compute/v2.1/servers 1.472s
2025-11-22 08:34:21.500 66658 INFO tempest.lib.common.rest_client [req-40ec9ff6-6751-4680-8d93-94d3b66e8aac req-40ec9ff6-6751-4680-8d93-94d3b66e8aac ] Request (MultipleCreateNegativeTestJSON:test_min_count_less_than_one): 201 POST http://10.180.1.21/identity/v3/auth/tokens 0.099s
2025-11-22 08:34:21.500 66658 INFO tempest.lib.common.fixed_network [-] (MultipleCreateNegativeTestJSON:test_min_count_less_than_one) Found network None available for tenant
2025-11-22 08:34:21.501 66638 INFO tempest.lib.common.rest_client [req-793a655e-8d21-4154-80a8-e27d4de697ad req-793a655e-8d21-4154-80a8-e27d4de697ad ] Request (ListServerFiltersTestJSON:setUpClass): 201 POST http://10.180.1.21/identity/v3/auth/tokens 0.100s
2025-11-22 08:34:21.501 66638 INFO tempest.lib.common.fixed_network [-] (ListServerFiltersTestJSON:setUpClass) Found network {'id': '55f9b0d6-67d7-44d6-8fb3-511c8c3fd913', 'name': 'tempest-ListServerFiltersTestJSON-1823647106-network', 'tenant_id': 'd5763a2a60b247019f2ee3d467babb45', 'project_id': 'd5763a2a60b247019f2ee3d467babb45', 'admin_state_up': True, 'mtu': 8950, 'status': 'ACTIVE', 'subnets': [], 'shared': False, 'port_security_enabled': True, 'router:external': False, 'provider:network_type': 'vlan', 'provider:physical_network': 'default', 'provider:segmentation_id': 321, 'availability_zone_hints': [], 'availability_zones': [], 'ipv4_address_scope': None, 'ipv6_address_scope': None, 'description': '', 'tags': [], 'created_at': '2025-11-22T08:34:17Z', 'updated_at': '2025-11-22T08:34:17Z', 'revision_number': 1} available for tenant
2025-11-22 08:34:21.646 66656 INFO tempest.lib.common.rest_client [req-2574c2c8-0dbb-4095-a0b8-2fa08f862b59 req-2574c2c8-0dbb-4095-a0b8-2fa08f862b59 ] Request (AttachInterfacesUnderV243Test:test_add_remove_fixed_ip): 200 GET http://10.180.1.21/compute/v2.1/servers/97fcf5ac-0e04-42ba-8ea1-a2211b486818 1.679s
2025-11-22 08:34:21.658 66656 INFO tempest.common.waiters [-] State transition "BUILD/spawning" ==> "ACTIVE/None" after 36 second wait
2025-11-22 08:34:21.834 66636 INFO tempest.lib.common.rest_client [req-d767f9bf-0b08-4791-b0d2-7703087eb218 req-d767f9bf-0b08-4791-b0d2-7703087eb218 ] Request (ServersTestBootFromVolume:tearDownClass): 200 GET http://10.180.1.21/compute/v2.1/servers/bade10a4-4265-4d74-8e00-1af43eddab92 1.819s
2025-11-22 08:34:21.902 66682 INFO tempest.lib.common.rest_client [req-3dbea27d-7d2e-4e6c-bc11-daa20829f3c3 req-3dbea27d-7d2e-4e6c-bc11-daa20829f3c3 ] Request (InstanceActionsTestJSON:tearDownClass): 200 GET http://10.180.1.21/compute/v2.1/servers/7dd90932-48bb-4122-9264-a443b4fa1be9 1.848s
2025-11-22 08:34:22.000 66634 INFO tempest.lib.common.rest_client [req-bc4b244d-2db6-4eda-abf2-fe4cbce71533 req-bc4b244d-2db6-4eda-abf2-fe4cbce71533 ] Request (DeleteServersAdminTestJSON:test_delete_server_while_in_error_state): 200 GET http://10.180.1.21/compute/v2.1/servers/93c7462e-4110-48f5-8b34-b1441a1690c9 1.924s
2025-11-22 08:34:22.017 66678 INFO tempest.lib.common.rest_client [req-6068e85b-33a6-4db5-a458-654fd90c02ce req-6068e85b-33a6-4db5-a458-654fd90c02ce ] Request (KeyPairsV22TestJSON:test_keypairs_create_list_delete): 200 GET http://10.180.1.21/compute/v2.1/os-keypairs 1.933s
2025-11-22 08:34:22.038 66671 INFO tempest.lib.common.rest_client [req-9d0fdd9b-26a6-4f72-afce-059ec1da25f8 req-9d0fdd9b-26a6-4f72-afce-059ec1da25f8 ] Request (FlavorsAdminTestJSON:_run_cleanups): 202 DELETE http://10.180.1.21/compute/v2.1/flavors/1510399629 1.925s
2025-11-22 08:34:22.114 66676 INFO tempest.lib.common.rest_client [req-2177bbaf-2fc1-40f1-8361-f5ad7cbf6d32 req-2177bbaf-2fc1-40f1-8361-f5ad7cbf6d32 ] Request (ServersAdminNegativeTestJSON:setUpClass): 200 GET http://10.180.1.21/compute/v2.1/servers/79fb9599-0c2d-4651-9c84-18039228278e 1.987s
2025-11-22 08:34:22.123 66676 INFO tempest.common.waiters [-] State transition "BUILD/None" ==> "BUILD/networking" after 23 second wait
2025-11-22 08:34:22.163 66640 INFO tempest.lib.common.rest_client [req-07f9c40e-53a0-4761-9bd7-00a0f77c86a2 req-07f9c40e-53a0-4761-9bd7-00a0f77c86a2 ] Request (ServerAddressesNegativeTestJSON:setUpClass): 201 POST http://10.180.1.21/networking/v2.0/routers 0.845s
2025-11-22 08:34:22.313 66686 INFO tempest.lib.common.rest_client [req-776f889f-2969-4a40-b3fd-33390d777fd7 req-776f889f-2969-4a40-b3fd-33390d777fd7 ] Request (AttachInterfacesTestJSON:test_create_list_show_delete_interfaces_by_fixed_ip): 200 GET http://10.180.1.21/compute/v2.1/servers/42cffd0a-529b-4018-b129-2d81a640718b 2.058s
2025-11-22 08:34:22.381 66642 INFO tempest.lib.common.rest_client [req-9b68122d-f1ae-4be3-81ae-8c2741edb7dd req-9b68122d-f1ae-4be3-81ae-8c2741edb7dd ] Request (FloatingIPsAssociationTestJSON:setUpClass): 200 GET http://10.180.1.21/compute/v2.1/servers/99c08f3f-7305-4764-b933-0648af532c50 2.104s
2025-11-22 08:34:22.424 66644 INFO tempest.lib.common.rest_client [req-4c0989c6-3921-4e25-a6a0-537c6131191a req-4c0989c6-3921-4e25-a6a0-537c6131191a ] Request (VolumesAssistedSnapshotsTest:_run_cleanups): 200 GET http://10.180.1.21/compute/v2.1/servers/2da07645-640d-49ee-87ec-711b9c2d56ee/os-volume_attachments 2.100s
2025-11-22 08:34:22.535 66660 INFO tempest.lib.common.rest_client [req-fae13703-e775-47b7-8fe1-e026a80aa81f req-fae13703-e775-47b7-8fe1-e026a80aa81f ] Request (ServerShowV257Test:test_rebuild_server): 200 GET http://10.180.1.21/compute/v2.1/servers/7dc98ec0-01f4-417d-a3c1-c32a384237bb 2.198s
2025-11-22 08:34:23.026 66668 INFO tempest.lib.common.rest_client [req-2e2b3add-7bd6-4eed-8b04-7086c2889374 req-2e2b3add-7bd6-4eed-8b04-7086c2889374 ] Request (ServerRescueTestJSONUnderV235:setUpClass): 200 GET http://10.180.1.21/compute/v2.1/servers/61c7b3c9-d32e-49c7-bd12-2d189b104376 2.670s
2025-11-22 08:34:23.097 66640 INFO tempest.lib.common.rest_client [req-5d194bd7-9428-4e98-a2dd-539394d93183 req-5d194bd7-9428-4e98-a2dd-539394d93183 ] Request (ServerAddressesNegativeTestJSON:setUpClass): 200 PUT http://10.180.1.21/networking/v2.0/routers/3ed68e60-5072-4ac5-88c3-049044a96506/add_router_interface 0.934s
2025-11-22 08:34:23.098 66640 INFO tempest.lib.common.dynamic_creds [-] Created isolated network resources for: credentials: Credentials: {'domain_id': 'default', 'domain_name': 'Default', 'username': 'tempest-ServerAddressesNegativeTestJSON-984840834-project-member', 'project_domain_id': 'default', 'project_domain_name': 'Default', 'project_id': '5083d7a5e2ce4d29a48da717625f7f3a', 'project_name': 'tempest-ServerAddressesNegativeTestJSON-984840834', 'tenant_id': '5083d7a5e2ce4d29a48da717625f7f3a', 'tenant_name': 'tempest-ServerAddressesNegativeTestJSON-984840834', 'user_domain_id': 'default', 'user_domain_name': 'Default', 'user_id': '72fed328cae046ca9c43b857c5ce1ca4', 'system': None}, Network: {'id': 'f38ca5bc-cf92-460b-b72a-15ce83cad068', 'name': 'tempest-ServerAddressesNegativeTestJSON-952526568-network', 'tenant_id': '5083d7a5e2ce4d29a48da717625f7f3a', 'project_id': '5083d7a5e2ce4d29a48da717625f7f3a', 'admin_state_up': True, 'mtu': 8950, 'status': 'ACTIVE', 'subnets': [], 'shared': False, 'port_security_enabled': True, 'router:external': False, 'provider:network_type': 'vlan', 'provider:physical_network': 'default', 'provider:segmentation_id': 943, 'availability_zone_hints': [], 'availability_zones': [], 'ipv4_address_scope': None, 'ipv6_address_scope': None, 'description': '', 'tags': [], 'created_at': '2025-11-22T08:34:21Z', 'updated_at': '2025-11-22T08:34:21Z', 'revision_number': 1}, Subnet: {'id': 'afe552ad-6839-4ec2-ae5d-5631c00ae198', 'name': 'tempest-ServerAddressesNegativeTestJSON-952526568-subnet', 'tenant_id': '5083d7a5e2ce4d29a48da717625f7f3a', 'network_id': 'f38ca5bc-cf92-460b-b72a-15ce83cad068', 'ip_version': 4, 'subnetpool_id': None, 'enable_dhcp': True, 'ipv6_ra_mode': None, 'ipv6_address_mode': None, 'gateway_ip': '192.168.128.1', 'cidr': '192.168.128.0/28', 'allocation_pools': [{'start': '192.168.128.2', 'end': '192.168.128.14'}], 'host_routes': [], 'dns_nameservers': [], 'description': '', 'router:external': False, 'service_types': [], 'tags': [], 'created_at': '2025-11-22T08:34:21Z', 'updated_at': '2025-11-22T08:34:21Z', 'revision_number': 0, 'project_id': '5083d7a5e2ce4d29a48da717625f7f3a'}, Router: {'id': '3ed68e60-5072-4ac5-88c3-049044a96506', 'name': 'tempest-ServerAddressesNegativeTestJSON-952526568-router', 'tenant_id': '5083d7a5e2ce4d29a48da717625f7f3a', 'admin_state_up': True, 'status': 'ACTIVE', 'external_gateway_info': {'network_id': '1aae25df-1724-47e6-a3f0-56e941ded227', 'external_fixed_ips': [{'subnet_id': 'a0b1ff83-f3e0-4f3c-9315-ceb806f47a75', 'ip_address': '10.180.180.159'}], 'enable_snat': True}, 'description': '', 'availability_zones': [], 'distributed': False, 'ha': False, 'availability_zone_hints': [], 'routes': [], 'flavor_id': None, 'tags': [], 'created_at': '2025-11-22T08:34:21Z', 'updated_at': '2025-11-22T08:34:21Z', 'revision_number': 2, 'project_id': '5083d7a5e2ce4d29a48da717625f7f3a'}
2025-11-22 08:34:23.154 66680 INFO tempest.lib.common.rest_client [req-e0248b87-de78-43e2-b220-fab1b84e0569 req-e0248b87-de78-43e2-b220-fab1b84e0569 ] Request (ServerRescueTestJSON:test_rescue_unrescue_instance): 200 GET http://10.180.1.21/compute/v2.1/servers/ae308102-a27e-4f67-97dd-4c297207fc0d 2.748s
2025-11-22 08:34:23.246 66640 INFO tempest.lib.common.rest_client [req-182ef37c-633e-4684-b5a8-1635f3ee74d5 req-182ef37c-633e-4684-b5a8-1635f3ee74d5 ] Request (ServerAddressesNegativeTestJSON:setUpClass): 201 POST http://10.180.1.21/identity/v3/auth/tokens 0.137s
2025-11-22 08:34:23.252 66674 INFO tempest.lib.common.rest_client [req-df931c3f-3082-4bdb-9412-a3707abdb1c3 req-df931c3f-3082-4bdb-9412-a3707abdb1c3 ] Request (ServerPasswordTestJSON:tearDownClass): 200 GET http://10.180.1.21/compute/v2.1/servers/bcd47a9e-ee75-48a6-90b0-5274b14a2cea 2.822s
2025-11-22 08:34:23.290 66640 INFO tempest.lib.common.rest_client [req-bb09d392-efe2-4d64-8362-efcc6a9f5183 req-bb09d392-efe2-4d64-8362-efcc6a9f5183 ] Request (ServerAddressesNegativeTestJSON:setUpClass): 201 POST http://10.180.1.21/identity/v3/auth/tokens 0.039s
2025-11-22 08:34:23.290 66640 INFO tempest.lib.common.fixed_network [-] (ServerAddressesNegativeTestJSON:setUpClass) Found network {'id': 'f38ca5bc-cf92-460b-b72a-15ce83cad068', 'name': 'tempest-ServerAddressesNegativeTestJSON-952526568-network', 'tenant_id': '5083d7a5e2ce4d29a48da717625f7f3a', 'project_id': '5083d7a5e2ce4d29a48da717625f7f3a', 'admin_state_up': True, 'mtu': 8950, 'status': 'ACTIVE', 'subnets': [], 'shared': False, 'port_security_enabled': True, 'router:external': False, 'provider:network_type': 'vlan', 'provider:physical_network': 'default', 'provider:segmentation_id': 943, 'availability_zone_hints': [], 'availability_zones': [], 'ipv4_address_scope': None, 'ipv6_address_scope': None, 'description': '', 'tags': [], 'created_at': '2025-11-22T08:34:21Z', 'updated_at': '2025-11-22T08:34:21Z', 'revision_number': 1} available for tenant
2025-11-22 08:34:23.672 66684 INFO tempest.lib.common.rest_client [req-31851216-11fa-419a-8d11-a32d037ab02e req-31851216-11fa-419a-8d11-a32d037ab02e ] Request (MigrationsAdminTest:test_resize_server_revert_deleted_flavor): 202 POST http://10.180.1.21/compute/v2.1/servers 3.187s
2025-11-22 08:34:23.797 66690 INFO tempest.lib.common.rest_client [req-8a3f3f6d-1d6a-4b91-bd2b-54a12e3c0aa5 req-8a3f3f6d-1d6a-4b91-bd2b-54a12e3c0aa5 ] Request (ListImageFiltersTestJSON:setUpClass): 200 GET http://10.180.1.21/compute/v2.1/servers/11eebb27-741f-4da8-9ee9-3b17c451f984 3.282s
2025-11-22 08:34:23.849 66655 INFO tempest.lib.common.rest_client [req-66c4b6df-5def-486e-bac0-6bcd2d6201cd req-66c4b6df-5def-486e-bac0-6bcd2d6201cd ] Request (SecurityGroupsTestAdminJSON:test_list_security_groups_list_all_tenants_filter): 200 GET http://10.180.1.21/compute/v2.1/os-security-groups?all_tenants=true 5.111s
2025-11-22 08:34:23.865 66628 INFO tempest.lib.common.rest_client [req-affc8dd7-9f3f-472f-b2e3-20ff68947fb1 req-affc8dd7-9f3f-472f-b2e3-20ff68947fb1 ] Request (ListServersNegativeTestJSON:setUpClass): 200 GET http://10.180.1.21/compute/v2.1/servers/4c8b03ea-16aa-4d19-bf96-f03d6dea4c04 3.304s
2025-11-22 08:34:23.872 66628 INFO tempest.common.waiters [-] State transition "ACTIVE/deleting" ==> "DELETED/None" after 4 second wait
2025-11-22 08:34:23.938 66652 INFO tempest.lib.common.rest_client [req-aa387993-8f83-4d76-877f-c2fc74393fda req-aa387993-8f83-4d76-877f-c2fc74393fda ] Request (ServerExternalEventsTest:tearDownClass): 200 GET http://10.180.1.21/compute/v2.1/servers/1f8a9c27-8628-438f-b52a-9fb5288e49d1 3.293s
2025-11-22 08:34:24.293 66648 INFO paramiko.transport [-] Connected (version 2.0, client dropbear_2020.81)
2025-11-22 08:34:24.312 66630 WARNING tempest.lib.common.ssh [-] Failed to establish authenticated ssh connection to cirros@10.180.180.206 ([Errno None] Unable to connect to port 22 on 10.180.180.206). Number attempts: 3. Retry after 4 seconds.: paramiko.ssh_exception.NoValidConnectionsError: [Errno None] Unable to connect to port 22 on 10.180.180.206
2025-11-22 08:34:24.358 66648 INFO paramiko.transport [-] Authentication (publickey) successful!
2025-11-22 08:34:24.358 66648 INFO tempest.lib.common.ssh [-] ssh connection to cirros@10.180.180.162 successfully created
2025-11-22 08:34:24.491 66672 INFO tempest.lib.common.rest_client [req-e37d4011-fc9c-455e-9c61-b92bd1bfc873 req-e37d4011-fc9c-455e-9c61-b92bd1bfc873 ] Request (ServersTestFqdnHostnames:tearDownClass): 200 GET http://10.180.1.21/compute/v2.1/servers/4732b42e-93bc-4f24-9649-76464c4d108d 3.562s
2025-11-22 08:34:24.509 66662 INFO tempest.lib.common.rest_client [req-d1eaaabd-46c4-4c29-ab96-68a2aec916bb req-d1eaaabd-46c4-4c29-ab96-68a2aec916bb ] Request (ImagesNegativeTestJSON:test_create_image_from_deleted_server): 200 GET http://10.180.1.21/compute/v2.1/servers/ebf6ff4f-c736-44b2-b92f-36313cfb5be6 3.751s
2025-11-22 08:34:24.514 66658 INFO tempest.lib.common.rest_client [req-ce233a1c-0f22-4287-aa3b-6b195012f40b req-ce233a1c-0f22-4287-aa3b-6b195012f40b ] Request (MultipleCreateNegativeTestJSON:test_min_count_less_than_one): 400 POST http://10.180.1.21/compute/v2.1/servers 3.012s
2025-11-22 08:34:24.560 66658 INFO tempest.lib.common.rest_client [req-e05b9912-88f7-4852-9478-60533eabcbcd req-e05b9912-88f7-4852-9478-60533eabcbcd ] Request (MultipleCreateNegativeTestJSON:test_min_count_non_integer): 201 POST http://10.180.1.21/identity/v3/auth/tokens 0.043s
2025-11-22 08:34:24.561 66658 INFO tempest.lib.common.fixed_network [-] (MultipleCreateNegativeTestJSON:test_min_count_non_integer) Found network None available for tenant
2025-11-22 08:34:24.568 66666 INFO tempest.lib.common.rest_client [req-96c13ca6-0613-45bd-a4d4-bb69254b40d4 req-96c13ca6-0613-45bd-a4d4-bb69254b40d4 ] Request (ServersListShow2100Test:test_list_show_rebuild_update_server_2100): 200 GET http://10.180.1.21/compute/v2.1/servers/e32a72ec-bdb9-4dd8-a005-468a57a9d1f6 3.092s
2025-11-22 08:34:24.656 66632 INFO tempest.lib.common.rest_client [req-85885655-8281-4558-9d38-02ce4209bec6 req-85885655-8281-4558-9d38-02ce4209bec6 ] Request (ServersAdminTestJSON:test_inject_network_info): 200 GET http://10.180.1.21/compute/v2.1/servers/1c839d9a-682d-4125-a7e0-f7d5739a6da9 3.054s
2025-11-22 08:34:24.782 66656 INFO tempest.lib.common.rest_client [req-1bd8671f-a047-4d9c-8232-bf4c2ea2838c req-1bd8671f-a047-4d9c-8232-bf4c2ea2838c ] Request (AttachInterfacesUnderV243Test:test_add_remove_fixed_ip): 200 GET http://10.180.1.21/compute/v2.1/servers/97fcf5ac-0e04-42ba-8ea1-a2211b486818/os-interface 3.123s
2025-11-22 08:34:24.882 66638 INFO tempest.lib.common.rest_client [req-adc83952-b71f-44c4-a5db-fa25f25331e4 req-adc83952-b71f-44c4-a5db-fa25f25331e4 ] Request (ListServerFiltersTestJSON:setUpClass): 202 POST http://10.180.1.21/compute/v2.1/servers 3.380s
2025-11-22 08:34:24.892 66646 INFO tempest.lib.common.rest_client [req-3d980541-e132-4214-a403-eb6bb4a66fcb req-3d980541-e132-4214-a403-eb6bb4a66fcb ] Request (ServersAdmin275Test:tearDownClass): 200 GET http://10.180.1.21/compute/v2.1/servers/44644682-995b-44e3-bbbf-3841dc4ec555 3.193s
2025-11-22 08:34:24.951 66650 INFO tempest.lib.common.rest_client [req-af775ce4-0f78-4b7a-9616-af6b53bd2e06 req-af775ce4-0f78-4b7a-9616-af6b53bd2e06 ] Request (FloatingIPsAssociationNegativeTestJSON:setUpClass): 200 GET http://10.180.1.21/compute/v2.1/servers/70dbb604-dfcf-4f7a-b8af-d01536633973 3.179s
2025-11-22 08:34:24.970 66678 INFO tempest.lib.common.rest_client [req-29943776-8c25-4089-9164-5721c99b52be req-29943776-8c25-4089-9164-5721c99b52be ] Request (KeyPairsV22TestJSON:_run_cleanups): 204 DELETE http://10.180.1.21/compute/v2.1/os-keypairs/tempest-KeyPairsV22TestJSON-keypair-1946985749 2.951s
2025-11-22 08:34:24.974 66664 INFO tempest.lib.common.rest_client [req-902bb955-e892-4c35-8724-f01f3be679a2 req-902bb955-e892-4c35-8724-f01f3be679a2 ] Request (ServerAddressesTestJSON:tearDownClass): 200 GET http://10.180.1.21/compute/v2.1/servers/787d8aaf-f254-484a-8573-e3b9d609e29a 3.006s
2025-11-22 08:34:25.004 66671 INFO tempest.lib.common.rest_client [req-d92dbf5b-3368-4546-bebf-704bc3045e48 req-d92dbf5b-3368-4546-bebf-704bc3045e48 ] Request (FlavorsAdminTestJSON:_run_cleanups): 200 GET http://10.180.1.21/compute/v2.1/flavors/detail 2.966s
2025-11-22 08:34:25.048 66636 INFO tempest.lib.common.rest_client [req-e90184ee-d953-4f09-a4c1-56f8cb32a467 req-e90184ee-d953-4f09-a4c1-56f8cb32a467 ] Request (ServersTestBootFromVolume:tearDownClass): 200 GET http://10.180.1.21/compute/v2.1/servers/bade10a4-4265-4d74-8e00-1af43eddab92 2.202s
2025-11-22 08:34:25.088 66682 INFO tempest.lib.common.rest_client [req-03551e69-1561-482a-a0bb-ed1b9f74232f req-03551e69-1561-482a-a0bb-ed1b9f74232f ] Request (InstanceActionsTestJSON:tearDownClass): 200 GET http://10.180.1.21/compute/v2.1/servers/7dd90932-48bb-4122-9264-a443b4fa1be9 2.169s
2025-11-22 08:34:25.134 66634 INFO tempest.lib.common.rest_client [req-fba9272d-88b4-47a7-836a-05854057f3b3 req-fba9272d-88b4-47a7-836a-05854057f3b3 ] Request (DeleteServersAdminTestJSON:test_delete_server_while_in_error_state): 200 GET http://10.180.1.21/compute/v2.1/servers/93c7462e-4110-48f5-8b34-b1441a1690c9 2.125s
2025-11-22 08:34:25.284 66676 INFO tempest.lib.common.rest_client [req-c80af08d-7dd4-4b26-bd4b-e85e92c08ba7 req-c80af08d-7dd4-4b26-bd4b-e85e92c08ba7 ] Request (ServersAdminNegativeTestJSON:setUpClass): 200 GET http://10.180.1.21/compute/v2.1/servers/79fb9599-0c2d-4651-9c84-18039228278e 2.160s
2025-11-22 08:34:25.293 66676 INFO tempest.common.waiters [-] State transition "BUILD/networking" ==> "BUILD/spawning" after 26 second wait
2025-11-22 08:34:25.407 66656 INFO tempest.lib.common.rest_client [req-fffc183b-967b-4da9-aea5-05f243d75b5e req-fffc183b-967b-4da9-aea5-05f243d75b5e ] Request (AttachInterfacesUnderV243Test:test_add_remove_fixed_ip): 200 PUT http://10.180.1.21/networking/v2.0/floatingips/7a591c54-9b47-4cb7-971b-096302c85418 0.623s
2025-11-22 08:34:25.564 66686 INFO tempest.lib.common.rest_client [req-7f87c4b4-301f-4d97-805a-84faa64b4c0b req-7f87c4b4-301f-4d97-805a-84faa64b4c0b ] Request (AttachInterfacesTestJSON:test_create_list_show_delete_interfaces_by_fixed_ip): 200 GET http://10.180.1.21/compute/v2.1/servers/42cffd0a-529b-4018-b129-2d81a640718b 2.242s
2025-11-22 08:34:25.575 66686 INFO tempest.common.waiters [-] State transition "BUILD/spawning" ==> "ACTIVE/None" after 39 second wait
2025-11-22 08:34:25.636 66642 INFO tempest.lib.common.rest_client [req-ba3b7ab5-2e1f-449d-87f9-513c8394a6cf req-ba3b7ab5-2e1f-449d-87f9-513c8394a6cf ] Request (FloatingIPsAssociationTestJSON:setUpClass): 200 GET http://10.180.1.21/compute/v2.1/servers/99c08f3f-7305-4764-b933-0648af532c50 2.245s
2025-11-22 08:34:25.672 66644 INFO tempest.lib.common.rest_client [req-d566b547-0485-4c5d-9233-1069780be0e8 req-d566b547-0485-4c5d-9233-1069780be0e8 ] Request (VolumesAssistedSnapshotsTest:_run_cleanups): 200 GET http://10.180.1.21/compute/v2.1/servers/2da07645-640d-49ee-87ec-711b9c2d56ee/os-volume_attachments 2.246s
2025-11-22 08:34:25.717 66644 INFO tempest.lib.common.rest_client [req-cde005b9-dfd0-4251-982a-43ec81e57ced req-cde005b9-dfd0-4251-982a-43ec81e57ced ] Request (VolumesAssistedSnapshotsTest:_run_cleanups): 200 GET http://10.180.1.21/volume/v3/volumes/c2205c6e-7a10-4986-8687-2e71ccbb3124 0.044s
2025-11-22 08:34:25.725 66644 INFO tempest.common.waiters [-] volume c2205c6e-7a10-4986-8687-2e71ccbb3124 reached available after waiting for 0.725628 seconds
2025-11-22 08:34:25.753 66660 INFO tempest.lib.common.rest_client [req-6b851d5e-47f7-446b-80cb-789b8bb9d317 req-6b851d5e-47f7-446b-80cb-789b8bb9d317 ] Request (ServerShowV257Test:test_rebuild_server): 200 GET http://10.180.1.21/compute/v2.1/servers/7dc98ec0-01f4-417d-a3c1-c32a384237bb 2.204s
2025-11-22 08:34:25.776 66644 INFO tempest.lib.common.rest_client [req-9b3f4c2a-80e1-4494-9582-225444b6e343 req-9b3f4c2a-80e1-4494-9582-225444b6e343 ] Request (VolumesAssistedSnapshotsTest:_run_cleanups): 202 DELETE http://10.180.1.21/volume/v3/volumes/c2205c6e-7a10-4986-8687-2e71ccbb3124 0.050s
2025-11-22 08:34:25.819 66644 INFO tempest.lib.common.rest_client [req-04aa4f30-6467-46ac-af12-3560578f9b45 req-04aa4f30-6467-46ac-af12-3560578f9b45 ] Request (VolumesAssistedSnapshotsTest:_run_cleanups): 200 GET http://10.180.1.21/volume/v3/volumes/c2205c6e-7a10-4986-8687-2e71ccbb3124 0.043s
2025-11-22 08:34:25.829 66684 INFO tempest.lib.common.rest_client [req-a7292706-f111-4b42-978f-c08f49d1b707 req-a7292706-f111-4b42-978f-c08f49d1b707 ] Request (MigrationsAdminTest:test_resize_server_revert_deleted_flavor): 200 GET http://10.180.1.21/compute/v2.1/servers/f8f986cb-ab32-48f4-a366-71b48226e7ec 2.155s
2025-11-22 08:34:25.846 66640 INFO tempest.lib.common.rest_client [req-e7d0ab1f-5417-4de4-8c72-07ea8ced702d req-e7d0ab1f-5417-4de4-8c72-07ea8ced702d ] Request (ServerAddressesNegativeTestJSON:setUpClass): 202 POST http://10.180.1.21/compute/v2.1/servers 2.555s
2025-11-22 08:34:26.036 66655 INFO tempest.lib.common.rest_client [req-4e7fb4e7-5c8d-46f6-8745-1841946a3c1c req-4e7fb4e7-5c8d-46f6-8745-1841946a3c1c ] Request (SecurityGroupsTestAdminJSON:test_list_security_groups_list_all_tenants_filter): 200 GET http://10.180.1.21/compute/v2.1/os-security-groups?all_tenants=true 2.175s
2025-11-22 08:34:26.244 66668 INFO tempest.lib.common.rest_client [req-d01c907a-936f-40ce-8c3e-01c4455bf7df req-d01c907a-936f-40ce-8c3e-01c4455bf7df ] Request (ServerRescueTestJSONUnderV235:setUpClass): 200 GET http://10.180.1.21/compute/v2.1/servers/61c7b3c9-d32e-49c7-bd12-2d189b104376 2.209s
2025-11-22 08:34:26.252 66668 INFO tempest.common.waiters [-] State transition "BUILD/None" ==> "BUILD/block_device_mapping" after 27 second wait
2025-11-22 08:34:26.315 66680 INFO tempest.lib.common.rest_client [req-b98ab284-379f-4955-87db-c14315411890 req-b98ab284-379f-4955-87db-c14315411890 ] Request (ServerRescueTestJSON:test_rescue_unrescue_instance): 200 GET http://10.180.1.21/compute/v2.1/servers/ae308102-a27e-4f67-97dd-4c297207fc0d 2.147s
2025-11-22 08:34:26.376 66674 INFO tempest.lib.common.rest_client [req-931bb077-9ddb-402b-88e0-92c231f332db req-931bb077-9ddb-402b-88e0-92c231f332db ] Request (ServerPasswordTestJSON:tearDownClass): 200 GET http://10.180.1.21/compute/v2.1/servers/bcd47a9e-ee75-48a6-90b0-5274b14a2cea 2.109s
2025-11-22 08:34:26.444 66690 INFO tempest.lib.common.rest_client [req-35a2ca51-5325-45db-9166-4af81099db1c req-35a2ca51-5325-45db-9166-4af81099db1c ] Request (ListImageFiltersTestJSON:setUpClass): 202 POST http://10.180.1.21/compute/v2.1/servers/5e11d463-5f67-4d33-9bc1-577c625924b4/action 2.640s
2025-11-22 08:34:26.451 66658 INFO tempest.lib.common.rest_client [req-d06814e9-b92e-4964-8f4b-59c0e11378ce req-d06814e9-b92e-4964-8f4b-59c0e11378ce ] Request (MultipleCreateNegativeTestJSON:test_min_count_non_integer): 400 POST http://10.180.1.21/compute/v2.1/servers 1.889s
2025-11-22 08:34:26.539 66648 INFO tempest.lib.common.rest_client [req-3f20eb4a-fa23-40f4-a06f-296cf11e6708 req-3f20eb4a-fa23-40f4-a06f-296cf11e6708 ] Request (ServerActionsTestOtherB:setUp): 200 GET http://10.180.1.21/compute/v2.1/servers/a30821fe-382b-47e8-8fa3-b87b9f561666 2.180s
2025-11-22 08:34:26.554 66628 INFO tempest.lib.common.rest_client [req-d3ab00ce-0c12-4e2e-a996-2d545f743fee req-d3ab00ce-0c12-4e2e-a996-2d545f743fee ] Request (ListServersNegativeTestJSON:setUpClass): 200 GET http://10.180.1.21/compute/v2.1/servers/4c8b03ea-16aa-4d19-bf96-f03d6dea4c04 1.681s
2025-11-22 08:34:26.570 66658 INFO tempest.lib.common.rest_client [req-a87db7b6-423e-4041-b6ed-2015dd080871 req-a87db7b6-423e-4041-b6ed-2015dd080871 ] Request (MultipleCreateNegativeTestJSON:tearDownClass): 204 DELETE http://10.180.1.21/identity/v3/users/96413540c2094c66a2a7810227f66a7d 0.114s
2025-11-22 08:34:26.571 66658 INFO tempest.lib.common.dynamic_creds [-] Deleting project and security group for project: 2e4607eb846c47549bfda49fb6a30c54
2025-11-22 08:34:26.575 66652 INFO tempest.lib.common.rest_client [req-0a96c890-21a8-4cc4-a563-9a02d13e2f5f req-0a96c890-21a8-4cc4-a563-9a02d13e2f5f ] Request (ServerExternalEventsTest:tearDownClass): 404 GET http://10.180.1.21/compute/v2.1/servers/1f8a9c27-8628-438f-b52a-9fb5288e49d1 1.627s
2025-11-22 08:34:26.593 66678 INFO tempest.lib.common.rest_client [req-dbda7a6b-719b-4fb8-ae25-dd471d0ce000 req-dbda7a6b-719b-4fb8-ae25-dd471d0ce000 ] Request (KeyPairsV22TestJSON:_run_cleanups): 204 DELETE http://10.180.1.21/compute/v2.1/os-keypairs/tempest-KeyPairsV22TestJSON-keypair-542517909 1.621s
2025-11-22 08:34:26.608 66638 INFO tempest.lib.common.rest_client [req-1bd8794b-b113-47a1-8bd5-c94088364c65 req-1bd8794b-b113-47a1-8bd5-c94088364c65 ] Request (ListServerFiltersTestJSON:setUpClass): 200 GET http://10.180.1.21/compute/v2.1/servers/297151e3-e733-4e11-9302-0e7eb3092e92 1.723s
2025-11-22 08:34:26.611 66671 INFO tempest.lib.common.rest_client [req-0ba1a319-e837-45d4-b0e9-305dcc63c0b3 req-0ba1a319-e837-45d4-b0e9-305dcc63c0b3 ] Request (FlavorsAdminTestJSON:_run_cleanups): 202 DELETE http://10.180.1.21/compute/v2.1/flavors/1222604970 1.599s
2025-11-22 08:34:26.641 66658 INFO tempest.lib.common.rest_client [req-5bf19d37-5353-43ae-8ec6-9f1d863cfa3b req-5bf19d37-5353-43ae-8ec6-9f1d863cfa3b ] Request (MultipleCreateNegativeTestJSON:tearDownClass): 201 POST http://10.180.1.21/identity/v3/auth/tokens 0.070s
2025-11-22 08:34:26.671 66652 INFO tempest.lib.common.rest_client [req-6920c72b-f2fa-4566-80ce-ca98bb642582 req-6920c72b-f2fa-4566-80ce-ca98bb642582 ] Request (ServerExternalEventsTest:tearDownClass): 204 DELETE http://10.180.1.21/identity/v3/users/125fad8bef444b25b0659a96a156be3b 0.095s
2025-11-22 08:34:26.788 66652 INFO tempest.lib.common.rest_client [req-f61d0f07-eb67-48b9-8652-2726bc74ae05 req-f61d0f07-eb67-48b9-8652-2726bc74ae05 ] Request (ServerExternalEventsTest:tearDownClass): 204 DELETE http://10.180.1.21/identity/v3/users/adbcb527324c496abde8675044b18657 0.117s
2025-11-22 08:34:26.831 66658 INFO tempest.lib.common.rest_client [req-60659b53-7899-41bf-9ff8-e5aee39f6f99 req-60659b53-7899-41bf-9ff8-e5aee39f6f99 ] Request (MultipleCreateNegativeTestJSON:tearDownClass): 200 GET http://10.180.1.21/networking/v2.0/security-groups?tenant_id=2e4607eb846c47549bfda49fb6a30c54&name=default 0.190s
2025-11-22 08:34:26.868 66644 INFO tempest.lib.common.rest_client [req-12a9084f-c2b1-4a6c-b620-72c0aaf12edb req-12a9084f-c2b1-4a6c-b620-72c0aaf12edb ] Request (VolumesAssistedSnapshotsTest:_run_cleanups): 200 GET http://10.180.1.21/volume/v3/volumes/c2205c6e-7a10-4986-8687-2e71ccbb3124 0.041s
2025-11-22 08:34:26.886 66652 INFO tempest.lib.common.rest_client [req-7b1f01e7-26e9-41cd-a174-4e79a5f7db85 req-7b1f01e7-26e9-41cd-a174-4e79a5f7db85 ] Request (ServerExternalEventsTest:tearDownClass): 204 DELETE http://10.180.1.21/identity/v3/users/0830cab330e34b049538e308481e5651 0.098s
2025-11-22 08:34:26.887 66652 INFO tempest.lib.common.dynamic_creds [-] Deleting project and security group for project: 561ad23f546f4ab0b32f3407a7b79339
2025-11-22 08:34:26.946 66672 INFO tempest.lib.common.rest_client [req-67484425-3e69-476f-91da-afd3c31868e6 req-67484425-3e69-476f-91da-afd3c31868e6 ] Request (ServersTestFqdnHostnames:tearDownClass): 200 GET http://10.180.1.21/compute/v2.1/servers/4732b42e-93bc-4f24-9649-76464c4d108d 1.443s
2025-11-22 08:34:26.957 66652 INFO tempest.lib.common.rest_client [req-a4965d45-701e-4c6d-8cb6-9e7b4e33a4c5 req-a4965d45-701e-4c6d-8cb6-9e7b4e33a4c5 ] Request (ServerExternalEventsTest:tearDownClass): 201 POST http://10.180.1.21/identity/v3/auth/tokens 0.070s
2025-11-22 08:34:27.031 66658 INFO tempest.lib.common.rest_client [req-f6f5cfab-9faf-44ab-9e7d-a2764fbfbfd3 req-f6f5cfab-9faf-44ab-9e7d-a2764fbfbfd3 ] Request (MultipleCreateNegativeTestJSON:tearDownClass): 204 DELETE http://10.180.1.21/networking/v2.0/security-groups/96552db8-6329-4433-9853-221a74781205 0.200s
2025-11-22 08:34:27.063 66656 INFO tempest.lib.common.rest_client [req-dc5d8664-7e46-459a-a157-c27c7e0047e6 req-dc5d8664-7e46-459a-a157-c27c7e0047e6 ] Request (AttachInterfacesUnderV243Test:test_add_remove_fixed_ip): 200 GET http://10.180.1.21/compute/v2.1/servers/97fcf5ac-0e04-42ba-8ea1-a2211b486818 1.656s
2025-11-22 08:34:27.072 66656 INFO tempest.lib.common.ssh [-] Creating ssh connection to '10.180.180.234:22' as 'cirros' with public key authentication
2025-11-22 08:34:27.102 66658 INFO tempest.lib.common.rest_client [req-32203f06-9e32-4b68-b692-d70dfa3a2adb req-32203f06-9e32-4b68-b692-d70dfa3a2adb ] Request (MultipleCreateNegativeTestJSON:tearDownClass): 204 DELETE http://10.180.1.21/identity/v3/projects/2e4607eb846c47549bfda49fb6a30c54 0.070s
2025-11-22 08:34:27.336 66652 INFO tempest.lib.common.rest_client [req-0530d756-6d1a-4747-b887-5c7d2ff88da2 req-0530d756-6d1a-4747-b887-5c7d2ff88da2 ] Request (ServerExternalEventsTest:tearDownClass): 200 GET http://10.180.1.21/networking/v2.0/security-groups?tenant_id=561ad23f546f4ab0b32f3407a7b79339&name=default 0.379s
2025-11-22 08:34:27.355 66662 INFO tempest.lib.common.rest_client [req-522da028-e538-4f98-9c69-ea8ebc656e33 req-522da028-e538-4f98-9c69-ea8ebc656e33 ] Request (ImagesNegativeTestJSON:test_create_image_from_deleted_server): 200 GET http://10.180.1.21/compute/v2.1/servers/ebf6ff4f-c736-44b2-b92f-36313cfb5be6 1.832s
2025-11-22 08:34:27.405 66686 INFO tempest.lib.common.rest_client [req-ec38d1ae-0bf0-4f6a-ae95-2ee7133602a4 req-ec38d1ae-0bf0-4f6a-ae95-2ee7133602a4 ] Request (AttachInterfacesTestJSON:test_create_list_show_delete_interfaces_by_fixed_ip): 200 GET http://10.180.1.21/compute/v2.1/servers/42cffd0a-529b-4018-b129-2d81a640718b/os-interface 1.829s
2025-11-22 08:34:27.434 66666 INFO tempest.lib.common.rest_client [req-a5c8479b-2e7a-4dd2-90e7-1ac52ca87842 req-a5c8479b-2e7a-4dd2-90e7-1ac52ca87842 ] Request (ServersListShow2100Test:test_list_show_rebuild_update_server_2100): 200 GET http://10.180.1.21/compute/v2.1/servers/e32a72ec-bdb9-4dd8-a005-468a57a9d1f6 1.852s
2025-11-22 08:34:27.452 66652 INFO tempest.lib.common.rest_client [req-09b0acec-c187-4377-b122-21fa53d3f4f4 req-09b0acec-c187-4377-b122-21fa53d3f4f4 ] Request (ServerExternalEventsTest:tearDownClass): 204 DELETE http://10.180.1.21/networking/v2.0/security-groups/82bd369a-6782-4e9e-a5c8-adf9f91b43eb 0.115s
2025-11-22 08:34:27.480 66632 INFO tempest.lib.common.rest_client [req-0bc5865b-9b15-496c-8812-412b9f655fe4 req-0bc5865b-9b15-496c-8812-412b9f655fe4 ] Request (ServersAdminTestJSON:test_inject_network_info): 200 GET http://10.180.1.21/compute/v2.1/servers/1c839d9a-682d-4125-a7e0-f7d5739a6da9 1.813s
2025-11-22 08:34:27.506 66640 INFO tempest.lib.common.rest_client [req-0fc7d2e4-9084-406a-b539-588dcc2b482b req-0fc7d2e4-9084-406a-b539-588dcc2b482b ] Request (ServerAddressesNegativeTestJSON:setUpClass): 200 GET http://10.180.1.21/compute/v2.1/servers/ccd0c7a3-fd0f-4afd-b929-54b367cf9fcf 1.658s
2025-11-22 08:34:27.562 66652 INFO tempest.lib.common.rest_client [req-ff3c39a3-0ee8-4c97-bd22-9c6dfa7c33cc req-ff3c39a3-0ee8-4c97-bd22-9c6dfa7c33cc ] Request (ServerExternalEventsTest:tearDownClass): 204 DELETE http://10.180.1.21/identity/v3/projects/561ad23f546f4ab0b32f3407a7b79339 0.109s
2025-11-22 08:34:27.562 66652 INFO tempest.lib.common.dynamic_creds [-] Deleting project and security group for project: 040a4a6b62bc4f979b86300f186ab7fd
2025-11-22 08:34:27.568 66646 INFO tempest.lib.common.rest_client [req-35c172e6-7623-49e8-8c78-c49e7e037f3a req-35c172e6-7623-49e8-8c78-c49e7e037f3a ] Request (ServersAdmin275Test:tearDownClass): 200 GET http://10.180.1.21/compute/v2.1/servers/44644682-995b-44e3-bbbf-3841dc4ec555 1.662s
2025-11-22 08:34:27.581 66650 INFO tempest.lib.common.rest_client [req-6753293e-d633-4289-b228-2ff56a86d526 req-6753293e-d633-4289-b228-2ff56a86d526 ] Request (FloatingIPsAssociationNegativeTestJSON:setUpClass): 200 GET http://10.180.1.21/compute/v2.1/servers/70dbb604-dfcf-4f7a-b8af-d01536633973 1.618s
2025-11-22 08:34:27.588 66664 INFO tempest.lib.common.rest_client [req-e1365fd4-e691-42a1-b6ad-69f517ae756e req-e1365fd4-e691-42a1-b6ad-69f517ae756e ] Request (ServerAddressesTestJSON:tearDownClass): 404 GET http://10.180.1.21/compute/v2.1/servers/787d8aaf-f254-484a-8573-e3b9d609e29a 1.605s
2025-11-22 08:34:27.670 66652 INFO tempest.lib.common.rest_client [req-cf3ce24e-4b6c-42cd-b04f-4469139cefec req-cf3ce24e-4b6c-42cd-b04f-4469139cefec ] Request (ServerExternalEventsTest:tearDownClass): 200 GET http://10.180.1.21/networking/v2.0/security-groups?tenant_id=040a4a6b62bc4f979b86300f186ab7fd&name=default 0.107s
2025-11-22 08:34:27.905 66644 INFO tempest.lib.common.rest_client [req-9f51677b-b54d-4ecf-8fd3-a74789717760 req-9f51677b-b54d-4ecf-8fd3-a74789717760 ] Request (VolumesAssistedSnapshotsTest:_run_cleanups): 404 GET http://10.180.1.21/volume/v3/volumes/c2205c6e-7a10-4986-8687-2e71ccbb3124 0.029s
2025-11-22 08:34:27.951 66688 WARNING tempest.lib.common.ssh [-] Failed to establish authenticated ssh connection to cirros@10.180.180.176 ([Errno None] Unable to connect to port 22 on 10.180.180.176). Number attempts: 8. Retry after 9 seconds.: paramiko.ssh_exception.NoValidConnectionsError: [Errno None] Unable to connect to port 22 on 10.180.180.176
2025-11-22 08:34:27.981 66686 INFO tempest.lib.common.rest_client [req-d8740702-7060-4314-a2a2-9ad674e5778e req-d8740702-7060-4314-a2a2-9ad674e5778e ] Request (AttachInterfacesTestJSON:test_create_list_show_delete_interfaces_by_fixed_ip): 200 PUT http://10.180.1.21/networking/v2.0/floatingips/72885489-a82b-4e1f-9610-27f25b2179a5 0.574s
2025-11-22 08:34:28.012 66636 INFO tempest.lib.common.rest_client [req-d5bb7a89-7cac-497d-b6f4-9f06faab9639 req-d5bb7a89-7cac-497d-b6f4-9f06faab9639 ] Request (ServersTestBootFromVolume:tearDownClass): 200 GET http://10.180.1.21/compute/v2.1/servers/bade10a4-4265-4d74-8e00-1af43eddab92 1.954s
2025-11-22 08:34:28.019 66636 INFO tempest.common.waiters [-] State transition "ACTIVE/deleting" ==> "DELETED/None" after 7 second wait
2025-11-22 08:34:28.038 66682 INFO tempest.lib.common.rest_client [req-0a1b661c-0ef2-4d7b-88e9-986f2db0a848 req-0a1b661c-0ef2-4d7b-88e9-986f2db0a848 ] Request (InstanceActionsTestJSON:tearDownClass): 404 GET http://10.180.1.21/compute/v2.1/servers/7dd90932-48bb-4122-9264-a443b4fa1be9 1.941s
2025-11-22 08:34:28.094 66652 INFO tempest.lib.common.rest_client [req-5802d82d-e11f-4d38-9e96-4dbc9c49e7ce req-5802d82d-e11f-4d38-9e96-4dbc9c49e7ce ] Request (ServerExternalEventsTest:tearDownClass): 204 DELETE http://10.180.1.21/networking/v2.0/security-groups/97edcc75-5020-487e-940c-1559473708ae 0.423s
2025-11-22 08:34:28.174 66655 INFO tempest.lib.common.rest_client [req-7a9e0721-efff-45a7-af7d-f49c7f42b7df req-7a9e0721-efff-45a7-af7d-f49c7f42b7df ] Request (SecurityGroupsTestAdminJSON:_run_cleanups): 202 DELETE http://10.180.1.21/compute/v2.1/os-security-groups/e8ec06e1-9fb2-44a7-aedf-92067882ac2c 2.132s
2025-11-22 08:34:28.231 66652 INFO tempest.lib.common.rest_client [req-1a66cda3-05f5-4f18-b3af-be059b8f4d32 req-1a66cda3-05f5-4f18-b3af-be059b8f4d32 ] Request (ServerExternalEventsTest:tearDownClass): 204 DELETE http://10.180.1.21/identity/v3/projects/040a4a6b62bc4f979b86300f186ab7fd 0.136s
2025-11-22 08:34:28.231 66652 INFO tempest.lib.common.dynamic_creds [-] Deleting project and security group for project: 5c2c6f531d514f678bdc55ead8cf9631
