2025-11-22 08:33:56.144 66678 INFO tempest.lib.common.rest_client [req-293af375-06c0-4832-89aa-19c34e4bab09 req-293af375-06c0-4832-89aa-19c34e4bab09 ] Request (KeyPairsV22TestJSON:setUpClass): 204 PUT http://10.180.1.21/identity/v3/projects/1d2eaf9db25e4ad5a06470dcec698400/users/10cc9b35c3a14916b4fecc43b2b70a58/roles/2d2df2fdc0e249cc8b4bc54cf949fd33 0.029s
2025-11-22 08:33:56.145 66678 INFO tempest.lib.common.dynamic_creds [-] Dynamic test user 10cc9b35c3a14916b4fecc43b2b70a58 is created with scope project and roles: ['member']
2025-11-22 08:33:56.145 66678 INFO tempest.lib.common.dynamic_creds [-] Acquired dynamic creds: credentials: Credentials: {'domain_id': 'default', 'domain_name': 'Default', 'username': 'tempest-KeyPairsV22TestJSON-1027619786-project-member', 'project_domain_id': 'default', 'project_domain_name': 'Default', 'project_id': '1d2eaf9db25e4ad5a06470dcec698400', 'project_name': 'tempest-KeyPairsV22TestJSON-1027619786', 'tenant_id': '1d2eaf9db25e4ad5a06470dcec698400', 'tenant_name': 'tempest-KeyPairsV22TestJSON-1027619786', 'user_domain_id': 'default', 'user_domain_name': 'Default', 'user_id': '10cc9b35c3a14916b4fecc43b2b70a58', 'system': None}, Network: None, Subnet: None, Router: None
2025-11-22 08:33:56.145 66678 INFO tempest.lib.common.dynamic_creds [-] Created isolated network resources for: credentials: Credentials: {'domain_id': 'default', 'domain_name': 'Default', 'username': 'tempest-KeyPairsV22TestJSON-1027619786-project-member', 'project_domain_id': 'default', 'project_domain_name': 'Default', 'project_id': '1d2eaf9db25e4ad5a06470dcec698400', 'project_name': 'tempest-KeyPairsV22TestJSON-1027619786', 'tenant_id': '1d2eaf9db25e4ad5a06470dcec698400', 'tenant_name': 'tempest-KeyPairsV22TestJSON-1027619786', 'user_domain_id': 'default', 'user_domain_name': 'Default', 'user_id': '10cc9b35c3a14916b4fecc43b2b70a58', 'system': None}, Network: None, Subnet: None, Router: None
2025-11-22 08:33:56.164 66650 INFO tempest.lib.common.rest_client [req-b9bc59d7-655e-441b-97b3-35d0e5fc5488 req-b9bc59d7-655e-441b-97b3-35d0e5fc5488 ] Request (FloatingIPsAssociationNegativeTestJSON:setUpClass): 201 POST http://10.180.1.21/identity/v3/projects 0.041s
2025-11-22 08:33:56.207 66688 WARNING tempest.lib.common.ssh [-] Failed to establish authenticated ssh connection to cirros@10.180.180.176 ([Errno None] Unable to connect to port 22 on 10.180.180.176). Number attempts: 5. Retry after 6 seconds.: paramiko.ssh_exception.NoValidConnectionsError: [Errno None] Unable to connect to port 22 on 10.180.180.176
2025-11-22 08:33:56.220 66678 INFO tempest.lib.common.rest_client [req-89e015cc-f01f-4600-9c72-700c9715d24a req-89e015cc-f01f-4600-9c72-700c9715d24a ] Request (KeyPairsV22TestJSON:setUpClass): 201 POST http://10.180.1.21/identity/v3/auth/tokens 0.071s
2025-11-22 08:33:56.231 66650 INFO tempest.lib.common.rest_client [req-0a6e5e66-4b7e-4cfb-b699-c750bf87e9f6 req-0a6e5e66-4b7e-4cfb-b699-c750bf87e9f6 ] Request (FloatingIPsAssociationNegativeTestJSON:setUpClass): 201 POST http://10.180.1.21/identity/v3/users 0.065s
2025-11-22 08:33:56.252 66650 INFO tempest.lib.common.rest_client [req-ed08c2a0-4ec9-4d37-9358-c93ce4eb834d req-ed08c2a0-4ec9-4d37-9358-c93ce4eb834d ] Request (FloatingIPsAssociationNegativeTestJSON:setUpClass): 200 GET http://10.180.1.21/identity/v3/roles 0.021s
2025-11-22 08:33:56.287 66650 INFO tempest.lib.common.rest_client [req-559ab046-5ae3-4a47-bf9d-f9db0aa48e82 req-559ab046-5ae3-4a47-bf9d-f9db0aa48e82 ] Request (FloatingIPsAssociationNegativeTestJSON:setUpClass): 204 PUT http://10.180.1.21/identity/v3/projects/831ee1aa00d94ad4a17bafc7981e738c/users/b96b455de8e24f6b952ede1cca22ea0c/roles/2d2df2fdc0e249cc8b4bc54cf949fd33 0.034s
2025-11-22 08:33:56.288 66650 INFO tempest.lib.common.dynamic_creds [-] Dynamic test user b96b455de8e24f6b952ede1cca22ea0c is created with scope project and roles: ['member']
2025-11-22 08:33:56.288 66650 INFO tempest.lib.common.dynamic_creds [-] Acquired dynamic creds: credentials: Credentials: {'domain_id': 'default', 'domain_name': 'Default', 'username': 'tempest-FloatingIPsAssociationNegativeTestJSON-1818889115-project-member', 'project_domain_id': 'default', 'project_domain_name': 'Default', 'project_id': '831ee1aa00d94ad4a17bafc7981e738c', 'project_name': 'tempest-FloatingIPsAssociationNegativeTestJSON-1818889115', 'tenant_id': '831ee1aa00d94ad4a17bafc7981e738c', 'tenant_name': 'tempest-FloatingIPsAssociationNegativeTestJSON-1818889115', 'user_domain_id': 'default', 'user_domain_name': 'Default', 'user_id': 'b96b455de8e24f6b952ede1cca22ea0c', 'system': None}, Network: None, Subnet: None, Router: None
2025-11-22 08:33:56.347 66650 INFO tempest.lib.common.rest_client [req-edfd657e-d7b7-4cc7-9fde-e122cab63429 req-edfd657e-d7b7-4cc7-9fde-e122cab63429 ] Request (FloatingIPsAssociationNegativeTestJSON:setUpClass): 201 POST http://10.180.1.21/identity/v3/auth/tokens 0.059s
2025-11-22 08:33:56.480 66648 INFO tempest.lib.common.rest_client [req-0b42bc0f-7094-463a-bed3-3f5b7584aa98 req-0b42bc0f-7094-463a-bed3-3f5b7584aa98 ] Request (ServerActionsTestOtherB:setUpClass): 200 PUT http://10.180.1.21/networking/v2.0/floatingips/8e7f8c40-b55f-4dfb-b040-3d8dfb14c9d4 0.620s
2025-11-22 08:33:56.482 66648 INFO tempest.lib.common.ssh [-] Creating ssh connection to '10.180.180.162:22' as 'cirros' with public key authentication
2025-11-22 08:33:56.655 66666 INFO tempest.lib.common.rest_client [req-c17a1fd2-561d-43e4-9b24-0c245041c2dc req-c17a1fd2-561d-43e4-9b24-0c245041c2dc ] Request (AbsoluteLimitsNegativeTestJSON:tearDownClass): 200 GET http://10.180.1.21/networking/v2.0/security-groups?tenant_id=daa7c14bf8284730b82eea8cbc2f1d54&name=default 0.661s
2025-11-22 08:33:56.937 66650 INFO tempest.lib.common.rest_client [req-7ff99093-9a44-4b18-839e-e79d382a7362 req-7ff99093-9a44-4b18-839e-e79d382a7362 ] Request (FloatingIPsAssociationNegativeTestJSON:setUpClass): 201 POST http://10.180.1.21/networking/v2.0/networks 0.589s
2025-11-22 08:33:56.984 66690 INFO tempest.lib.common.rest_client [req-11f2863a-f92b-4425-9ba2-507243c7fd45 req-11f2863a-f92b-4425-9ba2-507243c7fd45 ] Request (ListImageFiltersTestJSON:setUpClass): 200 GET http://10.180.1.21/compute/v2.1/servers/5e11d463-5f67-4d33-9bc1-577c625924b4 3.907s
2025-11-22 08:33:56.997 66642 INFO tempest.lib.common.rest_client [req-8c20a3aa-5467-467a-8ea3-93008038b931 req-8c20a3aa-5467-467a-8ea3-93008038b931 ] Request (AggregatesAdminNegativeTestJSON:test_aggregate_remove_host_as_user): 403 POST http://10.180.1.21/compute/v2.1/os-aggregates/7/action 3.739s
2025-11-22 08:33:57.052 66666 INFO tempest.lib.common.rest_client [req-fdafbd13-cc38-40d6-8046-28f47d18ef8a req-fdafbd13-cc38-40d6-8046-28f47d18ef8a ] Request (AbsoluteLimitsNegativeTestJSON:tearDownClass): 204 DELETE http://10.180.1.21/networking/v2.0/security-groups/9e550252-9c7a-4b80-a211-4ea0e40ae017 0.395s
2025-11-22 08:33:57.143 66666 INFO tempest.lib.common.rest_client [req-8cced882-4193-4bb8-a18f-9b51cd151a4f req-8cced882-4193-4bb8-a18f-9b51cd151a4f ] Request (AbsoluteLimitsNegativeTestJSON:tearDownClass): 204 DELETE http://10.180.1.21/identity/v3/projects/daa7c14bf8284730b82eea8cbc2f1d54 0.091s
2025-11-22 08:33:57.166 66640 INFO tempest.lib.common.rest_client [req-c23e3f4c-ada9-4598-896c-7ac379598c45 req-c23e3f4c-ada9-4598-896c-7ac379598c45 ] Request (ServersV294TestFqdnHostnames:tearDownClass): 200 GET http://10.180.1.21/compute/v2.1/servers/873c424b-6165-4b29-98bf-7ec3296a9078 3.818s
2025-11-22 08:33:57.180 66640 INFO tempest.common.waiters [-] State transition "ACTIVE/deleting" ==> "DELETED/None" after 5 second wait
2025-11-22 08:33:57.220 66650 INFO tempest.lib.common.rest_client [req-66189335-499a-49ec-a564-9baa90afbef1 req-66189335-499a-49ec-a564-9baa90afbef1 ] Request (FloatingIPsAssociationNegativeTestJSON:setUpClass): 201 POST http://10.180.1.21/networking/v2.0/subnets 0.281s
2025-11-22 08:33:57.239 66666 INFO tempest.lib.common.rest_client [req-20462b8d-5010-4aee-91ad-8a0500d36e03 req-20462b8d-5010-4aee-91ad-8a0500d36e03 ] Request (ServersListShow2100Test:setUpClass): 201 POST http://10.180.1.21/identity/v3/auth/tokens 0.093s
2025-11-22 08:33:57.268 66666 INFO tempest.lib.common.rest_client [req-a1622f84-bf58-4fb1-8173-8598acf15161 req-a1622f84-bf58-4fb1-8173-8598acf15161 ] Request (ServersListShow2100Test:setUpClass): 201 POST http://10.180.1.21/identity/v3/auth/tokens 0.027s
2025-11-22 08:33:57.289 66632 INFO tempest.lib.common.rest_client [req-ba4435f2-7bda-49e1-b17a-7c46f594e9ef req-ba4435f2-7bda-49e1-b17a-7c46f594e9ef ] Request (ServersAdminTestJSON:test_inject_network_info): 202 POST http://10.180.1.21/compute/v2.1/servers 4.501s
2025-11-22 08:33:57.295 66666 INFO tempest.lib.common.rest_client [req-5590bfa6-0a0a-4858-b116-5c70efdbdad1 req-5590bfa6-0a0a-4858-b116-5c70efdbdad1 ] Request (ServersListShow2100Test:setUpClass): 200 GET http://10.180.1.21/identity/v3/domains?name=Default 0.026s
2025-11-22 08:33:57.334 66666 INFO tempest.lib.common.rest_client [req-ce319230-decd-48b9-8eac-59332ce69fb9 req-ce319230-decd-48b9-8eac-59332ce69fb9 ] Request (ServersListShow2100Test:setUpClass): 201 POST http://10.180.1.21/identity/v3/projects 0.038s
2025-11-22 08:33:57.426 66666 INFO tempest.lib.common.rest_client [req-0c46d7fb-891e-4ec4-af23-ac8153ae6768 req-0c46d7fb-891e-4ec4-af23-ac8153ae6768 ] Request (ServersListShow2100Test:setUpClass): 201 POST http://10.180.1.21/identity/v3/users 0.091s
2025-11-22 08:33:57.457 66666 INFO tempest.lib.common.rest_client [req-c054c06f-387c-4e11-81b2-b6e4447f043c req-c054c06f-387c-4e11-81b2-b6e4447f043c ] Request (ServersListShow2100Test:setUpClass): 200 GET http://10.180.1.21/identity/v3/roles 0.028s
2025-11-22 08:33:57.492 66666 INFO tempest.lib.common.rest_client [req-94478fba-bf75-4f60-bcfd-7d004fd7f050 req-94478fba-bf75-4f60-bcfd-7d004fd7f050 ] Request (ServersListShow2100Test:setUpClass): 204 PUT http://10.180.1.21/identity/v3/projects/0b7f29098cf247f584d7b65a303464e8/users/e05e358dd01941739342352efcb70333/roles/2d2df2fdc0e249cc8b4bc54cf949fd33 0.035s
2025-11-22 08:33:57.492 66666 INFO tempest.lib.common.dynamic_creds [-] Dynamic test user e05e358dd01941739342352efcb70333 is created with scope project and roles: ['member']
2025-11-22 08:33:57.493 66666 INFO tempest.lib.common.dynamic_creds [-] Acquired dynamic creds: credentials: Credentials: {'domain_id': 'default', 'domain_name': 'Default', 'username': 'tempest-ServersListShow2100Test-198252384-project-member', 'project_domain_id': 'default', 'project_domain_name': 'Default', 'project_id': '0b7f29098cf247f584d7b65a303464e8', 'project_name': 'tempest-ServersListShow2100Test-198252384', 'tenant_id': '0b7f29098cf247f584d7b65a303464e8', 'tenant_name': 'tempest-ServersListShow2100Test-198252384', 'user_domain_id': 'default', 'user_domain_name': 'Default', 'user_id': 'e05e358dd01941739342352efcb70333', 'system': None}, Network: None, Subnet: None, Router: None
2025-11-22 08:33:57.493 66666 INFO tempest.lib.common.dynamic_creds [-] Created isolated network resources for: credentials: Credentials: {'domain_id': 'default', 'domain_name': 'Default', 'username': 'tempest-ServersListShow2100Test-198252384-project-member', 'project_domain_id': 'default', 'project_domain_name': 'Default', 'project_id': '0b7f29098cf247f584d7b65a303464e8', 'project_name': 'tempest-ServersListShow2100Test-198252384', 'tenant_id': '0b7f29098cf247f584d7b65a303464e8', 'tenant_name': 'tempest-ServersListShow2100Test-198252384', 'user_domain_id': 'default', 'user_domain_name': 'Default', 'user_id': 'e05e358dd01941739342352efcb70333', 'system': None}, Network: None, Subnet: None, Router: None
2025-11-22 08:33:57.613 66666 INFO tempest.lib.common.rest_client [req-56b91713-fcbd-4ad5-a171-c31fd27bc197 req-56b91713-fcbd-4ad5-a171-c31fd27bc197 ] Request (ServersListShow2100Test:setUpClass): 201 POST http://10.180.1.21/identity/v3/auth/tokens 0.116s
2025-11-22 08:33:57.657 66666 INFO tempest.lib.common.rest_client [req-aeea23cb-3304-40ba-b1d7-b39df580ea37 req-aeea23cb-3304-40ba-b1d7-b39df580ea37 ] Request (ServersListShow2100Test:test_list_show_rebuild_update_server_2100): 201 POST http://10.180.1.21/identity/v3/auth/tokens 0.040s
2025-11-22 08:33:57.658 66666 INFO tempest.lib.common.fixed_network [-] (ServersListShow2100Test:test_list_show_rebuild_update_server_2100) Found network None available for tenant
2025-11-22 08:33:57.670 66656 INFO tempest.lib.common.rest_client [req-f43f7d36-8526-451b-ae91-65f49626f4ca req-f43f7d36-8526-451b-ae91-65f49626f4ca ] Request (AttachInterfacesUnderV243Test:test_add_remove_fixed_ip): 200 GET http://10.180.1.21/compute/v2.1/servers/97fcf5ac-0e04-42ba-8ea1-a2211b486818 4.261s
2025-11-22 08:33:58.076 66650 INFO tempest.lib.common.rest_client [req-784c7b90-29c5-453e-86f4-b0335b399644 req-784c7b90-29c5-453e-86f4-b0335b399644 ] Request (FloatingIPsAssociationNegativeTestJSON:setUpClass): 201 POST http://10.180.1.21/networking/v2.0/routers 0.856s
2025-11-22 08:33:58.165 66628 INFO tempest.lib.common.rest_client [req-9ad58405-554a-47e0-a996-1ae9460bee6f req-9ad58405-554a-47e0-a996-1ae9460bee6f ] Request (ListServersNegativeTestJSON:setUpClass): 200 GET http://10.180.1.21/compute/v2.1/servers/4c8b03ea-16aa-4d19-bf96-f03d6dea4c04 4.685s
2025-11-22 08:33:58.174 66628 INFO tempest.common.waiters [-] State transition "BUILD/None" ==> "BUILD/networking" after 12 second wait
2025-11-22 08:33:58.987 66672 INFO paramiko.transport [-] Connected (version 2.0, client dropbear_2020.81)
2025-11-22 08:33:59.057 66650 INFO tempest.lib.common.rest_client [req-a88e84d8-1824-4b4d-9b73-0c63a3830677 req-a88e84d8-1824-4b4d-9b73-0c63a3830677 ] Request (FloatingIPsAssociationNegativeTestJSON:setUpClass): 200 PUT http://10.180.1.21/networking/v2.0/routers/a33630bb-3eeb-47fe-8cce-ac4f600c7fb3/add_router_interface 0.980s
2025-11-22 08:33:59.057 66650 INFO tempest.lib.common.dynamic_creds [-] Created isolated network resources for: credentials: Credentials: {'domain_id': 'default', 'domain_name': 'Default', 'username': 'tempest-FloatingIPsAssociationNegativeTestJSON-1818889115-project-member', 'project_domain_id': 'default', 'project_domain_name': 'Default', 'project_id': '831ee1aa00d94ad4a17bafc7981e738c', 'project_name': 'tempest-FloatingIPsAssociationNegativeTestJSON-1818889115', 'tenant_id': '831ee1aa00d94ad4a17bafc7981e738c', 'tenant_name': 'tempest-FloatingIPsAssociationNegativeTestJSON-1818889115', 'user_domain_id': 'default', 'user_domain_name': 'Default', 'user_id': 'b96b455de8e24f6b952ede1cca22ea0c', 'system': None}, Network: {'id': 'df8901b6-6d1f-4446-8d7d-5847e415580d', 'name': 'tempest-FloatingIPsAssociationNegativeTestJSON-1003283310-network', 'tenant_id': '831ee1aa00d94ad4a17bafc7981e738c', 'project_id': '831ee1aa00d94ad4a17bafc7981e738c', 'admin_state_up': True, 'mtu': 8950, 'status': 'ACTIVE', 'subnets': [], 'shared': False, 'port_security_enabled': True, 'router:external': False, 'provider:network_type': 'vlan', 'provider:physical_network': 'default', 'provider:segmentation_id': 612, 'availability_zone_hints': [], 'availability_zones': [], 'ipv4_address_scope': None, 'ipv6_address_scope': None, 'description': '', 'tags': [], 'created_at': '2025-11-22T08:33:56Z', 'updated_at': '2025-11-22T08:33:56Z', 'revision_number': 1}, Subnet: {'id': 'e5ead6bc-f97e-45d4-aed2-ea2e1a0435f6', 'name': 'tempest-FloatingIPsAssociationNegativeTestJSON-1003283310-subnet', 'tenant_id': '831ee1aa00d94ad4a17bafc7981e738c', 'network_id': 'df8901b6-6d1f-4446-8d7d-5847e415580d', 'ip_version': 4, 'subnetpool_id': None, 'enable_dhcp': True, 'ipv6_ra_mode': None, 'ipv6_address_mode': None, 'gateway_ip': '192.168.128.1', 'cidr': '192.168.128.0/28', 'allocation_pools': [{'start': '192.168.128.2', 'end': '192.168.128.14'}], 'host_routes': [], 'dns_nameservers': [], 'description': '', 'router:external': False, 'service_types': [], 'tags': [], 'created_at': '2025-11-22T08:33:57Z', 'updated_at': '2025-11-22T08:33:57Z', 'revision_number': 0, 'project_id': '831ee1aa00d94ad4a17bafc7981e738c'}, Router: {'id': 'a33630bb-3eeb-47fe-8cce-ac4f600c7fb3', 'name': 'tempest-FloatingIPsAssociationNegativeTestJSON-1003283310-router', 'tenant_id': '831ee1aa00d94ad4a17bafc7981e738c', 'admin_state_up': True, 'status': 'ACTIVE', 'external_gateway_info': {'network_id': '1aae25df-1724-47e6-a3f0-56e941ded227', 'external_fixed_ips': [{'subnet_id': 'a0b1ff83-f3e0-4f3c-9315-ceb806f47a75', 'ip_address': '10.180.180.148'}], 'enable_snat': True}, 'description': '', 'availability_zones': [], 'distributed': False, 'ha': False, 'availability_zone_hints': [], 'routes': [], 'flavor_id': None, 'tags': [], 'created_at': '2025-11-22T08:33:57Z', 'updated_at': '2025-11-22T08:33:57Z', 'revision_number': 2, 'project_id': '831ee1aa00d94ad4a17bafc7981e738c'}
2025-11-22 08:33:59.096 66672 INFO paramiko.transport [-] Authentication (publickey) successful!
2025-11-22 08:33:59.097 66672 INFO tempest.lib.common.ssh [-] ssh connection to cirros@10.180.180.196 successfully created
2025-11-22 08:33:59.155 66684 INFO tempest.lib.common.rest_client [req-07593094-6d1e-4d3f-ba10-107266708566 req-07593094-6d1e-4d3f-ba10-107266708566 ] Request (MigrationsAdminTest:test_list_migrations_in_flavor_resize_situation): 200 GET http://10.180.1.21/compute/v2.1/servers/a5e6da27-5a87-4dff-84e5-990b00e230f0 5.646s
2025-11-22 08:33:59.170 66686 INFO tempest.lib.common.rest_client [req-4f8a4cc6-a01f-400f-81fa-bc3551f4bc26 req-4f8a4cc6-a01f-400f-81fa-bc3551f4bc26 ] Request (AttachInterfacesTestJSON:test_create_list_show_delete_interfaces_by_fixed_ip): 200 GET http://10.180.1.21/compute/v2.1/servers/42cffd0a-529b-4018-b129-2d81a640718b 5.641s
2025-11-22 08:33:59.195 66650 INFO tempest.lib.common.rest_client [req-f8e1ccf4-2479-4190-93d2-4a7ba8ccdb2a req-f8e1ccf4-2479-4190-93d2-4a7ba8ccdb2a ] Request (FloatingIPsAssociationNegativeTestJSON:setUpClass): 201 POST http://10.180.1.21/identity/v3/auth/tokens 0.134s
2025-11-22 08:33:59.257 66650 INFO tempest.lib.common.rest_client [req-aaa02057-1f9f-4937-a324-7cf954a46db9 req-aaa02057-1f9f-4937-a324-7cf954a46db9 ] Request (FloatingIPsAssociationNegativeTestJSON:setUpClass): 201 POST http://10.180.1.21/identity/v3/auth/tokens 0.058s
2025-11-22 08:33:59.257 66650 INFO tempest.lib.common.fixed_network [-] (FloatingIPsAssociationNegativeTestJSON:setUpClass) Found network {'id': 'df8901b6-6d1f-4446-8d7d-5847e415580d', 'name': 'tempest-FloatingIPsAssociationNegativeTestJSON-1003283310-network', 'tenant_id': '831ee1aa00d94ad4a17bafc7981e738c', 'project_id': '831ee1aa00d94ad4a17bafc7981e738c', 'admin_state_up': True, 'mtu': 8950, 'status': 'ACTIVE', 'subnets': [], 'shared': False, 'port_security_enabled': True, 'router:external': False, 'provider:network_type': 'vlan', 'provider:physical_network': 'default', 'provider:segmentation_id': 612, 'availability_zone_hints': [], 'availability_zones': [], 'ipv4_address_scope': None, 'ipv6_address_scope': None, 'description': '', 'tags': [], 'created_at': '2025-11-22T08:33:56Z', 'updated_at': '2025-11-22T08:33:56Z', 'revision_number': 1} available for tenant
2025-11-22 08:33:59.282 66676 INFO tempest.lib.common.rest_client [req-2ec3ea7b-17a3-489c-a3e0-e4931e7d0157 req-2ec3ea7b-17a3-489c-a3e0-e4931e7d0157 ] Request (ServersAdminNegativeTestJSON:setUpClass): 200 GET http://10.180.1.21/compute/v2.1/servers/79fb9599-0c2d-4651-9c84-18039228278e 5.374s
2025-11-22 08:33:59.483 66674 INFO tempest.lib.common.rest_client [req-b6de46ed-f17d-4aaa-b5f4-d5ac8beb1482 req-b6de46ed-f17d-4aaa-b5f4-d5ac8beb1482 ] Request (ServerPasswordTestJSON:setUpClass): 200 GET http://10.180.1.21/compute/v2.1/servers/bcd47a9e-ee75-48a6-90b0-5274b14a2cea 5.763s
2025-11-22 08:33:59.509 66662 INFO tempest.lib.common.rest_client [req-ae742d5a-3301-41d5-8ac0-d6b90eac0ca9 req-ae742d5a-3301-41d5-8ac0-d6b90eac0ca9 ] Request (ImagesNegativeTestJSON:test_create_image_from_deleted_server): 200 GET http://10.180.1.21/compute/v2.1/servers/ebf6ff4f-c736-44b2-b92f-36313cfb5be6 5.539s
2025-11-22 08:33:59.521 66662 INFO tempest.common.waiters [-] State transition "BUILD/None" ==> "BUILD/spawning" after 35 second wait
2025-11-22 08:33:59.561 66668 INFO tempest.lib.common.rest_client [req-47efcfa2-a9dc-4147-ad1b-d4e5538bdcaa req-47efcfa2-a9dc-4147-ad1b-d4e5538bdcaa ] Request (ServerRescueTestJSONUnderV235:setUpClass): 200 GET http://10.180.1.21/compute/v2.1/servers/61c7b3c9-d32e-49c7-bd12-2d189b104376 5.209s
2025-11-22 08:33:59.634 66646 INFO tempest.lib.common.rest_client [req-0b827155-387a-4185-9260-a2ceccfd4aa2 req-0b827155-387a-4185-9260-a2ceccfd4aa2 ] Request (ServersAdmin275Test:_run_cleanups): 200 GET http://10.180.1.21/compute/v2.1/servers/44644682-995b-44e3-bbbf-3841dc4ec555 5.106s
2025-11-22 08:33:59.715 66664 INFO tempest.lib.common.rest_client [req-e038866c-4411-48d5-b307-62c3aa4ef144 req-e038866c-4411-48d5-b307-62c3aa4ef144 ] Request (ServerAddressesTestJSON:tearDownClass): 204 DELETE http://10.180.1.21/compute/v2.1/servers/787d8aaf-f254-484a-8573-e3b9d609e29a 5.124s
2025-11-22 08:33:59.733 66680 INFO tempest.lib.common.rest_client [req-58d70e1d-01da-4c88-9a72-7be475b90ff5 req-58d70e1d-01da-4c88-9a72-7be475b90ff5 ] Request (ServerRescueTestJSON:setUpClass): 200 GET http://10.180.1.21/compute/v2.1/servers/06849d5e-b938-45ff-8edb-032ea7d05674 5.152s
2025-11-22 08:33:59.742 66680 INFO tempest.common.waiters [-] State transition "BUILD/spawning" ==> "ACTIVE/None" after 39 second wait
2025-11-22 08:33:59.823 66630 INFO tempest.lib.common.rest_client [req-9691aac8-2634-430b-89e9-2de55de78ae0 req-9691aac8-2634-430b-89e9-2de55de78ae0 ] Request (ServerActionsTestJSON:test_lock_unlock_server): 202 POST http://10.180.1.21/compute/v2.1/servers/6092fbd5-9477-4fe6-a9c8-3b8df346592f/action 4.362s
2025-11-22 08:33:59.893 66652 INFO tempest.lib.common.rest_client [req-0505a2b1-815e-4d4b-a434-e3b7cf458a90 req-0505a2b1-815e-4d4b-a434-e3b7cf458a90 ] Request (ServerExternalEventsTest:tearDownClass): 200 GET http://10.180.1.21/compute/v2.1/servers/1f8a9c27-8628-438f-b52a-9fb5288e49d1 4.344s
2025-11-22 08:33:59.905 66652 INFO tempest.common.waiters [-] State transition "ACTIVE/deleting" ==> "DELETED/None" after 5 second wait
2025-11-22 08:33:59.978 66682 INFO tempest.lib.common.rest_client [req-b4843112-2190-4153-9929-a538fd3bdaff req-b4843112-2190-4153-9929-a538fd3bdaff ] Request (InstanceActionsTestJSON:tearDownClass): 204 DELETE http://10.180.1.21/compute/v2.1/servers/7dd90932-48bb-4122-9264-a443b4fa1be9 4.270s
2025-11-22 08:34:00.160 66660 INFO tempest.lib.common.rest_client [req-78644e01-fa13-40c8-bddf-511934c60c5f req-78644e01-fa13-40c8-bddf-511934c60c5f ] Request (FloatingIPDetailsTestJSON:_run_cleanups): 202 DELETE http://10.180.1.21/compute/v2.1/os-floating-ips/52a6cc0a-0784-4433-8df4-b76b746fad8d 5.180s
2025-11-22 08:34:00.324 66655 INFO tempest.lib.common.rest_client [req-4fbad18e-bb37-4d91-82f8-79e52c57c5bd req-4fbad18e-bb37-4d91-82f8-79e52c57c5bd ] Request (QuotaClassesAdminTestJSON:test_update_default_quotas): 200 GET http://10.180.1.21/compute/v2.1/os-quota-class-sets/default 4.574s
2025-11-22 08:34:00.327 66636 WARNING tempest.lib.common.ssh [-] Failed to establish authenticated ssh connection to cirros@10.180.180.214 ([Errno None] Unable to connect to port 22 on 10.180.180.214). Number attempts: 4. Retry after 5 seconds.: paramiko.ssh_exception.NoValidConnectionsError: [Errno None] Unable to connect to port 22 on 10.180.180.214
2025-11-22 08:34:00.591 66638 INFO tempest.lib.common.rest_client [req-d8d4fb01-95f8-4235-8b0b-c5adaaa3e4b9 req-d8d4fb01-95f8-4235-8b0b-c5adaaa3e4b9 ] Request (QuotasAdminNegativeTest:test_create_server_when_instances_quota_is_full): 403 POST http://10.180.1.21/compute/v2.1/servers 4.844s
2025-11-22 08:34:00.642 66634 INFO tempest.lib.common.rest_client [req-53303bd4-c394-4414-96f8-10596b8ff981 req-53303bd4-c394-4414-96f8-10596b8ff981 ] Request (DeleteServersAdminTestJSON:test_delete_server_while_in_error_state): 200 GET http://10.180.1.21/compute/v2.1/servers/93c7462e-4110-48f5-8b34-b1441a1690c9 4.708s
2025-11-22 08:34:00.670 66671 INFO tempest.lib.common.rest_client [req-8ec78890-501b-424d-9a61-0795ece5484f req-8ec78890-501b-424d-9a61-0795ece5484f ] Request (FlavorsAdminTestJSON:test_is_public_string_variations): 200 POST http://10.180.1.21/compute/v2.1/flavors 4.700s
2025-11-22 08:34:00.689 66658 INFO tempest.lib.common.rest_client [req-26b76fa7-fd1a-4807-b22d-492f31fad3b0 req-26b76fa7-fd1a-4807-b22d-492f31fad3b0 ] Request (TenantUsagesNegativeTestJSON:test_list_usage_all_tenants_with_non_admin_user): 403 GET http://10.180.1.21/compute/v2.1/os-simple-tenant-usage?start=2025-11-21T08%3A33%3A49.536784&end=2025-11-23T08%3A33%3A49.536784&detailed=1 4.747s
2025-11-22 08:34:00.795 66678 INFO tempest.lib.common.rest_client [req-9a6e874a-5571-40aa-a9ef-583f4aac462f req-9a6e874a-5571-40aa-a9ef-583f4aac462f ] Request (KeyPairsV22TestJSON:test_get_keypair_detail): 201 POST http://10.180.1.21/compute/v2.1/os-keypairs 4.573s
2025-11-22 08:34:00.844 66658 INFO tempest.lib.common.rest_client [req-cc3487e7-0ac9-43a7-9246-15eef5294f33 req-cc3487e7-0ac9-43a7-9246-15eef5294f33 ] Request (TenantUsagesNegativeTestJSON:tearDownClass): 204 DELETE http://10.180.1.21/identity/v3/users/6ae36dc4024f49f7bb5bd6e0d90e6a5d 0.153s
2025-11-22 08:34:00.965 66642 INFO tempest.lib.common.rest_client [req-f47582d0-d53a-4f26-8ac7-6f16662b8984 req-f47582d0-d53a-4f26-8ac7-6f16662b8984 ] Request (AggregatesAdminNegativeTestJSON:_run_cleanups): 200 POST http://10.180.1.21/compute/v2.1/os-aggregates/7/action 3.968s
2025-11-22 08:34:01.028 66658 INFO tempest.lib.common.rest_client [req-dd143723-9193-4c7b-8365-0a6c2c586875 req-dd143723-9193-4c7b-8365-0a6c2c586875 ] Request (TenantUsagesNegativeTestJSON:tearDownClass): 204 DELETE http://10.180.1.21/identity/v3/users/da497ebcd7db404d93bb72f6f0b4ae28 0.183s
2025-11-22 08:34:01.028 66658 INFO tempest.lib.common.dynamic_creds [-] Deleting project and security group for project: db0c5ee96e9445c5a25a833986c8ab1a
2025-11-22 08:34:01.099 66658 INFO tempest.lib.common.rest_client [req-f3694bd4-e2f6-41b4-8bd0-2b8efdc1df36 req-f3694bd4-e2f6-41b4-8bd0-2b8efdc1df36 ] Request (TenantUsagesNegativeTestJSON:tearDownClass): 201 POST http://10.180.1.21/identity/v3/auth/tokens 0.070s
2025-11-22 08:34:01.134 66632 INFO tempest.lib.common.rest_client [req-e960ef1e-b56c-47f8-ae75-7fd01af4b075 req-e960ef1e-b56c-47f8-ae75-7fd01af4b075 ] Request (ServersAdminTestJSON:test_inject_network_info): 200 GET http://10.180.1.21/compute/v2.1/servers/1c839d9a-682d-4125-a7e0-f7d5739a6da9 3.843s
2025-11-22 08:34:01.386 66690 INFO tempest.lib.common.rest_client [req-92da2d65-2592-4087-a731-0531c7e2daea req-92da2d65-2592-4087-a731-0531c7e2daea ] Request (ListImageFiltersTestJSON:setUpClass): 202 POST http://10.180.1.21/compute/v2.1/servers/11eebb27-741f-4da8-9ee9-3b17c451f984/action 4.394s
2025-11-22 08:34:01.402 66666 INFO tempest.lib.common.rest_client [req-ff758418-26b5-4173-84e7-dc09281194e4 req-ff758418-26b5-4173-84e7-dc09281194e4 ] Request (ServersListShow2100Test:test_list_show_rebuild_update_server_2100): 202 POST http://10.180.1.21/compute/v2.1/servers 3.743s
2025-11-22 08:34:01.444 66658 INFO tempest.lib.common.rest_client [req-9049d1e5-b137-43f1-84e8-b93b3e6624f2 req-9049d1e5-b137-43f1-84e8-b93b3e6624f2 ] Request (TenantUsagesNegativeTestJSON:tearDownClass): 200 GET http://10.180.1.21/networking/v2.0/security-groups?tenant_id=db0c5ee96e9445c5a25a833986c8ab1a&name=default 0.344s
2025-11-22 08:34:01.470 66656 INFO tempest.lib.common.rest_client [req-6694f6a9-e2be-40e1-bc17-aa2ce22c62ed req-6694f6a9-e2be-40e1-bc17-aa2ce22c62ed ] Request (AttachInterfacesUnderV243Test:test_add_remove_fixed_ip): 200 GET http://10.180.1.21/compute/v2.1/servers/97fcf5ac-0e04-42ba-8ea1-a2211b486818 2.790s
2025-11-22 08:34:01.486 66640 INFO tempest.lib.common.rest_client [req-3db0ff2f-a5db-4bca-bd54-bcae33f79149 req-3db0ff2f-a5db-4bca-bd54-bcae33f79149 ] Request (ServersV294TestFqdnHostnames:tearDownClass): 200 GET http://10.180.1.21/compute/v2.1/servers/873c424b-6165-4b29-98bf-7ec3296a9078 3.305s
2025-11-22 08:34:01.571 66672 INFO tempest.lib.common.rest_client [req-82e30310-e558-4a71-8c20-6cd765cd371d req-82e30310-e558-4a71-8c20-6cd765cd371d ] Request (ServersTestFqdnHostnames:tearDownClass): 204 DELETE http://10.180.1.21/compute/v2.1/servers/4732b42e-93bc-4f24-9649-76464c4d108d 2.466s
2025-11-22 08:34:01.587 66658 INFO tempest.lib.common.rest_client [req-9118e896-3c62-48a1-86d0-95c05e8ace29 req-9118e896-3c62-48a1-86d0-95c05e8ace29 ] Request (TenantUsagesNegativeTestJSON:tearDownClass): 204 DELETE http://10.180.1.21/networking/v2.0/security-groups/bd4990c5-39bc-4ef3-8958-766178bcd457 0.143s
2025-11-22 08:34:01.587 66648 WARNING tempest.lib.common.ssh [-] Failed to establish authenticated ssh connection to cirros@10.180.180.162 ([Errno None] Unable to connect to port 22 on 10.180.180.162). Number attempts: 1. Retry after 2 seconds.: paramiko.ssh_exception.NoValidConnectionsError: [Errno None] Unable to connect to port 22 on 10.180.180.162
2025-11-22 08:34:01.695 66658 INFO tempest.lib.common.rest_client [req-3904ae7e-0a95-4450-b4a7-1958d79e7e5e req-3904ae7e-0a95-4450-b4a7-1958d79e7e5e ] Request (TenantUsagesNegativeTestJSON:tearDownClass): 204 DELETE http://10.180.1.21/identity/v3/projects/db0c5ee96e9445c5a25a833986c8ab1a 0.108s
2025-11-22 08:34:01.695 66658 INFO tempest.lib.common.dynamic_creds [-] Deleting project and security group for project: 8b5d42ea0bfd4057bb714ffd6d1d4878
2025-11-22 08:34:01.816 66658 INFO tempest.lib.common.rest_client [req-683ba070-a632-4deb-8579-abd5ce2d211b req-683ba070-a632-4deb-8579-abd5ce2d211b ] Request (TenantUsagesNegativeTestJSON:tearDownClass): 200 GET http://10.180.1.21/networking/v2.0/security-groups?tenant_id=8b5d42ea0bfd4057bb714ffd6d1d4878&name=default 0.120s
2025-11-22 08:34:01.863 66628 INFO tempest.lib.common.rest_client [req-b853f678-8acb-41c2-a0be-f0dca291fa38 req-b853f678-8acb-41c2-a0be-f0dca291fa38 ] Request (ListServersNegativeTestJSON:setUpClass): 200 GET http://10.180.1.21/compute/v2.1/servers/4c8b03ea-16aa-4d19-bf96-f03d6dea4c04 2.687s
2025-11-22 08:34:01.872 66628 INFO tempest.common.waiters [-] State transition "BUILD/networking" ==> "BUILD/spawning" after 15 second wait
2025-11-22 08:34:01.976 66658 INFO tempest.lib.common.rest_client [req-6b8cf376-3248-488c-b567-4fca0f24b3f2 req-6b8cf376-3248-488c-b567-4fca0f24b3f2 ] Request (TenantUsagesNegativeTestJSON:tearDownClass): 204 DELETE http://10.180.1.21/networking/v2.0/security-groups/70b8fa33-3dd2-4f18-84e2-a75b7cf15e74 0.160s
2025-11-22 08:34:02.186 66658 INFO tempest.lib.common.rest_client [req-e46eb602-447d-4bc0-bd3f-729454bec493 req-e46eb602-447d-4bc0-bd3f-729454bec493 ] Request (TenantUsagesNegativeTestJSON:tearDownClass): 204 DELETE http://10.180.1.21/identity/v3/projects/8b5d42ea0bfd4057bb714ffd6d1d4878 0.209s
2025-11-22 08:34:02.193 66664 INFO tempest.lib.common.rest_client [req-bd78cf86-b5a1-40c8-9451-7330d11d6705 req-bd78cf86-b5a1-40c8-9451-7330d11d6705 ] Request (ServerAddressesTestJSON:tearDownClass): 200 GET http://10.180.1.21/compute/v2.1/servers/787d8aaf-f254-484a-8573-e3b9d609e29a 2.478s
2025-11-22 08:34:02.274 66658 INFO tempest.lib.common.rest_client [req-2303b480-a32d-4cda-91ac-fc34ba424196 req-2303b480-a32d-4cda-91ac-fc34ba424196 ] Request (ImagesDeleteNegativeTestJSON:setUpClass): 201 POST http://10.180.1.21/identity/v3/auth/tokens 0.086s
2025-11-22 08:34:02.322 66658 INFO tempest.lib.common.rest_client [req-c8d2a418-7855-4b63-bb9b-3f6b164401af req-c8d2a418-7855-4b63-bb9b-3f6b164401af ] Request (ImagesDeleteNegativeTestJSON:setUpClass): 201 POST http://10.180.1.21/identity/v3/auth/tokens 0.045s
2025-11-22 08:34:02.346 66680 INFO tempest.lib.common.rest_client [req-9f41a358-5c2e-44a9-9dd1-2880f21326be req-9f41a358-5c2e-44a9-9dd1-2880f21326be ] Request (ServerRescueTestJSON:setUpClass): 200 POST http://10.180.1.21/compute/v2.1/servers/06849d5e-b938-45ff-8edb-032ea7d05674/action 2.603s
2025-11-22 08:34:02.359 66658 INFO tempest.lib.common.rest_client [req-b28a5968-9336-4b47-ac12-4798bce24386 req-b28a5968-9336-4b47-ac12-4798bce24386 ] Request (ImagesDeleteNegativeTestJSON:setUpClass): 200 GET http://10.180.1.21/identity/v3/domains?name=Default 0.037s
2025-11-22 08:34:02.398 66658 INFO tempest.lib.common.rest_client [req-614cd3f4-3033-458e-93e1-92ea1c743d5b req-614cd3f4-3033-458e-93e1-92ea1c743d5b ] Request (ImagesDeleteNegativeTestJSON:setUpClass): 201 POST http://10.180.1.21/identity/v3/projects 0.038s
2025-11-22 08:34:02.485 66658 INFO tempest.lib.common.rest_client [req-1fdaaa93-1805-4a5a-b91d-73810ab8aaa5 req-1fdaaa93-1805-4a5a-b91d-73810ab8aaa5 ] Request (ImagesDeleteNegativeTestJSON:setUpClass): 201 POST http://10.180.1.21/identity/v3/users 0.086s
2025-11-22 08:34:02.510 66658 INFO tempest.lib.common.rest_client [req-015afab7-31d6-4407-a4d1-4f2af2b67ce3 req-015afab7-31d6-4407-a4d1-4f2af2b67ce3 ] Request (ImagesDeleteNegativeTestJSON:setUpClass): 200 GET http://10.180.1.21/identity/v3/roles 0.024s
2025-11-22 08:34:02.555 66658 INFO tempest.lib.common.rest_client [req-65a8cdce-1b4f-465c-82a4-f1c2e1f97de5 req-65a8cdce-1b4f-465c-82a4-f1c2e1f97de5 ] Request (ImagesDeleteNegativeTestJSON:setUpClass): 204 PUT http://10.180.1.21/identity/v3/projects/b96c31cfb8a741b796789df599b3c775/users/5ea7dc187d67473f82508a6d8735c5ff/roles/2d2df2fdc0e249cc8b4bc54cf949fd33 0.045s
2025-11-22 08:34:02.555 66658 INFO tempest.lib.common.dynamic_creds [-] Dynamic test user 5ea7dc187d67473f82508a6d8735c5ff is created with scope project and roles: ['member']
2025-11-22 08:34:02.555 66658 INFO tempest.lib.common.dynamic_creds [-] Acquired dynamic creds: credentials: Credentials: {'domain_id': 'default', 'domain_name': 'Default', 'username': 'tempest-ImagesDeleteNegativeTestJSON-937454256-project-member', 'project_domain_id': 'default', 'project_domain_name': 'Default', 'project_id': 'b96c31cfb8a741b796789df599b3c775', 'project_name': 'tempest-ImagesDeleteNegativeTestJSON-937454256', 'tenant_id': 'b96c31cfb8a741b796789df599b3c775', 'tenant_name': 'tempest-ImagesDeleteNegativeTestJSON-937454256', 'user_domain_id': 'default', 'user_domain_name': 'Default', 'user_id': '5ea7dc187d67473f82508a6d8735c5ff', 'system': None}, Network: None, Subnet: None, Router: None
2025-11-22 08:34:02.556 66658 INFO tempest.lib.common.dynamic_creds [-] Created isolated network resources for: credentials: Credentials: {'domain_id': 'default', 'domain_name': 'Default', 'username': 'tempest-ImagesDeleteNegativeTestJSON-937454256-project-member', 'project_domain_id': 'default', 'project_domain_name': 'Default', 'project_id': 'b96c31cfb8a741b796789df599b3c775', 'project_name': 'tempest-ImagesDeleteNegativeTestJSON-937454256', 'tenant_id': 'b96c31cfb8a741b796789df599b3c775', 'tenant_name': 'tempest-ImagesDeleteNegativeTestJSON-937454256', 'user_domain_id': 'default', 'user_domain_name': 'Default', 'user_id': '5ea7dc187d67473f82508a6d8735c5ff', 'system': None}, Network: None, Subnet: None, Router: None
2025-11-22 08:34:02.689 66650 INFO tempest.lib.common.rest_client [req-5da59f4f-44d8-4e5e-8e90-a09eaed564f9 req-5da59f4f-44d8-4e5e-8e90-a09eaed564f9 ] Request (FloatingIPsAssociationNegativeTestJSON:setUpClass): 202 POST http://10.180.1.21/compute/v2.1/servers 3.431s
2025-11-22 08:34:02.708 66630 INFO tempest.lib.common.rest_client [req-ac121bbc-b45a-45ee-a67e-4da91094ec51 req-ac121bbc-b45a-45ee-a67e-4da91094ec51 ] Request (ServerActionsTestJSON:test_lock_unlock_server): 200 GET http://10.180.1.21/compute/v2.1/servers/6092fbd5-9477-4fe6-a9c8-3b8df346592f 2.884s
2025-11-22 08:34:02.808 66658 INFO tempest.lib.common.rest_client [req-b5a9c7e7-4dd8-41ef-97e5-582ab8fb62df req-b5a9c7e7-4dd8-41ef-97e5-582ab8fb62df ] Request (ImagesDeleteNegativeTestJSON:setUpClass): 201 POST http://10.180.1.21/identity/v3/auth/tokens 0.249s
2025-11-22 08:34:03.020 66682 INFO tempest.lib.common.rest_client [req-e7d33710-2528-4d47-a849-0f1b2ddf3e46 req-e7d33710-2528-4d47-a849-0f1b2ddf3e46 ] Request (InstanceActionsTestJSON:tearDownClass): 200 GET http://10.180.1.21/compute/v2.1/servers/7dd90932-48bb-4122-9264-a443b4fa1be9 3.041s
2025-11-22 08:34:03.118 66660 INFO tempest.lib.common.rest_client [req-d5c96be5-fa9f-4d5c-8823-5f8e65a8431b req-d5c96be5-fa9f-4d5c-8823-5f8e65a8431b ] Request (FloatingIPDetailsTestJSON:test_list_floating_ips): 200 GET http://10.180.1.21/compute/v2.1/os-floating-ips 2.957s
2025-11-22 08:34:03.253 66686 INFO tempest.lib.common.rest_client [req-6e5993de-e443-44e1-81b1-e02ce4423db3 req-6e5993de-e443-44e1-81b1-e02ce4423db3 ] Request (AttachInterfacesTestJSON:test_create_list_show_delete_interfaces_by_fixed_ip): 200 GET http://10.180.1.21/compute/v2.1/servers/42cffd0a-529b-4018-b129-2d81a640718b 3.071s
2025-11-22 08:34:03.298 66684 INFO tempest.lib.common.rest_client [req-7a1c5dc3-6ba1-4e6f-b881-6b512dbf6f7f req-7a1c5dc3-6ba1-4e6f-b881-6b512dbf6f7f ] Request (MigrationsAdminTest:test_list_migrations_in_flavor_resize_situation): 200 GET http://10.180.1.21/compute/v2.1/servers/a5e6da27-5a87-4dff-84e5-990b00e230f0 3.131s
2025-11-22 08:34:03.344 66676 INFO tempest.lib.common.rest_client [req-fd291aa9-e270-4ece-b98c-7c4a0e595f81 req-fd291aa9-e270-4ece-b98c-7c4a0e595f81 ] Request (ServersAdminNegativeTestJSON:setUpClass): 200 GET http://10.180.1.21/compute/v2.1/servers/79fb9599-0c2d-4651-9c84-18039228278e 3.049s
2025-11-22 08:34:03.437 66655 INFO tempest.lib.common.rest_client [req-928ad557-6c96-497a-a1af-e1a3491c1e39 req-928ad557-6c96-497a-a1af-e1a3491c1e39 ] Request (QuotaClassesAdminTestJSON:test_update_default_quotas): 200 PUT http://10.180.1.21/compute/v2.1/os-quota-class-sets/default 3.109s
2025-11-22 08:34:03.591 66674 INFO tempest.lib.common.rest_client [req-414ec75f-4919-434d-80fd-607670e7ccde req-414ec75f-4919-434d-80fd-607670e7ccde ] Request (ServerPasswordTestJSON:setUpClass): 200 GET http://10.180.1.21/compute/v2.1/servers/bcd47a9e-ee75-48a6-90b0-5274b14a2cea 3.095s
2025-11-22 08:34:03.599 66674 INFO tempest.common.waiters [-] State transition "BUILD/spawning" ==> "ACTIVE/None" after 40 second wait
2025-11-22 08:34:03.674 66662 INFO tempest.lib.common.rest_client [req-c714bae0-b18d-4f55-9511-2ddac26a0673 req-c714bae0-b18d-4f55-9511-2ddac26a0673 ] Request (ImagesNegativeTestJSON:test_create_image_from_deleted_server): 200 GET http://10.180.1.21/compute/v2.1/servers/ebf6ff4f-c736-44b2-b92f-36313cfb5be6 3.151s
2025-11-22 08:34:03.892 66638 INFO tempest.lib.common.rest_client [req-8cc908dc-b498-4331-a3ec-925495b7d3b4 req-8cc908dc-b498-4331-a3ec-925495b7d3b4 ] Request (QuotasAdminNegativeTest:_run_cleanups): 200 PUT http://10.180.1.21/compute/v2.1/os-quota-sets/2e9045a1a7a04cb0a5320c0f6d2f615d 3.301s
2025-11-22 08:34:03.915 66668 INFO tempest.lib.common.rest_client [req-45e7e60f-507b-43de-b54a-e7d8e463af84 req-45e7e60f-507b-43de-b54a-e7d8e463af84 ] Request (ServerRescueTestJSONUnderV235:setUpClass): 200 GET http://10.180.1.21/compute/v2.1/servers/61c7b3c9-d32e-49c7-bd12-2d189b104376 3.345s
2025-11-22 08:34:03.999 66634 INFO tempest.lib.common.rest_client [req-53d21205-2212-4a98-897c-ca335fca1d20 req-53d21205-2212-4a98-897c-ca335fca1d20 ] Request (DeleteServersAdminTestJSON:test_delete_server_while_in_error_state): 204 DELETE http://10.180.1.21/compute/v2.1/servers/93c7462e-4110-48f5-8b34-b1441a1690c9 3.342s
2025-11-22 08:34:04.039 66671 INFO tempest.lib.common.rest_client [req-d0fe17c6-d657-43f3-990d-3c319f4bafd2 req-d0fe17c6-d657-43f3-990d-3c319f4bafd2 ] Request (FlavorsAdminTestJSON:test_is_public_string_variations): 200 POST http://10.180.1.21/compute/v2.1/flavors 3.366s
2025-11-22 08:34:04.051 66678 INFO tempest.lib.common.rest_client [req-09857415-e9c9-4db5-ae89-f0da0098b106 req-09857415-e9c9-4db5-ae89-f0da0098b106 ] Request (KeyPairsV22TestJSON:test_get_keypair_detail): 200 GET http://10.180.1.21/compute/v2.1/os-keypairs/tempest-keypair-158349791 3.254s
2025-11-22 08:34:04.210 66644 INFO paramiko.transport [-] Connected (version 2.0, client dropbear_2020.81)
2025-11-22 08:34:04.262 66648 WARNING tempest.lib.common.ssh [-] Failed to establish authenticated ssh connection to cirros@10.180.180.162 ([Errno None] Unable to connect to port 22 on 10.180.180.162). Number attempts: 2. Retry after 3 seconds.: paramiko.ssh_exception.NoValidConnectionsError: [Errno None] Unable to connect to port 22 on 10.180.180.162
2025-11-22 08:34:04.330 66644 INFO paramiko.transport [-] Authentication (publickey) successful!
2025-11-22 08:34:04.330 66644 INFO tempest.lib.common.ssh [-] ssh connection to cirros@10.180.180.178 successfully created
2025-11-22 08:34:04.487 66646 INFO tempest.lib.common.rest_client [req-2ee1895d-e99c-472e-a37a-c20177c84b0b req-2ee1895d-e99c-472e-a37a-c20177c84b0b ] Request (ServersAdmin275Test:_run_cleanups): 200 GET http://10.180.1.21/compute/v2.1/servers/44644682-995b-44e3-bbbf-3841dc4ec555 3.843s
2025-11-22 08:34:04.495 66652 INFO tempest.lib.common.rest_client [req-facdbb4a-3333-4c2b-bb40-b2535e559415 req-facdbb4a-3333-4c2b-bb40-b2535e559415 ] Request (ServerExternalEventsTest:tearDownClass): 200 GET http://10.180.1.21/compute/v2.1/servers/1f8a9c27-8628-438f-b52a-9fb5288e49d1 3.588s
2025-11-22 08:34:04.511 66642 INFO tempest.lib.common.rest_client [req-e02224f2-f869-41af-b12d-9f066f3d3c36 req-e02224f2-f869-41af-b12d-9f066f3d3c36 ] Request (AggregatesAdminNegativeTestJSON:_run_cleanups): 200 DELETE http://10.180.1.21/compute/v2.1/os-aggregates/7 3.542s
2025-11-22 08:34:04.531 66690 INFO tempest.lib.common.rest_client [req-b5722540-3a4f-43c9-a333-95d99ad534cf req-b5722540-3a4f-43c9-a333-95d99ad534cf ] Request (ListImageFiltersTestJSON:setUpClass): 200 GET http://10.180.1.21/compute/v2.1/images/be969d6b-23cc-43f4-8cde-9c7120ca7355 3.143s
2025-11-22 08:34:04.603 66666 INFO tempest.lib.common.rest_client [req-665e9771-59b6-42e6-92f8-0a37eee4f2bb req-665e9771-59b6-42e6-92f8-0a37eee4f2bb ] Request (ServersListShow2100Test:test_list_show_rebuild_update_server_2100): 200 GET http://10.180.1.21/compute/v2.1/servers/e32a72ec-bdb9-4dd8-a005-468a57a9d1f6 3.199s
2025-11-22 08:34:04.615 66672 INFO tempest.lib.common.rest_client [req-83a43b92-522b-4728-8522-6440802466b9 req-83a43b92-522b-4728-8522-6440802466b9 ] Request (ServersTestFqdnHostnames:tearDownClass): 200 GET http://10.180.1.21/compute/v2.1/servers/4732b42e-93bc-4f24-9649-76464c4d108d 3.043s
2025-11-22 08:34:04.700 66632 INFO tempest.lib.common.rest_client [req-c16d28ca-c253-47ea-aa80-9050e5659ae1 req-c16d28ca-c253-47ea-aa80-9050e5659ae1 ] Request (ServersAdminTestJSON:test_inject_network_info): 200 GET http://10.180.1.21/compute/v2.1/servers/1c839d9a-682d-4125-a7e0-f7d5739a6da9 2.556s
2025-11-22 08:34:04.777 66656 INFO tempest.lib.common.rest_client [req-849fbad2-2f9d-43ff-a656-1f69f823c052 req-849fbad2-2f9d-43ff-a656-1f69f823c052 ] Request (AttachInterfacesUnderV243Test:test_add_remove_fixed_ip): 200 GET http://10.180.1.21/compute/v2.1/servers/97fcf5ac-0e04-42ba-8ea1-a2211b486818 2.300s
2025-11-22 08:34:04.799 66680 INFO tempest.lib.common.rest_client [req-24793f5c-d0f4-40f3-b704-c4d08cccfda4 req-24793f5c-d0f4-40f3-b704-c4d08cccfda4 ] Request (ServerRescueTestJSON:setUpClass): 200 GET http://10.180.1.21/compute/v2.1/servers/06849d5e-b938-45ff-8edb-032ea7d05674 2.451s
2025-11-22 08:34:04.866 66640 INFO tempest.lib.common.rest_client [req-3b5b8cb2-ce43-464f-9109-b176f8264a6e req-3b5b8cb2-ce43-464f-9109-b176f8264a6e ] Request (ServersV294TestFqdnHostnames:tearDownClass): 200 GET http://10.180.1.21/compute/v2.1/servers/873c424b-6165-4b29-98bf-7ec3296a9078 2.366s
2025-11-22 08:34:04.896 66650 INFO tempest.lib.common.rest_client [req-2a0f039f-73ed-4a58-beaa-4526b9b5b7c2 req-2a0f039f-73ed-4a58-beaa-4526b9b5b7c2 ] Request (FloatingIPsAssociationNegativeTestJSON:setUpClass): 200 GET http://10.180.1.21/compute/v2.1/servers/70dbb604-dfcf-4f7a-b8af-d01536633973 2.202s
2025-11-22 08:34:04.903 66658 INFO tempest.lib.common.rest_client [req-9e9455f9-765a-4fb4-ac00-bbf0562203dd req-9e9455f9-765a-4fb4-ac00-bbf0562203dd ] Request (ImagesDeleteNegativeTestJSON:test_delete_image_blank_id): 404 DELETE http://10.180.1.21/compute/v2.1/images/ 2.092s
2025-11-22 08:34:05.056 66628 INFO tempest.lib.common.rest_client [req-71b66e59-aadc-489a-b1d0-84e088d9c081 req-71b66e59-aadc-489a-b1d0-84e088d9c081 ] Request (ListServersNegativeTestJSON:setUpClass): 200 GET http://10.180.1.21/compute/v2.1/servers/4c8b03ea-16aa-4d19-bf96-f03d6dea4c04 2.182s
2025-11-22 08:34:05.143 66664 INFO tempest.lib.common.rest_client [req-b87a5cb4-b324-4123-aef2-a8ca7cddb15f req-b87a5cb4-b324-4123-aef2-a8ca7cddb15f ] Request (ServerAddressesTestJSON:tearDownClass): 200 GET http://10.180.1.21/compute/v2.1/servers/787d8aaf-f254-484a-8573-e3b9d609e29a 1.939s
2025-11-22 08:34:05.152 66664 INFO tempest.common.waiters [-] State transition "ACTIVE/deleting" ==> "DELETED/None" after 3 second wait
2025-11-22 08:34:05.169 66655 INFO tempest.lib.common.rest_client [req-fa58e621-8530-4603-aa10-2518c3aa87fa req-fa58e621-8530-4603-aa10-2518c3aa87fa ] Request (QuotaClassesAdminTestJSON:test_update_default_quotas): 200 GET http://10.180.1.21/compute/v2.1/os-quota-class-sets/default 1.730s
2025-11-22 08:34:05.269 66674 INFO tempest.lib.common.rest_client [req-148a37ce-7dd5-4e29-b6ce-825d95f2bff5 req-148a37ce-7dd5-4e29-b6ce-825d95f2bff5 ] Request (ServerPasswordTestJSON:test_delete_server_password): 204 DELETE http://10.180.1.21/compute/v2.1/servers/bcd47a9e-ee75-48a6-90b0-5274b14a2cea/os-server-password 1.669s
2025-11-22 08:34:05.410 66660 INFO tempest.lib.common.rest_client [req-96af2aa2-3150-4bee-bf6d-16749e448099 req-96af2aa2-3150-4bee-bf6d-16749e448099 ] Request (FloatingIPDetailsTestJSON:tearDownClass): 202 DELETE http://10.180.1.21/compute/v2.1/os-floating-ips/e267035b-cec7-4496-a994-b0d6147ddb21 2.286s
2025-11-22 08:34:05.486 66638 INFO tempest.lib.common.rest_client [req-5ab49a3d-996e-4fe2-96d9-8e20835cdaeb req-5ab49a3d-996e-4fe2-96d9-8e20835cdaeb ] Request (QuotasAdminNegativeTest:test_create_server_when_memory_quota_is_full): 200 GET http://10.180.1.21/compute/v2.1/os-quota-sets/2e9045a1a7a04cb0a5320c0f6d2f615d 1.590s
2025-11-22 08:34:05.516 66630 INFO tempest.lib.common.rest_client [req-29eb27d9-5d0b-4e36-9480-39b54f399c23 req-29eb27d9-5d0b-4e36-9480-39b54f399c23 ] Request (ServerActionsTestJSON:test_lock_unlock_server): 200 GET http://10.180.1.21/compute/v2.1/servers/6092fbd5-9477-4fe6-a9c8-3b8df346592f 1.792s
2025-11-22 08:34:05.656 66682 INFO tempest.lib.common.rest_client [req-78495fea-dc4c-4397-93db-b80fb7955c94 req-78495fea-dc4c-4397-93db-b80fb7955c94 ] Request (InstanceActionsTestJSON:tearDownClass): 200 GET http://10.180.1.21/compute/v2.1/servers/7dd90932-48bb-4122-9264-a443b4fa1be9 1.623s
2025-11-22 08:34:05.663 66682 INFO tempest.common.waiters [-] State transition "ACTIVE/deleting" ==> "DELETED/None" after 2 second wait
2025-11-22 08:34:05.676 66671 INFO tempest.lib.common.rest_client [req-da1cdfba-9aa0-46af-bc45-715455e040e3 req-da1cdfba-9aa0-46af-bc45-715455e040e3 ] Request (FlavorsAdminTestJSON:test_is_public_string_variations): 200 GET http://10.180.1.21/compute/v2.1/flavors/detail?is_public=f 1.635s
2025-11-22 08:34:05.696 66678 INFO tempest.lib.common.rest_client [req-a1dac30f-f7d1-4704-a613-1168d2cee3af req-a1dac30f-f7d1-4704-a613-1168d2cee3af ] Request (KeyPairsV22TestJSON:_run_cleanups): 204 DELETE http://10.180.1.21/compute/v2.1/os-keypairs/tempest-keypair-158349791 1.642s
2025-11-22 08:34:05.721 66634 INFO tempest.lib.common.rest_client [req-7d9991bf-b316-4f70-9656-7d7cd601b8f7 req-7d9991bf-b316-4f70-9656-7d7cd601b8f7 ] Request (DeleteServersAdminTestJSON:test_delete_server_while_in_error_state): 200 GET http://10.180.1.21/compute/v2.1/servers/93c7462e-4110-48f5-8b34-b1441a1690c9 1.721s
2025-11-22 08:34:05.758 66686 INFO tempest.lib.common.rest_client [req-82b2c71b-d166-4cbb-8ced-de16dbd85550 req-82b2c71b-d166-4cbb-8ced-de16dbd85550 ] Request (AttachInterfacesTestJSON:test_create_list_show_delete_interfaces_by_fixed_ip): 200 GET http://10.180.1.21/compute/v2.1/servers/42cffd0a-529b-4018-b129-2d81a640718b 1.495s
2025-11-22 08:34:05.806 66688 WARNING tempest.lib.common.ssh [-] Failed to establish authenticated ssh connection to cirros@10.180.180.176 ([Errno None] Unable to connect to port 22 on 10.180.180.176). Number attempts: 6. Retry after 7 seconds.: paramiko.ssh_exception.NoValidConnectionsError: [Errno None] Unable to connect to port 22 on 10.180.180.176
2025-11-22 08:34:05.835 66636 WARNING tempest.lib.common.ssh [-] Failed to establish authenticated ssh connection to cirros@10.180.180.214 ([Errno None] Unable to connect to port 22 on 10.180.180.214). Number attempts: 5. Retry after 6 seconds.: paramiko.ssh_exception.NoValidConnectionsError: [Errno None] Unable to connect to port 22 on 10.180.180.214
2025-11-22 08:34:05.847 66684 INFO tempest.lib.common.rest_client [req-1e0105c1-631d-4431-aebe-0f9b6fa6cc96 req-1e0105c1-631d-4431-aebe-0f9b6fa6cc96 ] Request (MigrationsAdminTest:test_list_migrations_in_flavor_resize_situation): 200 GET http://10.180.1.21/compute/v2.1/servers/a5e6da27-5a87-4dff-84e5-990b00e230f0 1.536s
2025-11-22 08:34:05.855 66684 INFO tempest.common.waiters [-] State transition "VERIFY_RESIZE/None" ==> "ACTIVE/None" after 23 second wait
2025-11-22 08:34:05.904 66676 INFO tempest.lib.common.rest_client [req-7bedb737-d520-4eb1-8f9b-7b65758ce644 req-7bedb737-d520-4eb1-8f9b-7b65758ce644 ] Request (ServersAdminNegativeTestJSON:setUpClass): 200 GET http://10.180.1.21/compute/v2.1/servers/79fb9599-0c2d-4651-9c84-18039228278e 1.548s
2025-11-22 08:34:05.927 66642 INFO tempest.lib.common.rest_client [req-3f93e188-6785-437b-8d42-0089e1ec9b92 req-3f93e188-6785-437b-8d42-0089e1ec9b92 ] Request (AggregatesAdminNegativeTestJSON:test_aggregate_remove_nonexistent_host): 200 POST http://10.180.1.21/compute/v2.1/os-aggregates 1.414s
2025-11-22 08:34:06.093 66662 INFO tempest.lib.common.rest_client [req-bc4eac6f-20b7-451e-827f-bdf3fea100e5 req-bc4eac6f-20b7-451e-827f-bdf3fea100e5 ] Request (ImagesNegativeTestJSON:test_create_image_from_deleted_server): 200 GET http://10.180.1.21/compute/v2.1/servers/ebf6ff4f-c736-44b2-b92f-36313cfb5be6 1.409s
