2025-11-22 08:32:27.532 66672 INFO tempest.lib.common.rest_client [req-df2efc45-17b7-4a94-9704-1492eb2d2097 req-df2efc45-17b7-4a94-9704-1492eb2d2097 ] Request (InstanceUsageAuditLogNegativeTestJSON:tearDownClass): 204 DELETE http://10.180.1.21/networking/v2.0/security-groups/1035fec5-25e4-4662-97b1-e4a6324d2287 0.202s
2025-11-22 08:32:27.548 66671 INFO tempest.lib.common.rest_client [req-e9cf03c8-39eb-4f02-9880-269d467e65ba req-e9cf03c8-39eb-4f02-9880-269d467e65ba ] Request (FlavorsAdminTestJSON:setUpClass): 201 POST http://10.180.1.21/identity/v3/auth/tokens 0.139s
2025-11-22 08:32:27.560 66646 INFO tempest.lib.common.rest_client [req-b592625f-2f6a-4942-bf6d-f5d1aa6337a1 req-b592625f-2f6a-4942-bf6d-f5d1aa6337a1 ] Request (KeyPairsV210TestJSON:setUpClass): 204 PUT http://10.180.1.21/identity/v3/projects/8dd84a0fb17a41b2ae3dd2d95eba441a/users/272dd3139f8a445994d9f18c71ed31c9/roles/2d2df2fdc0e249cc8b4bc54cf949fd33 0.103s
2025-11-22 08:32:27.560 66646 INFO tempest.lib.common.dynamic_creds [-] Dynamic test user 272dd3139f8a445994d9f18c71ed31c9 is created with scope project and roles: ['member']
2025-11-22 08:32:27.561 66646 INFO tempest.lib.common.dynamic_creds [-] Acquired dynamic creds: credentials: Credentials: {'domain_id': 'default', 'domain_name': 'Default', 'username': 'tempest-KeyPairsV210TestJSON-1205250285-project-member', 'project_domain_id': 'default', 'project_domain_name': 'Default', 'project_id': '8dd84a0fb17a41b2ae3dd2d95eba441a', 'project_name': 'tempest-KeyPairsV210TestJSON-1205250285', 'tenant_id': '8dd84a0fb17a41b2ae3dd2d95eba441a', 'tenant_name': 'tempest-KeyPairsV210TestJSON-1205250285', 'user_domain_id': 'default', 'user_domain_name': 'Default', 'user_id': '272dd3139f8a445994d9f18c71ed31c9', 'system': None}, Network: None, Subnet: None, Router: None
2025-11-22 08:32:27.561 66646 INFO tempest.lib.common.dynamic_creds [-] Created isolated network resources for: credentials: Credentials: {'domain_id': 'default', 'domain_name': 'Default', 'username': 'tempest-KeyPairsV210TestJSON-1205250285-project-member', 'project_domain_id': 'default', 'project_domain_name': 'Default', 'project_id': '8dd84a0fb17a41b2ae3dd2d95eba441a', 'project_name': 'tempest-KeyPairsV210TestJSON-1205250285', 'tenant_id': '8dd84a0fb17a41b2ae3dd2d95eba441a', 'tenant_name': 'tempest-KeyPairsV210TestJSON-1205250285', 'user_domain_id': 'default', 'user_domain_name': 'Default', 'user_id': '272dd3139f8a445994d9f18c71ed31c9', 'system': None}, Network: None, Subnet: None, Router: None
2025-11-22 08:32:27.573 66632 INFO tempest.lib.common.rest_client [req-ee37c729-9722-427b-8e80-534844b00096 req-ee37c729-9722-427b-8e80-534844b00096 ] Request (ServersAdminTestJSON:setUpClass): 204 PUT http://10.180.1.21/identity/v3/projects/74dce95865f0458491afdae29651c081/users/e209d6344a58442894b4f5e9da5de2cf/roles/75bc0730ade84f9cb6884898e459548c 0.102s
2025-11-22 08:32:27.588 66636 INFO tempest.lib.common.rest_client [req-af2dbffd-4c5e-4d5d-b5db-2ca7cdc2a564 req-af2dbffd-4c5e-4d5d-b5db-2ca7cdc2a564 ] Request (NetworksTest:tearDownClass): 200 GET http://10.180.1.21/networking/v2.0/security-groups?tenant_id=e7631558eb5b49fd95cd1e6895941d8e&name=default 0.347s
2025-11-22 08:32:27.611 66684 INFO tempest.lib.common.rest_client [req-ceaa9a56-ebf8-4e0c-b542-55e5a41d6c15 req-ceaa9a56-ebf8-4e0c-b542-55e5a41d6c15 ] Request (MigrationsAdminTest:test_list_migrations_in_flavor_resize_situation): 200 GET http://10.180.1.21/compute/v2.1/servers/a5e6da27-5a87-4dff-84e5-990b00e230f0 2.098s
2025-11-22 08:32:27.623 66668 INFO tempest.lib.common.rest_client [req-897367d4-6385-4d73-b7ad-a5d41d32e8df req-897367d4-6385-4d73-b7ad-a5d41d32e8df ] Request (ServerDiagnosticsV248Test:setUpClass): 200 GET http://10.180.1.21/identity/v3/roles 0.123s
2025-11-22 08:32:27.657 66650 INFO tempest.lib.common.rest_client [req-662cdc34-e273-48da-bb7b-3ed9d9b2b0ea req-662cdc34-e273-48da-bb7b-3ed9d9b2b0ea ] Request (HypervisorAdminUnderV252Test:test_get_hypervisor_show_servers): 200 GET http://10.180.1.21/compute/v2.1/os-hypervisors/domain-c8.fc996f14-c53b-4953-92e3-bdfa48f5cc28/servers 2.049s
2025-11-22 08:32:27.675 66671 INFO tempest.lib.common.rest_client [req-082c127b-bed2-4754-861c-d3db98401095 req-082c127b-bed2-4754-861c-d3db98401095 ] Request (FlavorsAdminTestJSON:setUpClass): 201 POST http://10.180.1.21/identity/v3/projects 0.125s
2025-11-22 08:32:27.676 66672 INFO tempest.lib.common.rest_client [req-1d0c8597-d10d-4fba-b795-1ddaa9926e5d req-1d0c8597-d10d-4fba-b795-1ddaa9926e5d ] Request (InstanceUsageAuditLogNegativeTestJSON:tearDownClass): 204 DELETE http://10.180.1.21/identity/v3/projects/2c8dc2dab43746ed944e12fff48e438f 0.142s
2025-11-22 08:32:27.676 66672 INFO tempest.lib.common.dynamic_creds [-] Deleting project and security group for project: 9b8be45406f54cc1a3e4e0aeaf005ed7
2025-11-22 08:32:27.698 66636 INFO tempest.lib.common.rest_client [req-aff7e0b3-c6dd-4444-8c7c-64ab8fadc53e req-aff7e0b3-c6dd-4444-8c7c-64ab8fadc53e ] Request (NetworksTest:tearDownClass): 204 DELETE http://10.180.1.21/networking/v2.0/security-groups/2014bd08-0e29-4e02-89c1-6cbee97085ab 0.110s
2025-11-22 08:32:27.734 66646 INFO tempest.lib.common.rest_client [req-308fa615-758d-49cc-b1c7-71b0b82164fa req-308fa615-758d-49cc-b1c7-71b0b82164fa ] Request (KeyPairsV210TestJSON:setUpClass): 201 POST http://10.180.1.21/identity/v3/auth/tokens 0.167s
2025-11-22 08:32:27.755 66632 INFO tempest.lib.common.rest_client [req-5a6753c7-e996-4dbc-9692-1a0be606499c req-5a6753c7-e996-4dbc-9692-1a0be606499c ] Request (ServersAdminTestJSON:setUpClass): 200 GET http://10.180.1.21/identity/v3/roles 0.181s
2025-11-22 08:32:27.765 66672 INFO tempest.lib.common.rest_client [req-fbc3be23-adec-4c70-ba85-bc36c54fc5fd req-fbc3be23-adec-4c70-ba85-bc36c54fc5fd ] Request (InstanceUsageAuditLogNegativeTestJSON:tearDownClass): 200 GET http://10.180.1.21/networking/v2.0/security-groups?tenant_id=9b8be45406f54cc1a3e4e0aeaf005ed7&name=default 0.088s
2025-11-22 08:32:27.782 66668 INFO tempest.lib.common.rest_client [req-7cb61a7f-806a-4459-83c5-8c13ae03c2a9 req-7cb61a7f-806a-4459-83c5-8c13ae03c2a9 ] Request (ServerDiagnosticsV248Test:setUpClass): 204 PUT http://10.180.1.21/identity/v3/projects/d45812de1c5a4af8a0d1b167b0434e13/users/6b9f5acdd5e44ec1aea4c47af0e244b4/roles/75bc0730ade84f9cb6884898e459548c 0.158s
2025-11-22 08:32:27.782 66668 INFO tempest.lib.common.dynamic_creds [-] Dynamic test user 6b9f5acdd5e44ec1aea4c47af0e244b4 is created with scope project and roles: ['admin']
2025-11-22 08:32:27.782 66668 INFO tempest.lib.common.dynamic_creds [-] Acquired dynamic creds: credentials: Credentials: {'domain_id': 'default', 'domain_name': 'Default', 'username': 'tempest-ServerDiagnosticsV248Test-1081754127-project-admin', 'project_domain_id': 'default', 'project_domain_name': 'Default', 'project_id': 'd45812de1c5a4af8a0d1b167b0434e13', 'project_name': 'tempest-ServerDiagnosticsV248Test-1081754127', 'tenant_id': 'd45812de1c5a4af8a0d1b167b0434e13', 'tenant_name': 'tempest-ServerDiagnosticsV248Test-1081754127', 'user_domain_id': 'default', 'user_domain_name': 'Default', 'user_id': '6b9f5acdd5e44ec1aea4c47af0e244b4', 'system': None}, Network: None, Subnet: None, Router: None
2025-11-22 08:32:27.783 66668 INFO tempest.lib.common.dynamic_creds [-] Created isolated network resources for: credentials: Credentials: {'domain_id': 'default', 'domain_name': 'Default', 'username': 'tempest-ServerDiagnosticsV248Test-1081754127-project-admin', 'project_domain_id': 'default', 'project_domain_name': 'Default', 'project_id': 'd45812de1c5a4af8a0d1b167b0434e13', 'project_name': 'tempest-ServerDiagnosticsV248Test-1081754127', 'tenant_id': 'd45812de1c5a4af8a0d1b167b0434e13', 'tenant_name': 'tempest-ServerDiagnosticsV248Test-1081754127', 'user_domain_id': 'default', 'user_domain_name': 'Default', 'user_id': '6b9f5acdd5e44ec1aea4c47af0e244b4', 'system': None}, Network: None, Subnet: None, Router: None
2025-11-22 08:32:27.844 66671 INFO tempest.lib.common.rest_client [req-bd2890d7-f307-4f6a-9473-f6c5a367a750 req-bd2890d7-f307-4f6a-9473-f6c5a367a750 ] Request (FlavorsAdminTestJSON:setUpClass): 201 POST http://10.180.1.21/identity/v3/users 0.169s
2025-11-22 08:32:27.854 66672 INFO tempest.lib.common.rest_client [req-cccb416d-a7b8-436b-b7c1-05e2d73898ec req-cccb416d-a7b8-436b-b7c1-05e2d73898ec ] Request (InstanceUsageAuditLogNegativeTestJSON:tearDownClass): 204 DELETE http://10.180.1.21/networking/v2.0/security-groups/cae3058c-33f2-4c08-93c1-35b61cd019f5 0.089s
2025-11-22 08:32:27.893 66688 INFO tempest.lib.common.rest_client [req-00678cdd-2668-4767-9bc6-01825808561c req-00678cdd-2668-4767-9bc6-01825808561c ] Request (ServersWithSpecificFlavorTestJSON:test_verify_created_server_ephemeral_disk): 200 POST http://10.180.1.21/compute/v2.1/flavors 2.153s
2025-11-22 08:32:27.899 66636 INFO tempest.lib.common.rest_client [req-65c3c737-7f04-4794-b280-053c2c40b9c6 req-65c3c737-7f04-4794-b280-053c2c40b9c6 ] Request (NetworksTest:tearDownClass): 204 DELETE http://10.180.1.21/identity/v3/projects/e7631558eb5b49fd95cd1e6895941d8e 0.200s
2025-11-22 08:32:27.899 66636 INFO tempest.lib.common.dynamic_creds [-] Deleting project and security group for project: e4475526ba8248b394608b137c450e34
2025-11-22 08:32:27.930 66646 INFO tempest.lib.common.rest_client [req-8e381c32-ab47-4202-aafd-8707bc8a11f9 req-8e381c32-ab47-4202-aafd-8707bc8a11f9 ] Request (KeyPairsV210TestJSON:setUpClass): 201 POST http://10.180.1.21/identity/v3/projects 0.195s
2025-11-22 08:32:27.974 66632 INFO tempest.lib.common.rest_client [req-1ef59819-0e62-48e0-8aaa-824bc8ed3dd4 req-1ef59819-0e62-48e0-8aaa-824bc8ed3dd4 ] Request (ServersAdminTestJSON:setUpClass): 204 PUT http://10.180.1.21/identity/v3/projects/74dce95865f0458491afdae29651c081/users/e209d6344a58442894b4f5e9da5de2cf/roles/75bc0730ade84f9cb6884898e459548c 0.219s
2025-11-22 08:32:27.975 66632 INFO tempest.lib.common.dynamic_creds [-] Dynamic test user e209d6344a58442894b4f5e9da5de2cf is created with scope project and roles: ['admin']
2025-11-22 08:32:27.975 66632 INFO tempest.lib.common.dynamic_creds [-] Acquired dynamic creds: credentials: Credentials: {'domain_id': 'default', 'domain_name': 'Default', 'username': 'tempest-ServersAdminTestJSON-115339407-project-admin', 'project_domain_id': 'default', 'project_domain_name': 'Default', 'project_id': '74dce95865f0458491afdae29651c081', 'project_name': 'tempest-ServersAdminTestJSON-115339407', 'tenant_id': '74dce95865f0458491afdae29651c081', 'tenant_name': 'tempest-ServersAdminTestJSON-115339407', 'user_domain_id': 'default', 'user_domain_name': 'Default', 'user_id': 'e209d6344a58442894b4f5e9da5de2cf', 'system': None}, Network: None, Subnet: None, Router: None
2025-11-22 08:32:27.994 66636 INFO tempest.lib.common.rest_client [req-1e2ac7e2-48ea-4a77-9fb3-a1015ef38d46 req-1e2ac7e2-48ea-4a77-9fb3-a1015ef38d46 ] Request (NetworksTest:tearDownClass): 200 GET http://10.180.1.21/networking/v2.0/security-groups?tenant_id=e4475526ba8248b394608b137c450e34&name=default 0.095s
2025-11-22 08:32:28.061 66668 INFO tempest.lib.common.rest_client [req-30ec44cf-8e25-4645-9c19-f3642c3fe330 req-30ec44cf-8e25-4645-9c19-f3642c3fe330 ] Request (ServerDiagnosticsV248Test:setUpClass): 201 POST http://10.180.1.21/identity/v3/auth/tokens 0.276s
2025-11-22 08:32:28.122 66671 INFO tempest.lib.common.rest_client [req-4a0cb7dc-1303-4223-b789-dca63115a5e4 req-4a0cb7dc-1303-4223-b789-dca63115a5e4 ] Request (FlavorsAdminTestJSON:setUpClass): 200 GET http://10.180.1.21/identity/v3/roles 0.277s
2025-11-22 08:32:28.175 66646 INFO tempest.lib.common.rest_client [req-d3d0339f-3522-4763-83f8-5a5aab67ff0b req-d3d0339f-3522-4763-83f8-5a5aab67ff0b ] Request (KeyPairsV210TestJSON:setUpClass): 201 POST http://10.180.1.21/identity/v3/users 0.245s
2025-11-22 08:32:28.185 66672 INFO tempest.lib.common.rest_client [req-07c673c1-9393-4231-8515-85592153fa8d req-07c673c1-9393-4231-8515-85592153fa8d ] Request (InstanceUsageAuditLogNegativeTestJSON:tearDownClass): 204 DELETE http://10.180.1.21/identity/v3/projects/9b8be45406f54cc1a3e4e0aeaf005ed7 0.331s
2025-11-22 08:32:28.209 66632 INFO tempest.lib.common.rest_client [req-4ef8b699-4de9-42f9-863c-f0b496d55772 req-4ef8b699-4de9-42f9-863c-f0b496d55772 ] Request (ServersAdminTestJSON:setUpClass): 201 POST http://10.180.1.21/networking/v2.0/networks 0.234s
2025-11-22 08:32:28.230 66668 INFO tempest.lib.common.rest_client [req-86924c6f-ac12-4d32-98e6-54ea99e6c358 req-86924c6f-ac12-4d32-98e6-54ea99e6c358 ] Request (ServerDiagnosticsV248Test:test_get_server_diagnostics): 201 POST http://10.180.1.21/identity/v3/auth/tokens 0.163s
2025-11-22 08:32:28.231 66668 INFO tempest.lib.common.fixed_network [-] (ServerDiagnosticsV248Test:test_get_server_diagnostics) Found network None available for tenant
2025-11-22 08:32:28.249 66671 INFO tempest.lib.common.rest_client [req-ba3da707-57e0-4abd-b6fd-bcf0ac727f8e req-ba3da707-57e0-4abd-b6fd-bcf0ac727f8e ] Request (FlavorsAdminTestJSON:setUpClass): 204 PUT http://10.180.1.21/identity/v3/projects/b6e5e124bc8045dba26e1b78ce2a2374/users/820e0577f37444a2bfcd18e0f585ad02/roles/75bc0730ade84f9cb6884898e459548c 0.126s
2025-11-22 08:32:28.312 66646 INFO tempest.lib.common.rest_client [req-88ce19af-7865-4bbf-b2e4-4bdcbec71aa6 req-88ce19af-7865-4bbf-b2e4-4bdcbec71aa6 ] Request (KeyPairsV210TestJSON:setUpClass): 200 GET http://10.180.1.21/identity/v3/roles 0.136s
2025-11-22 08:32:28.338 66672 INFO tempest.lib.common.rest_client [req-193494d0-bd28-4bc0-bdad-d1a68ca98238 req-193494d0-bd28-4bc0-bdad-d1a68ca98238 ] Request (FlavorsV2NegativeTest:setUpClass): 201 POST http://10.180.1.21/identity/v3/auth/tokens 0.151s
2025-11-22 08:32:28.373 66660 INFO tempest.lib.common.rest_client [req-67e2adba-668a-486a-80f3-d221e246f81f req-67e2adba-668a-486a-80f3-d221e246f81f ] Request (QuotasAdminTestJSON:test_delete_quota): 200 GET http://10.180.1.21/compute/v2.1/os-quota-sets/2160ac3260804ea8b633bde84e67bd94 2.624s
2025-11-22 08:32:28.384 66671 INFO tempest.lib.common.rest_client [req-4393dc01-0bf1-4e0b-9d1d-f143f708a663 req-4393dc01-0bf1-4e0b-9d1d-f143f708a663 ] Request (FlavorsAdminTestJSON:setUpClass): 200 GET http://10.180.1.21/identity/v3/roles 0.134s
2025-11-22 08:32:28.395 66640 INFO tempest.lib.common.rest_client [req-43c768e5-d73e-4c92-9295-981cebd81634 req-43c768e5-d73e-4c92-9295-981cebd81634 ] Request (ImagesMetadataNegativeTestJSON:test_set_nonexistent_image_metadata_item): 404 PUT http://10.180.1.21/compute/v2.1/images/c9e1bd70-02e1-4de9-a1b8-b186945c8067/metadata/os_distro 2.387s
2025-11-22 08:32:28.412 66646 INFO tempest.lib.common.rest_client [req-b73a2297-8c4f-4a51-8b3e-c3f144b496ba req-b73a2297-8c4f-4a51-8b3e-c3f144b496ba ] Request (KeyPairsV210TestJSON:setUpClass): 204 PUT http://10.180.1.21/identity/v3/projects/0b398d1cb58a4bd3901e5c0d346b338a/users/1f0ff87859b244dd99444108c86c23a6/roles/75bc0730ade84f9cb6884898e459548c 0.100s
2025-11-22 08:32:28.482 66672 INFO tempest.lib.common.rest_client [req-46db9f58-03e6-46bd-8092-dc4c00e7b941 req-46db9f58-03e6-46bd-8092-dc4c00e7b941 ] Request (FlavorsV2NegativeTest:setUpClass): 201 POST http://10.180.1.21/identity/v3/auth/tokens 0.140s
2025-11-22 08:32:28.519 66671 INFO tempest.lib.common.rest_client [req-e2051453-baca-4f62-8bdb-518dd257b7b7 req-e2051453-baca-4f62-8bdb-518dd257b7b7 ] Request (FlavorsAdminTestJSON:setUpClass): 204 PUT http://10.180.1.21/identity/v3/projects/b6e5e124bc8045dba26e1b78ce2a2374/users/820e0577f37444a2bfcd18e0f585ad02/roles/75bc0730ade84f9cb6884898e459548c 0.134s
2025-11-22 08:32:28.519 66671 INFO tempest.lib.common.dynamic_creds [-] Dynamic test user 820e0577f37444a2bfcd18e0f585ad02 is created with scope project and roles: ['admin']
2025-11-22 08:32:28.519 66671 INFO tempest.lib.common.dynamic_creds [-] Acquired dynamic creds: credentials: Credentials: {'domain_id': 'default', 'domain_name': 'Default', 'username': 'tempest-FlavorsAdminTestJSON-1371796044-project-admin', 'project_domain_id': 'default', 'project_domain_name': 'Default', 'project_id': 'b6e5e124bc8045dba26e1b78ce2a2374', 'project_name': 'tempest-FlavorsAdminTestJSON-1371796044', 'tenant_id': 'b6e5e124bc8045dba26e1b78ce2a2374', 'tenant_name': 'tempest-FlavorsAdminTestJSON-1371796044', 'user_domain_id': 'default', 'user_domain_name': 'Default', 'user_id': '820e0577f37444a2bfcd18e0f585ad02', 'system': None}, Network: None, Subnet: None, Router: None
2025-11-22 08:32:28.519 66671 INFO tempest.lib.common.dynamic_creds [-] Created isolated network resources for: credentials: Credentials: {'domain_id': 'default', 'domain_name': 'Default', 'username': 'tempest-FlavorsAdminTestJSON-1371796044-project-admin', 'project_domain_id': 'default', 'project_domain_name': 'Default', 'project_id': 'b6e5e124bc8045dba26e1b78ce2a2374', 'project_name': 'tempest-FlavorsAdminTestJSON-1371796044', 'tenant_id': 'b6e5e124bc8045dba26e1b78ce2a2374', 'tenant_name': 'tempest-FlavorsAdminTestJSON-1371796044', 'user_domain_id': 'default', 'user_domain_name': 'Default', 'user_id': '820e0577f37444a2bfcd18e0f585ad02', 'system': None}, Network: None, Subnet: None, Router: None
2025-11-22 08:32:28.536 66636 INFO tempest.lib.common.rest_client [req-6dbe06bd-4803-4ad4-8190-27f9ea43c997 req-6dbe06bd-4803-4ad4-8190-27f9ea43c997 ] Request (NetworksTest:tearDownClass): 204 DELETE http://10.180.1.21/networking/v2.0/security-groups/8fbd3b58-9906-4e31-8fb6-4d117993f579 0.541s
2025-11-22 08:32:28.566 66660 INFO tempest.lib.common.rest_client [req-3a69de81-1a74-4ea0-be22-d165694e093e req-3a69de81-1a74-4ea0-be22-d165694e093e ] Request (QuotasAdminTestJSON:_run_cleanups): 204 DELETE http://10.180.1.21/identity/v3/projects/2160ac3260804ea8b633bde84e67bd94 0.188s
2025-11-22 08:32:28.569 66686 INFO tempest.lib.common.rest_client [req-d31aa9f6-fc6d-45b9-bcb4-a880832b10fc req-d31aa9f6-fc6d-45b9-bcb4-a880832b10fc ] Request (ImagesMetadataTestJSON:test_delete_image_metadata_item): 204 DELETE http://10.180.1.21/compute/v2.1/images/8d75ea08-b208-406a-be1a-bdea301fcbc4/metadata/os_version 2.452s
2025-11-22 08:32:28.601 66646 INFO tempest.lib.common.rest_client [req-7d9a42b3-c4fc-4e62-8992-30dd69d9281e req-7d9a42b3-c4fc-4e62-8992-30dd69d9281e ] Request (KeyPairsV210TestJSON:setUpClass): 200 GET http://10.180.1.21/identity/v3/roles 0.187s
2025-11-22 08:32:28.616 66672 INFO tempest.lib.common.rest_client [req-557d5b5d-5469-4c18-9f19-181daec4d900 req-557d5b5d-5469-4c18-9f19-181daec4d900 ] Request (FlavorsV2NegativeTest:setUpClass): 200 GET http://10.180.1.21/identity/v3/domains?name=Default 0.134s
2025-11-22 08:32:28.686 66632 INFO tempest.lib.common.rest_client [req-3ac337ab-b177-4f00-9197-f3537071bd0d req-3ac337ab-b177-4f00-9197-f3537071bd0d ] Request (ServersAdminTestJSON:setUpClass): 201 POST http://10.180.1.21/networking/v2.0/subnets 0.476s
2025-11-22 08:32:28.688 66671 INFO tempest.lib.common.rest_client [req-10a0ce9b-fe5b-4094-be96-f1c336828999 req-10a0ce9b-fe5b-4094-be96-f1c336828999 ] Request (FlavorsAdminTestJSON:setUpClass): 201 POST http://10.180.1.21/identity/v3/auth/tokens 0.166s
2025-11-22 08:32:28.763 66636 INFO tempest.lib.common.rest_client [req-22b16164-4ef6-477a-b330-b5f452ed7b33 req-22b16164-4ef6-477a-b330-b5f452ed7b33 ] Request (NetworksTest:tearDownClass): 204 DELETE http://10.180.1.21/identity/v3/projects/e4475526ba8248b394608b137c450e34 0.226s
2025-11-22 08:32:28.764 66636 INFO tempest.test [-] raised in SpiceDirectConsoleTestJSON.setUpClass. Invoking tearDownClass.
2025-11-22 08:32:28.823 66646 INFO tempest.lib.common.rest_client [req-fa1b5bf5-5555-437e-85b9-ab95fec0a559 req-fa1b5bf5-5555-437e-85b9-ab95fec0a559 ] Request (KeyPairsV210TestJSON:setUpClass): 204 PUT http://10.180.1.21/identity/v3/projects/0b398d1cb58a4bd3901e5c0d346b338a/users/1f0ff87859b244dd99444108c86c23a6/roles/75bc0730ade84f9cb6884898e459548c 0.222s
2025-11-22 08:32:28.824 66646 INFO tempest.lib.common.dynamic_creds [-] Dynamic test user 1f0ff87859b244dd99444108c86c23a6 is created with scope project and roles: ['admin']
2025-11-22 08:32:28.824 66646 INFO tempest.lib.common.dynamic_creds [-] Acquired dynamic creds: credentials: Credentials: {'domain_id': 'default', 'domain_name': 'Default', 'username': 'tempest-KeyPairsV210TestJSON-1841634627-project-admin', 'project_domain_id': 'default', 'project_domain_name': 'Default', 'project_id': '0b398d1cb58a4bd3901e5c0d346b338a', 'project_name': 'tempest-KeyPairsV210TestJSON-1841634627', 'tenant_id': '0b398d1cb58a4bd3901e5c0d346b338a', 'tenant_name': 'tempest-KeyPairsV210TestJSON-1841634627', 'user_domain_id': 'default', 'user_domain_name': 'Default', 'user_id': '1f0ff87859b244dd99444108c86c23a6', 'system': None}, Network: None, Subnet: None, Router: None
2025-11-22 08:32:28.824 66646 INFO tempest.lib.common.dynamic_creds [-] Created isolated network resources for: credentials: Credentials: {'domain_id': 'default', 'domain_name': 'Default', 'username': 'tempest-KeyPairsV210TestJSON-1841634627-project-admin', 'project_domain_id': 'default', 'project_domain_name': 'Default', 'project_id': '0b398d1cb58a4bd3901e5c0d346b338a', 'project_name': 'tempest-KeyPairsV210TestJSON-1841634627', 'tenant_id': '0b398d1cb58a4bd3901e5c0d346b338a', 'tenant_name': 'tempest-KeyPairsV210TestJSON-1841634627', 'user_domain_id': 'default', 'user_domain_name': 'Default', 'user_id': '1f0ff87859b244dd99444108c86c23a6', 'system': None}, Network: None, Subnet: None, Router: None
2025-11-22 08:32:28.883 66672 INFO tempest.lib.common.rest_client [req-cf6fea17-fbae-419c-893d-bdb38ab9943d req-cf6fea17-fbae-419c-893d-bdb38ab9943d ] Request (FlavorsV2NegativeTest:setUpClass): 201 POST http://10.180.1.21/identity/v3/projects 0.266s
2025-11-22 08:32:28.891 66638 INFO tempest.lib.common.rest_client [req-e11bb098-0cdc-4e26-b149-ca3f0570f8dc req-e11bb098-0cdc-4e26-b149-ca3f0570f8dc ] Request (HypervisorAdminNegativeTestJSON:test_get_hypervisor_uptime_with_non_admin_user): 200 GET http://10.180.1.21/compute/v2.1/os-hypervisors 2.764s
2025-11-22 08:32:28.907 66682 INFO tempest.lib.common.rest_client [req-cb896be0-ea64-43cb-a882-a763408538b7 req-cb896be0-ea64-43cb-a882-a763408538b7 ] Request (ServicesAdminNegativeV253TestJSON:test_enable_service_with_invalid_service_id): 404 PUT http://10.180.1.21/compute/v2.1/os-services/a92b57a7-eb3f-45c6-998d-5a2049c931c7 2.767s
2025-11-22 08:32:28.952 66676 INFO tempest.lib.common.rest_client [req-990f6f66-2598-488b-a8d4-7265e2f6cac5 req-990f6f66-2598-488b-a8d4-7265e2f6cac5 ] Request (FlavorsV261TestJSON:test_crud_flavor): 200 GET http://10.180.1.21/compute/v2.1/flavors/detail 2.615s
2025-11-22 08:32:28.967 66656 INFO tempest.lib.common.rest_client [req-d5372150-eceb-466f-94e7-42e51e2f2a3d req-d5372150-eceb-466f-94e7-42e51e2f2a3d ] Request (FlavorsExtraSpecsTestJSON:test_flavor_non_admin_get_specific_key): 200 GET http://10.180.1.21/compute/v2.1/flavors/1879896256/os-extra_specs/hw:numa_nodes 2.607s
2025-11-22 08:32:28.986 66636 INFO tempest.lib.common.rest_client [req-01531873-4c5c-410f-b6f8-fdb7da0516f0 req-01531873-4c5c-410f-b6f8-fdb7da0516f0 ] Request (ServersTestBootFromVolume:setUpClass): 201 POST http://10.180.1.21/identity/v3/auth/tokens 0.219s
2025-11-22 08:32:29.024 66672 INFO tempest.lib.common.rest_client [req-6fe20155-80a5-4b52-b8ce-e0ff4ef63645 req-6fe20155-80a5-4b52-b8ce-e0ff4ef63645 ] Request (FlavorsV2NegativeTest:setUpClass): 201 POST http://10.180.1.21/identity/v3/users 0.141s
2025-11-22 08:32:29.043 66646 INFO tempest.lib.common.rest_client [req-258f9a15-2ba1-4454-ba00-a716bdcde2a9 req-258f9a15-2ba1-4454-ba00-a716bdcde2a9 ] Request (KeyPairsV210TestJSON:setUpClass): 201 POST http://10.180.1.21/identity/v3/auth/tokens 0.215s
2025-11-22 08:32:29.076 66636 INFO tempest.lib.common.rest_client [req-b1784c7e-cc04-4a1a-9b23-ed68467986e2 req-b1784c7e-cc04-4a1a-9b23-ed68467986e2 ] Request (ServersTestBootFromVolume:setUpClass): 201 POST http://10.180.1.21/identity/v3/auth/tokens 0.083s
2025-11-22 08:32:29.095 66672 INFO tempest.lib.common.rest_client [req-2a82a6d0-ba8d-4f67-a3c9-5b7fd7ad4664 req-2a82a6d0-ba8d-4f67-a3c9-5b7fd7ad4664 ] Request (FlavorsV2NegativeTest:setUpClass): 200 GET http://10.180.1.21/identity/v3/roles 0.070s
2025-11-22 08:32:29.139 66636 INFO tempest.lib.common.rest_client [req-a9f67159-3ce6-495c-9919-a98c8564c7a7 req-a9f67159-3ce6-495c-9919-a98c8564c7a7 ] Request (ServersTestBootFromVolume:setUpClass): 200 GET http://10.180.1.21/identity/v3/domains?name=Default 0.062s
2025-11-22 08:32:29.165 66672 INFO tempest.lib.common.rest_client [req-9adc12cd-0d90-4dfa-98f4-f35a7dc8bf40 req-9adc12cd-0d90-4dfa-98f4-f35a7dc8bf40 ] Request (FlavorsV2NegativeTest:setUpClass): 204 PUT http://10.180.1.21/identity/v3/projects/d246025e562e4715b5320558f75e56db/users/6cc620ec36cc4c9a9fdf7faec3075a63/roles/2d2df2fdc0e249cc8b4bc54cf949fd33 0.069s
2025-11-22 08:32:29.165 66672 INFO tempest.lib.common.dynamic_creds [-] Dynamic test user 6cc620ec36cc4c9a9fdf7faec3075a63 is created with scope project and roles: ['member']
2025-11-22 08:32:29.165 66672 INFO tempest.lib.common.dynamic_creds [-] Acquired dynamic creds: credentials: Credentials: {'domain_id': 'default', 'domain_name': 'Default', 'username': 'tempest-FlavorsV2NegativeTest-889741024-project-member', 'project_domain_id': 'default', 'project_domain_name': 'Default', 'project_id': 'd246025e562e4715b5320558f75e56db', 'project_name': 'tempest-FlavorsV2NegativeTest-889741024', 'tenant_id': 'd246025e562e4715b5320558f75e56db', 'tenant_name': 'tempest-FlavorsV2NegativeTest-889741024', 'user_domain_id': 'default', 'user_domain_name': 'Default', 'user_id': '6cc620ec36cc4c9a9fdf7faec3075a63', 'system': None}, Network: None, Subnet: None, Router: None
2025-11-22 08:32:29.166 66672 INFO tempest.lib.common.dynamic_creds [-] Created isolated network resources for: credentials: Credentials: {'domain_id': 'default', 'domain_name': 'Default', 'username': 'tempest-FlavorsV2NegativeTest-889741024-project-member', 'project_domain_id': 'default', 'project_domain_name': 'Default', 'project_id': 'd246025e562e4715b5320558f75e56db', 'project_name': 'tempest-FlavorsV2NegativeTest-889741024', 'tenant_id': 'd246025e562e4715b5320558f75e56db', 'tenant_name': 'tempest-FlavorsV2NegativeTest-889741024', 'user_domain_id': 'default', 'user_domain_name': 'Default', 'user_id': '6cc620ec36cc4c9a9fdf7faec3075a63', 'system': None}, Network: None, Subnet: None, Router: None
2025-11-22 08:32:29.254 66636 INFO tempest.lib.common.rest_client [req-cae61188-a8d5-4ab0-b752-4d1e3700aec5 req-cae61188-a8d5-4ab0-b752-4d1e3700aec5 ] Request (ServersTestBootFromVolume:setUpClass): 201 POST http://10.180.1.21/identity/v3/projects 0.114s
2025-11-22 08:32:29.336 66672 INFO tempest.lib.common.rest_client [req-f3cb8dd9-34db-43c8-b4b4-03426168cc85 req-f3cb8dd9-34db-43c8-b4b4-03426168cc85 ] Request (FlavorsV2NegativeTest:setUpClass): 201 POST http://10.180.1.21/identity/v3/auth/tokens 0.166s
2025-11-22 08:32:29.468 66636 INFO tempest.lib.common.rest_client [req-3c526799-daec-487f-bafb-988ae8ef7dd8 req-3c526799-daec-487f-bafb-988ae8ef7dd8 ] Request (ServersTestBootFromVolume:setUpClass): 201 POST http://10.180.1.21/identity/v3/users 0.213s
2025-11-22 08:32:29.495 66636 INFO tempest.lib.common.rest_client [req-fbe0cc1b-8efa-4e3e-8333-02fe541e9a1e req-fbe0cc1b-8efa-4e3e-8333-02fe541e9a1e ] Request (ServersTestBootFromVolume:setUpClass): 200 GET http://10.180.1.21/identity/v3/roles 0.026s
2025-11-22 08:32:29.511 66642 INFO tempest.lib.common.rest_client [req-58bacfa6-5736-40be-be84-e91de58a0056 req-58bacfa6-5736-40be-be84-e91de58a0056 ] Request (AggregatesAdminNegativeTestJSON:_run_cleanups): 200 POST http://10.180.1.21/compute/v2.1/os-aggregates/1/action 3.078s
2025-11-22 08:32:29.533 66636 INFO tempest.lib.common.rest_client [req-ffbb1c4b-0869-443c-980f-f7fe787df124 req-ffbb1c4b-0869-443c-980f-f7fe787df124 ] Request (ServersTestBootFromVolume:setUpClass): 204 PUT http://10.180.1.21/identity/v3/projects/594fa70bdeb84bccbb7e3dda9359b5f0/users/eb5cd8b7cc9347f0a70030988df90841/roles/2d2df2fdc0e249cc8b4bc54cf949fd33 0.038s
2025-11-22 08:32:29.534 66636 INFO tempest.lib.common.dynamic_creds [-] Dynamic test user eb5cd8b7cc9347f0a70030988df90841 is created with scope project and roles: ['member']
2025-11-22 08:32:29.534 66636 INFO tempest.lib.common.dynamic_creds [-] Acquired dynamic creds: credentials: Credentials: {'domain_id': 'default', 'domain_name': 'Default', 'username': 'tempest-ServersTestBootFromVolume-1881410564-project-member', 'project_domain_id': 'default', 'project_domain_name': 'Default', 'project_id': '594fa70bdeb84bccbb7e3dda9359b5f0', 'project_name': 'tempest-ServersTestBootFromVolume-1881410564', 'tenant_id': '594fa70bdeb84bccbb7e3dda9359b5f0', 'tenant_name': 'tempest-ServersTestBootFromVolume-1881410564', 'user_domain_id': 'default', 'user_domain_name': 'Default', 'user_id': 'eb5cd8b7cc9347f0a70030988df90841', 'system': None}, Network: None, Subnet: None, Router: None
2025-11-22 08:32:29.543 66664 INFO tempest.lib.common.rest_client [req-ff0db72e-2870-488f-a1d6-c2c9dad4e822 req-ff0db72e-2870-488f-a1d6-c2c9dad4e822 ] Request (KeyPairsV2TestJSON:_run_cleanups): 202 DELETE http://10.180.1.21/compute/v2.1/os-keypairs/tempest-keypair-1534202720 3.072s
2025-11-22 08:32:29.575 66680 INFO tempest.lib.common.rest_client [req-b7d72ecc-a5fc-4274-8bf6-e7248d34af7c req-b7d72ecc-a5fc-4274-8bf6-e7248d34af7c ] Request (FlavorsV2TestJSON:test_list_flavors_detailed_filter_by_min_ram): 200 GET http://10.180.1.21/compute/v2.1/flavors/detail?minRam=193 3.093s
2025-11-22 08:32:29.593 66652 INFO tempest.lib.common.rest_client [req-339ce200-41d8-4de3-adf5-23aab859030c req-339ce200-41d8-4de3-adf5-23aab859030c ] Request (HostsAdminNegativeTestJSON:test_show_host_detail_with_nonexistent_hostname): 404 GET http://10.180.1.21/compute/v2.1/os-hosts/nonexistent_hostname 3.105s
2025-11-22 08:32:29.595 66636 INFO tempest.lib.common.rest_client [req-72a025cd-953d-4290-88b1-44ccfff2aa1f req-72a025cd-953d-4290-88b1-44ccfff2aa1f ] Request (ServersTestBootFromVolume:setUpClass): 201 POST http://10.180.1.21/identity/v3/auth/tokens 0.061s
2025-11-22 08:32:29.658 66690 INFO tempest.lib.common.rest_client [req-8afaafb0-3d44-4f9c-8b5d-77e5e8e46ac8 req-8afaafb0-3d44-4f9c-8b5d-77e5e8e46ac8 ] Request (ListImageFiltersTestJSON:setUpClass): 204 PUT http://10.180.1.21/image/v2/images/cea44aff-592f-471b-a812-ec58bcb51ea8/file 1.328s
2025-11-22 08:32:29.714 66674 INFO tempest.lib.common.rest_client [req-7906137a-7a92-452f-8d32-efd1791456ea req-7906137a-7a92-452f-8d32-efd1791456ea ] Request (FlavorsAccessTestJSON:test_flavor_access_add_remove): 200 POST http://10.180.1.21/compute/v2.1/flavors/2011294512/action 3.216s
2025-11-22 08:32:29.722 66632 INFO tempest.lib.common.rest_client [req-1452a53a-6de2-4210-be23-3b384fa8d025 req-1452a53a-6de2-4210-be23-3b384fa8d025 ] Request (ServersAdminTestJSON:setUpClass): 201 POST http://10.180.1.21/networking/v2.0/routers 1.033s
2025-11-22 08:32:29.723 66666 INFO tempest.lib.common.rest_client [req-49ac4c03-3568-4015-b203-3520a310bed8 req-49ac4c03-3568-4015-b203-3520a310bed8 ] Request (FlavorsExtraSpecsNegativeTestJSON:test_flavor_non_admin_unset_keys): 403 DELETE http://10.180.1.21/compute/v2.1/flavors/589009720/os-extra_specs/hw:numa_nodes 3.209s
2025-11-22 08:32:29.817 66644 INFO tempest.lib.common.rest_client [req-88820cb3-2b8f-4b12-887c-8a938e05911a req-88820cb3-2b8f-4b12-887c-8a938e05911a ] Request (VolumesAssistedSnapshotsTest:test_volume_assisted_snapshot_create_delete): 200 POST http://10.180.1.21/compute/v2.1/os-keypairs 3.163s
2025-11-22 08:32:29.885 66678 INFO tempest.lib.common.rest_client [req-c6073fa8-b23c-43a6-a97c-8c1753c5c0f7 req-c6073fa8-b23c-43a6-a97c-8c1753c5c0f7 ] Request (VolumesAdminNegativeTest:test_update_attached_volume_with_nonexistent_volume_in_uri): 202 POST http://10.180.1.21/compute/v2.1/servers 5.976s
2025-11-22 08:32:29.988 66655 INFO tempest.lib.common.rest_client [req-9f58872c-b634-4331-b258-02bf70a45695 req-9f58872c-b634-4331-b258-02bf70a45695 ] Request (FlavorsAccessNegativeTestJSON:_run_cleanups): 200 POST http://10.180.1.21/compute/v2.1/flavors/251975552/action 2.788s
2025-11-22 08:32:30.093 66636 INFO tempest.lib.common.rest_client [req-bd1146fe-1cf7-40df-9841-689b8c3aaf68 req-bd1146fe-1cf7-40df-9841-689b8c3aaf68 ] Request (ServersTestBootFromVolume:setUpClass): 201 POST http://10.180.1.21/networking/v2.0/networks 0.497s
2025-11-22 08:32:30.614 66644 INFO tempest.lib.common.rest_client [req-cab43c48-e8f1-4296-b181-eeb364643487 req-cab43c48-e8f1-4296-b181-eeb364643487 ] Request (VolumesAssistedSnapshotsTest:test_volume_assisted_snapshot_create_delete): 201 POST http://10.180.1.21/networking/v2.0/security-groups 0.795s
2025-11-22 08:32:30.859 66636 INFO tempest.lib.common.rest_client [req-a49de18f-5f45-48ad-a82f-d32034ca86f9 req-a49de18f-5f45-48ad-a82f-d32034ca86f9 ] Request (ServersTestBootFromVolume:setUpClass): 201 POST http://10.180.1.21/networking/v2.0/subnets 0.764s
2025-11-22 08:32:30.908 66632 INFO tempest.lib.common.rest_client [req-dbef5e59-94ca-46b2-b9c4-3faada007fb6 req-dbef5e59-94ca-46b2-b9c4-3faada007fb6 ] Request (ServersAdminTestJSON:setUpClass): 200 PUT http://10.180.1.21/networking/v2.0/routers/c470ea67-4d0c-4713-a270-1758f366a6bc/add_router_interface 1.186s
2025-11-22 08:32:30.908 66632 INFO tempest.lib.common.dynamic_creds [-] Created isolated network resources for: credentials: Credentials: {'domain_id': 'default', 'domain_name': 'Default', 'username': 'tempest-ServersAdminTestJSON-115339407-project-admin', 'project_domain_id': 'default', 'project_domain_name': 'Default', 'project_id': '74dce95865f0458491afdae29651c081', 'project_name': 'tempest-ServersAdminTestJSON-115339407', 'tenant_id': '74dce95865f0458491afdae29651c081', 'tenant_name': 'tempest-ServersAdminTestJSON-115339407', 'user_domain_id': 'default', 'user_domain_name': 'Default', 'user_id': 'e209d6344a58442894b4f5e9da5de2cf', 'system': None}, Network: {'id': '1a2d81f7-573d-42a5-8171-81d55e6396d6', 'name': 'tempest-ServersAdminTestJSON-1912473457-network', 'tenant_id': '74dce95865f0458491afdae29651c081', 'project_id': '74dce95865f0458491afdae29651c081', 'admin_state_up': True, 'mtu': 8950, 'status': 'ACTIVE', 'subnets': [], 'shared': False, 'port_security_enabled': True, 'router:external': False, 'provider:network_type': 'vlan', 'provider:physical_network': 'default', 'provider:segmentation_id': 303, 'availability_zone_hints': [], 'availability_zones': [], 'ipv4_address_scope': None, 'ipv6_address_scope': None, 'description': '', 'tags': [], 'created_at': '2025-11-22T08:32:28Z', 'updated_at': '2025-11-22T08:32:28Z', 'revision_number': 1}, Subnet: {'id': '584a0e39-21de-41d8-8bc9-ebf13a059552', 'name': 'tempest-ServersAdminTestJSON-1912473457-subnet', 'tenant_id': '74dce95865f0458491afdae29651c081', 'network_id': '1a2d81f7-573d-42a5-8171-81d55e6396d6', 'ip_version': 4, 'subnetpool_id': None, 'enable_dhcp': True, 'ipv6_ra_mode': None, 'ipv6_address_mode': None, 'gateway_ip': '192.168.128.1', 'cidr': '192.168.128.0/28', 'allocation_pools': [{'start': '192.168.128.2', 'end': '192.168.128.14'}], 'host_routes': [], 'dns_nameservers': [], 'description': '', 'router:external': False, 'service_types': [], 'tags': [], 'created_at': '2025-11-22T08:32:28Z', 'updated_at': '2025-11-22T08:32:28Z', 'revision_number': 0, 'project_id': '74dce95865f0458491afdae29651c081'}, Router: {'id': 'c470ea67-4d0c-4713-a270-1758f366a6bc', 'name': 'tempest-ServersAdminTestJSON-1912473457-router', 'tenant_id': '74dce95865f0458491afdae29651c081', 'admin_state_up': True, 'status': 'ACTIVE', 'external_gateway_info': {'network_id': '1aae25df-1724-47e6-a3f0-56e941ded227', 'external_fixed_ips': [{'subnet_id': 'a0b1ff83-f3e0-4f3c-9315-ceb806f47a75', 'ip_address': '10.180.180.202'}], 'enable_snat': True}, 'description': '', 'availability_zones': [], 'distributed': False, 'ha': False, 'availability_zone_hints': [], 'routes': [], 'flavor_id': None, 'tags': [], 'created_at': '2025-11-22T08:32:28Z', 'updated_at': '2025-11-22T08:32:29Z', 'revision_number': 2, 'project_id': '74dce95865f0458491afdae29651c081'}
2025-11-22 08:32:31.000 66644 INFO tempest.lib.common.rest_client [req-bbeae1f4-ee71-48e4-83ec-e724be8e9964 req-bbeae1f4-ee71-48e4-83ec-e724be8e9964 ] Request (VolumesAssistedSnapshotsTest:test_volume_assisted_snapshot_create_delete): 201 POST http://10.180.1.21/networking/v2.0/security-group-rules 0.385s
2025-11-22 08:32:31.006 66632 INFO tempest.lib.common.rest_client [req-7863c915-5892-4473-a07b-7a21e55a01e7 req-7863c915-5892-4473-a07b-7a21e55a01e7 ] Request (ServersAdminTestJSON:setUpClass): 201 POST http://10.180.1.21/identity/v3/auth/tokens 0.095s
2025-11-22 08:32:31.079 66632 INFO tempest.lib.common.rest_client [req-c5b7ad2f-882f-4a26-a735-894d2134a820 req-c5b7ad2f-882f-4a26-a735-894d2134a820 ] Request (ServersAdminTestJSON:setUpClass): 201 POST http://10.180.1.21/identity/v3/auth/tokens 0.069s
2025-11-22 08:32:31.080 66632 INFO tempest.lib.common.fixed_network [-] (ServersAdminTestJSON:setUpClass) Found network {'id': '76214044-a9fb-45ed-b4df-858847719cfb', 'name': 'tempest-ServersAdminTestJSON-1191538380-network', 'tenant_id': '3c54ce917bbe4976b167b3e4829e174d', 'project_id': '3c54ce917bbe4976b167b3e4829e174d', 'admin_state_up': True, 'mtu': 8950, 'status': 'ACTIVE', 'subnets': [], 'shared': False, 'port_security_enabled': True, 'router:external': False, 'provider:network_type': 'vlan', 'provider:physical_network': 'default', 'provider:segmentation_id': 4, 'availability_zone_hints': [], 'availability_zones': [], 'ipv4_address_scope': None, 'ipv6_address_scope': None, 'description': '', 'tags': [], 'created_at': '2025-11-22T08:32:23Z', 'updated_at': '2025-11-22T08:32:23Z', 'revision_number': 1} available for tenant
2025-11-22 08:32:31.081 66634 INFO tempest.lib.common.rest_client [req-89624eb7-c510-492f-b420-e471d5cc77ce req-89624eb7-c510-492f-b420-e471d5cc77ce ] Request (DeleteServersAdminTestJSON:test_admin_delete_servers_of_others): 200 GET http://10.180.1.21/compute/v2.1/servers/39526b86-96e4-4a7e-b436-c9af0a5833d5 4.092s
2025-11-22 08:32:31.091 66634 INFO tempest.common.waiters [-] State transition "BUILD/networking" ==> "BUILD/spawning" after 6 second wait
2025-11-22 08:32:31.112 66650 INFO tempest.lib.common.rest_client [req-a6abfd61-5fd5-4951-8809-427596d36a09 req-a6abfd61-5fd5-4951-8809-427596d36a09 ] Request (HypervisorAdminUnderV252Test:test_search_hypervisor): 200 GET http://10.180.1.21/compute/v2.1/os-hypervisors 3.452s
2025-11-22 08:32:31.113 66630 INFO tempest.lib.common.rest_client [req-97bc2f76-4ee0-4c8c-8034-bb6bd3ef0445 req-97bc2f76-4ee0-4c8c-8034-bb6bd3ef0445 ] Request (ServerActionsTestJSON:setUpClass): 200 GET http://10.180.1.21/compute/v2.1/servers/6092fbd5-9477-4fe6-a9c8-3b8df346592f 3.807s
2025-11-22 08:32:31.124 66630 INFO tempest.common.waiters [-] State transition "BUILD/None" ==> "BUILD/spawning" after 5 second wait
2025-11-22 08:32:31.126 66688 INFO tempest.lib.common.rest_client [req-564ca264-854b-42f7-b4fd-e0a73d150ebb req-564ca264-854b-42f7-b4fd-e0a73d150ebb ] Request (ServersWithSpecificFlavorTestJSON:test_verify_created_server_ephemeral_disk): 200 GET http://10.180.1.21/compute/v2.1/flavors/42/os-extra_specs 3.231s
2025-11-22 08:32:31.334 66668 INFO tempest.lib.common.rest_client [req-74abde46-f12c-4f70-8111-6f62314105a1 req-74abde46-f12c-4f70-8111-6f62314105a1 ] Request (ServerDiagnosticsV248Test:test_get_server_diagnostics): 202 POST http://10.180.1.21/compute/v2.1/servers 3.102s
2025-11-22 08:32:31.350 66640 INFO tempest.lib.common.rest_client [req-05d4883b-affb-459f-af97-c782721b2555 req-05d4883b-affb-459f-af97-c782721b2555 ] Request (ImagesMetadataNegativeTestJSON:test_update_nonexistent_image_metadata): 404 POST http://10.180.1.21/compute/v2.1/images/ba913a0f-9c2d-4eb2-bb7c-0a2a6e56ea32/metadata 2.953s
2025-11-22 08:32:31.461 66640 INFO tempest.lib.common.rest_client [req-220c9fa2-3329-41b9-9970-76cd8ace6a13 req-220c9fa2-3329-41b9-9970-76cd8ace6a13 ] Request (ImagesMetadataNegativeTestJSON:tearDownClass): 204 DELETE http://10.180.1.21/identity/v3/users/a02b372eb2604b16812df02467d4ed51 0.109s
2025-11-22 08:32:31.461 66640 INFO tempest.lib.common.dynamic_creds [-] Deleting project and security group for project: cbc675a392ff4476a7dfb764de831b18
2025-11-22 08:32:31.481 66660 INFO tempest.lib.common.rest_client [req-1630ad34-7c96-49bc-ae92-b99b63f01765 req-1630ad34-7c96-49bc-ae92-b99b63f01765 ] Request (QuotasAdminTestJSON:test_get_default_quotas): 200 GET http://10.180.1.21/compute/v2.1/os-quota-sets/bca09f1be88a452588981e4640dd7241/defaults 2.914s
2025-11-22 08:32:31.522 66686 INFO tempest.lib.common.rest_client [req-234a6ca2-2dde-4f03-b696-58f585409541 req-234a6ca2-2dde-4f03-b696-58f585409541 ] Request (ImagesMetadataTestJSON:test_delete_image_metadata_item): 200 GET http://10.180.1.21/compute/v2.1/images/8d75ea08-b208-406a-be1a-bdea301fcbc4/metadata 2.952s
2025-11-22 08:32:31.523 66640 INFO tempest.lib.common.rest_client [req-2280d0d1-2411-449e-8a07-9b1aabcbe337 req-2280d0d1-2411-449e-8a07-9b1aabcbe337 ] Request (ImagesMetadataNegativeTestJSON:tearDownClass): 201 POST http://10.180.1.21/identity/v3/auth/tokens 0.061s
2025-11-22 08:32:31.563 66660 INFO tempest.lib.common.rest_client [req-c49ac1f3-4448-4514-8f71-faff247eb727 req-c49ac1f3-4448-4514-8f71-faff247eb727 ] Request (QuotasAdminTestJSON:test_get_updated_quotas): 200 GET http://10.180.1.21/identity/v3/domains?name=Default 0.078s
2025-11-22 08:32:31.596 66660 INFO tempest.lib.common.rest_client [req-82fed8af-6a06-4bc5-926a-2a9f2171cc1d req-82fed8af-6a06-4bc5-926a-2a9f2171cc1d ] Request (QuotasAdminTestJSON:test_get_updated_quotas): 201 POST http://10.180.1.21/identity/v3/projects 0.032s
2025-11-22 08:32:31.643 66660 INFO tempest.lib.common.rest_client [req-2690a849-8a73-4635-917a-581e7808c44d req-2690a849-8a73-4635-917a-581e7808c44d ] Request (QuotasAdminTestJSON:test_get_updated_quotas): 200 GET http://10.180.1.21/identity/v3/domains?name=Default 0.046s
2025-11-22 08:32:31.777 66636 INFO tempest.lib.common.rest_client [req-617772d1-91a4-4057-9446-8708fbeed0aa req-617772d1-91a4-4057-9446-8708fbeed0aa ] Request (ServersTestBootFromVolume:setUpClass): 201 POST http://10.180.1.21/networking/v2.0/routers 0.917s
2025-11-22 08:32:31.863 66644 INFO tempest.lib.common.rest_client [req-805017d5-7d33-4093-8574-5d323bbad63f req-805017d5-7d33-4093-8574-5d323bbad63f ] Request (VolumesAssistedSnapshotsTest:test_volume_assisted_snapshot_create_delete): 201 POST http://10.180.1.21/networking/v2.0/security-group-rules 0.862s
2025-11-22 08:32:31.934 66628 INFO tempest.lib.common.rest_client [req-f559e24e-359c-41b1-86bc-40dcb7e577f8 req-f559e24e-359c-41b1-86bc-40dcb7e577f8 ] Request (ServerDiagnosticsTest:test_get_server_diagnostics): 200 GET http://10.180.1.21/compute/v2.1/servers/00a1cb6d-8417-4e15-a093-16eec1ba3425 3.542s
2025-11-22 08:32:31.943 66628 INFO tempest.common.waiters [-] State transition "BUILD/None" ==> "BUILD/networking" after 4 second wait
2025-11-22 08:32:32.060 66671 INFO tempest.lib.common.rest_client [req-4d8ef6d6-7496-49f4-b8f9-6d7768f3d123 req-4d8ef6d6-7496-49f4-b8f9-6d7768f3d123 ] Request (FlavorsAdminTestJSON:test_create_flavor_using_string_ram): 200 POST http://10.180.1.21/compute/v2.1/flavors 3.371s
2025-11-22 08:32:32.067 66638 INFO tempest.lib.common.rest_client [req-2489b768-6df3-4fa3-90e5-ba66c2e34ab3 req-2489b768-6df3-4fa3-90e5-ba66c2e34ab3 ] Request (HypervisorAdminNegativeTestJSON:test_get_hypervisor_uptime_with_non_admin_user): 403 GET http://10.180.1.21/compute/v2.1/os-hypervisors/1/uptime 3.174s
2025-11-22 08:32:32.087 66682 INFO tempest.lib.common.rest_client [req-176df1fa-f505-4159-a38b-d7d48f5127c6 req-176df1fa-f505-4159-a38b-d7d48f5127c6 ] Request (ServicesAdminNegativeV253TestJSON:test_get_service_by_invalid_params): 200 GET http://10.180.1.21/compute/v2.1/os-services 3.179s
2025-11-22 08:32:32.110 66676 INFO tempest.lib.common.rest_client [req-de1c7c80-1bd1-4339-a3a9-cb4bd7918abc req-de1c7c80-1bd1-4339-a3a9-cb4bd7918abc ] Request (FlavorsV261TestJSON:test_crud_flavor): 200 GET http://10.180.1.21/compute/v2.1/flavors 3.147s
2025-11-22 08:32:32.130 66656 INFO tempest.lib.common.rest_client [req-ab3b7ef9-62be-4ef6-b192-1dc4f63e6a5f req-ab3b7ef9-62be-4ef6-b192-1dc4f63e6a5f ] Request (FlavorsExtraSpecsTestJSON:test_flavor_set_get_update_show_unset_keys): 200 POST http://10.180.1.21/compute/v2.1/flavors/1879896256/os-extra_specs 3.161s
2025-11-22 08:32:32.185 66640 INFO tempest.lib.common.rest_client [req-326a08a3-b01c-4e9f-b993-6eab1b66325d req-326a08a3-b01c-4e9f-b993-6eab1b66325d ] Request (ImagesMetadataNegativeTestJSON:tearDownClass): 200 GET http://10.180.1.21/networking/v2.0/security-groups?tenant_id=cbc675a392ff4476a7dfb764de831b18&name=default 0.662s
2025-11-22 08:32:32.209 66684 INFO tempest.lib.common.rest_client [req-eee4d86e-0b1f-423e-b520-45fef370f534 req-eee4d86e-0b1f-423e-b520-45fef370f534 ] Request (MigrationsAdminTest:test_list_migrations_in_flavor_resize_situation): 200 GET http://10.180.1.21/compute/v2.1/servers/a5e6da27-5a87-4dff-84e5-990b00e230f0 3.584s
2025-11-22 08:32:32.271 66646 INFO tempest.lib.common.rest_client [req-d1264510-9ec5-4639-b9ab-76d9b954fc21 req-d1264510-9ec5-4639-b9ab-76d9b954fc21 ] Request (KeyPairsV210TestJSON:test_admin_manage_keypairs_for_other_users): 201 POST http://10.180.1.21/compute/v2.1/os-keypairs 3.223s
2025-11-22 08:32:32.299 66642 INFO tempest.lib.common.rest_client [req-826fb211-8b0b-41b0-892f-991521ce1688 req-826fb211-8b0b-41b0-892f-991521ce1688 ] Request (AggregatesAdminNegativeTestJSON:_run_cleanups): 200 DELETE http://10.180.1.21/compute/v2.1/os-aggregates/1 2.786s
2025-11-22 08:32:32.301 66672 INFO tempest.lib.common.rest_client [req-76078043-a677-40a5-ac1b-ab027ce4325e req-76078043-a677-40a5-ac1b-ab027ce4325e ] Request (FlavorsV2NegativeTest:test_boot_with_low_ram): 200 GET http://10.180.1.21/compute/v2.1/flavors/42 2.962s
2025-11-22 08:32:32.318 66680 INFO tempest.lib.common.rest_client [req-0a6d5709-3cd0-4206-9680-da20bc75f169 req-0a6d5709-3cd0-4206-9680-da20bc75f169 ] Request (FlavorsV2TestJSON:test_list_flavors_detailed_limit_results): 200 GET http://10.180.1.21/compute/v2.1/flavors/detail?limit=1 2.732s
2025-11-22 08:32:32.320 66652 INFO tempest.lib.common.rest_client [req-bc3a6b96-40a2-48d8-87d0-23034c4eb5e6 req-bc3a6b96-40a2-48d8-87d0-23034c4eb5e6 ] Request (HostsAdminNegativeTestJSON:test_shutdown_host_with_non_admin_user): 403 GET http://10.180.1.21/compute/v2.1/os-hosts/devstack/shutdown 2.724s
2025-11-22 08:32:32.328 66664 INFO tempest.lib.common.rest_client [req-0b2c601b-cabc-4499-b29e-dccea402be93 req-0b2c601b-cabc-4499-b29e-dccea402be93 ] Request (KeyPairsV2TestJSON:test_keypairs_create_list_delete): 200 POST http://10.180.1.21/compute/v2.1/os-keypairs 2.783s
2025-11-22 08:32:32.352 66674 INFO tempest.lib.common.rest_client [req-770683f3-09cf-4d49-8874-c563bedc8c53 req-770683f3-09cf-4d49-8874-c563bedc8c53 ] Request (FlavorsAccessTestJSON:test_flavor_access_add_remove): 200 GET http://10.180.1.21/compute/v2.1/flavors/detail 2.637s
2025-11-22 08:32:32.358 66690 INFO tempest.lib.common.rest_client [req-f711661b-30b5-4403-8ee7-1796f5fcefbb req-f711661b-30b5-4403-8ee7-1796f5fcefbb ] Request (ListImageFiltersTestJSON:setUpClass): 200 GET http://10.180.1.21/compute/v2.1/images/cea44aff-592f-471b-a812-ec58bcb51ea8 2.700s
2025-11-22 08:32:32.373 66666 INFO tempest.lib.common.rest_client [req-70725e06-ab55-41a5-bb46-83fc1ff7dde0 req-70725e06-ab55-41a5-bb46-83fc1ff7dde0 ] Request (FlavorsExtraSpecsNegativeTestJSON:test_flavor_non_admin_update_specific_key): 200 POST http://10.180.1.21/compute/v2.1/flavors/589009720/os-extra_specs 2.649s
2025-11-22 08:32:32.397 66655 INFO tempest.lib.common.rest_client [req-ff4082d3-849f-424a-a8f9-9c2a71347318 req-ff4082d3-849f-424a-a8f9-9c2a71347318 ] Request (FlavorsAccessNegativeTestJSON:_run_cleanups): 202 DELETE http://10.180.1.21/compute/v2.1/flavors/251975552 2.408s
2025-11-22 08:32:32.673 66672 INFO tempest.lib.common.rest_client [req-44bba374-eeb8-4359-a50a-a1c21d00e2b3 req-44bba374-eeb8-4359-a50a-a1c21d00e2b3 ] Request (FlavorsV2NegativeTest:test_boot_with_low_ram): 201 POST http://10.180.1.21/image/v2/images 0.365s
2025-11-22 08:32:32.843 66644 INFO tempest.lib.common.rest_client [req-cf3ffd0d-75c2-47ea-b52c-b49b6ca5f904 req-cf3ffd0d-75c2-47ea-b52c-b49b6ca5f904 ] Request (VolumesAssistedSnapshotsTest:test_volume_assisted_snapshot_create_delete): 201 POST http://10.180.1.21/networking/v2.0/floatingips 0.979s
2025-11-22 08:32:32.909 66644 INFO tempest.lib.common.rest_client [req-6294d5f2-d340-463b-8a24-f94e2daa3c5b req-6294d5f2-d340-463b-8a24-f94e2daa3c5b ] Request (VolumesAssistedSnapshotsTest:test_volume_assisted_snapshot_create_delete): 201 POST http://10.180.1.21/identity/v3/auth/tokens 0.064s
2025-11-22 08:32:32.910 66644 INFO tempest.lib.common.fixed_network [-] (VolumesAssistedSnapshotsTest:test_volume_assisted_snapshot_create_delete) Found network {'id': '5df41cf0-ce6c-4cfd-95c7-378509a38649', 'name': 'tempest-VolumesAssistedSnapshotsTest-1981374521-network', 'tenant_id': 'a5e02626789446529cc12965922936ef', 'project_id': 'a5e02626789446529cc12965922936ef', 'admin_state_up': True, 'mtu': 8950, 'status': 'ACTIVE', 'subnets': [], 'shared': False, 'port_security_enabled': True, 'router:external': False, 'provider:network_type': 'vlan', 'provider:physical_network': 'default', 'provider:segmentation_id': 795, 'availability_zone_hints': [], 'availability_zones': [], 'ipv4_address_scope': None, 'ipv6_address_scope': None, 'description': '', 'tags': [], 'created_at': '2025-11-22T08:32:12Z', 'updated_at': '2025-11-22T08:32:12Z', 'revision_number': 1} available for tenant
2025-11-22 08:32:33.278 66672 INFO tempest.lib.common.rest_client [req-2bf22ed3-5af5-4694-bcc2-c567f8dbdd77 req-2bf22ed3-5af5-4694-bcc2-c567f8dbdd77 ] Request (FlavorsV2NegativeTest:test_boot_with_low_ram): 204 PUT http://10.180.1.21/image/v2/images/f629b85c-0f7c-4880-b8d9-8c38520edc05/file 0.605s
