2025-11-22 08:32:38.768 66656 INFO tempest.lib.common.rest_client [req-322453e8-4b90-42b1-8888-846c547ef5e3 req-322453e8-4b90-42b1-8888-846c547ef5e3 ] Request (FlavorsExtraSpecsTestJSON:test_flavor_set_get_update_show_unset_keys): 200 GET http://10.180.1.21/compute/v2.1/flavors/1879896256/os-extra_specs 1.303s
2025-11-22 08:32:38.784 66672 INFO tempest.lib.common.rest_client [req-2a7366d1-0f57-403b-8e2b-7ef4bf546651 req-2a7366d1-0f57-403b-8e2b-7ef4bf546651 ] Request (ServersTestFqdnHostnames:setUpClass): 200 GET http://10.180.1.21/identity/v3/roles 0.034s
2025-11-22 08:32:38.840 66640 INFO tempest.lib.common.rest_client [req-0f7faa0f-768a-4939-9b00-16d89445f81b req-0f7faa0f-768a-4939-9b00-16d89445f81b ] Request (ServersV294TestFqdnHostnames:setUpClass): 201 POST http://10.180.1.21/compute/v2.1/os-keypairs 1.411s
2025-11-22 08:32:38.843 66672 INFO tempest.lib.common.rest_client [req-9fa226d7-0327-4c6d-a629-0f9ef3913dc3 req-9fa226d7-0327-4c6d-a629-0f9ef3913dc3 ] Request (ServersTestFqdnHostnames:setUpClass): 204 PUT http://10.180.1.21/identity/v3/projects/3b530663e1964957bf67dfeb45bb219f/users/cd177b0118ed422bbcdc67c7c37d8b17/roles/2d2df2fdc0e249cc8b4bc54cf949fd33 0.057s
2025-11-22 08:32:38.844 66672 INFO tempest.lib.common.dynamic_creds [-] Dynamic test user cd177b0118ed422bbcdc67c7c37d8b17 is created with scope project and roles: ['member']
2025-11-22 08:32:38.844 66672 INFO tempest.lib.common.dynamic_creds [-] Acquired dynamic creds: credentials: Credentials: {'domain_id': 'default', 'domain_name': 'Default', 'username': 'tempest-ServersTestFqdnHostnames-1500831721-project-member', 'project_domain_id': 'default', 'project_domain_name': 'Default', 'project_id': '3b530663e1964957bf67dfeb45bb219f', 'project_name': 'tempest-ServersTestFqdnHostnames-1500831721', 'tenant_id': '3b530663e1964957bf67dfeb45bb219f', 'tenant_name': 'tempest-ServersTestFqdnHostnames-1500831721', 'user_domain_id': 'default', 'user_domain_name': 'Default', 'user_id': 'cd177b0118ed422bbcdc67c7c37d8b17', 'system': None}, Network: None, Subnet: None, Router: None
2025-11-22 08:32:38.867 66676 INFO tempest.lib.common.rest_client [req-d2ee44b0-8ae5-439c-a497-52b049f15746 req-d2ee44b0-8ae5-439c-a497-52b049f15746 ] Request (FlavorsV261TestJSON:tearDownClass): 204 DELETE http://10.180.1.21/networking/v2.0/security-groups/38a8ca0f-88bc-48ad-8f92-ea05093af4f6 0.195s
2025-11-22 08:32:38.878 66642 INFO tempest.lib.common.rest_client [req-14add9b0-7330-4bce-a36e-dfc5ae708b02 req-14add9b0-7330-4bce-a36e-dfc5ae708b02 ] Request (AggregatesAdminNegativeTestJSON:_run_cleanups): 200 DELETE http://10.180.1.21/compute/v2.1/os-aggregates/2 1.240s
2025-11-22 08:32:38.948 66672 INFO tempest.lib.common.rest_client [req-cb78800a-dc9c-4c63-ad1e-25bf5817e976 req-cb78800a-dc9c-4c63-ad1e-25bf5817e976 ] Request (ServersTestFqdnHostnames:setUpClass): 201 POST http://10.180.1.21/identity/v3/auth/tokens 0.104s
2025-11-22 08:32:39.040 66636 INFO tempest.lib.common.rest_client [req-9f1c4897-b408-469b-bf0b-a2aac5e5aa28 req-9f1c4897-b408-469b-bf0b-a2aac5e5aa28 ] Request (ServersTestBootFromVolume:setUpClass): 202 POST http://10.180.1.21/volume/v3/volumes 0.940s
2025-11-22 08:32:39.049 66640 INFO tempest.lib.common.rest_client [req-ade0e2a5-72cb-4de0-964a-5cf682ae52e9 req-ade0e2a5-72cb-4de0-964a-5cf682ae52e9 ] Request (ServersV294TestFqdnHostnames:setUpClass): 201 POST http://10.180.1.21/networking/v2.0/security-groups 0.206s
2025-11-22 08:32:39.076 66676 INFO tempest.lib.common.rest_client [req-c4ed495e-78c0-46ec-b14b-45ce03adcae2 req-c4ed495e-78c0-46ec-b14b-45ce03adcae2 ] Request (FlavorsV261TestJSON:tearDownClass): 204 DELETE http://10.180.1.21/identity/v3/projects/1697cff917a5441dba6d0b1497b9a4b3 0.209s
2025-11-22 08:32:39.216 66676 INFO tempest.lib.common.rest_client [req-282cafb5-ad10-4370-845d-8eae537b4e67 req-282cafb5-ad10-4370-845d-8eae537b4e67 ] Request (ServerDiagnosticsNegativeTest:setUpClass): 201 POST http://10.180.1.21/identity/v3/auth/tokens 0.138s
2025-11-22 08:32:39.237 66636 INFO tempest.lib.common.rest_client [req-c4ba8ab6-140e-47fc-8cb4-eb2342a2a462 req-c4ba8ab6-140e-47fc-8cb4-eb2342a2a462 ] Request (ServersTestBootFromVolume:setUpClass): 200 GET http://10.180.1.21/volume/v3/volumes/68181948-15db-4e2e-9001-5f420fd00bb6 0.190s
2025-11-22 08:32:39.292 66676 INFO tempest.lib.common.rest_client [req-e5f02cb0-2602-4e0c-ba8c-05e195a8ff89 req-e5f02cb0-2602-4e0c-ba8c-05e195a8ff89 ] Request (ServerDiagnosticsNegativeTest:setUpClass): 201 POST http://10.180.1.21/identity/v3/auth/tokens 0.071s
2025-11-22 08:32:39.318 66676 INFO tempest.lib.common.rest_client [req-992d0c1b-3cec-4613-9fc9-187820a76dec req-992d0c1b-3cec-4613-9fc9-187820a76dec ] Request (ServerDiagnosticsNegativeTest:setUpClass): 200 GET http://10.180.1.21/identity/v3/domains?name=Default 0.026s
2025-11-22 08:32:39.352 66676 INFO tempest.lib.common.rest_client [req-d8d15add-a1e5-424d-827e-9542c7106a60 req-d8d15add-a1e5-424d-827e-9542c7106a60 ] Request (ServerDiagnosticsNegativeTest:setUpClass): 201 POST http://10.180.1.21/identity/v3/projects 0.033s
2025-11-22 08:32:39.418 66676 INFO tempest.lib.common.rest_client [req-4723d5aa-16ab-47ac-8e89-5b7fb2610ac6 req-4723d5aa-16ab-47ac-8e89-5b7fb2610ac6 ] Request (ServerDiagnosticsNegativeTest:setUpClass): 201 POST http://10.180.1.21/identity/v3/users 0.066s
2025-11-22 08:32:39.437 66676 INFO tempest.lib.common.rest_client [req-a96c6bd2-0186-4f0d-88ae-bb85b6d13141 req-a96c6bd2-0186-4f0d-88ae-bb85b6d13141 ] Request (ServerDiagnosticsNegativeTest:setUpClass): 200 GET http://10.180.1.21/identity/v3/roles 0.019s
2025-11-22 08:32:39.464 66676 INFO tempest.lib.common.rest_client [req-b10cabc0-9e8b-4347-ae12-f92bcb090add req-b10cabc0-9e8b-4347-ae12-f92bcb090add ] Request (ServerDiagnosticsNegativeTest:setUpClass): 204 PUT http://10.180.1.21/identity/v3/projects/523f2d01e5e049238c1df10f88106cd5/users/4831084d4446495a923b3e4984aac257/roles/2d2df2fdc0e249cc8b4bc54cf949fd33 0.026s
2025-11-22 08:32:39.464 66676 INFO tempest.lib.common.dynamic_creds [-] Dynamic test user 4831084d4446495a923b3e4984aac257 is created with scope project and roles: ['member']
2025-11-22 08:32:39.464 66676 INFO tempest.lib.common.dynamic_creds [-] Acquired dynamic creds: credentials: Credentials: {'domain_id': 'default', 'domain_name': 'Default', 'username': 'tempest-ServerDiagnosticsNegativeTest-1254567026-project-member', 'project_domain_id': 'default', 'project_domain_name': 'Default', 'project_id': '523f2d01e5e049238c1df10f88106cd5', 'project_name': 'tempest-ServerDiagnosticsNegativeTest-1254567026', 'tenant_id': '523f2d01e5e049238c1df10f88106cd5', 'tenant_name': 'tempest-ServerDiagnosticsNegativeTest-1254567026', 'user_domain_id': 'default', 'user_domain_name': 'Default', 'user_id': '4831084d4446495a923b3e4984aac257', 'system': None}, Network: None, Subnet: None, Router: None
2025-11-22 08:32:39.464 66676 INFO tempest.lib.common.dynamic_creds [-] Created isolated network resources for: credentials: Credentials: {'domain_id': 'default', 'domain_name': 'Default', 'username': 'tempest-ServerDiagnosticsNegativeTest-1254567026-project-member', 'project_domain_id': 'default', 'project_domain_name': 'Default', 'project_id': '523f2d01e5e049238c1df10f88106cd5', 'project_name': 'tempest-ServerDiagnosticsNegativeTest-1254567026', 'tenant_id': '523f2d01e5e049238c1df10f88106cd5', 'tenant_name': 'tempest-ServerDiagnosticsNegativeTest-1254567026', 'user_domain_id': 'default', 'user_domain_name': 'Default', 'user_id': '4831084d4446495a923b3e4984aac257', 'system': None}, Network: None, Subnet: None, Router: None
2025-11-22 08:32:39.467 66672 INFO tempest.lib.common.rest_client [req-3d640922-968f-4888-8946-4bffb5c2d726 req-3d640922-968f-4888-8946-4bffb5c2d726 ] Request (ServersTestFqdnHostnames:setUpClass): 201 POST http://10.180.1.21/networking/v2.0/networks 0.518s
2025-11-22 08:32:39.497 66630 INFO tempest.lib.common.rest_client [req-95da8c3b-3d17-460d-b14d-2b4b277cc21d req-95da8c3b-3d17-460d-b14d-2b4b277cc21d ] Request (ServerActionsTestJSON:setUpClass): 200 GET http://10.180.1.21/compute/v2.1/servers/6092fbd5-9477-4fe6-a9c8-3b8df346592f 2.027s
2025-11-22 08:32:39.518 66680 INFO tempest.lib.common.rest_client [req-daabf239-1f1a-4288-9361-08f8584b27bc req-daabf239-1f1a-4288-9361-08f8584b27bc ] Request (FlavorsV2TestJSON:test_list_flavors_filter_by_min_disk): 200 GET http://10.180.1.21/compute/v2.1/flavors/42 1.833s
2025-11-22 08:32:39.529 66652 INFO tempest.lib.common.rest_client [req-e93d68c3-98ea-4999-8646-c5347d332253 req-e93d68c3-98ea-4999-8646-c5347d332253 ] Request (HostsAdminNegativeTestJSON:test_startup_nonexistent_host): 404 GET http://10.180.1.21/compute/v2.1/os-hosts/nonexistent_hostname/startup 1.842s
2025-11-22 08:32:39.543 66664 INFO tempest.lib.common.rest_client [req-67397aad-9364-41c3-9a81-6c3d9c5ba11e req-67397aad-9364-41c3-9a81-6c3d9c5ba11e ] Request (KeyPairsV2TestJSON:test_keypairs_create_list_delete): 200 GET http://10.180.1.21/compute/v2.1/os-keypairs 1.823s
2025-11-22 08:32:39.546 66676 INFO tempest.lib.common.rest_client [req-82a9af4a-b9eb-4441-86a3-2533dc80ed02 req-82a9af4a-b9eb-4441-86a3-2533dc80ed02 ] Request (ServerDiagnosticsNegativeTest:setUpClass): 201 POST http://10.180.1.21/identity/v3/auth/tokens 0.079s
2025-11-22 08:32:39.551 66666 INFO tempest.lib.common.rest_client [req-7a345117-8964-4ed4-b326-db5b9e2a4179 req-7a345117-8964-4ed4-b326-db5b9e2a4179 ] Request (FlavorsExtraSpecsNegativeTestJSON:test_flavor_update_mismatch_key): 400 PUT http://10.180.1.21/compute/v2.1/flavors/589009720/os-extra_specs/hw:numa_nodes 1.798s
2025-11-22 08:32:39.567 66674 INFO tempest.lib.common.rest_client [req-a91043fa-b6bd-4f9c-925a-7829f2b7aab5 req-a91043fa-b6bd-4f9c-925a-7829f2b7aab5 ] Request (FlavorsAccessTestJSON:test_flavor_access_list_with_private_flavor): 200 POST http://10.180.1.21/compute/v2.1/flavors 1.811s
2025-11-22 08:32:39.579 66640 INFO tempest.lib.common.rest_client [req-23cfae08-44ec-4239-86df-bf9d79d00d67 req-23cfae08-44ec-4239-86df-bf9d79d00d67 ] Request (ServersV294TestFqdnHostnames:setUpClass): 201 POST http://10.180.1.21/networking/v2.0/security-group-rules 0.528s
2025-11-22 08:32:39.596 66648 INFO tempest.lib.common.rest_client [req-d4f8cc34-ad64-4a7c-861c-c4ed68e2a012 req-d4f8cc34-ad64-4a7c-861c-c4ed68e2a012 ] Request (HostsAdminTestJSON:test_show_host_detail): 200 GET http://10.180.1.21/compute/v2.1/os-hosts 1.813s
2025-11-22 08:32:39.610 66655 INFO tempest.lib.common.rest_client [req-c782ef59-af33-4b3b-9e53-76d72894947d req-c782ef59-af33-4b3b-9e53-76d72894947d ] Request (FlavorsAccessNegativeTestJSON:test_flavor_access_list_with_public_flavor): 404 GET http://10.180.1.21/compute/v2.1/flavors/1538807812/os-flavor-access 1.803s
2025-11-22 08:32:39.611 66628 INFO tempest.lib.common.rest_client [req-83b950c7-539a-4274-9247-424da41bfb44 req-83b950c7-539a-4274-9247-424da41bfb44 ] Request (ServerDiagnosticsTest:test_get_server_diagnostics): 200 GET http://10.180.1.21/compute/v2.1/servers/00a1cb6d-8417-4e15-a093-16eec1ba3425 1.942s
2025-11-22 08:32:39.618 66676 INFO tempest.lib.common.rest_client [req-a8434a19-a944-4d3e-b956-52b5fda7479c req-a8434a19-a944-4d3e-b956-52b5fda7479c ] Request (ServerDiagnosticsNegativeTest:setUpClass): 201 POST http://10.180.1.21/identity/v3/projects 0.071s
2025-11-22 08:32:39.688 66676 INFO tempest.lib.common.rest_client [req-85531df0-c654-43d1-a176-0e5d66be888b req-85531df0-c654-43d1-a176-0e5d66be888b ] Request (ServerDiagnosticsNegativeTest:setUpClass): 201 POST http://10.180.1.21/identity/v3/users 0.069s
2025-11-22 08:32:39.716 66676 INFO tempest.lib.common.rest_client [req-e4cb2c60-a9b0-4a06-93cb-82e28a7e0b96 req-e4cb2c60-a9b0-4a06-93cb-82e28a7e0b96 ] Request (ServerDiagnosticsNegativeTest:setUpClass): 200 GET http://10.180.1.21/identity/v3/roles 0.027s
2025-11-22 08:32:39.752 66676 INFO tempest.lib.common.rest_client [req-aac8119a-e03c-4a7d-9f2c-556b4c16108a req-aac8119a-e03c-4a7d-9f2c-556b4c16108a ] Request (ServerDiagnosticsNegativeTest:setUpClass): 204 PUT http://10.180.1.21/identity/v3/projects/114fef6a776e4681b8106572eb18a771/users/aa1172ffefd6441caf6d203af8188d2e/roles/75bc0730ade84f9cb6884898e459548c 0.035s
2025-11-22 08:32:39.779 66672 INFO tempest.lib.common.rest_client [req-28d97986-d371-4608-a149-909e3ebd7277 req-28d97986-d371-4608-a149-909e3ebd7277 ] Request (ServersTestFqdnHostnames:setUpClass): 201 POST http://10.180.1.21/networking/v2.0/subnets 0.311s
2025-11-22 08:32:39.813 66660 INFO tempest.lib.common.rest_client [req-48ed14dc-18a3-4a7b-9ba8-8ff4f49959e3 req-48ed14dc-18a3-4a7b-9ba8-8ff4f49959e3 ] Request (QuotasAdminTestJSON:test_get_updated_quotas): 200 PUT http://10.180.1.21/compute/v2.1/os-quota-sets/b79f3f99d9f44e1189756a003ce6e2f7?user_id=81f6e92be3454361bb6c1c999d65d68c 1.949s
2025-11-22 08:32:39.817 66676 INFO tempest.lib.common.rest_client [req-ab12f7f3-4aac-4321-896a-d12b05a73c06 req-ab12f7f3-4aac-4321-896a-d12b05a73c06 ] Request (ServerDiagnosticsNegativeTest:setUpClass): 200 GET http://10.180.1.21/identity/v3/roles 0.064s
2025-11-22 08:32:39.844 66676 INFO tempest.lib.common.rest_client [req-6034fb77-5d84-4513-9658-276e586009cc req-6034fb77-5d84-4513-9658-276e586009cc ] Request (ServerDiagnosticsNegativeTest:setUpClass): 204 PUT http://10.180.1.21/identity/v3/projects/114fef6a776e4681b8106572eb18a771/users/aa1172ffefd6441caf6d203af8188d2e/roles/75bc0730ade84f9cb6884898e459548c 0.027s
2025-11-22 08:32:39.844 66676 INFO tempest.lib.common.dynamic_creds [-] Dynamic test user aa1172ffefd6441caf6d203af8188d2e is created with scope project and roles: ['admin']
2025-11-22 08:32:39.844 66676 INFO tempest.lib.common.dynamic_creds [-] Acquired dynamic creds: credentials: Credentials: {'domain_id': 'default', 'domain_name': 'Default', 'username': 'tempest-ServerDiagnosticsNegativeTest-391049322-project-admin', 'project_domain_id': 'default', 'project_domain_name': 'Default', 'project_id': '114fef6a776e4681b8106572eb18a771', 'project_name': 'tempest-ServerDiagnosticsNegativeTest-391049322', 'tenant_id': '114fef6a776e4681b8106572eb18a771', 'tenant_name': 'tempest-ServerDiagnosticsNegativeTest-391049322', 'user_domain_id': 'default', 'user_domain_name': 'Default', 'user_id': 'aa1172ffefd6441caf6d203af8188d2e', 'system': None}, Network: None, Subnet: None, Router: None
2025-11-22 08:32:39.844 66676 INFO tempest.lib.common.dynamic_creds [-] Created isolated network resources for: credentials: Credentials: {'domain_id': 'default', 'domain_name': 'Default', 'username': 'tempest-ServerDiagnosticsNegativeTest-391049322-project-admin', 'project_domain_id': 'default', 'project_domain_name': 'Default', 'project_id': '114fef6a776e4681b8106572eb18a771', 'project_name': 'tempest-ServerDiagnosticsNegativeTest-391049322', 'tenant_id': '114fef6a776e4681b8106572eb18a771', 'tenant_name': 'tempest-ServerDiagnosticsNegativeTest-391049322', 'user_domain_id': 'default', 'user_domain_name': 'Default', 'user_id': 'aa1172ffefd6441caf6d203af8188d2e', 'system': None}, Network: None, Subnet: None, Router: None
2025-11-22 08:32:39.892 66640 INFO tempest.lib.common.rest_client [req-d9cc7b91-fbc2-421d-b43d-6611e7882e75 req-d9cc7b91-fbc2-421d-b43d-6611e7882e75 ] Request (ServersV294TestFqdnHostnames:setUpClass): 201 POST http://10.180.1.21/networking/v2.0/security-group-rules 0.313s
2025-11-22 08:32:39.942 66676 INFO tempest.lib.common.rest_client [req-9e64b647-a63b-4692-85c8-01876ad22b3c req-9e64b647-a63b-4692-85c8-01876ad22b3c ] Request (ServerDiagnosticsNegativeTest:setUpClass): 201 POST http://10.180.1.21/identity/v3/auth/tokens 0.094s
2025-11-22 08:32:40.003 66676 INFO tempest.lib.common.rest_client [req-e4a73ec0-a2a0-4c5e-9533-d71ba4ad6ec4 req-e4a73ec0-a2a0-4c5e-9533-d71ba4ad6ec4 ] Request (ServerDiagnosticsNegativeTest:test_get_server_diagnostics_by_non_admin): 201 POST http://10.180.1.21/identity/v3/auth/tokens 0.057s
2025-11-22 08:32:40.003 66676 INFO tempest.lib.common.fixed_network [-] (ServerDiagnosticsNegativeTest:test_get_server_diagnostics_by_non_admin) Found network None available for tenant
2025-11-22 08:32:40.279 66636 INFO tempest.lib.common.rest_client [req-25d7153b-8f1d-43bf-a2b6-3ea4018b1fa4 req-25d7153b-8f1d-43bf-a2b6-3ea4018b1fa4 ] Request (ServersTestBootFromVolume:setUpClass): 200 GET http://10.180.1.21/volume/v3/volumes/68181948-15db-4e2e-9001-5f420fd00bb6 0.028s
2025-11-22 08:32:40.593 66672 INFO tempest.lib.common.rest_client [req-039716d3-bb36-4356-9a63-dd0363349a19 req-039716d3-bb36-4356-9a63-dd0363349a19 ] Request (ServersTestFqdnHostnames:setUpClass): 201 POST http://10.180.1.21/networking/v2.0/routers 0.812s
2025-11-22 08:32:40.644 66684 INFO tempest.lib.common.rest_client [req-60a51b1d-7b74-4997-8766-6563e6755824 req-60a51b1d-7b74-4997-8766-6563e6755824 ] Request (MigrationsAdminTest:test_list_migrations_in_flavor_resize_situation): 200 GET http://10.180.1.21/compute/v2.1/servers/a5e6da27-5a87-4dff-84e5-990b00e230f0 2.745s
2025-11-22 08:32:40.688 66690 INFO tempest.lib.common.rest_client [req-7fa224d4-e88d-46d1-8165-a041926db00c req-7fa224d4-e88d-46d1-8165-a041926db00c ] Request (ListImageFiltersTestJSON:setUpClass): 200 GET http://10.180.1.21/compute/v2.1/images/e5f33921-c12b-4383-afab-8249b023e336 2.348s
2025-11-22 08:32:40.948 66640 INFO tempest.lib.common.rest_client [req-9114c9ec-0595-4671-97a3-7eb45978ff5d req-9114c9ec-0595-4671-97a3-7eb45978ff5d ] Request (ServersV294TestFqdnHostnames:setUpClass): 201 POST http://10.180.1.21/networking/v2.0/floatingips 1.055s
2025-11-22 08:32:41.026 66640 INFO tempest.lib.common.rest_client [req-50ff001b-be0c-4078-8518-4661ba0e71d8 req-50ff001b-be0c-4078-8518-4661ba0e71d8 ] Request (ServersV294TestFqdnHostnames:setUpClass): 201 POST http://10.180.1.21/identity/v3/auth/tokens 0.075s
2025-11-22 08:32:41.027 66640 INFO tempest.lib.common.fixed_network [-] (ServersV294TestFqdnHostnames:setUpClass) Found network {'id': 'f85d398e-9f1c-4631-b2de-6043db9c908f', 'name': 'tempest-ServersV294TestFqdnHostnames-792083933-network', 'tenant_id': '59716a7e8e2441be8e53c44801082845', 'project_id': '59716a7e8e2441be8e53c44801082845', 'admin_state_up': True, 'mtu': 8950, 'status': 'ACTIVE', 'subnets': [], 'shared': False, 'port_security_enabled': True, 'router:external': False, 'provider:network_type': 'vlan', 'provider:physical_network': 'default', 'provider:segmentation_id': 265, 'availability_zone_hints': [], 'availability_zones': [], 'ipv4_address_scope': None, 'ipv6_address_scope': None, 'description': '', 'tags': [], 'created_at': '2025-11-22T08:32:34Z', 'updated_at': '2025-11-22T08:32:34Z', 'revision_number': 1} available for tenant
2025-11-22 08:32:41.162 66678 INFO tempest.lib.common.rest_client [req-f04e3f09-8c2d-4769-8872-ba81b91ccaea req-f04e3f09-8c2d-4769-8872-ba81b91ccaea ] Request (VolumesAdminNegativeTest:test_update_attached_volume_with_nonexistent_volume_in_uri): 200 GET http://10.180.1.21/compute/v2.1/servers/cf9f8400-ef93-4ecd-8851-72831369d239 2.751s
2025-11-22 08:32:41.171 66678 INFO tempest.common.waiters [-] State transition "BUILD/None" ==> "BUILD/spawning" after 8 second wait
2025-11-22 08:32:41.241 66668 INFO tempest.lib.common.rest_client [req-2974396d-d17d-46aa-82d3-85dfab9436f2 req-2974396d-d17d-46aa-82d3-85dfab9436f2 ] Request (ServerDiagnosticsV248Test:test_get_server_diagnostics): 200 GET http://10.180.1.21/compute/v2.1/servers/b3bb10c2-2d9d-4554-b2eb-1ce331a90db7 2.789s
2025-11-22 08:32:41.254 66668 INFO tempest.common.waiters [-] State transition "BUILD/None" ==> "BUILD/networking" after 8 second wait
2025-11-22 08:32:41.280 66688 INFO tempest.lib.common.rest_client [req-9df1ef49-802b-45d6-9d2b-eefc54d5945f req-9df1ef49-802b-45d6-9d2b-eefc54d5945f ] Request (ServersWithSpecificFlavorTestJSON:test_verify_created_server_ephemeral_disk): 200 POST http://10.180.1.21/compute/v2.1/flavors/670418842/os-extra_specs 2.817s
2025-11-22 08:32:41.283 66650 INFO tempest.lib.common.rest_client [req-123056ce-f94d-4f31-9275-9c8983ec58ca req-123056ce-f94d-4f31-9275-9c8983ec58ca ] Request (TenantUsagesTestJSON:setUpClass): 202 POST http://10.180.1.21/compute/v2.1/servers 3.181s
2025-11-22 08:32:41.320 66671 INFO tempest.lib.common.rest_client [req-566a88d9-fd53-4d5c-9304-e9a721df45e4 req-566a88d9-fd53-4d5c-9304-e9a721df45e4 ] Request (FlavorsAdminTestJSON:test_create_flavor_verify_entry_in_list_details): 200 GET http://10.180.1.21/compute/v2.1/flavors/detail 2.686s
2025-11-22 08:32:41.329 66636 INFO tempest.lib.common.rest_client [req-5cd8b2b2-cc3c-4626-ba51-56001eaee931 req-5cd8b2b2-cc3c-4626-ba51-56001eaee931 ] Request (ServersTestBootFromVolume:setUpClass): 200 GET http://10.180.1.21/volume/v3/volumes/68181948-15db-4e2e-9001-5f420fd00bb6 0.038s
2025-11-22 08:32:41.351 66632 INFO tempest.lib.common.rest_client [req-8a14ebd0-c5c2-42e8-89c7-f2b1b70209c0 req-8a14ebd0-c5c2-42e8-89c7-f2b1b70209c0 ] Request (ServersAdminTestJSON:setUpClass): 200 GET http://10.180.1.21/compute/v2.1/servers/acd63a90-cd48-4a8f-b32a-209f6734543d 2.759s
2025-11-22 08:32:41.357 66638 INFO tempest.lib.common.rest_client [req-aa1002c7-096e-471d-9ba0-f528defd6efe req-aa1002c7-096e-471d-9ba0-f528defd6efe ] Request (HypervisorAdminNegativeTestJSON:test_show_nonexistent_hypervisor): 404 GET http://10.180.1.21/compute/v2.1/os-hypervisors/862bf867-3419-46c1-8cf8-caf2633a7bc7 2.712s
2025-11-22 08:32:41.369 66686 INFO tempest.lib.common.rest_client [req-7560134b-420b-4ad5-92af-961dff469e62 req-7560134b-420b-4ad5-92af-961dff469e62 ] Request (ImagesMetadataTestJSON:test_list_image_metadata): 200 GET http://10.180.1.21/compute/v2.1/images/8d75ea08-b208-406a-be1a-bdea301fcbc4/metadata 2.724s
2025-11-22 08:32:41.380 66682 INFO tempest.lib.common.rest_client [req-e28ee69e-880e-4f0c-958d-c9adc53da784 req-e28ee69e-880e-4f0c-958d-c9adc53da784 ] Request (ServicesAdminNegativeV253TestJSON:test_get_service_with_valid_service_and_invalid_host): 200 GET http://10.180.1.21/compute/v2.1/os-services 2.700s
2025-11-22 08:32:41.393 66646 INFO tempest.lib.common.rest_client [req-5dd0b021-c0b9-4a96-86bc-ee533271326e req-5dd0b021-c0b9-4a96-86bc-ee533271326e ] Request (KeyPairsV210TestJSON:test_admin_manage_keypairs_for_other_users): 200 GET http://10.180.1.21/compute/v2.1/os-keypairs?user_id=272dd3139f8a445994d9f18c71ed31c9 2.648s
2025-11-22 08:32:41.401 66656 INFO tempest.lib.common.rest_client [req-57b091d7-c1b7-4cc3-b030-17388a75f539 req-57b091d7-c1b7-4cc3-b030-17388a75f539 ] Request (FlavorsExtraSpecsTestJSON:test_flavor_set_get_update_show_unset_keys): 200 DELETE http://10.180.1.21/compute/v2.1/flavors/1879896256/os-extra_specs/hw:numa_nodes 2.631s
2025-11-22 08:32:41.420 66642 INFO tempest.lib.common.rest_client [req-772a9395-fab1-4458-8650-41b444cf1510 req-772a9395-fab1-4458-8650-41b444cf1510 ] Request (AggregatesAdminNegativeTestJSON:test_aggregate_add_non_exist_host): 200 POST http://10.180.1.21/compute/v2.1/os-aggregates 2.540s
2025-11-22 08:32:41.527 66644 INFO tempest.lib.common.rest_client [req-48502dd2-545c-46d4-a58d-17186064d65b req-48502dd2-545c-46d4-a58d-17186064d65b ] Request (VolumesAssistedSnapshotsTest:test_volume_assisted_snapshot_create_delete): 200 GET http://10.180.1.21/compute/v2.1/servers/2da07645-640d-49ee-87ec-711b9c2d56ee 2.074s
2025-11-22 08:32:41.533 66672 INFO tempest.lib.common.rest_client [req-b98d6bfa-87ea-44e8-8cb3-bb946d8e8d88 req-b98d6bfa-87ea-44e8-8cb3-bb946d8e8d88 ] Request (ServersTestFqdnHostnames:setUpClass): 200 PUT http://10.180.1.21/networking/v2.0/routers/06b26488-0796-4997-be55-5f91826f9171/add_router_interface 0.940s
2025-11-22 08:32:41.533 66672 INFO tempest.lib.common.dynamic_creds [-] Created isolated network resources for: credentials: Credentials: {'domain_id': 'default', 'domain_name': 'Default', 'username': 'tempest-ServersTestFqdnHostnames-1500831721-project-member', 'project_domain_id': 'default', 'project_domain_name': 'Default', 'project_id': '3b530663e1964957bf67dfeb45bb219f', 'project_name': 'tempest-ServersTestFqdnHostnames-1500831721', 'tenant_id': '3b530663e1964957bf67dfeb45bb219f', 'tenant_name': 'tempest-ServersTestFqdnHostnames-1500831721', 'user_domain_id': 'default', 'user_domain_name': 'Default', 'user_id': 'cd177b0118ed422bbcdc67c7c37d8b17', 'system': None}, Network: {'id': 'a68dc496-8983-443d-a891-ca1372cb7f6b', 'name': 'tempest-ServersTestFqdnHostnames-929641476-network', 'tenant_id': '3b530663e1964957bf67dfeb45bb219f', 'project_id': '3b530663e1964957bf67dfeb45bb219f', 'admin_state_up': True, 'mtu': 8950, 'status': 'ACTIVE', 'subnets': [], 'shared': False, 'port_security_enabled': True, 'router:external': False, 'provider:network_type': 'vlan', 'provider:physical_network': 'default', 'provider:segmentation_id': 608, 'availability_zone_hints': [], 'availability_zones': [], 'ipv4_address_scope': None, 'ipv6_address_scope': None, 'description': '', 'tags': [], 'created_at': '2025-11-22T08:32:39Z', 'updated_at': '2025-11-22T08:32:39Z', 'revision_number': 1}, Subnet: {'id': 'bc28d828-a1fc-45d7-801f-25d4e4e16e6a', 'name': 'tempest-ServersTestFqdnHostnames-929641476-subnet', 'tenant_id': '3b530663e1964957bf67dfeb45bb219f', 'network_id': 'a68dc496-8983-443d-a891-ca1372cb7f6b', 'ip_version': 4, 'subnetpool_id': None, 'enable_dhcp': True, 'ipv6_ra_mode': None, 'ipv6_address_mode': None, 'gateway_ip': '192.168.128.1', 'cidr': '192.168.128.0/28', 'allocation_pools': [{'start': '192.168.128.2', 'end': '192.168.128.14'}], 'host_routes': [], 'dns_nameservers': [], 'description': '', 'router:external': False, 'service_types': [], 'tags': [], 'created_at': '2025-11-22T08:32:39Z', 'updated_at': '2025-11-22T08:32:39Z', 'revision_number': 0, 'project_id': '3b530663e1964957bf67dfeb45bb219f'}, Router: {'id': '06b26488-0796-4997-be55-5f91826f9171', 'name': 'tempest-ServersTestFqdnHostnames-929641476-router', 'tenant_id': '3b530663e1964957bf67dfeb45bb219f', 'admin_state_up': True, 'status': 'ACTIVE', 'external_gateway_info': {'network_id': '1aae25df-1724-47e6-a3f0-56e941ded227', 'external_fixed_ips': [{'subnet_id': 'a0b1ff83-f3e0-4f3c-9315-ceb806f47a75', 'ip_address': '10.180.180.145'}], 'enable_snat': True}, 'description': '', 'availability_zones': [], 'distributed': False, 'ha': False, 'availability_zone_hints': [], 'routes': [], 'flavor_id': None, 'tags': [], 'created_at': '2025-11-22T08:32:39Z', 'updated_at': '2025-11-22T08:32:40Z', 'revision_number': 2, 'project_id': '3b530663e1964957bf67dfeb45bb219f'}
2025-11-22 08:32:41.545 66638 INFO tempest.lib.common.rest_client [req-4ad1e4cc-06a5-4161-8cba-3b7bbb987ca8 req-4ad1e4cc-06a5-4161-8cba-3b7bbb987ca8 ] Request (HypervisorAdminNegativeTestJSON:tearDownClass): 204 DELETE http://10.180.1.21/identity/v3/users/0bb7a6d57977445582e0cc029fd5e1df 0.187s
2025-11-22 08:32:41.554 66634 INFO tempest.lib.common.rest_client [req-7e5bbdbc-512c-4d35-9115-b2190afb80fe req-7e5bbdbc-512c-4d35-9115-b2190afb80fe ] Request (DeleteServersAdminTestJSON:test_admin_delete_servers_of_others): 200 GET http://10.180.1.21/compute/v2.1/servers/39526b86-96e4-4a7e-b436-c9af0a5833d5 2.425s
2025-11-22 08:32:41.555 66680 INFO tempest.lib.common.rest_client [req-dbd02e6b-4c4e-478d-9e58-bc1370b33f89 req-dbd02e6b-4c4e-478d-9e58-bc1370b33f89 ] Request (FlavorsV2TestJSON:test_list_flavors_filter_by_min_disk): 200 GET http://10.180.1.21/compute/v2.1/flavors?minDisk=2 2.034s
2025-11-22 08:32:41.559 66652 INFO tempest.lib.common.rest_client [req-d6131804-47c3-4d86-9daf-5001fe925594 req-d6131804-47c3-4d86-9daf-5001fe925594 ] Request (HostsAdminNegativeTestJSON:test_update_host_with_invalid_maintenance_mode): 400 PUT http://10.180.1.21/compute/v2.1/os-hosts/devstack 2.028s
2025-11-22 08:32:41.568 66666 INFO tempest.lib.common.rest_client [req-cd209ee1-c257-46f4-9c7a-507c1e7cfe6b req-cd209ee1-c257-46f4-9c7a-507c1e7cfe6b ] Request (FlavorsExtraSpecsNegativeTestJSON:test_flavor_update_more_key): 400 PUT http://10.180.1.21/compute/v2.1/flavors/589009720/os-extra_specs/hw:numa_nodes 2.013s
2025-11-22 08:32:41.577 66664 INFO tempest.lib.common.rest_client [req-d39debf1-bcc2-466e-a053-c19e7094201e req-d39debf1-bcc2-466e-a053-c19e7094201e ] Request (KeyPairsV2TestJSON:_run_cleanups): 202 DELETE http://10.180.1.21/compute/v2.1/os-keypairs/tempest-KeyPairsV2TestJSON-keypair-1515562523 2.030s
2025-11-22 08:32:41.584 66674 INFO tempest.lib.common.rest_client [req-b90d51f8-4513-4863-8f7f-ce1256672b4a req-b90d51f8-4513-4863-8f7f-ce1256672b4a ] Request (FlavorsAccessTestJSON:test_flavor_access_list_with_private_flavor): 200 GET http://10.180.1.21/compute/v2.1/flavors/609369182/os-flavor-access 2.014s
2025-11-22 08:32:41.603 66655 INFO tempest.lib.common.rest_client [req-ab3f9110-249c-4f67-b242-34dcdb694abb req-ab3f9110-249c-4f67-b242-34dcdb694abb ] Request (FlavorsAccessNegativeTestJSON:_run_cleanups): 202 DELETE http://10.180.1.21/compute/v2.1/flavors/1538807812 1.993s
2025-11-22 08:32:41.624 66648 INFO tempest.lib.common.rest_client [req-fbe8cbd7-da60-4f33-9b5c-ab5daf437082 req-fbe8cbd7-da60-4f33-9b5c-ab5daf437082 ] Request (HostsAdminTestJSON:test_show_host_detail): 200 GET http://10.180.1.21/compute/v2.1/os-hosts/cpu-1 2.026s
2025-11-22 08:32:41.624 66672 INFO tempest.lib.common.rest_client [req-18af6366-951b-4be7-9c11-7b763911f4ff req-18af6366-951b-4be7-9c11-7b763911f4ff ] Request (ServersTestFqdnHostnames:setUpClass): 201 POST http://10.180.1.21/identity/v3/auth/tokens 0.083s
2025-11-22 08:32:41.653 66638 INFO tempest.lib.common.rest_client [req-85cd6b8f-5903-4068-9885-298036c02fbf req-85cd6b8f-5903-4068-9885-298036c02fbf ] Request (HypervisorAdminNegativeTestJSON:tearDownClass): 204 DELETE http://10.180.1.21/identity/v3/users/74de8723888a4b04be45e7effb1f5893 0.107s
2025-11-22 08:32:41.653 66638 INFO tempest.lib.common.dynamic_creds [-] Deleting project and security group for project: 10b0627c6895405a90dab4fbae2f45d4
2025-11-22 08:32:41.776 66660 INFO tempest.lib.common.rest_client [req-65b50616-3f17-494c-a580-e7dae69a3fa1 req-65b50616-3f17-494c-a580-e7dae69a3fa1 ] Request (QuotasAdminTestJSON:test_get_updated_quotas): 200 GET http://10.180.1.21/compute/v2.1/os-quota-sets/b79f3f99d9f44e1189756a003ce6e2f7?user_id=81f6e92be3454361bb6c1c999d65d68c 1.961s
2025-11-22 08:32:41.847 66638 INFO tempest.lib.common.rest_client [req-459d2514-e006-4b77-bca4-03f713b8098a req-459d2514-e006-4b77-bca4-03f713b8098a ] Request (HypervisorAdminNegativeTestJSON:tearDownClass): 201 POST http://10.180.1.21/identity/v3/auth/tokens 0.194s
2025-11-22 08:32:41.873 66648 INFO tempest.lib.common.rest_client [req-bee1ed6e-5d2c-43c6-bba7-b225bf2da6b7 req-bee1ed6e-5d2c-43c6-bba7-b225bf2da6b7 ] Request (HostsAdminTestJSON:tearDownClass): 204 DELETE http://10.180.1.21/identity/v3/users/7d7bd55d972748e6ae8ea717320444d5 0.245s
2025-11-22 08:32:41.952 66660 INFO tempest.lib.common.rest_client [req-1a0e12f7-2a73-4c1f-9ce6-b4db5ce043b5 req-1a0e12f7-2a73-4c1f-9ce6-b4db5ce043b5 ] Request (QuotasAdminTestJSON:_run_cleanups): 204 DELETE http://10.180.1.21/identity/v3/users/81f6e92be3454361bb6c1c999d65d68c 0.171s
2025-11-22 08:32:41.976 66648 INFO tempest.lib.common.rest_client [req-4a51450a-ffb0-4877-b11f-03671a669b93 req-4a51450a-ffb0-4877-b11f-03671a669b93 ] Request (HostsAdminTestJSON:tearDownClass): 204 DELETE http://10.180.1.21/identity/v3/users/a6d7ac2c5cb44c6fb3457684153ac001 0.103s
2025-11-22 08:32:41.976 66648 INFO tempest.lib.common.dynamic_creds [-] Deleting project and security group for project: 067c576f49ac476ca2d692ed488c6203
2025-11-22 08:32:41.980 66630 INFO tempest.lib.common.rest_client [req-79f93ec2-9660-467c-be16-9b1cbbe86bdd req-79f93ec2-9660-467c-be16-9b1cbbe86bdd ] Request (ServerActionsTestJSON:setUpClass): 200 GET http://10.180.1.21/compute/v2.1/servers/6092fbd5-9477-4fe6-a9c8-3b8df346592f 1.473s
2025-11-22 08:32:42.145 66676 INFO tempest.lib.common.rest_client [req-1689be46-ec28-44f0-8a31-dab68e202df1 req-1689be46-ec28-44f0-8a31-dab68e202df1 ] Request (ServerDiagnosticsNegativeTest:test_get_server_diagnostics_by_non_admin): 202 POST http://10.180.1.21/compute/v2.1/servers 2.141s
2025-11-22 08:32:42.155 66648 INFO tempest.lib.common.rest_client [req-a86ddc6f-d1c0-401f-9414-95502a22e99d req-a86ddc6f-d1c0-401f-9414-95502a22e99d ] Request (HostsAdminTestJSON:tearDownClass): 201 POST http://10.180.1.21/identity/v3/auth/tokens 0.177s
2025-11-22 08:32:42.190 66690 INFO tempest.lib.common.rest_client [req-f700ac18-a8a3-4e26-a855-bc3945efce32 req-f700ac18-a8a3-4e26-a855-bc3945efce32 ] Request (ListImageFiltersTestJSON:setUpClass): 200 GET http://10.180.1.21/compute/v2.1/images/e5f33921-c12b-4383-afab-8249b023e336 1.498s
2025-11-22 08:32:42.191 66660 INFO tempest.lib.common.rest_client [req-fcb0e327-ee24-4574-a83e-878b7166bf67 req-fcb0e327-ee24-4574-a83e-878b7166bf67 ] Request (QuotasAdminTestJSON:_run_cleanups): 204 DELETE http://10.180.1.21/identity/v3/projects/b79f3f99d9f44e1189756a003ce6e2f7 0.239s
2025-11-22 08:32:42.274 66690 INFO tempest.lib.common.rest_client [req-ff65a5fd-e6e4-4865-b88b-b5e6df11d9c5 req-ff65a5fd-e6e4-4865-b88b-b5e6df11d9c5 ] Request (ListImageFiltersTestJSON:setUpClass): 201 POST http://10.180.1.21/identity/v3/auth/tokens 0.076s
2025-11-22 08:32:42.274 66690 INFO tempest.lib.common.fixed_network [-] (ListImageFiltersTestJSON:setUpClass) Found network None available for tenant
2025-11-22 08:32:42.295 66638 INFO tempest.lib.common.rest_client [req-9cde63e2-edd9-4572-97d1-fc110e77da09 req-9cde63e2-edd9-4572-97d1-fc110e77da09 ] Request (HypervisorAdminNegativeTestJSON:tearDownClass): 200 GET http://10.180.1.21/networking/v2.0/security-groups?tenant_id=10b0627c6895405a90dab4fbae2f45d4&name=default 0.447s
2025-11-22 08:32:42.336 66628 INFO tempest.lib.common.rest_client [req-9a41d935-7d3b-49dd-8223-3433ed01e1d1 req-9a41d935-7d3b-49dd-8223-3433ed01e1d1 ] Request (ServerDiagnosticsTest:test_get_server_diagnostics): 200 GET http://10.180.1.21/compute/v2.1/servers/00a1cb6d-8417-4e15-a093-16eec1ba3425 1.715s
2025-11-22 08:32:42.380 66636 INFO tempest.lib.common.rest_client [req-8ac7634c-786e-4b2e-be69-84de10126ebd req-8ac7634c-786e-4b2e-be69-84de10126ebd ] Request (ServersTestBootFromVolume:setUpClass): 200 GET http://10.180.1.21/volume/v3/volumes/68181948-15db-4e2e-9001-5f420fd00bb6 0.035s
2025-11-22 08:32:42.387 66688 INFO tempest.lib.common.rest_client [req-2eb1d646-59b4-4e74-932f-2e14cb3344b0 req-2eb1d646-59b4-4e74-932f-2e14cb3344b0 ] Request (ValidationResourcesFixture:setUp): 200 POST http://10.180.1.21/compute/v2.1/os-keypairs 1.104s
2025-11-22 08:32:42.490 66638 INFO tempest.lib.common.rest_client [req-9e2799f8-4ac9-42a0-8f52-cebcda764337 req-9e2799f8-4ac9-42a0-8f52-cebcda764337 ] Request (HypervisorAdminNegativeTestJSON:tearDownClass): 204 DELETE http://10.180.1.21/networking/v2.0/security-groups/de101411-a831-4e7d-8aec-1a1f6c50b8ac 0.195s
2025-11-22 08:32:42.494 66648 INFO tempest.lib.common.rest_client [req-0ffd9be5-5b2b-4387-956c-e9941b2bc241 req-0ffd9be5-5b2b-4387-956c-e9941b2bc241 ] Request (HostsAdminTestJSON:tearDownClass): 200 GET http://10.180.1.21/networking/v2.0/security-groups?tenant_id=067c576f49ac476ca2d692ed488c6203&name=default 0.339s
2025-11-22 08:32:42.590 66638 INFO tempest.lib.common.rest_client [req-924facb7-707d-4568-8554-4bdf3215f2a4 req-924facb7-707d-4568-8554-4bdf3215f2a4 ] Request (HypervisorAdminNegativeTestJSON:tearDownClass): 204 DELETE http://10.180.1.21/identity/v3/projects/10b0627c6895405a90dab4fbae2f45d4 0.099s
2025-11-22 08:32:42.590 66638 INFO tempest.lib.common.dynamic_creds [-] Deleting project and security group for project: 5c53195431e74a66ad98b81064fec820
2025-11-22 08:32:42.608 66650 INFO tempest.lib.common.rest_client [req-4f7987a3-dc1f-40af-a689-010f7d86646f req-4f7987a3-dc1f-40af-a689-010f7d86646f ] Request (TenantUsagesTestJSON:setUpClass): 200 GET http://10.180.1.21/compute/v2.1/servers/e7f4d05e-9aff-494d-9d10-a1dd9bd3959a 1.323s
2025-11-22 08:32:42.637 66671 INFO tempest.lib.common.rest_client [req-0e839c20-cd90-40af-aba6-2e7215b64e1e req-0e839c20-cd90-40af-aba6-2e7215b64e1e ] Request (FlavorsAdminTestJSON:_run_cleanups): 202 DELETE http://10.180.1.21/compute/v2.1/flavors/1487518137 1.311s
2025-11-22 08:32:42.696 66688 INFO tempest.lib.common.rest_client [req-ece67a33-c3dc-4c8f-8209-4589baec6220 req-ece67a33-c3dc-4c8f-8209-4589baec6220 ] Request (ValidationResourcesFixture:setUp): 201 POST http://10.180.1.21/networking/v2.0/security-groups 0.306s
2025-11-22 08:32:42.718 66648 INFO tempest.lib.common.rest_client [req-8610058f-cd3c-4518-8f22-1ceb66429f2d req-8610058f-cd3c-4518-8f22-1ceb66429f2d ] Request (HostsAdminTestJSON:tearDownClass): 204 DELETE http://10.180.1.21/networking/v2.0/security-groups/7f4e26bd-abae-4990-a651-5f2c8b733a4d 0.223s
2025-11-22 08:32:42.867 66686 INFO tempest.lib.common.rest_client [req-630a499b-90c5-40f3-990e-c037ed5de830 req-630a499b-90c5-40f3-990e-c037ed5de830 ] Request (ImagesMetadataTestJSON:setUp): 200 PUT http://10.180.1.21/compute/v2.1/images/8d75ea08-b208-406a-be1a-bdea301fcbc4/metadata 1.496s
2025-11-22 08:32:42.892 66648 INFO tempest.lib.common.rest_client [req-658dc328-723a-4d36-bfdd-576b82dc65cb req-658dc328-723a-4d36-bfdd-576b82dc65cb ] Request (HostsAdminTestJSON:tearDownClass): 204 DELETE http://10.180.1.21/identity/v3/projects/067c576f49ac476ca2d692ed488c6203 0.173s
2025-11-22 08:32:42.892 66648 INFO tempest.lib.common.dynamic_creds [-] Deleting project and security group for project: 8f1d855652544361846137de9a5563dc
2025-11-22 08:32:42.897 66682 INFO tempest.lib.common.rest_client [req-b8f59a39-6fa8-4ea6-b85c-f5bc6c42e766 req-b8f59a39-6fa8-4ea6-b85c-f5bc6c42e766 ] Request (ServicesAdminNegativeV253TestJSON:test_get_service_with_valid_service_and_invalid_host): 200 GET http://10.180.1.21/compute/v2.1/os-services?host=xxx&binary=nova-scheduler 1.513s
2025-11-22 08:32:42.920 66646 INFO tempest.lib.common.rest_client [req-ad64097c-23c6-4d8e-b32a-9130a59960a2 req-ad64097c-23c6-4d8e-b32a-9130a59960a2 ] Request (KeyPairsV210TestJSON:_run_cleanups): 204 DELETE http://10.180.1.21/compute/v2.1/os-keypairs/tempest-KeyPairsV210TestJSON-keypair-1433241012 1.525s
2025-11-22 08:32:42.947 66688 INFO tempest.lib.common.rest_client [req-363bf772-1595-4e85-b94f-83a925e6083d req-363bf772-1595-4e85-b94f-83a925e6083d ] Request (ValidationResourcesFixture:setUp): 201 POST http://10.180.1.21/networking/v2.0/security-group-rules 0.251s
2025-11-22 08:32:42.957 66638 INFO tempest.lib.common.rest_client [req-42c667cd-d6d2-41aa-a392-5033ad822484 req-42c667cd-d6d2-41aa-a392-5033ad822484 ] Request (HypervisorAdminNegativeTestJSON:tearDownClass): 200 GET http://10.180.1.21/networking/v2.0/security-groups?tenant_id=5c53195431e74a66ad98b81064fec820&name=default 0.363s
2025-11-22 08:32:42.967 66656 INFO tempest.lib.common.rest_client [req-54c25b97-d60f-464d-94a9-fc7c4a4d4fba req-54c25b97-d60f-464d-94a9-fc7c4a4d4fba ] Request (FlavorsExtraSpecsTestJSON:test_flavor_set_get_update_show_unset_keys): 200 DELETE http://10.180.1.21/compute/v2.1/flavors/1879896256/os-extra_specs/hw:cpu_policy 1.565s
2025-11-22 08:32:42.994 66642 INFO tempest.lib.common.rest_client [req-76187019-0ca6-4990-a546-a25cc5f63e42 req-76187019-0ca6-4990-a546-a25cc5f63e42 ] Request (AggregatesAdminNegativeTestJSON:test_aggregate_add_non_exist_host): 404 POST http://10.180.1.21/compute/v2.1/os-aggregates/3/action 1.570s
2025-11-22 08:32:43.012 66680 INFO tempest.lib.common.rest_client [req-b648d4d2-4e1a-46ff-8dfa-5a68c86ad96b req-b648d4d2-4e1a-46ff-8dfa-5a68c86ad96b ] Request (FlavorsV2TestJSON:test_list_flavors_filter_by_min_ram): 200 GET http://10.180.1.21/compute/v2.1/flavors/42 1.452s
2025-11-22 08:32:43.017 66652 INFO tempest.lib.common.rest_client [req-9aa79e23-ea4e-431b-96ec-6fa933bf64b6 req-9aa79e23-ea4e-431b-96ec-6fa933bf64b6 ] Request (HostsAdminNegativeTestJSON:test_update_host_with_invalid_status): 400 PUT http://10.180.1.21/compute/v2.1/os-hosts/devstack 1.456s
2025-11-22 08:32:43.056 66666 INFO tempest.lib.common.rest_client [req-5daab08d-dce9-4cee-90e0-c6373401a32a req-5daab08d-dce9-4cee-90e0-c6373401a32a ] Request (FlavorsExtraSpecsNegativeTestJSON:tearDownClass): 202 DELETE http://10.180.1.21/compute/v2.1/flavors/589009720 1.486s
2025-11-22 08:32:43.075 66664 INFO tempest.lib.common.rest_client [req-d603c34b-67f3-41a5-bf83-09c084e25a5d req-d603c34b-67f3-41a5-bf83-09c084e25a5d ] Request (KeyPairsV2TestJSON:_run_cleanups): 202 DELETE http://10.180.1.21/compute/v2.1/os-keypairs/tempest-KeyPairsV2TestJSON-keypair-1680350278 1.497s
2025-11-22 08:32:43.095 66674 INFO tempest.lib.common.rest_client [req-3e4bd149-9cdd-4d22-b63a-993ecf6b9a8a req-3e4bd149-9cdd-4d22-b63a-993ecf6b9a8a ] Request (FlavorsAccessTestJSON:_run_cleanups): 202 DELETE http://10.180.1.21/compute/v2.1/flavors/609369182 1.510s
2025-11-22 08:32:43.123 66655 INFO tempest.lib.common.rest_client [req-dbf3ecc5-d9c9-44aa-9bce-6b6f3c387e80 req-dbf3ecc5-d9c9-44aa-9bce-6b6f3c387e80 ] Request (FlavorsAccessNegativeTestJSON:_run_cleanups): 200 GET http://10.180.1.21/compute/v2.1/flavors/detail 1.519s
2025-11-22 08:32:43.161 66688 INFO tempest.lib.common.rest_client [req-eece0a70-c85e-4052-95e4-6007ad37977e req-eece0a70-c85e-4052-95e4-6007ad37977e ] Request (ValidationResourcesFixture:setUp): 201 POST http://10.180.1.21/networking/v2.0/security-group-rules 0.213s
2025-11-22 08:32:43.180 66648 INFO tempest.lib.common.rest_client [req-8e71746a-4d8a-4b59-b747-f118c8459755 req-8e71746a-4d8a-4b59-b747-f118c8459755 ] Request (HostsAdminTestJSON:tearDownClass): 200 GET http://10.180.1.21/networking/v2.0/security-groups?tenant_id=8f1d855652544361846137de9a5563dc&name=default 0.287s
2025-11-22 08:32:43.298 66638 INFO tempest.lib.common.rest_client [req-b02f9fde-8153-485e-a8c7-c64cbac42156 req-b02f9fde-8153-485e-a8c7-c64cbac42156 ] Request (HypervisorAdminNegativeTestJSON:tearDownClass): 204 DELETE http://10.180.1.21/networking/v2.0/security-groups/f626d43f-11a7-4d12-91a1-12d2822bb0b4 0.341s
2025-11-22 08:32:43.406 66672 INFO tempest.lib.common.rest_client [req-84a44a7a-7d95-481a-9311-d76ba4db1ec7 req-84a44a7a-7d95-481a-9311-d76ba4db1ec7 ] Request (ServersTestFqdnHostnames:test_create_server_with_fqdn_name): 200 POST http://10.180.1.21/compute/v2.1/os-keypairs 1.779s
2025-11-22 08:32:43.430 66636 INFO tempest.lib.common.rest_client [req-02a2d36d-b408-4356-a812-307e3eb28352 req-02a2d36d-b408-4356-a812-307e3eb28352 ] Request (ServersTestBootFromVolume:setUpClass): 200 GET http://10.180.1.21/volume/v3/volumes/68181948-15db-4e2e-9001-5f420fd00bb6 0.037s
2025-11-22 08:32:43.442 66638 INFO tempest.lib.common.rest_client [req-e0ecfbf2-adbb-4489-8a60-448047974425 req-e0ecfbf2-adbb-4489-8a60-448047974425 ] Request (HypervisorAdminNegativeTestJSON:tearDownClass): 204 DELETE http://10.180.1.21/identity/v3/projects/5c53195431e74a66ad98b81064fec820 0.143s
2025-11-22 08:32:43.479 66648 INFO tempest.lib.common.rest_client [req-d76c90d5-d745-430b-9b46-cc0a59461123 req-d76c90d5-d745-430b-9b46-cc0a59461123 ] Request (HostsAdminTestJSON:tearDownClass): 204 DELETE http://10.180.1.21/networking/v2.0/security-groups/4a72aaf2-a420-4492-8c68-655632510b16 0.299s
2025-11-22 08:32:43.525 66638 INFO tempest.lib.common.rest_client [req-fcdfff22-06ba-4423-9cbe-c2131e7e3c6a req-fcdfff22-06ba-4423-9cbe-c2131e7e3c6a ] Request (QuotaClassesAdmin257Test:setUpClass): 201 POST http://10.180.1.21/identity/v3/auth/tokens 0.081s
2025-11-22 08:32:43.566 66638 INFO tempest.lib.common.rest_client [req-98de0dd8-d875-4cfb-bd0c-71f276340ded req-98de0dd8-d875-4cfb-bd0c-71f276340ded ] Request (QuotaClassesAdmin257Test:setUpClass): 201 POST http://10.180.1.21/identity/v3/auth/tokens 0.034s
2025-11-22 08:32:43.611 66648 INFO tempest.lib.common.rest_client [req-9b6a1380-abd9-4b21-abf1-38ef5c4eab0b req-9b6a1380-abd9-4b21-abf1-38ef5c4eab0b ] Request (HostsAdminTestJSON:tearDownClass): 204 DELETE http://10.180.1.21/identity/v3/projects/8f1d855652544361846137de9a5563dc 0.132s
2025-11-22 08:32:43.658 66638 INFO tempest.lib.common.rest_client [req-206542bf-df9b-4ec2-978f-613d1001580a req-206542bf-df9b-4ec2-978f-613d1001580a ] Request (QuotaClassesAdmin257Test:setUpClass): 200 GET http://10.180.1.21/identity/v3/domains?name=Default 0.092s
2025-11-22 08:32:43.672 66640 INFO tempest.lib.common.rest_client [req-3bb6a7c6-e6d3-4813-808e-0823e2113c10 req-3bb6a7c6-e6d3-4813-808e-0823e2113c10 ] Request (ServersV294TestFqdnHostnames:setUpClass): 202 POST http://10.180.1.21/compute/v2.1/servers 2.644s
2025-11-22 08:32:43.699 66648 INFO tempest.lib.common.rest_client [req-4310b0b1-aff7-45dc-8c94-b7b8a25d9341 req-4310b0b1-aff7-45dc-8c94-b7b8a25d9341 ] Request (HypervisorAdminV253TestBase:setUpClass): 201 POST http://10.180.1.21/identity/v3/auth/tokens 0.086s
2025-11-22 08:32:43.707 66638 INFO tempest.lib.common.rest_client [req-d1df5848-4c59-4eb8-bd66-4c18cf307f3e req-d1df5848-4c59-4eb8-bd66-4c18cf307f3e ] Request (QuotaClassesAdmin257Test:setUpClass): 201 POST http://10.180.1.21/identity/v3/projects 0.047s
2025-11-22 08:32:43.785 66648 INFO tempest.lib.common.rest_client [req-7f535f60-f89e-401f-97b3-5f99928f2ae0 req-7f535f60-f89e-401f-97b3-5f99928f2ae0 ] Request (HypervisorAdminV253TestBase:setUpClass): 201 POST http://10.180.1.21/identity/v3/auth/tokens 0.081s
2025-11-22 08:32:43.809 66638 INFO tempest.lib.common.rest_client [req-af41a13f-1cd7-469d-8221-f77661ceb8df req-af41a13f-1cd7-469d-8221-f77661ceb8df ] Request (QuotaClassesAdmin257Test:setUpClass): 201 POST http://10.180.1.21/identity/v3/users 0.102s
2025-11-22 08:32:43.813 66648 INFO tempest.lib.common.rest_client [req-87f4150f-cea6-4d00-86e5-d29e28ed9a8b req-87f4150f-cea6-4d00-86e5-d29e28ed9a8b ] Request (HypervisorAdminV253TestBase:setUpClass): 200 GET http://10.180.1.21/identity/v3/domains?name=Default 0.027s
2025-11-22 08:32:43.835 66638 INFO tempest.lib.common.rest_client [req-afb1c2a6-bec3-493e-a176-b4fd7e96021b req-afb1c2a6-bec3-493e-a176-b4fd7e96021b ] Request (QuotaClassesAdmin257Test:setUpClass): 200 GET http://10.180.1.21/identity/v3/roles 0.025s
2025-11-22 08:32:43.837 66688 INFO tempest.lib.common.rest_client [req-ce41eadb-1247-4c93-bb83-177d47657834 req-ce41eadb-1247-4c93-bb83-177d47657834 ] Request (ValidationResourcesFixture:setUp): 201 POST http://10.180.1.21/networking/v2.0/floatingips 0.675s
2025-11-22 08:32:43.842 66648 INFO tempest.lib.common.rest_client [req-1a7fd912-5382-42d3-acb8-88c72ce73d23 req-1a7fd912-5382-42d3-acb8-88c72ce73d23 ] Request (HypervisorAdminV253TestBase:setUpClass): 201 POST http://10.180.1.21/identity/v3/projects 0.029s
2025-11-22 08:32:43.918 66638 INFO tempest.lib.common.rest_client [req-3a0039c9-ba93-4acb-899e-54e6ae8796a4 req-3a0039c9-ba93-4acb-899e-54e6ae8796a4 ] Request (QuotaClassesAdmin257Test:setUpClass): 204 PUT http://10.180.1.21/identity/v3/projects/f1432a30a714472c8fca60d573a5cdb2/users/094592c70a1440758aaa5db0bcd6b651/roles/2d2df2fdc0e249cc8b4bc54cf949fd33 0.083s
2025-11-22 08:32:43.919 66638 INFO tempest.lib.common.dynamic_creds [-] Dynamic test user 094592c70a1440758aaa5db0bcd6b651 is created with scope project and roles: ['member']
2025-11-22 08:32:43.919 66638 INFO tempest.lib.common.dynamic_creds [-] Acquired dynamic creds: credentials: Credentials: {'domain_id': 'default', 'domain_name': 'Default', 'username': 'tempest-QuotaClassesAdmin257Test-200333362-project-member', 'project_domain_id': 'default', 'project_domain_name': 'Default', 'project_id': 'f1432a30a714472c8fca60d573a5cdb2', 'project_name': 'tempest-QuotaClassesAdmin257Test-200333362', 'tenant_id': 'f1432a30a714472c8fca60d573a5cdb2', 'tenant_name': 'tempest-QuotaClassesAdmin257Test-200333362', 'user_domain_id': 'default', 'user_domain_name': 'Default', 'user_id': '094592c70a1440758aaa5db0bcd6b651', 'system': None}, Network: None, Subnet: None, Router: None
2025-11-22 08:32:43.919 66638 INFO tempest.lib.common.dynamic_creds [-] Created isolated network resources for: credentials: Credentials: {'domain_id': 'default', 'domain_name': 'Default', 'username': 'tempest-QuotaClassesAdmin257Test-200333362-project-member', 'project_domain_id': 'default', 'project_domain_name': 'Default', 'project_id': 'f1432a30a714472c8fca60d573a5cdb2', 'project_name': 'tempest-QuotaClassesAdmin257Test-200333362', 'tenant_id': 'f1432a30a714472c8fca60d573a5cdb2', 'tenant_name': 'tempest-QuotaClassesAdmin257Test-200333362', 'user_domain_id': 'default', 'user_domain_name': 'Default', 'user_id': '094592c70a1440758aaa5db0bcd6b651', 'system': None}, Network: None, Subnet: None, Router: None
2025-11-22 08:32:43.934 66648 INFO tempest.lib.common.rest_client [req-10516936-53df-4b19-a33f-4ce85b1f5bec req-10516936-53df-4b19-a33f-4ce85b1f5bec ] Request (HypervisorAdminV253TestBase:setUpClass): 201 POST http://10.180.1.21/identity/v3/users 0.091s
2025-11-22 08:32:43.973 66672 INFO tempest.lib.common.rest_client [req-4c4221a8-e704-42f8-8311-9e18b41b4166 req-4c4221a8-e704-42f8-8311-9e18b41b4166 ] Request (ServersTestFqdnHostnames:test_create_server_with_fqdn_name): 201 POST http://10.180.1.21/networking/v2.0/security-groups 0.565s
2025-11-22 08:32:43.992 66688 INFO tempest.lib.common.rest_client [req-0bf9a849-9228-453c-80f9-4fbb204c8e18 req-0bf9a849-9228-453c-80f9-4fbb204c8e18 ] Request (ServersWithSpecificFlavorTestJSON:test_verify_created_server_ephemeral_disk): 201 POST http://10.180.1.21/identity/v3/auth/tokens 0.147s
2025-11-22 08:32:43.992 66688 INFO tempest.lib.common.fixed_network [-] (ServersWithSpecificFlavorTestJSON:test_verify_created_server_ephemeral_disk) Found network {'id': '4feae56d-69a3-45fe-8aea-59d34fd40f63', 'name': 'tempest-ServersWithSpecificFlavorTestJSON-2099687098-network', 'tenant_id': '5ff26dcca801460ebbad5a72ecd82b89', 'project_id': '5ff26dcca801460ebbad5a72ecd82b89', 'admin_state_up': True, 'mtu': 8950, 'status': 'ACTIVE', 'subnets': [], 'shared': False, 'port_security_enabled': True, 'router:external': False, 'provider:network_type': 'vlan', 'provider:physical_network': 'default', 'provider:segmentation_id': 839, 'availability_zone_hints': [], 'availability_zones': [], 'ipv4_address_scope': None, 'ipv6_address_scope': None, 'description': '', 'tags': [], 'created_at': '2025-11-22T08:32:12Z', 'updated_at': '2025-11-22T08:32:12Z', 'revision_number': 1} available for tenant
