2025-12-10 00:12:57.971 67228 INFO tempest.lib.common.dynamic_creds [-] Created isolated network resources for: credentials: Credentials: {'domain_id': 'default', 'domain_name': 'Default', 'username': 'tempest-ServerAddressesNegativeTestJSON-1409701099-project-member', 'project_domain_id': 'default', 'project_domain_name': 'Default', 'project_id': '19bd760d22ca4001b714be17d0378943', 'project_name': 'tempest-ServerAddressesNegativeTestJSON-1409701099', 'tenant_id': '19bd760d22ca4001b714be17d0378943', 'tenant_name': 'tempest-ServerAddressesNegativeTestJSON-1409701099', 'user_domain_id': 'default', 'user_domain_name': 'Default', 'user_id': '6a7adc6469ca425a9025d2e1fe8ca982', 'system': None}, Network: {'id': '3fb824c0-8399-4d76-beb0-90dde6794a13', 'name': 'tempest-ServerAddressesNegativeTestJSON-19809768-network', 'tenant_id': '19bd760d22ca4001b714be17d0378943', 'project_id': '19bd760d22ca4001b714be17d0378943', 'admin_state_up': True, 'mtu': 8950, 'status': 'ACTIVE', 'subnets': [], 'shared': False, 'port_security_enabled': True, 'router:external': False, 'provider:network_type': 'vlan', 'provider:physical_network': 'default', 'provider:segmentation_id': 52, 'availability_zone_hints': [], 'availability_zones': [], 'ipv4_address_scope': None, 'ipv6_address_scope': None, 'description': '', 'tags': [], 'created_at': '2025-12-10T00:12:55Z', 'updated_at': '2025-12-10T00:12:55Z', 'revision_number': 1}, Subnet: {'id': '21cd1057-9594-4683-b941-361c28806106', 'name': 'tempest-ServerAddressesNegativeTestJSON-19809768-subnet', 'tenant_id': '19bd760d22ca4001b714be17d0378943', 'network_id': '3fb824c0-8399-4d76-beb0-90dde6794a13', 'ip_version': 4, 'subnetpool_id': None, 'enable_dhcp': True, 'ipv6_ra_mode': None, 'ipv6_address_mode': None, 'gateway_ip': '192.168.128.1', 'cidr': '192.168.128.0/28', 'allocation_pools': [{'start': '192.168.128.2', 'end': '192.168.128.14'}], 'host_routes': [], 'dns_nameservers': [], 'description': '', 'router:external': False, 'service_types': [], 'tags': [], 'created_at': '2025-12-10T00:12:55Z', 'updated_at': '2025-12-10T00:12:55Z', 'revision_number': 0, 'project_id': '19bd760d22ca4001b714be17d0378943'}, Router: {'id': 'e1506a11-e753-4eb6-9a7c-675454b2f97e', 'name': 'tempest-ServerAddressesNegativeTestJSON-19809768-router', 'tenant_id': '19bd760d22ca4001b714be17d0378943', 'admin_state_up': True, 'status': 'ACTIVE', 'external_gateway_info': {'network_id': '055700b3-505d-47ae-9f3a-2e2b619873da', 'external_fixed_ips': [{'subnet_id': 'b0884b49-c436-412d-83d6-d32280dac797', 'ip_address': '10.180.180.228'}], 'enable_snat': True}, 'description': '', 'availability_zones': [], 'distributed': False, 'ha': False, 'availability_zone_hints': [], 'routes': [], 'flavor_id': None, 'tags': [], 'created_at': '2025-12-10T00:12:56Z', 'updated_at': '2025-12-10T00:12:56Z', 'revision_number': 2, 'project_id': '19bd760d22ca4001b714be17d0378943'}
2025-12-10 00:12:58.040 67260 INFO tempest.lib.common.rest_client [req-29e234c3-8374-4105-a1f3-250bba4e9d65 req-29e234c3-8374-4105-a1f3-250bba4e9d65 ] Request (ServerTagsTestJSON:setUpClass): 201 POST http://10.180.1.21/networking/v2.0/networks 0.354s
2025-12-10 00:12:58.073 67228 INFO tempest.lib.common.rest_client [req-1c632416-0595-48fc-901f-1e842c83b177 req-1c632416-0595-48fc-901f-1e842c83b177 ] Request (ServerAddressesNegativeTestJSON:setUpClass): 201 POST http://10.180.1.21/identity/v3/auth/tokens 0.097s
2025-12-10 00:12:58.098 67252 INFO tempest.lib.common.rest_client [req-edc0c4c7-605f-4fe5-807c-326229cf16e0 req-edc0c4c7-605f-4fe5-807c-326229cf16e0 ] Request (MigrationsAdminTest:test_list_migrations_in_flavor_resize_situation): 200 GET http://10.180.1.21/compute/v2.1/servers/75b3a090-765f-4465-adaf-8aa991ef0b9f 2.934s
2025-12-10 00:12:58.118 67266 INFO tempest.lib.common.rest_client [req-82dc8aed-865e-40aa-ab32-e7962cc71d00 req-82dc8aed-865e-40aa-ab32-e7962cc71d00 ] Request (DeleteServersAdminTestJSON:test_admin_delete_servers_of_others): 200 GET http://10.180.1.21/compute/v2.1/servers/ecc5fcc6-af26-49b6-9992-87ca68821d22 2.891s
2025-12-10 00:12:58.137 67228 INFO tempest.lib.common.rest_client [req-33655e70-4aa3-43c5-ae08-e47dcf28ce2e req-33655e70-4aa3-43c5-ae08-e47dcf28ce2e ] Request (ServerAddressesNegativeTestJSON:setUpClass): 201 POST http://10.180.1.21/identity/v3/auth/tokens 0.060s
2025-12-10 00:12:58.137 67228 INFO tempest.lib.common.fixed_network [-] (ServerAddressesNegativeTestJSON:setUpClass) Found network {'id': '3fb824c0-8399-4d76-beb0-90dde6794a13', 'name': 'tempest-ServerAddressesNegativeTestJSON-19809768-network', 'tenant_id': '19bd760d22ca4001b714be17d0378943', 'project_id': '19bd760d22ca4001b714be17d0378943', 'admin_state_up': True, 'mtu': 8950, 'status': 'ACTIVE', 'subnets': [], 'shared': False, 'port_security_enabled': True, 'router:external': False, 'provider:network_type': 'vlan', 'provider:physical_network': 'default', 'provider:segmentation_id': 52, 'availability_zone_hints': [], 'availability_zones': [], 'ipv4_address_scope': None, 'ipv6_address_scope': None, 'description': '', 'tags': [], 'created_at': '2025-12-10T00:12:55Z', 'updated_at': '2025-12-10T00:12:55Z', 'revision_number': 1} available for tenant
2025-12-10 00:12:58.157 67234 INFO tempest.lib.common.rest_client [req-dc94bbe5-78c2-4397-a1a4-b498a36bacea req-dc94bbe5-78c2-4397-a1a4-b498a36bacea ] Request (AggregatesAdminNegativeTestJSON:test_aggregate_delete_as_user): 200 POST http://10.180.1.21/compute/v2.1/os-aggregates 2.813s
2025-12-10 00:12:58.332 67260 INFO tempest.lib.common.rest_client [req-a8c25791-6e40-444f-82f8-c91a8a02388a req-a8c25791-6e40-444f-82f8-c91a8a02388a ] Request (ServerTagsTestJSON:setUpClass): 201 POST http://10.180.1.21/networking/v2.0/subnets 0.291s
2025-12-10 00:12:58.362 67278 INFO tempest.lib.common.rest_client [req-6738daed-728d-4eb3-adf3-914bf1a4398a req-6738daed-728d-4eb3-adf3-914bf1a4398a ] Request (ServersV294TestFqdnHostnames:setUpClass): 200 GET http://10.180.1.21/compute/v2.1/servers/ef7d92f5-1a94-4370-836f-e256441db8e1 3.073s
2025-12-10 00:12:58.372 67236 INFO tempest.lib.common.rest_client [req-4ffae6cd-7d08-4568-8ea7-ff9624a754ae req-4ffae6cd-7d08-4568-8ea7-ff9624a754ae ] Request (ServersAdminTestJSON:setUpClass): 200 GET http://10.180.1.21/compute/v2.1/servers/c318782d-e995-450e-b2ac-d58143e071a8 2.955s
2025-12-10 00:12:58.374 67278 INFO tempest.common.waiters [-] State transition "BUILD/scheduling" ==> "BUILD/None" after 4 second wait
2025-12-10 00:12:58.545 67246 INFO tempest.lib.common.rest_client [req-3b5496e6-726f-497c-a6c4-eaacef3bae0e req-3b5496e6-726f-497c-a6c4-eaacef3bae0e ] Request (FlavorsAccessNegativeTestJSON:_run_cleanups): 200 POST http://10.180.1.21/compute/v2.1/flavors/1652685985/action 3.087s
2025-12-10 00:12:58.647 67224 INFO tempest.lib.common.rest_client [req-9cb4a1f6-465e-43d0-ad69-cb184b38fd69 req-9cb4a1f6-465e-43d0-ad69-cb184b38fd69 ] Request (FlavorsAdminTestJSON:test_create_list_flavor_without_extra_data): 200 GET http://10.180.1.21/compute/v2.1/flavors/detail 3.170s
2025-12-10 00:12:58.772 67256 INFO tempest.lib.common.rest_client [req-37e376cd-e5ea-4a0e-b7fc-a529afeb139f req-37e376cd-e5ea-4a0e-b7fc-a529afeb139f ] Request (AbsoluteLimitsNegativeTestJSON:test_max_metadata_exceed_limit): 200 GET http://10.180.1.21/compute/v2.1/limits 3.289s
2025-12-10 00:12:58.807 67238 INFO tempest.lib.common.rest_client [req-eff5049b-4602-4050-870a-6f7a83ec0bb3 req-eff5049b-4602-4050-870a-6f7a83ec0bb3 ] Request (HypervisorAdminTestJSON:test_get_hypervisor_stats): 200 GET http://10.180.1.21/compute/v2.1/os-hypervisors/statistics 3.306s
2025-12-10 00:12:58.834 67256 INFO tempest.lib.common.rest_client [req-32b3112e-40a0-46a4-a7d8-aa519578ece5 req-32b3112e-40a0-46a4-a7d8-aa519578ece5 ] Request (AbsoluteLimitsNegativeTestJSON:test_max_metadata_exceed_limit): 201 POST http://10.180.1.21/identity/v3/auth/tokens 0.052s
2025-12-10 00:12:58.835 67256 INFO tempest.lib.common.fixed_network [-] (AbsoluteLimitsNegativeTestJSON:test_max_metadata_exceed_limit) Found network None available for tenant
2025-12-10 00:12:58.903 67230 WARNING tempest.lib.common.ssh [-] Failed to establish authenticated ssh connection to cirros@10.180.180.239 ([Errno None] Unable to connect to port 22 on 10.180.180.239). Number attempts: 2. Retry after 3 seconds.: paramiko.ssh_exception.NoValidConnectionsError: [Errno None] Unable to connect to port 22 on 10.180.180.239
2025-12-10 00:12:58.940 67238 INFO tempest.lib.common.rest_client [req-6b500fde-9472-40ff-9659-c31a40368131 req-6b500fde-9472-40ff-9659-c31a40368131 ] Request (HypervisorAdminTestJSON:tearDownClass): 204 DELETE http://10.180.1.21/identity/v3/users/30e2dd6e64e6425788edd7268b2d5525 0.127s
2025-12-10 00:12:59.084 67238 INFO tempest.lib.common.rest_client [req-9e6177a9-b69f-4d28-9733-0a82b039bae9 req-9e6177a9-b69f-4d28-9733-0a82b039bae9 ] Request (HypervisorAdminTestJSON:tearDownClass): 204 DELETE http://10.180.1.21/identity/v3/users/a0c7eb2b13304251a5ef7422767eb39e 0.143s
2025-12-10 00:12:59.084 67238 INFO tempest.lib.common.dynamic_creds [-] Deleting project and security group for project: 1b1ac153b1a642efa18b6729ccf7b38d
2025-12-10 00:12:59.194 67238 INFO tempest.lib.common.rest_client [req-492dfccb-3186-4ffe-a122-405893524921 req-492dfccb-3186-4ffe-a122-405893524921 ] Request (HypervisorAdminTestJSON:tearDownClass): 201 POST http://10.180.1.21/identity/v3/auth/tokens 0.110s
2025-12-10 00:12:59.261 67260 INFO tempest.lib.common.rest_client [req-33e497e4-83aa-413d-9d21-c7a8e676af39 req-33e497e4-83aa-413d-9d21-c7a8e676af39 ] Request (ServerTagsTestJSON:setUpClass): 201 POST http://10.180.1.21/networking/v2.0/routers 0.928s
2025-12-10 00:12:59.289 67262 INFO tempest.lib.common.rest_client [req-3c177552-e31b-433c-b23e-3ae8eeb17f23 req-3c177552-e31b-433c-b23e-3ae8eeb17f23 ] Request (ServerActionsTestOtherB:setUpClass): 200 GET http://10.180.1.21/compute/v2.1/servers/85779ddc-39b4-42e9-a5ed-dbf66dba7712 3.851s
2025-12-10 00:12:59.297 67240 INFO tempest.lib.common.rest_client [req-b8c96a11-f2a4-4336-8c5a-665aabad5dd1 req-b8c96a11-f2a4-4336-8c5a-665aabad5dd1 ] Request (HostsAdminNegativeTestJSON:test_shutdown_host_with_non_admin_user): 403 GET http://10.180.1.21/compute/v2.1/os-hosts/devstack/shutdown 3.506s
2025-12-10 00:12:59.390 67271 INFO tempest.lib.common.rest_client [req-90b060b2-454e-49f8-9258-aa24aea20124 req-90b060b2-454e-49f8-9258-aa24aea20124 ] Request (ServerMetadataNegativeTestJSON:setUpClass): 200 GET http://10.180.1.21/compute/v2.1/servers/a8d2e678-b950-44ff-99db-d3693d6b5c40 3.622s
2025-12-10 00:12:59.581 67238 INFO tempest.lib.common.rest_client [req-bb5be549-0c9e-420a-9d7a-f7233bbbf8ea req-bb5be549-0c9e-420a-9d7a-f7233bbbf8ea ] Request (HypervisorAdminTestJSON:tearDownClass): 200 GET http://10.180.1.21/networking/v2.0/security-groups?tenant_id=1b1ac153b1a642efa18b6729ccf7b38d&name=default 0.386s
2025-12-10 00:12:59.745 67282 INFO tempest.lib.common.rest_client [req-dd667db1-5afe-433e-9cad-82e4fa2af3ba req-dd667db1-5afe-433e-9cad-82e4fa2af3ba ] Request (SecurityGroupRulesTestJSON:test_security_group_rules_list): 200 POST http://10.180.1.21/compute/v2.1/os-security-groups 3.950s
2025-12-10 00:12:59.819 67250 INFO tempest.lib.common.rest_client [req-85e1836e-fff3-4f98-965a-5e86c42afa3c req-85e1836e-fff3-4f98-965a-5e86c42afa3c ] Request (FloatingIPsAssociationTestJSON:test_associate_already_associated_floating_ip): 200 GET http://10.180.1.21/compute/v2.1/servers/5df7b8f4-e18a-40a2-b977-f7daadc850c0 3.968s
2025-12-10 00:12:59.863 67284 INFO tempest.lib.common.rest_client [req-137cc5f1-718e-4fae-b466-d820b1795bef req-137cc5f1-718e-4fae-b466-d820b1795bef ] Request (ImagesOneServerTestJSON:test_create_delete_image): 200 GET http://10.180.1.21/compute/v2.1/images/8c8b2301-28d8-48c7-bd51-5fa8ba5fab77 3.306s
2025-12-10 00:12:59.874 67242 WARNING tempest.lib.common.ssh [-] Failed to establish authenticated ssh connection to cirros@10.180.180.190 ([Errno None] Unable to connect to port 22 on 10.180.180.190). Number attempts: 1. Retry after 2 seconds.: paramiko.ssh_exception.NoValidConnectionsError: [Errno None] Unable to connect to port 22 on 10.180.180.190
2025-12-10 00:12:59.899 67238 INFO tempest.lib.common.rest_client [req-86424cbf-ad55-4037-a048-c63a3f2c1b9e req-86424cbf-ad55-4037-a048-c63a3f2c1b9e ] Request (HypervisorAdminTestJSON:tearDownClass): 204 DELETE http://10.180.1.21/networking/v2.0/security-groups/9d65436f-7ce5-45ea-866a-ca1171776e98 0.317s
2025-12-10 00:12:59.994 67238 INFO tempest.lib.common.rest_client [req-9904162d-b4ed-4703-a453-4d23f9dcf3fb req-9904162d-b4ed-4703-a453-4d23f9dcf3fb ] Request (HypervisorAdminTestJSON:tearDownClass): 204 DELETE http://10.180.1.21/identity/v3/projects/1b1ac153b1a642efa18b6729ccf7b38d 0.094s
2025-12-10 00:12:59.994 67238 INFO tempest.lib.common.dynamic_creds [-] Deleting project and security group for project: c7d311d143084346bccbdfee0ef52eff
2025-12-10 00:13:00.076 67276 INFO tempest.lib.common.rest_client [req-13ddcf10-99b7-4114-98f9-e72b0edfa5c1 req-13ddcf10-99b7-4114-98f9-e72b0edfa5c1 ] Request (ServersWithSpecificFlavorTestJSON:test_verify_created_server_ephemeral_disk): 200 GET http://10.180.1.21/compute/v2.1/servers/75acfe7d-22ef-424d-bf23-1d7b6109121f 3.283s
2025-12-10 00:13:00.237 67238 INFO tempest.lib.common.rest_client [req-a9779137-fa29-4dbc-9a1d-8b0ae402bfe7 req-a9779137-fa29-4dbc-9a1d-8b0ae402bfe7 ] Request (HypervisorAdminTestJSON:tearDownClass): 200 GET http://10.180.1.21/networking/v2.0/security-groups?tenant_id=c7d311d143084346bccbdfee0ef52eff&name=default 0.242s
2025-12-10 00:13:00.269 67264 INFO tempest.lib.common.rest_client [req-8611dd46-07d5-4aa3-9624-b513d3b6c963 req-8611dd46-07d5-4aa3-9624-b513d3b6c963 ] Request (ServerMetadataTestJSON:setUpClass): 200 GET http://10.180.1.21/compute/v2.1/servers/e4dabd08-a246-4f46-91f8-37dd612fd571 3.983s
2025-12-10 00:13:00.506 67260 INFO tempest.lib.common.rest_client [req-a9f456c4-8a17-4036-9775-53e003efbccb req-a9f456c4-8a17-4036-9775-53e003efbccb ] Request (ServerTagsTestJSON:setUpClass): 200 PUT http://10.180.1.21/networking/v2.0/routers/c87bb464-103b-4238-b1c4-4c420e7e6b87/add_router_interface 1.245s
2025-12-10 00:13:00.506 67260 INFO tempest.lib.common.dynamic_creds [-] Created isolated network resources for: credentials: Credentials: {'domain_id': 'default', 'domain_name': 'Default', 'username': 'tempest-ServerTagsTestJSON-1838289154-project-member', 'project_domain_id': 'default', 'project_domain_name': 'Default', 'project_id': 'e31d6e0a1af44888b47eb1157f9ad0d3', 'project_name': 'tempest-ServerTagsTestJSON-1838289154', 'tenant_id': 'e31d6e0a1af44888b47eb1157f9ad0d3', 'tenant_name': 'tempest-ServerTagsTestJSON-1838289154', 'user_domain_id': 'default', 'user_domain_name': 'Default', 'user_id': 'ad36cc7681714f74b62646c738699f05', 'system': None}, Network: {'id': 'b1c045db-463b-4f96-9619-cd1406ca6da5', 'name': 'tempest-ServerTagsTestJSON-1976761288-network', 'tenant_id': 'e31d6e0a1af44888b47eb1157f9ad0d3', 'project_id': 'e31d6e0a1af44888b47eb1157f9ad0d3', 'admin_state_up': True, 'mtu': 8950, 'status': 'ACTIVE', 'subnets': [], 'shared': False, 'port_security_enabled': True, 'router:external': False, 'provider:network_type': 'vlan', 'provider:physical_network': 'default', 'provider:segmentation_id': 625, 'availability_zone_hints': [], 'availability_zones': [], 'ipv4_address_scope': None, 'ipv6_address_scope': None, 'description': '', 'tags': [], 'created_at': '2025-12-10T00:12:57Z', 'updated_at': '2025-12-10T00:12:57Z', 'revision_number': 1}, Subnet: {'id': 'f396f2cc-8268-4986-9540-d5ce34234404', 'name': 'tempest-ServerTagsTestJSON-1976761288-subnet', 'tenant_id': 'e31d6e0a1af44888b47eb1157f9ad0d3', 'network_id': 'b1c045db-463b-4f96-9619-cd1406ca6da5', 'ip_version': 4, 'subnetpool_id': None, 'enable_dhcp': True, 'ipv6_ra_mode': None, 'ipv6_address_mode': None, 'gateway_ip': '192.168.128.1', 'cidr': '192.168.128.0/28', 'allocation_pools': [{'start': '192.168.128.2', 'end': '192.168.128.14'}], 'host_routes': [], 'dns_nameservers': [], 'description': '', 'router:external': False, 'service_types': [], 'tags': [], 'created_at': '2025-12-10T00:12:58Z', 'updated_at': '2025-12-10T00:12:58Z', 'revision_number': 0, 'project_id': 'e31d6e0a1af44888b47eb1157f9ad0d3'}, Router: {'id': 'c87bb464-103b-4238-b1c4-4c420e7e6b87', 'name': 'tempest-ServerTagsTestJSON-1976761288-router', 'tenant_id': 'e31d6e0a1af44888b47eb1157f9ad0d3', 'admin_state_up': True, 'status': 'ACTIVE', 'external_gateway_info': {'network_id': '055700b3-505d-47ae-9f3a-2e2b619873da', 'external_fixed_ips': [{'subnet_id': 'b0884b49-c436-412d-83d6-d32280dac797', 'ip_address': '10.180.180.152'}], 'enable_snat': True}, 'description': '', 'availability_zones': [], 'distributed': False, 'ha': False, 'availability_zone_hints': [], 'routes': [], 'flavor_id': None, 'tags': [], 'created_at': '2025-12-10T00:12:58Z', 'updated_at': '2025-12-10T00:12:58Z', 'revision_number': 2, 'project_id': 'e31d6e0a1af44888b47eb1157f9ad0d3'}
2025-12-10 00:13:00.598 67268 INFO tempest.lib.common.rest_client [req-501fedf3-cddb-4db3-a565-6601f4ae1b81 req-501fedf3-cddb-4db3-a565-6601f4ae1b81 ] Request (ServersAdmin275Test:test_rebuild_update_server_275): 200 GET http://10.180.1.21/compute/v2.1/servers/4311b7d9-9f57-48a7-9470-10739dfcaaaa 3.545s
2025-12-10 00:13:00.602 67260 INFO tempest.lib.common.rest_client [req-64acffe8-1c61-4b85-97b5-b7b8e611a19e req-64acffe8-1c61-4b85-97b5-b7b8e611a19e ] Request (ServerTagsTestJSON:setUpClass): 201 POST http://10.180.1.21/identity/v3/auth/tokens 0.093s
2025-12-10 00:13:00.610 67268 INFO tempest.common.waiters [-] State transition "BUILD/spawning" ==> "ACTIVE/None" after 25 second wait
2025-12-10 00:13:00.642 67238 INFO tempest.lib.common.rest_client [req-9eff7b21-4816-48a8-b79c-bebeadd01854 req-9eff7b21-4816-48a8-b79c-bebeadd01854 ] Request (HypervisorAdminTestJSON:tearDownClass): 204 DELETE http://10.180.1.21/networking/v2.0/security-groups/ef2d4cc4-574e-4312-8bb5-9c01e03f74b7 0.404s
2025-12-10 00:13:00.646 67260 INFO tempest.lib.common.rest_client [req-e13ebeb1-42a8-4ca6-8d30-23d3941349d5 req-e13ebeb1-42a8-4ca6-8d30-23d3941349d5 ] Request (ServerTagsTestJSON:setUpClass): 201 POST http://10.180.1.21/identity/v3/auth/tokens 0.039s
2025-12-10 00:13:00.647 67260 INFO tempest.lib.common.fixed_network [-] (ServerTagsTestJSON:setUpClass) Found network {'id': 'b1c045db-463b-4f96-9619-cd1406ca6da5', 'name': 'tempest-ServerTagsTestJSON-1976761288-network', 'tenant_id': 'e31d6e0a1af44888b47eb1157f9ad0d3', 'project_id': 'e31d6e0a1af44888b47eb1157f9ad0d3', 'admin_state_up': True, 'mtu': 8950, 'status': 'ACTIVE', 'subnets': [], 'shared': False, 'port_security_enabled': True, 'router:external': False, 'provider:network_type': 'vlan', 'provider:physical_network': 'default', 'provider:segmentation_id': 625, 'availability_zone_hints': [], 'availability_zones': [], 'ipv4_address_scope': None, 'ipv6_address_scope': None, 'description': '', 'tags': [], 'created_at': '2025-12-10T00:12:57Z', 'updated_at': '2025-12-10T00:12:57Z', 'revision_number': 1} available for tenant
2025-12-10 00:13:00.729 67274 INFO tempest.lib.common.rest_client [req-2ddcc515-e131-4c8c-ba57-73d8f7debe4e req-2ddcc515-e131-4c8c-ba57-73d8f7debe4e ] Request (TenantUsagesTestJSON:tearDownClass): 200 GET http://10.180.1.21/compute/v2.1/servers/290c640f-eb4b-4f55-a09e-17b152665e9d 3.668s
2025-12-10 00:13:00.784 67254 INFO tempest.lib.common.rest_client [req-983a3b92-47d2-4141-8b9c-e41fceded816 req-983a3b92-47d2-4141-8b9c-e41fceded816 ] Request (ServerDiagnosticsNegativeTest:test_get_server_diagnostics_by_non_admin): 403 GET http://10.180.1.21/compute/v2.1/servers/a58c7f06-38a2-4643-9add-048059428221/diagnostics 3.546s
2025-12-10 00:13:00.835 67238 INFO tempest.lib.common.rest_client [req-37bae1da-14fb-4629-811e-0b9a0946748d req-37bae1da-14fb-4629-811e-0b9a0946748d ] Request (HypervisorAdminTestJSON:tearDownClass): 204 DELETE http://10.180.1.21/identity/v3/projects/c7d311d143084346bccbdfee0ef52eff 0.192s
2025-12-10 00:13:00.929 67238 INFO tempest.lib.common.rest_client [req-920543f1-0a78-4520-adc3-70daba9031ed req-920543f1-0a78-4520-adc3-70daba9031ed ] Request (QuotasSecurityGroupAdminNegativeTest:setUpClass): 201 POST http://10.180.1.21/identity/v3/auth/tokens 0.093s
2025-12-10 00:13:00.963 67238 INFO tempest.lib.common.rest_client [req-fab96aa0-a9c7-4d24-bbba-20edadba821f req-fab96aa0-a9c7-4d24-bbba-20edadba821f ] Request (QuotasSecurityGroupAdminNegativeTest:setUpClass): 201 POST http://10.180.1.21/identity/v3/auth/tokens 0.027s
2025-12-10 00:13:00.997 67238 INFO tempest.lib.common.rest_client [req-586304da-1d29-441e-80f1-d0ba994e3fac req-586304da-1d29-441e-80f1-d0ba994e3fac ] Request (QuotasSecurityGroupAdminNegativeTest:setUpClass): 200 GET http://10.180.1.21/identity/v3/domains?name=Default 0.033s
2025-12-10 00:13:01.027 67238 INFO tempest.lib.common.rest_client [req-01383574-275e-4905-bdd4-f0dec87e3a22 req-01383574-275e-4905-bdd4-f0dec87e3a22 ] Request (QuotasSecurityGroupAdminNegativeTest:setUpClass): 201 POST http://10.180.1.21/identity/v3/projects 0.029s
2025-12-10 00:13:01.075 67286 INFO tempest.lib.common.rest_client [req-52b6a8e9-dad2-43dd-adf5-c0bad90b0a6f req-52b6a8e9-dad2-43dd-adf5-c0bad90b0a6f ] Request (FloatingIPsAssociationNegativeTestJSON:_run_cleanups): 202 DELETE http://10.180.1.21/compute/v2.1/os-floating-ips/a1320227-f508-42c8-bda1-dbbab7e79055 4.125s
2025-12-10 00:13:01.121 67238 INFO tempest.lib.common.rest_client [req-f250f48e-19fb-4836-b4db-58052f5dfb58 req-f250f48e-19fb-4836-b4db-58052f5dfb58 ] Request (QuotasSecurityGroupAdminNegativeTest:setUpClass): 201 POST http://10.180.1.21/identity/v3/users 0.093s
2025-12-10 00:13:01.139 67248 INFO tempest.lib.common.rest_client [req-6ef01b4a-8978-40c4-9407-f53885df9fcb req-6ef01b4a-8978-40c4-9407-f53885df9fcb ] Request (ServerDiagnosticsTest:tearDownClass): 200 GET http://10.180.1.21/compute/v2.1/servers/851ff0c7-b6a8-4d23-b5c8-8985f2a9d79f 3.530s
2025-12-10 00:13:01.146 67234 INFO tempest.lib.common.rest_client [req-4add560b-5d82-43b8-b1e4-e90a5cfadea9 req-4add560b-5d82-43b8-b1e4-e90a5cfadea9 ] Request (AggregatesAdminNegativeTestJSON:test_aggregate_delete_as_user): 403 DELETE http://10.180.1.21/compute/v2.1/os-aggregates/5 2.986s
2025-12-10 00:13:01.150 67238 INFO tempest.lib.common.rest_client [req-736ce80b-8a40-473f-9477-730674ee32ee req-736ce80b-8a40-473f-9477-730674ee32ee ] Request (QuotasSecurityGroupAdminNegativeTest:setUpClass): 200 GET http://10.180.1.21/identity/v3/roles 0.028s
2025-12-10 00:13:01.183 67238 INFO tempest.lib.common.rest_client [req-1164b20b-de27-45c1-88c5-f6fba7c9d67c req-1164b20b-de27-45c1-88c5-f6fba7c9d67c ] Request (QuotasSecurityGroupAdminNegativeTest:setUpClass): 204 PUT http://10.180.1.21/identity/v3/projects/4fbce7f046d645f396bf578818926bb0/users/9a1e6bf587474e41aecea7b4b0f3e431/roles/0054e2e8df454acfa791c8cd66872fa2 0.032s
2025-12-10 00:13:01.184 67238 INFO tempest.lib.common.dynamic_creds [-] Dynamic test user 9a1e6bf587474e41aecea7b4b0f3e431 is created with scope project and roles: ['member']
2025-12-10 00:13:01.184 67238 INFO tempest.lib.common.dynamic_creds [-] Acquired dynamic creds: credentials: Credentials: {'domain_id': 'default', 'domain_name': 'Default', 'username': 'tempest-QuotasSecurityGroupAdminNegativeTest-1814052954-project-member', 'project_domain_id': 'default', 'project_domain_name': 'Default', 'project_id': '4fbce7f046d645f396bf578818926bb0', 'project_name': 'tempest-QuotasSecurityGroupAdminNegativeTest-1814052954', 'tenant_id': '4fbce7f046d645f396bf578818926bb0', 'tenant_name': 'tempest-QuotasSecurityGroupAdminNegativeTest-1814052954', 'user_domain_id': 'default', 'user_domain_name': 'Default', 'user_id': '9a1e6bf587474e41aecea7b4b0f3e431', 'system': None}, Network: None, Subnet: None, Router: None
2025-12-10 00:13:01.184 67238 INFO tempest.lib.common.dynamic_creds [-] Created isolated network resources for: credentials: Credentials: {'domain_id': 'default', 'domain_name': 'Default', 'username': 'tempest-QuotasSecurityGroupAdminNegativeTest-1814052954-project-member', 'project_domain_id': 'default', 'project_domain_name': 'Default', 'project_id': '4fbce7f046d645f396bf578818926bb0', 'project_name': 'tempest-QuotasSecurityGroupAdminNegativeTest-1814052954', 'tenant_id': '4fbce7f046d645f396bf578818926bb0', 'tenant_name': 'tempest-QuotasSecurityGroupAdminNegativeTest-1814052954', 'user_domain_id': 'default', 'user_domain_name': 'Default', 'user_id': '9a1e6bf587474e41aecea7b4b0f3e431', 'system': None}, Network: None, Subnet: None, Router: None
2025-12-10 00:13:01.263 67238 INFO tempest.lib.common.rest_client [req-94d65e8c-d8dc-4a28-a0c7-dea5f6b43e4a req-94d65e8c-d8dc-4a28-a0c7-dea5f6b43e4a ] Request (QuotasSecurityGroupAdminNegativeTest:setUpClass): 201 POST http://10.180.1.21/identity/v3/auth/tokens 0.076s
2025-12-10 00:13:01.337 67238 INFO tempest.lib.common.rest_client [req-39286b96-3a68-45af-acbe-f03c9263a5b2 req-39286b96-3a68-45af-acbe-f03c9263a5b2 ] Request (QuotasSecurityGroupAdminNegativeTest:setUpClass): 201 POST http://10.180.1.21/identity/v3/projects 0.073s
2025-12-10 00:13:01.433 67238 INFO tempest.lib.common.rest_client [req-3740845f-3d38-49c7-b4ee-09cc64dcbff7 req-3740845f-3d38-49c7-b4ee-09cc64dcbff7 ] Request (QuotasSecurityGroupAdminNegativeTest:setUpClass): 201 POST http://10.180.1.21/identity/v3/users 0.096s
2025-12-10 00:13:01.458 67238 INFO tempest.lib.common.rest_client [req-a35a4404-71a1-40f7-b80e-86e577ed5c06 req-a35a4404-71a1-40f7-b80e-86e577ed5c06 ] Request (QuotasSecurityGroupAdminNegativeTest:setUpClass): 200 GET http://10.180.1.21/identity/v3/roles 0.024s
2025-12-10 00:13:01.490 67238 INFO tempest.lib.common.rest_client [req-0b3c552e-a857-4433-9767-b933dc19bb00 req-0b3c552e-a857-4433-9767-b933dc19bb00 ] Request (QuotasSecurityGroupAdminNegativeTest:setUpClass): 204 PUT http://10.180.1.21/identity/v3/projects/c5acce3806bc49b18ed9f6d84f79c120/users/0d91ba10715f48bf825ebaa6cbc9d3ef/roles/7ef826e3aabe418e9bdb2be4a83bee11 0.032s
2025-12-10 00:13:01.551 67238 INFO tempest.lib.common.rest_client [req-def837cd-3887-48f7-a49b-07d4026e690b req-def837cd-3887-48f7-a49b-07d4026e690b ] Request (QuotasSecurityGroupAdminNegativeTest:setUpClass): 200 GET http://10.180.1.21/identity/v3/roles 0.061s
2025-12-10 00:13:01.569 67238 INFO tempest.lib.common.rest_client [req-c6feb864-a0df-4c71-a010-69b10d8bc3e3 req-c6feb864-a0df-4c71-a010-69b10d8bc3e3 ] Request (QuotasSecurityGroupAdminNegativeTest:setUpClass): 204 PUT http://10.180.1.21/identity/v3/projects/c5acce3806bc49b18ed9f6d84f79c120/users/0d91ba10715f48bf825ebaa6cbc9d3ef/roles/7ef826e3aabe418e9bdb2be4a83bee11 0.017s
2025-12-10 00:13:01.569 67238 INFO tempest.lib.common.dynamic_creds [-] Dynamic test user 0d91ba10715f48bf825ebaa6cbc9d3ef is created with scope project and roles: ['admin']
2025-12-10 00:13:01.569 67238 INFO tempest.lib.common.dynamic_creds [-] Acquired dynamic creds: credentials: Credentials: {'domain_id': 'default', 'domain_name': 'Default', 'username': 'tempest-QuotasSecurityGroupAdminNegativeTest-250268957-project-admin', 'project_domain_id': 'default', 'project_domain_name': 'Default', 'project_id': 'c5acce3806bc49b18ed9f6d84f79c120', 'project_name': 'tempest-QuotasSecurityGroupAdminNegativeTest-250268957', 'tenant_id': 'c5acce3806bc49b18ed9f6d84f79c120', 'tenant_name': 'tempest-QuotasSecurityGroupAdminNegativeTest-250268957', 'user_domain_id': 'default', 'user_domain_name': 'Default', 'user_id': '0d91ba10715f48bf825ebaa6cbc9d3ef', 'system': None}, Network: None, Subnet: None, Router: None
2025-12-10 00:13:01.570 67238 INFO tempest.lib.common.dynamic_creds [-] Created isolated network resources for: credentials: Credentials: {'domain_id': 'default', 'domain_name': 'Default', 'username': 'tempest-QuotasSecurityGroupAdminNegativeTest-250268957-project-admin', 'project_domain_id': 'default', 'project_domain_name': 'Default', 'project_id': 'c5acce3806bc49b18ed9f6d84f79c120', 'project_name': 'tempest-QuotasSecurityGroupAdminNegativeTest-250268957', 'tenant_id': 'c5acce3806bc49b18ed9f6d84f79c120', 'tenant_name': 'tempest-QuotasSecurityGroupAdminNegativeTest-250268957', 'user_domain_id': 'default', 'user_domain_name': 'Default', 'user_id': '0d91ba10715f48bf825ebaa6cbc9d3ef', 'system': None}, Network: None, Subnet: None, Router: None
2025-12-10 00:13:01.653 67238 INFO tempest.lib.common.rest_client [req-3ea67cbb-9774-46ce-ae0d-6a50713d8fb5 req-3ea67cbb-9774-46ce-ae0d-6a50713d8fb5 ] Request (QuotasSecurityGroupAdminNegativeTest:setUpClass): 201 POST http://10.180.1.21/identity/v3/auth/tokens 0.080s
2025-12-10 00:13:01.653 67228 INFO tempest.lib.common.rest_client [req-6c42d120-411c-48ef-bd8b-a5f8cbf4ffa8 req-6c42d120-411c-48ef-bd8b-a5f8cbf4ffa8 ] Request (ServerAddressesNegativeTestJSON:setUpClass): 202 POST http://10.180.1.21/compute/v2.1/servers 3.515s
2025-12-10 00:13:01.654 67238 WARNING tempest.lib.common.rest_client [-] Deprecated: "tenant_id" property is deprecated for removal, use "project_id" instead
2025-12-10 00:13:01.691 67244 INFO tempest.lib.common.rest_client [req-ba931a77-432e-4989-8424-7af813048644 req-ba931a77-432e-4989-8424-7af813048644 ] Request (ServerDiagnosticsV248Test:test_get_server_diagnostics): 200 GET http://10.180.1.21/compute/v2.1/servers/cb24cb2e-d02f-4465-8848-96c8b8b3a75b/diagnostics 3.508s
2025-12-10 00:13:01.758 67280 INFO tempest.lib.common.rest_client [req-14253176-80ea-45ec-8173-d4412ddaf99f req-14253176-80ea-45ec-8173-d4412ddaf99f ] Request (ServersAdminNegativeTestJSON:setUpClass): 200 GET http://10.180.1.21/compute/v2.1/servers/3a7c7688-f241-406b-831f-a83d9f12a92e 3.564s
2025-12-10 00:13:01.801 67238 INFO tempest.lib.common.rest_client [req-8696a58c-1e22-4633-9f75-ee99d6d88054 req-8696a58c-1e22-4633-9f75-ee99d6d88054 ] Request (QuotasSecurityGroupAdminNegativeTest:tearDownClass): 204 DELETE http://10.180.1.21/identity/v3/users/9a1e6bf587474e41aecea7b4b0f3e431 0.143s
2025-12-10 00:13:01.886 67258 INFO tempest.lib.common.rest_client [req-37f4e6f4-5043-4823-be29-a98025f4b61a req-37f4e6f4-5043-4823-be29-a98025f4b61a ] Request (InstanceActionsV221TestJSON:test_get_list_deleted_instance_actions): 200 GET http://10.180.1.21/compute/v2.1/servers/8ece3998-0ba6-4091-bfbe-843494220bec 3.450s
2025-12-10 00:13:01.904 67246 INFO tempest.lib.common.rest_client [req-afc5b247-0ab5-4849-9c5a-f3f4a94f50c3 req-afc5b247-0ab5-4849-9c5a-f3f4a94f50c3 ] Request (FlavorsAccessNegativeTestJSON:_run_cleanups): 202 DELETE http://10.180.1.21/compute/v2.1/flavors/1652685985 3.358s
2025-12-10 00:13:01.918 67226 INFO tempest.lib.common.rest_client [req-26822ff0-ec44-44c4-b16c-545f81045cf4 req-26822ff0-ec44-44c4-b16c-545f81045cf4 ] Request (MultipleCreateTestJSON:test_multiple_create): 200 GET http://10.180.1.21/compute/v2.1/servers/b9183a70-209b-4bb8-9b85-6bf7515460e9 3.538s
2025-12-10 00:13:01.924 67224 INFO tempest.lib.common.rest_client [req-831c5cb8-8e63-4ead-b099-099d86de64bd req-831c5cb8-8e63-4ead-b099-099d86de64bd ] Request (FlavorsAdminTestJSON:_run_cleanups): 202 DELETE http://10.180.1.21/compute/v2.1/flavors/524240406 3.268s
2025-12-10 00:13:01.928 67226 INFO tempest.common.waiters [-] State transition "BUILD/None" ==> "BUILD/spawning" after 24 second wait
2025-12-10 00:13:01.962 67238 INFO tempest.lib.common.rest_client [req-2a3edafe-3f87-4517-843f-b9535633245b req-2a3edafe-3f87-4517-843f-b9535633245b ] Request (QuotasSecurityGroupAdminNegativeTest:tearDownClass): 204 DELETE http://10.180.1.21/identity/v3/users/0d91ba10715f48bf825ebaa6cbc9d3ef 0.160s
2025-12-10 00:13:01.962 67238 INFO tempest.lib.common.dynamic_creds [-] Deleting project and security group for project: c5acce3806bc49b18ed9f6d84f79c120
2025-12-10 00:13:01.992 67232 INFO tempest.lib.common.rest_client [req-31607315-f033-43da-958a-4566aa0197a1 req-31607315-f033-43da-958a-4566aa0197a1 ] Request (ServerExternalEventsTest:tearDownClass): 200 GET http://10.180.1.21/compute/v2.1/servers/43c047df-14f9-4782-9c8e-debb09e5c970 3.218s
2025-12-10 00:13:02.048 67238 INFO tempest.lib.common.rest_client [req-e36ace93-0497-47eb-80bd-4092f5589272 req-e36ace93-0497-47eb-80bd-4092f5589272 ] Request (QuotasSecurityGroupAdminNegativeTest:tearDownClass): 201 POST http://10.180.1.21/identity/v3/auth/tokens 0.085s
2025-12-10 00:13:02.331 67238 INFO tempest.lib.common.rest_client [req-41096140-4ba6-44ad-ba6f-5ad720c652ee req-41096140-4ba6-44ad-ba6f-5ad720c652ee ] Request (QuotasSecurityGroupAdminNegativeTest:tearDownClass): 200 GET http://10.180.1.21/networking/v2.0/security-groups?tenant_id=c5acce3806bc49b18ed9f6d84f79c120&name=default 0.283s
2025-12-10 00:13:02.375 67252 INFO tempest.lib.common.rest_client [req-6b47db5d-7e51-4562-aa88-0f125d4d845c req-6b47db5d-7e51-4562-aa88-0f125d4d845c ] Request (MigrationsAdminTest:test_list_migrations_in_flavor_resize_situation): 200 GET http://10.180.1.21/compute/v2.1/servers/75b3a090-765f-4465-adaf-8aa991ef0b9f 3.259s
2025-12-10 00:13:02.383 67252 INFO tempest.common.waiters [-] State transition "RESIZE/resize_prep" ==> "RESIZE/resize_migrating" after 30 second wait
2025-12-10 00:13:02.409 67230 WARNING tempest.lib.common.ssh [-] Failed to establish authenticated ssh connection to cirros@10.180.180.239 ([Errno None] Unable to connect to port 22 on 10.180.180.239). Number attempts: 3. Retry after 4 seconds.: paramiko.ssh_exception.NoValidConnectionsError: [Errno None] Unable to connect to port 22 on 10.180.180.239
2025-12-10 00:13:02.415 67256 INFO tempest.lib.common.rest_client [req-08c8711d-f2c5-47f8-b978-38920c6b087c req-08c8711d-f2c5-47f8-b978-38920c6b087c ] Request (AbsoluteLimitsNegativeTestJSON:test_max_metadata_exceed_limit): 403 POST http://10.180.1.21/compute/v2.1/servers 3.579s
2025-12-10 00:13:02.434 67240 INFO tempest.lib.common.rest_client [req-9bbb9d5f-3e46-494e-b70c-33f0b26c0e68 req-9bbb9d5f-3e46-494e-b70c-33f0b26c0e68 ] Request (HostsAdminNegativeTestJSON:test_shutdown_nonexistent_host): 404 GET http://10.180.1.21/compute/v2.1/os-hosts/nonexistent_hostname/shutdown 3.135s
2025-12-10 00:13:02.471 67238 INFO tempest.lib.common.rest_client [req-5eb7fd38-1e52-401d-b3de-37f6a69ca913 req-5eb7fd38-1e52-401d-b3de-37f6a69ca913 ] Request (QuotasSecurityGroupAdminNegativeTest:tearDownClass): 204 DELETE http://10.180.1.21/networking/v2.0/security-groups/6f331f63-1ed8-4ba8-b6e6-fd4d901740c6 0.139s
2025-12-10 00:13:02.500 67266 INFO tempest.lib.common.rest_client [req-ebd437d2-85bd-4319-a54e-5ff5698ba054 req-ebd437d2-85bd-4319-a54e-5ff5698ba054 ] Request (DeleteServersAdminTestJSON:test_admin_delete_servers_of_others): 200 GET http://10.180.1.21/compute/v2.1/servers/ecc5fcc6-af26-49b6-9992-87ca68821d22 3.366s
2025-12-10 00:13:02.526 67278 INFO tempest.lib.common.rest_client [req-1eba49e5-7304-46d7-bd46-b3a2d33cad2c req-1eba49e5-7304-46d7-bd46-b3a2d33cad2c ] Request (ServersV294TestFqdnHostnames:setUpClass): 200 GET http://10.180.1.21/compute/v2.1/servers/ef7d92f5-1a94-4370-836f-e256441db8e1 3.150s
2025-12-10 00:13:02.539 67256 INFO tempest.lib.common.rest_client [req-db2f0bd2-f9d7-4963-bd11-18dec646ff84 req-db2f0bd2-f9d7-4963-bd11-18dec646ff84 ] Request (AbsoluteLimitsNegativeTestJSON:tearDownClass): 204 DELETE http://10.180.1.21/identity/v3/users/8645a7d04f0d4a56bf07a55ca3f177d9 0.122s
2025-12-10 00:13:02.540 67256 INFO tempest.lib.common.dynamic_creds [-] Deleting project and security group for project: fb4015f6f1154221929d1e219ab1c6b7
2025-12-10 00:13:02.568 67272 INFO tempest.lib.common.rest_client [req-50585fa9-5f77-471b-83b9-0bf0aa5ff3db req-50585fa9-5f77-471b-83b9-0bf0aa5ff3db ] Request (QuotasAdminTestV257:test_get_updated_quotas): 200 GET http://10.180.1.21/identity/v3/domains?name=Default 0.144s
2025-12-10 00:13:02.590 67236 INFO tempest.lib.common.rest_client [req-61e3cfe4-cfb4-43d9-b76f-3498c094697c req-61e3cfe4-cfb4-43d9-b76f-3498c094697c ] Request (ServersAdminTestJSON:setUpClass): 200 GET http://10.180.1.21/compute/v2.1/servers/c318782d-e995-450e-b2ac-d58143e071a8 3.207s
2025-12-10 00:13:02.597 67256 INFO tempest.lib.common.rest_client [req-cae41e14-92bc-458e-8ca6-a2c6342e14ba req-cae41e14-92bc-458e-8ca6-a2c6342e14ba ] Request (AbsoluteLimitsNegativeTestJSON:tearDownClass): 201 POST http://10.180.1.21/identity/v3/auth/tokens 0.057s
2025-12-10 00:13:02.643 67284 INFO tempest.lib.common.rest_client [req-2b5e4d93-1cee-4bec-94f0-13f270cbf4d3 req-2b5e4d93-1cee-4bec-94f0-13f270cbf4d3 ] Request (ImagesOneServerTestJSON:test_create_delete_image): 200 GET http://10.180.1.21/compute/v2.1/images/8c8b2301-28d8-48c7-bd51-5fa8ba5fab77 2.776s
2025-12-10 00:13:02.648 67238 INFO tempest.lib.common.rest_client [req-663065d8-1abf-4239-bc77-65370ae0d65f req-663065d8-1abf-4239-bc77-65370ae0d65f ] Request (QuotasSecurityGroupAdminNegativeTest:tearDownClass): 204 DELETE http://10.180.1.21/identity/v3/projects/c5acce3806bc49b18ed9f6d84f79c120 0.176s
2025-12-10 00:13:02.648 67238 INFO tempest.lib.common.dynamic_creds [-] Deleting project and security group for project: 4fbce7f046d645f396bf578818926bb0
2025-12-10 00:13:02.708 67282 INFO tempest.lib.common.rest_client [req-abe25c4a-015a-4de2-b7af-73a655e42345 req-abe25c4a-015a-4de2-b7af-73a655e42345 ] Request (SecurityGroupRulesTestJSON:test_security_group_rules_list): 200 POST http://10.180.1.21/compute/v2.1/os-security-group-rules 2.959s
2025-12-10 00:13:02.733 67272 INFO tempest.lib.common.rest_client [req-4286f19f-967c-4f96-b553-1a4475c72fdf req-4286f19f-967c-4f96-b553-1a4475c72fdf ] Request (QuotasAdminTestV257:test_get_updated_quotas): 201 POST http://10.180.1.21/identity/v3/projects 0.165s
2025-12-10 00:13:02.805 67272 INFO tempest.lib.common.rest_client [req-0e8b58c9-4ece-4ac0-a643-3d1d116b7da9 req-0e8b58c9-4ece-4ac0-a643-3d1d116b7da9 ] Request (QuotasAdminTestV257:test_get_updated_quotas): 200 GET http://10.180.1.21/identity/v3/domains?name=Default 0.070s
2025-12-10 00:13:02.933 67242 WARNING tempest.lib.common.ssh [-] Failed to establish authenticated ssh connection to cirros@10.180.180.190 ([Errno None] Unable to connect to port 22 on 10.180.180.190). Number attempts: 2. Retry after 3 seconds.: paramiko.ssh_exception.NoValidConnectionsError: [Errno None] Unable to connect to port 22 on 10.180.180.190
2025-12-10 00:13:03.010 67256 INFO tempest.lib.common.rest_client [req-f1fa235f-6769-4861-9201-aa3209a471aa req-f1fa235f-6769-4861-9201-aa3209a471aa ] Request (AbsoluteLimitsNegativeTestJSON:tearDownClass): 200 GET http://10.180.1.21/networking/v2.0/security-groups?tenant_id=fb4015f6f1154221929d1e219ab1c6b7&name=default 0.413s
2025-12-10 00:13:03.040 67262 INFO tempest.lib.common.rest_client [req-6f7774a6-86b6-4f8a-ba86-463d8f275552 req-6f7774a6-86b6-4f8a-ba86-463d8f275552 ] Request (ServerActionsTestOtherB:setUpClass): 200 GET http://10.180.1.21/compute/v2.1/servers/85779ddc-39b4-42e9-a5ed-dbf66dba7712 2.743s
2025-12-10 00:13:03.056 67271 INFO tempest.lib.common.rest_client [req-c097128b-3e57-40b2-8bac-b6bc782a6ad5 req-c097128b-3e57-40b2-8bac-b6bc782a6ad5 ] Request (ServerMetadataNegativeTestJSON:setUpClass): 200 GET http://10.180.1.21/compute/v2.1/servers/a8d2e678-b950-44ff-99db-d3693d6b5c40 2.655s
2025-12-10 00:13:03.067 67238 INFO tempest.lib.common.rest_client [req-06f0d291-0393-428e-a0b3-0d2d0b8eea7c req-06f0d291-0393-428e-a0b3-0d2d0b8eea7c ] Request (QuotasSecurityGroupAdminNegativeTest:tearDownClass): 200 GET http://10.180.1.21/networking/v2.0/security-groups?tenant_id=4fbce7f046d645f396bf578818926bb0&name=default 0.418s
2025-12-10 00:13:03.069 67271 INFO tempest.common.waiters [-] State transition "BUILD/scheduling" ==> "BUILD/None" after 9 second wait
2025-12-10 00:13:03.207 67256 INFO tempest.lib.common.rest_client [req-e0fe6ed1-a115-49c0-9f92-fcc24dd5a9a0 req-e0fe6ed1-a115-49c0-9f92-fcc24dd5a9a0 ] Request (AbsoluteLimitsNegativeTestJSON:tearDownClass): 204 DELETE http://10.180.1.21/networking/v2.0/security-groups/1c01b895-ed04-4b5c-bcff-3c7df7041d24 0.196s
2025-12-10 00:13:03.333 67256 INFO tempest.lib.common.rest_client [req-3bad4653-2623-4a38-a516-f6a70f2b0dec req-3bad4653-2623-4a38-a516-f6a70f2b0dec ] Request (AbsoluteLimitsNegativeTestJSON:tearDownClass): 204 DELETE http://10.180.1.21/identity/v3/projects/fb4015f6f1154221929d1e219ab1c6b7 0.126s
2025-12-10 00:13:03.348 67238 INFO tempest.lib.common.rest_client [req-8a26b1e4-9c57-42aa-80e9-5c477adb26ab req-8a26b1e4-9c57-42aa-80e9-5c477adb26ab ] Request (QuotasSecurityGroupAdminNegativeTest:tearDownClass): 204 DELETE http://10.180.1.21/networking/v2.0/security-groups/7212773e-c5ef-48e2-badd-7befd09f15ce 0.280s
2025-12-10 00:13:03.426 67256 INFO tempest.lib.common.rest_client [req-eca453e9-85aa-445b-8990-c86ce85dc13c req-eca453e9-85aa-445b-8990-c86ce85dc13c ] Request (SecurityGroupsTestJSON:setUpClass): 201 POST http://10.180.1.21/identity/v3/auth/tokens 0.091s
2025-12-10 00:13:03.459 67238 INFO tempest.lib.common.rest_client [req-5e1e19c1-dfa5-44d8-b8be-a37b7fa3438e req-5e1e19c1-dfa5-44d8-b8be-a37b7fa3438e ] Request (QuotasSecurityGroupAdminNegativeTest:tearDownClass): 204 DELETE http://10.180.1.21/identity/v3/projects/4fbce7f046d645f396bf578818926bb0 0.110s
2025-12-10 00:13:03.476 67268 INFO tempest.lib.common.rest_client [req-801059aa-2542-454e-8872-ae3494721613 req-801059aa-2542-454e-8872-ae3494721613 ] Request (ServersAdmin275Test:test_rebuild_update_server_275): 202 POST http://10.180.1.21/compute/v2.1/servers/4311b7d9-9f57-48a7-9470-10739dfcaaaa/action 2.865s
2025-12-10 00:13:03.510 67256 INFO tempest.lib.common.rest_client [req-821bde28-5501-439c-9bf2-a8a0cb55bb97 req-821bde28-5501-439c-9bf2-a8a0cb55bb97 ] Request (SecurityGroupsTestJSON:setUpClass): 201 POST http://10.180.1.21/identity/v3/auth/tokens 0.076s
2025-12-10 00:13:03.529 67238 INFO tempest.lib.common.rest_client [req-2e75214e-2cbc-4e3f-88a6-50442cc2d4d9 req-2e75214e-2cbc-4e3f-88a6-50442cc2d4d9 ] Request (FloatingIPDetailsNegativeTestJSON:setUpClass): 201 POST http://10.180.1.21/identity/v3/auth/tokens 0.067s
2025-12-10 00:13:03.543 67256 INFO tempest.lib.common.rest_client [req-94fb69e1-d8cf-4a36-8410-09fcd3c8fd70 req-94fb69e1-d8cf-4a36-8410-09fcd3c8fd70 ] Request (SecurityGroupsTestJSON:setUpClass): 200 GET http://10.180.1.21/identity/v3/domains?name=Default 0.033s
2025-12-10 00:13:03.557 67254 INFO tempest.lib.common.rest_client [req-c3d05fba-2833-46f5-806c-c8d76de77f89 req-c3d05fba-2833-46f5-806c-c8d76de77f89 ] Request (ServerDiagnosticsNegativeTest:tearDownClass): 204 DELETE http://10.180.1.21/compute/v2.1/servers/a58c7f06-38a2-4643-9add-048059428221 2.771s
2025-12-10 00:13:03.571 67238 INFO tempest.lib.common.rest_client [req-4ebe4e9a-d7fd-442b-b52e-8c8b83586f99 req-4ebe4e9a-d7fd-442b-b52e-8c8b83586f99 ] Request (FloatingIPDetailsNegativeTestJSON:setUpClass): 201 POST http://10.180.1.21/identity/v3/auth/tokens 0.035s
2025-12-10 00:13:03.578 67256 INFO tempest.lib.common.rest_client [req-cb663fb4-0385-4212-8dd4-657c1013fc61 req-cb663fb4-0385-4212-8dd4-657c1013fc61 ] Request (SecurityGroupsTestJSON:setUpClass): 201 POST http://10.180.1.21/identity/v3/projects 0.034s
2025-12-10 00:13:03.632 67238 INFO tempest.lib.common.rest_client [req-dd59359c-7589-44bd-902b-e4fbd626a261 req-dd59359c-7589-44bd-902b-e4fbd626a261 ] Request (FloatingIPDetailsNegativeTestJSON:setUpClass): 200 GET http://10.180.1.21/identity/v3/domains?name=Default 0.060s
2025-12-10 00:13:03.642 67256 INFO tempest.lib.common.rest_client [req-a58f26ec-f489-4812-b829-dc9562d2ae89 req-a58f26ec-f489-4812-b829-dc9562d2ae89 ] Request (SecurityGroupsTestJSON:setUpClass): 201 POST http://10.180.1.21/identity/v3/users 0.063s
2025-12-10 00:13:03.665 67250 INFO tempest.lib.common.rest_client [req-e26b6d13-6cd7-4d75-8eca-9c4a64bb1f9e req-e26b6d13-6cd7-4d75-8eca-9c4a64bb1f9e ] Request (FloatingIPsAssociationTestJSON:test_associate_already_associated_floating_ip): 200 GET http://10.180.1.21/compute/v2.1/servers/5df7b8f4-e18a-40a2-b977-f7daadc850c0 2.836s
2025-12-10 00:13:03.672 67256 INFO tempest.lib.common.rest_client [req-ee47e901-68e2-40ee-8a70-0989d43f500b req-ee47e901-68e2-40ee-8a70-0989d43f500b ] Request (SecurityGroupsTestJSON:setUpClass): 200 GET http://10.180.1.21/identity/v3/roles 0.029s
2025-12-10 00:13:03.681 67238 INFO tempest.lib.common.rest_client [req-7b064f1c-780d-4a99-ab50-8e13799ef77d req-7b064f1c-780d-4a99-ab50-8e13799ef77d ] Request (FloatingIPDetailsNegativeTestJSON:setUpClass): 201 POST http://10.180.1.21/identity/v3/projects 0.048s
2025-12-10 00:13:03.724 67260 INFO tempest.lib.common.rest_client [req-9216b79d-a449-431e-b9b5-2a4631c00e89 req-9216b79d-a449-431e-b9b5-2a4631c00e89 ] Request (ServerTagsTestJSON:setUpClass): 202 POST http://10.180.1.21/compute/v2.1/servers 3.073s
2025-12-10 00:13:03.743 67238 INFO tempest.lib.common.rest_client [req-92536068-3bb2-4c61-874b-6a25708a695f req-92536068-3bb2-4c61-874b-6a25708a695f ] Request (FloatingIPDetailsNegativeTestJSON:setUpClass): 201 POST http://10.180.1.21/identity/v3/users 0.061s
2025-12-10 00:13:03.760 67256 INFO tempest.lib.common.rest_client [req-da8b84a9-39d9-459c-94f3-8f416facd795 req-da8b84a9-39d9-459c-94f3-8f416facd795 ] Request (SecurityGroupsTestJSON:setUpClass): 204 PUT http://10.180.1.21/identity/v3/projects/f3470a7be42c4a1493fa52e515e7df23/users/19f514583dfd427499d79df1ac8dbd81/roles/0054e2e8df454acfa791c8cd66872fa2 0.087s
2025-12-10 00:13:03.760 67256 INFO tempest.lib.common.dynamic_creds [-] Dynamic test user 19f514583dfd427499d79df1ac8dbd81 is created with scope project and roles: ['member']
2025-12-10 00:13:03.760 67256 INFO tempest.lib.common.dynamic_creds [-] Acquired dynamic creds: credentials: Credentials: {'domain_id': 'default', 'domain_name': 'Default', 'username': 'tempest-SecurityGroupsTestJSON-522892557-project-member', 'project_domain_id': 'default', 'project_domain_name': 'Default', 'project_id': 'f3470a7be42c4a1493fa52e515e7df23', 'project_name': 'tempest-SecurityGroupsTestJSON-522892557', 'tenant_id': 'f3470a7be42c4a1493fa52e515e7df23', 'tenant_name': 'tempest-SecurityGroupsTestJSON-522892557', 'user_domain_id': 'default', 'user_domain_name': 'Default', 'user_id': '19f514583dfd427499d79df1ac8dbd81', 'system': None}, Network: None, Subnet: None, Router: None
2025-12-10 00:13:03.767 67238 INFO tempest.lib.common.rest_client [req-60689e0d-3cc7-4e10-a13b-b3436273ff57 req-60689e0d-3cc7-4e10-a13b-b3436273ff57 ] Request (FloatingIPDetailsNegativeTestJSON:setUpClass): 200 GET http://10.180.1.21/identity/v3/roles 0.023s
2025-12-10 00:13:03.828 67256 INFO tempest.lib.common.rest_client [req-44ba0d52-1d7e-4480-9abc-33b3b04d76f9 req-44ba0d52-1d7e-4480-9abc-33b3b04d76f9 ] Request (SecurityGroupsTestJSON:setUpClass): 201 POST http://10.180.1.21/identity/v3/auth/tokens 0.067s
2025-12-10 00:13:03.832 67238 INFO tempest.lib.common.rest_client [req-70fdcb00-40c6-42b4-bb16-60b1cd4e5248 req-70fdcb00-40c6-42b4-bb16-60b1cd4e5248 ] Request (FloatingIPDetailsNegativeTestJSON:setUpClass): 204 PUT http://10.180.1.21/identity/v3/projects/6e84e583a0e04b1eadfaedc04426276c/users/f6a14a59ff95457aa52b89f999ecc29f/roles/0054e2e8df454acfa791c8cd66872fa2 0.064s
2025-12-10 00:13:03.833 67238 INFO tempest.lib.common.dynamic_creds [-] Dynamic test user f6a14a59ff95457aa52b89f999ecc29f is created with scope project and roles: ['member']
2025-12-10 00:13:03.833 67238 INFO tempest.lib.common.dynamic_creds [-] Acquired dynamic creds: credentials: Credentials: {'domain_id': 'default', 'domain_name': 'Default', 'username': 'tempest-FloatingIPDetailsNegativeTestJSON-2098114857-project-member', 'project_domain_id': 'default', 'project_domain_name': 'Default', 'project_id': '6e84e583a0e04b1eadfaedc04426276c', 'project_name': 'tempest-FloatingIPDetailsNegativeTestJSON-2098114857', 'tenant_id': '6e84e583a0e04b1eadfaedc04426276c', 'tenant_name': 'tempest-FloatingIPDetailsNegativeTestJSON-2098114857', 'user_domain_id': 'default', 'user_domain_name': 'Default', 'user_id': 'f6a14a59ff95457aa52b89f999ecc29f', 'system': None}, Network: None, Subnet: None, Router: None
2025-12-10 00:13:03.876 67276 INFO tempest.lib.common.rest_client [req-5cc7c320-76cd-49a3-ad80-dd038e0e711f req-5cc7c320-76cd-49a3-ad80-dd038e0e711f ] Request (ServersWithSpecificFlavorTestJSON:test_verify_created_server_ephemeral_disk): 200 GET http://10.180.1.21/compute/v2.1/servers/75acfe7d-22ef-424d-bf23-1d7b6109121f 2.786s
2025-12-10 00:13:03.906 67234 INFO tempest.lib.common.rest_client [req-26c8ab6f-9870-400f-b1ab-8696dc2976d3 req-26c8ab6f-9870-400f-b1ab-8696dc2976d3 ] Request (AggregatesAdminNegativeTestJSON:_run_cleanups): 200 DELETE http://10.180.1.21/compute/v2.1/os-aggregates/5 2.759s
2025-12-10 00:13:03.916 67238 INFO tempest.lib.common.rest_client [req-13c16146-5af4-46b9-97d3-f289c9a6f5ac req-13c16146-5af4-46b9-97d3-f289c9a6f5ac ] Request (FloatingIPDetailsNegativeTestJSON:setUpClass): 201 POST http://10.180.1.21/identity/v3/auth/tokens 0.082s
2025-12-10 00:13:04.201 67256 INFO tempest.lib.common.rest_client [req-b76d01f1-8149-411b-b016-534320ae0863 req-b76d01f1-8149-411b-b016-534320ae0863 ] Request (SecurityGroupsTestJSON:setUpClass): 201 POST http://10.180.1.21/networking/v2.0/networks 0.373s
2025-12-10 00:13:04.547 67238 INFO tempest.lib.common.rest_client [req-081d746c-5dcf-4034-bca1-b0df67675488 req-081d746c-5dcf-4034-bca1-b0df67675488 ] Request (FloatingIPDetailsNegativeTestJSON:setUpClass): 201 POST http://10.180.1.21/networking/v2.0/networks 0.631s
2025-12-10 00:13:04.762 67256 INFO tempest.lib.common.rest_client [req-cbccde7b-5c5b-4fb6-a8ae-0f6116d535a5 req-cbccde7b-5c5b-4fb6-a8ae-0f6116d535a5 ] Request (SecurityGroupsTestJSON:setUpClass): 201 POST http://10.180.1.21/networking/v2.0/subnets 0.560s
2025-12-10 00:13:04.881 67264 INFO tempest.lib.common.rest_client [req-d717afd9-b047-40e3-a460-509c9b180501 req-d717afd9-b047-40e3-a460-509c9b180501 ] Request (ServerMetadataTestJSON:setUpClass): 200 GET http://10.180.1.21/compute/v2.1/servers/e4dabd08-a246-4f46-91f8-37dd612fd571 3.599s
2025-12-10 00:13:04.890 67264 INFO tempest.common.waiters [-] State transition "BUILD/spawning" ==> "ACTIVE/None" after 39 second wait
