2025-12-10 00:16:40.658 67264 INFO tempest.lib.common.rest_client [req-0fb22ae1-adc1-473d-b885-c89fb099a446 req-0fb22ae1-adc1-473d-b885-c89fb099a446 ] Request (VolumesSnapshotsTestJSON:tearDownClass): 200 GET http://10.180.1.21/networking/v2.0/security-groups?tenant_id=d50c8e300e7a44d48da0c672d029ebc2&name=default 0.323s
2025-12-10 00:16:40.691 67284 INFO tempest.lib.common.rest_client [req-68b0f548-8a64-44ce-befe-463abbfc155a req-68b0f548-8a64-44ce-befe-463abbfc155a ] Request (ServersTestBootFromVolume:tearDownClass): 200 GET http://10.180.1.21/compute/v2.1/servers/d3daeebd-a9a5-4b4c-a9b5-0c616c3a96fd 1.075s
2025-12-10 00:16:40.872 67250 INFO tempest.lib.common.rest_client [req-a27cfbd8-aa1b-402c-bc37-44f26653c696 req-a27cfbd8-aa1b-402c-bc37-44f26653c696 ] Request (ImagesTestJSON:test_create_image_from_suspended_server): 200 GET http://10.180.1.21/compute/v2.1/servers/0642ca13-6bdf-4900-ab1f-e04df923570f 1.186s
2025-12-10 00:16:40.884 67250 INFO tempest.common.waiters [-] State transition "BUILD/scheduling" ==> "BUILD/None" after 2 second wait
2025-12-10 00:16:41.070 67264 INFO tempest.lib.common.rest_client [req-23e68736-c8ae-4e84-9bee-a06fbb8fef30 req-23e68736-c8ae-4e84-9bee-a06fbb8fef30 ] Request (VolumesSnapshotsTestJSON:tearDownClass): 204 DELETE http://10.180.1.21/networking/v2.0/security-groups/27176686-bf80-4a2f-a611-d8e06ae4d881 0.411s
2025-12-10 00:16:41.103 67242 INFO tempest.lib.common.rest_client [req-4989f6d8-d195-4665-b626-01591cdc6c04 req-4989f6d8-d195-4665-b626-01591cdc6c04 ] Request (ServerActionsTestJSON:setUpClass): 200 GET http://10.180.1.21/compute/v2.1/servers/32309579-fb9f-4672-ad2d-3e6092f66550 1.354s
2025-12-10 00:16:41.123 67260 INFO tempest.lib.common.rest_client [req-943d43ab-6972-41f4-8aee-94d419991c13 req-943d43ab-6972-41f4-8aee-94d419991c13 ] Request (ServersListShow2100Test:tearDownClass): 200 GET http://10.180.1.21/compute/v2.1/servers/97d44b6f-1873-4b82-b48c-efb45323183d 1.274s
2025-12-10 00:16:41.188 67264 INFO tempest.lib.common.rest_client [req-9492e967-535a-4c69-8f8e-637580aaf6e3 req-9492e967-535a-4c69-8f8e-637580aaf6e3 ] Request (VolumesSnapshotsTestJSON:tearDownClass): 204 DELETE http://10.180.1.21/identity/v3/projects/d50c8e300e7a44d48da0c672d029ebc2 0.116s
2025-12-10 00:16:41.189 67228 INFO tempest.lib.common.rest_client [req-512bd5eb-56be-4ed4-93bc-8e9ca4bb1fc3 req-512bd5eb-56be-4ed4-93bc-8e9ca4bb1fc3 ] Request (ServerRescueNegativeTestJSON:test_rescued_vm_detach_volume): 200 GET http://10.180.1.21/compute/v2.1/servers/583e1770-f009-4ac6-8ea9-3af2afc35f47 1.268s
2025-12-10 00:16:41.361 67234 INFO tempest.lib.common.rest_client [req-6d97155b-475f-41f3-8761-50c3a283d37e req-6d97155b-475f-41f3-8761-50c3a283d37e ] Request (AttachVolumeShelveTestJSON:test_attach_volume_shelved_or_offload_server): 200 GET http://10.180.1.21/compute/v2.1/servers/ea0334f0-503d-4b9b-908e-6ec84e436efd 1.103s
2025-12-10 00:16:41.466 67256 INFO tempest.lib.common.rest_client [req-48bd3e99-e15d-4224-91d4-f3801241f45f req-48bd3e99-e15d-4224-91d4-f3801241f45f ] Request (SecurityGroupsTestJSON:tearDownClass): 200 GET http://10.180.1.21/compute/v2.1/servers/209bb1c6-eba7-4337-a845-22633d4e5c99 1.031s
2025-12-10 00:16:41.592 67252 INFO tempest.lib.common.rest_client [req-2a3d8382-e618-4243-aef9-5f188d86263b req-2a3d8382-e618-4243-aef9-5f188d86263b ] Request (MigrationsAdminTest:test_resize_server_revert_deleted_flavor): 200 GET http://10.180.1.21/compute/v2.1/servers/16f5dbbe-d20a-42b4-a840-a6471bd6f059 1.127s
2025-12-10 00:16:41.647 67272 INFO tempest.lib.common.rest_client [req-dd336593-71f0-463b-9a28-8c9371d7dad3 req-dd336593-71f0-463b-9a28-8c9371d7dad3 ] Request (DeleteServersTestJSON:test_delete_server_while_in_shelved_state): 202 POST http://10.180.1.21/compute/v2.1/servers 1.658s
2025-12-10 00:16:41.721 67244 INFO tempest.lib.common.rest_client [req-58dc90dd-2b67-4346-aad7-d735c5907163 req-58dc90dd-2b67-4346-aad7-d735c5907163 ] Request (ImagesOneServerNegativeTestJSON:_run_cleanups): 200 GET http://10.180.1.21/compute/v2.1/servers/d00e45f2-6ef0-41ef-bf55-9d585866fa49 1.063s
2025-12-10 00:16:41.730 67244 INFO tempest.common.waiters [-] State transition "BUILD/block_device_mapping" ==> "BUILD/spawning" after 19 second wait
2025-12-10 00:16:41.735 67232 INFO tempest.lib.common.rest_client [req-b8c979d8-c38c-4e36-8903-d9237ae1485b req-b8c979d8-c38c-4e36-8903-d9237ae1485b ] Request (ServerGroupTestJSON:_run_cleanups): 200 GET http://10.180.1.21/compute/v2.1/servers/84cc6e9d-20ea-4756-b52b-c9edd1d6fa2f 0.984s
2025-12-10 00:16:41.814 67286 INFO tempest.lib.common.rest_client [req-6a3557c4-c78b-4483-a618-e66717686fcc req-6a3557c4-c78b-4483-a618-e66717686fcc ] Request (ServersTestJSON:test_create_server_specify_multibyte_character_name): 200 GET http://10.180.1.21/compute/v2.1/servers/b63c2977-a8ae-4d20-811c-073596caf278 0.813s
2025-12-10 00:16:41.828 67286 INFO tempest.common.waiters [-] State transition "BUILD/scheduling" ==> "BUILD/None" after 2 second wait
2025-12-10 00:16:41.831 67224 INFO paramiko.transport [-] Connected (version 2.0, client dropbear_2020.81)
2025-12-10 00:16:41.847 67246 INFO tempest.lib.common.rest_client [req-8920bba3-956f-44fc-9cea-ce5e46193767 req-8920bba3-956f-44fc-9cea-ce5e46193767 ] Request (ServerDiskConfigTestJSON:test_rebuild_server_with_manual_disk_config): 200 GET http://10.180.1.21/compute/v2.1/servers/b33e3b49-ec7a-4738-8bfd-6782ce85acfb 0.955s
2025-12-10 00:16:41.857 67246 INFO tempest.common.waiters [-] State transition "REBUILD/rebuild_spawning" ==> "ACTIVE/None" after 12 second wait
2025-12-10 00:16:41.895 67238 INFO tempest.lib.common.rest_client [req-261170eb-7396-4d0c-a985-f6b08d15dbb2 req-261170eb-7396-4d0c-a985-f6b08d15dbb2 ] Request (ListImageFiltersTestJSON:tearDownClass): 200 GET http://10.180.1.21/compute/v2.1/servers/8dd4f91b-7a2c-4559-9a69-a12e2aaa3714 0.839s
2025-12-10 00:16:41.938 67224 INFO paramiko.transport [-] Authentication (publickey) successful!
2025-12-10 00:16:41.939 67224 INFO tempest.lib.common.ssh [-] ssh connection to cirros@10.180.180.157 successfully created
2025-12-10 00:16:41.953 67266 INFO tempest.lib.common.rest_client [req-848a7200-810c-4c9e-90c6-401ba5eafb17 req-848a7200-810c-4c9e-90c6-401ba5eafb17 ] Request (InstanceActionsNegativeTestJSON:tearDownClass): 200 GET http://10.180.1.21/compute/v2.1/servers/33870726-b1d8-445a-991e-076355ad269d 0.789s
2025-12-10 00:16:41.954 67262 INFO tempest.lib.common.rest_client [req-64728800-5e1b-4516-92e8-43f7c75a0811 req-64728800-5e1b-4516-92e8-43f7c75a0811 ] Request (ServerActionsTestOtherB:test_resize_server_confirm_from_stopped): 200 GET http://10.180.1.21/compute/v2.1/servers/85779ddc-39b4-42e9-a5ed-dbf66dba7712 0.863s
2025-12-10 00:16:42.004 67226 INFO tempest.lib.common.rest_client [req-613e3eba-58a7-41a5-a90b-06b9099b6814 req-613e3eba-58a7-41a5-a90b-06b9099b6814 ] Request (ServersNegativeTestJSON:setUpClass): 200 GET http://10.180.1.21/compute/v2.1/servers/6b53deb1-876c-46fe-a018-a04d281313ea 0.826s
2025-12-10 00:16:42.042 67272 INFO tempest.lib.common.rest_client [req-182c61c2-2c49-4cfc-84fa-6c3e4c399b74 req-182c61c2-2c49-4cfc-84fa-6c3e4c399b74 ] Request (DeleteServersTestJSON:test_delete_server_while_in_shelved_state): 200 GET http://10.180.1.21/compute/v2.1/servers/ea91d8dc-acd2-4e75-8e94-dab8f64975cb 0.391s
2025-12-10 00:16:42.104 67284 INFO tempest.lib.common.rest_client [req-1d825eaa-7b68-427f-b88d-91d08f17c16c req-1d825eaa-7b68-427f-b88d-91d08f17c16c ] Request (ServersTestBootFromVolume:tearDownClass): 200 GET http://10.180.1.21/compute/v2.1/servers/d3daeebd-a9a5-4b4c-a9b5-0c616c3a96fd 0.406s
2025-12-10 00:16:42.138 67236 INFO tempest.lib.common.rest_client [req-eeeb49d4-5b65-45f3-a440-5a0a1bb06fc3 req-eeeb49d4-5b65-45f3-a440-5a0a1bb06fc3 ] Request (ServersAdminTestJSON:_run_cleanups): 200 GET http://10.180.1.21/compute/v2.1/servers/08491284-9bdc-4f98-bd4d-35d2c22a41d5 0.702s
2025-12-10 00:16:42.145 67236 INFO tempest.common.waiters [-] State transition "REBUILD/rebuild_spawning" ==> "ACTIVE/None" after 12 second wait
2025-12-10 00:16:42.194 67250 INFO tempest.lib.common.rest_client [req-dda3716e-05f1-4327-b8fe-e7a22d508d9f req-dda3716e-05f1-4327-b8fe-e7a22d508d9f ] Request (ImagesTestJSON:test_create_image_from_suspended_server): 200 GET http://10.180.1.21/compute/v2.1/servers/0642ca13-6bdf-4900-ab1f-e04df923570f 0.308s
2025-12-10 00:16:42.246 67224 INFO tempest.lib.common.rest_client [req-cee89283-7a1c-4c91-8216-bb1810533c55 req-cee89283-7a1c-4c91-8216-bb1810533c55 ] Request (ServersTestJSON:test_list_servers): 200 GET http://10.180.1.21/compute/v2.1/servers 0.299s
2025-12-10 00:16:42.252 67246 INFO tempest.lib.common.rest_client [req-8cb79079-1acf-4f2c-a607-8caaee6568f0 req-8cb79079-1acf-4f2c-a607-8caaee6568f0 ] Request (ServerDiskConfigTestJSON:test_rebuild_server_with_manual_disk_config): 200 GET http://10.180.1.21/compute/v2.1/servers/b33e3b49-ec7a-4738-8bfd-6782ce85acfb 0.394s
2025-12-10 00:16:42.299 67242 INFO tempest.lib.common.rest_client [req-f2b635a5-00b3-45c8-94bb-e832782d76e0 req-f2b635a5-00b3-45c8-94bb-e832782d76e0 ] Request (ServerActionsTestJSON:setUpClass): 200 GET http://10.180.1.21/compute/v2.1/servers/32309579-fb9f-4672-ad2d-3e6092f66550 0.188s
2025-12-10 00:16:42.305 67242 INFO tempest.common.waiters [-] State transition "BUILD/None" ==> "BUILD/networking" after 14 second wait
2025-12-10 00:16:42.335 67260 INFO tempest.lib.common.rest_client [req-c7a2b5e9-6319-4975-9eb3-c75068dc5252 req-c7a2b5e9-6319-4975-9eb3-c75068dc5252 ] Request (ServersListShow2100Test:tearDownClass): 200 GET http://10.180.1.21/compute/v2.1/servers/97d44b6f-1873-4b82-b48c-efb45323183d 0.194s
2025-12-10 00:16:42.366 67236 INFO tempest.lib.common.rest_client [req-c09695af-fc94-49ad-92d7-3cb6e0a16ca6 req-c09695af-fc94-49ad-92d7-3cb6e0a16ca6 ] Request (ServersAdminTestJSON:test_reset_state_server): 202 POST http://10.180.1.21/compute/v2.1/servers/08491284-9bdc-4f98-bd4d-35d2c22a41d5/action 0.219s
2025-12-10 00:16:42.395 67228 INFO tempest.lib.common.rest_client [req-dd3de674-aaeb-4722-a62b-94c602aa3a5b req-dd3de674-aaeb-4722-a62b-94c602aa3a5b ] Request (ServerRescueNegativeTestJSON:test_rescued_vm_detach_volume): 200 GET http: