2025-12-10 00:13:58.412 67230 INFO tempest.lib.common.rest_client [req-53ca7fbc-c0f9-4166-8020-3f00deec00d1 req-53ca7fbc-c0f9-4166-8020-3f00deec00d1 ] Request (AttachInterfacesTestJSON:test_create_list_show_delete_interfaces_by_fixed_ip): 200 GET http://10.180.1.21/compute/v2.1/servers/ab7e6500-e71c-4d14-8997-02bc63f4e506/os-interface 1.975s
2025-12-10 00:13:59.067 67274 INFO tempest.lib.common.rest_client [req-1b42bc87-1f2e-49e6-a579-6bd0b9f07532 req-1b42bc87-1f2e-49e6-a579-6bd0b9f07532 ] Request (ServerAddressesTestJSON:setUpClass): 200 PUT http://10.180.1.21/networking/v2.0/routers/ea19f33a-aeb9-4d55-812e-2703a8cc1c4f/add_router_interface 1.091s
2025-12-10 00:13:59.067 67274 INFO tempest.lib.common.dynamic_creds [-] Created isolated network resources for: credentials: Credentials: {'domain_id': 'default', 'domain_name': 'Default', 'username': 'tempest-ServerAddressesTestJSON-1476848044-project-member', 'project_domain_id': 'default', 'project_domain_name': 'Default', 'project_id': '4ba0dad4073d47ac939f11b696a012af', 'project_name': 'tempest-ServerAddressesTestJSON-1476848044', 'tenant_id': '4ba0dad4073d47ac939f11b696a012af', 'tenant_name': 'tempest-ServerAddressesTestJSON-1476848044', 'user_domain_id': 'default', 'user_domain_name': 'Default', 'user_id': '2b29553b836248b183ecefaaea74256b', 'system': None}, Network: {'id': '162df964-bed6-4d50-81b2-3e66d13491cb', 'name': 'tempest-ServerAddressesTestJSON-760429393-network', 'tenant_id': '4ba0dad4073d47ac939f11b696a012af', 'project_id': '4ba0dad4073d47ac939f11b696a012af', 'admin_state_up': True, 'mtu': 8950, 'status': 'ACTIVE', 'subnets': [], 'shared': False, 'port_security_enabled': True, 'router:external': False, 'provider:network_type': 'vlan', 'provider:physical_network': 'default', 'provider:segmentation_id': 404, 'availability_zone_hints': [], 'availability_zones': [], 'ipv4_address_scope': None, 'ipv6_address_scope': None, 'description': '', 'tags': [], 'created_at': '2025-12-10T00:13:56Z', 'updated_at': '2025-12-10T00:13:56Z', 'revision_number': 1}, Subnet: {'id': 'c6b5fd0e-f73c-4fa7-a2d9-85b90eeb83eb', 'name': 'tempest-ServerAddressesTestJSON-760429393-subnet', 'tenant_id': '4ba0dad4073d47ac939f11b696a012af', 'network_id': '162df964-bed6-4d50-81b2-3e66d13491cb', 'ip_version': 4, 'subnetpool_id': None, 'enable_dhcp': True, 'ipv6_ra_mode': None, 'ipv6_address_mode': None, 'gateway_ip': '192.168.128.1', 'cidr': '192.168.128.0/28', 'allocation_pools': [{'start': '192.168.128.2', 'end': '192.168.128.14'}], 'host_routes': [], 'dns_nameservers': [], 'description': '', 'router:external': False, 'service_types': [], 'tags': [], 'created_at': '2025-12-10T00:13:57Z', 'updated_at': '2025-12-10T00:13:57Z', 'revision_number': 0, 'project_id': '4ba0dad4073d47ac939f11b696a012af'}, Router: {'id': 'ea19f33a-aeb9-4d55-812e-2703a8cc1c4f', 'name': 'tempest-ServerAddressesTestJSON-760429393-router', 'tenant_id': '4ba0dad4073d47ac939f11b696a012af', 'admin_state_up': True, 'status': 'ACTIVE', 'external_gateway_info': {'network_id': '055700b3-505d-47ae-9f3a-2e2b619873da', 'external_fixed_ips': [{'subnet_id': 'b0884b49-c436-412d-83d6-d32280dac797', 'ip_address': '10.180.180.245'}], 'enable_snat': True}, 'description': '', 'availability_zones': [], 'distributed': False, 'ha': False, 'availability_zone_hints': [], 'routes': [], 'flavor_id': None, 'tags': [], 'created_at': '2025-12-10T00:13:57Z', 'updated_at': '2025-12-10T00:13:57Z', 'revision_number': 2, 'project_id': '4ba0dad4073d47ac939f11b696a012af'}
2025-12-10 00:13:59.103 67252 INFO tempest.lib.common.rest_client [req-63fa717e-5181-4290-aed9-8cf06d7eecbe req-63fa717e-5181-4290-aed9-8cf06d7eecbe ] Request (MigrationsAdminTest:test_list_migrations_in_flavor_resize_situation): 200 GET http://10.180.1.21/compute/v2.1/servers/75b3a090-765f-4465-adaf-8aa991ef0b9f 2.970s
2025-12-10 00:13:59.119 67242 INFO tempest.lib.common.rest_client [req-9836f4e5-109b-4ee2-9d1d-54193265360f req-9836f4e5-109b-4ee2-9d1d-54193265360f ] Request (VolumesAssistedSnapshotsTest:test_volume_assisted_snapshot_create_delete): 200 GET http://10.180.1.21/volume/v3/volumes/bbe20252-ca4d-426f-9e52-5f4fd430cc53 0.043s
2025-12-10 00:13:59.135 67260 INFO tempest.lib.common.rest_client [req-4760f552-536b-4aa2-9e1d-061aef7fcfff req-4760f552-536b-4aa2-9e1d-061aef7fcfff ] Request (ServerTagsTestJSON:test_check_tag_existence): 204 GET http://10.180.1.21/compute/v2.1/servers/61766c1d-f091-45fb-95ad-2700e55158ee/tags/tempest-tag-718842854 2.596s
2025-12-10 00:13:59.153 67234 INFO tempest.lib.common.rest_client [req-fe58c413-e8b3-441f-8c55-271227d8e22f req-fe58c413-e8b3-441f-8c55-271227d8e22f ] Request (KeyPairsV210TestJSON:test_admin_manage_keypairs_for_other_users): 200 GET http://10.180.1.21/compute/v2.1/os-keypairs?user_id=4a80d510fd424f2b8a562bff75f7f41d 2.580s
2025-12-10 00:13:59.166 67268 INFO tempest.lib.common.rest_client [req-692439fe-b30c-44a1-8793-d9eed7f5ad06 req-692439fe-b30c-44a1-8793-d9eed7f5ad06 ] Request (ServersAdmin275Test:tearDownClass): 200 GET http://10.180.1.21/compute/v2.1/servers/4311b7d9-9f57-48a7-9470-10739dfcaaaa 2.642s
2025-12-10 00:13:59.187 67274 INFO tempest.lib.common.rest_client [req-71380721-e1a5-4e0c-9c21-ef460dc0ef8c req-71380721-e1a5-4e0c-9c21-ef460dc0ef8c ] Request (ServerAddressesTestJSON:setUpClass): 201 POST http://10.180.1.21/identity/v3/auth/tokens 0.113s
2025-12-10 00:13:59.228 67274 INFO tempest.lib.common.rest_client [req-6eefa7d6-4df9-4253-8b6a-9d8a56cd19d6 req-6eefa7d6-4df9-4253-8b6a-9d8a56cd19d6 ] Request (ServerAddressesTestJSON:setUpClass): 201 POST http://10.180.1.21/identity/v3/auth/tokens 0.038s
2025-12-10 00:13:59.229 67274 INFO tempest.lib.common.fixed_network [-] (ServerAddressesTestJSON:setUpClass) Found network {'id': '162df964-bed6-4d50-81b2-3e66d13491cb', 'name': 'tempest-ServerAddressesTestJSON-760429393-network', 'tenant_id': '4ba0dad4073d47ac939f11b696a012af', 'project_id': '4ba0dad4073d47ac939f11b696a012af', 'admin_state_up': True, 'mtu': 8950, 'status': 'ACTIVE', 'subnets': [], 'shared': False, 'port_security_enabled': True, 'router:external': False, 'provider:network_type': 'vlan', 'provider:physical_network': 'default', 'provider:segmentation_id': 404, 'availability_zone_hints': [], 'availability_zones': [], 'ipv4_address_scope': None, 'ipv6_address_scope': None, 'description': '', 'tags': [], 'created_at': '2025-12-10T00:13:56Z', 'updated_at': '2025-12-10T00:13:56Z', 'revision_number': 1} available for tenant
2025-12-10 00:13:59.439 67256 INFO tempest.lib.common.rest_client [req-b7ae50bf-13b2-4c43-939a-cedea44aea09 req-b7ae50bf-13b2-4c43-939a-cedea44aea09 ] Request (SecurityGroupsTestJSON:test_list_security_groups_by_server): 200 GET http://10.180.1.21/compute/v2.1/servers/209bb1c6-eba7-4337-a845-22633d4e5c99 2.813s
2025-12-10 00:13:59.449 67256 INFO tempest.common.waiters [-] State transition "BUILD/None" ==> "BUILD/spawning" after 45 second wait
2025-12-10 00:13:59.776 67282 INFO tempest.lib.common.rest_client [req-a6ebb70c-9be0-4afc-8e88-4d9c857ca7f7 req-a6ebb70c-9be0-4afc-8e88-4d9c857ca7f7 ] Request (ServersNegativeTestMultiTenantJSON:setUpClass): 200 GET http://10.180.1.21/compute/v2.1/servers/c790ef47-e149-4bee-920d-f4899fa079ed 3.067s
2025-12-10 00:13:59.829 67262 WARNING tempest.lib.common.ssh [-] Failed to establish authenticated ssh connection to cirros@10.180.180.205 ([Errno None] Unable to connect to port 22 on 10.180.180.205). Number attempts: 2. Retry after 3 seconds.: paramiko.ssh_exception.NoValidConnectionsError: [Errno None] Unable to connect to port 22 on 10.180.180.205
2025-12-10 00:14:00.170 67242 INFO tempest.lib.common.rest_client [req-da0619b4-5a15-419b-a8c1-3e292081f66b req-da0619b4-5a15-419b-a8c1-3e292081f66b ] Request (VolumesAssistedSnapshotsTest:test_volume_assisted_snapshot_create_delete): 200 GET http://10.180.1.21/volume/v3/volumes/bbe20252-ca4d-426f-9e52-5f4fd430cc53 0.040s
2025-12-10 00:14:00.270 67248 INFO tempest.lib.common.rest_client [req-20d6ca09-5dcd-4202-adde-9e5737ceee98 req-20d6ca09-5dcd-4202-adde-9e5737ceee98 ] Request (ImagesNegativeTestJSON:test_create_image_from_deleted_server): 200 GET http://10.180.1.21/compute/v2.1/servers/6e444328-8e2f-4217-be4f-9f05336b83c0 3.351s
2025-12-10 00:14:00.345 67232 INFO tempest.lib.common.rest_client [req-d94f9f95-6acb-4a73-bde0-a507f389d510 req-d94f9f95-6acb-4a73-bde0-a507f389d510 ] Request (ServersAaction247Test:test_create_backup): 200 GET http://10.180.1.21/compute/v2.1/servers/6d6f5a50-7c35-4111-839e-a1ebee4722ce 3.349s
2025-12-10 00:14:00.480 67266 INFO tempest.lib.common.rest_client [req-898155e0-933d-4114-84a3-ad510a0c6eb1 req-898155e0-933d-4114-84a3-ad510a0c6eb1 ] Request (DeleteServersAdminTestJSON:test_delete_server_while_in_error_state): 200 GET http://10.180.1.21/compute/v2.1/servers/eac017c4-98dc-48da-bb9c-aabd219e4403 3.468s
2025-12-10 00:14:00.487 67266 INFO tempest.common.waiters [-] State transition "BUILD/spawning" ==> "ACTIVE/None" after 47 second wait
2025-12-10 00:14:00.527 67236 INFO tempest.lib.common.rest_client [req-e9ececeb-9843-43e5-8a82-5c6a6dfb25ca req-e9ececeb-9843-43e5-8a82-5c6a6dfb25ca ] Request (ServersAdminTestJSON:test_create_server_with_scheduling_hint): 200 GET http://10.180.1.21/compute/v2.1/servers/98813dee-b682-4913-a281-d5a38e88d399 3.486s
2025-12-10 00:14:00.534 67236 INFO tempest.common.waiters [-] State transition "BUILD/scheduling" ==> "BUILD/None" after 8 second wait
2025-12-10 00:14:00.574 67244 INFO tempest.lib.common.rest_client [req-fcc1fef0-d5f4-4dae-99f7-6393147fe22b req-fcc1fef0-d5f4-4dae-99f7-6393147fe22b ] Request (ImagesOneServerNegativeTestJSON:setUpClass): 200 GET http://10.180.1.21/compute/v2.1/servers/bee35680-35e2-439d-b7bf-2ddb3e6d03e0 3.467s
2025-12-10 00:14:00.617 67250 INFO tempest.lib.common.rest_client [req-08c634fc-c2cf-4663-a3c4-d52a975990fb req-08c634fc-c2cf-4663-a3c4-d52a975990fb ] Request (FloatingIPsAssociationTestJSON:test_associate_disassociate_floating_ip): 202 POST http://10.180.1.21/compute/v2.1/servers/90f9f5a0-cd5a-400b-a594-4d11dc6637bb/action 3.948s
2025-12-10 00:14:00.653 67228 INFO tempest.lib.common.rest_client [req-a31bee14-fd1d-46fb-b64e-ae51894bf336 req-a31bee14-fd1d-46fb-b64e-ae51894bf336 ] Request (ServerAddressesNegativeTestJSON:tearDownClass): 204 DELETE http://10.180.1.21/compute/v2.1/servers/4ffab825-c5f5-4cec-81f7-b5a25e5a569a 3.541s
2025-12-10 00:14:00.706 67246 INFO tempest.lib.common.rest_client [req-7f28e707-867d-4aaf-b52c-876007c9cf4f req-7f28e707-867d-4aaf-b52c-876007c9cf4f ] Request (ServerDiskConfigTestJSON:test_rebuild_server_with_auto_disk_config): 200 GET http://10.180.1.21/compute/v2.1/servers/e7199805-895f-4af3-b6a2-3a9c1a93d6d1 3.478s
2025-12-10 00:14:00.775 67280 INFO tempest.lib.common.rest_client [req-868faa8e-fd97-4b84-a09c-906c086a8637 req-868faa8e-fd97-4b84-a09c-906c086a8637 ] Request (ServersAdminNegativeTestJSON:test_migrate_server_invalid_state): 200 GET http://10.180.1.21/compute/v2.1/servers/e7d12f7e-6e01-408b-aabe-8e45fd791f9a 3.530s
2025-12-10 00:14:00.833 67240 INFO tempest.lib.common.rest_client [req-599a3c83-de43-4857-b9f9-5a00170900e2 req-599a3c83-de43-4857-b9f9-5a00170900e2 ] Request (AttachVolumeNegativeTest:test_attach_attached_volume_to_different_server): 200 GET http://10.180.1.21/compute/v2.1/servers/d2a3376f-8859-4b14-a780-ebcdda443fd0 3.538s
2025-12-10 00:14:00.897 67238 INFO tempest.lib.common.rest_client [req-812d3d01-bd08-4cb1-b9af-39a84c6d08a6 req-812d3d01-bd08-4cb1-b9af-39a84c6d08a6 ] Request (ListImageFiltersTestJSON:setUpClass): 200 GET http://10.180.1.21/compute/v2.1/servers/8dd4f91b-7a2c-4559-9a69-a12e2aaa3714 3.583s
2025-12-10 00:14:00.920 67224 INFO tempest.lib.common.rest_client [req-c23cf029-4656-491c-922b-0e1a970a1a8a req-c23cf029-4656-491c-922b-0e1a970a1a8a ] Request (FlavorsAdminTestJSON:test_list_non_public_flavor): 200 GET http://10.180.1.21/compute/v2.1/flavors/detail 3.595s
2025-12-10 00:14:00.921 67272 INFO tempest.lib.common.rest_client [req-2b63f613-e4d4-4a5d-823f-c018f97e7443 req-2b63f613-e4d4-4a5d-823f-c018f97e7443 ] Request (DeleteServersTestJSON:test_delete_active_server): 200 GET http://10.180.1.21/compute/v2.1/servers/e22da353-fb8f-424b-ac1a-c49bdff2912b 3.755s
2025-12-10 00:14:00.972 67271 INFO tempest.lib.common.rest_client [req-83fdeabf-7bd7-42ca-88a1-fc1de392fa4e req-83fdeabf-7bd7-42ca-88a1-fc1de392fa4e ] Request (ServerMetadataNegativeTestJSON:test_metadata_items_limit): 403 PUT http://10.180.1.21/compute/v2.1/servers/a8d2e678-b950-44ff-99db-d3693d6b5c40/metadata 3.542s
2025-12-10 00:14:00.971 67254 INFO tempest.lib.common.rest_client [req-5f4a5471-6a3e-4290-8bbc-29b5e53a7d51 req-5f4a5471-6a3e-4290-8bbc-29b5e53a7d51 ] Request (KeyPairsV22TestJSON:test_keypair_create_with_pub_key): 201 POST http://10.180.1.21/compute/v2.1/os-keypairs 3.628s
2025-12-10 00:14:01.070 67264 INFO tempest.lib.common.rest_client [req-3bd7b37a-a4a3-4f71-8f60-c32fb0e138f0 req-3bd7b37a-a4a3-4f71-8f60-c32fb0e138f0 ] Request (ServerMetadataTestJSON:tearDownClass): 204 DELETE http://10.180.1.21/compute/v2.1/servers/e4dabd08-a246-4f46-91f8-37dd612fd571 3.243s
2025-12-10 00:14:01.083 67226 INFO tempest.lib.common.rest_client [req-8aefe2ac-0a53-4453-98c2-c7ce0b270175 req-8aefe2ac-0a53-4453-98c2-c7ce0b270175 ] Request (MultipleCreateTestJSON:test_multiple_create_with_reservation_return): 200 GET http://10.180.1.21/compute/v2.1/servers 3.297s
2025-12-10 00:14:01.088 67286 INFO tempest.lib.common.rest_client [req-f0508afd-39cc-4b4a-8451-e82e800bd28e req-f0508afd-39cc-4b4a-8451-e82e800bd28e ] Request (MultipleCreateNegativeTestJSON:test_max_count_less_than_one): 400 POST http://10.180.1.21/compute/v2.1/servers 3.091s
2025-12-10 00:14:01.152 67286 INFO tempest.lib.common.rest_client [req-16be25b5-c207-42af-8135-9af6a7d9ce9a req-16be25b5-c207-42af-8135-9af6a7d9ce9a ] Request (MultipleCreateNegativeTestJSON:test_max_count_non_integer): 201 POST http://10.180.1.21/identity/v3/auth/tokens 0.060s
2025-12-10 00:14:01.153 67286 INFO tempest.lib.common.fixed_network [-] (MultipleCreateNegativeTestJSON:test_max_count_non_integer) Found network None available for tenant
2025-12-10 00:14:01.165 67284 INFO tempest.lib.common.rest_client [req-939d4ee0-79a9-4188-82b5-4231f6963814 req-939d4ee0-79a9-4188-82b5-4231f6963814 ] Request (ImagesOneServerTestJSON:tearDownClass): 200 GET http://10.180.1.21/compute/v2.1/servers/0e6a83c5-450b-4745-9371-b5a8069e038c 2.851s
2025-12-10 00:14:01.172 67284 INFO tempest.common.waiters [-] State transition "ACTIVE/deleting" ==> "DELETED/None" after 4 second wait
2025-12-10 00:14:01.183 67230 INFO tempest.lib.common.rest_client [req-2b2912f3-09ce-4bdb-94a1-bdee234b8161 req-2b2912f3-09ce-4bdb-94a1-bdee234b8161 ] Request (AttachInterfacesTestJSON:test_create_list_show_delete_interfaces_by_fixed_ip): 200 GET http://10.180.1.21/compute/v2.1/servers/ab7e6500-e71c-4d14-8997-02bc63f4e506/os-interface/1d5ebd54-a878-4294-a31c-5f6038a410c0 2.768s
2025-12-10 00:14:01.197 67252 INFO tempest.lib.common.rest_client [req-2c925f0e-7e3d-4484-9e4d-44b9cb29de5a req-2c925f0e-7e3d-4484-9e4d-44b9cb29de5a ] Request (MigrationsAdminTest:test_list_migrations_in_flavor_resize_situation): 200 POST http://10.180.1.21/compute/v2.1/os-keypairs 2.084s
2025-12-10 00:14:01.210 67242 INFO tempest.lib.common.rest_client [req-04ec24a5-3f4b-4629-b822-c68feaa85ec5 req-04ec24a5-3f4b-4629-b822-c68feaa85ec5 ] Request (VolumesAssistedSnapshotsTest:test_volume_assisted_snapshot_create_delete): 200 GET http://10.180.1.21/volume/v3/volumes/bbe20252-ca4d-426f-9e52-5f4fd430cc53 0.031s
2025-12-10 00:14:01.213 67234 INFO tempest.lib.common.rest_client [req-17319e28-5052-44d6-b671-3ea0cf25169c req-17319e28-5052-44d6-b671-3ea0cf25169c ] Request (KeyPairsV210TestJSON:_run_cleanups): 204 DELETE http://10.180.1.21/compute/v2.1/os-keypairs/tempest-KeyPairsV210TestJSON-keypair-892275286 2.053s
2025-12-10 00:14:01.273 67260 INFO tempest.lib.common.rest_client [req-9f0bdfc2-28a4-433c-8dfe-8238cdc9ef21 req-9f0bdfc2-28a4-433c-8dfe-8238cdc9ef21 ] Request (ServerTagsTestJSON:_run_cleanups): 204 DELETE http://10.180.1.21/compute/v2.1/servers/61766c1d-f091-45fb-95ad-2700e55158ee/tags 2.137s
2025-12-10 00:14:01.319 67252 INFO tempest.lib.common.rest_client [req-ad55023b-134c-486b-9c6c-70493635bbb0 req-ad55023b-134c-486b-9c6c-70493635bbb0 ] Request (MigrationsAdminTest:test_list_migrations_in_flavor_resize_situation): 201 POST http://10.180.1.21/networking/v2.0/security-groups 0.120s
2025-12-10 00:14:01.416 67252 INFO tempest.lib.common.rest_client [req-c59e75b8-da2d-4588-b485-ce83e5785160 req-c59e75b8-da2d-4588-b485-ce83e5785160 ] Request (MigrationsAdminTest:test_list_migrations_in_flavor_resize_situation): 201 POST http://10.180.1.21/networking/v2.0/security-group-rules 0.097s
2025-12-10 00:14:01.433 67268 INFO tempest.lib.common.rest_client [req-236cfb73-ede0-42de-849d-c39cb8bbfacb req-236cfb73-ede0-42de-849d-c39cb8bbfacb ] Request (ServersAdmin275Test:tearDownClass): 200 GET http://10.180.1.21/compute/v2.1/servers/4311b7d9-9f57-48a7-9470-10739dfcaaaa 1.253s
2025-12-10 00:14:01.535 67252 INFO tempest.lib.common.rest_client [req-08650c6d-d142-4425-a232-464595874ef7 req-08650c6d-d142-4425-a232-464595874ef7 ] Request (MigrationsAdminTest:test_list_migrations_in_flavor_resize_situation): 201 POST http://10.180.1.21/networking/v2.0/security-group-rules 0.118s
2025-12-10 00:14:01.985 67256 INFO tempest.lib.common.rest_client [req-9bd6eaed-6e4e-4750-bce9-f67ab83ef408 req-9bd6eaed-6e4e-4750-bce9-f67ab83ef408 ] Request (SecurityGroupsTestJSON:test_list_security_groups_by_server): 200 GET http://10.180.1.21/compute/v2.1/servers/209bb1c6-eba7-4337-a845-22633d4e5c99 1.535s
2025-12-10 00:14:01.986 67252 INFO tempest.lib.common.rest_client [req-53265b1f-ee5b-43dd-b1b0-8784428117a6 req-53265b1f-ee5b-43dd-b1b0-8784428117a6 ] Request (MigrationsAdminTest:test_list_migrations_in_flavor_resize_situation): 201 POST http://10.180.1.21/networking/v2.0/floatingips 0.450s
2025-12-10 00:14:02.085 67266 INFO tempest.lib.common.rest_client [req-9e094265-7f9e-413a-a30f-108f0aae779a req-9e094265-7f9e-413a-a30f-108f0aae779a ] Request (DeleteServersAdminTestJSON:test_delete_server_while_in_error_state): 202 POST http://10.180.1.21/compute/v2.1/servers/eac017c4-98dc-48da-bb9c-aabd219e4403/action 1.598s
2025-12-10 00:14:02.131 67274 INFO tempest.lib.common.rest_client [req-643cd3c5-375c-4107-8883-9c6eabbf0409 req-643cd3c5-375c-4107-8883-9c6eabbf0409 ] Request (ServerAddressesTestJSON:setUpClass): 202 POST http://10.180.1.21/compute/v2.1/servers 2.902s
2025-12-10 00:14:02.265 67242 INFO tempest.lib.common.rest_client [req-2d234171-4b4b-41f4-8fa3-af4feee0357b req-2d234171-4b4b-41f4-8fa3-af4feee0357b ] Request (VolumesAssistedSnapshotsTest:test_volume_assisted_snapshot_create_delete): 200 GET http://10.180.1.21/volume/v3/volumes/bbe20252-ca4d-426f-9e52-5f4fd430cc53 0.047s
2025-12-10 00:14:02.347 67250 INFO tempest.lib.common.rest_client [req-fda44d4f-432a-4439-8d67-3857997254d7 req-fda44d4f-432a-4439-8d67-3857997254d7 ] Request (FloatingIPsAssociationTestJSON:test_associate_disassociate_floating_ip): 200 GET http://10.180.1.21/compute/v2.1/os-floating-ips/b8ef37f2-c719-4049-bc4c-a79bab414b17 1.730s
2025-12-10 00:14:02.350 67228 INFO tempest.lib.common.rest_client [req-e78cbe85-a0df-49f2-989f-1604ab3f477c req-e78cbe85-a0df-49f2-989f-1604ab3f477c ] Request (ServerAddressesNegativeTestJSON:tearDownClass): 200 GET http://10.180.1.21/compute/v2.1/servers/4ffab825-c5f5-4cec-81f7-b5a25e5a569a 1.697s
2025-12-10 00:14:02.382 67224 INFO tempest.lib.common.rest_client [req-8d2ccc4d-d056-4e22-82c3-f3510a5c5e42 req-8d2ccc4d-d056-4e22-82c3-f3510a5c5e42 ] Request (FlavorsAdminTestJSON:test_list_non_public_flavor): 200 GET http://10.180.1.21/compute/v2.1/flavors/detail 1.456s
2025-12-10 00:14:02.419 67282 INFO tempest.lib.common.rest_client [req-ff7e3f71-af05-48c0-a493-3bf2f8f192f6 req-ff7e3f71-af05-48c0-a493-3bf2f8f192f6 ] Request (ServersNegativeTestMultiTenantJSON:setUpClass): 200 GET http://10.180.1.21/compute/v2.1/servers/c790ef47-e149-4bee-920d-f4899fa079ed 1.630s
2025-12-10 00:14:02.431 67271 INFO tempest.lib.common.rest_client [req-e8f03bc6-4138-4152-8655-4c1882dcb63e req-e8f03bc6-4138-4152-8655-4c1882dcb63e ] Request (ServerMetadataNegativeTestJSON:test_metadata_items_limit): 403 POST http://10.180.1.21/compute/v2.1/servers/a8d2e678-b950-44ff-99db-d3693d6b5c40/metadata 1.459s
2025-12-10 00:14:02.438 67254 INFO tempest.lib.common.rest_client [req-66cf9fe5-60c8-402a-9a14-da57ef0f5b27 req-66cf9fe5-60c8-402a-9a14-da57ef0f5b27 ] Request (KeyPairsV22TestJSON:_run_cleanups): 204 DELETE http://10.180.1.21/compute/v2.1/os-keypairs/tempest-keypair-2030759596 1.463s
2025-12-10 00:14:02.473 67271 INFO tempest.lib.common.rest_client [req-7cec6d5a-6220-450a-b902-c8557fe1f91a req-7cec6d5a-6220-450a-b902-c8557fe1f91a ] Request (ServerMetadataNegativeTestJSON:test_server_create_metadata_key_too_long): 201 POST http://10.180.1.21/identity/v3/auth/tokens 0.037s
2025-12-10 00:14:02.473 67271 INFO tempest.lib.common.fixed_network [-] (ServerMetadataNegativeTestJSON:test_server_create_metadata_key_too_long) Found network {'id': '693c9554-c0cb-484f-badb-c6c12bc20214', 'name': 'tempest-ServerMetadataNegativeTestJSON-1531925927-network', 'tenant_id': '17ee5df93aef4ef4b8caddbcba6809f0', 'project_id': '17ee5df93aef4ef4b8caddbcba6809f0', 'admin_state_up': True, 'mtu': 8950, 'status': 'ACTIVE', 'subnets': [], 'shared': False, 'port_security_enabled': True, 'router:external': False, 'provider:network_type': 'vlan', 'provider:physical_network': 'default', 'provider:segmentation_id': 693, 'availability_zone_hints': [], 'availability_zones': [], 'ipv4_address_scope': None, 'ipv6_address_scope': None, 'description': '', 'tags': [], 'created_at': '2025-12-10T00:12:47Z', 'updated_at': '2025-12-10T00:12:47Z', 'revision_number': 1} available for tenant
2025-12-10 00:14:02.581 67226 INFO tempest.lib.common.rest_client [req-2168cfa2-e792-45c0-898b-dcd8db2df6ae req-2168cfa2-e792-45c0-898b-dcd8db2df6ae ] Request (MultipleCreateTestJSON:test_multiple_create_with_reservation_return): 200 GET http://10.180.1.21/compute/v2.1/servers/25670686-175c-42c9-ade3-5f29f981eb0f 1.496s
2025-12-10 00:14:02.586 67286 INFO tempest.lib.common.rest_client [req-e4f403b9-5c56-4953-95cb-3a4e763351b8 req-e4f403b9-5c56-4953-95cb-3a4e763351b8 ] Request (MultipleCreateNegativeTestJSON:test_max_count_non_integer): 400 POST http://10.180.1.21/compute/v2.1/servers 1.433s
2025-12-10 00:14:02.615 67264 INFO tempest.lib.common.rest_client [req-500ce4c5-36ad-42dc-8ed9-be6a0b76e198 req-500ce4c5-36ad-42dc-8ed9-be6a0b76e198 ] Request (ServerMetadataTestJSON:tearDownClass): 200 GET http://10.180.1.21/compute/v2.1/servers/e4dabd08-a246-4f46-91f8-37dd612fd571 1.545s
2025-12-10 00:14:02.627 67286 INFO tempest.lib.common.rest_client [req-c011ef14-8130-423a-a728-c91731d9d87f req-c011ef14-8130-423a-a728-c91731d9d87f ] Request (MultipleCreateNegativeTestJSON:test_min_count_less_than_one): 201 POST http://10.180.1.21/identity/v3/auth/tokens 0.036s
2025-12-10 00:14:02.627 67286 INFO tempest.lib.common.fixed_network [-] (MultipleCreateNegativeTestJSON:test_min_count_less_than_one) Found network None available for tenant
2025-12-10 00:14:02.631 67234 INFO tempest.lib.common.rest_client [req-cda18f2a-7a6d-4e19-bdc2-b28b879925e7 req-cda18f2a-7a6d-4e19-bdc2-b28b879925e7 ] Request (KeyPairsV210TestJSON:_run_cleanups): 204 DELETE http://10.180.1.21/compute/v2.1/os-keypairs/tempest-keypair-428034828?user_id=4a80d510fd424f2b8a562bff75f7f41d 1.417s
2025-12-10 00:14:02.648 67260 INFO tempest.lib.common.rest_client [req-d12d2344-c52a-45e4-86da-f4b96c78f621 req-d12d2344-c52a-45e4-86da-f4b96c78f621 ] Request (ServerTagsTestJSON:test_create_delete_tag): 200 GET http://10.180.1.21/compute/v2.1/servers/61766c1d-f091-45fb-95ad-2700e55158ee/tags 1.373s
2025-12-10 00:14:02.655 67230 INFO tempest.lib.common.rest_client [req-5b637a67-9a39-41a5-b3d8-49d08d54e27d req-5b637a67-9a39-41a5-b3d8-49d08d54e27d ] Request (AttachInterfacesTestJSON:test_create_list_show_delete_interfaces_by_fixed_ip): 202 DELETE http://10.180.1.21/compute/v2.1/servers/ab7e6500-e71c-4d14-8997-02bc63f4e506/os-interface/a1f33ecc-baff-4640-8ae3-64daa0b85bcc 1.470s
2025-12-10 00:14:02.744 67232 INFO tempest.lib.common.rest_client [req-8a677bcb-aa2a-4469-b8e3-66b1bd582e5d req-8a677bcb-aa2a-4469-b8e3-66b1bd582e5d ] Request (ServersAaction247Test:test_create_backup): 200 GET http://10.180.1.21/compute/v2.1/servers/6d6f5a50-7c35-4111-839e-a1ebee4722ce 1.386s
2025-12-10 00:14:02.766 67248 INFO tempest.lib.common.rest_client [req-fbefea9d-2a67-4e2f-bc02-9cca24400c43 req-fbefea9d-2a67-4e2f-bc02-9cca24400c43 ] Request (ImagesNegativeTestJSON:test_create_image_from_deleted_server): 200 GET http://10.180.1.21/compute/v2.1/servers/6e444328-8e2f-4217-be4f-9f05336b83c0 1.487s
2025-12-10 00:14:02.778 67248 INFO tempest.common.waiters [-] State transition "BUILD/None" ==> "BUILD/spawning" after 45 second wait
2025-12-10 00:14:02.800 67236 INFO tempest.lib.common.rest_client [req-c7cce3c7-b0f6-42be-928b-8420193e27d8 req-c7cce3c7-b0f6-42be-928b-8420193e27d8 ] Request (ServersAdminTestJSON:test_create_server_with_scheduling_hint): 200 GET http://10.180.1.21/compute/v2.1/servers/98813dee-b682-4913-a281-d5a38e88d399 1.264s
2025-12-10 00:14:02.835 67244 INFO tempest.lib.common.rest_client [req-c6694097-ac4e-43c6-a023-d4a100cbdc0f req-c6694097-ac4e-43c6-a023-d4a100cbdc0f ] Request (ImagesOneServerNegativeTestJSON:setUpClass): 200 GET http://10.180.1.21/compute/v2.1/servers/bee35680-35e2-439d-b7bf-2ddb3e6d03e0 1.250s
2025-12-10 00:14:02.880 67246 INFO tempest.lib.common.rest_client [req-2cc5979f-493c-44d2-9be2-21f6aaf4b32e req-2cc5979f-493c-44d2-9be2-21f6aaf4b32e ] Request (ServerDiskConfigTestJSON:test_rebuild_server_with_auto_disk_config): 200 GET http://10.180.1.21/compute/v2.1/servers/e7199805-895f-4af3-b6a2-3a9c1a93d6d1 1.165s
2025-12-10 00:14:03.131 67280 INFO tempest.lib.common.rest_client [req-24ad71bf-7353-48dd-a8d9-0afe06659774 req-24ad71bf-7353-48dd-a8d9-0afe06659774 ] Request (ServersAdminNegativeTestJSON:test_migrate_server_invalid_state): 200 GET http://10.180.1.21/compute/v2.1/servers/e7d12f7e-6e01-408b-aabe-8e45fd791f9a 1.345s
2025-12-10 00:14:03.145 67240 INFO tempest.lib.common.rest_client [req-e6ed4740-3e5b-48bf-a0f8-0fe57438fe7c req-e6ed4740-3e5b-48bf-a0f8-0fe57438fe7c ] Request (AttachVolumeNegativeTest:test_attach_attached_volume_to_different_server): 200 GET http://10.180.1.21/compute/v2.1/servers/d2a3376f-8859-4b14-a780-ebcdda443fd0 1.294s
2025-12-10 00:14:03.208 67238 INFO tempest.lib.common.rest_client [req-00f5e4cc-d006-4608-9d39-1826338c446c req-00f5e4cc-d006-4608-9d39-1826338c446c ] Request (ListImageFiltersTestJSON:setUpClass): 200 GET http://10.180.1.21/compute/v2.1/servers/8dd4f91b-7a2c-4559-9a69-a12e2aaa3714 1.300s
2025-12-10 00:14:03.223 67272 INFO tempest.lib.common.rest_client [req-0c1aef3d-5c9a-4bff-9d62-e1d0a79686ce req-0c1aef3d-5c9a-4bff-9d62-e1d0a79686ce ] Request (DeleteServersTestJSON:test_delete_active_server): 200 GET http://10.180.1.21/compute/v2.1/servers/e22da353-fb8f-424b-ac1a-c49bdff2912b 1.292s
2025-12-10 00:14:03.225 67252 INFO tempest.lib.common.rest_client [req-34adb945-48de-4faa-898e-cc19d739a92b req-34adb945-48de-4faa-898e-cc19d739a92b ] Request (MigrationsAdminTest:test_list_migrations_in_flavor_resize_situation): 200 GET http://10.180.1.21/compute/v2.1/os-migrations 1.234s
2025-12-10 00:14:03.322 67274 INFO tempest.lib.common.rest_client [req-1336d814-4b38-4add-981b-6795dfb73d92 req-1336d814-4b38-4add-981b-6795dfb73d92 ] Request (ServerAddressesTestJSON:setUpClass): 200 GET http://10.180.1.21/compute/v2.1/servers/f4b92584-9bec-4998-a14c-13313893f469 1.189s
2025-12-10 00:14:03.436 67276 INFO paramiko.transport [-] Connected (version 2.0, client dropbear_2020.81)
2025-12-10 00:14:03.466 67242 INFO tempest.lib.common.rest_client [req-540aaf49-7a3a-4a66-93c9-858a4cdc731c req-540aaf49-7a3a-4a66-93c9-858a4cdc731c ] Request (VolumesAssistedSnapshotsTest:test_volume_assisted_snapshot_create_delete): 200 GET http://10.180.1.21/volume/v3/volumes/bbe20252-ca4d-426f-9e52-5f4fd430cc53 0.192s
2025-12-10 00:14:03.548 67276 INFO paramiko.transport [-] Authentication (publickey) successful!
2025-12-10 00:14:03.548 67276 INFO tempest.lib.common.ssh [-] ssh connection to cirros@10.180.180.136 successfully created
2025-12-10 00:14:03.612 67284 INFO tempest.lib.common.rest_client [req-9f8d016d-f62b-4219-a86d-b3dfe315d791 req-9f8d016d-f62b-4219-a86d-b3dfe315d791 ] Request (ImagesOneServerTestJSON:tearDownClass): 200 GET http://10.180.1.21/compute/v2.1/servers/0e6a83c5-450b-4745-9371-b5a8069e038c 1.438s
2025-12-10 00:14:03.640 67266 INFO tempest.lib.common.rest_client [req-5a343ec6-c741-41c7-b729-b64e09d19e3e req-5a343ec6-c741-41c7-b729-b64e09d19e3e ] Request (DeleteServersAdminTestJSON:test_delete_server_while_in_error_state): 200 GET http://10.180.1.21/compute/v2.1/servers/eac017c4-98dc-48da-bb9c-aabd219e4403 1.555s
2025-12-10 00:14:03.656 67224 INFO tempest.lib.common.rest_client [req-0e6363e9-14ab-47cd-928b-06ca9d152284 req-0e6363e9-14ab-47cd-928b-06ca9d152284 ] Request (FlavorsAdminTestJSON:_run_cleanups): 202 DELETE http://10.180.1.21/compute/v2.1/flavors/264786349 1.263s
2025-12-10 00:14:03.690 67254 INFO tempest.lib.common.rest_client [req-1e101010-cc06-4981-945b-77ca0fdc5f21 req-1e101010-cc06-4981-945b-77ca0fdc5f21 ] Request (KeyPairsV22TestJSON:test_keypairs_create_list_delete): 201 POST http://10.180.1.21/compute/v2.1/os-keypairs 1.250s
2025-12-10 00:14:03.776 67268 INFO tempest.lib.common.rest_client [req-fc67411e-db2b-4dcd-a211-e88719e3a95d req-fc67411e-db2b-4dcd-a211-e88719e3a95d ] Request (ServersAdmin275Test:tearDownClass): 200 GET http://10.180.1.21/compute/v2.1/servers/4311b7d9-9f57-48a7-9470-10739dfcaaaa 1.332s
2025-12-10 00:14:03.787 67271 INFO tempest.lib.common.rest_client [req-8b68d3f9-d456-4172-b8e2-56166f1fabbe req-8b68d3f9-d456-4172-b8e2-56166f1fabbe ] Request (ServerMetadataNegativeTestJSON:test_server_create_metadata_key_too_long): 400 POST http://10.180.1.21/compute/v2.1/servers 1.313s
2025-12-10 00:14:03.788 67286 INFO tempest.lib.common.rest_client [req-2a238067-390e-4c59-a326-fd11f4791bd2 req-2a238067-390e-4c59-a326-fd11f4791bd2 ] Request (MultipleCreateNegativeTestJSON:test_min_count_less_than_one): 400 POST http://10.180.1.21/compute/v2.1/servers 1.161s
2025-12-10 00:14:03.818 67234 INFO tempest.lib.common.rest_client [req-56f574a0-9a99-4f0b-ae2f-fe65b264ce32 req-56f574a0-9a99-4f0b-ae2f-fe65b264ce32 ] Request (KeyPairsV210TestJSON:_run_cleanups): 204 DELETE http://10.180.1.21/compute/v2.1/os-keypairs/tempest-keypair-1846089122?user_id=4a80d510fd424f2b8a562bff75f7f41d 1.186s
2025-12-10 00:14:03.843 67286 INFO tempest.lib.common.rest_client [req-73a04155-eba3-49d4-b07e-f5ca0e0c8b5b req-73a04155-eba3-49d4-b07e-f5ca0e0c8b5b ] Request (MultipleCreateNegativeTestJSON:test_min_count_non_integer): 201 POST http://10.180.1.21/identity/v3/auth/tokens 0.049s
2025-12-10 00:14:03.844 67286 INFO tempest.lib.common.fixed_network [-] (MultipleCreateNegativeTestJSON:test_min_count_non_integer) Found network None available for tenant
2025-12-10 00:14:03.848 67271 INFO tempest.lib.common.rest_client [req-e4dc6c4b-45b5-4fbb-9de9-7f3b4afa039f req-e4dc6c4b-45b5-4fbb-9de9-7f3b4afa039f ] Request (ServerMetadataNegativeTestJSON:test_server_create_metadata_key_too_long): 201 POST http://10.180.1.21/identity/v3/auth/tokens 0.052s
2025-12-10 00:14:03.848 67271 INFO tempest.lib.common.fixed_network [-] (ServerMetadataNegativeTestJSON:test_server_create_metadata_key_too_long) Found network {'id': '693c9554-c0cb-484f-badb-c6c12bc20214', 'name': 'tempest-ServerMetadataNegativeTestJSON-1531925927-network', 'tenant_id': '17ee5df93aef4ef4b8caddbcba6809f0', 'project_id': '17ee5df93aef4ef4b8caddbcba6809f0', 'admin_state_up': True, 'mtu': 8950, 'status': 'ACTIVE', 'subnets': [], 'shared': False, 'port_security_enabled': True, 'router:external': False, 'provider:network_type': 'vlan', 'provider:physical_network': 'default', 'provider:segmentation_id': 693, 'availability_zone_hints': [], 'availability_zones': [], 'ipv4_address_scope': None, 'ipv6_address_scope': None, 'description': '', 'tags': [], 'created_at': '2025-12-10T00:12:47Z', 'updated_at': '2025-12-10T00:12:47Z', 'revision_number': 1} available for tenant
2025-12-10 00:14:03.894 67260 INFO tempest.lib.common.rest_client [req-831367aa-9d36-44de-87e0-5db046024cb9 req-831367aa-9d36-44de-87e0-5db046024cb9 ] Request (ServerTagsTestJSON:test_create_delete_tag): 201 PUT http://10.180.1.21/compute/v2.1/servers/61766c1d-f091-45fb-95ad-2700e55158ee/tags/tempest-tag-1556258564 1.245s
2025-12-10 00:14:03.926 67234 INFO tempest.lib.common.rest_client [req-b6278d7b-9ae7-485a-8bc1-34f478fe3566 req-b6278d7b-9ae7-485a-8bc1-34f478fe3566 ] Request (KeyPairsV210TestJSON:tearDownClass): 204 DELETE http://10.180.1.21/identity/v3/users/4a80d510fd424f2b8a562bff75f7f41d 0.104s
2025-12-10 00:14:03.983 67230 INFO tempest.lib.common.rest_client [req-aa1f8826-3356-4f1e-a328-c27e8b2a03d3 req-aa1f8826-3356-4f1e-a328-c27e8b2a03d3 ] Request (AttachInterfacesTestJSON:test_create_list_show_delete_interfaces_by_fixed_ip): 200 GET http://10.180.1.21/compute/v2.1/servers/ab7e6500-e71c-4d14-8997-02bc63f4e506/os-interface 1.327s
2025-12-10 00:14:04.008 67234 INFO tempest.lib.common.rest_client [req-d880d7cb-178c-4d68-a31d-8b92bd840af0 req-d880d7cb-178c-4d68-a31d-8b92bd840af0 ] Request (KeyPairsV210TestJSON:tearDownClass): 204 DELETE http://10.180.1.21/identity/v3/users/a56096c2b3114f48b277845b2878be9c 0.081s
2025-12-10 00:14:04.008 67234 INFO tempest.lib.common.dynamic_creds [-] Deleting project and security group for project: 0b6cb3bcea5d47f683d497aeca04e69d
2025-12-10 00:14:04.070 67234 INFO tempest.lib.common.rest_client [req-95b42505-fc27-4b05-a2a2-90e05efb0ca5 req-95b42505-fc27-4b05-a2a2-90e05efb0ca5 ] Request (KeyPairsV210TestJSON:tearDownClass): 201 POST http://10.180.1.21/identity/v3/auth/tokens 0.062s
2025-12-10 00:14:04.085 67256 INFO tempest.lib.common.rest_client [req-a0c97eb2-df38-456d-83c9-189b85844534 req-a0c97eb2-df38-456d-83c9-189b85844534 ] Request (SecurityGroupsTestJSON:test_list_security_groups_by_server): 200 GET http://10.180.1.21/compute/v2.1/servers/209bb1c6-eba7-4337-a845-22633d4e5c99 1.091s
2025-12-10 00:14:04.133 67252 INFO tempest.lib.common.rest_client [req-d3cc2f60-51d7-4004-90bb-8dc727d2e503 req-d3cc2f60-51d7-4004-90bb-8dc727d2e503 ] Request (MigrationsAdminTest:test_resize_server_revert_deleted_flavor): 200 GET http://10.180.1.21/compute/v2.1/flavors/42 0.904s
2025-12-10 00:14:04.291 67234 INFO tempest.lib.common.rest_client [req-6f621a99-0036-4ee7-ab47-96b312ff198a req-6f621a99-0036-4ee7-ab47-96b312ff198a ] Request (KeyPairsV210TestJSON:tearDownClass): 200 GET http://10.180.1.21/networking/v2.0/security-groups?tenant_id=0b6cb3bcea5d47f683d497aeca04e69d&name=default 0.220s
2025-12-10 00:14:04.299 67228 INFO tempest.lib.common.rest_client [req-052f72c6-4393-4b97-89b5-e8445b4f2cd1 req-052f72c6-4393-4b97-89b5-e8445b4f2cd1 ] Request (ServerAddressesNegativeTestJSON:tearDownClass): 200 GET http://10.180.1.21/compute/v2.1/servers/4ffab825-c5f5-4cec-81f7-b5a25e5a569a 0.940s
2025-12-10 00:14:04.413 67282 INFO tempest.lib.common.rest_client [req-84419dc9-4664-47c9-bf54-f332df221a7e req-84419dc9-4664-47c9-bf54-f332df221a7e ] Request (ServersNegativeTestMultiTenantJSON:setUpClass): 200 GET http://10.180.1.21/compute/v2.1/servers/c790ef47-e149-4bee-920d-f4899fa079ed 0.982s
2025-12-10 00:14:04.432 67234 INFO tempest.lib.common.rest_client [req-92303d05-510b-4624-809a-fc031864f163 req-92303d05-510b-4624-809a-fc031864f163 ] Request (KeyPairsV210TestJSON:tearDownClass): 204 DELETE http://10.180.1.21/networking/v2.0/security-groups/65f4da18-5e7a-4ea9-b7c1-bd20d9ff153f 0.140s
2025-12-10 00:14:04.513 67242 INFO tempest.lib.common.rest_client [req-b3bf8d3e-9c9f-4c99-b301-88ba7e7a6e40 req-b3bf8d3e-9c9f-4c99-b301-88ba7e7a6e40 ] Request (VolumesAssistedSnapshotsTest:test_volume_assisted_snapshot_create_delete): 200 GET http://10.180.1.21/volume/v3/volumes/bbe20252-ca4d-426f-9e52-5f4fd430cc53 0.040s
2025-12-10 00:14:04.534 67234 INFO tempest.lib.common.rest_client [req-00225a2e-73cd-4d97-ae66-459bd50c73d4 req-00225a2e-73cd-4d97-ae66-459bd50c73d4 ] Request (KeyPairsV210TestJSON:tearDownClass): 204 DELETE http://10.180.1.21/identity/v3/projects/0b6cb3bcea5d47f683d497aeca04e69d 0.102s
2025-12-10 00:14:04.534 67234 INFO tempest.lib.common.dynamic_creds [-] Deleting project and security group for project: 0833147d7e554f7cbcd41b20f8c01b5e
2025-12-10 00:14:04.538 67276 INFO tempest.lib.common.rest_client [req-3b3da82c-2381-4f92-bd14-2db9d9ba842c req-3b3da82c-2381-4f92-bd14-2db9d9ba842c ] Request (ServersWithSpecificFlavorTestJSON:test_verify_created_server_ephemeral_disk): 204 DELETE http://10.180.1.21/compute/v2.1/servers/75acfe7d-22ef-424d-bf23-1d7b6109121f 0.983s
2025-12-10 00:14:04.624 67276 INFO tempest.lib.common.rest_client [req-15c2ff95-4735-428f-901b-2664ae535089 req-15c2ff95-4735-428f-901b-2664ae535089 ] Request (ServersWithSpecificFlavorTestJSON:test_verify_created_server_ephemeral_disk): 201 POST http://10.180.1.21/identity/v3/auth/tokens 0.083s
2025-12-10 00:14:04.625 67276 INFO tempest.lib.common.fixed_network [-] (ServersWithSpecificFlavorTestJSON:test_verify_created_server_ephemeral_disk) Found network {'id': '403a222c-2c97-4632-9f7f-7ff6d5c71705', 'name': 'tempest-ServersWithSpecificFlavorTestJSON-861323318-network', 'tenant_id': 'e763e9815a8f46858072d7e948226656', 'project_id': 'e763e9815a8f46858072d7e948226656', 'admin_state_up': True, 'mtu': 8950, 'status': 'ACTIVE', 'subnets': [], 'shared': False, 'port_security_enabled': True, 'router:external': False, 'provider:network_type': 'vlan', 'provider:physical_network': 'default', 'provider:segmentation_id': 149, 'availability_zone_hints': [], 'availability_zones': [], 'ipv4_address_scope': None, 'ipv6_address_scope': None, 'description': '', 'tags': [], 'created_at': '2025-12-10T00:11:56Z', 'updated_at': '2025-12-10T00:11:57Z', 'revision_number': 1} available for tenant
2025-12-10 00:14:04.629 67278 WARNING tempest.lib.common.ssh [-] Failed to establish authenticated ssh connection to cirros@10.180.180.206 ([Errno None] Unable to connect to port 22 on 10.180.180.206). Number attempts: 3. Retry after 4 seconds.: paramiko.ssh_exception.NoValidConnectionsError: [Errno None] Unable to connect to port 22 on 10.180.180.206
2025-12-10 00:14:04.672 67234 INFO tempest.lib.common.rest_client [req-610163ce-3d04-4072-9715-0285626876f2 req-610163ce-3d04-4072-9715-0285626876f2 ] Request (KeyPairsV210TestJSON:tearDownClass): 200 GET http://10.180.1.21/networking/v2.0/security-groups?tenant_id=0833147d7e554f7cbcd41b20f8c01b5e&name=default 0.137s
2025-12-10 00:14:04.754 67226 INFO tempest.lib.common.rest_client [req-202b00e2-89d4-4162-8c8b-622706f7e2b5 req-202b00e2-89d4-4162-8c8b-622706f7e2b5 ] Request (MultipleCreateTestJSON:test_multiple_create_with_reservation_return): 200 GET http://10.180.1.21/compute/v2.1/servers/25670686-175c-42c9-ade3-5f29f981eb0f 1.165s
2025-12-10 00:14:04.879 67234 INFO tempest.lib.common.rest_client [req-71183d7a-0cf5-4122-a652-12fe92c2a7ba req-71183d7a-0cf5-4122-a652-12fe92c2a7ba ] Request (KeyPairsV210TestJSON:tearDownClass): 204 DELETE http://10.180.1.21/networking/v2.0/security-groups/8f25ee2d-4ed3-442c-95d0-0250d7a39caa 0.207s
2025-12-10 00:14:04.893 67250 INFO tempest.lib.common.rest_client [req-63149a39-dce0-440a-9218-1e83b9fbf16f req-63149a39-dce0-440a-9218-1e83b9fbf16f ] Request (FloatingIPsAssociationTestJSON:test_associate_disassociate_floating_ip): 202 POST http://10.180.1.21/compute/v2.1/servers/90f9f5a0-cd5a-400b-a594-4d11dc6637bb/action 2.543s
2025-12-10 00:14:04.944 67264 INFO tempest.lib.common.rest_client [req-8a195231-eaf3-47f0-b68e-184058fe7ac7 req-8a195231-eaf3-47f0-b68e-184058fe7ac7 ] Request (ServerMetadataTestJSON:tearDownClass): 200 GET http://10.180.1.21/compute/v2.1/servers/e4dabd08-a246-4f46-91f8-37dd612fd571 1.320s
2025-12-10 00:14:04.961 67264 INFO tempest.common.waiters [-] State transition "ACTIVE/deleting" ==> "DELETED/None" after 2 second wait
2025-12-10 00:14:04.985 67224 INFO tempest.lib.common.rest_client [req-e2758dbe-df56-4144-8417-eb88ca065912 req-e2758dbe-df56-4144-8417-eb88ca065912 ] Request (FlavorsAdminTestJSON:_run_cleanups): 200 GET http://10.180.1.21/compute/v2.1/flavors/detail 1.328s
2025-12-10 00:14:05.006 67234 INFO tempest.lib.common.rest_client [req-9a1fc928-cc47-4aea-94d3-72ca40684a8f req-9a1fc928-cc47-4aea-94d3-72ca40684a8f ] Request (KeyPairsV210TestJSON:tearDownClass): 204 DELETE http://10.180.1.21/identity/v3/projects/0833147d7e554f7cbcd41b20f8c01b5e 0.126s
2025-12-10 00:14:05.008 67234 INFO tempest.test [-] raised in ServersOnMultiNodesTest.setUpClass. Invoking tearDownClass.
2025-12-10 00:14:05.015 67266 INFO tempest.lib.common.rest_client [req-11a732e0-7e72-4864-90f4-501a741cf6ac req-11a732e0-7e72-4864-90f4-501a741cf6ac ] Request (DeleteServersAdminTestJSON:test_delete_server_while_in_error_state): 204 DELETE http://10.180.1.21/compute/v2.1/servers/eac017c4-98dc-48da-bb9c-aabd219e4403 1.367s
2025-12-10 00:14:05.026 67254 INFO tempest.lib.common.rest_client [req-0bd0e393-6041-45e5-95f5-cdf15f9a2aa2 req-0bd0e393-6041-45e5-95f5-cdf15f9a2aa2 ] Request (KeyPairsV22TestJSON:test_keypairs_create_list_delete): 201 POST http://10.180.1.21/compute/v2.1/os-keypairs 1.334s
2025-12-10 00:14:05.093 67234 INFO tempest.lib.common.rest_client [req-39b256b2-a1c7-45fb-ad00-3cf10f720dcb req-39b256b2-a1c7-45fb-ad00-3cf10f720dcb ] Request (TenantUsagesNegativeTestJSON:setUpClass): 201 POST http://10.180.1.21/identity/v3/auth/tokens 0.080s
2025-12-10 00:14:05.129 67234 INFO tempest.lib.common.rest_client [req-e6293572-f950-49e9-9942-88002fdfa458 req-e6293572-f950-49e9-9942-88002fdfa458 ] Request (TenantUsagesNegativeTestJSON:setUpClass): 201 POST http://10.180.1.21/identity/v3/auth/tokens 0.032s
2025-12-10 00:14:05.133 67232 INFO tempest.lib.common.rest_client [req-8d0682df-5e13-4595-b7b5-3da9abfee5a9 req-8d0682df-5e13-4595-b7b5-3da9abfee5a9 ] Request (ServersAaction247Test:test_create_backup): 200 GET http://10.180.1.21/compute/v2.1/servers/6d6f5a50-7c35-4111-839e-a1ebee4722ce 1.378s
2025-12-10 00:14:05.170 67234 INFO tempest.lib.common.rest_client [req-f9a6e286-1d26-43eb-bcbc-977871254680 req-f9a6e286-1d26-43eb-bcbc-977871254680 ] Request (TenantUsagesNegativeTestJSON:setUpClass): 200 GET http://10.180.1.21/identity/v3/domains?name=Default 0.040s
2025-12-10 00:14:05.226 67234 INFO tempest.lib.common.rest_client [req-6e2b2921-fc73-4efb-be69-3726ded5b227 req-6e2b2921-fc73-4efb-be69-3726ded5b227 ] Request (TenantUsagesNegativeTestJSON:setUpClass): 201 POST http://10.180.1.21/identity/v3/projects 0.055s
2025-12-10 00:14:05.299 67234 INFO tempest.lib.common.rest_client [req-ea514536-0819-4917-ac09-df24786984ec req-ea514536-0819-4917-ac09-df24786984ec ] Request (TenantUsagesNegativeTestJSON:setUpClass): 201 POST http://10.180.1.21/identity/v3/users 0.072s
2025-12-10 00:14:05.325 67234 INFO tempest.lib.common.rest_client [req-2f8a844e-9d34-4858-ba63-1a72bbe03dd5 req-2f8a844e-9d34-4858-ba63-1a72bbe03dd5 ] Request (TenantUsagesNegativeTestJSON:setUpClass): 200 GET http://10.180.1.21/identity/v3/roles 0.026s
2025-12-10 00:14:05.339 67236 INFO tempest.lib.common.rest_client [req-e925babe-f1f8-47f0-9ce1-89396c172825 req-e925babe-f1f8-47f0-9ce1-89396c172825 ] Request (ServersAdminTestJSON:test_create_server_with_scheduling_hint): 200 GET http://10.180.1.21/compute/v2.1/servers/98813dee-b682-4913-a281-d5a38e88d399 1.530s
2025-12-10 00:14:05.363 67234 INFO tempest.lib.common.rest_client [req-578cf06a-f28a-438a-9292-c0af574564cb req-578cf06a-f28a-438a-9292-c0af574564cb ] Request (TenantUsagesNegativeTestJSON:setUpClass): 204 PUT http://10.180.1.21/identity/v3/projects/baf705685a4e4593aa75632956294598/users/de9476950dc042bfb4a7ca6050bcdee7/roles/0054e2e8df454acfa791c8cd66872fa2 0.037s
2025-12-10 00:14:05.363 67234 INFO tempest.lib.common.dynamic_creds [-] Dynamic test user de9476950dc042bfb4a7ca6050bcdee7 is created with scope project and roles: ['member']
2025-12-10 00:14:05.363 67234 INFO tempest.lib.common.dynamic_creds [-] Acquired dynamic creds: credentials: Credentials: {'domain_id': 'default', 'domain_name': 'Default', 'username': 'tempest-TenantUsagesNegativeTestJSON-737297442-project-member', 'project_domain_id': 'default', 'project_domain_name': 'Default', 'project_id': 'baf705685a4e4593aa75632956294598', 'project_name': 'tempest-TenantUsagesNegativeTestJSON-737297442', 'tenant_id': 'baf705685a4e4593aa75632956294598', 'tenant_name': 'tempest-TenantUsagesNegativeTestJSON-737297442', 'user_domain_id': 'default', 'user_domain_name': 'Default', 'user_id': 'de9476950dc042bfb4a7ca6050bcdee7', 'system': None}, Network: None, Subnet: None, Router: None
2025-12-10 00:14:05.363 67234 INFO tempest.lib.common.dynamic_creds [-] Created isolated network resources for: credentials: Credentials: {'domain_id': 'default', 'domain_name': 'Default', 'username': 'tempest-TenantUsagesNegativeTestJSON-737297442-project-member', 'project_domain_id': 'default', 'project_domain_name': 'Default', 'project_id': 'baf705685a4e4593aa75632956294598', 'project_name': 'tempest-TenantUsagesNegativeTestJSON-737297442', 'tenant_id': 'baf705685a4e4593aa75632956294598', 'tenant_name': 'tempest-TenantUsagesNegativeTestJSON-737297442', 'user_domain_id': 'default', 'user_domain_name': 'Default', 'user_id': 'de9476950dc042bfb4a7ca6050bcdee7', 'system': None}, Network: None, Subnet: None, Router: None
2025-12-10 00:14:05.374 67248 INFO tempest.lib.common.rest_client [req-da36f114-896c-4fe8-a4ea-09da74c5ff83 req-da36f114-896c-4fe8-a4ea-09da74c5ff83 ] Request (ImagesNegativeTestJSON:test_create_image_from_deleted_server): 200 GET http://10.180.1.21/compute/v2.1/servers/6e444328-8e2f-4217-be4f-9f05336b83c0 1.596s
2025-12-10 00:14:05.382 67286 INFO tempest.lib.common.rest_client [req-406ba368-0ed4-4543-8465-672dbca20509 req-406ba368-0ed4-4543-8465-672dbca20509 ] Request (MultipleCreateNegativeTestJSON:test_min_count_non_integer): 400 POST http://10.180.1.21/compute/v2.1/servers 1.538s
2025-12-10 00:14:05.388 67271 INFO tempest.lib.common.rest_client [req-5571efb8-9bc1-43ec-831d-a39f20350361 req-5571efb8-9bc1-43ec-831d-a39f20350361 ] Request (ServerMetadataNegativeTestJSON:test_server_create_metadata_key_too_long): 400 POST http://10.180.1.21/compute/v2.1/servers 1.539s
2025-12-10 00:14:05.441 67234 INFO tempest.lib.common.rest_client [req-9d0ff4e5-11de-41d0-9253-bb7f0fa6b862 req-9d0ff4e5-11de-41d0-9253-bb7f0fa6b862 ] Request (TenantUsagesNegativeTestJSON:setUpClass): 201 POST http://10.180.1.21/identity/v3/auth/tokens 0.074s
2025-12-10 00:14:05.489 67271 INFO tempest.lib.common.rest_client [req-b728cb94-6729-4fee-8386-7e9ccd3e350d req-b728cb94-6729-4fee-8386-7e9ccd3e350d ] Request (ServerMetadataNegativeTestJSON:test_server_create_metadata_key_too_long): 201 POST http://10.180.1.21/identity/v3/auth/tokens 0.098s
2025-12-10 00:14:05.490 67271 INFO tempest.lib.common.fixed_network [-] (ServerMetadataNegativeTestJSON:test_server_create_metadata_key_too_long) Found network {'id': '693c9554-c0cb-484f-badb-c6c12bc20214', 'name': 'tempest-ServerMetadataNegativeTestJSON-1531925927-network', 'tenant_id': '17ee5df93aef4ef4b8caddbcba6809f0', 'project_id': '17ee5df93aef4ef4b8caddbcba6809f0', 'admin_state_up': True, 'mtu': 8950, 'status': 'ACTIVE', 'subnets': [], 'shared': False, 'port_security_enabled': True, 'router:external': False, 'provider:network_type': 'vlan', 'provider:physical_network': 'default', 'provider:segmentation_id': 693, 'availability_zone_hints': [], 'availability_zones': [], 'ipv4_address_scope': None, 'ipv6_address_scope': None, 'description': '', 'tags': [], 'created_at': '2025-12-10T00:12:47Z', 'updated_at': '2025-12-10T00:12:47Z', 'revision_number': 1} available for tenant
2025-12-10 00:14:05.495 67286 INFO tempest.lib.common.rest_client [req-679e6171-ad9e-4146-9c7c-ed260d6606e1 req-679e6171-ad9e-4146-9c7c-ed260d6606e1 ] Request (MultipleCreateNegativeTestJSON:tearDownClass): 204 DELETE http://10.180.1.21/identity/v3/users/5b7f3774395644e28537595a5d09c517 0.110s
2025-12-10 00:14:05.495 67286 INFO tempest.lib.common.dynamic_creds [-] Deleting project and security group for project: 902ebd56409f479380c6362c215b45c8
2025-12-10 00:14:05.504 67244 INFO tempest.lib.common.rest_client [req-6824da23-dc8b-4af6-90f0-76b0ff33b8ec req-6824da23-dc8b-4af6-90f0-76b0ff33b8ec ] Request (ImagesOneServerNegativeTestJSON:setUpClass): 200 GET http://10.180.1.21/compute/v2.1/servers/bee35680-35e2-439d-b7bf-2ddb3e6d03e0 1.661s
2025-12-10 00:14:05.523 67260 INFO tempest.lib.common.rest_client [req-dbe52e7a-c063-4bd0-850f-13e025e00322 req-dbe52e7a-c063-4bd0-850f-13e025e00322 ] Request (ServerTagsTestJSON:test_create_delete_tag): 200 GET http://10.180.1.21/compute/v2.1/servers/61766c1d-f091-45fb-95ad-2700e55158ee/tags 1.627s
2025-12-10 00:14:05.524 67246 INFO tempest.lib.common.rest_client [req-bb1812fa-5a7c-4036-a352-2da4ff7485b7 req-bb1812fa-5a7c-4036-a352-2da4ff7485b7 ] Request (ServerDiskConfigTestJSON:test_rebuild_server_with_auto_disk_config): 200 GET http://10.180.1.21/compute/v2.1/servers/e7199805-895f-4af3-b6a2-3a9c1a93d6d1 1.631s
2025-12-10 00:14:05.553 67252 INFO tempest.lib.common.rest_client [req-24900c12-5e8f-464f-9b30-fad224cb9976 req-24900c12-5e8f-464f-9b30-fad224cb9976 ] Request (MigrationsAdminTest:test_resize_server_revert_deleted_flavor): 200 POST http://10.180.1.21/compute/v2.1/flavors 1.417s
2025-12-10 00:14:05.565 67234 INFO tempest.lib.common.rest_client [req-bf7b1779-2805-441f-8f44-9c3edb5383db req-bf7b1779-2805-441f-8f44-9c3edb5383db ] Request (TenantUsagesNegativeTestJSON:setUpClass): 201 POST http://10.180.1.21/identity/v3/projects 0.124s
2025-12-10 00:14:05.569 67286 INFO tempest.lib.common.rest_client [req-7f3ddf32-f410-4920-899f-780b070d2bd4 req-7f3ddf32-f410-4920-899f-780b070d2bd4 ] Request (MultipleCreateNegativeTestJSON:tearDownClass): 201 POST http://10.180.1.21/identity/v3/auth/tokens 0.074s
