2025-12-10 00:13:24.297 67248 INFO tempest.lib.common.rest_client [req-681eef3f-2185-45d5-ae50-7db7c957b1b3 req-681eef3f-2185-45d5-ae50-7db7c957b1b3 ] Request (ImagesNegativeTestJSON:test_create_image_from_deleted_server): 200 GET http://10.180.1.21/compute/v2.1/servers/6e444328-8e2f-4217-be4f-9f05336b83c0 5.877s
2025-12-10 00:13:24.319 67284 INFO tempest.lib.common.rest_client [req-ebc15e92-c7f9-4790-bf1e-dcf2ec55217c req-ebc15e92-c7f9-4790-bf1e-dcf2ec55217c ] Request (ImagesOneServerTestJSON:test_create_image_specify_multibyte_character_image_name): 200 GET http://10.180.1.21/compute/v2.1/images/3c4be102-8df1-4586-8b56-6169bbbe6fa7 5.858s
2025-12-10 00:13:24.349 67272 INFO tempest.lib.common.rest_client [req-2abf8695-ae59-4eee-82de-4aa2ade87da8 req-2abf8695-ae59-4eee-82de-4aa2ade87da8 ] Request (DeleteServersTestJSON:setUpClass): 201 POST http://10.180.1.21/identity/v3/auth/tokens 0.132s
2025-12-10 00:13:24.400 67272 INFO tempest.lib.common.rest_client [req-efcce3f3-ecf1-423d-8b31-de6e9b510a74 req-efcce3f3-ecf1-423d-8b31-de6e9b510a74 ] Request (DeleteServersTestJSON:test_delete_active_server): 201 POST http://10.180.1.21/identity/v3/auth/tokens 0.047s
2025-12-10 00:13:24.400 67272 INFO tempest.lib.common.fixed_network [-] (DeleteServersTestJSON:test_delete_active_server) Found network {'id': '816a918f-7ed6-4f22-9432-fa9ef5d9edbc', 'name': 'tempest-DeleteServersTestJSON-1318623408-network', 'tenant_id': 'df1f8f9d68e546dea94f80d2fe50864c', 'project_id': 'df1f8f9d68e546dea94f80d2fe50864c', 'admin_state_up': True, 'mtu': 8950, 'status': 'ACTIVE', 'subnets': [], 'shared': False, 'port_security_enabled': True, 'router:external': False, 'provider:network_type': 'vlan', 'provider:physical_network': 'default', 'provider:segmentation_id': 557, 'availability_zone_hints': [], 'availability_zones': [], 'ipv4_address_scope': None, 'ipv6_address_scope': None, 'description': '', 'tags': [], 'created_at': '2025-12-10T00:13:21Z', 'updated_at': '2025-12-10T00:13:21Z', 'revision_number': 1} available for tenant
2025-12-10 00:13:24.420 67264 INFO tempest.lib.common.rest_client [req-76d21d2f-413e-417d-a939-d70d6d079edf req-76d21d2f-413e-417d-a939-d70d6d079edf ] Request (ServerMetadataTestJSON:setUp): 200 PUT http://10.180.1.21/compute/v2.1/servers/e4dabd08-a246-4f46-91f8-37dd612fd571/metadata 5.865s
2025-12-10 00:13:24.573 67266 INFO tempest.lib.common.rest_client [req-68cd41ab-8212-4439-a830-d44f16f4501c req-68cd41ab-8212-4439-a830-d44f16f4501c ] Request (DeleteServersAdminTestJSON:test_delete_server_while_in_error_state): 200 GET http://10.180.1.21/compute/v2.1/servers/eac017c4-98dc-48da-bb9c-aabd219e4403 5.997s
2025-12-10 00:13:24.592 67224 INFO tempest.lib.common.rest_client [req-36499868-19ad-4a78-b3bc-11dc968bade8 req-36499868-19ad-4a78-b3bc-11dc968bade8 ] Request (FlavorsAdminTestJSON:test_is_public_string_variations): 200 GET http://10.180.1.21/compute/v2.1/flavors/detail?is_public=false 6.002s
2025-12-10 00:13:24.610 67252 INFO tempest.lib.common.rest_client [req-23c303fc-7ef1-48a4-9a8b-84b4df2b57a3 req-23c303fc-7ef1-48a4-9a8b-84b4df2b57a3 ] Request (MigrationsAdminTest:test_list_migrations_in_flavor_resize_situation): 200 GET http://10.180.1.21/compute/v2.1/servers/75b3a090-765f-4465-adaf-8aa991ef0b9f 6.070s
2025-12-10 00:13:24.734 67246 INFO tempest.lib.common.rest_client [req-12c6ec72-37ee-4653-ac2d-2f7ab1d9106c req-12c6ec72-37ee-4653-ac2d-2f7ab1d9106c ] Request (ServicesAdminNegativeTestJSON:test_get_service_by_invalid_params): 200 GET http://10.180.1.21/compute/v2.1/os-services 6.075s
2025-12-10 00:13:24.886 67258 INFO tempest.lib.common.rest_client [req-75f344e8-c82c-41cc-9ae9-d307f1ebe2ec req-75f344e8-c82c-41cc-9ae9-d307f1ebe2ec ] Request (ServerGroup264TestJSON:setUpClass): 201 POST http://10.180.1.21/networking/v2.0/routers 0.869s
2025-12-10 00:13:24.910 67226 INFO tempest.lib.common.rest_client [req-e5781ab8-2eb1-46f7-b3a8-887dafc51d60 req-e5781ab8-2eb1-46f7-b3a8-887dafc51d60 ] Request (MultipleCreateTestJSON:_run_cleanups): 200 GET http://10.180.1.21/compute/v2.1/servers/e5da76cd-6ddd-4f46-be36-8d2808452c03 5.857s
2025-12-10 00:13:24.917 67226 INFO tempest.common.waiters [-] State transition "ACTIVE/deleting" ==> "DELETED/None" after 6 second wait
2025-12-10 00:13:24.932 67268 INFO tempest.lib.common.rest_client [req-2de88b3c-3433-433e-813d-84d6314043b2 req-2de88b3c-3433-433e-813d-84d6314043b2 ] Request (ServersAdmin275Test:_run_cleanups): 200 GET http://10.180.1.21/compute/v2.1/servers/4311b7d9-9f57-48a7-9470-10739dfcaaaa 5.757s
2025-12-10 00:13:25.001 67238 INFO tempest.lib.common.rest_client [req-b622a766-612c-4408-a924-3e2c42316283 req-b622a766-612c-4408-a924-3e2c42316283 ] Request (ListImageFiltersTestJSON:setUpClass): 200 GET http://10.180.1.21/compute/v2.1/images/e8021775-3cd4-475a-ae8a-41a297dccd7f 5.013s
2025-12-10 00:13:25.134 67240 INFO tempest.lib.common.rest_client [req-0645f6ae-2b67-4dbe-af0c-58121f463c4e req-0645f6ae-2b67-4dbe-af0c-58121f463c4e ] Request (InstanceUsageAuditLogNegativeTestJSON:test_get_instance_usage_audit_logs_with_invalid_time): 400 GET http://10.180.1.21/compute/v2.1/os-instance_usage_audit_log/invalid_time 4.862s
2025-12-10 00:13:25.918 67258 INFO tempest.lib.common.rest_client [req-6067c1d2-ec92-4b03-b090-724af2d58931 req-6067c1d2-ec92-4b03-b090-724af2d58931 ] Request (ServerGroup264TestJSON:setUpClass): 200 PUT http://10.180.1.21/networking/v2.0/routers/ec9abbda-94dc-4c63-bd34-0bf06375aaf1/add_router_interface 1.032s
2025-12-10 00:13:25.918 67258 INFO tempest.lib.common.dynamic_creds [-] Created isolated network resources for: credentials: Credentials: {'domain_id': 'default', 'domain_name': 'Default', 'username': 'tempest-ServerGroup264TestJSON-1330493989-project-member', 'project_domain_id': 'default', 'project_domain_name': 'Default', 'project_id': 'b7bcb0b6485044d4a004f64ff433882e', 'project_name': 'tempest-ServerGroup264TestJSON-1330493989', 'tenant_id': 'b7bcb0b6485044d4a004f64ff433882e', 'tenant_name': 'tempest-ServerGroup264TestJSON-1330493989', 'user_domain_id': 'default', 'user_domain_name': 'Default', 'user_id': '026e602118bb45c9b7018e6a1f5f4781', 'system': None}, Network: {'id': 'c52c8727-471c-4fd9-bd51-19c7e1c8f09f', 'name': 'tempest-ServerGroup264TestJSON-486495252-network', 'tenant_id': 'b7bcb0b6485044d4a004f64ff433882e', 'project_id': 'b7bcb0b6485044d4a004f64ff433882e', 'admin_state_up': True, 'mtu': 8950, 'status': 'ACTIVE', 'subnets': [], 'shared': False, 'port_security_enabled': True, 'router:external': False, 'provider:network_type': 'vlan', 'provider:physical_network': 'default', 'provider:segmentation_id': 183, 'availability_zone_hints': [], 'availability_zones': [], 'ipv4_address_scope': None, 'ipv6_address_scope': None, 'description': '', 'tags': [], 'created_at': '2025-12-10T00:13:23Z', 'updated_at': '2025-12-10T00:13:23Z', 'revision_number': 1}, Subnet: {'id': '3c1ebbd4-403c-4ee0-b203-54dffd6eb14e', 'name': 'tempest-ServerGroup264TestJSON-486495252-subnet', 'tenant_id': 'b7bcb0b6485044d4a004f64ff433882e', 'network_id': 'c52c8727-471c-4fd9-bd51-19c7e1c8f09f', 'ip_version': 4, 'subnetpool_id': None, 'enable_dhcp': True, 'ipv6_ra_mode': None, 'ipv6_address_mode': None, 'gateway_ip': '192.168.128.1', 'cidr': '192.168.128.0/28', 'allocation_pools': [{'start': '192.168.128.2', 'end': '192.168.128.14'}], 'host_routes': [], 'dns_nameservers': [], 'description': '', 'router:external': False, 'service_types': [], 'tags': [], 'created_at': '2025-12-10T00:13:23Z', 'updated_at': '2025-12-10T00:13:23Z', 'revision_number': 0, 'project_id': 'b7bcb0b6485044d4a004f64ff433882e'}, Router: {'id': 'ec9abbda-94dc-4c63-bd34-0bf06375aaf1', 'name': 'tempest-ServerGroup264TestJSON-486495252-router', 'tenant_id': 'b7bcb0b6485044d4a004f64ff433882e', 'admin_state_up': True, 'status': 'ACTIVE', 'external_gateway_info': {'network_id': '055700b3-505d-47ae-9f3a-2e2b619873da', 'external_fixed_ips': [{'subnet_id': 'b0884b49-c436-412d-83d6-d32280dac797', 'ip_address': '10.180.180.168'}], 'enable_snat': True}, 'description': '', 'availability_zones': [], 'distributed': False, 'ha': False, 'availability_zone_hints': [], 'routes': [], 'flavor_id': None, 'tags': [], 'created_at': '2025-12-10T00:13:24Z', 'updated_at': '2025-12-10T00:13:24Z', 'revision_number': 2, 'project_id': 'b7bcb0b6485044d4a004f64ff433882e'}
2025-12-10 00:13:25.944 67286 INFO tempest.lib.common.rest_client [req-9375fdd0-08e4-4b1e-b784-df9017926ed0 req-9375fdd0-08e4-4b1e-b784-df9017926ed0 ] Request (FloatingIPsAssociationNegativeTestJSON:tearDownClass): 200 GET http://10.180.1.21/compute/v2.1/servers/8dec9cd8-7ea2-4c0d-bda5-8274b118be02 6.436s
2025-12-10 00:13:25.953 67286 INFO tempest.common.waiters [-] State transition "ACTIVE/deleting" ==> "DELETED/None" after 7 second wait
2025-12-10 00:13:25.994 67278 INFO tempest.lib.common.rest_client [req-8d9b61ea-9e84-4aa7-a432-31fc13f284d8 req-8d9b61ea-9e84-4aa7-a432-31fc13f284d8 ] Request (ServersV294TestFqdnHostnames:setUpClass): 200 GET http://10.180.1.21/compute/v2.1/servers/ef7d92f5-1a94-4370-836f-e256441db8e1 5.711s
2025-12-10 00:13:26.048 67274 INFO tempest.lib.common.rest_client [req-64d6a707-9bdf-4d61-ade5-590ba9eaa84b req-64d6a707-9bdf-4d61-ade5-590ba9eaa84b ] Request (KeyPairsNegativeTestJSON:test_create_keypair_invalid_name): 400 POST http://10.180.1.21/compute/v2.1/os-keypairs 5.661s
2025-12-10 00:13:26.052 67258 INFO tempest.lib.common.rest_client [req-d88f1b5c-bd32-496a-95fd-22c72170824d req-d88f1b5c-bd32-496a-95fd-22c72170824d ] Request (ServerGroup264TestJSON:setUpClass): 201 POST http://10.180.1.21/identity/v3/auth/tokens 0.129s
2025-12-10 00:13:26.288 67282 INFO tempest.lib.common.rest_client [req-3a09ba40-0bde-4640-9e90-68c971d7515e req-3a09ba40-0bde-4640-9e90-68c971d7515e ] Request (SecurityGroupRulesTestJSON:tearDownClass): 202 DELETE http://10.180.1.21/compute/v2.1/os-security-groups/fb71a763-7a18-40ce-a5f4-7593984914c3 5.597s
2025-12-10 00:13:26.311 67254 INFO tempest.lib.common.rest_client [req-102b0062-ccd4-4a07-b4cc-8ad999c00246 req-102b0062-ccd4-4a07-b4cc-8ad999c00246 ] Request (ServerDiagnosticsNegativeTest:tearDownClass): 200 GET http://10.180.1.21/compute/v2.1/servers/a58c7f06-38a2-4643-9add-048059428221 5.439s
2025-12-10 00:13:26.319 67234 INFO tempest.lib.common.rest_client [req-770d435c-9639-4cf1-85ee-d06f3200f062 req-770d435c-9639-4cf1-85ee-d06f3200f062 ] Request (AggregatesAdminNegativeTestJSON:test_aggregate_remove_host_as_user): 403 POST http://10.180.1.21/compute/v2.1/os-aggregates/7/action 5.291s
2025-12-10 00:13:26.439 67230 WARNING tempest.lib.common.ssh [-] Failed to establish authenticated ssh connection to cirros@10.180.180.239 ([Errno None] Unable to connect to port 22 on 10.180.180.239). Number attempts: 7. Retry after 8 seconds.: paramiko.ssh_exception.NoValidConnectionsError: [Errno None] Unable to connect to port 22 on 10.180.180.239
2025-12-10 00:13:26.476 67236 INFO tempest.lib.common.rest_client [req-313cda17-c512-4cba-b62f-1bc1ec79ef57 req-313cda17-c512-4cba-b62f-1bc1ec79ef57 ] Request (ServersAdminTestJSON:setUpClass): 200 GET http://10.180.1.21/compute/v2.1/servers/c318782d-e995-450e-b2ac-d58143e071a8 4.841s
2025-12-10 00:13:26.483 67236 INFO tempest.common.waiters [-] State transition "BUILD/None" ==> "BUILD/spawning" after 35 second wait
2025-12-10 00:13:26.529 67280 INFO tempest.lib.common.rest_client [req-083f04a5-375a-4e44-a36f-5947499b585d req-083f04a5-375a-4e44-a36f-5947499b585d ] Request (ServersAdminNegativeTestJSON:test_migrate_server_invalid_state): 200 GET http://10.180.1.21/compute/v2.1/servers/e7d12f7e-6e01-408b-aabe-8e45fd791f9a 4.482s
2025-12-10 00:13:26.534 67232 INFO tempest.lib.common.rest_client [req-06c0aba3-b2a0-4c8e-8513-7d1ea7a71e0f req-06c0aba3-b2a0-4c8e-8513-7d1ea7a71e0f ] Request (ServersAaction247Test:test_create_backup): 202 POST http://10.180.1.21/compute/v2.1/servers 5.430s
2025-12-10 00:13:26.591 67260 INFO tempest.lib.common.rest_client [req-e5fae9bc-98bb-4af9-984c-0ce62c369b73 req-e5fae9bc-98bb-4af9-984c-0ce62c369b73 ] Request (ServerTagsTestJSON:setUpClass): 200 GET http://10.180.1.21/compute/v2.1/servers/61766c1d-f091-45fb-95ad-2700e55158ee 4.123s
2025-12-10 00:13:26.607 67271 INFO tempest.lib.common.rest_client [req-1c0d6543-b446-4f9d-a5a2-f8b7d4b2a82d req-1c0d6543-b446-4f9d-a5a2-f8b7d4b2a82d ] Request (ServerMetadataNegativeTestJSON:setUpClass): 200 GET http://10.180.1.21/compute/v2.1/servers/a8d2e678-b950-44ff-99db-d3693d6b5c40 4.020s
2025-12-10 00:13:26.650 67262 INFO tempest.lib.common.rest_client [req-f548375d-7cdf-41b0-a6e1-7dfb15d285e5 req-f548375d-7cdf-41b0-a6e1-7dfb15d285e5 ] Request (ServerActionsTestOtherB:setUpClass): 200 GET http://10.180.1.21/compute/v2.1/servers/85779ddc-39b4-42e9-a5ed-dbf66dba7712 3.702s
2025-12-10 00:13:26.685 67256 INFO tempest.lib.common.rest_client [req-a654435a-2750-4da6-8870-56217c9355bd req-a654435a-2750-4da6-8870-56217c9355bd ] Request (SecurityGroupsTestJSON:test_list_security_groups_by_server): 200 GET http://10.180.1.21/compute/v2.1/servers/209bb1c6-eba7-4337-a845-22633d4e5c99 2.796s
2025-12-10 00:13:26.694 67256 INFO tempest.common.waiters [-] State transition "BUILD/scheduling" ==> "BUILD/None" after 12 second wait
2025-12-10 00:13:26.796 67276 INFO tempest.lib.common.rest_client [req-bd73496b-73f3-40de-9341-d4566b530e06 req-bd73496b-73f3-40de-9341-d4566b530e06 ] Request (ServersWithSpecificFlavorTestJSON:test_verify_created_server_ephemeral_disk): 200 GET http://10.180.1.21/compute/v2.1/servers/75acfe7d-22ef-424d-bf23-1d7b6109121f/os-interface 2.699s
2025-12-10 00:13:26.905 67264 INFO tempest.lib.common.rest_client [req-f5f8b0df-feda-49b3-a6b8-0544d2f6f937 req-f5f8b0df-feda-49b3-a6b8-0544d2f6f937 ] Request (ServerMetadataTestJSON:test_set_server_metadata): 200 PUT http://10.180.1.21/compute/v2.1/servers/e4dabd08-a246-4f46-91f8-37dd612fd571/metadata 2.484s
2025-12-10 00:13:26.924 67224 INFO tempest.lib.common.rest_client [req-1316a1d9-f0ee-494e-b58f-b1d680e35e38 req-1316a1d9-f0ee-494e-b58f-b1d680e35e38 ] Request (FlavorsAdminTestJSON:test_is_public_string_variations): 200 GET http://10.180.1.21/compute/v2.1/flavors/detail?is_public=no 2.329s
2025-12-10 00:13:26.948 67246 INFO tempest.lib.common.rest_client [req-1d4e5380-0419-4ae0-9271-acaf4c943269 req-1d4e5380-0419-4ae0-9271-acaf4c943269 ] Request (ServicesAdminNegativeTestJSON:test_get_service_by_invalid_params): 200 GET http://10.180.1.21/compute/v2.1/os-services?xxx=nova-compute 2.210s
2025-12-10 00:13:27.218 67250 INFO tempest.lib.common.rest_client [req-ba2b3841-0043-4bdf-ace5-74f6d9c1ab29 req-ba2b3841-0043-4bdf-ace5-74f6d9c1ab29 ] Request (FloatingIPsAssociationTestJSON:test_associate_already_associated_floating_ip): 200 GET http://10.180.1.21/compute/v2.1/servers/5df7b8f4-e18a-40a2-b977-f7daadc850c0 2.439s
2025-12-10 00:13:27.236 67250 INFO tempest.common.waiters [-] State transition "BUILD/block_device_mapping" ==> "BUILD/spawning" after 39 second wait
2025-12-10 00:13:27.283 67238 INFO tempest.lib.common.rest_client [req-68c2edb2-f0b4-4248-86fe-d49d1bb84695 req-68c2edb2-f0b4-4248-86fe-d49d1bb84695 ] Request (ListImageFiltersTestJSON:setUpClass): 200 GET http://10.180.1.21/compute/v2.1/images/e8021775-3cd4-475a-ae8a-41a297dccd7f 2.274s
2025-12-10 00:13:27.319 67272 INFO tempest.lib.common.rest_client [req-0e91e6f8-4960-4253-9bea-7c8fd76c3601 req-0e91e6f8-4960-4253-9bea-7c8fd76c3601 ] Request (DeleteServersTestJSON:test_delete_active_server): 202 POST http://10.180.1.21/compute/v2.1/servers 2.918s
2025-12-10 00:13:27.402 67244 INFO tempest.lib.common.rest_client [req-8c3732dd-9a80-4ad9-aaf5-8b2e470b118e req-8c3732dd-9a80-4ad9-aaf5-8b2e470b118e ] Request (ServerDiagnosticsV248Test:tearDownClass): 200 GET http://10.180.1.21/compute/v2.1/servers/cb24cb2e-d02f-4465-8848-96c8b8b3a75b 2.327s
2025-12-10 00:13:27.448 67240 INFO tempest.lib.common.rest_client [req-f2d435ec-0153-472b-a520-5707ae4a5116 req-f2d435ec-0153-472b-a520-5707ae4a5116 ] Request (InstanceUsageAuditLogNegativeTestJSON:test_instance_usage_audit_logs_with_nonadmin_user): 403 GET http://10.180.1.21/compute/v2.1/os-instance_usage_audit_log 2.309s
2025-12-10 00:13:27.605 67276 INFO tempest.lib.common.rest_client [req-440ce959-c996-4de3-a49b-81a3b66c1581 req-440ce959-c996-4de3-a49b-81a3b66c1581 ] Request (ServersWithSpecificFlavorTestJSON:test_verify_created_server_ephemeral_disk): 200 PUT http://10.180.1.21/networking/v2.0/floatingips/3ccd55e2-0439-4a86-ab3b-196e3adee9c9 0.807s
2025-12-10 00:13:27.640 67228 INFO tempest.lib.common.rest_client [req-a7d85c66-225d-498a-a172-bdd84ce811b8 req-a7d85c66-225d-498a-a172-bdd84ce811b8 ] Request (ServerAddressesNegativeTestJSON:setUpClass): 200 GET http://10.180.1.21/compute/v2.1/servers/4ffab825-c5f5-4cec-81f7-b5a25e5a569a 2.356s
2025-12-10 00:13:27.665 67248 INFO tempest.lib.common.rest_client [req-ca28850b-67a3-4467-b0ee-853f9f4c6610 req-ca28850b-67a3-4467-b0ee-853f9f4c6610 ] Request (ImagesNegativeTestJSON:test_create_image_from_deleted_server): 200 GET http://10.180.1.21/compute/v2.1/servers/6e444328-8e2f-4217-be4f-9f05336b83c0 2.354s
2025-12-10 00:13:27.774 67266 INFO tempest.lib.common.rest_client [req-627de548-320b-406c-8a8e-a3023e64fc01 req-627de548-320b-406c-8a8e-a3023e64fc01 ] Request (DeleteServersAdminTestJSON:test_delete_server_while_in_error_state): 200 GET http://10.180.1.21/compute/v2.1/servers/eac017c4-98dc-48da-bb9c-aabd219e4403 2.193s
2025-12-10 00:13:27.799 67238 INFO tempest.lib.common.rest_client [req-237abce9-091f-4019-8eaf-c6e1415e1c25 req-237abce9-091f-4019-8eaf-c6e1415e1c25 ] Request (ListImageFiltersTestJSON:setUpClass): 201 POST http://10.180.1.21/image/v2/images 0.511s
2025-12-10 00:13:27.840 67284 INFO tempest.lib.common.rest_client [req-3b4c527a-c214-4e5c-a5e6-253c7c5fa99d req-3b4c527a-c214-4e5c-a5e6-253c7c5fa99d ] Request (ImagesOneServerTestJSON:test_create_image_specify_multibyte_character_image_name): 200 GET http://10.180.1.21/compute/v2.1/images/3c4be102-8df1-4586-8b56-6169bbbe6fa7 2.516s
2025-12-10 00:13:27.998 67226 INFO tempest.lib.common.rest_client [req-e2fc3b61-7438-45ac-9f70-239b77dca3b4 req-e2fc3b61-7438-45ac-9f70-239b77dca3b4 ] Request (MultipleCreateTestJSON:_run_cleanups): 200 GET http://10.180.1.21/compute/v2.1/servers/e5da76cd-6ddd-4f46-be36-8d2808452c03 2.080s
2025-12-10 00:13:28.023 67252 INFO tempest.lib.common.rest_client [req-a2405580-8e98-41ba-ab90-58f650ce1c6a req-a2405580-8e98-41ba-ab90-58f650ce1c6a ] Request (MigrationsAdminTest:test_list_migrations_in_flavor_resize_situation): 200 GET http://10.180.1.21/compute/v2.1/servers/75b3a090-765f-4465-adaf-8aa991ef0b9f 2.405s
2025-12-10 00:13:28.073 67274 INFO tempest.lib.common.rest_client [req-1065186b-a409-4bc4-9b26-e5942420d32f req-1065186b-a409-4bc4-9b26-e5942420d32f ] Request (KeyPairsNegativeTestJSON:test_create_keypair_when_public_key_bits_exceeds_maximum): 400 POST http://10.180.1.21/compute/v2.1/os-keypairs 2.021s
2025-12-10 00:13:28.086 67268 INFO tempest.lib.common.rest_client [req-c905109d-1fd0-4c0e-a2c7-49a3c89c0b30 req-c905109d-1fd0-4c0e-a2c7-49a3c89c0b30 ] Request (ServersAdmin275Test:_run_cleanups): 200 GET http://10.180.1.21/compute/v2.1/servers/4311b7d9-9f57-48a7-9470-10739dfcaaaa 2.142s
2025-12-10 00:13:28.223 67258 INFO tempest.lib.common.rest_client [req-3343974c-1237-4f0f-a291-51fb01a3b6f5 req-3343974c-1237-4f0f-a291-51fb01a3b6f5 ] Request (ServerGroup264TestJSON:test_create_get_server_group): 200 POST http://10.180.1.21/compute/v2.1/os-server-groups 2.170s
2025-12-10 00:13:28.257 67282 INFO tempest.lib.common.rest_client [req-b9e08edd-82db-4507-8daa-a73095240128 req-b9e08edd-82db-4507-8daa-a73095240128 ] Request (SecurityGroupRulesTestJSON:tearDownClass): 202 DELETE http://10.180.1.21/compute/v2.1/os-security-groups/08987d98-19cd-4b53-a2fd-45c636b8dc0a 1.968s
2025-12-10 00:13:28.371 67234 INFO tempest.lib.common.rest_client [req-7d42f458-5d1a-49a8-9fff-63f98351a57a req-7d42f458-5d1a-49a8-9fff-63f98351a57a ] Request (AggregatesAdminNegativeTestJSON:_run_cleanups): 200 POST http://10.180.1.21/compute/v2.1/os-aggregates/7/action 2.051s
2025-12-10 00:13:28.403 67264 INFO tempest.lib.common.rest_client [req-68481adb-00f2-41c9-b196-79041f586b9c req-68481adb-00f2-41c9-b196-79041f586b9c ] Request (ServerMetadataTestJSON:test_set_server_metadata): 200 GET http://10.180.1.21/compute/v2.1/servers/e4dabd08-a246-4f46-91f8-37dd612fd571/metadata 1.496s
2025-12-10 00:13:28.416 67224 INFO tempest.lib.common.rest_client [req-ec89f173-4f16-46e9-8653-4d5f8ba28450 req-ec89f173-4f16-46e9-8653-4d5f8ba28450 ] Request (FlavorsAdminTestJSON:test_is_public_string_variations): 200 GET http://10.180.1.21/compute/v2.1/flavors/detail?is_public=0 1.485s
2025-12-10 00:13:28.437 67246 INFO tempest.lib.common.rest_client [req-aefb72b9-fd60-4c36-8d93-303c7a2e1595 req-aefb72b9-fd60-4c36-8d93-303c7a2e1595 ] Request (ServicesAdminNegativeTestJSON:test_get_service_by_invalid_service_and_valid_host): 200 GET http://10.180.1.21/compute/v2.1/os-services 1.485s
2025-12-10 00:13:29.046 67282 INFO tempest.lib.common.rest_client [req-430514a2-250b-4644-8d9c-11908a6c1ad2 req-430514a2-250b-4644-8d9c-11908a6c1ad2 ] Request (SecurityGroupRulesTestJSON:tearDownClass): 200 PUT http://10.180.1.21/networking/v2.0/routers/f1e10dba-2032-4726-96d0-e619c3fb6a22/remove_router_interface 0.789s
2025-12-10 00:13:29.118 67232 INFO tempest.lib.common.rest_client [req-e2e7eecb-043f-46c7-b8fe-e9f1536725fc req-e2e7eecb-043f-46c7-b8fe-e9f1536725fc ] Request (ServersAaction247Test:test_create_backup): 200 GET http://10.180.1.21/compute/v2.1/servers/6d6f5a50-7c35-4111-839e-a1ebee4722ce 2.582s
2025-12-10 00:13:29.135 67286 INFO tempest.lib.common.rest_client [req-6bf471e7-ed25-4b39-a787-3eeeb7b9793e req-6bf471e7-ed25-4b39-a787-3eeeb7b9793e ] Request (FloatingIPsAssociationNegativeTestJSON:tearDownClass): 200 GET http://10.180.1.21/compute/v2.1/servers/8dec9cd8-7ea2-4c0d-bda5-8274b118be02 2.180s
2025-12-10 00:13:29.156 67242 WARNING tempest.lib.common.ssh [-] Failed to establish authenticated ssh connection to cirros@10.180.180.190 ([Errno None] Unable to connect to port 22 on 10.180.180.190). Number attempts: 6. Retry after 7 seconds.: paramiko.ssh_exception.NoValidConnectionsError: [Errno None] Unable to connect to port 22 on 10.180.180.190
2025-12-10 00:13:29.642 67238 INFO tempest.lib.common.rest_client [req-7e59873f-e441-4339-a6c0-2f4172a20278 req-7e59873f-e441-4339-a6c0-2f4172a20278 ] Request (ListImageFiltersTestJSON:setUpClass): 204 PUT http://10.180.1.21/image/v2/images/65d4ec39-d06f-452b-8c72-a8d0905cd10e/file 0.842s
2025-12-10 00:13:29.653 67282 INFO tempest.lib.common.rest_client [req-8ab342b3-d101-4f6a-a722-6ea2f2b7d333 req-8ab342b3-d101-4f6a-a722-6ea2f2b7d333 ] Request (SecurityGroupRulesTestJSON:tearDownClass): 204 DELETE http://10.180.1.21/networking/v2.0/routers/f1e10dba-2032-4726-96d0-e619c3fb6a22 0.606s
2025-12-10 00:13:29.723 67254 INFO tempest.lib.common.rest_client [req-e349009a-218e-42ab-8c73-82e7e4e4b915 req-e349009a-218e-42ab-8c73-82e7e4e4b915 ] Request (ServerDiagnosticsNegativeTest:tearDownClass): 200 GET http://10.180.1.21/compute/v2.1/servers/a58c7f06-38a2-4643-9add-048059428221 2.402s
2025-12-10 00:13:29.769 67278 INFO tempest.lib.common.rest_client [req-745c3b3c-b258-4b72-9bff-cd9cd3c0179d req-745c3b3c-b258-4b72-9bff-cd9cd3c0179d ] Request (ServersV294TestFqdnHostnames:setUpClass): 200 GET http://10.180.1.21/compute/v2.1/servers/ef7d92f5-1a94-4370-836f-e256441db8e1 2.757s
2025-12-10 00:13:29.777 67240 INFO tempest.lib.common.rest_client [req-da791b19-08a4-4e85-9338-709c0fb5e666 req-da791b19-08a4-4e85-9338-709c0fb5e666 ] Request (InstanceUsageAuditLogNegativeTestJSON:test_instance_usage_audit_logs_with_nonadmin_user): 403 GET http://10.180.1.21/compute/v2.1/os-instance_usage_audit_log/2025-12-10%2000%3A13%3A27 2.328s
2025-12-10 00:13:29.782 67278 INFO tempest.common.waiters [-] State transition "BUILD/None" ==> "BUILD/spawning" after 35 second wait
2025-12-10 00:13:29.799 67272 INFO tempest.lib.common.rest_client [req-d3b3711b-1983-4a21-9210-a636caf66f25 req-d3b3711b-1983-4a21-9210-a636caf66f25 ] Request (DeleteServersTestJSON:test_delete_active_server): 200 GET http://10.180.1.21/compute/v2.1/servers/e22da353-fb8f-424b-ac1a-c49bdff2912b 2.477s
2025-12-10 00:13:29.854 67282 INFO tempest.lib.common.rest_client [req-a2e8ead0-2fa2-4bd2-a1ae-99547ce89b7e req-a2e8ead0-2fa2-4bd2-a1ae-99547ce89b7e ] Request (SecurityGroupRulesTestJSON:tearDownClass): 204 DELETE http://10.180.1.21/networking/v2.0/subnets/eb5eb091-9aa5-428e-856a-73d472db10b5 0.201s
2025-12-10 00:13:29.884 67240 INFO tempest.lib.common.rest_client [req-b77c7054-8129-430a-bc9e-0d4eff38a323 req-b77c7054-8129-430a-bc9e-0d4eff38a323 ] Request (InstanceUsageAuditLogNegativeTestJSON:tearDownClass): 204 DELETE http://10.180.1.21/identity/v3/users/0b6712b4b0074e25bf5e4c33f4d6a495 0.106s
2025-12-10 00:13:29.884 67280 INFO tempest.lib.common.rest_client [req-86fd2103-2f8a-46bc-8663-e4e22c77c7e5 req-86fd2103-2f8a-46bc-8663-e4e22c77c7e5 ] Request (ServersAdminNegativeTestJSON:test_migrate_server_invalid_state): 200 GET http://10.180.1.21/compute/v2.1/servers/e7d12f7e-6e01-408b-aabe-8e45fd791f9a 2.347s
2025-12-10 00:13:29.941 67236 INFO tempest.lib.common.rest_client [req-9d3f9faa-c5c3-4669-a6c1-27a0e4d6fa2c req-9d3f9faa-c5c3-4669-a6c1-27a0e4d6fa2c ] Request (ServersAdminTestJSON:setUpClass): 200 GET http://10.180.1.21/compute/v2.1/servers/c318782d-e995-450e-b2ac-d58143e071a8 2.457s
2025-12-10 00:13:29.961 67260 INFO tempest.lib.common.rest_client [req-8421a66d-e44b-4f3c-9688-2a8e1d627937 req-8421a66d-e44b-4f3c-9688-2a8e1d627937 ] Request (ServerTagsTestJSON:setUpClass): 200 GET http://10.180.1.21/compute/v2.1/servers/61766c1d-f091-45fb-95ad-2700e55158ee 2.358s
2025-12-10 00:13:30.013 67240 INFO tempest.lib.common.rest_client [req-0581c01e-bd48-4948-b999-5c063485edc2 req-0581c01e-bd48-4948-b999-5c063485edc2 ] Request (InstanceUsageAuditLogNegativeTestJSON:tearDownClass): 204 DELETE http://10.180.1.21/identity/v3/users/b97d1e8d737a457aac4a224f3d1e3a39 0.128s
2025-12-10 00:13:30.014 67240 INFO tempest.lib.common.dynamic_creds [-] Deleting project and security group for project: 1b20d010fa6545a5aa725d8cc3d5d975
2025-12-10 00:13:30.089 67240 INFO tempest.lib.common.rest_client [req-e1b8e753-276a-4972-955d-ab2fe28ef108 req-e1b8e753-276a-4972-955d-ab2fe28ef108 ] Request (InstanceUsageAuditLogNegativeTestJSON:tearDownClass): 201 POST http://10.180.1.21/identity/v3/auth/tokens 0.074s
2025-12-10 00:13:30.099 67271 INFO tempest.lib.common.rest_client [req-0cd574a5-0706-40f2-af25-b2b4801425e6 req-0cd574a5-0706-40f2-af25-b2b4801425e6 ] Request (ServerMetadataNegativeTestJSON:setUpClass): 200 GET http://10.180.1.21/compute/v2.1/servers/a8d2e678-b950-44ff-99db-d3693d6b5c40 2.483s
2025-12-10 00:13:30.107 67271 INFO tempest.common.waiters [-] State transition "BUILD/None" ==> "BUILD/networking" after 36 second wait
2025-12-10 00:13:30.226 67282 INFO tempest.lib.common.rest_client [req-9f563623-65c9-44b8-8cd7-e4bc04c722b0 req-9f563623-65c9-44b8-8cd7-e4bc04c722b0 ] Request (SecurityGroupRulesTestJSON:tearDownClass): 204 DELETE http://10.180.1.21/networking/v2.0/networks/8ebc78d8-a0a6-447b-85d9-0e13b4fee6af 0.371s
2025-12-10 00:13:30.273 67276 INFO tempest.lib.common.rest_client [req-92737293-dfb3-40d2-9153-ae4285aa92b1 req-92737293-dfb3-40d2-9153-ae4285aa92b1 ] Request (ServersWithSpecificFlavorTestJSON:test_verify_created_server_ephemeral_disk): 200 GET http://10.180.1.21/compute/v2.1/servers/75acfe7d-22ef-424d-bf23-1d7b6109121f 2.667s
2025-12-10 00:13:30.286 67276 INFO tempest.lib.common.ssh [-] Creating ssh connection to '10.180.180.136:22' as 'cirros' with public key authentication
2025-12-10 00:13:30.340 67282 INFO tempest.lib.common.rest_client [req-e29297f6-413c-48f6-9f41-ff9c72f51e18 req-e29297f6-413c-48f6-9f41-ff9c72f51e18 ] Request (SecurityGroupRulesTestJSON:tearDownClass): 204 DELETE http://10.180.1.21/identity/v3/users/e2df2a6cd2c34ce0a4e75df55ced1f5f 0.113s
2025-12-10 00:13:30.340 67282 INFO tempest.lib.common.dynamic_creds [-] Deleting project and security group for project: c4296e5e5beb49bcb5d07f367fa6329a
2025-12-10 00:13:30.540 67240 INFO tempest.lib.common.rest_client [req-99c74f33-ca48-4070-ac86-ee99822bb005 req-99c74f33-ca48-4070-ac86-ee99822bb005 ] Request (InstanceUsageAuditLogNegativeTestJSON:tearDownClass): 200 GET http://10.180.1.21/networking/v2.0/security-groups?tenant_id=1b20d010fa6545a5aa725d8cc3d5d975&name=default 0.451s
2025-12-10 00:13:30.551 67262 INFO tempest.lib.common.rest_client [req-eccee9fb-75a6-4727-90ad-a75a25700b77 req-eccee9fb-75a6-4727-90ad-a75a25700b77 ] Request (ServerActionsTestOtherB:setUpClass): 200 GET http://10.180.1.21/compute/v2.1/servers/85779ddc-39b4-42e9-a5ed-dbf66dba7712 2.889s
2025-12-10 00:13:30.559 67256 INFO tempest.lib.common.rest_client [req-2f4755be-d0d3-43d0-9a86-716795ada5e5 req-2f4755be-d0d3-43d0-9a86-716795ada5e5 ] Request (SecurityGroupsTestJSON:test_list_security_groups_by_server): 200 GET http://10.180.1.21/compute/v2.1/servers/209bb1c6-eba7-4337-a845-22633d4e5c99 2.860s
2025-12-10 00:13:30.572 67282 INFO tempest.lib.common.rest_client [req-dfac5d68-0a0b-4104-a8ae-da07115adcd9 req-dfac5d68-0a0b-4104-a8ae-da07115adcd9 ] Request (SecurityGroupRulesTestJSON:tearDownClass): 200 GET http://10.180.1.21/networking/v2.0/security-groups?tenant_id=c4296e5e5beb49bcb5d07f367fa6329a&name=default 0.231s
2025-12-10 00:13:30.588 67258 INFO tempest.lib.common.rest_client [req-d3f6e65e-3855-47bf-8cbd-83c9476679f5 req-d3f6e65e-3855-47bf-8cbd-83c9476679f5 ] Request (ServerGroup264TestJSON:test_create_get_server_group): 200 GET http://10.180.1.21/compute/v2.1/os-server-groups 2.360s
2025-12-10 00:13:30.606 67274 INFO tempest.lib.common.rest_client [req-4c15ce07-4670-4d66-8d94-7c924c8143e7 req-4c15ce07-4670-4d66-8d94-7c924c8143e7 ] Request (KeyPairsNegativeTestJSON:test_create_keypair_with_duplicate_name): 200 POST http://10.180.1.21/compute/v2.1/os-keypairs 2.531s
2025-12-10 00:13:30.677 67240 INFO tempest.lib.common.rest_client [req-4af2d8ea-523f-4832-970c-81fe7629d3e9 req-4af2d8ea-523f-4832-970c-81fe7629d3e9 ] Request (InstanceUsageAuditLogNegativeTestJSON:tearDownClass): 204 DELETE http://10.180.1.21/networking/v2.0/security-groups/7853f2c7-e5ee-4fef-85d2-0562acd67ab7 0.136s
2025-12-10 00:13:30.709 67234 INFO tempest.lib.common.rest_client [req-324b6f34-5f9b-4301-b7ee-b463f14bafe0 req-324b6f34-5f9b-4301-b7ee-b463f14bafe0 ] Request (AggregatesAdminNegativeTestJSON:_run_cleanups): 200 DELETE http://10.180.1.21/compute/v2.1/os-aggregates/7 2.336s
2025-12-10 00:13:30.787 67282 INFO tempest.lib.common.rest_client [req-d4e3fca4-dea4-409a-9f75-1a5731859ce1 req-d4e3fca4-dea4-409a-9f75-1a5731859ce1 ] Request (SecurityGroupRulesTestJSON:tearDownClass): 204 DELETE http://10.180.1.21/networking/v2.0/security-groups/b02e7d40-b969-405a-ad93-9b6f6cdd389c 0.214s
2025-12-10 00:13:30.803 67264 INFO tempest.lib.common.rest_client [req-aa115032-b4d1-43ad-8039-be52dc26a00f req-aa115032-b4d1-43ad-8039-be52dc26a00f ] Request (ServerMetadataTestJSON:setUp): 200 PUT http://10.180.1.21/compute/v2.1/servers/e4dabd08-a246-4f46-91f8-37dd612fd571/metadata 2.398s
2025-12-10 00:13:30.811 67240 INFO tempest.lib.common.rest_client [req-efed8396-2fac-4e89-8ba3-5ff043307431 req-efed8396-2fac-4e89-8ba3-5ff043307431 ] Request (InstanceUsageAuditLogNegativeTestJSON:tearDownClass): 204 DELETE http://10.180.1.21/identity/v3/projects/1b20d010fa6545a5aa725d8cc3d5d975 0.134s
2025-12-10 00:13:30.811 67240 INFO tempest.lib.common.dynamic_creds [-] Deleting project and security group for project: 5d8a46d7b7c84e459a5eb0a5be019f16
2025-12-10 00:13:30.830 67224 INFO tempest.lib.common.rest_client [req-cf1f40ed-d0c1-4567-bcb0-0c26b69a8a03 req-cf1f40ed-d0c1-4567-bcb0-0c26b69a8a03 ] Request (FlavorsAdminTestJSON:test_is_public_string_variations): 200 GET http://10.180.1.21/compute/v2.1/flavors/detail?is_public=t 2.410s
2025-12-10 00:13:30.899 67282 INFO tempest.lib.common.rest_client [req-048c2ec2-6cd6-44c6-b891-28a6702da113 req-048c2ec2-6cd6-44c6-b891-28a6702da113 ] Request (SecurityGroupRulesTestJSON:tearDownClass): 204 DELETE http://10.180.1.21/identity/v3/projects/c4296e5e5beb49bcb5d07f367fa6329a 0.110s
2025-12-10 00:13:30.980 67282 INFO tempest.lib.common.rest_client [req-b5b0557e-0088-4154-9371-a4857223e900 req-b5b0557e-0088-4154-9371-a4857223e900 ] Request (ServersNegativeTestMultiTenantJSON:setUpClass): 201 POST http://10.180.1.21/identity/v3/auth/tokens 0.078s
2025-12-10 00:13:30.997 67240 INFO tempest.lib.common.rest_client [req-34ed1f74-762d-4269-82ba-a8f82386fde3 req-34ed1f74-762d-4269-82ba-a8f82386fde3 ] Request (InstanceUsageAuditLogNegativeTestJSON:tearDownClass): 200 GET http://10.180.1.21/networking/v2.0/security-groups?tenant_id=5d8a46d7b7c84e459a5eb0a5be019f16&name=default 0.185s
2025-12-10 00:13:31.012 67282 INFO tempest.lib.common.rest_client [req-dbc0ce95-69a8-4098-8390-aed7405e9102 req-dbc0ce95-69a8-4098-8390-aed7405e9102 ] Request (ServersNegativeTestMultiTenantJSON:setUpClass): 201 POST http://10.180.1.21/identity/v3/auth/tokens 0.029s
2025-12-10 00:13:31.042 67250 INFO tempest.lib.common.rest_client [req-d355ff58-7542-4e0b-82ec-d52c5d707e6b req-d355ff58-7542-4e0b-82ec-d52c5d707e6b ] Request (FloatingIPsAssociationTestJSON:test_associate_already_associated_floating_ip): 200 GET http://10.180.1.21/compute/v2.1/servers/5df7b8f4-e18a-40a2-b977-f7daadc850c0 2.806s
2025-12-10 00:13:31.048 67282 INFO tempest.lib.common.rest_client [req-1c038db1-a961-4644-8f1f-d2a302f8118a req-1c038db1-a961-4644-8f1f-d2a302f8118a ] Request (ServersNegativeTestMultiTenantJSON:setUpClass): 200 GET http://10.180.1.21/identity/v3/domains?name=Default 0.035s
2025-12-10 00:13:31.070 67246 INFO tempest.lib.common.rest_client [req-afb67425-6b6c-4c35-8b5e-5f5bd69c7d97 req-afb67425-6b6c-4c35-8b5e-5f5bd69c7d97 ] Request (ServicesAdminNegativeTestJSON:test_get_service_by_invalid_service_and_valid_host): 200 GET http://10.180.1.21/compute/v2.1/os-services?host=devstack&binary=xxx 2.630s
2025-12-10 00:13:31.081 67244 INFO tempest.lib.common.rest_client [req-8ab2b289-4a8a-404c-a64c-a94648355aea req-8ab2b289-4a8a-404c-a64c-a94648355aea ] Request (ServerDiagnosticsV248Test:tearDownClass): 200 GET http://10.180.1.21/compute/v2.1/servers/cb24cb2e-d02f-4465-8848-96c8b8b3a75b 2.662s
2025-12-10 00:13:31.126 67282 INFO tempest.lib.common.rest_client [req-de94bb8f-5aef-43ae-b28b-350433363140 req-de94bb8f-5aef-43ae-b28b-350433363140 ] Request (ServersNegativeTestMultiTenantJSON:setUpClass): 201 POST http://10.180.1.21/identity/v3/projects 0.077s
2025-12-10 00:13:31.211 67240 INFO tempest.lib.common.rest_client [req-ad42d36e-6afe-40e0-b3ee-312b39b5dbc0 req-ad42d36e-6afe-40e0-b3ee-312b39b5dbc0 ] Request (InstanceUsageAuditLogNegativeTestJSON:tearDownClass): 204 DELETE http://10.180.1.21/networking/v2.0/security-groups/5959385b-143e-4224-bf1c-2e4b2f9812c4 0.214s
2025-12-10 00:13:31.246 67282 INFO tempest.lib.common.rest_client [req-12a969cd-2eed-42ac-aa0f-5662a53ceda7 req-12a969cd-2eed-42ac-aa0f-5662a53ceda7 ] Request (ServersNegativeTestMultiTenantJSON:setUpClass): 201 POST http://10.180.1.21/identity/v3/users 0.119s
2025-12-10 00:13:31.270 67282 INFO tempest.lib.common.rest_client [req-7c0f923d-3ab8-4ec0-8342-ded603c716a5 req-7c0f923d-3ab8-4ec0-8342-ded603c716a5 ] Request (ServersNegativeTestMultiTenantJSON:setUpClass): 200 GET http://10.180.1.21/identity/v3/roles 0.024s
2025-12-10 00:13:31.283 67228 INFO tempest.lib.common.rest_client [req-e46b4598-20dd-432e-be0a-86ffacaff426 req-e46b4598-20dd-432e-be0a-86ffacaff426 ] Request (ServerAddressesNegativeTestJSON:setUpClass): 200 GET http://10.180.1.21/compute/v2.1/servers/4ffab825-c5f5-4cec-81f7-b5a25e5a569a 2.633s
2025-12-10 00:13:31.303 67248 INFO tempest.lib.common.rest_client [req-b237885d-128f-4ec6-a85d-5f97d05a481d req-b237885d-128f-4ec6-a85d-5f97d05a481d ] Request (ImagesNegativeTestJSON:test_create_image_from_deleted_server): 200 GET http://10.180.1.21/compute/v2.1/servers/6e444328-8e2f-4217-be4f-9f05336b83c0 2.625s
2025-12-10 00:13:31.318 67240 INFO tempest.lib.common.rest_client [req-01d4c8ef-75c6-48b5-a213-2db9cd89a7f2 req-01d4c8ef-75c6-48b5-a213-2db9cd89a7f2 ] Request (InstanceUsageAuditLogNegativeTestJSON:tearDownClass): 204 DELETE http://10.180.1.21/identity/v3/projects/5d8a46d7b7c84e459a5eb0a5be019f16 0.106s
2025-12-10 00:13:31.319 67240 INFO tempest.test [-] raised in LiveMigrationRemoteConsolesV26Test.setUpClass. Invoking tearDownClass.
2025-12-10 00:13:31.349 67284 INFO tempest.lib.common.rest_client [req-9730239e-3ba3-4994-9e8d-4071504101ca req-9730239e-3ba3-4994-9e8d-4071504101ca ] Request (ImagesOneServerTestJSON:test_create_image_specify_multibyte_character_image_name): 200 GET http://10.180.1.21/compute/v2.1/images/3c4be102-8df1-4586-8b56-6169bbbe6fa7 2.502s
2025-12-10 00:13:31.367 67282 INFO tempest.lib.common.rest_client [req-ba48cbcc-75a2-4583-b0a2-493a66743c5a req-ba48cbcc-75a2-4583-b0a2-493a66743c5a ] Request (ServersNegativeTestMultiTenantJSON:setUpClass): 204 PUT http://10.180.1.21/identity/v3/projects/3bc1a4384c064e03ba5edc25193aa122/users/a1c94f53954e47519910d6b8e478943d/roles/0054e2e8df454acfa791c8cd66872fa2 0.096s
2025-12-10 00:13:31.367 67282 INFO tempest.lib.common.dynamic_creds [-] Dynamic test user a1c94f53954e47519910d6b8e478943d is created with scope project and roles: ['member']
2025-12-10 00:13:31.368 67282 INFO tempest.lib.common.dynamic_creds [-] Acquired dynamic creds: credentials: Credentials: {'domain_id': 'default', 'domain_name': 'Default', 'username': 'tempest-ServersNegativeTestMultiTenantJSON-1838636243-project-member', 'project_domain_id': 'default', 'project_domain_name': 'Default', 'project_id': '3bc1a4384c064e03ba5edc25193aa122', 'project_name': 'tempest-ServersNegativeTestMultiTenantJSON-1838636243', 'tenant_id': '3bc1a4384c064e03ba5edc25193aa122', 'tenant_name': 'tempest-ServersNegativeTestMultiTenantJSON-1838636243', 'user_domain_id': 'default', 'user_domain_name': 'Default', 'user_id': 'a1c94f53954e47519910d6b8e478943d', 'system': None}, Network: None, Subnet: None, Router: None
2025-12-10 00:13:31.410 67240 INFO tempest.lib.common.rest_client [req-0050d18e-3963-4f0a-92f1-e1121aa9b340 req-0050d18e-3963-4f0a-92f1-e1121aa9b340 ] Request (AttachVolumeNegativeTest:setUpClass): 201 POST http://10.180.1.21/identity/v3/auth/tokens 0.082s
2025-12-10 00:13:31.432 67282 INFO tempest.lib.common.rest_client [req-7d3e0102-fab3-4307-9cc5-d8d337a207a5 req-7d3e0102-fab3-4307-9cc5-d8d337a207a5 ] Request (ServersNegativeTestMultiTenantJSON:setUpClass): 201 POST http://10.180.1.21/identity/v3/auth/tokens 0.064s
2025-12-10 00:13:31.451 67240 INFO tempest.lib.common.rest_client [req-6f2dd04a-2fe0-46b1-ab79-55c66a433639 req-6f2dd04a-2fe0-46b1-ab79-55c66a433639 ] Request (AttachVolumeNegativeTest:setUpClass): 201 POST http://10.180.1.21/identity/v3/auth/tokens 0.038s
2025-12-10 00:13:31.474 67266 INFO tempest.lib.common.rest_client [req-220702ad-8014-4c08-a788-7fd216046836 req-220702ad-8014-4c08-a788-7fd216046836 ] Request (DeleteServersAdminTestJSON:test_delete_server_while_in_error_state): 200 GET http://10.180.1.21/compute/v2.1/servers/eac017c4-98dc-48da-bb9c-aabd219e4403 2.689s
2025-12-10 00:13:31.489 67240 INFO tempest.lib.common.rest_client [req-b2c1d682-9502-4eec-8dbf-a080967e45da req-b2c1d682-9502-4eec-8dbf-a080967e45da ] Request (AttachVolumeNegativeTest:setUpClass): 200 GET http://10.180.1.21/identity/v3/domains?name=Default 0.037s
2025-12-10 00:13:31.524 67226 INFO tempest.lib.common.rest_client [req-b88b1c8f-50b5-4c0d-a074-ce24f1c9563e req-b88b1c8f-50b5-4c0d-a074-ce24f1c9563e ] Request (MultipleCreateTestJSON:_run_cleanups): 200 GET http://10.180.1.21/compute/v2.1/servers/e5da76cd-6ddd-4f46-be36-8d2808452c03 2.515s
2025-12-10 00:13:31.525 67240 INFO tempest.lib.common.rest_client [req-58e94876-5482-48a5-bdc5-62554a5caf33 req-58e94876-5482-48a5-bdc5-62554a5caf33 ] Request (AttachVolumeNegativeTest:setUpClass): 201 POST http://10.180.1.21/identity/v3/projects 0.034s
2025-12-10 00:13:31.582 67240 INFO tempest.lib.common.rest_client [req-31a59578-bcd3-48d5-9b49-85fabc79bc88 req-31a59578-bcd3-48d5-9b49-85fabc79bc88 ] Request (AttachVolumeNegativeTest:setUpClass): 201 POST http://10.180.1.21/identity/v3/users 0.056s
2025-12-10 00:13:31.604 67240 INFO tempest.lib.common.rest_client [req-e2809b40-b7dd-45ac-bda3-d8f1e3d2ce0a req-e2809b40-b7dd-45ac-bda3-d8f1e3d2ce0a ] Request (AttachVolumeNegativeTest:setUpClass): 200 GET http://10.180.1.21/identity/v3/roles 0.021s
2025-12-10 00:13:31.632 67240 INFO tempest.lib.common.rest_client [req-0dcc393b-3f2a-4aa7-affe-886b2d689c52 req-0dcc393b-3f2a-4aa7-affe-886b2d689c52 ] Request (AttachVolumeNegativeTest:setUpClass): 204 PUT http://10.180.1.21/identity/v3/projects/dbf5aaef318943678155d041f68b69bc/users/9d2db3610f80436cab0e60f653bcbf4d/roles/0054e2e8df454acfa791c8cd66872fa2 0.028s
2025-12-10 00:13:31.632 67240 INFO tempest.lib.common.dynamic_creds [-] Dynamic test user 9d2db3610f80436cab0e60f653bcbf4d is created with scope project and roles: ['member']
2025-12-10 00:13:31.632 67240 INFO tempest.lib.common.dynamic_creds [-] Acquired dynamic creds: credentials: Credentials: {'domain_id': 'default', 'domain_name': 'Default', 'username': 'tempest-AttachVolumeNegativeTest-1542431114-project-member', 'project_domain_id': 'default', 'project_domain_name': 'Default', 'project_id': 'dbf5aaef318943678155d041f68b69bc', 'project_name': 'tempest-AttachVolumeNegativeTest-1542431114', 'tenant_id': 'dbf5aaef318943678155d041f68b69bc', 'tenant_name': 'tempest-AttachVolumeNegativeTest-1542431114', 'user_domain_id': 'default', 'user_domain_name': 'Default', 'user_id': '9d2db3610f80436cab0e60f653bcbf4d', 'system': None}, Network: None, Subnet: None, Router: None
2025-12-10 00:13:31.692 67240 INFO tempest.lib.common.rest_client [req-6f3e6c32-55cb-4263-a8d1-37342801e110 req-6f3e6c32-55cb-4263-a8d1-37342801e110 ] Request (AttachVolumeNegativeTest:setUpClass): 201 POST http://10.180.1.21/identity/v3/auth/tokens 0.059s
2025-12-10 00:13:31.806 67282 INFO tempest.lib.common.rest_client [req-c364237a-191b-4f0f-b958-cca5a28ce3a4 req-c364237a-191b-4f0f-b958-cca5a28ce3a4 ] Request (ServersNegativeTestMultiTenantJSON:setUpClass): 201 POST http://10.180.1.21/networking/v2.0/networks 0.374s
2025-12-10 00:13:31.891 67268 INFO tempest.lib.common.rest_client [req-6297000c-1951-40f6-8139-d5a2df007d5f req-6297000c-1951-40f6-8139-d5a2df007d5f ] Request (ServersAdmin275Test:_run_cleanups): 200 GET http://10.180.1.21/compute/v2.1/servers/4311b7d9-9f57-48a7-9470-10739dfcaaaa 2.787s
2025-12-10 00:13:31.900 67268 INFO tempest.common.waiters [-] State transition "REBUILD/rebuild_spawning" ==> "ACTIVE/None" after 7 second wait
2025-12-10 00:13:31.922 67238 INFO tempest.lib.common.rest_client [req-619f5097-cca7-4827-9dfc-2ee4f88efa41 req-619f5097-cca7-4827-9dfc-2ee4f88efa41 ] Request (ListImageFiltersTestJSON:setUpClass): 200 GET http://10.180.1.21/compute/v2.1/images/65d4ec39-d06f-452b-8c72-a8d0905cd10e 2.279s
2025-12-10 00:13:32.159 67240 INFO tempest.lib.common.rest_client [req-7f34a2dc-d2b7-4ad7-bb86-c5a8a3c6fb40 req-7f34a2dc-d2b7-4ad7-bb86-c5a8a3c6fb40 ] Request (AttachVolumeNegativeTest:setUpClass): 201 POST http://10.180.1.21/networking/v2.0/networks 0.467s
2025-12-10 00:13:32.337 67252 INFO tempest.lib.common.rest_client [req-6c6b656d-7a78-4095-ab9c-c702a655cca9 req-6c6b656d-7a78-4095-ab9c-c702a655cca9 ] Request (MigrationsAdminTest:test_list_migrations_in_flavor_resize_situation): 200 GET http://10.180.1.21/compute/v2.1/servers/75b3a090-765f-4465-adaf-8aa991ef0b9f 3.300s
2025-12-10 00:13:32.346 67282 INFO tempest.lib.common.rest_client [req-3440cf8b-3ff3-47a4-b2bd-2a9a0cebd9da req-3440cf8b-3ff3-47a4-b2bd-2a9a0cebd9da ] Request (ServersNegativeTestMultiTenantJSON:setUpClass): 201 POST http://10.180.1.21/networking/v2.0/subnets 0.539s
2025-12-10 00:13:32.357 67232 INFO tempest.lib.common.rest_client [req-7133707c-1048-4f2e-a584-3fa61960d6cd req-7133707c-1048-4f2e-a584-3fa61960d6cd ] Request (ServersAaction247Test:test_create_backup): 200 GET http://10.180.1.21/compute/v2.1/servers/6d6f5a50-7c35-4111-839e-a1ebee4722ce 2.225s
2025-12-10 00:13:32.383 67258 INFO tempest.lib.common.rest_client [req-baa4ee66-2828-4603-af84-8b0e65321e23 req-baa4ee66-2828-4603-af84-8b0e65321e23 ] Request (ServerGroup264TestJSON:test_create_get_server_group): 200 GET http://10.180.1.21/compute/v2.1/os-server-groups/30534638-7e46-4852-8f80-54821f0b4f6f 1.789s
2025-12-10 00:13:32.416 67274 INFO tempest.lib.common.rest_client [req-0b433e02-2a4b-4b95-9dfc-576a6de60c05 req-0b433e02-2a4b-4b95-9dfc-576a6de60c05 ] Request (KeyPairsNegativeTestJSON:test_create_keypair_with_duplicate_name): 409 POST http://10.180.1.21/compute/v2.1/os-keypairs 1.808s
2025-12-10 00:13:32.440 67234 INFO tempest.lib.common.rest_client [req-060ddcae-18a2-40e9-aa52-c0354a228c7b req-060ddcae-18a2-40e9-aa52-c0354a228c7b ] Request (AggregatesAdminNegativeTestJSON:test_aggregate_remove_nonexistent_host): 200 POST http://10.180.1.21/compute/v2.1/os-aggregates 1.728s
2025-12-10 00:13:32.502 67240 INFO tempest.lib.common.rest_client [req-5c003147-8ef1-4cae-8c7b-19d9ae4221ed req-5c003147-8ef1-4cae-8c7b-19d9ae4221ed ] Request (AttachVolumeNegativeTest:setUpClass): 201 POST http://10.180.1.21/networking/v2.0/subnets 0.342s
2025-12-10 00:13:32.557 67286 INFO tempest.lib.common.rest_client [req-9754ae4d-d8b6-49fc-961f-d11cbb64efff req-9754ae4d-d8b6-49fc-961f-d11cbb64efff ] Request (FloatingIPsAssociationNegativeTestJSON:tearDownClass): 200 GET http://10.180.1.21/compute/v2.1/servers/8dec9cd8-7ea2-4c0d-bda5-8274b118be02 2.408s
2025-12-10 00:13:32.615 67254 INFO tempest.lib.common.rest_client [req-870ca2e2-f6d6-40db-866d-c9f09bc9924b req-870ca2e2-f6d6-40db-866d-c9f09bc9924b ] Request (ServerDiagnosticsNegativeTest:tearDownClass): 200 GET http://10.180.1.21/compute/v2.1/servers/a58c7f06-38a2-4643-9add-048059428221 1.884s
2025-12-10 00:13:32.678 67264 INFO tempest.lib.common.rest_client [req-1ad2140e-a171-4b96-bdcf-1b446b512dc0 req-1ad2140e-a171-4b96-bdcf-1b446b512dc0 ] Request (ServerMetadataTestJSON:test_set_server_metadata_item): 200 PUT http://10.180.1.21/compute/v2.1/servers/e4dabd08-a246-4f46-91f8-37dd612fd571/metadata/nova 1.874s
2025-12-10 00:13:33.156 67282 INFO tempest.lib.common.rest_client [req-a95fc5f9-b4ed-4381-a633-e90e6a2c6bd5 req-a95fc5f9-b4ed-4381-a633-e90e6a2c6bd5 ] Request (ServersNegativeTestMultiTenantJSON:setUpClass): 201 POST http://10.180.1.21/networking/v2.0/routers 0.809s
2025-12-10 00:13:33.379 67272 INFO tempest.lib.common.rest_client [req-7cd65aeb-eff1-4cfc-bb37-5bdd67d84840 req-7cd65aeb-eff1-4cfc-bb37-5bdd67d84840 ] Request (DeleteServersTestJSON:test_delete_active_server): 200 GET http://10.180.1.21/compute/v2.1/servers/e22da353-fb8f-424b-ac1a-c49bdff2912b 2.568s
2025-12-10 00:13:33.397 67276 WARNING tempest.lib.common.ssh [-] Failed to establish authenticated ssh connection to cirros@10.180.180.136 ([Errno None] Unable to connect to port 22 on 10.180.180.136). Number attempts: 1. Retry after 2 seconds.: paramiko.ssh_exception.NoValidConnectionsError: [Errno None] Unable to connect to port 22 on 10.180.180.136
2025-12-10 00:13:33.413 67224 INFO tempest.lib.common.rest_client [req-1315813d-de39-432a-975b-9534caa8267e req-1315813d-de39-432a-975b-9534caa8267e ] Request (FlavorsAdminTestJSON:test_is_public_string_variations): 200 GET http://10.180.1.21/compute/v2.1/flavors/detail?is_public=true 2.576s
2025-12-10 00:13:33.448 67240 INFO tempest.lib.common.rest_client [req-19773396-39e4-4153-accc-37c527fd82c7 req-19773396-39e4-4153-accc-37c527fd82c7 ] Request (AttachVolumeNegativeTest:setUpClass): 201 POST http://10.180.1.21/networking/v2.0/routers 0.946s
2025-12-10 00:13:33.525 67278 INFO tempest.lib.common.rest_client [req-f7f51562-03d1-4279-aa95-8c3d9e84abe2 req-f7f51562-03d1-4279-aa95-8c3d9e84abe2 ] Request (ServersV294TestFqdnHostnames:setUpClass): 200 GET http://10.180.1.21/compute/v2.1/servers/ef7d92f5-1a94-4370-836f-e256441db8e1 2.738s
2025-12-10 00:13:33.560 67280 INFO tempest.lib.common.rest_client [req-f2341651-1076-4837-b6ba-b3ce5f60d2f4 req-f2341651-1076-4837-b6ba-b3ce5f60d2f4 ] Request (ServersAdminNegativeTestJSON:test_migrate_server_invalid_state): 200 GET http://10.180.1.21/compute/v2.1/servers/e7d12f7e-6e01-408b-aabe-8e45fd791f9a 2.664s
2025-12-10 00:13:34.235 67282 INFO tempest.lib.common.rest_client [req-56e072cf-302b-4178-b5cc-554a767d511b req-56e072cf-302b-4178-b5cc-554a767d511b ] Request (ServersNegativeTestMultiTenantJSON:setUpClass): 200 PUT http://10.180.1.21/networking/v2.0/routers/f72593d5-42cb-454c-8ff9-8d4c0e8f0e07/add_router_interface 1.078s
