2025-12-10 00:15:39.072 67248 INFO tempest.lib.common.rest_client [req-27d572e6-3c78-4ea6-9e1d-fbc342f53c3e req-27d572e6-3c78-4ea6-9e1d-fbc342f53c3e ] Request (AttachInterfacesUnderV243Test:test_add_remove_fixed_ip): 200 GET http://10.180.1.21/compute/v2.1/servers/b8cfdbaf-003c-47e9-a789-8a3f14dc7fd1 2.441s
2025-12-10 00:15:39.107 67228 INFO tempest.lib.common.rest_client [req-17352e09-f90d-4581-a461-1daf4819f6f3 req-17352e09-f90d-4581-a461-1daf4819f6f3 ] Request (ServerRescueNegativeTestJSON:setUpClass): 200 GET http://10.180.1.21/compute/v2.1/servers/050ac6e2-ad79-4ed0-94bb-fe2026dc214b 2.760s
2025-12-10 00:15:39.226 67264 INFO tempest.lib.common.rest_client [req-ebfc4c39-4a18-469b-b9e8-3cd905e94998 req-ebfc4c39-4a18-469b-b9e8-3cd905e94998 ] Request (ServersListShow298Test:test_list_show_update_rebuild_server_298): 200 GET http://10.180.1.21/compute/v2.1/servers/192edddd-99c7-444b-8235-5fbe4cb8a4c1 1.669s
2025-12-10 00:15:39.316 67242 INFO tempest.lib.common.rest_client [req-df30f0cf-999e-4f41-8fdc-d48db4a21d25 req-df30f0cf-999e-4f41-8fdc-d48db4a21d25 ] Request (ImagesMetadataTestJSON:setUpClass): 201 POST http://10.180.1.21/image/v2/images 0.499s
2025-12-10 00:15:39.325 67256 INFO tempest.lib.common.rest_client [req-9fee4a36-3d74-4034-b77b-ace90b660e59 req-9fee4a36-3d74-4034-b77b-ace90b660e59 ] Request (SecurityGroupsTestJSON:test_server_security_groups): 202 POST http://10.180.1.21/compute/v2.1/servers/4b559878-008e-4449-9eda-6e991a82510b/action 1.597s
2025-12-10 00:15:39.352 67244 INFO tempest.lib.common.rest_client [req-40c3d123-42df-40ae-b945-530e0f4fe75c req-40c3d123-42df-40ae-b945-530e0f4fe75c ] Request (ImagesOneServerNegativeTestJSON:tearDown): 200 GET http://10.180.1.21/compute/v2.1/servers/bee35680-35e2-439d-b7bf-2ddb3e6d03e0 2.224s
2025-12-10 00:15:39.469 67286 INFO tempest.lib.common.rest_client [req-7a1a15af-e52a-4989-a1d2-2473002b3e0c req-7a1a15af-e52a-4989-a1d2-2473002b3e0c ] Request (ServerRescueTestJSONUnderV235:test_rescued_vm_add_remove_security_group): 200 POST http://10.180.1.21/compute/v2.1/os-security-groups 1.543s
2025-12-10 00:15:39.519 67280 INFO tempest.lib.common.rest_client [req-e236bfa0-9cbe-4fde-8231-7051af7c016a req-e236bfa0-9cbe-4fde-8231-7051af7c016a ] Request (ServersAdminNegativeTestJSON:tearDownClass): 200 GET http://10.180.1.21/compute/v2.1/servers/3a7c7688-f241-406b-831f-a83d9f12a92e 1.474s
2025-12-10 00:15:39.541 67232 INFO tempest.lib.common.rest_client [req-f4196000-3992-445e-ac35-c29f3e3425c1 req-f4196000-3992-445e-ac35-c29f3e3425c1 ] Request (ServerGroupTestJSON:test_create_server_with_scheduler_hint_group): 200 GET http://10.180.1.21/compute/v2.1/servers/84cc6e9d-20ea-4756-b52b-c9edd1d6fa2f 1.458s
2025-12-10 00:15:39.599 67266 INFO tempest.lib.common.rest_client [req-35f0e7a7-df8f-4bf9-a29f-decb8e7e8a52 req-35f0e7a7-df8f-4bf9-a29f-decb8e7e8a52 ] Request (KeyPairsV2TestJSON:test_keypairs_create_list_delete): 200 POST http://10.180.1.21/compute/v2.1/os-keypairs 1.029s
2025-12-10 00:15:39.643 67282 INFO tempest.lib.common.rest_client [req-2cb5b7d4-8b2a-4082-8f38-2d67a0551a54 req-2cb5b7d4-8b2a-4082-8f38-2d67a0551a54 ] Request (VolumesTestJSON:test_volume_list_with_detail_param_offset_and_limit): 200 GET http://10.180.1.21/compute/v2.1/os-volumes/detail?offset=1&limit=1 1.022s
2025-12-10 00:15:39.726 67252 INFO tempest.lib.common.rest_client [req-0364c20e-329b-4e26-ac76-e486b0623e30 req-0364c20e-329b-4e26-ac76-e486b0623e30 ] Request (MigrationsAdminTest:test_resize_server_revert_deleted_flavor): 200 GET http://10.180.1.21/compute/v2.1/servers/16f5dbbe-d20a-42b4-a840-a6471bd6f059 1.183s
2025-12-10 00:15:39.753 67240 INFO tempest.lib.common.rest_client [req-cecb8fdd-5c62-4791-b702-0d7f413354e3 req-cecb8fdd-5c62-4791-b702-0d7f413354e3 ] Request (AttachVolumeNegativeTest:test_attach_attached_volume_to_different_server): 200 GET http://10.180.1.21/compute/v2.1/servers/0be369bb-e008-44e6-9f99-971afde22792 1.113s
2025-12-10 00:15:39.828 67274 INFO tempest.lib.common.rest_client [req-01a9edb1-9e44-4681-a3b4-8b9ea65a8998 req-01a9edb1-9e44-4681-a3b4-8b9ea65a8998 ] Request (ServerAddressesTestJSON:tearDownClass): 200 GET http://10.180.1.21/compute/v2.1/servers/f4b92584-9bec-4998-a14c-13313893f469 0.763s
2025-12-10 00:15:39.910 67246 INFO tempest.lib.common.rest_client [req-afc8a81d-d5c5-4fad-859c-4d1cf9d1681f req-afc8a81d-d5c5-4fad-859c-4d1cf9d1681f ] Request (ServerDiskConfigTestJSON:test_rebuild_server_with_manual_disk_config): 200 GET http://10.180.1.21/compute/v2.1/servers/b33e3b49-ec7a-4738-8bfd-6782ce85acfb 0.771s
2025-12-10 00:15:39.922 67246 INFO tempest.common.waiters [-] State transition "BUILD/scheduling" ==> "BUILD/None" after 5 second wait
2025-12-10 00:15:39.926 67236 INFO tempest.lib.common.rest_client [req-ed1aae87-2236-44d2-a0dc-6fb72200079e req-ed1aae87-2236-44d2-a0dc-6fb72200079e ] Request (ServersAdminTestJSON:test_inject_network_info): 202 POST http://10.180.1.21/compute/v2.1/servers/5af12655-a990-447e-9d54-ea934091d596/action 1.151s
2025-12-10 00:15:40.017 67260 INFO tempest.lib.common.rest_client [req-078ae475-cf89-46fe-b551-f8bbd017f168 req-078ae475-cf89-46fe-b551-f8bbd017f168 ] Request (ServersListShow2100Test:test_list_show_rebuild_update_server_2100): 200 GET http://10.180.1.21/compute/v2.1/servers/97d44b6f-1873-4b82-b48c-efb45323183d 0.832s
2025-12-10 00:15:40.036 67264 INFO tempest.lib.common.rest_client [req-e2562d8c-e4c4-4297-8577-1f8fbc542619 req-e2562d8c-e4c4-4297-8577-1f8fbc542619 ] Request (ServersListShow298Test:test_list_show_update_rebuild_server_298): 200 PUT http://10.180.1.21/compute/v2.1/servers/192edddd-99c7-444b-8235-5fbe4cb8a4c1 0.798s
2025-12-10 00:15:40.105 67242 INFO tempest.lib.common.rest_client [req-57f5a5e3-fde1-41fb-8d86-8b62118e93c5 req-57f5a5e3-fde1-41fb-8d86-8b62118e93c5 ] Request (ImagesMetadataTestJSON:setUpClass): 204 PUT http://10.180.1.21/image/v2/images/eabb6a47-71bf-448e-9e51-fc31b3344ae1/file 0.789s
2025-12-10 00:15:40.108 67254 INFO tempest.lib.common.rest_client [req-14448957-4531-4538-a8b0-71f0ca521657 req-14448957-4531-4538-a8b0-71f0ca521657 ] Request (ServersListShow296Test:test_list_show_update_rebuild_server_296): 200 GET http://10.180.1.21/compute/v2.1/servers/51ec21e9-287c-4eec-b3ce-71143c36e02a 0.865s
2025-12-10 00:15:40.119 67254 INFO tempest.common.waiters [-] State transition "REBUILD/rebuild_spawning" ==> "ACTIVE/None" after 9 second wait
2025-12-10 00:15:40.127 67272 INFO tempest.lib.common.rest_client [req-e39f98f0-dff0-48d9-b4ad-e4d75cbf2071 req-e39f98f0-dff0-48d9-b4ad-e4d75cbf2071 ] Request (DeleteServersTestJSON:test_delete_server_while_in_attached_volume): 200 GET http://10.180.1.21/compute/v2.1/servers/1c7db040-e4ca-4670-a4ca-48af9c0add43 0.871s
2025-12-10 00:15:40.147 67262 INFO tempest.lib.common.rest_client [req-2b116421-f29a-4e05-a49d-ab1af80d2c54 req-2b116421-f29a-4e05-a49d-ab1af80d2c54 ] Request (ServerActionsTestOtherB:test_create_backup): 200 GET http://10.180.1.21/image/v2/images/72de7bd0-9658-4a71-95f9-8144e48e667b 0.299s
2025-12-10 00:15:40.331 67256 INFO tempest.lib.common.rest_client [req-a14ca145-9e37-4959-8e51-c219ba56985d req-a14ca145-9e37-4959-8e51-c219ba56985d ] Request (SecurityGroupsTestJSON:test_server_security_groups): 200 GET http://10.180.1.21/compute/v2.1/servers/4b559878-008e-4449-9eda-6e991a82510b 1.006s
2025-12-10 00:15:40.533 67230 INFO tempest.lib.common.rest_client [req-561b4126-02ef-43f1-8f12-bd6cefc78cb0 req-561b4126-02ef-43f1-8f12-bd6cefc78cb0 ] Request (AttachInterfacesTestJSON:test_create_list_show_delete_interfaces_by_network_port): 200 GET http://10.180.1.21/compute/v2.1/servers/a3cf6524-8b48-49f5-99f5-9d9abb6f0e7b 1.012s
2025-12-10 00:15:40.752 67284 INFO tempest.lib.common.rest_client [req-d2273a8c-00e7-4745-a767-00e514577d17 req-d2273a8c-00e7-4745-a767-00e514577d17 ] Request (ServersTestBootFromVolume:setUpClass): 200 GET http://10.180.1.21/compute/v2.1/servers/d3daeebd-a9a5-4b4c-a9b5-0c616c3a96fd 1.200s
2025-12-10 00:15:40.768 67284 INFO tempest.common.waiters [-] State transition "BUILD/networking" ==> "BUILD/block_device_mapping" after 29 second wait
2025-12-10 00:15:40.771 67266 INFO tempest.lib.common.rest_client [req-f120eb96-01c0-41e8-acf8-37c3952aae75 req-f120eb96-01c0-41e8-acf8-37c3952aae75 ] Request (KeyPairsV2TestJSON:test_keypairs_create_list_delete): 200 GET http://10.180.1.21/compute/v2.1/os-keypairs 1.170s
2025-12-10 00:15:40.794 67286 INFO tempest.lib.common.rest_client [req-960c72c2-698f-4665-8d63-9baa6b71472b req-960c72c2-698f-4665-8d63-9baa6b71472b ] Request (ServerRescueTestJSONUnderV235:test_rescued_vm_add_remove_security_group): 202 POST http://10.180.1.21/compute/v2.1/servers/854f4c18-e22f-4b0c-9f05-59161f579c81/action 1.319s
2025-12-10 00:15:40.827 67282 INFO tempest.lib.common.rest_client [req-0e5ef9c5-32bd-4243-8616-4fcc395ad5ea req-0e5ef9c5-32bd-4243-8616-4fcc395ad5ea ] Request (VolumesTestJSON:test_volume_list_with_details): 200 GET http://10.180.1.21/compute/v2.1/os-volumes/detail 1.180s
2025-12-10 00:15:40.902 67282 INFO tempest.lib.common.rest_client [req-81e8adcf-5c3a-495a-ba58-88152610b7c5 req-81e8adcf-5c3a-495a-ba58-88152610b7c5 ] Request (VolumesTestJSON:tearDownClass): 202 DELETE http://10.180.1.21/volume/v3/volumes/145064d9-0b0e-466d-9dfd-145e6e13de27 0.058s
2025-12-10 00:15:40.939 67282 INFO tempest.lib.common.rest_client [req-0f2916c0-5c25-4359-864d-173aca77127a req-0f2916c0-5c25-4359-864d-173aca77127a ] Request (VolumesTestJSON:tearDownClass): 200 GET http://10.180.1.21/volume/v3/volumes/145064d9-0b0e-466d-9dfd-145e6e13de27 0.037s
2025-12-10 00:15:40.943 67226 INFO tempest.lib.common.rest_client [req-55ac56d8-0e45-4cb9-9fdc-751b6e0caff1 req-55ac56d8-0e45-4cb9-9fdc-751b6e0caff1 ] Request (MultipleCreateTestJSON:tearDownClass): 200 GET http://10.180.1.21/compute/v2.1/servers/2d51f4d2-62ff-4192-bdb8-d74ed31681b4 1.213s
2025-12-10 00:15:41.020 67236 INFO tempest.lib.common.rest_client [req-4c7b85ca-efb8-478f-89e0-53a9ffb6b131 req-4c7b85ca-efb8-478f-89e0-53a9ffb6b131 ] Request (ServersAdminTestJSON:test_list_servers_by_admin): 200 GET http://10.180.1.21/compute/v2.1/servers/detail 1.092s
2025-12-10 00:15:41.115 67250 INFO tempest.lib.common.rest_client [req-8e692fa3-c429-4bd1-9a68-b80bc92bee1c req-8e692fa3-c429-4bd1-9a68-b80bc92bee1c ] Request (ImagesTestJSON:test_create_image_from_stopped_server): 200 GET http://10.180.1.21/compute/v2.1/servers/af902bd5-cd51-4c7d-a060-9b8fe19541de 1.185s
2025-12-10 00:15:41.668 67224 INFO tempest.lib.common.rest_client [req-93445d3d-b742-4f8c-bb2a-2c8f617daa75 req-93445d3d-b742-4f8c-bb2a-2c8f617daa75 ] Request (ServersTestJSON:setUpClass): 200 GET http://10.180.1.21/compute/v2.1/servers/eaef2b64-61ac-4274-bc10-76ca46fbac4d 1.674s
2025-12-10 00:15:41.972 67282 INFO tempest.lib.common.rest_client [req-4c9df429-f3b9-42f0-8be1-edfbf21a0d3b req-4c9df429-f3b9-42f0-8be1-edfbf21a0d3b ] Request (VolumesTestJSON:tearDownClass): 404 GET http://10.180.1.21/volume/v3/volumes/145064d9-0b0e-466d-9dfd-145e6e13de27 0.023s
2025-12-10 00:15:42.035 67282 INFO tempest.lib.common.rest_client [req-94852209-493b-47b7-ad2c-b03088a516f9 req-94852209-493b-47b7-ad2c-b03088a516f9 ] Request (VolumesTestJSON:tearDownClass): 202 DELETE http://10.180.1.21/volume/v3/volumes/c20b41e9-6e94-46ea-8458-34220b613d51 0.062s
2025-12-10 00:15:42.064 67282 INFO tempest.lib.common.rest_client [req-33f9bdee-af3f-47aa-b0f6-f3655a5521a4 req-33f9bdee-af3f-47aa-b0f6-f3655a5521a4 ] Request (VolumesTestJSON:tearDownClass): 200 GET http://10.180.1.21/volume/v3/volumes/c20b41e9-6e94-46ea-8458-34220b613d51 0.028s
2025-12-10 00:15:42.309 67234 WARNING tempest.lib.common.ssh [-] Failed to establish authenticated ssh connection to cirros@10.180.180.222 ([Errno None] Unable to connect to port 22 on 10.180.180.222). Number attempts: 5. Retry after 6 seconds.: paramiko.ssh_exception.NoValidConnectionsError: [Errno None] Unable to connect to port 22 on 10.180.180.222
2025-12-10 00:15:42.996 67276 WARNING tempest.lib.common.ssh [-] Failed to establish authenticated ssh connection to cirros@10.180.180.136 ([Errno None] Unable to connect to port 22 on 10.180.180.136). Number attempts: 4. Retry after 5 seconds.: paramiko.ssh_exception.NoValidConnectionsError: [Errno None] Unable to connect to port 22 on 10.180.180.136
2025-12-10 00:15:43.094 67282 INFO tempest.lib.common.rest_client [req-d3eac007-4f3d-4c1b-8464-f919ba95e903 req-d3eac007-4f3d-4c1b-8464-f919ba95e903 ] Request (VolumesTestJSON:tearDownClass): 404 GET http://10.180.1.21/volume/v3/volumes/c20b41e9-6e94-46ea-8458-34220b613d51 0.021s
2025-12-10 00:15:43.143 67282 INFO tempest.lib.common.rest_client [req-7157d2c0-8996-4dce-903a-c67ab6529b27 req-7157d2c0-8996-4dce-903a-c67ab6529b27 ] Request (VolumesTestJSON:tearDownClass): 202 DELETE http://10.180.1.21/volume/v3/volumes/ac36da45-8d71-4c11-8879-e0181ac6873c 0.048s
2025-12-10 00:15:43.175 67282 INFO tempest.lib.common.rest_client [req-7a6f29ab-6b72-4bdc-ad32-91d7395bcc05 req-7a6f29ab-6b72-4bdc-ad32-91d7395bcc05 ] Request (VolumesTestJSON:tearDownClass): 200 GET http://10.180.1.21/volume/v3/volumes/ac36da45-8d71-4c11-8879-e0181ac6873c 0.032s
2025-12-10 00:15:44.208 67282 INFO tempest.lib.common.rest_client [req-eb833a5d-04e1-470a-9b06-65908e45fb69 req-eb833a5d-04e1-470a-9b06-65908e45fb69 ] Request (VolumesTestJSON:tearDownClass): 404 GET http://10.180.1.21/volume/v3/volumes/ac36da45-8d71-4c11-8879-e0181ac6873c 0.020s
2025-12-10 00:15:44.375 67282 INFO tempest.lib.common.rest_client [req-199eeb64-8007-41a7-b5c8-9d575eaafd49 req-199eeb64-8007-41a7-b5c8-9d575eaafd49 ] Request (VolumesTestJSON:tearDownClass): 204 DELETE http://10.180.1.21/identity/v3/users/4883d8d24ee14fd1aaede6a71569a0f3 0.166s
2025-12-10 00:15:44.375 67282 INFO tempest.lib.common.dynamic_creds [-] Deleting project and security group for project: 79d81bf5d4714ec2a51cf5bc9ff3ce9f
2025-12-10 00:15:44.456 67282 INFO tempest.lib.common.rest_client [req-bc11ac0a-e9e2-4b31-a667-36ed71f5ce67 req-bc11ac0a-e9e2-4b31-a667-36ed71f5ce67 ] Request (VolumesTestJSON:tearDownClass): 201 POST http://10.180.1.21/identity/v3/auth/tokens 0.080s
2025-12-10 00:15:44.707 67282 INFO tempest.lib.common.rest_client [req-e62b8b5e-9b23-4d54-885b-80868678e817 req-e62b8b5e-9b23-4d54-885b-80868678e817 ] Request (VolumesTestJSON:tearDownClass): 200 GET http://10.180.1.21/networking/v2.0/security-groups?tenant_id=79d81bf5d4714ec2a51cf5bc9ff3ce9f&name=default 0.250s
2025-12-10 00:15:44.842 67282 INFO tempest.lib.common.rest_client [req-61fdfd43-984c-4e89-8753-5932ca28ab94 req-61fdfd43-984c-4e89-8753-5932ca28ab94 ] Request (VolumesTestJSON:tearDownClass): 204 DELETE http://10.180.1.21/networking/v2.0/security-groups/f2b0eeab-8c5c-4c40-9250-b991198d4a6d 0.135s
2025-12-10 00:15:44.942 67282 INFO tempest.lib.common.rest_client [req-3d9d42fb-c79c-4218-a5c5-cf1876d49017 req-3d9d42fb-c79c-4218-a5c5-cf1876d49017 ] Request (VolumesTestJSON:tearDownClass): 204 DELETE http://10.180.1.21/identity/v3/projects/79d81bf5d4714ec2a51cf5bc9ff3ce9f 0.099s
2025-12-10 00:15:48.818 67234 INFO paramiko.transport [-] Connected (version 2.0, client dropbear_2020.81)
2025-12-10 00:15:48.922 67234 INFO paramiko.transport [-] Authentication (publickey) successful!
2025-12-10 00:15:48.922 67234 INFO tempest.lib.common.ssh [-] ssh connection to cirros@10.180.180.222 successfully created
2025-12-10 00:15:49.439 67262 INFO tempest.lib.common.rest_client [req-97e9a962-fa19-431a-b717-d630cd67418e req-97e9a962-fa19-431a-b717-d630cd67418e ] Request (ServerActionsTestOtherB:test_create_backup): 200 GET http://10.180.1.21/image/v2/images/72de7bd0-9658-4a71-95f9-8144e48e667b 8.289s
2025-12-10 00:15:49.481 67238 INFO tempest.lib.common.rest_client [req-37c02abf-5bd5-4c4d-a712-d0b6e87713e6 req-37c02abf-5bd5-4c4d-a712-d0b6e87713e6 ] Request (ListImageFiltersTestJSON:setUpClass): 200 GET http://10.180.1.21/compute/v2.1/images/e0096325-5af9-4875-8467-4ff6a0121fc2 9.706s
2025-12-10 00:15:49.537 67248 INFO tempest.lib.common.rest_client [req-382acca4-9959-45b9-85e2-0e302308d9cc req-382acca4-9959-45b9-85e2-0e302308d9cc ] Request (AttachInterfacesUnderV243Test:test_add_remove_fixed_ip): 200 GET http://10.180.1.21/compute/v2.1/servers/b8cfdbaf-003c-47e9-a789-8a3f14dc7fd1 9.455s
2025-12-10 00:15:49.574 67242 INFO tempest.lib.common.rest_client [req-8c5f1bf3-c22a-4070-8733-df3356fd169f req-8c5f1bf3-c22a-4070-8733-df3356fd169f ] Request (ImagesMetadataTestJSON:setUpClass): 200 GET http://10.180.1.21/compute/v2.1/images/eabb6a47-71bf-448e-9e51-fc31b3344ae1 9.468s
2025-12-10 00:15:49.621 67264 INFO tempest.lib.common.rest_client [req-8f86e158-b25d-4315-98bd-4c3540b1ec5f req-8f86e158-b25d-4315-98bd-4c3540b1ec5f ] Request (ServersListShow298Test:test_list_show_update_rebuild_server_298): 202 POST http://10.180.1.21/compute/v2.1/servers/192edddd-99c7-444b-8235-5fbe4cb8a4c1/action 9.573s
2025-12-10 00:15:49.711 67254 INFO tempest.lib.common.rest_client [req-04682e36-af43-4674-a5a7-362f024b0896 req-04682e36-af43-4674-a5a7-362f024b0896 ] Request (ServersListShow296Test:tearDownClass): 204 DELETE http://10.180.1.21/compute/v2.1/servers/51ec21e9-287c-4eec-b3ce-71143c36e02a 9.586s
2025-12-10 00:15:49.763 67228 INFO tempest.lib.common.rest_client [req-65bf8b61-064d-41d7-b50d-53c0e60a1794 req-65bf8b61-064d-41d7-b50d-53c0e60a1794 ] Request (ServerRescueNegativeTestJSON:setUpClass): 200 GET http://10.180.1.21/compute/v2.1/servers/050ac6e2-ad79-4ed0-94bb-fe2026dc214b 9.645s
2025-12-10 00:15:49.771 67228 INFO tempest.common.waiters [-] State transition "BUILD/spawning" ==> "ACTIVE/None" after 58 second wait
2025-12-10 00:15:49.783 67280 INFO tempest.lib.common.rest_client [req-a67ed679-ade3-4577-8bc4-f2a255188eee req-a67ed679-ade3-4577-8bc4-f2a255188eee ] Request (ServersAdminNegativeTestJSON:tearDownClass): 404 GET http://10.180.1.21/compute/v2.1/servers/3a7c7688-f241-406b-831f-a83d9f12a92e 9.247s
2025-12-10 00:15:49.840 67232 INFO tempest.lib.common.rest_client [req-6795861c-1b67-4798-9c29-682cdf792df5 req-6795861c-1b67-4798-9c29-682cdf792df5 ] Request (ServerGroupTestJSON:test_create_server_with_scheduler_hint_group): 200 GET http://10.180.1.21/compute/v2.1/servers/84cc6e9d-20ea-4756-b52b-c9edd1d6fa2f 9.279s
2025-12-10 00:15:49.850 67232 INFO tempest.common.waiters [-] State transition "BUILD/scheduling" ==> "BUILD/None" after 10 second wait
2025-12-10 00:15:49.857 67244 INFO tempest.lib.common.rest_client [req-fa11b91e-53b1-42ac-b00b-ee3b6c095f5c req-fa11b91e-53b1-42ac-b00b-ee3b6c095f5c ] Request (ImagesOneServerNegativeTestJSON:tearDown): 200 GET http://10.180.1.21/compute/v2.1/servers/bee35680-35e2-439d-b7bf-2ddb3e6d03e0 9.496s
2025-12-10 00:15:49.867 67244 INFO tempest.common.waiters [-] State transition "ACTIVE/image_uploading" ==> "ACTIVE/None" after 10 second wait
2025-12-10 00:15:49.917 67240 INFO tempest.lib.common.rest_client [req-4ea6a345-6df5-4a65-8a64-5dbcc4245e24 req-4ea6a345-6df5-4a65-8a64-5dbcc4245e24 ] Request (AttachVolumeNegativeTest:test_attach_attached_volume_to_different_server): 200 GET http://10.180.1.21/compute/v2.1/servers/0be369bb-e008-44e6-9f99-971afde22792 9.150s
2025-12-10 00:15:49.927 67280 INFO tempest.lib.common.rest_client [req-a9be1de7-6ae0-4890-9d01-8cdc0726b42c req-a9be1de7-6ae0-4890-9d01-8cdc0726b42c ] Request (ServersAdminNegativeTestJSON:tearDownClass): 204 DELETE http://10.180.1.21/identity/v3/users/a68b3cafafe9436cb14a023622295da8 0.142s
2025-12-10 00:15:49.933 67266 INFO tempest.lib.common.rest_client [req-ab918d6f-688e-428d-ada0-93c2eadb536d req-ab918d6f-688e-428d-ada0-93c2eadb536d ] Request (KeyPairsV2TestJSON:_run_cleanups): 202 DELETE http://10.180.1.21/compute/v2.1/os-keypairs/tempest-KeyPairsV2TestJSON-keypair-651156131 9.160s
2025-12-10 00:15:49.988 67252 INFO tempest.lib.common.rest_client [req-155f0a1e-8b42-4665-b299-d9932c92fef9 req-155f0a1e-8b42-4665-b299-d9932c92fef9 ] Request (MigrationsAdminTest:test_resize_server_revert_deleted_flavor): 200 GET http://10.180.1.21/compute/v2.1/servers/16f5dbbe-d20a-42b4-a840-a6471bd6f059 9.241s
2025-12-10 00:15:50.032 67280 INFO tempest.lib.common.rest_client [req-2502fa73-4355-4d04-8010-fba8d82f7719 req-2502fa73-4355-4d04-8010-fba8d82f7719 ] Request (ServersAdminNegativeTestJSON:tearDownClass): 204 DELETE http://10.180.1.21/identity/v3/users/44eb44864116436b8116ea759e83928b 0.105s
2025-12-10 00:15:50.032 67280 INFO tempest.lib.common.dynamic_creds [-] Deleting project and security group for project: 648044aef1f54035ac843901c8c5f1ae
2025-12-10 00:15:50.052 67274 INFO tempest.lib.common.rest_client [req-d1239daf-4da9-4a33-a596-3cff865fd789 req-d1239daf-4da9-4a33-a596-3cff865fd789 ] Request (ServerAddressesTestJSON:tearDownClass): 200 GET http://10.180.1.21/compute/v2.1/servers/f4b92584-9bec-4998-a14c-13313893f469 9.215s
2025-12-10 00:15:50.108 67280 INFO tempest.lib.common.rest_client [req-4f61650e-0d52-4b09-bed0-37e999e80da5 req-4f61650e-0d52-4b09-bed0-37e999e80da5 ] Request (ServersAdminNegativeTestJSON:tearDownClass): 201 POST http://10.180.1.21/identity/v3/auth/tokens 0.074s
2025-12-10 00:15:50.118 67246 INFO tempest.lib.common.rest_client [req-d5a71d0d-5fb1-40f8-9900-4e0b7a01f4a4 req-d5a71d0d-5fb1-40f8-9900-4e0b7a01f4a4 ] Request (ServerDiskConfigTestJSON:test_rebuild_server_with_manual_disk_config): 200 GET http://10.180.1.21/compute/v2.1/servers/b33e3b49-ec7a-4738-8bfd-6782ce85acfb 9.192s
2025-12-10 00:15:50.230 67280 INFO tempest.lib.common.rest_client [req-92534aed-7689-420c-92d5-75a612a1047b req-92534aed-7689-420c-92d5-75a612a1047b ] Request (ServersAdminNegativeTestJSON:tearDownClass): 200 GET http://10.180.1.21/networking/v2.0/security-groups?tenant_id=648044aef1f54035ac843901c8c5f1ae&name=default 0.121s
2025-12-10 00:15:50.365 67280 INFO tempest.lib.common.rest_client [req-d32ddeb6-8355-49a3-9454-df88360bdb5f req-d32ddeb6-8355-49a3-9454-df88360bdb5f ] Request (ServersAdminNegativeTestJSON:tearDownClass): 204 DELETE http://10.180.1.21/networking/v2.0/security-groups/2aba56b0-591a-4ce2-aeeb-d0c8f6e1514d 0.133s
2025-12-10 00:15:50.453 67280 INFO tempest.lib.common.rest_client [req-7970f379-a882-442d-8f5a-e2ad0982d1a1 req-7970f379-a882-442d-8f5a-e2ad0982d1a1 ] Request (ServersAdminNegativeTestJSON:tearDownClass): 204 DELETE http://10.180.1.21/identity/v3/projects/648044aef1f54035ac843901c8c5f1ae 0.087s
2025-12-10 00:15:50.453 67280 INFO tempest.lib.common.dynamic_creds [-] Deleting project and security group for project: 301b5baa42ca46db8579784eea253138
2025-12-10 00:15:50.472 67262 INFO tempest.lib.common.rest_client [req-58e1f7df-82c9-4169-a322-c1148169df23 req-58e1f7df-82c9-4169-a322-c1148169df23 ] Request (ServerActionsTestOtherB:test_create_backup): 200 GET http://10.180.1.21/image/v2/images/72de7bd0-9658-4a71-95f9-8144e48e667b 0.031s
2025-12-10 00:15:50.517 67262 INFO tempest.lib.common.rest_client [req-001bb271-c040-4ca6-a4df-2a81d5206018 req-001bb271-c040-4ca6-a4df-2a81d5206018 ] Request (ServerActionsTestOtherB:test_create_backup): 200 GET http://10.180.1.21/image/v2/images/72de7bd0-9658-4a71-95f9-8144e48e667b/tasks 0.044s
2025-12-10 00:15:50.563 67280 INFO tempest.lib.common.rest_client [req-f839f0c6-b693-4da1-8ba4-32f2f18666da req-f839f0c6-b693-4da1-8ba4-32f2f18666da ] Request (ServersAdminNegativeTestJSON:tearDownClass): 200 GET http://10.180.1.21/networking/v2.0/security-groups?tenant_id=301b5baa42ca46db8579784eea253138&name=default 0.109s
2025-12-10 00:15:50.572 67286 INFO tempest.lib.common.rest_client [req-924b7720-670f-41e2-a3f4-eb3b31f17de7 req-924b7720-670f-41e2-a3f4-eb3b31f17de7 ] Request (ServerRescueTestJSONUnderV235:test_rescued_vm_add_remove_security_group): 202 POST http://10.180.1.21/compute/v2.1/servers/854f4c18-e22f-4b0c-9f05-59161f579c81/action 9.777s
2025-12-10 00:15:50.574 67262 INFO tempest.lib.common.rest_client [req-4285efde-8931-42a3-9b25-3bd606ce5a92 req-4285efde-8931-42a3-9b25-3bd606ce5a92 ] Request (ServerActionsTestOtherB:test_create_backup): 200 GET http://10.180.1.21/image/v2/images?status=active&sort_key=created_at&sort_dir=asc&image_type=backup&backup_type=daily&instance_uuid=85779ddc-39b4-42e9-a5ed-dbf66dba7712 0.056s
2025-12-10 00:15:50.623 67236 INFO tempest.lib.common.rest_client [req-16a726c2-3dd0-4500-b54a-40fb82e8c4ee req-16a726c2-3dd0-4500-b54a-40fb82e8c4ee ] Request (ServersAdminTestJSON:test_list_servers_by_admin_with_all_tenants): 200 GET http://10.180.1.21/compute/v2.1/servers/detail?all_tenants= 9.591s
2025-12-10 00:15:50.654 67236 WARNING tempest.lib.common.rest_client [-] Deprecated: "tenant_id" property is deprecated for removal, use "project_id" instead
2025-12-10 00:15:50.673 67260 INFO tempest.lib.common.rest_client [req-699d79dd-2f47-4645-9dff-4a12a1d9b8dd req-699d79dd-2f47-4645-9dff-4a12a1d9b8dd ] Request (ServersListShow2100Test:test_list_show_rebuild_update_server_2100): 200 GET http://10.180.1.21/compute/v2.1/servers/97d44b6f-1873-4b82-b48c-efb45323183d 9.635s
2025-12-10 00:15:50.690 67260 INFO tempest.common.waiters [-] State transition "BUILD/None" ==> "BUILD/spawning" after 36 second wait
2025-12-10 00:15:50.712 67280 INFO tempest.lib.common.rest_client [req-1d78822d-da4a-43ea-9809-55aaa23a6787 req-1d78822d-da4a-43ea-9809-55aaa23a6787 ] Request (ServersAdminNegativeTestJSON:tearDownClass): 204 DELETE http://10.180.1.21/networking/v2.0/security-groups/3b4f7f91-1de4-4d74-98a0-33c372b29c2c 0.148s
2025-12-10 00:15:50.818 67272 INFO tempest.lib.common.rest_client [req-153f33f0-6d9b-44c7-917c-fca2611d1cce req-153f33f0-6d9b-44c7-917c-fca2611d1cce ] Request (DeleteServersTestJSON:test_delete_server_while_in_attached_volume): 200 GET http://10.180.1.21/compute/v2.1/servers/1c7db040-e4ca-4670-a4ca-48af9c0add43 9.679s
2025-12-10 00:15:50.830 67272 INFO tempest.common.waiters [-] State transition "BUILD/None" ==> "BUILD/spawning" after 39 second wait
2025-12-10 00:15:50.837 67280 INFO tempest.lib.common.rest_client [req-276b4441-1829-4b92-985f-93ed3b959c92 req-276b4441-1829-4b92-985f-93ed3b959c92 ] Request (ServersAdminNegativeTestJSON:tearDownClass): 204 DELETE http://10.180.1.21/identity/v3/projects/301b5baa42ca46db8579784eea253138 0.124s
2025-12-10 00:15:50.854 67256 INFO tempest.lib.common.rest_client [req-bf551514-2f15-4da1-84fd-a671a1f39be0 req-bf551514-2f15-4da1-84fd-a671a1f39be0 ] Request (SecurityGroupsTestJSON:test_server_security_groups): 200 GET http://10.180.1.21/compute/v2.1/servers/4b559878-008e-4449-9eda-6e991a82510b 9.503s
2025-12-10 00:15:50.861 67256 INFO tempest.common.waiters [-] State transition "HARD_REBOOT/rebooting_hard" ==> "ACTIVE/None" after 10 second wait
2025-12-10 00:15:50.921 67280 INFO tempest.lib.common.rest_client [req-d9144fe0-4817-4021-aaa0-b70709daef90 req-d9144fe0-4817-4021-aaa0-b70709daef90 ] Request (ServicesAdminTestJSON:setUpClass): 201 POST http://10.180.1.21/identity/v3/auth/tokens 0.083s
2025-12-10 00:15:50.974 67280 INFO tempest.lib.common.rest_client [req-48e6ab96-017b-45d6-a973-17d4be4264f4 req-48e6ab96-017b-45d6-a973-17d4be4264f4 ] Request (ServicesAdminTestJSON:setUpClass): 201 POST http://10.180.1.21/identity/v3/auth/tokens 0.048s
2025-12-10 00:15:50.987 67230 INFO tempest.lib.common.rest_client [req-38ce0927-51a3-4dcb-883f-4e018ca08c7d req-38ce0927-51a3-4dcb-883f-4e018ca08c7d ] Request (AttachInterfacesTestJSON:test_create_list_show_delete_interfaces_by_network_port): 200 GET http://10.180.1.21/compute/v2.1/servers/a3cf6524-8b48-49f5-99f5-9d9abb6f0e7b 9.439s
2025-12-10 00:15:50.995 67230 INFO tempest.common.waiters [-] State transition "BUILD/spawning" ==> "ACTIVE/None" after 42 second wait
2025-12-10 00:15:51.004 67280 INFO tempest.lib.common.rest_client [req-b3da7db6-c4e6-414c-8ccb-4ff265a85e87 req-b3da7db6-c4e6-414c-8ccb-4ff265a85e87 ] Request (ServicesAdminTestJSON:setUpClass): 200 GET http://10.180.1.21/identity/v3/domains?name=Default 0.029s
2025-12-10 00:15:51.011 67226 INFO tempest.lib.common.rest_client [req-6d1a85fe-e0de-4acf-8d56-e76e0cd53bc6 req-6d1a85fe-e0de-4acf-8d56-e76e0cd53bc6 ] Request (MultipleCreateTestJSON:tearDownClass): 404 GET http://10.180.1.21/compute/v2.1/servers/2d51f4d2-62ff-4192-bdb8-d74ed31681b4 9.052s
2025-12-10 00:15:51.016 67284 INFO tempest.lib.common.rest_client [req-a7b2ba04-9790-4d02-81c7-8e8d972397e7 req-a7b2ba04-9790-4d02-81c7-8e8d972397e7 ] Request (ServersTestBootFromVolume:setUpClass): 200 GET http://10.180.1.21/compute/v2.1/servers/d3daeebd-a9a5-4b4c-a9b5-0c616c3a96fd 9.247s
2025-12-10 00:15:51.023 67284 INFO tempest.common.waiters [-] State transition "BUILD/block_device_mapping" ==> "ACTIVE/None" after 40 second wait
2025-12-10 00:15:51.042 67280 INFO tempest.lib.common.rest_client [req-985334b2-00a5-4b4b-b8ef-0cbda931833c req-985334b2-00a5-4b4b-b8ef-0cbda931833c ] Request (ServicesAdminTestJSON:setUpClass): 201 POST http://10.180.1.21/identity/v3/projects 0.038s
2025-12-10 00:15:51.069 67250 INFO tempest.lib.common.rest_client [req-5f7856de-4da9-4ce0-af47-61a5f28772dd req-5f7856de-4da9-4ce0-af47-61a5f28772dd ] Request (ImagesTestJSON:test_create_image_from_stopped_server): 200 GET http://10.180.1.21/compute/v2.1/servers/af902bd5-cd51-4c7d-a060-9b8fe19541de 8.940s
2025-12-10 00:15:51.092 67234 INFO tempest.lib.common.rest_client [req-441b9e66-646d-4e94-90d3-a83228d79e00 req-441b9e66-646d-4e94-90d3-a83228d79e00 ] Request (AttachVolumeShelveTestJSON:test_attach_volume_shelved_or_offload_server): 200 GET http://10.180.1.21/compute/v2.1/servers/ea0334f0-503d-4b9b-908e-6ec84e436efd/ips 2.170s
2025-12-10 00:15:51.101 67280 INFO tempest.lib.common.rest_client [req-a35f1b72-f28d-4b6c-9331-0c4eb5366456 req-a35f1b72-f28d-4b6c-9331-0c4eb5366456 ] Request (ServicesAdminTestJSON:setUpClass): 201 POST http://10.180.1.21/identity/v3/users 0.058s
2025-12-10 00:15:51.129 67280 INFO tempest.lib.common.rest_client [req-57263ad2-f776-4141-a5b4-fa3e4e414e9e req-57263ad2-f776-4141-a5b4-fa3e4e414e9e ] Request (ServicesAdminTestJSON:setUpClass): 200 GET http://10.180.1.21/identity/v3/roles 0.027s
2025-12-10 00:15:51.135 67238 INFO tempest.lib.common.rest_client [req-c295156d-e06c-4150-ad16-7eec6e6ad122 req-c295156d-e06c-4150-ad16-7eec6e6ad122 ] Request (ListImageFiltersTestJSON:setUpClass): 200 GET http://10.180.1.21/compute/v2.1/images/e0096325-5af9-4875-8467-4ff6a0121fc2 1.651s
2025-12-10 00:15:51.154 67224 INFO tempest.lib.common.rest_client [req-38244496-79b2-4451-880c-084385ae3640 req-38244496-79b2-4451-880c-084385ae3640 ] Request (ServersTestJSON:setUpClass): 200 GET http://10.180.1.21/compute/v2.1/servers/eaef2b64-61ac-4274-bc10-76ca46fbac4d 8.469s
2025-12-10 00:15:51.162 67224 INFO tempest.common.waiters [-] State transition "BUILD/spawning" ==> "ACTIVE/None" after 62 second wait
2025-12-10 00:15:51.165 67280 INFO tempest.lib.common.rest_client [req-00066985-e529-4528-b784-b445fdc38898 req-00066985-e529-4528-b784-b445fdc38898 ] Request (ServicesAdminTestJSON:setUpClass): 204 PUT http://10.180.1.21/identity/v3/projects/454218417c6c424984eed35408286ae5/users/c7da48ab07164b778ddf7949e203fc3f/roles/0054e2e8df454acfa791c8cd66872fa2 0.036s
2025-12-10 00:15:51.166 67280 INFO tempest.lib.common.dynamic_creds [-] Dynamic test user c7da48ab07164b778ddf7949e203fc3f is created with scope project and roles: ['member']
2025-12-10 00:15:51.166 67280 INFO tempest.lib.common.dynamic_creds [-] Acquired dynamic creds: credentials: Credentials: {'domain_id': 'default', 'domain_name': 'Default', 'username': 'tempest-ServicesAdminTestJSON-31526169-project-member', 'project_domain_id': 'default', 'project_domain_name': 'Default', 'project_id': '454218417c6c424984eed35408286ae5', 'project_name': 'tempest-ServicesAdminTestJSON-31526169', 'tenant_id': '454218417c6c424984eed35408286ae5', 'tenant_name': 'tempest-ServicesAdminTestJSON-31526169', 'user_domain_id': 'default', 'user_domain_name': 'Default', 'user_id': 'c7da48ab07164b778ddf7949e203fc3f', 'system': None}, Network: None, Subnet: None, Router: None
2025-12-10 00:15:51.166 67280 INFO tempest.lib.common.dynamic_creds [-] Created isolated network resources for: credentials: Credentials: {'domain_id': 'default', 'domain_name': 'Default', 'username': 'tempest-ServicesAdminTestJSON-31526169-project-member', 'project_domain_id': 'default', 'project_domain_name': 'Default', 'project_id': '454218417c6c424984eed35408286ae5', 'project_name': 'tempest-ServicesAdminTestJSON-31526169', 'tenant_id': '454218417c6c424984eed35408286ae5', 'tenant_name': 'tempest-ServicesAdminTestJSON-31526169', 'user_domain_id': 'default', 'user_domain_name': 'Default', 'user_id': 'c7da48ab07164b778ddf7949e203fc3f', 'system': None}, Network: None, Subnet: None, Router: None
2025-12-10 00:15:51.261 67264 INFO tempest.lib.common.rest_client [req-15b2db09-acfc-4aa0-988c-daf61fbd004c req-15b2db09-acfc-4aa0-988c-daf61fbd004c ] Request (ServersListShow298Test:test_list_show_update_rebuild_server_298): 200 GET http://10.180.1.21/compute/v2.1/servers/192edddd-99c7-444b-8235-5fbe4cb8a4c1 1.628s
2025-12-10 00:15:51.270 67280 INFO tempest.lib.common.rest_client [req-182b386a-c0e2-4786-b0db-62061f87784e req-182b386a-c0e2-4786-b0db-62061f87784e ] Request (ServicesAdminTestJSON:setUpClass): 201 POST http://10.180.1.21/identity/v3/auth/tokens 0.101s
2025-12-10 00:15:51.313 67234 INFO tempest.lib.common.rest_client [req-aea2b7ad-0eae-4576-b1ee-8deaebc04ccf req-aea2b7ad-0eae-4576-b1ee-8deaebc04ccf ] Request (AttachVolumeShelveTestJSON:test_attach_volume_shelved_or_offload_server): 202 POST http://10.180.1.21/volume/v3/volumes 0.218s
2025-12-10 00:15:51.363 67234 INFO tempest.lib.common.rest_client [req-69557d47-af7d-47f2-bc59-e759e24c3763 req-69557d47-af7d-47f2-bc59-e759e24c3763 ] Request (AttachVolumeShelveTestJSON:test_attach_volume_shelved_or_offload_server): 200 GET http://10.180.1.21/volume/v3/volumes/01577506-f6fe-40e3-b4e7-9e07e1a174d9 0.040s
2025-12-10 00:15:51.369 67254 INFO tempest.lib.common.rest_client [req-eacc6445-5b09-4cdb-9d12-dfa55b5a39b2 req-eacc6445-5b09-4cdb-9d12-dfa55b5a39b2 ] Request (ServersListShow296Test:tearDownClass): 200 GET http://10.180.1.21/compute/v2.1/servers/51ec21e9-287c-4eec-b3ce-71143c36e02a 1.657s
2025-12-10 00:15:51.386 67280 INFO tempest.lib.common.rest_client [req-4f18a2c7-92f3-495a-abaf-a530d8ba7703 req-4f18a2c7-92f3-495a-abaf-a530d8ba7703 ] Request (ServicesAdminTestJSON:setUpClass): 201 POST http://10.180.1.21/identity/v3/projects 0.116s
2025-12-10 00:15:51.439 67242 INFO tempest.lib.common.rest_client [req-984ce856-bb10-459f-ac2f-cbb0cb878250 req-984ce856-bb10-459f-ac2f-cbb0cb878250 ] Request (ImagesMetadataTestJSON:setUp): 200 PUT http://10.180.1.21/compute/v2.1/images/eabb6a47-71bf-448e-9e51-fc31b3344ae1/metadata 1.860s
2025-12-10 00:15:51.472 67228 INFO tempest.lib.common.rest_client [req-c0a9b6cb-b03c-420e-9e70-42cdc5e24044 req-c0a9b6cb-b03c-420e-9e70-42cdc5e24044 ] Request (ServerRescueNegativeTestJSON:setUpClass): 200 POST http://10.180.1.21/compute/v2.1/servers/050ac6e2-ad79-4ed0-94bb-fe2026dc214b/action 1.699s
2025-12-10 00:15:51.496 67280 INFO tempest.lib.common.rest_client [req-50ca7587-a340-4e64-91ce-400586a0ceac req-50ca7587-a340-4e64-91ce-400586a0ceac ] Request (ServicesAdminTestJSON:setUpClass): 201 POST http://10.180.1.21/identity/v3/users 0.109s
2025-12-10 00:15:51.497 67266 INFO tempest.lib.common.rest_client [req-32225256-81bf-473e-bf44-cb45c4b1f287 req-32225256-81bf-473e-bf44-cb45c4b1f287 ] Request (KeyPairsV2TestJSON:_run_cleanups): 202 DELETE http://10.180.1.21/compute/v2.1/os-keypairs/tempest-KeyPairsV2TestJSON-keypair-183045466 1.563s
2025-12-10 00:15:51.520 67280 INFO tempest.lib.common.rest_client [req-99d1e253-8460-4bdf-83fb-66254e24e904 req-99d1e253-8460-4bdf-83fb-66254e24e904 ] Request (ServicesAdminTestJSON:setUpClass): 200 GET http://10.180.1.21/identity/v3/roles 0.024s
2025-12-10 00:15:51.559 67244 INFO tempest.lib.common.rest_client [req-fcab8f96-3af3-4983-9650-b1a3414a50a6 req-fcab8f96-3af3-4983-9650-b1a3414a50a6 ] Request (ImagesOneServerNegativeTestJSON:_run_cleanups): 204 DELETE http://10.180.1.21/compute/v2.1/servers/bee35680-35e2-439d-b7bf-2ddb3e6d03e0 1.691s
2025-12-10 00:15:51.564 67280 INFO tempest.lib.common.rest_client [req-0e057310-356d-4c01-8045-81d168edb75d req-0e057310-356d-4c01-8045-81d168edb75d ] Request (ServicesAdminTestJSON:setUpClass): 204 PUT http://10.180.1.21/identity/v3/projects/79a4f779c6b64de19f55728d34203cdc/users/c9566ae595cf462ca9d85fc7f3446d5f/roles/7ef826e3aabe418e9bdb2be4a83bee11 0.044s
2025-12-10 00:15:51.568 67248 INFO tempest.lib.common.rest_client [req-ea16611d-8291-490b-aa20-3796e5842cdd req-ea16611d-8291-490b-aa20-3796e5842cdd ] Request (AttachInterfacesUnderV243Test:test_add_remove_fixed_ip): 200 GET http://10.180.1.21/compute/v2.1/servers/b8cfdbaf-003c-47e9-a789-8a3f14dc7fd1 1.023s
2025-12-10 00:15:51.574 67276 WARNING tempest.lib.common.ssh [-] Failed to establish authenticated ssh connection to cirros@10.180.180.136 ([Errno None] Unable to connect to port 22 on 10.180.180.136). Number attempts: 5. Retry after 6 seconds.: paramiko.ssh_exception.NoValidConnectionsError: [Errno None] Unable to connect to port 22 on 10.180.180.136
2025-12-10 00:15:51.630 67280 INFO tempest.lib.common.rest_client [req-e7b1564e-0f12-40cc-a4a6-dd0c58608928 req-e7b1564e-0f12-40cc-a4a6-dd0c58608928 ] Request (ServicesAdminTestJSON:setUpClass): 200 GET http://10.180.1.21/identity/v3/roles 0.065s
2025-12-10 00:15:51.660 67280 INFO tempest.lib.common.rest_client [req-c9308e39-1ddb-4c74-b4a4-8e266cd497a0 req-c9308e39-1ddb-4c74-b4a4-8e266cd497a0 ] Request (ServicesAdminTestJSON:setUpClass): 204 PUT http://10.180.1.21/identity/v3/projects/79a4f779c6b64de19f55728d34203cdc/users/c9566ae595cf462ca9d85fc7f3446d5f/roles/7ef826e3aabe418e9bdb2be4a83bee11 0.029s
2025-12-10 00:15:51.660 67280 INFO tempest.lib.common.dynamic_creds [-] Dynamic test user c9566ae595cf462ca9d85fc7f3446d5f is created with scope project and roles: ['admin']
2025-12-10 00:15:51.660 67280 INFO tempest.lib.common.dynamic_creds [-] Acquired dynamic creds: credentials: Credentials: {'domain_id': 'default', 'domain_name': 'Default', 'username': 'tempest-ServicesAdminTestJSON-543946351-project-admin', 'project_domain_id': 'default', 'project_domain_name': 'Default', 'project_id': '79a4f779c6b64de19f55728d34203cdc', 'project_name': 'tempest-ServicesAdminTestJSON-543946351', 'tenant_id': '79a4f779c6b64de19f55728d34203cdc', 'tenant_name': 'tempest-ServicesAdminTestJSON-543946351', 'user_domain_id': 'default', 'user_domain_name': 'Default', 'user_id': 'c9566ae595cf462ca9d85fc7f3446d5f', 'system': None}, Network: None, Subnet: None, Router: None
2025-12-10 00:15:51.660 67280 INFO tempest.lib.common.dynamic_creds [-] Created isolated network resources for: credentials: Credentials: {'domain_id': 'default', 'domain_name': 'Default', 'username': 'tempest-ServicesAdminTestJSON-543946351-project-admin', 'project_domain_id': 'default', 'project_domain_name': 'Default', 'project_id': '79a4f779c6b64de19f55728d34203cdc', 'project_name': 'tempest-ServicesAdminTestJSON-543946351', 'tenant_id': '79a4f779c6b64de19f55728d34203cdc', 'tenant_name': 'tempest-ServicesAdminTestJSON-543946351', 'user_domain_id': 'default', 'user_domain_name': 'Default', 'user_id': 'c9566ae595cf462ca9d85fc7f3446d5f', 'system': None}, Network: None, Subnet: None, Router: None
2025-12-10 00:15:51.726 67262 INFO tempest.lib.common.rest_client [req-e48053df-04dc-4888-aacc-8a4d871c3905 req-e48053df-04dc-4888-aacc-8a4d871c3905 ] Request (ServerActionsTestOtherB:test_create_backup): 200 GET http://10.180.1.21/compute/v2.1/servers/85779ddc-39b4-42e9-a5ed-dbf66dba7712 1.152s
2025-12-10 00:15:51.739 67278 INFO paramiko.transport [-] Connected (version 2.0, client dropbear_2020.81)
2025-12-10 00:15:51.780 67280 INFO tempest.lib.common.rest_client [req-31140292-d978-4963-8669-9a121d92050c req-31140292-d978-4963-8669-9a121d92050c ] Request (ServicesAdminTestJSON:setUpClass): 201 POST http://10.180.1.21/identity/v3/auth/tokens 0.118s
2025-12-10 00:15:51.798 67236 INFO tempest.lib.common.rest_client [req-f362e20b-5d9c-434f-95bf-1c5a90d17bc0 req-f362e20b-5d9c-434f-95bf-1c5a90d17bc0 ] Request (ServersAdminTestJSON:test_list_servers_by_admin_with_specified_tenant): 200 GET http://10.180.1.21/compute/v2.1/servers/detail?tenant_id=81cc77dee17a4f0c8d050a538da9d796 1.144s
2025-12-10 00:15:51.837 67278 INFO paramiko.transport [-] Authentication (publickey) failed.
2025-12-10 00:15:51.869 67232 INFO tempest.lib.common.rest_client [req-82cbd7b6-1688-4b6e-9cfc-825889b5addc req-82cbd7b6-1688-4b6e-9cfc-825889b5addc ] Request (ServerGroupTestJSON:test_create_server_with_scheduler_hint_group): 200 GET http://10.180.1.21/compute/v2.1/servers/84cc6e9d-20ea-4756-b52b-c9edd1d6fa2f 1.019s
2025-12-10 00:15:52.148 67278 INFO paramiko.transport [-] Authentication (password) failed.
2025-12-10 00:15:52.148 67278 WARNING tempest.lib.common.ssh [-] Failed to establish authenticated ssh connection to cirros@10.180.180.206 (Authentication failed.). Number attempts: 13. Retry after 14 seconds.: paramiko.ssh_exception.AuthenticationException: Authentication failed.
2025-12-10 00:15:52.214 67286 INFO tempest.lib.common.rest_client [req-de57d32c-68e3-4c40-9e1b-fb0872e67b66 req-de57d32c-68e3-4c40-9e1b-fb0872e67b66 ] Request (ServerRescueTestJSONUnderV235:test_rescued_vm_associate_dissociate_floating_ip): 200 POST http://10.180.1.21/compute/v2.1/os-floating-ips 1.640s
2025-12-10 00:15:52.285 67240 INFO tempest.lib.common.rest_client [req-2c366bed-c553-47b4-b457-7fc4bc582362 req-2c366bed-c553-47b4-b457-7fc4bc582362 ] Request (AttachVolumeNegativeTest:test_attach_attached_volume_to_different_server): 200 GET http://10.180.1.21/compute/v2.1/servers/0be369bb-e008-44e6-9f99-971afde22792 1.359s
2025-12-10 00:15:52.369 67230 INFO tempest.lib.common.rest_client [req-c9f4f9d4-f393-47b0-bc77-f74b7302201a req-c9f4f9d4-f393-47b0-bc77-f74b7302201a ] Request (AttachInterfacesTestJSON:test_create_list_show_delete_interfaces_by_network_port): 200 GET http://10.180.1.21/compute/v2.1/servers/a3cf6524-8b48-49f5-99f5-9d9abb6f0e7b/os-interface 1.374s
2025-12-10 00:15:52.409 67256 INFO tempest.lib.common.rest_client [req-0eb1e9ed-0ada-4a00-9b7e-f06aa9206330 req-0eb1e9ed-0ada-4a00-9b7e-f06aa9206330 ] Request (SecurityGroupsTestJSON:test_server_security_groups): 202 POST http://10.180.1.21/compute/v2.1/servers/4b559878-008e-4449-9eda-6e991a82510b/action 1.547s
2025-12-10 00:15:52.409 67234 INFO tempest.lib.common.rest_client [req-22964888-5ec1-4a8d-9200-a147e912b6f3 req-22964888-5ec1-4a8d-9200-a147e912b6f3 ] Request (AttachVolumeShelveTestJSON:test_attach_volume_shelved_or_offload_server): 200 GET http://10.180.1.21/volume/v3/volumes/01577506-f6fe-40e3-b4e7-9e07e1a174d9 0.033s
2025-12-10 00:15:52.420 67234 INFO tempest.common.waiters [-] volume 01577506-f6fe-40e3-b4e7-9e07e1a174d9 reached available after waiting for 1.420074 seconds
2025-12-10 00:15:52.420 67234 INFO tempest.lib.common.ssh [-] Creating ssh connection to '10.180.180.222:22' as 'cirros' with public key authentication
2025-12-10 00:15:52.424 67234 INFO paramiko.transport [-] Connected (version 2.0, client dropbear_2020.81)
2025-12-10 00:15:52.439 67226 INFO tempest.lib.common.rest_client [req-73690455-504e-4d09-bf0e-9a46ce7be2e0 req-73690455-504e-4d09-bf0e-9a46ce7be2e0 ] Request (MultipleCreateTestJSON:tearDownClass): 404 GET http://10.180.1.21/compute/v2.1/servers/25670686-175c-42c9-ade3-5f29f981eb0f 1.428s
2025-12-10 00:15:52.526 67234 INFO paramiko.transport [-] Authentication (publickey) successful!
2025-12-10 00:15:52.526 67234 INFO tempest.lib.common.ssh [-] ssh connection to cirros@10.180.180.222 successfully created
2025-12-10 00:15:52.532 67234 INFO tempest.lib.common.ssh [-] Creating ssh connection to '10.180.180.222:22' as 'cirros' with public key authentication
2025-12-10 00:15:52.535 67234 INFO paramiko.transport [-] Connected (version 2.0, client dropbear_2020.81)
2025-12-10 00:15:52.642 67234 INFO paramiko.transport [-] Authentication (publickey) successful!
2025-12-10 00:15:52.643 67234 INFO tempest.lib.common.ssh [-] ssh connection to cirros@10.180.180.222 successfully created
2025-12-10 00:15:52.960 67230 INFO tempest.lib.common.rest_client [req-c8152f50-4037-46e4-a425-77a9bcb44455 req-c8152f50-4037-46e4-a425-77a9bcb44455 ] Request (AttachInterfacesTestJSON:test_create_list_show_delete_interfaces_by_network_port): 200 PUT http://10.180.1.21/networking/v2.0/floatingips/435acbeb-b03e-4ea1-8ac2-a23d11af9fba 0.588s
2025-12-10 00:15:53.010 67252 INFO tempest.lib.common.rest_client [req-79bfa7dd-a598-49ef-9457-c2697cdaa5ca req-79bfa7dd-a598-49ef-9457-c2697cdaa5ca ] Request (MigrationsAdminTest:test_resize_server_revert_deleted_flavor): 200 GET http://10.180.1.21/compute/v2.1/servers/16f5dbbe-d20a-42b4-a840-a6471bd6f059 2.014s
2025-12-10 00:15:53.036 67274 INFO tempest.lib.common.rest_client [req-7963d92a-b0d3-4575-8484-7eac1d626187 req-7963d92a-b0d3-4575-8484-7eac1d626187 ] Request (ServerAddressesTestJSON:tearDownClass): 404 GET http://10.180.1.21/compute/v2.1/servers/f4b92584-9bec-4998-a14c-13313893f469 1.973s
2025-12-10 00:15:53.100 67284 INFO tempest.lib.common.rest_client [req-b7fa6772-98ca-4dab-a774-0af0f5d98410 req-b7fa6772-98ca-4dab-a774-0af0f5d98410 ] Request (ServersTestBootFromVolume:setUpClass): 200 GET http://10.180.1.21/compute/v2.1/servers/d3daeebd-a9a5-4b4c-a9b5-0c616c3a96fd/os-interface 2.075s
2025-12-10 00:15:53.297 67226 INFO tempest.lib.common.rest_client [req-e30874ec-d8a3-4ff8-aa28-8ca190fbe8c4 req-e30874ec-d8a3-4ff8-aa28-8ca190fbe8c4 ] Request (MultipleCreateTestJSON:tearDownClass): 200 PUT http://10.180.1.21/networking/v2.0/routers/0d153ead-047a-4c53-b4a4-9d4aca5d73f0/remove_router_interface 0.857s
2025-12-10 00:15:53.336 67246 INFO tempest.lib.common.rest_client [req-560688bf-993a-4c68-a901-edaaaf0dbdb7 req-560688bf-993a-4c68-a901-edaaaf0dbdb7 ] Request (ServerDiskConfigTestJSON:test_rebuild_server_with_manual_disk_config): 200 GET http://10.180.1.21/compute/v2.1/servers/b33e3b49-ec7a-4738-8bfd-6782ce85acfb 2.202s
2025-12-10 00:15:53.851 67284 INFO tempest.lib.common.rest_client [req-4fe4fce8-7ed5-4efe-8d03-e39fe9b9e661 req-4fe4fce8-7ed5-4efe-8d03-e39fe9b9e661 ] Request (ServersTestBootFromVolume:setUpClass): 200 PUT http://10.180.1.21/networking/v2.0/floatingips/85893ab9-fd62-4e56-b16f-52d916907297 0.747s
2025-12-10 00:15:53.959 67274 INFO tempest.lib.common.rest_client [req-3581cf9c-9ca5-4fcc-9cd4-c12cb04748a6 req-3581cf9c-9ca5-4fcc-9cd4-c12cb04748a6 ] Request (ServerAddressesTestJSON:tearDownClass): 200 PUT http://10.180.1.21/networking/v2.0/routers/ea19f33a-aeb9-4d55-812e-2703a8cc1c4f/remove_router_interface 0.922s
2025-12-10 00:15:54.038 67224 INFO tempest.lib.common.rest_client [req-a251d655-cc0a-4bf4-9843-01b424ea6d36 req-a251d655-cc0a-4bf4-9843-01b424ea6d36 ] Request (ServersTestJSON:setUpClass): 200 GET http://10.180.1.21/compute/v2.1/servers/eaef2b64-61ac-4274-bc10-76ca46fbac4d/os-interface 2.875s
2025-12-10 00:15:54.146 67238 INFO tempest.lib.common.rest_client [req-22b398f4-b32c-4aef-b6ad-56f42a7d9d8f req-22b398f4-b32c-4aef-b6ad-56f42a7d9d8f ] Request (ListImageFiltersTestJSON:setUpClass): 200 GET http://10.180.1.21/compute/v2.1/servers/b9814114-d922-4741-b743-a271ffca9ef1 3.007s
2025-12-10 00:15:54.257 67242 INFO tempest.lib.common.rest_client [req-f8658932-839a-401f-93ce-1ba8163fb770 req-f8658932-839a-401f-93ce-1ba8163fb770 ] Request (ImagesMetadataTestJSON:test_delete_image_metadata_item): 204 DELETE http://10.180.1.21/compute/v2.1/images/eabb6a47-71bf-448e-9e51-fc31b3344ae1/metadata/os_version 2.817s
2025-12-10 00:15:54.277 67266 INFO tempest.lib.common.rest_client [req-6a4a521a-97f7-448a-96fd-78fc2cae6119 req-6a4a521a-97f7-448a-96fd-78fc2cae6119 ] Request (KeyPairsV2TestJSON:_run_cleanups): 202 DELETE http://10.180.1.21/compute/v2.1/os-keypairs/tempest-KeyPairsV2TestJSON-keypair-1062609362 2.780s
2025-12-10 00:15:54.408 67266 INFO tempest.lib.common.rest_client [req-0c732fae-0e2a-44cc-b974-9a1806857e74 req-0c732fae-0e2a-44cc-b974-9a1806857e74 ] Request (KeyPairsV2TestJSON:tearDownClass): 204 DELETE http://10.180.1.21/identity/v3/users/02a1a70d9a594cc09b1eab5da46f4010 0.129s
2025-12-10 00:15:54.409 67266 INFO tempest.lib.common.dynamic_creds [-] Deleting project and security group for project: eceb5364b6524da2870c80b8b99302bc
2025-12-10 00:15:54.465 67226 INFO tempest.lib.common.rest_client [req-6b37fbbc-3f53-4143-825f-0b3cda2e40a3 req-6b37fbbc-3f53-4143-825f-0b3cda2e40a3 ] Request (MultipleCreateTestJSON:tearDownClass): 204 DELETE http://10.180.1.21/networking/v2.0/routers/0d153ead-047a-4c53-b4a4-9d4aca5d73f0 1.167s
2025-12-10 00:15:54.497 67266 INFO tempest.lib.common.rest_client [req-0373504e-2a87-481c-b57c-406b0df2ed48 req-0373504e-2a87-481c-b57c-406b0df2ed48 ] Request (KeyPairsV2TestJSON:tearDownClass): 201 POST http://10.180.1.21/identity/v3/auth/tokens 0.088s
2025-12-10 00:15:54.671 67274 INFO tempest.lib.common.rest_client [req-4babbbd5-e08f-44f0-8a6d-c85fc6a1d164 req-4babbbd5-e08f-44f0-8a6d-c85fc6a1d164 ] Request (ServerAddressesTestJSON:tearDownClass): 204 DELETE http://10.180.1.21/networking/v2.0/routers/ea19f33a-aeb9-4d55-812e-2703a8cc1c4f 0.712s
2025-12-10 00:15:54.957 67224 INFO tempest.lib.common.rest_client [req-21d8ed84-fcca-43b9-811d-7e6ba00aba21 req-21d8ed84-fcca-43b9-811d-7e6ba00aba21 ] Request (ServersTestJSON:setUpClass): 200 PUT http://10.180.1.21/networking/v2.0/floatingips/860ac1f2-a0af-407c-b92a-62e1683afee5 0.916s
2025-12-10 00:15:54.989 67244 INFO tempest.lib.common.rest_client [req-bd74bc2f-9801-4aae-a4ba-f1e8bc32a438 req-bd74bc2f-9801-4aae-a4ba-f1e8bc32a438 ] Request (ImagesOneServerNegativeTestJSON:_run_cleanups): 200 GET http://10.180.1.21/compute/v2.1/servers/bee35680-35e2-439d-b7bf-2ddb3e6d03e0 3.429s
2025-12-10 00:15:55.146 67226 INFO tempest.lib.common.rest_client [req-c39158a0-c9e4-402d-800a-c247bddc961d req-c39158a0-c9e4-402d-800a-c247bddc961d ] Request (MultipleCreateTestJSON:tearDownClass): 204 DELETE http://10.180.1.21/networking/v2.0/subnets/9d38cd09-d599-41c1-9671-222533cbb671 0.681s
