2025-12-10 00:14:18.285 67244 INFO tempest.lib.common.rest_client [req-8dead37d-207b-4a45-aba1-6189c1c977c7 req-8dead37d-207b-4a45-aba1-6189c1c977c7 ] Request (ImagesOneServerNegativeTestJSON:setUpClass): 200 GET http://10.180.1.21/compute/v2.1/servers/bee35680-35e2-439d-b7bf-2ddb3e6d03e0 1.569s
2025-12-10 00:14:18.335 67260 INFO tempest.lib.common.rest_client [req-ce5b6d39-19bc-4033-831c-d50bca6f7d3a req-ce5b6d39-19bc-4033-831c-d50bca6f7d3a ] Request (ServerTagsTestJSON:test_update_all_tags): 201 PUT http://10.180.1.21/compute/v2.1/servers/61766c1d-f091-45fb-95ad-2700e55158ee/tags/tempest-tag-239065386 1.590s
2025-12-10 00:14:18.369 67286 INFO tempest.lib.common.rest_client [req-5eeb51f0-caad-4f5e-89be-11e8aecafa16 req-5eeb51f0-caad-4f5e-89be-11e8aecafa16 ] Request (ServerRescueTestJSONUnderV235:setUpClass): 200 GET http://10.180.1.21/compute/v2.1/servers/854f4c18-e22f-4b0c-9f05-59161f579c81 1.564s
2025-12-10 00:14:18.378 67268 INFO tempest.lib.common.rest_client [req-f72bd8b7-91d3-4e09-a371-5fe8171e1a65 req-f72bd8b7-91d3-4e09-a371-5fe8171e1a65 ] Request (ListImagesTestJSON:tearDownClass): 204 DELETE http://10.180.1.21/identity/v3/users/58ab44dc5ac74c9d9266c359b05fb13d 0.163s
2025-12-10 00:14:18.378 67268 INFO tempest.lib.common.dynamic_creds [-] Deleting project and security group for project: 0535ad3c8a8f430bbb183fe12999456b
2025-12-10 00:14:18.420 67246 INFO tempest.lib.common.rest_client [req-5851d763-fd97-4ea1-b566-103dc96bd0a7 req-5851d763-fd97-4ea1-b566-103dc96bd0a7 ] Request (ServerDiskConfigTestJSON:test_rebuild_server_with_auto_disk_config): 200 GET http://10.180.1.21/compute/v2.1/servers/e7199805-895f-4af3-b6a2-3a9c1a93d6d1 1.551s
2025-12-10 00:14:18.451 67268 INFO tempest.lib.common.rest_client [req-a6a9fda5-a0d7-44ec-a732-3132c33c2bc8 req-a6a9fda5-a0d7-44ec-a732-3132c33c2bc8 ] Request (ListImagesTestJSON:tearDownClass): 201 POST http://10.180.1.21/identity/v3/auth/tokens 0.072s
2025-12-10 00:14:18.455 67224 INFO tempest.lib.common.rest_client [req-6b8fbcae-35b2-48ef-ae80-fc8925039654 req-6b8fbcae-35b2-48ef-ae80-fc8925039654 ] Request (QuotaClassesAdmin257Test:tearDownClass): 204 DELETE http://10.180.1.21/identity/v3/users/94eae592fd664ce5a5f8c40a12f099a9 0.202s
2025-12-10 00:14:18.494 67238 INFO tempest.lib.common.rest_client [req-4560d99b-8383-47fe-baa4-862b0ab8fca6 req-4560d99b-8383-47fe-baa4-862b0ab8fca6 ] Request (ListImageFiltersTestJSON:setUpClass): 200 GET http://10.180.1.21/compute/v2.1/servers/8dd4f91b-7a2c-4559-9a69-a12e2aaa3714 1.334s
2025-12-10 00:14:18.567 67224 INFO tempest.lib.common.rest_client [req-5b849ff3-21b3-4b47-8a6b-e9c56209d19e req-5b849ff3-21b3-4b47-8a6b-e9c56209d19e ] Request (QuotaClassesAdmin257Test:tearDownClass): 204 DELETE http://10.180.1.21/identity/v3/users/83d82f60d75e4222a72ebcf155525955 0.110s
2025-12-10 00:14:18.567 67224 INFO tempest.lib.common.dynamic_creds [-] Deleting project and security group for project: fd47db593250456d90ef8dc5da3b786e
2025-12-10 00:14:18.634 67224 INFO tempest.lib.common.rest_client [req-1d9b7f22-6a86-463b-90e7-cdf23786b0a4 req-1d9b7f22-6a86-463b-90e7-cdf23786b0a4 ] Request (QuotaClassesAdmin257Test:tearDownClass): 201 POST http://10.180.1.21/identity/v3/auth/tokens 0.066s
2025-12-10 00:14:18.737 67268 INFO tempest.lib.common.rest_client [req-1adc598b-b3ea-44e8-bd04-04c7ccc80f89 req-1adc598b-b3ea-44e8-bd04-04c7ccc80f89 ] Request (ListImagesTestJSON:tearDownClass): 200 GET http://10.180.1.21/networking/v2.0/security-groups?tenant_id=0535ad3c8a8f430bbb183fe12999456b&name=default 0.284s
2025-12-10 00:14:18.793 67240 INFO tempest.lib.common.rest_client [req-1c4e3996-1867-41fe-9b15-b50d724b430a req-1c4e3996-1867-41fe-9b15-b50d724b430a ] Request (AttachVolumeNegativeTest:test_attach_attached_volume_to_different_server): 200 GET http://10.180.1.21/compute/v2.1/servers/d2a3376f-8859-4b14-a780-ebcdda443fd0 1.609s
2025-12-10 00:14:18.905 67232 INFO tempest.lib.common.rest_client [req-d49e85df-f5cb-4c57-a034-00311555b33d req-d49e85df-f5cb-4c57-a034-00311555b33d ] Request (ServersAaction247Test:tearDownClass): 204 DELETE http://10.180.1.21/compute/v2.1/servers/6d6f5a50-7c35-4111-839e-a1ebee4722ce 1.691s
2025-12-10 00:14:18.968 67224 INFO tempest.lib.common.rest_client [req-269c1d88-4c39-40f5-a366-0020967cc596 req-269c1d88-4c39-40f5-a366-0020967cc596 ] Request (QuotaClassesAdmin257Test:tearDownClass): 200 GET http://10.180.1.21/networking/v2.0/security-groups?tenant_id=fd47db593250456d90ef8dc5da3b786e&name=default 0.334s
2025-12-10 00:14:19.046 67268 INFO tempest.lib.common.rest_client [req-6b868600-ca0c-487c-be25-038b8620b932 req-6b868600-ca0c-487c-be25-038b8620b932 ] Request (ListImagesTestJSON:tearDownClass): 204 DELETE http://10.180.1.21/networking/v2.0/security-groups/1e349110-d936-4c87-9000-b9b45fa051a6 0.309s
2025-12-10 00:14:19.136 67268 INFO tempest.lib.common.rest_client [req-7412ced2-b39e-4bea-9492-1bbfe492a74d req-7412ced2-b39e-4bea-9492-1bbfe492a74d ] Request (ListImagesTestJSON:tearDownClass): 204 DELETE http://10.180.1.21/identity/v3/projects/0535ad3c8a8f430bbb183fe12999456b 0.089s
2025-12-10 00:14:19.228 67252 INFO tempest.lib.common.rest_client [req-80d9497b-ee34-4b95-b68e-e41cad5884ee req-80d9497b-ee34-4b95-b68e-e41cad5884ee ] Request (MigrationsAdminTest:test_resize_server_revert_deleted_flavor): 200 GET http://10.180.1.21/compute/v2.1/servers/16f5dbbe-d20a-42b4-a840-a6471bd6f059 1.879s
2025-12-10 00:14:19.331 67224 INFO tempest.lib.common.rest_client [req-ef8577b3-4eeb-46f8-9dc1-2188ff9a4351 req-ef8577b3-4eeb-46f8-9dc1-2188ff9a4351 ] Request (QuotaClassesAdmin257Test:tearDownClass): 204 DELETE http://10.180.1.21/networking/v2.0/security-groups/e98f49b2-33d1-4389-8edb-44001a32ad78 0.362s
2025-12-10 00:14:19.381 67280 INFO tempest.lib.common.rest_client [req-0758b038-a640-436b-9f2c-82417e2eaeef req-0758b038-a640-436b-9f2c-82417e2eaeef ] Request (ServersAdminNegativeTestJSON:test_migrate_server_invalid_state): 202 POST http://10.180.1.21/compute/v2.1/servers/e7d12f7e-6e01-408b-aabe-8e45fd791f9a/action 1.815s
2025-12-10 00:14:19.457 67224 INFO tempest.lib.common.rest_client [req-8cb5e5a7-aaf8-40cb-9390-41d1ce0c440e req-8cb5e5a7-aaf8-40cb-9390-41d1ce0c440e ] Request (QuotaClassesAdmin257Test:tearDownClass): 204 DELETE http://10.180.1.21/identity/v3/projects/fd47db593250456d90ef8dc5da3b786e 0.126s
2025-12-10 00:14:19.458 67224 INFO tempest.lib.common.dynamic_creds [-] Deleting project and security group for project: 6603dd5d8bed4114a0493df59286760d
2025-12-10 00:14:19.550 67248 INFO tempest.lib.common.rest_client [req-42b28fc2-7733-4863-9c67-de3514d46723 req-42b28fc2-7733-4863-9c67-de3514d46723 ] Request (ImagesNegativeTestJSON:test_create_image_from_deleted_server): 200 GET http://10.180.1.21/compute/v2.1/servers/6e444328-8e2f-4217-be4f-9f05336b83c0 1.963s
2025-12-10 00:14:19.559 67248 INFO tempest.common.waiters [-] State transition "ACTIVE/deleting" ==> "DELETED/None" after 3 second wait
2025-12-10 00:14:19.617 67234 INFO tempest.lib.common.rest_client [req-c720e5c4-238b-4802-9360-bd3042b55ef0 req-c720e5c4-238b-4802-9360-bd3042b55ef0 ] Request (AttachVolumeShelveTestJSON:test_attach_volume_shelved_or_offload_server): 202 POST http://10.180.1.21/compute/v2.1/servers 2.505s
2025-12-10 00:14:19.660 67224 INFO tempest.lib.common.rest_client [req-ecde3c92-4e97-4d9f-9f31-45b1328bf582 req-ecde3c92-4e97-4d9f-9f31-45b1328bf582 ] Request (QuotaClassesAdmin257Test:tearDownClass): 200 GET http://10.180.1.21/networking/v2.0/security-groups?tenant_id=6603dd5d8bed4114a0493df59286760d&name=default 0.202s
2025-12-10 00:14:19.749 67276 INFO tempest.lib.common.rest_client [req-78d4bc81-6da9-4aa6-9a69-6c8ac2971913 req-78d4bc81-6da9-4aa6-9a69-6c8ac2971913 ] Request (ServersWithSpecificFlavorTestJSON:test_verify_created_server_ephemeral_disk): 200 GET http://10.180.1.21/compute/v2.1/servers/16f9a0f8-fae8-4be2-8284-11f7e20be090 2.157s
2025-12-10 00:14:19.836 67224 INFO tempest.lib.common.rest_client [req-5d71b389-fc58-4ed8-bbcc-d07da82be286 req-5d71b389-fc58-4ed8-bbcc-d07da82be286 ] Request (QuotaClassesAdmin257Test:tearDownClass): 204 DELETE http://10.180.1.21/networking/v2.0/security-groups/82d70b19-11a9-4b49-a300-8ce0e38d19c8 0.175s
2025-12-10 00:14:19.976 67224 INFO tempest.lib.common.rest_client [req-9f278e60-be45-41b0-ba01-ef2e5b22c9b1 req-9f278e60-be45-41b0-ba01-ef2e5b22c9b1 ] Request (QuotaClassesAdmin257Test:tearDownClass): 204 DELETE http://10.180.1.21/identity/v3/projects/6603dd5d8bed4114a0493df59286760d 0.140s
2025-12-10 00:14:20.041 67256 INFO tempest.lib.common.rest_client [req-522748aa-6a75-4246-8286-c6576bc27e9d req-522748aa-6a75-4246-8286-c6576bc27e9d ] Request (SecurityGroupsTestJSON:test_security_group_create_get_delete): 202 DELETE http://10.180.1.21/compute/v2.1/os-security-groups/b1998c84-4f74-4539-bb96-674205b5f14b 2.274s
2025-12-10 00:14:20.046 67224 INFO tempest.lib.common.rest_client [req-cd648430-31ce-449b-bff0-b2902ad78434 req-cd648430-31ce-449b-bff0-b2902ad78434 ] Request (SecurityGroupsTestAdminJSON:setUpClass): 201 POST http://10.180.1.21/identity/v3/auth/tokens 0.068s
2025-12-10 00:14:20.099 67224 INFO tempest.lib.common.rest_client [req-1e1021d9-95b6-47ca-bc78-a467e418116f req-1e1021d9-95b6-47ca-bc78-a467e418116f ] Request (SecurityGroupsTestAdminJSON:setUpClass): 201 POST http://10.180.1.21/identity/v3/auth/tokens 0.049s
2025-12-10 00:14:20.135 67224 INFO tempest.lib.common.rest_client [req-23453544-dd1a-4b52-8012-87710d93491e req-23453544-dd1a-4b52-8012-87710d93491e ] Request (SecurityGroupsTestAdminJSON:setUpClass): 200 GET http://10.180.1.21/identity/v3/domains?name=Default 0.035s
2025-12-10 00:14:20.174 67224 INFO tempest.lib.common.rest_client [req-616c2494-96cd-4d10-a874-374c6589c4a2 req-616c2494-96cd-4d10-a874-374c6589c4a2 ] Request (SecurityGroupsTestAdminJSON:setUpClass): 201 POST http://10.180.1.21/identity/v3/projects 0.039s
2025-12-10 00:14:20.205 67242 INFO tempest.lib.common.rest_client [req-d6040180-1542-40cd-b0cf-1e2128ce714b req-d6040180-1542-40cd-b0cf-1e2128ce714b ] Request (VolumesAssistedSnapshotsTest:tearDownClass): 204 DELETE http://10.180.1.21/compute/v2.1/servers/85f539e4-43dd-4528-85d1-5d3caf28de31 2.250s
2025-12-10 00:14:20.268 67224 INFO tempest.lib.common.rest_client [req-3c57bff5-90c8-4696-a9ab-ef963332014a req-3c57bff5-90c8-4696-a9ab-ef963332014a ] Request (SecurityGroupsTestAdminJSON:setUpClass): 201 POST http://10.180.1.21/identity/v3/users 0.093s
2025-12-10 00:14:20.284 67254 INFO tempest.lib.common.rest_client [req-b83bfe8a-69f3-40a0-aad3-07f8a089e023 req-b83bfe8a-69f3-40a0-aad3-07f8a089e023 ] Request (KeyPairsV22TestJSON:test_keypairsv22_create_list_show_with_type): 201 POST http://10.180.1.21/compute/v2.1/os-keypairs 2.555s
2025-12-10 00:14:20.295 67224 INFO tempest.lib.common.rest_client [req-27f97a38-fbec-4961-a3ad-f3b273f67449 req-27f97a38-fbec-4961-a3ad-f3b273f67449 ] Request (SecurityGroupsTestAdminJSON:setUpClass): 200 GET http://10.180.1.21/identity/v3/roles 0.026s
2025-12-10 00:14:20.307 67271 INFO tempest.lib.common.rest_client [req-f3da78fd-053a-4168-baea-cdd031ff82bb req-f3da78fd-053a-4168-baea-cdd031ff82bb ] Request (ServerMetadataNegativeTestJSON:tearDownClass): 204 DELETE http://10.180.1.21/compute/v2.1/servers/a8d2e678-b950-44ff-99db-d3693d6b5c40 2.113s
2025-12-10 00:14:20.328 67224 INFO tempest.lib.common.rest_client [req-682bb42b-57c2-4744-a3be-752e428d65a7 req-682bb42b-57c2-4744-a3be-752e428d65a7 ] Request (SecurityGroupsTestAdminJSON:setUpClass): 204 PUT http://10.180.1.21/identity/v3/projects/68040afbd9b245bb9ae9dd5779ad5a16/users/0ee873a8c61b418db2b86f373fdff752/roles/0054e2e8df454acfa791c8cd66872fa2 0.033s
2025-12-10 00:14:20.329 67224 INFO tempest.lib.common.dynamic_creds [-] Dynamic test user 0ee873a8c61b418db2b86f373fdff752 is created with scope project and roles: ['member']
2025-12-10 00:14:20.329 67224 INFO tempest.lib.common.dynamic_creds [-] Acquired dynamic creds: credentials: Credentials: {'domain_id': 'default', 'domain_name': 'Default', 'username': 'tempest-SecurityGroupsTestAdminJSON-58121399-project-member', 'project_domain_id': 'default', 'project_domain_name': 'Default', 'project_id': '68040afbd9b245bb9ae9dd5779ad5a16', 'project_name': 'tempest-SecurityGroupsTestAdminJSON-58121399', 'tenant_id': '68040afbd9b245bb9ae9dd5779ad5a16', 'tenant_name': 'tempest-SecurityGroupsTestAdminJSON-58121399', 'user_domain_id': 'default', 'user_domain_name': 'Default', 'user_id': '0ee873a8c61b418db2b86f373fdff752', 'system': None}, Network: None, Subnet: None, Router: None
2025-12-10 00:14:20.329 67224 INFO tempest.lib.common.dynamic_creds [-] Created isolated network resources for: credentials: Credentials: {'domain_id': 'default', 'domain_name': 'Default', 'username': 'tempest-SecurityGroupsTestAdminJSON-58121399-project-member', 'project_domain_id': 'default', 'project_domain_name': 'Default', 'project_id': '68040afbd9b245bb9ae9dd5779ad5a16', 'project_name': 'tempest-SecurityGroupsTestAdminJSON-58121399', 'tenant_id': '68040afbd9b245bb9ae9dd5779ad5a16', 'tenant_name': 'tempest-SecurityGroupsTestAdminJSON-58121399', 'user_domain_id': 'default', 'user_domain_name': 'Default', 'user_id': '0ee873a8c61b418db2b86f373fdff752', 'system': None}, Network: None, Subnet: None, Router: None
2025-12-10 00:14:20.349 67260 INFO tempest.lib.common.rest_client [req-dfe94777-1cd5-429f-9fc2-a6872b4ac787 req-dfe94777-1cd5-429f-9fc2-a6872b4ac787 ] Request (ServerTagsTestJSON:test_update_all_tags): 201 PUT http://10.180.1.21/compute/v2.1/servers/61766c1d-f091-45fb-95ad-2700e55158ee/tags/tempest-tag-1628103812 2.013s
2025-12-10 00:14:20.358 67274 INFO tempest.lib.common.rest_client [req-8377e83b-929c-48c7-b2eb-340fd236c958 req-8377e83b-929c-48c7-b2eb-340fd236c958 ] Request (ServerAddressesTestJSON:setUpClass): 200 GET http://10.180.1.21/compute/v2.1/servers/f4b92584-9bec-4998-a14c-13313893f469 1.666s
2025-12-10 00:14:20.405 67224 INFO tempest.lib.common.rest_client [req-9987d38e-e758-473f-be40-c7a5bbabe3d3 req-9987d38e-e758-473f-be40-c7a5bbabe3d3 ] Request (SecurityGroupsTestAdminJSON:setUpClass): 201 POST http://10.180.1.21/identity/v3/auth/tokens 0.073s
2025-12-10 00:14:20.417 67284 INFO tempest.lib.common.rest_client [req-24bf4bc0-588c-4695-a882-7079f72b7205 req-24bf4bc0-588c-4695-a882-7079f72b7205 ] Request (ImagesOneServerTestJSON:tearDownClass): 200 GET http://10.180.1.21/compute/v2.1/servers/0e6a83c5-450b-4745-9371-b5a8069e038c 1.538s
2025-12-10 00:14:20.472 67272 INFO tempest.lib.common.rest_client [req-ac414196-20a0-4ede-924c-2fd14f98a65b req-ac414196-20a0-4ede-924c-2fd14f98a65b ] Request (DeleteServersTestJSON:test_delete_active_server): 200 GET http://10.180.1.21/compute/v2.1/servers/e22da353-fb8f-424b-ac1a-c49bdff2912b 1.752s
2025-12-10 00:14:20.487 67224 INFO tempest.lib.common.rest_client [req-e33b1d4d-e54c-4b51-bf8a-e5bf2b769b3b req-e33b1d4d-e54c-4b51-bf8a-e5bf2b769b3b ] Request (SecurityGroupsTestAdminJSON:setUpClass): 201 POST http://10.180.1.21/identity/v3/projects 0.080s
2025-12-10 00:14:20.500 67266 INFO tempest.lib.common.rest_client [req-0bc7426e-b21a-4edb-b69c-fe614b7f06ec req-0bc7426e-b21a-4edb-b69c-fe614b7f06ec ] Request (DeleteServersAdminTestJSON:test_delete_server_while_in_error_state): 200 GET http://10.180.1.21/compute/v2.1/servers/eac017c4-98dc-48da-bb9c-aabd219e4403 1.610s
2025-12-10 00:14:20.535 67232 INFO tempest.lib.common.rest_client [req-b72a3767-0ad3-4c88-ab77-3d5db71ef0ee req-b72a3767-0ad3-4c88-ab77-3d5db71ef0ee ] Request (ServersAaction247Test:tearDownClass): 200 GET http://10.180.1.21/compute/v2.1/servers/6d6f5a50-7c35-4111-839e-a1ebee4722ce 1.629s
2025-12-10 00:14:20.558 67224 INFO tempest.lib.common.rest_client [req-ecebe45b-3c35-4052-85ba-6332e9280397 req-ecebe45b-3c35-4052-85ba-6332e9280397 ] Request (SecurityGroupsTestAdminJSON:setUpClass): 201 POST http://10.180.1.21/identity/v3/users 0.070s
2025-12-10 00:14:20.580 67224 INFO tempest.lib.common.rest_client [req-f6269f96-be99-41ce-b3cc-7f83f6b9cbee req-f6269f96-be99-41ce-b3cc-7f83f6b9cbee ] Request (SecurityGroupsTestAdminJSON:setUpClass): 200 GET http://10.180.1.21/identity/v3/roles 0.021s
2025-12-10 00:14:20.591 67228 INFO tempest.lib.common.rest_client [req-578e9d6c-fb54-44c9-a9f0-ccd25ebe8d66 req-578e9d6c-fb54-44c9-a9f0-ccd25ebe8d66 ] Request (ServerAddressesNegativeTestJSON:tearDownClass): 200 GET http://10.180.1.21/compute/v2.1/servers/4ffab825-c5f5-4cec-81f7-b5a25e5a569a 1.615s
2025-12-10 00:14:20.609 67224 INFO tempest.lib.common.rest_client [req-118c43bd-7db3-43ad-9576-d84b424c1eea req-118c43bd-7db3-43ad-9576-d84b424c1eea ] Request (SecurityGroupsTestAdminJSON:setUpClass): 204 PUT http://10.180.1.21/identity/v3/projects/841b21d4bef043428f7651e7bc507e3a/users/ea2423da790c4d2980b93039727411cd/roles/7ef826e3aabe418e9bdb2be4a83bee11 0.028s
2025-12-10 00:14:20.633 67282 INFO tempest.lib.common.rest_client [req-fbb401ab-eca8-4f07-a137-3afce85e9953 req-fbb401ab-eca8-4f07-a137-3afce85e9953 ] Request (ServersNegativeTestMultiTenantJSON:setUpClass): 200 GET http://10.180.1.21/compute/v2.1/servers/c790ef47-e149-4bee-920d-f4899fa079ed 1.681s
2025-12-10 00:14:20.640 67226 INFO tempest.lib.common.rest_client [req-0e677df0-18e6-4411-abdb-6894e6ea1467 req-0e677df0-18e6-4411-abdb-6894e6ea1467 ] Request (MultipleCreateTestJSON:test_multiple_create_with_reservation_return): 200 GET http://10.180.1.21/compute/v2.1/servers/25670686-175c-42c9-ade3-5f29f981eb0f 1.615s
2025-12-10 00:14:20.640 67282 INFO tempest.common.waiters [-] State transition "BUILD/networking" ==> "BUILD/spawning" after 34 second wait
2025-12-10 00:14:20.668 67224 INFO tempest.lib.common.rest_client [req-6d017594-6331-42dd-b381-fb961563e361 req-6d017594-6331-42dd-b381-fb961563e361 ] Request (SecurityGroupsTestAdminJSON:setUpClass): 200 GET http://10.180.1.21/identity/v3/roles 0.059s
2025-12-10 00:14:20.689 67224 INFO tempest.lib.common.rest_client [req-1e085389-e0ee-4319-ad56-c82cf10eb301 req-1e085389-e0ee-4319-ad56-c82cf10eb301 ] Request (SecurityGroupsTestAdminJSON:setUpClass): 204 PUT http://10.180.1.21/identity/v3/projects/841b21d4bef043428f7651e7bc507e3a/users/ea2423da790c4d2980b93039727411cd/roles/7ef826e3aabe418e9bdb2be4a83bee11 0.020s
2025-12-10 00:14:20.689 67224 INFO tempest.lib.common.dynamic_creds [-] Dynamic test user ea2423da790c4d2980b93039727411cd is created with scope project and roles: ['admin']
2025-12-10 00:14:20.689 67224 INFO tempest.lib.common.dynamic_creds [-] Acquired dynamic creds: credentials: Credentials: {'domain_id': 'default', 'domain_name': 'Default', 'username': 'tempest-SecurityGroupsTestAdminJSON-979725858-project-admin', 'project_domain_id': 'default', 'project_domain_name': 'Default', 'project_id': '841b21d4bef043428f7651e7bc507e3a', 'project_name': 'tempest-SecurityGroupsTestAdminJSON-979725858', 'tenant_id': '841b21d4bef043428f7651e7bc507e3a', 'tenant_name': 'tempest-SecurityGroupsTestAdminJSON-979725858', 'user_domain_id': 'default', 'user_domain_name': 'Default', 'user_id': 'ea2423da790c4d2980b93039727411cd', 'system': None}, Network: None, Subnet: None, Router: None
2025-12-10 00:14:20.689 67224 INFO tempest.lib.common.dynamic_creds [-] Created isolated network resources for: credentials: Credentials: {'domain_id': 'default', 'domain_name': 'Default', 'username': 'tempest-SecurityGroupsTestAdminJSON-979725858-project-admin', 'project_domain_id': 'default', 'project_domain_name': 'Default', 'project_id': '841b21d4bef043428f7651e7bc507e3a', 'project_name': 'tempest-SecurityGroupsTestAdminJSON-979725858', 'tenant_id': '841b21d4bef043428f7651e7bc507e3a', 'tenant_name': 'tempest-SecurityGroupsTestAdminJSON-979725858', 'user_domain_id': 'default', 'user_domain_name': 'Default', 'user_id': 'ea2423da790c4d2980b93039727411cd', 'system': None}, Network: None, Subnet: None, Router: None
2025-12-10 00:14:20.695 67264 INFO tempest.lib.common.rest_client [req-ef48e51c-e6af-4504-9c89-08d3df27d448 req-ef48e51c-e6af-4504-9c89-08d3df27d448 ] Request (ServerMetadataTestJSON:tearDownClass): 200 GET http://10.180.1.21/compute/v2.1/servers/e4dabd08-a246-4f46-91f8-37dd612fd571 1.597s
2025-12-10 00:14:20.717 67250 INFO tempest.lib.common.rest_client [req-13dc5294-a376-4d16-8329-09fc7b42b795 req-13dc5294-a376-4d16-8329-09fc7b42b795 ] Request (FloatingIPsAssociationTestJSON:tearDownClass): 200 GET http://10.180.1.21/compute/v2.1/servers/5df7b8f4-e18a-40a2-b977-f7daadc850c0 1.601s
2025-12-10 00:14:20.768 67230 INFO tempest.lib.common.rest_client [req-3a12f221-23be-49aa-be2d-b0ba8119a231 req-3a12f221-23be-49aa-be2d-b0ba8119a231 ] Request (AttachInterfacesTestJSON:_run_cleanups): 200 GET http://10.180.1.21/compute/v2.1/servers/ab7e6500-e71c-4d14-8997-02bc63f4e506 1.598s
2025-12-10 00:14:20.775 67230 INFO tempest.common.waiters [-] State transition "ACTIVE/deleting" ==> "DELETED/None" after 5 second wait
2025-12-10 00:14:20.776 67236 INFO tempest.lib.common.rest_client [req-13ca12ca-7259-4774-9a80-7d11b7985a34 req-13ca12ca-7259-4774-9a80-7d11b7985a34 ] Request (ServersAdminTestJSON:test_create_server_with_scheduling_hint): 200 GET http://10.180.1.21/compute/v2.1/servers/98813dee-b682-4913-a281-d5a38e88d399 1.582s
2025-12-10 00:14:20.793 67224 INFO tempest.lib.common.rest_client [req-162b9b8b-36df-4886-8095-9e990d0901e3 req-162b9b8b-36df-4886-8095-9e990d0901e3 ] Request (SecurityGroupsTestAdminJSON:setUpClass): 201 POST http://10.180.1.21/identity/v3/auth/tokens 0.101s
2025-12-10 00:14:20.821 67278 WARNING tempest.lib.common.ssh [-] Failed to establish authenticated ssh connection to cirros@10.180.180.206 ([Errno None] Unable to connect to port 22 on 10.180.180.206). Number attempts: 5. Retry after 6 seconds.: paramiko.ssh_exception.NoValidConnectionsError: [Errno None] Unable to connect to port 22 on 10.180.180.206
2025-12-10 00:14:20.829 67244 INFO tempest.lib.common.rest_client [req-36f818ac-3175-45dc-9340-b6577dc869fb req-36f818ac-3175-45dc-9340-b6577dc869fb ] Request (ImagesOneServerNegativeTestJSON:setUpClass): 200 GET http://10.180.1.21/compute/v2.1/servers/bee35680-35e2-439d-b7bf-2ddb3e6d03e0 1.533s
2025-12-10 00:14:20.848 67286 INFO tempest.lib.common.rest_client [req-36482fd8-ad9b-4abf-9907-93a81f892d97 req-36482fd8-ad9b-4abf-9907-93a81f892d97 ] Request (ServerRescueTestJSONUnderV235:setUpClass): 200 GET http://10.180.1.21/compute/v2.1/servers/854f4c18-e22f-4b0c-9f05-59161f579c81 1.470s
2025-12-10 00:14:20.911 67246 INFO tempest.lib.common.rest_client [req-a849fb06-e479-4129-be44-1761c25fe8c0 req-a849fb06-e479-4129-be44-1761c25fe8c0 ] Request (ServerDiskConfigTestJSON:test_rebuild_server_with_auto_disk_config): 200 GET http://10.180.1.21/compute/v2.1/servers/e7199805-895f-4af3-b6a2-3a9c1a93d6d1 1.481s
2025-12-10 00:14:20.959 67238 INFO tempest.lib.common.rest_client [req-71b7f9d6-a7b2-40f8-9316-ea8fb513da6d req-71b7f9d6-a7b2-40f8-9316-ea8fb513da6d ] Request (ListImageFiltersTestJSON:setUpClass): 200 GET http://10.180.1.21/compute/v2.1/servers/8dd4f91b-7a2c-4559-9a69-a12e2aaa3714 1.454s
2025-12-10 00:14:21.061 67280 INFO tempest.lib.common.rest_client [req-9c3a484d-1a40-4673-b9e4-03ed3a3e857d req-9c3a484d-1a40-4673-b9e4-03ed3a3e857d ] Request (ServersAdminNegativeTestJSON:test_migrate_server_invalid_state): 200 GET http://10.180.1.21/compute/v2.1/servers/e7d12f7e-6e01-408b-aabe-8e45fd791f9a 1.679s
2025-12-10 00:14:21.079 67234 INFO tempest.lib.common.rest_client [req-5188ae37-adb8-471e-acde-dafb47676021 req-5188ae37-adb8-471e-acde-dafb47676021 ] Request (AttachVolumeShelveTestJSON:test_attach_volume_shelved_or_offload_server): 200 GET http://10.180.1.21/compute/v2.1/servers/ea0334f0-503d-4b9b-908e-6ec84e436efd 1.459s
2025-12-10 00:14:21.100 67256 INFO tempest.lib.common.rest_client [req-499b3cb4-07dd-44aa-9d5b-bb71618bcba4 req-499b3cb4-07dd-44aa-9d5b-bb71618bcba4 ] Request (SecurityGroupsTestJSON:test_security_group_create_get_delete): 404 GET http://10.180.1.21/compute/v2.1/os-security-groups/b1998c84-4f74-4539-bb96-674205b5f14b 1.058s
2025-12-10 00:14:21.312 67240 INFO tempest.lib.common.rest_client [req-63890e4b-c5b8-4605-9696-2b042d989c1b req-63890e4b-c5b8-4605-9696-2b042d989c1b ] Request (AttachVolumeNegativeTest:test_attach_attached_volume_to_different_server): 200 GET http://10.180.1.21/compute/v2.1/servers/d2a3376f-8859-4b14-a780-ebcdda443fd0 1.510s
2025-12-10 00:14:21.322 67240 INFO tempest.common.waiters [-] State transition "BUILD/None" ==> "BUILD/networking" after 31 second wait
2025-12-10 00:14:21.374 67242 INFO tempest.lib.common.rest_client [req-43c5da3e-535d-4ab2-97e1-c726c0dda610 req-43c5da3e-535d-4ab2-97e1-c726c0dda610 ] Request (VolumesAssistedSnapshotsTest:tearDownClass): 200 GET http://10.180.1.21/compute/v2.1/servers/85f539e4-43dd-4528-85d1-5d3caf28de31 1.168s
2025-12-10 00:14:21.386 67254 INFO tempest.lib.common.rest_client [req-63f05c4b-2233-413e-81fa-75ed6dec0c20 req-63f05c4b-2233-413e-81fa-75ed6dec0c20 ] Request (KeyPairsV22TestJSON:test_keypairsv22_create_list_show_with_type): 200 GET http://10.180.1.21/compute/v2.1/os-keypairs/tempest-keypair-79635099 1.099s
2025-12-10 00:14:21.415 67252 INFO tempest.lib.common.rest_client [req-8b2874fe-2b25-46b1-bf15-09450b5552e5 req-8b2874fe-2b25-46b1-bf15-09450b5552e5 ] Request (MigrationsAdminTest:test_resize_server_revert_deleted_flavor): 200 GET http://10.180.1.21/compute/v2.1/servers/16f5dbbe-d20a-42b4-a840-a6471bd6f059 1.174s
2025-12-10 00:14:21.491 67260 INFO tempest.lib.common.rest_client [req-97ba2f93-de97-4ba6-87bb-b2d8c71fe3d5 req-97ba2f93-de97-4ba6-87bb-b2d8c71fe3d5 ] Request (ServerTagsTestJSON:test_update_all_tags): 200 PUT http://10.180.1.21/compute/v2.1/servers/61766c1d-f091-45fb-95ad-2700e55158ee/tags 1.142s
2025-12-10 00:14:21.607 67271 INFO tempest.lib.common.rest_client [req-ae7a4c83-7a3d-49b8-8d98-cd0fea01d035 req-ae7a4c83-7a3d-49b8-8d98-cd0fea01d035 ] Request (ServerMetadataNegativeTestJSON:tearDownClass): 200 GET http://10.180.1.21/compute/v2.1/servers/a8d2e678-b950-44ff-99db-d3693d6b5c40 1.299s
2025-12-10 00:14:21.617 67248 INFO tempest.lib.common.rest_client [req-a9ce4e03-9473-46ae-8254-a01224f26945 req-a9ce4e03-9473-46ae-8254-a01224f26945 ] Request (ImagesNegativeTestJSON:test_create_image_from_deleted_server): 200 GET http://10.180.1.21/compute/v2.1/servers/6e444328-8e2f-4217-be4f-9f05336b83c0 1.057s
2025-12-10 00:14:21.670 67276 INFO tempest.lib.common.rest_client [req-56b22c6e-3ea3-49e7-88a7-974864000c33 req-56b22c6e-3ea3-49e7-88a7-974864000c33 ] Request (ServersWithSpecificFlavorTestJSON:test_verify_created_server_ephemeral_disk): 200 GET http://10.180.1.21/compute/v2.1/servers/16f9a0f8-fae8-4be2-8284-11f7e20be090 0.912s
2025-12-10 00:14:21.801 67256 INFO tempest.lib.common.rest_client [req-237d1155-5a91-43bb-ade6-9047edabb919 req-237d1155-5a91-43bb-ade6-9047edabb919 ] Request (SecurityGroupsTestJSON:test_security_groups_create_list_delete): 200 POST http://10.180.1.21/compute/v2.1/os-security-groups 0.700s
2025-12-10 00:14:21.981 67224 INFO tempest.lib.common.rest_client [req-9a9802c6-6126-4a21-84cd-bb4dcbe4138e req-9a9802c6-6126-4a21-84cd-bb4dcbe4138e ] Request (SecurityGroupsTestAdminJSON:test_list_security_groups_list_all_tenants_filter): 200 POST http://10.180.1.21/compute/v2.1/os-security-groups 1.186s
2025-12-10 00:14:21.997 67254 INFO tempest.lib.common.rest_client [req-1b698fe8-ee19-4880-95bd-b4ef762063bf req-1b698fe8-ee19-4880-95bd-b4ef762063bf ] Request (KeyPairsV22TestJSON:test_keypairsv22_create_list_show_with_type): 200 GET http://10.180.1.21/compute/v2.1/os-keypairs 0.609s
2025-12-10 00:14:22.000 67274 INFO tempest.lib.common.rest_client [req-fc8f4bc7-9833-4d8e-bd85-e88f8d3713d4 req-fc8f4bc7-9833-4d8e-bd85-e88f8d3713d4 ] Request (ServerAddressesTestJSON:setUpClass): 200 GET http://10.180.1.21/compute/v2.1/servers/f4b92584-9bec-4998-a14c-13313893f469 0.634s
2025-12-10 00:14:22.082 67284 INFO tempest.lib.common.rest_client [req-376787ab-b012-4f6d-8bdf-9df9bc045bad req-376787ab-b012-4f6d-8bdf-9df9bc045bad ] Request (ImagesOneServerTestJSON:tearDownClass): 200 GET http://10.180.1.21/compute/v2.1/servers/0e6a83c5-450b-4745-9371-b5a8069e038c 0.656s
2025-12-10 00:14:22.097 67260 INFO tempest.lib.common.rest_client [req-526f5dbf-a0d9-4c4c-b442-1c9601d5dab6 req-526f5dbf-a0d9-4c4c-b442-1c9601d5dab6 ] Request (ServerTagsTestJSON:test_update_all_tags): 200 GET http://10.180.1.21/compute/v2.1/servers/61766c1d-f091-45fb-95ad-2700e55158ee/tags 0.604s
2025-12-10 00:14:22.103 67272 INFO tempest.lib.common.rest_client [req-e853d511-3f4c-4b96-adbc-746772b44924 req-e853d511-3f4c-4b96-adbc-746772b44924 ] Request (DeleteServersTestJSON:test_delete_active_server): 200 GET http://10.180.1.21/compute/v2.1/servers/e22da353-fb8f-424b-ac1a-c49bdff2912b 0.622s
2025-12-10 00:14:22.111 67272 INFO tempest.common.waiters [-] State transition "BUILD/spawning" ==> "ACTIVE/None" after 53 second wait
2025-12-10 00:14:22.163 67232 INFO tempest.lib.common.rest_client [req-443c234c-1b5a-40c0-83b9-2ed1028b330f req-443c234c-1b5a-40c0-83b9-2ed1028b330f ] Request (ServersAaction247Test:tearDownClass): 200 GET http://10.180.1.21/compute/v2.1/servers/6d6f5a50-7c35-4111-839e-a1ebee4722ce 0.616s
2025-12-10 00:14:22.189 67266 INFO tempest.lib.common.rest_client [req-0bf90e7f-7644-45af-a579-3e4796ee2e04 req-0bf90e7f-7644-45af-a579-3e4796ee2e04 ] Request (DeleteServersAdminTestJSON:test_delete_server_while_in_error_state): 200 GET http://10.180.1.21/compute/v2.1/servers/eac017c4-98dc-48da-bb9c-aabd219e4403 0.680s
2025-12-10 00:14:22.240 67228 INFO tempest.lib.common.rest_client [req-d56413ee-d1e4-41de-83f4-90a604ddd607 req-d56413ee-d1e4-41de-83f4-90a604ddd607 ] Request (ServerAddressesNegativeTestJSON:tearDownClass): 200 GET http://10.180.1.21/compute/v2.1/servers/4ffab825-c5f5-4cec-81f7-b5a25e5a569a 0.636s
2025-12-10 00:14:22.309 67226 INFO tempest.lib.common.rest_client [req-e0112753-ef10-44a8-a133-aede06e3ccd0 req-e0112753-ef10-44a8-a133-aede06e3ccd0 ] Request (MultipleCreateTestJSON:test_multiple_create_with_reservation_return): 200 GET http://10.180.1.21/compute/v2.1/servers/25670686-175c-42c9-ade3-5f29f981eb0f 0.661s
2025-12-10 00:14:22.330 67282 INFO tempest.lib.common.rest_client [req-d68e95d3-0d52-475c-8b32-588ba82fa119 req-d68e95d3-0d52-475c-8b32-588ba82fa119 ] Request (ServersNegativeTestMultiTenantJSON:setUpClass): 200 GET http://10.180.1.21/compute/v2.1/servers/c790ef47-e149-4bee-920d-f4899fa079ed 0.686s
2025-12-10 00:14:22.395 67264 INFO tempest.lib.common.rest_client [req-67f7a519-1628-4d41-b025-bef8f1c8d650 req-67f7a519-1628-4d41-b025-bef8f1c8d650 ] Request (ServerMetadataTestJSON:tearDownClass): 200 GET http://10.180.1.21/compute/v2.1/servers/e4dabd08-a246-4f46-91f8-37dd612fd571 0.689s
2025-12-10 00:14:22.410 67250 INFO tempest.lib.common.rest_client [req-d1771a35-c25e-4113-b82a-551f924885a8 req-d1771a35-c25e-4113-b82a-551f924885a8 ] Request (FloatingIPsAssociationTestJSON:tearDownClass): 200 GET http://10.180.1.21/compute/v2.1/servers/5df7b8f4-e18a-40a2-b977-f7daadc850c0 0.679s
2025-12-10 00:14:22.511 67230 INFO tempest.lib.common.rest_client [req-e4b36b42-7c2f-4961-8ce3-ac56341b1b0a req-e4b36b42-7c2f-4961-8ce3-ac56341b1b0a ] Request (AttachInterfacesTestJSON:_run_cleanups): 200 GET http://10.180.1.21/compute/v2.1/servers/ab7e6500-e71c-4d14-8997-02bc63f4e506 0.734s
2025-12-10 00:14:22.529 67236 INFO tempest.lib.common.rest_client [req-d92bb847-7220-4dab-90f0-7c816db2f521 req-d92bb847-7220-4dab-90f0-7c816db2f521 ] Request (ServersAdminTestJSON:test_create_server_with_scheduling_hint): 200 GET http://10.180.1.21/compute/v2.1/servers/98813dee-b682-4913-a281-d5a38e88d399 0.740s
2025-12-10 00:14:22.612 67262 WARNING tempest.lib.common.ssh [-] Failed to establish authenticated ssh connection to cirros@10.180.180.205 ([Errno None] Unable to connect to port 22 on 10.180.180.205). Number attempts: 5. Retry after 6 seconds.: paramiko.ssh_exception.NoValidConnectionsError: [Errno None] Unable to connect to port 22 on 10.180.180.205
2025-12-10 00:14:22.844 67256 INFO tempest.lib.common.rest_client [req-6a3b72c6-a5b0-451a-a51e-5b02af6f74cf req-6a3b72c6-a5b0-451a-a51e-5b02af6f74cf ] Request (SecurityGroupsTestJSON:test_security_groups_create_list_delete): 200 POST http://10.180.1.21/compute/v2.1/os-security-groups 1.039s
2025-12-10 00:14:22.883 67244 INFO tempest.lib.common.rest_client [req-4cb8716e-9c31-4f91-bc26-d8d5f3d016c1 req-4cb8716e-9c31-4f91-bc26-d8d5f3d016c1 ] Request (ImagesOneServerNegativeTestJSON:setUpClass): 200 GET http://10.180.1.21/compute/v2.1/servers/bee35680-35e2-439d-b7bf-2ddb3e6d03e0 1.045s
2025-12-10 00:14:23.075 67286 INFO tempest.lib.common.rest_client [req-1596a0a4-b850-4da9-bc4a-a5462623b74b req-1596a0a4-b850-4da9-bc4a-a5462623b74b ] Request (ServerRescueTestJSONUnderV235:setUpClass): 200 GET http://10.180.1.21/compute/v2.1/servers/854f4c18-e22f-4b0c-9f05-59161f579c81 1.219s
2025-12-10 00:14:23.096 67246 INFO tempest.lib.common.rest_client [req-302e71a2-8902-4bb0-aad4-3e778b9bb2b4 req-302e71a2-8902-4bb0-aad4-3e778b9bb2b4 ] Request (ServerDiskConfigTestJSON:test_rebuild_server_with_auto_disk_config): 200 GET http://10.180.1.21/compute/v2.1/servers/e7199805-895f-4af3-b6a2-3a9c1a93d6d1 1.177s
2025-12-10 00:14:23.189 67238 INFO tempest.lib.common.rest_client [req-f71e3e3e-e59b-422a-8945-1e6645329f8b req-f71e3e3e-e59b-422a-8945-1e6645329f8b ] Request (ListImageFiltersTestJSON:setUpClass): 200 GET http://10.180.1.21/compute/v2.1/servers/8dd4f91b-7a2c-4559-9a69-a12e2aaa3714 1.221s
2025-12-10 00:14:23.199 67238 INFO tempest.common.waiters [-] State transition "BUILD/None" ==> "BUILD/networking" after 33 second wait
2025-12-10 00:14:23.212 67254 INFO tempest.lib.common.rest_client [req-50769976-cb41-42d6-a6d0-3d7438154ed1 req-50769976-cb41-42d6-a6d0-3d7438154ed1 ] Request (KeyPairsV22TestJSON:_run_cleanups): 204 DELETE http://10.180.1.21/compute/v2.1/os-keypairs/tempest-keypair-79635099 1.213s
2025-12-10 00:14:23.274 67224 INFO tempest.lib.common.rest_client [req-58f50e95-ee7d-473a-9bb5-d138a53dfb93 req-58f50e95-ee7d-473a-9bb5-d138a53dfb93 ] Request (SecurityGroupsTestAdminJSON:test_list_security_groups_list_all_tenants_filter): 200 POST http://10.180.1.21/compute/v2.1/os-security-groups 1.290s
2025-12-10 00:14:23.380 67234 INFO tempest.lib.common.rest_client [req-dd79b365-3cfa-438c-9b74-a0a4f703097b req-dd79b365-3cfa-438c-9b74-a0a4f703097b ] Request (AttachVolumeShelveTestJSON:test_attach_volume_shelved_or_offload_server): 200 GET http://10.180.1.21/compute/v2.1/servers/ea0334f0-503d-4b9b-908e-6ec84e436efd 1.290s
2025-12-10 00:14:23.386 67280 INFO tempest.lib.common.rest_client [req-5310ce31-c6ba-4921-b4bb-fd1d63288d68 req-5310ce31-c6ba-4921-b4bb-fd1d63288d68 ] Request (ServersAdminNegativeTestJSON:test_migrate_server_invalid_state): 200 GET http://10.180.1.21/compute/v2.1/servers/e7d12f7e-6e01-408b-aabe-8e45fd791f9a 1.316s
2025-12-10 00:14:23.396 67254 INFO tempest.lib.common.rest_client [req-7ee9eb46-6d12-4304-bd9f-470700ff79cc req-7ee9eb46-6d12-4304-bd9f-470700ff79cc ] Request (KeyPairsV22TestJSON:tearDownClass): 204 DELETE http://10.180.1.21/identity/v3/users/2a60dcc8b0754475be3b8b692e98396e 0.182s
2025-12-10 00:14:23.396 67254 INFO tempest.lib.common.dynamic_creds [-] Deleting project and security group for project: 80bf84424564401b84c1d69c626abc12
2025-12-10 00:14:23.399 67280 INFO tempest.common.waiters [-] State transition "ACTIVE/suspending" ==> "SUSPENDED/None" after 2 second wait
2025-12-10 00:14:23.437 67260 INFO tempest.lib.common.rest_client [req-c466f673-88d6-486b-b0d0-97413c64021f req-c466f673-88d6-486b-b0d0-97413c64021f ] Request (ServerTagsTestJSON:_run_cleanups): 204 DELETE http://10.180.1.21/compute/v2.1/servers/61766c1d-f091-45fb-95ad-2700e55158ee/tags 1.338s
2025-12-10 00:14:23.479 67254 INFO tempest.lib.common.rest_client [req-8627511c-0f07-4584-9169-4c9f6ed79be8 req-8627511c-0f07-4584-9169-4c9f6ed79be8 ] Request (KeyPairsV22TestJSON:tearDownClass): 201 POST http://10.180.1.21/identity/v3/auth/tokens 0.083s
2025-12-10 00:14:23.504 67272 INFO tempest.lib.common.rest_client [req-f62eda64-bee7-4c06-a0c8-04a7e3c5d82c req-f62eda64-bee7-4c06-a0c8-04a7e3c5d82c ] Request (DeleteServersTestJSON:test_delete_active_server): 204 DELETE http://10.180.1.21/compute/v2.1/servers/e22da353-fb8f-424b-ac1a-c49bdff2912b 1.393s
2025-12-10 00:14:23.598 67240 INFO tempest.lib.common.rest_client [req-86b9d524-8a5a-4bc0-b5ba-b68cf65dfee0 req-86b9d524-8a5a-4bc0-b5ba-b68cf65dfee0 ] Request (AttachVolumeNegativeTest:test_attach_attached_volume_to_different_server): 200 GET http://10.180.1.21/compute/v2.1/servers/d2a3376f-8859-4b14-a780-ebcdda443fd0 1.275s
2025-12-10 00:14:23.614 67240 INFO tempest.common.waiters [-] State transition "BUILD/networking" ==> "BUILD/spawning" after 33 second wait
2025-12-10 00:14:23.628 67242 INFO tempest.lib.common.rest_client [req-58191f1c-64cb-457d-9313-830ce8efb5a9 req-58191f1c-64cb-457d-9313-830ce8efb5a9 ] Request (VolumesAssistedSnapshotsTest:tearDownClass): 200 GET http://10.180.1.21/compute/v2.1/servers/85f539e4-43dd-4528-85d1-5d3caf28de31 1.243s
2025-12-10 00:14:23.690 67254 INFO tempest.lib.common.rest_client [req-1022a87e-47fa-4023-8708-00d3050db367 req-1022a87e-47fa-4023-8708-00d3050db367 ] Request (KeyPairsV22TestJSON:tearDownClass): 200 GET http://10.180.1.21/networking/v2.0/security-groups?tenant_id=80bf84424564401b84c1d69c626abc12&name=default 0.209s
2025-12-10 00:14:23.700 67252 INFO tempest.lib.common.rest_client [req-c0c34000-9940-4ac7-9868-fb9556569ea3 req-c0c34000-9940-4ac7-9868-fb9556569ea3 ] Request (MigrationsAdminTest:test_resize_server_revert_deleted_flavor): 200 GET http://10.180.1.21/compute/v2.1/servers/16f5dbbe-d20a-42b4-a840-a6471bd6f059 1.268s
2025-12-10 00:14:23.710 67271 INFO tempest.lib.common.rest_client [req-112681ec-9583-40b9-937f-e68254323a6e req-112681ec-9583-40b9-937f-e68254323a6e ] Request (ServerMetadataNegativeTestJSON:tearDownClass): 200 GET http://10.180.1.21/compute/v2.1/servers/a8d2e678-b950-44ff-99db-d3693d6b5c40 1.094s
2025-12-10 00:14:23.793 67254 INFO tempest.lib.common.rest_client [req-5c9b07d0-60c4-484d-a0d3-70b43f25b5df req-5c9b07d0-60c4-484d-a0d3-70b43f25b5df ] Request (KeyPairsV22TestJSON:tearDownClass): 204 DELETE http://10.180.1.21/networking/v2.0/security-groups/9bdae4dd-8f43-426f-a102-58311d6c9bde 0.103s
2025-12-10 00:14:23.841 67276 INFO tempest.lib.common.rest_client [req-bb2181e5-cad6-40df-96ae-1f3534cf9c5f req-bb2181e5-cad6-40df-96ae-1f3534cf9c5f ] Request (ServersWithSpecificFlavorTestJSON:test_verify_created_server_ephemeral_disk): 200 GET http://10.180.1.21/compute/v2.1/servers/16f9a0f8-fae8-4be2-8284-11f7e20be090 1.160s
2025-12-10 00:14:23.857 67248 INFO tempest.lib.common.rest_client [req-1207b297-959f-421a-bdf6-94999abded8a req-1207b297-959f-421a-bdf6-94999abded8a ] Request (ImagesNegativeTestJSON:test_create_image_from_deleted_server): 200 GET http://10.180.1.21/compute/v2.1/servers/6e444328-8e2f-4217-be4f-9f05336b83c0 1.230s
2025-12-10 00:14:23.860 67254 INFO tempest.lib.common.rest_client [req-d7ea95ef-f66a-4fdf-bb63-819fe09a5b73 req-d7ea95ef-f66a-4fdf-bb63-819fe09a5b73 ] Request (KeyPairsV22TestJSON:tearDownClass): 204 DELETE http://10.180.1.21/identity/v3/projects/80bf84424564401b84c1d69c626abc12 0.066s
2025-12-10 00:14:23.934 67254 INFO tempest.lib.common.rest_client [req-86eade4a-0717-4db6-948a-9c2030c68c0e req-86eade4a-0717-4db6-948a-9c2030c68c0e ] Request (SecurityGroupsNegativeTestJSON:setUpClass): 201 POST http://10.180.1.21/identity/v3/auth/tokens 0.072s
2025-12-10 00:14:23.959 67256 INFO tempest.lib.common.rest_client [req-6d7a7cdb-052d-4833-b534-e73215f72613 req-6d7a7cdb-052d-4833-b534-e73215f72613 ] Request (SecurityGroupsTestJSON:test_security_groups_create_list_delete): 200 POST http://10.180.1.21/compute/v2.1/os-security-groups 1.112s
2025-12-10 00:14:23.966 67254 INFO tempest.lib.common.rest_client [req-43ceafef-9e50-4dc8-9d1f-bf60637045b9 req-43ceafef-9e50-4dc8-9d1f-bf60637045b9 ] Request (SecurityGroupsNegativeTestJSON:setUpClass): 201 POST http://10.180.1.21/identity/v3/auth/tokens 0.028s
2025-12-10 00:14:23.997 67254 INFO tempest.lib.common.rest_client [req-e6a7594b-b450-49fb-b372-dd82c9183f6a req-e6a7594b-b450-49fb-b372-dd82c9183f6a ] Request (SecurityGroupsNegativeTestJSON:setUpClass): 200 GET http://10.180.1.21/identity/v3/domains?name=Default 0.031s
2025-12-10 00:14:24.001 67274 INFO tempest.lib.common.rest_client [req-05f0dc6f-db92-4eae-94da-db6a4b51104f req-05f0dc6f-db92-4eae-94da-db6a4b51104f ] Request (ServerAddressesTestJSON:setUpClass): 200 GET http://10.180.1.21/compute/v2.1/servers/f4b92584-9bec-4998-a14c-13313893f469 0.993s
2025-12-10 00:14:24.008 67274 INFO tempest.common.waiters [-] State transition "BUILD/scheduling" ==> "BUILD/None" after 21 second wait
2025-12-10 00:14:24.046 67284 INFO tempest.lib.common.rest_client [req-6f6c7271-06ac-4a8d-a5af-0b139b9bce74 req-6f6c7271-06ac-4a8d-a5af-0b139b9bce74 ] Request (ImagesOneServerTestJSON:tearDownClass): 200 GET http://10.180.1.21/compute/v2.1/servers/0e6a83c5-450b-4745-9371-b5a8069e038c 0.956s
2025-12-10 00:14:24.053 67254 INFO tempest.lib.common.rest_client [req-77230db0-1277-4638-a62d-ec8552309976 req-77230db0-1277-4638-a62d-ec8552309976 ] Request (SecurityGroupsNegativeTestJSON:setUpClass): 201 POST http://10.180.1.21/identity/v3/projects 0.055s
2025-12-10 00:14:24.114 67232 INFO tempest.lib.common.rest_client [req-1f72ff1d-eac6-4619-a901-eca3d1b52f1a req-1f72ff1d-eac6-4619-a901-eca3d1b52f1a ] Request (ServersAaction247Test:tearDownClass): 200 GET http://10.180.1.21/compute/v2.1/servers/6d6f5a50-7c35-4111-839e-a1ebee4722ce 0.939s
2025-12-10 00:14:24.123 67232 INFO tempest.common.waiters [-] State transition "ACTIVE/deleting" ==> "DELETED/None" after 4 second wait
2025-12-10 00:14:24.129 67266 INFO tempest.lib.common.rest_client [req-fe820386-80e8-41df-af62-82ff71771e4a req-fe820386-80e8-41df-af62-82ff71771e4a ] Request (DeleteServersAdminTestJSON:test_delete_server_while_in_error_state): 200 GET http://10.180.1.21/compute/v2.1/servers/eac017c4-98dc-48da-bb9c-aabd219e4403 0.930s
2025-12-10 00:14:24.189 67254 INFO tempest.lib.common.rest_client [req-5e7ffd9d-a64d-49e0-a372-e4c0edf586ae req-5e7ffd9d-a64d-49e0-a372-e4c0edf586ae ] Request (SecurityGroupsNegativeTestJSON:setUpClass): 201 POST http://10.180.1.21/identity/v3/users 0.136s
2025-12-10 00:14:24.216 67228 INFO tempest.lib.common.rest_client [req-dfe1fca6-f165-46b6-a50f-b64e295656e4 req-dfe1fca6-f165-46b6-a50f-b64e295656e4 ] Request (ServerAddressesNegativeTestJSON:tearDownClass): 200 GET http://10.180.1.21/compute/v2.1/servers/4ffab825-c5f5-4cec-81f7-b5a25e5a569a 0.966s
2025-12-10 00:14:24.222 67254 INFO tempest.lib.common.rest_client [req-02836178-3e94-450e-a159-d7aaaab2d87e req-02836178-3e94-450e-a159-d7aaaab2d87e ] Request (SecurityGroupsNegativeTestJSON:setUpClass): 200 GET http://10.180.1.21/identity/v3/roles 0.032s
2025-12-10 00:14:24.273 67254 INFO tempest.lib.common.rest_client [req-64b8e4af-c8ea-43c1-b84d-c84d51f62dc7 req-64b8e4af-c8ea-43c1-b84d-c84d51f62dc7 ] Request (SecurityGroupsNegativeTestJSON:setUpClass): 204 PUT http://10.180.1.21/identity/v3/projects/18d22ac1b75946618cb89ec37911c749/users/585f9d39046648cdae4f51d5f1478154/roles/0054e2e8df454acfa791c8cd66872fa2 0.050s
2025-12-10 00:14:24.273 67254 INFO tempest.lib.common.dynamic_creds [-] Dynamic test user 585f9d39046648cdae4f51d5f1478154 is created with scope project and roles: ['member']
2025-12-10 00:14:24.273 67254 INFO tempest.lib.common.dynamic_creds [-] Acquired dynamic creds: credentials: Credentials: {'domain_id': 'default', 'domain_name': 'Default', 'username': 'tempest-SecurityGroupsNegativeTestJSON-1047688872-project-member', 'project_domain_id': 'default', 'project_domain_name': 'Default', 'project_id': '18d22ac1b75946618cb89ec37911c749', 'project_name': 'tempest-SecurityGroupsNegativeTestJSON-1047688872', 'tenant_id': '18d22ac1b75946618cb89ec37911c749', 'tenant_name': 'tempest-SecurityGroupsNegativeTestJSON-1047688872', 'user_domain_id': 'default', 'user_domain_name': 'Default', 'user_id': '585f9d39046648cdae4f51d5f1478154', 'system': None}, Network: None, Subnet: None, Router: None
2025-12-10 00:14:24.333 67226 INFO tempest.lib.common.rest_client [req-aef4aca0-0320-45a0-96e3-e0acc2e918c4 req-aef4aca0-0320-45a0-96e3-e0acc2e918c4 ] Request (MultipleCreateTestJSON:test_multiple_create_with_reservation_return): 200 GET http://10.180.1.21/compute/v2.1/servers/25670686-175c-42c9-ade3-5f29f981eb0f 1.011s
2025-12-10 00:14:24.350 67254 INFO tempest.lib.common.rest_client [req-67bf79e2-1656-4c90-9106-7a2c23b456d7 req-67bf79e2-1656-4c90-9106-7a2c23b456d7 ] Request (SecurityGroupsNegativeTestJSON:setUpClass): 201 POST http://10.180.1.21/identity/v3/auth/tokens 0.076s
2025-12-10 00:14:24.500 67224 INFO tempest.lib.common.rest_client [req-0c8f5f98-ba21-46cb-ad2c-ea01530ee34f req-0c8f5f98-ba21-46cb-ad2c-ea01530ee34f ] Request (SecurityGroupsTestAdminJSON:test_list_security_groups_list_all_tenants_filter): 200 POST http://10.180.1.21/compute/v2.1/os-security-groups 1.222s
2025-12-10 00:14:24.822 67254 INFO tempest.lib.common.rest_client [req-7f461f2a-dca5-44fe-9493-4b702ab63720 req-7f461f2a-dca5-44fe-9493-4b702ab63720 ] Request (SecurityGroupsNegativeTestJSON:setUpClass): 201 POST http://10.180.1.21/networking/v2.0/networks 0.472s
2025-12-10 00:14:24.926 67280 INFO tempest.lib.common.rest_client [req-1c0f72bd-7b6d-4fd8-87ed-23777837819b req-1c0f72bd-7b6d-4fd8-87ed-23777837819b ] Request (ServersAdminNegativeTestJSON:test_migrate_server_invalid_state): 409 POST http://10.180.1.21/compute/v2.1/servers/e7d12f7e-6e01-408b-aabe-8e45fd791f9a/action 1.526s
2025-12-10 00:14:25.108 67254 INFO tempest.lib.common.rest_client [req-6d5f548b-639c-47aa-9cb0-49fcac700b91 req-6d5f548b-639c-47aa-9cb0-49fcac700b91 ] Request (SecurityGroupsNegativeTestJSON:setUpClass): 201 POST http://10.180.1.21/networking/v2.0/subnets 0.284s
2025-12-10 00:14:25.182 67282 INFO tempest.lib.common.rest_client [req-e0f8cd2f-d039-49ba-8256-bc7107cb5aae req-e0f8cd2f-d039-49ba-8256-bc7107cb5aae ] Request (ServersNegativeTestMultiTenantJSON:setUpClass): 200 GET http://10.180.1.21/compute/v2.1/servers/c790ef47-e149-4bee-920d-f4899fa079ed 1.845s
2025-12-10 00:14:25.225 67264 INFO tempest.lib.common.rest_client [req-1bbb9291-2e79-408d-b306-6ef58d92dc84 req-1bbb9291-2e79-408d-b306-6ef58d92dc84 ] Request (ServerMetadataTestJSON:tearDownClass): 200 GET http://10.180.1.21/compute/v2.1/servers/e4dabd08-a246-4f46-91f8-37dd612fd571 1.821s
2025-12-10 00:14:25.311 67260 INFO tempest.lib.common.rest_client [req-59bed719-7c45-43f6-8ccb-3cc23305ac50 req-59bed719-7c45-43f6-8ccb-3cc23305ac50 ] Request (ServerTagsTestJSON:tearDownClass): 204 DELETE http://10.180.1.21/compute/v2.1/servers/61766c1d-f091-45fb-95ad-2700e55158ee 1.873s
2025-12-10 00:14:25.685 67250 INFO tempest.lib.common.rest_client [req-61899e65-f54c-4d28-a932-0fcb5c5b1a2f req-61899e65-f54c-4d28-a932-0fcb5c5b1a2f ] Request (FloatingIPsAssociationTestJSON:tearDownClass): 200 GET http://10.180.1.21/compute/v2.1/servers/5df7b8f4-e18a-40a2-b977-f7daadc850c0 2.266s
2025-12-10 00:14:25.793 67230 INFO tempest.lib.common.rest_client [req-ecef6825-dc18-442d-9372-7d81e818be7d req-ecef6825-dc18-442d-9372-7d81e818be7d ] Request (AttachInterfacesTestJSON:_run_cleanups): 200 GET http://10.180.1.21/compute/v2.1/servers/ab7e6500-e71c-4d14-8997-02bc63f4e506 2.269s
2025-12-10 00:14:25.866 67272 INFO tempest.lib.common.rest_client [req-20b467d4-3705-4337-83f7-ed4855294f56 req-20b467d4-3705-4337-83f7-ed4855294f56 ] Request (DeleteServersTestJSON:test_delete_active_server): 200 GET http://10.180.1.21/compute/v2.1/servers/e22da353-fb8f-424b-ac1a-c49bdff2912b 2.361s
2025-12-10 00:14:25.915 67254 INFO tempest.lib.common.rest_client [req-1dc0d92a-7672-478c-af17-898d698fdbff req-1dc0d92a-7672-478c-af17-898d698fdbff ] Request (SecurityGroupsNegativeTestJSON:setUpClass): 201 POST http://10.180.1.21/networking/v2.0/routers 0.807s
2025-12-10 00:14:25.936 67236 INFO tempest.lib.common.rest_client [req-31138f72-ac5a-4b22-adf1-9f197047dd0e req-31138f72-ac5a-4b22-adf1-9f197047dd0e ] Request (ServersAdminTestJSON:test_create_server_with_scheduling_hint): 200 GET http://10.180.1.21/compute/v2.1/servers/98813dee-b682-4913-a281-d5a38e88d399 2.394s
2025-12-10 00:14:25.945 67236 INFO tempest.common.waiters [-] State transition "BUILD/None" ==> "BUILD/networking" after 33 second wait
2025-12-10 00:14:26.129 67244 INFO tempest.lib.common.rest_client [req-fc0243ea-8ee0-415c-99de-dfca0aa42956 req-fc0243ea-8ee0-415c-99de-dfca0aa42956 ] Request (ImagesOneServerNegativeTestJSON:setUpClass): 200 GET http://10.180.1.21/compute/v2.1/servers/bee35680-35e2-439d-b7bf-2ddb3e6d03e0 2.237s
2025-12-10 00:14:26.248 67286 INFO tempest.lib.common.rest_client [req-519f3bab-f1be-4658-9155-c88c43749235 req-519f3bab-f1be-4658-9155-c88c43749235 ] Request (ServerRescueTestJSONUnderV235:setUpClass): 200 GET http://10.180.1.21/compute/v2.1/servers/854f4c18-e22f-4b0c-9f05-59161f579c81 2.161s
2025-12-10 00:14:26.349 67256 INFO tempest.lib.common.rest_client [req-50663ce3-fb80-434f-a06f-10a6777fcaba req-50663ce3-fb80-434f-a06f-10a6777fcaba ] Request (SecurityGroupsTestJSON:test_security_groups_create_list_delete): 200 GET http://10.180.1.21/compute/v2.1/os-security-groups 2.387s
2025-12-10 00:14:26.404 67246 INFO tempest.lib.common.rest_client [req-75405c06-6d84-4fd7-8c2e-6f358dd82155 req-75405c06-6d84-4fd7-8c2e-6f358dd82155 ] Request (ServerDiskConfigTestJSON:test_rebuild_server_with_auto_disk_config): 200 GET http://10.180.1.21/compute/v2.1/servers/e7199805-895f-4af3-b6a2-3a9c1a93d6d1 2.298s
2025-12-10 00:14:26.887 67234 INFO tempest.lib.common.rest_client [req-7b47635a-a1e4-4e43-8e25-a2963a38b208 req-7b47635a-a1e4-4e43-8e25-a2963a38b208 ] Request (AttachVolumeShelveTestJSON:test_attach_volume_shelved_or_offload_server): 200 GET http://10.180.1.21/compute/v2.1/servers/ea0334f0-503d-4b9b-908e-6ec84e436efd 2.494s
2025-12-10 00:14:26.909 67254 INFO tempest.lib.common.rest_client [req-ded1c59b-0336-4c08-9fb0-ce31b90b29a7 req-ded1c59b-0336-4c08-9fb0-ce31b90b29a7 ] Request (SecurityGroupsNegativeTestJSON:setUpClass): 200 PUT http://10.180.1.21/networking/v2.0/routers/05c699b3-e65e-4d79-99c6-52ad303a1c68/add_router_interface 0.993s
