2025-12-10 00:13:04.994 67238 INFO tempest.lib.common.rest_client [req-e0a22eb3-0f06-4ad7-affe-59b425e0aba0 req-e0a22eb3-0f06-4ad7-affe-59b425e0aba0 ] Request (FloatingIPDetailsNegativeTestJSON:setUpClass): 201 POST http://10.180.1.21/networking/v2.0/subnets 0.446s
2025-12-10 00:13:05.030 67228 INFO tempest.lib.common.rest_client [req-5a37031a-a3e1-4b8b-99ab-e0ab8961f633 req-5a37031a-a3e1-4b8b-99ab-e0ab8961f633 ] Request (ServerAddressesNegativeTestJSON:setUpClass): 200 GET http://10.180.1.21/compute/v2.1/servers/4ffab825-c5f5-4cec-81f7-b5a25e5a569a 3.374s
2025-12-10 00:13:05.196 67244 INFO tempest.lib.common.rest_client [req-7a324a59-0b72-46ae-9ec8-e1fd9e6700ac req-7a324a59-0b72-46ae-9ec8-e1fd9e6700ac ] Request (ServerDiagnosticsV248Test:tearDownClass): 204 DELETE http://10.180.1.21/compute/v2.1/servers/cb24cb2e-d02f-4465-8848-96c8b8b3a75b 3.494s
2025-12-10 00:13:05.674 67256 INFO tempest.lib.common.rest_client [req-af7a74eb-97a7-4630-a56b-70375f5bb8a3 req-af7a74eb-97a7-4630-a56b-70375f5bb8a3 ] Request (SecurityGroupsTestJSON:setUpClass): 201 POST http://10.180.1.21/networking/v2.0/routers 0.912s
2025-12-10 00:13:05.733 67274 INFO tempest.lib.common.rest_client [req-8594febe-798b-4803-9f7b-74ecc0a94636 req-8594febe-798b-4803-9f7b-74ecc0a94636 ] Request (TenantUsagesTestJSON:tearDownClass): 200 GET http://10.180.1.21/compute/v2.1/servers/290c640f-eb4b-4f55-a09e-17b152665e9d 3.992s
2025-12-10 00:13:05.764 67246 INFO tempest.lib.common.rest_client [req-60c114f3-3f2e-4e80-8ffd-972efc81766a req-60c114f3-3f2e-4e80-8ffd-972efc81766a ] Request (FlavorsAccessNegativeTestJSON:_run_cleanups): 200 GET http://10.180.1.21/compute/v2.1/flavors/detail 3.859s
2025-12-10 00:13:05.783 67238 INFO tempest.lib.common.rest_client [req-71d062ea-e6fe-45c6-a86f-598aed9553d4 req-71d062ea-e6fe-45c6-a86f-598aed9553d4 ] Request (FloatingIPDetailsNegativeTestJSON:setUpClass): 201 POST http://10.180.1.21/networking/v2.0/routers 0.788s
2025-12-10 00:13:05.793 67224 INFO tempest.lib.common.rest_client [req-a7a94eee-9dca-4674-bd55-200f07869369 req-a7a94eee-9dca-4674-bd55-200f07869369 ] Request (FlavorsAdminTestJSON:_run_cleanups): 200 GET http://10.180.1.21/compute/v2.1/flavors/detail 3.869s
2025-12-10 00:13:06.601 67256 INFO tempest.lib.common.rest_client [req-0240f41a-f317-440d-8800-da7e36f73ee8 req-0240f41a-f317-440d-8800-da7e36f73ee8 ] Request (SecurityGroupsTestJSON:setUpClass): 200 PUT http://10.180.1.21/networking/v2.0/routers/e32f3d1c-3e2d-4fa0-98db-8c2febc88826/add_router_interface 0.926s
2025-12-10 00:13:06.602 67256 INFO tempest.lib.common.dynamic_creds [-] Created isolated network resources for: credentials: Credentials: {'domain_id': 'default', 'domain_name': 'Default', 'username': 'tempest-SecurityGroupsTestJSON-522892557-project-member', 'project_domain_id': 'default', 'project_domain_name': 'Default', 'project_id': 'f3470a7be42c4a1493fa52e515e7df23', 'project_name': 'tempest-SecurityGroupsTestJSON-522892557', 'tenant_id': 'f3470a7be42c4a1493fa52e515e7df23', 'tenant_name': 'tempest-SecurityGroupsTestJSON-522892557', 'user_domain_id': 'default', 'user_domain_name': 'Default', 'user_id': '19f514583dfd427499d79df1ac8dbd81', 'system': None}, Network: {'id': '25d80120-4254-4fd8-9237-b1715bc3ac11', 'name': 'tempest-SecurityGroupsTestJSON-361803961-network', 'tenant_id': 'f3470a7be42c4a1493fa52e515e7df23', 'project_id': 'f3470a7be42c4a1493fa52e515e7df23', 'admin_state_up': True, 'mtu': 8950, 'status': 'ACTIVE', 'subnets': [], 'shared': False, 'port_security_enabled': True, 'router:external': False, 'provider:network_type': 'vlan', 'provider:physical_network': 'default', 'provider:segmentation_id': 152, 'availability_zone_hints': [], 'availability_zones': [], 'ipv4_address_scope': None, 'ipv6_address_scope': None, 'description': '', 'tags': [], 'created_at': '2025-12-10T00:13:04Z', 'updated_at': '2025-12-10T00:13:04Z', 'revision_number': 1}, Subnet: {'id': 'c405023c-e618-41e9-b0d9-1fcb0967b15a', 'name': 'tempest-SecurityGroupsTestJSON-361803961-subnet', 'tenant_id': 'f3470a7be42c4a1493fa52e515e7df23', 'network_id': '25d80120-4254-4fd8-9237-b1715bc3ac11', 'ip_version': 4, 'subnetpool_id': None, 'enable_dhcp': True, 'ipv6_ra_mode': None, 'ipv6_address_mode': None, 'gateway_ip': '192.168.128.1', 'cidr': '192.168.128.0/28', 'allocation_pools': [{'start': '192.168.128.2', 'end': '192.168.128.14'}], 'host_routes': [], 'dns_nameservers': [], 'description': '', 'router:external': False, 'service_types': [], 'tags': [], 'created_at': '2025-12-10T00:13:04Z', 'updated_at': '2025-12-10T00:13:04Z', 'revision_number': 0, 'project_id': 'f3470a7be42c4a1493fa52e515e7df23'}, Router: {'id': 'e32f3d1c-3e2d-4fa0-98db-8c2febc88826', 'name': 'tempest-SecurityGroupsTestJSON-361803961-router', 'tenant_id': 'f3470a7be42c4a1493fa52e515e7df23', 'admin_state_up': True, 'status': 'ACTIVE', 'external_gateway_info': {'network_id': '055700b3-505d-47ae-9f3a-2e2b619873da', 'external_fixed_ips': [{'subnet_id': 'b0884b49-c436-412d-83d6-d32280dac797', 'ip_address': '10.180.180.171'}], 'enable_snat': True}, 'description': '', 'availability_zones': [], 'distributed': False, 'ha': False, 'availability_zone_hints': [], 'routes': [], 'flavor_id': None, 'tags': [], 'created_at': '2025-12-10T00:13:04Z', 'updated_at': '2025-12-10T00:13:05Z', 'revision_number': 2, 'project_id': 'f3470a7be42c4a1493fa52e515e7df23'}
2025-12-10 00:13:06.669 67248 INFO tempest.lib.common.rest_client [req-87d4c283-5943-4a4d-8470-b17455c75cc6 req-87d4c283-5943-4a4d-8470-b17455c75cc6 ] Request (ServerDiagnosticsTest:tearDownClass): 200 GET http://10.180.1.21/compute/v2.1/servers/851ff0c7-b6a8-4d23-b5c8-8985f2a9d79f 4.519s
2025-12-10 00:13:06.706 67240 INFO tempest.lib.common.rest_client [req-fc033439-ebf8-4cb3-a0eb-aa3f677328e8 req-fc033439-ebf8-4cb3-a0eb-aa3f677328e8 ] Request (HostsAdminNegativeTestJSON:test_startup_host_with_non_admin_user): 403 GET http://10.180.1.21/compute/v2.1/os-hosts/devstack/startup 4.271s
2025-12-10 00:13:06.717 67256 INFO tempest.lib.common.rest_client [req-4a9aced6-7758-4194-89cc-f803c2dbaca1 req-4a9aced6-7758-4194-89cc-f803c2dbaca1 ] Request (SecurityGroupsTestJSON:setUpClass): 201 POST http://10.180.1.21/identity/v3/auth/tokens 0.111s
2025-12-10 00:13:06.915 67230 WARNING tempest.lib.common.ssh [-] Failed to establish authenticated ssh connection to cirros@10.180.180.239 ([Errno None] Unable to connect to port 22 on 10.180.180.239). Number attempts: 4. Retry after 5 seconds.: paramiko.ssh_exception.NoValidConnectionsError: [Errno None] Unable to connect to port 22 on 10.180.180.239
2025-12-10 00:13:07.150 67238 INFO tempest.lib.common.rest_client [req-e33ef127-ff15-44ae-9fdb-001972720a38 req-e33ef127-ff15-44ae-9fdb-001972720a38 ] Request (FloatingIPDetailsNegativeTestJSON:setUpClass): 200 PUT http://10.180.1.21/networking/v2.0/routers/0096df45-f415-4998-a57d-087e9318ca5c/add_router_interface 1.366s
2025-12-10 00:13:07.150 67238 INFO tempest.lib.common.dynamic_creds [-] Created isolated network resources for: credentials: Credentials: {'domain_id': 'default', 'domain_name': 'Default', 'username': 'tempest-FloatingIPDetailsNegativeTestJSON-2098114857-project-member', 'project_domain_id': 'default', 'project_domain_name': 'Default', 'project_id': '6e84e583a0e04b1eadfaedc04426276c', 'project_name': 'tempest-FloatingIPDetailsNegativeTestJSON-2098114857', 'tenant_id': '6e84e583a0e04b1eadfaedc04426276c', 'tenant_name': 'tempest-FloatingIPDetailsNegativeTestJSON-2098114857', 'user_domain_id': 'default', 'user_domain_name': 'Default', 'user_id': 'f6a14a59ff95457aa52b89f999ecc29f', 'system': None}, Network: {'id': '165ff5ae-6802-44b0-b25a-c81cd47baccf', 'name': 'tempest-FloatingIPDetailsNegativeTestJSON-331989249-network', 'tenant_id': '6e84e583a0e04b1eadfaedc04426276c', 'project_id': '6e84e583a0e04b1eadfaedc04426276c', 'admin_state_up': True, 'mtu': 8950, 'status': 'ACTIVE', 'subnets': [], 'shared': False, 'port_security_enabled': True, 'router:external': False, 'provider:network_type': 'vlan', 'provider:physical_network': 'default', 'provider:segmentation_id': 769, 'availability_zone_hints': [], 'availability_zones': [], 'ipv4_address_scope': None, 'ipv6_address_scope': None, 'description': '', 'tags': [], 'created_at': '2025-12-10T00:13:04Z', 'updated_at': '2025-12-10T00:13:04Z', 'revision_number': 1}, Subnet: {'id': '67016e63-3768-4711-be47-390b9db25822', 'name': 'tempest-FloatingIPDetailsNegativeTestJSON-331989249-subnet', 'tenant_id': '6e84e583a0e04b1eadfaedc04426276c', 'network_id': '165ff5ae-6802-44b0-b25a-c81cd47baccf', 'ip_version': 4, 'subnetpool_id': None, 'enable_dhcp': True, 'ipv6_ra_mode': None, 'ipv6_address_mode': None, 'gateway_ip': '192.168.128.1', 'cidr': '192.168.128.0/28', 'allocation_pools': [{'start': '192.168.128.2', 'end': '192.168.128.14'}], 'host_routes': [], 'dns_nameservers': [], 'description': '', 'router:external': False, 'service_types': [], 'tags': [], 'created_at': '2025-12-10T00:13:04Z', 'updated_at': '2025-12-10T00:13:04Z', 'revision_number': 0, 'project_id': '6e84e583a0e04b1eadfaedc04426276c'}, Router: {'id': '0096df45-f415-4998-a57d-087e9318ca5c', 'name': 'tempest-FloatingIPDetailsNegativeTestJSON-331989249-router', 'tenant_id': '6e84e583a0e04b1eadfaedc04426276c', 'admin_state_up': True, 'status': 'ACTIVE', 'external_gateway_info': {'network_id': '055700b3-505d-47ae-9f3a-2e2b619873da', 'external_fixed_ips': [{'subnet_id': 'b0884b49-c436-412d-83d6-d32280dac797', 'ip_address': '10.180.180.161'}], 'enable_snat': True}, 'description': '', 'availability_zones': [], 'distributed': False, 'ha': False, 'availability_zone_hints': [], 'routes': [], 'flavor_id': None, 'tags': [], 'created_at': '2025-12-10T00:13:05Z', 'updated_at': '2025-12-10T00:13:05Z', 'revision_number': 2, 'project_id': '6e84e583a0e04b1eadfaedc04426276c'}
2025-12-10 00:13:07.226 67284 INFO tempest.lib.common.rest_client [req-19e27bb7-8ac0-47f4-ac63-f19a5d13ab7f req-19e27bb7-8ac0-47f4-ac63-f19a5d13ab7f ] Request (ImagesOneServerTestJSON:test_create_delete_image): 200 GET http://10.180.1.21/compute/v2.1/servers/0e6a83c5-450b-4745-9371-b5a8069e038c 4.577s
2025-12-10 00:13:07.276 67238 INFO tempest.lib.common.rest_client [req-926c1763-3a85-4af5-81dc-3ae2f928fad4 req-926c1763-3a85-4af5-81dc-3ae2f928fad4 ] Request (FloatingIPDetailsNegativeTestJSON:setUpClass): 201 POST http://10.180.1.21/identity/v3/auth/tokens 0.119s
2025-12-10 00:13:07.472 67286 INFO tempest.lib.common.rest_client [req-22c3a672-66fb-4a07-bad4-7405b2e49b66 req-22c3a672-66fb-4a07-bad4-7405b2e49b66 ] Request (FloatingIPsAssociationNegativeTestJSON:_run_cleanups): 202 POST http://10.180.1.21/compute/v2.1/servers/8dec9cd8-7ea2-4c0d-bda5-8274b118be02/action 6.396s
2025-12-10 00:13:07.476 67282 INFO tempest.lib.common.rest_client [req-8b832501-cfa6-4696-a1d0-7a69a09b597a req-8b832501-cfa6-4696-a1d0-7a69a09b597a ] Request (SecurityGroupRulesTestJSON:test_security_group_rules_list): 200 POST http://10.180.1.21/compute/v2.1/os-security-group-rules 4.766s
2025-12-10 00:13:07.602 67280 INFO tempest.lib.common.rest_client [req-13acfe1d-b43f-4a7e-a988-7411d0f9068c req-13acfe1d-b43f-4a7e-a988-7411d0f9068c ] Request (ServersAdminNegativeTestJSON:setUpClass): 200 GET http://10.180.1.21/compute/v2.1/servers/3a7c7688-f241-406b-831f-a83d9f12a92e 4.834s
2025-12-10 00:13:07.612 67280 INFO tempest.common.waiters [-] State transition "BUILD/None" ==> "BUILD/spawning" after 30 second wait
2025-12-10 00:13:07.679 67272 INFO tempest.lib.common.rest_client [req-d150242e-a2f9-4288-b08c-4145904930db req-d150242e-a2f9-4288-b08c-4145904930db ] Request (QuotasAdminTestV257:test_get_updated_quotas): 200 PUT http://10.180.1.21/compute/v2.1/os-quota-sets/5d80c0233f604f69ae2d46e2a494d893 4.873s
2025-12-10 00:13:07.683 67258 INFO tempest.lib.common.rest_client [req-4c3bd5f5-b625-4126-86c2-7118733fbe6b req-4c3bd5f5-b625-4126-86c2-7118733fbe6b ] Request (InstanceActionsV221TestJSON:test_get_list_deleted_instance_actions): 200 GET http://10.180.1.21/compute/v2.1/servers/8ece3998-0ba6-4091-bfbe-843494220bec 4.776s
2025-12-10 00:13:07.768 67232 INFO tempest.lib.common.rest_client [req-d11859dd-7c68-4a94-9c26-ead35c5d1106 req-d11859dd-7c68-4a94-9c26-ead35c5d1106 ] Request (ServerExternalEventsTest:tearDownClass): 200 GET http://10.180.1.21/compute/v2.1/servers/43c047df-14f9-4782-9c8e-debb09e5c970 4.764s
2025-12-10 00:13:07.833 67226 INFO tempest.lib.common.rest_client [req-49ecfced-05e4-4548-a93f-0f7cb089ded6 req-49ecfced-05e4-4548-a93f-0f7cb089ded6 ] Request (MultipleCreateTestJSON:test_multiple_create): 200 GET http://10.180.1.21/compute/v2.1/servers/b9183a70-209b-4bb8-9b85-6bf7515460e9 4.903s
2025-12-10 00:13:07.896 67252 INFO tempest.lib.common.rest_client [req-1b2df6d3-538f-4e8f-9144-92af3065bc4f req-1b2df6d3-538f-4e8f-9144-92af3065bc4f ] Request (MigrationsAdminTest:test_list_migrations_in_flavor_resize_situation): 200 GET http://10.180.1.21/compute/v2.1/servers/75b3a090-765f-4465-adaf-8aa991ef0b9f 4.513s
2025-12-10 00:13:07.904 67252 INFO tempest.common.waiters [-] State transition "RESIZE/resize_migrating" ==> "RESIZE/resize_migrated" after 35 second wait
2025-12-10 00:13:07.906 67268 INFO tempest.lib.common.rest_client [req-32d58b58-d418-453f-8d1b-140576583f1a req-32d58b58-d418-453f-8d1b-140576583f1a ] Request (ServersAdmin275Test:test_rebuild_update_server_275): 200 GET http://10.180.1.21/compute/v2.1/servers/4311b7d9-9f57-48a7-9470-10739dfcaaaa 4.420s
2025-12-10 00:13:07.927 67266 INFO tempest.lib.common.rest_client [req-b55359f9-8e88-4e2b-8110-c9b8a65bdfa5 req-b55359f9-8e88-4e2b-8110-c9b8a65bdfa5 ] Request (DeleteServersAdminTestJSON:test_admin_delete_servers_of_others): 404 GET http://10.180.1.21/compute/v2.1/servers/ecc5fcc6-af26-49b6-9992-87ca68821d22 4.414s
2025-12-10 00:13:07.976 67278 INFO tempest.lib.common.rest_client [req-964beeba-00f3-401d-a0cc-a0e81f7fde45 req-964beeba-00f3-401d-a0cc-a0e81f7fde45 ] Request (ServersV294TestFqdnHostnames:setUpClass): 200 GET http://10.180.1.21/compute/v2.1/servers/ef7d92f5-1a94-4370-836f-e256441db8e1 4.436s
2025-12-10 00:13:08.001 67254 INFO tempest.lib.common.rest_client [req-ef897961-fc1b-4db4-aebf-ccf774eb8ff9 req-ef897961-fc1b-4db4-aebf-ccf774eb8ff9 ] Request (ServerDiagnosticsNegativeTest:tearDownClass): 200 GET http://10.180.1.21/compute/v2.1/servers/a58c7f06-38a2-4643-9add-048059428221 4.444s
2025-12-10 00:13:08.032 67266 INFO tempest.lib.common.rest_client [req-975e5886-7572-489b-aa48-afbb4c49a7a5 req-975e5886-7572-489b-aa48-afbb4c49a7a5 ] Request (DeleteServersAdminTestJSON:test_delete_server_while_in_error_state): 201 POST http://10.180.1.21/identity/v3/auth/tokens 0.083s
2025-12-10 00:13:08.032 67266 INFO tempest.lib.common.fixed_network [-] (DeleteServersAdminTestJSON:test_delete_server_while_in_error_state) Found network None available for tenant
2025-12-10 00:13:08.050 67236 INFO tempest.lib.common.rest_client [req-406ace39-0c40-41e5-9f4a-69481c4c0ddf req-406ace39-0c40-41e5-9f4a-69481c4c0ddf ] Request (ServersAdminTestJSON:setUpClass): 200 GET http://10.180.1.21/compute/v2.1/servers/c318782d-e995-450e-b2ac-d58143e071a8 4.450s
2025-12-10 00:13:08.062 67234 INFO tempest.lib.common.rest_client [req-4fadd306-53d9-42b6-84d2-c7012b7ba38d req-4fadd306-53d9-42b6-84d2-c7012b7ba38d ] Request (AggregatesAdminNegativeTestJSON:test_aggregate_delete_with_invalid_id): 404 DELETE http://10.180.1.21/compute/v2.1/os-aggregates/-1 4.155s
2025-12-10 00:13:08.073 67260 INFO tempest.lib.common.rest_client [req-fdd5b09b-94a2-4824-bad5-1336b52a7e92 req-fdd5b09b-94a2-4824-bad5-1336b52a7e92 ] Request (ServerTagsTestJSON:setUpClass): 200 GET http://10.180.1.21/compute/v2.1/servers/61766c1d-f091-45fb-95ad-2700e55158ee 4.347s
2025-12-10 00:13:08.138 67262 INFO tempest.lib.common.rest_client [req-5011eb70-66bd-4d86-a0fc-8e68970c1c5c req-5011eb70-66bd-4d86-a0fc-8e68970c1c5c ] Request (ServerActionsTestOtherB:setUpClass): 200 GET http://10.180.1.21/compute/v2.1/servers/85779ddc-39b4-42e9-a5ed-dbf66dba7712 4.085s
2025-12-10 00:13:08.141 67271 INFO tempest.lib.common.rest_client [req-7b176c2a-fca1-445d-bace-2d5c894d51ac req-7b176c2a-fca1-445d-bace-2d5c894d51ac ] Request (ServerMetadataNegativeTestJSON:setUpClass): 200 GET http://10.180.1.21/compute/v2.1/servers/a8d2e678-b950-44ff-99db-d3693d6b5c40 4.070s
2025-12-10 00:13:08.145 67262 INFO tempest.common.waiters [-] State transition "BUILD/scheduling" ==> "BUILD/None" after 9 second wait
2025-12-10 00:13:08.194 67276 INFO tempest.lib.common.rest_client [req-1a33052c-5dc8-457e-b38c-8e7761a05f86 req-1a33052c-5dc8-457e-b38c-8e7761a05f86 ] Request (ServersWithSpecificFlavorTestJSON:test_verify_created_server_ephemeral_disk): 200 GET http://10.180.1.21/compute/v2.1/servers/75acfe7d-22ef-424d-bf23-1d7b6109121f 3.309s
2025-12-10 00:13:08.208 67250 INFO tempest.lib.common.rest_client [req-33e4bedf-dadf-4f34-bdb4-1dbd0d374988 req-33e4bedf-dadf-4f34-bdb4-1dbd0d374988 ] Request (FloatingIPsAssociationTestJSON:test_associate_already_associated_floating_ip): 200 GET http://10.180.1.21/compute/v2.1/servers/5df7b8f4-e18a-40a2-b977-f7daadc850c0 3.534s
2025-12-10 00:13:08.278 67244 INFO tempest.lib.common.rest_client [req-8a25bd1b-93f5-49b4-bff7-98a76335bea3 req-8a25bd1b-93f5-49b4-bff7-98a76335bea3 ] Request (ServerDiagnosticsV248Test:tearDownClass): 200 GET http://10.180.1.21/compute/v2.1/servers/cb24cb2e-d02f-4465-8848-96c8b8b3a75b 3.081s
2025-12-10 00:13:08.287 67264 INFO tempest.lib.common.rest_client [req-7ba71caf-752c-4e44-846b-8e7213adf2bc req-7ba71caf-752c-4e44-846b-8e7213adf2bc ] Request (ServerMetadataTestJSON:setUp): 200 PUT http://10.180.1.21/compute/v2.1/servers/e4dabd08-a246-4f46-91f8-37dd612fd571/metadata 3.395s
2025-12-10 00:13:08.305 67246 INFO tempest.lib.common.rest_client [req-5ddc3781-06d9-45ed-ad2e-d7f2988da2be req-5ddc3781-06d9-45ed-ad2e-d7f2988da2be ] Request (FlavorsAccessNegativeTestJSON:test_remove_flavor_access_not_found): 200 POST http://10.180.1.21/compute/v2.1/flavors 2.531s
2025-12-10 00:13:08.307 67224 INFO tempest.lib.common.rest_client [req-79b83aaf-2217-4b87-bfb8-f0eb304e6033 req-79b83aaf-2217-4b87-bfb8-f0eb304e6033 ] Request (FlavorsAdminTestJSON:test_create_server_with_non_public_flavor): 200 POST http://10.180.1.21/compute/v2.1/flavors 2.500s
2025-12-10 00:13:08.320 67240 INFO tempest.lib.common.rest_client [req-8b3bbe5b-8898-43a4-9593-d362a0a804ab req-8b3bbe5b-8898-43a4-9593-d362a0a804ab ] Request (HostsAdminNegativeTestJSON:test_startup_nonexistent_host): 404 GET http://10.180.1.21/compute/v2.1/os-hosts/nonexistent_hostname/startup 1.613s
2025-12-10 00:13:08.370 67228 INFO tempest.lib.common.rest_client [req-208b5bd5-d823-4054-9388-f4f74aa4bdf8 req-208b5bd5-d823-4054-9388-f4f74aa4bdf8 ] Request (ServerAddressesNegativeTestJSON:setUpClass): 200 GET http://10.180.1.21/compute/v2.1/servers/4ffab825-c5f5-4cec-81f7-b5a25e5a569a 2.323s
2025-12-10 00:13:08.489 67274 INFO tempest.lib.common.rest_client [req-40d99463-4294-4536-87c5-7f97c5faf4eb req-40d99463-4294-4536-87c5-7f97c5faf4eb ] Request (TenantUsagesTestJSON:tearDownClass): 200 GET http://10.180.1.21/compute/v2.1/servers/290c640f-eb4b-4f55-a09e-17b152665e9d 1.748s
2025-12-10 00:13:08.498 67256 INFO tempest.lib.common.rest_client [req-e6ac1449-d6ed-4ced-8e22-361116c75d75 req-e6ac1449-d6ed-4ced-8e22-361116c75d75 ] Request (SecurityGroupsTestJSON:test_list_security_groups_by_server): 200 POST http://10.180.1.21/compute/v2.1/os-security-groups 1.780s
2025-12-10 00:13:08.533 67284 INFO tempest.lib.common.rest_client [req-9828bb5e-a767-4c19-86a9-fe041ccc999a req-9828bb5e-a767-4c19-86a9-fe041ccc999a ] Request (ImagesOneServerTestJSON:test_create_delete_image): 200 GET http://10.180.1.21/compute/v2.1/images/ed6b1e91-d3c8-445f-8c3d-e2907355e946 1.295s
2025-12-10 00:13:08.556 67238 INFO tempest.lib.common.rest_client [req-ccd68608-3a88-44dc-8496-2b0b64d993ba req-ccd68608-3a88-44dc-8496-2b0b64d993ba ] Request (FloatingIPDetailsNegativeTestJSON:test_get_nonexistent_floating_ip_details): 404 GET http://10.180.1.21/compute/v2.1/os-floating-ips/d947b7c2-050d-4f66-8987-7a16cae9010a 1.278s
2025-12-10 00:13:08.599 67282 INFO tempest.lib.common.rest_client [req-450d82b2-792e-4115-bbda-ab3dae57eeeb req-450d82b2-792e-4115-bbda-ab3dae57eeeb ] Request (SecurityGroupRulesTestJSON:test_security_group_rules_list): 200 GET http://10.180.1.21/compute/v2.1/os-security-groups/d6bb3f47-3dbf-4a53-bf7a-39a80ef9e927 1.120s
2025-12-10 00:13:08.635 67248 INFO tempest.lib.common.rest_client [req-1e31819d-28c2-4872-bb4a-64bde2034859 req-1e31819d-28c2-4872-bb4a-64bde2034859 ] Request (ServerDiagnosticsTest:tearDownClass): 404 GET http://10.180.1.21/compute/v2.1/servers/851ff0c7-b6a8-4d23-b5c8-8985f2a9d79f 0.957s
2025-12-10 00:13:08.724 67272 INFO tempest.lib.common.rest_client [req-213167c4-b62e-46a6-a2ad-ae1b359e79c1 req-213167c4-b62e-46a6-a2ad-ae1b359e79c1 ] Request (QuotasAdminTestV257:test_get_updated_quotas): 200 GET http://10.180.1.21/compute/v2.1/os-quota-sets/5d80c0233f604f69ae2d46e2a494d893/detail 1.044s
2025-12-10 00:13:08.757 67248 INFO tempest.lib.common.rest_client [req-6d50db6d-7950-455a-aca0-59b402bce682 req-6d50db6d-7950-455a-aca0-59b402bce682 ] Request (ServerDiagnosticsTest:tearDownClass): 204 DELETE http://10.180.1.21/identity/v3/users/37da2d73937a440fb697152f17601f04 0.121s
2025-12-10 00:13:08.808 67272 INFO tempest.lib.common.rest_client [req-c6f7f768-a88c-4b77-9add-894d0cf0071d req-c6f7f768-a88c-4b77-9add-894d0cf0071d ] Request (QuotasAdminTestV257:test_get_updated_quotas): 200 GET http://10.180.1.21/identity/v3/domains?name=Default 0.079s
2025-12-10 00:13:08.873 67248 INFO tempest.lib.common.rest_client [req-b1df9db9-b428-4890-9b37-ac90c1863aba req-b1df9db9-b428-4890-9b37-ac90c1863aba ] Request (ServerDiagnosticsTest:tearDownClass): 204 DELETE http://10.180.1.21/identity/v3/users/cb6c07096295424d84953fdf90c4075a 0.115s
2025-12-10 00:13:08.873 67248 INFO tempest.lib.common.dynamic_creds [-] Deleting project and security group for project: 35b7df7c16a74679907dfd4d55b1bce8
2025-12-10 00:13:08.895 67272 INFO tempest.lib.common.rest_client [req-b3e392a4-5706-4c47-bf8f-464492106d5b req-b3e392a4-5706-4c47-bf8f-464492106d5b ] Request (QuotasAdminTestV257:test_get_updated_quotas): 201 POST http://10.180.1.21/identity/v3/users 0.086s
2025-12-10 00:13:08.954 67248 INFO tempest.lib.common.rest_client [req-3e1d0b64-a165-42b8-b7cb-160beedffc7d req-3e1d0b64-a165-42b8-b7cb-160beedffc7d ] Request (ServerDiagnosticsTest:tearDownClass): 201 POST http://10.180.1.21/identity/v3/auth/tokens 0.081s
2025-12-10 00:13:08.982 67272 INFO tempest.lib.common.rest_client [req-31cc4c94-cfaf-4ac6-a53b-79a1f8f569c9 req-31cc4c94-cfaf-4ac6-a53b-79a1f8f569c9 ] Request (QuotasAdminTestV257:test_get_updated_quotas): 200 GET http://10.180.1.21/identity/v3/domains?name=Default 0.085s
2025-12-10 00:13:09.030 67286 INFO tempest.lib.common.rest_client [req-583574a3-7f1c-4138-b80f-764c3e8e0489 req-583574a3-7f1c-4138-b80f-764c3e8e0489 ] Request (FloatingIPsAssociationNegativeTestJSON:_run_cleanups): 202 DELETE http://10.180.1.21/compute/v2.1/os-floating-ips/d8f014a3-31ce-4551-8d95-cd04d7bcb2c3 1.556s
2025-12-10 00:13:09.071 67234 INFO tempest.lib.common.rest_client [req-fc201663-d521-40fe-8aec-772981d9bc82 req-fc201663-d521-40fe-8aec-772981d9bc82 ] Request (AggregatesAdminNegativeTestJSON:test_aggregate_get_details_as_user): 200 POST http://10.180.1.21/compute/v2.1/os-aggregates 1.005s
2025-12-10 00:13:09.154 67264 INFO tempest.lib.common.rest_client [req-f4b1c054-9db8-425b-ac91-834a28e4f28b req-f4b1c054-9db8-425b-ac91-834a28e4f28b ] Request (ServerMetadataTestJSON:test_delete_server_metadata_item): 204 DELETE http://10.180.1.21/compute/v2.1/servers/e4dabd08-a246-4f46-91f8-37dd612fd571/metadata/key1 0.864s
2025-12-10 00:13:09.311 67248 INFO tempest.lib.common.rest_client [req-6b070115-dc56-4098-a28f-37826a66729f req-6b070115-dc56-4098-a28f-37826a66729f ] Request (ServerDiagnosticsTest:tearDownClass): 200 GET http://10.180.1.21/networking/v2.0/security-groups?tenant_id=35b7df7c16a74679907dfd4d55b1bce8&name=default 0.356s
2025-12-10 00:13:09.321 67246 INFO tempest.lib.common.rest_client [req-16388e32-6751-4746-ad5e-96ea1fa4f604 req-16388e32-6751-4746-ad5e-96ea1fa4f604 ] Request (FlavorsAccessNegativeTestJSON:test_remove_flavor_access_not_found): 404 POST http://10.180.1.21/compute/v2.1/flavors/1726034914/action 1.013s
2025-12-10 00:13:09.332 67224 INFO tempest.lib.common.rest_client [req-8a828808-951b-4764-a69d-5a061f54b4a0 req-8a828808-951b-4764-a69d-5a061f54b4a0 ] Request (FlavorsAdminTestJSON:test_create_server_with_non_public_flavor): 400 POST http://10.180.1.21/compute/v2.1/servers 1.023s
2025-12-10 00:13:09.338 67240 INFO tempest.lib.common.rest_client [req-38fa1ab3-8106-4e24-b0a8-4b14bac93528 req-38fa1ab3-8106-4e24-b0a8-4b14bac93528 ] Request (HostsAdminNegativeTestJSON:test_update_host_with_invalid_maintenance_mode): 400 PUT http://10.180.1.21/compute/v2.1/os-hosts/devstack 1.014s
2025-12-10 00:13:09.429 67248 INFO tempest.lib.common.rest_client [req-af80eb75-b967-40c1-a81a-36a787fb49da req-af80eb75-b967-40c1-a81a-36a787fb49da ] Request (ServerDiagnosticsTest:tearDownClass): 204 DELETE http://10.180.1.21/networking/v2.0/security-groups/04e9daac-4df0-456c-aa85-f961e4852abc 0.118s
2025-12-10 00:13:09.510 67248 INFO tempest.lib.common.rest_client [req-a1b2bb87-86c6-419f-bad9-8325ffe92496 req-a1b2bb87-86c6-419f-bad9-8325ffe92496 ] Request (ServerDiagnosticsTest:tearDownClass): 204 DELETE http://10.180.1.21/identity/v3/projects/35b7df7c16a74679907dfd4d55b1bce8 0.080s
2025-12-10 00:13:09.510 67248 INFO tempest.lib.common.dynamic_creds [-] Deleting project and security group for project: 8b9f7deb0292436797f1c0872e9c2f2f
2025-12-10 00:13:09.525 67242 WARNING tempest.lib.common.ssh [-] Failed to establish authenticated ssh connection to cirros@10.180.180.190 ([Errno None] Unable to connect to port 22 on 10.180.180.190). Number attempts: 3. Retry after 4 seconds.: paramiko.ssh_exception.NoValidConnectionsError: [Errno None] Unable to connect to port 22 on 10.180.180.190
2025-12-10 00:13:09.535 67256 INFO tempest.lib.common.rest_client [req-6a26997d-9160-4c82-9ec3-60207abda9ee req-6a26997d-9160-4c82-9ec3-60207abda9ee ] Request (SecurityGroupsTestJSON:test_list_security_groups_by_server): 200 POST http://10.180.1.21/compute/v2.1/os-security-groups 1.033s
2025-12-10 00:13:09.541 67238 INFO tempest.lib.common.rest_client [req-8e52fdc6-e40c-4c90-a8ca-5074754f6883 req-8e52fdc6-e40c-4c90-a8ca-5074754f6883 ] Request (FloatingIPDetailsNegativeTestJSON:tearDownClass): 200 PUT http://10.180.1.21/networking/v2.0/routers/0096df45-f415-4998-a57d-087e9318ca5c/remove_router_interface 0.983s
2025-12-10 00:13:09.552 67284 INFO tempest.lib.common.rest_client [req-6d475373-331d-4abb-9d45-d9367530e35e req-6d475373-331d-4abb-9d45-d9367530e35e ] Request (ImagesOneServerTestJSON:test_create_delete_image): 200 GET http://10.180.1.21/compute/v2.1/flavors/42 1.016s
2025-12-10 00:13:09.569 67248 INFO tempest.lib.common.rest_client [req-a7c23909-321a-45d7-9622-969ac1cb0200 req-a7c23909-321a-45d7-9622-969ac1cb0200 ] Request (ServerDiagnosticsTest:tearDownClass): 200 GET http://10.180.1.21/networking/v2.0/security-groups?tenant_id=8b9f7deb0292436797f1c0872e9c2f2f&name=default 0.058s
2025-12-10 00:13:09.624 67256 INFO tempest.lib.common.rest_client [req-3af9b11e-ec34-4c10-b089-36efa68066c2 req-3af9b11e-ec34-4c10-b089-36efa68066c2 ] Request (SecurityGroupsTestJSON:test_list_security_groups_by_server): 201 POST http://10.180.1.21/identity/v3/auth/tokens 0.079s
2025-12-10 00:13:09.624 67256 INFO tempest.lib.common.fixed_network [-] (SecurityGroupsTestJSON:test_list_security_groups_by_server) Found network {'id': '25d80120-4254-4fd8-9237-b1715bc3ac11', 'name': 'tempest-SecurityGroupsTestJSON-361803961-network', 'tenant_id': 'f3470a7be42c4a1493fa52e515e7df23', 'project_id': 'f3470a7be42c4a1493fa52e515e7df23', 'admin_state_up': True, 'mtu': 8950, 'status': 'ACTIVE', 'subnets': [], 'shared': False, 'port_security_enabled': True, 'router:external': False, 'provider:network_type': 'vlan', 'provider:physical_network': 'default', 'provider:segmentation_id': 152, 'availability_zone_hints': [], 'availability_zones': [], 'ipv4_address_scope': None, 'ipv6_address_scope': None, 'description': '', 'tags': [], 'created_at': '2025-12-10T00:13:04Z', 'updated_at': '2025-12-10T00:13:04Z', 'revision_number': 1} available for tenant
2025-12-10 00:13:09.721 67266 INFO tempest.lib.common.rest_client [req-6df2546c-d99d-4aae-a0cb-5aa03b83ebfa req-6df2546c-d99d-4aae-a0cb-5aa03b83ebfa ] Request (DeleteServersAdminTestJSON:test_delete_server_while_in_error_state): 202 POST http://10.180.1.21/compute/v2.1/servers 1.688s
2025-12-10 00:13:09.737 67248 INFO tempest.lib.common.rest_client [req-e79d5408-cdca-45e0-8334-521aae4c87a8 req-e79d5408-cdca-45e0-8334-521aae4c87a8 ] Request (ServerDiagnosticsTest:tearDownClass): 204 DELETE http://10.180.1.21/networking/v2.0/security-groups/2e07b2b0-ef10-4cff-b069-ea6902742ca8 0.168s
2025-12-10 00:13:09.935 67248 INFO tempest.lib.common.rest_client [req-61b3e7e1-00ea-4515-8399-51fb4404646e req-61b3e7e1-00ea-4515-8399-51fb4404646e ] Request (ServerDiagnosticsTest:tearDownClass): 204 DELETE http://10.180.1.21/identity/v3/projects/8b9f7deb0292436797f1c0872e9c2f2f 0.196s
2025-12-10 00:13:10.036 67248 INFO tempest.lib.common.rest_client [req-916052d5-94ff-448f-bc99-e067c471ca9d req-916052d5-94ff-448f-bc99-e067c471ca9d ] Request (ImagesNegativeTestJSON:setUpClass): 201 POST http://10.180.1.21/identity/v3/auth/tokens 0.100s
2025-12-10 00:13:10.082 67248 INFO tempest.lib.common.rest_client [req-507bab10-009c-4d72-9a12-a4adfa82a113 req-507bab10-009c-4d72-9a12-a4adfa82a113 ] Request (ImagesNegativeTestJSON:setUpClass): 201 POST http://10.180.1.21/identity/v3/auth/tokens 0.043s
2025-12-10 00:13:10.131 67248 INFO tempest.lib.common.rest_client [req-9fc88974-e90d-44bb-be2c-c4c2da1f7abc req-9fc88974-e90d-44bb-be2c-c4c2da1f7abc ] Request (ImagesNegativeTestJSON:setUpClass): 200 GET http://10.180.1.21/identity/v3/domains?name=Default 0.049s
2025-12-10 00:13:10.151 67238 INFO tempest.lib.common.rest_client [req-45a983ae-77b9-4b96-9b97-cb40d173fbdb req-45a983ae-77b9-4b96-9b97-cb40d173fbdb ] Request (FloatingIPDetailsNegativeTestJSON:tearDownClass): 204 DELETE http://10.180.1.21/networking/v2.0/routers/0096df45-f415-4998-a57d-087e9318ca5c 0.609s
2025-12-10 00:13:10.177 67248 INFO tempest.lib.common.rest_client [req-df66dcb8-848f-4951-9b28-b4751635b4b7 req-df66dcb8-848f-4951-9b28-b4751635b4b7 ] Request (ImagesNegativeTestJSON:setUpClass): 201 POST http://10.180.1.21/identity/v3/projects 0.045s
2025-12-10 00:13:10.280 67248 INFO tempest.lib.common.rest_client [req-22ddc4e6-9caf-4b99-8179-16770fb91759 req-22ddc4e6-9caf-4b99-8179-16770fb91759 ] Request (ImagesNegativeTestJSON:setUpClass): 201 POST http://10.180.1.21/identity/v3/users 0.102s
2025-12-10 00:13:10.300 67282 INFO tempest.lib.common.rest_client [req-3f4684d3-04e5-4f08-8c0a-fc3c77b03be2 req-3f4684d3-04e5-4f08-8c0a-fc3c77b03be2 ] Request (SecurityGroupRulesTestJSON:_run_cleanups): 202 DELETE http://10.180.1.21/compute/v2.1/os-security-group-rules/6dbffbcb-46bd-4705-abe3-2b1af88cc919 1.698s
2025-12-10 00:13:10.316 67248 INFO tempest.lib.common.rest_client [req-15e39670-0719-43d8-8d6d-e431c4222029 req-15e39670-0719-43d8-8d6d-e431c4222029 ] Request (ImagesNegativeTestJSON:setUpClass): 200 GET http://10.180.1.21/identity/v3/roles 0.036s
2025-12-10 00:13:10.321 67238 INFO tempest.lib.common.rest_client [req-13cb1fad-0a72-480b-9763-0c7d2b0552d5 req-13cb1fad-0a72-480b-9763-0c7d2b0552d5 ] Request (FloatingIPDetailsNegativeTestJSON:tearDownClass): 204 DELETE http://10.180.1.21/networking/v2.0/subnets/67016e63-3768-4711-be47-390b9db25822 0.170s
2025-12-10 00:13:10.331 67280 INFO tempest.lib.common.rest_client [req-64ce9a40-8601-40be-af9d-e92c9d4a5649 req-64ce9a40-8601-40be-af9d-e92c9d4a5649 ] Request (ServersAdminNegativeTestJSON:setUpClass): 200 GET http://10.180.1.21/compute/v2.1/servers/3a7c7688-f241-406b-831f-a83d9f12a92e 1.715s
2025-12-10 00:13:10.364 67248 INFO tempest.lib.common.rest_client [req-ea1ded6c-7f70-4be4-8660-e515afc7f160 req-ea1ded6c-7f70-4be4-8660-e515afc7f160 ] Request (ImagesNegativeTestJSON:setUpClass): 204 PUT http://10.180.1.21/identity/v3/projects/227993ffbe5946138e3f088c3e138de0/users/b854f056fb2d4baa80dc6d04e2704641/roles/0054e2e8df454acfa791c8cd66872fa2 0.047s
2025-12-10 00:13:10.364 67248 INFO tempest.lib.common.dynamic_creds [-] Dynamic test user b854f056fb2d4baa80dc6d04e2704641 is created with scope project and roles: ['member']
2025-12-10 00:13:10.364 67248 INFO tempest.lib.common.dynamic_creds [-] Acquired dynamic creds: credentials: Credentials: {'domain_id': 'default', 'domain_name': 'Default', 'username': 'tempest-ImagesNegativeTestJSON-1319589210-project-member', 'project_domain_id': 'default', 'project_domain_name': 'Default', 'project_id': '227993ffbe5946138e3f088c3e138de0', 'project_name': 'tempest-ImagesNegativeTestJSON-1319589210', 'tenant_id': '227993ffbe5946138e3f088c3e138de0', 'tenant_name': 'tempest-ImagesNegativeTestJSON-1319589210', 'user_domain_id': 'default', 'user_domain_name': 'Default', 'user_id': 'b854f056fb2d4baa80dc6d04e2704641', 'system': None}, Network: None, Subnet: None, Router: None
2025-12-10 00:13:10.461 67248 INFO tempest.lib.common.rest_client [req-12d61197-87ff-48a8-80c9-786bb0ebe3aa req-12d61197-87ff-48a8-80c9-786bb0ebe3aa ] Request (ImagesNegativeTestJSON:setUpClass): 201 POST http://10.180.1.21/identity/v3/auth/tokens 0.096s
2025-12-10 00:13:10.539 67238 INFO tempest.lib.common.rest_client [req-6c4fffd6-3a97-4e27-9b4a-79cfafdafec0 req-6c4fffd6-3a97-4e27-9b4a-79cfafdafec0 ] Request (FloatingIPDetailsNegativeTestJSON:tearDownClass): 204 DELETE http://10.180.1.21/networking/v2.0/networks/165ff5ae-6802-44b0-b25a-c81cd47baccf 0.218s
2025-12-10 00:13:10.566 67258 INFO tempest.lib.common.rest_client [req-3abd0337-2dea-4b66-9aca-71cc5b8ac622 req-3abd0337-2dea-4b66-9aca-71cc5b8ac622 ] Request (InstanceActionsV221TestJSON:test_get_list_deleted_instance_actions): 200 GET http://10.180.1.21/compute/v2.1/servers/8ece3998-0ba6-4091-bfbe-843494220bec 1.873s
2025-12-10 00:13:10.586 67232 INFO tempest.lib.common.rest_client [req-7ea61b3b-94ce-45a0-8199-d50ca5b6d8d3 req-7ea61b3b-94ce-45a0-8199-d50ca5b6d8d3 ] Request (ServerExternalEventsTest:tearDownClass): 200 GET http://10.180.1.21/compute/v2.1/servers/43c047df-14f9-4782-9c8e-debb09e5c970 1.809s
2025-12-10 00:13:10.636 67238 INFO tempest.lib.common.rest_client [req-09a06fb6-ba74-4d22-b86f-e883ec75702c req-09a06fb6-ba74-4d22-b86f-e883ec75702c ] Request (FloatingIPDetailsNegativeTestJSON:tearDownClass): 204 DELETE http://10.180.1.21/identity/v3/users/f6a14a59ff95457aa52b89f999ecc29f 0.097s
2025-12-10 00:13:10.637 67238 INFO tempest.lib.common.dynamic_creds [-] Deleting project and security group for project: 6e84e583a0e04b1eadfaedc04426276c
2025-12-10 00:13:10.925 67248 INFO tempest.lib.common.rest_client [req-5bb7967a-7ede-4aa9-96fd-0a778c47fe07 req-5bb7967a-7ede-4aa9-96fd-0a778c47fe07 ] Request (ImagesNegativeTestJSON:setUpClass): 201 POST http://10.180.1.21/networking/v2.0/networks 0.463s
2025-12-10 00:13:11.042 67238 INFO tempest.lib.common.rest_client [req-b9dbb612-32a1-4e36-bad7-f3d054e6ef0b req-b9dbb612-32a1-4e36-bad7-f3d054e6ef0b ] Request (FloatingIPDetailsNegativeTestJSON:tearDownClass): 200 GET http://10.180.1.21/networking/v2.0/security-groups?tenant_id=6e84e583a0e04b1eadfaedc04426276c&name=default 0.405s
2025-12-10 00:13:11.316 67248 INFO tempest.lib.common.rest_client [req-4d851667-23fd-4d4e-a36a-917f9716e621 req-4d851667-23fd-4d4e-a36a-917f9716e621 ] Request (ImagesNegativeTestJSON:setUpClass): 201 POST http://10.180.1.21/networking/v2.0/subnets 0.390s
2025-12-10 00:13:11.358 67226 INFO tempest.lib.common.rest_client [req-30e1f7b0-e45a-4737-9834-03a7a59550bd req-30e1f7b0-e45a-4737-9834-03a7a59550bd ] Request (MultipleCreateTestJSON:test_multiple_create): 200 GET http://10.180.1.21/compute/v2.1/servers/b9183a70-209b-4bb8-9b85-6bf7515460e9 2.510s
2025-12-10 00:13:11.365 67226 INFO tempest.common.waiters [-] State transition "BUILD/spawning" ==> "ACTIVE/None" after 34 second wait
2025-12-10 00:13:11.410 67252 INFO tempest.lib.common.rest_client [req-0aeb961d-d81e-4c3c-8c6a-116c99572c4d req-0aeb961d-d81e-4c3c-8c6a-116c99572c4d ] Request (MigrationsAdminTest:test_list_migrations_in_flavor_resize_situation): 200 GET http://10.180.1.21/compute/v2.1/servers/75b3a090-765f-4465-adaf-8aa991ef0b9f 2.506s
2025-12-10 00:13:11.418 67252 INFO tempest.common.waiters [-] State transition "RESIZE/resize_migrated" ==> "RESIZE/resize_finish" after 39 second wait
2025-12-10 00:13:11.487 67238 INFO tempest.lib.common.rest_client [req-ffeaaaf9-c2a9-4027-a4fb-01fce05a4076 req-ffeaaaf9-c2a9-4027-a4fb-01fce05a4076 ] Request (FloatingIPDetailsNegativeTestJSON:tearDownClass): 204 DELETE http://10.180.1.21/networking/v2.0/security-groups/9bebc791-b3ec-488b-a932-b525ca2e3dde 0.445s
2025-12-10 00:13:11.638 67238 INFO tempest.lib.common.rest_client [req-7d6adb9b-2604-4216-a54a-54ee29ea9d5b req-7d6adb9b-2604-4216-a54a-54ee29ea9d5b ] Request (FloatingIPDetailsNegativeTestJSON:tearDownClass): 204 DELETE http://10.180.1.21/identity/v3/projects/6e84e583a0e04b1eadfaedc04426276c 0.150s
2025-12-10 00:13:11.680 67272 INFO tempest.lib.common.rest_client [req-1f169e3b-0585-4feb-85a4-81090c89e168 req-1f169e3b-0585-4feb-85a4-81090c89e168 ] Request (QuotasAdminTestV257:test_get_updated_quotas): 200 PUT http://10.180.1.21/compute/v2.1/os-quota-sets/5d80c0233f604f69ae2d46e2a494d893?user_id=c0aa0f5ffeb841f6b93b02579cf0ed3f 2.698s
2025-12-10 00:13:11.715 67238 INFO tempest.lib.common.rest_client [req-da08732c-efd4-47c7-bc09-6ec217682397 req-da08732c-efd4-47c7-bc09-6ec217682397 ] Request (ListImageFiltersTestJSON:setUpClass): 201 POST http://10.180.1.21/identity/v3/auth/tokens 0.074s
2025-12-10 00:13:11.760 67238 INFO tempest.lib.common.rest_client [req-cbb680d0-b4cc-47f3-82dc-a1e6fd6f374a req-cbb680d0-b4cc-47f3-82dc-a1e6fd6f374a ] Request (ListImageFiltersTestJSON:setUpClass): 201 POST http://10.180.1.21/identity/v3/auth/tokens 0.041s
2025-12-10 00:13:11.802 67238 INFO tempest.lib.common.rest_client [req-9777c900-5f81-46b2-94fa-0f889de6b1bd req-9777c900-5f81-46b2-94fa-0f889de6b1bd ] Request (ListImageFiltersTestJSON:setUpClass): 200 GET http://10.180.1.21/identity/v3/domains?name=Default 0.041s
2025-12-10 00:13:11.843 67238 INFO tempest.lib.common.rest_client [req-ae419991-16fb-421b-8ee8-de2f377ac6bf req-ae419991-16fb-421b-8ee8-de2f377ac6bf ] Request (ListImageFiltersTestJSON:setUpClass): 201 POST http://10.180.1.21/identity/v3/projects 0.041s
2025-12-10 00:13:11.924 67238 INFO tempest.lib.common.rest_client [req-7eb8a498-ddc1-40d9-a22e-c0ba2e43e2ac req-7eb8a498-ddc1-40d9-a22e-c0ba2e43e2ac ] Request (ListImageFiltersTestJSON:setUpClass): 201 POST http://10.180.1.21/identity/v3/users 0.079s
2025-12-10 00:13:11.959 67238 INFO tempest.lib.common.rest_client [req-bcae08a5-d5d0-4de6-b6fd-77f9c218193d req-bcae08a5-d5d0-4de6-b6fd-77f9c218193d ] Request (ListImageFiltersTestJSON:setUpClass): 200 GET http://10.180.1.21/identity/v3/roles 0.034s
2025-12-10 00:13:11.990 67238 INFO tempest.lib.common.rest_client [req-de1c2359-51f9-44d8-970a-b83064ecea37 req-de1c2359-51f9-44d8-970a-b83064ecea37 ] Request (ListImageFiltersTestJSON:setUpClass): 204 PUT http://10.180.1.21/identity/v3/projects/52ee994f4bce4501957884af0abad1fd/users/d9608102db75446a95ccd7a398b44de8/roles/0054e2e8df454acfa791c8cd66872fa2 0.029s
2025-12-10 00:13:11.990 67238 INFO tempest.lib.common.dynamic_creds [-] Dynamic test user d9608102db75446a95ccd7a398b44de8 is created with scope project and roles: ['member']
2025-12-10 00:13:11.990 67238 INFO tempest.lib.common.dynamic_creds [-] Acquired dynamic creds: credentials: Credentials: {'domain_id': 'default', 'domain_name': 'Default', 'username': 'tempest-ListImageFiltersTestJSON-1541338831-project-member', 'project_domain_id': 'default', 'project_domain_name': 'Default', 'project_id': '52ee994f4bce4501957884af0abad1fd', 'project_name': 'tempest-ListImageFiltersTestJSON-1541338831', 'tenant_id': '52ee994f4bce4501957884af0abad1fd', 'tenant_name': 'tempest-ListImageFiltersTestJSON-1541338831', 'user_domain_id': 'default', 'user_domain_name': 'Default', 'user_id': 'd9608102db75446a95ccd7a398b44de8', 'system': None}, Network: None, Subnet: None, Router: None
2025-12-10 00:13:11.990 67238 INFO tempest.lib.common.dynamic_creds [-] Created isolated network resources for: credentials: Credentials: {'domain_id': 'default', 'domain_name': 'Default', 'username': 'tempest-ListImageFiltersTestJSON-1541338831-project-member', 'project_domain_id': 'default', 'project_domain_name': 'Default', 'project_id': '52ee994f4bce4501957884af0abad1fd', 'project_name': 'tempest-ListImageFiltersTestJSON-1541338831', 'tenant_id': '52ee994f4bce4501957884af0abad1fd', 'tenant_name': 'tempest-ListImageFiltersTestJSON-1541338831', 'user_domain_id': 'default', 'user_domain_name': 'Default', 'user_id': 'd9608102db75446a95ccd7a398b44de8', 'system': None}, Network: None, Subnet: None, Router: None
2025-12-10 00:13:11.998 67268 INFO tempest.lib.common.rest_client [req-30e07b5c-dae7-435c-8567-3721b3c930cd req-30e07b5c-dae7-435c-8567-3721b3c930cd ] Request (ServersAdmin275Test:test_rebuild_update_server_275): 200 GET http://10.180.1.21/compute/v2.1/servers/4311b7d9-9f57-48a7-9470-10739dfcaaaa 3.081s
2025-12-10 00:13:12.027 67278 INFO tempest.lib.common.rest_client [req-17c7a2b8-0e0e-41a5-9204-844c9f738fb2 req-17c7a2b8-0e0e-41a5-9204-844c9f738fb2 ] Request (ServersV294TestFqdnHostnames:setUpClass): 200 GET http://10.180.1.21/compute/v2.1/servers/ef7d92f5-1a94-4370-836f-e256441db8e1 3.033s
2025-12-10 00:13:12.034 67286 INFO tempest.lib.common.rest_client [req-1efef23a-6f17-4336-b3f7-0ac3da69365d req-1efef23a-6f17-4336-b3f7-0ac3da69365d ] Request (FloatingIPsAssociationNegativeTestJSON:test_associate_ip_to_server_without_passing_floating_ip): 400 POST http://10.180.1.21/compute/v2.1/servers/8dec9cd8-7ea2-4c0d-bda5-8274b118be02/action 2.998s
2025-12-10 00:13:12.091 67238 INFO tempest.lib.common.rest_client [req-93abd2f4-7c92-4c2f-a544-9ab18fe988a0 req-93abd2f4-7c92-4c2f-a544-9ab18fe988a0 ] Request (ListImageFiltersTestJSON:setUpClass): 201 POST http://10.180.1.21/identity/v3/auth/tokens 0.096s
2025-12-10 00:13:12.097 67254 INFO tempest.lib.common.rest_client [req-24e834fc-b8f8-4cca-a2eb-09718eee946a req-24e834fc-b8f8-4cca-a2eb-09718eee946a ] Request (ServerDiagnosticsNegativeTest:tearDownClass): 200 GET http://10.180.1.21/compute/v2.1/servers/a58c7f06-38a2-4643-9add-048059428221 3.088s
2025-12-10 00:13:12.105 67254 INFO tempest.common.waiters [-] State transition "ACTIVE/deleting" ==> "DELETED/None" after 4 second wait
2025-12-10 00:13:12.109 67234 INFO tempest.lib.common.rest_client [req-67f46880-75af-4754-84c1-641d33629df8 req-67f46880-75af-4754-84c1-641d33629df8 ] Request (AggregatesAdminNegativeTestJSON:test_aggregate_get_details_as_user): 403 GET http://10.180.1.21/compute/v2.1/os-aggregates/6 3.030s
2025-12-10 00:13:12.162 67236 INFO tempest.lib.common.rest_client [req-b12a9560-034b-4e24-99df-559b00e82e6e req-b12a9560-034b-4e24-99df-559b00e82e6e ] Request (ServersAdminTestJSON:setUpClass): 200 GET http://10.180.1.21/compute/v2.1/servers/c318782d-e995-450e-b2ac-d58143e071a8 3.101s
2025-12-10 00:13:12.226 67260 INFO tempest.lib.common.rest_client [req-d67e9b09-df13-4a92-bc6f-980442d1e470 req-d67e9b09-df13-4a92-bc6f-980442d1e470 ] Request (ServerTagsTestJSON:setUpClass): 200 GET http://10.180.1.21/compute/v2.1/servers/61766c1d-f091-45fb-95ad-2700e55158ee 3.136s
2025-12-10 00:13:12.241 67260 INFO tempest.common.waiters [-] State transition "BUILD/scheduling" ==> "BUILD/None" after 4 second wait
2025-12-10 00:13:12.276 67262 INFO tempest.lib.common.rest_client [req-72fa4f6b-3445-4502-a816-bc0f7eeb9794 req-72fa4f6b-3445-4502-a816-bc0f7eeb9794 ] Request (ServerActionsTestOtherB:setUpClass): 200 GET http://10.180.1.21/compute/v2.1/servers/85779ddc-39b4-42e9-a5ed-dbf66dba7712 3.127s
2025-12-10 00:13:12.294 67271 INFO tempest.lib.common.rest_client [req-e2f0fbf0-b94d-445e-8374-1f612c07c133 req-e2f0fbf0-b94d-445e-8374-1f612c07c133 ] Request (ServerMetadataNegativeTestJSON:setUpClass): 200 GET http://10.180.1.21/compute/v2.1/servers/a8d2e678-b950-44ff-99db-d3693d6b5c40 3.143s
2025-12-10 00:13:12.306 67264 INFO tempest.lib.common.rest_client [req-dce7c9d8-cdea-44b3-8de5-5d8996c3ab70 req-dce7c9d8-cdea-44b3-8de5-5d8996c3ab70 ] Request (ServerMetadataTestJSON:test_delete_server_metadata_item): 200 GET http://10.180.1.21/compute/v2.1/servers/e4dabd08-a246-4f46-91f8-37dd612fd571/metadata 3.152s
2025-12-10 00:13:12.401 67250 INFO tempest.lib.common.rest_client [req-7b8e0740-0512-469b-9f5d-29742444699f req-7b8e0740-0512-469b-9f5d-29742444699f ] Request (FloatingIPsAssociationTestJSON:test_associate_already_associated_floating_ip): 200 GET http://10.180.1.21/compute/v2.1/servers/5df7b8f4-e18a-40a2-b977-f7daadc850c0 3.183s
2025-12-10 00:13:12.422 67230 WARNING tempest.lib.common.ssh [-] Failed to establish authenticated ssh connection to cirros@10.180.180.239 ([Errno None] Unable to connect to port 22 on 10.180.180.239). Number attempts: 5. Retry after 6 seconds.: paramiko.ssh_exception.NoValidConnectionsError: [Errno None] Unable to connect to port 22 on 10.180.180.239
2025-12-10 00:13:12.427 67276 INFO tempest.lib.common.rest_client [req-c89cc92d-7847-46dc-b5d4-14b43c81f399 req-c89cc92d-7847-46dc-b5d4-14b43c81f399 ] Request (ServersWithSpecificFlavorTestJSON:test_verify_created_server_ephemeral_disk): 200 GET http://10.180.1.21/compute/v2.1/servers/75acfe7d-22ef-424d-bf23-1d7b6109121f 3.222s
2025-12-10 00:13:12.434 67276 INFO tempest.common.waiters [-] State transition "BUILD/None" ==> "BUILD/spawning" after 34 second wait
2025-12-10 00:13:12.451 67246 INFO tempest.lib.common.rest_client [req-00531cfc-60ae-4fa8-b512-8fcfbd1e410e req-00531cfc-60ae-4fa8-b512-8fcfbd1e410e ] Request (FlavorsAccessNegativeTestJSON:_run_cleanups): 202 DELETE http://10.180.1.21/compute/v2.1/flavors/1726034914 3.129s
2025-12-10 00:13:12.465 67224 INFO tempest.lib.common.rest_client [req-584cba4e-6e74-4034-9c94-4d1c4fbea728 req-584cba4e-6e74-4034-9c94-4d1c4fbea728 ] Request (FlavorsAdminTestJSON:_run_cleanups): 202 DELETE http://10.180.1.21/compute/v2.1/flavors/195237304 3.132s
2025-12-10 00:13:12.469 67240 INFO tempest.lib.common.rest_client [req-2d4ec837-857e-40e8-8676-4e49c21375b0 req-2d4ec837-857e-40e8-8676-4e49c21375b0 ] Request (HostsAdminNegativeTestJSON:test_update_host_with_invalid_status): 400 PUT http://10.180.1.21/compute/v2.1/os-hosts/devstack 3.129s
2025-12-10 00:13:12.485 67244 INFO tempest.lib.common.rest_client [req-0f810dab-2bd1-4477-97b8-66412279c702 req-0f810dab-2bd1-4477-97b8-66412279c702 ] Request (ServerDiagnosticsV248Test:tearDownClass): 200 GET http://10.180.1.21/compute/v2.1/servers/cb24cb2e-d02f-4465-8848-96c8b8b3a75b 3.192s
2025-12-10 00:13:12.494 67244 INFO tempest.common.waiters [-] State transition "ACTIVE/deleting" ==> "DELETED/None" after 4 second wait
2025-12-10 00:13:12.553 67238 INFO tempest.lib.common.rest_client [req-fcb14ce0-5647-481c-86ab-8026212f7bc2 req-fcb14ce0-5647-481c-86ab-8026212f7bc2 ] Request (ListImageFiltersTestJSON:setUpClass): 201 POST http://10.180.1.21/image/v2/images 0.461s
2025-12-10 00:13:12.726 67248 INFO tempest.lib.common.rest_client [req-c2a7bc5d-13a0-4ac6-bf13-1d9eabc2db2e req-c2a7bc5d-13a0-4ac6-bf13-1d9eabc2db2e ] Request (ImagesNegativeTestJSON:setUpClass): 201 POST http://10.180.1.21/networking/v2.0/routers 1.410s
2025-12-10 00:13:12.757 67274 INFO tempest.lib.common.rest_client [req-d50db2a4-5ae3-4a86-8370-35b2b7c64e2a req-d50db2a4-5ae3-4a86-8370-35b2b7c64e2a ] Request (TenantUsagesTestJSON:tearDownClass): 200 GET http://10.180.1.21/compute/v2.1/servers/290c640f-eb4b-4f55-a09e-17b152665e9d 3.257s
2025-12-10 00:13:12.887 67284 INFO tempest.lib.common.rest_client [req-03126e27-a673-48e3-bad7-91af78749b26 req-03126e27-a673-48e3-bad7-91af78749b26 ] Request (ImagesOneServerTestJSON:test_create_delete_image): 204 DELETE http://10.180.1.21/compute/v2.1/images/8c8b2301-28d8-48c7-bd51-5fa8ba5fab77 3.332s
2025-12-10 00:13:12.920 67228 INFO tempest.lib.common.rest_client [req-b9cc73c3-43af-40fb-9514-59e6ca973fa2 req-b9cc73c3-43af-40fb-9514-59e6ca973fa2 ] Request (ServerAddressesNegativeTestJSON:setUpClass): 200 GET http://10.180.1.21/compute/v2.1/servers/4ffab825-c5f5-4cec-81f7-b5a25e5a569a 3.540s
2025-12-10 00:13:12.928 67228 INFO tempest.common.waiters [-] State transition "BUILD/scheduling" ==> "BUILD/None" after 7 second wait
2025-12-10 00:13:13.035 67266 INFO tempest.lib.common.rest_client [req-c4264e02-6bce-48ca-bdf6-4d6ad0db10c2 req-c4264e02-6bce-48ca-bdf6-4d6ad0db10c2 ] Request (DeleteServersAdminTestJSON:test_delete_server_while_in_error_state): 200 GET http://10.180.1.21/compute/v2.1/servers/eac017c4-98dc-48da-bb9c-aabd219e4403 3.312s
2025-12-10 00:13:13.338 67282 INFO tempest.lib.common.rest_client [req-05a6ed88-a6c2-4368-8f3f-10cf403987d4 req-05a6ed88-a6c2-4368-8f3f-10cf403987d4 ] Request (SecurityGroupRulesTestJSON:tearDownClass): 202 DELETE http://10.180.1.21/compute/v2.1/os-security-groups/d6bb3f47-3dbf-4a53-bf7a-39a80ef9e927 3.035s
2025-12-10 00:13:13.479 67256 INFO tempest.lib.common.rest_client [req-332bb5e2-f4b8-452a-9a95-a18a1458b8eb req-332bb5e2-f4b8-452a-9a95-a18a1458b8eb ] Request (SecurityGroupsTestJSON:test_list_security_groups_by_server): 202 POST http://10.180.1.21/compute/v2.1/servers 3.854s
2025-12-10 00:13:13.708 67248 INFO tempest.lib.common.rest_client [req-edd43b73-821d-421e-b07f-e64c652e7fdc req-edd43b73-821d-421e-b07f-e64c652e7fdc ] Request (ImagesNegativeTestJSON:setUpClass): 200 PUT http://10.180.1.21/networking/v2.0/routers/cfe40ee3-74ce-4edf-b279-dde8f325d015/add_router_interface 0.981s
