2025-12-10 00:12:22.195 67250 INFO tempest.lib.common.rest_client [req-8495b7ba-b847-4557-892a-5e9bf120455e req-8495b7ba-b847-4557-892a-5e9bf120455e ] Request (FloatingIPsAssociationTestJSON:setUpClass): 200 GET http://10.180.1.21/compute/v2.1/servers/90f9f5a0-cd5a-400b-a594-4d11dc6637bb 2.238s
2025-12-10 00:12:22.206 67250 INFO tempest.common.waiters [-] State transition "BUILD/None" ==> "BUILD/networking" after 13 second wait
2025-12-10 00:12:22.231 67262 INFO tempest.lib.common.rest_client [req-cad42825-ef48-4638-83e0-7ac87ccedab0 req-cad42825-ef48-4638-83e0-7ac87ccedab0 ] Request (QuotasAdminTestJSON:test_get_updated_quotas): 200 PUT http://10.180.1.21/compute/v2.1/os-quota-sets/a2a3325030c246c49872d20dd415b6aa 2.151s
2025-12-10 00:12:22.300 67226 INFO tempest.lib.common.rest_client [req-8a84308e-3c62-47bb-85b2-45a722452824 req-8a84308e-3c62-47bb-85b2-45a722452824 ] Request (InstanceUsageAuditLogTestJSON:tearDownClass): 204 DELETE http://10.180.1.21/identity/v3/users/6d906be84f624ed6b197b87a1ed54193 0.171s
2025-12-10 00:12:22.340 67254 INFO tempest.lib.common.rest_client [req-6e65b1bc-3023-47be-9e3f-1e8da485d4c4 req-6e65b1bc-3023-47be-9e3f-1e8da485d4c4 ] Request (ServerDiagnosticsNegativeTest:test_get_server_diagnostics_by_non_admin): 200 GET http://10.180.1.21/compute/v2.1/servers/a58c7f06-38a2-4643-9add-048059428221 1.591s
2025-12-10 00:12:22.431 67226 INFO tempest.lib.common.rest_client [req-5b51559d-2e9a-4bb3-925b-248439ea2985 req-5b51559d-2e9a-4bb3-925b-248439ea2985 ] Request (InstanceUsageAuditLogTestJSON:tearDownClass): 204 DELETE http://10.180.1.21/identity/v3/users/23d530a34ff8473aa1c39793efdd57f5 0.130s
2025-12-10 00:12:22.431 67226 INFO tempest.lib.common.dynamic_creds [-] Deleting project and security group for project: a683cc6727cf43759212070277643495
2025-12-10 00:12:22.495 67226 INFO tempest.lib.common.rest_client [req-650be753-52c9-4f98-b199-2f19b8ceda50 req-650be753-52c9-4f98-b199-2f19b8ceda50 ] Request (InstanceUsageAuditLogTestJSON:tearDownClass): 201 POST http://10.180.1.21/identity/v3/auth/tokens 0.064s
2025-12-10 00:12:22.751 67284 INFO tempest.lib.common.rest_client [req-7c873517-f784-412e-b054-aef2d3f750f8 req-7c873517-f784-412e-b054-aef2d3f750f8 ] Request (ImagesOneServerTestJSON:setUpClass): 200 GET http://10.180.1.21/compute/v2.1/servers/0e6a83c5-450b-4745-9371-b5a8069e038c 1.942s
2025-12-10 00:12:22.935 67226 INFO tempest.lib.common.rest_client [req-b08bbf17-5498-45a2-b2ec-74f597631e24 req-b08bbf17-5498-45a2-b2ec-74f597631e24 ] Request (InstanceUsageAuditLogTestJSON:tearDownClass): 200 GET http://10.180.1.21/networking/v2.0/security-groups?tenant_id=a683cc6727cf43759212070277643495&name=default 0.439s
2025-12-10 00:12:23.170 67226 INFO tempest.lib.common.rest_client [req-11308d0d-67c5-4e62-b2a4-94b6c58d7ddf req-11308d0d-67c5-4e62-b2a4-94b6c58d7ddf ] Request (InstanceUsageAuditLogTestJSON:tearDownClass): 204 DELETE http://10.180.1.21/networking/v2.0/security-groups/6e98d733-6c01-4c93-a470-dbd4f0ff4560 0.235s
2025-12-10 00:12:23.218 67256 INFO tempest.lib.common.rest_client [req-d57947ad-ad7b-4606-b585-214e2a676229 req-d57947ad-ad7b-4606-b585-214e2a676229 ] Request (FloatingIPsTestJSON:test_delete_floating_ip): 200 POST http://10.180.1.21/compute/v2.1/os-floating-ips 2.696s
2025-12-10 00:12:23.238 67226 INFO tempest.lib.common.rest_client [req-ecf618e7-3619-4742-be5e-87c56b577981 req-ecf618e7-3619-4742-be5e-87c56b577981 ] Request (InstanceUsageAuditLogTestJSON:tearDownClass): 204 DELETE http://10.180.1.21/identity/v3/projects/a683cc6727cf43759212070277643495 0.066s
2025-12-10 00:12:23.238 67226 INFO tempest.lib.common.dynamic_creds [-] Deleting project and security group for project: 53c508801a84412da89644cc3e7a1e82
2025-12-10 00:12:23.245 67268 INFO tempest.lib.common.rest_client [req-4009bbec-6660-447a-afe4-bb64c93240b2 req-4009bbec-6660-447a-afe4-bb64c93240b2 ] Request (FlavorsV261TestJSON:_run_cleanups): 200 GET http://10.180.1.21/compute/v2.1/flavors/detail 2.300s
2025-12-10 00:12:23.248 67232 INFO tempest.lib.common.rest_client [req-5e4b630a-dbf8-4ecf-98cd-aab71c271973 req-5e4b630a-dbf8-4ecf-98cd-aab71c271973 ] Request (ServerExternalEventsTest:test_create_server_external_events): 200 GET http://10.180.1.21/compute/v2.1/servers/43c047df-14f9-4782-9c8e-debb09e5c970 2.357s
2025-12-10 00:12:23.257 67228 INFO tempest.lib.common.rest_client [req-4d9e6757-9358-4dc5-8bbc-7a2cab532799 req-4d9e6757-9358-4dc5-8bbc-7a2cab532799 ] Request (FlavorsV2TestJSON:test_list_flavors_detailed_using_marker): 200 GET http://10.180.1.21/compute/v2.1/flavors/42 2.294s
2025-12-10 00:12:23.261 67272 INFO tempest.lib.common.rest_client [req-2e7d28ad-c7b4-4501-bd8b-f5204648faef req-2e7d28ad-c7b4-4501-bd8b-f5204648faef ] Request (FlavorsAccessTestJSON:_run_cleanups): 202 DELETE http://10.180.1.21/compute/v2.1/flavors/1929600940 2.281s
2025-12-10 00:12:23.267 67280 INFO tempest.lib.common.rest_client [req-75ef362b-f227-4025-ad90-19214ba9b244 req-75ef362b-f227-4025-ad90-19214ba9b244 ] Request (HypervisorAdminNegativeTestJSON:test_show_hypervisor_with_non_admin_user): 403 GET http://10.180.1.21/compute/v2.1/os-hypervisors/1 2.268s
2025-12-10 00:12:23.283 67238 INFO tempest.lib.common.rest_client [req-5f548ae6-f3b2-4772-b2e0-7d425782ccf1 req-5f548ae6-f3b2-4772-b2e0-7d425782ccf1 ] Request (FlavorsExtraSpecsTestJSON:test_flavor_set_get_update_show_unset_keys): 200 PUT http://10.180.1.21/compute/v2.1/flavors/1933406221/os-extra_specs/hw:numa_nodes 2.293s
2025-12-10 00:12:23.295 67240 INFO tempest.lib.common.rest_client [req-1cd2021d-11b2-4432-81eb-6ea738c5f9e6 req-1cd2021d-11b2-4432-81eb-6ea738c5f9e6 ] Request (FlavorsExtraSpecsNegativeTestJSON:test_flavor_unset_nonexistent_key): 404 DELETE http://10.180.1.21/compute/v2.1/flavors/1400120323/os-extra_specs/hw:cpu_thread_policy 2.295s
2025-12-10 00:12:23.321 67236 INFO tempest.lib.common.rest_client [req-6f6aa809-fadb-411e-87d9-a97ceaffa30f req-6f6aa809-fadb-411e-87d9-a97ceaffa30f ] Request (HostsAdminTestJSON:test_list_hosts_with_zone): 200 GET http://10.180.1.21/compute/v2.1/os-hosts?zone=internal 2.291s
2025-12-10 00:12:23.398 67226 INFO tempest.lib.common.rest_client [req-586d964c-11f4-4e9c-bb86-e6e468eefb2e req-586d964c-11f4-4e9c-bb86-e6e468eefb2e ] Request (InstanceUsageAuditLogTestJSON:tearDownClass): 200 GET http://10.180.1.21/networking/v2.0/security-groups?tenant_id=53c508801a84412da89644cc3e7a1e82&name=default 0.160s
2025-12-10 00:12:23.410 67268 INFO tempest.lib.common.rest_client [req-c84dcc11-f2f6-4c86-b9fd-9c5c044e8835 req-c84dcc11-f2f6-4c86-b9fd-9c5c044e8835 ] Request (FlavorsV261TestJSON:tearDownClass): 204 DELETE http://10.180.1.21/identity/v3/users/4252aebbf581424f8e4c4afb676c4e94 0.154s
2025-12-10 00:12:23.474 67234 INFO tempest.lib.common.rest_client [req-dca4363c-0808-4252-9e2a-7bab0008590c req-dca4363c-0808-4252-9e2a-7bab0008590c ] Request (AggregatesAdminNegativeTestJSON:test_aggregate_add_host_as_user): 403 POST http://10.180.1.21/compute/v2.1/os-aggregates/2/action 2.436s
2025-12-10 00:12:23.493 67246 INFO tempest.lib.common.rest_client [req-fbcc9381-631c-4194-bdb2-0d3ed16d0fdf req-fbcc9381-631c-4194-bdb2-0d3ed16d0fdf ] Request (FlavorsAccessNegativeTestJSON:test_flavor_access_list_with_public_flavor): 200 POST http://10.180.1.21/compute/v2.1/flavors 2.405s
2025-12-10 00:12:23.504 67286 INFO tempest.lib.common.rest_client [req-8da0ed88-efc2-4e7d-9abf-4c6818fc02a5 req-8da0ed88-efc2-4e7d-9abf-4c6818fc02a5 ] Request (FloatingIPsAssociationNegativeTestJSON:setUpClass): 200 GET http://10.180.1.21/compute/v2.1/servers/8dec9cd8-7ea2-4c0d-bda5-8274b118be02 2.505s
2025-12-10 00:12:23.514 67268 INFO tempest.lib.common.rest_client [req-1d199733-809e-42a3-9c73-e3e445df6674 req-1d199733-809e-42a3-9c73-e3e445df6674 ] Request (FlavorsV261TestJSON:tearDownClass): 204 DELETE http://10.180.1.21/identity/v3/users/1f3d7a66049f4dd3bd267c752b225268 0.103s
2025-12-10 00:12:23.514 67268 INFO tempest.lib.common.dynamic_creds [-] Deleting project and security group for project: 1bdec33698774b0183b7d7a15c9d2db2
2025-12-10 00:12:23.521 67276 INFO tempest.lib.common.rest_client [req-067d6126-a560-4176-9fa5-c21e62a2c7af req-067d6126-a560-4176-9fa5-c21e62a2c7af ] Request (ServersWithSpecificFlavorTestJSON:test_verify_created_server_ephemeral_disk): 200 GET http://10.180.1.21/compute/v2.1/flavors/42/os-extra_specs 2.424s
2025-12-10 00:12:23.582 67268 INFO tempest.lib.common.rest_client [req-517f5c0a-fd7e-47e2-9622-b2f6c2dccda0 req-517f5c0a-fd7e-47e2-9622-b2f6c2dccda0 ] Request (FlavorsV261TestJSON:tearDownClass): 201 POST http://10.180.1.21/identity/v3/auth/tokens 0.067s
2025-12-10 00:12:23.583 67226 INFO tempest.lib.common.rest_client [req-1cca9fe4-7c1e-4941-8056-fe3eac8ee835 req-1cca9fe4-7c1e-4941-8056-fe3eac8ee835 ] Request (InstanceUsageAuditLogTestJSON:tearDownClass): 204 DELETE http://10.180.1.21/networking/v2.0/security-groups/1036e687-6e7d-407f-83cd-8fd8d089a82c 0.184s
2025-12-10 00:12:23.643 67226 INFO tempest.lib.common.rest_client [req-aad3ccd3-cffa-4322-a8b9-b52d4d88749e req-aad3ccd3-cffa-4322-a8b9-b52d4d88749e ] Request (InstanceUsageAuditLogTestJSON:tearDownClass): 204 DELETE http://10.180.1.21/identity/v3/projects/53c508801a84412da89644cc3e7a1e82 0.060s
2025-12-10 00:12:23.659 67230 INFO tempest.lib.common.rest_client [req-e51e031f-02b6-40bd-9d77-be0f3601868a req-e51e031f-02b6-40bd-9d77-be0f3601868a ] Request (AttachInterfacesTestJSON:test_create_list_show_delete_interfaces_by_fixed_ip): 200 GET http://10.180.1.21/compute/v2.1/servers/ab7e6500-e71c-4d14-8997-02bc63f4e506 2.518s
2025-12-10 00:12:23.698 67226 INFO tempest.lib.common.rest_client [req-e2db1123-faa9-4ddd-84ee-bddac982724e req-e2db1123-faa9-4ddd-84ee-bddac982724e ] Request (MultipleCreateTestJSON:setUpClass): 201 POST http://10.180.1.21/identity/v3/auth/tokens 0.053s
2025-12-10 00:12:23.726 67226 INFO tempest.lib.common.rest_client [req-aabc4431-62b9-42e3-a99d-df7bdbc113fa req-aabc4431-62b9-42e3-a99d-df7bdbc113fa ] Request (MultipleCreateTestJSON:setUpClass): 201 POST http://10.180.1.21/identity/v3/auth/tokens 0.025s
2025-12-10 00:12:23.748 67226 INFO tempest.lib.common.rest_client [req-067d053f-42d2-4c08-a0a6-4d89250e2765 req-067d053f-42d2-4c08-a0a6-4d89250e2765 ] Request (MultipleCreateTestJSON:setUpClass): 200 GET http://10.180.1.21/identity/v3/domains?name=Default 0.022s
2025-12-10 00:12:23.774 67226 INFO tempest.lib.common.rest_client [req-9bddf1f6-6501-4ca8-9adf-1868079c86b3 req-9bddf1f6-6501-4ca8-9adf-1868079c86b3 ] Request (MultipleCreateTestJSON:setUpClass): 201 POST http://10.180.1.21/identity/v3/projects 0.025s
2025-12-10 00:12:23.810 67268 INFO tempest.lib.common.rest_client [req-66a23b42-72ac-45a9-9d88-22b601544d5b req-66a23b42-72ac-45a9-9d88-22b601544d5b ] Request (FlavorsV261TestJSON:tearDownClass): 200 GET http://10.180.1.21/networking/v2.0/security-groups?tenant_id=1bdec33698774b0183b7d7a15c9d2db2&name=default 0.228s
2025-12-10 00:12:23.827 67226 INFO tempest.lib.common.rest_client [req-b672ac7d-bdf8-46ea-b158-7113ca7a608a req-b672ac7d-bdf8-46ea-b158-7113ca7a608a ] Request (MultipleCreateTestJSON:setUpClass): 201 POST http://10.180.1.21/identity/v3/users 0.052s
2025-12-10 00:12:23.855 67226 INFO tempest.lib.common.rest_client [req-3ab03905-011e-44ec-b919-de44facf790d req-3ab03905-011e-44ec-b919-de44facf790d ] Request (MultipleCreateTestJSON:setUpClass): 200 GET http://10.180.1.21/identity/v3/roles 0.027s
2025-12-10 00:12:23.894 67226 INFO tempest.lib.common.rest_client [req-cf12e4b6-0b72-4e6d-8254-3a73f0242edc req-cf12e4b6-0b72-4e6d-8254-3a73f0242edc ] Request (MultipleCreateTestJSON:setUpClass): 204 PUT http://10.180.1.21/identity/v3/projects/885c1af58fda43279c5e9306d2d8dba3/users/8c0f328dfbad42cdaf0790dd645996bc/roles/0054e2e8df454acfa791c8cd66872fa2 0.038s
2025-12-10 00:12:23.894 67226 INFO tempest.lib.common.dynamic_creds [-] Dynamic test user 8c0f328dfbad42cdaf0790dd645996bc is created with scope project and roles: ['member']
2025-12-10 00:12:23.895 67226 INFO tempest.lib.common.dynamic_creds [-] Acquired dynamic creds: credentials: Credentials: {'domain_id': 'default', 'domain_name': 'Default', 'username': 'tempest-MultipleCreateTestJSON-1379429850-project-member', 'project_domain_id': 'default', 'project_domain_name': 'Default', 'project_id': '885c1af58fda43279c5e9306d2d8dba3', 'project_name': 'tempest-MultipleCreateTestJSON-1379429850', 'tenant_id': '885c1af58fda43279c5e9306d2d8dba3', 'tenant_name': 'tempest-MultipleCreateTestJSON-1379429850', 'user_domain_id': 'default', 'user_domain_name': 'Default', 'user_id': '8c0f328dfbad42cdaf0790dd645996bc', 'system': None}, Network: None, Subnet: None, Router: None
2025-12-10 00:12:23.959 67226 INFO tempest.lib.common.rest_client [req-13ab0b25-9a2e-4267-b390-9d05893af152 req-13ab0b25-9a2e-4267-b390-9d05893af152 ] Request (MultipleCreateTestJSON:setUpClass): 201 POST http://10.180.1.21/identity/v3/auth/tokens 0.064s
2025-12-10 00:12:24.026 67268 INFO tempest.lib.common.rest_client [req-0fb063ea-5e20-40dc-add3-6fd9475e5a8f req-0fb063ea-5e20-40dc-add3-6fd9475e5a8f ] Request (FlavorsV261TestJSON:tearDownClass): 204 DELETE http://10.180.1.21/networking/v2.0/security-groups/070f805e-f219-4f56-9c36-8bce42ecc351 0.216s
2025-12-10 00:12:24.116 67252 INFO tempest.lib.common.rest_client [req-f6efdfc6-1339-43a8-ac86-6897abfc2a56 req-f6efdfc6-1339-43a8-ac86-6897abfc2a56 ] Request (MigrationsAdminTest:test_list_migrations_in_flavor_resize_situation): 200 GET http://10.180.1.21/compute/v2.1/servers/75b3a090-765f-4465-adaf-8aa991ef0b9f 2.453s
2025-12-10 00:12:24.118 67268 INFO tempest.lib.common.rest_client [req-e0eb3ee1-55ba-4f1b-9af9-9f320a854350 req-e0eb3ee1-55ba-4f1b-9af9-9f320a854350 ] Request (FlavorsV261TestJSON:tearDownClass): 204 DELETE http://10.180.1.21/identity/v3/projects/1bdec33698774b0183b7d7a15c9d2db2 0.089s
2025-12-10 00:12:24.118 67268 INFO tempest.lib.common.dynamic_creds [-] Deleting project and security group for project: 83b20cb5f2e9442bb0756d09d58162e7
2025-12-10 00:12:24.124 67252 INFO tempest.common.waiters [-] State transition "BUILD/spawning" ==> "ACTIVE/None" after 17 second wait
2025-12-10 00:12:24.208 67271 INFO tempest.lib.common.rest_client [req-b4086957-5c72-4ec6-b63e-db76a20cb9e0 req-b4086957-5c72-4ec6-b63e-db76a20cb9e0 ] Request (QuotasAdminNegativeTest:test_create_server_when_instances_quota_is_full): 403 POST http://10.180.1.21/compute/v2.1/servers 3.114s
2025-12-10 00:12:24.322 67226 INFO tempest.lib.common.rest_client [req-137b5033-57a3-4b76-89a9-ee455821e5ab req-137b5033-57a3-4b76-89a9-ee455821e5ab ] Request (MultipleCreateTestJSON:setUpClass): 201 POST http://10.180.1.21/networking/v2.0/networks 0.363s
2025-12-10 00:12:24.334 67268 INFO tempest.lib.common.rest_client [req-135d396e-7fcb-46da-8792-2cfc247c5f4a req-135d396e-7fcb-46da-8792-2cfc247c5f4a ] Request (FlavorsV261TestJSON:tearDownClass): 200 GET http://10.180.1.21/networking/v2.0/security-groups?tenant_id=83b20cb5f2e9442bb0756d09d58162e7&name=default 0.215s
2025-12-10 00:12:24.395 67244 INFO tempest.lib.common.rest_client [req-dd5889b9-eaee-45f6-8886-72e72c5a68dc req-dd5889b9-eaee-45f6-8886-72e72c5a68dc ] Request (ServerDiagnosticsV248Test:test_get_server_diagnostics): 200 GET http://10.180.1.21/compute/v2.1/servers/cb24cb2e-d02f-4465-8848-96c8b8b3a75b 2.600s
2025-12-10 00:12:24.412 67224 INFO tempest.lib.common.rest_client [req-352def65-a02f-4685-a576-f8571f99ccb3 req-352def65-a02f-4685-a576-f8571f99ccb3 ] Request (FlavorsAdminTestJSON:test_create_flavor_with_int_id): 200 POST http://10.180.1.21/compute/v2.1/flavors 2.590s
2025-12-10 00:12:24.553 67226 INFO tempest.lib.common.rest_client [req-c095a72e-e532-44c0-b904-fd652703dab8 req-c095a72e-e532-44c0-b904-fd652703dab8 ] Request (MultipleCreateTestJSON:setUpClass): 201 POST http://10.180.1.21/networking/v2.0/subnets 0.230s
2025-12-10 00:12:24.646 67268 INFO tempest.lib.common.rest_client [req-70e3794a-f5b7-4276-976a-79b92a031853 req-70e3794a-f5b7-4276-976a-79b92a031853 ] Request (FlavorsV261TestJSON:tearDownClass): 204 DELETE http://10.180.1.21/networking/v2.0/security-groups/a5aea6f0-e08f-40b6-8102-0f25f51fc940 0.312s
2025-12-10 00:12:24.763 67282 INFO tempest.lib.common.rest_client [req-e0eb88d0-d64d-45aa-9309-82fd85c32a85 req-e0eb88d0-d64d-45aa-9309-82fd85c32a85 ] Request (SecurityGroupRulesTestJSON:test_security_group_rules_create): 200 POST http://10.180.1.21/compute/v2.1/os-security-group-rules 2.975s
2025-12-10 00:12:24.788 67268 INFO tempest.lib.common.rest_client [req-415d75fa-ef18-4f68-a771-14aed845c268 req-415d75fa-ef18-4f68-a771-14aed845c268 ] Request (FlavorsV261TestJSON:tearDownClass): 204 DELETE http://10.180.1.21/identity/v3/projects/83b20cb5f2e9442bb0756d09d58162e7 0.141s
2025-12-10 00:12:24.866 67268 INFO tempest.lib.common.rest_client [req-a956bcb4-effd-4490-ad26-dc565f171347 req-a956bcb4-effd-4490-ad26-dc565f171347 ] Request (ServersAdmin275Test:setUpClass): 201 POST http://10.180.1.21/identity/v3/auth/tokens 0.075s
2025-12-10 00:12:24.902 67268 INFO tempest.lib.common.rest_client [req-acf60525-a806-46cb-a427-6acf627171f5 req-acf60525-a806-46cb-a427-6acf627171f5 ] Request (ServersAdmin275Test:setUpClass): 201 POST http://10.180.1.21/identity/v3/auth/tokens 0.032s
2025-12-10 00:12:24.944 67268 INFO tempest.lib.common.rest_client [req-bdb92080-69e7-4d51-bb4a-460555e864fe req-bdb92080-69e7-4d51-bb4a-460555e864fe ] Request (ServersAdmin275Test:setUpClass): 200 GET http://10.180.1.21/identity/v3/domains?name=Default 0.041s
2025-12-10 00:12:24.977 67268 INFO tempest.lib.common.rest_client [req-a13d07cb-b15b-4d73-86cf-0211d44abb58 req-a13d07cb-b15b-4d73-86cf-0211d44abb58 ] Request (ServersAdmin275Test:setUpClass): 201 POST http://10.180.1.21/identity/v3/projects 0.032s
2025-12-10 00:12:25.061 67268 INFO tempest.lib.common.rest_client [req-8c7a2116-f6e3-429d-a709-de06eb6af39d req-8c7a2116-f6e3-429d-a709-de06eb6af39d ] Request (ServersAdmin275Test:setUpClass): 201 POST http://10.180.1.21/identity/v3/users 0.084s
2025-12-10 00:12:25.086 67268 INFO tempest.lib.common.rest_client [req-024a1036-b8e7-480c-8070-a9dc7e0c90ef req-024a1036-b8e7-480c-8070-a9dc7e0c90ef ] Request (ServersAdmin275Test:setUpClass): 200 GET http://10.180.1.21/identity/v3/roles 0.024s
2025-12-10 00:12:25.121 67268 INFO tempest.lib.common.rest_client [req-6ffe1bd2-57fe-4708-aa11-0820c1674841 req-6ffe1bd2-57fe-4708-aa11-0820c1674841 ] Request (ServersAdmin275Test:setUpClass): 204 PUT http://10.180.1.21/identity/v3/projects/a2e96a0e717e4404bfeeaf4628fa6398/users/0872b6e0ac4a4c128517a3a9eb846976/roles/0054e2e8df454acfa791c8cd66872fa2 0.034s
2025-12-10 00:12:25.121 67268 INFO tempest.lib.common.dynamic_creds [-] Dynamic test user 0872b6e0ac4a4c128517a3a9eb846976 is created with scope project and roles: ['member']
2025-12-10 00:12:25.121 67268 INFO tempest.lib.common.dynamic_creds [-] Acquired dynamic creds: credentials: Credentials: {'domain_id': 'default', 'domain_name': 'Default', 'username': 'tempest-ServersAdmin275Test-1794352218-project-member', 'project_domain_id': 'default', 'project_domain_name': 'Default', 'project_id': 'a2e96a0e717e4404bfeeaf4628fa6398', 'project_name': 'tempest-ServersAdmin275Test-1794352218', 'tenant_id': 'a2e96a0e717e4404bfeeaf4628fa6398', 'tenant_name': 'tempest-ServersAdmin275Test-1794352218', 'user_domain_id': 'default', 'user_domain_name': 'Default', 'user_id': '0872b6e0ac4a4c128517a3a9eb846976', 'system': None}, Network: None, Subnet: None, Router: None
2025-12-10 00:12:25.122 67268 INFO tempest.lib.common.dynamic_creds [-] Created isolated network resources for: credentials: Credentials: {'domain_id': 'default', 'domain_name': 'Default', 'username': 'tempest-ServersAdmin275Test-1794352218-project-member', 'project_domain_id': 'default', 'project_domain_name': 'Default', 'project_id': 'a2e96a0e717e4404bfeeaf4628fa6398', 'project_name': 'tempest-ServersAdmin275Test-1794352218', 'tenant_id': 'a2e96a0e717e4404bfeeaf4628fa6398', 'tenant_name': 'tempest-ServersAdmin275Test-1794352218', 'user_domain_id': 'default', 'user_domain_name': 'Default', 'user_id': '0872b6e0ac4a4c128517a3a9eb846976', 'system': None}, Network: None, Subnet: None, Router: None
2025-12-10 00:12:25.198 67268 INFO tempest.lib.common.rest_client [req-8461620c-3914-451b-9c58-40a3d05c2ae7 req-8461620c-3914-451b-9c58-40a3d05c2ae7 ] Request (ServersAdmin275Test:setUpClass): 201 POST http://10.180.1.21/identity/v3/auth/tokens 0.073s
2025-12-10 00:12:25.265 67268 INFO tempest.lib.common.rest_client [req-bd307e29-eead-4667-96be-53d779d22b63 req-bd307e29-eead-4667-96be-53d779d22b63 ] Request (ServersAdmin275Test:setUpClass): 201 POST http://10.180.1.21/identity/v3/projects 0.066s
2025-12-10 00:12:25.324 67268 INFO tempest.lib.common.rest_client [req-23ee9eed-7072-4cbb-b22a-aff2fd9612c5 req-23ee9eed-7072-4cbb-b22a-aff2fd9612c5 ] Request (ServersAdmin275Test:setUpClass): 201 POST http://10.180.1.21/identity/v3/users 0.058s
2025-12-10 00:12:25.348 67268 INFO tempest.lib.common.rest_client [req-62a7dfd7-f854-49b3-ae67-c9f0f451bedb req-62a7dfd7-f854-49b3-ae67-c9f0f451bedb ] Request (ServersAdmin275Test:setUpClass): 200 GET http://10.180.1.21/identity/v3/roles 0.023s
2025-12-10 00:12:25.385 67268 INFO tempest.lib.common.rest_client [req-1e3dc5e7-ad0a-4dcb-9a58-23a6eb241bb3 req-1e3dc5e7-ad0a-4dcb-9a58-23a6eb241bb3 ] Request (ServersAdmin275Test:setUpClass): 204 PUT http://10.180.1.21/identity/v3/projects/c65c00b660db48c0bb9d71fa82b1ff53/users/20cc333b93494a4e87d819dc4500e0fb/roles/7ef826e3aabe418e9bdb2be4a83bee11 0.036s
2025-12-10 00:12:25.454 67268 INFO tempest.lib.common.rest_client [req-d704903c-ab13-4dc5-8d35-a3ff942686ce req-d704903c-ab13-4dc5-8d35-a3ff942686ce ] Request (ServersAdmin275Test:setUpClass): 200 GET http://10.180.1.21/identity/v3/roles 0.068s
2025-12-10 00:12:25.473 67226 INFO tempest.lib.common.rest_client [req-7b9e9d57-f032-4997-adf8-d3349a458472 req-7b9e9d57-f032-4997-adf8-d3349a458472 ] Request (MultipleCreateTestJSON:setUpClass): 201 POST http://10.180.1.21/networking/v2.0/routers 0.919s
2025-12-10 00:12:25.479 67268 INFO tempest.lib.common.rest_client [req-6aa5b5ee-8485-4940-a716-a4c046f69fff req-6aa5b5ee-8485-4940-a716-a4c046f69fff ] Request (ServersAdmin275Test:setUpClass): 204 PUT http://10.180.1.21/identity/v3/projects/c65c00b660db48c0bb9d71fa82b1ff53/users/20cc333b93494a4e87d819dc4500e0fb/roles/7ef826e3aabe418e9bdb2be4a83bee11 0.025s
2025-12-10 00:12:25.480 67268 INFO tempest.lib.common.dynamic_creds [-] Dynamic test user 20cc333b93494a4e87d819dc4500e0fb is created with scope project and roles: ['admin']
2025-12-10 00:12:25.480 67268 INFO tempest.lib.common.dynamic_creds [-] Acquired dynamic creds: credentials: Credentials: {'domain_id': 'default', 'domain_name': 'Default', 'username': 'tempest-ServersAdmin275Test-1733040081-project-admin', 'project_domain_id': 'default', 'project_domain_name': 'Default', 'project_id': 'c65c00b660db48c0bb9d71fa82b1ff53', 'project_name': 'tempest-ServersAdmin275Test-1733040081', 'tenant_id': 'c65c00b660db48c0bb9d71fa82b1ff53', 'tenant_name': 'tempest-ServersAdmin275Test-1733040081', 'user_domain_id': 'default', 'user_domain_name': 'Default', 'user_id': '20cc333b93494a4e87d819dc4500e0fb', 'system': None}, Network: None, Subnet: None, Router: None
2025-12-10 00:12:25.480 67268 INFO tempest.lib.common.dynamic_creds [-] Created isolated network resources for: credentials: Credentials: {'domain_id': 'default', 'domain_name': 'Default', 'username': 'tempest-ServersAdmin275Test-1733040081-project-admin', 'project_domain_id': 'default', 'project_domain_name': 'Default', 'project_id': 'c65c00b660db48c0bb9d71fa82b1ff53', 'project_name': 'tempest-ServersAdmin275Test-1733040081', 'tenant_id': 'c65c00b660db48c0bb9d71fa82b1ff53', 'tenant_name': 'tempest-ServersAdmin275Test-1733040081', 'user_domain_id': 'default', 'user_domain_name': 'Default', 'user_id': '20cc333b93494a4e87d819dc4500e0fb', 'system': None}, Network: None, Subnet: None, Router: None
2025-12-10 00:12:25.515 67274 INFO tempest.lib.common.rest_client [req-901803c2-6508-469a-86c7-8f831728242f req-901803c2-6508-469a-86c7-8f831728242f ] Request (TenantUsagesTestJSON:setUpClass): 200 GET http://10.180.1.21/compute/v2.1/servers/290c640f-eb4b-4f55-a09e-17b152665e9d 3.585s
2025-12-10 00:12:25.523 67264 INFO tempest.lib.common.rest_client [req-c33bc1e9-e101-42fc-b5e5-7c38d421531c req-c33bc1e9-e101-42fc-b5e5-7c38d421531c ] Request (ServerMetadataTestJSON:setUpClass): 200 GET http://10.180.1.21/compute/v2.1/servers/e4dabd08-a246-4f46-91f8-37dd612fd571 3.502s
2025-12-10 00:12:25.529 67278 INFO tempest.lib.common.rest_client [req-b5820175-a15e-400a-ac5a-decb5cd215a2 req-b5820175-a15e-400a-ac5a-decb5cd215a2 ] Request (HypervisorAdminNegativeUnderV252Test:test_show_servers_with_nonexistent_hypervisor): 404 GET http://10.180.1.21/compute/v2.1/os-hypervisors/d5f1b02f-23d8-4f83-82f2-1328a713e53d/servers 3.417s
2025-12-10 00:12:25.567 67268 INFO tempest.lib.common.rest_client [req-7cee0681-1f94-4a18-8658-7862b7475536 req-7cee0681-1f94-4a18-8658-7862b7475536 ] Request (ServersAdmin275Test:setUpClass): 201 POST http://10.180.1.21/identity/v3/auth/tokens 0.084s
2025-12-10 00:12:25.668 67268 INFO tempest.lib.common.rest_client [req-26bf2f18-1e87-4c15-a60d-53daf5817b8a req-26bf2f18-1e87-4c15-a60d-53daf5817b8a ] Request (ServersAdmin275Test:test_rebuild_update_server_275): 201 POST http://10.180.1.21/identity/v3/auth/tokens 0.094s
2025-12-10 00:12:25.668 67268 INFO tempest.lib.common.fixed_network [-] (ServersAdmin275Test:test_rebuild_update_server_275) Found network None available for tenant
2025-12-10 00:12:25.696 67278 INFO tempest.lib.common.rest_client [req-a9f5b44a-9ec1-407e-bf9b-171ef33647d0 req-a9f5b44a-9ec1-407e-bf9b-171ef33647d0 ] Request (HypervisorAdminNegativeUnderV252Test:tearDownClass): 204 DELETE http://10.180.1.21/identity/v3/users/91fd4a46246e4b459edc544063b56404 0.164s
2025-12-10 00:12:25.825 67278 INFO tempest.lib.common.rest_client [req-31e8f244-6b3b-43ce-b72f-21ea11eca9e8 req-31e8f244-6b3b-43ce-b72f-21ea11eca9e8 ] Request (HypervisorAdminNegativeUnderV252Test:tearDownClass): 204 DELETE http://10.180.1.21/identity/v3/users/cc6cf19bb13249a0824317c2c278c1fd 0.129s
2025-12-10 00:12:25.825 67278 INFO tempest.lib.common.dynamic_creds [-] Deleting project and security group for project: 08f231a342054e66b740e315f7b60aa6
2025-12-10 00:12:25.903 67278 INFO tempest.lib.common.rest_client [req-f9ae989e-fe91-40ed-82d7-ad0f0302e1ba req-f9ae989e-fe91-40ed-82d7-ad0f0302e1ba ] Request (HypervisorAdminNegativeUnderV252Test:tearDownClass): 201 POST http://10.180.1.21/identity/v3/auth/tokens 0.077s
2025-12-10 00:12:26.378 67242 INFO tempest.lib.common.rest_client [req-a73747bd-5c4f-4c4d-b484-7b50071b0110 req-a73747bd-5c4f-4c4d-b484-7b50071b0110 ] Request (VolumesAssistedSnapshotsTest:test_volume_assisted_snapshot_create_delete): 200 GET http://10.180.1.21/compute/v2.1/servers/85f539e4-43dd-4528-85d1-5d3caf28de31 4.206s
2025-12-10 00:12:26.516 67226 INFO tempest.lib.common.rest_client [req-674b5eca-87b4-44f1-abb1-2e40b08f9535 req-674b5eca-87b4-44f1-abb1-2e40b08f9535 ] Request (MultipleCreateTestJSON:setUpClass): 200 PUT http://10.180.1.21/networking/v2.0/routers/0d153ead-047a-4c53-b4a4-9d4aca5d73f0/add_router_interface 1.042s
2025-12-10 00:12:26.516 67226 INFO tempest.lib.common.dynamic_creds [-] Created isolated network resources for: credentials: Credentials: {'domain_id': 'default', 'domain_name': 'Default', 'username': 'tempest-MultipleCreateTestJSON-1379429850-project-member', 'project_domain_id': 'default', 'project_domain_name': 'Default', 'project_id': '885c1af58fda43279c5e9306d2d8dba3', 'project_name': 'tempest-MultipleCreateTestJSON-1379429850', 'tenant_id': '885c1af58fda43279c5e9306d2d8dba3', 'tenant_name': 'tempest-MultipleCreateTestJSON-1379429850', 'user_domain_id': 'default', 'user_domain_name': 'Default', 'user_id': '8c0f328dfbad42cdaf0790dd645996bc', 'system': None}, Network: {'id': 'd49185a7-82c1-49da-9339-beaee801552b', 'name': 'tempest-MultipleCreateTestJSON-137722241-network', 'tenant_id': '885c1af58fda43279c5e9306d2d8dba3', 'project_id': '885c1af58fda43279c5e9306d2d8dba3', 'admin_state_up': True, 'mtu': 8950, 'status': 'ACTIVE', 'subnets': [], 'shared': False, 'port_security_enabled': True, 'router:external': False, 'provider:network_type': 'vlan', 'provider:physical_network': 'default', 'provider:segmentation_id': 851, 'availability_zone_hints': [], 'availability_zones': [], 'ipv4_address_scope': None, 'ipv6_address_scope': None, 'description': '', 'tags': [], 'created_at': '2025-12-10T00:12:24Z', 'updated_at': '2025-12-10T00:12:24Z', 'revision_number': 1}, Subnet: {'id': '9d38cd09-d599-41c1-9671-222533cbb671', 'name': 'tempest-MultipleCreateTestJSON-137722241-subnet', 'tenant_id': '885c1af58fda43279c5e9306d2d8dba3', 'network_id': 'd49185a7-82c1-49da-9339-beaee801552b', 'ip_version': 4, 'subnetpool_id': None, 'enable_dhcp': True, 'ipv6_ra_mode': None, 'ipv6_address_mode': None, 'gateway_ip': '192.168.128.1', 'cidr': '192.168.128.0/28', 'allocation_pools': [{'start': '192.168.128.2', 'end': '192.168.128.14'}], 'host_routes': [], 'dns_nameservers': [], 'description': '', 'router:external': False, 'service_types': [], 'tags': [], 'created_at': '2025-12-10T00:12:24Z', 'updated_at': '2025-12-10T00:12:24Z', 'revision_number': 0, 'project_id': '885c1af58fda43279c5e9306d2d8dba3'}, Router: {'id': '0d153ead-047a-4c53-b4a4-9d4aca5d73f0', 'name': 'tempest-MultipleCreateTestJSON-137722241-router', 'tenant_id': '885c1af58fda43279c5e9306d2d8dba3', 'admin_state_up': True, 'status': 'ACTIVE', 'external_gateway_info': {'network_id': '055700b3-505d-47ae-9f3a-2e2b619873da', 'external_fixed_ips': [{'subnet_id': 'b0884b49-c436-412d-83d6-d32280dac797', 'ip_address': '10.180.180.187'}], 'enable_snat': True}, 'description': '', 'availability_zones': [], 'distributed': False, 'ha': False, 'availability_zone_hints': [], 'routes': [], 'flavor_id': None, 'tags': [], 'created_at': '2025-12-10T00:12:24Z', 'updated_at': '2025-12-10T00:12:25Z', 'revision_number': 2, 'project_id': '885c1af58fda43279c5e9306d2d8dba3'}
2025-12-10 00:12:26.545 67262 INFO tempest.lib.common.rest_client [req-d4045e67-feb4-4025-aa15-02c1a1e61d10 req-d4045e67-feb4-4025-aa15-02c1a1e61d10 ] Request (QuotasAdminTestJSON:test_get_updated_quotas): 200 GET http://10.180.1.21/compute/v2.1/os-quota-sets/a2a3325030c246c49872d20dd415b6aa/detail 4.312s
2025-12-10 00:12:26.591 67248 INFO tempest.lib.common.rest_client [req-8d6a0439-4cf5-4915-ab1d-5283a36a279d req-8d6a0439-4cf5-4915-ab1d-5283a36a279d ] Request (ServerDiagnosticsTest:test_get_server_diagnostics): 200 GET http://10.180.1.21/compute/v2.1/servers/851ff0c7-b6a8-4d23-b5c8-8985f2a9d79f 4.357s
2025-12-10 00:12:26.597 67262 INFO tempest.lib.common.rest_client [req-3ad31074-6025-4771-b158-f05daf319225 req-3ad31074-6025-4771-b158-f05daf319225 ] Request (QuotasAdminTestJSON:test_get_updated_quotas): 200 GET http://10.180.1.21/identity/v3/domains?name=Default 0.043s
2025-12-10 00:12:26.604 67278 INFO tempest.lib.common.rest_client [req-e59ed573-aaba-4d88-8137-1e3724a44d44 req-e59ed573-aaba-4d88-8137-1e3724a44d44 ] Request (HypervisorAdminNegativeUnderV252Test:tearDownClass): 200 GET http://10.180.1.21/networking/v2.0/security-groups?tenant_id=08f231a342054e66b740e315f7b60aa6&name=default 0.701s
2025-12-10 00:12:26.636 67226 INFO tempest.lib.common.rest_client [req-114b2234-b465-4766-8e70-dd97d605772b req-114b2234-b465-4766-8e70-dd97d605772b ] Request (MultipleCreateTestJSON:setUpClass): 201 POST http://10.180.1.21/identity/v3/auth/tokens 0.115s
2025-12-10 00:12:26.639 67262 INFO tempest.lib.common.rest_client [req-bbdca072-a47f-46f4-9d96-1e47627e4f21 req-bbdca072-a47f-46f4-9d96-1e47627e4f21 ] Request (QuotasAdminTestJSON:test_get_updated_quotas): 201 POST http://10.180.1.21/identity/v3/users 0.041s
2025-12-10 00:12:26.667 67262 INFO tempest.lib.common.rest_client [req-189c2458-ceb7-4666-99ea-24af22973d61 req-189c2458-ceb7-4666-99ea-24af22973d61 ] Request (QuotasAdminTestJSON:test_get_updated_quotas): 200 GET http://10.180.1.21/identity/v3/domains?name=Default 0.027s
2025-12-10 00:12:26.681 67226 INFO tempest.lib.common.rest_client [req-ee0a8261-fe40-4d9e-97bc-8c3dbef2b0ab req-ee0a8261-fe40-4d9e-97bc-8c3dbef2b0ab ] Request (MultipleCreateTestJSON:test_multiple_create): 201 POST http://10.180.1.21/identity/v3/auth/tokens 0.038s
2025-12-10 00:12:26.682 67226 INFO tempest.lib.common.fixed_network [-] (MultipleCreateTestJSON:test_multiple_create) Found network {'id': 'd49185a7-82c1-49da-9339-beaee801552b', 'name': 'tempest-MultipleCreateTestJSON-137722241-network', 'tenant_id': '885c1af58fda43279c5e9306d2d8dba3', 'project_id': '885c1af58fda43279c5e9306d2d8dba3', 'admin_state_up': True, 'mtu': 8950, 'status': 'ACTIVE', 'subnets': [], 'shared': False, 'port_security_enabled': True, 'router:external': False, 'provider:network_type': 'vlan', 'provider:physical_network': 'default', 'provider:segmentation_id': 851, 'availability_zone_hints': [], 'availability_zones': [], 'ipv4_address_scope': None, 'ipv6_address_scope': None, 'description': '', 'tags': [], 'created_at': '2025-12-10T00:12:24Z', 'updated_at': '2025-12-10T00:12:24Z', 'revision_number': 1} available for tenant
2025-12-10 00:12:26.764 67278 INFO tempest.lib.common.rest_client [req-261c7131-c096-4410-867e-c196ba128aba req-261c7131-c096-4410-867e-c196ba128aba ] Request (HypervisorAdminNegativeUnderV252Test:tearDownClass): 204 DELETE http://10.180.1.21/networking/v2.0/security-groups/fc10a47b-7221-4d3b-8f57-fdb01dc9bf68 0.159s
2025-12-10 00:12:26.857 67278 INFO tempest.lib.common.rest_client [req-a2a852ac-7f8c-4f7a-b6aa-d088f8f62aa2 req-a2a852ac-7f8c-4f7a-b6aa-d088f8f62aa2 ] Request (HypervisorAdminNegativeUnderV252Test:tearDownClass): 204 DELETE http://10.180.1.21/identity/v3/projects/08f231a342054e66b740e315f7b60aa6 0.093s
2025-12-10 00:12:26.857 67278 INFO tempest.lib.common.dynamic_creds [-] Deleting project and security group for project: 963f7700516745278872a7208d2e168f
2025-12-10 00:12:26.863 67258 INFO tempest.lib.common.rest_client [req-d2362317-b358-4902-8162-71d86dad07a3 req-d2362317-b358-4902-8162-71d86dad07a3 ] Request (InstanceActionsV221TestJSON:test_get_list_deleted_instance_actions): 200 GET http://10.180.1.21/compute/v2.1/servers/8ece3998-0ba6-4091-bfbe-843494220bec 4.358s
2025-12-10 00:12:26.923 67266 INFO tempest.lib.common.rest_client [req-a1fc86f8-0f62-49a2-bf25-7784ce449069 req-a1fc86f8-0f62-49a2-bf25-7784ce449069 ] Request (DeleteServersAdminTestJSON:test_admin_delete_servers_of_others): 200 GET http://10.180.1.21/compute/v2.1/servers/ecc5fcc6-af26-49b6-9992-87ca68821d22 3.809s
2025-12-10 00:12:27.061 67278 INFO tempest.lib.common.rest_client [req-5b531eba-870e-4712-bcbd-f7f25b686040 req-5b531eba-870e-4712-bcbd-f7f25b686040 ] Request (HypervisorAdminNegativeUnderV252Test:tearDownClass): 200 GET http://10.180.1.21/networking/v2.0/security-groups?tenant_id=963f7700516745278872a7208d2e168f&name=default 0.203s
2025-12-10 00:12:27.181 67250 INFO tempest.lib.common.rest_client [req-7768e0d7-09b4-4222-bf83-a0e32add52a8 req-7768e0d7-09b4-4222-bf83-a0e32add52a8 ] Request (FloatingIPsAssociationTestJSON:setUpClass): 200 GET http://10.180.1.21/compute/v2.1/servers/90f9f5a0-cd5a-400b-a594-4d11dc6637bb 3.974s
2025-12-10 00:12:27.193 67250 INFO tempest.common.waiters [-] State transition "BUILD/networking" ==> "BUILD/spawning" after 18 second wait
2025-12-10 00:12:27.222 67228 INFO tempest.lib.common.rest_client [req-b529171c-9129-4ba6-a025-1d91bd0e68e6 req-b529171c-9129-4ba6-a025-1d91bd0e68e6 ] Request (FlavorsV2TestJSON:test_list_flavors_detailed_using_marker): 200 GET http://10.180.1.21/compute/v2.1/flavors/detail?marker=42 3.962s
2025-12-10 00:12:27.229 67278 INFO tempest.lib.common.rest_client [req-533e0bbf-e980-48f7-bb9d-fcd5f2caf12d req-533e0bbf-e980-48f7-bb9d-fcd5f2caf12d ] Request (HypervisorAdminNegativeUnderV252Test:tearDownClass): 204 DELETE http://10.180.1.21/networking/v2.0/security-groups/4b8870f5-1ed3-46f9-8163-e21f15205f0e 0.168s
2025-12-10 00:12:27.251 67272 INFO tempest.lib.common.rest_client [req-259918c4-07d2-4902-b681-c5a7ebc35542 req-259918c4-07d2-4902-b681-c5a7ebc35542 ] Request (FlavorsAccessTestJSON:_run_cleanups): 200 GET http://10.180.1.21/compute/v2.1/flavors/detail 3.989s
2025-12-10 00:12:27.256 67280 INFO tempest.lib.common.rest_client [req-7bf6351f-249d-4939-85ab-2ff1dd68f13e req-7bf6351f-249d-4939-85ab-2ff1dd68f13e ] Request (HypervisorAdminNegativeTestJSON:test_show_nonexistent_hypervisor): 404 GET http://10.180.1.21/compute/v2.1/os-hypervisors/4f4384f5-bfed-4c9b-a938-35728e964b51 3.987s
2025-12-10 00:12:27.271 67238 INFO tempest.lib.common.rest_client [req-3bb5de1c-5fb2-4709-9b91-54de2c22d022 req-3bb5de1c-5fb2-4709-9b91-54de2c22d022 ] Request (FlavorsExtraSpecsTestJSON:test_flavor_set_get_update_show_unset_keys): 200 GET http://10.180.1.21/compute/v2.1/flavors/1933406221/os-extra_specs 3.984s
2025-12-10 00:12:27.277 67240 INFO tempest.lib.common.rest_client [req-c0a8934b-0b8f-45d4-a7d4-9a04842bfa26 req-c0a8934b-0b8f-45d4-a7d4-9a04842bfa26 ] Request (FlavorsExtraSpecsNegativeTestJSON:test_flavor_update_mismatch_key): 400 PUT http://10.180.1.21/compute/v2.1/flavors/1400120323/os-extra_specs/hw:numa_nodes 3.978s
2025-12-10 00:12:27.305 67236 INFO tempest.lib.common.rest_client [req-b3c4ee6a-41ae-4124-99a0-fa7eb9faefe3 req-b3c4ee6a-41ae-4124-99a0-fa7eb9faefe3 ] Request (HostsAdminTestJSON:test_show_host_detail): 200 GET http://10.180.1.21/compute/v2.1/os-hosts 3.982s
2025-12-10 00:12:27.387 67254 INFO tempest.lib.common.rest_client [req-97bfeee0-675e-420d-87ec-91a720cad935 req-97bfeee0-675e-420d-87ec-91a720cad935 ] Request (ServerDiagnosticsNegativeTest:test_get_server_diagnostics_by_non_admin): 200 GET http://10.180.1.21/compute/v2.1/servers/a58c7f06-38a2-4643-9add-048059428221 4.029s
2025-12-10 00:12:27.391 67278 INFO tempest.lib.common.rest_client [req-3b21391a-30ea-4241-8d24-152f67d117c2 req-3b21391a-30ea-4241-8d24-152f67d117c2 ] Request (HypervisorAdminNegativeUnderV252Test:tearDownClass): 204 DELETE http://10.180.1.21/identity/v3/projects/963f7700516745278872a7208d2e168f 0.161s
2025-12-10 00:12:27.391 67280 INFO tempest.lib.common.rest_client [req-9b0cf3a2-970d-425e-af94-0d653e7c9efc req-9b0cf3a2-970d-425e-af94-0d653e7c9efc ] Request (HypervisorAdminNegativeTestJSON:tearDownClass): 204 DELETE http://10.180.1.21/identity/v3/users/5d6038bea09b49a7a36fa7863c207278 0.133s
2025-12-10 00:12:27.411 67234 INFO tempest.lib.common.rest_client [req-6fe09f84-99c8-4a68-81f0-74a843183018 req-6fe09f84-99c8-4a68-81f0-74a843183018 ] Request (AggregatesAdminNegativeTestJSON:_run_cleanups): 200 DELETE http://10.180.1.21/compute/v2.1/os-aggregates/2 3.936s
2025-12-10 00:12:27.425 67246 INFO tempest.lib.common.rest_client [req-18bfea6f-2b78-4f69-a974-ab561d4beb8c req-18bfea6f-2b78-4f69-a974-ab561d4beb8c ] Request (FlavorsAccessNegativeTestJSON:test_flavor_access_list_with_public_flavor): 404 GET http://10.180.1.21/compute/v2.1/flavors/1559916915/os-flavor-access 3.929s
2025-12-10 00:12:27.449 67276 INFO tempest.lib.common.rest_client [req-eebdd4e6-9bfc-4f67-a522-d4f741af41f5 req-eebdd4e6-9bfc-4f67-a522-d4f741af41f5 ] Request (ServersWithSpecificFlavorTestJSON:test_verify_created_server_ephemeral_disk): 200 POST http://10.180.1.21/compute/v2.1/flavors/1177492292/os-extra_specs 3.927s
2025-12-10 00:12:27.537 67272 INFO tempest.lib.common.rest_client [req-22032ec7-2da1-478c-8b2d-a16f90dc1805 req-22032ec7-2da1-478c-8b2d-a16f90dc1805 ] Request (FlavorsAccessTestJSON:tearDownClass): 204 DELETE http://10.180.1.21/identity/v3/users/582231bf28cf4ac28e94f0c574c17f49 0.278s
2025-12-10 00:12:27.541 67280 INFO tempest.lib.common.rest_client [req-d30a7552-ef2c-48ef-b0b3-1ea47cbaf6c7 req-d30a7552-ef2c-48ef-b0b3-1ea47cbaf6c7 ] Request (HypervisorAdminNegativeTestJSON:tearDownClass): 204 DELETE http://10.180.1.21/identity/v3/users/6b92d1507f8e4895a3a2199f3884b93c 0.150s
2025-12-10 00:12:27.541 67280 INFO tempest.lib.common.dynamic_creds [-] Deleting project and security group for project: 46125040478e4a0e9ebad80805fe9734
2025-12-10 00:12:27.601 67278 INFO tempest.lib.common.rest_client [req-f56335fb-e3d8-463b-8a6c-41c0545fd9f1 req-f56335fb-e3d8-463b-8a6c-41c0545fd9f1 ] Request (NetworksTest:setUpClass): 201 POST http://10.180.1.21/identity/v3/auth/tokens 0.208s
2025-12-10 00:12:27.649 67272 INFO tempest.lib.common.rest_client [req-e2de3e3d-cebf-47d2-8dd2-5c708cd592f8 req-e2de3e3d-cebf-47d2-8dd2-5c708cd592f8 ] Request (FlavorsAccessTestJSON:tearDownClass): 204 DELETE http://10.180.1.21/identity/v3/users/bce6998896d74dcda9b668b09578b3f4 0.111s
2025-12-10 00:12:27.649 67272 INFO tempest.lib.common.dynamic_creds [-] Deleting project and security group for project: 75ed80a00eac45a7bab9a1d6e89a3df2
2025-12-10 00:12:27.686 67280 INFO tempest.lib.common.rest_client [req-b2b14d6b-3d9d-4e31-91bb-28b67298713c req-b2b14d6b-3d9d-4e31-91bb-28b67298713c ] Request (HypervisorAdminNegativeTestJSON:tearDownClass): 201 POST http://10.180.1.21/identity/v3/auth/tokens 0.144s
2025-12-10 00:12:27.716 67278 INFO tempest.lib.common.rest_client [req-5bab979a-d518-429c-8f35-04bdf9fae49d req-5bab979a-d518-429c-8f35-04bdf9fae49d ] Request (NetworksTest:setUpClass): 201 POST http://10.180.1.21/identity/v3/auth/tokens 0.109s
2025-12-10 00:12:27.747 67278 INFO tempest.lib.common.rest_client [req-c93f2c02-accb-4d64-ac29-03defaf3d743 req-c93f2c02-accb-4d64-ac29-03defaf3d743 ] Request (NetworksTest:setUpClass): 200 GET http://10.180.1.21/identity/v3/domains?name=Default 0.030s
2025-12-10 00:12:27.750 67272 INFO tempest.lib.common.rest_client [req-ec2d947f-b889-4214-8d20-490f12882405 req-ec2d947f-b889-4214-8d20-490f12882405 ] Request (FlavorsAccessTestJSON:tearDownClass): 201 POST http://10.180.1.21/identity/v3/auth/tokens 0.099s
2025-12-10 00:12:27.780 67278 INFO tempest.lib.common.rest_client [req-69dfc1ad-2064-46d6-84c1-1019620e641b req-69dfc1ad-2064-46d6-84c1-1019620e641b ] Request (NetworksTest:setUpClass): 201 POST http://10.180.1.21/identity/v3/projects 0.032s
2025-12-10 00:12:27.854 67278 INFO tempest.lib.common.rest_client [req-f92c6604-4bdc-431c-8ba8-ffcb81c7162a req-f92c6604-4bdc-431c-8ba8-ffcb81c7162a ] Request (NetworksTest:setUpClass): 201 POST http://10.180.1.21/identity/v3/users 0.073s
2025-12-10 00:12:27.875 67278 INFO tempest.lib.common.rest_client [req-291175f6-c3a9-4bb0-91df-b7dd4c8d31b1 req-291175f6-c3a9-4bb0-91df-b7dd4c8d31b1 ] Request (NetworksTest:setUpClass): 200 GET http://10.180.1.21/identity/v3/roles 0.020s
2025-12-10 00:12:27.912 67278 INFO tempest.lib.common.rest_client [req-d5fb34a4-bc2c-4e9e-bb3e-cd2e0bb4caa5 req-d5fb34a4-bc2c-4e9e-bb3e-cd2e0bb4caa5 ] Request (NetworksTest:setUpClass): 204 PUT http://10.180.1.21/identity/v3/projects/053aecc6db4d4f1a8e173f0cd6194b9a/users/088e83fa3c354a29846b318ccca39d31/roles/0054e2e8df454acfa791c8cd66872fa2 0.037s
2025-12-10 00:12:27.913 67278 INFO tempest.lib.common.dynamic_creds [-] Dynamic test user 088e83fa3c354a29846b318ccca39d31 is created with scope project and roles: ['member']
2025-12-10 00:12:27.913 67278 INFO tempest.lib.common.dynamic_creds [-] Acquired dynamic creds: credentials: Credentials: {'domain_id': 'default', 'domain_name': 'Default', 'username': 'tempest-NetworksTest-171394820-project-member', 'project_domain_id': 'default', 'project_domain_name': 'Default', 'project_id': '053aecc6db4d4f1a8e173f0cd6194b9a', 'project_name': 'tempest-NetworksTest-171394820', 'tenant_id': '053aecc6db4d4f1a8e173f0cd6194b9a', 'tenant_name': 'tempest-NetworksTest-171394820', 'user_domain_id': 'default', 'user_domain_name': 'Default', 'user_id': '088e83fa3c354a29846b318ccca39d31', 'system': None}, Network: None, Subnet: None, Router: None
2025-12-10 00:12:27.913 67278 INFO tempest.lib.common.dynamic_creds [-] Created isolated network resources for: credentials: Credentials: {'domain_id': 'default', 'domain_name': 'Default', 'username': 'tempest-NetworksTest-171394820-project-member', 'project_domain_id': 'default', 'project_domain_name': 'Default', 'project_id': '053aecc6db4d4f1a8e173f0cd6194b9a', 'project_name': 'tempest-NetworksTest-171394820', 'tenant_id': '053aecc6db4d4f1a8e173f0cd6194b9a', 'tenant_name': 'tempest-NetworksTest-171394820', 'user_domain_id': 'default', 'user_domain_name': 'Default', 'user_id': '088e83fa3c354a29846b318ccca39d31', 'system': None}, Network: None, Subnet: None, Router: None
2025-12-10 00:12:27.971 67256 INFO tempest.lib.common.rest_client [req-bd3bbefd-5675-44fc-b540-58559e687287 req-bd3bbefd-5675-44fc-b540-58559e687287 ] Request (FloatingIPsTestJSON:test_delete_floating_ip): 202 DELETE http://10.180.1.21/compute/v2.1/os-floating-ips/8b9446c5-2a62-49b7-9a5b-f9d03b733aff 4.750s
2025-12-10 00:12:28.013 67278 INFO tempest.lib.common.rest_client [req-230b8c0c-d3e6-414f-8f53-ecb758950932 req-230b8c0c-d3e6-414f-8f53-ecb758950932 ] Request (NetworksTest:setUpClass): 201 POST http://10.180.1.21/identity/v3/auth/tokens 0.097s
2025-12-10 00:12:28.039 67284 INFO tempest.lib.common.rest_client [req-c57bce7f-9163-4608-8b8c-5b60d549efbf req-c57bce7f-9163-4608-8b8c-5b60d549efbf ] Request (ImagesOneServerTestJSON:setUpClass): 200 GET http://10.180.1.21/compute/v2.1/servers/0e6a83c5-450b-4745-9371-b5a8069e038c 4.281s
2025-12-10 00:12:28.048 67284 INFO tempest.common.waiters [-] State transition "BUILD/None" ==> "BUILD/spawning" after 19 second wait
2025-12-10 00:12:28.111 67278 INFO tempest.lib.common.rest_client [req-911bbb14-a192-49bf-b88e-25e89db063c0 req-911bbb14-a192-49bf-b88e-25e89db063c0 ] Request (NetworksTest:setUpClass): 201 POST http://10.180.1.21/identity/v3/projects 0.097s
2025-12-10 00:12:28.240 67278 INFO tempest.lib.common.rest_client [req-4ecf22a0-18e6-4dd0-989e-d1aaee555f58 req-4ecf22a0-18e6-4dd0-989e-d1aaee555f58 ] Request (NetworksTest:setUpClass): 201 POST http://10.180.1.21/identity/v3/users 0.128s
2025-12-10 00:12:28.268 67278 INFO tempest.lib.common.rest_client [req-0e372f26-c0c4-4c3e-8e6f-fa11ab1faff8 req-0e372f26-c0c4-4c3e-8e6f-fa11ab1faff8 ] Request (NetworksTest:setUpClass): 200 GET http://10.180.1.21/identity/v3/roles 0.027s
2025-12-10 00:12:28.283 67271 INFO tempest.lib.common.rest_client [req-c8f6edd0-2467-40ad-b765-874bbc9d51dc req-c8f6edd0-2467-40ad-b765-874bbc9d51dc ] Request (QuotasAdminNegativeTest:_run_cleanups): 200 PUT http://10.180.1.21/compute/v2.1/os-quota-sets/558b3907624a42d2bf82b3d066c60690 4.073s
2025-12-10 00:12:28.297 67278 INFO tempest.lib.common.rest_client [req-07cf457f-53cd-4c04-b959-2d62c0892495 req-07cf457f-53cd-4c04-b959-2d62c0892495 ] Request (NetworksTest:setUpClass): 204 PUT http://10.180.1.21/identity/v3/projects/ee007b38fc9d47d187720b0c00a820f6/users/a1be22063e92427d957cf4f6a63e74d1/roles/7ef826e3aabe418e9bdb2be4a83bee11 0.028s
2025-12-10 00:12:28.327 67280 INFO tempest.lib.common.rest_client [req-56e04152-65df-41b4-a2ce-5190b117dda3 req-56e04152-65df-41b4-a2ce-5190b117dda3 ] Request (HypervisorAdminNegativeTestJSON:tearDownClass): 200 GET http://10.180.1.21/networking/v2.0/security-groups?tenant_id=46125040478e4a0e9ebad80805fe9734&name=default 0.639s
2025-12-10 00:12:28.352 67278 INFO tempest.lib.common.rest_client [req-6c14743f-9445-4c58-b1a1-1875be94c222 req-6c14743f-9445-4c58-b1a1-1875be94c222 ] Request (NetworksTest:setUpClass): 200 GET http://10.180.1.21/identity/v3/roles 0.055s
2025-12-10 00:12:28.372 67278 INFO tempest.lib.common.rest_client [req-9c661eb0-64f2-4b8b-8e81-fa732075c09b req-9c661eb0-64f2-4b8b-8e81-fa732075c09b ] Request (NetworksTest:setUpClass): 204 PUT http://10.180.1.21/identity/v3/projects/ee007b38fc9d47d187720b0c00a820f6/users/a1be22063e92427d957cf4f6a63e74d1/roles/7ef826e3aabe418e9bdb2be4a83bee11 0.019s
2025-12-10 00:12:28.372 67278 INFO tempest.lib.common.dynamic_creds [-] Dynamic test user a1be22063e92427d957cf4f6a63e74d1 is created with scope project and roles: ['admin']
2025-12-10 00:12:28.372 67278 INFO tempest.lib.common.dynamic_creds [-] Acquired dynamic creds: credentials: Credentials: {'domain_id': 'default', 'domain_name': 'Default', 'username': 'tempest-NetworksTest-946768497-project-admin', 'project_domain_id': 'default', 'project_domain_name': 'Default', 'project_id': 'ee007b38fc9d47d187720b0c00a820f6', 'project_name': 'tempest-NetworksTest-946768497', 'tenant_id': 'ee007b38fc9d47d187720b0c00a820f6', 'tenant_name': 'tempest-NetworksTest-946768497', 'user_domain_id': 'default', 'user_domain_name': 'Default', 'user_id': 'a1be22063e92427d957cf4f6a63e74d1', 'system': None}, Network: None, Subnet: None, Router: None
2025-12-10 00:12:28.372 67278 INFO tempest.lib.common.dynamic_creds [-] Created isolated network resources for: credentials: Credentials: {'domain_id': 'default', 'domain_name': 'Default', 'username': 'tempest-NetworksTest-946768497-project-admin', 'project_domain_id': 'default', 'project_domain_name': 'Default', 'project_id': 'ee007b38fc9d47d187720b0c00a820f6', 'project_name': 'tempest-NetworksTest-946768497', 'tenant_id': 'ee007b38fc9d47d187720b0c00a820f6', 'tenant_name': 'tempest-NetworksTest-946768497', 'user_domain_id': 'default', 'user_domain_name': 'Default', 'user_id': 'a1be22063e92427d957cf4f6a63e74d1', 'system': None}, Network: None, Subnet: None, Router: None
2025-12-10 00:12:28.456 67278 INFO tempest.lib.common.rest_client [req-7c639826-5daa-413d-b4d0-ea496ef3e0d7 req-7c639826-5daa-413d-b4d0-ea496ef3e0d7 ] Request (NetworksTest:setUpClass): 201 POST http://10.180.1.21/identity/v3/auth/tokens 0.081s
2025-12-10 00:12:28.475 67272 INFO tempest.lib.common.rest_client [req-ce8c0227-e970-4e31-a9c5-00a9ffef64fe req-ce8c0227-e970-4e31-a9c5-00a9ffef64fe ] Request (FlavorsAccessTestJSON:tearDownClass): 200 GET http://10.180.1.21/networking/v2.0/security-groups?tenant_id=75ed80a00eac45a7bab9a1d6e89a3df2&name=default 0.724s
2025-12-10 00:12:28.674 67252 INFO tempest.lib.common.rest_client [req-3edf7a0e-6d9e-4f4f-867e-b24764c3b13c req-3edf7a0e-6d9e-4f4f-867e-b24764c3b13c ] Request (MigrationsAdminTest:test_list_migrations_in_flavor_resize_situation): 202 POST http://10.180.1.21/compute/v2.1/servers/75b3a090-765f-4465-adaf-8aa991ef0b9f/action 4.549s
