2025-11-14 09:13:56.369 65701 INFO tempest.lib.common.rest_client [req-95464caa-a206-47eb-8628-430edc16736c req-95464caa-a206-47eb-8628-430edc16736c ] Request (ImagesTestJSON:test_create_server_from_snapshot): 200 GET http://10.180.1.21/compute/v2.1/servers/aa1cbdfe-dbe6-486f-9ab2-646b6a4f30ba 0.141s
2025-11-14 09:13:56.563 65677 INFO tempest.lib.common.rest_client [req-fcfd42ff-fd77-47ea-8531-2eeaeceb524d req-fcfd42ff-fd77-47ea-8531-2eeaeceb524d ] Request (ImagesNegativeTestJSON:test_create_image_from_deleted_server): 200 GET http://10.180.1.21/compute/v2.1/servers/5ed9ef5b-376d-4e91-a163-b284d8e73492 0.154s
2025-11-14 09:13:56.565 65665 INFO paramiko.transport [-] Connected (version 2.0, client dropbear_2020.81)
2025-11-14 09:13:56.649 65685 INFO tempest.lib.common.rest_client [req-979650ea-8a1b-41c7-b34f-e88e2f2a762f req-979650ea-8a1b-41c7-b34f-e88e2f2a762f ] Request (FloatingIPsTestJSON:setUpClass): 201 POST http://10.180.1.21/networking/v2.0/routers 0.710s
2025-11-14 09:13:56.667 65665 INFO paramiko.transport [-] Authentication (publickey) successful!
2025-11-14 09:13:56.668 65665 INFO tempest.lib.common.ssh [-] ssh connection to cirros@10.180.180.224 successfully created
2025-11-14 09:13:56.682 65717 INFO tempest.lib.common.rest_client [req-7100b3f9-a22d-4b5a-b21a-04cf30c6dc9c req-7100b3f9-a22d-4b5a-b21a-04cf30c6dc9c ] Request (AttachVolumeShelveTestJSON:test_attach_volume_shelved_or_offload_server): 200 GET http://10.180.1.21/compute/v2.1/servers/242c60e5-0ad8-42c7-b47c-846bf5b7001f 0.232s
2025-11-14 09:13:56.696 65695 INFO tempest.lib.common.rest_client [req-0baae4b0-46f6-43f6-b769-0a406621ce6a req-0baae4b0-46f6-43f6-b769-0a406621ce6a ] Request (AttachVolumeNegativeTest:test_attach_attached_volume_to_different_server): 200 GET http://10.180.1.21/compute/v2.1/servers/b9036839-d3bd-4f09-9424-94609c90dc6b 0.227s
2025-11-14 09:13:56.908 65699 INFO tempest.lib.common.rest_client [req-192d2276-1a6e-424d-b23b-25dcd8c0014d req-192d2276-1a6e-424d-b23b-25dcd8c0014d ] Request (ServerActionsTestJSON:setUpClass): 200 GET http://10.180.1.21/compute/v2.1/servers/e77e7108-0e89-4a65-ac80-dbaf4e0bf4ea 0.400s
2025-11-14 09:13:56.929 65675 INFO tempest.lib.common.rest_client [req-7355f517-3b30-47dd-96c4-39afc6ce6a02 req-7355f517-3b30-47dd-96c4-39afc6ce6a02 ] Request (ListServerFiltersTestJSON:tearDownClass): 200 GET http://10.180.1.21/compute/v2.1/servers/1203c5af-30f7-4cba-a4d6-998b5806ae71 0.400s
2025-11-14 09:13:57.073 65665 INFO tempest.lib.common.rest_client [req-9054d2ea-e2d4-4024-970d-1948615c1fff req-9054d2ea-e2d4-4024-970d-1948615c1fff ] Request (ServersWithSpecificFlavorTestJSON:test_verify_created_server_ephemeral_disk): 204 DELETE http://10.180.1.21/compute/v2.1/servers/d4ac215d-edf5-4cb9-929a-1325ea7e9bc9 0.399s
2025-11-14 09:13:57.168 65665 INFO tempest.lib.common.rest_client [req-e841fe3c-e008-43ca-b388-0b67fc331952 req-e841fe3c-e008-43ca-b388-0b67fc331952 ] Request (ServersWithSpecificFlavorTestJSON:test_verify_created_server_ephemeral_disk): 201 POST http://10.180.1.21/identity/v3/auth/tokens 0.091s
2025-11-14 09:13:57.168 65665 INFO tempest.lib.common.fixed_network [-] (ServersWithSpecificFlavorTestJSON:test_verify_created_server_ephemeral_disk) Found network {'id': '8e33b1eb-2072-4a71-80bc-5de66ef9089e', 'name': 'tempest-ServersWithSpecificFlavorTestJSON-1681803919-network', 'tenant_id': 'ede1bc89e21d4d6b983de4cff608d809', 'project_id': 'ede1bc89e21d4d6b983de4cff608d809', 'admin_state_up': True, 'mtu': 8950, 'status': 'ACTIVE', 'subnets': [], 'shared': False, 'port_security_enabled': True, 'router:external': False, 'provider:network_type': 'vlan', 'provider:physical_network': 'default', 'provider:segmentation_id': 165, 'availability_zone_hints': [], 'availability_zones': [], 'ipv4_address_scope': None, 'ipv6_address_scope': None, 'description': '', 'tags': [], 'created_at': '2025-11-14T09:10:29Z', 'updated_at': '2025-11-14T09:10:29Z', 'revision_number': 1} available for tenant
2025-11-14 09:13:57.545 65685 INFO tempest.lib.common.rest_client [req-418e71f9-ed43-4dee-a42e-3a2a813bbd64 req-418e71f9-ed43-4dee-a42e-3a2a813bbd64 ] Request (FloatingIPsTestJSON:setUpClass): 200 PUT http://10.180.1.21/networking/v2.0/routers/97dc09a5-289f-402e-bd5b-6bd0d64645a7/add_router_interface 0.895s
2025-11-14 09:13:57.545 65685 INFO tempest.lib.common.dynamic_creds [-] Created isolated network resources for: credentials: Credentials: {'domain_id': 'default', 'domain_name': 'Default', 'username': 'tempest-FloatingIPsTestJSON-1966176295-project-member', 'project_domain_id': 'default', 'project_domain_name': 'Default', 'project_id': '32748682e2b54961bf84c75e012b057a', 'project_name': 'tempest-FloatingIPsTestJSON-1966176295', 'tenant_id': '32748682e2b54961bf84c75e012b057a', 'tenant_name': 'tempest-FloatingIPsTestJSON-1966176295', 'user_domain_id': 'default', 'user_domain_name': 'Default', 'user_id': '35383960a463421a91dd27f4c77218e5', 'system': None}, Network: {'id': 'dc46da41-e060-44ac-82ea-4865269288d9', 'name': 'tempest-FloatingIPsTestJSON-1026248970-network', 'tenant_id': '32748682e2b54961bf84c75e012b057a', 'project_id': '32748682e2b54961bf84c75e012b057a', 'admin_state_up': True, 'mtu': 8950, 'status': 'ACTIVE', 'subnets': [], 'shared': False, 'port_security_enabled': True, 'router:external': False, 'provider:network_type': 'vlan', 'provider:physical_network': 'default', 'provider:segmentation_id': 635, 'availability_zone_hints': [], 'availability_zones': [], 'ipv4_address_scope': None, 'ipv6_address_scope': None, 'description': '', 'tags': [], 'created_at': '2025-11-14T09:13:55Z', 'updated_at': '2025-11-14T09:13:55Z', 'revision_number': 1}, Subnet: {'id': 'e7d87bfb-99d1-4582-9a76-99cd4bc91cd8', 'name': 'tempest-FloatingIPsTestJSON-1026248970-subnet', 'tenant_id': '32748682e2b54961bf84c75e012b057a', 'network_id': 'dc46da41-e060-44ac-82ea-4865269288d9', 'ip_version': 4, 'subnetpool_id': None, 'enable_dhcp': True, 'ipv6_ra_mode': None, 'ipv6_address_mode': None, 'gateway_ip': '192.168.128.1', 'cidr': '192.168.128.0/28', 'allocation_pools': [{'start': '192.168.128.2', 'end': '192.168.128.14'}], 'host_routes': [], 'dns_nameservers': [], 'description': '', 'router:external': False, 'service_types': [], 'tags': [], 'created_at': '2025-11-14T09:13:55Z', 'updated_at': '2025-11-14T09:13:55Z', 'revision_number': 0, 'project_id': '32748682e2b54961bf84c75e012b057a'}, Router: {'id': '97dc09a5-289f-402e-bd5b-6bd0d64645a7', 'name': 'tempest-FloatingIPsTestJSON-1026248970-router', 'tenant_id': '32748682e2b54961bf84c75e012b057a', 'admin_state_up': True, 'status': 'ACTIVE', 'external_gateway_info': {'network_id': 'ca56134f-e606-42de-acf4-6df8286ce4b7', 'external_fixed_ips': [{'subnet_id': '8bf9d0de-6a7c-4f35-b438-d331c47420c6', 'ip_address': '10.180.180.203'}], 'enable_snat': True}, 'description': '', 'availability_zones': [], 'distributed': False, 'ha': False, 'availability_zone_hints': [], 'routes': [], 'flavor_id': None, 'tags': [], 'created_at': '2025-11-14T09:13:55Z', 'updated_at': '2025-11-14T09:13:56Z', 'revision_number': 2, 'project_id': '32748682e2b54961bf84c75e012b057a'}
2025-11-14 09:13:57.586 65687 INFO tempest.lib.common.rest_client [req-56b56558-cb2d-4800-b66b-4e1253fa62de req-56b56558-cb2d-4800-b66b-4e1253fa62de ] Request (ServerDiskConfigTestJSON:test_resize_server_from_auto_to_manual): 200 GET http://10.180.1.21/compute/v2.1/servers/75779b88-c777-41b0-8a1f-d99c8aa131e2 0.780s
2025-11-14 09:13:57.632 65685 INFO tempest.lib.common.rest_client [req-59dc8eaa-3c0e-4e55-bd6a-5ebb3dca49cd req-59dc8eaa-3c0e-4e55-bd6a-5ebb3dca49cd ] Request (FloatingIPsTestJSON:setUpClass): 201 POST http://10.180.1.21/identity/v3/auth/tokens 0.084s
2025-11-14 09:13:57.688 65673 INFO tempest.lib.common.rest_client [req-b53c19e5-2ec8-462e-b79c-12fd303cdba9 req-b53c19e5-2ec8-462e-b79c-12fd303cdba9 ] Request (SecurityGroupsTestJSON:test_server_security_groups): 200 GET http://10.180.1.21/compute/v2.1/servers/8ddd4b00-c804-4c11-a462-86cd44c11636 0.782s
2025-11-14 09:13:57.695 65673 INFO tempest.common.waiters [-] State transition "HARD_REBOOT/reboot_pending_hard" ==> "ACTIVE/None" after 4 second wait
2025-11-14 09:13:57.704 65725 INFO tempest.lib.common.rest_client [req-fb22f494-c590-4dd4-a644-2f07c3eebb26 req-fb22f494-c590-4dd4-a644-2f07c3eebb26 ] Request (ServersAdminNegativeTestJSON:tearDownClass): 200 GET http://10.180.1.21/compute/v2.1/servers/1198641a-fc81-48d2-a9d5-15321c80719c 0.785s
2025-11-14 09:13:57.777 65683 INFO tempest.lib.common.rest_client [req-c7325432-9c35-4d90-8c5b-5fe5e6f2e2b1 req-c7325432-9c35-4d90-8c5b-5fe5e6f2e2b1 ] Request (ServerTagsTestJSON:tearDownClass): 200 GET http://10.180.1.21/compute/v2.1/servers/4925f314-6b60-4a7a-ac45-8ac8a9a059f6 0.808s
2025-11-14 09:13:57.821 65707 INFO tempest.lib.common.rest_client [req-57878bff-a328-4588-8c6a-b538c58ecb07 req-57878bff-a328-4588-8c6a-b538c58ecb07 ] Request (ServersTestBootFromVolume:tearDownClass): 200 GET http://10.180.1.21/compute/v2.1/servers/00b5a6a5-5c9f-4820-8671-7ccb33dc3995 0.820s
2025-11-14 09:13:57.870 65697 INFO tempest.lib.common.rest_client [req-76d9d096-537e-41a9-8006-c276ea901f6a req-76d9d096-537e-41a9-8006-c276ea901f6a ] Request (ServerShowV247Test:tearDownClass): 200 GET http://10.180.1.21/compute/v2.1/servers/14930653-ba99-4253-a226-9e9f18ebb1e2 0.827s
2025-11-14 09:13:57.886 65669 INFO tempest.lib.common.rest_client [req-3d6ad643-6ca1-4c84-a40b-a9e68a016267 req-3d6ad643-6ca1-4c84-a40b-a9e68a016267 ] Request (ServersAdminTestJSON:tearDownClass): 200 GET http://10.180.1.21/compute/v2.1/servers/3c6e5b56-5098-4fa7-85bf-d50fd8b6fe9a 0.829s
2025-11-14 09:13:57.929 65715 INFO tempest.lib.common.rest_client [req-9ffacf84-cd3a-45e7-82b4-63062019e20f req-9ffacf84-cd3a-45e7-82b4-63062019e20f ] Request (DeleteServersTestJSON:test_delete_active_server): 200 GET http://10.180.1.21/compute/v2.1/servers/49b4868e-8f93-4b46-8156-092b779ba577 0.828s
2025-11-14 09:13:57.935 65723 WARNING tempest.lib.common.ssh [-] Failed to establish authenticated ssh connection to cirros@10.180.180.185 ([Errno None] Unable to connect to port 22 on 10.180.180.185). Number attempts: 6. Retry after 7 seconds.: paramiko.ssh_exception.NoValidConnectionsError: [Errno None] Unable to connect to port 22 on 10.180.180.185
2025-11-14 09:13:57.949 65689 INFO tempest.lib.common.rest_client [req-c9f8588a-a561-40e7-8744-cac0af359efe req-c9f8588a-a561-40e7-8744-cac0af359efe ] Request (ServersAaction247Test:test_create_backup): 200 GET http://10.180.1.21/compute/v2.1/servers/c2ba77d4-35f0-4373-87cc-1511d905b3fc 0.831s
2025-11-14 09:13:58.015 65711 INFO tempest.lib.common.rest_client [req-7f3a075f-c0de-401d-b9ae-e79fca252997 req-7f3a075f-c0de-401d-b9ae-e79fca252997 ] Request (ServersAdmin275Test:test_rebuild_update_server_275): 200 GET http://10.180.1.21/compute/v2.1/servers/d3ff08ef-6377-4365-b3e6-ee2918e45417 0.845s
2025-11-14 09:13:58.099 65721 INFO tempest.lib.common.rest_client [req-65bb55f2-34af-4dc0-9de5-64d3960c9982 req-65bb55f2-34af-4dc0-9de5-64d3960c9982 ] Request (AttachInterfacesUnderV243Test:_run_cleanups): 200 GET http://10.180.1.21/compute/v2.1/servers/4d239bf8-b3d6-4d50-83c9-5794c0f706e6 0.922s
2025-11-14 09:13:58.205 65727 INFO tempest.lib.common.rest_client [req-24b92a7e-0378-435a-83cd-98682b0cb316 req-24b92a7e-0378-435a-83cd-98682b0cb316 ] Request (ImagesOneServerNegativeTestJSON:_run_cleanups): 200 GET http://10.180.1.21/compute/v2.1/servers/99b0b92f-45c3-41fe-938d-6ab1c384e6c5 0.985s
2025-11-14 09:13:58.296 65671 INFO tempest.lib.common.rest_client [req-14be9d3b-b4d6-4b74-abf3-8837f219c3dd req-14be9d3b-b4d6-4b74-abf3-8837f219c3dd ] Request (ServerGroupTestJSON:_run_cleanups): 200 GET http://10.180.1.21/compute/v2.1/servers/b2c8498a-128e-40af-a503-2f22e1b9b9a3 1.005s
2025-11-14 09:13:58.355 65665 INFO tempest.lib.common.rest_client [req-efd2f450-4305-4768-83e4-f66343141af1 req-efd2f450-4305-4768-83e4-f66343141af1 ] Request (ServersWithSpecificFlavorTestJSON:test_verify_created_server_ephemeral_disk): 202 POST http://10.180.1.21/compute/v2.1/servers 1.185s
2025-11-14 09:13:58.537 65681 INFO tempest.lib.common.rest_client [req-a4d8ecbf-35b2-4924-84e2-3136429dc19d req-a4d8ecbf-35b2-4924-84e2-3136429dc19d ] Request (MigrationsAdminTest:test_resize_server_revert_deleted_flavor): 200 GET http://10.180.1.21/compute/v2.1/servers/abd1eefc-d2b6-47f5-a2a5-d538deb761f4 1.216s
2025-11-14 09:13:58.562 65667 INFO tempest.lib.common.rest_client [req-b06aecbe-c1b0-4813-915e-5234402a3c2b req-b06aecbe-c1b0-4813-915e-5234402a3c2b ] Request (VolumesAdminNegativeTest:test_update_attached_volume_with_nonexistent_volume_in_uri): 200 GET http://10.180.1.21/compute/v2.1/servers/595b764d-315b-4895-90b5-34a34410b033 1.221s
2025-11-14 09:13:58.571 65667 INFO tempest.common.waiters [-] State transition "BUILD/networking" ==> "BUILD/spawning" after 49 second wait
2025-11-14 09:13:58.608 65701 INFO tempest.lib.common.rest_client [req-35e46e06-d11f-4129-b2eb-c1b4b73d13e4 req-35e46e06-d11f-4129-b2eb-c1b4b73d13e4 ] Request (ImagesTestJSON:test_create_server_from_snapshot): 200 GET http://10.180.1.21/compute/v2.1/servers/aa1cbdfe-dbe6-486f-9ab2-646b6a4f30ba 1.230s
2025-11-14 09:13:58.681 65677 INFO tempest.lib.common.rest_client [req-13a569eb-2dcc-413d-84e4-68e2a7581467 req-13a569eb-2dcc-413d-84e4-68e2a7581467 ] Request (ImagesNegativeTestJSON:test_create_image_from_deleted_server): 200 GET http://10.180.1.21/compute/v2.1/servers/5ed9ef5b-376d-4e91-a163-b284d8e73492 1.105s
2025-11-14 09:13:59.083 65673 INFO tempest.lib.common.rest_client [req-71242719-f913-4b13-bfe9-bba4e186af6a req-71242719-f913-4b13-bfe9-bba4e186af6a ] Request (SecurityGroupsTestJSON:test_server_security_groups): 202 POST http://10.180.1.21/compute/v2.1/servers/8ddd4b00-c804-4c11-a462-86cd44c11636/action 1.387s
2025-11-14 09:13:59.220 65717 INFO tempest.lib.common.rest_client [req-39af4cd5-9afb-4cd2-ae52-736e67e4f8de req-39af4cd5-9afb-4cd2-ae52-736e67e4f8de ] Request (AttachVolumeShelveTestJSON:test_attach_volume_shelved_or_offload_server): 200 GET http://10.180.1.21/compute/v2.1/servers/242c60e5-0ad8-42c7-b47c-846bf5b7001f 1.524s
2025-11-14 09:13:59.350 65695 INFO tempest.lib.common.rest_client [req-bd9dccae-7e58-4a3b-97eb-aadce51efadc req-bd9dccae-7e58-4a3b-97eb-aadce51efadc ] Request (AttachVolumeNegativeTest:test_attach_attached_volume_to_different_server): 200 GET http://10.180.1.21/compute/v2.1/servers/b9036839-d3bd-4f09-9424-94609c90dc6b 1.644s
2025-11-14 09:13:59.393 65685 INFO tempest.lib.common.rest_client [req-f94b5b7d-c666-462c-9b8c-36631b0ce133 req-f94b5b7d-c666-462c-9b8c-36631b0ce133 ] Request (FloatingIPsTestJSON:test_allocate_floating_ip): 200 POST http://10.180.1.21/compute/v2.1/os-floating-ips 1.759s
2025-11-14 09:13:59.895 65699 INFO tempest.lib.common.rest_client [req-7382a5f1-90a5-409f-a61c-64974a2b723a req-7382a5f1-90a5-409f-a61c-64974a2b723a ] Request (ServerActionsTestJSON:setUpClass): 200 GET http://10.180.1.21/compute/v2.1/servers/e77e7108-0e89-4a65-ac80-dbaf4e0bf4ea 1.976s
2025-11-14 09:13:59.911 65675 INFO tempest.lib.common.rest_client [req-fa76a181-f386-43f6-b1a0-95318d87a184 req-fa76a181-f386-43f6-b1a0-95318d87a184 ] Request (ListServerFiltersTestJSON:tearDownClass): 200 GET http://10.180.1.21/compute/v2.1/servers/1203c5af-30f7-4cba-a4d6-998b5806ae71 1.975s
2025-11-14 09:14:00.001 65665 INFO tempest.lib.common.rest_client [req-1a360a06-952c-479d-8314-16c8d9fe672f req-1a360a06-952c-479d-8314-16c8d9fe672f ] Request (ServersWithSpecificFlavorTestJSON:test_verify_created_server_ephemeral_disk): 200 GET http://10.180.1.21/compute/v2.1/servers/8cd6c7df-45a5-4c12-9148-af828d5c92d1 1.644s
2025-11-14 09:14:00.015 65687 INFO tempest.lib.common.rest_client [req-f0b3a8c3-2eb5-4287-b009-a25a9e57408f req-f0b3a8c3-2eb5-4287-b009-a25a9e57408f ] Request (ServerDiskConfigTestJSON:test_resize_server_from_auto_to_manual): 200 GET http://10.180.1.21/compute/v2.1/servers/75779b88-c777-41b0-8a1f-d99c8aa131e2 1.417s
2025-11-14 09:14:00.035 65704 WARNING tempest.lib.common.ssh [-] Failed to establish authenticated ssh connection to cirros@10.180.180.143 ([Errno None] Unable to connect to port 22 on 10.180.180.143). Number attempts: 4. Retry after 5 seconds.: paramiko.ssh_exception.NoValidConnectionsError: [Errno None] Unable to connect to port 22 on 10.180.180.143
2025-11-14 09:14:00.112 65725 INFO tempest.lib.common.rest_client [req-f9938ba4-ef20-4cee-b102-5b319464ba90 req-f9938ba4-ef20-4cee-b102-5b319464ba90 ] Request (ServersAdminNegativeTestJSON:tearDownClass): 200 GET http://10.180.1.21/compute/v2.1/servers/1198641a-fc81-48d2-a9d5-15321c80719c 1.399s
2025-11-14 09:14:00.130 65683 INFO tempest.lib.common.rest_client [req-e1333a77-174c-4c99-9b7b-a519e0004152 req-e1333a77-174c-4c99-9b7b-a519e0004152 ] Request (ServerTagsTestJSON:tearDownClass): 200 GET http://10.180.1.21/compute/v2.1/servers/4925f314-6b60-4a7a-ac45-8ac8a9a059f6 1.343s
2025-11-14 09:14:00.197 65707 INFO tempest.lib.common.rest_client [req-715aa501-166a-4f69-9927-5ac661c15aaa req-715aa501-166a-4f69-9927-5ac661c15aaa ] Request (ServersTestBootFromVolume:tearDownClass): 200 GET http://10.180.1.21/compute/v2.1/servers/00b5a6a5-5c9f-4820-8671-7ccb33dc3995 1.368s
2025-11-14 09:14:00.250 65697 INFO tempest.lib.common.rest_client [req-ab854da4-4617-4a4d-b70f-f2ffabf718be req-ab854da4-4617-4a4d-b70f-f2ffabf718be ] Request (ServerShowV247Test:tearDownClass): 200 GET http://10.180.1.21/compute/v2.1/servers/14930653-ba99-4253-a226-9e9f18ebb1e2 1.369s
2025-11-14 09:14:00.333 65669 INFO tempest.lib.common.rest_client [req-30fce8e1-459b-4178-b543-e14c8291e89f req-30fce8e1-459b-4178-b543-e14c8291e89f ] Request (ServersAdminTestJSON:tearDownClass): 200 GET http://10.180.1.21/compute/v2.1/servers/3c6e5b56-5098-4fa7-85bf-d50fd8b6fe9a 1.439s
2025-11-14 09:14:00.380 65715 INFO tempest.lib.common.rest_client [req-afaefa9a-db36-409c-b940-764d1df9781c req-afaefa9a-db36-409c-b940-764d1df9781c ] Request (DeleteServersTestJSON:test_delete_active_server): 200 GET http://10.180.1.21/compute/v2.1/servers/49b4868e-8f93-4b46-8156-092b779ba577 1.443s
2025-11-14 09:14:00.400 65689 INFO tempest.lib.common.rest_client [req-ebdb0b26-554b-4bf4-901e-855457d6c137 req-ebdb0b26-554b-4bf4-901e-855457d6c137 ] Request (ServersAaction247Test:test_create_backup): 200 GET http://10.180.1.21/compute/v2.1/servers/c2ba77d4-35f0-4373-87cc-1511d905b3fc 1.441s
2025-11-14 09:14:00.487 65711 INFO tempest.lib.common.rest_client [req-a432f536-a58f-4c23-91d6-10eaf6e65ad7 req-a432f536-a58f-4c23-91d6-10eaf6e65ad7 ] Request (ServersAdmin275Test:test_rebuild_update_server_275): 200 GET http://10.180.1.21/compute/v2.1/servers/d3ff08ef-6377-4365-b3e6-ee2918e45417 1.460s
2025-11-14 09:14:00.535 65673 INFO tempest.lib.common.rest_client [req-8912e087-6d4e-40d6-bac0-bb7479bf6599 req-8912e087-6d4e-40d6-bac0-bb7479bf6599 ] Request (SecurityGroupsTestJSON:test_server_security_groups): 400 DELETE http://10.180.1.21/compute/v2.1/os-security-groups/7b890345-fe86-457d-9eb8-df351ed96e27 1.452s
2025-11-14 09:14:00.557 65721 INFO tempest.lib.common.rest_client [req-697b93a5-ad67-44b4-9327-d70390e443d9 req-697b93a5-ad67-44b4-9327-d70390e443d9 ] Request (AttachInterfacesUnderV243Test:_run_cleanups): 200 GET http://10.180.1.21/compute/v2.1/servers/4d239bf8-b3d6-4d50-83c9-5794c0f706e6 1.447s
2025-11-14 09:14:00.608 65727 INFO tempest.lib.common.rest_client [req-22b13d80-2942-4e64-bc01-345051bb7662 req-22b13d80-2942-4e64-bc01-345051bb7662 ] Request (ImagesOneServerNegativeTestJSON:_run_cleanups): 200 GET http://10.180.1.21/compute/v2.1/servers/99b0b92f-45c3-41fe-938d-6ab1c384e6c5 1.390s
2025-11-14 09:14:00.646 65671 INFO tempest.lib.common.rest_client [req-c3de2150-488d-4bd3-a975-68ec6cf7093a req-c3de2150-488d-4bd3-a975-68ec6cf7093a ] Request (ServerGroupTestJSON:_run_cleanups): 200 GET http://10.180.1.21/compute/v2.1/servers/b2c8498a-128e-40af-a503-2f22e1b9b9a3 1.342s
2025-11-14 09:14:00.720 65685 INFO tempest.lib.common.rest_client [req-6c20efdf-4014-4320-9d75-028b3645cdf9 req-6c20efdf-4014-4320-9d75-028b3645cdf9 ] Request (FloatingIPsTestJSON:test_allocate_floating_ip): 200 GET http://10.180.1.21/compute/v2.1/os-floating-ips/e05b4ad4-cfa0-4f5a-8351-895f94823b94 1.325s
2025-11-14 09:14:00.725 65709 WARNING tempest.lib.common.ssh [-] Failed to establish authenticated ssh connection to cirros@10.180.180.232 ([Errno None] Unable to connect to port 22 on 10.180.180.232). Number attempts: 6. Retry after 7 seconds.: paramiko.ssh_exception.NoValidConnectionsError: [Errno None] Unable to connect to port 22 on 10.180.180.232
2025-11-14 09:14:00.827 65681 INFO tempest.lib.common.rest_client [req-e7905e0d-5b31-4d25-818b-b13ae224fe2b req-e7905e0d-5b31-4d25-818b-b13ae224fe2b ] Request (MigrationsAdminTest:test_resize_server_revert_deleted_flavor): 200 GET http://10.180.1.21/compute/v2.1/servers/abd1eefc-d2b6-47f5-a2a5-d538deb761f4 1.282s
2025-11-14 09:14:00.856 65667 INFO tempest.lib.common.rest_client [req-acf9beef-e03b-4260-b6a7-9fed5610520b req-acf9beef-e03b-4260-b6a7-9fed5610520b ] Request (VolumesAdminNegativeTest:test_update_attached_volume_with_nonexistent_volume_in_uri): 200 GET http://10.180.1.21/compute/v2.1/servers/595b764d-315b-4895-90b5-34a34410b033 1.283s
2025-11-14 09:14:00.891 65701 INFO tempest.lib.common.rest_client [req-fcdee0c3-8a30-4ecd-a204-1398e59f85cd req-fcdee0c3-8a30-4ecd-a204-1398e59f85cd ] Request (ImagesTestJSON:test_create_server_from_snapshot): 200 GET http://10.180.1.21/compute/v2.1/servers/aa1cbdfe-dbe6-486f-9ab2-646b6a4f30ba 1.270s
2025-11-14 09:14:01.025 65677 INFO tempest.lib.common.rest_client [req-d342bc4f-f955-4634-8c42-acef113124f1 req-d342bc4f-f955-4634-8c42-acef113124f1 ] Request (ImagesNegativeTestJSON:test_create_image_from_deleted_server): 200 GET http://10.180.1.21/compute/v2.1/servers/5ed9ef5b-376d-4e91-a163-b284d8e73492 1.334s
2025-11-14 09:14:01.057 65717 INFO tempest.lib.common.rest_client [req-18dee68a-a434-49f4-badf-3e71b1001a26 req-18dee68a-a434-49f4-badf-3e71b1001a26 ] Request (AttachVolumeShelveTestJSON:test_attach_volume_shelved_or_offload_server): 200 GET http://10.180.1.21/compute/v2.1/servers/242c60e5-0ad8-42c7-b47c-846bf5b7001f 0.822s
2025-11-14 09:14:01.082 65695 INFO tempest.lib.common.rest_client [req-1d3a8d87-8abc-451a-8899-4e67e9e3baec req-1d3a8d87-8abc-451a-8899-4e67e9e3baec ] Request (AttachVolumeNegativeTest:test_attach_attached_volume_to_different_server): 200 GET http://10.180.1.21/compute/v2.1/servers/b9036839-d3bd-4f09-9424-94609c90dc6b 0.721s
2025-11-14 09:14:01.143 65673 INFO tempest.lib.common.rest_client [req-d7aaf4e9-5e36-4d40-82c3-dadcd82f6259 req-d7aaf4e9-5e36-4d40-82c3-dadcd82f6259 ] Request (SecurityGroupsTestJSON:test_server_security_groups): 204 DELETE http://10.180.1.21/compute/v2.1/servers/8ddd4b00-c804-4c11-a462-86cd44c11636 0.607s
2025-11-14 09:14:01.171 65685 INFO tempest.lib.common.rest_client [req-cf6e07c3-97fb-4a39-bf73-4977a5210e73 req-cf6e07c3-97fb-4a39-bf73-4977a5210e73 ] Request (FloatingIPsTestJSON:test_allocate_floating_ip): 200 GET http://10.180.1.21/compute/v2.1/os-floating-ips 0.447s
2025-11-14 09:14:01.195 65699 INFO tempest.lib.common.rest_client [req-a22a304c-762a-4dc7-b6e5-9d5c0bfd0b0e req-a22a304c-762a-4dc7-b6e5-9d5c0bfd0b0e ] Request (ServerActionsTestJSON:setUpClass): 200 GET http://10.180.1.21/compute/v2.1/servers/e77e7108-0e89-4a65-ac80-dbaf4e0bf4ea 0.291s
2025-11-14 09:14:01.235 65675 INFO tempest.lib.common.rest_client [req-4910311e-1df2-4531-b54b-bd2deb5606d3 req-4910311e-1df2-4531-b54b-bd2deb5606d3 ] Request (ListServerFiltersTestJSON:tearDownClass): 200 GET http://10.180.1.21/compute/v2.1/servers/1203c5af-30f7-4cba-a4d6-998b5806ae71 0.311s
2025-11-14 09:14:01.252 65665 INFO tempest.lib.common.rest_client [req-c1700e14-c315-4040-b0b3-95f920d91ac0 req-c1700e14-c315-4040-b0b3-95f920d91ac0 ] Request (ServersWithSpecificFlavorTestJSON:test_verify_created_server_ephemeral_disk): 200 GET http://10.180.1.21/compute/v2.1/servers/8cd6c7df-45a5-4c12-9148-af828d5c92d1 0.243s
2025-11-14 09:14:01.289 65687 INFO tempest.lib.common.rest_client [req-0df4e0a1-d385-4ffb-ba58-033e43c8df26 req-0df4e0a1-d385-4ffb-ba58-033e43c8df26 ] Request (ServerDiskConfigTestJSON:test_resize_server_from_auto_to_manual): 200 GET http://10.180.1.21/compute/v2.1/servers/75779b88-c777-41b0-8a1f-d99c8aa131e2 0.264s
2025-11-14 09:14:01.318 65725 INFO tempest.lib.common.rest_client [req-a9a120e4-b2ac-4551-866c-18307d25cdfb req-a9a120e4-b2ac-4551-866c-18307d25cdfb ] Request (ServersAdminNegativeTestJSON:tearDownClass): 200 GET http://10.180.1.21/compute/v2.1/servers/1198641a-fc81-48d2-a9d5-15321c80719c 0.194s
2025-11-14 09:14:01.351 65683 INFO tempest.lib.common.rest_client [req-e0720f85-b8f7-4a48-8339-9e519872904d req-e0720f85-b8f7-4a48-8339-9e519872904d ] Request (ServerTagsTestJSON:tearDownClass): 200 GET http://10.180.1.21/compute/v2.1/servers/4925f314-6b60-4a7a-ac45-8ac8a9a059f6 0.211s
2025-11-14 09:14:01.461 65673 INFO tempest.lib.common.rest_client [req-96515a9e-9c7e-4210-85d8-748bc4812876 req-96515a9e-9c7e-4210-85d8-748bc4812876 ] Request (SecurityGroupsTestJSON:test_server_security_groups): 200 GET http://10.180.1.21/compute/v2.1/servers/8ddd4b00-c804-4c11-a462-86cd44c11636 0.318s
2025-11-14 09:14:01.574 65707 INFO tempest.lib.common.rest_client [req-f97899c0-3f68-4ad5-9b5e-4d37f332b96b req-f97899c0-3f68-4ad5-9b5e-4d37f332b96b ] Request (ServersTestBootFromVolume:tearDownClass): 200 GET http://10.180.1.21/compute/v2.1/servers/00b5a6a5-5c9f-4820-8671-7ccb33dc3995 0.368s
2025-11-14 09:14:01.645 65697 INFO tempest.lib.common.rest_client [req-b4026369-34ce-4787-9c93-0222a795fe84 req-b4026369-34ce-4787-9c93-0222a795fe84 ] Request (ServerShowV247Test:tearDownClass): 200 GET http://10.180.1.21/compute/v2.1/servers/14930653-ba99-4253-a226-9e9f18ebb1e2 0.385s
2025-11-14 09:14:01.725 65669 INFO tempest.lib.common.rest_client [req-ae127ae1-8edf-4f8c-91e8-a66365b86f7c req-ae127ae1-8edf-4f8c-91e8-a66365b86f7c ] Request (ServersAdminTestJSON:tearDownClass): 200 GET http://10.180.1.21/compute/v2.1/servers/3c6e5b56-5098-4fa7-85bf-d50fd8b6fe9a 0.384s
2025-11-14 09:14:01.737 65685 INFO tempest.lib.common.rest_client [req-5f4aa0cb-c438-4df0-bbb8-45094fd47937 req-5f4aa0cb-c438-4df0-bbb8-45094fd47937 ] Request (FloatingIPsTestJSON:_run_cleanups): 202 DELETE http://10.180.1.21/compute/v2.1/os-floating-ips/e05b4ad4-cfa0-4f5a-8351-895f94823b94 0.562s
2025-11-14 09:14:01.792 65715 INFO tempest.lib.common.rest_client [req-7cf51c04-764e-4e8d-b7dd-dfe241278628 req-7cf51c04-764e-4e8d-b7dd-dfe241278628 ] Request (DeleteServersTestJSON:test_delete_active_server): 200 GET http://10.180.1.21/compute/v2.1/servers/49b4868e-8f93-4b46-8156-092b779ba577 0.404s
2025-11-14 09:14:01.800 65689 INFO tempest.lib.common.rest_client [req-473d2dc2-e06e-45c7-9ab7-916f422df09d req-473d2dc2-e06e-45c7-9ab7-916f422df09d ] Request (ServersAaction247Test:test_create_backup): 200 GET http://10.180.1.21/compute/v2.1/servers/c2ba77d4-35f0-4373-87cc-1511d905b3fc 0.389s
2025-11-14 09:14:01.868 65711 INFO tempest.lib.common.rest_client [req-6e6761fa-abe6-4f34-9618-9088fd19e1cc req-6e6761fa-abe6-4f34-9618-9088fd19e1cc ] Request (ServersAdmin275Test:test_rebuild_update_server_275): 200 GET http://10.180.1.21/compute/v2.1/servers/d3ff08ef-6377-4365-b3e6-ee2918e45417 0.367s
2025-11-14 09:14:01.879 65721 INFO tempest.lib.common.rest_client [req-797048f7-6218-48ad-979f-9e76edc7ada3 req-797048f7-6218-48ad-979f-9e76edc7ada3 ] Request (AttachInterfacesUnderV243Test:_run_cleanups): 200 GET http://10.180.1.21/compute/v2.1/servers/4d239bf8-b3d6-4d50-83c9-5794c0f706e6 0.312s
2025-11-14 09:14:01.931 65727 INFO tempest.lib.common.rest_client [req-af45aecb-84e9-4e26-93dd-a22b4bc74818 req-af45aecb-84e9-4e26-93dd-a22b4bc74818 ] Request (ImagesOneServerNegativeTestJSON:_run_cleanups): 200 GET http://10.180.1.21/compute/v2.1/servers/99b0b92f-45c3-41fe-938d-6ab1c384e6c5 0.312s
2025-11-14 09:14:01.946 65671 INFO tempest.lib.common.rest_client [req-42a616ce-9704-4cc8-96e4-8c56dac0c8d0 req-42a616ce-9704-4cc8-96e4-8c56dac0c8d0 ] Request (ServerGroupTestJSON:_run_cleanups): 200 GET http://10.180.1.21/compute/v2.1/servers/b2c8498a-128e-40af-a503-2f22e1b9b9a3 0.290s
2025-11-14 09:14:02.040 65681 INFO tempest.lib.common.rest_client [req-68ba36fc-f4df-4d71-819a-6c49f183ab2e req-68ba36fc-f4df-4d71-819a-6c49f183ab2e ] Request (MigrationsAdminTest:test_resize_server_revert_deleted_flavor): 200 GET http://10.180.1.21/compute/v2.1/servers/abd1eefc-d2b6-47f5-a2a5-d538deb761f4 0.202s
2025-11-14 09:14:02.144 65667 INFO tempest.lib.common.rest_client [req-9aee0f92-d3b6-4e61-acc5-3accdad0efd6 req-9aee0f92-d3b6-4e61-acc5-3accdad0efd6 ] Request (VolumesAdminNegativeTest:test_update_attached_volume_with_nonexistent_volume_in_uri): 200 GET http://10.180.1.21/compute/v2.1/servers/595b764d-315b-4895-90b5-34a34410b033 0.278s
2025-11-14 09:14:02.209 65701 INFO tempest.lib.common.rest_client [req-cf5f1842-a7c4-43b7-97e5-da6f459d1c88 req-cf5f1842-a7c4-43b7-97e5-da6f459d1c88 ] Request (ImagesTestJSON:test_create_server_from_snapshot): 200 GET http://10.180.1.21/compute/v2.1/servers/aa1cbdfe-dbe6-486f-9ab2-646b6a4f30ba 0.309s
2025-11-14 09:14:02.358 65677 INFO tempest.lib.common.rest_client [req-bf4bfd5a-723f-4382-a12f-20f75017b658 req-bf4bfd5a-723f-4382-a12f-20f75017b658 ] Request (ImagesNegativeTestJSON:test_create_image_from_deleted_server): 200 GET http://10.180.1.21/compute/v2.1/servers/5ed9ef5b-376d-4e91-a163-b284d8e73492 0.324s
2025-11-14 09:14:02.553 65717 INFO tempest.lib.common.rest_client [req-79e570a9-b0bf-4d1d-a5aa-7d9c23c07f40 req-79e570a9-b0bf-4d1d-a5aa-7d9c23c07f40 ] Request (AttachVolumeShelveTestJSON:test_attach_volume_shelved_or_offload_server): 200 GET http://10.180.1.21/compute/v2.1/servers/242c60e5-0ad8-42c7-b47c-846bf5b7001f 0.484s
2025-11-14 09:14:02.632 65685 INFO tempest.lib.common.rest_client [req-7cd885a5-5a23-4322-8c80-398cf9ba3f25 req-7cd885a5-5a23-4322-8c80-398cf9ba3f25 ] Request (FloatingIPsTestJSON:test_delete_floating_ip): 200 POST http://10.180.1.21/compute/v2.1/os-floating-ips 0.894s
2025-11-14 09:14:02.692 65695 INFO tempest.lib.common.rest_client [req-21065e89-fb71-4b28-a0a3-f6bc9a8df4bf req-21065e89-fb71-4b28-a0a3-f6bc9a8df4bf ] Request (AttachVolumeNegativeTest:test_attach_attached_volume_to_different_server): 200 GET http://10.180.1.21/compute/v2.1/servers/b9036839-d3bd-4f09-9424-94609c90dc6b 0.601s
2025-11-14 09:14:02.706 65699 INFO tempest.lib.common.rest_client [req-dcbb9369-d9ac-4c44-a641-078edd5a8e01 req-dcbb9369-d9ac-4c44-a641-078edd5a8e01 ] Request (ServerActionsTestJSON:setUpClass): 200 GET http://10.180.1.21/compute/v2.1/servers/e77e7108-0e89-4a65-ac80-dbaf4e0bf4ea 0.502s
2025-11-14 09:14:02.804 65665 INFO tempest.lib.common.rest_client [req-7291db4c-d0d5-49c7-bd28-ff0c607b5e97 req-7291db4c-d0d5-49c7-bd28-ff0c607b5e97 ] Request (ServersWithSpecificFlavorTestJSON:test_verify_created_server_ephemeral_disk): 200 GET http://10.180.1.21/compute/v2.1/servers/8cd6c7df-45a5-4c12-9148-af828d5c92d1 0.539s
2025-11-14 09:14:02.820 65675 INFO tempest.lib.common.rest_client [req-b9534e9e-ae1d-47dd-a7ed-9323e299ed56 req-b9534e9e-ae1d-47dd-a7ed-9323e299ed56 ] Request (ListServerFiltersTestJSON:tearDownClass): 200 GET http://10.180.1.21/compute/v2.1/servers/1203c5af-30f7-4cba-a4d6-998b5806ae71 0.575s
2025-11-14 09:14:02.871 65687 INFO tempest.lib.common.rest_client [req-6372b092-1adf-42e8-9e3b-6b99273e17a2 req-6372b092-1adf-42e8-9e3b-6b99273e17a2 ] Request (ServerDiskConfigTestJSON:test_resize_server_from_auto_to_manual): 200 GET http://10.180.1.21/compute/v2.1/servers/75779b88-c777-41b0-8a1f-d99c8aa131e2 0.573s
2025-11-14 09:14:02.897 65725 INFO tempest.lib.common.rest_client [req-de7ce7fb-3f5a-4f6a-b711-4d556dfed491 req-de7ce7fb-3f5a-4f6a-b711-4d556dfed491 ] Request (ServersAdminNegativeTestJSON:tearDownClass): 200 GET http://10.180.1.21/compute/v2.1/servers/1198641a-fc81-48d2-a9d5-15321c80719c 0.571s
2025-11-14 09:14:02.946 65683 INFO tempest.lib.common.rest_client [req-7c78d5b6-e1a4-4073-9b3e-e424ee6e64c0 req-7c78d5b6-e1a4-4073-9b3e-e424ee6e64c0 ] Request (ServerTagsTestJSON:tearDownClass): 200 GET http://10.180.1.21/compute/v2.1/servers/4925f314-6b60-4a7a-ac45-8ac8a9a059f6 0.584s
2025-11-14 09:14:03.052 65707 INFO tempest.lib.common.rest_client [req-a61e5133-4196-449e-8644-2bfb5cdb5fa6 req-a61e5133-4196-449e-8644-2bfb5cdb5fa6 ] Request (ServersTestBootFromVolume:tearDownClass): 200 GET http://10.180.1.21/compute/v2.1/servers/00b5a6a5-5c9f-4820-8671-7ccb33dc3995 0.465s
2025-11-14 09:14:03.082 65673 INFO tempest.lib.common.rest_client [req-e648fc96-2a44-4562-957e-88342dfd2c03 req-e648fc96-2a44-4562-957e-88342dfd2c03 ] Request (SecurityGroupsTestJSON:test_server_security_groups): 200 GET http://10.180.1.21/compute/v2.1/servers/8ddd4b00-c804-4c11-a462-86cd44c11636 0.607s
2025-11-14 09:14:03.172 65697 INFO tempest.lib.common.rest_client [req-d36913ab-df86-433e-8351-be5920460e19 req-d36913ab-df86-433e-8351-be5920460e19 ] Request (ServerShowV247Test:tearDownClass): 200 GET http://10.180.1.21/compute/v2.1/servers/14930653-ba99-4253-a226-9e9f18ebb1e2 0.517s
2025-11-14 09:14:03.446 65685 INFO tempest.lib.common.rest_client [req-2122c1b4-4380-4d01-b7a6-b96212f45e85 req-2122c1b4-4380-4d01-b7a6-b96212f45e85 ] Request (FloatingIPsTestJSON:test_delete_floating_ip): 202 DELETE http://10.180.1.21/compute/v2.1/os-floating-ips/a9d04afa-c777-4414-8039-af8a8f4cbc2d 0.812s
2025-11-14 09:14:03.469 65669 INFO tempest.lib.common.rest_client [req-7f5e3e32-0874-4109-a34e-3a911db97c67 req-7f5e3e32-0874-4109-a34e-3a911db97c67 ] Request (ServersAdminTestJSON:tearDownClass): 200 GET http://10.180.1.21/compute/v2.1/servers/3c6e5b56-5098-4fa7-85bf-d50fd8b6fe9a 0.735s
2025-11-14 09:14:03.748 65715 INFO tempest.lib.common.rest_client [req-03e17cff-1cf5-4f2f-a847-2a0b68d7be30 req-03e17cff-1cf5-4f2f-a847-2a0b68d7be30 ] Request (DeleteServersTestJSON:test_delete_active_server): 200 GET http://10.180.1.21/compute/v2.1/servers/49b4868e-8f93-4b46-8156-092b779ba577 0.948s
2025-11-14 09:14:03.764 65689 INFO tempest.lib.common.rest_client [req-e2e89ca5-9773-41df-9e79-06fa6236df5b req-e2e89ca5-9773-41df-9e79-06fa6236df5b ] Request (ServersAaction247Test:test_create_backup): 200 GET http://10.180.1.21/compute/v2.1/servers/c2ba77d4-35f0-4373-87cc-1511d905b3fc 0.952s
2025-11-14 09:14:03.815 65711 INFO tempest.lib.common.rest_client [req-363728b6-254a-4cff-8617-79a14db7ff07 req-363728b6-254a-4cff-8617-79a14db7ff07 ] Request (ServersAdmin275Test:test_rebuild_update_server_275): 200 GET http://10.180.1.21/compute/v2.1/servers/d3ff08ef-6377-4365-b3e6-ee2918e45417 0.936s
2025-11-14 09:14:03.867 65721 INFO tempest.lib.common.rest_client [req-baaaf632-ba38-4b66-a122-31ef1cf51968 req-baaaf632-ba38-4b66-a122-31ef1cf51968 ] Request (AttachInterfacesUnderV243Test:_run_cleanups): 200 GET http://10.180.1.21/compute/v2.1/servers/4d239bf8-b3d6-4d50-83c9-5794c0f706e6 0.979s
2025-11-14 09:14:04.017 65671 INFO tempest.lib.common.rest_client [req-31ecef7e-819d-4a27-9ffe-88cd139144b3 req-31ecef7e-819d-4a27-9ffe-88cd139144b3 ] Request (ServerGroupTestJSON:_run_cleanups): 200 GET http://10.180.1.21/compute/v2.1/servers/b2c8498a-128e-40af-a503-2f22e1b9b9a3 1.063s
2025-11-14 09:14:04.049 65727 INFO tempest.lib.common.rest_client [req-2fa6b8dd-5774-4f7e-bac3-792c404ea659 req-2fa6b8dd-5774-4f7e-bac3-792c404ea659 ] Request (ImagesOneServerNegativeTestJSON:_run_cleanups): 200 GET http://10.180.1.21/compute/v2.1/servers/99b0b92f-45c3-41fe-938d-6ab1c384e6c5 1.110s
2025-11-14 09:14:04.058 65727 INFO tempest.common.waiters [-] State transition "BUILD/None" ==> "BUILD/spawning" after 54 second wait
2025-11-14 09:14:04.269 65681 INFO tempest.lib.common.rest_client [req-6becb7fc-84cc-4bec-9f95-f96d65c16953 req-6becb7fc-84cc-4bec-9f95-f96d65c16953 ] Request (MigrationsAdminTest:test_resize_server_revert_deleted_flavor): 200 GET http://10.180.1.21/compute/v2.1/servers/abd1eefc-d2b6-47f5-a2a5-d538deb761f4 1.220s
2025-11-14 09:14:04.302 65667 INFO tempest.lib.common.rest_client [req-479c10c2-26d4-49b6-889e-79715d6e2593 req-479c10c2-26d4-49b6-889e-79715d6e2593 ] Request (VolumesAdminNegativeTest:test_update_attached_volume_with_nonexistent_volume_in_uri): 200 GET http://10.180.1.21/compute/v2.1/servers/595b764d-315b-4895-90b5-34a34410b033 1.150s
2025-11-14 09:14:04.330 65701 INFO tempest.lib.common.rest_client [req-9ca208f6-9aea-4cac-ae09-ace55471f104 req-9ca208f6-9aea-4cac-ae09-ace55471f104 ] Request (ImagesTestJSON:test_create_server_from_snapshot): 200 GET http://10.180.1.21/compute/v2.1/servers/aa1cbdfe-dbe6-486f-9ab2-646b6a4f30ba 1.112s
2025-11-14 09:14:04.384 65685 INFO tempest.lib.common.rest_client [req-7b5f7347-597c-4c59-88cb-fc2d553201f4 req-7b5f7347-597c-4c59-88cb-fc2d553201f4 ] Request (FloatingIPsTestJSON:test_delete_floating_ip): 404 GET http://10.180.1.21/compute/v2.1/os-floating-ips/a9d04afa-c777-4414-8039-af8a8f4cbc2d 0.937s
2025-11-14 09:14:04.422 65677 INFO tempest.lib.common.rest_client [req-2396cd32-86e2-42bf-9a3e-0124f28765f3 req-2396cd32-86e2-42bf-9a3e-0124f28765f3 ] Request (ImagesNegativeTestJSON:test_create_image_from_deleted_server): 200 GET http://10.180.1.21/compute/v2.1/servers/5ed9ef5b-376d-4e91-a163-b284d8e73492 1.054s
2025-11-14 09:14:04.497 65695 INFO tempest.lib.common.rest_client [req-39dcb09d-17ac-4de8-9607-3948b9a1a5a9 req-39dcb09d-17ac-4de8-9607-3948b9a1a5a9 ] Request (AttachVolumeNegativeTest:test_attach_attached_volume_to_different_server): 200 GET http://10.180.1.21/compute/v2.1/servers/b9036839-d3bd-4f09-9424-94609c90dc6b 0.796s
2025-11-14 09:14:04.518 65717 INFO tempest.lib.common.rest_client [req-71cd0f2d-159e-4a05-8a04-20453a6d9cb1 req-71cd0f2d-159e-4a05-8a04-20453a6d9cb1 ] Request (AttachVolumeShelveTestJSON:test_attach_volume_shelved_or_offload_server): 200 GET http://10.180.1.21/compute/v2.1/servers/242c60e5-0ad8-42c7-b47c-846bf5b7001f 0.955s
2025-11-14 09:14:04.555 65699 INFO tempest.lib.common.rest_client [req-1d1b8813-5c5d-4368-9337-51428e337cc5 req-1d1b8813-5c5d-4368-9337-51428e337cc5 ] Request (ServerActionsTestJSON:setUpClass): 200 GET http://10.180.1.21/compute/v2.1/servers/e77e7108-0e89-4a65-ac80-dbaf4e0bf4ea 0.842s
2025-11-14 09:14:04.573 65665 INFO tempest.lib.common.rest_client [req-afe52215-0770-45de-865d-0c38f1373282 req-afe52215-0770-45de-865d-0c38f1373282 ] Request (ServersWithSpecificFlavorTestJSON:test_verify_created_server_ephemeral_disk): 200 GET http://10.180.1.21/compute/v2.1/servers/8cd6c7df-45a5-4c12-9148-af828d5c92d1 0.760s
2025-11-14 09:14:04.626 65675 INFO tempest.lib.common.rest_client [req-307bc591-c243-4e09-a055-e48cd819887b req-307bc591-c243-4e09-a055-e48cd819887b ] Request (ListServerFiltersTestJSON:tearDownClass): 200 GET http://10.180.1.21/compute/v2.1/servers/1203c5af-30f7-4cba-a4d6-998b5806ae71 0.798s
2025-11-14 09:14:04.627 65687 INFO tempest.lib.common.rest_client [req-767977f5-0d96-4cbd-aaca-fc53f7d1e82d req-767977f5-0d96-4cbd-aaca-fc53f7d1e82d ] Request (ServerDiskConfigTestJSON:test_resize_server_from_auto_to_manual): 200 GET http://10.180.1.21/compute/v2.1/servers/75779b88-c777-41b0-8a1f-d99c8aa131e2 0.747s
2025-11-14 09:14:04.689 65725 INFO tempest.lib.common.rest_client [req-fa61666a-9e26-4edd-acd9-c08659b59f16 req-fa61666a-9e26-4edd-acd9-c08659b59f16 ] Request (ServersAdminNegativeTestJSON:tearDownClass): 200 GET http://10.180.1.21/compute/v2.1/servers/1198641a-fc81-48d2-a9d5-15321c80719c 0.781s
2025-11-14 09:14:04.703 65683 INFO tempest.lib.common.rest_client [req-51da2750-0af4-422b-b181-93d018083c3f req-51da2750-0af4-422b-b181-93d018083c3f ] Request (ServerTagsTestJSON:tearDownClass): 200 GET http://10.180.1.21/compute/v2.1/servers/4925f314-6b60-4a7a-ac45-8ac8a9a059f6 0.747s
2025-11-14 09:14:04.754 65707 INFO tempest.lib.common.rest_client [req-e235bd7c-baef-42f2-a699-7f35bb2f89ba req-e235bd7c-baef-42f2-a699-7f35bb2f89ba ] Request (ServersTestBootFromVolume:tearDownClass): 200 GET http://10.180.1.21/compute/v2.1/servers/00b5a6a5-5c9f-4820-8671-7ccb33dc3995 0.694s
2025-11-14 09:14:04.763 65673 INFO tempest.lib.common.rest_client [req-8eb735ac-1605-4d02-86b4-1c56a2ced553 req-8eb735ac-1605-4d02-86b4-1c56a2ced553 ] Request (SecurityGroupsTestJSON:test_server_security_groups): 200 GET http://10.180.1.21/compute/v2.1/servers/8ddd4b00-c804-4c11-a462-86cd44c11636 0.668s
2025-11-14 09:14:04.815 65685 INFO tempest.lib.common.rest_client [req-d5743f88-582e-4d7d-a7fc-8744f8b02651 req-d5743f88-582e-4d7d-a7fc-8744f8b02651 ] Request (FloatingIPsTestJSON:_run_cleanups): 404 DELETE http://10.180.1.21/compute/v2.1/os-floating-ips/a9d04afa-c777-4414-8039-af8a8f4cbc2d 0.430s
2025-11-14 09:14:04.827 65697 INFO tempest.lib.common.rest_client [req-04c0abe9-8e10-40e9-80e1-45c49547a0b5 req-04c0abe9-8e10-40e9-80e1-45c49547a0b5 ] Request (ServerShowV247Test:tearDownClass): 200 GET http://10.180.1.21/compute/v2.1/servers/14930653-ba99-4253-a226-9e9f18ebb1e2 0.640s
2025-11-14 09:14:04.895 65669 INFO tempest.lib.common.rest_client [req-799886dd-30d1-4a9c-ba9a-0291f6828ece req-799886dd-30d1-4a9c-ba9a-0291f6828ece ] Request (ServersAdminTestJSON:tearDownClass): 200 GET http://10.180.1.21/compute/v2.1/servers/3c6e5b56-5098-4fa7-85bf-d50fd8b6fe9a 0.416s
2025-11-14 09:14:04.916 65715 INFO tempest.lib.common.rest_client [req-80d2446c-b723-4feb-9594-cca58abba014 req-80d2446c-b723-4feb-9594-cca58abba014 ] Request (DeleteServersTestJSON:test_delete_active_server): 200 GET http://10.180.1.21/compute/v2.1/servers/49b4868e-8f93-4b46-8156-092b779ba577 0.161s
2025-11-14 09:14:04.954 65689 INFO tempest.lib.common.rest_client [req-bda6180d-729c-48c1-aaef-2237c3d694c5 req-bda6180d-729c-48c1-aaef-2237c3d694c5 ] Request (ServersAaction247Test:test_create_backup): 200 GET http://10.180.1.21/compute/v2.1/servers/c2ba77d4-35f0-4373-87cc-1511d905b3fc 0.181s
2025-11-14 09:14:04.979 65711 INFO tempest.lib.common.rest_client [req-b7280cad-7024-49b4-9d3f-7817e6fa6571 req-b7280cad-7024-49b4-9d3f-7817e6fa6571 ] Request (ServersAdmin275Test:test_rebuild_update_server_275): 200 GET http://10.180.1.21/compute/v2.1/servers/d3ff08ef-6377-4365-b3e6-ee2918e45417 0.153s
2025-11-14 09:14:05.021 65721 INFO tempest.lib.common.rest_client [req-e9d16781-107f-449d-82ad-b2612e642f6d req-e9d16781-107f-449d-82ad-b2612e642f6d ] Request (AttachInterfacesUnderV243Test:_run_cleanups): 200 GET http://10.180.1.21/compute/v2.1/servers/4d239bf8-b3d6-4d50-83c9-5794c0f706e6 0.144s
2025-11-14 09:14:05.103 65671 INFO tempest.lib.common.rest_client [req-3ca354be-4790-4e51-b7e1-50331187cd76 req-3ca354be-4790-4e51-b7e1-50331187cd76 ] Request (ServerGroupTestJSON:_run_cleanups): 200 GET http://10.180.1.21/compute/v2.1/servers/b2c8498a-128e-40af-a503-2f22e1b9b9a3 0.073s
2025-11-14 09:14:05.183 65727 INFO tempest.lib.common.rest_client [req-973d168b-ac4d-4723-b75b-f4e407e1770a req-973d168b-ac4d-4723-b75b-f4e407e1770a ] Request (ImagesOneServerNegativeTestJSON:_run_cleanups): 200 GET http://10.180.1.21/compute/v2.1/servers/99b0b92f-45c3-41fe-938d-6ab1c384e6c5 0.123s
2025-11-14 09:14:05.440 65681 INFO tempest.lib.common.rest_client [req-1dd1fd7a-d54d-49f7-a2ed-eea91423498e req-1dd1fd7a-d54d-49f7-a2ed-eea91423498e ] Request (MigrationsAdminTest:test_resize_server_revert_deleted_flavor): 200 GET http://10.180.1.21/compute/v2.1/servers/abd1eefc-d2b6-47f5-a2a5-d538deb761f4 0.162s
2025-11-14 09:14:05.443 65723 WARNING tempest.lib.common.ssh [-] Failed to establish authenticated ssh connection to cirros@10.180.180.185 ([Errno None] Unable to connect to port 22 on 10.180.180.185). Number attempts: 7. Retry after 8 seconds.: paramiko.ssh_exception.NoValidConnectionsError: [Errno None] Unable to connect to port 22 on 10.180.180.185
2025-11-14 09:14:05.468 65667 INFO tempest.lib.common.rest_client [req-80c3df64-11f7-4067-988e-cc807b4c0782 req-80c3df64-11f7-4067-988e-cc807b4c0782 ] Request (VolumesAdminNegativeTest:test_update_attached_volume_with_nonexistent_volume_in_uri): 200 GET http://10.180.1.21/compute/v2.1/servers/595b764d-315b-4895-90b5-34a34410b033 0.155s
2025-11-14 09:14:05.504 65701 INFO tempest.lib.common.rest_client [req-0bdecd08-b220-4442-851d-84c21a70e47c req-0bdecd08-b220-4442-851d-84c21a70e47c ] Request (ImagesTestJSON:test_create_server_from_snapshot): 200 GET http://10.180.1.21/compute/v2.1/servers/aa1cbdfe-dbe6-486f-9ab2-646b6a4f30ba 0.166s
2025-11-14 09:14:05.588 65695 INFO tempest.lib.common.rest_client [req-6ad2d79e-2ed6-40f5-bf9b-2de18bce2de8 req-6ad2d79e-2ed6-40f5-bf9b-2de18bce2de8 ] Request (AttachVolumeNegativeTest:test_attach_attached_volume_to_different_server): 200 GET http://10.180.1.21/compute/v2.1/servers/b9036839-d3bd-4f09-9424-94609c90dc6b 0.083s
2025-11-14 09:14:05.651 65677 INFO tempest.lib.common.rest_client [req-c0a6a756-9979-45ea-8d17-a18f90c40ee2 req-c0a6a756-9979-45ea-8d17-a18f90c40ee2 ] Request (ImagesNegativeTestJSON:test_create_image_from_deleted_server): 200 GET http://10.180.1.21/compute/v2.1/servers/5ed9ef5b-376d-4e91-a163-b284d8e73492 0.220s
2025-11-14 09:14:05.671 65685 INFO tempest.lib.common.rest_client [req-44545b87-cbcc-40d3-a8c6-166aec22e631 req-44545b87-cbcc-40d3-a8c6-166aec22e631 ] Request (FloatingIPsTestJSON:tearDownClass): 200 PUT http://10.180.1.21/networking/v2.0/routers/97dc09a5-289f-402e-bd5b-6bd0d64645a7/remove_router_interface 0.855s
2025-11-14 09:14:05.728 65699 INFO tempest.lib.common.rest_client [req-bef03b9c-036c-4ccd-9c19-c8a6e59e4fe9 req-bef03b9c-036c-4ccd-9c19-c8a6e59e4fe9 ] Request (ServerActionsTestJSON:setUpClass): 200 GET http://10.180.1.21/compute/v2.1/servers/e77e7108-0e89-4a65-ac80-dbaf4e0bf4ea 0.165s
2025-11-14 09:14:05.805 65717 INFO tempest.lib.common.rest_client [req-b83e2ec0-4303-487c-8d13-9125e5f81b0a req-b83e2ec0-4303-487c-8d13-9125e5f81b0a ] Request (AttachVolumeShelveTestJSON:test_attach_volume_shelved_or_offload_server): 200 GET http://10.180.1.21/compute/v2.1/servers/242c60e5-0ad8-42c7-b47c-846bf5b7001f 0.278s
2025-11-14 09:14:05.824 65665 INFO tempest.lib.common.rest_client [req-6bcb3928-4b9f-4163-99fc-d30c41671a0d req-6bcb3928-4b9f-4163-99fc-d30c41671a0d ] Request (ServersWithSpecificFlavorTestJSON:test_verify_created_server_ephemeral_disk): 200 GET http://10.180.1.21/compute/v2.1/servers/8cd6c7df-45a5-4c12-9148-af828d5c92d1 0.243s
2025-11-14 09:14:05.872 65687 INFO tempest.lib.common.rest_client [req-ba957179-1abb-44f2-bd6c-bfa3d44b62c0 req-ba957179-1abb-44f2-bd6c-bfa3d44b62c0 ] Request (ServerDiskConfigTestJSON:test_resize_server_from_auto_to_manual): 200 GET http://10.180.1.21/compute/v2.1/servers/75779b88-c777-41b0-8a1f-d99c8aa131e2 0.237s
2025-11-14 09:14:05.939 65675 INFO tempest.lib.common.rest_client [req-a6852d52-2146-4e50-a859-2865951d9fe4 req-a6852d52-2146-4e50-a859-2865951d9fe4 ] Request (ListServerFiltersTestJSON:tearDownClass): 200 GET http://10.180.1.21/compute/v2.1/servers/1203c5af-30f7-4cba-a4d6-998b5806ae71 0.305s
2025-11-14 09:14:05.959 65725 INFO tempest.lib.common.rest_client [req-b102af6b-de27-4c56-9f32-9327ee982908 req-b102af6b-de27-4c56-9f32-9327ee982908 ] Request (ServersAdminNegativeTestJSON:tearDownClass): 200 GET http://10.180.1.21/compute/v2.1/servers/1198641a-fc81-48d2-a9d5-15321c80719c 0.261s
2025-11-14 09:14:05.970 65683 INFO tempest.lib.common.rest_client [req-600f35d1-7cdd-4ae2-9a6a-e62dcf3ed744 req-600f35d1-7cdd-4ae2-9a6a-e62dcf3ed744 ] Request (ServerTagsTestJSON:tearDownClass): 404 GET http://10.180.1.21/compute/v2.1/servers/4925f314-6b60-4a7a-ac45-8ac8a9a059f6 0.254s
2025-11-14 09:14:06.140 65685 INFO tempest.lib.common.rest_client [req-ff6472b1-c1c6-4d10-a104-a2d46c629edb req-ff6472b1-c1c6-4d10-a104-a2d46c629edb ] Request (FloatingIPsTestJSON:tearDownClass): 204 DELETE http://10.180.1.21/networking/v2.0/routers/97dc09a5-289f-402e-bd5b-6bd0d64645a7 0.468s
2025-11-14 09:14:06.164 65673 INFO tempest.lib.common.rest_client [req-d7d9c11e-f19a-42b5-ba80-5c3244c6e327 req-d7d9c11e-f19a-42b5-ba80-5c3244c6e327 ] Request (SecurityGroupsTestJSON:test_server_security_groups): 200 GET http://10.180.1.21/compute/v2.1/servers/8ddd4b00-c804-4c11-a462-86cd44c11636 0.392s
2025-11-14 09:14:06.172 65673 INFO tempest.common.waiters [-] State transition "ACTIVE/deleting" ==> "DELETED/None" after 5 second wait
2025-11-14 09:14:06.182 65707 INFO tempest.lib.common.rest_client [req-4e5a3e72-d4e6-465c-8044-8778c783f9b5 req-4e5a3e72-d4e6-465c-8044-8778c783f9b5 ] Request (ServersTestBootFromVolume:tearDownClass): 200 GET http://10.180.1.21/compute/v2.1/servers/00b5a6a5-5c9f-4820-8671-7ccb33dc3995 0.419s
2025-11-14 09:14:06.293 65685 INFO tempest.lib.common.rest_client [req-77ad202c-6baf-4ceb-bd1f-bf2852cf353f req-77ad202c-6baf-4ceb-bd1f-bf2852cf353f ] Request (FloatingIPsTestJSON:tearDownClass): 204 DELETE http://10.180.1.21/networking/v2.0/subnets/e7d87bfb-99d1-4582-9a76-99cd4bc91cd8 0.152s
2025-11-14 09:14:06.320 65697 INFO tempest.lib.common.rest_client [req-95baf322-3389-46d8-a263-32007caa28db req-95baf322-3389-46d8-a263-32007caa28db ] Request (ServerShowV247Test:tearDownClass): 200 GET http://10.180.1.21/compute/v2.1/servers/14930653-ba99-4253-a226-9e9f18ebb1e2 0.480s
2025-11-14 09:14:06.336 65669 INFO tempest.lib.common.rest_client [req-99f30294-6a47-4b9d-a83d-487dd9897db8 req-99f30294-6a47-4b9d-a83d-487dd9897db8 ] Request (ServersAdminTestJSON:tearDownClass): 200 GET http://10.180.1.21/compute/v2.1/servers/3c6e5b56-5098-4fa7-85bf-d50fd8b6fe9a 0.432s
2025-11-14 09:14:06.497 65685 INFO tempest.lib.common.rest_client [req-cb0c080c-5b99-407b-ae50-141e68e775ab req-cb0c080c-5b99-407b-ae50-141e68e775ab ] Request (FloatingIPsTestJSON:tearDownClass): 204 DELETE http://10.180.1.21/networking/v2.0/networks/dc46da41-e060-44ac-82ea-4865269288d9 0.204s
2025-11-14 09:14:06.525 65715 INFO tempest.lib.common.rest_client [req-553eb390-c719-4578-9746-5978b390eff6 req-553eb390-c719-4578-9746-5978b390eff6 ] Request (DeleteServersTestJSON:test_delete_active_server): 200 GET http://10.180.1.21/compute/v2.1/servers/49b4868e-8f93-4b46-8156-092b779ba577 0.600s
2025-11-14 09:14:06.542 65689 INFO tempest.lib.common.rest_client [req-afa70049-cee6-459b-8bd0-0df8451615bf req-afa70049-cee6-459b-8bd0-0df8451615bf ] Request (ServersAaction247Test:test_create_backup): 200 GET http://10.180.1.21/compute/v2.1/servers/c2ba77d4-35f0-4373-87cc-1511d905b3fc 0.575s
