2025-11-14 09:13:11.566 65685 INFO tempest.lib.common.rest_client [req-f323fcd2-a0c4-47f3-ad1a-6ddf0f68e9e2 req-f323fcd2-a0c4-47f3-ad1a-6ddf0f68e9e2 ] Request (VolumesAssistedSnapshotsTest:tearDownClass): 200 GET http://10.180.1.21/compute/v2.1/servers/33c36f11-33f3-4642-a367-c26cceac7fa9 0.784s
2025-11-14 09:13:11.594 65691 INFO tempest.lib.common.rest_client [req-123bbd79-05c5-4862-be16-6f31df39041c req-123bbd79-05c5-4862-be16-6f31df39041c ] Request (DeleteServersAdminTestJSON:tearDownClass): 204 DELETE http://10.180.1.21/networking/v2.0/security-groups/e753fa43-dc7d-4211-84ac-9b92dcf25480 0.162s
2025-11-14 09:13:11.617 65673 INFO tempest.lib.common.rest_client [req-e8774ca3-4cc5-44cf-8fcc-fef86d941c6f req-e8774ca3-4cc5-44cf-8fcc-fef86d941c6f ] Request (SecurityGroupsTestJSON:test_server_security_groups): 200 GET http://10.180.1.21/compute/v2.1/servers/8ddd4b00-c804-4c11-a462-86cd44c11636 0.704s
2025-11-14 09:13:11.673 65709 INFO tempest.lib.common.rest_client [req-d504caf1-7ca2-4847-ac3d-3414fa975d6c req-d504caf1-7ca2-4847-ac3d-3414fa975d6c ] Request (AttachInterfacesTestJSON:test_create_list_show_delete_interfaces_by_fixed_ip): 200 GET http://10.180.1.21/compute/v2.1/servers/ee26ef56-78c7-42ab-a032-6832a53071c9 0.455s
2025-11-14 09:13:11.706 65691 INFO tempest.lib.common.rest_client [req-cdfa9a1b-5c23-40c6-bb0e-58957b01dd26 req-cdfa9a1b-5c23-40c6-bb0e-58957b01dd26 ] Request (DeleteServersAdminTestJSON:tearDownClass): 204 DELETE http://10.180.1.21/identity/v3/projects/53f3baf3a1bf4413b254131eb29833b0 0.112s
2025-11-14 09:13:11.707 65691 INFO tempest.lib.common.dynamic_creds [-] Deleting project and security group for project: e5e248323aa943768de32e6f4d7e2c96
2025-11-14 09:13:11.737 65699 INFO tempest.lib.common.rest_client [req-5373edb9-f616-46f2-a7cc-c8229bc46fee req-5373edb9-f616-46f2-a7cc-c8229bc46fee ] Request (InstanceActionsNegativeTestJSON:tearDownClass): 200 GET http://10.180.1.21/compute/v2.1/servers/e017c3fe-d5f2-48b5-9c6e-1460aaadbad4 0.390s
2025-11-14 09:13:11.791 65683 INFO tempest.lib.common.rest_client [req-80434900-176a-442d-9017-8ea7f73c8719 req-80434900-176a-442d-9017-8ea7f73c8719 ] Request (ServerTagsTestJSON:_run_cleanups): 204 DELETE http://10.180.1.21/compute/v2.1/servers/4925f314-6b60-4a7a-ac45-8ac8a9a059f6/tags 0.280s
2025-11-14 09:13:11.819 65691 INFO tempest.lib.common.rest_client [req-9e7ccdeb-2b20-44d1-8e5c-1ddf0f073126 req-9e7ccdeb-2b20-44d1-8e5c-1ddf0f073126 ] Request (DeleteServersAdminTestJSON:tearDownClass): 200 GET http://10.180.1.21/networking/v2.0/security-groups?tenant_id=e5e248323aa943768de32e6f4d7e2c96&name=default 0.111s
2025-11-14 09:13:11.873 65715 INFO tempest.lib.common.rest_client [req-22b174f1-fbed-47e9-9c52-781b382460b0 req-22b174f1-fbed-47e9-9c52-781b382460b0 ] Request (DeleteServersTestJSON:test_delete_active_server): 200 GET http://10.180.1.21/compute/v2.1/servers/49b4868e-8f93-4b46-8156-092b779ba577 0.489s
2025-11-14 09:13:11.884 65715 INFO tempest.common.waiters [-] State transition "BUILD/spawning" ==> "ACTIVE/None" after 47 second wait
2025-11-14 09:13:11.948 65691 INFO tempest.lib.common.rest_client [req-9e6d4787-ab81-4ef5-ae5d-226af32606cd req-9e6d4787-ab81-4ef5-ae5d-226af32606cd ] Request (DeleteServersAdminTestJSON:tearDownClass): 204 DELETE http://10.180.1.21/networking/v2.0/security-groups/3393744b-2f78-439d-8597-2f95f166e4a7 0.129s
2025-11-14 09:13:11.972 65711 INFO tempest.lib.common.rest_client [req-ec09468f-03c2-4f5d-8c0b-178eaf1ed539 req-ec09468f-03c2-4f5d-8c0b-178eaf1ed539 ] Request (ServerDiagnosticsV248Test:tearDownClass): 200 GET http://10.180.1.21/compute/v2.1/servers/4a5509bf-4263-4d86-bafd-ed9ee48ec64d 0.441s
2025-11-14 09:13:12.090 65691 INFO tempest.lib.common.rest_client [req-fe6194c1-97dc-43b1-b465-9d54c2495d6a req-fe6194c1-97dc-43b1-b465-9d54c2495d6a ] Request (DeleteServersAdminTestJSON:tearDownClass): 204 DELETE http://10.180.1.21/identity/v3/projects/e5e248323aa943768de32e6f4d7e2c96 0.141s
2025-11-14 09:13:12.095 65704 INFO tempest.lib.common.rest_client [req-3eca4db1-d526-458d-96d2-1162fb6da9d9 req-3eca4db1-d526-458d-96d2-1162fb6da9d9 ] Request (ServersTestFqdnHostnames:test_create_server_with_fqdn_name): 200 GET http://10.180.1.21/compute/v2.1/servers/f4354dec-ba6a-4809-8bb8-5335ef4fc3a9 0.486s
2025-11-14 09:13:12.127 65687 INFO tempest.lib.common.rest_client [req-2451e1ff-6297-4cc1-b4e1-8077f06b8e3c req-2451e1ff-6297-4cc1-b4e1-8077f06b8e3c ] Request (ServerDiskConfigTestJSON:test_rebuild_server_with_manual_disk_config): 200 GET http://10.180.1.21/compute/v2.1/servers/bb529f7e-5d01-4d34-902a-41f63dd50aff 0.533s
2025-11-14 09:13:12.166 65691 INFO tempest.lib.common.rest_client [req-35f27a78-bbe9-40bd-8e2d-c78029089cb0 req-35f27a78-bbe9-40bd-8e2d-c78029089cb0 ] Request (QuotasAdminTestV236:setUpClass): 201 POST http://10.180.1.21/identity/v3/auth/tokens 0.074s
2025-11-14 09:13:12.198 65671 INFO tempest.lib.common.rest_client [req-75dd6e78-3d58-4fda-99a9-371965965023 req-75dd6e78-3d58-4fda-99a9-371965965023 ] Request (ServerGroupTestJSON:test_create_server_with_scheduler_hint_group): 200 GET http://10.180.1.21/compute/v2.1/servers/b2c8498a-128e-40af-a503-2f22e1b9b9a3 0.530s
2025-11-14 09:13:12.210 65691 INFO tempest.lib.common.rest_client [req-32c468c0-47b8-40ad-ac50-33945533d5e8 req-32c468c0-47b8-40ad-ac50-33945533d5e8 ] Request (QuotasAdminTestV236:setUpClass): 201 POST http://10.180.1.21/identity/v3/auth/tokens 0.042s
2025-11-14 09:13:12.235 65691 INFO tempest.lib.common.rest_client [req-773bf3bc-84e2-4ed7-b44b-e39f1bbbb0ea req-773bf3bc-84e2-4ed7-b44b-e39f1bbbb0ea ] Request (QuotasAdminTestV236:setUpClass): 200 GET http://10.180.1.21/identity/v3/domains?name=Default 0.024s
2025-11-14 09:13:12.271 65691 INFO tempest.lib.common.rest_client [req-2b110504-0527-4f47-8c38-a2c336af5dbd req-2b110504-0527-4f47-8c38-a2c336af5dbd ] Request (QuotasAdminTestV236:setUpClass): 201 POST http://10.180.1.21/identity/v3/projects 0.035s
2025-11-14 09:13:12.298 65701 INFO tempest.lib.common.rest_client [req-abf0c7b7-d5c2-402b-93c1-9e0377035717 req-abf0c7b7-d5c2-402b-93c1-9e0377035717 ] Request (ImagesTestJSON:test_create_image_from_suspended_server): 200 GET http://10.180.1.21/compute/v2.1/servers/1162b4c4-0d10-444c-b72f-ef5051b6bc5b 0.562s
2025-11-14 09:13:12.313 65713 INFO tempest.lib.common.rest_client [req-e3890445-2521-4851-832d-d5b025ec789d req-e3890445-2521-4851-832d-d5b025ec789d ] Request (ServerShowV257Test:tearDownClass): 200 GET http://10.180.1.21/compute/v2.1/servers/5f4d9851-6d07-410f-b145-8c12ef089ef0 0.567s
2025-11-14 09:13:12.359 65691 INFO tempest.lib.common.rest_client [req-2dc578df-1924-4732-a168-bd603a014ac3 req-2dc578df-1924-4732-a168-bd603a014ac3 ] Request (QuotasAdminTestV236:setUpClass): 201 POST http://10.180.1.21/identity/v3/users 0.087s
2025-11-14 09:13:12.391 65691 INFO tempest.lib.common.rest_client [req-a3713d56-6206-462a-af37-ba518f143ab2 req-a3713d56-6206-462a-af37-ba518f143ab2 ] Request (QuotasAdminTestV236:setUpClass): 200 GET http://10.180.1.21/identity/v3/roles 0.032s
2025-11-14 09:13:12.403 65719 INFO tempest.lib.common.rest_client [req-b6f5cda2-f547-486c-bf8b-9773fd2981ac req-b6f5cda2-f547-486c-bf8b-9773fd2981ac ] Request (ListServersNegativeTestJSON:tearDownClass): 200 GET http://10.180.1.21/compute/v2.1/servers/70ef6cde-0637-455b-ae0f-f1acf540a0e4 0.578s
2025-11-14 09:13:12.419 65695 INFO tempest.lib.common.rest_client [req-3c1cd81d-d54a-4543-843b-df3adad43a20 req-3c1cd81d-d54a-4543-843b-df3adad43a20 ] Request (AttachVolumeNegativeTest:setUpClass): 201 POST http://10.180.1.21/networking/v2.0/routers 0.882s
2025-11-14 09:13:12.432 65683 INFO tempest.lib.common.rest_client [req-256be7be-bc18-47c2-8154-93c2fa00638d req-256be7be-bc18-47c2-8154-93c2fa00638d ] Request (ServerTagsTestJSON:tearDownClass): 204 DELETE http://10.180.1.21/compute/v2.1/servers/4925f314-6b60-4a7a-ac45-8ac8a9a059f6 0.639s
2025-11-14 09:13:12.452 65691 INFO tempest.lib.common.rest_client [req-6d21bf00-142f-48c7-9162-7ea3f782c862 req-6d21bf00-142f-48c7-9162-7ea3f782c862 ] Request (QuotasAdminTestV236:setUpClass): 204 PUT http://10.180.1.21/identity/v3/projects/6846ca34570446069d7d8f05f1ba71a4/users/4877da472b454c228cb1caed763c998d/roles/4922d35a73c64ef48bec5cc77b709980 0.060s
2025-11-14 09:13:12.452 65691 INFO tempest.lib.common.dynamic_creds [-] Dynamic test user 4877da472b454c228cb1caed763c998d is created with scope project and roles: ['member']
2025-11-14 09:13:12.453 65691 INFO tempest.lib.common.dynamic_creds [-] Acquired dynamic creds: credentials: Credentials: {'domain_id': 'default', 'domain_name': 'Default', 'username': 'tempest-QuotasAdminTestV236-106986252-project-member', 'project_domain_id': 'default', 'project_domain_name': 'Default', 'project_id': '6846ca34570446069d7d8f05f1ba71a4', 'project_name': 'tempest-QuotasAdminTestV236-106986252', 'tenant_id': '6846ca34570446069d7d8f05f1ba71a4', 'tenant_name': 'tempest-QuotasAdminTestV236-106986252', 'user_domain_id': 'default', 'user_domain_name': 'Default', 'user_id': '4877da472b454c228cb1caed763c998d', 'system': None}, Network: None, Subnet: None, Router: None
2025-11-14 09:13:12.454 65691 INFO tempest.lib.common.dynamic_creds [-] Created isolated network resources for: credentials: Credentials: {'domain_id': 'default', 'domain_name': 'Default', 'username': 'tempest-QuotasAdminTestV236-106986252-project-member', 'project_domain_id': 'default', 'project_domain_name': 'Default', 'project_id': '6846ca34570446069d7d8f05f1ba71a4', 'project_name': 'tempest-QuotasAdminTestV236-106986252', 'tenant_id': '6846ca34570446069d7d8f05f1ba71a4', 'tenant_name': 'tempest-QuotasAdminTestV236-106986252', 'user_domain_id': 'default', 'user_domain_name': 'Default', 'user_id': '4877da472b454c228cb1caed763c998d', 'system': None}, Network: None, Subnet: None, Router: None
2025-11-14 09:13:12.475 65727 INFO tempest.lib.common.rest_client [req-06a66fcb-ce8f-4c46-8599-25cf7137b3c4 req-06a66fcb-ce8f-4c46-8599-25cf7137b3c4 ] Request (ImagesOneServerNegativeTestJSON:_run_cleanups): 200 GET http://10.180.1.21/compute/v2.1/servers/99b0b92f-45c3-41fe-938d-6ab1c384e6c5 0.603s
2025-11-14 09:13:12.532 65715 INFO tempest.lib.common.rest_client [req-5f96df78-8efe-4ad2-94c5-7bed1333c2df req-5f96df78-8efe-4ad2-94c5-7bed1333c2df ] Request (DeleteServersTestJSON:test_delete_active_server): 204 DELETE http://10.180.1.21/compute/v2.1/servers/49b4868e-8f93-4b46-8156-092b779ba577 0.647s
2025-11-14 09:13:12.566 65725 INFO tempest.lib.common.rest_client [req-b35b3061-8b95-4274-8a2c-f849ed2eafc3 req-b35b3061-8b95-4274-8a2c-f849ed2eafc3 ] Request (ServersAdminNegativeTestJSON:tearDownClass): 200 GET http://10.180.1.21/compute/v2.1/servers/29056f1d-5a82-48a3-8e84-0110b328855a 0.649s
2025-11-14 09:13:12.568 65691 INFO tempest.lib.common.rest_client [req-15abd838-98dc-48a3-a0f9-b34879fa56b4 req-15abd838-98dc-48a3-a0f9-b34879fa56b4 ] Request (QuotasAdminTestV236:setUpClass): 201 POST http://10.180.1.21/identity/v3/auth/tokens 0.109s
2025-11-14 09:13:12.601 65667 INFO tempest.lib.common.rest_client [req-cd63f7da-5d7d-4fcd-a2c8-ee1e8d6dcbe4 req-cd63f7da-5d7d-4fcd-a2c8-ee1e8d6dcbe4 ] Request (VolumesAdminNegativeTest:test_update_attached_volume_with_nonexistent_volume_in_uri): 200 GET http://10.180.1.21/compute/v2.1/servers/595b764d-315b-4895-90b5-34a34410b033 0.660s
2025-11-14 09:13:12.644 65675 INFO tempest.lib.common.rest_client [req-283726a2-c3b1-40a3-a64b-1f4cec43f512 req-283726a2-c3b1-40a3-a64b-1f4cec43f512 ] Request (ListServerFiltersTestJSON:tearDownClass): 200 GET http://10.180.1.21/compute/v2.1/servers/c6449f49-e1a0-4c46-b5da-1f5d974680b4 0.646s
2025-11-14 09:13:12.662 65691 INFO tempest.lib.common.rest_client [req-bcd9e442-91aa-4a40-9837-9e61c1a86c45 req-bcd9e442-91aa-4a40-9837-9e61c1a86c45 ] Request (QuotasAdminTestV236:setUpClass): 201 POST http://10.180.1.21/identity/v3/projects 0.093s
2025-11-14 09:13:12.677 65689 INFO tempest.lib.common.rest_client [req-3b6696af-4a10-4a5d-86d4-b82ab7ad9ed1 req-3b6696af-4a10-4a5d-86d4-b82ab7ad9ed1 ] Request (FloatingIPsAssociationTestJSON:tearDownClass): 200 GET http://10.180.1.21/compute/v2.1/servers/54c28c84-5f37-4c63-a827-6b25ff087401 0.633s
2025-11-14 09:13:12.685 65689 INFO tempest.common.waiters [-] State transition "ACTIVE/deleting" ==> "DELETED/None" after 3 second wait
2025-11-14 09:13:12.703 65681 INFO tempest.lib.common.rest_client [req-13921a64-3280-40b3-bd2c-447f724a7c75 req-13921a64-3280-40b3-bd2c-447f724a7c75 ] Request (MigrationsAdminTest:test_resize_server_revert_deleted_flavor): 200 GET http://10.180.1.21/compute/v2.1/servers/abd1eefc-d2b6-47f5-a2a5-d538deb761f4 0.619s
2025-11-14 09:13:12.728 65691 INFO tempest.lib.common.rest_client [req-ec75e22b-40bc-497d-a43c-a60a00c9f410 req-ec75e22b-40bc-497d-a43c-a60a00c9f410 ] Request (QuotasAdminTestV236:setUpClass): 201 POST http://10.180.1.21/identity/v3/users 0.064s
2025-11-14 09:13:12.752 65691 INFO tempest.lib.common.rest_client [req-c1dd8603-1b34-481b-b2c3-31a308056c54 req-c1dd8603-1b34-481b-b2c3-31a308056c54 ] Request (QuotasAdminTestV236:setUpClass): 200 GET http://10.180.1.21/identity/v3/roles 0.023s
2025-11-14 09:13:12.753 65723 INFO tempest.lib.common.rest_client [req-c9ba47ed-bbb3-49bc-8a26-cbf87cae6453 req-c9ba47ed-bbb3-49bc-8a26-cbf87cae6453 ] Request (ServerActionsV293TestJSON:setUpClass): 200 GET http://10.180.1.21/compute/v2.1/servers/0120ce13-f669-4233-a761-e885d8bb0348 0.632s
2025-11-14 09:13:12.769 65697 INFO tempest.lib.common.rest_client [req-58b0804c-4646-4f93-bd52-e633422d20fc req-58b0804c-4646-4f93-bd52-e633422d20fc ] Request (ServerShowV247Test:test_update_rebuild_list_server): 200 GET http://10.180.1.21/compute/v2.1/servers/14930653-ba99-4253-a226-9e9f18ebb1e2 0.575s
2025-11-14 09:13:12.789 65691 INFO tempest.lib.common.rest_client [req-d4f757c7-ca11-49ed-ab2a-64b3e8b815f4 req-d4f757c7-ca11-49ed-ab2a-64b3e8b815f4 ] Request (QuotasAdminTestV236:setUpClass): 204 PUT http://10.180.1.21/identity/v3/projects/f4f75a3ea60e432eac303d1e7b7dc674/users/4764328bdaa84f02ae610bee37e63204/roles/31d3437d0e834b98b98415198d68404d 0.036s
2025-11-14 09:13:12.841 65691 INFO tempest.lib.common.rest_client [req-16902cc0-2933-44cc-8272-b92c5e3d3137 req-16902cc0-2933-44cc-8272-b92c5e3d3137 ] Request (QuotasAdminTestV236:setUpClass): 200 GET http://10.180.1.21/identity/v3/roles 0.051s
2025-11-14 09:13:12.862 65691 INFO tempest.lib.common.rest_client [req-259ac8fa-e1bf-438e-9d13-6837acb3f9ed req-259ac8fa-e1bf-438e-9d13-6837acb3f9ed ] Request (QuotasAdminTestV236:setUpClass): 204 PUT http://10.180.1.21/identity/v3/projects/f4f75a3ea60e432eac303d1e7b7dc674/users/4764328bdaa84f02ae610bee37e63204/roles/31d3437d0e834b98b98415198d68404d 0.020s
2025-11-14 09:13:12.862 65691 INFO tempest.lib.common.dynamic_creds [-] Dynamic test user 4764328bdaa84f02ae610bee37e63204 is created with scope project and roles: ['admin']
2025-11-14 09:13:12.862 65691 INFO tempest.lib.common.dynamic_creds [-] Acquired dynamic creds: credentials: Credentials: {'domain_id': 'default', 'domain_name': 'Default', 'username': 'tempest-QuotasAdminTestV236-1658668160-project-admin', 'project_domain_id': 'default', 'project_domain_name': 'Default', 'project_id': 'f4f75a3ea60e432eac303d1e7b7dc674', 'project_name': 'tempest-QuotasAdminTestV236-1658668160', 'tenant_id': 'f4f75a3ea60e432eac303d1e7b7dc674', 'tenant_name': 'tempest-QuotasAdminTestV236-1658668160', 'user_domain_id': 'default', 'user_domain_name': 'Default', 'user_id': '4764328bdaa84f02ae610bee37e63204', 'system': None}, Network: None, Subnet: None, Router: None
2025-11-14 09:13:12.862 65691 INFO tempest.lib.common.dynamic_creds [-] Created isolated network resources for: credentials: Credentials: {'domain_id': 'default', 'domain_name': 'Default', 'username': 'tempest-QuotasAdminTestV236-1658668160-project-admin', 'project_domain_id': 'default', 'project_domain_name': 'Default', 'project_id': 'f4f75a3ea60e432eac303d1e7b7dc674', 'project_name': 'tempest-QuotasAdminTestV236-1658668160', 'tenant_id': 'f4f75a3ea60e432eac303d1e7b7dc674', 'tenant_name': 'tempest-QuotasAdminTestV236-1658668160', 'user_domain_id': 'default', 'user_domain_name': 'Default', 'user_id': '4764328bdaa84f02ae610bee37e63204', 'system': None}, Network: None, Subnet: None, Router: None
2025-11-14 09:13:12.867 65677 INFO tempest.lib.common.rest_client [req-4ad7c41f-e3b3-4020-aebb-8b0ad35f30e0 req-4ad7c41f-e3b3-4020-aebb-8b0ad35f30e0 ] Request (ImagesNegativeTestJSON:test_create_image_from_deleted_server): 200 GET http://10.180.1.21/compute/v2.1/servers/5ed9ef5b-376d-4e91-a163-b284d8e73492 0.518s
2025-11-14 09:13:12.876 65677 INFO tempest.common.waiters [-] State transition "BUILD/scheduling" ==> "BUILD/None" after 5 second wait
2025-11-14 09:13:12.901 65717 INFO tempest.lib.common.rest_client [req-1f022844-c4ef-46b6-aab8-320885608fed req-1f022844-c4ef-46b6-aab8-320885608fed ] Request (AttachVolumeShelveTestJSON:test_attach_volume_shelved_or_offload_server): 200 GET http://10.180.1.21/compute/v2.1/servers/242c60e5-0ad8-42c7-b47c-846bf5b7001f 0.677s
2025-11-14 09:13:12.964 65691 INFO tempest.lib.common.rest_client [req-73818802-9f91-43b2-9286-34a1402df73c req-73818802-9f91-43b2-9286-34a1402df73c ] Request (QuotasAdminTestV236:setUpClass): 201 POST http://10.180.1.21/identity/v3/auth/tokens 0.099s
2025-11-14 09:13:12.965 65691 WARNING tempest.lib.common.rest_client [-] Deprecated: "tenant_id" property is deprecated for removal, use "project_id" instead
2025-11-14 09:13:13.005 65691 INFO tempest.lib.common.rest_client [req-4e316e41-8f6c-4b90-9991-83e12193f615 req-4e316e41-8f6c-4b90-9991-83e12193f615 ] Request (QuotasAdminTestV236:test_get_updated_quotas): 200 GET http://10.180.1.21/identity/v3/domains?name=Default 0.038s
2025-11-14 09:13:13.045 65691 INFO tempest.lib.common.rest_client [req-d11b3306-85f0-47bb-899f-18f79c959171 req-d11b3306-85f0-47bb-899f-18f79c959171 ] Request (QuotasAdminTestV236:test_get_updated_quotas): 201 POST http://10.180.1.21/identity/v3/projects 0.039s
2025-11-14 09:13:13.055 65683 INFO tempest.lib.common.rest_client [req-b00c26f7-3f92-4cce-8496-b0771d52a709 req-b00c26f7-3f92-4cce-8496-b0771d52a709 ] Request (ServerTagsTestJSON:tearDownClass): 200 GET http://10.180.1.21/compute/v2.1/servers/4925f314-6b60-4a7a-ac45-8ac8a9a059f6 0.623s
2025-11-14 09:13:13.072 65669 INFO tempest.lib.common.rest_client [req-8e9389b7-3aac-43a8-bef2-13ff315f59e2 req-8e9389b7-3aac-43a8-bef2-13ff315f59e2 ] Request (ServersAdminTestJSON:test_inject_network_info): 200 GET http://10.180.1.21/compute/v2.1/servers/3c6e5b56-5098-4fa7-85bf-d50fd8b6fe9a 0.593s
2025-11-14 09:13:13.080 65669 INFO tempest.common.waiters [-] State transition "BUILD/spawning" ==> "ACTIVE/None" after 41 second wait
2025-11-14 09:13:13.109 65691 INFO tempest.lib.common.rest_client [req-09737ac9-f2f9-4e80-bcef-863d8311cebe req-09737ac9-f2f9-4e80-bcef-863d8311cebe ] Request (QuotasAdminTestV236:test_get_updated_quotas): 200 GET http://10.180.1.21/identity/v3/domains?name=Default 0.063s
2025-11-14 09:13:13.121 65705 INFO tempest.lib.common.rest_client [req-85a9fc97-1f0b-4245-aee1-a82d441d28c0 req-85a9fc97-1f0b-4245-aee1-a82d441d28c0 ] Request (ServerDiagnosticsTest:tearDownClass): 200 GET http://10.180.1.21/compute/v2.1/servers/8445ef67-c0e1-4506-9945-2e37c24bb4d2 0.621s
2025-11-14 09:13:13.179 65715 INFO tempest.lib.common.rest_client [req-fa9afeac-4715-429a-b8c4-dfad97bd2d94 req-fa9afeac-4715-429a-b8c4-dfad97bd2d94 ] Request (DeleteServersTestJSON:test_delete_active_server): 200 GET http://10.180.1.21/compute/v2.1/servers/49b4868e-8f93-4b46-8156-092b779ba577 0.646s
2025-11-14 09:13:13.193 65685 INFO tempest.lib.common.rest_client [req-1184817d-eaa5-4bb2-b528-f80f081f2d2f req-1184817d-eaa5-4bb2-b528-f80f081f2d2f ] Request (VolumesAssistedSnapshotsTest:tearDownClass): 200 GET http://10.180.1.21/compute/v2.1/servers/33c36f11-33f3-4642-a367-c26cceac7fa9 0.616s
2025-11-14 09:13:13.238 65673 INFO tempest.lib.common.rest_client [req-255dc477-b9ed-4af7-b436-5cf74f8b4b89 req-255dc477-b9ed-4af7-b436-5cf74f8b4b89 ] Request (SecurityGroupsTestJSON:test_server_security_groups): 200 GET http://10.180.1.21/compute/v2.1/servers/8ddd4b00-c804-4c11-a462-86cd44c11636 0.609s
2025-11-14 09:13:13.259 65709 INFO tempest.lib.common.rest_client [req-ddc566e4-fea5-4dd5-a589-e1101b00cba1 req-ddc566e4-fea5-4dd5-a589-e1101b00cba1 ] Request (AttachInterfacesTestJSON:test_create_list_show_delete_interfaces_by_fixed_ip): 200 GET http://10.180.1.21/compute/v2.1/servers/ee26ef56-78c7-42ab-a032-6832a53071c9 0.574s
2025-11-14 09:13:13.266 65709 INFO tempest.common.waiters [-] State transition "BUILD/None" ==> "BUILD/networking" after 32 second wait
2025-11-14 09:13:13.304 65699 INFO tempest.lib.common.rest_client [req-dd6efd3a-fe04-44e7-8eff-117f664623d4 req-dd6efd3a-fe04-44e7-8eff-117f664623d4 ] Request (InstanceActionsNegativeTestJSON:tearDownClass): 200 GET http://10.180.1.21/compute/v2.1/servers/e017c3fe-d5f2-48b5-9c6e-1460aaadbad4 0.557s
2025-11-14 09:13:13.319 65711 INFO tempest.lib.common.rest_client [req-d4061838-57c9-4975-8f4d-276f06a62cd7 req-d4061838-57c9-4975-8f4d-276f06a62cd7 ] Request (ServerDiagnosticsV248Test:tearDownClass): 200 GET http://10.180.1.21/compute/v2.1/servers/4a5509bf-4263-4d86-bafd-ed9ee48ec64d 0.331s
2025-11-14 09:13:13.331 65695 INFO tempest.lib.common.rest_client [req-740fd95b-d9a0-4781-9017-23add06dd12b req-740fd95b-d9a0-4781-9017-23add06dd12b ] Request (AttachVolumeNegativeTest:setUpClass): 200 PUT http://10.180.1.21/networking/v2.0/routers/eeb00a80-c130-4aa4-ba19-2d6470d0a549/add_router_interface 0.911s
2025-11-14 09:13:13.331 65695 INFO tempest.lib.common.dynamic_creds [-] Created isolated network resources for: credentials: Credentials: {'domain_id': 'default', 'domain_name': 'Default', 'username': 'tempest-AttachVolumeNegativeTest-1819292455-project-member', 'project_domain_id': 'default', 'project_domain_name': 'Default', 'project_id': 'b6252c5654534ea7bfacb4e20779d52f', 'project_name': 'tempest-AttachVolumeNegativeTest-1819292455', 'tenant_id': 'b6252c5654534ea7bfacb4e20779d52f', 'tenant_name': 'tempest-AttachVolumeNegativeTest-1819292455', 'user_domain_id': 'default', 'user_domain_name': 'Default', 'user_id': 'd63acce740cc4a4cb5372703931ed6ae', 'system': None}, Network: {'id': '0f69636e-9f81-4ea7-a87a-5c6cf8f6a656', 'name': 'tempest-AttachVolumeNegativeTest-778751619-network', 'tenant_id': 'b6252c5654534ea7bfacb4e20779d52f', 'project_id': 'b6252c5654534ea7bfacb4e20779d52f', 'admin_state_up': True, 'mtu': 8950, 'status': 'ACTIVE', 'subnets': [], 'shared': False, 'port_security_enabled': True, 'router:external': False, 'provider:network_type': 'vlan', 'provider:physical_network': 'default', 'provider:segmentation_id': 885, 'availability_zone_hints': [], 'availability_zones': [], 'ipv4_address_scope': None, 'ipv6_address_scope': None, 'description': '', 'tags': [], 'created_at': '2025-11-14T09:13:11Z', 'updated_at': '2025-11-14T09:13:11Z', 'revision_number': 1}, Subnet: {'id': '0a8750a8-4c6a-4c6a-a7c0-d43fb068cfe7', 'name': 'tempest-AttachVolumeNegativeTest-778751619-subnet', 'tenant_id': 'b6252c5654534ea7bfacb4e20779d52f', 'network_id': '0f69636e-9f81-4ea7-a87a-5c6cf8f6a656', 'ip_version': 4, 'subnetpool_id': None, 'enable_dhcp': True, 'ipv6_ra_mode': None, 'ipv6_address_mode': None, 'gateway_ip': '192.168.128.1', 'cidr': '192.168.128.0/28', 'allocation_pools': [{'start': '192.168.128.2', 'end': '192.168.128.14'}], 'host_routes': [], 'dns_nameservers': [], 'description': '', 'router:external': False, 'service_types': [], 'tags': [], 'created_at': '2025-11-14T09:13:11Z', 'updated_at': '2025-11-14T09:13:11Z', 'revision_number': 0, 'project_id': 'b6252c5654534ea7bfacb4e20779d52f'}, Router: {'id': 'eeb00a80-c130-4aa4-ba19-2d6470d0a549', 'name': 'tempest-AttachVolumeNegativeTest-778751619-router', 'tenant_id': 'b6252c5654534ea7bfacb4e20779d52f', 'admin_state_up': True, 'status': 'ACTIVE', 'external_gateway_info': {'network_id': 'ca56134f-e606-42de-acf4-6df8286ce4b7', 'external_fixed_ips': [{'subnet_id': '8bf9d0de-6a7c-4f35-b438-d331c47420c6', 'ip_address': '10.180.180.189'}], 'enable_snat': True}, 'description': '', 'availability_zones': [], 'distributed': False, 'ha': False, 'availability_zone_hints': [], 'routes': [], 'flavor_id': None, 'tags': [], 'created_at': '2025-11-14T09:13:11Z', 'updated_at': '2025-11-14T09:13:12Z', 'revision_number': 2, 'project_id': 'b6252c5654534ea7bfacb4e20779d52f'}
2025-11-14 09:13:13.380 65704 INFO tempest.lib.common.rest_client [req-b72c80ba-7d79-452f-b0cb-51f0b6aaa45f req-b72c80ba-7d79-452f-b0cb-51f0b6aaa45f ] Request (ServersTestFqdnHostnames:test_create_server_with_fqdn_name): 200 GET http://10.180.1.21/compute/v2.1/servers/f4354dec-ba6a-4809-8bb8-5335ef4fc3a9 0.277s
2025-11-14 09:13:13.419 65695 INFO tempest.lib.common.rest_client [req-b1251147-43e6-4c66-b4c3-b8e18be97098 req-b1251147-43e6-4c66-b4c3-b8e18be97098 ] Request (AttachVolumeNegativeTest:setUpClass): 201 POST http://10.180.1.21/identity/v3/auth/tokens 0.083s
2025-11-14 09:13:13.442 65665 WARNING tempest.lib.common.ssh [-] Failed to establish authenticated ssh connection to cirros@10.180.180.224 ([Errno None] Unable to connect to port 22 on 10.180.180.224). Number attempts: 7. Retry after 8 seconds.: paramiko.ssh_exception.NoValidConnectionsError: [Errno None] Unable to connect to port 22 on 10.180.180.224
2025-11-14 09:13:13.471 65669 INFO tempest.lib.common.rest_client [req-f7b7a43d-552d-4e76-845a-e36a227d1a4c req-f7b7a43d-552d-4e76-845a-e36a227d1a4c ] Request (ServersAdminTestJSON:test_inject_network_info): 202 POST http://10.180.1.21/compute/v2.1/servers/3c6e5b56-5098-4fa7-85bf-d50fd8b6fe9a/action 0.391s
2025-11-14 09:13:13.524 65691 INFO tempest.lib.common.rest_client [req-d4efe1c4-0cec-450a-90dd-34545235577b req-d4efe1c4-0cec-450a-90dd-34545235577b ] Request (QuotasAdminTestV236:test_get_updated_quotas): 200 PUT http://10.180.1.21/compute/v2.1/os-quota-sets/934a65cf2b3142d0aeb426c2f4b6ff67 0.414s
2025-11-14 09:13:13.592 65687 INFO tempest.lib.common.rest_client [req-292218f3-6c87-417f-bf6e-2481377d44c1 req-292218f3-6c87-417f-bf6e-2481377d44c1 ] Request (ServerDiskConfigTestJSON:test_rebuild_server_with_manual_disk_config): 200 GET http://10.180.1.21/compute/v2.1/servers/bb529f7e-5d01-4d34-902a-41f63dd50aff 0.452s
2025-11-14 09:13:13.606 65687 INFO tempest.common.waiters [-] State transition "BUILD/spawning" ==> "ACTIVE/None" after 39 second wait
2025-11-14 09:13:13.607 65671 INFO tempest.lib.common.rest_client [req-21acb0f5-da73-4c2c-a553-4d5f59481fa1 req-21acb0f5-da73-4c2c-a553-4d5f59481fa1 ] Request (ServerGroupTestJSON:test_create_server_with_scheduler_hint_group): 200 GET http://10.180.1.21/compute/v2.1/servers/b2c8498a-128e-40af-a503-2f22e1b9b9a3 0.400s
2025-11-14 09:13:13.699 65713 INFO tempest.lib.common.rest_client [req-a0b12791-e7d4-4b07-923e-ef2c71e8d668 req-a0b12791-e7d4-4b07-923e-ef2c71e8d668 ] Request (ServerShowV257Test:tearDownClass): 200 GET http://10.180.1.21/compute/v2.1/servers/5f4d9851-6d07-410f-b145-8c12ef089ef0 0.376s
2025-11-14 09:13:13.727 65701 INFO tempest.lib.common.rest_client [req-7a6fc8ac-be6b-4720-a395-62f2f5660974 req-7a6fc8ac-be6b-4720-a395-62f2f5660974 ] Request (ImagesTestJSON:test_create_image_from_suspended_server): 200 GET http://10.180.1.21/compute/v2.1/servers/1162b4c4-0d10-444c-b72f-ef5051b6bc5b 0.420s
2025-11-14 09:13:13.777 65719 INFO tempest.lib.common.rest_client [req-780bff3d-d5ee-4b61-8559-51ca338fee6e req-780bff3d-d5ee-4b61-8559-51ca338fee6e ] Request (ListServersNegativeTestJSON:tearDownClass): 200 GET http://10.180.1.21/compute/v2.1/servers/70ef6cde-0637-455b-ae0f-f1acf540a0e4 0.362s
2025-11-14 09:13:13.815 65695 INFO tempest.lib.common.rest_client [req-583d593e-2bd6-4758-87ad-501d09a04919 req-583d593e-2bd6-4758-87ad-501d09a04919 ] Request (ValidationResourcesFixture:setUp): 200 POST http://10.180.1.21/compute/v2.1/os-keypairs 0.393s
2025-11-14 09:13:13.816 65669 INFO tempest.lib.common.rest_client [req-77f9f533-1500-4a2e-a021-057412f7fbfa req-77f9f533-1500-4a2e-a021-057412f7fbfa ] Request (ServersAdminTestJSON:test_list_servers_by_admin): 200 GET http://10.180.1.21/compute/v2.1/servers/detail 0.344s
2025-11-14 09:13:13.876 65691 INFO tempest.lib.common.rest_client [req-2cf6b4b1-c14e-4598-8efb-32e1fb295618 req-2cf6b4b1-c14e-4598-8efb-32e1fb295618 ] Request (QuotasAdminTestV236:test_get_updated_quotas): 200 GET http://10.180.1.21/compute/v2.1/os-quota-sets/934a65cf2b3142d0aeb426c2f4b6ff67/detail 0.351s
2025-11-14 09:13:13.924 65691 INFO tempest.lib.common.rest_client [req-ff3e4429-3f8e-49fd-99c2-d9cccc2d80de req-ff3e4429-3f8e-49fd-99c2-d9cccc2d80de ] Request (QuotasAdminTestV236:test_get_updated_quotas): 200 GET http://10.180.1.21/identity/v3/domains?name=Default 0.040s
2025-11-14 09:13:13.963 65691 INFO tempest.lib.common.rest_client [req-c80e9624-8e13-4af6-ab6b-465e6f036e18 req-c80e9624-8e13-4af6-ab6b-465e6f036e18 ] Request (QuotasAdminTestV236:test_get_updated_quotas): 201 POST http://10.180.1.21/identity/v3/users 0.038s
2025-11-14 09:13:13.965 65695 INFO tempest.lib.common.rest_client [req-643acbe0-095f-4622-940c-d14f01901977 req-643acbe0-095f-4622-940c-d14f01901977 ] Request (ValidationResourcesFixture:setUp): 201 POST http://10.180.1.21/networking/v2.0/security-groups 0.148s
2025-11-14 09:13:14.000 65727 INFO tempest.lib.common.rest_client [req-ffb33da0-7ebf-4c7f-9f03-fac957717c64 req-ffb33da0-7ebf-4c7f-9f03-fac957717c64 ] Request (ImagesOneServerNegativeTestJSON:_run_cleanups): 200 GET http://10.180.1.21/compute/v2.1/servers/99b0b92f-45c3-41fe-938d-6ab1c384e6c5 0.516s
2025-11-14 09:13:14.002 65725 INFO tempest.lib.common.rest_client [req-d58784e1-d71b-4a52-9856-280f3e5706e5 req-d58784e1-d71b-4a52-9856-280f3e5706e5 ] Request (ServersAdminNegativeTestJSON:tearDownClass): 200 GET http://10.180.1.21/compute/v2.1/servers/29056f1d-5a82-48a3-8e84-0110b328855a 0.428s
2025-11-14 09:13:14.003 65691 INFO tempest.lib.common.rest_client [req-eecaeaa5-a14f-48c2-b38a-0889a704f21c req-eecaeaa5-a14f-48c2-b38a-0889a704f21c ] Request (QuotasAdminTestV236:test_get_updated_quotas): 200 GET http://10.180.1.21/identity/v3/domains?name=Default 0.040s
2025-11-14 09:13:14.085 65695 INFO tempest.lib.common.rest_client [req-3c1fad5f-5fe5-4990-919d-5b79a417d760 req-3c1fad5f-5fe5-4990-919d-5b79a417d760 ] Request (ValidationResourcesFixture:setUp): 201 POST http://10.180.1.21/networking/v2.0/security-group-rules 0.120s
2025-11-14 09:13:14.140 65667 INFO tempest.lib.common.rest_client [req-8e4671eb-4314-4532-bc2d-86c096139635 req-8e4671eb-4314-4532-bc2d-86c096139635 ] Request (VolumesAdminNegativeTest:test_update_attached_volume_with_nonexistent_volume_in_uri): 200 GET http://10.180.1.21/compute/v2.1/servers/595b764d-315b-4895-90b5-34a34410b033 0.527s
2025-11-14 09:13:14.149 65667 INFO tempest.common.waiters [-] State transition "BUILD/scheduling" ==> "BUILD/None" after 5 second wait
2025-11-14 09:13:14.306 65695 INFO tempest.lib.common.rest_client [req-e6592d78-ccea-4e2a-9bd0-f80b52ab2803 req-e6592d78-ccea-4e2a-9bd0-f80b52ab2803 ] Request (ValidationResourcesFixture:setUp): 201 POST http://10.180.1.21/networking/v2.0/security-group-rules 0.220s
2025-11-14 09:13:14.390 65675 INFO tempest.lib.common.rest_client [req-71475ccb-9acd-4ea6-8ba7-20d529038883 req-71475ccb-9acd-4ea6-8ba7-20d529038883 ] Request (ListServerFiltersTestJSON:tearDownClass): 200 GET http://10.180.1.21/compute/v2.1/servers/c6449f49-e1a0-4c46-b5da-1f5d974680b4 0.735s
2025-11-14 09:13:14.418 65687 INFO tempest.lib.common.rest_client [req-151494ba-2df1-4b42-b0d0-abf08fbc6905 req-151494ba-2df1-4b42-b0d0-abf08fbc6905 ] Request (ServerDiskConfigTestJSON:test_rebuild_server_with_manual_disk_config): 200 GET http://10.180.1.21/compute/v2.1/servers/bb529f7e-5d01-4d34-902a-41f63dd50aff 0.811s
2025-11-14 09:13:14.869 65695 INFO tempest.lib.common.rest_client [req-07cbfceb-2708-47fd-8009-acaa90366173 req-07cbfceb-2708-47fd-8009-acaa90366173 ] Request (ValidationResourcesFixture:setUp): 201 POST http://10.180.1.21/networking/v2.0/floatingips 0.562s
2025-11-14 09:13:14.915 65689 INFO tempest.lib.common.rest_client [req-77a5debd-254c-4293-b0d9-9aa531ea059b req-77a5debd-254c-4293-b0d9-9aa531ea059b ] Request (FloatingIPsAssociationTestJSON:tearDownClass): 200 GET http://10.180.1.21/compute/v2.1/servers/54c28c84-5f37-4c63-a827-6b25ff087401 1.229s
2025-11-14 09:13:14.917 65695 INFO tempest.lib.common.rest_client [req-d003f163-9883-406e-8b75-dfa24e3c362d req-d003f163-9883-406e-8b75-dfa24e3c362d ] Request (AttachVolumeNegativeTest:test_attach_attached_volume_to_different_server): 201 POST http://10.180.1.21/identity/v3/auth/tokens 0.045s
2025-11-14 09:13:14.917 65695 INFO tempest.lib.common.fixed_network [-] (AttachVolumeNegativeTest:test_attach_attached_volume_to_different_server) Found network {'id': '0f69636e-9f81-4ea7-a87a-5c6cf8f6a656', 'name': 'tempest-AttachVolumeNegativeTest-778751619-network', 'tenant_id': 'b6252c5654534ea7bfacb4e20779d52f', 'project_id': 'b6252c5654534ea7bfacb4e20779d52f', 'admin_state_up': True, 'mtu': 8950, 'status': 'ACTIVE', 'subnets': [], 'shared': False, 'port_security_enabled': True, 'router:external': False, 'provider:network_type': 'vlan', 'provider:physical_network': 'default', 'provider:segmentation_id': 885, 'availability_zone_hints': [], 'availability_zones': [], 'ipv4_address_scope': None, 'ipv6_address_scope': None, 'description': '', 'tags': [], 'created_at': '2025-11-14T09:13:11Z', 'updated_at': '2025-11-14T09:13:11Z', 'revision_number': 1} available for tenant
2025-11-14 09:13:14.926 65681 INFO tempest.lib.common.rest_client [req-1d02cd9a-bf74-4c0e-8836-4718a2233f17 req-1d02cd9a-bf74-4c0e-8836-4718a2233f17 ] Request (MigrationsAdminTest:test_resize_server_revert_deleted_flavor): 200 GET http://10.180.1.21/compute/v2.1/servers/abd1eefc-d2b6-47f5-a2a5-d538deb761f4 1.211s
2025-11-14 09:13:15.055 65697 INFO tempest.lib.common.rest_client [req-25e94448-47b2-404e-b7c5-7e551610946b req-25e94448-47b2-404e-b7c5-7e551610946b ] Request (ServerShowV247Test:test_update_rebuild_list_server): 200 GET http://10.180.1.21/compute/v2.1/servers/14930653-ba99-4253-a226-9e9f18ebb1e2 1.277s
2025-11-14 09:13:15.080 65723 INFO tempest.lib.common.rest_client [req-d3842595-8b33-43d6-8d79-8765ffac3aa6 req-d3842595-8b33-43d6-8d79-8765ffac3aa6 ] Request (ServerActionsV293TestJSON:setUpClass): 200 GET http://10.180.1.21/compute/v2.1/servers/0120ce13-f669-4233-a761-e885d8bb0348 1.316s
2025-11-14 09:13:15.608 65677 INFO tempest.lib.common.rest_client [req-5205c25a-9213-4a42-a0be-b2210bc888a8 req-5205c25a-9213-4a42-a0be-b2210bc888a8 ] Request (ImagesNegativeTestJSON:test_create_image_from_deleted_server): 200 GET http://10.180.1.21/compute/v2.1/servers/5ed9ef5b-376d-4e91-a163-b284d8e73492 1.731s
2025-11-14 09:13:15.777 65669 INFO tempest.lib.common.rest_client [req-710d0875-1cb7-477a-83cd-805d3233d3fc req-710d0875-1cb7-477a-83cd-805d3233d3fc ] Request (ServersAdminTestJSON:test_list_servers_by_admin_with_all_tenants): 200 GET http://10.180.1.21/compute/v2.1/servers/detail?all_tenants= 1.951s
2025-11-14 09:13:15.779 65717 INFO tempest.lib.common.rest_client [req-e4b64b50-d224-44e2-9618-27537510678c req-e4b64b50-d224-44e2-9618-27537510678c ] Request (AttachVolumeShelveTestJSON:test_attach_volume_shelved_or_offload_server): 200 GET http://10.180.1.21/compute/v2.1/servers/242c60e5-0ad8-42c7-b47c-846bf5b7001f 1.866s
2025-11-14 09:13:15.813 65669 WARNING tempest.lib.common.rest_client [-] Deprecated: "tenant_id" property is deprecated for removal, use "project_id" instead
2025-11-14 09:13:15.838 65683 INFO tempest.lib.common.rest_client [req-c81867b6-a2ae-4772-bc81-849a55346f59 req-c81867b6-a2ae-4772-bc81-849a55346f59 ] Request (ServerTagsTestJSON:tearDownClass): 200 GET http://10.180.1.21/compute/v2.1/servers/4925f314-6b60-4a7a-ac45-8ac8a9a059f6 1.771s
2025-11-14 09:13:15.880 65691 INFO tempest.lib.common.rest_client [req-ac1f6da8-9ac6-4ed8-9526-49f6be297bf1 req-ac1f6da8-9ac6-4ed8-9526-49f6be297bf1 ] Request (QuotasAdminTestV236:test_get_updated_quotas): 200 PUT http://10.180.1.21/compute/v2.1/os-quota-sets/934a65cf2b3142d0aeb426c2f4b6ff67?user_id=a7b3795348f04739b4934a20e2ba6e8b 1.876s
2025-11-14 09:13:15.906 65705 INFO tempest.lib.common.rest_client [req-16b24dde-0e17-49ea-9f6a-99240b316c21 req-16b24dde-0e17-49ea-9f6a-99240b316c21 ] Request (ServerDiagnosticsTest:tearDownClass): 200 GET http://10.180.1.21/compute/v2.1/servers/8445ef67-c0e1-4506-9945-2e37c24bb4d2 1.772s
2025-11-14 09:13:15.931 65715 INFO tempest.lib.common.rest_client [req-b81704d5-951a-4f06-9ce4-a6c28edb1a07 req-b81704d5-951a-4f06-9ce4-a6c28edb1a07 ] Request (DeleteServersTestJSON:test_delete_active_server): 200 GET http://10.180.1.21/compute/v2.1/servers/49b4868e-8f93-4b46-8156-092b779ba577 1.744s
2025-11-14 09:13:15.963 65685 INFO tempest.lib.common.rest_client [req-ac047348-c9bb-4b95-92da-432ec963ad65 req-ac047348-c9bb-4b95-92da-432ec963ad65 ] Request (VolumesAssistedSnapshotsTest:tearDownClass): 200 GET http://10.180.1.21/compute/v2.1/servers/33c36f11-33f3-4642-a367-c26cceac7fa9 1.760s
2025-11-14 09:13:15.980 65673 INFO tempest.lib.common.rest_client [req-16584848-bf7e-4fc4-8770-78007f68901c req-16584848-bf7e-4fc4-8770-78007f68901c ] Request (SecurityGroupsTestJSON:test_server_security_groups): 200 GET http://10.180.1.21/compute/v2.1/servers/8ddd4b00-c804-4c11-a462-86cd44c11636 1.733s
2025-11-14 09:13:16.049 65699 INFO tempest.lib.common.rest_client [req-f5e6ea15-5723-40b7-9afb-2b2831e6b823 req-f5e6ea15-5723-40b7-9afb-2b2831e6b823 ] Request (InstanceActionsNegativeTestJSON:tearDownClass): 200 GET http://10.180.1.21/compute/v2.1/servers/e017c3fe-d5f2-48b5-9c6e-1460aaadbad4 1.734s
2025-11-14 09:13:16.082 65709 INFO tempest.lib.common.rest_client [req-03aa445c-debb-49dc-a75b-361931bc0e4e req-03aa445c-debb-49dc-a75b-361931bc0e4e ] Request (AttachInterfacesTestJSON:test_create_list_show_delete_interfaces_by_fixed_ip): 200 GET http://10.180.1.21/compute/v2.1/servers/ee26ef56-78c7-42ab-a032-6832a53071c9 1.815s
2025-11-14 09:13:16.089 65709 INFO tempest.common.waiters [-] State transition "BUILD/networking" ==> "BUILD/spawning" after 35 second wait
2025-11-14 09:13:16.120 65711 INFO tempest.lib.common.rest_client [req-bac2f941-716d-4432-be44-b67e0beced43 req-bac2f941-716d-4432-be44-b67e0beced43 ] Request (ServerDiagnosticsV248Test:tearDownClass): 200 GET http://10.180.1.21/compute/v2.1/servers/4a5509bf-4263-4d86-bafd-ed9ee48ec64d 1.790s
2025-11-14 09:13:16.133 65704 INFO tempest.lib.common.rest_client [req-7d288588-a7b3-4ef8-8d64-0ad692778aca req-7d288588-a7b3-4ef8-8d64-0ad692778aca ] Request (ServersTestFqdnHostnames:test_create_server_with_fqdn_name): 200 GET http://10.180.1.21/compute/v2.1/servers/f4354dec-ba6a-4809-8bb8-5335ef4fc3a9 1.742s
2025-11-14 09:13:16.174 65687 INFO tempest.lib.common.rest_client [req-da10e32a-9cbf-49b1-8e53-f32a4d095921 req-da10e32a-9cbf-49b1-8e53-f32a4d095921 ] Request (ServerDiskConfigTestJSON:test_rebuild_server_with_manual_disk_config): 200 PUT http://10.180.1.21/compute/v2.1/servers/bb529f7e-5d01-4d34-902a-41f63dd50aff 1.746s
2025-11-14 09:13:16.190 65671 INFO tempest.lib.common.rest_client [req-46239dae-8c64-4fa1-a82b-dc450e0554d4 req-46239dae-8c64-4fa1-a82b-dc450e0554d4 ] Request (ServerGroupTestJSON:test_create_server_with_scheduler_hint_group): 200 GET http://10.180.1.21/compute/v2.1/servers/b2c8498a-128e-40af-a503-2f22e1b9b9a3 1.574s
2025-11-14 09:13:16.193 65707 WARNING tempest.lib.common.ssh [-] Failed to establish authenticated ssh connection to cirros@10.180.180.250 ([Errno None] Unable to connect to port 22 on 10.180.180.250). Number attempts: 5. Retry after 6 seconds.: paramiko.ssh_exception.NoValidConnectionsError: [Errno None] Unable to connect to port 22 on 10.180.180.250
2025-11-14 09:13:16.241 65713 INFO tempest.lib.common.rest_client [req-298cfa5f-095b-4ee4-8a7c-396e7972eb92 req-298cfa5f-095b-4ee4-8a7c-396e7972eb92 ] Request (ServerShowV257Test:tearDownClass): 200 GET http://10.180.1.21/compute/v2.1/servers/5f4d9851-6d07-410f-b145-8c12ef089ef0 1.531s
2025-11-14 09:13:16.299 65719 INFO tempest.lib.common.rest_client [req-1c317794-3ee4-4430-93c5-1396417dcb08 req-1c317794-3ee4-4430-93c5-1396417dcb08 ] Request (ListServersNegativeTestJSON:tearDownClass): 200 GET http://10.180.1.21/compute/v2.1/servers/70ef6cde-0637-455b-ae0f-f1acf540a0e4 1.512s
2025-11-14 09:13:16.323 65701 INFO tempest.lib.common.rest_client [req-169022cd-6113-4730-af1f-5e245785f48e req-169022cd-6113-4730-af1f-5e245785f48e ] Request (ImagesTestJSON:test_create_image_from_suspended_server): 200 GET http://10.180.1.21/compute/v2.1/servers/1162b4c4-0d10-444c-b72f-ef5051b6bc5b 1.578s
2025-11-14 09:13:16.387 65727 INFO tempest.lib.common.rest_client [req-1d7ed59c-94cc-4383-a3aa-489937b229e3 req-1d7ed59c-94cc-4383-a3aa-489937b229e3 ] Request (ImagesOneServerNegativeTestJSON:_run_cleanups): 200 GET http://10.180.1.21/compute/v2.1/servers/99b0b92f-45c3-41fe-938d-6ab1c384e6c5 1.374s
2025-11-14 09:13:16.398 65727 INFO tempest.common.waiters [-] State transition "BUILD/scheduling" ==> "BUILD/None" after 6 second wait
2025-11-14 09:13:16.466 65725 INFO tempest.lib.common.rest_client [req-631ef18c-9cb4-4011-9ff2-8eebaadb31f1 req-631ef18c-9cb4-4011-9ff2-8eebaadb31f1 ] Request (ServersAdminNegativeTestJSON:tearDownClass): 200 GET http://10.180.1.21/compute/v2.1/servers/29056f1d-5a82-48a3-8e84-0110b328855a 1.449s
2025-11-14 09:13:16.572 65667 INFO tempest.lib.common.rest_client [req-6e7fce4b-9699-4577-9bec-9d329b4d3366 req-6e7fce4b-9699-4577-9bec-9d329b4d3366 ] Request (VolumesAdminNegativeTest:test_update_attached_volume_with_nonexistent_volume_in_uri): 200 GET http://10.180.1.21/compute/v2.1/servers/595b764d-315b-4895-90b5-34a34410b033 1.422s
2025-11-14 09:13:16.662 65675 INFO tempest.lib.common.rest_client [req-3835c053-977d-4c8f-b893-1dc5226265a2 req-3835c053-977d-4c8f-b893-1dc5226265a2 ] Request (ListServerFiltersTestJSON:tearDownClass): 200 GET http://10.180.1.21/compute/v2.1/servers/c6449f49-e1a0-4c46-b5da-1f5d974680b4 1.253s
2025-11-14 09:13:16.667 65721 INFO paramiko.transport [-] Connected (version 2.0, client dropbear_2020.81)
2025-11-14 09:13:16.724 65695 INFO tempest.lib.common.rest_client [req-04645b3a-3911-46d7-90ce-6ab726a14348 req-04645b3a-3911-46d7-90ce-6ab726a14348 ] Request (AttachVolumeNegativeTest:test_attach_attached_volume_to_different_server): 202 POST http://10.180.1.21/compute/v2.1/servers 1.806s
2025-11-14 09:13:16.730 65669 INFO tempest.lib.common.rest_client [req-e33741d3-ad8e-4445-9f84-583d58f3cebe req-e33741d3-ad8e-4445-9f84-583d58f3cebe ] Request (ServersAdminTestJSON:test_list_servers_by_admin_with_specified_tenant): 200 GET http://10.180.1.21/compute/v2.1/servers/detail?tenant_id=9dd34b1cc080443db96dc64c82eaeaea 0.916s
2025-11-14 09:13:16.734 65721 INFO paramiko.transport [-] Authentication (publickey) successful!
2025-11-14 09:13:16.734 65721 INFO tempest.lib.common.ssh [-] ssh connection to cirros@10.180.180.192 successfully created
2025-11-14 09:13:16.779 65691 INFO tempest.lib.common.rest_client [req-4b564756-7122-490b-bfe9-ca3e22c90e55 req-4b564756-7122-490b-bfe9-ca3e22c90e55 ] Request (QuotasAdminTestV236:test_get_updated_quotas): 200 GET http://10.180.1.21/compute/v2.1/os-quota-sets/934a65cf2b3142d0aeb426c2f4b6ff67?user_id=a7b3795348f04739b4934a20e2ba6e8b 0.897s
2025-11-14 09:13:16.804 65689 INFO tempest.lib.common.rest_client [req-76835455-f6b6-4792-be90-c4e6c348115e req-76835455-f6b6-4792-be90-c4e6c348115e ] Request (FloatingIPsAssociationTestJSON:tearDownClass): 200 GET http://10.180.1.21/compute/v2.1/servers/54c28c84-5f37-4c63-a827-6b25ff087401 0.877s
2025-11-14 09:13:16.863 65681 INFO tempest.lib.common.rest_client [req-965a4cbd-4d44-4991-a983-3ac6c2d784aa req-965a4cbd-4d44-4991-a983-3ac6c2d784aa ] Request (MigrationsAdminTest:test_resize_server_revert_deleted_flavor): 200 GET http://10.180.1.21/compute/v2.1/servers/abd1eefc-d2b6-47f5-a2a5-d538deb761f4 0.929s
2025-11-14 09:13:16.887 65697 INFO tempest.lib.common.rest_client [req-9ce4239c-7b71-4e1c-a0f2-e41df706a753 req-9ce4239c-7b71-4e1c-a0f2-e41df706a753 ] Request (ServerShowV247Test:test_update_rebuild_list_server): 200 GET http://10.180.1.21/compute/v2.1/servers/14930653-ba99-4253-a226-9e9f18ebb1e2 0.822s
2025-11-14 09:13:16.891 65691 INFO tempest.lib.common.rest_client [req-f6409f04-47d6-4f5c-8b3c-58bb67ce19c7 req-f6409f04-47d6-4f5c-8b3c-58bb67ce19c7 ] Request (QuotasAdminTestV236:_run_cleanups): 204 DELETE http://10.180.1.21/identity/v3/users/a7b3795348f04739b4934a20e2ba6e8b 0.109s
2025-11-14 09:13:16.901 65697 INFO tempest.common.waiters [-] State transition "REBUILD/rebuild_spawning" ==> "ACTIVE/None" after 9 second wait
2025-11-14 09:13:17.029 65691 INFO tempest.lib.common.rest_client [req-28ec4ad9-89f7-4fd9-8b8b-a0ba45958cc3 req-28ec4ad9-89f7-4fd9-8b8b-a0ba45958cc3 ] Request (QuotasAdminTestV236:_run_cleanups): 204 DELETE http://10.180.1.21/identity/v3/projects/934a65cf2b3142d0aeb426c2f4b6ff67 0.137s
2025-11-14 09:13:17.158 65723 INFO tempest.lib.common.rest_client [req-63e0a661-44a2-46fa-9486-5c991e992d50 req-63e0a661-44a2-46fa-9486-5c991e992d50 ] Request (ServerActionsV293TestJSON:setUpClass): 200 GET http://10.180.1.21/compute/v2.1/servers/0120ce13-f669-4233-a761-e885d8bb0348 1.065s
2025-11-14 09:13:17.167 65723 INFO tempest.common.waiters [-] State transition "BUILD/None" ==> "BUILD/networking" after 29 second wait
2025-11-14 09:13:17.184 65687 INFO tempest.lib.common.rest_client [req-3f558493-eb3a-4439-b6da-be36eeb93ca5 req-3f558493-eb3a-4439-b6da-be36eeb93ca5 ] Request (ServerDiskConfigTestJSON:test_rebuild_server_with_manual_disk_config): 200 GET http://10.180.1.21/compute/v2.1/servers/bb529f7e-5d01-4d34-902a-41f63dd50aff 1.003s
2025-11-14 09:13:17.235 65677 INFO tempest.lib.common.rest_client [req-1aea0ca9-bbf0-4ff0-8188-c3a15600c753 req-1aea0ca9-bbf0-4ff0-8188-c3a15600c753 ] Request (ImagesNegativeTestJSON:test_create_image_from_deleted_server): 200 GET http://10.180.1.21/compute/v2.1/servers/5ed9ef5b-376d-4e91-a163-b284d8e73492 0.616s
2025-11-14 09:13:17.244 65691 INFO tempest.lib.common.rest_client [req-1de17752-144f-4550-a730-2620a5a0ac8a req-1de17752-144f-4550-a730-2620a5a0ac8a ] Request (QuotasAdminTestV236:tearDownClass): 204 DELETE http://10.180.1.21/identity/v3/users/4877da472b454c228cb1caed763c998d 0.213s
2025-11-14 09:13:17.272 65695 INFO tempest.lib.common.rest_client [req-f4babbe1-3c82-46ef-af6d-4b17186d9756 req-f4babbe1-3c82-46ef-af6d-4b17186d9756 ] Request (AttachVolumeNegativeTest:test_attach_attached_volume_to_different_server): 200 GET http://10.180.1.21/compute/v2.1/servers/b9036839-d3bd-4f09-9424-94609c90dc6b 0.546s
2025-11-14 09:13:17.405 65721 INFO tempest.lib.common.rest_client [req-85c34c10-76cc-468d-8155-35e4620a198a req-85c34c10-76cc-468d-8155-35e4620a198a ] Request (AttachInterfacesUnderV243Test:test_add_remove_fixed_ip): 200 GET http://10.180.1.21/compute/v2.1/servers/4d239bf8-b3d6-4d50-83c9-5794c0f706e6/os-interface 0.670s
2025-11-14 09:13:17.459 65691 INFO tempest.lib.common.rest_client [req-4c1a257f-ff51-468f-932a-d61ac273ad70 req-4c1a257f-ff51-468f-932a-d61ac273ad70 ] Request (QuotasAdminTestV236:tearDownClass): 204 DELETE http://10.180.1.21/identity/v3/users/4764328bdaa84f02ae610bee37e63204 0.215s
2025-11-14 09:13:17.460 65691 INFO tempest.lib.common.dynamic_creds [-] Deleting project and security group for project: f4f75a3ea60e432eac303d1e7b7dc674
2025-11-14 09:13:17.534 65691 INFO tempest.lib.common.rest_client [req-aa6d9e45-0c1a-4a64-8578-a695d0cdc48e req-aa6d9e45-0c1a-4a64-8578-a695d0cdc48e ] Request (QuotasAdminTestV236:tearDownClass): 201 POST http://10.180.1.21/identity/v3/auth/tokens 0.074s
2025-11-14 09:13:17.607 65669 INFO tempest.lib.common.rest_client [req-1130707d-0435-4b51-ae2c-a7ee9534d5c1 req-1130707d-0435-4b51-ae2c-a7ee9534d5c1 ] Request (ServersAdminTestJSON:test_list_servers_by_admin_with_specified_tenant): 200 GET http://10.180.1.21/compute/v2.1/servers/detail?all_tenants=&tenant_id=9dd34b1cc080443db96dc64c82eaeaea 0.868s
2025-11-14 09:13:17.772 65691 INFO tempest.lib.common.rest_client [req-2135c62e-2b1b-4bed-9548-7846f2a2ac65 req-2135c62e-2b1b-4bed-9548-7846f2a2ac65 ] Request (QuotasAdminTestV236:tearDownClass): 200 GET http://10.180.1.21/networking/v2.0/security-groups?tenant_id=f4f75a3ea60e432eac303d1e7b7dc674&name=default 0.237s
2025-11-14 09:13:17.803 65717 INFO tempest.lib.common.rest_client [req-0b250e69-7100-4de1-99e3-479fd0262a63 req-0b250e69-7100-4de1-99e3-479fd0262a63 ] Request (AttachVolumeShelveTestJSON:test_attach_volume_shelved_or_offload_server): 200 GET http://10.180.1.21/compute/v2.1/servers/242c60e5-0ad8-42c7-b47c-846bf5b7001f 1.013s
2025-11-14 09:13:17.817 65683 INFO tempest.lib.common.rest_client [req-024125c1-1f6d-478b-a0dd-d63f50d4d4b5 req-024125c1-1f6d-478b-a0dd-d63f50d4d4b5 ] Request (ServerTagsTestJSON:tearDownClass): 200 GET http://10.180.1.21/compute/v2.1/servers/4925f314-6b60-4a7a-ac45-8ac8a9a059f6 0.965s
2025-11-14 09:13:17.825 65683 INFO tempest.common.waiters [-] State transition "ACTIVE/deleting" ==> "DELETED/None" after 4 second wait
2025-11-14 09:13:17.895 65691 INFO tempest.lib.common.rest_client [req-f181ae9a-82a4-41ff-bb41-7e6f60bf3dfb req-f181ae9a-82a4-41ff-bb41-7e6f60bf3dfb ] Request (QuotasAdminTestV236:tearDownClass): 204 DELETE http://10.180.1.21/networking/v2.0/security-groups/0eef213f-3c5a-4e9d-ad25-4edb7d6d9f73 0.123s
2025-11-14 09:13:17.919 65705 INFO tempest.lib.common.rest_client [req-775da36e-49cc-4b64-920f-6567deca4e8b req-775da36e-49cc-4b64-920f-6567deca4e8b ] Request (ServerDiagnosticsTest:tearDownClass): 200 GET http://10.180.1.21/compute/v2.1/servers/8445ef67-c0e1-4506-9945-2e37c24bb4d2 1.005s
2025-11-14 09:13:17.955 65697 INFO tempest.lib.common.rest_client [req-cd64b361-cc52-467f-87e6-ef3c07f6da31 req-cd64b361-cc52-467f-87e6-ef3c07f6da31 ] Request (ServerShowV247Test:test_update_rebuild_list_server): 200 GET http://10.180.1.21/compute/v2.1/servers/detail 1.053s
