2025-11-14 09:13:17.969 65691 INFO tempest.lib.common.rest_client [req-8e7e798c-84b9-4458-8ae2-21685f122252 req-8e7e798c-84b9-4458-8ae2-21685f122252 ] Request (QuotasAdminTestV236:tearDownClass): 204 DELETE http://10.180.1.21/identity/v3/projects/f4f75a3ea60e432eac303d1e7b7dc674 0.073s
2025-11-14 09:13:17.969 65691 INFO tempest.lib.common.dynamic_creds [-] Deleting project and security group for project: 6846ca34570446069d7d8f05f1ba71a4
2025-11-14 09:13:17.977 65715 INFO tempest.lib.common.rest_client [req-44cf0aaf-f894-41b0-a79e-67b5d7cd0091 req-44cf0aaf-f894-41b0-a79e-67b5d7cd0091 ] Request (DeleteServersTestJSON:test_delete_active_server): 200 GET http://10.180.1.21/compute/v2.1/servers/49b4868e-8f93-4b46-8156-092b779ba577 1.038s
2025-11-14 09:13:17.984 65715 INFO tempest.common.waiters [-] State transition "ACTIVE/deleting" ==> "DELETED/None" after 4 second wait
2025-11-14 09:13:18.079 65691 INFO tempest.lib.common.rest_client [req-8521cc79-ded3-42d5-964f-1f1fc49bcf4f req-8521cc79-ded3-42d5-964f-1f1fc49bcf4f ] Request (QuotasAdminTestV236:tearDownClass): 200 GET http://10.180.1.21/networking/v2.0/security-groups?tenant_id=6846ca34570446069d7d8f05f1ba71a4&name=default 0.109s
2025-11-14 09:13:18.104 65685 INFO tempest.lib.common.rest_client [req-926c071d-27cc-4fb3-816d-0b42ed2e5ddd req-926c071d-27cc-4fb3-816d-0b42ed2e5ddd ] Request (VolumesAssistedSnapshotsTest:tearDownClass): 200 GET http://10.180.1.21/compute/v2.1/servers/33c36f11-33f3-4642-a367-c26cceac7fa9 1.132s
2025-11-14 09:13:18.120 65673 INFO tempest.lib.common.rest_client [req-7b67e6a5-b672-4861-a23f-e9b915938e25 req-7b67e6a5-b672-4861-a23f-e9b915938e25 ] Request (SecurityGroupsTestJSON:test_server_security_groups): 200 GET http://10.180.1.21/compute/v2.1/servers/8ddd4b00-c804-4c11-a462-86cd44c11636 1.131s
2025-11-14 09:13:18.224 65691 INFO tempest.lib.common.rest_client [req-15fe9ec2-9d38-4aed-8dc0-5af7df711a4c req-15fe9ec2-9d38-4aed-8dc0-5af7df711a4c ] Request (QuotasAdminTestV236:tearDownClass): 204 DELETE http://10.180.1.21/networking/v2.0/security-groups/720d75d9-71d5-499b-b63e-51071af065dd 0.145s
2025-11-14 09:13:18.247 65699 INFO tempest.lib.common.rest_client [req-b726d5c3-b5a6-4829-9d27-53474396b83e req-b726d5c3-b5a6-4829-9d27-53474396b83e ] Request (InstanceActionsNegativeTestJSON:tearDownClass): 200 GET http://10.180.1.21/compute/v2.1/servers/e017c3fe-d5f2-48b5-9c6e-1460aaadbad4 1.190s
2025-11-14 09:13:18.317 65691 INFO tempest.lib.common.rest_client [req-c214f3df-aa1f-417c-a3bf-77a135cae76d req-c214f3df-aa1f-417c-a3bf-77a135cae76d ] Request (QuotasAdminTestV236:tearDownClass): 204 DELETE http://10.180.1.21/identity/v3/projects/6846ca34570446069d7d8f05f1ba71a4 0.092s
2025-11-14 09:13:18.318 65691 INFO tempest.test [-] raised in UnshelveToHostMultiNodesTest.setUpClass. Invoking tearDownClass.
2025-11-14 09:13:18.331 65711 INFO tempest.lib.common.rest_client [req-cc3ae79c-eb2a-4751-b487-feb07701d130 req-cc3ae79c-eb2a-4751-b487-feb07701d130 ] Request (ServerDiagnosticsV248Test:tearDownClass): 200 GET http://10.180.1.21/compute/v2.1/servers/4a5509bf-4263-4d86-bafd-ed9ee48ec64d 1.201s
2025-11-14 09:13:18.353 65709 INFO tempest.lib.common.rest_client [req-3875a1a8-32cb-4001-ba38-8439cb2ecf56 req-3875a1a8-32cb-4001-ba38-8439cb2ecf56 ] Request (AttachInterfacesTestJSON:test_create_list_show_delete_interfaces_by_fixed_ip): 200 GET http://10.180.1.21/compute/v2.1/servers/ee26ef56-78c7-42ab-a032-6832a53071c9 1.263s
2025-11-14 09:13:18.402 65691 INFO tempest.lib.common.rest_client [req-f8047ca5-be52-4c5f-affb-a5460cfaf17a req-f8047ca5-be52-4c5f-affb-a5460cfaf17a ] Request (FlavorsV2TestJSON:setUpClass): 201 POST http://10.180.1.21/identity/v3/auth/tokens 0.081s
2025-11-14 09:13:18.406 65704 INFO tempest.lib.common.rest_client [req-37a313a6-d4fc-4f84-a215-5b64ced47f31 req-37a313a6-d4fc-4f84-a215-5b64ced47f31 ] Request (ServersTestFqdnHostnames:test_create_server_with_fqdn_name): 200 GET http://10.180.1.21/compute/v2.1/servers/f4354dec-ba6a-4809-8bb8-5335ef4fc3a9 1.265s
2025-11-14 09:13:18.438 65691 INFO tempest.lib.common.rest_client [req-ee18ed10-6bb6-4c99-9574-5abe7c8cb7b5 req-ee18ed10-6bb6-4c99-9574-5abe7c8cb7b5 ] Request (FlavorsV2TestJSON:setUpClass): 201 POST http://10.180.1.21/identity/v3/auth/tokens 0.033s
2025-11-14 09:13:18.466 65691 INFO tempest.lib.common.rest_client [req-10f22f0f-b1d7-48b2-a30e-65b6fb92dd21 req-10f22f0f-b1d7-48b2-a30e-65b6fb92dd21 ] Request (FlavorsV2TestJSON:setUpClass): 200 GET http://10.180.1.21/identity/v3/domains?name=Default 0.028s
2025-11-14 09:13:18.473 65671 INFO tempest.lib.common.rest_client [req-dc995ab8-812f-4ba2-ae28-5a466cc78c70 req-dc995ab8-812f-4ba2-ae28-5a466cc78c70 ] Request (ServerGroupTestJSON:test_create_server_with_scheduler_hint_group): 200 GET http://10.180.1.21/compute/v2.1/servers/b2c8498a-128e-40af-a503-2f22e1b9b9a3 1.272s
2025-11-14 09:13:18.496 65713 INFO tempest.lib.common.rest_client [req-fbc614d9-1771-45eb-ae57-3ce717d9393d req-fbc614d9-1771-45eb-ae57-3ce717d9393d ] Request (ServerShowV257Test:tearDownClass): 404 GET http://10.180.1.21/compute/v2.1/servers/5f4d9851-6d07-410f-b145-8c12ef089ef0 1.246s
2025-11-14 09:13:18.502 65687 INFO tempest.lib.common.rest_client [req-d9e64da8-2363-4376-aec4-486095bb9ea2 req-d9e64da8-2363-4376-aec4-486095bb9ea2 ] Request (ServerDiskConfigTestJSON:test_rebuild_server_with_manual_disk_config): 200 GET http://10.180.1.21/compute/v2.1/servers/bb529f7e-5d01-4d34-902a-41f63dd50aff 1.311s
2025-11-14 09:13:18.502 65691 INFO tempest.lib.common.rest_client [req-7d842226-fde1-4301-888b-1bd3b4f3c531 req-7d842226-fde1-4301-888b-1bd3b4f3c531 ] Request (FlavorsV2TestJSON:setUpClass): 201 POST http://10.180.1.21/identity/v3/projects 0.035s
2025-11-14 09:13:18.559 65719 INFO tempest.lib.common.rest_client [req-301bada1-11cb-4ccf-be94-769cbcdc6398 req-301bada1-11cb-4ccf-be94-769cbcdc6398 ] Request (ListServersNegativeTestJSON:tearDownClass): 200 GET http://10.180.1.21/compute/v2.1/servers/70ef6cde-0637-455b-ae0f-f1acf540a0e4 1.251s
2025-11-14 09:13:18.574 65691 INFO tempest.lib.common.rest_client [req-0ea56d34-dc33-4bea-a70a-654f11fd28f1 req-0ea56d34-dc33-4bea-a70a-654f11fd28f1 ] Request (FlavorsV2TestJSON:setUpClass): 201 POST http://10.180.1.21/identity/v3/users 0.071s
2025-11-14 09:13:18.614 65701 INFO tempest.lib.common.rest_client [req-9f680858-0d67-4a78-8738-58d7471e60cf req-9f680858-0d67-4a78-8738-58d7471e60cf ] Request (ImagesTestJSON:test_create_image_from_suspended_server): 200 GET http://10.180.1.21/compute/v2.1/servers/1162b4c4-0d10-444c-b72f-ef5051b6bc5b 1.281s
2025-11-14 09:13:18.618 65713 INFO tempest.lib.common.rest_client [req-8bd80b8b-15c0-43b1-aa9a-983ba86de7a0 req-8bd80b8b-15c0-43b1-aa9a-983ba86de7a0 ] Request (ServerShowV257Test:tearDownClass): 204 DELETE http://10.180.1.21/identity/v3/users/7e9762d4b5b4495d8ac9d20f4947b3fd 0.121s
2025-11-14 09:13:18.618 65713 INFO tempest.lib.common.dynamic_creds [-] Deleting project and security group for project: 83927e0dad454c4eba1b528203590a6e
2025-11-14 09:13:18.622 65701 INFO tempest.common.waiters [-] State transition "BUILD/spawning" ==> "ACTIVE/None" after 40 second wait
2025-11-14 09:13:18.630 65727 INFO tempest.lib.common.rest_client [req-b6644454-92f0-4f9f-9ab0-d737c5718c00 req-b6644454-92f0-4f9f-9ab0-d737c5718c00 ] Request (ImagesOneServerNegativeTestJSON:_run_cleanups): 200 GET http://10.180.1.21/compute/v2.1/servers/99b0b92f-45c3-41fe-938d-6ab1c384e6c5 1.231s
2025-11-14 09:13:18.638 65691 INFO tempest.lib.common.rest_client [req-c7d35d24-b306-4778-bd06-9aac76053030 req-c7d35d24-b306-4778-bd06-9aac76053030 ] Request (FlavorsV2TestJSON:setUpClass): 200 GET http://10.180.1.21/identity/v3/roles 0.063s
2025-11-14 09:13:18.703 65713 INFO tempest.lib.common.rest_client [req-293e91f6-a8a0-439c-bd18-786896581146 req-293e91f6-a8a0-439c-bd18-786896581146 ] Request (ServerShowV257Test:tearDownClass): 201 POST http://10.180.1.21/identity/v3/auth/tokens 0.084s
2025-11-14 09:13:18.714 65725 INFO tempest.lib.common.rest_client [req-7a1a0a9f-8e85-41d8-8a8a-f1d8e94ff631 req-7a1a0a9f-8e85-41d8-8a8a-f1d8e94ff631 ] Request (ServersAdminNegativeTestJSON:tearDownClass): 200 GET http://10.180.1.21/compute/v2.1/servers/29056f1d-5a82-48a3-8e84-0110b328855a 1.240s
2025-11-14 09:13:18.722 65691 INFO tempest.lib.common.rest_client [req-38300d2c-673b-4a1d-b794-151fb4687833 req-38300d2c-673b-4a1d-b794-151fb4687833 ] Request (FlavorsV2TestJSON:setUpClass): 204 PUT http://10.180.1.21/identity/v3/projects/613b547ec5da483ebc934e1c64fd8c9a/users/0046cab930e14fafa43619aaf442b8c2/roles/4922d35a73c64ef48bec5cc77b709980 0.084s
2025-11-14 09:13:18.722 65691 INFO tempest.lib.common.dynamic_creds [-] Dynamic test user 0046cab930e14fafa43619aaf442b8c2 is created with scope project and roles: ['member']
2025-11-14 09:13:18.723 65691 INFO tempest.lib.common.dynamic_creds [-] Acquired dynamic creds: credentials: Credentials: {'domain_id': 'default', 'domain_name': 'Default', 'username': 'tempest-FlavorsV2TestJSON-2026583308-project-member', 'project_domain_id': 'default', 'project_domain_name': 'Default', 'project_id': '613b547ec5da483ebc934e1c64fd8c9a', 'project_name': 'tempest-FlavorsV2TestJSON-2026583308', 'tenant_id': '613b547ec5da483ebc934e1c64fd8c9a', 'tenant_name': 'tempest-FlavorsV2TestJSON-2026583308', 'user_domain_id': 'default', 'user_domain_name': 'Default', 'user_id': '0046cab930e14fafa43619aaf442b8c2', 'system': None}, Network: None, Subnet: None, Router: None
2025-11-14 09:13:18.723 65691 INFO tempest.lib.common.dynamic_creds [-] Created isolated network resources for: credentials: Credentials: {'domain_id': 'default', 'domain_name': 'Default', 'username': 'tempest-FlavorsV2TestJSON-2026583308-project-member', 'project_domain_id': 'default', 'project_domain_name': 'Default', 'project_id': '613b547ec5da483ebc934e1c64fd8c9a', 'project_name': 'tempest-FlavorsV2TestJSON-2026583308', 'tenant_id': '613b547ec5da483ebc934e1c64fd8c9a', 'tenant_name': 'tempest-FlavorsV2TestJSON-2026583308', 'user_domain_id': 'default', 'user_domain_name': 'Default', 'user_id': '0046cab930e14fafa43619aaf442b8c2', 'system': None}, Network: None, Subnet: None, Router: None
2025-11-14 09:13:18.752 65721 INFO tempest.lib.common.rest_client [req-70c115b2-158c-407c-b8c6-b869ce3c29f0 req-70c115b2-158c-407c-b8c6-b869ce3c29f0 ] Request (AttachInterfacesUnderV243Test:test_add_remove_fixed_ip): 200 GET http://10.180.1.21/compute/v2.1/servers/4d239bf8-b3d6-4d50-83c9-5794c0f706e6/os-interface/13dc731c-37ed-449b-976d-0e04f067613e 1.344s
2025-11-14 09:13:18.789 65669 INFO tempest.lib.common.rest_client [req-84705c1f-0f36-4a95-a5c5-d6ff78257ecd req-84705c1f-0f36-4a95-a5c5-d6ff78257ecd ] Request (ServersAdminTestJSON:test_list_servers_by_admin_with_specified_tenant): 200 GET http://10.180.1.21/compute/v2.1/servers/detail?all_tenants=&tenant_id=9d410074b08e4c0290dd7cfc257645a3 1.171s
2025-11-14 09:13:18.796 65667 INFO tempest.lib.common.rest_client [req-5f24265d-19a7-41b4-90c2-5a8fa2a6bf28 req-5f24265d-19a7-41b4-90c2-5a8fa2a6bf28 ] Request (VolumesAdminNegativeTest:test_update_attached_volume_with_nonexistent_volume_in_uri): 200 GET http://10.180.1.21/compute/v2.1/servers/595b764d-315b-4895-90b5-34a34410b033 1.216s
2025-11-14 09:13:18.805 65691 INFO tempest.lib.common.rest_client [req-af153f32-edda-429f-bd56-19f929e3f4c2 req-af153f32-edda-429f-bd56-19f929e3f4c2 ] Request (FlavorsV2TestJSON:setUpClass): 201 POST http://10.180.1.21/identity/v3/auth/tokens 0.077s
2025-11-14 09:13:18.857 65675 INFO tempest.lib.common.rest_client [req-7cb212b7-6e78-434b-a6f9-9b3e3d66633c req-7cb212b7-6e78-434b-a6f9-9b3e3d66633c ] Request (ListServerFiltersTestJSON:tearDownClass): 200 GET http://10.180.1.21/compute/v2.1/servers/c6449f49-e1a0-4c46-b5da-1f5d974680b4 1.185s
2025-11-14 09:13:18.875 65689 INFO tempest.lib.common.rest_client [req-88dd5f13-7d53-454e-9417-54c2f3ef3312 req-88dd5f13-7d53-454e-9417-54c2f3ef3312 ] Request (FloatingIPsAssociationTestJSON:tearDownClass): 200 GET http://10.180.1.21/compute/v2.1/servers/54c28c84-5f37-4c63-a827-6b25ff087401 1.057s
2025-11-14 09:13:18.912 65681 INFO tempest.lib.common.rest_client [req-553c6fc1-518c-4068-9600-feab22768fdc req-553c6fc1-518c-4068-9600-feab22768fdc ] Request (MigrationsAdminTest:test_resize_server_revert_deleted_flavor): 200 GET http://10.180.1.21/compute/v2.1/servers/abd1eefc-d2b6-47f5-a2a5-d538deb761f4 1.039s
2025-11-14 09:13:18.955 65713 INFO tempest.lib.common.rest_client [req-5b8df327-c7cc-4161-a4f4-847f1d0a330e req-5b8df327-c7cc-4161-a4f4-847f1d0a330e ] Request (ServerShowV257Test:tearDownClass): 200 GET http://10.180.1.21/networking/v2.0/security-groups?tenant_id=83927e0dad454c4eba1b528203590a6e&name=default 0.252s
2025-11-14 09:13:18.980 65697 INFO tempest.lib.common.rest_client [req-d86a78fe-4239-4066-949c-6ceaa0c9d82c req-d86a78fe-4239-4066-949c-6ceaa0c9d82c ] Request (ServerShowV247Test:tearDownClass): 204 DELETE http://10.180.1.21/compute/v2.1/servers/14930653-ba99-4253-a226-9e9f18ebb1e2 1.015s
2025-11-14 09:13:19.038 65723 INFO tempest.lib.common.rest_client [req-85454672-fa88-45f1-a8e9-3b1ff918bbe4 req-85454672-fa88-45f1-a8e9-3b1ff918bbe4 ] Request (ServerActionsV293TestJSON:setUpClass): 200 GET http://10.180.1.21/compute/v2.1/servers/0120ce13-f669-4233-a761-e885d8bb0348 0.870s
2025-11-14 09:13:19.046 65677 INFO tempest.lib.common.rest_client [req-0876ed93-e728-47c8-8104-059bc5c9b005 req-0876ed93-e728-47c8-8104-059bc5c9b005 ] Request (ImagesNegativeTestJSON:test_create_image_from_deleted_server): 200 GET http://10.180.1.21/compute/v2.1/servers/5ed9ef5b-376d-4e91-a163-b284d8e73492 0.799s
2025-11-14 09:13:19.047 65723 INFO tempest.common.waiters [-] State transition "BUILD/networking" ==> "BUILD/block_device_mapping" after 31 second wait
2025-11-14 09:13:19.053 65713 INFO tempest.lib.common.rest_client [req-2e2b2faf-b765-40af-a66a-3752b7820fdc req-2e2b2faf-b765-40af-a66a-3752b7820fdc ] Request (ServerShowV257Test:tearDownClass): 204 DELETE http://10.180.1.21/networking/v2.0/security-groups/c7993305-c1e3-49cd-8d19-4e267f72b4b2 0.098s
2025-11-14 09:13:19.096 65695 INFO tempest.lib.common.rest_client [req-3e57a1e2-9702-4c0b-9aeb-e2a30358e403 req-3e57a1e2-9702-4c0b-9aeb-e2a30358e403 ] Request (AttachVolumeNegativeTest:test_attach_attached_volume_to_different_server): 200 GET http://10.180.1.21/compute/v2.1/servers/b9036839-d3bd-4f09-9424-94609c90dc6b 0.803s
2025-11-14 09:13:19.103 65695 INFO tempest.common.waiters [-] State transition "BUILD/scheduling" ==> "BUILD/None" after 2 second wait
2025-11-14 09:13:19.129 65713 INFO tempest.lib.common.rest_client [req-23c2e6b1-e4dc-4f28-b770-7b0f48a64a81 req-23c2e6b1-e4dc-4f28-b770-7b0f48a64a81 ] Request (ServerShowV257Test:tearDownClass): 204 DELETE http://10.180.1.21/identity/v3/projects/83927e0dad454c4eba1b528203590a6e 0.075s
2025-11-14 09:13:19.194 65701 INFO tempest.lib.common.rest_client [req-8fb44c9b-6094-4b39-b864-a1c9fd81ae99 req-8fb44c9b-6094-4b39-b864-a1c9fd81ae99 ] Request (ImagesTestJSON:test_create_image_from_suspended_server): 202 POST http://10.180.1.21/compute/v2.1/servers/1162b4c4-0d10-444c-b72f-ef5051b6bc5b/action 0.572s
2025-11-14 09:13:19.213 65687 INFO tempest.lib.common.rest_client [req-67263e3e-f485-4808-a616-bce7531dfc31 req-67263e3e-f485-4808-a616-bce7531dfc31 ] Request (ServerDiskConfigTestJSON:test_rebuild_server_with_manual_disk_config): 202 POST http://10.180.1.21/compute/v2.1/servers/bb529f7e-5d01-4d34-902a-41f63dd50aff/action 0.701s
2025-11-14 09:13:19.225 65669 INFO tempest.lib.common.rest_client [req-c5b6dac8-fb51-43d5-b3a5-bfe37b509cb2 req-c5b6dac8-fb51-43d5-b3a5-bfe37b509cb2 ] Request (ServersAdminTestJSON:test_list_servers_detailed_filter_by_invalid_status): 200 GET http://10.180.1.21/compute/v2.1/servers/detail?status=invalid_status 0.427s
2025-11-14 09:13:19.252 65721 INFO tempest.lib.common.rest_client [req-2dee86e7-90fb-42c3-931f-4f76d227187d req-2dee86e7-90fb-42c3-931f-4f76d227187d ] Request (AttachInterfacesUnderV243Test:test_add_remove_fixed_ip): 200 GET http://10.180.1.21/compute/v2.1/servers/4d239bf8-b3d6-4d50-83c9-5794c0f706e6/ips 0.496s
2025-11-14 09:13:19.388 65717 INFO tempest.lib.common.rest_client [req-8dff852b-efbf-421c-8b27-8eba07192219 req-8dff852b-efbf-421c-8b27-8eba07192219 ] Request (AttachVolumeShelveTestJSON:test_attach_volume_shelved_or_offload_server): 200 GET http://10.180.1.21/compute/v2.1/servers/242c60e5-0ad8-42c7-b47c-846bf5b7001f 0.574s
2025-11-14 09:13:19.396 65691 INFO tempest.lib.common.rest_client [req-5452bebe-c957-4177-8b63-2af5e48a35a7 req-5452bebe-c957-4177-8b63-2af5e48a35a7 ] Request (FlavorsV2TestJSON:test_get_flavor): 200 GET http://10.180.1.21/compute/v2.1/flavors/42 0.590s
2025-11-14 09:13:19.457 65705 INFO tempest.lib.common.rest_client [req-a981d3f8-cfc9-4152-8e77-c3bb9c140d7d req-a981d3f8-cfc9-4152-8e77-c3bb9c140d7d ] Request (ServerDiagnosticsTest:tearDownClass): 200 GET http://10.180.1.21/compute/v2.1/servers/8445ef67-c0e1-4506-9945-2e37c24bb4d2 0.530s
2025-11-14 09:13:19.462 65683 INFO tempest.lib.common.rest_client [req-d0ae0d99-4d76-45be-b9ce-c68d500f9986 req-d0ae0d99-4d76-45be-b9ce-c68d500f9986 ] Request (ServerTagsTestJSON:tearDownClass): 200 GET http://10.180.1.21/compute/v2.1/servers/4925f314-6b60-4a7a-ac45-8ac8a9a059f6 0.635s
2025-11-14 09:13:19.520 65697 INFO tempest.lib.common.rest_client [req-42c7b7c0-851e-461b-bd90-1f786d68c936 req-42c7b7c0-851e-461b-bd90-1f786d68c936 ] Request (ServerShowV247Test:tearDownClass): 200 GET http://10.180.1.21/compute/v2.1/servers/14930653-ba99-4253-a226-9e9f18ebb1e2 0.539s
2025-11-14 09:13:19.526 65715 INFO tempest.lib.common.rest_client [req-8146593d-3e88-4d29-837b-91d48277903c req-8146593d-3e88-4d29-837b-91d48277903c ] Request (DeleteServersTestJSON:test_delete_active_server): 200 GET http://10.180.1.21/compute/v2.1/servers/49b4868e-8f93-4b46-8156-092b779ba577 0.540s
2025-11-14 09:13:19.576 65673 INFO tempest.lib.common.rest_client [req-d96e9197-d5d9-45e7-8704-74542969a362 req-d96e9197-d5d9-45e7-8704-74542969a362 ] Request (SecurityGroupsTestJSON:test_server_security_groups): 200 GET http://10.180.1.21/compute/v2.1/servers/8ddd4b00-c804-4c11-a462-86cd44c11636 0.447s
2025-11-14 09:13:19.592 65685 INFO tempest.lib.common.rest_client [req-655092d3-ecd9-4ace-9fed-a19ee0d14555 req-655092d3-ecd9-4ace-9fed-a19ee0d14555 ] Request (VolumesAssistedSnapshotsTest:tearDownClass): 200 GET http://10.180.1.21/compute/v2.1/servers/33c36f11-33f3-4642-a367-c26cceac7fa9 0.477s
2025-11-14 09:13:19.719 65701 INFO tempest.lib.common.rest_client [req-daf16cc1-66ad-4137-8947-7c20185fc411 req-daf16cc1-66ad-4137-8947-7c20185fc411 ] Request (ImagesTestJSON:test_create_image_from_suspended_server): 200 GET http://10.180.1.21/compute/v2.1/servers/1162b4c4-0d10-444c-b72f-ef5051b6bc5b 0.524s
2025-11-14 09:13:19.734 65687 INFO tempest.lib.common.rest_client [req-944d0abe-52f5-48c6-90a0-1fbd36504171 req-944d0abe-52f5-48c6-90a0-1fbd36504171 ] Request (ServerDiskConfigTestJSON:test_rebuild_server_with_manual_disk_config): 200 GET http://10.180.1.21/compute/v2.1/servers/bb529f7e-5d01-4d34-902a-41f63dd50aff 0.516s
2025-11-14 09:13:19.764 65721 INFO tempest.lib.common.rest_client [req-297adc1b-bebd-4a98-8d93-5db649ec1aed req-297adc1b-bebd-4a98-8d93-5db649ec1aed ] Request (AttachInterfacesUnderV243Test:test_add_remove_fixed_ip): 202 POST http://10.180.1.21/compute/v2.1/servers/4d239bf8-b3d6-4d50-83c9-5794c0f706e6/action 0.510s
2025-11-14 09:13:19.798 65669 INFO tempest.lib.common.rest_client [req-42d10ad7-7b82-4139-b029-458cdb89ab9b req-42d10ad7-7b82-4139-b029-458cdb89ab9b ] Request (ServersAdminTestJSON:test_list_servers_filter_by_error_status): 202 POST http://10.180.1.21/compute/v2.1/servers/f13a71e0-9a1e-4d4a-bbc5-990ec30db5f4/action 0.558s
2025-11-14 09:13:19.837 65699 INFO tempest.lib.common.rest_client [req-6caf0906-e60b-4eeb-a847-ada636b552e0 req-6caf0906-e60b-4eeb-a847-ada636b552e0 ] Request (InstanceActionsNegativeTestJSON:tearDownClass): 200 GET http://10.180.1.21/compute/v2.1/servers/e017c3fe-d5f2-48b5-9c6e-1460aaadbad4 0.578s
2025-11-14 09:13:19.872 65711 INFO tempest.lib.common.rest_client [req-02ba9c1a-10a2-433d-a974-395bfd1b6880 req-02ba9c1a-10a2-433d-a974-395bfd1b6880 ] Request (ServerDiagnosticsV248Test:tearDownClass): 200 GET http://10.180.1.21/compute/v2.1/servers/4a5509bf-4263-4d86-bafd-ed9ee48ec64d 0.530s
2025-11-14 09:13:19.894 65691 INFO tempest.lib.common.rest_client [req-1ce1d116-3a29-41ae-95a0-fef7f544ab9b req-1ce1d116-3a29-41ae-95a0-fef7f544ab9b ] Request (FlavorsV2TestJSON:test_list_flavors): 200 GET http://10.180.1.21/compute/v2.1/flavors 0.493s
2025-11-14 09:13:19.960 65704 INFO tempest.lib.common.rest_client [req-5b981151-7ef0-4ca5-87c9-79c201d707d1 req-5b981151-7ef0-4ca5-87c9-79c201d707d1 ] Request (ServersTestFqdnHostnames:test_create_server_with_fqdn_name): 200 GET http://10.180.1.21/compute/v2.1/servers/f4354dec-ba6a-4809-8bb8-5335ef4fc3a9 0.542s
2025-11-14 09:13:19.996 65709 INFO tempest.lib.common.rest_client [req-256a63fd-4a26-409c-8ab9-ccdb5cee56e0 req-256a63fd-4a26-409c-8ab9-ccdb5cee56e0 ] Request (AttachInterfacesTestJSON:test_create_list_show_delete_interfaces_by_fixed_ip): 200 GET http://10.180.1.21/compute/v2.1/servers/ee26ef56-78c7-42ab-a032-6832a53071c9 0.634s
2025-11-14 09:13:20.024 65671 INFO tempest.lib.common.rest_client [req-05d0ccf1-72e8-41be-bbb9-6480c231308d req-05d0ccf1-72e8-41be-bbb9-6480c231308d ] Request (ServerGroupTestJSON:test_create_server_with_scheduler_hint_group): 200 GET http://10.180.1.21/compute/v2.1/servers/b2c8498a-128e-40af-a503-2f22e1b9b9a3 0.543s
2025-11-14 09:13:20.068 65719 INFO tempest.lib.common.rest_client [req-c5d4add9-bb8f-4d48-9768-f7780ba868af req-c5d4add9-bb8f-4d48-9768-f7780ba868af ] Request (ListServersNegativeTestJSON:tearDownClass): 200 GET http://10.180.1.21/compute/v2.1/servers/70ef6cde-0637-455b-ae0f-f1acf540a0e4 0.497s
2025-11-14 09:13:20.079 65727 INFO tempest.lib.common.rest_client [req-765d14ff-8337-40e1-8cd2-5866f1b3c0eb req-765d14ff-8337-40e1-8cd2-5866f1b3c0eb ] Request (ImagesOneServerNegativeTestJSON:_run_cleanups): 200 GET http://10.180.1.21/compute/v2.1/servers/99b0b92f-45c3-41fe-938d-6ab1c384e6c5 0.439s
2025-11-14 09:13:20.106 65721 INFO tempest.lib.common.rest_client [req-d62f0439-5b3b-4869-a42d-15618c04b4c9 req-d62f0439-5b3b-4869-a42d-15618c04b4c9 ] Request (AttachInterfacesUnderV243Test:test_add_remove_fixed_ip): 200 GET http://10.180.1.21/compute/v2.1/servers/4d239bf8-b3d6-4d50-83c9-5794c0f706e6/ips 0.341s
2025-11-14 09:13:20.130 65725 INFO tempest.lib.common.rest_client [req-b52343fc-b59a-4f39-b651-d3d463929aef req-b52343fc-b59a-4f39-b651-d3d463929aef ] Request (ServersAdminNegativeTestJSON:tearDownClass): 200 GET http://10.180.1.21/compute/v2.1/servers/29056f1d-5a82-48a3-8e84-0110b328855a 0.408s
2025-11-14 09:13:20.162 65669 INFO tempest.lib.common.rest_client [req-99623413-abc4-444d-811b-644f6b94096a req-99623413-abc4-444d-811b-644f6b94096a ] Request (ServersAdminTestJSON:test_list_servers_filter_by_error_status): 200 GET http://10.180.1.21/compute/v2.1/servers?status=error 0.363s
2025-11-14 09:13:20.186 65667 INFO tempest.lib.common.rest_client [req-a0317fe4-363e-4821-833e-dbd1d87fae1c req-a0317fe4-363e-4821-833e-dbd1d87fae1c ] Request (VolumesAdminNegativeTest:test_update_attached_volume_with_nonexistent_volume_in_uri): 200 GET http://10.180.1.21/compute/v2.1/servers/595b764d-315b-4895-90b5-34a34410b033 0.380s
2025-11-14 09:13:20.219 65675 INFO tempest.lib.common.rest_client [req-f6011fb9-5ba6-4e05-a321-fb26b7f51897 req-f6011fb9-5ba6-4e05-a321-fb26b7f51897 ] Request (ListServerFiltersTestJSON:tearDownClass): 200 GET http://10.180.1.21/compute/v2.1/servers/c6449f49-e1a0-4c46-b5da-1f5d974680b4 0.346s
2025-11-14 09:13:20.232 65691 INFO tempest.lib.common.rest_client [req-0bb8ed7c-6b6d-40d7-a4e6-e28334a0588c req-0bb8ed7c-6b6d-40d7-a4e6-e28334a0588c ] Request (FlavorsV2TestJSON:test_list_flavors): 200 GET http://10.180.1.21/compute/v2.1/flavors/42 0.334s
2025-11-14 09:13:20.245 65689 INFO tempest.lib.common.rest_client [req-9279c789-a434-4a1b-a8fb-aa29abcda4db req-9279c789-a434-4a1b-a8fb-aa29abcda4db ] Request (FloatingIPsAssociationTestJSON:tearDownClass): 200 GET http://10.180.1.21/compute/v2.1/servers/54c28c84-5f37-4c63-a827-6b25ff087401 0.362s
2025-11-14 09:13:20.283 65681 INFO tempest.lib.common.rest_client [req-014268de-1fcb-45e4-a7f5-deeeae88033d req-014268de-1fcb-45e4-a7f5-deeeae88033d ] Request (MigrationsAdminTest:test_resize_server_revert_deleted_flavor): 200 GET http://10.180.1.21/compute/v2.1/servers/abd1eefc-d2b6-47f5-a2a5-d538deb761f4 0.359s
2025-11-14 09:13:20.341 65677 INFO tempest.lib.common.rest_client [req-a600f9f1-0031-4733-b0ae-fd36cd5de77f req-a600f9f1-0031-4733-b0ae-fd36cd5de77f ] Request (ImagesNegativeTestJSON:test_create_image_from_deleted_server): 200 GET http://10.180.1.21/compute/v2.1/servers/5ed9ef5b-376d-4e91-a163-b284d8e73492 0.286s
2025-11-14 09:13:20.376 65723 INFO tempest.lib.common.rest_client [req-f462f886-c005-4ef8-9532-8ba979cb5480 req-f462f886-c005-4ef8-9532-8ba979cb5480 ] Request (ServerActionsV293TestJSON:setUpClass): 200 GET http://10.180.1.21/compute/v2.1/servers/0120ce13-f669-4233-a761-e885d8bb0348 0.327s
2025-11-14 09:13:20.395 65723 INFO tempest.common.waiters [-] State transition "BUILD/block_device_mapping" ==> "BUILD/spawning" after 32 second wait
2025-11-14 09:13:20.413 65695 INFO tempest.lib.common.rest_client [req-b7436e45-ef58-4d17-b00e-bd61f90b30be req-b7436e45-ef58-4d17-b00e-bd61f90b30be ] Request (AttachVolumeNegativeTest:test_attach_attached_volume_to_different_server): 200 GET http://10.180.1.21/compute/v2.1/servers/b9036839-d3bd-4f09-9424-94609c90dc6b 0.309s
2025-11-14 09:13:20.435 65691 INFO tempest.lib.common.rest_client [req-a8cf247b-07cb-4372-aa1a-5428064d163c req-a8cf247b-07cb-4372-aa1a-5428064d163c ] Request (FlavorsV2TestJSON:test_list_flavors_detailed_filter_by_min_disk): 200 GET http://10.180.1.21/compute/v2.1/flavors/42 0.200s
2025-11-14 09:13:20.475 65669 INFO tempest.lib.common.rest_client [req-499681e4-ec51-430b-886c-08dc914e163d req-499681e4-ec51-430b-886c-08dc914e163d ] Request (ServersAdminTestJSON:test_list_servers_filter_by_error_status): 202 POST http://10.180.1.21/compute/v2.1/servers/f13a71e0-9a1e-4d4a-bbc5-990ec30db5f4/action 0.311s
2025-11-14 09:13:20.500 65691 INFO tempest.lib.common.rest_client [req-fd37a8c4-6a35-4b46-aae4-688bc1a60fe9 req-fd37a8c4-6a35-4b46-aae4-688bc1a60fe9 ] Request (FlavorsV2TestJSON:test_list_flavors_detailed_filter_by_min_disk): 200 GET http://10.180.1.21/compute/v2.1/flavors/detail?minDisk=2 0.061s
2025-11-14 09:13:20.535 65705 INFO tempest.lib.common.rest_client [req-69af0372-1cb7-41f0-b583-a6baf33fb9c1 req-69af0372-1cb7-41f0-b583-a6baf33fb9c1 ] Request (ServerDiagnosticsTest:tearDownClass): 404 GET http://10.180.1.21/compute/v2.1/servers/8445ef67-c0e1-4506-9945-2e37c24bb4d2 0.069s
2025-11-14 09:13:20.665 65705 INFO tempest.lib.common.rest_client [req-788f8632-21ab-40e0-8fed-79628d8fc1d3 req-788f8632-21ab-40e0-8fed-79628d8fc1d3 ] Request (ServerDiagnosticsTest:tearDownClass): 204 DELETE http://10.180.1.21/identity/v3/users/60e39fd0281c4cf48fb5bbbac36ae251 0.128s
2025-11-14 09:13:20.782 65705 INFO tempest.lib.common.rest_client [req-d0edd2a5-94d3-4b30-9c4e-669199c2e323 req-d0edd2a5-94d3-4b30-9c4e-669199c2e323 ] Request (ServerDiagnosticsTest:tearDownClass): 204 DELETE http://10.180.1.21/identity/v3/users/b923a15b3b94484abd3166d83160820c 0.117s
2025-11-14 09:13:20.783 65705 INFO tempest.lib.common.dynamic_creds [-] Deleting project and security group for project: f11711c3fdd94453bfe6633b19042204
2025-11-14 09:13:20.861 65705 INFO tempest.lib.common.rest_client [req-b04788e5-2425-498f-9220-99a773104bf0 req-b04788e5-2425-498f-9220-99a773104bf0 ] Request (ServerDiagnosticsTest:tearDownClass): 201 POST http://10.180.1.21/identity/v3/auth/tokens 0.078s
2025-11-14 09:13:20.936 65683 INFO tempest.lib.common.rest_client [req-ee29e42b-0cee-459a-a47b-7f23e7500838 req-ee29e42b-0cee-459a-a47b-7f23e7500838 ] Request (ServerTagsTestJSON:tearDownClass): 200 GET http://10.180.1.21/compute/v2.1/servers/4925f314-6b60-4a7a-ac45-8ac8a9a059f6 0.462s
2025-11-14 09:13:21.100 65705 INFO tempest.lib.common.rest_client [req-deeb2341-621a-4151-8396-eeeea2d85b45 req-deeb2341-621a-4151-8396-eeeea2d85b45 ] Request (ServerDiagnosticsTest:tearDownClass): 200 GET http://10.180.1.21/networking/v2.0/security-groups?tenant_id=f11711c3fdd94453bfe6633b19042204&name=default 0.239s
2025-11-14 09:13:21.106 65717 INFO tempest.lib.common.rest_client [req-a67a0c33-f20f-4610-9500-74b613a8fb6e req-a67a0c33-f20f-4610-9500-74b613a8fb6e ] Request (AttachVolumeShelveTestJSON:test_attach_volume_shelved_or_offload_server): 200 GET http://10.180.1.21/compute/v2.1/servers/242c60e5-0ad8-42c7-b47c-846bf5b7001f 0.709s
2025-11-14 09:13:21.123 65691 INFO tempest.lib.common.rest_client [req-08e95a8a-08d7-45b4-84ee-c7c68d346ead req-08e95a8a-08d7-45b4-84ee-c7c68d346ead ] Request (FlavorsV2TestJSON:test_list_flavors_detailed_filter_by_min_ram): 200 GET http://10.180.1.21/compute/v2.1/flavors/42 0.618s
2025-11-14 09:13:21.147 65669 INFO tempest.lib.common.rest_client [req-c8f1f562-8223-4bbe-9103-e5826e06a933 req-c8f1f562-8223-4bbe-9103-e5826e06a933 ] Request (ServersAdminTestJSON:test_list_servers_filter_by_error_status): 200 GET http://10.180.1.21/compute/v2.1/servers/f13a71e0-9a1e-4d4a-bbc5-990ec30db5f4 0.671s
2025-11-14 09:13:21.197 65697 INFO tempest.lib.common.rest_client [req-69db176a-8479-43a3-8fd8-c5a321096ee3 req-69db176a-8479-43a3-8fd8-c5a321096ee3 ] Request (ServerShowV247Test:tearDownClass): 200 GET http://10.180.1.21/compute/v2.1/servers/14930653-ba99-4253-a226-9e9f18ebb1e2 0.667s
2025-11-14 09:13:21.236 65705 INFO tempest.lib.common.rest_client [req-53e2aa67-fbd8-4b5e-a31a-a731fb8312c4 req-53e2aa67-fbd8-4b5e-a31a-a731fb8312c4 ] Request (ServerDiagnosticsTest:tearDownClass): 204 DELETE http://10.180.1.21/networking/v2.0/security-groups/2716e283-9fae-4df0-95a8-c93a53783cbe 0.135s
2025-11-14 09:13:21.244 65715 INFO tempest.lib.common.rest_client [req-c596c059-a611-4cc5-b492-f2a8872e87b6 req-c596c059-a611-4cc5-b492-f2a8872e87b6 ] Request (DeleteServersTestJSON:test_delete_active_server): 200 GET http://10.180.1.21/compute/v2.1/servers/49b4868e-8f93-4b46-8156-092b779ba577 0.709s
2025-11-14 09:13:21.275 65673 INFO tempest.lib.common.rest_client [req-70341d94-f32c-44e4-84ca-d1a83ff1da71 req-70341d94-f32c-44e4-84ca-d1a83ff1da71 ] Request (SecurityGroupsTestJSON:test_server_security_groups): 200 GET http://10.180.1.21/compute/v2.1/servers/8ddd4b00-c804-4c11-a462-86cd44c11636 0.682s
2025-11-14 09:13:21.310 65705 INFO tempest.lib.common.rest_client [req-353f268e-c26b-497e-bc5c-2a2d48883f6a req-353f268e-c26b-497e-bc5c-2a2d48883f6a ] Request (ServerDiagnosticsTest:tearDownClass): 204 DELETE http://10.180.1.21/identity/v3/projects/f11711c3fdd94453bfe6633b19042204 0.073s
2025-11-14 09:13:21.310 65705 INFO tempest.lib.common.dynamic_creds [-] Deleting project and security group for project: dd8b4458f6344b6c8cb1f1752e35c7ab
2025-11-14 09:13:21.324 65685 INFO tempest.lib.common.rest_client [req-ad6020c0-cc42-495f-a882-7197c64e8010 req-ad6020c0-cc42-495f-a882-7197c64e8010 ] Request (VolumesAssistedSnapshotsTest:tearDownClass): 200 GET http://10.180.1.21/compute/v2.1/servers/33c36f11-33f3-4642-a367-c26cceac7fa9 0.723s
2025-11-14 09:13:21.388 65705 INFO tempest.lib.common.rest_client [req-191e3ae7-95b8-4047-b557-0edd194a1bab req-191e3ae7-95b8-4047-b557-0edd194a1bab ] Request (ServerDiagnosticsTest:tearDownClass): 200 GET http://10.180.1.21/networking/v2.0/security-groups?tenant_id=dd8b4458f6344b6c8cb1f1752e35c7ab&name=default 0.078s
2025-11-14 09:13:21.517 65701 INFO tempest.lib.common.rest_client [req-b3c9b7e8-e49c-4d95-b8e4-3078848b47ce req-b3c9b7e8-e49c-4d95-b8e4-3078848b47ce ] Request (ImagesTestJSON:test_create_image_from_suspended_server): 200 GET http://10.180.1.21/compute/v2.1/servers/1162b4c4-0d10-444c-b72f-ef5051b6bc5b 0.788s
2025-11-14 09:13:21.524 65701 INFO tempest.common.waiters [-] State transition "ACTIVE/suspending" ==> "SUSPENDED/None" after 2 second wait
2025-11-14 09:13:21.549 65705 INFO tempest.lib.common.rest_client [req-4a586bd2-83cc-4a7f-88da-e0572f3cd661 req-4a586bd2-83cc-4a7f-88da-e0572f3cd661 ] Request (ServerDiagnosticsTest:tearDownClass): 204 DELETE http://10.180.1.21/networking/v2.0/security-groups/f2885ea5-44bc-49d4-8499-dbea424a6c03 0.160s
2025-11-14 09:13:21.586 65687 INFO tempest.lib.common.rest_client [req-b290eb68-3bcd-44a3-9c5e-5fa157749db2 req-b290eb68-3bcd-44a3-9c5e-5fa157749db2 ] Request (ServerDiskConfigTestJSON:test_rebuild_server_with_manual_disk_config): 200 GET http://10.180.1.21/compute/v2.1/servers/bb529f7e-5d01-4d34-902a-41f63dd50aff 0.842s
2025-11-14 09:13:21.608 65699 INFO tempest.lib.common.rest_client [req-ab37c30b-dc6f-40e7-a322-9ac7a3715270 req-ab37c30b-dc6f-40e7-a322-9ac7a3715270 ] Request (InstanceActionsNegativeTestJSON:tearDownClass): 200 GET http://10.180.1.21/compute/v2.1/servers/e017c3fe-d5f2-48b5-9c6e-1460aaadbad4 0.762s
2025-11-14 09:13:21.667 65711 INFO tempest.lib.common.rest_client [req-1927a93b-d805-4a2e-9c8f-98aa99c01e47 req-1927a93b-d805-4a2e-9c8f-98aa99c01e47 ] Request (ServerDiagnosticsV248Test:tearDownClass): 200 GET http://10.180.1.21/compute/v2.1/servers/4a5509bf-4263-4d86-bafd-ed9ee48ec64d 0.785s
2025-11-14 09:13:21.688 65705 INFO tempest.lib.common.rest_client [req-9fa56ba4-454c-4ea8-b925-0c56781126e4 req-9fa56ba4-454c-4ea8-b925-0c56781126e4 ] Request (ServerDiagnosticsTest:tearDownClass): 204 DELETE http://10.180.1.21/identity/v3/projects/dd8b4458f6344b6c8cb1f1752e35c7ab 0.138s
2025-11-14 09:13:21.688 65704 INFO tempest.lib.common.rest_client [req-04c9bf5c-a22e-48bb-866f-4c50e4ad2e3a req-04c9bf5c-a22e-48bb-866f-4c50e4ad2e3a ] Request (ServersTestFqdnHostnames:test_create_server_with_fqdn_name): 200 GET http://10.180.1.21/compute/v2.1/servers/f4354dec-ba6a-4809-8bb8-5335ef4fc3a9 0.713s
2025-11-14 09:13:21.744 65671 INFO tempest.lib.common.rest_client [req-1dfc8f5d-9cb8-4069-9b2b-99815da2c48d req-1dfc8f5d-9cb8-4069-9b2b-99815da2c48d ] Request (ServerGroupTestJSON:test_create_server_with_scheduler_hint_group): 200 GET http://10.180.1.21/compute/v2.1/servers/b2c8498a-128e-40af-a503-2f22e1b9b9a3 0.707s
2025-11-14 09:13:21.765 65705 INFO tempest.lib.common.rest_client [req-4cf11be9-0581-4299-a1ed-f8eeaa70744d req-4cf11be9-0581-4299-a1ed-f8eeaa70744d ] Request (FloatingIPsNegativeTestJSON:setUpClass): 201 POST http://10.180.1.21/identity/v3/auth/tokens 0.075s
2025-11-14 09:13:21.771 65709 INFO tempest.lib.common.rest_client [req-9c43a831-ef08-456a-afed-5911d868a958 req-9c43a831-ef08-456a-afed-5911d868a958 ] Request (AttachInterfacesTestJSON:test_create_list_show_delete_interfaces_by_fixed_ip): 200 GET http://10.180.1.21/compute/v2.1/servers/ee26ef56-78c7-42ab-a032-6832a53071c9 0.767s
2025-11-14 09:13:21.800 65705 INFO tempest.lib.common.rest_client [req-459e4d0f-fe6f-4da0-b595-13e2afb8e122 req-459e4d0f-fe6f-4da0-b595-13e2afb8e122 ] Request (FloatingIPsNegativeTestJSON:setUpClass): 201 POST http://10.180.1.21/identity/v3/auth/tokens 0.033s
2025-11-14 09:13:21.817 65719 INFO tempest.lib.common.rest_client [req-30038168-e2eb-46d0-bebe-52307e36811f req-30038168-e2eb-46d0-bebe-52307e36811f ] Request (ListServersNegativeTestJSON:tearDownClass): 200 GET http://10.180.1.21/compute/v2.1/servers/70ef6cde-0637-455b-ae0f-f1acf540a0e4 0.740s
2025-11-14 09:13:21.831 65727 INFO tempest.lib.common.rest_client [req-6deb0f69-a2ed-4a62-8d43-a61b1364db59 req-6deb0f69-a2ed-4a62-8d43-a61b1364db59 ] Request (ImagesOneServerNegativeTestJSON:_run_cleanups): 200 GET http://10.180.1.21/compute/v2.1/servers/99b0b92f-45c3-41fe-938d-6ab1c384e6c5 0.744s
2025-11-14 09:13:21.835 65705 INFO tempest.lib.common.rest_client [req-f6127acb-1454-4213-aaca-e1843235e2d6 req-f6127acb-1454-4213-aaca-e1843235e2d6 ] Request (FloatingIPsNegativeTestJSON:setUpClass): 200 GET http://10.180.1.21/identity/v3/domains?name=Default 0.033s
2025-11-14 09:13:21.846 65721 INFO tempest.lib.common.rest_client [req-916e29fc-1a50-4856-b2ba-a85df8d98104 req-916e29fc-1a50-4856-b2ba-a85df8d98104 ] Request (AttachInterfacesUnderV243Test:test_add_remove_fixed_ip): 200 GET http://10.180.1.21/compute/v2.1/servers/4d239bf8-b3d6-4d50-83c9-5794c0f706e6/ips 0.737s
2025-11-14 09:13:21.858 65691 INFO tempest.lib.common.rest_client [req-94039514-4f63-4310-97a7-001fcd34f35f req-94039514-4f63-4310-97a7-001fcd34f35f ] Request (FlavorsV2TestJSON:test_list_flavors_detailed_filter_by_min_ram): 200 GET http://10.180.1.21/compute/v2.1/flavors/detail?minRam=193 0.731s
2025-11-14 09:13:21.865 65705 INFO tempest.lib.common.rest_client [req-72f13f65-0a5d-4fb9-83ae-fe38090819c3 req-72f13f65-0a5d-4fb9-83ae-fe38090819c3 ] Request (FloatingIPsNegativeTestJSON:setUpClass): 201 POST http://10.180.1.21/identity/v3/projects 0.029s
2025-11-14 09:13:21.921 65725 INFO tempest.lib.common.rest_client [req-8428f0a8-0117-404f-9806-20e660d1ba49 req-8428f0a8-0117-404f-9806-20e660d1ba49 ] Request (ServersAdminNegativeTestJSON:tearDownClass): 200 GET http://10.180.1.21/compute/v2.1/servers/29056f1d-5a82-48a3-8e84-0110b328855a 0.781s
2025-11-14 09:13:21.934 65705 INFO tempest.lib.common.rest_client [req-e0a59323-328f-4578-a446-483ab2281bc8 req-e0a59323-328f-4578-a446-483ab2281bc8 ] Request (FloatingIPsNegativeTestJSON:setUpClass): 201 POST http://10.180.1.21/identity/v3/users 0.069s
2025-11-14 09:13:21.956 65705 INFO tempest.lib.common.rest_client [req-e8f0ec3f-9000-4d0a-a690-0c4fb09e8376 req-e8f0ec3f-9000-4d0a-a690-0c4fb09e8376 ] Request (FloatingIPsNegativeTestJSON:setUpClass): 200 GET http://10.180.1.21/identity/v3/roles 0.021s
2025-11-14 09:13:21.971 65667 INFO tempest.lib.common.rest_client [req-0a4e87a1-e516-445e-b825-32dd6284e156 req-0a4e87a1-e516-445e-b825-32dd6284e156 ] Request (VolumesAdminNegativeTest:test_update_attached_volume_with_nonexistent_volume_in_uri): 200 GET http://10.180.1.21/compute/v2.1/servers/595b764d-315b-4895-90b5-34a34410b033 0.777s
2025-11-14 09:13:21.982 65705 INFO tempest.lib.common.rest_client [req-7e47868e-c04c-4dd9-883a-0a6dc6c7560b req-7e47868e-c04c-4dd9-883a-0a6dc6c7560b ] Request (FloatingIPsNegativeTestJSON:setUpClass): 204 PUT http://10.180.1.21/identity/v3/projects/4a7b58dd2f7c47b9bc52a51489dc8d06/users/c7805c6e5e3c4fc8ab9de180f687ee59/roles/4922d35a73c64ef48bec5cc77b709980 0.026s
2025-11-14 09:13:21.983 65705 INFO tempest.lib.common.dynamic_creds [-] Dynamic test user c7805c6e5e3c4fc8ab9de180f687ee59 is created with scope project and roles: ['member']
2025-11-14 09:13:21.983 65705 INFO tempest.lib.common.dynamic_creds [-] Acquired dynamic creds: credentials: Credentials: {'domain_id': 'default', 'domain_name': 'Default', 'username': 'tempest-FloatingIPsNegativeTestJSON-2009984898-project-member', 'project_domain_id': 'default', 'project_domain_name': 'Default', 'project_id': '4a7b58dd2f7c47b9bc52a51489dc8d06', 'project_name': 'tempest-FloatingIPsNegativeTestJSON-2009984898', 'tenant_id': '4a7b58dd2f7c47b9bc52a51489dc8d06', 'tenant_name': 'tempest-FloatingIPsNegativeTestJSON-2009984898', 'user_domain_id': 'default', 'user_domain_name': 'Default', 'user_id': 'c7805c6e5e3c4fc8ab9de180f687ee59', 'system': None}, Network: None, Subnet: None, Router: None
2025-11-14 09:13:21.987 65669 INFO tempest.lib.common.rest_client [req-0e4b1b25-2316-48b2-a6b5-0fd0f7a4c602 req-0e4b1b25-2316-48b2-a6b5-0fd0f7a4c602 ] Request (ServersAdminTestJSON:test_list_servers_filter_by_exist_host): 200 GET http://10.180.1.21/compute/v2.1/servers/f13a71e0-9a1e-4d4a-bbc5-990ec30db5f4 0.832s
2025-11-14 09:13:22.027 65675 INFO tempest.lib.common.rest_client [req-2c582cc2-30d8-4795-bd7a-978f89922896 req-2c582cc2-30d8-4795-bd7a-978f89922896 ] Request (ListServerFiltersTestJSON:tearDownClass): 200 GET http://10.180.1.21/compute/v2.1/servers/c6449f49-e1a0-4c46-b5da-1f5d974680b4 0.800s
2025-11-14 09:13:22.043 65705 INFO tempest.lib.common.rest_client [req-026d4fd4-a41e-496a-85b7-66aa91636383 req-026d4fd4-a41e-496a-85b7-66aa91636383 ] Request (FloatingIPsNegativeTestJSON:setUpClass): 201 POST http://10.180.1.21/identity/v3/auth/tokens 0.059s
2025-11-14 09:13:22.057 65689 INFO tempest.lib.common.rest_client [req-d554f90b-8adc-4b10-8edc-b4ac32d4df69 req-d554f90b-8adc-4b10-8edc-b4ac32d4df69 ] Request (FloatingIPsAssociationTestJSON:tearDownClass): 200 GET http://10.180.1.21/compute/v2.1/servers/54c28c84-5f37-4c63-a827-6b25ff087401 0.804s
2025-11-14 09:13:22.085 65681 INFO tempest.lib.common.rest_client [req-58ab0a59-5ff2-47eb-ad96-0043cfceb232 req-58ab0a59-5ff2-47eb-ad96-0043cfceb232 ] Request (MigrationsAdminTest:test_resize_server_revert_deleted_flavor): 200 GET http://10.180.1.21/compute/v2.1/servers/abd1eefc-d2b6-47f5-a2a5-d538deb761f4 0.793s
2025-11-14 09:13:22.125 65677 INFO tempest.lib.common.rest_client [req-0cd3421f-5bc9-44b4-ae41-4ef3fe1dbd87 req-0cd3421f-5bc9-44b4-ae41-4ef3fe1dbd87 ] Request (ImagesNegativeTestJSON:test_create_image_from_deleted_server): 200 GET http://10.180.1.21/compute/v2.1/servers/5ed9ef5b-376d-4e91-a163-b284d8e73492 0.774s
2025-11-14 09:13:22.209 65695 INFO tempest.lib.common.rest_client [req-f2982ab2-05a1-41b5-93bd-1d4c7f89f217 req-f2982ab2-05a1-41b5-93bd-1d4c7f89f217 ] Request (AttachVolumeNegativeTest:test_attach_attached_volume_to_different_server): 200 GET http://10.180.1.21/compute/v2.1/servers/b9036839-d3bd-4f09-9424-94609c90dc6b 0.788s
2025-11-14 09:13:22.247 65723 INFO tempest.lib.common.rest_client [req-b0e1b3b1-651a-4bc3-9b99-d327d9bf6ed8 req-b0e1b3b1-651a-4bc3-9b99-d327d9bf6ed8 ] Request (ServerActionsV293TestJSON:setUpClass): 200 GET http://10.180.1.21/compute/v2.1/servers/0120ce13-f669-4233-a761-e885d8bb0348 0.850s
2025-11-14 09:13:22.327 65705 INFO tempest.lib.common.rest_client [req-5f788487-36e0-4dff-9f9c-aa7a5a737022 req-5f788487-36e0-4dff-9f9c-aa7a5a737022 ] Request (FloatingIPsNegativeTestJSON:setUpClass): 201 POST http://10.180.1.21/networking/v2.0/networks 0.283s
2025-11-14 09:13:22.553 65705 INFO tempest.lib.common.rest_client [req-8b8aebce-51e3-46d0-b69c-e0ba88e148b9 req-8b8aebce-51e3-46d0-b69c-e0ba88e148b9 ] Request (FloatingIPsNegativeTestJSON:setUpClass): 201 POST http://10.180.1.21/networking/v2.0/subnets 0.226s
2025-11-14 09:13:22.554 65691 INFO tempest.lib.common.rest_client [req-3d34a8c3-c65d-48fc-bc50-a76aa76b94d8 req-3d34a8c3-c65d-48fc-bc50-a76aa76b94d8 ] Request (FlavorsV2TestJSON:test_list_flavors_detailed_limit_results): 200 GET http://10.180.1.21/compute/v2.1/flavors/detail?limit=1 0.691s
2025-11-14 09:13:22.642 65683 INFO tempest.lib.common.rest_client [req-3a61f81f-ec7e-4517-a5fe-f055f6838379 req-3a61f81f-ec7e-4517-a5fe-f055f6838379 ] Request (ServerTagsTestJSON:tearDownClass): 200 GET http://10.180.1.21/compute/v2.1/servers/4925f314-6b60-4a7a-ac45-8ac8a9a059f6 0.695s
2025-11-14 09:13:22.702 65707 WARNING tempest.lib.common.ssh [-] Failed to establish authenticated ssh connection to cirros@10.180.180.250 ([Errno None] Unable to connect to port 22 on 10.180.180.250). Number attempts: 6. Retry after 7 seconds.: paramiko.ssh_exception.NoValidConnectionsError: [Errno None] Unable to connect to port 22 on 10.180.180.250
2025-11-14 09:13:22.721 65701 INFO tempest.lib.common.rest_client [req-6c67f621-c3c7-4c04-ad65-d80bbcfb2033 req-6c67f621-c3c7-4c04-ad65-d80bbcfb2033 ] Request (ImagesTestJSON:test_create_image_from_suspended_server): 202 POST http://10.180.1.21/compute/v2.1/servers/1162b4c4-0d10-444c-b72f-ef5051b6bc5b/action 1.196s
2025-11-14 09:13:22.774 65669 INFO tempest.lib.common.rest_client [req-f11cbea9-d20f-4876-9ab6-cda3c22b9952 req-f11cbea9-d20f-4876-9ab6-cda3c22b9952 ] Request (ServersAdminTestJSON:test_list_servers_filter_by_exist_host): 200 GET http://10.180.1.21/compute/v2.1/servers?host=cpu-1&all_tenants=1 0.780s
2025-11-14 09:13:22.836 65697 INFO tempest.lib.common.rest_client [req-a281e849-27a3-46ab-a3a2-1cbd61973dbd req-a281e849-27a3-46ab-a3a2-1cbd61973dbd ] Request (ServerShowV247Test:tearDownClass): 200 GET http://10.180.1.21/compute/v2.1/servers/14930653-ba99-4253-a226-9e9f18ebb1e2 0.623s
2025-11-14 09:13:22.866 65717 INFO tempest.lib.common.rest_client [req-64233562-6908-42f2-bde2-46c749f53252 req-64233562-6908-42f2-bde2-46c749f53252 ] Request (AttachVolumeShelveTestJSON:test_attach_volume_shelved_or_offload_server): 200 GET http://10.180.1.21/compute/v2.1/servers/242c60e5-0ad8-42c7-b47c-846bf5b7001f 0.751s
2025-11-14 09:13:22.896 65715 INFO tempest.lib.common.rest_client [req-ff9a3909-91b9-4b12-9258-f09cba202353 req-ff9a3909-91b9-4b12-9258-f09cba202353 ] Request (DeleteServersTestJSON:test_delete_active_server): 200 GET http://10.180.1.21/compute/v2.1/servers/49b4868e-8f93-4b46-8156-092b779ba577 0.644s
2025-11-14 09:13:22.939 65673 INFO tempest.lib.common.rest_client [req-8fc287f9-4bef-42fa-9336-72dba7754acb req-8fc287f9-4bef-42fa-9336-72dba7754acb ] Request (SecurityGroupsTestJSON:test_server_security_groups): 200 GET http://10.180.1.21/compute/v2.1/servers/8ddd4b00-c804-4c11-a462-86cd44c11636 0.651s
2025-11-14 09:13:22.955 65691 INFO tempest.lib.common.rest_client [req-445a0d1f-9b04-4ff4-ad47-59cd16815b6d req-445a0d1f-9b04-4ff4-ad47-59cd16815b6d ] Request (FlavorsV2TestJSON:test_list_flavors_detailed_using_marker): 200 GET http://10.180.1.21/compute/v2.1/flavors/42 0.396s
2025-11-14 09:13:22.989 65685 INFO tempest.lib.common.rest_client [req-3b0501ab-c9ac-4443-88a5-219a6bf4457b req-3b0501ab-c9ac-4443-88a5-219a6bf4457b ] Request (VolumesAssistedSnapshotsTest:tearDownClass): 200 GET http://10.180.1.21/compute/v2.1/servers/33c36f11-33f3-4642-a367-c26cceac7fa9 0.657s
2025-11-14 09:13:23.102 65687 INFO tempest.lib.common.rest_client [req-a2b9ac0c-757d-4ab6-b6ee-62b668fd9a90 req-a2b9ac0c-757d-4ab6-b6ee-62b668fd9a90 ] Request (ServerDiskConfigTestJSON:test_rebuild_server_with_manual_disk_config): 200 GET http://10.180.1.21/compute/v2.1/servers/bb529f7e-5d01-4d34-902a-41f63dd50aff 0.506s
2025-11-14 09:13:23.109 65687 INFO tempest.common.waiters [-] State transition "REBUILD/rebuilding" ==> "REBUILD/rebuild_block_device_mapping" after 4 second wait
2025-11-14 09:13:23.117 65699 INFO tempest.lib.common.rest_client [req-7af101bc-40b4-457d-a37a-0c8accb6f616 req-7af101bc-40b4-457d-a37a-0c8accb6f616 ] Request (InstanceActionsNegativeTestJSON:tearDownClass): 200 GET http://10.180.1.21/compute/v2.1/servers/e017c3fe-d5f2-48b5-9c6e-1460aaadbad4 0.499s
2025-11-14 09:13:23.199 65711 INFO tempest.lib.common.rest_client [req-67bbbe59-3808-4f65-bbff-2baf5d47dd1d req-67bbbe59-3808-4f65-bbff-2baf5d47dd1d ] Request (ServerDiagnosticsV248Test:tearDownClass): 200 GET http://10.180.1.21/compute/v2.1/servers/4a5509bf-4263-4d86-bafd-ed9ee48ec64d 0.523s
2025-11-14 09:13:23.210 65704 INFO tempest.lib.common.rest_client [req-b200324b-03fa-4065-ae92-662c6af3b408 req-b200324b-03fa-4065-ae92-662c6af3b408 ] Request (ServersTestFqdnHostnames:test_create_server_with_fqdn_name): 200 GET http://10.180.1.21/compute/v2.1/servers/f4354dec-ba6a-4809-8bb8-5335ef4fc3a9 0.509s
2025-11-14 09:13:23.221 65704 INFO tempest.common.waiters [-] State transition "BUILD/None" ==> "BUILD/networking" after 34 second wait
2025-11-14 09:13:23.247 65701 INFO tempest.lib.common.rest_client [req-b3cf9f3f-2d26-4338-bab4-352be0bdf72b req-b3cf9f3f-2d26-4338-bab4-352be0bdf72b ] Request (ImagesTestJSON:test_create_image_from_suspended_server): 200 GET http://10.180.1.21/compute/v2.1/images/beaef956-88fe-4ee1-963d-5f916c790584 0.524s
2025-11-14 09:13:23.304 65669 INFO tempest.lib.common.rest_client [req-74966b73-bbb0-4cad-9552-e1cc8052b5d5 req-74966b73-bbb0-4cad-9552-e1cc8052b5d5 ] Request (ServersAdminTestJSON:test_list_servers_filter_by_exist_host): 200 GET http://10.180.1.21/compute/v2.1/servers?host=nonexistent_host&all_tenants=1 0.525s
2025-11-14 09:13:23.304 65671 INFO tempest.lib.common.rest_client [req-41eb2aab-e166-4b4a-a909-0426122616a3 req-41eb2aab-e166-4b4a-a909-0426122616a3 ] Request (ServerGroupTestJSON:test_create_server_with_scheduler_hint_group): 200 GET http://10.180.1.21/compute/v2.1/servers/b2c8498a-128e-40af-a503-2f22e1b9b9a3 0.547s
2025-11-14 09:13:23.349 65705 INFO tempest.lib.common.rest_client [req-d6b495e1-8345-44a5-856c-1821a67e064f req-d6b495e1-8345-44a5-856c-1821a67e064f ] Request (FloatingIPsNegativeTestJSON:setUpClass): 201 POST http://10.180.1.21/networking/v2.0/routers 0.795s
2025-11-14 09:13:23.413 65719 INFO tempest.lib.common.rest_client [req-0624c616-7926-4f39-821b-96c9a4e73380 req-0624c616-7926-4f39-821b-96c9a4e73380 ] Request (ListServersNegativeTestJSON:tearDownClass): 200 GET http://10.180.1.21/compute/v2.1/servers/70ef6cde-0637-455b-ae0f-f1acf540a0e4 0.587s
2025-11-14 09:13:23.442 65709 INFO tempest.lib.common.rest_client [req-379e0781-6f5e-4e1f-ba8b-9714fe898420 req-379e0781-6f5e-4e1f-ba8b-9714fe898420 ] Request (AttachInterfacesTestJSON:test_create_list_show_delete_interfaces_by_fixed_ip): 200 GET http://10.180.1.21/compute/v2.1/servers/ee26ef56-78c7-42ab-a032-6832a53071c9 0.663s
2025-11-14 09:13:23.478 65721 INFO tempest.lib.common.rest_client [req-3fa2d84f-872f-4c39-99f1-98bcd9eb72c7 req-3fa2d84f-872f-4c39-99f1-98bcd9eb72c7 ] Request (AttachInterfacesUnderV243Test:test_add_remove_fixed_ip): 200 GET http://10.180.1.21/compute/v2.1/servers/4d239bf8-b3d6-4d50-83c9-5794c0f706e6/ips 0.630s
2025-11-14 09:13:23.489 65727 INFO tempest.lib.common.rest_client [req-fccb92e9-35fe-4b65-a16b-bcf3d02392a1 req-fccb92e9-35fe-4b65-a16b-bcf3d02392a1 ] Request (ImagesOneServerNegativeTestJSON:_run_cleanups): 200 GET http://10.180.1.21/compute/v2.1/servers/99b0b92f-45c3-41fe-938d-6ab1c384e6c5 0.649s
2025-11-14 09:13:23.534 65691 INFO tempest.lib.common.rest_client [req-74dd5442-0d23-43f9-8c77-a4bb6b45bbec req-74dd5442-0d23-43f9-8c77-a4bb6b45bbec ] Request (FlavorsV2TestJSON:test_list_flavors_detailed_using_marker): 200 GET http://10.180.1.21/compute/v2.1/flavors/detail?marker=42 0.576s
2025-11-14 09:13:23.545 65725 INFO tempest.lib.common.rest_client [req-5eabc977-d621-4e04-a497-455e5f8de903 req-5eabc977-d621-4e04-a497-455e5f8de903 ] Request (ServersAdminNegativeTestJSON:tearDownClass): 200 GET http://10.180.1.21/compute/v2.1/servers/29056f1d-5a82-48a3-8e84-0110b328855a 0.616s
