2025-11-14 09:13:23.590 65667 INFO tempest.lib.common.rest_client [req-236b7822-228f-4f8b-96f8-1abbc49cfd23 req-236b7822-228f-4f8b-96f8-1abbc49cfd23 ] Request (VolumesAdminNegativeTest:test_update_attached_volume_with_nonexistent_volume_in_uri): 200 GET http://10.180.1.21/compute/v2.1/servers/595b764d-315b-4895-90b5-34a34410b033 0.611s
2025-11-14 09:13:23.618 65675 INFO tempest.lib.common.rest_client [req-f0659ec9-31db-4872-ab04-c6e8e00a0f80 req-f0659ec9-31db-4872-ab04-c6e8e00a0f80 ] Request (ListServerFiltersTestJSON:tearDownClass): 200 GET http://10.180.1.21/compute/v2.1/servers/c6449f49-e1a0-4c46-b5da-1f5d974680b4 0.582s
2025-11-14 09:13:23.681 65689 INFO tempest.lib.common.rest_client [req-fae01f97-d8b3-42aa-87d5-5ae592cc64a0 req-fae01f97-d8b3-42aa-87d5-5ae592cc64a0 ] Request (FloatingIPsAssociationTestJSON:tearDownClass): 200 GET http://10.180.1.21/compute/v2.1/servers/54c28c84-5f37-4c63-a827-6b25ff087401 0.616s
2025-11-14 09:13:23.698 65681 INFO tempest.lib.common.rest_client [req-98f67a3a-45cb-405b-9e20-0f2007a02193 req-98f67a3a-45cb-405b-9e20-0f2007a02193 ] Request (MigrationsAdminTest:test_resize_server_revert_deleted_flavor): 200 GET http://10.180.1.21/compute/v2.1/servers/abd1eefc-d2b6-47f5-a2a5-d538deb761f4 0.603s
2025-11-14 09:13:23.746 65677 INFO tempest.lib.common.rest_client [req-dddc8af8-ffff-4eab-a1d7-003e680b14a8 req-dddc8af8-ffff-4eab-a1d7-003e680b14a8 ] Request (ImagesNegativeTestJSON:test_create_image_from_deleted_server): 200 GET http://10.180.1.21/compute/v2.1/servers/5ed9ef5b-376d-4e91-a163-b284d8e73492 0.610s
2025-11-14 09:13:23.765 65695 INFO tempest.lib.common.rest_client [req-e25363e9-4a06-4419-a6a4-80aafa8e1eca req-e25363e9-4a06-4419-a6a4-80aafa8e1eca ] Request (AttachVolumeNegativeTest:test_attach_attached_volume_to_different_server): 200 GET http://10.180.1.21/compute/v2.1/servers/b9036839-d3bd-4f09-9424-94609c90dc6b 0.546s
2025-11-14 09:13:23.827 65669 INFO tempest.lib.common.rest_client [req-36466100-8453-4220-b8fd-cdf0c7fd3700 req-36466100-8453-4220-b8fd-cdf0c7fd3700 ] Request (ServersAdminTestJSON:test_rebuild_server_in_error_state): 202 POST http://10.180.1.21/compute/v2.1/servers/f13a71e0-9a1e-4d4a-bbc5-990ec30db5f4/action 0.517s
2025-11-14 09:13:24.268 65705 INFO tempest.lib.common.rest_client [req-2bb69c1a-7d2a-469a-8139-87cd65e948fd req-2bb69c1a-7d2a-469a-8139-87cd65e948fd ] Request (FloatingIPsNegativeTestJSON:setUpClass): 200 PUT http://10.180.1.21/networking/v2.0/routers/68e5389d-50b3-454e-9c8b-51583a527f5f/add_router_interface 0.919s
2025-11-14 09:13:24.268 65705 INFO tempest.lib.common.dynamic_creds [-] Created isolated network resources for: credentials: Credentials: {'domain_id': 'default', 'domain_name': 'Default', 'username': 'tempest-FloatingIPsNegativeTestJSON-2009984898-project-member', 'project_domain_id': 'default', 'project_domain_name': 'Default', 'project_id': '4a7b58dd2f7c47b9bc52a51489dc8d06', 'project_name': 'tempest-FloatingIPsNegativeTestJSON-2009984898', 'tenant_id': '4a7b58dd2f7c47b9bc52a51489dc8d06', 'tenant_name': 'tempest-FloatingIPsNegativeTestJSON-2009984898', 'user_domain_id': 'default', 'user_domain_name': 'Default', 'user_id': 'c7805c6e5e3c4fc8ab9de180f687ee59', 'system': None}, Network: {'id': '2707426b-6bb0-4e67-8d10-55d4b0be145d', 'name': 'tempest-FloatingIPsNegativeTestJSON-283641161-network', 'tenant_id': '4a7b58dd2f7c47b9bc52a51489dc8d06', 'project_id': '4a7b58dd2f7c47b9bc52a51489dc8d06', 'admin_state_up': True, 'mtu': 8950, 'status': 'ACTIVE', 'subnets': [], 'shared': False, 'port_security_enabled': True, 'router:external': False, 'provider:network_type': 'vlan', 'provider:physical_network': 'default', 'provider:segmentation_id': 679, 'availability_zone_hints': [], 'availability_zones': [], 'ipv4_address_scope': None, 'ipv6_address_scope': None, 'description': '', 'tags': [], 'created_at': '2025-11-14T09:13:22Z', 'updated_at': '2025-11-14T09:13:22Z', 'revision_number': 1}, Subnet: {'id': '6944582c-4923-4e39-a8c3-238c47a45052', 'name': 'tempest-FloatingIPsNegativeTestJSON-283641161-subnet', 'tenant_id': '4a7b58dd2f7c47b9bc52a51489dc8d06', 'network_id': '2707426b-6bb0-4e67-8d10-55d4b0be145d', 'ip_version': 4, 'subnetpool_id': None, 'enable_dhcp': True, 'ipv6_ra_mode': None, 'ipv6_address_mode': None, 'gateway_ip': '192.168.128.1', 'cidr': '192.168.128.0/28', 'allocation_pools': [{'start': '192.168.128.2', 'end': '192.168.128.14'}], 'host_routes': [], 'dns_nameservers': [], 'description': '', 'router:external': False, 'service_types': [], 'tags': [], 'created_at': '2025-11-14T09:13:22Z', 'updated_at': '2025-11-14T09:13:22Z', 'revision_number': 0, 'project_id': '4a7b58dd2f7c47b9bc52a51489dc8d06'}, Router: {'id': '68e5389d-50b3-454e-9c8b-51583a527f5f', 'name': 'tempest-FloatingIPsNegativeTestJSON-283641161-router', 'tenant_id': '4a7b58dd2f7c47b9bc52a51489dc8d06', 'admin_state_up': True, 'status': 'ACTIVE', 'external_gateway_info': {'network_id': 'ca56134f-e606-42de-acf4-6df8286ce4b7', 'external_fixed_ips': [{'subnet_id': '8bf9d0de-6a7c-4f35-b438-d331c47420c6', 'ip_address': '10.180.180.225'}], 'enable_snat': True}, 'description': '', 'availability_zones': [], 'distributed': False, 'ha': False, 'availability_zone_hints': [], 'routes': [], 'flavor_id': None, 'tags': [], 'created_at': '2025-11-14T09:13:22Z', 'updated_at': '2025-11-14T09:13:23Z', 'revision_number': 2, 'project_id': '4a7b58dd2f7c47b9bc52a51489dc8d06'}
2025-11-14 09:13:24.310 65723 INFO tempest.lib.common.rest_client [req-c55cf857-b60e-41e5-b945-8c026df853c2 req-c55cf857-b60e-41e5-b945-8c026df853c2 ] Request (ServerActionsV293TestJSON:setUpClass): 200 GET http://10.180.1.21/compute/v2.1/servers/0120ce13-f669-4233-a761-e885d8bb0348 1.052s
2025-11-14 09:13:24.326 65721 INFO tempest.lib.common.rest_client [req-c3f22d7c-1cac-4b45-b8b6-c4da7bd871a9 req-c3f22d7c-1cac-4b45-b8b6-c4da7bd871a9 ] Request (AttachInterfacesUnderV243Test:test_add_remove_fixed_ip): 200 GET http://10.180.1.21/compute/v2.1/servers/4d239bf8-b3d6-4d50-83c9-5794c0f706e6 0.842s
2025-11-14 09:13:24.328 65691 INFO tempest.lib.common.rest_client [req-5733e288-0630-40b2-9c1a-6a5d7b6ed898 req-5733e288-0630-40b2-9c1a-6a5d7b6ed898 ] Request (FlavorsV2TestJSON:test_list_flavors_filter_by_min_disk): 200 GET http://10.180.1.21/compute/v2.1/flavors/42 0.788s
2025-11-14 09:13:24.367 65705 INFO tempest.lib.common.rest_client [req-b24a2b74-5665-4e23-b15e-396c17de63da req-b24a2b74-5665-4e23-b15e-396c17de63da ] Request (FloatingIPsNegativeTestJSON:setUpClass): 201 POST http://10.180.1.21/identity/v3/auth/tokens 0.093s
2025-11-14 09:13:24.420 65683 INFO tempest.lib.common.rest_client [req-ffc3ecde-277a-45d7-9c29-43cce451eb5a req-ffc3ecde-277a-45d7-9c29-43cce451eb5a ] Request (ServerTagsTestJSON:tearDownClass): 200 GET http://10.180.1.21/compute/v2.1/servers/4925f314-6b60-4a7a-ac45-8ac8a9a059f6 0.769s
2025-11-14 09:13:24.509 65697 INFO tempest.lib.common.rest_client [req-1abe503d-8498-40a5-b3cf-fd34f5b57830 req-1abe503d-8498-40a5-b3cf-fd34f5b57830 ] Request (ServerShowV247Test:tearDownClass): 200 GET http://10.180.1.21/compute/v2.1/servers/14930653-ba99-4253-a226-9e9f18ebb1e2 0.662s
2025-11-14 09:13:24.524 65697 INFO tempest.common.waiters [-] State transition "ACTIVE/deleting" ==> "DELETED/None" after 5 second wait
2025-11-14 09:13:24.529 65669 INFO tempest.lib.common.rest_client [req-a843fb0a-e76e-45f2-b38c-3041a3a09690 req-a843fb0a-e76e-45f2-b38c-3041a3a09690 ] Request (ServersAdminTestJSON:test_rebuild_server_in_error_state): 202 POST http://10.180.1.21/compute/v2.1/servers/f13a71e0-9a1e-4d4a-bbc5-990ec30db5f4/action 0.702s
2025-11-14 09:13:24.608 65715 INFO tempest.lib.common.rest_client [req-dd7a0c4b-0f87-491e-8b34-5a486ff41c8b req-dd7a0c4b-0f87-491e-8b34-5a486ff41c8b ] Request (DeleteServersTestJSON:test_delete_active_server): 200 GET http://10.180.1.21/compute/v2.1/servers/49b4868e-8f93-4b46-8156-092b779ba577 0.703s
2025-11-14 09:13:24.633 65717 INFO tempest.lib.common.rest_client [req-b67ffba7-4445-42ea-b345-ed9755b26f1c req-b67ffba7-4445-42ea-b345-ed9755b26f1c ] Request (AttachVolumeShelveTestJSON:test_attach_volume_shelved_or_offload_server): 200 GET http://10.180.1.21/compute/v2.1/servers/242c60e5-0ad8-42c7-b47c-846bf5b7001f 0.755s
2025-11-14 09:13:24.656 65673 INFO tempest.lib.common.rest_client [req-ff38051d-ca63-4433-b0ee-97f0a99302ba req-ff38051d-ca63-4433-b0ee-97f0a99302ba ] Request (SecurityGroupsTestJSON:test_server_security_groups): 200 GET http://10.180.1.21/compute/v2.1/servers/8ddd4b00-c804-4c11-a462-86cd44c11636 0.706s
2025-11-14 09:13:24.691 65685 INFO tempest.lib.common.rest_client [req-f33424b0-1594-417f-a624-8dac3ad1eb0c req-f33424b0-1594-417f-a624-8dac3ad1eb0c ] Request (VolumesAssistedSnapshotsTest:tearDownClass): 200 GET http://10.180.1.21/compute/v2.1/servers/33c36f11-33f3-4642-a367-c26cceac7fa9 0.690s
2025-11-14 09:13:24.773 65699 INFO tempest.lib.common.rest_client [req-c7674627-c1ec-44d5-8349-f2767556b344 req-c7674627-c1ec-44d5-8349-f2767556b344 ] Request (InstanceActionsNegativeTestJSON:tearDownClass): 200 GET http://10.180.1.21/compute/v2.1/servers/e017c3fe-d5f2-48b5-9c6e-1460aaadbad4 0.642s
2025-11-14 09:13:24.800 65687 INFO tempest.lib.common.rest_client [req-c2accd9e-9029-41da-84df-b4546f10b00f req-c2accd9e-9029-41da-84df-b4546f10b00f ] Request (ServerDiskConfigTestJSON:test_rebuild_server_with_manual_disk_config): 200 GET http://10.180.1.21/compute/v2.1/servers/bb529f7e-5d01-4d34-902a-41f63dd50aff 0.690s
2025-11-14 09:13:24.807 65687 INFO tempest.common.waiters [-] State transition "REBUILD/rebuild_block_device_mapping" ==> "REBUILD/rebuild_spawning" after 5 second wait
2025-11-14 09:13:24.848 65711 INFO tempest.lib.common.rest_client [req-5eb043b4-a0d3-443f-9119-b7eeaf5cecea req-5eb043b4-a0d3-443f-9119-b7eeaf5cecea ] Request (ServerDiagnosticsV248Test:tearDownClass): 200 GET http://10.180.1.21/compute/v2.1/servers/4a5509bf-4263-4d86-bafd-ed9ee48ec64d 0.635s
2025-11-14 09:13:24.884 65701 INFO tempest.lib.common.rest_client [req-fb3f84d8-a644-41fc-a604-c191034489f3 req-fb3f84d8-a644-41fc-a604-c191034489f3 ] Request (ImagesTestJSON:test_create_image_from_suspended_server): 200 GET http://10.180.1.21/compute/v2.1/images/beaef956-88fe-4ee1-963d-5f916c790584 0.630s
2025-11-14 09:13:24.944 65704 INFO tempest.lib.common.rest_client [req-d671bc08-68c4-484b-8f06-b2b402e510f8 req-d671bc08-68c4-484b-8f06-b2b402e510f8 ] Request (ServersTestFqdnHostnames:test_create_server_with_fqdn_name): 200 GET http://10.180.1.21/compute/v2.1/servers/f4354dec-ba6a-4809-8bb8-5335ef4fc3a9 0.721s
2025-11-14 09:13:24.952 65704 INFO tempest.common.waiters [-] State transition "BUILD/networking" ==> "BUILD/spawning" after 35 second wait
2025-11-14 09:13:24.954 65671 INFO tempest.lib.common.rest_client [req-fa10bafd-49e2-4896-b827-a621b563a1ba req-fa10bafd-49e2-4896-b827-a621b563a1ba ] Request (ServerGroupTestJSON:test_create_server_with_scheduler_hint_group): 200 GET http://10.180.1.21/compute/v2.1/servers/b2c8498a-128e-40af-a503-2f22e1b9b9a3 0.641s
2025-11-14 09:13:24.964 65691 INFO tempest.lib.common.rest_client [req-06da9c3a-9399-451a-81de-9d8f806ab6ff req-06da9c3a-9399-451a-81de-9d8f806ab6ff ] Request (FlavorsV2TestJSON:test_list_flavors_filter_by_min_disk): 200 GET http://10.180.1.21/compute/v2.1/flavors?minDisk=2 0.634s
2025-11-14 09:13:24.987 65721 INFO tempest.lib.common.rest_client [req-ab43f193-6d5c-4731-9174-c7db4125c1cd req-ab43f193-6d5c-4731-9174-c7db4125c1cd ] Request (AttachInterfacesUnderV243Test:test_add_remove_fixed_ip): 202 POST http://10.180.1.21/compute/v2.1/servers/4d239bf8-b3d6-4d50-83c9-5794c0f706e6/action 0.653s
2025-11-14 09:13:25.026 65665 WARNING tempest.lib.common.ssh [-] Failed to establish authenticated ssh connection to cirros@10.180.180.224 ([Errno None] Unable to connect to port 22 on 10.180.180.224). Number attempts: 8. Retry after 9 seconds.: paramiko.ssh_exception.NoValidConnectionsError: [Errno None] Unable to connect to port 22 on 10.180.180.224
2025-11-14 09:13:25.043 65719 INFO tempest.lib.common.rest_client [req-fd077db6-b1c2-4556-a8fe-d523503d8758 req-fd077db6-b1c2-4556-a8fe-d523503d8758 ] Request (ListServersNegativeTestJSON:tearDownClass): 200 GET http://10.180.1.21/compute/v2.1/servers/70ef6cde-0637-455b-ae0f-f1acf540a0e4 0.623s
2025-11-14 09:13:25.065 65705 INFO tempest.lib.common.rest_client [req-2ab312c4-cb69-42e4-87ba-921cd8ffe014 req-2ab312c4-cb69-42e4-87ba-921cd8ffe014 ] Request (FloatingIPsNegativeTestJSON:setUpClass): 200 GET http://10.180.1.21/compute/v2.1/os-floating-ips 0.697s
2025-11-14 09:13:25.164 65727 INFO tempest.lib.common.rest_client [req-e9e40716-1fb0-439a-8579-545f8a2fa58a req-e9e40716-1fb0-439a-8579-545f8a2fa58a ] Request (ImagesOneServerNegativeTestJSON:_run_cleanups): 200 GET http://10.180.1.21/compute/v2.1/servers/99b0b92f-45c3-41fe-938d-6ab1c384e6c5 0.667s
2025-11-14 09:13:25.190 65709 INFO tempest.lib.common.rest_client [req-9cb2d7e4-c171-4c5e-82ac-665df3ad69f9 req-9cb2d7e4-c171-4c5e-82ac-665df3ad69f9 ] Request (AttachInterfacesTestJSON:test_create_list_show_delete_interfaces_by_fixed_ip): 200 GET http://10.180.1.21/compute/v2.1/servers/ee26ef56-78c7-42ab-a032-6832a53071c9 0.738s
2025-11-14 09:13:25.197 65709 INFO tempest.common.waiters [-] State transition "BUILD/spawning" ==> "ACTIVE/None" after 44 second wait
2025-11-14 09:13:25.288 65725 INFO tempest.lib.common.rest_client [req-9bfd84a7-3861-425c-b950-8b4c61308d3e req-9bfd84a7-3861-425c-b950-8b4c61308d3e ] Request (ServersAdminNegativeTestJSON:tearDownClass): 200 GET http://10.180.1.21/compute/v2.1/servers/29056f1d-5a82-48a3-8e84-0110b328855a 0.734s
2025-11-14 09:13:25.312 65669 INFO tempest.lib.common.rest_client [req-f619d7ab-a85e-4035-b2f7-18f17fc5e052 req-f619d7ab-a85e-4035-b2f7-18f17fc5e052 ] Request (ServersAdminTestJSON:test_rebuild_server_in_error_state): 200 GET http://10.180.1.21/compute/v2.1/servers/f13a71e0-9a1e-4d4a-bbc5-990ec30db5f4 0.776s
2025-11-14 09:13:25.339 65667 INFO tempest.lib.common.rest_client [req-596639a2-9584-4b9b-a7e1-83e8346f48c1 req-596639a2-9584-4b9b-a7e1-83e8346f48c1 ] Request (VolumesAdminNegativeTest:test_update_attached_volume_with_nonexistent_volume_in_uri): 200 GET http://10.180.1.21/compute/v2.1/servers/595b764d-315b-4895-90b5-34a34410b033 0.740s
2025-11-14 09:13:25.372 65675 INFO tempest.lib.common.rest_client [req-1b22eb8a-409d-4af0-9bad-84150b615a9a req-1b22eb8a-409d-4af0-9bad-84150b615a9a ] Request (ListServerFiltersTestJSON:tearDownClass): 200 GET http://10.180.1.21/compute/v2.1/servers/c6449f49-e1a0-4c46-b5da-1f5d974680b4 0.742s
2025-11-14 09:13:25.399 65689 INFO tempest.lib.common.rest_client [req-e5d9f157-4350-4d16-a27d-db8e3bdab050 req-e5d9f157-4350-4d16-a27d-db8e3bdab050 ] Request (FloatingIPsAssociationTestJSON:tearDownClass): 200 GET http://10.180.1.21/compute/v2.1/servers/54c28c84-5f37-4c63-a827-6b25ff087401 0.702s
2025-11-14 09:13:25.427 65681 INFO tempest.lib.common.rest_client [req-8d4af81e-3f5d-42d3-9877-ab79efc8c43d req-8d4af81e-3f5d-42d3-9877-ab79efc8c43d ] Request (MigrationsAdminTest:test_resize_server_revert_deleted_flavor): 200 GET http://10.180.1.21/compute/v2.1/servers/abd1eefc-d2b6-47f5-a2a5-d538deb761f4 0.715s
2025-11-14 09:13:25.451 65677 INFO tempest.lib.common.rest_client [req-61bd0877-4d41-4278-a9fb-6be1ca7b19a6 req-61bd0877-4d41-4278-a9fb-6be1ca7b19a6 ] Request (ImagesNegativeTestJSON:test_create_image_from_deleted_server): 200 GET http://10.180.1.21/compute/v2.1/servers/5ed9ef5b-376d-4e91-a163-b284d8e73492 0.694s
2025-11-14 09:13:25.467 65691 INFO tempest.lib.common.rest_client [req-6c005416-9c2b-4563-9f07-8a85fd4d05dc req-6c005416-9c2b-4563-9f07-8a85fd4d05dc ] Request (FlavorsV2TestJSON:test_list_flavors_filter_by_min_ram): 200 GET http://10.180.1.21/compute/v2.1/flavors/42 0.498s
2025-11-14 09:13:25.484 65695 INFO tempest.lib.common.rest_client [req-4837ee90-0ba4-4881-a36f-617de73a5891 req-4837ee90-0ba4-4881-a36f-617de73a5891 ] Request (AttachVolumeNegativeTest:test_attach_attached_volume_to_different_server): 200 GET http://10.180.1.21/compute/v2.1/servers/b9036839-d3bd-4f09-9424-94609c90dc6b 0.705s
2025-11-14 09:13:25.508 65721 INFO tempest.lib.common.rest_client [req-ff2c6223-f260-48d0-88f6-7e9b7a55630e req-ff2c6223-f260-48d0-88f6-7e9b7a55630e ] Request (AttachInterfacesUnderV243Test:test_add_remove_fixed_ip): 200 GET http://10.180.1.21/compute/v2.1/servers/4d239bf8-b3d6-4d50-83c9-5794c0f706e6/ips 0.521s
2025-11-14 09:13:25.508 65705 INFO tempest.lib.common.rest_client [req-4285d18e-1eff-496b-9cc9-c03c4f7dbc6d req-4285d18e-1eff-496b-9cc9-c03c4f7dbc6d ] Request (FloatingIPsNegativeTestJSON:test_allocate_floating_ip_from_nonexistent_pool): 404 POST http://10.180.1.21/compute/v2.1/os-floating-ips 0.440s
2025-11-14 09:13:25.991 65709 INFO tempest.lib.common.rest_client [req-0aef0342-7c62-4e12-8bb6-0d12c75e1c60 req-0aef0342-7c62-4e12-8bb6-0d12c75e1c60 ] Request (AttachInterfacesTestJSON:test_create_list_show_delete_interfaces_by_fixed_ip): 200 GET http://10.180.1.21/compute/v2.1/servers/ee26ef56-78c7-42ab-a032-6832a53071c9/os-interface 0.793s
2025-11-14 09:13:26.097 65723 INFO tempest.lib.common.rest_client [req-e1717f97-b2ad-400c-97bf-bae0523fb0d8 req-e1717f97-b2ad-400c-97bf-bae0523fb0d8 ] Request (ServerActionsV293TestJSON:setUpClass): 200 GET http://10.180.1.21/compute/v2.1/servers/0120ce13-f669-4233-a761-e885d8bb0348 0.773s
2025-11-14 09:13:26.106 65683 INFO tempest.lib.common.rest_client [req-3d7efebf-044a-4c79-bd62-89e1d821318b req-3d7efebf-044a-4c79-bd62-89e1d821318b ] Request (ServerTagsTestJSON:tearDownClass): 200 GET http://10.180.1.21/compute/v2.1/servers/4925f314-6b60-4a7a-ac45-8ac8a9a059f6 0.675s
2025-11-14 09:13:26.111 65723 INFO tempest.common.waiters [-] State transition "BUILD/spawning" ==> "ACTIVE/None" after 38 second wait
2025-11-14 09:13:26.135 65691 INFO tempest.lib.common.rest_client [req-0440d76b-8c34-42af-a24c-b7b5c41eb2a8 req-0440d76b-8c34-42af-a24c-b7b5c41eb2a8 ] Request (FlavorsV2TestJSON:test_list_flavors_filter_by_min_ram): 200 GET http://10.180.1.21/compute/v2.1/flavors?minRam=193 0.666s
2025-11-14 09:13:26.432 65705 INFO tempest.lib.common.rest_client [req-7c7e0f39-8778-4c16-9e68-caae1b8fc2e7 req-7c7e0f39-8778-4c16-9e68-caae1b8fc2e7 ] Request (FloatingIPsNegativeTestJSON:test_delete_nonexistent_floating_ip): 404 DELETE http://10.180.1.21/compute/v2.1/os-floating-ips/3be12b2e-5be9-4963-8552-d27b0b23d272 0.922s
2025-11-14 09:13:26.458 65697 INFO tempest.lib.common.rest_client [req-bec4f043-bb3a-45e3-8ad2-af60e1909863 req-bec4f043-bb3a-45e3-8ad2-af60e1909863 ] Request (ServerShowV247Test:tearDownClass): 200 GET http://10.180.1.21/compute/v2.1/servers/14930653-ba99-4253-a226-9e9f18ebb1e2 0.933s
2025-11-14 09:13:26.626 65709 INFO tempest.lib.common.rest_client [req-f47f73df-949b-4f6b-b844-ef409479e0f5 req-f47f73df-949b-4f6b-b844-ef409479e0f5 ] Request (AttachInterfacesTestJSON:test_create_list_show_delete_interfaces_by_fixed_ip): 200 PUT http://10.180.1.21/networking/v2.0/floatingips/8f93ce19-b1f3-46fa-824f-9c7b2d700ed9 0.631s
2025-11-14 09:13:26.649 65715 INFO tempest.lib.common.rest_client [req-1b4f9c19-3c8c-45b4-b730-0a63c0a3ae25 req-1b4f9c19-3c8c-45b4-b730-0a63c0a3ae25 ] Request (DeleteServersTestJSON:test_delete_active_server): 200 GET http://10.180.1.21/compute/v2.1/servers/49b4868e-8f93-4b46-8156-092b779ba577 1.033s
2025-11-14 09:13:26.728 65673 INFO tempest.lib.common.rest_client [req-ff54ed55-b531-4579-b04b-58122785d6d2 req-ff54ed55-b531-4579-b04b-58122785d6d2 ] Request (SecurityGroupsTestJSON:test_server_security_groups): 200 GET http://10.180.1.21/compute/v2.1/servers/8ddd4b00-c804-4c11-a462-86cd44c11636 1.064s
2025-11-14 09:13:26.756 65717 INFO tempest.lib.common.rest_client [req-9bf9b470-7f09-454c-9080-79d9b7276613 req-9bf9b470-7f09-454c-9080-79d9b7276613 ] Request (AttachVolumeShelveTestJSON:test_attach_volume_shelved_or_offload_server): 200 GET http://10.180.1.21/compute/v2.1/servers/242c60e5-0ad8-42c7-b47c-846bf5b7001f 1.114s
2025-11-14 09:13:26.797 65685 INFO tempest.lib.common.rest_client [req-99df83cf-099f-4cd0-aefd-22049720246c req-99df83cf-099f-4cd0-aefd-22049720246c ] Request (VolumesAssistedSnapshotsTest:tearDownClass): 200 GET http://10.180.1.21/compute/v2.1/servers/33c36f11-33f3-4642-a367-c26cceac7fa9 1.099s
2025-11-14 09:13:26.912 65699 INFO tempest.lib.common.rest_client [req-bdcab2d1-3acc-4c4c-b00c-b27b059511be req-bdcab2d1-3acc-4c4c-b00c-b27b059511be ] Request (InstanceActionsNegativeTestJSON:tearDownClass): 200 GET http://10.180.1.21/compute/v2.1/servers/e017c3fe-d5f2-48b5-9c6e-1460aaadbad4 1.124s
2025-11-14 09:13:26.937 65687 INFO tempest.lib.common.rest_client [req-341bc7ae-f335-4422-81ce-4a4c7760eb79 req-341bc7ae-f335-4422-81ce-4a4c7760eb79 ] Request (ServerDiskConfigTestJSON:test_rebuild_server_with_manual_disk_config): 200 GET http://10.180.1.21/compute/v2.1/servers/bb529f7e-5d01-4d34-902a-41f63dd50aff 1.128s
2025-11-14 09:13:26.983 65701 INFO tempest.lib.common.rest_client [req-7f4d7e95-b202-4dd9-807d-ed02af294dd4 req-7f4d7e95-b202-4dd9-807d-ed02af294dd4 ] Request (ImagesTestJSON:test_create_image_from_suspended_server): 200 GET http://10.180.1.21/compute/v2.1/images/beaef956-88fe-4ee1-963d-5f916c790584 1.094s
2025-11-14 09:13:26.989 65711 INFO tempest.lib.common.rest_client [req-1f7f3b2f-dbcb-4112-b15a-648e07c73036 req-1f7f3b2f-dbcb-4112-b15a-648e07c73036 ] Request (ServerDiagnosticsV248Test:tearDownClass): 200 GET http://10.180.1.21/compute/v2.1/servers/4a5509bf-4263-4d86-bafd-ed9ee48ec64d 1.129s
2025-11-14 09:13:27.078 65671 INFO tempest.lib.common.rest_client [req-14aa2bbf-f3b8-4639-afa6-9f49012faba5 req-14aa2bbf-f3b8-4639-afa6-9f49012faba5 ] Request (ServerGroupTestJSON:test_create_server_with_scheduler_hint_group): 200 GET http://10.180.1.21/compute/v2.1/servers/b2c8498a-128e-40af-a503-2f22e1b9b9a3 1.115s
2025-11-14 09:13:27.101 65719 INFO tempest.lib.common.rest_client [req-e1799d7b-5029-4a7f-9ada-3a3b0d074c21 req-e1799d7b-5029-4a7f-9ada-3a3b0d074c21 ] Request (ListServersNegativeTestJSON:tearDownClass): 404 GET http://10.180.1.21/compute/v2.1/servers/70ef6cde-0637-455b-ae0f-f1acf540a0e4 1.049s
2025-11-14 09:13:27.109 65704 INFO tempest.lib.common.rest_client [req-e9ccd061-40d2-48c5-9cb1-80a593b6e308 req-e9ccd061-40d2-48c5-9cb1-80a593b6e308 ] Request (ServersTestFqdnHostnames:test_create_server_with_fqdn_name): 200 GET http://10.180.1.21/compute/v2.1/servers/f4354dec-ba6a-4809-8bb8-5335ef4fc3a9 1.155s
2025-11-14 09:13:27.142 65691 INFO tempest.lib.common.rest_client [req-24d94475-fbfa-422f-9995-93db5c8ac769 req-24d94475-fbfa-422f-9995-93db5c8ac769 ] Request (FlavorsV2TestJSON:test_list_flavors_limit_results): 200 GET http://10.180.1.21/compute/v2.1/flavors?limit=1 1.002s
2025-11-14 09:13:27.199 65723 INFO tempest.lib.common.rest_client [req-681532a3-3826-428b-bc86-9796317de915 req-681532a3-3826-428b-bc86-9796317de915 ] Request (ServerActionsV293TestJSON:setUpClass): 200 GET http://10.180.1.21/compute/v2.1/servers/0120ce13-f669-4233-a761-e885d8bb0348/os-interface 1.087s
2025-11-14 09:13:27.210 65727 INFO tempest.lib.common.rest_client [req-6a9f7904-d3cb-4df8-8450-2cfcf43ee14d req-6a9f7904-d3cb-4df8-8450-2cfcf43ee14d ] Request (ImagesOneServerNegativeTestJSON:_run_cleanups): 200 GET http://10.180.1.21/compute/v2.1/servers/99b0b92f-45c3-41fe-938d-6ab1c384e6c5 1.034s
2025-11-14 09:13:27.221 65705 INFO tempest.lib.common.rest_client [req-fc36c985-6ede-464d-9724-83e13fce08dd req-fc36c985-6ede-464d-9724-83e13fce08dd ] Request (FloatingIPsNegativeTestJSON:tearDownClass): 200 PUT http://10.180.1.21/networking/v2.0/routers/68e5389d-50b3-454e-9c8b-51583a527f5f/remove_router_interface 0.788s
2025-11-14 09:13:27.658 65705 INFO tempest.lib.common.rest_client [req-b55c2739-6270-4f15-a091-1998fa78b1d5 req-b55c2739-6270-4f15-a091-1998fa78b1d5 ] Request (FloatingIPsNegativeTestJSON:tearDownClass): 204 DELETE http://10.180.1.21/networking/v2.0/routers/68e5389d-50b3-454e-9c8b-51583a527f5f 0.437s
2025-11-14 09:13:27.717 65725 INFO tempest.lib.common.rest_client [req-348173e5-538e-4341-8966-d1d66dfab610 req-348173e5-538e-4341-8966-d1d66dfab610 ] Request (ServersAdminNegativeTestJSON:tearDownClass): 200 GET http://10.180.1.21/compute/v2.1/servers/29056f1d-5a82-48a3-8e84-0110b328855a 1.419s
2025-11-14 09:13:27.741 65723 INFO tempest.lib.common.rest_client [req-22d3f0e4-f472-44e7-8b36-92bdf7b78c91 req-22d3f0e4-f472-44e7-8b36-92bdf7b78c91 ] Request (ServerActionsV293TestJSON:setUpClass): 200 PUT http://10.180.1.21/networking/v2.0/floatingips/98947cbc-1e4f-4351-a5c4-fea4faad29de 0.538s
2025-11-14 09:13:27.827 65669 INFO tempest.lib.common.rest_client [req-3c9489e0-9e53-4f36-b6e9-043072dc8b54 req-3c9489e0-9e53-4f36-b6e9-043072dc8b54 ] Request (ServersAdminTestJSON:test_rebuild_server_in_error_state): 200 GET http://10.180.1.21/compute/v2.1/servers/f13a71e0-9a1e-4d4a-bbc5-990ec30db5f4 1.507s
2025-11-14 09:13:27.889 65667 INFO tempest.lib.common.rest_client [req-2341e1d7-1306-4e2b-9790-7abd156fed28 req-2341e1d7-1306-4e2b-9790-7abd156fed28 ] Request (VolumesAdminNegativeTest:test_update_attached_volume_with_nonexistent_volume_in_uri): 200 GET http://10.180.1.21/compute/v2.1/servers/595b764d-315b-4895-90b5-34a34410b033 1.541s
2025-11-14 09:13:27.906 65705 INFO tempest.lib.common.rest_client [req-875fce31-6108-44e5-b109-6e4ecd0dc50a req-875fce31-6108-44e5-b109-6e4ecd0dc50a ] Request (FloatingIPsNegativeTestJSON:tearDownClass): 204 DELETE http://10.180.1.21/networking/v2.0/subnets/6944582c-4923-4e39-a8c3-238c47a45052 0.247s
2025-11-14 09:13:27.934 65675 INFO tempest.lib.common.rest_client [req-ba0138a1-4e5a-41e6-890f-5934d8c8c035 req-ba0138a1-4e5a-41e6-890f-5934d8c8c035 ] Request (ListServerFiltersTestJSON:tearDownClass): 200 GET http://10.180.1.21/compute/v2.1/servers/c6449f49-e1a0-4c46-b5da-1f5d974680b4 1.553s
2025-11-14 09:13:28.013 65689 INFO tempest.lib.common.rest_client [req-35d72055-5a82-4334-ba5d-07f27de3a1f1 req-35d72055-5a82-4334-ba5d-07f27de3a1f1 ] Request (FloatingIPsAssociationTestJSON:tearDownClass): 200 GET http://10.180.1.21/compute/v2.1/servers/54c28c84-5f37-4c63-a827-6b25ff087401 1.604s
2025-11-14 09:13:28.133 65681 INFO tempest.lib.common.rest_client [req-b92a0331-11a0-427e-815b-0dc2939dd82f req-b92a0331-11a0-427e-815b-0dc2939dd82f ] Request (MigrationsAdminTest:test_resize_server_revert_deleted_flavor): 200 GET http://10.180.1.21/compute/v2.1/servers/abd1eefc-d2b6-47f5-a2a5-d538deb761f4 1.695s
2025-11-14 09:13:28.146 65677 INFO tempest.lib.common.rest_client [req-dfcfac3c-bb98-496b-a91e-caa855dde7c4 req-dfcfac3c-bb98-496b-a91e-caa855dde7c4 ] Request (ImagesNegativeTestJSON:test_create_image_from_deleted_server): 200 GET http://10.180.1.21/compute/v2.1/servers/5ed9ef5b-376d-4e91-a163-b284d8e73492 1.685s
2025-11-14 09:13:28.182 65721 INFO tempest.lib.common.rest_client [req-2336f9d5-4618-4fe2-a2e9-ff67558668f8 req-2336f9d5-4618-4fe2-a2e9-ff67558668f8 ] Request (AttachInterfacesUnderV243Test:test_add_remove_fixed_ip): 200 GET http://10.180.1.21/compute/v2.1/servers/4d239bf8-b3d6-4d50-83c9-5794c0f706e6/ips 1.669s
2025-11-14 09:13:28.232 65705 INFO tempest.lib.common.rest_client [req-fcee969d-91c3-44ca-8237-c7beb86ff6ff req-fcee969d-91c3-44ca-8237-c7beb86ff6ff ] Request (FloatingIPsNegativeTestJSON:tearDownClass): 204 DELETE http://10.180.1.21/networking/v2.0/networks/2707426b-6bb0-4e67-8d10-55d4b0be145d 0.325s
2025-11-14 09:13:28.234 65695 INFO tempest.lib.common.rest_client [req-e47f9e45-42d1-4d4c-943e-8b37e74b2427 req-e47f9e45-42d1-4d4c-943e-8b37e74b2427 ] Request (AttachVolumeNegativeTest:test_attach_attached_volume_to_different_server): 200 GET http://10.180.1.21/compute/v2.1/servers/b9036839-d3bd-4f09-9424-94609c90dc6b 1.741s
2025-11-14 09:13:28.265 65719 INFO tempest.lib.common.rest_client [req-0e44985d-1e9e-4ac3-bd39-10f0738a0975 req-0e44985d-1e9e-4ac3-bd39-10f0738a0975 ] Request (ListServersNegativeTestJSON:tearDownClass): 404 GET http://10.180.1.21/compute/v2.1/servers/4c49d150-10a7-488a-b438-4a47ca64daa3 1.163s
2025-11-14 09:13:28.327 65709 INFO tempest.lib.common.rest_client [req-b0ac457e-e96e-4362-b5db-d7eef53da940 req-b0ac457e-e96e-4362-b5db-d7eef53da940 ] Request (AttachInterfacesTestJSON:test_create_list_show_delete_interfaces_by_fixed_ip): 200 GET http://10.180.1.21/compute/v2.1/servers/ee26ef56-78c7-42ab-a032-6832a53071c9 1.701s
2025-11-14 09:13:28.336 65709 INFO tempest.lib.common.ssh [-] Creating ssh connection to '10.180.180.232:22' as 'cirros' with public key authentication
2025-11-14 09:13:28.337 65705 INFO tempest.lib.common.rest_client [req-878db80c-e498-4371-8e88-9432c0a71c4d req-878db80c-e498-4371-8e88-9432c0a71c4d ] Request (FloatingIPsNegativeTestJSON:tearDownClass): 204 DELETE http://10.180.1.21/identity/v3/users/c7805c6e5e3c4fc8ab9de180f687ee59 0.105s
2025-11-14 09:13:28.337 65705 INFO tempest.lib.common.dynamic_creds [-] Deleting project and security group for project: 4a7b58dd2f7c47b9bc52a51489dc8d06
2025-11-14 09:13:28.342 65691 INFO tempest.lib.common.rest_client [req-54854a5a-2f25-478d-b6d8-11545629022e req-54854a5a-2f25-478d-b6d8-11545629022e ] Request (FlavorsV2TestJSON:test_list_flavors_using_marker): 200 GET http://10.180.1.21/compute/v2.1/flavors/42 1.197s
2025-11-14 09:13:28.348 65683 INFO tempest.lib.common.rest_client [req-c84afa3a-bc00-46cf-8036-24814d890419 req-c84afa3a-bc00-46cf-8036-24814d890419 ] Request (ServerTagsTestJSON:tearDownClass): 200 GET http://10.180.1.21/compute/v2.1/servers/4925f314-6b60-4a7a-ac45-8ac8a9a059f6 1.228s
2025-11-14 09:13:28.368 65705 INFO tempest.lib.common.rest_client [req-4d0045c6-1e8d-42d7-92a0-4fab7bd58d51 req-4d0045c6-1e8d-42d7-92a0-4fab7bd58d51 ] Request (FloatingIPsNegativeTestJSON:tearDownClass): 200 GET http://10.180.1.21/networking/v2.0/security-groups?tenant_id=4a7b58dd2f7c47b9bc52a51489dc8d06&name=default 0.031s
2025-11-14 09:13:28.440 65715 INFO tempest.lib.common.rest_client [req-efe6effe-f590-4a7f-9d46-bcde246ead25 req-efe6effe-f590-4a7f-9d46-bcde246ead25 ] Request (DeleteServersTestJSON:test_delete_active_server): 200 GET http://10.180.1.21/compute/v2.1/servers/49b4868e-8f93-4b46-8156-092b779ba577 0.781s
2025-11-14 09:13:28.443 65697 INFO tempest.lib.common.rest_client [req-8197686f-0753-41de-a65f-b2b3fa8b41b1 req-8197686f-0753-41de-a65f-b2b3fa8b41b1 ] Request (ServerShowV247Test:tearDownClass): 200 GET http://10.180.1.21/compute/v2.1/servers/14930653-ba99-4253-a226-9e9f18ebb1e2 0.966s
2025-11-14 09:13:28.512 65705 INFO tempest.lib.common.rest_client [req-0c9b7674-1fdd-43e8-bcc4-873ec7a98759 req-0c9b7674-1fdd-43e8-bcc4-873ec7a98759 ] Request (FloatingIPsNegativeTestJSON:tearDownClass): 204 DELETE http://10.180.1.21/networking/v2.0/security-groups/bf752412-9aa9-46e8-9ce9-e514c2d4837a 0.142s
2025-11-14 09:13:28.514 65673 INFO tempest.lib.common.rest_client [req-8a3b8af3-0e1c-4b9d-90c5-c03e95a6bc6d req-8a3b8af3-0e1c-4b9d-90c5-c03e95a6bc6d ] Request (SecurityGroupsTestJSON:test_server_security_groups): 200 GET http://10.180.1.21/compute/v2.1/servers/8ddd4b00-c804-4c11-a462-86cd44c11636 0.779s
2025-11-14 09:13:28.588 65723 INFO tempest.lib.common.rest_client [req-0ff6cb62-3a9f-4612-b8e6-b278d0fbd325 req-0ff6cb62-3a9f-4612-b8e6-b278d0fbd325 ] Request (ServerActionsV293TestJSON:test_rebuild_volume_backed_server): 200 GET http://10.180.1.21/compute/v2.1/servers/0120ce13-f669-4233-a761-e885d8bb0348 0.847s
2025-11-14 09:13:28.639 65705 INFO tempest.lib.common.rest_client [req-3e7b258c-20d5-4532-88b2-eace696a16a3 req-3e7b258c-20d5-4532-88b2-eace696a16a3 ] Request (FloatingIPsNegativeTestJSON:tearDownClass): 204 DELETE http://10.180.1.21/identity/v3/projects/4a7b58dd2f7c47b9bc52a51489dc8d06 0.127s
2025-11-14 09:13:28.641 65723 INFO tempest.lib.common.rest_client [req-332b230f-cf4a-484f-ac3d-b25429aaa5f1 req-332b230f-cf4a-484f-ac3d-b25429aaa5f1 ] Request (ServerActionsV293TestJSON:test_rebuild_volume_backed_server): 200 GET http://10.180.1.21/volume/v3/volumes/b7fcca81-69d9-4ed5-b507-70cfdaa9acad 0.041s
2025-11-14 09:13:28.648 65717 INFO tempest.lib.common.rest_client [req-ee340129-7961-48b4-9c9f-ac8e87e29dc7 req-ee340129-7961-48b4-9c9f-ac8e87e29dc7 ] Request (AttachVolumeShelveTestJSON:test_attach_volume_shelved_or_offload_server): 200 GET http://10.180.1.21/compute/v2.1/servers/242c60e5-0ad8-42c7-b47c-846bf5b7001f 0.883s
2025-11-14 09:13:28.651 65723 INFO tempest.lib.common.ssh [-] Creating ssh connection to '10.180.180.185:22' as 'cirros' with public key authentication
2025-11-14 09:13:28.660 65685 INFO tempest.lib.common.rest_client [req-eba2f5f1-5002-4ebc-90fa-e0e16168db47 req-eba2f5f1-5002-4ebc-90fa-e0e16168db47 ] Request (VolumesAssistedSnapshotsTest:tearDownClass): 200 GET http://10.180.1.21/compute/v2.1/servers/33c36f11-33f3-4642-a367-c26cceac7fa9 0.852s
2025-11-14 09:13:28.703 65705 INFO tempest.lib.common.rest_client [req-c746ba12-db2b-443a-9095-608c693958e2 req-c746ba12-db2b-443a-9095-608c693958e2 ] Request (ListImageFiltersNegativeTestJSON:setUpClass): 201 POST http://10.180.1.21/identity/v3/auth/tokens 0.062s
2025-11-14 09:13:28.710 65699 INFO tempest.lib.common.rest_client [req-43afffed-7ff0-45f0-9a96-c141862d9b93 req-43afffed-7ff0-45f0-9a96-c141862d9b93 ] Request (InstanceActionsNegativeTestJSON:tearDownClass): 200 GET http://10.180.1.21/compute/v2.1/servers/e017c3fe-d5f2-48b5-9c6e-1460aaadbad4 0.790s
2025-11-14 09:13:28.739 65705 INFO tempest.lib.common.rest_client [req-51b623ab-469b-444a-8ea9-fc80ecbe6b9f req-51b623ab-469b-444a-8ea9-fc80ecbe6b9f ] Request (ListImageFiltersNegativeTestJSON:setUpClass): 201 POST http://10.180.1.21/identity/v3/auth/tokens 0.034s
2025-11-14 09:13:28.746 65701 INFO tempest.lib.common.rest_client [req-645db9f5-e460-45c8-bc74-d4160bc48cd9 req-645db9f5-e460-45c8-bc74-d4160bc48cd9 ] Request (ImagesTestJSON:test_create_image_from_suspended_server): 200 GET http://10.180.1.21/compute/v2.1/images/beaef956-88fe-4ee1-963d-5f916c790584 0.757s
2025-11-14 09:13:28.764 65705 INFO tempest.lib.common.rest_client [req-afb2b655-0a78-48ed-ab3c-62637629bd20 req-afb2b655-0a78-48ed-ab3c-62637629bd20 ] Request (ListImageFiltersNegativeTestJSON:setUpClass): 200 GET http://10.180.1.21/identity/v3/domains?name=Default 0.024s
2025-11-14 09:13:28.767 65687 INFO tempest.lib.common.rest_client [req-7684a4a1-c8f6-478c-a5e8-374da7879aea req-7684a4a1-c8f6-478c-a5e8-374da7879aea ] Request (ServerDiskConfigTestJSON:test_rebuild_server_with_manual_disk_config): 200 GET http://10.180.1.21/compute/v2.1/servers/bb529f7e-5d01-4d34-902a-41f63dd50aff 0.821s
2025-11-14 09:13:28.794 65705 INFO tempest.lib.common.rest_client [req-10ead6f2-cba6-4651-bb60-8441d44df32d req-10ead6f2-cba6-4651-bb60-8441d44df32d ] Request (ListImageFiltersNegativeTestJSON:setUpClass): 201 POST http://10.180.1.21/identity/v3/projects 0.029s
2025-11-14 09:13:28.811 65711 INFO tempest.lib.common.rest_client [req-ab293b3d-f55f-4422-8c44-d99ed7d27f50 req-ab293b3d-f55f-4422-8c44-d99ed7d27f50 ] Request (ServerDiagnosticsV248Test:tearDownClass): 200 GET http://10.180.1.21/compute/v2.1/servers/4a5509bf-4263-4d86-bafd-ed9ee48ec64d 0.813s
2025-11-14 09:13:28.823 65671 INFO tempest.lib.common.rest_client [req-563a7a56-0a52-4aea-9d78-1c2159624c39 req-563a7a56-0a52-4aea-9d78-1c2159624c39 ] Request (ServerGroupTestJSON:test_create_server_with_scheduler_hint_group): 200 GET http://10.180.1.21/compute/v2.1/servers/b2c8498a-128e-40af-a503-2f22e1b9b9a3 0.734s
2025-11-14 09:13:28.859 65705 INFO tempest.lib.common.rest_client [req-9c4b0bb6-22c1-4eba-a967-5d3497c0b3ca req-9c4b0bb6-22c1-4eba-a967-5d3497c0b3ca ] Request (ListImageFiltersNegativeTestJSON:setUpClass): 201 POST http://10.180.1.21/identity/v3/users 0.064s
2025-11-14 09:13:28.880 65727 INFO tempest.lib.common.rest_client [req-bd7450b2-2664-4086-9ae4-e900a5a14cef req-bd7450b2-2664-4086-9ae4-e900a5a14cef ] Request (ImagesOneServerNegativeTestJSON:_run_cleanups): 200 GET http://10.180.1.21/compute/v2.1/servers/99b0b92f-45c3-41fe-938d-6ab1c384e6c5 0.657s
2025-11-14 09:13:28.881 65705 INFO tempest.lib.common.rest_client [req-f65b3faa-98a6-43bc-9fc1-f094e72d7096 req-f65b3faa-98a6-43bc-9fc1-f094e72d7096 ] Request (ListImageFiltersNegativeTestJSON:setUpClass): 200 GET http://10.180.1.21/identity/v3/roles 0.022s
2025-11-14 09:13:28.904 65719 INFO tempest.lib.common.rest_client [req-03de0a5b-164e-427c-95e0-e1bfc9f02de0 req-03de0a5b-164e-427c-95e0-e1bfc9f02de0 ] Request (ListServersNegativeTestJSON:tearDownClass): 404 GET http://10.180.1.21/compute/v2.1/servers/4980811b-c5f9-44ea-8056-2d4629489260 0.639s
2025-11-14 09:13:28.914 65705 INFO tempest.lib.common.rest_client [req-9f9ecb2c-94c2-45ca-8cd4-d8294487ddc4 req-9f9ecb2c-94c2-45ca-8cd4-d8294487ddc4 ] Request (ListImageFiltersNegativeTestJSON:setUpClass): 204 PUT http://10.180.1.21/identity/v3/projects/905ed3c549fa4acabc64db8645dd214d/users/a1e71ef02e5c4c19829a55c6db1cf40a/roles/4922d35a73c64ef48bec5cc77b709980 0.032s
2025-11-14 09:13:28.914 65705 INFO tempest.lib.common.dynamic_creds [-] Dynamic test user a1e71ef02e5c4c19829a55c6db1cf40a is created with scope project and roles: ['member']
2025-11-14 09:13:28.915 65705 INFO tempest.lib.common.dynamic_creds [-] Acquired dynamic creds: credentials: Credentials: {'domain_id': 'default', 'domain_name': 'Default', 'username': 'tempest-ListImageFiltersNegativeTestJSON-1041041461-project-member', 'project_domain_id': 'default', 'project_domain_name': 'Default', 'project_id': '905ed3c549fa4acabc64db8645dd214d', 'project_name': 'tempest-ListImageFiltersNegativeTestJSON-1041041461', 'tenant_id': '905ed3c549fa4acabc64db8645dd214d', 'tenant_name': 'tempest-ListImageFiltersNegativeTestJSON-1041041461', 'user_domain_id': 'default', 'user_domain_name': 'Default', 'user_id': 'a1e71ef02e5c4c19829a55c6db1cf40a', 'system': None}, Network: None, Subnet: None, Router: None
2025-11-14 09:13:28.915 65705 INFO tempest.lib.common.dynamic_creds [-] Created isolated network resources for: credentials: Credentials: {'domain_id': 'default', 'domain_name': 'Default', 'username': 'tempest-ListImageFiltersNegativeTestJSON-1041041461-project-member', 'project_domain_id': 'default', 'project_domain_name': 'Default', 'project_id': '905ed3c549fa4acabc64db8645dd214d', 'project_name': 'tempest-ListImageFiltersNegativeTestJSON-1041041461', 'tenant_id': '905ed3c549fa4acabc64db8645dd214d', 'tenant_name': 'tempest-ListImageFiltersNegativeTestJSON-1041041461', 'user_domain_id': 'default', 'user_domain_name': 'Default', 'user_id': 'a1e71ef02e5c4c19829a55c6db1cf40a', 'system': None}, Network: None, Subnet: None, Router: None
2025-11-14 09:13:28.924 65704 INFO tempest.lib.common.rest_client [req-a2e68818-d134-4360-aee3-d0b60f472966 req-a2e68818-d134-4360-aee3-d0b60f472966 ] Request (ServersTestFqdnHostnames:test_create_server_with_fqdn_name): 200 GET http://10.180.1.21/compute/v2.1/servers/f4354dec-ba6a-4809-8bb8-5335ef4fc3a9 0.796s
2025-11-14 09:13:28.940 65691 INFO tempest.lib.common.rest_client [req-16779d9c-54f7-4188-81bb-188f7b45d815 req-16779d9c-54f7-4188-81bb-188f7b45d815 ] Request (FlavorsV2TestJSON:test_list_flavors_using_marker): 200 GET http://10.180.1.21/compute/v2.1/flavors?marker=42 0.595s
2025-11-14 09:13:28.996 65725 INFO tempest.lib.common.rest_client [req-d6523a78-63c9-4a4a-b1cb-c7cf4af6cacd req-d6523a78-63c9-4a4a-b1cb-c7cf4af6cacd ] Request (ServersAdminNegativeTestJSON:tearDownClass): 200 GET http://10.180.1.21/compute/v2.1/servers/29056f1d-5a82-48a3-8e84-0110b328855a 0.271s
2025-11-14 09:13:29.012 65705 INFO tempest.lib.common.rest_client [req-92142b3d-bc62-486d-97eb-9111023e2438 req-92142b3d-bc62-486d-97eb-9111023e2438 ] Request (ListImageFiltersNegativeTestJSON:setUpClass): 201 POST http://10.180.1.21/identity/v3/auth/tokens 0.088s
2025-11-14 09:13:29.091 65667 INFO tempest.lib.common.rest_client [req-2a4e7d3e-8d93-4f9e-a814-905514f41239 req-2a4e7d3e-8d93-4f9e-a814-905514f41239 ] Request (VolumesAdminNegativeTest:test_update_attached_volume_with_nonexistent_volume_in_uri): 200 GET http://10.180.1.21/compute/v2.1/servers/595b764d-315b-4895-90b5-34a34410b033 0.180s
2025-11-14 09:13:29.128 65669 INFO tempest.lib.common.rest_client [req-b12d9942-829b-4f38-ae4c-15df11e3df84 req-b12d9942-829b-4f38-ae4c-15df11e3df84 ] Request (ServersAdminTestJSON:test_rebuild_server_in_error_state): 200 GET http://10.180.1.21/compute/v2.1/servers/f13a71e0-9a1e-4d4a-bbc5-990ec30db5f4 0.291s
2025-11-14 09:13:29.143 65669 INFO tempest.common.waiters [-] State transition "REBUILD/rebuilding" ==> "REBUILD/rebuild_spawning" after 4 second wait
2025-11-14 09:13:29.148 65691 INFO tempest.lib.common.rest_client [req-dcccc17f-4504-445e-999b-174fd36cd2f3 req-dcccc17f-4504-445e-999b-174fd36cd2f3 ] Request (FlavorsV2TestJSON:test_list_flavors_with_detail): 200 GET http://10.180.1.21/compute/v2.1/flavors/detail 0.200s
2025-11-14 09:13:29.166 65675 INFO tempest.lib.common.rest_client [req-d2a13a5d-65c6-48c3-8615-54ceabf8fbdb req-d2a13a5d-65c6-48c3-8615-54ceabf8fbdb ] Request (ListServerFiltersTestJSON:tearDownClass): 200 GET http://10.180.1.21/compute/v2.1/servers/c6449f49-e1a0-4c46-b5da-1f5d974680b4 0.223s
2025-11-14 09:13:29.255 65689 INFO tempest.lib.common.rest_client [req-f5b072ac-e1b5-4de4-bd6a-d9b68a4ff394 req-f5b072ac-e1b5-4de4-bd6a-d9b68a4ff394 ] Request (FloatingIPsAssociationTestJSON:tearDownClass): 200 GET http://10.180.1.21/compute/v2.1/servers/54c28c84-5f37-4c63-a827-6b25ff087401 0.232s
2025-11-14 09:13:29.262 65705 INFO tempest.lib.common.rest_client [req-5b8bbfe3-dcf3-4831-afa2-155a53d88282 req-5b8bbfe3-dcf3-4831-afa2-155a53d88282 ] Request (ListImageFiltersNegativeTestJSON:test_get_nonexistent_image): 404 GET http://10.180.1.21/compute/v2.1/images/d4aa2900-f446-41fd-9824-6f1a3ec96478 0.248s
2025-11-14 09:13:29.275 65691 INFO tempest.lib.common.rest_client [req-bd92b567-8a9c-4405-abc3-be004aca1022 req-bd92b567-8a9c-4405-abc3-be004aca1022 ] Request (FlavorsV2TestJSON:test_list_flavors_with_detail): 200 GET http://10.180.1.21/compute/v2.1/flavors/42 0.119s
2025-11-14 09:13:29.345 65681 INFO tempest.lib.common.rest_client [req-d612a94e-ff77-4993-8fdc-155a4a5f77e6 req-d612a94e-ff77-4993-8fdc-155a4a5f77e6 ] Request (MigrationsAdminTest:test_resize_server_revert_deleted_flavor): 200 GET http://10.180.1.21/compute/v2.1/servers/abd1eefc-d2b6-47f5-a2a5-d538deb761f4 0.201s
2025-11-14 09:13:29.358 65677 INFO tempest.lib.common.rest_client [req-db45c31c-fbff-4aaf-8bdc-af412dcef50e req-db45c31c-fbff-4aaf-8bdc-af412dcef50e ] Request (ImagesNegativeTestJSON:test_create_image_from_deleted_server): 200 GET http://10.180.1.21/compute/v2.1/servers/5ed9ef5b-376d-4e91-a163-b284d8e73492 0.197s
2025-11-14 09:13:29.395 65721 INFO tempest.lib.common.rest_client [req-c6e6f39a-c333-4ca7-b2fb-456365a4475d req-c6e6f39a-c333-4ca7-b2fb-456365a4475d ] Request (AttachInterfacesUnderV243Test:test_add_remove_fixed_ip): 200 GET http://10.180.1.21/compute/v2.1/servers/4d239bf8-b3d6-4d50-83c9-5794c0f706e6/ips 0.209s
2025-11-14 09:13:29.437 65705 INFO tempest.lib.common.rest_client [req-ecb95b72-60dc-4b07-b3fd-c8f256819d6a req-ecb95b72-60dc-4b07-b3fd-c8f256819d6a ] Request (ListImageFiltersNegativeTestJSON:tearDownClass): 204 DELETE http://10.180.1.21/identity/v3/users/a1e71ef02e5c4c19829a55c6db1cf40a 0.167s
2025-11-14 09:13:29.438 65705 INFO tempest.lib.common.dynamic_creds [-] Deleting project and security group for project: 905ed3c549fa4acabc64db8645dd214d
2025-11-14 09:13:29.451 65691 INFO tempest.lib.common.rest_client [req-37ccc268-d9b6-4f50-ad20-2ac7f8c62d16 req-37ccc268-d9b6-4f50-ad20-2ac7f8c62d16 ] Request (FlavorsV2TestJSON:tearDownClass): 204 DELETE http://10.180.1.21/identity/v3/users/0046cab930e14fafa43619aaf442b8c2 0.170s
2025-11-14 09:13:29.451 65691 INFO tempest.lib.common.dynamic_creds [-] Deleting project and security group for project: 613b547ec5da483ebc934e1c64fd8c9a
2025-11-14 09:13:29.504 65695 INFO tempest.lib.common.rest_client [req-cc1386bd-6898-4ff7-9277-300050f6c62b req-cc1386bd-6898-4ff7-9277-300050f6c62b ] Request (AttachVolumeNegativeTest:test_attach_attached_volume_to_different_server): 200 GET http://10.180.1.21/compute/v2.1/servers/b9036839-d3bd-4f09-9424-94609c90dc6b 0.252s
2025-11-14 09:13:29.519 65683 INFO tempest.lib.common.rest_client [req-4b066210-8233-4a57-8163-af36b8dd317b req-4b066210-8233-4a57-8163-af36b8dd317b ] Request (ServerTagsTestJSON:tearDownClass): 200 GET http://10.180.1.21/compute/v2.1/servers/4925f314-6b60-4a7a-ac45-8ac8a9a059f6 0.158s
2025-11-14 09:13:29.524 65705 INFO tempest.lib.common.rest_client [req-b9b7ead3-f794-4a56-8b2e-f426006b8c31 req-b9b7ead3-f794-4a56-8b2e-f426006b8c31 ] Request (ListImageFiltersNegativeTestJSON:tearDownClass): 201 POST http://10.180.1.21/identity/v3/auth/tokens 0.086s
2025-11-14 09:13:29.531 65691 INFO tempest.lib.common.rest_client [req-33304850-7b32-4981-a6da-1b06efc21f29 req-33304850-7b32-4981-a6da-1b06efc21f29 ] Request (FlavorsV2TestJSON:tearDownClass): 201 POST http://10.180.1.21/identity/v3/auth/tokens 0.080s
2025-11-14 09:13:29.623 65721 INFO tempest.lib.common.rest_client [req-b3a52353-e743-4631-a28c-784f8733dfc4 req-b3a52353-e743-4631-a28c-784f8733dfc4 ] Request (AttachInterfacesUnderV243Test:_run_cleanups): 204 DELETE http://10.180.1.21/compute/v2.1/servers/4d239bf8-b3d6-4d50-83c9-5794c0f706e6 0.224s
2025-11-14 09:13:29.778 65705 INFO tempest.lib.common.rest_client [req-c958bc73-e6ff-473b-ae31-249c56ac2c66 req-c958bc73-e6ff-473b-ae31-249c56ac2c66 ] Request (ListImageFiltersNegativeTestJSON:tearDownClass): 200 GET http://10.180.1.21/networking/v2.0/security-groups?tenant_id=905ed3c549fa4acabc64db8645dd214d&name=default 0.254s
2025-11-14 09:13:29.824 65719 INFO tempest.lib.common.rest_client [req-38c04918-91d4-4c0a-ae8e-183d78f5b3da req-38c04918-91d4-4c0a-ae8e-183d78f5b3da ] Request (ListServersNegativeTestJSON:tearDownClass): 200 PUT http://10.180.1.21/networking/v2.0/routers/63b0fa1f-da92-41ac-98c6-f4593b8ad100/remove_router_interface 0.919s
2025-11-14 09:13:29.855 65715 INFO tempest.lib.common.rest_client [req-24771da6-cc92-445f-9f84-71b4424ed143 req-24771da6-cc92-445f-9f84-71b4424ed143 ] Request (DeleteServersTestJSON:test_delete_active_server): 200 GET http://10.180.1.21/compute/v2.1/servers/49b4868e-8f93-4b46-8156-092b779ba577 0.407s
2025-11-14 09:13:29.918 65691 INFO tempest.lib.common.rest_client [req-14e97a96-d4bf-4060-9f6a-cdd7f8830b6a req-14e97a96-d4bf-4060-9f6a-cdd7f8830b6a ] Request (FlavorsV2TestJSON:tearDownClass): 200 GET http://10.180.1.21/networking/v2.0/security-groups?tenant_id=613b547ec5da483ebc934e1c64fd8c9a&name=default 0.386s
2025-11-14 09:13:29.928 65697 INFO tempest.lib.common.rest_client [req-314d9279-6848-42ac-bd96-8f62cd2abb55 req-314d9279-6848-42ac-bd96-8f62cd2abb55 ] Request (ServerShowV247Test:tearDownClass): 200 GET http://10.180.1.21/compute/v2.1/servers/14930653-ba99-4253-a226-9e9f18ebb1e2 0.470s
2025-11-14 09:13:30.008 65705 INFO tempest.lib.common.rest_client [req-d1c7b0b8-351e-44d4-9e74-5c76d49aaba4 req-d1c7b0b8-351e-44d4-9e74-5c76d49aaba4 ] Request (ListImageFiltersNegativeTestJSON:tearDownClass): 204 DELETE http://10.180.1.21/networking/v2.0/security-groups/14dccba2-ffc7-48dc-900b-c9fc748f9fe2 0.229s
2025-11-14 09:13:30.065 65673 INFO tempest.lib.common.rest_client [req-acc7bf47-14cb-484e-8d45-7b0cb46087cd req-acc7bf47-14cb-484e-8d45-7b0cb46087cd ] Request (SecurityGroupsTestJSON:test_server_security_groups): 200 GET http://10.180.1.21/compute/v2.1/servers/8ddd4b00-c804-4c11-a462-86cd44c11636 0.542s
2025-11-14 09:13:30.095 65705 INFO tempest.lib.common.rest_client [req-c1162ab2-4c82-4e0c-a9d7-b4e5d61e3382 req-c1162ab2-4c82-4e0c-a9d7-b4e5d61e3382 ] Request (ListImageFiltersNegativeTestJSON:tearDownClass): 204 DELETE http://10.180.1.21/identity/v3/projects/905ed3c549fa4acabc64db8645dd214d 0.086s
2025-11-14 09:13:30.193 65691 INFO tempest.lib.common.rest_client [req-994f7c7b-069d-4c5e-bb1f-ae0fdf543646 req-994f7c7b-069d-4c5e-bb1f-ae0fdf543646 ] Request (FlavorsV2TestJSON:tearDownClass): 204 DELETE http://10.180.1.21/networking/v2.0/security-groups/3edb1048-567c-4e90-aefa-1ac27b1cfc36 0.275s
2025-11-14 09:13:30.214 65707 INFO paramiko.transport [-] Connected (version 2.0, client dropbear_2020.81)
2025-11-14 09:13:30.330 65691 INFO tempest.lib.common.rest_client [req-d132e97f-2306-448f-a960-c9cff3ae4c58 req-d132e97f-2306-448f-a960-c9cff3ae4c58 ] Request (FlavorsV2TestJSON:tearDownClass): 204 DELETE http://10.180.1.21/identity/v3/projects/613b547ec5da483ebc934e1c64fd8c9a 0.136s
2025-11-14 09:13:30.330 65707 INFO paramiko.transport [-] Authentication (publickey) successful!
2025-11-14 09:13:30.330 65707 INFO tempest.lib.common.ssh [-] ssh connection to cirros@10.180.180.250 successfully created
2025-11-14 09:13:30.333 65691 INFO tempest.test [-] raised in NoVNCConsoleTestJSON.setUpClass. Invoking tearDownClass.
2025-11-14 09:13:30.372 65719 INFO tempest.lib.common.rest_client [req-3e4f12b7-8c74-48a3-81b5-e0176d81d901 req-3e4f12b7-8c74-48a3-81b5-e0176d81d901 ] Request (ListServersNegativeTestJSON:tearDownClass): 204 DELETE http://10.180.1.21/networking/v2.0/routers/63b0fa1f-da92-41ac-98c6-f4593b8ad100 0.547s
2025-11-14 09:13:30.430 65721 INFO tempest.lib.common.rest_client [req-140013e3-b7e5-4887-bd79-ce3b1af7a3c1 req-140013e3-b7e5-4887-bd79-ce3b1af7a3c1 ] Request (AttachInterfacesUnderV243Test:_run_cleanups): 200 GET http://10.180.1.21/compute/v2.1/servers/4d239bf8-b3d6-4d50-83c9-5794c0f706e6 0.806s
2025-11-14 09:13:30.533 65717 INFO tempest.lib.common.rest_client [req-9351cd53-5a44-4a25-b484-917b1b355ed7 req-9351cd53-5a44-4a25-b484-917b1b355ed7 ] Request (AttachVolumeShelveTestJSON:test_attach_volume_shelved_or_offload_server): 200 GET http://10.180.1.21/compute/v2.1/servers/242c60e5-0ad8-42c7-b47c-846bf5b7001f 0.874s
2025-11-14 09:13:30.605 65685 INFO tempest.lib.common.rest_client [req-99d4e715-e743-4ea0-9000-2822bdca25b2 req-99d4e715-e743-4ea0-9000-2822bdca25b2 ] Request (VolumesAssistedSnapshotsTest:tearDownClass): 200 GET http://10.180.1.21/compute/v2.1/servers/33c36f11-33f3-4642-a367-c26cceac7fa9 0.932s
2025-11-14 09:13:30.655 65701 INFO tempest.lib.common.rest_client [req-e5bea494-0f8e-441d-a7e7-337967dfc5f1 req-e5bea494-0f8e-441d-a7e7-337967dfc5f1 ] Request (ImagesTestJSON:test_create_image_from_suspended_server): 200 GET http://10.180.1.21/compute/v2.1/images/beaef956-88fe-4ee1-963d-5f916c790584 0.903s
