2025-11-14 09:14:22.875 65717 INFO tempest.lib.common.rest_client [req-fee7151f-c082-409a-b89c-1b2d30b18e08 req-fee7151f-c082-409a-b89c-1b2d30b18e08 ] Request (AttachVolumeShelveTestJSON:test_attach_volume_shelved_or_offload_server): 200 GET http://10.180.1.21/compute/v2.1/servers/242c60e5-0ad8-42c7-b47c-846bf5b7001f 2.748s
2025-11-14 09:14:22.884 65717 INFO tempest.common.waiters [-] State transition "SHELVED_OFFLOADED/spawning" ==> "ACTIVE/None" after 94 second wait
2025-11-14 09:14:22.885 65717 INFO tempest.lib.common.ssh [-] Creating ssh connection to '10.180.180.160:22' as 'cirros' with public key authentication
2025-11-14 09:14:22.935 65707 INFO tempest.lib.common.rest_client [req-4290e08f-e473-49bd-b0bb-cf4103d6e0db req-4290e08f-e473-49bd-b0bb-cf4103d6e0db ] Request (ServersTestBootFromVolume:tearDownClass): 200 GET http://10.180.1.21/compute/v2.1/servers/00b5a6a5-5c9f-4820-8671-7ccb33dc3995 2.739s
2025-11-14 09:14:22.996 65669 INFO tempest.lib.common.rest_client [req-cd571617-e4e4-482a-acd4-87041a47320c req-cd571617-e4e4-482a-acd4-87041a47320c ] Request (ServersAdminTestJSON:tearDownClass): 200 GET http://10.180.1.21/compute/v2.1/servers/3c6e5b56-5098-4fa7-85bf-d50fd8b6fe9a 2.732s
2025-11-14 09:14:23.055 65689 INFO tempest.lib.common.rest_client [req-18ac96cf-7d61-4cac-a5ad-7ff874d14e2c req-18ac96cf-7d61-4cac-a5ad-7ff874d14e2c ] Request (ServersAaction247Test:test_create_backup): 200 GET http://10.180.1.21/compute/v2.1/servers/c2ba77d4-35f0-4373-87cc-1511d905b3fc 2.718s
2025-11-14 09:14:23.079 65721 INFO tempest.lib.common.rest_client [req-3106069c-3235-4b59-88a8-5b70bc3d4b95 req-3106069c-3235-4b59-88a8-5b70bc3d4b95 ] Request (AttachInterfacesUnderV243Test:_run_cleanups): 404 GET http://10.180.1.21/compute/v2.1/servers/4d239bf8-b3d6-4d50-83c9-5794c0f706e6 2.640s
2025-11-14 09:14:23.135 65685 INFO tempest.lib.common.rest_client [req-2c313a5c-ea10-4c3f-b587-79f1da39a373 req-2c313a5c-ea10-4c3f-b587-79f1da39a373 ] Request (ListImageFiltersTestJSON:setUpClass): 200 GET http://10.180.1.21/compute/v2.1/servers/b040e22d-6bdb-4a61-a61c-9abe3b5e0cc8 2.362s
2025-11-14 09:14:23.252 65723 INFO tempest.lib.common.rest_client [req-aa2e994e-884c-41a1-9d11-1ad7fe72ca46 req-aa2e994e-884c-41a1-9d11-1ad7fe72ca46 ] Request (ServerActionsV293TestJSON:tearDownClass): 204 DELETE http://10.180.1.21/compute/v2.1/servers/0120ce13-f669-4233-a761-e885d8bb0348 1.376s
2025-11-14 09:14:23.310 65711 INFO tempest.lib.common.rest_client [req-13949ae2-0292-45f0-b504-3ca13ac4e765 req-13949ae2-0292-45f0-b504-3ca13ac4e765 ] Request (ServersAdmin275Test:test_rebuild_update_server_275): 200 GET http://10.180.1.21/compute/v2.1/servers/d3ff08ef-6377-4365-b3e6-ee2918e45417 0.905s
2025-11-14 09:14:23.361 65671 INFO tempest.lib.common.rest_client [req-056bc80d-b397-422f-a4a7-9467d6c47cd4 req-056bc80d-b397-422f-a4a7-9467d6c47cd4 ] Request (ServerGroupTestJSON:_run_cleanups): 200 GET http://10.180.1.21/compute/v2.1/servers/b2c8498a-128e-40af-a503-2f22e1b9b9a3 0.884s
2025-11-14 09:14:23.416 65701 INFO tempest.lib.common.rest_client [req-2f2c61c3-f226-4a2a-a6e5-0865d522dd82 req-2f2c61c3-f226-4a2a-a6e5-0865d522dd82 ] Request (ImagesTestJSON:test_create_server_from_snapshot): 200 GET http://10.180.1.21/compute/v2.1/servers/aa1cbdfe-dbe6-486f-9ab2-646b6a4f30ba 0.875s
2025-11-14 09:14:23.491 65677 INFO tempest.lib.common.rest_client [req-0dda4745-985e-4eb9-8187-3d189a1a0840 req-0dda4745-985e-4eb9-8187-3d189a1a0840 ] Request (ImagesNegativeTestJSON:test_create_image_from_deleted_server): 200 GET http://10.180.1.21/compute/v2.1/servers/5ed9ef5b-376d-4e91-a163-b284d8e73492 0.876s
2025-11-14 09:14:23.557 65697 INFO tempest.lib.common.rest_client [req-2fda108e-71f9-4df9-88f9-e3e9f4865cde req-2fda108e-71f9-4df9-88f9-e3e9f4865cde ] Request (ServerShowV247Test:tearDownClass): 200 GET http://10.180.1.21/compute/v2.1/servers/e12099d1-dbc9-4197-b65b-f739fc5dd31c 0.865s
2025-11-14 09:14:23.618 65699 INFO tempest.lib.common.rest_client [req-2d57553f-91f5-4c4b-9fab-0f3c7533b5d3 req-2d57553f-91f5-4c4b-9fab-0f3c7533b5d3 ] Request (ServerActionsTestJSON:setUpClass): 200 GET http://10.180.1.21/compute/v2.1/servers/e77e7108-0e89-4a65-ac80-dbaf4e0bf4ea 0.679s
2025-11-14 09:14:23.767 65681 INFO tempest.lib.common.rest_client [req-bd3d98d3-64b6-47de-abbc-00755b5c46f2 req-bd3d98d3-64b6-47de-abbc-00755b5c46f2 ] Request (MigrationsAdminTest:test_resize_server_revert_deleted_flavor): 200 GET http://10.180.1.21/compute/v2.1/servers/abd1eefc-d2b6-47f5-a2a5-d538deb761f4 0.730s
2025-11-14 09:14:23.783 65721 INFO tempest.lib.common.rest_client [req-2af29fa6-8b73-413f-a943-71bc202265b3 req-2af29fa6-8b73-413f-a943-71bc202265b3 ] Request (AttachInterfacesUnderV243Test:_run_cleanups): 202 DELETE http://10.180.1.21/compute/v2.1/os-keypairs/tempest-keypair-1782512988 0.704s
2025-11-14 09:14:23.843 65683 INFO tempest.lib.common.rest_client [req-e1e24db3-fe28-4dbd-8e52-ecdd5e7348a3 req-e1e24db3-fe28-4dbd-8e52-ecdd5e7348a3 ] Request (AttachVolumeTestJSON:test_attach_detach_volume): 200 GET http://10.180.1.21/compute/v2.1/servers/f21dd96c-71c9-435f-98cf-0a0f819140eb 0.755s
2025-11-14 09:14:23.873 65721 INFO tempest.lib.common.rest_client [req-45a3f0b0-ae94-4640-8182-bc5d1154d38d req-45a3f0b0-ae94-4640-8182-bc5d1154d38d ] Request (AttachInterfacesUnderV243Test:_run_cleanups): 204 DELETE http://10.180.1.21/networking/v2.0/security-groups/2692ea5d-9255-40cd-82c3-8854de5830a2 0.089s
2025-11-14 09:14:23.884 65721 INFO tempest.lib.common.rest_client [req-44235e53-694d-4a53-9615-2b6d6870ae6d req-44235e53-694d-4a53-9615-2b6d6870ae6d ] Request (AttachInterfacesUnderV243Test:_run_cleanups): 404 GET http://10.180.1.21/networking/v2.0/security-groups/2692ea5d-9255-40cd-82c3-8854de5830a2 0.010s
2025-11-14 09:14:23.899 65665 INFO tempest.lib.common.rest_client [req-40b701c7-66c5-4223-bb41-29da03e97f11 req-40b701c7-66c5-4223-bb41-29da03e97f11 ] Request (ServersWithSpecificFlavorTestJSON:test_verify_created_server_ephemeral_disk): 200 GET http://10.180.1.21/compute/v2.1/servers/8cd6c7df-45a5-4c12-9148-af828d5c92d1 0.759s
2025-11-14 09:14:24.017 65723 INFO tempest.lib.common.rest_client [req-105c6a47-41a4-4dd3-9da9-3cd1d02a02a5 req-105c6a47-41a4-4dd3-9da9-3cd1d02a02a5 ] Request (ServerActionsV293TestJSON:tearDownClass): 200 GET http://10.180.1.21/compute/v2.1/servers/0120ce13-f669-4233-a761-e885d8bb0348 0.764s
2025-11-14 09:14:24.074 65704 WARNING tempest.lib.common.ssh [-] Failed to establish authenticated ssh connection to cirros@10.180.180.143 ([Errno None] Unable to connect to port 22 on 10.180.180.143). Number attempts: 7. Retry after 8 seconds.: paramiko.ssh_exception.NoValidConnectionsError: [Errno None] Unable to connect to port 22 on 10.180.180.143
2025-11-14 09:14:24.142 65687 INFO tempest.lib.common.rest_client [req-2d4d243a-ec04-4fa0-a720-558da4451b7e req-2d4d243a-ec04-4fa0-a720-558da4451b7e ] Request (ServerDiskConfigTestJSON:test_resize_server_from_auto_to_manual): 200 GET http://10.180.1.21/compute/v2.1/servers/75779b88-c777-41b0-8a1f-d99c8aa131e2 0.885s
2025-11-14 09:14:24.168 65721 INFO tempest.lib.common.rest_client [req-13e53c6d-4692-44a9-a5f5-6700ea0f9295 req-13e53c6d-4692-44a9-a5f5-6700ea0f9295 ] Request (AttachInterfacesUnderV243Test:_run_cleanups): 204 DELETE http://10.180.1.21/networking/v2.0/floatingips/bb658fbe-d879-463e-8926-dc3254768f48 0.283s
2025-11-14 09:14:24.291 65727 INFO tempest.lib.common.rest_client [req-109e0b69-c02c-4091-a7fd-b364c4a2ec82 req-109e0b69-c02c-4091-a7fd-b364c4a2ec82 ] Request (ImagesOneServerNegativeTestJSON:tearDown): 200 GET http://10.180.1.21/compute/v2.1/servers/99b0b92f-45c3-41fe-938d-6ab1c384e6c5 0.947s
2025-11-14 09:14:24.342 65715 INFO tempest.lib.common.rest_client [req-7e1c5e06-a4d6-4998-91fb-693abb1e5e3e req-7e1c5e06-a4d6-4998-91fb-693abb1e5e3e ] Request (DeleteServersTestJSON:test_delete_server_while_in_attached_volume): 200 GET http://10.180.1.21/compute/v2.1/servers/975b491f-8825-40d1-a4c5-9e4913d1b17f 0.954s
2025-11-14 09:14:24.473 65695 INFO tempest.lib.common.rest_client [req-b38985aa-4b50-4b97-bd49-31dcf05fd603 req-b38985aa-4b50-4b97-bd49-31dcf05fd603 ] Request (AttachVolumeNegativeTest:test_attach_attached_volume_to_different_server): 200 GET http://10.180.1.21/compute/v2.1/servers/b9036839-d3bd-4f09-9424-94609c90dc6b 0.964s
2025-11-14 09:14:24.481 65695 INFO tempest.common.waiters [-] State transition "BUILD/spawning" ==> "ACTIVE/None" after 67 second wait
2025-11-14 09:14:24.538 65675 INFO tempest.lib.common.rest_client [req-c5d14200-d218-4ff6-a853-7d820dd4bc34 req-c5d14200-d218-4ff6-a853-7d820dd4bc34 ] Request (ListServerFiltersTestJSON:tearDownClass): 200 GET http://10.180.1.21/compute/v2.1/servers/1203c5af-30f7-4cba-a4d6-998b5806ae71 0.963s
2025-11-14 09:14:24.591 65667 INFO tempest.lib.common.rest_client [req-edddbedd-65ea-4c4c-94c9-be21c0b3de0e req-edddbedd-65ea-4c4c-94c9-be21c0b3de0e ] Request (VolumesAdminNegativeTest:tearDownClass): 200 GET http://10.180.1.21/compute/v2.1/servers/595b764d-315b-4895-90b5-34a34410b033 0.958s
2025-11-14 09:14:24.642 65725 INFO tempest.lib.common.rest_client [req-15ea16fb-e603-4462-a218-2eae6f0e19fd req-15ea16fb-e603-4462-a218-2eae6f0e19fd ] Request (ServersAdminNegativeTestJSON:tearDownClass): 200 GET http://10.180.1.21/compute/v2.1/servers/1198641a-fc81-48d2-a9d5-15321c80719c 0.941s
2025-11-14 09:14:24.698 65673 INFO tempest.lib.common.rest_client [req-9f298370-dffb-44f7-9492-b1da07160334 req-9f298370-dffb-44f7-9492-b1da07160334 ] Request (SecurityGroupsTestJSON:test_server_security_groups): 200 GET http://10.180.1.21/compute/v2.1/servers/8ddd4b00-c804-4c11-a462-86cd44c11636 0.936s
2025-11-14 09:14:24.758 65707 INFO tempest.lib.common.rest_client [req-99e0b737-dc77-4a9d-b6ac-59d637c668fe req-99e0b737-dc77-4a9d-b6ac-59d637c668fe ] Request (ServersTestBootFromVolume:tearDownClass): 200 GET http://10.180.1.21/compute/v2.1/servers/00b5a6a5-5c9f-4820-8671-7ccb33dc3995 0.814s
2025-11-14 09:14:24.812 65669 INFO tempest.lib.common.rest_client [req-ff05e5a9-f5f1-4f39-8d03-2ffafc8d09de req-ff05e5a9-f5f1-4f39-8d03-2ffafc8d09de ] Request (ServersAdminTestJSON:tearDownClass): 200 GET http://10.180.1.21/compute/v2.1/servers/3c6e5b56-5098-4fa7-85bf-d50fd8b6fe9a 0.807s
2025-11-14 09:14:24.863 65689 INFO tempest.lib.common.rest_client [req-073d672e-7054-49f5-89df-68eea70e446a req-073d672e-7054-49f5-89df-68eea70e446a ] Request (ServersAaction247Test:test_create_backup): 200 GET http://10.180.1.21/compute/v2.1/servers/c2ba77d4-35f0-4373-87cc-1511d905b3fc 0.795s
2025-11-14 09:14:24.917 65685 INFO tempest.lib.common.rest_client [req-bf32e44c-f83b-4396-85a4-fd354a2ea1c6 req-bf32e44c-f83b-4396-85a4-fd354a2ea1c6 ] Request (ListImageFiltersTestJSON:setUpClass): 200 GET http://10.180.1.21/compute/v2.1/servers/b040e22d-6bdb-4a61-a61c-9abe3b5e0cc8 0.772s
2025-11-14 09:14:24.933 65721 INFO tempest.lib.common.rest_client [req-0c7be7e6-02f5-47a6-afe4-a2966324220c req-0c7be7e6-02f5-47a6-afe4-a2966324220c ] Request (AttachInterfacesUnderV243Test:tearDownClass): 404 DELETE http://10.180.1.21/compute/v2.1/servers/4d239bf8-b3d6-4d50-83c9-5794c0f706e6 0.764s
2025-11-14 09:14:24.998 65711 INFO tempest.lib.common.rest_client [req-942191cd-59f9-43d3-a93d-7dd9b6fcc1a0 req-942191cd-59f9-43d3-a93d-7dd9b6fcc1a0 ] Request (ServersAdmin275Test:test_rebuild_update_server_275): 200 GET http://10.180.1.21/compute/v2.1/servers/d3ff08ef-6377-4365-b3e6-ee2918e45417 0.676s
2025-11-14 09:14:25.056 65671 INFO tempest.lib.common.rest_client [req-8cc590a7-26a5-40a0-99ba-3eb2e74410f4 req-8cc590a7-26a5-40a0-99ba-3eb2e74410f4 ] Request (ServerGroupTestJSON:_run_cleanups): 200 GET http://10.180.1.21/compute/v2.1/servers/b2c8498a-128e-40af-a503-2f22e1b9b9a3 0.687s
2025-11-14 09:14:25.118 65701 INFO tempest.lib.common.rest_client [req-bcd16104-38d6-4e59-9925-26e233273b3f req-bcd16104-38d6-4e59-9925-26e233273b3f ] Request (ImagesTestJSON:test_create_server_from_snapshot): 200 GET http://10.180.1.21/compute/v2.1/servers/aa1cbdfe-dbe6-486f-9ab2-646b6a4f30ba 0.693s
2025-11-14 09:14:25.180 65695 INFO tempest.lib.common.rest_client [req-ef0cd3dc-14ff-46f7-a17c-5cf978a260fb req-ef0cd3dc-14ff-46f7-a17c-5cf978a260fb ] Request (AttachVolumeNegativeTest:test_attach_attached_volume_to_different_server): 200 GET http://10.180.1.21/compute/v2.1/servers/b9036839-d3bd-4f09-9424-94609c90dc6b/os-interface 0.698s
2025-11-14 09:14:25.239 65677 INFO tempest.lib.common.rest_client [req-08d06457-7079-4c9d-81f8-2536ff93112c req-08d06457-7079-4c9d-81f8-2536ff93112c ] Request (ImagesNegativeTestJSON:test_create_image_from_deleted_server): 200 GET http://10.180.1.21/compute/v2.1/servers/5ed9ef5b-376d-4e91-a163-b284d8e73492 0.740s
2025-11-14 09:14:25.297 65697 INFO tempest.lib.common.rest_client [req-a0c04a47-baa9-4e95-9482-8aac6ecc2428 req-a0c04a47-baa9-4e95-9482-8aac6ecc2428 ] Request (ServerShowV247Test:tearDownClass): 200 GET http://10.180.1.21/compute/v2.1/servers/e12099d1-dbc9-4197-b65b-f739fc5dd31c 0.730s
2025-11-14 09:14:25.345 65699 INFO tempest.lib.common.rest_client [req-9cdcc456-5924-4fe9-941c-cf1e5bdaa566 req-9cdcc456-5924-4fe9-941c-cf1e5bdaa566 ] Request (ServerActionsTestJSON:setUpClass): 200 GET http://10.180.1.21/compute/v2.1/servers/e77e7108-0e89-4a65-ac80-dbaf4e0bf4ea 0.719s
2025-11-14 09:14:25.463 65681 INFO tempest.lib.common.rest_client [req-91d4c086-3e12-48ed-b4ff-771f765537c9 req-91d4c086-3e12-48ed-b4ff-771f765537c9 ] Request (MigrationsAdminTest:test_resize_server_revert_deleted_flavor): 200 GET http://10.180.1.21/compute/v2.1/servers/abd1eefc-d2b6-47f5-a2a5-d538deb761f4 0.687s
2025-11-14 09:14:25.517 65683 INFO tempest.lib.common.rest_client [req-8b5c3544-9c78-47e5-bba0-fceccc5b66ca req-8b5c3544-9c78-47e5-bba0-fceccc5b66ca ] Request (AttachVolumeTestJSON:test_attach_detach_volume): 200 GET http://10.180.1.21/compute/v2.1/servers/f21dd96c-71c9-435f-98cf-0a0f819140eb 0.666s
2025-11-14 09:14:25.569 65665 INFO tempest.lib.common.rest_client [req-7cbf051e-50fa-4e0e-8b91-87c3a9a34574 req-7cbf051e-50fa-4e0e-8b91-87c3a9a34574 ] Request (ServersWithSpecificFlavorTestJSON:test_verify_created_server_ephemeral_disk): 200 GET http://10.180.1.21/compute/v2.1/servers/8cd6c7df-45a5-4c12-9148-af828d5c92d1 0.661s
2025-11-14 09:14:25.590 65721 INFO tempest.lib.common.rest_client [req-6081bf00-c365-45da-9881-ded7e367b82b req-6081bf00-c365-45da-9881-ded7e367b82b ] Request (AttachInterfacesUnderV243Test:tearDownClass): 404 GET http://10.180.1.21/compute/v2.1/servers/4d239bf8-b3d6-4d50-83c9-5794c0f706e6 0.656s
2025-11-14 09:14:25.687 65695 INFO tempest.lib.common.rest_client [req-c59b06d9-98de-4020-8c86-143d5efa281c req-c59b06d9-98de-4020-8c86-143d5efa281c ] Request (AttachVolumeNegativeTest:test_attach_attached_volume_to_different_server): 200 PUT http://10.180.1.21/networking/v2.0/floatingips/7c914cd0-4f01-4da1-b423-1fbc07c5ef6c 0.505s
2025-11-14 09:14:25.688 65695 INFO tempest.lib.common.ssh [-] Creating ssh connection to '10.180.180.183:22' as 'cirros' with public key authentication
2025-11-14 09:14:25.719 65723 INFO tempest.lib.common.rest_client [req-777fc7b8-a2a1-4892-835e-79b876fa21ec req-777fc7b8-a2a1-4892-835e-79b876fa21ec ] Request (ServerActionsV293TestJSON:tearDownClass): 200 GET http://10.180.1.21/compute/v2.1/servers/0120ce13-f669-4233-a761-e885d8bb0348 0.690s
2025-11-14 09:14:25.863 65709 INFO tempest.lib.common.rest_client [req-4538d544-6d58-424d-b516-583c14bbcc0f req-4538d544-6d58-424d-b516-583c14bbcc0f ] Request (AttachInterfacesTestJSON:test_create_list_show_delete_interfaces_by_fixed_ip): 200 POST http://10.180.1.21/compute/v2.1/servers/ee26ef56-78c7-42ab-a032-6832a53071c9/os-interface 8.443s
2025-11-14 09:14:25.894 65687 INFO tempest.lib.common.rest_client [req-542e9e43-d526-42b4-86b1-7fc4ddd890c8 req-542e9e43-d526-42b4-86b1-7fc4ddd890c8 ] Request (ServerDiskConfigTestJSON:test_resize_server_from_auto_to_manual): 200 GET http://10.180.1.21/compute/v2.1/servers/75779b88-c777-41b0-8a1f-d99c8aa131e2 0.742s
2025-11-14 09:14:26.022 65715 INFO tempest.lib.common.rest_client [req-adce4da3-5286-45ea-803f-60908f1c5ab8 req-adce4da3-5286-45ea-803f-60908f1c5ab8 ] Request (DeleteServersTestJSON:test_delete_server_while_in_attached_volume): 200 GET http://10.180.1.21/compute/v2.1/servers/975b491f-8825-40d1-a4c5-9e4913d1b17f 0.671s
2025-11-14 09:14:26.057 65727 INFO tempest.lib.common.rest_client [req-b10f6729-9805-4f58-97f6-279c0c4a4c5b req-b10f6729-9805-4f58-97f6-279c0c4a4c5b ] Request (ImagesOneServerNegativeTestJSON:tearDown): 200 GET http://10.180.1.21/compute/v2.1/servers/99b0b92f-45c3-41fe-938d-6ab1c384e6c5 0.758s
2025-11-14 09:14:26.064 65727 INFO tempest.common.waiters [-] State transition "ACTIVE/image_uploading" ==> "ACTIVE/None" after 8 second wait
2025-11-14 09:14:26.090 65675 INFO tempest.lib.common.rest_client [req-bc1aae0d-e9d0-4dd0-950c-8859a23f6a26 req-bc1aae0d-e9d0-4dd0-950c-8859a23f6a26 ] Request (ListServerFiltersTestJSON:tearDownClass): 200 GET http://10.180.1.21/compute/v2.1/servers/1203c5af-30f7-4cba-a4d6-998b5806ae71 0.543s
2025-11-14 09:14:26.118 65667 INFO tempest.lib.common.rest_client [req-4dfe1e87-d618-403c-ad82-cd7f65b93a83 req-4dfe1e87-d618-403c-ad82-cd7f65b93a83 ] Request (VolumesAdminNegativeTest:tearDownClass): 200 GET http://10.180.1.21/compute/v2.1/servers/595b764d-315b-4895-90b5-34a34410b033 0.519s
2025-11-14 09:14:26.149 65725 INFO tempest.lib.common.rest_client [req-f68bf5dd-1d7e-4440-83be-85ba6ae58c99 req-f68bf5dd-1d7e-4440-83be-85ba6ae58c99 ] Request (ServersAdminNegativeTestJSON:tearDownClass): 200 GET http://10.180.1.21/compute/v2.1/servers/1198641a-fc81-48d2-a9d5-15321c80719c 0.500s
2025-11-14 09:14:26.166 65723 INFO tempest.lib.common.rest_client [req-2254911c-26b2-4262-9bca-f56a26dba72f req-2254911c-26b2-4262-9bca-f56a26dba72f ] Request (ServerActionsV293TestJSON:tearDownClass): 204 DELETE http://10.180.1.21/compute/v2.1/os-keypairs/tempest-keypair-1543172829 0.437s
2025-11-14 09:14:26.178 65673 INFO tempest.lib.common.rest_client [req-50431927-b8bb-420d-aade-0e2070265ad9 req-50431927-b8bb-420d-aade-0e2070265ad9 ] Request (SecurityGroupsTestJSON:test_server_security_groups): 200 GET http://10.180.1.21/compute/v2.1/servers/8ddd4b00-c804-4c11-a462-86cd44c11636 0.472s
2025-11-14 09:14:26.271 65723 INFO tempest.lib.common.rest_client [req-42636572-a1e8-4c41-b74a-ee0123dd43c0 req-42636572-a1e8-4c41-b74a-ee0123dd43c0 ] Request (ServerActionsV293TestJSON:tearDownClass): 204 DELETE http://10.180.1.21/networking/v2.0/security-groups/c42a9f7c-a226-465b-93f7-2be7eb900103 0.104s
2025-11-14 09:14:26.294 65707 INFO tempest.lib.common.rest_client [req-4041009b-e16e-4f33-80f1-9906b5da320a req-4041009b-e16e-4f33-80f1-9906b5da320a ] Request (ServersTestBootFromVolume:tearDownClass): 200 GET http://10.180.1.21/compute/v2.1/servers/00b5a6a5-5c9f-4820-8671-7ccb33dc3995 0.528s
2025-11-14 09:14:26.312 65669 INFO tempest.lib.common.rest_client [req-56aeaee2-5d1a-4879-af92-8365d1c77ca0 req-56aeaee2-5d1a-4879-af92-8365d1c77ca0 ] Request (ServersAdminTestJSON:tearDownClass): 200 GET http://10.180.1.21/compute/v2.1/servers/3c6e5b56-5098-4fa7-85bf-d50fd8b6fe9a 0.492s
2025-11-14 09:14:26.316 65723 INFO tempest.lib.common.rest_client [req-2b593cbf-d803-4996-9637-115ffc4fb0c3 req-2b593cbf-d803-4996-9637-115ffc4fb0c3 ] Request (ServerActionsV293TestJSON:tearDownClass): 404 GET http://10.180.1.21/networking/v2.0/security-groups/c42a9f7c-a226-465b-93f7-2be7eb900103 0.045s
2025-11-14 09:14:26.582 65723 INFO tempest.lib.common.rest_client [req-74c25a61-d005-48dd-9a46-ef5950b5116b req-74c25a61-d005-48dd-9a46-ef5950b5116b ] Request (ServerActionsV293TestJSON:tearDownClass): 204 DELETE http://10.180.1.21/networking/v2.0/floatingips/98947cbc-1e4f-4351-a5c4-fea4faad29de 0.265s
2025-11-14 09:14:26.583 65723 ERROR tempest.test [-] teardown of resources failed: (, Resource %(resource_id)s failed to delete and is in ERROR status Details: Server 0120ce13-f669-4233-a761-e885d8bb0348 failed to delete and is in ERROR status. Fault: {'code': 500, 'created': '2025-11-14T09:14:19Z', 'message': 'Build of instance 0120ce13-f669-4233-a761-e885d8bb0348 aborted: Failed to rebuild volume backed instance.'}., ): testtools.runtest.MultipleExceptions: (, Resource %(resource_id)s failed to delete and is in ERROR status Details: Server 0120ce13-f669-4233-a761-e885d8bb0348 failed to delete and is in ERROR status. Fault: {'code': 500, 'created': '2025-11-14T09:14:19Z', 'message': 'Build of instance 0120ce13-f669-4233-a761-e885d8bb0348 aborted: Failed to rebuild volume backed instance.'}., )
2025-11-14 09:14:26.583 65723 ERROR tempest.test
Traceback (most recent call last):
2025-11-14 09:14:26.583 65723 ERROR tempest.test
File "/opt/stack/tempest/tempest/test.py", line 210, in tearDownClass
2025-11-14 09:14:26.583 65723 ERROR tempest.test teardown()
2025-11-14 09:14:26.583 65723 ERROR tempest.test
File "/opt/stack/tempest/tempest/test.py", line 628, in resource_cleanup
2025-11-14 09:14:26.583 65723 ERROR tempest.test raise testtools.MultipleExceptions(*cleanup_errors)
2025-11-14 09:14:26.583 65723 ERROR tempest.test testtools.runtest.MultipleExceptions: (, Resource %(resource_id)s failed to delete and is in ERROR status
2025-11-14 09:14:26.583 65723 ERROR tempest.test Details: Server 0120ce13-f669-4233-a761-e885d8bb0348 failed to delete and is in ERROR status. Fault: {'code': 500, 'created': '2025-11-14T09:14:19Z', 'message': 'Build of instance 0120ce13-f669-4233-a761-e885d8bb0348 aborted: Failed to rebuild volume backed instance.'}., )
2025-11-14 09:14:26.583 65723 ERROR tempest.test
2025-11-14 09:14:26.616 65709 INFO tempest.lib.common.rest_client [req-30b77f66-2c79-4d55-afa3-1e8a6b5014de req-30b77f66-2c79-4d55-afa3-1e8a6b5014de ] Request (AttachInterfacesTestJSON:test_create_list_show_delete_interfaces_by_fixed_ip): 200 GET http://10.180.1.21/compute/v2.1/servers/ee26ef56-78c7-42ab-a032-6832a53071c9/os-interface/4e4da979-8dd5-48e5-8631-f97ce1c977eb 0.750s
2025-11-14 09:14:26.635 65689 INFO tempest.lib.common.rest_client [req-15a8b977-c4ce-4e0b-aadc-62b85b5f722f req-15a8b977-c4ce-4e0b-aadc-62b85b5f722f ] Request (ServersAaction247Test:test_create_backup): 200 GET http://10.180.1.21/compute/v2.1/servers/c2ba77d4-35f0-4373-87cc-1511d905b3fc 0.762s
2025-11-14 09:14:26.776 65721 INFO tempest.lib.common.rest_client [req-15db5eb1-7ce9-48ea-a2b9-dfa7e6fa6e72 req-15db5eb1-7ce9-48ea-a2b9-dfa7e6fa6e72 ] Request (AttachInterfacesUnderV243Test:tearDownClass): 200 PUT http://10.180.1.21/networking/v2.0/routers/c2e32f00-e5eb-400d-bb23-a840467bfe20/remove_router_interface 1.186s
2025-11-14 09:14:26.804 65685 INFO tempest.lib.common.rest_client [req-02505fa3-a42e-403b-997c-998e085a118b req-02505fa3-a42e-403b-997c-998e085a118b ] Request (ListImageFiltersTestJSON:setUpClass): 200 GET http://10.180.1.21/compute/v2.1/servers/b040e22d-6bdb-4a61-a61c-9abe3b5e0cc8 0.878s
2025-11-14 09:14:26.810 65685 INFO tempest.common.waiters [-] State transition "BUILD/scheduling" ==> "BUILD/None" after 10 second wait
2025-11-14 09:14:26.874 65711 INFO tempest.lib.common.rest_client [req-b3c2b3af-0513-4357-aee1-e37684933e9a req-b3c2b3af-0513-4357-aee1-e37684933e9a ] Request (ServersAdmin275Test:test_rebuild_update_server_275): 200 GET http://10.180.1.21/compute/v2.1/servers/d3ff08ef-6377-4365-b3e6-ee2918e45417 0.863s
2025-11-14 09:14:26.908 65727 INFO tempest.lib.common.rest_client [req-0110c8a5-8fca-4238-9878-669305b7575f req-0110c8a5-8fca-4238-9878-669305b7575f ] Request (ImagesOneServerNegativeTestJSON:_run_cleanups): 204 DELETE http://10.180.1.21/compute/v2.1/servers/99b0b92f-45c3-41fe-938d-6ab1c384e6c5 0.843s
2025-11-14 09:14:27.323 65721 INFO tempest.lib.common.rest_client [req-0f9b2c40-2556-41ff-8683-81dc87abe7bc req-0f9b2c40-2556-41ff-8683-81dc87abe7bc ] Request (AttachInterfacesUnderV243Test:tearDownClass): 204 DELETE http://10.180.1.21/networking/v2.0/routers/c2e32f00-e5eb-400d-bb23-a840467bfe20 0.546s
2025-11-14 09:14:27.389 65671 INFO tempest.lib.common.rest_client [req-f47bb046-6c55-4207-9305-7a33f61be9f4 req-f47bb046-6c55-4207-9305-7a33f61be9f4 ] Request (ServerGroupTestJSON:_run_cleanups): 200 GET http://10.180.1.21/compute/v2.1/servers/b2c8498a-128e-40af-a503-2f22e1b9b9a3 1.323s
2025-11-14 09:14:27.401 65701 INFO tempest.lib.common.rest_client [req-2ad8d3ab-80a1-4bc4-b606-86a49de32e0e req-2ad8d3ab-80a1-4bc4-b606-86a49de32e0e ] Request (ImagesTestJSON:test_create_server_from_snapshot): 200 GET http://10.180.1.21/compute/v2.1/servers/aa1cbdfe-dbe6-486f-9ab2-646b6a4f30ba 1.274s
2025-11-14 09:14:27.428 65723 INFO tempest.lib.common.rest_client [req-930f0309-ca29-4914-8195-3a127ea407ca req-930f0309-ca29-4914-8195-3a127ea407ca ] Request (ServerActionsV293TestJSON:tearDownClass): 200 PUT http://10.180.1.21/networking/v2.0/routers/f0aeb7d4-c0bc-47a6-94ed-8bd893d79ce9/remove_router_interface 0.844s
2025-11-14 09:14:27.568 65721 INFO tempest.lib.common.rest_client [req-d6f790e1-4c5a-4547-adc3-6c826a625c22 req-d6f790e1-4c5a-4547-adc3-6c826a625c22 ] Request (AttachInterfacesUnderV243Test:tearDownClass): 204 DELETE http://10.180.1.21/networking/v2.0/subnets/17d61f60-073b-4755-88e2-ff6201642380 0.245s
2025-11-14 09:14:27.594 65677 INFO tempest.lib.common.rest_client [req-d8309070-40bd-4cf6-aedf-6082b6c0af87 req-d8309070-40bd-4cf6-aedf-6082b6c0af87 ] Request (ImagesNegativeTestJSON:test_create_image_from_deleted_server): 200 GET http://10.180.1.21/compute/v2.1/servers/5ed9ef5b-376d-4e91-a163-b284d8e73492 1.346s
2025-11-14 09:14:27.643 65697 INFO tempest.lib.common.rest_client [req-160c8b1c-215c-4af5-a13b-5e6365994dec req-160c8b1c-215c-4af5-a13b-5e6365994dec ] Request (ServerShowV247Test:tearDownClass): 200 GET http://10.180.1.21/compute/v2.1/servers/e12099d1-dbc9-4197-b65b-f739fc5dd31c 1.334s
2025-11-14 09:14:27.874 65723 INFO tempest.lib.common.rest_client [req-e2b8dc0b-abfe-42b5-b039-efcf8a875b2b req-e2b8dc0b-abfe-42b5-b039-efcf8a875b2b ] Request (ServerActionsV293TestJSON:tearDownClass): 204 DELETE http://10.180.1.21/networking/v2.0/routers/f0aeb7d4-c0bc-47a6-94ed-8bd893d79ce9 0.446s
2025-11-14 09:14:27.880 65721 INFO tempest.lib.common.rest_client [req-832fbbcc-c0a4-4e9b-9cd9-14c4b33aac8d req-832fbbcc-c0a4-4e9b-9cd9-14c4b33aac8d ] Request (AttachInterfacesUnderV243Test:tearDownClass): 204 DELETE http://10.180.1.21/networking/v2.0/networks/be1eb2d3-974a-47f0-857d-9c38cd910cfa 0.311s
2025-11-14 09:14:27.901 65699 INFO tempest.lib.common.rest_client [req-4747de68-82ea-4d5b-b21b-262d907c7188 req-4747de68-82ea-4d5b-b21b-262d907c7188 ] Request (ServerActionsTestJSON:setUpClass): 200 GET http://10.180.1.21/compute/v2.1/servers/e77e7108-0e89-4a65-ac80-dbaf4e0bf4ea 1.548s
2025-11-14 09:14:27.998 65721 INFO tempest.lib.common.rest_client [req-664f31c9-4169-4f89-b66c-27f7750936a3 req-664f31c9-4169-4f89-b66c-27f7750936a3 ] Request (AttachInterfacesUnderV243Test:tearDownClass): 204 DELETE http://10.180.1.21/identity/v3/users/e02ab824a7cf48a49f46d1951906646a 0.118s
2025-11-14 09:14:27.998 65721 INFO tempest.lib.common.dynamic_creds [-] Deleting project and security group for project: a72428e645024b0bb95abbfac37393ee
2025-11-14 09:14:28.058 65683 INFO tempest.lib.common.rest_client [req-e59d691f-0997-46d4-a207-28edd0949adf req-e59d691f-0997-46d4-a207-28edd0949adf ] Request (AttachVolumeTestJSON:test_attach_detach_volume): 200 GET http://10.180.1.21/compute/v2.1/servers/f21dd96c-71c9-435f-98cf-0a0f819140eb 1.532s
2025-11-14 09:14:28.098 65723 INFO tempest.lib.common.rest_client [req-2b6a5cb9-56e8-4dbc-8da0-2ea0a4a1386c req-2b6a5cb9-56e8-4dbc-8da0-2ea0a4a1386c ] Request (ServerActionsV293TestJSON:tearDownClass): 204 DELETE http://10.180.1.21/networking/v2.0/subnets/a35c6d26-e7e2-40ed-9f90-55fc198698d5 0.224s
2025-11-14 09:14:28.121 65721 INFO tempest.lib.common.rest_client [req-3e1e6d5a-d580-46c5-bd8e-758fab86def0 req-3e1e6d5a-d580-46c5-bd8e-758fab86def0 ] Request (AttachInterfacesUnderV243Test:tearDownClass): 200 GET http://10.180.1.21/networking/v2.0/security-groups?tenant_id=a72428e645024b0bb95abbfac37393ee&name=default 0.122s
2025-11-14 09:14:28.128 65681 INFO tempest.lib.common.rest_client [req-73066ef4-e651-4ca9-afe4-ec7643c50fc6 req-73066ef4-e651-4ca9-afe4-ec7643c50fc6 ] Request (MigrationsAdminTest:test_resize_server_revert_deleted_flavor): 200 GET http://10.180.1.21/compute/v2.1/servers/abd1eefc-d2b6-47f5-a2a5-d538deb761f4 1.651s
2025-11-14 09:14:28.151 65665 INFO tempest.lib.common.rest_client [req-c9733148-6f52-4435-b2e6-f5afcbc8dc67 req-c9733148-6f52-4435-b2e6-f5afcbc8dc67 ] Request (ServersWithSpecificFlavorTestJSON:test_verify_created_server_ephemeral_disk): 200 GET http://10.180.1.21/compute/v2.1/servers/8cd6c7df-45a5-4c12-9148-af828d5c92d1 1.573s
2025-11-14 09:14:28.238 65721 INFO tempest.lib.common.rest_client [req-723b484d-13c0-4e9d-9c30-a5fb2ad83199 req-723b484d-13c0-4e9d-9c30-a5fb2ad83199 ] Request (AttachInterfacesUnderV243Test:tearDownClass): 204 DELETE http://10.180.1.21/networking/v2.0/security-groups/1c24f89e-2fc4-4e55-8745-732a9c738cb4 0.117s
2025-11-14 09:14:28.331 65709 INFO tempest.lib.common.rest_client [req-ccbbb9ed-2743-4921-bf4f-6107e58da848 req-ccbbb9ed-2743-4921-bf4f-6107e58da848 ] Request (AttachInterfacesTestJSON:test_create_list_show_delete_interfaces_by_fixed_ip): 200 GET http://10.180.1.21/compute/v2.1/servers/ee26ef56-78c7-42ab-a032-6832a53071c9/os-interface 1.713s
2025-11-14 09:14:28.386 65721 INFO tempest.lib.common.rest_client [req-104ef840-46de-4a75-ad83-e005fd3b29cb req-104ef840-46de-4a75-ad83-e005fd3b29cb ] Request (AttachInterfacesUnderV243Test:tearDownClass): 204 DELETE http://10.180.1.21/identity/v3/projects/a72428e645024b0bb95abbfac37393ee 0.147s
2025-11-14 09:14:28.420 65723 INFO tempest.lib.common.rest_client [req-79390162-b672-4ce8-a141-52bb57dbe1b8 req-79390162-b672-4ce8-a141-52bb57dbe1b8 ] Request (ServerActionsV293TestJSON:tearDownClass): 204 DELETE http://10.180.1.21/networking/v2.0/networks/ecba955e-59ef-4f0a-9a91-27a3736db5e1 0.321s
2025-11-14 09:14:28.459 65687 INFO tempest.lib.common.rest_client [req-4e5a4ea8-20c4-4465-897d-c8f1d8ebbd5c req-4e5a4ea8-20c4-4465-897d-c8f1d8ebbd5c ] Request (ServerDiskConfigTestJSON:test_resize_server_from_auto_to_manual): 200 GET http://10.180.1.21/compute/v2.1/servers/75779b88-c777-41b0-8a1f-d99c8aa131e2 1.551s
2025-11-14 09:14:28.496 65721 INFO tempest.lib.common.rest_client [req-d83e51b8-af76-4c59-b3d3-e9cc61e0bbeb req-d83e51b8-af76-4c59-b3d3-e9cc61e0bbeb ] Request (ServerMetadataTestJSON:setUpClass): 201 POST http://10.180.1.21/identity/v3/auth/tokens 0.108s
2025-11-14 09:14:28.519 65727 INFO tempest.lib.common.rest_client [req-64727ebe-1fa6-4fb0-a033-f4324a4dcea2 req-64727ebe-1fa6-4fb0-a033-f4324a4dcea2 ] Request (ImagesOneServerNegativeTestJSON:_run_cleanups): 200 GET http://10.180.1.21/compute/v2.1/servers/99b0b92f-45c3-41fe-938d-6ab1c384e6c5 1.610s
2025-11-14 09:14:28.541 65721 INFO tempest.lib.common.rest_client [req-75fc8cab-6518-44a5-a1e2-656ed620e827 req-75fc8cab-6518-44a5-a1e2-656ed620e827 ] Request (ServerMetadataTestJSON:setUpClass): 201 POST http://10.180.1.21/identity/v3/auth/tokens 0.042s
2025-11-14 09:14:28.561 65715 INFO tempest.lib.common.rest_client [req-7fdc6117-9d80-44b5-96db-d1013c7e47d9 req-7fdc6117-9d80-44b5-96db-d1013c7e47d9 ] Request (DeleteServersTestJSON:test_delete_server_while_in_attached_volume): 200 GET http://10.180.1.21/compute/v2.1/servers/975b491f-8825-40d1-a4c5-9e4913d1b17f 1.530s
2025-11-14 09:14:28.598 65723 INFO tempest.lib.common.rest_client [req-79d665ca-17e5-4caf-810b-95499d7198b9 req-79d665ca-17e5-4caf-810b-95499d7198b9 ] Request (ServerActionsV293TestJSON:tearDownClass): 204 DELETE http://10.180.1.21/identity/v3/users/287ee4dde5ab4d78b42485af88153801 0.178s
2025-11-14 09:14:28.599 65723 INFO tempest.lib.common.dynamic_creds [-] Deleting project and security group for project: 7a3b25e48b454aff9933b088c3acc1c0
2025-11-14 09:14:28.624 65675 INFO tempest.lib.common.rest_client [req-2fc0ae3c-f1fe-44fb-bc9c-f9f731ad5bc9 req-2fc0ae3c-f1fe-44fb-bc9c-f9f731ad5bc9 ] Request (ListServerFiltersTestJSON:tearDownClass): 200 GET http://10.180.1.21/compute/v2.1/servers/1203c5af-30f7-4cba-a4d6-998b5806ae71 1.526s
2025-11-14 09:14:28.635 65721 INFO tempest.lib.common.rest_client [req-0abb0afa-4cb6-45d1-a1ee-13c89a719a6c req-0abb0afa-4cb6-45d1-a1ee-13c89a719a6c ] Request (ServerMetadataTestJSON:setUpClass): 200 GET http://10.180.1.21/identity/v3/domains?name=Default 0.093s
2025-11-14 09:14:28.640 65667 INFO tempest.lib.common.rest_client [req-d9f34db1-4dda-46e9-b74d-b1b47bff9045 req-d9f34db1-4dda-46e9-b74d-b1b47bff9045 ] Request (VolumesAdminNegativeTest:tearDownClass): 200 GET http://10.180.1.21/compute/v2.1/servers/595b764d-315b-4895-90b5-34a34410b033 1.513s
2025-11-14 09:14:28.641 65723 INFO tempest.lib.common.rest_client [req-8f386c16-031c-4c9a-8664-6796e85cc844 req-8f386c16-031c-4c9a-8664-6796e85cc844 ] Request (ServerActionsV293TestJSON:tearDownClass): 200 GET http://10.180.1.21/networking/v2.0/security-groups?tenant_id=7a3b25e48b454aff9933b088c3acc1c0&name=default 0.042s
2025-11-14 09:14:28.648 65725 INFO tempest.lib.common.rest_client [req-cf28f3eb-58a5-441a-b9de-bc37b6cabe6e req-cf28f3eb-58a5-441a-b9de-bc37b6cabe6e ] Request (ServersAdminNegativeTestJSON:tearDownClass): 404 GET http://10.180.1.21/compute/v2.1/servers/1198641a-fc81-48d2-a9d5-15321c80719c 1.491s
2025-11-14 09:14:28.723 65673 INFO tempest.lib.common.rest_client [req-205027b3-76f8-4ce6-bae7-a63f344f87ab req-205027b3-76f8-4ce6-bae7-a63f344f87ab ] Request (SecurityGroupsTestJSON:test_server_security_groups): 200 GET http://10.180.1.21/compute/v2.1/servers/8ddd4b00-c804-4c11-a462-86cd44c11636 1.536s
2025-11-14 09:14:28.727 65721 INFO tempest.lib.common.rest_client [req-b9551757-641b-47ea-8631-c67af83c3694 req-b9551757-641b-47ea-8631-c67af83c3694 ] Request (ServerMetadataTestJSON:setUpClass): 201 POST http://10.180.1.21/identity/v3/projects 0.092s
2025-11-14 09:14:28.738 65707 INFO tempest.lib.common.rest_client [req-22eaa49e-da00-48e2-a5b6-0c908de088bb req-22eaa49e-da00-48e2-a5b6-0c908de088bb ] Request (ServersTestBootFromVolume:tearDownClass): 200 GET http://10.180.1.21/compute/v2.1/servers/00b5a6a5-5c9f-4820-8671-7ccb33dc3995 1.430s
2025-11-14 09:14:28.741 65723 INFO tempest.lib.common.rest_client [req-f42d84b6-849d-4438-ad5d-177ed8b0ef99 req-f42d84b6-849d-4438-ad5d-177ed8b0ef99 ] Request (ServerActionsV293TestJSON:tearDownClass): 204 DELETE http://10.180.1.21/networking/v2.0/security-groups/521e137b-7230-4e4d-96ba-73347d6ca5b4 0.099s
2025-11-14 09:14:28.760 65725 INFO tempest.lib.common.rest_client [req-f7bbdf7c-d2a4-4369-8d9f-0d0b56beff63 req-f7bbdf7c-d2a4-4369-8d9f-0d0b56beff63 ] Request (ServersAdminNegativeTestJSON:tearDownClass): 204 DELETE http://10.180.1.21/identity/v3/users/b31187203e5c412888b1bab32f38ea1a 0.112s
2025-11-14 09:14:28.784 65669 INFO tempest.lib.common.rest_client [req-f3b95409-bde6-4bd6-9966-224d207047b1 req-f3b95409-bde6-4bd6-9966-224d207047b1 ] Request (ServersAdminTestJSON:tearDownClass): 200 GET http://10.180.1.21/compute/v2.1/servers/3c6e5b56-5098-4fa7-85bf-d50fd8b6fe9a 1.460s
2025-11-14 09:14:28.801 65689 INFO tempest.lib.common.rest_client [req-bbf36d24-3470-4bd5-a0ef-4accbe530ef6 req-bbf36d24-3470-4bd5-a0ef-4accbe530ef6 ] Request (ServersAaction247Test:test_create_backup): 200 GET http://10.180.1.21/compute/v2.1/servers/c2ba77d4-35f0-4373-87cc-1511d905b3fc 1.154s
2025-11-14 09:14:28.815 65721 INFO tempest.lib.common.rest_client [req-bd40c379-22db-4f57-8b1c-92672e87b707 req-bd40c379-22db-4f57-8b1c-92672e87b707 ] Request (ServerMetadataTestJSON:setUpClass): 201 POST http://10.180.1.21/identity/v3/users 0.087s
2025-11-14 09:14:28.839 65685 INFO tempest.lib.common.rest_client [req-0d2372cc-6508-4e36-9d7a-2b2da492238c req-0d2372cc-6508-4e36-9d7a-2b2da492238c ] Request (ListImageFiltersTestJSON:setUpClass): 200 GET http://10.180.1.21/compute/v2.1/servers/b040e22d-6bdb-4a61-a61c-9abe3b5e0cc8 1.027s
2025-11-14 09:14:28.849 65723 INFO tempest.lib.common.rest_client [req-bb72fa6d-c083-4392-acc3-8643c694244b req-bb72fa6d-c083-4392-acc3-8643c694244b ] Request (ServerActionsV293TestJSON:tearDownClass): 204 DELETE http://10.180.1.21/identity/v3/projects/7a3b25e48b454aff9933b088c3acc1c0 0.107s
2025-11-14 09:14:28.869 65711 INFO tempest.lib.common.rest_client [req-9670ee54-ee62-4805-8dbf-3c02f23bfda8 req-9670ee54-ee62-4805-8dbf-3c02f23bfda8 ] Request (ServersAdmin275Test:test_rebuild_update_server_275): 200 GET http://10.180.1.21/compute/v2.1/servers/d3ff08ef-6377-4365-b3e6-ee2918e45417 0.984s
2025-11-14 09:14:28.873 65725 INFO tempest.lib.common.rest_client [req-c81dc7ed-6c0f-4d87-991d-4726ff06e54e req-c81dc7ed-6c0f-4d87-991d-4726ff06e54e ] Request (ServersAdminNegativeTestJSON:tearDownClass): 204 DELETE http://10.180.1.21/identity/v3/users/9e7c488cf6ee4c2db09c2567f3a404d2 0.113s
2025-11-14 09:14:28.873 65725 INFO tempest.lib.common.dynamic_creds [-] Deleting project and security group for project: afe44175ad7648ea9f662706ce764c18
2025-11-14 09:14:28.932 65671 INFO tempest.lib.common.rest_client [req-4a598506-cf97-48de-a0a8-868e29b1a82f req-4a598506-cf97-48de-a0a8-868e29b1a82f ] Request (ServerGroupTestJSON:_run_cleanups): 200 GET http://10.180.1.21/compute/v2.1/servers/b2c8498a-128e-40af-a503-2f22e1b9b9a3 0.533s
2025-11-14 09:14:28.948 65723 INFO tempest.lib.common.rest_client [req-4b865c7c-03c6-4248-82c4-5fa64689970e req-4b865c7c-03c6-4248-82c4-5fa64689970e ] Request (ServerAddressesTestJSON:setUpClass): 201 POST http://10.180.1.21/identity/v3/auth/tokens 0.096s
2025-11-14 09:14:28.949 65721 INFO tempest.lib.common.rest_client [req-1b04c8be-4267-44e0-adb5-a7f7b001687d req-1b04c8be-4267-44e0-adb5-a7f7b001687d ] Request (ServerMetadataTestJSON:setUpClass): 200 GET http://10.180.1.21/identity/v3/roles 0.133s
2025-11-14 09:14:28.960 65709 INFO tempest.lib.common.rest_client [req-cce37e7d-ac0f-4f82-8a61-338cb786dc16 req-cce37e7d-ac0f-4f82-8a61-338cb786dc16 ] Request (AttachInterfacesTestJSON:test_create_list_show_delete_interfaces_by_fixed_ip): 200 GET http://10.180.1.21/compute/v2.1/servers/ee26ef56-78c7-42ab-a032-6832a53071c9/os-interface/43eb4f50-49c3-4caa-8ef0-c987ca652e1b 0.626s
2025-11-14 09:14:28.978 65725 INFO tempest.lib.common.rest_client [req-57539098-df5b-44d4-a10d-2d564f6f9fad req-57539098-df5b-44d4-a10d-2d564f6f9fad ] Request (ServersAdminNegativeTestJSON:tearDownClass): 201 POST http://10.180.1.21/identity/v3/auth/tokens 0.104s
2025-11-14 09:14:28.987 65721 INFO tempest.lib.common.rest_client [req-13da1321-d5b8-47d5-9d4d-25a09b7928d9 req-13da1321-d5b8-47d5-9d4d-25a09b7928d9 ] Request (ServerMetadataTestJSON:setUpClass): 204 PUT http://10.180.1.21/identity/v3/projects/58f9c9fcda34408abb0324f9dbbb97bd/users/a68c885050cf4800929b8869deb7ceb9/roles/4922d35a73c64ef48bec5cc77b709980 0.037s
2025-11-14 09:14:28.987 65721 INFO tempest.lib.common.dynamic_creds [-] Dynamic test user a68c885050cf4800929b8869deb7ceb9 is created with scope project and roles: ['member']
2025-11-14 09:14:28.987 65721 INFO tempest.lib.common.dynamic_creds [-] Acquired dynamic creds: credentials: Credentials: {'domain_id': 'default', 'domain_name': 'Default', 'username': 'tempest-ServerMetadataTestJSON-1228253742-project-member', 'project_domain_id': 'default', 'project_domain_name': 'Default', 'project_id': '58f9c9fcda34408abb0324f9dbbb97bd', 'project_name': 'tempest-ServerMetadataTestJSON-1228253742', 'tenant_id': '58f9c9fcda34408abb0324f9dbbb97bd', 'tenant_name': 'tempest-ServerMetadataTestJSON-1228253742', 'user_domain_id': 'default', 'user_domain_name': 'Default', 'user_id': 'a68c885050cf4800929b8869deb7ceb9', 'system': None}, Network: None, Subnet: None, Router: None
2025-11-14 09:14:29.013 65701 INFO tempest.lib.common.rest_client [req-2d6119bb-d81e-4960-ac08-f1d285331672 req-2d6119bb-d81e-4960-ac08-f1d285331672 ] Request (ImagesTestJSON:test_create_server_from_snapshot): 200 GET http://10.180.1.21/compute/v2.1/servers/aa1cbdfe-dbe6-486f-9ab2-646b6a4f30ba 0.603s
2025-11-14 09:14:29.037 65677 INFO tempest.lib.common.rest_client [req-9fabaf6a-e95e-4cc7-88fd-1802a317d37f req-9fabaf6a-e95e-4cc7-88fd-1802a317d37f ] Request (ImagesNegativeTestJSON:test_create_image_from_deleted_server): 200 GET http://10.180.1.21/compute/v2.1/servers/5ed9ef5b-376d-4e91-a163-b284d8e73492 0.434s
2025-11-14 09:14:29.037 65723 INFO tempest.lib.common.rest_client [req-1057b895-7bbd-42a8-b07c-35798140db6c req-1057b895-7bbd-42a8-b07c-35798140db6c ] Request (ServerAddressesTestJSON:setUpClass): 201 POST http://10.180.1.21/identity/v3/auth/tokens 0.083s
2025-11-14 09:14:29.064 65721 INFO tempest.lib.common.rest_client [req-22599fc6-77a1-45cc-8cff-4045a22869f2 req-22599fc6-77a1-45cc-8cff-4045a22869f2 ] Request (ServerMetadataTestJSON:setUpClass): 201 POST http://10.180.1.21/identity/v3/auth/tokens 0.076s
2025-11-14 09:14:29.077 65723 INFO tempest.lib.common.rest_client [req-db8e4d80-4ff8-448d-8193-5af9577cbfa3 req-db8e4d80-4ff8-448d-8193-5af9577cbfa3 ] Request (ServerAddressesTestJSON:setUpClass): 200 GET http://10.180.1.21/identity/v3/domains?name=Default 0.040s
2025-11-14 09:14:29.081 65725 INFO tempest.lib.common.rest_client [req-b68f037f-0156-425d-aa7d-aa60c4c41141 req-b68f037f-0156-425d-aa7d-aa60c4c41141 ] Request (ServersAdminNegativeTestJSON:tearDownClass): 200 GET http://10.180.1.21/networking/v2.0/security-groups?tenant_id=afe44175ad7648ea9f662706ce764c18&name=default 0.103s
2025-11-14 09:14:29.085 65697 INFO tempest.lib.common.rest_client [req-1bac30ff-567d-4d94-b817-fb804e5caadb req-1bac30ff-567d-4d94-b817-fb804e5caadb ] Request (ServerShowV247Test:tearDownClass): 200 GET http://10.180.1.21/compute/v2.1/servers/e12099d1-dbc9-4197-b65b-f739fc5dd31c 0.425s
2025-11-14 09:14:29.105 65699 INFO tempest.lib.common.rest_client [req-bbd4531e-8f85-4fb3-b989-5b055cf469be req-bbd4531e-8f85-4fb3-b989-5b055cf469be ] Request (ServerActionsTestJSON:setUpClass): 200 GET http://10.180.1.21/compute/v2.1/servers/e77e7108-0e89-4a65-ac80-dbaf4e0bf4ea 0.196s
2025-11-14 09:14:29.109 65723 INFO tempest.lib.common.rest_client [req-9c1517ba-3f1f-48f4-9542-26bb27ac19d6 req-9c1517ba-3f1f-48f4-9542-26bb27ac19d6 ] Request (ServerAddressesTestJSON:setUpClass): 201 POST http://10.180.1.21/identity/v3/projects 0.031s
2025-11-14 09:14:29.137 65709 INFO tempest.lib.common.rest_client [req-e8fde6c0-5946-4a2e-8d70-ac0f8b474037 req-e8fde6c0-5946-4a2e-8d70-ac0f8b474037 ] Request (AttachInterfacesTestJSON:test_create_list_show_delete_interfaces_by_fixed_ip): 202 DELETE http://10.180.1.21/compute/v2.1/servers/ee26ef56-78c7-42ab-a032-6832a53071c9/os-interface/4e4da979-8dd5-48e5-8631-f97ce1c977eb 0.175s
2025-11-14 09:14:29.168 65723 INFO tempest.lib.common.rest_client [req-c3a81aba-a7b5-49df-ae2c-462e472dc278 req-c3a81aba-a7b5-49df-ae2c-462e472dc278 ] Request (ServerAddressesTestJSON:setUpClass): 201 POST http://10.180.1.21/identity/v3/users 0.059s
2025-11-14 09:14:29.190 65723 INFO tempest.lib.common.rest_client [req-0f1773dc-535b-4e28-a935-d18cf2985adc req-0f1773dc-535b-4e28-a935-d18cf2985adc ] Request (ServerAddressesTestJSON:setUpClass): 200 GET http://10.180.1.21/identity/v3/roles 0.021s
2025-11-14 09:14:29.222 65723 INFO tempest.lib.common.rest_client [req-44107254-9c98-43b3-b658-168b93029e5c req-44107254-9c98-43b3-b658-168b93029e5c ] Request (ServerAddressesTestJSON:setUpClass): 204 PUT http://10.180.1.21/identity/v3/projects/d158ac9d0f4d4198b87e97d7955a02af/users/7c8985b6db2049e1a7776b848095771c/roles/4922d35a73c64ef48bec5cc77b709980 0.031s
2025-11-14 09:14:29.222 65723 INFO tempest.lib.common.dynamic_creds [-] Dynamic test user 7c8985b6db2049e1a7776b848095771c is created with scope project and roles: ['member']
2025-11-14 09:14:29.222 65723 INFO tempest.lib.common.dynamic_creds [-] Acquired dynamic creds: credentials: Credentials: {'domain_id': 'default', 'domain_name': 'Default', 'username': 'tempest-ServerAddressesTestJSON-491018872-project-member', 'project_domain_id': 'default', 'project_domain_name': 'Default', 'project_id': 'd158ac9d0f4d4198b87e97d7955a02af', 'project_name': 'tempest-ServerAddressesTestJSON-491018872', 'tenant_id': 'd158ac9d0f4d4198b87e97d7955a02af', 'tenant_name': 'tempest-ServerAddressesTestJSON-491018872', 'user_domain_id': 'default', 'user_domain_name': 'Default', 'user_id': '7c8985b6db2049e1a7776b848095771c', 'system': None}, Network: None, Subnet: None, Router: None
2025-11-14 09:14:29.234 65725 INFO tempest.lib.common.rest_client [req-79a7da13-e1b1-49d9-990f-af6208a9b8c7 req-79a7da13-e1b1-49d9-990f-af6208a9b8c7 ] Request (ServersAdminNegativeTestJSON:tearDownClass): 204 DELETE http://10.180.1.21/networking/v2.0/security-groups/b33ac6bd-2fe0-454e-90d1-1b75985c9704 0.152s
2025-11-14 09:14:29.284 65723 INFO tempest.lib.common.rest_client [req-ed3656b3-66c8-4492-8414-f611b5ca17d7 req-ed3656b3-66c8-4492-8414-f611b5ca17d7 ] Request (ServerAddressesTestJSON:setUpClass): 201 POST http://10.180.1.21/identity/v3/auth/tokens 0.061s
2025-11-14 09:14:29.310 65721 INFO tempest.lib.common.rest_client [req-947b22fd-5089-4972-a59f-244a2ee82bfe req-947b22fd-5089-4972-a59f-244a2ee82bfe ] Request (ServerMetadataTestJSON:setUpClass): 201 POST http://10.180.1.21/networking/v2.0/networks 0.246s
2025-11-14 09:14:29.345 65683 INFO tempest.lib.common.rest_client [req-94b6341f-67db-4442-8696-e162160918b6 req-94b6341f-67db-4442-8696-e162160918b6 ] Request (AttachVolumeTestJSON:test_attach_detach_volume): 200 GET http://10.180.1.21/compute/v2.1/servers/f21dd96c-71c9-435f-98cf-0a0f819140eb 0.279s
2025-11-14 09:14:29.363 65725 INFO tempest.lib.common.rest_client [req-dea6610f-42c1-47ac-a9a8-dd0d55d43563 req-dea6610f-42c1-47ac-a9a8-dd0d55d43563 ] Request (ServersAdminNegativeTestJSON:tearDownClass): 204 DELETE http://10.180.1.21/identity/v3/projects/afe44175ad7648ea9f662706ce764c18 0.128s
2025-11-14 09:14:29.363 65725 INFO tempest.lib.common.dynamic_creds [-] Deleting project and security group for project: 54e9e4a6e68c4111a605586a092948be
2025-11-14 09:14:29.366 65709 INFO tempest.lib.common.rest_client [req-fe436057-811b-4c0d-86a2-0527e3ddddc3 req-fe436057-811b-4c0d-86a2-0527e3ddddc3 ] Request (AttachInterfacesTestJSON:test_create_list_show_delete_interfaces_by_fixed_ip): 200 GET http://10.180.1.21/compute/v2.1/servers/ee26ef56-78c7-42ab-a032-6832a53071c9/os-interface 0.228s
2025-11-14 09:14:29.684 65723 INFO tempest.lib.common.rest_client [req-d763eeea-345a-406f-b431-fe4b48500768 req-d763eeea-345a-406f-b431-fe4b48500768 ] Request (ServerAddressesTestJSON:setUpClass): 201 POST http://10.180.1.21/networking/v2.0/networks 0.400s
2025-11-14 09:14:29.693 65721 INFO tempest.lib.common.rest_client [req-87546dfd-b58b-41fc-a14f-d203b2d9a6ed req-87546dfd-b58b-41fc-a14f-d203b2d9a6ed ] Request (ServerMetadataTestJSON:setUpClass): 201 POST http://10.180.1.21/networking/v2.0/subnets 0.381s
2025-11-14 09:14:29.706 65725 INFO tempest.lib.common.rest_client [req-fe3fe914-0b84-41db-921a-df86dd150475 req-fe3fe914-0b84-41db-921a-df86dd150475 ] Request (ServersAdminNegativeTestJSON:tearDownClass): 200 GET http://10.180.1.21/networking/v2.0/security-groups?tenant_id=54e9e4a6e68c4111a605586a092948be&name=default 0.343s
2025-11-14 09:14:29.744 65665 INFO tempest.lib.common.rest_client [req-b5394fcf-bfc3-4f32-a4d0-6f27e43de965 req-b5394fcf-bfc3-4f32-a4d0-6f27e43de965 ] Request (ServersWithSpecificFlavorTestJSON:test_verify_created_server_ephemeral_disk): 200 GET http://10.180.1.21/compute/v2.1/servers/8cd6c7df-45a5-4c12-9148-af828d5c92d1 0.585s
2025-11-14 09:14:29.795 65695 WARNING tempest.lib.common.ssh [-] Failed to establish authenticated ssh connection to cirros@10.180.180.183 ([Errno None] Unable to connect to port 22 on 10.180.180.183). Number attempts: 1. Retry after 2 seconds.: paramiko.ssh_exception.NoValidConnectionsError: [Errno None] Unable to connect to port 22 on 10.180.180.183
2025-11-14 09:14:29.878 65723 INFO tempest.lib.common.rest_client [req-b02b10ef-a1f9-4bd4-9498-5277ee9f8863 req-b02b10ef-a1f9-4bd4-9498-5277ee9f8863 ] Request (ServerAddressesTestJSON:setUpClass): 201 POST http://10.180.1.21/networking/v2.0/subnets 0.193s
2025-11-14 09:14:29.976 65725 INFO tempest.lib.common.rest_client [req-0e61955e-ee99-46fd-b322-bbbe3761e57f req-0e61955e-ee99-46fd-b322-bbbe3761e57f ] Request (ServersAdminNegativeTestJSON:tearDownClass): 204 DELETE http://10.180.1.21/networking/v2.0/security-groups/59123a7a-85a7-41a6-b4a8-670f2472269f 0.269s
2025-11-14 09:14:30.050 65681 INFO tempest.lib.common.rest_client [req-161ed148-b20c-4e4f-9f32-a9281a4045b9 req-161ed148-b20c-4e4f-9f32-a9281a4045b9 ] Request (MigrationsAdminTest:test_resize_server_revert_deleted_flavor): 200 GET http://10.180.1.21/compute/v2.1/servers/abd1eefc-d2b6-47f5-a2a5-d538deb761f4 0.906s
2025-11-14 09:14:30.056 65725 INFO tempest.lib.common.rest_client [req-72f50234-7ec0-41d7-a45c-fa140cf8c51b req-72f50234-7ec0-41d7-a45c-fa140cf8c51b ] Request (ServersAdminNegativeTestJSON:tearDownClass): 204 DELETE http://10.180.1.21/identity/v3/projects/54e9e4a6e68c4111a605586a092948be 0.080s
2025-11-14 09:14:30.132 65725 INFO tempest.lib.common.rest_client [req-e33d8921-95eb-42c6-9f42-008f73770fa0 req-e33d8921-95eb-42c6-9f42-008f73770fa0 ] Request (ServerGroup264TestJSON:setUpClass): 201 POST http://10.180.1.21/identity/v3/auth/tokens 0.075s
2025-11-14 09:14:30.162 65725 INFO tempest.lib.common.rest_client [req-dd8b6864-78fe-471c-9f3f-7d813e9080c8 req-dd8b6864-78fe-471c-9f3f-7d813e9080c8 ] Request (ServerGroup264TestJSON:setUpClass): 201 POST http://10.180.1.21/identity/v3/auth/tokens 0.027s
2025-11-14 09:14:30.186 65725 INFO tempest.lib.common.rest_client [req-5a99c3a2-9e4a-4ad8-8fef-7c40f25a880b req-5a99c3a2-9e4a-4ad8-8fef-7c40f25a880b ] Request (ServerGroup264TestJSON:setUpClass): 200 GET http://10.180.1.21/identity/v3/domains?name=Default 0.023s
2025-11-14 09:14:30.214 65725 INFO tempest.lib.common.rest_client [req-e843ec27-c4c2-46c6-8762-5250459ab546 req-e843ec27-c4c2-46c6-8762-5250459ab546 ] Request (ServerGroup264TestJSON:setUpClass): 201 POST http://10.180.1.21/identity/v3/projects 0.027s
2025-11-14 09:14:30.268 65725 INFO tempest.lib.common.rest_client [req-d88a8f50-82b5-40a8-98e0-0fd682173fb7 req-d88a8f50-82b5-40a8-98e0-0fd682173fb7 ] Request (ServerGroup264TestJSON:setUpClass): 201 POST http://10.180.1.21/identity/v3/users 0.054s
