2025-11-14 09:12:55.582 65709 INFO tempest.lib.common.rest_client [req-ce124070-fd37-4961-ae90-d4ae72bb2cc0 req-ce124070-fd37-4961-ae90-d4ae72bb2cc0 ] Request (AttachInterfacesTestJSON:test_create_list_show_delete_interfaces_by_fixed_ip): 200 GET http://10.180.1.21/compute/v2.1/servers/ee26ef56-78c7-42ab-a032-6832a53071c9 0.798s
2025-11-14 09:12:55.602 65687 INFO tempest.lib.common.rest_client [req-3a0c199a-e52d-4c61-9ece-26ccafc9699c req-3a0c199a-e52d-4c61-9ece-26ccafc9699c ] Request (ServerDiskConfigTestJSON:test_rebuild_server_with_manual_disk_config): 200 GET http://10.180.1.21/compute/v2.1/servers/bb529f7e-5d01-4d34-902a-41f63dd50aff 0.785s
2025-11-14 09:12:55.657 65699 INFO tempest.lib.common.rest_client [req-189b35bb-798f-4f94-ab59-840e4125a5c0 req-189b35bb-798f-4f94-ab59-840e4125a5c0 ] Request (InstanceActionsNegativeTestJSON:tearDownClass): 200 GET http://10.180.1.21/compute/v2.1/servers/e017c3fe-d5f2-48b5-9c6e-1460aaadbad4 0.753s
2025-11-14 09:12:55.658 65667 INFO tempest.lib.common.rest_client [req-84b8356a-49b1-4645-b53e-c11e4015a3ed req-84b8356a-49b1-4645-b53e-c11e4015a3ed ] Request (VolumesAdminNegativeTest:setUpClass): 201 POST http://10.180.1.21/identity/v3/auth/tokens 0.083s
2025-11-14 09:12:55.699 65667 INFO tempest.lib.common.rest_client [req-5fafeb41-19b1-4666-8eb3-fbbbbb0786b9 req-5fafeb41-19b1-4666-8eb3-fbbbbb0786b9 ] Request (VolumesAdminNegativeTest:setUpClass): 201 POST http://10.180.1.21/identity/v3/auth/tokens 0.034s
2025-11-14 09:12:55.700 65695 INFO tempest.lib.common.rest_client [req-9da05825-c899-4cbb-9eda-700730f7b017 req-9da05825-c899-4cbb-9eda-700730f7b017 ] Request (ServerExternalEventsTest:tearDownClass): 200 GET http://10.180.1.21/compute/v2.1/servers/326fba28-76f8-493a-9a3c-42ce85b5962d 0.714s
2025-11-14 09:12:55.723 65711 INFO tempest.lib.common.rest_client [req-cae51b5b-d472-4aa1-9696-2009e04350de req-cae51b5b-d472-4aa1-9696-2009e04350de ] Request (ServerDiagnosticsV248Test:tearDownClass): 200 GET http://10.180.1.21/compute/v2.1/servers/4a5509bf-4263-4d86-bafd-ed9ee48ec64d 0.686s
2025-11-14 09:12:55.734 65667 INFO tempest.lib.common.rest_client [req-d2da05e3-add5-45e3-9b22-97ebb42a1117 req-d2da05e3-add5-45e3-9b22-97ebb42a1117 ] Request (VolumesAdminNegativeTest:setUpClass): 200 GET http://10.180.1.21/identity/v3/domains?name=Default 0.035s
2025-11-14 09:12:55.764 65701 INFO tempest.lib.common.rest_client [req-c2fac63c-f046-4aa6-a39b-daea933e8472 req-c2fac63c-f046-4aa6-a39b-daea933e8472 ] Request (ImagesTestJSON:test_create_image_from_suspended_server): 200 GET http://10.180.1.21/compute/v2.1/servers/1162b4c4-0d10-444c-b72f-ef5051b6bc5b 0.714s
2025-11-14 09:12:55.769 65667 INFO tempest.lib.common.rest_client [req-d43e345d-659d-4b31-97cc-f1bf2d31ede0 req-d43e345d-659d-4b31-97cc-f1bf2d31ede0 ] Request (VolumesAdminNegativeTest:setUpClass): 201 POST http://10.180.1.21/identity/v3/projects 0.030s
2025-11-14 09:12:55.793 65727 INFO tempest.lib.common.rest_client [req-f384a0b3-3fa4-480e-b094-4b52c6ef7617 req-f384a0b3-3fa4-480e-b094-4b52c6ef7617 ] Request (ImagesOneServerNegativeTestJSON:_run_cleanups): 200 GET http://10.180.1.21/compute/v2.1/servers/d913327f-26d4-4a7b-8656-c07bea24fc25 0.675s
2025-11-14 09:12:55.834 65704 INFO tempest.lib.common.rest_client [req-f9ef27d7-74c3-4cd2-9391-de21ae6f4991 req-f9ef27d7-74c3-4cd2-9391-de21ae6f4991 ] Request (ServersTestFqdnHostnames:test_create_server_with_fqdn_name): 200 GET http://10.180.1.21/compute/v2.1/servers/f4354dec-ba6a-4809-8bb8-5335ef4fc3a9 0.651s
2025-11-14 09:12:55.871 65713 INFO tempest.lib.common.rest_client [req-b3796d20-2f9c-4b39-a07d-cccbf4d71a6f req-b3796d20-2f9c-4b39-a07d-cccbf4d71a6f ] Request (ServerShowV257Test:tearDownClass): 200 GET http://10.180.1.21/compute/v2.1/servers/5f4d9851-6d07-410f-b145-8c12ef089ef0 0.638s
2025-11-14 09:12:55.891 65667 INFO tempest.lib.common.rest_client [req-d085aed2-4478-47d6-ad0b-c388a0f9f2a6 req-d085aed2-4478-47d6-ad0b-c388a0f9f2a6 ] Request (VolumesAdminNegativeTest:setUpClass): 201 POST http://10.180.1.21/identity/v3/users 0.121s
2025-11-14 09:12:55.899 65677 INFO tempest.lib.common.rest_client [req-a8d8fac6-3b6a-4263-b5a4-648d632e52d7 req-a8d8fac6-3b6a-4263-b5a4-648d632e52d7 ] Request (ImagesNegativeTestJSON:setUpClass): 201 POST http://10.180.1.21/networking/v2.0/networks 0.391s
2025-11-14 09:12:55.915 65667 INFO tempest.lib.common.rest_client [req-0b123a32-cd64-48fd-8f15-f0e9ae31c189 req-0b123a32-cd64-48fd-8f15-f0e9ae31c189 ] Request (VolumesAdminNegativeTest:setUpClass): 200 GET http://10.180.1.21/identity/v3/roles 0.024s
2025-11-14 09:12:55.918 65691 INFO tempest.lib.common.rest_client [req-333b4999-b370-4c87-be1e-cd5d686a8a68 req-333b4999-b370-4c87-be1e-cd5d686a8a68 ] Request (DeleteServersAdminTestJSON:test_delete_server_while_in_error_state): 200 GET http://10.180.1.21/compute/v2.1/servers/8c5ad9cb-44a8-4f37-8c71-53e241ebf19a 0.675s
2025-11-14 09:12:55.934 65671 INFO tempest.lib.common.rest_client [req-d6b97974-49de-4207-afef-4b6eade42f33 req-d6b97974-49de-4207-afef-4b6eade42f33 ] Request (ServerGroupTestJSON:test_create_server_with_scheduler_hint_group): 200 GET http://10.180.1.21/compute/v2.1/servers/b2c8498a-128e-40af-a503-2f22e1b9b9a3 0.619s
2025-11-14 09:12:55.949 65667 INFO tempest.lib.common.rest_client [req-f9ab2e7c-b289-4b65-b1dc-4c6ccfe7d53c req-f9ab2e7c-b289-4b65-b1dc-4c6ccfe7d53c ] Request (VolumesAdminNegativeTest:setUpClass): 204 PUT http://10.180.1.21/identity/v3/projects/09ccd8751c1945e281ff5ebd0e89c1fb/users/6f303e41491344fdaeb8f007b48d913c/roles/4922d35a73c64ef48bec5cc77b709980 0.033s
2025-11-14 09:12:55.950 65667 INFO tempest.lib.common.dynamic_creds [-] Dynamic test user 6f303e41491344fdaeb8f007b48d913c is created with scope project and roles: ['member']
2025-11-14 09:12:55.951 65667 INFO tempest.lib.common.dynamic_creds [-] Acquired dynamic creds: credentials: Credentials: {'domain_id': 'default', 'domain_name': 'Default', 'username': 'tempest-VolumesAdminNegativeTest-889174066-project-member', 'project_domain_id': 'default', 'project_domain_name': 'Default', 'project_id': '09ccd8751c1945e281ff5ebd0e89c1fb', 'project_name': 'tempest-VolumesAdminNegativeTest-889174066', 'tenant_id': '09ccd8751c1945e281ff5ebd0e89c1fb', 'tenant_name': 'tempest-VolumesAdminNegativeTest-889174066', 'user_domain_id': 'default', 'user_domain_name': 'Default', 'user_id': '6f303e41491344fdaeb8f007b48d913c', 'system': None}, Network: None, Subnet: None, Router: None
2025-11-14 09:12:55.959 65683 INFO tempest.lib.common.rest_client [req-600c676f-9238-4fa1-8529-faba0d0c22e3 req-600c676f-9238-4fa1-8529-faba0d0c22e3 ] Request (ServerTagsTestJSON:_run_cleanups): 204 DELETE http://10.180.1.21/compute/v2.1/servers/4925f314-6b60-4a7a-ac45-8ac8a9a059f6/tags 0.586s
2025-11-14 09:12:56.013 65719 INFO tempest.lib.common.rest_client [req-c853c703-bf3d-4efe-a78a-55af9783ee70 req-c853c703-bf3d-4efe-a78a-55af9783ee70 ] Request (ListServersNegativeTestJSON:tearDownClass): 200 GET http://10.180.1.21/compute/v2.1/servers/70ef6cde-0637-455b-ae0f-f1acf540a0e4 0.481s
2025-11-14 09:12:56.029 65667 INFO tempest.lib.common.rest_client [req-4cff5d6d-067a-47cb-94af-80049b37b353 req-4cff5d6d-067a-47cb-94af-80049b37b353 ] Request (VolumesAdminNegativeTest:setUpClass): 201 POST http://10.180.1.21/identity/v3/auth/tokens 0.078s
2025-11-14 09:12:56.093 65677 INFO tempest.lib.common.rest_client [req-8ffa6a01-dd81-493b-a56f-5e9796e09c53 req-8ffa6a01-dd81-493b-a56f-5e9796e09c53 ] Request (ImagesNegativeTestJSON:setUpClass): 201 POST http://10.180.1.21/networking/v2.0/subnets 0.193s
2025-11-14 09:12:56.117 65725 INFO tempest.lib.common.rest_client [req-195bd857-abd7-4fa4-bbd3-f5f0070b0456 req-195bd857-abd7-4fa4-bbd3-f5f0070b0456 ] Request (ServersAdminNegativeTestJSON:tearDownClass): 200 GET http://10.180.1.21/compute/v2.1/servers/29056f1d-5a82-48a3-8e84-0110b328855a 0.294s
2025-11-14 09:12:56.171 65675 INFO tempest.lib.common.rest_client [req-eb3d5d23-b249-400d-9d95-de693b8a41ab req-eb3d5d23-b249-400d-9d95-de693b8a41ab ] Request (ListServerFiltersTestJSON:tearDownClass): 200 GET http://10.180.1.21/compute/v2.1/servers/c6449f49-e1a0-4c46-b5da-1f5d974680b4 0.524s
2025-11-14 09:12:56.205 65683 INFO tempest.lib.common.rest_client [req-4911fe5e-ed2f-4d9e-9284-a495cfa2c2d9 req-4911fe5e-ed2f-4d9e-9284-a495cfa2c2d9 ] Request (ServerTagsTestJSON:test_delete_all_tags): 201 PUT http://10.180.1.21/compute/v2.1/servers/4925f314-6b60-4a7a-ac45-8ac8a9a059f6/tags/tempest-tag-166159697 0.243s
2025-11-14 09:12:56.361 65667 INFO tempest.lib.common.rest_client [req-00ea871e-99d8-4877-bb7a-bb6c42eb6754 req-00ea871e-99d8-4877-bb7a-bb6c42eb6754 ] Request (VolumesAdminNegativeTest:setUpClass): 201 POST http://10.180.1.21/networking/v2.0/networks 0.331s
2025-11-14 09:12:56.451 65681 INFO tempest.lib.common.rest_client [req-6974e07e-1f63-42e2-967f-1183db7aaf2c req-6974e07e-1f63-42e2-967f-1183db7aaf2c ] Request (MigrationsAdminTest:test_resize_server_revert_deleted_flavor): 200 GET http://10.180.1.21/compute/v2.1/servers/abd1eefc-d2b6-47f5-a2a5-d538deb761f4 0.448s
2025-11-14 09:12:56.458 65681 INFO tempest.common.waiters [-] State transition "BUILD/scheduling" ==> "BUILD/None" after 6 second wait
2025-11-14 09:12:56.473 65723 INFO tempest.lib.common.rest_client [req-6226a8b6-d567-419e-addb-686f2a1e24f8 req-6226a8b6-d567-419e-addb-686f2a1e24f8 ] Request (ServerActionsV293TestJSON:setUpClass): 200 GET http://10.180.1.21/compute/v2.1/servers/0120ce13-f669-4233-a761-e885d8bb0348 0.375s
2025-11-14 09:12:56.664 65667 INFO tempest.lib.common.rest_client [req-57cf13af-5a1b-4005-af85-6153de514649 req-57cf13af-5a1b-4005-af85-6153de514649 ] Request (VolumesAdminNegativeTest:setUpClass): 201 POST http://10.180.1.21/networking/v2.0/subnets 0.302s
2025-11-14 09:12:56.958 65677 INFO tempest.lib.common.rest_client [req-6396b7fc-1c2d-4fa5-b19f-320e3d3da46d req-6396b7fc-1c2d-4fa5-b19f-320e3d3da46d ] Request (ImagesNegativeTestJSON:setUpClass): 201 POST http://10.180.1.21/networking/v2.0/routers 0.865s
2025-11-14 09:12:56.993 65689 INFO tempest.lib.common.rest_client [req-35ac06d8-034e-44e2-9d4d-63822f56757e req-35ac06d8-034e-44e2-9d4d-63822f56757e ] Request (FloatingIPsAssociationTestJSON:tearDownClass): 200 GET http://10.180.1.21/compute/v2.1/servers/fda34d98-13d8-4647-a71a-8e35ea232f0f 0.827s
2025-11-14 09:12:57.138 65721 WARNING tempest.lib.common.ssh [-] Failed to establish authenticated ssh connection to cirros@10.180.180.192 ([Errno None] Unable to connect to port 22 on 10.180.180.192). Number attempts: 4. Retry after 5 seconds.: paramiko.ssh_exception.NoValidConnectionsError: [Errno None] Unable to connect to port 22 on 10.180.180.192
2025-11-14 09:12:57.739 65717 INFO tempest.lib.common.rest_client [req-6c59bb0f-d5f5-4682-926c-f6040569146b req-6c59bb0f-d5f5-4682-926c-f6040569146b ] Request (AttachVolumeShelveTestJSON:test_attach_volume_shelved_or_offload_server): 200 GET http://10.180.1.21/compute/v2.1/servers/242c60e5-0ad8-42c7-b47c-846bf5b7001f 1.601s
2025-11-14 09:12:57.806 65667 INFO tempest.lib.common.rest_client [req-cb40df23-342d-4bcb-ac7c-9c3f418dae4f req-cb40df23-342d-4bcb-ac7c-9c3f418dae4f ] Request (VolumesAdminNegativeTest:setUpClass): 201 POST http://10.180.1.21/networking/v2.0/routers 1.141s
2025-11-14 09:12:57.816 65683 INFO tempest.lib.common.rest_client [req-24a73973-cab8-4ba9-aaeb-e349829f8398 req-24a73973-cab8-4ba9-aaeb-e349829f8398 ] Request (ServerTagsTestJSON:test_delete_all_tags): 201 PUT http://10.180.1.21/compute/v2.1/servers/4925f314-6b60-4a7a-ac45-8ac8a9a059f6/tags/tempest-tag-833478263 1.610s
2025-11-14 09:12:58.155 65669 INFO tempest.lib.common.rest_client [req-450ce378-0ca7-428e-990a-5877a989209d req-450ce378-0ca7-428e-990a-5877a989209d ] Request (ServersAdminTestJSON:test_inject_network_info): 200 GET http://10.180.1.21/compute/v2.1/servers/3c6e5b56-5098-4fa7-85bf-d50fd8b6fe9a 1.962s
2025-11-14 09:12:58.178 65707 WARNING tempest.lib.common.ssh [-] Failed to establish authenticated ssh connection to cirros@10.180.180.250 ([Errno None] Unable to connect to port 22 on 10.180.180.250). Number attempts: 1. Retry after 2 seconds.: paramiko.ssh_exception.NoValidConnectionsError: [Errno None] Unable to connect to port 22 on 10.180.180.250
2025-11-14 09:12:58.618 65677 INFO tempest.lib.common.rest_client [req-429e879a-be5b-4b93-ae9d-953ef8dcfd2f req-429e879a-be5b-4b93-ae9d-953ef8dcfd2f ] Request (ImagesNegativeTestJSON:setUpClass): 200 PUT http://10.180.1.21/networking/v2.0/routers/4dc82e1d-fa69-4379-acb1-378f635a13aa/add_router_interface 1.659s
2025-11-14 09:12:58.619 65677 INFO tempest.lib.common.dynamic_creds [-] Created isolated network resources for: credentials: Credentials: {'domain_id': 'default', 'domain_name': 'Default', 'username': 'tempest-ImagesNegativeTestJSON-601494648-project-member', 'project_domain_id': 'default', 'project_domain_name': 'Default', 'project_id': '33f1a95a5739401da1cd198ff44a3ad0', 'project_name': 'tempest-ImagesNegativeTestJSON-601494648', 'tenant_id': '33f1a95a5739401da1cd198ff44a3ad0', 'tenant_name': 'tempest-ImagesNegativeTestJSON-601494648', 'user_domain_id': 'default', 'user_domain_name': 'Default', 'user_id': 'dc3064ab92d34bce8aaadaa3ea6aa109', 'system': None}, Network: {'id': 'e2cf9d39-11f4-4007-8cea-1d51ca7dac76', 'name': 'tempest-ImagesNegativeTestJSON-1269449930-network', 'tenant_id': '33f1a95a5739401da1cd198ff44a3ad0', 'project_id': '33f1a95a5739401da1cd198ff44a3ad0', 'admin_state_up': True, 'mtu': 8950, 'status': 'ACTIVE', 'subnets': [], 'shared': False, 'port_security_enabled': True, 'router:external': False, 'provider:network_type': 'vlan', 'provider:physical_network': 'default', 'provider:segmentation_id': 981, 'availability_zone_hints': [], 'availability_zones': [], 'ipv4_address_scope': None, 'ipv6_address_scope': None, 'description': '', 'tags': [], 'created_at': '2025-11-14T09:12:55Z', 'updated_at': '2025-11-14T09:12:55Z', 'revision_number': 1}, Subnet: {'id': 'fbf5c3c2-6ddb-4086-86cb-33f5ef43aa19', 'name': 'tempest-ImagesNegativeTestJSON-1269449930-subnet', 'tenant_id': '33f1a95a5739401da1cd198ff44a3ad0', 'network_id': 'e2cf9d39-11f4-4007-8cea-1d51ca7dac76', 'ip_version': 4, 'subnetpool_id': None, 'enable_dhcp': True, 'ipv6_ra_mode': None, 'ipv6_address_mode': None, 'gateway_ip': '192.168.128.1', 'cidr': '192.168.128.0/28', 'allocation_pools': [{'start': '192.168.128.2', 'end': '192.168.128.14'}], 'host_routes': [], 'dns_nameservers': [], 'description': '', 'router:external': False, 'service_types': [], 'tags': [], 'created_at': '2025-11-14T09:12:55Z', 'updated_at': '2025-11-14T09:12:55Z', 'revision_number': 0, 'project_id': '33f1a95a5739401da1cd198ff44a3ad0'}, Router: {'id': '4dc82e1d-fa69-4379-acb1-378f635a13aa', 'name': 'tempest-ImagesNegativeTestJSON-1269449930-router', 'tenant_id': '33f1a95a5739401da1cd198ff44a3ad0', 'admin_state_up': True, 'status': 'ACTIVE', 'external_gateway_info': {'network_id': 'ca56134f-e606-42de-acf4-6df8286ce4b7', 'external_fixed_ips': [{'subnet_id': '8bf9d0de-6a7c-4f35-b438-d331c47420c6', 'ip_address': '10.180.180.204'}], 'enable_snat': True}, 'description': '', 'availability_zones': [], 'distributed': False, 'ha': False, 'availability_zone_hints': [], 'routes': [], 'flavor_id': None, 'tags': [], 'created_at': '2025-11-14T09:12:56Z', 'updated_at': '2025-11-14T09:12:56Z', 'revision_number': 2, 'project_id': '33f1a95a5739401da1cd198ff44a3ad0'}
2025-11-14 09:12:58.649 65705 INFO tempest.lib.common.rest_client [req-f3f93005-95ec-4807-93ec-2c5f07103b77 req-f3f93005-95ec-4807-93ec-2c5f07103b77 ] Request (ServerDiagnosticsTest:tearDownClass): 200 GET http://10.180.1.21/compute/v2.1/servers/8445ef67-c0e1-4506-9945-2e37c24bb4d2 2.330s
2025-11-14 09:12:58.683 65693 INFO tempest.lib.common.rest_client [req-298b3947-0614-4f24-abdf-49f013c0283e req-298b3947-0614-4f24-abdf-49f013c0283e ] Request (ServerAddressesNegativeTestJSON:tearDownClass): 404 GET http://10.180.1.21/compute/v2.1/servers/656cee43-e949-41f2-b2a0-566e491c4d76 2.252s
2025-11-14 09:12:58.731 65677 INFO tempest.lib.common.rest_client [req-5fe2c150-0446-4757-ad20-722772ce17b4 req-5fe2c150-0446-4757-ad20-722772ce17b4 ] Request (ImagesNegativeTestJSON:setUpClass): 201 POST http://10.180.1.21/identity/v3/auth/tokens 0.109s
2025-11-14 09:12:58.766 65677 INFO tempest.lib.common.rest_client [req-731a79ca-7151-4c11-8a64-4d93c6b4a15d req-731a79ca-7151-4c11-8a64-4d93c6b4a15d ] Request (ImagesNegativeTestJSON:test_create_image_from_deleted_server): 201 POST http://10.180.1.21/identity/v3/auth/tokens 0.030s
2025-11-14 09:12:58.767 65677 INFO tempest.lib.common.fixed_network [-] (ImagesNegativeTestJSON:test_create_image_from_deleted_server) Found network {'id': 'e2cf9d39-11f4-4007-8cea-1d51ca7dac76', 'name': 'tempest-ImagesNegativeTestJSON-1269449930-network', 'tenant_id': '33f1a95a5739401da1cd198ff44a3ad0', 'project_id': '33f1a95a5739401da1cd198ff44a3ad0', 'admin_state_up': True, 'mtu': 8950, 'status': 'ACTIVE', 'subnets': [], 'shared': False, 'port_security_enabled': True, 'router:external': False, 'provider:network_type': 'vlan', 'provider:physical_network': 'default', 'provider:segmentation_id': 981, 'availability_zone_hints': [], 'availability_zones': [], 'ipv4_address_scope': None, 'ipv6_address_scope': None, 'description': '', 'tags': [], 'created_at': '2025-11-14T09:12:55Z', 'updated_at': '2025-11-14T09:12:55Z', 'revision_number': 1} available for tenant
2025-11-14 09:12:59.090 65667 INFO tempest.lib.common.rest_client [req-535be3a7-9e65-4c36-882b-cebb8246e07f req-535be3a7-9e65-4c36-882b-cebb8246e07f ] Request (VolumesAdminNegativeTest:setUpClass): 200 PUT http://10.180.1.21/networking/v2.0/routers/3db9567c-4238-4f65-b631-2053fda44367/add_router_interface 1.284s
2025-11-14 09:12:59.091 65667 INFO tempest.lib.common.dynamic_creds [-] Created isolated network resources for: credentials: Credentials: {'domain_id': 'default', 'domain_name': 'Default', 'username': 'tempest-VolumesAdminNegativeTest-889174066-project-member', 'project_domain_id': 'default', 'project_domain_name': 'Default', 'project_id': '09ccd8751c1945e281ff5ebd0e89c1fb', 'project_name': 'tempest-VolumesAdminNegativeTest-889174066', 'tenant_id': '09ccd8751c1945e281ff5ebd0e89c1fb', 'tenant_name': 'tempest-VolumesAdminNegativeTest-889174066', 'user_domain_id': 'default', 'user_domain_name': 'Default', 'user_id': '6f303e41491344fdaeb8f007b48d913c', 'system': None}, Network: {'id': '41d4326a-f993-4c92-a270-360455d01ff9', 'name': 'tempest-VolumesAdminNegativeTest-1117319390-network', 'tenant_id': '09ccd8751c1945e281ff5ebd0e89c1fb', 'project_id': '09ccd8751c1945e281ff5ebd0e89c1fb', 'admin_state_up': True, 'mtu': 8950, 'status': 'ACTIVE', 'subnets': [], 'shared': False, 'port_security_enabled': True, 'router:external': False, 'provider:network_type': 'vlan', 'provider:physical_network': 'default', 'provider:segmentation_id': 995, 'availability_zone_hints': [], 'availability_zones': [], 'ipv4_address_scope': None, 'ipv6_address_scope': None, 'description': '', 'tags': [], 'created_at': '2025-11-14T09:12:56Z', 'updated_at': '2025-11-14T09:12:56Z', 'revision_number': 1}, Subnet: {'id': '24009abc-890e-4ee8-8194-83f06b0a4c94', 'name': 'tempest-VolumesAdminNegativeTest-1117319390-subnet', 'tenant_id': '09ccd8751c1945e281ff5ebd0e89c1fb', 'network_id': '41d4326a-f993-4c92-a270-360455d01ff9', 'ip_version': 4, 'subnetpool_id': None, 'enable_dhcp': True, 'ipv6_ra_mode': None, 'ipv6_address_mode': None, 'gateway_ip': '192.168.128.1', 'cidr': '192.168.128.0/28', 'allocation_pools': [{'start': '192.168.128.2', 'end': '192.168.128.14'}], 'host_routes': [], 'dns_nameservers': [], 'description': '', 'router:external': False, 'service_types': [], 'tags': [], 'created_at': '2025-11-14T09:12:56Z', 'updated_at': '2025-11-14T09:12:56Z', 'revision_number': 0, 'project_id': '09ccd8751c1945e281ff5ebd0e89c1fb'}, Router: {'id': '3db9567c-4238-4f65-b631-2053fda44367', 'name': 'tempest-VolumesAdminNegativeTest-1117319390-router', 'tenant_id': '09ccd8751c1945e281ff5ebd0e89c1fb', 'admin_state_up': True, 'status': 'ACTIVE', 'external_gateway_info': {'network_id': 'ca56134f-e606-42de-acf4-6df8286ce4b7', 'external_fixed_ips': [{'subnet_id': '8bf9d0de-6a7c-4f35-b438-d331c47420c6', 'ip_address': '10.180.180.211'}], 'enable_snat': True}, 'description': '', 'availability_zones': [], 'distributed': False, 'ha': False, 'availability_zone_hints': [], 'routes': [], 'flavor_id': None, 'tags': [], 'created_at': '2025-11-14T09:12:57Z', 'updated_at': '2025-11-14T09:12:57Z', 'revision_number': 2, 'project_id': '09ccd8751c1945e281ff5ebd0e89c1fb'}
2025-11-14 09:12:59.149 65685 INFO tempest.lib.common.rest_client [req-839b1b4e-c6a2-4bde-a6e3-e2205341d6f1 req-839b1b4e-c6a2-4bde-a6e3-e2205341d6f1 ] Request (VolumesAssistedSnapshotsTest:tearDownClass): 200 GET http://10.180.1.21/compute/v2.1/servers/33c36f11-33f3-4642-a367-c26cceac7fa9 2.802s
2025-11-14 09:12:59.159 65667 INFO tempest.lib.common.rest_client [req-fe3640a7-acab-4c26-85f5-b33df6473eee req-fe3640a7-acab-4c26-85f5-b33df6473eee ] Request (VolumesAdminNegativeTest:setUpClass): 201 POST http://10.180.1.21/identity/v3/auth/tokens 0.063s
2025-11-14 09:12:59.202 65667 INFO tempest.lib.common.rest_client [req-4bded3b8-2bae-4e0d-9945-72cb9cdd77a9 req-4bded3b8-2bae-4e0d-9945-72cb9cdd77a9 ] Request (VolumesAdminNegativeTest:setUpClass): 201 POST http://10.180.1.21/identity/v3/projects 0.042s
2025-11-14 09:12:59.292 65667 INFO tempest.lib.common.rest_client [req-40dd9d8c-8f9a-48de-a4b8-39495eecad71 req-40dd9d8c-8f9a-48de-a4b8-39495eecad71 ] Request (VolumesAdminNegativeTest:setUpClass): 201 POST http://10.180.1.21/identity/v3/users 0.089s
2025-11-14 09:12:59.316 65667 INFO tempest.lib.common.rest_client [req-36cab585-ad41-4eb2-b619-4d971adee2fe req-36cab585-ad41-4eb2-b619-4d971adee2fe ] Request (VolumesAdminNegativeTest:setUpClass): 200 GET http://10.180.1.21/identity/v3/roles 0.024s
2025-11-14 09:12:59.350 65667 INFO tempest.lib.common.rest_client [req-277fd312-58d9-433a-b106-4621cc79a095 req-277fd312-58d9-433a-b106-4621cc79a095 ] Request (VolumesAdminNegativeTest:setUpClass): 204 PUT http://10.180.1.21/identity/v3/projects/ffe1ced98fb84950b3659da6290994d9/users/bcce95929a66424698893179bff451ad/roles/31d3437d0e834b98b98415198d68404d 0.033s
2025-11-14 09:12:59.412 65667 INFO tempest.lib.common.rest_client [req-d02849f9-53e9-4d59-bb27-36b5ccadb60f req-d02849f9-53e9-4d59-bb27-36b5ccadb60f ] Request (VolumesAdminNegativeTest:setUpClass): 200 GET http://10.180.1.21/identity/v3/roles 0.060s
2025-11-14 09:12:59.428 65667 INFO tempest.lib.common.rest_client [req-a88823b7-1568-4df7-b783-6d39206cedbf req-a88823b7-1568-4df7-b783-6d39206cedbf ] Request (VolumesAdminNegativeTest:setUpClass): 204 PUT http://10.180.1.21/identity/v3/projects/ffe1ced98fb84950b3659da6290994d9/users/bcce95929a66424698893179bff451ad/roles/31d3437d0e834b98b98415198d68404d 0.016s
2025-11-14 09:12:59.428 65667 INFO tempest.lib.common.dynamic_creds [-] Dynamic test user bcce95929a66424698893179bff451ad is created with scope project and roles: ['admin']
2025-11-14 09:12:59.428 65667 INFO tempest.lib.common.dynamic_creds [-] Acquired dynamic creds: credentials: Credentials: {'domain_id': 'default', 'domain_name': 'Default', 'username': 'tempest-VolumesAdminNegativeTest-5288151-project-admin', 'project_domain_id': 'default', 'project_domain_name': 'Default', 'project_id': 'ffe1ced98fb84950b3659da6290994d9', 'project_name': 'tempest-VolumesAdminNegativeTest-5288151', 'tenant_id': 'ffe1ced98fb84950b3659da6290994d9', 'tenant_name': 'tempest-VolumesAdminNegativeTest-5288151', 'user_domain_id': 'default', 'user_domain_name': 'Default', 'user_id': 'bcce95929a66424698893179bff451ad', 'system': None}, Network: None, Subnet: None, Router: None
2025-11-14 09:12:59.826 65693 INFO tempest.lib.common.rest_client [req-b53b550e-be4a-4547-be46-3a7d21003eed req-b53b550e-be4a-4547-be46-3a7d21003eed ] Request (ServerAddressesNegativeTestJSON:tearDownClass): 200 PUT http://10.180.1.21/networking/v2.0/routers/8e61614f-a5f4-4775-b41e-6e9c40399a74/remove_router_interface 1.142s
2025-11-14 09:12:59.852 65697 INFO tempest.lib.common.rest_client [req-46efc983-2022-4188-ace5-a632f6a20e8c req-46efc983-2022-4188-ace5-a632f6a20e8c ] Request (ServerShowV247Test:test_update_rebuild_list_server): 200 GET http://10.180.1.21/compute/v2.1/servers/14930653-ba99-4253-a226-9e9f18ebb1e2 3.391s
2025-11-14 09:12:59.862 65697 INFO tempest.common.waiters [-] State transition "BUILD/spawning" ==> "ACTIVE/None" after 35 second wait
2025-11-14 09:13:00.122 65667 INFO tempest.lib.common.rest_client [req-2d37b178-04b3-4a96-bc63-d1ed58ad6b56 req-2d37b178-04b3-4a96-bc63-d1ed58ad6b56 ] Request (VolumesAdminNegativeTest:setUpClass): 201 POST http://10.180.1.21/networking/v2.0/networks 0.693s
2025-11-14 09:13:00.291 65673 INFO tempest.lib.common.rest_client [req-5c554fea-79fa-45f1-b9e9-d482f20f629a req-5c554fea-79fa-45f1-b9e9-d482f20f629a ] Request (SecurityGroupsTestJSON:test_server_security_groups): 200 GET http://10.180.1.21/compute/v2.1/servers/8ddd4b00-c804-4c11-a462-86cd44c11636 3.766s
2025-11-14 09:13:00.304 65673 INFO tempest.common.waiters [-] State transition "BUILD/scheduling" ==> "BUILD/None" after 10 second wait
2025-11-14 09:13:00.314 65715 INFO tempest.lib.common.rest_client [req-fcf205fa-4595-4c88-84b7-a12d35e01d63 req-fcf205fa-4595-4c88-84b7-a12d35e01d63 ] Request (DeleteServersTestJSON:test_delete_active_server): 200 GET http://10.180.1.21/compute/v2.1/servers/49b4868e-8f93-4b46-8156-092b779ba577 3.804s
2025-11-14 09:13:00.323 65715 INFO tempest.common.waiters [-] State transition "BUILD/None" ==> "BUILD/spawning" after 36 second wait
2025-11-14 09:13:00.569 65667 INFO tempest.lib.common.rest_client [req-1549db19-cff7-47ed-8128-75ebe0f9dd9a req-1549db19-cff7-47ed-8128-75ebe0f9dd9a ] Request (VolumesAdminNegativeTest:setUpClass): 201 POST http://10.180.1.21/networking/v2.0/subnets 0.447s
2025-11-14 09:13:00.592 65709 INFO tempest.lib.common.rest_client [req-e8a357df-8ac4-4ed3-9a81-edf2520e14d5 req-e8a357df-8ac4-4ed3-9a81-edf2520e14d5 ] Request (AttachInterfacesTestJSON:test_create_list_show_delete_interfaces_by_fixed_ip): 200 GET http://10.180.1.21/compute/v2.1/servers/ee26ef56-78c7-42ab-a032-6832a53071c9 4.001s
2025-11-14 09:13:00.602 65687 INFO tempest.lib.common.rest_client [req-cb9cb166-0655-4789-930a-b754207201f3 req-cb9cb166-0655-4789-930a-b754207201f3 ] Request (ServerDiskConfigTestJSON:test_rebuild_server_with_manual_disk_config): 200 GET http://10.180.1.21/compute/v2.1/servers/bb529f7e-5d01-4d34-902a-41f63dd50aff 3.989s
2025-11-14 09:13:00.623 65695 INFO tempest.lib.common.rest_client [req-b0a1fc7e-0734-4468-814f-065db9846465 req-b0a1fc7e-0734-4468-814f-065db9846465 ] Request (ServerExternalEventsTest:tearDownClass): 404 GET http://10.180.1.21/compute/v2.1/servers/326fba28-76f8-493a-9a3c-42ce85b5962d 3.914s
2025-11-14 09:13:00.745 65695 INFO tempest.lib.common.rest_client [req-59d3e3b7-661c-49a3-a005-d23b63386dd8 req-59d3e3b7-661c-49a3-a005-d23b63386dd8 ] Request (ServerExternalEventsTest:tearDownClass): 204 DELETE http://10.180.1.21/identity/v3/users/db27a96973684649ad875a18424c8f90 0.121s
2025-11-14 09:13:00.874 65695 INFO tempest.lib.common.rest_client [req-d471f68d-7405-4564-8d47-5b23482503bb req-d471f68d-7405-4564-8d47-5b23482503bb ] Request (ServerExternalEventsTest:tearDownClass): 204 DELETE http://10.180.1.21/identity/v3/users/23c4171046b24052a46a2d5b189c908a 0.128s
2025-11-14 09:13:00.969 65695 INFO tempest.lib.common.rest_client [req-2a8f130f-1250-4b32-8a46-43745fc651f8 req-2a8f130f-1250-4b32-8a46-43745fc651f8 ] Request (ServerExternalEventsTest:tearDownClass): 204 DELETE http://10.180.1.21/identity/v3/users/d211da7c63664e13876b9f2b61d2b5c6 0.095s
2025-11-14 09:13:00.970 65695 INFO tempest.lib.common.dynamic_creds [-] Deleting project and security group for project: 59f054f11e894bd6831940375adbfcb9
2025-11-14 09:13:00.975 65693 INFO tempest.lib.common.rest_client [req-f0d9ea6a-4808-4499-803b-6e7b851c9f13 req-f0d9ea6a-4808-4499-803b-6e7b851c9f13 ] Request (ServerAddressesNegativeTestJSON:tearDownClass): 204 DELETE http://10.180.1.21/networking/v2.0/routers/8e61614f-a5f4-4775-b41e-6e9c40399a74 1.148s
2025-11-14 09:13:00.998 65699 INFO tempest.lib.common.rest_client [req-c542e349-e269-4f8c-9c3e-9b10f43832eb req-c542e349-e269-4f8c-9c3e-9b10f43832eb ] Request (InstanceActionsNegativeTestJSON:tearDownClass): 200 GET http://10.180.1.21/compute/v2.1/servers/e017c3fe-d5f2-48b5-9c6e-1460aaadbad4 4.331s
2025-11-14 09:13:01.006 65699 INFO tempest.common.waiters [-] State transition "ACTIVE/deleting" ==> "DELETED/None" after 9 second wait
2025-11-14 09:13:01.016 65711 INFO tempest.lib.common.rest_client [req-c84c9e64-cc1d-4565-b290-72c233d83faa req-c84c9e64-cc1d-4565-b290-72c233d83faa ] Request (ServerDiagnosticsV248Test:tearDownClass): 200 GET http://10.180.1.21/compute/v2.1/servers/4a5509bf-4263-4d86-bafd-ed9ee48ec64d 4.281s
2025-11-14 09:13:01.028 65711 INFO tempest.common.waiters [-] State transition "ACTIVE/deleting" ==> "DELETED/None" after 7 second wait
2025-11-14 09:13:01.053 65695 INFO tempest.lib.common.rest_client [req-7251d5d1-1b3d-42b8-940e-4c149ee0c0b3 req-7251d5d1-1b3d-42b8-940e-4c149ee0c0b3 ] Request (ServerExternalEventsTest:tearDownClass): 201 POST http://10.180.1.21/identity/v3/auth/tokens 0.083s
2025-11-14 09:13:01.154 65707 WARNING tempest.lib.common.ssh [-] Failed to establish authenticated ssh connection to cirros@10.180.180.250 ([Errno None] Unable to connect to port 22 on 10.180.180.250). Number attempts: 2. Retry after 3 seconds.: paramiko.ssh_exception.NoValidConnectionsError: [Errno None] Unable to connect to port 22 on 10.180.180.250
2025-11-14 09:13:01.200 65693 INFO tempest.lib.common.rest_client [req-d7956ce4-12ba-48cd-997b-ce0298022300 req-d7956ce4-12ba-48cd-997b-ce0298022300 ] Request (ServerAddressesNegativeTestJSON:tearDownClass): 204 DELETE http://10.180.1.21/networking/v2.0/subnets/a8736e55-b589-4e27-93c2-c9d511d06533 0.225s
2025-11-14 09:13:01.235 65701 INFO tempest.lib.common.rest_client [req-215dbd7a-85a9-473a-9e39-9a0b37b6096d req-215dbd7a-85a9-473a-9e39-9a0b37b6096d ] Request (ImagesTestJSON:test_create_image_from_suspended_server): 200 GET http://10.180.1.21/compute/v2.1/servers/1162b4c4-0d10-444c-b72f-ef5051b6bc5b 4.463s
2025-11-14 09:13:01.327 65667 INFO tempest.lib.common.rest_client [req-32a59c70-945a-4640-9d7e-df05cb5c3285 req-32a59c70-945a-4640-9d7e-df05cb5c3285 ] Request (VolumesAdminNegativeTest:setUpClass): 201 POST http://10.180.1.21/networking/v2.0/routers 0.755s
2025-11-14 09:13:01.442 65695 INFO tempest.lib.common.rest_client [req-ecde5409-62f8-4a13-918d-5baafd7e7578 req-ecde5409-62f8-4a13-918d-5baafd7e7578 ] Request (ServerExternalEventsTest:tearDownClass): 200 GET http://10.180.1.21/networking/v2.0/security-groups?tenant_id=59f054f11e894bd6831940375adbfcb9&name=default 0.387s
2025-11-14 09:13:01.473 65727 INFO tempest.lib.common.rest_client [req-2130d2fd-e1d7-4b70-8768-a37d5ba6d2ad req-2130d2fd-e1d7-4b70-8768-a37d5ba6d2ad ] Request (ImagesOneServerNegativeTestJSON:_run_cleanups): 200 GET http://10.180.1.21/compute/v2.1/servers/d913327f-26d4-4a7b-8656-c07bea24fc25 4.669s
2025-11-14 09:13:01.742 65693 INFO tempest.lib.common.rest_client [req-e59bb56d-de93-4d61-93d3-5cb1bcf170bd req-e59bb56d-de93-4d61-93d3-5cb1bcf170bd ] Request (ServerAddressesNegativeTestJSON:tearDownClass): 204 DELETE http://10.180.1.21/networking/v2.0/networks/8680d7ab-6fea-439f-a364-9be2e1ea7411 0.542s
2025-11-14 09:13:01.764 65704 INFO tempest.lib.common.rest_client [req-a26bfac5-6d25-4f80-bbee-2ee14ab7e016 req-a26bfac5-6d25-4f80-bbee-2ee14ab7e016 ] Request (ServersTestFqdnHostnames:test_create_server_with_fqdn_name): 200 GET http://10.180.1.21/compute/v2.1/servers/f4354dec-ba6a-4809-8bb8-5335ef4fc3a9 4.920s
2025-11-14 09:13:01.822 65693 INFO tempest.lib.common.rest_client [req-b7078005-fadb-4bff-96c4-1a099ea3af5a req-b7078005-fadb-4bff-96c4-1a099ea3af5a ] Request (ServerAddressesNegativeTestJSON:tearDownClass): 204 DELETE http://10.180.1.21/identity/v3/users/bb8b05d826ad4a0abdddff6f804fee6c 0.079s
2025-11-14 09:13:01.822 65693 INFO tempest.lib.common.dynamic_creds [-] Deleting project and security group for project: dda5e46bca8749669a59bc418ab82801
2025-11-14 09:13:01.832 65695 INFO tempest.lib.common.rest_client [req-662b2c8a-8475-415b-a19e-797496a48e43 req-662b2c8a-8475-415b-a19e-797496a48e43 ] Request (ServerExternalEventsTest:tearDownClass): 204 DELETE http://10.180.1.21/networking/v2.0/security-groups/8256f254-24f4-47c7-9a33-f11776242e15 0.389s
2025-11-14 09:13:01.857 65713 INFO tempest.lib.common.rest_client [req-ef11d32e-1d30-4e55-b233-fb25b70f1927 req-ef11d32e-1d30-4e55-b233-fb25b70f1927 ] Request (ServerShowV257Test:tearDownClass): 200 GET http://10.180.1.21/compute/v2.1/servers/5f4d9851-6d07-410f-b145-8c12ef089ef0 4.976s
2025-11-14 09:13:01.972 65695 INFO tempest.lib.common.rest_client [req-ad2f91bb-d8ff-4c6a-8211-360fdfd6d55e req-ad2f91bb-d8ff-4c6a-8211-360fdfd6d55e ] Request (ServerExternalEventsTest:tearDownClass): 204 DELETE http://10.180.1.21/identity/v3/projects/59f054f11e894bd6831940375adbfcb9 0.140s
2025-11-14 09:13:01.973 65695 INFO tempest.lib.common.dynamic_creds [-] Deleting project and security group for project: df94218c54104fb9887cf7c02a249be4
2025-11-14 09:13:02.578 65667 INFO tempest.lib.common.rest_client [req-396e787f-2151-4776-b8b3-7c254151de96 req-396e787f-2151-4776-b8b3-7c254151de96 ] Request (VolumesAdminNegativeTest:setUpClass): 200 PUT http://10.180.1.21/networking/v2.0/routers/9ef0fd31-e397-476a-b0af-256a44506839/add_router_interface 1.251s
2025-11-14 09:13:02.578 65667 INFO tempest.lib.common.dynamic_creds [-] Created isolated network resources for: credentials: Credentials: {'domain_id': 'default', 'domain_name': 'Default', 'username': 'tempest-VolumesAdminNegativeTest-5288151-project-admin', 'project_domain_id': 'default', 'project_domain_name': 'Default', 'project_id': 'ffe1ced98fb84950b3659da6290994d9', 'project_name': 'tempest-VolumesAdminNegativeTest-5288151', 'tenant_id': 'ffe1ced98fb84950b3659da6290994d9', 'tenant_name': 'tempest-VolumesAdminNegativeTest-5288151', 'user_domain_id': 'default', 'user_domain_name': 'Default', 'user_id': 'bcce95929a66424698893179bff451ad', 'system': None}, Network: {'id': '8f15c6f0-3f37-440a-bf7b-9f9e294c0e91', 'name': 'tempest-VolumesAdminNegativeTest-1718174872-network', 'tenant_id': 'ffe1ced98fb84950b3659da6290994d9', 'project_id': 'ffe1ced98fb84950b3659da6290994d9', 'admin_state_up': True, 'mtu': 8950, 'status': 'ACTIVE', 'subnets': [], 'shared': False, 'port_security_enabled': True, 'router:external': False, 'provider:network_type': 'vlan', 'provider:physical_network': 'default', 'provider:segmentation_id': 616, 'availability_zone_hints': [], 'availability_zones': [], 'ipv4_address_scope': None, 'ipv6_address_scope': None, 'description': '', 'tags': [], 'created_at': '2025-11-14T09:13:00Z', 'updated_at': '2025-11-14T09:13:00Z', 'revision_number': 1}, Subnet: {'id': '976a150c-2494-4700-a09b-eb13e16639c2', 'name': 'tempest-VolumesAdminNegativeTest-1718174872-subnet', 'tenant_id': 'ffe1ced98fb84950b3659da6290994d9', 'network_id': '8f15c6f0-3f37-440a-bf7b-9f9e294c0e91', 'ip_version': 4, 'subnetpool_id': None, 'enable_dhcp': True, 'ipv6_ra_mode': None, 'ipv6_address_mode': None, 'gateway_ip': '192.168.128.1', 'cidr': '192.168.128.0/28', 'allocation_pools': [{'start': '192.168.128.2', 'end': '192.168.128.14'}], 'host_routes': [], 'dns_nameservers': [], 'description': '', 'router:external': False, 'service_types': [], 'tags': [], 'created_at': '2025-11-14T09:13:00Z', 'updated_at': '2025-11-14T09:13:00Z', 'revision_number': 0, 'project_id': 'ffe1ced98fb84950b3659da6290994d9'}, Router: {'id': '9ef0fd31-e397-476a-b0af-256a44506839', 'name': 'tempest-VolumesAdminNegativeTest-1718174872-router', 'tenant_id': 'ffe1ced98fb84950b3659da6290994d9', 'admin_state_up': True, 'status': 'ACTIVE', 'external_gateway_info': {'network_id': 'ca56134f-e606-42de-acf4-6df8286ce4b7', 'external_fixed_ips': [{'subnet_id': '8bf9d0de-6a7c-4f35-b438-d331c47420c6', 'ip_address': '10.180.180.187'}], 'enable_snat': True}, 'description': '', 'availability_zones': [], 'distributed': False, 'ha': False, 'availability_zone_hints': [], 'routes': [], 'flavor_id': None, 'tags': [], 'created_at': '2025-11-14T09:13:00Z', 'updated_at': '2025-11-14T09:13:00Z', 'revision_number': 2, 'project_id': 'ffe1ced98fb84950b3659da6290994d9'}
2025-11-14 09:13:02.622 65691 INFO tempest.lib.common.rest_client [req-22319240-ee93-40b2-bb59-84eb1e6f0247 req-22319240-ee93-40b2-bb59-84eb1e6f0247 ] Request (DeleteServersAdminTestJSON:test_delete_server_while_in_error_state): 200 GET http://10.180.1.21/compute/v2.1/servers/8c5ad9cb-44a8-4f37-8c71-53e241ebf19a 5.694s
2025-11-14 09:13:02.643 65693 INFO tempest.lib.common.rest_client [req-e6f3c3cc-ffb0-42f1-8e9d-fd579ca52320 req-e6f3c3cc-ffb0-42f1-8e9d-fd579ca52320 ] Request (ServerAddressesNegativeTestJSON:tearDownClass): 200 GET http://10.180.1.21/networking/v2.0/security-groups?tenant_id=dda5e46bca8749669a59bc418ab82801&name=default 0.821s
2025-11-14 09:13:02.645 65721 WARNING tempest.lib.common.ssh [-] Failed to establish authenticated ssh connection to cirros@10.180.180.192 ([Errno None] Unable to connect to port 22 on 10.180.180.192). Number attempts: 5. Retry after 6 seconds.: paramiko.ssh_exception.NoValidConnectionsError: [Errno None] Unable to connect to port 22 on 10.180.180.192
2025-11-14 09:13:02.666 65671 INFO tempest.lib.common.rest_client [req-fd8d60b4-6c09-40df-a0c2-c63f8cb751ce req-fd8d60b4-6c09-40df-a0c2-c63f8cb751ce ] Request (ServerGroupTestJSON:test_create_server_with_scheduler_hint_group): 200 GET http://10.180.1.21/compute/v2.1/servers/b2c8498a-128e-40af-a503-2f22e1b9b9a3 5.722s
2025-11-14 09:13:02.676 65667 INFO tempest.lib.common.rest_client [req-f28aba0e-5084-4c11-a06d-bb2cf7cfa622 req-f28aba0e-5084-4c11-a06d-bb2cf7cfa622 ] Request (VolumesAdminNegativeTest:setUpClass): 201 POST http://10.180.1.21/identity/v3/auth/tokens 0.094s
2025-11-14 09:13:02.751 65667 INFO tempest.lib.common.rest_client [req-f8e5ed9c-298f-4e40-8e3a-5fa6a7a48ff5 req-f8e5ed9c-298f-4e40-8e3a-5fa6a7a48ff5 ] Request (VolumesAdminNegativeTest:setUpClass): 201 POST http://10.180.1.21/identity/v3/projects 0.074s
2025-11-14 09:13:02.777 65695 INFO tempest.lib.common.rest_client [req-483b40bf-421b-4136-a2b5-3c76bbb4f925 req-483b40bf-421b-4136-a2b5-3c76bbb4f925 ] Request (ServerExternalEventsTest:tearDownClass): 200 GET http://10.180.1.21/networking/v2.0/security-groups?tenant_id=df94218c54104fb9887cf7c02a249be4&name=default 0.803s
2025-11-14 09:13:02.807 65667 INFO tempest.lib.common.rest_client [req-035272b5-d77b-4394-ba0d-d7e65d9db4d3 req-035272b5-d77b-4394-ba0d-d7e65d9db4d3 ] Request (VolumesAdminNegativeTest:setUpClass): 201 POST http://10.180.1.21/identity/v3/users 0.056s
2025-11-14 09:13:02.828 65667 INFO tempest.lib.common.rest_client [req-29a32241-572a-4896-a83f-450d9ecfe29a req-29a32241-572a-4896-a83f-450d9ecfe29a ] Request (VolumesAdminNegativeTest:setUpClass): 200 GET http://10.180.1.21/identity/v3/roles 0.020s
2025-11-14 09:13:02.856 65667 INFO tempest.lib.common.rest_client [req-fbdf5bd8-ac41-4032-b8a5-cea9f0d8e0d5 req-fbdf5bd8-ac41-4032-b8a5-cea9f0d8e0d5 ] Request (VolumesAdminNegativeTest:setUpClass): 204 PUT http://10.180.1.21/identity/v3/projects/4e25cec85c0b479ba6516b1adbfdcb6f/users/060f0c8d1e494844aeca284d1f423774/roles/31d3437d0e834b98b98415198d68404d 0.027s
2025-11-14 09:13:02.882 65665 WARNING tempest.lib.common.ssh [-] Failed to establish authenticated ssh connection to cirros@10.180.180.224 ([Errno None] Unable to connect to port 22 on 10.180.180.224). Number attempts: 6. Retry after 7 seconds.: paramiko.ssh_exception.NoValidConnectionsError: [Errno None] Unable to connect to port 22 on 10.180.180.224
2025-11-14 09:13:02.887 65693 INFO tempest.lib.common.rest_client [req-42822b4d-e43a-4f5f-ae76-b44159abed3a req-42822b4d-e43a-4f5f-ae76-b44159abed3a ] Request (ServerAddressesNegativeTestJSON:tearDownClass): 204 DELETE http://10.180.1.21/networking/v2.0/security-groups/279baeb5-3200-4350-9154-49a86e7c508e 0.243s
2025-11-14 09:13:02.911 65719 INFO tempest.lib.common.rest_client [req-24902d26-b346-4f6b-8129-c47471375f58 req-24902d26-b346-4f6b-8129-c47471375f58 ] Request (ListServersNegativeTestJSON:tearDownClass): 200 GET http://10.180.1.21/compute/v2.1/servers/70ef6cde-0637-455b-ae0f-f1acf540a0e4 5.887s
2025-11-14 09:13:02.913 65667 INFO tempest.lib.common.rest_client [req-61744147-f0a8-4d58-8199-460551a82fc4 req-61744147-f0a8-4d58-8199-460551a82fc4 ] Request (VolumesAdminNegativeTest:setUpClass): 200 GET http://10.180.1.21/identity/v3/roles 0.056s
2025-11-14 09:13:02.934 65667 INFO tempest.lib.common.rest_client [req-d0df1003-9188-4c59-8daa-09a944dc9ad4 req-d0df1003-9188-4c59-8daa-09a944dc9ad4 ] Request (VolumesAdminNegativeTest:setUpClass): 204 PUT http://10.180.1.21/identity/v3/projects/4e25cec85c0b479ba6516b1adbfdcb6f/users/060f0c8d1e494844aeca284d1f423774/roles/27c26ddcaf6b4ef0a5dcc9328a2792c3 0.020s
2025-11-14 09:13:02.934 65667 INFO tempest.lib.common.dynamic_creds [-] Dynamic test user 060f0c8d1e494844aeca284d1f423774 is created with scope project and roles: ['admin', 'service']
2025-11-14 09:13:02.934 65667 INFO tempest.lib.common.dynamic_creds [-] Acquired dynamic creds: credentials: Credentials: {'domain_id': 'default', 'domain_name': 'Default', 'username': 'tempest-VolumesAdminNegativeTest-322173580-project', 'project_domain_id': 'default', 'project_domain_name': 'Default', 'project_id': '4e25cec85c0b479ba6516b1adbfdcb6f', 'project_name': 'tempest-VolumesAdminNegativeTest-322173580', 'tenant_id': '4e25cec85c0b479ba6516b1adbfdcb6f', 'tenant_name': 'tempest-VolumesAdminNegativeTest-322173580', 'user_domain_id': 'default', 'user_domain_name': 'Default', 'user_id': '060f0c8d1e494844aeca284d1f423774', 'system': None}, Network: None, Subnet: None, Router: None
2025-11-14 09:13:02.973 65725 INFO tempest.lib.common.rest_client [req-441fdd72-e2b9-4ea6-959d-3014d0e6ca3a req-441fdd72-e2b9-4ea6-959d-3014d0e6ca3a ] Request (ServersAdminNegativeTestJSON:tearDownClass): 200 GET http://10.180.1.21/compute/v2.1/servers/29056f1d-5a82-48a3-8e84-0110b328855a 5.843s
2025-11-14 09:13:03.014 65693 INFO tempest.lib.common.rest_client [req-ef9fcc2f-d57a-414c-818b-446e3205cb85 req-ef9fcc2f-d57a-414c-818b-446e3205cb85 ] Request (ServerAddressesNegativeTestJSON:tearDownClass): 204 DELETE http://10.180.1.21/identity/v3/projects/dda5e46bca8749669a59bc418ab82801 0.127s
2025-11-14 09:13:03.015 65693 INFO tempest.test [-] raised in ServerStableDeviceRescueTestIDE.setUpClass. Invoking tearDownClass.
2025-11-14 09:13:03.041 65695 INFO tempest.lib.common.rest_client [req-a3c27247-2d34-42b2-bfaf-262606f5e4c4 req-a3c27247-2d34-42b2-bfaf-262606f5e4c4 ] Request (ServerExternalEventsTest:tearDownClass): 204 DELETE http://10.180.1.21/networking/v2.0/security-groups/f9bb7cf1-1b35-4ab7-ad67-f0b03195ae31 0.264s
2025-11-14 09:13:03.182 65695 INFO tempest.lib.common.rest_client [req-4a68d1c4-b3e4-4d1e-a1ca-623f05180e52 req-4a68d1c4-b3e4-4d1e-a1ca-623f05180e52 ] Request (ServerExternalEventsTest:tearDownClass): 204 DELETE http://10.180.1.21/identity/v3/projects/df94218c54104fb9887cf7c02a249be4 0.141s
2025-11-14 09:13:03.183 65695 INFO tempest.lib.common.dynamic_creds [-] Deleting project and security group for project: e85de7a335344366b4a36eb8a560b001
2025-11-14 09:13:03.314 65667 INFO tempest.lib.common.rest_client [req-1ca1268c-f320-4032-ad5d-55d33d6e6e7c req-1ca1268c-f320-4032-ad5d-55d33d6e6e7c ] Request (VolumesAdminNegativeTest:setUpClass): 201 POST http://10.180.1.21/networking/v2.0/networks 0.380s
2025-11-14 09:13:03.338 65675 INFO tempest.lib.common.rest_client [req-7e6c0b52-b55e-4bdf-b2d5-735ad3a2c92e req-7e6c0b52-b55e-4bdf-b2d5-735ad3a2c92e ] Request (ListServerFiltersTestJSON:tearDownClass): 200 GET http://10.180.1.21/compute/v2.1/servers/c6449f49-e1a0-4c46-b5da-1f5d974680b4 6.149s
2025-11-14 09:13:03.355 65675 INFO tempest.common.waiters [-] State transition "ACTIVE/deleting" ==> "DELETED/None" after 9 second wait
2025-11-14 09:13:03.417 65681 INFO tempest.lib.common.rest_client [req-82f4d07e-5d29-436a-afd8-8d0a7237a46b req-82f4d07e-5d29-436a-afd8-8d0a7237a46b ] Request (MigrationsAdminTest:test_resize_server_revert_deleted_flavor): 200 GET http://10.180.1.21/compute/v2.1/servers/abd1eefc-d2b6-47f5-a2a5-d538deb761f4 5.956s
2025-11-14 09:13:03.467 65695 INFO tempest.lib.common.rest_client [req-1fb357c3-1f68-4d75-ac8b-a8ddc7fc1b5e req-1fb357c3-1f68-4d75-ac8b-a8ddc7fc1b5e ] Request (ServerExternalEventsTest:tearDownClass): 200 GET http://10.180.1.21/networking/v2.0/security-groups?tenant_id=e85de7a335344366b4a36eb8a560b001&name=default 0.284s
2025-11-14 09:13:03.477 65683 INFO tempest.lib.common.rest_client [req-ce3a12c5-452e-43ff-821c-4812aa9d7296 req-ce3a12c5-452e-43ff-821c-4812aa9d7296 ] Request (ServerTagsTestJSON:test_delete_all_tags): 204 DELETE http://10.180.1.21/compute/v2.1/servers/4925f314-6b60-4a7a-ac45-8ac8a9a059f6/tags 5.660s
2025-11-14 09:13:03.518 65689 INFO tempest.lib.common.rest_client [req-a5036576-cb5a-4797-8c70-ab223e48bcff req-a5036576-cb5a-4797-8c70-ab223e48bcff ] Request (FloatingIPsAssociationTestJSON:tearDownClass): 404 GET http://10.180.1.21/compute/v2.1/servers/fda34d98-13d8-4647-a71a-8e35ea232f0f 5.511s
2025-11-14 09:13:03.573 65723 INFO tempest.lib.common.rest_client [req-e1b568d3-0819-4ced-b274-8a75b58cc18a req-e1b568d3-0819-4ced-b274-8a75b58cc18a ] Request (ServerActionsV293TestJSON:setUpClass): 200 GET http://10.180.1.21/compute/v2.1/servers/0120ce13-f669-4233-a761-e885d8bb0348 6.088s
2025-11-14 09:13:03.649 65667 INFO tempest.lib.common.rest_client [req-85b89265-25b7-407f-8ac4-885de891a8f1 req-85b89265-25b7-407f-8ac4-885de891a8f1 ] Request (VolumesAdminNegativeTest:setUpClass): 201 POST http://10.180.1.21/networking/v2.0/subnets 0.334s
2025-11-14 09:13:03.692 65695 INFO tempest.lib.common.rest_client [req-b3c87371-cd4c-4d35-9055-2767780bff66 req-b3c87371-cd4c-4d35-9055-2767780bff66 ] Request (ServerExternalEventsTest:tearDownClass): 204 DELETE http://10.180.1.21/networking/v2.0/security-groups/d506890a-4abf-4405-b9d5-90b842821e93 0.225s
2025-11-14 09:13:03.765 65717 INFO tempest.lib.common.rest_client [req-1271a7fe-3304-4a5d-bd59-22691c0bc116 req-1271a7fe-3304-4a5d-bd59-22691c0bc116 ] Request (AttachVolumeShelveTestJSON:test_attach_volume_shelved_or_offload_server): 200 GET http://10.180.1.21/compute/v2.1/servers/242c60e5-0ad8-42c7-b47c-846bf5b7001f 5.013s
2025-11-14 09:13:03.835 65695 INFO tempest.lib.common.rest_client [req-d91712be-8d0d-4475-b4c7-e2153047c036 req-d91712be-8d0d-4475-b4c7-e2153047c036 ] Request (ServerExternalEventsTest:tearDownClass): 204 DELETE http://10.180.1.21/identity/v3/projects/e85de7a335344366b4a36eb8a560b001 0.142s
2025-11-14 09:13:03.909 65695 INFO tempest.lib.common.rest_client [req-f32d5850-28db-4e3a-bc17-b937fb81a6aa req-f32d5850-28db-4e3a-bc17-b937fb81a6aa ] Request (TenantUsagesNegativeTestJSON:setUpClass): 201 POST http://10.180.1.21/identity/v3/auth/tokens 0.072s
2025-11-14 09:13:03.944 65695 INFO tempest.lib.common.rest_client [req-6802c3c2-15a0-4100-a13c-8c7104d7c5fa req-6802c3c2-15a0-4100-a13c-8c7104d7c5fa ] Request (TenantUsagesNegativeTestJSON:setUpClass): 201 POST http://10.180.1.21/identity/v3/auth/tokens 0.033s
2025-11-14 09:13:03.969 65695 INFO tempest.lib.common.rest_client [req-9cdc947a-1037-420e-958f-e88e7ba607d3 req-9cdc947a-1037-420e-958f-e88e7ba607d3 ] Request (TenantUsagesNegativeTestJSON:setUpClass): 200 GET http://10.180.1.21/identity/v3/domains?name=Default 0.024s
2025-11-14 09:13:04.001 65695 INFO tempest.lib.common.rest_client [req-66fc67b7-eed0-4f55-a511-df9a03ccd08e req-66fc67b7-eed0-4f55-a511-df9a03ccd08e ] Request (TenantUsagesNegativeTestJSON:setUpClass): 201 POST http://10.180.1.21/identity/v3/projects 0.032s
2025-11-14 09:13:04.062 65695 INFO tempest.lib.common.rest_client [req-6c5002e0-cd6e-4066-9531-64f61e510fc9 req-6c5002e0-cd6e-4066-9531-64f61e510fc9 ] Request (TenantUsagesNegativeTestJSON:setUpClass): 201 POST http://10.180.1.21/identity/v3/users 0.061s
2025-11-14 09:13:04.089 65695 INFO tempest.lib.common.rest_client [req-43aca0d7-a713-4185-ba0a-0eaae052ceaa req-43aca0d7-a713-4185-ba0a-0eaae052ceaa ] Request (TenantUsagesNegativeTestJSON:setUpClass): 200 GET http://10.180.1.21/identity/v3/roles 0.026s
2025-11-14 09:13:04.125 65695 INFO tempest.lib.common.rest_client [req-717b6bd1-332c-4a11-99a3-bb3760a047ad req-717b6bd1-332c-4a11-99a3-bb3760a047ad ] Request (TenantUsagesNegativeTestJSON:setUpClass): 204 PUT http://10.180.1.21/identity/v3/projects/be7e467b128d4c10ae99e82f69b723dc/users/27276a9adda74f3b8df6aa3e2b93c643/roles/4922d35a73c64ef48bec5cc77b709980 0.035s
2025-11-14 09:13:04.125 65695 INFO tempest.lib.common.dynamic_creds [-] Dynamic test user 27276a9adda74f3b8df6aa3e2b93c643 is created with scope project and roles: ['member']
2025-11-14 09:13:04.125 65695 INFO tempest.lib.common.dynamic_creds [-] Acquired dynamic creds: credentials: Credentials: {'domain_id': 'default', 'domain_name': 'Default', 'username': 'tempest-TenantUsagesNegativeTestJSON-539929634-project-member', 'project_domain_id': 'default', 'project_domain_name': 'Default', 'project_id': 'be7e467b128d4c10ae99e82f69b723dc', 'project_name': 'tempest-TenantUsagesNegativeTestJSON-539929634', 'tenant_id': 'be7e467b128d4c10ae99e82f69b723dc', 'tenant_name': 'tempest-TenantUsagesNegativeTestJSON-539929634', 'user_domain_id': 'default', 'user_domain_name': 'Default', 'user_id': '27276a9adda74f3b8df6aa3e2b93c643', 'system': None}, Network: None, Subnet: None, Router: None
