2025-11-14 09:11:02.201 65699 INFO tempest.lib.common.rest_client [req-1793fe7e-6766-44d5-b4aa-3cf784f6c158 req-1793fe7e-6766-44d5-b4aa-3cf784f6c158 ] Request (QuotasAdminTestJSON:setUpClass): 201 POST http://10.180.1.21/identity/v3/users 0.070s
2025-11-14 09:11:02.217 65723 INFO tempest.lib.common.rest_client [req-96cd844f-6dd2-4330-bc6f-b312b23d14fb req-96cd844f-6dd2-4330-bc6f-b312b23d14fb ] Request (InstanceActionsTestJSON:setUpClass): 200 GET http://10.180.1.21/compute/v2.1/servers/ce586098-75e8-4cb3-9091-1877dda6e126 4.181s
2025-11-14 09:11:02.229 65699 INFO tempest.lib.common.rest_client [req-67c11182-8cf7-4b1e-b6da-f29902ca99ae req-67c11182-8cf7-4b1e-b6da-f29902ca99ae ] Request (QuotasAdminTestJSON:setUpClass): 200 GET http://10.180.1.21/identity/v3/roles 0.028s
2025-11-14 09:11:02.239 65679 INFO tempest.lib.common.rest_client [req-bd987465-435e-465c-9cff-cd57e78e423c req-bd987465-435e-465c-9cff-cd57e78e423c ] Request (QuotasAdminNegativeTest:test_create_server_when_instances_quota_is_full): 200 GET http://10.180.1.21/compute/v2.1/os-quota-sets/ae1df3e1b1c648db904c56985cd60b4f 4.412s
2025-11-14 09:11:02.269 65699 INFO tempest.lib.common.rest_client [req-7ace470b-e216-4c6b-b159-d7a2b37bc1db req-7ace470b-e216-4c6b-b159-d7a2b37bc1db ] Request (QuotasAdminTestJSON:setUpClass): 204 PUT http://10.180.1.21/identity/v3/projects/eeda473e3f1b4b58bd5e6c39157d7b96/users/865ad481de814d1e8eb513a9c370af33/roles/4922d35a73c64ef48bec5cc77b709980 0.039s
2025-11-14 09:11:02.269 65699 INFO tempest.lib.common.dynamic_creds [-] Dynamic test user 865ad481de814d1e8eb513a9c370af33 is created with scope project and roles: ['member']
2025-11-14 09:11:02.269 65699 INFO tempest.lib.common.dynamic_creds [-] Acquired dynamic creds: credentials: Credentials: {'domain_id': 'default', 'domain_name': 'Default', 'username': 'tempest-QuotasAdminTestJSON-45691840-project-member', 'project_domain_id': 'default', 'project_domain_name': 'Default', 'project_id': 'eeda473e3f1b4b58bd5e6c39157d7b96', 'project_name': 'tempest-QuotasAdminTestJSON-45691840', 'tenant_id': 'eeda473e3f1b4b58bd5e6c39157d7b96', 'tenant_name': 'tempest-QuotasAdminTestJSON-45691840', 'user_domain_id': 'default', 'user_domain_name': 'Default', 'user_id': '865ad481de814d1e8eb513a9c370af33', 'system': None}, Network: None, Subnet: None, Router: None
2025-11-14 09:11:02.270 65699 INFO tempest.lib.common.dynamic_creds [-] Created isolated network resources for: credentials: Credentials: {'domain_id': 'default', 'domain_name': 'Default', 'username': 'tempest-QuotasAdminTestJSON-45691840-project-member', 'project_domain_id': 'default', 'project_domain_name': 'Default', 'project_id': 'eeda473e3f1b4b58bd5e6c39157d7b96', 'project_name': 'tempest-QuotasAdminTestJSON-45691840', 'tenant_id': 'eeda473e3f1b4b58bd5e6c39157d7b96', 'tenant_name': 'tempest-QuotasAdminTestJSON-45691840', 'user_domain_id': 'default', 'user_domain_name': 'Default', 'user_id': '865ad481de814d1e8eb513a9c370af33', 'system': None}, Network: None, Subnet: None, Router: None
2025-11-14 09:11:02.317 65669 INFO tempest.lib.common.rest_client [req-bca1201a-6c22-4e2d-811d-1d957722fe9b req-bca1201a-6c22-4e2d-811d-1d957722fe9b ] Request (ServersAdminTestJSON:setUpClass): 200 GET http://10.180.1.21/compute/v2.1/servers/6ace7dc3-71a5-4769-91bf-989d065f63a6 4.022s
2025-11-14 09:11:02.370 65699 INFO tempest.lib.common.rest_client [req-b0cf4492-b1fd-43a3-99dc-73531d022c24 req-b0cf4492-b1fd-43a3-99dc-73531d022c24 ] Request (QuotasAdminTestJSON:setUpClass): 201 POST http://10.180.1.21/identity/v3/auth/tokens 0.095s
2025-11-14 09:11:02.376 65671 INFO tempest.lib.common.rest_client [req-9c875cd3-e82b-4216-a276-1781fe45d1dc req-9c875cd3-e82b-4216-a276-1781fe45d1dc ] Request (QuotaClassesAdmin257Test:_run_cleanups): 200 PUT http://10.180.1.21/compute/v2.1/os-quota-class-sets/default 4.081s
2025-11-14 09:11:02.401 65704 INFO tempest.lib.common.rest_client [req-67b239d3-49a5-4d7d-b37a-525ee91f2066 req-67b239d3-49a5-4d7d-b37a-525ee91f2066 ] Request (HypervisorAdminTestJSON:test_get_hypervisor_list_details): 200 GET http://10.180.1.21/compute/v2.1/os-hypervisors/detail 3.934s
2025-11-14 09:11:02.412 65709 INFO tempest.lib.common.rest_client [req-526efc1d-45aa-47af-b44e-037cafc9088f req-526efc1d-45aa-47af-b44e-037cafc9088f ] Request (FlavorsAccessNegativeTestJSON:_run_cleanups): 200 POST http://10.180.1.21/compute/v2.1/flavors/1150095909/action 4.146s
2025-11-14 09:11:02.437 65701 INFO tempest.lib.common.rest_client [req-86d10d87-f70f-41f2-9e4d-276504b6cc69 req-86d10d87-f70f-41f2-9e4d-276504b6cc69 ] Request (ImagesMetadataNegativeTestJSON:test_update_nonexistent_image_metadata): 404 POST http://10.180.1.21/compute/v2.1/images/9641a08a-272d-44cd-ab3c-5eebbc884490/metadata 3.866s
2025-11-14 09:11:02.474 65699 INFO tempest.lib.common.rest_client [req-a28f0e02-46c5-48d9-a98b-46a99d3050a3 req-a28f0e02-46c5-48d9-a98b-46a99d3050a3 ] Request (QuotasAdminTestJSON:setUpClass): 201 POST http://10.180.1.21/identity/v3/projects 0.103s
2025-11-14 09:11:02.564 65725 INFO tempest.lib.common.rest_client [req-450e7218-b368-456b-9c88-267fe30e7384 req-450e7218-b368-456b-9c88-267fe30e7384 ] Request (ServersAdminNegativeTestJSON:setUpClass): 200 GET http://10.180.1.21/compute/v2.1/servers/1198641a-fc81-48d2-a9d5-15321c80719c 4.082s
2025-11-14 09:11:02.604 65701 INFO tempest.lib.common.rest_client [req-5ca424da-7e34-4bb9-a771-976a7df253f4 req-5ca424da-7e34-4bb9-a771-976a7df253f4 ] Request (ImagesMetadataNegativeTestJSON:tearDownClass): 204 DELETE http://10.180.1.21/identity/v3/users/0fd9dafd833b4469abcf1d0bfec465f7 0.166s
2025-11-14 09:11:02.605 65701 INFO tempest.lib.common.dynamic_creds [-] Deleting project and security group for project: a8f2268b90db4c05ab461ebcb1dbbd30
2025-11-14 09:11:02.630 65671 INFO tempest.lib.common.rest_client [req-37c2b609-a421-41d0-8b2c-a1058a014289 req-37c2b609-a421-41d0-8b2c-a1058a014289 ] Request (QuotaClassesAdmin257Test:tearDownClass): 204 DELETE http://10.180.1.21/identity/v3/users/a458be8b7bdf4a8793058eda309adabf 0.249s
2025-11-14 09:11:02.690 65675 INFO tempest.lib.common.rest_client [req-2478b726-4c03-490b-9454-902acef9d83a req-2478b726-4c03-490b-9454-902acef9d83a ] Request (ListServerFiltersTestJSON:setUpClass): 200 GET http://10.180.1.21/compute/v2.1/servers/c6449f49-e1a0-4c46-b5da-1f5d974680b4 3.435s
2025-11-14 09:11:02.723 65701 INFO tempest.lib.common.rest_client [req-7d5963e6-35f3-42a3-9d35-59ef68713abf req-7d5963e6-35f3-42a3-9d35-59ef68713abf ] Request (ImagesMetadataNegativeTestJSON:tearDownClass): 201 POST http://10.180.1.21/identity/v3/auth/tokens 0.118s
2025-11-14 09:11:02.731 65695 INFO tempest.lib.common.rest_client [req-81f7326a-c87a-42b1-9c6d-46990105b844 req-81f7326a-c87a-42b1-9c6d-46990105b844 ] Request (FlavorsAccessTestJSON:test_flavor_access_add_remove): 200 GET http://10.180.1.21/compute/v2.1/flavors/detail 3.365s
2025-11-14 09:11:02.744 65699 INFO tempest.lib.common.rest_client [req-57595071-8496-4fe5-a33b-e4a4a48dc1c9 req-57595071-8496-4fe5-a33b-e4a4a48dc1c9 ] Request (QuotasAdminTestJSON:setUpClass): 201 POST http://10.180.1.21/identity/v3/users 0.269s
2025-11-14 09:11:02.755 65707 INFO tempest.lib.common.rest_client [req-e95acee6-271c-47aa-bb9b-d9b51a70e530 req-e95acee6-271c-47aa-bb9b-d9b51a70e530 ] Request (FlavorsV255TestJSON:test_crud_flavor): 200 GET http://10.180.1.21/compute/v2.1/flavors 3.356s
2025-11-14 09:11:02.807 65671 INFO tempest.lib.common.rest_client [req-1d52f295-c5a2-4cc6-8ac9-b6d94ce5b194 req-1d52f295-c5a2-4cc6-8ac9-b6d94ce5b194 ] Request (QuotaClassesAdmin257Test:tearDownClass): 204 DELETE http://10.180.1.21/identity/v3/users/d52e46285032481993141120b418781d 0.177s
2025-11-14 09:11:02.808 65671 INFO tempest.lib.common.dynamic_creds [-] Deleting project and security group for project: c218c6115d5e4cbe909a590f8184bb0e
2025-11-14 09:11:02.877 65697 INFO tempest.lib.common.rest_client [req-5a298c2f-c34d-4bd4-a4aa-785f1a96a615 req-5a298c2f-c34d-4bd4-a4aa-785f1a96a615 ] Request (ServerDiagnosticsNegativeTest:test_get_server_diagnostics_by_non_admin): 200 GET http://10.180.1.21/compute/v2.1/servers/29442a9c-7fdd-47dd-9ae1-ea2eb6215853 3.388s
2025-11-14 09:11:02.883 65713 INFO tempest.lib.common.rest_client [req-e67954eb-0714-46c3-b78f-32838f287170 req-e67954eb-0714-46c3-b78f-32838f287170 ] Request (HypervisorAdminNegativeTestJSON:test_get_hypervisor_uptime_with_non_admin_user): 403 GET http://10.180.1.21/compute/v2.1/os-hypervisors/1/uptime 3.374s
2025-11-14 09:11:02.890 65699 INFO tempest.lib.common.rest_client [req-8a82dfd6-900a-42ca-a8a9-9db683af8b58 req-8a82dfd6-900a-42ca-a8a9-9db683af8b58 ] Request (QuotasAdminTestJSON:setUpClass): 200 GET http://10.180.1.21/identity/v3/roles 0.146s
2025-11-14 09:11:02.894 65711 INFO tempest.lib.common.rest_client [req-2b807430-4d57-4739-986b-facf9b0c48df req-2b807430-4d57-4739-986b-facf9b0c48df ] Request (HostsAdminNegativeTestJSON:test_show_host_detail_with_non_admin_user): 403 GET http://10.180.1.21/compute/v2.1/os-hosts/devstack 3.373s
2025-11-14 09:11:02.909 65671 INFO tempest.lib.common.rest_client [req-6bd26478-25da-4bee-853d-b21defa7def4 req-6bd26478-25da-4bee-853d-b21defa7def4 ] Request (QuotaClassesAdmin257Test:tearDownClass): 201 POST http://10.180.1.21/identity/v3/auth/tokens 0.101s
2025-11-14 09:11:02.923 65667 INFO tempest.lib.common.rest_client [req-b7e4d9bc-095a-429a-bc49-77f29ad98a7f req-b7e4d9bc-095a-429a-bc49-77f29ad98a7f ] Request (FlavorsAdminTestJSON:test_create_flavor_verify_entry_in_list_details): 200 GET http://10.180.1.21/compute/v2.1/flavors/detail 3.377s
2025-11-14 09:11:02.936 65699 INFO tempest.lib.common.rest_client [req-71cb8020-3fa2-4860-9ca9-a53621c3ef68 req-71cb8020-3fa2-4860-9ca9-a53621c3ef68 ] Request (QuotasAdminTestJSON:setUpClass): 204 PUT http://10.180.1.21/identity/v3/projects/234458e675bc4af3b985057f0a86518c/users/8bf4c85b3950475abe710d96b1d16135/roles/31d3437d0e834b98b98415198d68404d 0.044s
2025-11-14 09:11:02.950 65665 INFO tempest.lib.common.rest_client [req-d1ba7a28-efb5-4e1b-bdc8-ed4f1318a9b6 req-d1ba7a28-efb5-4e1b-bdc8-ed4f1318a9b6 ] Request (ServersWithSpecificFlavorTestJSON:test_verify_created_server_ephemeral_disk): 200 POST http://10.180.1.21/compute/v2.1/flavors/1002084323/os-extra_specs 3.393s
2025-11-14 09:11:03.042 65701 INFO tempest.lib.common.rest_client [req-6cd98b21-2f6a-4c0f-95c1-1a641e1ad419 req-6cd98b21-2f6a-4c0f-95c1-1a641e1ad419 ] Request (ImagesMetadataNegativeTestJSON:tearDownClass): 200 GET http://10.180.1.21/networking/v2.0/security-groups?tenant_id=a8f2268b90db4c05ab461ebcb1dbbd30&name=default 0.318s
2025-11-14 09:11:03.070 65681 INFO tempest.lib.common.rest_client [req-c8e22e08-7087-4d3d-bde9-4123489f1642 req-c8e22e08-7087-4d3d-bde9-4123489f1642 ] Request (MigrationsAdminTest:test_list_migrations_in_flavor_resize_situation): 200 GET http://10.180.1.21/compute/v2.1/servers/412c15d8-4e8a-4555-a48f-5f58667695cc 3.511s
2025-11-14 09:11:03.073 65699 INFO tempest.lib.common.rest_client [req-12135ee3-e221-43f5-a1da-63cf67ecf1b9 req-12135ee3-e221-43f5-a1da-63cf67ecf1b9 ] Request (QuotasAdminTestJSON:setUpClass): 200 GET http://10.180.1.21/identity/v3/roles 0.137s
2025-11-14 09:11:03.102 65699 INFO tempest.lib.common.rest_client [req-a6094bf9-22fd-453c-abc7-2420a807e88a req-a6094bf9-22fd-453c-abc7-2420a807e88a ] Request (QuotasAdminTestJSON:setUpClass): 204 PUT http://10.180.1.21/identity/v3/projects/234458e675bc4af3b985057f0a86518c/users/8bf4c85b3950475abe710d96b1d16135/roles/31d3437d0e834b98b98415198d68404d 0.028s
2025-11-14 09:11:03.102 65699 INFO tempest.lib.common.dynamic_creds [-] Dynamic test user 8bf4c85b3950475abe710d96b1d16135 is created with scope project and roles: ['admin']
2025-11-14 09:11:03.102 65699 INFO tempest.lib.common.dynamic_creds [-] Acquired dynamic creds: credentials: Credentials: {'domain_id': 'default', 'domain_name': 'Default', 'username': 'tempest-QuotasAdminTestJSON-1083891259-project-admin', 'project_domain_id': 'default', 'project_domain_name': 'Default', 'project_id': '234458e675bc4af3b985057f0a86518c', 'project_name': 'tempest-QuotasAdminTestJSON-1083891259', 'tenant_id': '234458e675bc4af3b985057f0a86518c', 'tenant_name': 'tempest-QuotasAdminTestJSON-1083891259', 'user_domain_id': 'default', 'user_domain_name': 'Default', 'user_id': '8bf4c85b3950475abe710d96b1d16135', 'system': None}, Network: None, Subnet: None, Router: None
2025-11-14 09:11:03.102 65699 INFO tempest.lib.common.dynamic_creds [-] Created isolated network resources for: credentials: Credentials: {'domain_id': 'default', 'domain_name': 'Default', 'username': 'tempest-QuotasAdminTestJSON-1083891259-project-admin', 'project_domain_id': 'default', 'project_domain_name': 'Default', 'project_id': '234458e675bc4af3b985057f0a86518c', 'project_name': 'tempest-QuotasAdminTestJSON-1083891259', 'tenant_id': '234458e675bc4af3b985057f0a86518c', 'tenant_name': 'tempest-QuotasAdminTestJSON-1083891259', 'user_domain_id': 'default', 'user_domain_name': 'Default', 'user_id': '8bf4c85b3950475abe710d96b1d16135', 'system': None}, Network: None, Subnet: None, Router: None
2025-11-14 09:11:03.153 65677 INFO tempest.lib.common.rest_client [req-b3e25634-684a-40fb-b226-cbc0f5108eb8 req-b3e25634-684a-40fb-b226-cbc0f5108eb8 ] Request (AggregatesAdminNegativeTestJSON:_run_cleanups): 200 POST http://10.180.1.21/compute/v2.1/os-aggregates/1/action 4.527s
2025-11-14 09:11:03.158 65687 INFO tempest.lib.common.rest_client [req-ae7a3e51-ce61-4020-ba6c-5838e4366cc0 req-ae7a3e51-ce61-4020-ba6c-5838e4366cc0 ] Request (HypervisorAdminNegativeUnderV252Test:test_show_servers_with_non_admin_user): 403 GET http://10.180.1.21/compute/v2.1/os-hypervisors/1/servers 3.554s
2025-11-14 09:11:03.204 65671 INFO tempest.lib.common.rest_client [req-8b7bafe1-3f79-4d7a-a394-30528a329450 req-8b7bafe1-3f79-4d7a-a394-30528a329450 ] Request (QuotaClassesAdmin257Test:tearDownClass): 200 GET http://10.180.1.21/networking/v2.0/security-groups?tenant_id=c218c6115d5e4cbe909a590f8184bb0e&name=default 0.294s
2025-11-14 09:11:03.218 65701 INFO tempest.lib.common.rest_client [req-4f80bdf1-36ce-4182-ba15-35b7fe7ad6d8 req-4f80bdf1-36ce-4182-ba15-35b7fe7ad6d8 ] Request (ImagesMetadataNegativeTestJSON:tearDownClass): 204 DELETE http://10.180.1.21/networking/v2.0/security-groups/c6425078-f58f-435a-914c-24a4b61fb948 0.175s
2025-11-14 09:11:03.248 65699 INFO tempest.lib.common.rest_client [req-58edefa4-0f2f-4c80-9e38-4715da157b6a req-58edefa4-0f2f-4c80-9e38-4715da157b6a ] Request (QuotasAdminTestJSON:setUpClass): 201 POST http://10.180.1.21/identity/v3/auth/tokens 0.142s
2025-11-14 09:11:03.249 65699 WARNING tempest.lib.common.rest_client [-] Deprecated: "tenant_id" property is deprecated for removal, use "project_id" instead
2025-11-14 09:11:03.288 65699 INFO tempest.lib.common.rest_client [req-44963110-6f1d-4317-948d-a7748600a157 req-44963110-6f1d-4317-948d-a7748600a157 ] Request (QuotasAdminTestJSON:test_delete_quota): 200 GET http://10.180.1.21/identity/v3/domains?name=Default 0.038s
2025-11-14 09:11:03.333 65699 INFO tempest.lib.common.rest_client [req-4bdec8ae-f6f3-49c5-8556-a6e96121f25c req-4bdec8ae-f6f3-49c5-8556-a6e96121f25c ] Request (QuotasAdminTestJSON:test_delete_quota): 201 POST http://10.180.1.21/identity/v3/projects 0.044s
2025-11-14 09:11:03.371 65719 INFO tempest.lib.common.rest_client [req-bfd83c94-12f5-4fed-a5dc-c520e786529c req-bfd83c94-12f5-4fed-a5dc-c520e786529c ] Request (ListServersNegativeTestJSON:setUpClass): 200 GET http://10.180.1.21/compute/v2.1/servers 3.009s
2025-11-14 09:11:03.378 65701 INFO tempest.lib.common.rest_client [req-2e692b4f-41a8-45b7-964e-3d57aa17215b req-2e692b4f-41a8-45b7-964e-3d57aa17215b ] Request (ImagesMetadataNegativeTestJSON:tearDownClass): 204 DELETE http://10.180.1.21/identity/v3/projects/a8f2268b90db4c05ab461ebcb1dbbd30 0.159s
2025-11-14 09:11:03.390 65691 INFO tempest.lib.common.rest_client [req-1e4e9787-cacc-40bb-974c-53e2cf5381ff req-1e4e9787-cacc-40bb-974c-53e2cf5381ff ] Request (DeleteServersAdminTestJSON:test_admin_delete_servers_of_others): 200 GET http://10.180.1.21/compute/v2.1/servers/761cb835-6077-4f5e-b940-6c3e5835e21d 3.806s
2025-11-14 09:11:03.416 65671 INFO tempest.lib.common.rest_client [req-0567b420-300a-4275-9f5d-1543f13470bd req-0567b420-300a-4275-9f5d-1543f13470bd ] Request (QuotaClassesAdmin257Test:tearDownClass): 204 DELETE http://10.180.1.21/networking/v2.0/security-groups/81708b58-c413-4a57-b895-62c1693c78d5 0.211s
2025-11-14 09:11:03.460 65701 INFO tempest.lib.common.rest_client [req-f136515e-8f86-4930-b070-b862ed79ab3f req-f136515e-8f86-4930-b070-b862ed79ab3f ] Request (ImagesTestJSON:setUpClass): 201 POST http://10.180.1.21/identity/v3/auth/tokens 0.080s
2025-11-14 09:11:03.475 65699 INFO tempest.lib.common.rest_client [req-1b2dd2b0-a5fe-4fa6-bef3-801a6e0e1226 req-1b2dd2b0-a5fe-4fa6-bef3-801a6e0e1226 ] Request (QuotasAdminTestJSON:test_delete_quota): 200 GET http://10.180.1.21/identity/v3/domains?name=Default 0.141s
2025-11-14 09:11:03.501 65693 INFO tempest.lib.common.rest_client [req-e0e8e033-6768-4ead-aa39-bc415bb6d95f req-e0e8e033-6768-4ead-aa39-bc415bb6d95f ] Request (SecurityGroupsNegativeTestJSON:test_delete_the_default_security_group): 200 GET http://10.180.1.21/compute/v2.1/os-security-groups 2.322s
2025-11-14 09:11:03.543 65671 INFO tempest.lib.common.rest_client [req-7f432ca8-3e16-46a4-81dc-06cf1b8bb388 req-7f432ca8-3e16-46a4-81dc-06cf1b8bb388 ] Request (QuotaClassesAdmin257Test:tearDownClass): 204 DELETE http://10.180.1.21/identity/v3/projects/c218c6115d5e4cbe909a590f8184bb0e 0.126s
2025-11-14 09:11:03.543 65671 INFO tempest.lib.common.dynamic_creds [-] Deleting project and security group for project: f6fe79e32c8f4c3187f1f40865b67eee
2025-11-14 09:11:03.611 65701 INFO tempest.lib.common.rest_client [req-d8f37fc8-d669-4188-95a9-be36408b6db8 req-d8f37fc8-d669-4188-95a9-be36408b6db8 ] Request (ImagesTestJSON:setUpClass): 201 POST http://10.180.1.21/identity/v3/auth/tokens 0.148s
2025-11-14 09:11:03.635 65701 INFO tempest.lib.common.rest_client [req-74aa880d-3ac2-43ef-975b-5ede0749d104 req-74aa880d-3ac2-43ef-975b-5ede0749d104 ] Request (ImagesTestJSON:setUpClass): 200 GET http://10.180.1.21/identity/v3/domains?name=Default 0.024s
2025-11-14 09:11:03.662 65701 INFO tempest.lib.common.rest_client [req-e180dbc6-5a62-41b5-8d76-8c2bc2f8f276 req-e180dbc6-5a62-41b5-8d76-8c2bc2f8f276 ] Request (ImagesTestJSON:setUpClass): 201 POST http://10.180.1.21/identity/v3/projects 0.026s
2025-11-14 09:11:03.665 65671 INFO tempest.lib.common.rest_client [req-ffc590e6-42f2-4e96-ab0e-084db623635d req-ffc590e6-42f2-4e96-ab0e-084db623635d ] Request (QuotaClassesAdmin257Test:tearDownClass): 200 GET http://10.180.1.21/networking/v2.0/security-groups?tenant_id=f6fe79e32c8f4c3187f1f40865b67eee&name=default 0.121s
2025-11-14 09:11:03.728 65701 INFO tempest.lib.common.rest_client [req-9501ef89-42b1-447c-890a-2200384ee68c req-9501ef89-42b1-447c-890a-2200384ee68c ] Request (ImagesTestJSON:setUpClass): 201 POST http://10.180.1.21/identity/v3/users 0.066s
2025-11-14 09:11:03.759 65671 INFO tempest.lib.common.rest_client [req-adf65baf-9dc1-4e36-836e-d36230c878db req-adf65baf-9dc1-4e36-836e-d36230c878db ] Request (QuotaClassesAdmin257Test:tearDownClass): 204 DELETE http://10.180.1.21/networking/v2.0/security-groups/05900fc0-7f94-4b5e-a080-f25c547a306f 0.093s
2025-11-14 09:11:03.768 65701 INFO tempest.lib.common.rest_client [req-e7fc2b71-d42c-4487-9c0b-b288a7ee8a0a req-e7fc2b71-d42c-4487-9c0b-b288a7ee8a0a ] Request (ImagesTestJSON:setUpClass): 200 GET http://10.180.1.21/identity/v3/roles 0.039s
2025-11-14 09:11:03.787 65673 INFO tempest.lib.common.rest_client [req-03cb51e0-65ae-4d7f-8ed6-da50b13f82f4 req-03cb51e0-65ae-4d7f-8ed6-da50b13f82f4 ] Request (SecurityGroupsTestJSON:test_list_security_groups_by_server): 200 POST http://10.180.1.21/compute/v2.1/os-security-groups 2.375s
2025-11-14 09:11:03.812 65701 INFO tempest.lib.common.rest_client [req-848aa34a-7ac2-48cd-98f2-4f56361f18b8 req-848aa34a-7ac2-48cd-98f2-4f56361f18b8 ] Request (ImagesTestJSON:setUpClass): 204 PUT http://10.180.1.21/identity/v3/projects/be87ce21751a415bb58b0e452241cf84/users/55500f2d239f45488dc4384715e73f24/roles/4922d35a73c64ef48bec5cc77b709980 0.043s
2025-11-14 09:11:03.812 65701 INFO tempest.lib.common.dynamic_creds [-] Dynamic test user 55500f2d239f45488dc4384715e73f24 is created with scope project and roles: ['member']
2025-11-14 09:11:03.813 65701 INFO tempest.lib.common.dynamic_creds [-] Acquired dynamic creds: credentials: Credentials: {'domain_id': 'default', 'domain_name': 'Default', 'username': 'tempest-ImagesTestJSON-1788638887-project-member', 'project_domain_id': 'default', 'project_domain_name': 'Default', 'project_id': 'be87ce21751a415bb58b0e452241cf84', 'project_name': 'tempest-ImagesTestJSON-1788638887', 'tenant_id': 'be87ce21751a415bb58b0e452241cf84', 'tenant_name': 'tempest-ImagesTestJSON-1788638887', 'user_domain_id': 'default', 'user_domain_name': 'Default', 'user_id': '55500f2d239f45488dc4384715e73f24', 'system': None}, Network: None, Subnet: None, Router: None
2025-11-14 09:11:03.897 65685 INFO tempest.lib.common.rest_client [req-5410571e-c201-4370-b344-6e46b7f68d78 req-5410571e-c201-4370-b344-6e46b7f68d78 ] Request (VolumesAssistedSnapshotsTest:test_volume_assisted_snapshot_create_delete): 200 GET http://10.180.1.21/compute/v2.1/servers/33c36f11-33f3-4642-a367-c26cceac7fa9 1.925s
2025-11-14 09:11:03.899 65671 INFO tempest.lib.common.rest_client [req-8ae40428-cacc-4817-ab33-7e1dfb8657f3 req-8ae40428-cacc-4817-ab33-7e1dfb8657f3 ] Request (QuotaClassesAdmin257Test:tearDownClass): 204 DELETE http://10.180.1.21/identity/v3/projects/f6fe79e32c8f4c3187f1f40865b67eee 0.139s
2025-11-14 09:11:03.914 65701 INFO tempest.lib.common.rest_client [req-4c9dabd0-cbd7-4cc3-891b-9c3470e9a31c req-4c9dabd0-cbd7-4cc3-891b-9c3470e9a31c ] Request (ImagesTestJSON:setUpClass): 201 POST http://10.180.1.21/identity/v3/auth/tokens 0.100s
2025-11-14 09:11:03.951 65671 INFO tempest.lib.common.rest_client [req-81ba6383-e1bf-4568-a219-a0b9d32d8648 req-81ba6383-e1bf-4568-a219-a0b9d32d8648 ] Request (KeyPairsV22TestJSON:setUpClass): 201 POST http://10.180.1.21/identity/v3/auth/tokens 0.050s
2025-11-14 09:11:03.994 65671 INFO tempest.lib.common.rest_client [req-cee7c4f3-f305-4918-afb5-00c1d615bbd0 req-cee7c4f3-f305-4918-afb5-00c1d615bbd0 ] Request (KeyPairsV22TestJSON:setUpClass): 201 POST http://10.180.1.21/identity/v3/auth/tokens 0.041s
2025-11-14 09:11:04.023 65671 INFO tempest.lib.common.rest_client [req-757a2c49-e315-4fea-8a9c-83cd64472285 req-757a2c49-e315-4fea-8a9c-83cd64472285 ] Request (KeyPairsV22TestJSON:setUpClass): 200 GET http://10.180.1.21/identity/v3/domains?name=Default 0.028s
2025-11-14 09:11:04.067 65671 INFO tempest.lib.common.rest_client [req-a4529efb-5544-43ed-8ee3-f7b9f2904bd5 req-a4529efb-5544-43ed-8ee3-f7b9f2904bd5 ] Request (KeyPairsV22TestJSON:setUpClass): 201 POST http://10.180.1.21/identity/v3/projects 0.044s
2025-11-14 09:11:04.127 65727 INFO tempest.lib.common.rest_client [req-ae2d3597-a1d0-4b66-b012-0a80ffcdc8b3 req-ae2d3597-a1d0-4b66-b012-0a80ffcdc8b3 ] Request (ImagesOneServerNegativeTestJSON:setUpClass): 202 POST http://10.180.1.21/compute/v2.1/servers 2.790s
2025-11-14 09:11:04.142 65705 INFO tempest.lib.common.rest_client [req-b8fcb964-3ae2-48fb-8435-55d5e80ceacf req-b8fcb964-3ae2-48fb-8435-55d5e80ceacf ] Request (FlavorsExtraSpecsNegativeTestJSON:test_flavor_unset_nonexistent_key): 404 DELETE http://10.180.1.21/compute/v2.1/flavors/1493331570/os-extra_specs/hw:cpu_thread_policy 1.990s
2025-11-14 09:11:04.150 65671 INFO tempest.lib.common.rest_client [req-7aa6a18e-c83e-474e-b1f6-6f3d55960213 req-7aa6a18e-c83e-474e-b1f6-6f3d55960213 ] Request (KeyPairsV22TestJSON:setUpClass): 201 POST http://10.180.1.21/identity/v3/users 0.082s
2025-11-14 09:11:04.188 65671 INFO tempest.lib.common.rest_client [req-35ac1a80-5708-41bc-bc91-dee54d170cc0 req-35ac1a80-5708-41bc-bc91-dee54d170cc0 ] Request (KeyPairsV22TestJSON:setUpClass): 200 GET http://10.180.1.21/identity/v3/roles 0.036s
2025-11-14 09:11:04.244 65671 INFO tempest.lib.common.rest_client [req-7dccfc46-5f07-4e63-bca3-cd7640e87646 req-7dccfc46-5f07-4e63-bca3-cd7640e87646 ] Request (KeyPairsV22TestJSON:setUpClass): 204 PUT http://10.180.1.21/identity/v3/projects/8271752f45ae4ae0b0234eb3539f179b/users/a9a1052d0b3a4ac79577fba7e961de64/roles/4922d35a73c64ef48bec5cc77b709980 0.056s
2025-11-14 09:11:04.245 65671 INFO tempest.lib.common.dynamic_creds [-] Dynamic test user a9a1052d0b3a4ac79577fba7e961de64 is created with scope project and roles: ['member']
2025-11-14 09:11:04.245 65671 INFO tempest.lib.common.dynamic_creds [-] Acquired dynamic creds: credentials: Credentials: {'domain_id': 'default', 'domain_name': 'Default', 'username': 'tempest-KeyPairsV22TestJSON-69716024-project-member', 'project_domain_id': 'default', 'project_domain_name': 'Default', 'project_id': '8271752f45ae4ae0b0234eb3539f179b', 'project_name': 'tempest-KeyPairsV22TestJSON-69716024', 'tenant_id': '8271752f45ae4ae0b0234eb3539f179b', 'tenant_name': 'tempest-KeyPairsV22TestJSON-69716024', 'user_domain_id': 'default', 'user_domain_name': 'Default', 'user_id': 'a9a1052d0b3a4ac79577fba7e961de64', 'system': None}, Network: None, Subnet: None, Router: None
2025-11-14 09:11:04.246 65671 INFO tempest.lib.common.dynamic_creds [-] Created isolated network resources for: credentials: Credentials: {'domain_id': 'default', 'domain_name': 'Default', 'username': 'tempest-KeyPairsV22TestJSON-69716024-project-member', 'project_domain_id': 'default', 'project_domain_name': 'Default', 'project_id': '8271752f45ae4ae0b0234eb3539f179b', 'project_name': 'tempest-KeyPairsV22TestJSON-69716024', 'tenant_id': '8271752f45ae4ae0b0234eb3539f179b', 'tenant_name': 'tempest-KeyPairsV22TestJSON-69716024', 'user_domain_id': 'default', 'user_domain_name': 'Default', 'user_id': 'a9a1052d0b3a4ac79577fba7e961de64', 'system': None}, Network: None, Subnet: None, Router: None
2025-11-14 09:11:04.293 65701 INFO tempest.lib.common.rest_client [req-1da99923-fac7-4444-9c0b-6dd6d3f8d05a req-1da99923-fac7-4444-9c0b-6dd6d3f8d05a ] Request (ImagesTestJSON:setUpClass): 201 POST http://10.180.1.21/networking/v2.0/networks 0.379s
2025-11-14 09:11:04.385 65671 INFO tempest.lib.common.rest_client [req-3959866f-4a78-425d-82c8-7c45ef101387 req-3959866f-4a78-425d-82c8-7c45ef101387 ] Request (KeyPairsV22TestJSON:setUpClass): 201 POST http://10.180.1.21/identity/v3/auth/tokens 0.135s
2025-11-14 09:11:04.616 65701 INFO tempest.lib.common.rest_client [req-98f717be-3d29-4269-884f-5a8bcface9b2 req-98f717be-3d29-4269-884f-5a8bcface9b2 ] Request (ImagesTestJSON:setUpClass): 201 POST http://10.180.1.21/networking/v2.0/subnets 0.323s
2025-11-14 09:11:05.281 65715 INFO tempest.lib.common.rest_client [req-26c39668-ca75-466c-95ec-1a01d84ea62b req-26c39668-ca75-466c-95ec-1a01d84ea62b ] Request (FloatingIPsAssociationNegativeTestJSON:test_associate_ip_to_server_with_floating_ip): 200 POST http://10.180.1.21/compute/v2.1/os-floating-ips 3.125s
2025-11-14 09:11:05.287 65721 INFO tempest.lib.common.rest_client [req-63aa74eb-a1b7-4413-99d1-db550bcdd4f6 req-63aa74eb-a1b7-4413-99d1-db550bcdd4f6 ] Request (FloatingIPDetailsTestJSON:test_get_floating_ip_details): 200 POST http://10.180.1.21/compute/v2.1/os-floating-ips 3.300s
2025-11-14 09:11:05.500 65679 INFO tempest.lib.common.rest_client [req-f4e38c28-56d5-48a7-b036-8892ef6b77cc req-f4e38c28-56d5-48a7-b036-8892ef6b77cc ] Request (QuotasAdminNegativeTest:test_create_server_when_instances_quota_is_full): 200 PUT http://10.180.1.21/compute/v2.1/os-quota-sets/ae1df3e1b1c648db904c56985cd60b4f 3.258s
2025-11-14 09:11:05.521 65704 INFO tempest.lib.common.rest_client [req-34c43326-d605-4ef8-adfb-31c7f25bd875 req-34c43326-d605-4ef8-adfb-31c7f25bd875 ] Request (HypervisorAdminTestJSON:test_get_hypervisor_show_details): 200 GET http://10.180.1.21/compute/v2.1/os-hypervisors 3.111s
2025-11-14 09:11:05.541 65709 INFO tempest.lib.common.rest_client [req-b8dbd530-7c25-4959-8e9d-5cb171d9d605 req-b8dbd530-7c25-4959-8e9d-5cb171d9d605 ] Request (FlavorsAccessNegativeTestJSON:_run_cleanups): 202 DELETE http://10.180.1.21/compute/v2.1/flavors/1150095909 3.128s
2025-11-14 09:11:05.557 65695 INFO tempest.lib.common.rest_client [req-aa658712-89bb-4222-af85-a2bf30cd8502 req-aa658712-89bb-4222-af85-a2bf30cd8502 ] Request (FlavorsAccessTestJSON:_run_cleanups): 202 DELETE http://10.180.1.21/compute/v2.1/flavors/1740083364 2.817s
2025-11-14 09:11:05.572 65701 INFO tempest.lib.common.rest_client [req-ccf7506e-5554-4e3b-a663-9a031bf5645c req-ccf7506e-5554-4e3b-a663-9a031bf5645c ] Request (ImagesTestJSON:setUpClass): 201 POST http://10.180.1.21/networking/v2.0/routers 0.955s
2025-11-14 09:11:05.577 65707 INFO tempest.lib.common.rest_client [req-8973250f-b284-4dbc-970f-3928a0cb1b1f req-8973250f-b284-4dbc-970f-3928a0cb1b1f ] Request (FlavorsV255TestJSON:_run_cleanups): 202 DELETE http://10.180.1.21/compute/v2.1/flavors/1580661233 2.816s
2025-11-14 09:11:05.583 65713 INFO tempest.lib.common.rest_client [req-770f8c81-f452-4b0e-a9b0-5bb274fa1cd4 req-770f8c81-f452-4b0e-a9b0-5bb274fa1cd4 ] Request (HypervisorAdminNegativeTestJSON:test_get_nonexistent_hypervisor_uptime): 404 GET http://10.180.1.21/compute/v2.1/os-hypervisors/db597c5c-530d-4982-9911-da97c5188771/uptime 2.699s
2025-11-14 09:11:05.591 65679 INFO tempest.lib.common.rest_client [req-881b00af-00c8-485d-9442-c3e114d4c882 req-881b00af-00c8-485d-9442-c3e114d4c882 ] Request (QuotasAdminNegativeTest:test_create_server_when_instances_quota_is_full): 201 POST http://10.180.1.21/identity/v3/auth/tokens 0.083s
2025-11-14 09:11:05.592 65679 INFO tempest.lib.common.fixed_network [-] (QuotasAdminNegativeTest:test_create_server_when_instances_quota_is_full) Found network None available for tenant
2025-11-14 09:11:05.595 65711 INFO tempest.lib.common.rest_client [req-eab5ff06-49df-4a31-8dd6-dac75f5382c4 req-eab5ff06-49df-4a31-8dd6-dac75f5382c4 ] Request (HostsAdminNegativeTestJSON:test_show_host_detail_with_nonexistent_hostname): 404 GET http://10.180.1.21/compute/v2.1/os-hosts/nonexistent_hostname 2.699s
2025-11-14 09:11:05.612 65667 INFO tempest.lib.common.rest_client [req-0226e5ad-f59a-461b-8735-1f865ff12723 req-0226e5ad-f59a-461b-8735-1f865ff12723 ] Request (FlavorsAdminTestJSON:_run_cleanups): 202 DELETE http://10.180.1.21/compute/v2.1/flavors/1091865931 2.682s
2025-11-14 09:11:05.633 65665 INFO tempest.lib.common.rest_client [req-6f824c2b-4446-40e3-bf56-b62effd08fd0 req-6f824c2b-4446-40e3-bf56-b62effd08fd0 ] Request (ServersWithSpecificFlavorTestJSON:test_verify_created_server_ephemeral_disk): 200 POST http://10.180.1.21/compute/v2.1/flavors 2.681s
2025-11-14 09:11:05.841 65689 INFO tempest.lib.common.rest_client [req-a42f19a2-d10f-4e86-8b64-f4ed94a713f9 req-a42f19a2-d10f-4e86-8b64-f4ed94a713f9 ] Request (FloatingIPsAssociationTestJSON:setUpClass): 200 GET http://10.180.1.21/compute/v2.1/servers/54c28c84-5f37-4c63-a827-6b25ff087401 3.654s
2025-11-14 09:11:05.855 65689 INFO tempest.common.waiters [-] State transition "BUILD/spawning" ==> "ACTIVE/None" after 21 second wait
2025-11-14 09:11:05.858 65717 INFO tempest.lib.common.rest_client [req-e6b55327-99a5-4b4f-90af-a51b4e495a2d req-e6b55327-99a5-4b4f-90af-a51b4e495a2d ] Request (AttachVolumeShelveTestJSON:test_attach_volume_shelved_or_offload_server): 200 GET http://10.180.1.21/compute/v2.1/servers/242c60e5-0ad8-42c7-b47c-846bf5b7001f 2.795s
2025-11-14 09:11:05.869 65677 INFO tempest.lib.common.rest_client [req-be6774b2-2879-4fc1-9dfe-c6bd8a3d1013 req-be6774b2-2879-4fc1-9dfe-c6bd8a3d1013 ] Request (AggregatesAdminNegativeTestJSON:_run_cleanups): 200 DELETE http://10.180.1.21/compute/v2.1/os-aggregates/1 2.713s
2025-11-14 09:11:05.884 65687 INFO tempest.lib.common.rest_client [req-18ccd5af-dfb7-4726-a082-709a115da2e4 req-18ccd5af-dfb7-4726-a082-709a115da2e4 ] Request (HypervisorAdminNegativeUnderV252Test:test_show_servers_with_nonexistent_hypervisor): 404 GET http://10.180.1.21/compute/v2.1/os-hypervisors/68c640bc-1a81-4e90-bfb8-4857f970aba9/servers 2.722s
2025-11-14 09:11:05.924 65723 INFO tempest.lib.common.rest_client [req-25af5a93-f643-4b8c-8b74-79621ca97cb8 req-25af5a93-f643-4b8c-8b74-79621ca97cb8 ] Request (InstanceActionsTestJSON:setUpClass): 200 GET http://10.180.1.21/compute/v2.1/servers/ce586098-75e8-4cb3-9091-1877dda6e126 2.698s
2025-11-14 09:11:05.939 65669 INFO tempest.lib.common.rest_client [req-b38af348-8577-4004-b721-d12c4b4ba7b0 req-b38af348-8577-4004-b721-d12c4b4ba7b0 ] Request (ServersAdminTestJSON:setUpClass): 200 GET http://10.180.1.21/compute/v2.1/servers/6ace7dc3-71a5-4769-91bf-989d065f63a6 2.611s
2025-11-14 09:11:05.952 65669 INFO tempest.common.waiters [-] State transition "BUILD/scheduling" ==> "BUILD/None" after 3 second wait
2025-11-14 09:11:06.025 65719 INFO tempest.lib.common.rest_client [req-4e5ee680-7419-41ab-b980-a755f4955c35 req-4e5ee680-7419-41ab-b980-a755f4955c35 ] Request (ListServersNegativeTestJSON:setUpClass): 200 GET http://10.180.1.21/compute/v2.1/servers/4980811b-c5f9-44ea-8056-2d4629489260 2.651s
2025-11-14 09:11:06.131 65687 INFO tempest.lib.common.rest_client [req-7e812c7f-6cef-4bf2-930b-3c2a1650b320 req-7e812c7f-6cef-4bf2-930b-3c2a1650b320 ] Request (HypervisorAdminNegativeUnderV252Test:tearDownClass): 204 DELETE http://10.180.1.21/identity/v3/users/599800af91924fd8bdcb28ce0404f2e0 0.245s
2025-11-14 09:11:06.151 65693 INFO tempest.lib.common.rest_client [req-06bdd8cb-e928-4b7a-be83-73404cbe9ca8 req-06bdd8cb-e928-4b7a-be83-73404cbe9ca8 ] Request (SecurityGroupsNegativeTestJSON:test_delete_the_default_security_group): 400 DELETE http://10.180.1.21/compute/v2.1/os-security-groups/a06191c8-9cb8-45d2-9e8d-e4fbaa5d4be5 2.646s
2025-11-14 09:11:06.277 65699 INFO tempest.lib.common.rest_client [req-5319e7c7-3961-4f8f-ac38-8be6a1450476 req-5319e7c7-3961-4f8f-ac38-8be6a1450476 ] Request (QuotasAdminTestJSON:test_delete_quota): 200 GET http://10.180.1.21/compute/v2.1/os-quota-sets/6d0a10c2345644b89e8514340b1aa117 2.801s
2025-11-14 09:11:06.278 65687 INFO tempest.lib.common.rest_client [req-b7f79bae-c4c1-4f21-aa3e-02f63e21ad79 req-b7f79bae-c4c1-4f21-aa3e-02f63e21ad79 ] Request (HypervisorAdminNegativeUnderV252Test:tearDownClass): 204 DELETE http://10.180.1.21/identity/v3/users/d92b819b9b994f1797267adde68bc005 0.147s
2025-11-14 09:11:06.278 65687 INFO tempest.lib.common.dynamic_creds [-] Deleting project and security group for project: 8692b47d3c2440dcb6e8edb0f9a6d4f7
2025-11-14 09:11:06.329 65725 INFO tempest.lib.common.rest_client [req-2601fa06-7469-44d6-8d87-7c78bd563947 req-2601fa06-7469-44d6-8d87-7c78bd563947 ] Request (ServersAdminNegativeTestJSON:setUpClass): 200 GET http://10.180.1.21/compute/v2.1/servers/1198641a-fc81-48d2-a9d5-15321c80719c 2.754s
2025-11-14 09:11:06.344 65725 INFO tempest.common.waiters [-] State transition "BUILD/spawning" ==> "ACTIVE/None" after 19 second wait
2025-11-14 09:11:06.361 65675 INFO tempest.lib.common.rest_client [req-846fbbc7-006b-48f1-b3b5-99e4698dcbc1 req-846fbbc7-006b-48f1-b3b5-99e4698dcbc1 ] Request (ListServerFiltersTestJSON:setUpClass): 200 GET http://10.180.1.21/compute/v2.1/servers/c6449f49-e1a0-4c46-b5da-1f5d974680b4 2.662s
2025-11-14 09:11:06.367 65687 INFO tempest.lib.common.rest_client [req-d617eb73-99e9-45b6-a43e-9e891ad57acc req-d617eb73-99e9-45b6-a43e-9e891ad57acc ] Request (HypervisorAdminNegativeUnderV252Test:tearDownClass): 201 POST http://10.180.1.21/identity/v3/auth/tokens 0.088s
2025-11-14 09:11:06.371 65675 INFO tempest.common.waiters [-] State transition "BUILD/scheduling" ==> "BUILD/None" after 4 second wait
2025-11-14 09:11:06.475 65673 INFO tempest.lib.common.rest_client [req-f91a2e6b-9269-44d8-bcb5-7462b0b35af0 req-f91a2e6b-9269-44d8-bcb5-7462b0b35af0 ] Request (SecurityGroupsTestJSON:test_list_security_groups_by_server): 200 POST http://10.180.1.21/compute/v2.1/os-security-groups 2.684s
2025-11-14 09:11:06.573 65673 INFO tempest.lib.common.rest_client [req-36f8f2fe-5ffb-4dae-8d73-6be6224d2525 req-36f8f2fe-5ffb-4dae-8d73-6be6224d2525 ] Request (SecurityGroupsTestJSON:test_list_security_groups_by_server): 201 POST http://10.180.1.21/identity/v3/auth/tokens 0.091s
2025-11-14 09:11:06.573 65673 INFO tempest.lib.common.fixed_network [-] (SecurityGroupsTestJSON:test_list_security_groups_by_server) Found network {'id': '165b3b77-2a43-47c7-b2f5-5460f3289fcf', 'name': 'tempest-SecurityGroupsTestJSON-1172363122-network', 'tenant_id': '578dc3eb996b45a3bb26c63b1ea38365', 'project_id': '578dc3eb996b45a3bb26c63b1ea38365', 'admin_state_up': True, 'mtu': 8950, 'status': 'ACTIVE', 'subnets': [], 'shared': False, 'port_security_enabled': True, 'router:external': False, 'provider:network_type': 'vlan', 'provider:physical_network': 'default', 'provider:segmentation_id': 619, 'availability_zone_hints': [], 'availability_zones': [], 'ipv4_address_scope': None, 'ipv6_address_scope': None, 'description': '', 'tags': [], 'created_at': '2025-11-14T09:10:58Z', 'updated_at': '2025-11-14T09:10:58Z', 'revision_number': 1} available for tenant
2025-11-14 09:11:06.663 65701 INFO tempest.lib.common.rest_client [req-6f704115-115c-49e6-b7e8-b8504bebed00 req-6f704115-115c-49e6-b7e8-b8504bebed00 ] Request (ImagesTestJSON:setUpClass): 200 PUT http://10.180.1.21/networking/v2.0/routers/61bb545c-a160-43f8-94fb-160b6245c25b/add_router_interface 1.090s
2025-11-14 09:11:06.664 65701 INFO tempest.lib.common.dynamic_creds [-] Created isolated network resources for: credentials: Credentials: {'domain_id': 'default', 'domain_name': 'Default', 'username': 'tempest-ImagesTestJSON-1788638887-project-member', 'project_domain_id': 'default', 'project_domain_name': 'Default', 'project_id': 'be87ce21751a415bb58b0e452241cf84', 'project_name': 'tempest-ImagesTestJSON-1788638887', 'tenant_id': 'be87ce21751a415bb58b0e452241cf84', 'tenant_name': 'tempest-ImagesTestJSON-1788638887', 'user_domain_id': 'default', 'user_domain_name': 'Default', 'user_id': '55500f2d239f45488dc4384715e73f24', 'system': None}, Network: {'id': '0715ddc5-8704-4ced-9c3a-913b12fe0c31', 'name': 'tempest-ImagesTestJSON-801429708-network', 'tenant_id': 'be87ce21751a415bb58b0e452241cf84', 'project_id': 'be87ce21751a415bb58b0e452241cf84', 'admin_state_up': True, 'mtu': 8950, 'status': 'ACTIVE', 'subnets': [], 'shared': False, 'port_security_enabled': True, 'router:external': False, 'provider:network_type': 'vlan', 'provider:physical_network': 'default', 'provider:segmentation_id': 649, 'availability_zone_hints': [], 'availability_zones': [], 'ipv4_address_scope': None, 'ipv6_address_scope': None, 'description': '', 'tags': [], 'created_at': '2025-11-14T09:11:04Z', 'updated_at': '2025-11-14T09:11:04Z', 'revision_number': 1}, Subnet: {'id': 'ac9b5c79-cc31-4673-8037-83c3c05f453f', 'name': 'tempest-ImagesTestJSON-801429708-subnet', 'tenant_id': 'be87ce21751a415bb58b0e452241cf84', 'network_id': '0715ddc5-8704-4ced-9c3a-913b12fe0c31', 'ip_version': 4, 'subnetpool_id': None, 'enable_dhcp': True, 'ipv6_ra_mode': None, 'ipv6_address_mode': None, 'gateway_ip': '192.168.128.1', 'cidr': '192.168.128.0/28', 'allocation_pools': [{'start': '192.168.128.2', 'end': '192.168.128.14'}], 'host_routes': [], 'dns_nameservers': [], 'description': '', 'router:external': False, 'service_types': [], 'tags': [], 'created_at': '2025-11-14T09:11:04Z', 'updated_at': '2025-11-14T09:11:04Z', 'revision_number': 0, 'project_id': 'be87ce21751a415bb58b0e452241cf84'}, Router: {'id': '61bb545c-a160-43f8-94fb-160b6245c25b', 'name': 'tempest-ImagesTestJSON-801429708-router', 'tenant_id': 'be87ce21751a415bb58b0e452241cf84', 'admin_state_up': True, 'status': 'ACTIVE', 'external_gateway_info': {'network_id': 'ca56134f-e606-42de-acf4-6df8286ce4b7', 'external_fixed_ips': [{'subnet_id': '8bf9d0de-6a7c-4f35-b438-d331c47420c6', 'ip_address': '10.180.180.152'}], 'enable_snat': True}, 'description': '', 'availability_zones': [], 'distributed': False, 'ha': False, 'availability_zone_hints': [], 'routes': [], 'flavor_id': None, 'tags': [], 'created_at': '2025-11-14T09:11:04Z', 'updated_at': '2025-11-14T09:11:05Z', 'revision_number': 2, 'project_id': 'be87ce21751a415bb58b0e452241cf84'}
2025-11-14 09:11:06.683 65687 INFO tempest.lib.common.rest_client [req-93b3bc3a-39e9-453a-bf35-ef96e11ccfaa req-93b3bc3a-39e9-453a-bf35-ef96e11ccfaa ] Request (HypervisorAdminNegativeUnderV252Test:tearDownClass): 200 GET http://10.180.1.21/networking/v2.0/security-groups?tenant_id=8692b47d3c2440dcb6e8edb0f9a6d4f7&name=default 0.315s
2025-11-14 09:11:06.745 65701 INFO tempest.lib.common.rest_client [req-e78a2b4f-5f10-425f-80b0-d744d6e80053 req-e78a2b4f-5f10-425f-80b0-d744d6e80053 ] Request (ImagesTestJSON:setUpClass): 201 POST http://10.180.1.21/identity/v3/auth/tokens 0.077s
2025-11-14 09:11:06.748 65681 INFO tempest.lib.common.rest_client [req-97dd0b48-22e4-4e51-996c-0656d460c7ac req-97dd0b48-22e4-4e51-996c-0656d460c7ac ] Request (MigrationsAdminTest:test_list_migrations_in_flavor_resize_situation): 200 GET http://10.180.1.21/compute/v2.1/servers/412c15d8-4e8a-4555-a48f-5f58667695cc 2.666s
2025-11-14 09:11:06.786 65701 INFO tempest.lib.common.rest_client [req-54074a87-2ec2-496b-98f5-cfea702033ab req-54074a87-2ec2-496b-98f5-cfea702033ab ] Request (ImagesTestJSON:test_create_image_from_stopped_server): 201 POST http://10.180.1.21/identity/v3/auth/tokens 0.036s
2025-11-14 09:11:06.786 65701 INFO tempest.lib.common.fixed_network [-] (ImagesTestJSON:test_create_image_from_stopped_server) Found network {'id': '0715ddc5-8704-4ced-9c3a-913b12fe0c31', 'name': 'tempest-ImagesTestJSON-801429708-network', 'tenant_id': 'be87ce21751a415bb58b0e452241cf84', 'project_id': 'be87ce21751a415bb58b0e452241cf84', 'admin_state_up': True, 'mtu': 8950, 'status': 'ACTIVE', 'subnets': [], 'shared': False, 'port_security_enabled': True, 'router:external': False, 'provider:network_type': 'vlan', 'provider:physical_network': 'default', 'provider:segmentation_id': 649, 'availability_zone_hints': [], 'availability_zones': [], 'ipv4_address_scope': None, 'ipv6_address_scope': None, 'description': '', 'tags': [], 'created_at': '2025-11-14T09:11:04Z', 'updated_at': '2025-11-14T09:11:04Z', 'revision_number': 1} available for tenant
2025-11-14 09:11:06.838 65687 INFO tempest.lib.common.rest_client [req-012a2cfe-4221-4db7-8738-3e1b6e047f73 req-012a2cfe-4221-4db7-8738-3e1b6e047f73 ] Request (HypervisorAdminNegativeUnderV252Test:tearDownClass): 204 DELETE http://10.180.1.21/networking/v2.0/security-groups/3ad87f2a-dd52-4a11-81ad-27b714e2fc77 0.154s
2025-11-14 09:11:06.839 65697 INFO tempest.lib.common.rest_client [req-db747092-07b4-497b-856e-d2b5000f374c req-db747092-07b4-497b-856e-d2b5000f374c ] Request (ServerDiagnosticsNegativeTest:test_get_server_diagnostics_by_non_admin): 200 GET http://10.180.1.21/compute/v2.1/servers/29442a9c-7fdd-47dd-9ae1-ea2eb6215853 2.951s
2025-11-14 09:11:06.843 65705 INFO tempest.lib.common.rest_client [req-c6b074cd-463f-44b4-9cbe-12d25644ac3d req-c6b074cd-463f-44b4-9cbe-12d25644ac3d ] Request (FlavorsExtraSpecsNegativeTestJSON:test_flavor_update_mismatch_key): 400 PUT http://10.180.1.21/compute/v2.1/flavors/1493331570/os-extra_specs/hw:numa_nodes 2.698s
2025-11-14 09:11:06.849 65697 INFO tempest.common.waiters [-] State transition "BUILD/spawning" ==> "ACTIVE/None" after 16 second wait
2025-11-14 09:11:06.898 65727 INFO tempest.lib.common.rest_client [req-0ff2f679-c7fd-4572-8a24-74c47d605323 req-0ff2f679-c7fd-4572-8a24-74c47d605323 ] Request (ImagesOneServerNegativeTestJSON:setUpClass): 200 GET http://10.180.1.21/compute/v2.1/servers/d913327f-26d4-4a7b-8656-c07bea24fc25 2.767s
2025-11-14 09:11:06.905 65687 INFO tempest.lib.common.rest_client [req-f378b46d-13fb-4277-ac9d-b6400ec88fa4 req-f378b46d-13fb-4277-ac9d-b6400ec88fa4 ] Request (HypervisorAdminNegativeUnderV252Test:tearDownClass): 204 DELETE http://10.180.1.21/identity/v3/projects/8692b47d3c2440dcb6e8edb0f9a6d4f7 0.067s
2025-11-14 09:11:06.907 65687 INFO tempest.lib.common.dynamic_creds [-] Deleting project and security group for project: 50e81291c22743d4b8b546e83671aa3c
2025-11-14 09:11:07.032 65687 INFO tempest.lib.common.rest_client [req-30c95504-bdb3-413b-8083-0411db082285 req-30c95504-bdb3-413b-8083-0411db082285 ] Request (HypervisorAdminNegativeUnderV252Test:tearDownClass): 200 GET http://10.180.1.21/networking/v2.0/security-groups?tenant_id=50e81291c22743d4b8b546e83671aa3c&name=default 0.124s
2025-11-14 09:11:07.120 65671 INFO tempest.lib.common.rest_client [req-0eb06cc7-fbbb-4d70-84ed-2e761e86aa61 req-0eb06cc7-fbbb-4d70-84ed-2e761e86aa61 ] Request (KeyPairsV22TestJSON:test_get_keypair_detail): 201 POST http://10.180.1.21/compute/v2.1/os-keypairs 2.732s
2025-11-14 09:11:07.213 65687 INFO tempest.lib.common.rest_client [req-7d9bcb20-8868-4a88-8673-596d089b0b4e req-7d9bcb20-8868-4a88-8673-596d089b0b4e ] Request (HypervisorAdminNegativeUnderV252Test:tearDownClass): 204 DELETE http://10.180.1.21/networking/v2.0/security-groups/2fa46497-8ec3-4e0f-adf2-89d617375c10 0.180s
2025-11-14 09:11:07.245 65685 INFO tempest.lib.common.rest_client [req-aa5a9476-edd5-4b7c-8e62-ececfb3aec34 req-aa5a9476-edd5-4b7c-8e62-ececfb3aec34 ] Request (VolumesAssistedSnapshotsTest:test_volume_assisted_snapshot_create_delete): 200 GET http://10.180.1.21/compute/v2.1/servers/33c36f11-33f3-4642-a367-c26cceac7fa9 2.332s
2025-11-14 09:11:07.253 65691 INFO tempest.lib.common.rest_client [req-820c057f-bf4e-4339-af96-4e638a9575fe req-820c057f-bf4e-4339-af96-4e638a9575fe ] Request (DeleteServersAdminTestJSON:test_admin_delete_servers_of_others): 200 GET http://10.180.1.21/compute/v2.1/servers/761cb835-6077-4f5e-b940-6c3e5835e21d 2.855s
2025-11-14 09:11:07.267 65691 INFO tempest.common.waiters [-] State transition "BUILD/spawning" ==> "ACTIVE/None" after 17 second wait
2025-11-14 09:11:07.357 65687 INFO tempest.lib.common.rest_client [req-6e28ecda-7f14-4eff-b1d5-3a9dcb2ab1e3 req-6e28ecda-7f14-4eff-b1d5-3a9dcb2ab1e3 ] Request (HypervisorAdminNegativeUnderV252Test:tearDownClass): 204 DELETE http://10.180.1.21/identity/v3/projects/50e81291c22743d4b8b546e83671aa3c 0.144s
2025-11-14 09:11:07.358 65687 INFO tempest.test [-] raised in ServersOnMultiNodesTest.setUpClass. Invoking tearDownClass.
2025-11-14 09:11:07.440 65687 INFO tempest.lib.common.rest_client [req-305f0c97-05fa-4ee4-8421-26391fd64f91 req-305f0c97-05fa-4ee4-8421-26391fd64f91 ] Request (ServerDiskConfigTestJSON:setUpClass): 201 POST http://10.180.1.21/identity/v3/auth/tokens 0.079s
2025-11-14 09:11:07.477 65687 INFO tempest.lib.common.rest_client [req-3d7937c2-c8b1-4841-b014-71844209a7da req-3d7937c2-c8b1-4841-b014-71844209a7da ] Request (ServerDiskConfigTestJSON:setUpClass): 201 POST http://10.180.1.21/identity/v3/auth/tokens 0.034s
2025-11-14 09:11:07.504 65687 INFO tempest.lib.common.rest_client [req-6cf121a0-1eec-4b90-97d3-9407c546df90 req-6cf121a0-1eec-4b90-97d3-9407c546df90 ] Request (ServerDiskConfigTestJSON:setUpClass): 200 GET http://10.180.1.21/identity/v3/domains?name=Default 0.026s
2025-11-14 09:11:07.528 65721 INFO tempest.lib.common.rest_client [req-dd800762-5080-40f3-b6ae-4b8e45e92152 req-dd800762-5080-40f3-b6ae-4b8e45e92152 ] Request (FloatingIPDetailsTestJSON:test_get_floating_ip_details): 200 GET http://10.180.1.21/compute/v2.1/os-floating-ips/1b6d942f-867b-4b8f-8355-d816983637a0 2.239s
2025-11-14 09:11:07.540 65687 INFO tempest.lib.common.rest_client [req-3285993b-9cbe-4c5d-b226-7ee3f2c0977a req-3285993b-9cbe-4c5d-b226-7ee3f2c0977a ] Request (ServerDiskConfigTestJSON:setUpClass): 201 POST http://10.180.1.21/identity/v3/projects 0.035s
2025-11-14 09:11:07.555 65704 INFO tempest.lib.common.rest_client [req-25d6a0de-80a6-4210-8bce-59e5af788935 req-25d6a0de-80a6-4210-8bce-59e5af788935 ] Request (HypervisorAdminTestJSON:test_get_hypervisor_show_details): 200 GET http://10.180.1.21/compute/v2.1/os-hypervisors/1 2.032s
2025-11-14 09:11:07.581 65709 INFO tempest.lib.common.rest_client [req-1bb8c45a-18d7-48d4-89dc-04823152e3e5 req-1bb8c45a-18d7-48d4-89dc-04823152e3e5 ] Request (FlavorsAccessNegativeTestJSON:_run_cleanups): 200 GET http://10.180.1.21/compute/v2.1/flavors/detail 2.039s
2025-11-14 09:11:07.606 65695 INFO tempest.lib.common.rest_client [req-e91d0f35-fc25-46d3-948e-8123ede3e0ed req-e91d0f35-fc25-46d3-948e-8123ede3e0ed ] Request (FlavorsAccessTestJSON:_run_cleanups): 200 GET http://10.180.1.21/compute/v2.1/flavors/detail 2.048s
2025-11-14 09:11:07.622 65687 INFO tempest.lib.common.rest_client [req-0055b343-8698-4427-9eab-e00af109b936 req-0055b343-8698-4427-9eab-e00af109b936 ] Request (ServerDiskConfigTestJSON:setUpClass): 201 POST http://10.180.1.21/identity/v3/users 0.082s
2025-11-14 09:11:07.627 65707 INFO tempest.lib.common.rest_client [req-b1898f3f-7026-4aaf-bfbe-37c92169354a req-b1898f3f-7026-4aaf-bfbe-37c92169354a ] Request (FlavorsV255TestJSON:_run_cleanups): 200 GET http://10.180.1.21/compute/v2.1/flavors/detail 2.049s
2025-11-14 09:11:07.652 65687 INFO tempest.lib.common.rest_client [req-5d27ffa5-b53d-4e0c-bf22-8647d60edbe3 req-5d27ffa5-b53d-4e0c-bf22-8647d60edbe3 ] Request (ServerDiskConfigTestJSON:setUpClass): 200 GET http://10.180.1.21/identity/v3/roles 0.030s
2025-11-14 09:11:07.652 65713 INFO tempest.lib.common.rest_client [req-a017ac44-0618-4780-8ebf-8b67e0269930 req-a017ac44-0618-4780-8ebf-8b67e0269930 ] Request (HypervisorAdminNegativeTestJSON:test_show_hypervisor_with_non_admin_user): 200 GET http://10.180.1.21/compute/v2.1/os-hypervisors 2.066s
2025-11-14 09:11:07.688 65687 INFO tempest.lib.common.rest_client [req-59aa0155-4438-4e6c-a446-3dab1ee46141 req-59aa0155-4438-4e6c-a446-3dab1ee46141 ] Request (ServerDiskConfigTestJSON:setUpClass): 204 PUT http://10.180.1.21/identity/v3/projects/06820740f51c4c5cb99a265060439609/users/a16b7ae582fb48c89340b575391e130e/roles/4922d35a73c64ef48bec5cc77b709980 0.035s
2025-11-14 09:11:07.688 65687 INFO tempest.lib.common.dynamic_creds [-] Dynamic test user a16b7ae582fb48c89340b575391e130e is created with scope project and roles: ['member']
