2025-11-29 15:21:28.128 65756 INFO tempest.lib.common.rest_client [req-8431fe4b-c159-4bb2-a60c-1e0ff30a7d32 req-8431fe4b-c159-4bb2-a60c-1e0ff30a7d32 ] Request (ListImageFiltersTestJSON:tearDownClass): 200 GET http://10.180.1.21/compute/v2.1/servers/22d73ce8-4a7a-4f0b-bc71-d4360456e7df 0.173s
2025-11-29 15:21:28.222 65740 INFO tempest.lib.common.rest_client [req-c7af15f7-3b49-45b6-81e4-c8fb1cc72b78 req-c7af15f7-3b49-45b6-81e4-c8fb1cc72b78 ] Request (ServersTestMultiNic:_run_cleanups): 200 GET http://10.180.1.21/compute/v2.1/servers/e75aac23-7a9c-416b-8296-5595e367a497 0.180s
2025-11-29 15:21:28.261 65774 INFO tempest.lib.common.rest_client [req-2a2f67ab-6578-4c42-861c-5a176e268dc6 req-2a2f67ab-6578-4c42-861c-5a176e268dc6 ] Request (DeleteServersTestJSON:setUpClass): 201 POST http://10.180.1.21/networking/v2.0/routers 0.790s
2025-11-29 15:21:28.605 65754 INFO tempest.lib.common.rest_client [req-d1019845-18e2-4865-b148-97c57811cb59 req-d1019845-18e2-4865-b148-97c57811cb59 ] Request (AttachInterfacesUnderV243Test:test_add_remove_fixed_ip): 200 GET http://10.180.1.21/compute/v2.1/servers/8e6483c0-f003-47af-b07e-c903a39c8def 0.270s
2025-11-29 15:21:28.657 65736 INFO tempest.lib.common.rest_client [req-043d842c-77ae-420f-94a9-bd70326e67d5 req-043d842c-77ae-420f-94a9-bd70326e67d5 ] Request (SecurityGroupsTestJSON:test_server_security_groups): 200 GET http://10.180.1.21/compute/v2.1/servers/eab42164-bf65-472a-9359-115692ef9031 0.154s
2025-11-29 15:21:29.108 65774 INFO tempest.lib.common.rest_client [req-6f35f6c5-9961-43b8-8033-ff093235c012 req-6f35f6c5-9961-43b8-8033-ff093235c012 ] Request (DeleteServersTestJSON:setUpClass): 200 PUT http://10.180.1.21/networking/v2.0/routers/9ac5822f-0ede-4904-b086-7b418c6f6044/add_router_interface 0.846s
2025-11-29 15:21:29.108 65774 INFO tempest.lib.common.dynamic_creds [-] Created isolated network resources for: credentials: Credentials: {'domain_id': 'default', 'domain_name': 'Default', 'username': 'tempest-DeleteServersTestJSON-850757218-project-member', 'project_domain_id': 'default', 'project_domain_name': 'Default', 'project_id': 'f920f4f9c912434487a9df7e4d99b23e', 'project_name': 'tempest-DeleteServersTestJSON-850757218', 'tenant_id': 'f920f4f9c912434487a9df7e4d99b23e', 'tenant_name': 'tempest-DeleteServersTestJSON-850757218', 'user_domain_id': 'default', 'user_domain_name': 'Default', 'user_id': '61bea79ab6834c98a1e2efad08e0bffc', 'system': None}, Network: {'id': '1ad442ee-e923-4c30-8a80-9575e968888b', 'name': 'tempest-DeleteServersTestJSON-348867844-network', 'tenant_id': 'f920f4f9c912434487a9df7e4d99b23e', 'project_id': 'f920f4f9c912434487a9df7e4d99b23e', 'admin_state_up': True, 'mtu': 8950, 'status': 'ACTIVE', 'subnets': [], 'shared': False, 'port_security_enabled': True, 'router:external': False, 'provider:network_type': 'vlan', 'provider:physical_network': 'default', 'provider:segmentation_id': 484, 'availability_zone_hints': [], 'availability_zones': [], 'ipv4_address_scope': None, 'ipv6_address_scope': None, 'description': '', 'tags': [], 'created_at': '2025-11-29T15:21:27Z', 'updated_at': '2025-11-29T15:21:27Z', 'revision_number': 1}, Subnet: {'id': 'f0d22f2a-0ba5-4cfe-a0b3-f4ce07610bbf', 'name': 'tempest-DeleteServersTestJSON-348867844-subnet', 'tenant_id': 'f920f4f9c912434487a9df7e4d99b23e', 'network_id': '1ad442ee-e923-4c30-8a80-9575e968888b', 'ip_version': 4, 'subnetpool_id': None, 'enable_dhcp': True, 'ipv6_ra_mode': None, 'ipv6_address_mode': None, 'gateway_ip': '192.168.128.1', 'cidr': '192.168.128.0/28', 'allocation_pools': [{'start': '192.168.128.2', 'end': '192.168.128.14'}], 'host_routes': [], 'dns_nameservers': [], 'description': '', 'router:external': False, 'service_types': [], 'tags': [], 'created_at': '2025-11-29T15:21:27Z', 'updated_at': '2025-11-29T15:21:27Z', 'revision_number': 0, 'project_id': 'f920f4f9c912434487a9df7e4d99b23e'}, Router: {'id': '9ac5822f-0ede-4904-b086-7b418c6f6044', 'name': 'tempest-DeleteServersTestJSON-348867844-router', 'tenant_id': 'f920f4f9c912434487a9df7e4d99b23e', 'admin_state_up': True, 'status': 'ACTIVE', 'external_gateway_info': {'network_id': '84ad802f-abb3-4dde-bed6-200e20578487', 'external_fixed_ips': [{'subnet_id': 'e039ede4-1fe3-4eb0-9e2d-15e030144dc8', 'ip_address': '10.180.180.134'}], 'enable_snat': True}, 'description': '', 'availability_zones': [], 'distributed': False, 'ha': False, 'availability_zone_hints': [], 'routes': [], 'flavor_id': None, 'tags': [], 'created_at': '2025-11-29T15:21:27Z', 'updated_at': '2025-11-29T15:21:27Z', 'revision_number': 2, 'project_id': 'f920f4f9c912434487a9df7e4d99b23e'}
2025-11-29 15:21:29.183 65728 INFO tempest.lib.common.rest_client [req-4e9ca718-32d8-4588-8a97-8c218c13a65b req-4e9ca718-32d8-4588-8a97-8c218c13a65b ] Request (ServersAdminTestJSON:tearDownClass): 200 GET http://10.180.1.21/compute/v2.1/servers/ea412cbe-0edb-4d17-8560-8c5588ad1a09 0.663s
2025-11-29 15:21:29.208 65774 INFO tempest.lib.common.rest_client [req-b7601391-9b32-417d-a282-974ee2bf8418 req-b7601391-9b32-417d-a282-974ee2bf8418 ] Request (DeleteServersTestJSON:setUpClass): 201 POST http://10.180.1.21/identity/v3/auth/tokens 0.096s
2025-11-29 15:21:29.208 65768 INFO tempest.lib.common.rest_client [req-ccf2c31e-d52e-44ab-9e3d-847c9dbfd34d req-ccf2c31e-d52e-44ab-9e3d-847c9dbfd34d ] Request (ServersListShow2100Test:test_list_show_rebuild_update_server_2100): 200 GET http://10.180.1.21/compute/v2.1/servers/a9f95067-4169-4e2e-b076-425ac0626992 0.632s
2025-11-29 15:21:29.240 65764 INFO tempest.lib.common.rest_client [req-93648f34-8e11-4990-b95a-3972aee6c575 req-93648f34-8e11-4990-b95a-3972aee6c575 ] Request (ImagesTestJSON:test_create_server_from_snapshot): 200 GET http://10.180.1.21/compute/v2.1/images/c7ac2de9-7518-4089-ba61-577dca4767ac 0.656s
2025-11-29 15:21:29.257 65774 INFO tempest.lib.common.rest_client [req-14995028-431f-4186-8621-15bd027cebc7 req-14995028-431f-4186-8621-15bd027cebc7 ] Request (DeleteServersTestJSON:test_delete_active_server): 201 POST http://10.180.1.21/identity/v3/auth/tokens 0.040s
2025-11-29 15:21:29.258 65774 INFO tempest.lib.common.fixed_network [-] (DeleteServersTestJSON:test_delete_active_server) Found network {'id': '1ad442ee-e923-4c30-8a80-9575e968888b', 'name': 'tempest-DeleteServersTestJSON-348867844-network', 'tenant_id': 'f920f4f9c912434487a9df7e4d99b23e', 'project_id': 'f920f4f9c912434487a9df7e4d99b23e', 'admin_state_up': True, 'mtu': 8950, 'status': 'ACTIVE', 'subnets': [], 'shared': False, 'port_security_enabled': True, 'router:external': False, 'provider:network_type': 'vlan', 'provider:physical_network': 'default', 'provider:segmentation_id': 484, 'availability_zone_hints': [], 'availability_zones': [], 'ipv4_address_scope': None, 'ipv6_address_scope': None, 'description': '', 'tags': [], 'created_at': '2025-11-29T15:21:27Z', 'updated_at': '2025-11-29T15:21:27Z', 'revision_number': 1} available for tenant
2025-11-29 15:21:29.319 65718 INFO tempest.lib.common.rest_client [req-8701460d-d6f2-4b8c-8df7-8d282baead54 req-8701460d-d6f2-4b8c-8df7-8d282baead54 ] Request (AttachInterfacesTestJSON:_run_cleanups): 200 GET http://10.180.1.21/compute/v2.1/servers/f2d92dd2-9fbc-47c5-a8c0-e042dbe7dfea 0.681s
2025-11-29 15:21:29.334 65724 INFO tempest.lib.common.rest_client [req-3ebbc161-ba12-4532-a6a8-87b6ccc59963 req-3ebbc161-ba12-4532-a6a8-87b6ccc59963 ] Request (ImagesOneServerNegativeTestJSON:_run_cleanups): 200 GET http://10.180.1.21/compute/v2.1/servers/4b3e513d-7d06-4abd-9934-aa35d2d128bb 0.664s
2025-11-29 15:21:29.574 65732 INFO tempest.lib.common.rest_client [req-f906839a-31db-44c5-8dcd-3c846b1cf76a req-f906839a-31db-44c5-8dcd-3c846b1cf76a ] Request (MigrationsAdminTest:test_resize_server_revert_deleted_flavor): 200 GET http://10.180.1.21/compute/v2.1/servers/5a85a2ac-172b-4405-a23f-6353c6d815f5 0.809s
2025-11-29 15:21:29.602 65762 INFO tempest.lib.common.rest_client [req-82f32e0d-b60b-4d7f-8084-9e0242725ed0 req-82f32e0d-b60b-4d7f-8084-9e0242725ed0 ] Request (ServersV294TestFqdnHostnames:setUpClass): 200 GET http://10.180.1.21/compute/v2.1/servers/f28d61bc-1588-4a41-b39a-fa5858e103c3 0.772s
2025-11-29 15:21:29.633 65716 INFO tempest.lib.common.rest_client [req-09d4b68a-1010-4a0b-b6b6-b07f03ba11d4 req-09d4b68a-1010-4a0b-b6b6-b07f03ba11d4 ] Request (ListServerFiltersTestJSON:tearDownClass): 200 GET http://10.180.1.21/compute/v2.1/servers/d88271b0-8fc3-4038-8a4e-1c540fca91d2 0.794s
2025-11-29 15:21:29.660 65712 INFO tempest.lib.common.rest_client [req-c3bce74a-688b-4d61-88f0-ea76bcb36de3 req-c3bce74a-688b-4d61-88f0-ea76bcb36de3 ] Request (ServerMetadataNegativeTestJSON:tearDownClass): 200 GET http://10.180.1.21/compute/v2.1/servers/878bd553-5276-494e-84f4-852e3724c9d2 0.774s
2025-11-29 15:21:29.684 65748 INFO tempest.lib.common.rest_client [req-963f9f55-d429-4ca5-b46b-2dcd146b7633 req-963f9f55-d429-4ca5-b46b-2dcd146b7633 ] Request (ServersWithSpecificFlavorTestJSON:test_verify_created_server_ephemeral_disk): 200 GET http://10.180.1.21/compute/v2.1/servers/69230716-a9b1-4a60-af71-4ff059b2e44c 0.783s
2025-11-29 15:21:29.723 65752 INFO tempest.lib.common.rest_client [req-ba99b847-908d-49f3-ab3c-3fa48cc61d78 req-ba99b847-908d-49f3-ab3c-3fa48cc61d78 ] Request (AttachInterfacesV270Test:tearDownClass): 200 GET http://10.180.1.21/compute/v2.1/servers/514606d7-9340-44b2-89f4-9f6ae3b70fa0 0.755s
2025-11-29 15:21:29.893 65734 INFO tempest.lib.common.rest_client [req-04952446-b37c-4eb2-aa4e-2d498408be88 req-04952446-b37c-4eb2-aa4e-2d498408be88 ] Request (ServersNegativeTestJSON:setUpClass): 200 GET http://10.180.1.21/compute/v2.1/servers/11361c76-01c4-4540-8489-651fddaf00b7 0.847s
2025-11-29 15:21:29.919 65771 INFO tempest.lib.common.rest_client [req-feeb9d91-f282-496b-a34c-c17a2c8e3a1e req-feeb9d91-f282-496b-a34c-c17a2c8e3a1e ] Request (ServerActionsTestOtherA:test_rebuild_server_in_stop_state): 200 GET http://10.180.1.21/compute/v2.1/servers/f9d9a181-9e31-432c-a149-d5bcf417d295 0.857s
2025-11-29 15:21:29.927 65771 INFO tempest.common.waiters [-] State transition "BUILD/networking" ==> "BUILD/spawning" after 61 second wait
2025-11-29 15:21:29.968 65759 INFO tempest.lib.common.rest_client [req-62e68ea5-a40a-4512-ba80-893a42addc3d req-62e68ea5-a40a-4512-ba80-893a42addc3d ] Request (ServerTagsTestJSON:tearDownClass): 200 GET http://10.180.1.21/compute/v2.1/servers/86180d57-571f-4000-82ed-c225ad11fa56 0.842s
2025-11-29 15:21:29.996 65756 INFO tempest.lib.common.rest_client [req-3a5a6e87-f5a3-4c5b-84b2-0a3f0d1f0fa9 req-3a5a6e87-f5a3-4c5b-84b2-0a3f0d1f0fa9 ] Request (ListImageFiltersTestJSON:tearDownClass): 200 GET http://10.180.1.21/compute/v2.1/servers/22d73ce8-4a7a-4f0b-bc71-d4360456e7df 0.860s
2025-11-29 15:21:30.033 65740 INFO tempest.lib.common.rest_client [req-d362953c-731a-4a98-b501-484c86702d94 req-d362953c-731a-4a98-b501-484c86702d94 ] Request (ServersTestMultiNic:_run_cleanups): 200 GET http://10.180.1.21/compute/v2.1/servers/e75aac23-7a9c-416b-8296-5595e367a497 0.803s
2025-11-29 15:21:30.037 65764 INFO tempest.lib.common.rest_client [req-434db436-8c2e-4786-bdf8-aacaa68e2020 req-434db436-8c2e-4786-bdf8-aacaa68e2020 ] Request (ImagesTestJSON:test_create_server_from_snapshot): 200 GET http://10.180.1.21/compute/v2.1/images/c7ac2de9-7518-4089-ba61-577dca4767ac 0.792s
2025-11-29 15:21:30.122 65764 INFO tempest.lib.common.rest_client [req-32dbe5ed-1e05-4cf6-ae93-0cfee8c22710 req-32dbe5ed-1e05-4cf6-ae93-0cfee8c22710 ] Request (ImagesTestJSON:test_create_server_from_snapshot): 201 POST http://10.180.1.21/identity/v3/auth/tokens 0.074s
2025-11-29 15:21:30.122 65764 INFO tempest.lib.common.fixed_network [-] (ImagesTestJSON:test_create_server_from_snapshot) Found network {'id': '72b04232-0eac-4e13-9728-ef7e0cde7b8d', 'name': 'tempest-ImagesTestJSON-1145329845-network', 'tenant_id': 'a638393a8e3a4799bec82c392ab3adf6', 'project_id': 'a638393a8e3a4799bec82c392ab3adf6', 'admin_state_up': True, 'mtu': 8950, 'status': 'ACTIVE', 'subnets': [], 'shared': False, 'port_security_enabled': True, 'router:external': False, 'provider:network_type': 'vlan', 'provider:physical_network': 'default', 'provider:segmentation_id': 196, 'availability_zone_hints': [], 'availability_zones': [], 'ipv4_address_scope': None, 'ipv6_address_scope': None, 'description': '', 'tags': [], 'created_at': '2025-11-29T15:17:02Z', 'updated_at': '2025-11-29T15:17:02Z', 'revision_number': 1} available for tenant
2025-11-29 15:21:30.142 65754 INFO tempest.lib.common.rest_client [req-3971dafc-95d5-4123-b027-fe9d7c148506 req-3971dafc-95d5-4123-b027-fe9d7c148506 ] Request (AttachInterfacesUnderV243Test:test_add_remove_fixed_ip): 200 GET http://10.180.1.21/compute/v2.1/servers/8e6483c0-f003-47af-b07e-c903a39c8def 0.526s
2025-11-29 15:21:30.206 65736 INFO tempest.lib.common.rest_client [req-d5971bfb-5c48-4300-92b0-6aad212e5aff req-d5971bfb-5c48-4300-92b0-6aad212e5aff ] Request (SecurityGroupsTestJSON:test_server_security_groups): 200 GET http://10.180.1.21/compute/v2.1/servers/eab42164-bf65-472a-9359-115692ef9031 0.534s
2025-11-29 15:21:30.513 65774 INFO tempest.lib.common.rest_client [req-169fa63a-6cf3-47f7-910e-bab74d447f00 req-169fa63a-6cf3-47f7-910e-bab74d447f00 ] Request (DeleteServersTestJSON:test_delete_active_server): 202 POST http://10.180.1.21/compute/v2.1/servers 1.254s
2025-11-29 15:21:30.586 65728 INFO tempest.lib.common.rest_client [req-40f018c6-b309-449b-856b-8e745a02fe69 req-40f018c6-b309-449b-856b-8e745a02fe69 ] Request (ServersAdminTestJSON:tearDownClass): 200 GET http://10.180.1.21/compute/v2.1/servers/ea412cbe-0edb-4d17-8560-8c5588ad1a09 0.393s
2025-11-29 15:21:30.643 65764 INFO tempest.lib.common.rest_client [req-ca32b7c3-0d43-4ee5-b3c4-8fa9adaf8826 req-ca32b7c3-0d43-4ee5-b3c4-8fa9adaf8826 ] Request (ImagesTestJSON:test_create_server_from_snapshot): 202 POST http://10.180.1.21/compute/v2.1/servers 0.517s
2025-11-29 15:21:30.660 65768 INFO tempest.lib.common.rest_client [req-459ad8c8-7f67-4a5c-82af-4bade0a81e26 req-459ad8c8-7f67-4a5c-82af-4bade0a81e26 ] Request (ServersListShow2100Test:test_list_show_rebuild_update_server_2100): 200 GET http://10.180.1.21/compute/v2.1/servers/a9f95067-4169-4e2e-b076-425ac0626992 0.437s
2025-11-29 15:21:30.664 65718 INFO tempest.lib.common.rest_client [req-33a1787d-0eb8-4f4d-9dd3-a825b86861fd req-33a1787d-0eb8-4f4d-9dd3-a825b86861fd ] Request (AttachInterfacesTestJSON:_run_cleanups): 404 GET http://10.180.1.21/compute/v2.1/servers/f2d92dd2-9fbc-47c5-a8c0-e042dbe7dfea 0.330s
2025-11-29 15:21:30.700 65774 INFO tempest.lib.common.rest_client [req-c574da26-5610-457c-bcf2-7c41dd3f30d3 req-c574da26-5610-457c-bcf2-7c41dd3f30d3 ] Request (DeleteServersTestJSON:test_delete_active_server): 200 GET http://10.180.1.21/compute/v2.1/servers/55a3a408-1e37-454b-98dc-fd65bb67c329 0.186s
2025-11-29 15:21:30.713 65724 INFO tempest.lib.common.rest_client [req-d76df95c-3ca3-4cfc-9571-afa82657156a req-d76df95c-3ca3-4cfc-9571-afa82657156a ] Request (ImagesOneServerNegativeTestJSON:_run_cleanups): 200 GET http://10.180.1.21/compute/v2.1/servers/4b3e513d-7d06-4abd-9934-aa35d2d128bb 0.366s
2025-11-29 15:21:30.847 65732 INFO tempest.lib.common.rest_client [req-fd005e76-60fb-4e9b-80e9-ea5a6a931d43 req-fd005e76-60fb-4e9b-80e9-ea5a6a931d43 ] Request (MigrationsAdminTest:test_resize_server_revert_deleted_flavor): 200 GET http://10.180.1.21/compute/v2.1/servers/5a85a2ac-172b-4405-a23f-6353c6d815f5 0.266s
2025-11-29 15:21:30.870 65716 INFO tempest.lib.common.rest_client [req-a8d8e029-67cd-40e7-afb3-beca19fe0ae0 req-a8d8e029-67cd-40e7-afb3-beca19fe0ae0 ] Request (ListServerFiltersTestJSON:tearDownClass): 404 GET http://10.180.1.21/compute/v2.1/servers/d88271b0-8fc3-4038-8a4e-1c540fca91d2 0.227s
2025-11-29 15:21:30.875 65762 INFO tempest.lib.common.rest_client [req-54a1ac25-c412-4a58-996e-fb9cc867c066 req-54a1ac25-c412-4a58-996e-fb9cc867c066 ] Request (ServersV294TestFqdnHostnames:setUpClass): 200 GET http://10.180.1.21/compute/v2.1/servers/f28d61bc-1588-4a41-b39a-fa5858e103c3 0.260s
2025-11-29 15:21:30.900 65718 INFO tempest.lib.common.rest_client [req-15517bdc-fbfd-40bd-8208-4594e4b9618e req-15517bdc-fbfd-40bd-8208-4594e4b9618e ] Request (AttachInterfacesTestJSON:_run_cleanups): 202 DELETE http://10.180.1.21/compute/v2.1/os-keypairs/tempest-keypair-378208023 0.235s
2025-11-29 15:21:30.926 65712 INFO tempest.lib.common.rest_client [req-1f810630-0425-4563-84a6-ec8e272dc59c req-1f810630-0425-4563-84a6-ec8e272dc59c ] Request (ServerMetadataNegativeTestJSON:tearDownClass): 404 GET http://10.180.1.21/compute/v2.1/servers/878bd553-5276-494e-84f4-852e3724c9d2 0.257s
2025-11-29 15:21:30.931 65764 INFO tempest.lib.common.rest_client [req-499a227f-6e31-4864-85a7-48836504a4fa req-499a227f-6e31-4864-85a7-48836504a4fa ] Request (ImagesTestJSON:test_create_server_from_snapshot): 200 GET http://10.180.1.21/compute/v2.1/servers/b549d721-fe9d-422c-b5eb-d42e5404d22b 0.286s
2025-11-29 15:21:31.029 65718 INFO tempest.lib.common.rest_client [req-612e8dc7-3d92-42b6-a3d8-a7b38cbffe25 req-612e8dc7-3d92-42b6-a3d8-a7b38cbffe25 ] Request (AttachInterfacesTestJSON:_run_cleanups): 204 DELETE http://10.180.1.21/networking/v2.0/security-groups/e97e4458-7809-406b-8b2f-b7ee556500c1 0.129s
2025-11-29 15:21:31.058 65748 INFO tempest.lib.common.rest_client [req-db915101-76ae-49cc-8768-6e2ec77e00c5 req-db915101-76ae-49cc-8768-6e2ec77e00c5 ] Request (ServersWithSpecificFlavorTestJSON:test_verify_created_server_ephemeral_disk): 200 GET http://10.180.1.21/compute/v2.1/servers/69230716-a9b1-4a60-af71-4ff059b2e44c 0.365s
2025-11-29 15:21:31.078 65752 INFO tempest.lib.common.rest_client [req-d60e61bc-c6a9-4ef3-a620-62717b438626 req-d60e61bc-c6a9-4ef3-a620-62717b438626 ] Request (AttachInterfacesV270Test:tearDownClass): 200 GET http://10.180.1.21/compute/v2.1/servers/514606d7-9340-44b2-89f4-9f6ae3b70fa0 0.341s
2025-11-29 15:21:31.174 65716 INFO tempest.lib.common.rest_client [req-b2448b4b-6376-41a3-8f29-ef99a1604ea0 req-b2448b4b-6376-41a3-8f29-ef99a1604ea0 ] Request (ListServerFiltersTestJSON:tearDownClass): 204 DELETE http://10.180.1.21/compute/v2.1/servers/3ac11436-3a2b-4919-a834-955371230067 0.303s
2025-11-29 15:21:31.466 65718 INFO tempest.lib.common.rest_client [req-ede6c3b7-e34c-4610-9628-e55345d84a23 req-ede6c3b7-e34c-4610-9628-e55345d84a23 ] Request (AttachInterfacesTestJSON:_run_cleanups): 404 GET http://10.180.1.21/networking/v2.0/security-groups/e97e4458-7809-406b-8b2f-b7ee556500c1 0.437s
2025-11-29 15:21:31.862 65712 INFO tempest.lib.common.rest_client [req-1829aa96-dfc1-4100-a7ce-0167fb50bf50 req-1829aa96-dfc1-4100-a7ce-0167fb50bf50 ] Request (ServerMetadataNegativeTestJSON:tearDownClass): 200 PUT http://10.180.1.21/networking/v2.0/routers/e49e70a5-b783-4f44-9013-63b0f9762800/remove_router_interface 0.936s
2025-11-29 15:21:32.175 65718 INFO tempest.lib.common.rest_client [req-1db8a2bf-745f-491d-8c21-df364d627c26 req-1db8a2bf-745f-491d-8c21-df364d627c26 ] Request (AttachInterfacesTestJSON:_run_cleanups): 204 DELETE http://10.180.1.21/networking/v2.0/floatingips/2f076982-bc23-4f9c-88f8-7192301eb7d7 0.708s
2025-11-29 15:21:32.217 65734 INFO tempest.lib.common.rest_client [req-1671e53b-baa4-43f3-b9fe-f217ed6511bd req-1671e53b-baa4-43f3-b9fe-f217ed6511bd ] Request (ServersNegativeTestJSON:setUpClass): 200 GET http://10.180.1.21/compute/v2.1/servers/11361c76-01c4-4540-8489-651fddaf00b7 1.317s
2025-11-29 15:21:32.278 65771 INFO tempest.lib.common.rest_client [req-6e99195a-8806-4dff-a056-200a5ab1c5a9 req-6e99195a-8806-4dff-a056-200a5ab1c5a9 ] Request (ServerActionsTestOtherA:test_rebuild_server_in_stop_state): 200 GET http://10.180.1.21/compute/v2.1/servers/f9d9a181-9e31-432c-a149-d5bcf417d295 1.350s
2025-11-29 15:21:32.304 65756 INFO tempest.lib.common.rest_client [req-cbd2cf89-a985-46bb-aa02-470baac40e04 req-cbd2cf89-a985-46bb-aa02-470baac40e04 ] Request (ListImageFiltersTestJSON:tearDownClass): 404 GET http://10.180.1.21/compute/v2.1/servers/22d73ce8-4a7a-4f0b-bc71-d4360456e7df 1.300s
2025-11-29 15:21:32.693 65720 INFO paramiko.transport [-] Connected (version 2.0, client dropbear_2020.81)
2025-11-29 15:21:32.702 65712 INFO tempest.lib.common.rest_client [req-b1c44f58-728f-4931-a63a-c733b3306b04 req-b1c44f58-728f-4931-a63a-c733b3306b04 ] Request (ServerMetadataNegativeTestJSON:tearDownClass): 204 DELETE http://10.180.1.21/networking/v2.0/routers/e49e70a5-b783-4f44-9013-63b0f9762800 0.839s
2025-11-29 15:21:32.730 65759 INFO tempest.lib.common.rest_client [req-f67cae8f-cb98-438b-89e5-9d8da58705e6 req-f67cae8f-cb98-438b-89e5-9d8da58705e6 ] Request (ServerTagsTestJSON:tearDownClass): 200 GET http://10.180.1.21/compute/v2.1/servers/86180d57-571f-4000-82ed-c225ad11fa56 1.748s
2025-11-29 15:21:32.756 65720 INFO paramiko.transport [-] Authentication (publickey) successful!
2025-11-29 15:21:32.760 65720 INFO tempest.lib.common.ssh [-] ssh connection to cirros@10.180.180.220 successfully created
2025-11-29 15:21:33.203 65740 INFO tempest.lib.common.rest_client [req-17ac0f2c-a32e-42f2-9f74-42550ec0781a req-17ac0f2c-a32e-42f2-9f74-42550ec0781a ] Request (ServersTestMultiNic:_run_cleanups): 200 GET http://10.180.1.21/compute/v2.1/servers/e75aac23-7a9c-416b-8296-5595e367a497 2.161s
2025-11-29 15:21:33.331 65712 INFO tempest.lib.common.rest_client [req-8c3651e3-f8b1-4968-90d5-c9c235befabd req-8c3651e3-f8b1-4968-90d5-c9c235befabd ] Request (ServerMetadataNegativeTestJSON:tearDownClass): 204 DELETE http://10.180.1.21/networking/v2.0/subnets/35a0dc6f-a6ef-4b63-92d2-950c3e19dd6e 0.629s
2025-11-29 15:21:33.415 65754 INFO tempest.lib.common.rest_client [req-842c6792-7ce8-42ba-8f9c-d232d83f0f13 req-842c6792-7ce8-42ba-8f9c-d232d83f0f13 ] Request (AttachInterfacesUnderV243Test:test_add_remove_fixed_ip): 200 GET http://10.180.1.21/compute/v2.1/servers/8e6483c0-f003-47af-b07e-c903a39c8def 2.258s
2025-11-29 15:21:33.431 65754 INFO tempest.common.waiters [-] State transition "BUILD/None" ==> "BUILD/spawning" after 64 second wait
2025-11-29 15:21:33.441 65736 INFO tempest.lib.common.rest_client [req-eaae0cf0-9a27-4c77-828c-255eb1bb3082 req-eaae0cf0-9a27-4c77-828c-255eb1bb3082 ] Request (SecurityGroupsTestJSON:test_server_security_groups): 404 GET http://10.180.1.21/compute/v2.1/servers/eab42164-bf65-472a-9359-115692ef9031 2.226s
2025-11-29 15:21:33.486 65716 INFO tempest.lib.common.rest_client [req-c99f9139-5f02-4881-99dc-e69e114b0f70 req-c99f9139-5f02-4881-99dc-e69e114b0f70 ] Request (ListServerFiltersTestJSON:tearDownClass): 200 GET http://10.180.1.21/compute/v2.1/servers/3ac11436-3a2b-4919-a834-955371230067 2.312s
2025-11-29 15:21:33.516 65728 INFO tempest.lib.common.rest_client [req-f8dba546-8d01-4b86-b0ff-0d46809acd5b req-f8dba546-8d01-4b86-b0ff-0d46809acd5b ] Request (ServersAdminTestJSON:tearDownClass): 200 GET http://10.180.1.21/compute/v2.1/servers/ea412cbe-0edb-4d17-8560-8c5588ad1a09 1.921s
2025-11-29 15:21:33.554 65768 INFO tempest.lib.common.rest_client [req-a3cf71ab-618a-413c-aaf3-f1eb9621b8db req-a3cf71ab-618a-413c-aaf3-f1eb9621b8db ] Request (ServersListShow2100Test:test_list_show_rebuild_update_server_2100): 200 GET http://10.180.1.21/compute/v2.1/servers/a9f95067-4169-4e2e-b076-425ac0626992 1.879s
2025-11-29 15:21:33.571 65774 INFO tempest.lib.common.rest_client [req-9d73ae98-bc27-4254-958f-952655acdf01 req-9d73ae98-bc27-4254-958f-952655acdf01 ] Request (DeleteServersTestJSON:test_delete_active_server): 200 GET http://10.180.1.21/compute/v2.1/servers/55a3a408-1e37-454b-98dc-fd65bb67c329 1.859s
2025-11-29 15:21:33.580 65774 INFO tempest.common.waiters [-] State transition "BUILD/scheduling" ==> "BUILD/None" after 3 second wait
2025-11-29 15:21:33.604 65724 INFO tempest.lib.common.rest_client [req-7de95625-76cb-4ff7-a16c-5cd1f09d0fb3 req-7de95625-76cb-4ff7-a16c-5cd1f09d0fb3 ] Request (ImagesOneServerNegativeTestJSON:_run_cleanups): 200 GET http://10.180.1.21/compute/v2.1/servers/4b3e513d-7d06-4abd-9934-aa35d2d128bb 1.883s
2025-11-29 15:21:33.612 65712 INFO tempest.lib.common.rest_client [req-674455a9-d6c8-4ca7-be2b-9b707e3894cd req-674455a9-d6c8-4ca7-be2b-9b707e3894cd ] Request (ServerMetadataNegativeTestJSON:tearDownClass): 204 DELETE http://10.180.1.21/networking/v2.0/networks/54e0fc2c-1435-493c-bf9d-b6cf94e20d6e 0.281s
2025-11-29 15:21:33.635 65744 WARNING tempest.lib.common.ssh [-] Failed to establish authenticated ssh connection to cirros@10.180.180.149 ([Errno None] Unable to connect to port 22 on 10.180.180.149). Number attempts: 5. Retry after 6 seconds.: paramiko.ssh_exception.NoValidConnectionsError: [Errno None] Unable to connect to port 22 on 10.180.180.149
2025-11-29 15:21:33.696 65732 INFO tempest.lib.common.rest_client [req-1bc70e80-31ef-486f-b4d7-6ddac5fcd1ba req-1bc70e80-31ef-486f-b4d7-6ddac5fcd1ba ] Request (MigrationsAdminTest:test_resize_server_revert_deleted_flavor): 200 GET http://10.180.1.21/compute/v2.1/servers/5a85a2ac-172b-4405-a23f-6353c6d815f5 1.841s
2025-11-29 15:21:33.736 65762 INFO tempest.lib.common.rest_client [req-88225008-0de1-4e66-9b32-9d862e46f37f req-88225008-0de1-4e66-9b32-9d862e46f37f ] Request (ServersV294TestFqdnHostnames:setUpClass): 200 GET http://10.180.1.21/compute/v2.1/servers/f28d61bc-1588-4a41-b39a-fa5858e103c3 1.848s
2025-11-29 15:21:33.749 65762 INFO tempest.common.waiters [-] State transition "BUILD/spawning" ==> "ACTIVE/None" after 77 second wait
2025-11-29 15:21:33.772 65764 INFO tempest.lib.common.rest_client [req-80882ac1-6b87-4eb1-829b-3f163fc02350 req-80882ac1-6b87-4eb1-829b-3f163fc02350 ] Request (ImagesTestJSON:test_create_server_from_snapshot): 200 GET http://10.180.1.21/compute/v2.1/servers/b549d721-fe9d-422c-b5eb-d42e5404d22b 1.834s
2025-11-29 15:21:33.775 65712 INFO tempest.lib.common.rest_client [req-da34304b-53ca-4d32-9e6e-4cb3a0d1bc12 req-da34304b-53ca-4d32-9e6e-4cb3a0d1bc12 ] Request (ServerMetadataNegativeTestJSON:tearDownClass): 204 DELETE http://10.180.1.21/identity/v3/users/2172d8dd24e940069b89c6ba9adabd2b 0.161s
2025-11-29 15:21:33.775 65712 INFO tempest.lib.common.dynamic_creds [-] Deleting project and security group for project: 4d2cdfc6f4c349a89997582741a32540
2025-11-29 15:21:33.779 65764 INFO tempest.common.waiters [-] State transition "BUILD/scheduling" ==> "BUILD/None" after 3 second wait
2025-11-29 15:21:33.793 65752 INFO tempest.lib.common.rest_client [req-2790c6b5-d680-4804-bdbf-7a28b9d3747d req-2790c6b5-d680-4804-bdbf-7a28b9d3747d ] Request (AttachInterfacesV270Test:tearDownClass): 404 GET http://10.180.1.21/compute/v2.1/servers/514606d7-9340-44b2-89f4-9f6ae3b70fa0 1.697s
2025-11-29 15:21:33.800 65748 INFO tempest.lib.common.rest_client [req-028448fd-ea12-466c-af26-2ba3808e9a2d req-028448fd-ea12-466c-af26-2ba3808e9a2d ] Request (ServersWithSpecificFlavorTestJSON:test_verify_created_server_ephemeral_disk): 200 GET http://10.180.1.21/compute/v2.1/servers/69230716-a9b1-4a60-af71-4ff059b2e44c 1.734s
2025-11-29 15:21:33.811 65712 INFO tempest.lib.common.rest_client [req-cd0487e4-ad92-47f7-bdb7-d481cafe66c7 req-cd0487e4-ad92-47f7-bdb7-d481cafe66c7 ] Request (ServerMetadataNegativeTestJSON:tearDownClass): 200 GET http://10.180.1.21/networking/v2.0/security-groups?tenant_id=4d2cdfc6f4c349a89997582741a32540&name=default 0.036s
2025-11-29 15:21:33.835 65718 INFO tempest.lib.common.rest_client [req-1ff24a36-da59-463c-946d-c2056bc71e01 req-1ff24a36-da59-463c-946d-c2056bc71e01 ] Request (ValidationResourcesFixture:setUp): 200 POST http://10.180.1.21/compute/v2.1/os-keypairs 1.658s
2025-11-29 15:21:33.915 65756 INFO tempest.lib.common.rest_client [req-1a143c81-f26e-454f-aeb4-5e4b60ba91fa req-1a143c81-f26e-454f-aeb4-5e4b60ba91fa ] Request (ListImageFiltersTestJSON:tearDownClass): 204 DELETE http://10.180.1.21/compute/v2.1/images/b3827a56-5bac-4008-85fc-8d8a29798832 1.610s
2025-11-29 15:21:33.932 65712 INFO tempest.lib.common.rest_client [req-d0fae8df-44e4-4147-8a69-e922477b3549 req-d0fae8df-44e4-4147-8a69-e922477b3549 ] Request (ServerMetadataNegativeTestJSON:tearDownClass): 204 DELETE http://10.180.1.21/networking/v2.0/security-groups/4ef686cd-78eb-46c8-a0b8-b56b7873d69d 0.120s
2025-11-29 15:21:34.106 65712 INFO tempest.lib.common.rest_client [req-6da4ea65-de8c-4bf1-b73d-8e9dc75f35f4 req-6da4ea65-de8c-4bf1-b73d-8e9dc75f35f4 ] Request (ServerMetadataNegativeTestJSON:tearDownClass): 204 DELETE http://10.180.1.21/identity/v3/projects/4d2cdfc6f4c349a89997582741a32540 0.173s
2025-11-29 15:21:34.127 65718 INFO tempest.lib.common.rest_client [req-0f050ede-19a7-4598-99af-be199a14b3de req-0f050ede-19a7-4598-99af-be199a14b3de ] Request (ValidationResourcesFixture:setUp): 201 POST http://10.180.1.21/networking/v2.0/security-groups 0.289s
2025-11-29 15:21:34.434 65718 INFO tempest.lib.common.rest_client [req-45e38443-20be-4559-9e95-780302bfafa1 req-45e38443-20be-4559-9e95-780302bfafa1 ] Request (ValidationResourcesFixture:setUp): 201 POST http://10.180.1.21/networking/v2.0/security-group-rules 0.306s
2025-11-29 15:21:34.501 65720 INFO tempest.lib.common.rest_client [req-6acfa040-d086-496d-aa05-21956a6a965a req-6acfa040-d086-496d-aa05-21956a6a965a ] Request (ServerActionsTestOtherB:setUp): 200 GET http://10.180.1.21/compute/v2.1/servers/e3bc9709-63a4-4e2a-a13e-fdcf10d4d373 1.740s
2025-11-29 15:21:34.573 65734 INFO tempest.lib.common.rest_client [req-522126e2-9ef2-42ed-8886-4e815f409b24 req-522126e2-9ef2-42ed-8886-4e815f409b24 ] Request (ServersNegativeTestJSON:setUpClass): 200 GET http://10.180.1.21/compute/v2.1/servers/11361c76-01c4-4540-8489-651fddaf00b7 1.348s
2025-11-29 15:21:34.697 65718 INFO tempest.lib.common.rest_client [req-da432c49-c758-4504-bb71-70895c67d6a3 req-da432c49-c758-4504-bb71-70895c67d6a3 ] Request (ValidationResourcesFixture:setUp): 201 POST http://10.180.1.21/networking/v2.0/security-group-rules 0.263s
2025-11-29 15:21:34.710 65752 INFO tempest.lib.common.rest_client [req-1d03383f-7e00-4277-b6df-125badb13900 req-1d03383f-7e00-4277-b6df-125badb13900 ] Request (AttachInterfacesV270Test:tearDownClass): 200 PUT http://10.180.1.21/networking/v2.0/routers/e5a77c7e-aae8-4f76-a11d-da44136baf3f/remove_router_interface 0.916s
2025-11-29 15:21:34.808 65738 WARNING tempest.lib.common.ssh [-] Failed to establish authenticated ssh connection to cirros@10.180.180.180 ([Errno None] Unable to connect to port 22 on 10.180.180.180). Number attempts: 10. Retry after 11 seconds.: paramiko.ssh_exception.NoValidConnectionsError: [Errno None] Unable to connect to port 22 on 10.180.180.180
2025-11-29 15:21:35.268 65718 INFO tempest.lib.common.rest_client [req-9d369145-c46a-47de-8d9e-3fa1d04f9219 req-9d369145-c46a-47de-8d9e-3fa1d04f9219 ] Request (ValidationResourcesFixture:setUp): 201 POST http://10.180.1.21/networking/v2.0/floatingips 0.571s
2025-11-29 15:21:35.356 65718 INFO tempest.lib.common.rest_client [req-e33c47e3-2ff4-4177-9489-21e25b79bad2 req-e33c47e3-2ff4-4177-9489-21e25b79bad2 ] Request (AttachInterfacesTestJSON:test_create_list_show_delete_interfaces_by_network_port): 201 POST http://10.180.1.21/identity/v3/auth/tokens 0.083s
2025-11-29 15:21:35.356 65718 INFO tempest.lib.common.fixed_network [-] (AttachInterfacesTestJSON:test_create_list_show_delete_interfaces_by_network_port) Found network {'id': '89f33c32-38cf-4d35-bc7e-0c5d37945da8', 'name': 'tempest-AttachInterfacesTestJSON-1177012419-network', 'tenant_id': '2747f5fb3201425bbd8cd26e7c606fc6', 'project_id': '2747f5fb3201425bbd8cd26e7c606fc6', 'admin_state_up': True, 'mtu': 8950, 'status': 'ACTIVE', 'subnets': [], 'shared': False, 'port_security_enabled': True, 'router:external': False, 'provider:network_type': 'vlan', 'provider:physical_network': 'default', 'provider:segmentation_id': 603, 'availability_zone_hints': [], 'availability_zones': [], 'ipv4_address_scope': None, 'ipv6_address_scope': None, 'description': '', 'tags': [], 'created_at': '2025-11-29T15:17:07Z', 'updated_at': '2025-11-29T15:17:07Z', 'revision_number': 1} available for tenant
2025-11-29 15:21:35.360 65771 INFO tempest.lib.common.rest_client [req-21854974-4ebd-4c58-bd2f-26a7442b5085 req-21854974-4ebd-4c58-bd2f-26a7442b5085 ] Request (ServerActionsTestOtherA:test_rebuild_server_in_stop_state): 200 GET http://10.180.1.21/compute/v2.1/servers/f9d9a181-9e31-432c-a149-d5bcf417d295 2.073s
2025-11-29 15:21:35.446 65736 INFO tempest.lib.common.rest_client [req-4e659003-09d1-4ed6-b23f-8ce4c848ca52 req-4e659003-09d1-4ed6-b23f-8ce4c848ca52 ] Request (SecurityGroupsTestJSON:test_server_security_groups): 202 DELETE http://10.180.1.21/compute/v2.1/os-security-groups/d3a32291-0504-4a58-83e8-3f2c4277ee9f 2.005s
2025-11-29 15:21:35.490 65752 INFO tempest.lib.common.rest_client [req-8be757a7-0c3d-4c36-8c78-e7743e32bd39 req-8be757a7-0c3d-4c36-8c78-e7743e32bd39 ] Request (AttachInterfacesV270Test:tearDownClass): 204 DELETE http://10.180.1.21/networking/v2.0/routers/e5a77c7e-aae8-4f76-a11d-da44136baf3f 0.779s
2025-11-29 15:21:35.526 65759 INFO tempest.lib.common.rest_client [req-67ac3cc8-d08c-48ec-99ca-b42399a5dea8 req-67ac3cc8-d08c-48ec-99ca-b42399a5dea8 ] Request (ServerTagsTestJSON:tearDownClass): 200 GET http://10.180.1.21/compute/v2.1/servers/86180d57-571f-4000-82ed-c225ad11fa56 1.784s
2025-11-29 15:21:35.603 65762 INFO tempest.lib.common.rest_client [req-a4535831-8db3-442f-84ea-4224b55e7d82 req-a4535831-8db3-442f-84ea-4224b55e7d82 ] Request (ServersV294TestFqdnHostnames:setUpClass): 200 GET http://10.180.1.21/compute/v2.1/servers/f28d61bc-1588-4a41-b39a-fa5858e103c3/os-interface 1.853s
2025-11-29 15:21:35.608 65756 INFO tempest.lib.common.rest_client [req-1da4d85c-d4f5-4260-a129-dd0dc93d3b60 req-1da4d85c-d4f5-4260-a129-dd0dc93d3b60 ] Request (ListImageFiltersTestJSON:tearDownClass): 204 DELETE http://10.180.1.21/compute/v2.1/images/9b3230df-d36e-4d38-a417-9994738eb728 1.692s
2025-11-29 15:21:35.637 65740 INFO tempest.lib.common.rest_client [req-5a9b6dc9-acd3-4669-8ab0-b406e1f6f0e9 req-5a9b6dc9-acd3-4669-8ab0-b406e1f6f0e9 ] Request (ServersTestMultiNic:_run_cleanups): 404 GET http://10.180.1.21/compute/v2.1/servers/e75aac23-7a9c-416b-8296-5595e367a497 1.423s
2025-11-29 15:21:35.776 65752 INFO tempest.lib.common.rest_client [req-d4847561-8c9b-46a6-88c1-993075f0fa10 req-d4847561-8c9b-46a6-88c1-993075f0fa10 ] Request (AttachInterfacesV270Test:tearDownClass): 204 DELETE http://10.180.1.21/networking/v2.0/subnets/0fab02ee-5e68-4a7e-af6b-d1be58bdc5fa 0.286s
2025-11-29 15:21:36.016 65740 INFO tempest.lib.common.rest_client [req-2c7fed08-c686-4325-8fb1-0d7dda09687f req-2c7fed08-c686-4325-8fb1-0d7dda09687f ] Request (ServersTestMultiNic:_run_cleanups): 204 DELETE http://10.180.1.21/networking/v2.0/subnets/fdf89d59-60e9-4c90-bd1b-cb15c39bfa84 0.378s
2025-11-29 15:21:36.136 65716 INFO tempest.lib.common.rest_client [req-cde70a89-9210-49d7-818c-54e76e42184c req-cde70a89-9210-49d7-818c-54e76e42184c ] Request (ListServerFiltersTestJSON:tearDownClass): 200 GET http://10.180.1.21/compute/v2.1/servers/3ac11436-3a2b-4919-a834-955371230067 1.641s
2025-11-29 15:21:36.384 65762 INFO tempest.lib.common.rest_client [req-27dd1427-5166-4aee-b2c5-5b46ed95bd4c req-27dd1427-5166-4aee-b2c5-5b46ed95bd4c ] Request (ServersV294TestFqdnHostnames:setUpClass): 200 PUT http://10.180.1.21/networking/v2.0/floatingips/922e6e8a-e5b7-4539-be3e-363e31ce7241 0.777s
2025-11-29 15:21:36.401 65752 INFO tempest.lib.common.rest_client [req-c5e2298c-05ae-4ef4-a381-de7d2631630f req-c5e2298c-05ae-4ef4-a381-de7d2631630f ] Request (AttachInterfacesV270Test:tearDownClass): 204 DELETE http://10.180.1.21/networking/v2.0/networks/1e1edda6-280e-4e94-bb7a-2d3ade6b0d56 0.624s
2025-11-29 15:21:36.473 65726 INFO paramiko.transport [-] Connected (version 2.0, client dropbear_2020.81)
2025-11-29 15:21:36.528 65726 INFO paramiko.transport [-] Authentication (publickey) failed.
2025-11-29 15:21:36.541 65752 INFO tempest.lib.common.rest_client [req-b55e3157-a3ce-4f24-91c3-c5cb69021765 req-b55e3157-a3ce-4f24-91c3-c5cb69021765 ] Request (AttachInterfacesV270Test:tearDownClass): 204 DELETE http://10.180.1.21/identity/v3/users/c390395aa664474abecde13e65544c47 0.140s
2025-11-29 15:21:36.541 65752 INFO tempest.lib.common.dynamic_creds [-] Deleting project and security group for project: 41da2bba22354084a134de9297e4b1d5
2025-11-29 15:21:36.635 65720 INFO tempest.lib.common.rest_client [req-274f4177-2c38-4713-8e55-d074bc2fa079 req-274f4177-2c38-4713-8e55-d074bc2fa079 ] Request (ServerActionsTestOtherB:test_create_backup): 202 POST http://10.180.1.21/compute/v2.1/servers/e3bc9709-63a4-4e2a-a13e-fdcf10d4d373/action 2.123s
2025-11-29 15:21:36.654 65720 INFO tempest.lib.common.rest_client [req-812c7dbb-ed75-443d-8cd1-7691887e1b68 req-812c7dbb-ed75-443d-8cd1-7691887e1b68 ] Request (ServerActionsTestOtherB:test_create_backup): 200 GET http://10.180.1.21/image/v2/images/77282792-0842-4414-b86c-aaffd9f8cb20 0.019s
2025-11-29 15:21:36.697 65740 INFO tempest.lib.common.rest_client [req-7977f41a-144f-4496-b448-49861fe246a8 req-7977f41a-144f-4496-b448-49861fe246a8 ] Request (ServersTestMultiNic:_run_cleanups): 204 DELETE http://10.180.1.21/networking/v2.0/networks/69c15bbf-67b2-4732-9498-0b14c2eaf04d 0.680s
2025-11-29 15:21:36.742 65754 INFO tempest.lib.common.rest_client [req-1a82eab9-db33-48b0-a993-e5fcfd6bde77 req-1a82eab9-db33-48b0-a993-e5fcfd6bde77 ] Request (AttachInterfacesUnderV243Test:test_add_remove_fixed_ip): 200 GET http://10.180.1.21/compute/v2.1/servers/8e6483c0-f003-47af-b07e-c903a39c8def 2.309s
2025-11-29 15:21:36.764 65752 INFO tempest.lib.common.rest_client [req-4be9ac80-393c-44b2-ab23-17172da18504 req-4be9ac80-393c-44b2-ab23-17172da18504 ] Request (AttachInterfacesV270Test:tearDownClass): 200 GET http://10.180.1.21/networking/v2.0/security-groups?tenant_id=41da2bba22354084a134de9297e4b1d5&name=default 0.222s
2025-11-29 15:21:36.806 65726 INFO paramiko.transport [-] Authentication (password) failed.
2025-11-29 15:21:36.806 65726 WARNING tempest.lib.common.ssh [-] Failed to establish authenticated ssh connection to cirros@10.180.180.136 (Authentication failed.). Number attempts: 11. Retry after 12 seconds.: paramiko.ssh_exception.AuthenticationException: Authentication failed.
2025-11-29 15:21:36.962 65728 INFO tempest.lib.common.rest_client [req-6ec61584-ea27-40d5-8c13-a9bae9f25c88 req-6ec61584-ea27-40d5-8c13-a9bae9f25c88 ] Request (ServersAdminTestJSON:tearDownClass): 200 GET http://10.180.1.21/compute/v2.1/servers/ea412cbe-0edb-4d17-8560-8c5588ad1a09 2.436s
2025-11-29 15:21:37.150 65740 INFO tempest.lib.common.rest_client [req-0f501bc4-fc9e-4e73-8788-76e22939af1f req-0f501bc4-fc9e-4e73-8788-76e22939af1f ] Request (ServersTestMultiNic:_run_cleanups): 204 DELETE http://10.180.1.21/networking/v2.0/subnets/b5fcf23c-3854-4a66-ae3b-2be771d597fe 0.453s
2025-11-29 15:21:37.268 65752 INFO tempest.lib.common.rest_client [req-3e949d00-cc11-4e1b-9688-afc29ab48807 req-3e949d00-cc11-4e1b-9688-afc29ab48807 ] Request (AttachInterfacesV270Test:tearDownClass): 204 DELETE http://10.180.1.21/networking/v2.0/security-groups/b9972817-ff77-432f-a5cd-8388f88bd29a 0.503s
2025-11-29 15:21:37.304 65768 INFO tempest.lib.common.rest_client [req-cc08fb0f-ed94-4b1d-bc0c-7ccfc334653c req-cc08fb0f-ed94-4b1d-bc0c-7ccfc334653c ] Request (ServersListShow2100Test:test_list_show_rebuild_update_server_2100): 200 GET http://10.180.1.21/compute/v2.1/servers/a9f95067-4169-4e2e-b076-425ac0626992 2.739s
2025-11-29 15:21:37.308 65774 INFO tempest.lib.common.rest_client [req-89f33873-f2b2-4848-a1f4-ba43f77809be req-89f33873-f2b2-4848-a1f4-ba43f77809be ] Request (DeleteServersTestJSON:test_delete_active_server): 200 GET http://10.180.1.21/compute/v2.1/servers/55a3a408-1e37-454b-98dc-fd65bb67c329 2.727s
2025-11-29 15:21:37.399 65752 INFO tempest.lib.common.rest_client [req-60b10695-e25b-4485-8f57-de7af28ef0ea req-60b10695-e25b-4485-8f57-de7af28ef0ea ] Request (AttachInterfacesV270Test:tearDownClass): 204 DELETE http://10.180.1.21/identity/v3/projects/41da2bba22354084a134de9297e4b1d5 0.130s
2025-11-29 15:21:37.486 65752 INFO tempest.lib.common.rest_client [req-d02edf65-5d14-4c97-9709-4960376b8f11 req-d02edf65-5d14-4c97-9709-4960376b8f11 ] Request (ServerRescueTestJSON:setUpClass): 201 POST http://10.180.1.21/identity/v3/auth/tokens 0.085s
2025-11-29 15:21:37.520 65752 INFO tempest.lib.common.rest_client [req-3aeaa993-092a-4713-ba94-8e3a77280d3c req-3aeaa993-092a-4713-ba94-8e3a77280d3c ] Request (ServerRescueTestJSON:setUpClass): 201 POST http://10.180.1.21/identity/v3/auth/tokens 0.032s
2025-11-29 15:21:37.540 65740 INFO tempest.lib.common.rest_client [req-646c3f04-6843-44ea-a513-6f99bb681cad req-646c3f04-6843-44ea-a513-6f99bb681cad ] Request (ServersTestMultiNic:_run_cleanups): 204 DELETE http://10.180.1.21/networking/v2.0/networks/efddae54-5198-4aca-9a97-571099bc2e0e 0.389s
2025-11-29 15:21:37.546 65752 INFO tempest.lib.common.rest_client [req-4494b151-cd1b-49a1-b977-6f032b1a9e37 req-4494b151-cd1b-49a1-b977-6f032b1a9e37 ] Request (ServerRescueTestJSON:setUpClass): 200 GET http://10.180.1.21/identity/v3/domains?name=Default 0.025s
2025-11-29 15:21:37.600 65752 INFO tempest.lib.common.rest_client [req-d52dd471-df58-466d-bbe4-78885ef9967b req-d52dd471-df58-466d-bbe4-78885ef9967b ] Request (ServerRescueTestJSON:setUpClass): 201 POST http://10.180.1.21/identity/v3/projects 0.054s
2025-11-29 15:21:37.675 65752 INFO tempest.lib.common.rest_client [req-0d3c1c1d-cc60-405d-b80c-162db79f89be req-0d3c1c1d-cc60-405d-b80c-162db79f89be ] Request (ServerRescueTestJSON:setUpClass): 201 POST http://10.180.1.21/identity/v3/users 0.074s
2025-11-29 15:21:37.681 65720 INFO tempest.lib.common.rest_client [req-77e30625-41dc-4f42-a431-79550876c121 req-77e30625-41dc-4f42-a431-79550876c121 ] Request (ServerActionsTestOtherB:test_create_backup): 200 GET http://10.180.1.21/image/v2/images/77282792-0842-4414-b86c-aaffd9f8cb20 0.026s
2025-11-29 15:21:37.698 65752 INFO tempest.lib.common.rest_client [req-a86b5788-9ba7-4222-b4c1-0e2cc2d66ce9 req-a86b5788-9ba7-4222-b4c1-0e2cc2d66ce9 ] Request (ServerRescueTestJSON:setUpClass): 200 GET http://10.180.1.21/identity/v3/roles 0.022s
2025-11-29 15:21:37.718 65724 INFO tempest.lib.common.rest_client [req-75bce371-4d02-41bd-8558-b7d4fdda19fe req-75bce371-4d02-41bd-8558-b7d4fdda19fe ] Request (ImagesOneServerNegativeTestJSON:_run_cleanups): 200 GET http://10.180.1.21/compute/v2.1/servers/4b3e513d-7d06-4abd-9934-aa35d2d128bb 3.104s
2025-11-29 15:21:37.732 65752 INFO tempest.lib.common.rest_client [req-8e307f5d-7815-4150-855c-33c923d1ee11 req-8e307f5d-7815-4150-855c-33c923d1ee11 ] Request (ServerRescueTestJSON:setUpClass): 204 PUT http://10.180.1.21/identity/v3/projects/1d49ef7557a84e2e8741c2c9ddfc0810/users/2d4b009708cd47eebcee0065e8f61c29/roles/1d93669ec8b747e290ddccba0974d75e 0.034s
2025-11-29 15:21:37.732 65752 INFO tempest.lib.common.dynamic_creds [-] Dynamic test user 2d4b009708cd47eebcee0065e8f61c29 is created with scope project and roles: ['member']
2025-11-29 15:21:37.733 65752 INFO tempest.lib.common.dynamic_creds [-] Acquired dynamic creds: credentials: Credentials: {'domain_id': 'default', 'domain_name': 'Default', 'username': 'tempest-ServerRescueTestJSON-1182933684-project-member', 'project_domain_id': 'default', 'project_domain_name': 'Default', 'project_id': '1d49ef7557a84e2e8741c2c9ddfc0810', 'project_name': 'tempest-ServerRescueTestJSON-1182933684', 'tenant_id': '1d49ef7557a84e2e8741c2c9ddfc0810', 'tenant_name': 'tempest-ServerRescueTestJSON-1182933684', 'user_domain_id': 'default', 'user_domain_name': 'Default', 'user_id': '2d4b009708cd47eebcee0065e8f61c29', 'system': None}, Network: None, Subnet: None, Router: None
2025-11-29 15:21:37.746 65732 INFO tempest.lib.common.rest_client [req-38c9ecd2-b559-4346-9ddb-d0ef76a7bddd req-38c9ecd2-b559-4346-9ddb-d0ef76a7bddd ] Request (MigrationsAdminTest:test_resize_server_revert_deleted_flavor): 200 GET http://10.180.1.21/compute/v2.1/servers/5a85a2ac-172b-4405-a23f-6353c6d815f5 3.041s
2025-11-29 15:21:37.780 65764 INFO tempest.lib.common.rest_client [req-fa8faac9-6bcf-4641-998c-e6e970e47db4 req-fa8faac9-6bcf-4641-998c-e6e970e47db4 ] Request (ImagesTestJSON:test_create_server_from_snapshot): 200 GET http://10.180.1.21/compute/v2.1/servers/b549d721-fe9d-422c-b5eb-d42e5404d22b 3.000s
2025-11-29 15:21:37.813 65752 INFO tempest.lib.common.rest_client [req-12c47dd8-4f88-40da-946c-e093b69c5ac6 req-12c47dd8-4f88-40da-946c-e093b69c5ac6 ] Request (ServerRescueTestJSON:setUpClass): 201 POST http://10.180.1.21/identity/v3/auth/tokens 0.080s
2025-11-29 15:21:38.059 65748 INFO tempest.lib.common.rest_client [req-05e72f87-748e-411e-97d0-faaad30585e8 req-05e72f87-748e-411e-97d0-faaad30585e8 ] Request (ServersWithSpecificFlavorTestJSON:test_verify_created_server_ephemeral_disk): 200 GET http://10.180.1.21/compute/v2.1/servers/69230716-a9b1-4a60-af71-4ff059b2e44c 3.249s
2025-11-29 15:21:38.067 65748 INFO tempest.common.waiters [-] State transition "BUILD/None" ==> "BUILD/spawning" after 33 second wait
2025-11-29 15:21:38.125 65752 INFO tempest.lib.common.rest_client [req-0c400558-0745-4b46-917c-7a3deb40e920 req-0c400558-0745-4b46-917c-7a3deb40e920 ] Request (ServerRescueTestJSON:setUpClass): 201 POST http://10.180.1.21/networking/v2.0/networks 0.311s
2025-11-29 15:21:38.202 65736 INFO tempest.lib.common.rest_client [req-319bff26-359c-4030-adba-1e703c3c941d req-319bff26-359c-4030-adba-1e703c3c941d ] Request (SecurityGroupsTestJSON:test_server_security_groups): 202 DELETE http://10.180.1.21/compute/v2.1/os-security-groups/493976fc-b155-4f7b-9564-bec8067e71bd 2.755s
2025-11-29 15:21:38.375 65752 INFO tempest.lib.common.rest_client [req-2deb0ee9-ec66-467b-8af5-c31d50b13df5 req-2deb0ee9-ec66-467b-8af5-c31d50b13df5 ] Request (ServerRescueTestJSON:setUpClass): 201 POST http://10.180.1.21/networking/v2.0/subnets 0.249s
2025-11-29 15:21:38.390 65734 INFO tempest.lib.common.rest_client [req-1967dd07-2c46-43f1-8ed0-e892045a5730 req-1967dd07-2c46-43f1-8ed0-e892045a5730 ] Request (ServersNegativeTestJSON:setUpClass): 200 GET http://10.180.1.21/compute/v2.1/servers/11361c76-01c4-4540-8489-651fddaf00b7 2.810s
2025-11-29 15:21:38.399 65734 INFO tempest.common.waiters [-] State transition "BUILD/spawning" ==> "ACTIVE/None" after 81 second wait
2025-11-29 15:21:38.426 65718 INFO tempest.lib.common.rest_client [req-ce0ad430-6fd8-42cb-90ed-4c3a67bc9f46 req-ce0ad430-6fd8-42cb-90ed-4c3a67bc9f46 ] Request (AttachInterfacesTestJSON:test_create_list_show_delete_interfaces_by_network_port): 202 POST http://10.180.1.21/compute/v2.1/servers 3.069s
2025-11-29 15:21:38.469 65756 INFO tempest.lib.common.rest_client [req-c7f911fe-9a81-4b1b-b442-152c2168f1ea req-c7f911fe-9a81-4b1b-b442-152c2168f1ea ] Request (ListImageFiltersTestJSON:tearDownClass): 204 DELETE http://10.180.1.21/compute/v2.1/images/894b8c29-f152-47aa-b541-407e91497f6f 2.860s
2025-11-29 15:21:38.572 65756 INFO tempest.lib.common.rest_client [req-04af1ff5-09ff-4731-b84b-d5eb59173ee9 req-04af1ff5-09ff-4731-b84b-d5eb59173ee9 ] Request (ListImageFiltersTestJSON:tearDownClass): 204 DELETE http://10.180.1.21/identity/v3/users/c3e57a81aa574092ae23a54a573e4d4e 0.103s
2025-11-29 15:21:38.572 65756 INFO tempest.lib.common.dynamic_creds [-] Deleting project and security group for project: 3142189f09b648da99f1567f5b74acfc
2025-11-29 15:21:38.640 65756 INFO tempest.lib.common.rest_client [req-442574e2-136b-46f5-8490-2a7d03ed442c req-442574e2-136b-46f5-8490-2a7d03ed442c ] Request (ListImageFiltersTestJSON:tearDownClass): 201 POST http://10.180.1.21/identity/v3/auth/tokens 0.068s
2025-11-29 15:21:38.686 65771 INFO tempest.lib.common.rest_client [req-437d9f89-fe9f-4362-b345-6e7644146905 req-437d9f89-fe9f-4362-b345-6e7644146905 ] Request (ServerActionsTestOtherA:test_rebuild_server_in_stop_state): 200 GET http://10.180.1.21/compute/v2.1/servers/f9d9a181-9e31-432c-a149-d5bcf417d295 2.317s
2025-11-29 15:21:38.708 65720 INFO tempest.lib.common.rest_client [req-e547cbf9-70ca-4fbb-b00a-d4869c69f78e req-e547cbf9-70ca-4fbb-b00a-d4869c69f78e ] Request (ServerActionsTestOtherB:test_create_backup): 200 GET http://10.180.1.21/image/v2/images/77282792-0842-4414-b86c-aaffd9f8cb20 0.025s
2025-11-29 15:21:38.723 65762 INFO tempest.lib.common.rest_client [req-288608ad-738b-4a51-885c-b7d524c1e101 req-288608ad-738b-4a51-885c-b7d524c1e101 ] Request (ServersV294TestFqdnHostnames:setUpClass): 200 GET http://10.180.1.21/compute/v2.1/servers/f28d61bc-1588-4a41-b39a-fa5858e103c3 2.338s
2025-11-29 15:21:38.736 65762 INFO tempest.api.compute.base [-] Attempting to verify tagged devices in server f28d61bc-1588-4a41-b39a-fa5858e103c3 via the metadata service: http://169.254.169.254/openstack/latest/meta_data.json
2025-11-29 15:21:38.737 65762 INFO tempest.lib.common.ssh [-] Creating ssh connection to '10.180.180.133:22' as 'cirros' with public key authentication
2025-11-29 15:21:38.824 65756 INFO tempest.lib.common.rest_client [req-cf0617d2-ee8c-4d44-a49f-9bb83991f04e req-cf0617d2-ee8c-4d44-a49f-9bb83991f04e ] Request (ListImageFiltersTestJSON:tearDownClass): 200 GET http://10.180.1.21/networking/v2.0/security-groups?tenant_id=3142189f09b648da99f1567f5b74acfc&name=default 0.182s
2025-11-29 15:21:38.849 65716 INFO tempest.lib.common.rest_client [req-87e2d4ba-b8b6-4462-94b0-0245511042ca req-87e2d4ba-b8b6-4462-94b0-0245511042ca ] Request (ListServerFiltersTestJSON:tearDownClass): 200 GET http://10.180.1.21/compute/v2.1/servers/3ac11436-3a2b-4919-a834-955371230067 1.706s
2025-11-29 15:21:38.858 65716 INFO tempest.common.waiters [-] State transition "ACTIVE/deleting" ==> "DELETED/None" after 5 second wait
2025-11-29 15:21:38.868 65759 INFO tempest.lib.common.rest_client [req-9c01f03d-5b8a-49f4-a22f-25aa7d0fe9af req-9c01f03d-5b8a-49f4-a22f-25aa7d0fe9af ] Request (ServerTagsTestJSON:tearDownClass): 200 GET http://10.180.1.21/compute/v2.1/servers/86180d57-571f-4000-82ed-c225ad11fa56 2.329s
2025-11-29 15:21:38.876 65740 INFO tempest.lib.common.rest_client [req-81535ed6-0302-4aa4-a018-900833f9c172 req-81535ed6-0302-4aa4-a018-900833f9c172 ] Request (ServersTestMultiNic:tearDownClass): 404 DELETE http://10.180.1.21/compute/v2.1/servers/e75aac23-7a9c-416b-8296-5595e367a497 1.334s
2025-11-29 15:21:38.904 65728 INFO tempest.lib.common.rest_client [req-26bbc225-e10f-492f-b557-06a573278617 req-26bbc225-e10f-492f-b557-06a573278617 ] Request (ServersAdminTestJSON:tearDownClass): 404 GET http://10.180.1.21/compute/v2.1/servers/ea412cbe-0edb-4d17-8560-8c5588ad1a09 0.933s
