2025-11-29 15:16:57.872 65752 INFO tempest.lib.common.dynamic_creds [-] Acquired dynamic creds: credentials: Credentials: {'domain_id': 'default', 'domain_name': 'Default', 'username': 'tempest-QuotasAdminNegativeTest-1852672627-project-admin', 'project_domain_id': 'default', 'project_domain_name': 'Default', 'project_id': '5d3bb244e8f347b4bc37f42f399a2f68', 'project_name': 'tempest-QuotasAdminNegativeTest-1852672627', 'tenant_id': '5d3bb244e8f347b4bc37f42f399a2f68', 'tenant_name': 'tempest-QuotasAdminNegativeTest-1852672627', 'user_domain_id': 'default', 'user_domain_name': 'Default', 'user_id': 'fddccf87d89844578b4d1162233d439a', 'system': None}, Network: None, Subnet: None, Router: None
2025-11-29 15:16:57.872 65752 INFO tempest.lib.common.dynamic_creds [-] Created isolated network resources for: credentials: Credentials: {'domain_id': 'default', 'domain_name': 'Default', 'username': 'tempest-QuotasAdminNegativeTest-1852672627-project-admin', 'project_domain_id': 'default', 'project_domain_name': 'Default', 'project_id': '5d3bb244e8f347b4bc37f42f399a2f68', 'project_name': 'tempest-QuotasAdminNegativeTest-1852672627', 'tenant_id': '5d3bb244e8f347b4bc37f42f399a2f68', 'tenant_name': 'tempest-QuotasAdminNegativeTest-1852672627', 'user_domain_id': 'default', 'user_domain_name': 'Default', 'user_id': 'fddccf87d89844578b4d1162233d439a', 'system': None}, Network: None, Subnet: None, Router: None
2025-11-29 15:16:57.902 65756 INFO tempest.lib.common.rest_client [req-8bf28f70-d27c-4cc7-b002-d08edff4627a req-8bf28f70-d27c-4cc7-b002-d08edff4627a ] Request (ListImageFiltersTestJSON:setUpClass): 201 POST http://10.180.1.21/image/v2/images 0.825s
2025-11-29 15:16:57.976 65752 INFO tempest.lib.common.rest_client [req-898307fe-b44d-49fa-af16-ba7dfe36e495 req-898307fe-b44d-49fa-af16-ba7dfe36e495 ] Request (QuotasAdminNegativeTest:setUpClass): 201 POST http://10.180.1.21/identity/v3/auth/tokens 0.101s
2025-11-29 15:16:57.977 65752 WARNING tempest.lib.common.rest_client [-] Deprecated: "tenant_id" property is deprecated for removal, use "project_id" instead
2025-11-29 15:16:57.984 65772 INFO tempest.lib.common.rest_client [req-b5cfd3ed-2f1d-4753-9205-4fcb1f1852a1 req-b5cfd3ed-2f1d-4753-9205-4fcb1f1852a1 ] Request (ServerShowV263Test:tearDownClass): 204 DELETE http://10.180.1.21/identity/v3/users/6ab5e08ca9e64f5c9655ec9152d1322a 0.136s
2025-11-29 15:16:58.072 65772 INFO tempest.lib.common.rest_client [req-c14143fb-4a39-4af6-8a4c-305e2b81a831 req-c14143fb-4a39-4af6-8a4c-305e2b81a831 ] Request (ServerShowV263Test:tearDownClass): 204 DELETE http://10.180.1.21/identity/v3/users/f7d3efc59b9248ac9d4c15ea5b7860bd 0.087s
2025-11-29 15:16:58.072 65772 INFO tempest.lib.common.dynamic_creds [-] Deleting project and security group for project: bad81d39e0704bb3af02cf28e17fbc6e
2025-11-29 15:16:58.142 65772 INFO tempest.lib.common.rest_client [req-feaa61f3-ff62-4a7a-a08e-89d5b8f237c2 req-feaa61f3-ff62-4a7a-a08e-89d5b8f237c2 ] Request (ServerShowV263Test:tearDownClass): 201 POST http://10.180.1.21/identity/v3/auth/tokens 0.070s
2025-11-29 15:16:58.291 65726 INFO tempest.lib.common.rest_client [req-db2ef207-ccf1-4784-a1db-d60e0e5fbbe4 req-db2ef207-ccf1-4784-a1db-d60e0e5fbbe4 ] Request (SecurityGroupsTestAdminJSON:test_list_security_groups_list_all_tenants_filter): 200 POST http://10.180.1.21/compute/v2.1/os-security-groups 4.635s
2025-11-29 15:16:58.323 65774 INFO tempest.lib.common.rest_client [req-d08b14a4-e313-4f4c-b2fb-5f5745407064 req-d08b14a4-e313-4f4c-b2fb-5f5745407064 ] Request (FlavorsAdminTestJSON:_run_cleanups): 200 GET http://10.180.1.21/compute/v2.1/flavors/detail 4.648s
2025-11-29 15:16:58.347 65712 INFO tempest.lib.common.rest_client [req-8436dcba-6619-401a-87be-3c07d5d6b88a req-8436dcba-6619-401a-87be-3c07d5d6b88a ] Request (ImagesDeleteNegativeTestJSON:test_delete_image_negative_image_id): 404 DELETE http://10.180.1.21/compute/v2.1/images/-1 4.520s
2025-11-29 15:16:58.401 65740 INFO tempest.lib.common.rest_client [req-3ffb78b2-0b9d-4314-957c-2a2c52ff7d96 req-3ffb78b2-0b9d-4314-957c-2a2c52ff7d96 ] Request (FloatingIPDetailsTestJSON:setUpClass): 200 POST http://10.180.1.21/compute/v2.1/os-floating-ips 5.164s
2025-11-29 15:16:58.408 65738 INFO tempest.lib.common.rest_client [req-e4166fd2-531c-45ad-ad27-34fa872b772d req-e4166fd2-531c-45ad-ad27-34fa872b772d ] Request (InstanceUsageAuditLogNegativeTestJSON:test_instance_usage_audit_logs_with_nonadmin_user): 403 GET http://10.180.1.21/compute/v2.1/os-instance_usage_audit_log/2025-11-29%2015%3A16%3A54 4.207s
2025-11-29 15:16:58.558 65738 INFO tempest.lib.common.rest_client [req-5a63b6cd-6053-4908-be1a-d878a9dba3f2 req-5a63b6cd-6053-4908-be1a-d878a9dba3f2 ] Request (InstanceUsageAuditLogNegativeTestJSON:tearDownClass): 204 DELETE http://10.180.1.21/identity/v3/users/b0f0107df6754ba3adbc4e9081b16222 0.148s
2025-11-29 15:16:58.574 65772 INFO tempest.lib.common.rest_client [req-aa0bb2d1-5701-4e53-8699-6a577d33146c req-aa0bb2d1-5701-4e53-8699-6a577d33146c ] Request (ServerShowV263Test:tearDownClass): 200 GET http://10.180.1.21/networking/v2.0/security-groups?tenant_id=bad81d39e0704bb3af02cf28e17fbc6e&name=default 0.431s
2025-11-29 15:16:58.656 65772 INFO tempest.lib.common.rest_client [req-64202359-3d67-4270-8a67-7802e9193e4f req-64202359-3d67-4270-8a67-7802e9193e4f ] Request (ServerShowV263Test:tearDownClass): 204 DELETE http://10.180.1.21/networking/v2.0/security-groups/e8279498-d071-4365-88d0-e298dc2de986 0.082s
2025-11-29 15:16:58.660 65738 INFO tempest.lib.common.rest_client [req-386f4f78-99cb-403e-88a8-8b5348e5522e req-386f4f78-99cb-403e-88a8-8b5348e5522e ] Request (InstanceUsageAuditLogNegativeTestJSON:tearDownClass): 204 DELETE http://10.180.1.21/identity/v3/users/a34738b5f8e94930a5c09b75f9976dc7 0.102s
2025-11-29 15:16:58.660 65738 INFO tempest.lib.common.dynamic_creds [-] Deleting project and security group for project: df7d2154d0034b34b188ff16557e6a00
2025-11-29 15:16:58.810 65714 INFO tempest.lib.common.rest_client [req-15ec4a95-2ae3-4d97-8433-dc10fb483ecf req-15ec4a95-2ae3-4d97-8433-dc10fb483ecf ] Request (ServerDiagnosticsNegativeTest:test_get_server_diagnostics_by_non_admin): 202 POST http://10.180.1.21/compute/v2.1/servers 4.888s
2025-11-29 15:16:58.828 65748 INFO tempest.lib.common.rest_client [req-b13423f2-d450-48de-b0ad-cdb287798b27 req-b13423f2-d450-48de-b0ad-cdb287798b27 ] Request (AggregatesAdminNegativeTestJSON:test_aggregate_add_existent_host): 200 POST http://10.180.1.21/compute/v2.1/os-aggregates/1/action 4.585s
2025-11-29 15:16:58.835 65738 INFO tempest.lib.common.rest_client [req-0e56bce8-4760-478c-9bfe-e93a7e16c3a1 req-0e56bce8-4760-478c-9bfe-e93a7e16c3a1 ] Request (InstanceUsageAuditLogNegativeTestJSON:tearDownClass): 201 POST http://10.180.1.21/identity/v3/auth/tokens 0.174s
2025-11-29 15:16:58.849 65764 INFO tempest.lib.common.rest_client [req-bfe2e9e9-4fdc-411b-835b-b692f69b04a9 req-bfe2e9e9-4fdc-411b-835b-b692f69b04a9 ] Request (HypervisorAdminV253TestBase:test_list_show_detail_hypervisors): 200 GET http://10.180.1.21/compute/v2.1/os-hypervisors/581f354e-d81e-4d0b-9d95-9fda76a5ad65 4.381s
2025-11-29 15:16:58.858 65742 INFO tempest.lib.common.rest_client [req-f472f72f-aac0-4c72-80a6-d2c59f85ff83 req-f472f72f-aac0-4c72-80a6-d2c59f85ff83 ] Request (FlavorsExtraSpecsTestJSON:test_flavor_set_get_update_show_unset_keys): 200 PUT http://10.180.1.21/compute/v2.1/flavors/433284350/os-extra_specs/hw:numa_nodes 4.379s
2025-11-29 15:16:58.864 65722 INFO tempest.lib.common.rest_client [req-dd0afe3d-8d38-43bc-92ee-55440adfd6d9 req-dd0afe3d-8d38-43bc-92ee-55440adfd6d9 ] Request (ServicesAdminNegativeV253TestJSON:test_enable_service_with_invalid_service_id): 404 PUT http://10.180.1.21/compute/v2.1/os-services/a5c91035-f3be-49d9-86ae-892d250304b6 4.372s
2025-11-29 15:16:58.892 65772 INFO tempest.lib.common.rest_client [req-14ef22ff-3bac-44c6-a3e3-2106de0f6cb4 req-14ef22ff-3bac-44c6-a3e3-2106de0f6cb4 ] Request (ServerShowV263Test:tearDownClass): 204 DELETE http://10.180.1.21/identity/v3/projects/bad81d39e0704bb3af02cf28e17fbc6e 0.235s
2025-11-29 15:16:59.002 65764 INFO tempest.lib.common.rest_client [req-4b281d00-8817-41b1-b1ba-8a1d01f70042 req-4b281d00-8817-41b1-b1ba-8a1d01f70042 ] Request (HypervisorAdminV253TestBase:tearDownClass): 204 DELETE http://10.180.1.21/identity/v3/users/b968e63f13e7462d9282c703dca0591a 0.143s
2025-11-29 15:16:59.116 65738 INFO tempest.lib.common.rest_client [req-d6c1e703-7c6e-4a4a-8ae3-748342588b7e req-d6c1e703-7c6e-4a4a-8ae3-748342588b7e ] Request (InstanceUsageAuditLogNegativeTestJSON:tearDownClass): 200 GET http://10.180.1.21/networking/v2.0/security-groups?tenant_id=df7d2154d0034b34b188ff16557e6a00&name=default 0.281s
2025-11-29 15:16:59.134 65734 INFO tempest.lib.common.rest_client [req-a3dfb428-11d1-43e6-9426-f80334efae6e req-a3dfb428-11d1-43e6-9426-f80334efae6e ] Request (FlavorsAccessTestJSON:test_flavor_access_add_remove): 200 GET http://10.180.1.21/compute/v2.1/flavors/detail 4.478s
2025-11-29 15:16:59.143 65744 INFO tempest.lib.common.rest_client [req-cb2d3237-23fc-4518-93e0-27a71d7e6be3 req-cb2d3237-23fc-4518-93e0-27a71d7e6be3 ] Request (HostsAdminNegativeTestJSON:test_reboot_host_with_non_admin_user): 403 GET http://10.180.1.21/compute/v2.1/os-hosts/devstack/reboot 4.409s
2025-11-29 15:16:59.179 65772 INFO tempest.lib.common.rest_client [req-f77ae35a-0950-415a-812e-ef26145a5cc4 req-f77ae35a-0950-415a-812e-ef26145a5cc4 ] Request (VolumesSnapshotsTestJSON:setUpClass): 201 POST http://10.180.1.21/identity/v3/auth/tokens 0.285s
2025-11-29 15:16:59.217 65772 INFO tempest.lib.common.rest_client [req-60db2766-b733-4a75-b4d5-4360d5ecd0dc req-60db2766-b733-4a75-b4d5-4360d5ecd0dc ] Request (VolumesSnapshotsTestJSON:setUpClass): 201 POST http://10.180.1.21/identity/v3/auth/tokens 0.031s
2025-11-29 15:16:59.257 65764 INFO tempest.lib.common.rest_client [req-ef30ebb2-ea73-4b91-b63a-e206d9ff5e2a req-ef30ebb2-ea73-4b91-b63a-e206d9ff5e2a ] Request (HypervisorAdminV253TestBase:tearDownClass): 204 DELETE http://10.180.1.21/identity/v3/users/72766f1fb862452487375fb535720f03 0.254s
2025-11-29 15:16:59.257 65764 INFO tempest.lib.common.dynamic_creds [-] Deleting project and security group for project: a20c1ea904454eba8c6de64998705bc4
2025-11-29 15:16:59.298 65738 INFO tempest.lib.common.rest_client [req-52f3f2e1-4438-4789-a87c-e80e085a070e req-52f3f2e1-4438-4789-a87c-e80e085a070e ] Request (InstanceUsageAuditLogNegativeTestJSON:tearDownClass): 204 DELETE http://10.180.1.21/networking/v2.0/security-groups/ac0e8d4f-38b4-4fdc-81c4-0e16dec69c42 0.181s
2025-11-29 15:16:59.315 65772 INFO tempest.lib.common.rest_client [req-76d6f68d-5caa-42bc-ad12-d7275bd2a872 req-76d6f68d-5caa-42bc-ad12-d7275bd2a872 ] Request (VolumesSnapshotsTestJSON:setUpClass): 200 GET http://10.180.1.21/identity/v3/domains?name=Default 0.097s
2025-11-29 15:16:59.323 65764 INFO tempest.lib.common.rest_client [req-cfea64b4-8e05-4c66-a788-0849d857dd4b req-cfea64b4-8e05-4c66-a788-0849d857dd4b ] Request (HypervisorAdminV253TestBase:tearDownClass): 201 POST http://10.180.1.21/identity/v3/auth/tokens 0.066s
2025-11-29 15:16:59.377 65738 INFO tempest.lib.common.rest_client [req-692171f5-de07-46e5-bc1d-77af39667a85 req-692171f5-de07-46e5-bc1d-77af39667a85 ] Request (InstanceUsageAuditLogNegativeTestJSON:tearDownClass): 204 DELETE http://10.180.1.21/identity/v3/projects/df7d2154d0034b34b188ff16557e6a00 0.076s
2025-11-29 15:16:59.377 65738 INFO tempest.lib.common.dynamic_creds [-] Deleting project and security group for project: 466b662361104302942ca77f96e1374d
2025-11-29 15:16:59.451 65772 INFO tempest.lib.common.rest_client [req-d3aca194-f557-4060-8979-b0d63c627dcd req-d3aca194-f557-4060-8979-b0d63c627dcd ] Request (VolumesSnapshotsTestJSON:setUpClass): 201 POST http://10.180.1.21/identity/v3/projects 0.136s
2025-11-29 15:16:59.513 65772 INFO tempest.lib.common.rest_client [req-16867927-89ab-4b04-b79f-d6ebec0ad2b1 req-16867927-89ab-4b04-b79f-d6ebec0ad2b1 ] Request (VolumesSnapshotsTestJSON:setUpClass): 201 POST http://10.180.1.21/identity/v3/users 0.061s
2025-11-29 15:16:59.539 65772 INFO tempest.lib.common.rest_client [req-a7732b1f-58e3-4f32-a5f8-ae8c15e12e00 req-a7732b1f-58e3-4f32-a5f8-ae8c15e12e00 ] Request (VolumesSnapshotsTestJSON:setUpClass): 200 GET http://10.180.1.21/identity/v3/roles 0.025s
2025-11-29 15:16:59.568 65772 INFO tempest.lib.common.rest_client [req-6d49ee1a-22d3-48fd-8fee-b453db428b10 req-6d49ee1a-22d3-48fd-8fee-b453db428b10 ] Request (VolumesSnapshotsTestJSON:setUpClass): 204 PUT http://10.180.1.21/identity/v3/projects/1bd122c3f8604f7e80c788e2168d562c/users/554f16274de2437e8b9e840064b39558/roles/1d93669ec8b747e290ddccba0974d75e 0.029s
2025-11-29 15:16:59.569 65772 INFO tempest.lib.common.dynamic_creds [-] Dynamic test user 554f16274de2437e8b9e840064b39558 is created with scope project and roles: ['member']
2025-11-29 15:16:59.570 65772 INFO tempest.lib.common.dynamic_creds [-] Acquired dynamic creds: credentials: Credentials: {'domain_id': 'default', 'domain_name': 'Default', 'username': 'tempest-VolumesSnapshotsTestJSON-1834027311-project-member', 'project_domain_id': 'default', 'project_domain_name': 'Default', 'project_id': '1bd122c3f8604f7e80c788e2168d562c', 'project_name': 'tempest-VolumesSnapshotsTestJSON-1834027311', 'tenant_id': '1bd122c3f8604f7e80c788e2168d562c', 'tenant_name': 'tempest-VolumesSnapshotsTestJSON-1834027311', 'user_domain_id': 'default', 'user_domain_name': 'Default', 'user_id': '554f16274de2437e8b9e840064b39558', 'system': None}, Network: None, Subnet: None, Router: None
2025-11-29 15:16:59.570 65772 INFO tempest.lib.common.dynamic_creds [-] Created isolated network resources for: credentials: Credentials: {'domain_id': 'default', 'domain_name': 'Default', 'username': 'tempest-VolumesSnapshotsTestJSON-1834027311-project-member', 'project_domain_id': 'default', 'project_domain_name': 'Default', 'project_id': '1bd122c3f8604f7e80c788e2168d562c', 'project_name': 'tempest-VolumesSnapshotsTestJSON-1834027311', 'tenant_id': '1bd122c3f8604f7e80c788e2168d562c', 'tenant_name': 'tempest-VolumesSnapshotsTestJSON-1834027311', 'user_domain_id': 'default', 'user_domain_name': 'Default', 'user_id': '554f16274de2437e8b9e840064b39558', 'system': None}, Network: None, Subnet: None, Router: None
2025-11-29 15:16:59.648 65772 INFO tempest.lib.common.rest_client [req-a37b6032-c6de-48b0-9b56-32393e6cff6e req-a37b6032-c6de-48b0-9b56-32393e6cff6e ] Request (VolumesSnapshotsTestJSON:setUpClass): 201 POST http://10.180.1.21/identity/v3/auth/tokens 0.074s
2025-11-29 15:16:59.884 65736 INFO tempest.lib.common.rest_client [req-19e1f5e7-1d18-4c1a-a24f-3a99433c2feb req-19e1f5e7-1d18-4c1a-a24f-3a99433c2feb ] Request (ServerDiagnosticsV248Test:test_get_server_diagnostics): 200 GET http://10.180.1.21/compute/v2.1/servers/7e8238ed-81b8-4564-aa54-7b59e0ec7055 5.150s
2025-11-29 15:16:59.990 65756 INFO tempest.lib.common.rest_client [req-dabee5a8-d981-4184-b46e-9559f0b9fca1 req-dabee5a8-d981-4184-b46e-9559f0b9fca1 ] Request (ListImageFiltersTestJSON:setUpClass): 204 PUT http://10.180.1.21/image/v2/images/894b8c29-f152-47aa-b541-407e91497f6f/file 1.085s
2025-11-29 15:17:00.004 65720 INFO tempest.lib.common.rest_client [req-78b50578-223c-4d1d-b14a-fa38c4ac38ee req-78b50578-223c-4d1d-b14a-fa38c4ac38ee ] Request (MultipleCreateTestJSON:test_multiple_create): 200 GET http://10.180.1.21/compute/v2.1/servers 3.821s
2025-11-29 15:17:00.090 65764 INFO tempest.lib.common.rest_client [req-c8570048-4e76-456b-b05c-a23f5cdd53f9 req-c8570048-4e76-456b-b05c-a23f5cdd53f9 ] Request (HypervisorAdminV253TestBase:tearDownClass): 200 GET http://10.180.1.21/networking/v2.0/security-groups?tenant_id=a20c1ea904454eba8c6de64998705bc4&name=default 0.767s
2025-11-29 15:17:00.187 65738 INFO tempest.lib.common.rest_client [req-c2902f5d-477b-4c91-b51d-5459e47138d9 req-c2902f5d-477b-4c91-b51d-5459e47138d9 ] Request (InstanceUsageAuditLogNegativeTestJSON:tearDownClass): 200 GET http://10.180.1.21/networking/v2.0/security-groups?tenant_id=466b662361104302942ca77f96e1374d&name=default 0.810s
2025-11-29 15:17:00.274 65768 INFO tempest.lib.common.rest_client [req-cffebcb5-734d-4bfc-9a02-af613648d118 req-cffebcb5-734d-4bfc-9a02-af613648d118 ] Request (ServersAdmin275Test:test_rebuild_update_server_275): 200 GET http://10.180.1.21/compute/v2.1/servers/0eb69d74-f946-4130-af4b-cd968d789639 3.895s
2025-11-29 15:17:00.349 65764 INFO tempest.lib.common.rest_client [req-89b1def9-4c60-4cb9-aebb-a9eca6a6b438 req-89b1def9-4c60-4cb9-aebb-a9eca6a6b438 ] Request (HypervisorAdminV253TestBase:tearDownClass): 204 DELETE http://10.180.1.21/networking/v2.0/security-groups/0098e7f1-3bdf-466b-950a-21c606f86485 0.258s
2025-11-29 15:17:00.427 65738 INFO tempest.lib.common.rest_client [req-50c4b592-1607-46c5-8acb-b1a58899696d req-50c4b592-1607-46c5-8acb-b1a58899696d ] Request (InstanceUsageAuditLogNegativeTestJSON:tearDownClass): 204 DELETE http://10.180.1.21/networking/v2.0/security-groups/0ea34dc0-1290-4919-b1b8-8645eac05bb4 0.239s
2025-11-29 15:17:00.435 65764 INFO tempest.lib.common.rest_client [req-0d2c7101-7a24-41fe-8ffb-9ade86048e07 req-0d2c7101-7a24-41fe-8ffb-9ade86048e07 ] Request (HypervisorAdminV253TestBase:tearDownClass): 204 DELETE http://10.180.1.21/identity/v3/projects/a20c1ea904454eba8c6de64998705bc4 0.085s
2025-11-29 15:17:00.435 65764 INFO tempest.lib.common.dynamic_creds [-] Deleting project and security group for project: a1de76f65b0046dfa44da279c7db376b
2025-11-29 15:17:00.493 65750 INFO tempest.lib.common.rest_client [req-f3a87e95-63ab-409a-9945-b5950ea1ef94 req-f3a87e95-63ab-409a-9945-b5950ea1ef94 ] Request (FloatingIPsAssociationNegativeTestJSON:setUpClass): 200 GET http://10.180.1.21/compute/v2.1/servers/7e2223c6-e409-4eaa-a7d0-8dc3e4ebdde7 3.956s
2025-11-29 15:17:00.511 65759 INFO tempest.lib.common.rest_client [req-ce109492-e413-463f-98c2-480f8463106a req-ce109492-e413-463f-98c2-480f8463106a ] Request (FloatingIPsTestJSON:test_allocate_floating_ip): 200 POST http://10.180.1.21/compute/v2.1/os-floating-ips 5.801s
2025-11-29 15:17:00.556 65760 INFO tempest.lib.common.rest_client [req-314ac88d-0f51-4bbc-905b-bfb609b6a39d req-314ac88d-0f51-4bbc-905b-bfb609b6a39d ] Request (FlavorsExtraSpecsNegativeTestJSON:test_flavor_non_admin_unset_keys): 200 POST http://10.180.1.21/compute/v2.1/flavors/66064127/os-extra_specs 4.012s
2025-11-29 15:17:00.557 65716 INFO tempest.lib.common.rest_client [req-4b3914d8-f533-40ae-a3cd-4b325ab95dc2 req-4b3914d8-f533-40ae-a3cd-4b325ab95dc2 ] Request (HypervisorAdminUnderV252Test:test_search_hypervisor): 200 GET http://10.180.1.21/compute/v2.1/os-hypervisors/domain-c8.fc996f14-c53b-4953-92e3-bdfa48f5cc28/search 3.994s
2025-11-29 15:17:00.590 65738 INFO tempest.lib.common.rest_client [req-cfc8229b-800c-4785-b238-fbe82ffff56e req-cfc8229b-800c-4785-b238-fbe82ffff56e ] Request (InstanceUsageAuditLogNegativeTestJSON:tearDownClass): 204 DELETE http://10.180.1.21/identity/v3/projects/466b662361104302942ca77f96e1374d 0.163s
2025-11-29 15:17:00.635 65764 INFO tempest.lib.common.rest_client [req-10dffed0-78e3-448c-b6d6-995f043efa12 req-10dffed0-78e3-448c-b6d6-995f043efa12 ] Request (HypervisorAdminV253TestBase:tearDownClass): 200 GET http://10.180.1.21/networking/v2.0/security-groups?tenant_id=a1de76f65b0046dfa44da279c7db376b&name=default 0.200s
2025-11-29 15:17:00.656 65732 INFO tempest.lib.common.rest_client [req-8d934271-aef8-4616-9bf3-ef42da992763 req-8d934271-aef8-4616-9bf3-ef42da992763 ] Request (MigrationsAdminTest:test_list_migrations_in_flavor_resize_situation): 200 GET http://10.180.1.21/compute/v2.1/servers/41cfb0e3-a894-4221-8e3f-50191f61bc1e 3.631s
2025-11-29 15:17:00.707 65716 INFO tempest.lib.common.rest_client [req-c3205922-c7ca-4817-ad9d-98fb1f4ad7f0 req-c3205922-c7ca-4817-ad9d-98fb1f4ad7f0 ] Request (HypervisorAdminUnderV252Test:tearDownClass): 204 DELETE http://10.180.1.21/identity/v3/users/a579344e51cc4959ab8bfc20d4e4e604 0.140s
2025-11-29 15:17:00.719 65762 INFO tempest.lib.common.rest_client [req-44c537ee-2d9d-4f5c-848c-af6486580aa2 req-44c537ee-2d9d-4f5c-848c-af6486580aa2 ] Request (FloatingIPsAssociationTestJSON:setUpClass): 200 GET http://10.180.1.21/compute/v2.1/servers/46c959c0-6cd6-411c-9ce3-d4a6bd45a4da 3.533s
2025-11-29 15:17:00.720 65738 INFO tempest.lib.common.rest_client [req-70be3a24-f7e6-41c8-819f-d70fb20bcbbb req-70be3a24-f7e6-41c8-819f-d70fb20bcbbb ] Request (QuotasSecurityGroupAdminNegativeTest:setUpClass): 201 POST http://10.180.1.21/identity/v3/auth/tokens 0.126s
2025-11-29 15:17:00.742 65766 INFO tempest.lib.common.rest_client [req-b12a7cc2-147c-41dc-b907-1e8a554e202c req-b12a7cc2-147c-41dc-b907-1e8a554e202c ] Request (KeyPairsV22TestJSON:test_get_keypair_detail): 200 GET http://10.180.1.21/compute/v2.1/os-keypairs/tempest-keypair-52189948 3.478s
2025-11-29 15:17:00.773 65764 INFO tempest.lib.common.rest_client [req-eb8dd743-4500-40a3-ba8b-15dc63963943 req-eb8dd743-4500-40a3-ba8b-15dc63963943 ] Request (HypervisorAdminV253TestBase:tearDownClass): 204 DELETE http://10.180.1.21/networking/v2.0/security-groups/7b1d015d-3db9-49a2-b100-7563bd8c2823 0.137s
2025-11-29 15:17:00.784 65730 INFO tempest.lib.common.rest_client [req-a7c6c328-3d42-42be-a2e8-626d05c67a27 req-a7c6c328-3d42-42be-a2e8-626d05c67a27 ] Request (KeyPairsV210TestJSON:test_admin_manage_keypairs_for_other_users): 201 POST http://10.180.1.21/compute/v2.1/os-keypairs 3.413s
2025-11-29 15:17:00.855 65716 INFO tempest.lib.common.rest_client [req-d44cb1da-a823-439d-a8b4-071eb4ca7e52 req-d44cb1da-a823-439d-a8b4-071eb4ca7e52 ] Request (HypervisorAdminUnderV252Test:tearDownClass): 204 DELETE http://10.180.1.21/identity/v3/users/c6d7daff506043698a4d125742e809bd 0.147s
2025-11-29 15:17:00.856 65716 INFO tempest.lib.common.dynamic_creds [-] Deleting project and security group for project: baac884ed6234cf2bd211a977fc0ec5a
2025-11-29 15:17:00.930 65738 INFO tempest.lib.common.rest_client [req-ce34b9ef-760f-4849-b10b-96ad8985f7da req-ce34b9ef-760f-4849-b10b-96ad8985f7da ] Request (QuotasSecurityGroupAdminNegativeTest:setUpClass): 201 POST http://10.180.1.21/identity/v3/auth/tokens 0.199s
2025-11-29 15:17:00.963 65724 INFO tempest.lib.common.rest_client [req-6a71e160-4a88-4a38-bc8b-cfaf3abcc104 req-6a71e160-4a88-4a38-bc8b-cfaf3abcc104 ] Request (QuotasAdminTestV236:test_get_updated_quotas): 200 PUT http://10.180.1.21/compute/v2.1/os-quota-sets/2c6ffac144f24f40ab66322358ece3db?user_id=85b434e3313b424a9da9e101fa648f50 3.987s
2025-11-29 15:17:00.978 65764 INFO tempest.lib.common.rest_client [req-a0567016-f517-45c1-92ec-8ed620ccacec req-a0567016-f517-45c1-92ec-8ed620ccacec ] Request (HypervisorAdminV253TestBase:tearDownClass): 204 DELETE http://10.180.1.21/identity/v3/projects/a1de76f65b0046dfa44da279c7db376b 0.205s
2025-11-29 15:17:00.980 65764 INFO tempest.test [-] raised in LiveMigrationTest.setUpClass. Invoking tearDownClass.
2025-11-29 15:17:01.010 65718 INFO tempest.lib.common.rest_client [req-59edc3a5-69d7-4d4c-84ae-8631d294faf7 req-59edc3a5-69d7-4d4c-84ae-8631d294faf7 ] Request (FloatingIPsNegativeTestJSON:test_allocate_floating_ip_from_nonexistent_pool): 404 POST http://10.180.1.21/compute/v2.1/os-floating-ips 3.569s
2025-11-29 15:17:01.037 65716 INFO tempest.lib.common.rest_client [req-15186e68-d6af-4cc3-b54b-0d34449abc57 req-15186e68-d6af-4cc3-b54b-0d34449abc57 ] Request (HypervisorAdminUnderV252Test:tearDownClass): 201 POST http://10.180.1.21/identity/v3/auth/tokens 0.181s
2025-11-29 15:17:01.061 65738 INFO tempest.lib.common.rest_client [req-829722ae-88c0-434d-b768-c45062f6db30 req-829722ae-88c0-434d-b768-c45062f6db30 ] Request (QuotasSecurityGroupAdminNegativeTest:setUpClass): 200 GET http://10.180.1.21/identity/v3/domains?name=Default 0.131s
2025-11-29 15:17:01.082 65764 INFO tempest.lib.common.rest_client [req-decd8576-bfa3-403e-9096-340874bbc2fe req-decd8576-bfa3-403e-9096-340874bbc2fe ] Request (ImagesTestJSON:setUpClass): 201 POST http://10.180.1.21/identity/v3/auth/tokens 0.097s
2025-11-29 15:17:01.088 65754 INFO tempest.lib.common.rest_client [req-c78e5f7f-a204-4c35-91e3-c2c960462d92 req-c78e5f7f-a204-4c35-91e3-c2c960462d92 ] Request (VolumesAssistedSnapshotsTest:test_volume_assisted_snapshot_create_delete): 200 POST http://10.180.1.21/compute/v2.1/os-keypairs 3.651s
2025-11-29 15:17:01.111 65738 INFO tempest.lib.common.rest_client [req-e68d5e77-641e-4d6a-8b95-86efcf4bd577 req-e68d5e77-641e-4d6a-8b95-86efcf4bd577 ] Request (QuotasSecurityGroupAdminNegativeTest:setUpClass): 201 POST http://10.180.1.21/identity/v3/projects 0.048s
2025-11-29 15:17:01.189 65764 INFO tempest.lib.common.rest_client [req-7502add8-0c09-4389-9b44-9e29099bf30b req-7502add8-0c09-4389-9b44-9e29099bf30b ] Request (ImagesTestJSON:setUpClass): 201 POST http://10.180.1.21/identity/v3/auth/tokens 0.102s
2025-11-29 15:17:01.218 65754 INFO tempest.lib.common.rest_client [req-2acca9b2-efbe-43aa-84af-7c5978f18349 req-2acca9b2-efbe-43aa-84af-7c5978f18349 ] Request (VolumesAssistedSnapshotsTest:test_volume_assisted_snapshot_create_delete): 201 POST http://10.180.1.21/networking/v2.0/security-groups 0.127s
2025-11-29 15:17:01.233 65716 INFO tempest.lib.common.rest_client [req-c94d8800-20c5-4066-a2eb-755844baac8f req-c94d8800-20c5-4066-a2eb-755844baac8f ] Request (HypervisorAdminUnderV252Test:tearDownClass): 200 GET http://10.180.1.21/networking/v2.0/security-groups?tenant_id=baac884ed6234cf2bd211a977fc0ec5a&name=default 0.195s
2025-11-29 15:17:01.232 65771 INFO tempest.lib.common.rest_client [req-94523f9e-944f-4109-b177-dd0b049b21c5 req-94523f9e-944f-4109-b177-dd0b049b21c5 ] Request (FlavorsAccessNegativeTestJSON:test_add_flavor_access_duplicate): 409 POST http://10.180.1.21/compute/v2.1/flavors/1371298771/action 3.627s
2025-11-29 15:17:01.236 65738 INFO tempest.lib.common.rest_client [req-1dad47b1-469c-4957-a6d7-b21e608a2009 req-1dad47b1-469c-4957-a6d7-b21e608a2009 ] Request (QuotasSecurityGroupAdminNegativeTest:setUpClass): 201 POST http://10.180.1.21/identity/v3/users 0.124s
2025-11-29 15:17:01.259 65764 INFO tempest.lib.common.rest_client [req-7632088f-a3c9-48d4-b4c5-14b3d3cc21a3 req-7632088f-a3c9-48d4-b4c5-14b3d3cc21a3 ] Request (ImagesTestJSON:setUpClass): 200 GET http://10.180.1.21/identity/v3/domains?name=Default 0.070s
2025-11-29 15:17:01.273 65738 INFO tempest.lib.common.rest_client [req-61af08c7-d500-4c82-a7fc-99bb7907655d req-61af08c7-d500-4c82-a7fc-99bb7907655d ] Request (QuotasSecurityGroupAdminNegativeTest:setUpClass): 200 GET http://10.180.1.21/identity/v3/roles 0.036s
2025-11-29 15:17:01.298 65752 INFO tempest.lib.common.rest_client [req-2aa6f97e-7473-4006-a145-270fd4887df5 req-2aa6f97e-7473-4006-a145-270fd4887df5 ] Request (QuotasAdminNegativeTest:test_create_server_when_cpu_quota_is_full): 200 GET http://10.180.1.21/compute/v2.1/os-quota-sets/407899d7e063445e98572b8445f26547 3.320s
2025-11-29 15:17:01.299 65764 INFO tempest.lib.common.rest_client [req-e5e1bed7-f8dc-48bc-9cce-07af5290b42a req-e5e1bed7-f8dc-48bc-9cce-07af5290b42a ] Request (ImagesTestJSON:setUpClass): 201 POST http://10.180.1.21/identity/v3/projects 0.039s
2025-11-29 15:17:01.312 65738 INFO tempest.lib.common.rest_client [req-d4a3d642-a2ba-4f98-9374-0e58998191fd req-d4a3d642-a2ba-4f98-9374-0e58998191fd ] Request (QuotasSecurityGroupAdminNegativeTest:setUpClass): 204 PUT http://10.180.1.21/identity/v3/projects/8237bd03269b4f11855f399abd52258a/users/7578799f07e4455e93455d7ad52954bc/roles/1d93669ec8b747e290ddccba0974d75e 0.038s
2025-11-29 15:17:01.312 65738 INFO tempest.lib.common.dynamic_creds [-] Dynamic test user 7578799f07e4455e93455d7ad52954bc is created with scope project and roles: ['member']
2025-11-29 15:17:01.312 65738 INFO tempest.lib.common.dynamic_creds [-] Acquired dynamic creds: credentials: Credentials: {'domain_id': 'default', 'domain_name': 'Default', 'username': 'tempest-QuotasSecurityGroupAdminNegativeTest-768476376-project-member', 'project_domain_id': 'default', 'project_domain_name': 'Default', 'project_id': '8237bd03269b4f11855f399abd52258a', 'project_name': 'tempest-QuotasSecurityGroupAdminNegativeTest-768476376', 'tenant_id': '8237bd03269b4f11855f399abd52258a', 'tenant_name': 'tempest-QuotasSecurityGroupAdminNegativeTest-768476376', 'user_domain_id': 'default', 'user_domain_name': 'Default', 'user_id': '7578799f07e4455e93455d7ad52954bc', 'system': None}, Network: None, Subnet: None, Router: None
2025-11-29 15:17:01.313 65738 INFO tempest.lib.common.dynamic_creds [-] Created isolated network resources for: credentials: Credentials: {'domain_id': 'default', 'domain_name': 'Default', 'username': 'tempest-QuotasSecurityGroupAdminNegativeTest-768476376-project-member', 'project_domain_id': 'default', 'project_domain_name': 'Default', 'project_id': '8237bd03269b4f11855f399abd52258a', 'project_name': 'tempest-QuotasSecurityGroupAdminNegativeTest-768476376', 'tenant_id': '8237bd03269b4f11855f399abd52258a', 'tenant_name': 'tempest-QuotasSecurityGroupAdminNegativeTest-768476376', 'user_domain_id': 'default', 'user_domain_name': 'Default', 'user_id': '7578799f07e4455e93455d7ad52954bc', 'system': None}, Network: None, Subnet: None, Router: None
2025-11-29 15:17:01.321 65774 INFO tempest.lib.common.rest_client [req-264c49cf-2ef0-4126-84cd-e8d4d95fc39c req-264c49cf-2ef0-4126-84cd-e8d4d95fc39c ] Request (FlavorsAdminTestJSON:test_create_flavor_verify_entry_in_list_details): 200 POST http://10.180.1.21/compute/v2.1/flavors 2.988s
2025-11-29 15:17:01.365 65712 INFO tempest.lib.common.rest_client [req-31a8eaae-4021-4130-9bbc-59c5ba4f87c7 req-31a8eaae-4021-4130-9bbc-59c5ba4f87c7 ] Request (ImagesDeleteNegativeTestJSON:test_delete_image_non_hex_string_id): 404 DELETE http://10.180.1.21/compute/v2.1/images/727951fb-06a1-470d-86ed-9354ce875aaj 3.014s
2025-11-29 15:17:01.405 65754 INFO tempest.lib.common.rest_client [req-9172d006-3fd2-43ad-8849-ef8bff00c764 req-9172d006-3fd2-43ad-8849-ef8bff00c764 ] Request (VolumesAssistedSnapshotsTest:test_volume_assisted_snapshot_create_delete): 201 POST http://10.180.1.21/networking/v2.0/security-group-rules 0.186s
2025-11-29 15:17:01.433 65716 INFO tempest.lib.common.rest_client [req-79a44b72-1d3b-4957-a79d-2f17a94a639a req-79a44b72-1d3b-4957-a79d-2f17a94a639a ] Request (HypervisorAdminUnderV252Test:tearDownClass): 204 DELETE http://10.180.1.21/networking/v2.0/security-groups/8cb57784-a0b1-467c-9b49-f1ad337927a6 0.200s
2025-11-29 15:17:01.479 65738 INFO tempest.lib.common.rest_client [req-440c1c04-7f1a-4540-b089-08b4efeb50a9 req-440c1c04-7f1a-4540-b089-08b4efeb50a9 ] Request (QuotasSecurityGroupAdminNegativeTest:setUpClass): 201 POST http://10.180.1.21/identity/v3/auth/tokens 0.162s
2025-11-29 15:17:01.512 65764 INFO tempest.lib.common.rest_client [req-d78a29ab-7f0f-4c5e-9b9b-0241eba6e846 req-d78a29ab-7f0f-4c5e-9b9b-0241eba6e846 ] Request (ImagesTestJSON:setUpClass): 201 POST http://10.180.1.21/identity/v3/users 0.212s
2025-11-29 15:17:01.535 65726 INFO tempest.lib.common.rest_client [req-013e2ed6-3e84-4ef4-be85-85c2fbd8720a req-013e2ed6-3e84-4ef4-be85-85c2fbd8720a ] Request (SecurityGroupsTestAdminJSON:test_list_security_groups_list_all_tenants_filter): 200 POST http://10.180.1.21/compute/v2.1/os-security-groups 3.241s
2025-11-29 15:17:01.548 65738 INFO tempest.lib.common.rest_client [req-795c4148-8858-410d-bf7d-699d1ae524a6 req-795c4148-8858-410d-bf7d-699d1ae524a6 ] Request (QuotasSecurityGroupAdminNegativeTest:setUpClass): 201 POST http://10.180.1.21/identity/v3/projects 0.068s
2025-11-29 15:17:01.566 65754 INFO tempest.lib.common.rest_client [req-8c6386ed-d98a-4419-88d3-69510b68481d req-8c6386ed-d98a-4419-88d3-69510b68481d ] Request (VolumesAssistedSnapshotsTest:test_volume_assisted_snapshot_create_delete): 201 POST http://10.180.1.21/networking/v2.0/security-group-rules 0.161s
2025-11-29 15:17:01.598 65716 INFO tempest.lib.common.rest_client [req-91da359b-8cae-4c28-8964-8b3c402895e9 req-91da359b-8cae-4c28-8964-8b3c402895e9 ] Request (HypervisorAdminUnderV252Test:tearDownClass): 204 DELETE http://10.180.1.21/identity/v3/projects/baac884ed6234cf2bd211a977fc0ec5a 0.164s
2025-11-29 15:17:01.598 65716 INFO tempest.lib.common.dynamic_creds [-] Deleting project and security group for project: 78af2d7b685f4b1ba3e3324ca9ab6f37
2025-11-29 15:17:01.629 65764 INFO tempest.lib.common.rest_client [req-58b9d7c2-cbef-43c6-940b-8baf1f48e7c7 req-58b9d7c2-cbef-43c6-940b-8baf1f48e7c7 ] Request (ImagesTestJSON:setUpClass): 200 GET http://10.180.1.21/identity/v3/roles 0.116s
2025-11-29 15:17:01.660 65738 INFO tempest.lib.common.rest_client [req-f8a28088-9a2b-4784-bba4-a84974a77778 req-f8a28088-9a2b-4784-bba4-a84974a77778 ] Request (QuotasSecurityGroupAdminNegativeTest:setUpClass): 201 POST http://10.180.1.21/identity/v3/users 0.111s
2025-11-29 15:17:01.662 65764 INFO tempest.lib.common.rest_client [req-57f06a63-58a8-4714-a87b-42731405d86e req-57f06a63-58a8-4714-a87b-42731405d86e ] Request (ImagesTestJSON:setUpClass): 204 PUT http://10.180.1.21/identity/v3/projects/a638393a8e3a4799bec82c392ab3adf6/users/23087674cca14ab3b0933b18fb1bc474/roles/1d93669ec8b747e290ddccba0974d75e 0.033s
2025-11-29 15:17:01.663 65764 INFO tempest.lib.common.dynamic_creds [-] Dynamic test user 23087674cca14ab3b0933b18fb1bc474 is created with scope project and roles: ['member']
2025-11-29 15:17:01.663 65764 INFO tempest.lib.common.dynamic_creds [-] Acquired dynamic creds: credentials: Credentials: {'domain_id': 'default', 'domain_name': 'Default', 'username': 'tempest-ImagesTestJSON-1941304871-project-member', 'project_domain_id': 'default', 'project_domain_name': 'Default', 'project_id': 'a638393a8e3a4799bec82c392ab3adf6', 'project_name': 'tempest-ImagesTestJSON-1941304871', 'tenant_id': 'a638393a8e3a4799bec82c392ab3adf6', 'tenant_name': 'tempest-ImagesTestJSON-1941304871', 'user_domain_id': 'default', 'user_domain_name': 'Default', 'user_id': '23087674cca14ab3b0933b18fb1bc474', 'system': None}, Network: None, Subnet: None, Router: None
2025-11-29 15:17:01.715 65738 INFO tempest.lib.common.rest_client [req-fe3cfd88-f29f-4a7a-be15-2ffd2859640d req-fe3cfd88-f29f-4a7a-be15-2ffd2859640d ] Request (QuotasSecurityGroupAdminNegativeTest:setUpClass): 200 GET http://10.180.1.21/identity/v3/roles 0.054s
2025-11-29 15:17:01.730 65764 INFO tempest.lib.common.rest_client [req-5d2465d2-99ac-4ce2-b6f3-884a01707c07 req-5d2465d2-99ac-4ce2-b6f3-884a01707c07 ] Request (ImagesTestJSON:setUpClass): 201 POST http://10.180.1.21/identity/v3/auth/tokens 0.067s
2025-11-29 15:17:01.731 65716 INFO tempest.lib.common.rest_client [req-6c3c0374-0ad2-44fe-a430-ac7edbaf5b7f req-6c3c0374-0ad2-44fe-a430-ac7edbaf5b7f ] Request (HypervisorAdminUnderV252Test:tearDownClass): 200 GET http://10.180.1.21/networking/v2.0/security-groups?tenant_id=78af2d7b685f4b1ba3e3324ca9ab6f37&name=default 0.132s
2025-11-29 15:17:01.748 65738 INFO tempest.lib.common.rest_client [req-12144e44-7a0b-4269-a436-20dbee0c7429 req-12144e44-7a0b-4269-a436-20dbee0c7429 ] Request (QuotasSecurityGroupAdminNegativeTest:setUpClass): 204 PUT http://10.180.1.21/identity/v3/projects/64c1be3e09eb47a88dbaf9391d02b208/users/56e2823f2a8a433f9b9d00f3df95eade/roles/fb255acccb364ef4a655f6aa19bdfffc 0.033s
2025-11-29 15:17:01.778 65746 INFO tempest.lib.common.rest_client [req-39430854-8e94-476d-91ad-75b9497c2ddc req-39430854-8e94-476d-91ad-75b9497c2ddc ] Request (DeleteServersAdminTestJSON:test_admin_delete_servers_of_others): 200 GET http://10.180.1.21/compute/v2.1/servers/3935e742-73de-49eb-9411-759fe02cd40f 3.410s
2025-11-29 15:17:01.786 65746 INFO tempest.common.waiters [-] State transition "BUILD/networking" ==> "BUILD/spawning" after 4 second wait
2025-11-29 15:17:01.825 65738 INFO tempest.lib.common.rest_client [req-52623237-fba5-4bd6-9f06-706f9fa05391 req-52623237-fba5-4bd6-9f06-706f9fa05391 ] Request (QuotasSecurityGroupAdminNegativeTest:setUpClass): 200 GET http://10.180.1.21/identity/v3/roles 0.076s
2025-11-29 15:17:01.850 65738 INFO tempest.lib.common.rest_client [req-ebe1052f-81e2-44b8-b2db-eef851017dca req-ebe1052f-81e2-44b8-b2db-eef851017dca ] Request (QuotasSecurityGroupAdminNegativeTest:setUpClass): 204 PUT http://10.180.1.21/identity/v3/projects/64c1be3e09eb47a88dbaf9391d02b208/users/56e2823f2a8a433f9b9d00f3df95eade/roles/fb255acccb364ef4a655f6aa19bdfffc 0.025s
2025-11-29 15:17:01.850 65738 INFO tempest.lib.common.dynamic_creds [-] Dynamic test user 56e2823f2a8a433f9b9d00f3df95eade is created with scope project and roles: ['admin']
2025-11-29 15:17:01.850 65738 INFO tempest.lib.common.dynamic_creds [-] Acquired dynamic creds: credentials: Credentials: {'domain_id': 'default', 'domain_name': 'Default', 'username': 'tempest-QuotasSecurityGroupAdminNegativeTest-109309517-project-admin', 'project_domain_id': 'default', 'project_domain_name': 'Default', 'project_id': '64c1be3e09eb47a88dbaf9391d02b208', 'project_name': 'tempest-QuotasSecurityGroupAdminNegativeTest-109309517', 'tenant_id': '64c1be3e09eb47a88dbaf9391d02b208', 'tenant_name': 'tempest-QuotasSecurityGroupAdminNegativeTest-109309517', 'user_domain_id': 'default', 'user_domain_name': 'Default', 'user_id': '56e2823f2a8a433f9b9d00f3df95eade', 'system': None}, Network: None, Subnet: None, Router: None
2025-11-29 15:17:01.850 65738 INFO tempest.lib.common.dynamic_creds [-] Created isolated network resources for: credentials: Credentials: {'domain_id': 'default', 'domain_name': 'Default', 'username': 'tempest-QuotasSecurityGroupAdminNegativeTest-109309517-project-admin', 'project_domain_id': 'default', 'project_domain_name': 'Default', 'project_id': '64c1be3e09eb47a88dbaf9391d02b208', 'project_name': 'tempest-QuotasSecurityGroupAdminNegativeTest-109309517', 'tenant_id': '64c1be3e09eb47a88dbaf9391d02b208', 'tenant_name': 'tempest-QuotasSecurityGroupAdminNegativeTest-109309517', 'user_domain_id': 'default', 'user_domain_name': 'Default', 'user_id': '56e2823f2a8a433f9b9d00f3df95eade', 'system': None}, Network: None, Subnet: None, Router: None
2025-11-29 15:17:01.949 65738 INFO tempest.lib.common.rest_client [req-181f71e3-bcc7-4f5d-a1f6-35c79e102f3a req-181f71e3-bcc7-4f5d-a1f6-35c79e102f3a ] Request (QuotasSecurityGroupAdminNegativeTest:setUpClass): 201 POST http://10.180.1.21/identity/v3/auth/tokens 0.096s
2025-11-29 15:17:01.950 65738 WARNING tempest.lib.common.rest_client [-] Deprecated: "tenant_id" property is deprecated for removal, use "project_id" instead
2025-11-29 15:17:02.025 65754 INFO tempest.lib.common.rest_client [req-987d93b1-015d-461e-af18-1f250b4c2076 req-987d93b1-015d-461e-af18-1f250b4c2076 ] Request (VolumesAssistedSnapshotsTest:test_volume_assisted_snapshot_create_delete): 201 POST http://10.180.1.21/networking/v2.0/floatingips 0.458s
2025-11-29 15:17:02.055 65738 INFO tempest.lib.common.rest_client [req-cbeb1784-3a85-452a-9782-ac8ba9a5420b req-cbeb1784-3a85-452a-9782-ac8ba9a5420b ] Request (QuotasSecurityGroupAdminNegativeTest:tearDownClass): 204 DELETE http://10.180.1.21/identity/v3/users/7578799f07e4455e93455d7ad52954bc 0.103s
2025-11-29 15:17:02.102 65754 INFO tempest.lib.common.rest_client [req-192d3b4c-a4eb-4258-9d51-112b48722933 req-192d3b4c-a4eb-4258-9d51-112b48722933 ] Request (VolumesAssistedSnapshotsTest:test_volume_assisted_snapshot_create_delete): 201 POST http://10.180.1.21/identity/v3/auth/tokens 0.073s
2025-11-29 15:17:02.103 65754 INFO tempest.lib.common.fixed_network [-] (VolumesAssistedSnapshotsTest:test_volume_assisted_snapshot_create_delete) Found network {'id': '5680abd2-dd4b-430b-ab5a-c0b851af55a7', 'name': 'tempest-VolumesAssistedSnapshotsTest-962674596-network', 'tenant_id': '569a4d7b910944fdbc107691ede34ebb', 'project_id': '569a4d7b910944fdbc107691ede34ebb', 'admin_state_up': True, 'mtu': 8950, 'status': 'ACTIVE', 'subnets': [], 'shared': False, 'port_security_enabled': True, 'router:external': False, 'provider:network_type': 'vlan', 'provider:physical_network': 'default', 'provider:segmentation_id': 655, 'availability_zone_hints': [], 'availability_zones': [], 'ipv4_address_scope': None, 'ipv6_address_scope': None, 'description': '', 'tags': [], 'created_at': '2025-11-29T15:16:42Z', 'updated_at': '2025-11-29T15:16:42Z', 'revision_number': 1} available for tenant
2025-11-29 15:17:02.196 65738 INFO tempest.lib.common.rest_client [req-fda903c1-7290-4bc5-8880-c3920044436f req-fda903c1-7290-4bc5-8880-c3920044436f ] Request (QuotasSecurityGroupAdminNegativeTest:tearDownClass): 204 DELETE http://10.180.1.21/identity/v3/users/56e2823f2a8a433f9b9d00f3df95eade 0.140s
2025-11-29 15:17:02.196 65738 INFO tempest.lib.common.dynamic_creds [-] Deleting project and security group for project: 8237bd03269b4f11855f399abd52258a
2025-11-29 15:17:02.256 65738 INFO tempest.lib.common.rest_client [req-ed8a1113-f681-4282-8a64-5820f918d614 req-ed8a1113-f681-4282-8a64-5820f918d614 ] Request (QuotasSecurityGroupAdminNegativeTest:tearDownClass): 201 POST http://10.180.1.21/identity/v3/auth/tokens 0.060s
2025-11-29 15:17:02.266 65716 INFO tempest.lib.common.rest_client [req-badcc38e-90db-435b-bd9c-58e196a125da req-badcc38e-90db-435b-bd9c-58e196a125da ] Request (HypervisorAdminUnderV252Test:tearDownClass): 204 DELETE http://10.180.1.21/networking/v2.0/security-groups/ec3885ec-e1c3-41de-80cc-f1f3713ab1d5 0.535s
2025-11-29 15:17:02.337 65714 INFO tempest.lib.common.rest_client [req-34824e1c-888f-4ff4-8cc4-b956d5cf5918 req-34824e1c-888f-4ff4-8cc4-b956d5cf5918 ] Request (ServerDiagnosticsNegativeTest:test_get_server_diagnostics_by_non_admin): 200 GET http://10.180.1.21/compute/v2.1/servers/416084c6-514d-44db-823c-22489a3cb064 3.525s
2025-11-29 15:17:02.352 65716 INFO tempest.lib.common.rest_client [req-bcb18822-49de-4cd2-99b1-b2da0734685a req-bcb18822-49de-4cd2-99b1-b2da0734685a ] Request (HypervisorAdminUnderV252Test:tearDownClass): 204 DELETE http://10.180.1.21/identity/v3/projects/78af2d7b685f4b1ba3e3324ca9ab6f37 0.085s
2025-11-29 15:17:02.356 65764 INFO tempest.lib.common.rest_client [req-12bc43ce-e5f3-4715-b38a-fe258673284a req-12bc43ce-e5f3-4715-b38a-fe258673284a ] Request (ImagesTestJSON:setUpClass): 201 POST http://10.180.1.21/networking/v2.0/networks 0.625s
2025-11-29 15:17:02.387 65748 INFO tempest.lib.common.rest_client [req-ddda2938-4f4b-4a2e-9382-03083886f360 req-ddda2938-4f4b-4a2e-9382-03083886f360 ] Request (AggregatesAdminNegativeTestJSON:test_aggregate_add_existent_host): 409 POST http://10.180.1.21/compute/v2.1/os-aggregates/1/action 3.556s
2025-11-29 15:17:02.400 65742 INFO tempest.lib.common.rest_client [req-c3dbcd58-a7ba-4794-aaab-c26d886a3884 req-c3dbcd58-a7ba-4794-aaab-c26d886a3884 ] Request (FlavorsExtraSpecsTestJSON:test_flavor_set_get_update_show_unset_keys): 200 GET http://10.180.1.21/compute/v2.1/flavors/433284350/os-extra_specs 3.541s
2025-11-29 15:17:02.423 65722 INFO tempest.lib.common.rest_client [req-002b1662-4530-4d7b-8bbd-6e64b2da10ba req-002b1662-4530-4d7b-8bbd-6e64b2da10ba ] Request (ServicesAdminNegativeV253TestJSON:test_get_service_by_invalid_params): 200 GET http://10.180.1.21/compute/v2.1/os-services 3.558s
2025-11-29 15:17:02.425 65716 INFO tempest.lib.common.rest_client [req-59be94c7-7f69-4dc4-ad44-870146df682e req-59be94c7-7f69-4dc4-ad44-870146df682e ] Request (ImagesMetadataNegativeTestJSON:setUpClass): 201 POST http://10.180.1.21/identity/v3/auth/tokens 0.071s
2025-11-29 15:17:02.445 65740 INFO tempest.lib.common.rest_client [req-47c788ad-190f-4be5-890c-f6e6394fdc40 req-47c788ad-190f-4be5-890c-f6e6394fdc40 ] Request (FloatingIPDetailsTestJSON:setUpClass): 200 POST http://10.180.1.21/compute/v2.1/os-floating-ips 4.041s
2025-11-29 15:17:02.458 65744 INFO tempest.lib.common.rest_client [req-6cd524c0-59c4-491f-80af-c86578fb74f6 req-6cd524c0-59c4-491f-80af-c86578fb74f6 ] Request (HostsAdminNegativeTestJSON:test_reboot_nonexistent_host): 404 GET http://10.180.1.21/compute/v2.1/os-hosts/nonexistent_hostname/reboot 3.313s
2025-11-29 15:17:02.461 65716 INFO tempest.lib.common.rest_client [req-f693c5d7-029d-481c-8b44-7ea6807f71e4 req-f693c5d7-029d-481c-8b44-7ea6807f71e4 ] Request (ImagesMetadataNegativeTestJSON:setUpClass): 201 POST http://10.180.1.21/identity/v3/auth/tokens 0.032s
2025-11-29 15:17:02.556 65738 INFO tempest.lib.common.rest_client [req-5cc63809-d0f9-4a6e-882a-37af7aa0cb75 req-5cc63809-d0f9-4a6e-882a-37af7aa0cb75 ] Request (QuotasSecurityGroupAdminNegativeTest:tearDownClass): 200 GET http://10.180.1.21/networking/v2.0/security-groups?tenant_id=8237bd03269b4f11855f399abd52258a&name=default 0.299s
2025-11-29 15:17:02.566 65734 INFO tempest.lib.common.rest_client [req-258057a3-40c8-4e15-9f9e-16b2acfb6156 req-258057a3-40c8-4e15-9f9e-16b2acfb6156 ] Request (FlavorsAccessTestJSON:test_flavor_access_add_remove): 200 POST http://10.180.1.21/compute/v2.1/flavors/851077904/action 3.422s
2025-11-29 15:17:02.570 65716 INFO tempest.lib.common.rest_client [req-85941cbc-a9b2-4733-960f-976a855707d3 req-85941cbc-a9b2-4733-960f-976a855707d3 ] Request (ImagesMetadataNegativeTestJSON:setUpClass): 200 GET http://10.180.1.21/identity/v3/domains?name=Default 0.109s
2025-11-29 15:17:02.599 65764 INFO tempest.lib.common.rest_client [req-a1a091f0-4916-4ed2-94de-cc8090eee215 req-a1a091f0-4916-4ed2-94de-cc8090eee215 ] Request (ImagesTestJSON:setUpClass): 201 POST http://10.180.1.21/networking/v2.0/subnets 0.243s
2025-11-29 15:17:02.609 65716 INFO tempest.lib.common.rest_client [req-afc89f99-e968-463e-97e1-f43eb4a3fd07 req-afc89f99-e968-463e-97e1-f43eb4a3fd07 ] Request (ImagesMetadataNegativeTestJSON:setUpClass): 201 POST http://10.180.1.21/identity/v3/projects 0.038s
2025-11-29 15:17:02.623 65756 INFO tempest.lib.common.rest_client [req-1cfc02ee-6000-499e-8036-2a387fd8876e req-1cfc02ee-6000-499e-8036-2a387fd8876e ] Request (ListImageFiltersTestJSON:setUpClass): 200 GET http://10.180.1.21/compute/v2.1/images/894b8c29-f152-47aa-b541-407e91497f6f 2.633s
2025-11-29 15:17:02.681 65716 INFO tempest.lib.common.rest_client [req-ae4c53b4-447e-4104-b4d8-93052a3b5aba req-ae4c53b4-447e-4104-b4d8-93052a3b5aba ] Request (ImagesMetadataNegativeTestJSON:setUpClass): 201 POST http://10.180.1.21/identity/v3/users 0.071s
2025-11-29 15:17:02.687 65738 INFO tempest.lib.common.rest_client [req-f0311add-f594-4ac6-9f99-e51464264dcc req-f0311add-f594-4ac6-9f99-e51464264dcc ] Request (QuotasSecurityGroupAdminNegativeTest:tearDownClass): 204 DELETE http://10.180.1.21/networking/v2.0/security-groups/b28db4d5-aa7b-4d83-9a05-b17df35b8431 0.131s
2025-11-29 15:17:02.711 65716 INFO tempest.lib.common.rest_client [req-d4919680-66a7-4cad-8079-336ff438f8a2 req-d4919680-66a7-4cad-8079-336ff438f8a2 ] Request (ImagesMetadataNegativeTestJSON:setUpClass): 200 GET http://10.180.1.21/identity/v3/roles 0.026s
2025-11-29 15:17:02.751 65716 INFO tempest.lib.common.rest_client [req-5fbd5334-b845-4e9d-9127-a6652cef058b req-5fbd5334-b845-4e9d-9127-a6652cef058b ] Request (ImagesMetadataNegativeTestJSON:setUpClass): 204 PUT http://10.180.1.21/identity/v3/projects/1ca12987a66744c6a5cda4c40b6be117/users/f1f91515e34441d09b36023b9498f09b/roles/1d93669ec8b747e290ddccba0974d75e 0.040s
2025-11-29 15:17:02.751 65716 INFO tempest.lib.common.dynamic_creds [-] Dynamic test user f1f91515e34441d09b36023b9498f09b is created with scope project and roles: ['member']
2025-11-29 15:17:02.752 65716 INFO tempest.lib.common.dynamic_creds [-] Acquired dynamic creds: credentials: Credentials: {'domain_id': 'default', 'domain_name': 'Default', 'username': 'tempest-ImagesMetadataNegativeTestJSON-966388475-project-member', 'project_domain_id': 'default', 'project_domain_name': 'Default', 'project_id': '1ca12987a66744c6a5cda4c40b6be117', 'project_name': 'tempest-ImagesMetadataNegativeTestJSON-966388475', 'tenant_id': '1ca12987a66744c6a5cda4c40b6be117', 'tenant_name': 'tempest-ImagesMetadataNegativeTestJSON-966388475', 'user_domain_id': 'default', 'user_domain_name': 'Default', 'user_id': 'f1f91515e34441d09b36023b9498f09b', 'system': None}, Network: None, Subnet: None, Router: None
2025-11-29 15:17:02.752 65716 INFO tempest.lib.common.dynamic_creds [-] Created isolated network resources for: credentials: Credentials: {'domain_id': 'default', 'domain_name': 'Default', 'username': 'tempest-ImagesMetadataNegativeTestJSON-966388475-project-member', 'project_domain_id': 'default', 'project_domain_name': 'Default', 'project_id': '1ca12987a66744c6a5cda4c40b6be117', 'project_name': 'tempest-ImagesMetadataNegativeTestJSON-966388475', 'tenant_id': '1ca12987a66744c6a5cda4c40b6be117', 'tenant_name': 'tempest-ImagesMetadataNegativeTestJSON-966388475', 'user_domain_id': 'default', 'user_domain_name': 'Default', 'user_id': 'f1f91515e34441d09b36023b9498f09b', 'system': None}, Network: None, Subnet: None, Router: None
2025-11-29 15:17:02.769 65720 INFO tempest.lib.common.rest_client [req-1406e9dc-2fc9-4516-8bcf-b73e2b97689d req-1406e9dc-2fc9-4516-8bcf-b73e2b97689d ] Request (MultipleCreateTestJSON:test_multiple_create): 200 GET http://10.180.1.21/compute/v2.1/servers/3da88588-b21e-45d9-a5fb-0c3ac1087622 2.762s
2025-11-29 15:17:02.802 65738 INFO tempest.lib.common.rest_client [req-92cf08da-eff3-4b49-9f83-38162be40e81 req-92cf08da-eff3-4b49-9f83-38162be40e81 ] Request (QuotasSecurityGroupAdminNegativeTest:tearDownClass): 204 DELETE http://10.180.1.21/identity/v3/projects/8237bd03269b4f11855f399abd52258a 0.115s
2025-11-29 15:17:02.803 65738 INFO tempest.lib.common.dynamic_creds [-] Deleting project and security group for project: 64c1be3e09eb47a88dbaf9391d02b208
2025-11-29 15:17:02.846 65716 INFO tempest.lib.common.rest_client [req-fb54912d-3029-4207-9f6e-1affd911c96d req-fb54912d-3029-4207-9f6e-1affd911c96d ] Request (ImagesMetadataNegativeTestJSON:setUpClass): 201 POST http://10.180.1.21/identity/v3/auth/tokens 0.091s
2025-11-29 15:17:02.937 65738 INFO tempest.lib.common.rest_client [req-9e5f8dde-b657-4b84-a544-8234820e77c0 req-9e5f8dde-b657-4b84-a544-8234820e77c0 ] Request (QuotasSecurityGroupAdminNegativeTest:tearDownClass): 200 GET http://10.180.1.21/networking/v2.0/security-groups?tenant_id=64c1be3e09eb47a88dbaf9391d02b208&name=default 0.134s
2025-11-29 15:17:03.057 65738 INFO tempest.lib.common.rest_client [req-8fedad48-8237-4dbc-beeb-b4aed2a4d861 req-8fedad48-8237-4dbc-beeb-b4aed2a4d861 ] Request (QuotasSecurityGroupAdminNegativeTest:tearDownClass): 204 DELETE http://10.180.1.21/networking/v2.0/security-groups/d6bcbfef-eb89-404c-90f1-1a3db3f5ab42 0.120s
