2025-11-29 15:19:59.392 65762 INFO tempest.lib.common.rest_client [req-74718947-9f3b-4099-8934-6f52e451df7d req-74718947-9f3b-4099-8934-6f52e451df7d ] Request (FloatingIPsAssociationTestJSON:tearDownClass): 200 GET http://10.180.1.21/compute/v2.1/servers/46c959c0-6cd6-411c-9ce3-d4a6bd45a4da 2.365s
2025-11-29 15:19:59.478 65754 INFO tempest.lib.common.rest_client [req-5243773f-7994-47f5-869d-103e2039b6eb req-5243773f-7994-47f5-869d-103e2039b6eb ] Request (SecurityGroupRulesNegativeTestJSON:setUpClass): 201 POST http://10.180.1.21/networking/v2.0/routers 0.944s
2025-11-29 15:19:59.489 65728 INFO tempest.lib.common.rest_client [req-c4511e30-1a3d-4678-a2f0-31acbef9f1bb req-c4511e30-1a3d-4678-a2f0-31acbef9f1bb ] Request (ServersAdminTestJSON:test_inject_network_info): 200 GET http://10.180.1.21/compute/v2.1/servers/ea412cbe-0edb-4d17-8560-8c5588ad1a09 2.443s
2025-11-29 15:19:59.505 65720 INFO tempest.lib.common.rest_client [req-9169654b-3fde-4bc5-b7fa-e0095c6067d3 req-9169654b-3fde-4bc5-b7fa-e0095c6067d3 ] Request (ServerActionsTestOtherB:setUpClass): 200 GET http://10.180.1.21/compute/v2.1/servers/e3bc9709-63a4-4e2a-a13e-fdcf10d4d373 2.184s
2025-11-29 15:19:59.599 65730 INFO tempest.lib.common.rest_client [req-fe414a75-f28d-4adc-9dd6-1efad067ec70 req-fe414a75-f28d-4adc-9dd6-1efad067ec70 ] Request (ServerAddressesTestJSON:tearDownClass): 200 GET http://10.180.1.21/compute/v2.1/servers/89625b40-ee1c-4981-b182-64fdcbfad1cc 1.839s
2025-11-29 15:19:59.636 65726 INFO tempest.lib.common.rest_client [req-021fd1fc-df8b-4d94-91d4-114afb2dc236 req-021fd1fc-df8b-4d94-91d4-114afb2dc236 ] Request (ServersTestFqdnHostnames:test_create_server_with_fqdn_name): 200 GET http://10.180.1.21/compute/v2.1/servers/cbc22ade-ba58-4b9d-b654-87fa12fe0689 1.954s
2025-11-29 15:19:59.649 65726 INFO tempest.common.waiters [-] State transition "BUILD/spawning" ==> "ACTIVE/None" after 64 second wait
2025-11-29 15:19:59.665 65774 INFO tempest.lib.common.rest_client [req-fde11312-208a-4fb8-9960-f88888b3529b req-fde11312-208a-4fb8-9960-f88888b3529b ] Request (ImagesNegativeTestJSON:test_create_image_from_deleted_server): 200 GET http://10.180.1.21/compute/v2.1/servers/45d3f40e-97bc-483a-8a4f-02bc94012380 1.845s
2025-11-29 15:19:59.707 65732 INFO tempest.lib.common.rest_client [req-46ba03f7-f58e-43ea-9c32-f9bd077dbd8b req-46ba03f7-f58e-43ea-9c32-f9bd077dbd8b ] Request (MigrationsAdminTest:test_resize_server_revert_deleted_flavor): 200 GET http://10.180.1.21/compute/v2.1/servers/5a85a2ac-172b-4405-a23f-6353c6d815f5 1.835s
2025-11-29 15:19:59.715 65732 INFO tempest.common.waiters [-] State transition "BUILD/None" ==> "BUILD/networking" after 47 second wait
2025-11-29 15:19:59.728 65768 INFO tempest.lib.common.rest_client [req-31f245f3-5738-4f3c-963b-514882695795 req-31f245f3-5738-4f3c-963b-514882695795 ] Request (ServerGroupTestJSON:test_create_server_with_scheduler_hint_group): 200 GET http://10.180.1.21/compute/v2.1/servers/df344bd1-44b1-4c98-8e89-d27f5205f96a 1.747s
2025-11-29 15:19:59.839 65712 INFO tempest.lib.common.rest_client [req-a90cb953-a1cb-4887-9c2a-24ae2edecf41 req-a90cb953-a1cb-4887-9c2a-24ae2edecf41 ] Request (ServerMetadataNegativeTestJSON:setUpClass): 200 GET http://10.180.1.21/compute/v2.1/servers/878bd553-5276-494e-84f4-852e3724c9d2 1.647s
2025-11-29 15:19:59.849 65712 INFO tempest.common.waiters [-] State transition "BUILD/scheduling" ==> "BUILD/None" after 11 second wait
2025-11-29 15:19:59.882 65724 INFO tempest.lib.common.rest_client [req-09517bf2-eee8-46d9-8521-fc7b900be65b req-09517bf2-eee8-46d9-8521-fc7b900be65b ] Request (ImagesOneServerNegativeTestJSON:setUpClass): 200 GET http://10.180.1.21/compute/v2.1/servers/bf4d4819-a951-48aa-9c2b-3962b45d4c54 1.840s
2025-11-29 15:19:59.975 65734 INFO tempest.lib.common.rest_client [req-a6f107f0-4098-4e53-ab3b-df85fa949bcb req-a6f107f0-4098-4e53-ab3b-df85fa949bcb ] Request (ServersNegativeTestJSON:setUpClass): 200 GET http://10.180.1.21/compute/v2.1/servers/5bf771d5-ce20-43d4-b830-57b95ad3e841 1.765s
2025-11-29 15:20:00.002 65752 INFO tempest.lib.common.rest_client [req-aa61706e-ac97-4aa9-860f-c245543dd0da req-aa61706e-ac97-4aa9-860f-c245543dd0da ] Request (AttachInterfacesV270Test:test_create_get_list_interfaces): 200 GET http://10.180.1.21/compute/v2.1/servers/514606d7-9340-44b2-89f4-9f6ae3b70fa0 1.745s
2025-11-29 15:20:00.045 65764 INFO tempest.lib.common.rest_client [req-89be9d5e-783c-4c21-b4dd-84ac7a0adfd8 req-89be9d5e-783c-4c21-b4dd-84ac7a0adfd8 ] Request (ImagesTestJSON:test_create_image_from_suspended_server): 200 GET http://10.180.1.21/compute/v2.1/images/d816ff77-5207-49e9-84d4-77f03fbc0cd3 1.745s
2025-11-29 15:20:00.390 65771 WARNING tempest.lib.common.ssh [-] Failed to establish authenticated ssh connection to cirros@10.180.180.233 ([Errno None] Unable to connect to port 22 on 10.180.180.233). Number attempts: 3. Retry after 4 seconds.: paramiko.ssh_exception.NoValidConnectionsError: [Errno None] Unable to connect to port 22 on 10.180.180.233
2025-11-29 15:20:00.441 65748 INFO tempest.lib.common.rest_client [req-8b4b6a9b-f0f9-41d4-9f48-dcdca10cab85 req-8b4b6a9b-f0f9-41d4-9f48-dcdca10cab85 ] Request (ServersWithSpecificFlavorTestJSON:test_verify_created_server_ephemeral_disk): 200 GET http://10.180.1.21/compute/v2.1/servers/ff588970-3fc4-463a-b8c1-676c0d3791a6 2.167s
2025-11-29 15:20:00.462 65736 INFO tempest.lib.common.rest_client [req-070bc952-3206-4058-9df0-7b637087c548 req-070bc952-3206-4058-9df0-7b637087c548 ] Request (SecurityGroupsTestJSON:test_server_security_groups): 200 GET http://10.180.1.21/compute/v2.1/servers/eab42164-bf65-472a-9359-115692ef9031 2.091s
2025-11-29 15:20:00.529 65754 INFO tempest.lib.common.rest_client [req-067c379b-91a4-4abb-b68a-5407db0211a6 req-067c379b-91a4-4abb-b68a-5407db0211a6 ] Request (SecurityGroupRulesNegativeTestJSON:setUpClass): 200 PUT http://10.180.1.21/networking/v2.0/routers/8357bdcb-0f15-455e-a26d-f1ebfafba539/add_router_interface 1.051s
2025-11-29 15:20:00.529 65754 INFO tempest.lib.common.dynamic_creds [-] Created isolated network resources for: credentials: Credentials: {'domain_id': 'default', 'domain_name': 'Default', 'username': 'tempest-SecurityGroupRulesNegativeTestJSON-973272506-project-member', 'project_domain_id': 'default', 'project_domain_name': 'Default', 'project_id': '8c4b06c835184ccdbb21fed66eb08c6a', 'project_name': 'tempest-SecurityGroupRulesNegativeTestJSON-973272506', 'tenant_id': '8c4b06c835184ccdbb21fed66eb08c6a', 'tenant_name': 'tempest-SecurityGroupRulesNegativeTestJSON-973272506', 'user_domain_id': 'default', 'user_domain_name': 'Default', 'user_id': '76836ce9b3f0409bbe372415c143cc43', 'system': None}, Network: {'id': '0f420310-4fa9-490e-a033-6de5e43a1c26', 'name': 'tempest-SecurityGroupRulesNegativeTestJSON-363710806-network', 'tenant_id': '8c4b06c835184ccdbb21fed66eb08c6a', 'project_id': '8c4b06c835184ccdbb21fed66eb08c6a', 'admin_state_up': True, 'mtu': 8950, 'status': 'ACTIVE', 'subnets': [], 'shared': False, 'port_security_enabled': True, 'router:external': False, 'provider:network_type': 'vlan', 'provider:physical_network': 'default', 'provider:segmentation_id': 783, 'availability_zone_hints': [], 'availability_zones': [], 'ipv4_address_scope': None, 'ipv6_address_scope': None, 'description': '', 'tags': [], 'created_at': '2025-11-29T15:19:58Z', 'updated_at': '2025-11-29T15:19:58Z', 'revision_number': 1}, Subnet: {'id': '2da202c9-03a7-48d8-954c-661194976f74', 'name': 'tempest-SecurityGroupRulesNegativeTestJSON-363710806-subnet', 'tenant_id': '8c4b06c835184ccdbb21fed66eb08c6a', 'network_id': '0f420310-4fa9-490e-a033-6de5e43a1c26', 'ip_version': 4, 'subnetpool_id': None, 'enable_dhcp': True, 'ipv6_ra_mode': None, 'ipv6_address_mode': None, 'gateway_ip': '192.168.128.1', 'cidr': '192.168.128.0/28', 'allocation_pools': [{'start': '192.168.128.2', 'end': '192.168.128.14'}], 'host_routes': [], 'dns_nameservers': [], 'description': '', 'router:external': False, 'service_types': [], 'tags': [], 'created_at': '2025-11-29T15:19:58Z', 'updated_at': '2025-11-29T15:19:58Z', 'revision_number': 0, 'project_id': '8c4b06c835184ccdbb21fed66eb08c6a'}, Router: {'id': '8357bdcb-0f15-455e-a26d-f1ebfafba539', 'name': 'tempest-SecurityGroupRulesNegativeTestJSON-363710806-router', 'tenant_id': '8c4b06c835184ccdbb21fed66eb08c6a', 'admin_state_up': True, 'status': 'ACTIVE', 'external_gateway_info': {'network_id': '84ad802f-abb3-4dde-bed6-200e20578487', 'external_fixed_ips': [{'subnet_id': 'e039ede4-1fe3-4eb0-9e2d-15e030144dc8', 'ip_address': '10.180.180.250'}], 'enable_snat': True}, 'description': '', 'availability_zones': [], 'distributed': False, 'ha': False, 'availability_zone_hints': [], 'routes': [], 'flavor_id': None, 'tags': [], 'created_at': '2025-11-29T15:19:58Z', 'updated_at': '2025-11-29T15:19:59Z', 'revision_number': 2, 'project_id': '8c4b06c835184ccdbb21fed66eb08c6a'}
2025-11-29 15:20:00.586 65766 INFO tempest.lib.common.rest_client [req-5b3e3d1f-b8cc-41b7-8133-3704f0a8d428 req-5b3e3d1f-b8cc-41b7-8133-3704f0a8d428 ] Request (ServerShowV254Test:tearDownClass): 200 GET http://10.180.1.21/compute/v2.1/servers/e299ab74-a67a-454e-8289-4ad388156796 2.198s
2025-11-29 15:20:00.670 65754 INFO tempest.lib.common.rest_client [req-1ccf1850-eedb-4fba-b48a-c6a4fafe8fc4 req-1ccf1850-eedb-4fba-b48a-c6a4fafe8fc4 ] Request (SecurityGroupRulesNegativeTestJSON:setUpClass): 201 POST http://10.180.1.21/identity/v3/auth/tokens 0.137s
2025-11-29 15:20:00.749 65742 INFO tempest.lib.common.rest_client [req-8175ce47-49f4-416a-a4a0-815551f181ba req-8175ce47-49f4-416a-a4a0-815551f181ba ] Request (ImagesOneServerTestJSON:test_create_image_specify_multibyte_character_image_name): 200 GET http://10.180.1.21/compute/v2.1/images/11a17998-0aa2-4cfe-a2a6-287501253995 2.345s
2025-11-29 15:20:00.827 65738 INFO tempest.lib.common.rest_client [req-72cac1c2-55fd-4838-a59d-db65be623e50 req-72cac1c2-55fd-4838-a59d-db65be623e50 ] Request (AttachVolumeShelveTestJSON:test_attach_volume_shelved_or_offload_server): 200 GET http://10.180.1.21/compute/v2.1/servers/ac76d2ee-b40d-472f-869a-e980577f36e0 2.279s
2025-11-29 15:20:00.840 65738 INFO tempest.common.waiters [-] State transition "BUILD/block_device_mapping" ==> "BUILD/spawning" after 56 second wait
2025-11-29 15:20:00.882 65744 INFO tempest.lib.common.rest_client [req-0c9df066-10bd-4760-adee-ff53099398c6 req-0c9df066-10bd-4760-adee-ff53099398c6 ] Request (ServerRescueNegativeTestJSON:test_rescued_vm_detach_volume): 200 POST http://10.180.1.21/compute/v2.1/os-keypairs 2.023s
2025-11-29 15:20:01.105 65716 INFO tempest.lib.common.rest_client [req-947a46d1-be2c-43bf-ab30-1d5c9889552a req-947a46d1-be2c-43bf-ab30-1d5c9889552a ] Request (ListServerFiltersTestJSON:test_list_servers_filtered_by_ip_regex): 200 GET http://10.180.1.21/compute/v2.1/servers?ip=192.168.128. 2.436s
2025-11-29 15:20:01.117 65744 INFO tempest.lib.common.rest_client [req-6baf70dd-a0ff-4b8d-91a4-3fbc1e3a03f1 req-6baf70dd-a0ff-4b8d-91a4-3fbc1e3a03f1 ] Request (ServerRescueNegativeTestJSON:test_rescued_vm_detach_volume): 201 POST http://10.180.1.21/networking/v2.0/security-groups 0.234s
2025-11-29 15:20:01.211 65744 INFO tempest.lib.common.rest_client [req-7713e6e0-616b-435d-b5e6-66495d856003 req-7713e6e0-616b-435d-b5e6-66495d856003 ] Request (ServerRescueNegativeTestJSON:test_rescued_vm_detach_volume): 201 POST http://10.180.1.21/networking/v2.0/security-group-rules 0.093s
2025-11-29 15:20:01.239 65740 INFO tempest.lib.common.rest_client [req-4c8e6381-fd66-42bc-90ae-bec580d6f792 req-4c8e6381-fd66-42bc-90ae-bec580d6f792 ] Request (ServersTestMultiNic:test_verify_multiple_nics_order): 200 GET http://10.180.1.21/compute/v2.1/servers/e75aac23-7a9c-416b-8296-5595e367a497 1.851s
2025-11-29 15:20:01.340 65744 INFO tempest.lib.common.rest_client [req-98ffcd70-70e1-4227-bef8-8b32dc807a8b req-98ffcd70-70e1-4227-bef8-8b32dc807a8b ] Request (ServerRescueNegativeTestJSON:test_rescued_vm_detach_volume): 201 POST http://10.180.1.21/networking/v2.0/security-group-rules 0.128s
2025-11-29 15:20:01.422 65726 INFO tempest.lib.common.rest_client [req-7fd95eac-1d80-43a1-8edb-1b26481442a4 req-7fd95eac-1d80-43a1-8edb-1b26481442a4 ] Request (ServersTestFqdnHostnames:test_create_server_with_fqdn_name): 200 GET http://10.180.1.21/compute/v2.1/servers/cbc22ade-ba58-4b9d-b654-87fa12fe0689/os-interface 1.772s
2025-11-29 15:20:01.805 65756 INFO tempest.lib.common.rest_client [req-b2fac3dc-4406-4569-8b25-f4909f6d00c5 req-b2fac3dc-4406-4569-8b25-f4909f6d00c5 ] Request (ListImageFiltersTestJSON:test_list_images_limit_results): 200 GET http://10.180.1.21/compute/v2.1/images?limit=1 2.510s
2025-11-29 15:20:01.889 65744 INFO tempest.lib.common.rest_client [req-3dc7ddf9-9407-4ebb-9274-7b91f552bace req-3dc7ddf9-9407-4ebb-9274-7b91f552bace ] Request (ServerRescueNegativeTestJSON:test_rescued_vm_detach_volume): 201 POST http://10.180.1.21/networking/v2.0/floatingips 0.549s
2025-11-29 15:20:01.989 65714 WARNING tempest.lib.common.ssh [-] Failed to establish authenticated ssh connection to cirros@10.180.180.145 ([Errno None] Unable to connect to port 22 on 10.180.180.145). Number attempts: 1. Retry after 2 seconds.: paramiko.ssh_exception.NoValidConnectionsError: [Errno None] Unable to connect to port 22 on 10.180.180.145
2025-11-29 15:20:02.011 65744 INFO tempest.lib.common.rest_client [req-345fcd26-0fc5-401e-aaea-7e994a03e3db req-345fcd26-0fc5-401e-aaea-7e994a03e3db ] Request (ServerRescueNegativeTestJSON:test_rescued_vm_detach_volume): 201 POST http://10.180.1.21/identity/v3/auth/tokens 0.118s
2025-11-29 15:20:02.012 65744 INFO tempest.lib.common.fixed_network [-] (ServerRescueNegativeTestJSON:test_rescued_vm_detach_volume) Found network {'id': '81226fce-da8b-4b8a-866d-dc0f375b5035', 'name': 'tempest-ServerRescueNegativeTestJSON-706140119-network', 'tenant_id': '81f91e80070c49ffb7ddc991d86a7682', 'project_id': '81f91e80070c49ffb7ddc991d86a7682', 'admin_state_up': True, 'mtu': 8950, 'status': 'ACTIVE', 'subnets': [], 'shared': False, 'port_security_enabled': True, 'router:external': False, 'provider:network_type': 'vlan', 'provider:physical_network': 'default', 'provider:segmentation_id': 282, 'availability_zone_hints': [], 'availability_zones': [], 'ipv4_address_scope': None, 'ipv6_address_scope': None, 'description': '', 'tags': [], 'created_at': '2025-11-29T15:18:10Z', 'updated_at': '2025-11-29T15:18:10Z', 'revision_number': 1} available for tenant
2025-11-29 15:20:02.245 65760 INFO tempest.lib.common.rest_client [req-b5f76e5e-3755-40e3-915e-a6313e0a76a3 req-b5f76e5e-3755-40e3-915e-a6313e0a76a3 ] Request (ListServersNegativeTestJSON:setUpClass): 200 GET http://10.180.1.21/compute/v2.1/servers/9a045422-3cd6-4f94-9de5-b2541acabf97 2.153s
2025-11-29 15:20:02.262 65759 INFO tempest.lib.common.rest_client [req-76fbb8a7-470e-44a6-9825-4729ce7c9d38 req-76fbb8a7-470e-44a6-9825-4729ce7c9d38 ] Request (ServerRescueTestJSONUnderV235:tearDownClass): 200 GET http://10.180.1.21/compute/v2.1/servers/48a6fee3-ed10-415d-8c5e-668a10ec330c 2.020s
2025-11-29 15:20:02.378 65728 INFO tempest.lib.common.rest_client [req-29d63147-8f32-476d-977c-b328233116ca req-29d63147-8f32-476d-977c-b328233116ca ] Request (ServersAdminTestJSON:test_inject_network_info): 200 GET http://10.180.1.21/compute/v2.1/servers/ea412cbe-0edb-4d17-8560-8c5588ad1a09 1.878s
2025-11-29 15:20:02.389 65762 INFO tempest.lib.common.rest_client [req-0f2e1432-b4b8-425e-b442-c79d7202fc95 req-0f2e1432-b4b8-425e-b442-c79d7202fc95 ] Request (FloatingIPsAssociationTestJSON:tearDownClass): 200 GET http://10.180.1.21/compute/v2.1/servers/46c959c0-6cd6-411c-9ce3-d4a6bd45a4da 1.988s
2025-11-29 15:20:02.460 65726 INFO tempest.lib.common.rest_client [req-33ba764e-cba9-4adf-800c-2812be014335 req-33ba764e-cba9-4adf-800c-2812be014335 ] Request (ServersTestFqdnHostnames:test_create_server_with_fqdn_name): 200 PUT http://10.180.1.21/networking/v2.0/floatingips/1b196939-2ec2-4ad2-a62c-b64204d19228 1.034s
2025-11-29 15:20:02.461 65726 INFO tempest.lib.common.ssh [-] Creating ssh connection to '10.180.180.136:22' as 'cirros' with public key authentication
2025-11-29 15:20:02.467 65720 INFO tempest.lib.common.rest_client [req-cac3c5e1-600d-4b63-b222-91a3d0a93a9d req-cac3c5e1-600d-4b63-b222-91a3d0a93a9d ] Request (ServerActionsTestOtherB:setUpClass): 200 GET http://10.180.1.21/compute/v2.1/servers/e3bc9709-63a4-4e2a-a13e-fdcf10d4d373 1.951s
2025-11-29 15:20:02.491 65730 INFO tempest.lib.common.rest_client [req-6ff91384-930e-4170-8be9-7cf40f8abcbe req-6ff91384-930e-4170-8be9-7cf40f8abcbe ] Request (ServerAddressesTestJSON:tearDownClass): 200 GET http://10.180.1.21/compute/v2.1/servers/89625b40-ee1c-4981-b182-64fdcbfad1cc 1.878s
2025-11-29 15:20:02.568 65774 INFO tempest.lib.common.rest_client [req-03195c40-00a4-414c-b6aa-f9a6da4954cb req-03195c40-00a4-414c-b6aa-f9a6da4954cb ] Request (ImagesNegativeTestJSON:test_create_image_from_deleted_server): 200 GET http://10.180.1.21/compute/v2.1/servers/45d3f40e-97bc-483a-8a4f-02bc94012380 1.892s
2025-11-29 15:20:02.691 65754 INFO tempest.lib.common.rest_client [req-07be3e53-e828-410e-9a19-13bcd8b72c5e req-07be3e53-e828-410e-9a19-13bcd8b72c5e ] Request (SecurityGroupRulesNegativeTestJSON:test_create_security_group_rule_duplicate): 200 POST http://10.180.1.21/compute/v2.1/os-security-groups 2.019s
2025-11-29 15:20:02.730 65732 INFO tempest.lib.common.rest_client [req-603568fc-ed21-4ae3-b722-05db14655cbc req-603568fc-ed21-4ae3-b722-05db14655cbc ] Request (MigrationsAdminTest:test_resize_server_revert_deleted_flavor): 200 GET http://10.180.1.21/compute/v2.1/servers/5a85a2ac-172b-4405-a23f-6353c6d815f5 2.013s
2025-11-29 15:20:02.741 65732 INFO tempest.common.waiters [-] State transition "BUILD/networking" ==> "BUILD/spawning" after 50 second wait
2025-11-29 15:20:02.761 65768 INFO tempest.lib.common.rest_client [req-2097e1ab-5155-43e6-ab6e-a6f2c782f1db req-2097e1ab-5155-43e6-ab6e-a6f2c782f1db ] Request (ServerGroupTestJSON:test_create_server_with_scheduler_hint_group): 200 GET http://10.180.1.21/compute/v2.1/servers/df344bd1-44b1-4c98-8e89-d27f5205f96a 2.020s
2025-11-29 15:20:02.781 65712 INFO tempest.lib.common.rest_client [req-b92c2813-6978-4f21-b256-5f6b4a008bec req-b92c2813-6978-4f21-b256-5f6b4a008bec ] Request (ServerMetadataNegativeTestJSON:setUpClass): 200 GET http://10.180.1.21/compute/v2.1/servers/878bd553-5276-494e-84f4-852e3724c9d2 1.931s
2025-11-29 15:20:02.842 65734 INFO tempest.lib.common.rest_client [req-507ea599-feba-4521-a913-206aca65e9de req-507ea599-feba-4521-a913-206aca65e9de ] Request (ServersNegativeTestJSON:setUpClass): 200 GET http://10.180.1.21/compute/v2.1/servers/5bf771d5-ce20-43d4-b830-57b95ad3e841 1.855s
2025-11-29 15:20:02.850 65734 INFO tempest.common.waiters [-] State transition "BUILD/None" ==> "BUILD/networking" after 49 second wait
2025-11-29 15:20:02.912 65752 INFO tempest.lib.common.rest_client [req-07fe8f49-560f-45ee-a2b5-88f1bc9d8d71 req-07fe8f49-560f-45ee-a2b5-88f1bc9d8d71 ] Request (AttachInterfacesV270Test:test_create_get_list_interfaces): 200 GET http://10.180.1.21/compute/v2.1/servers/514606d7-9340-44b2-89f4-9f6ae3b70fa0 1.898s
2025-11-29 15:20:02.931 65724 INFO tempest.lib.common.rest_client [req-eed9cc90-0d38-4b32-b46b-23a357a69f30 req-eed9cc90-0d38-4b32-b46b-23a357a69f30 ] Request (ImagesOneServerNegativeTestJSON:setUpClass): 200 GET http://10.180.1.21/compute/v2.1/servers/bf4d4819-a951-48aa-9c2b-3962b45d4c54 2.037s
2025-11-29 15:20:02.936 65752 INFO tempest.common.waiters [-] State transition "BUILD/scheduling" ==> "BUILD/None" after 13 second wait
2025-11-29 15:20:02.944 65724 INFO tempest.common.waiters [-] State transition "BUILD/spawning" ==> "ACTIVE/None" after 63 second wait
2025-11-29 15:20:02.976 65764 INFO tempest.lib.common.rest_client [req-df0c0af7-5189-4a07-9bf5-001538e9e246 req-df0c0af7-5189-4a07-9bf5-001538e9e246 ] Request (ImagesTestJSON:test_create_image_from_suspended_server): 200 GET http://10.180.1.21/compute/v2.1/images/d816ff77-5207-49e9-84d4-77f03fbc0cd3 1.925s
2025-11-29 15:20:03.014 65716 INFO tempest.lib.common.rest_client [req-9455ab1a-8ce3-4725-9033-dc973c798a03 req-9455ab1a-8ce3-4725-9033-dc973c798a03 ] Request (ListServerFiltersTestJSON:test_list_servers_filtered_by_name_regex): 200 GET http://10.180.1.21/compute/v2.1/servers?name=%5E.%2A%5C-instance%5C-%5B0-9%5D%2B%24 1.904s
2025-11-29 15:20:03.055 65748 INFO tempest.lib.common.rest_client [req-6763b15a-5fbd-4079-8e49-56e2af5bc8e3 req-6763b15a-5fbd-4079-8e49-56e2af5bc8e3 ] Request (ServersWithSpecificFlavorTestJSON:test_verify_created_server_ephemeral_disk): 200 GET http://10.180.1.21/compute/v2.1/servers/ff588970-3fc4-463a-b8c1-676c0d3791a6 1.601s
2025-11-29 15:20:03.076 65736 INFO tempest.lib.common.rest_client [req-5875d708-f146-40f4-aff4-f88e7979019c req-5875d708-f146-40f4-aff4-f88e7979019c ] Request (SecurityGroupsTestJSON:test_server_security_groups): 200 GET http://10.180.1.21/compute/v2.1/servers/eab42164-bf65-472a-9359-115692ef9031 1.597s
2025-11-29 15:20:03.119 65742 INFO tempest.lib.common.rest_client [req-23fc7303-0b56-4916-82ee-0902640d5819 req-23fc7303-0b56-4916-82ee-0902640d5819 ] Request (ImagesOneServerTestJSON:test_create_image_specify_multibyte_character_image_name): 200 GET http://10.180.1.21/compute/v2.1/images/11a17998-0aa2-4cfe-a2a6-287501253995 1.365s
2025-11-29 15:20:03.135 65766 INFO tempest.lib.common.rest_client [req-862790cd-114f-458a-a7e0-ede04f1cda0f req-862790cd-114f-458a-a7e0-ede04f1cda0f ] Request (ServerShowV254Test:tearDownClass): 200 GET http://10.180.1.21/compute/v2.1/servers/e299ab74-a67a-454e-8289-4ad388156796 1.531s
2025-11-29 15:20:03.209 65756 INFO tempest.lib.common.rest_client [req-68ce2545-1f4f-42b3-9414-424646be3b51 req-68ce2545-1f4f-42b3-9414-424646be3b51 ] Request (ListImageFiltersTestJSON:test_list_images_with_detail_filter_by_changes_since): 200 GET http://10.180.1.21/compute/v2.1/images/detail?changes-since=2025-11-29T15%3A16%3A57Z 1.400s
2025-11-29 15:20:03.276 65738 INFO tempest.lib.common.rest_client [req-2e7e3f4d-509e-4514-ac70-b46100eff517 req-2e7e3f4d-509e-4514-ac70-b46100eff517 ] Request (AttachVolumeShelveTestJSON:test_attach_volume_shelved_or_offload_server): 200 GET http://10.180.1.21/compute/v2.1/servers/ac76d2ee-b40d-472f-869a-e980577f36e0 1.434s
2025-11-29 15:20:03.425 65740 INFO tempest.lib.common.rest_client [req-9fdb74c4-277b-4ce4-9e3a-9cdf301e52dc req-9fdb74c4-277b-4ce4-9e3a-9cdf301e52dc ] Request (ServersTestMultiNic:test_verify_multiple_nics_order): 200 GET http://10.180.1.21/compute/v2.1/servers/e75aac23-7a9c-416b-8296-5595e367a497 1.171s
2025-11-29 15:20:03.661 65754 INFO tempest.lib.common.rest_client [req-d808782f-f985-4235-bd1f-d9d78e651e44 req-d808782f-f985-4235-bd1f-d9d78e651e44 ] Request (SecurityGroupRulesNegativeTestJSON:test_create_security_group_rule_duplicate): 200 POST http://10.180.1.21/compute/v2.1/os-security-group-rules 0.967s
2025-11-29 15:20:03.873 65724 INFO tempest.lib.common.rest_client [req-cb4a2a95-6656-40dc-a86c-8b598a3e8552 req-cb4a2a95-6656-40dc-a86c-8b598a3e8552 ] Request (ImagesOneServerNegativeTestJSON:setUp): 200 GET http://10.180.1.21/compute/v2.1/servers/bf4d4819-a951-48aa-9c2b-3962b45d4c54 0.928s
2025-11-29 15:20:03.915 65764 INFO tempest.lib.common.rest_client [req-bc0ce082-863d-41ce-bfde-37a44d820298 req-bc0ce082-863d-41ce-bfde-37a44d820298 ] Request (ImagesTestJSON:test_create_image_from_suspended_server): 200 GET http://10.180.1.21/compute/v2.1/images/d816ff77-5207-49e9-84d4-77f03fbc0cd3 0.931s
2025-11-29 15:20:03.945 65744 INFO tempest.lib.common.rest_client [req-1b1e7032-64e9-4f4d-8c56-d904a37972d0 req-1b1e7032-64e9-4f4d-8c56-d904a37972d0 ] Request (ServerRescueNegativeTestJSON:test_rescued_vm_detach_volume): 202 POST http://10.180.1.21/compute/v2.1/servers 1.932s
2025-11-29 15:20:03.951 65764 INFO tempest.lib.common.rest_client [req-18d041ea-ee55-41d5-90b9-07fe16e39329 req-18d041ea-ee55-41d5-90b9-07fe16e39329 ] Request (ImagesTestJSON:test_create_image_from_suspended_server): 200 GET http://10.180.1.21/image/v2/images/d816ff77-5207-49e9-84d4-77f03fbc0cd3/tasks 0.032s
2025-11-29 15:20:03.985 65756 INFO tempest.lib.common.rest_client [req-2a30ec84-ae67-447b-b063-d3f15f44ab22 req-2a30ec84-ae67-447b-b063-d3f15f44ab22 ] Request (ListImageFiltersTestJSON:test_list_images_with_detail_filter_by_name): 200 GET http://10.180.1.21/compute/v2.1/images/detail?name=tempest-ListImageFiltersTestJSON-image-265557132 0.770s
2025-11-29 15:20:04.026 65716 INFO tempest.lib.common.rest_client [req-7e10c3ca-47a2-4be9-a49a-123f20038065 req-7e10c3ca-47a2-4be9-a49a-123f20038065 ] Request (ListServerFiltersTestJSON:test_list_servers_filtered_by_name_regex): 200 GET http://10.180.1.21/compute/v2.1/servers?name=%5E.%2A%5C-instance%5C-.%2A%24 1.010s
2025-11-29 15:20:04.073 65760 INFO tempest.lib.common.rest_client [req-0a96efc8-79c4-4cbf-8535-e345d614ace4 req-0a96efc8-79c4-4cbf-8535-e345d614ace4 ] Request (ListServersNegativeTestJSON:setUpClass): 200 GET http://10.180.1.21/compute/v2.1/servers/9a045422-3cd6-4f94-9de5-b2541acabf97 0.811s
2025-11-29 15:20:04.102 65759 INFO tempest.lib.common.rest_client [req-02d2de68-2fa7-43b5-94a7-dced75c3c4d7 req-02d2de68-2fa7-43b5-94a7-dced75c3c4d7 ] Request (ServerRescueTestJSONUnderV235:tearDownClass): 200 GET http://10.180.1.21/compute/v2.1/servers/48a6fee3-ed10-415d-8c5e-668a10ec330c 0.832s
2025-11-29 15:20:04.133 65728 INFO tempest.lib.common.rest_client [req-06925f98-f200-4cdc-b9f8-9a26e4e588e8 req-06925f98-f200-4cdc-b9f8-9a26e4e588e8 ] Request (ServersAdminTestJSON:test_inject_network_info): 200 GET http://10.180.1.21/compute/v2.1/servers/ea412cbe-0edb-4d17-8560-8c5588ad1a09 0.746s
2025-11-29 15:20:04.158 65762 INFO tempest.lib.common.rest_client [req-e96bd982-acfe-4d9a-bb01-3db73e3d57d4 req-e96bd982-acfe-4d9a-bb01-3db73e3d57d4 ] Request (FloatingIPsAssociationTestJSON:tearDownClass): 200 GET http://10.180.1.21/compute/v2.1/servers/46c959c0-6cd6-411c-9ce3-d4a6bd45a4da 0.760s
2025-11-29 15:20:04.210 65720 INFO tempest.lib.common.rest_client [req-079eb73f-7c4a-41b4-8d43-2a8dd1a5bf44 req-079eb73f-7c4a-41b4-8d43-2a8dd1a5bf44 ] Request (ServerActionsTestOtherB:setUpClass): 200 GET http://10.180.1.21/compute/v2.1/servers/e3bc9709-63a4-4e2a-a13e-fdcf10d4d373 0.733s
2025-11-29 15:20:04.223 65730 INFO tempest.lib.common.rest_client [req-8b81d18d-5dc2-4a29-a297-7d21c75d058d req-8b81d18d-5dc2-4a29-a297-7d21c75d058d ] Request (ServerAddressesTestJSON:tearDownClass): 200 GET http://10.180.1.21/compute/v2.1/servers/89625b40-ee1c-4981-b182-64fdcbfad1cc 0.723s
2025-11-29 15:20:04.262 65754 INFO tempest.lib.common.rest_client [req-291e38b5-8699-45eb-8291-b8d259d175a0 req-291e38b5-8699-45eb-8291-b8d259d175a0 ] Request (SecurityGroupRulesNegativeTestJSON:test_create_security_group_rule_duplicate): 400 POST http://10.180.1.21/compute/v2.1/os-security-group-rules 0.598s
2025-11-29 15:20:04.282 65774 INFO tempest.lib.common.rest_client [req-cfd04e25-f715-45e3-a555-f60983a666d0 req-cfd04e25-f715-45e3-a555-f60983a666d0 ] Request (ImagesNegativeTestJSON:test_create_image_from_deleted_server): 200 GET http://10.180.1.21/compute/v2.1/servers/45d3f40e-97bc-483a-8a4f-02bc94012380 0.705s
2025-11-29 15:20:04.355 65768 INFO tempest.lib.common.rest_client [req-aca98ed2-340d-4dce-94b2-9b3281a6ffc5 req-aca98ed2-340d-4dce-94b2-9b3281a6ffc5 ] Request (ServerGroupTestJSON:test_create_server_with_scheduler_hint_group): 200 GET http://10.180.1.21/compute/v2.1/servers/df344bd1-44b1-4c98-8e89-d27f5205f96a 0.585s
2025-11-29 15:20:04.390 65732 INFO tempest.lib.common.rest_client [req-13360562-c4e9-48ae-a536-3cbae010008f req-13360562-c4e9-48ae-a536-3cbae010008f ] Request (MigrationsAdminTest:test_resize_server_revert_deleted_flavor): 200 GET http://10.180.1.21/compute/v2.1/servers/5a85a2ac-172b-4405-a23f-6353c6d815f5 0.648s
2025-11-29 15:20:04.423 65712 INFO tempest.lib.common.rest_client [req-f11c1a87-2b84-4a97-8af9-96d4566fffc4 req-f11c1a87-2b84-4a97-8af9-96d4566fffc4 ] Request (ServerMetadataNegativeTestJSON:setUpClass): 200 GET http://10.180.1.21/compute/v2.1/servers/878bd553-5276-494e-84f4-852e3724c9d2 0.632s
2025-11-29 15:20:04.428 65724 INFO tempest.lib.common.rest_client [req-9bbe0a49-4f43-4115-a4d6-42d3b9d5dd2c req-9bbe0a49-4f43-4115-a4d6-42d3b9d5dd2c ] Request (ImagesOneServerNegativeTestJSON:test_create_image_specify_invalid_metadata): 400 POST http://10.180.1.21/compute/v2.1/servers/bf4d4819-a951-48aa-9c2b-3962b45d4c54/action 0.546s
2025-11-29 15:20:04.488 65752 INFO tempest.lib.common.rest_client [req-0ca86353-752c-43f7-a63e-12e98fc57b08 req-0ca86353-752c-43f7-a63e-12e98fc57b08 ] Request (AttachInterfacesV270Test:test_create_get_list_interfaces): 200 GET http://10.180.1.21/compute/v2.1/servers/514606d7-9340-44b2-89f4-9f6ae3b70fa0 0.551s
2025-11-29 15:20:04.519 65734 INFO tempest.lib.common.rest_client [req-7b87aac6-154c-4f09-b5b3-c533fd707346 req-7b87aac6-154c-4f09-b5b3-c533fd707346 ] Request (ServersNegativeTestJSON:setUpClass): 200 GET http://10.180.1.21/compute/v2.1/servers/5bf771d5-ce20-43d4-b830-57b95ad3e841 0.667s
2025-11-29 15:20:04.531 65734 INFO tempest.common.waiters [-] State transition "BUILD/networking" ==> "BUILD/spawning" after 51 second wait
2025-11-29 15:20:04.535 65744 INFO tempest.lib.common.rest_client [req-9ea03478-419e-4cf0-8a19-b8b19b2784f8 req-9ea03478-419e-4cf0-8a19-b8b19b2784f8 ] Request (ServerRescueNegativeTestJSON:test_rescued_vm_detach_volume): 200 GET http://10.180.1.21/compute/v2.1/servers/336304f5-71e4-49c9-a5d7-d3bad0a4deea 0.588s
2025-11-29 15:20:04.653 65764 INFO tempest.lib.common.rest_client [req-e84af577-d153-4e37-852b-1c72b9007887 req-e84af577-d153-4e37-852b-1c72b9007887 ] Request (ImagesTestJSON:_run_cleanups): 204 DELETE http://10.180.1.21/compute/v2.1/images/d816ff77-5207-49e9-84d4-77f03fbc0cd3 0.701s
2025-11-29 15:20:04.693 65756 INFO tempest.lib.common.rest_client [req-9f6d2a7d-2334-468e-8261-e295031ada2e req-9f6d2a7d-2334-468e-8261-e295031ada2e ] Request (ListImageFiltersTestJSON:test_list_images_with_detail_filter_by_server_ref): 200 GET http://10.180.1.21/compute/v2.1/images/detail?server=http%3A%2F%2F10.180.1.21%2Fcompute%2Fv2.1%2Fservers%2F1670ca54-90a7-4bd0-b4b5-0d036703c3f0 0.703s
2025-11-29 15:20:04.718 65716 INFO tempest.lib.common.rest_client [req-674e6669-11e1-4b2f-b56a-c1499b566cbb req-674e6669-11e1-4b2f-b56a-c1499b566cbb ] Request (ListServerFiltersTestJSON:test_list_servers_filtered_by_name_regex): 200 GET http://10.180.1.21/compute/v2.1/servers?name=-379940023 0.689s
2025-11-29 15:20:04.782 65748 INFO tempest.lib.common.rest_client [req-ff797001-cade-4ca8-94a9-05d867567a53 req-ff797001-cade-4ca8-94a9-05d867567a53 ] Request (ServersWithSpecificFlavorTestJSON:test_verify_created_server_ephemeral_disk): 200 GET http://10.180.1.21/compute/v2.1/servers/ff588970-3fc4-463a-b8c1-676c0d3791a6 0.714s
2025-11-29 15:20:04.797 65736 INFO tempest.lib.common.rest_client [req-13656648-1b55-44ea-af95-6e77301b2f9e req-13656648-1b55-44ea-af95-6e77301b2f9e ] Request (SecurityGroupsTestJSON:test_server_security_groups): 200 GET http://10.180.1.21/compute/v2.1/servers/eab42164-bf65-472a-9359-115692ef9031 0.713s
2025-11-29 15:20:04.819 65742 INFO tempest.lib.common.rest_client [req-4061e6bb-0dc1-4f52-b5b0-70257e9fa2ce req-4061e6bb-0dc1-4f52-b5b0-70257e9fa2ce ] Request (ImagesOneServerTestJSON:test_create_image_specify_multibyte_character_image_name): 200 GET http://10.180.1.21/compute/v2.1/images/11a17998-0aa2-4cfe-a2a6-287501253995 0.695s
2025-11-29 15:20:04.896 65771 WARNING tempest.lib.common.ssh [-] Failed to establish authenticated ssh connection to cirros@10.180.180.233 ([Errno None] Unable to connect to port 22 on 10.180.180.233). Number attempts: 4. Retry after 5 seconds.: paramiko.ssh_exception.NoValidConnectionsError: [Errno None] Unable to connect to port 22 on 10.180.180.233
2025-11-29 15:20:04.927 65766 INFO tempest.lib.common.rest_client [req-8ce020fd-4ad9-4b07-9cca-59146ef5985f req-8ce020fd-4ad9-4b07-9cca-59146ef5985f ] Request (ServerShowV254Test:tearDownClass): 200 GET http://10.180.1.21/compute/v2.1/servers/e299ab74-a67a-454e-8289-4ad388156796 0.778s
2025-11-29 15:20:05.014 65754 INFO tempest.lib.common.rest_client [req-c5a83442-4c0f-439a-9829-381c427544b5 req-c5a83442-4c0f-439a-9829-381c427544b5 ] Request (SecurityGroupRulesNegativeTestJSON:_run_cleanups): 202 DELETE http://10.180.1.21/compute/v2.1/os-security-group-rules/09337ea2-0d7a-4a61-aa9a-885530320de9 0.750s
2025-11-29 15:20:05.059 65714 WARNING tempest.lib.common.ssh [-] Failed to establish authenticated ssh connection to cirros@10.180.180.145 ([Errno None] Unable to connect to port 22 on 10.180.180.145). Number attempts: 2. Retry after 3 seconds.: paramiko.ssh_exception.NoValidConnectionsError: [Errno None] Unable to connect to port 22 on 10.180.180.145
2025-11-29 15:20:05.126 65738 INFO tempest.lib.common.rest_client [req-4f575666-a7ce-4b73-b3bf-0288740a40b7 req-4f575666-a7ce-4b73-b3bf-0288740a40b7 ] Request (AttachVolumeShelveTestJSON:test_attach_volume_shelved_or_offload_server): 200 GET http://10.180.1.21/compute/v2.1/servers/ac76d2ee-b40d-472f-869a-e980577f36e0 0.839s
2025-11-29 15:20:05.139 65724 INFO tempest.lib.common.rest_client [req-7a5ac95f-b343-48bb-adc7-fb17d5dea995 req-7a5ac95f-b343-48bb-adc7-fb17d5dea995 ] Request (ImagesOneServerNegativeTestJSON:tearDown): 200 GET http://10.180.1.21/compute/v2.1/servers/bf4d4819-a951-48aa-9c2b-3962b45d4c54 0.711s
2025-11-29 15:20:05.185 65740 INFO tempest.lib.common.rest_client [req-33d4f2fc-439c-4945-b834-e09b9de5ed94 req-33d4f2fc-439c-4945-b834-e09b9de5ed94 ] Request (ServersTestMultiNic:test_verify_multiple_nics_order): 200 GET http://10.180.1.21/compute/v2.1/servers/e75aac23-7a9c-416b-8296-5595e367a497 0.748s
2025-11-29 15:20:05.216 65764 INFO tempest.lib.common.rest_client [req-2feb1b9a-b8a8-4d6f-8c56-246d26986697 req-2feb1b9a-b8a8-4d6f-8c56-246d26986697 ] Request (ImagesTestJSON:_run_cleanups): 204 DELETE http://10.180.1.21/compute/v2.1/servers/eeb3f3ba-239f-4a9c-9a73-0f1537697691 0.562s
2025-11-29 15:20:05.232 65756 INFO tempest.lib.common.rest_client [req-475ea03f-6c35-4da2-836b-4d6f889df6a6 req-475ea03f-6c35-4da2-836b-4d6f889df6a6 ] Request (ListImageFiltersTestJSON:test_list_images_with_detail_filter_by_server_ref): 200 GET http://10.180.1.21/compute/v2.1/images/detail?server=http%3A%2F%2F10.180.1.21%2Fcompute%2Fservers%2F1670ca54-90a7-4bd0-b4b5-0d036703c3f0 0.531s
2025-11-29 15:20:05.272 65716 INFO tempest.lib.common.rest_client [req-919a6b48-4e1b-44a0-b7e6-a4c2665896a0 req-919a6b48-4e1b-44a0-b7e6-a4c2665896a0 ] Request (ListServerFiltersTestJSON:test_list_servers_filtered_by_name_wildcard): 200 GET http://10.180.1.21/compute/v2.1/servers?name=-instance 0.549s
2025-11-29 15:20:05.299 65764 INFO tempest.lib.common.rest_client [req-f4ddb667-b90b-4d72-987d-193d4fd83e34 req-f4ddb667-b90b-4d72-987d-193d4fd83e34 ] Request (ImagesTestJSON:test_create_server_from_snapshot): 201 POST http://10.180.1.21/identity/v3/auth/tokens 0.078s
2025-11-29 15:20:05.300 65764 INFO tempest.lib.common.fixed_network [-] (ImagesTestJSON:test_create_server_from_snapshot) Found network {'id': '72b04232-0eac-4e13-9728-ef7e0cde7b8d', 'name': 'tempest-ImagesTestJSON-1145329845-network', 'tenant_id': 'a638393a8e3a4799bec82c392ab3adf6', 'project_id': 'a638393a8e3a4799bec82c392ab3adf6', 'admin_state_up': True, 'mtu': 8950, 'status': 'ACTIVE', 'subnets': [], 'shared': False, 'port_security_enabled': True, 'router:external': False, 'provider:network_type': 'vlan', 'provider:physical_network': 'default', 'provider:segmentation_id': 196, 'availability_zone_hints': [], 'availability_zones': [], 'ipv4_address_scope': None, 'ipv6_address_scope': None, 'description': '', 'tags': [], 'created_at': '2025-11-29T15:17:02Z', 'updated_at': '2025-11-29T15:17:02Z', 'revision_number': 1} available for tenant
2025-11-29 15:20:05.336 65760 INFO tempest.lib.common.rest_client [req-39135624-ec92-4c7b-9aeb-ec5a3836181b req-39135624-ec92-4c7b-9aeb-ec5a3836181b ] Request (ListServersNegativeTestJSON:setUpClass): 200 GET http://10.180.1.21/compute/v2.1/servers/9a045422-3cd6-4f94-9de5-b2541acabf97 0.248s
2025-11-29 15:20:05.361 65754 INFO tempest.lib.common.rest_client [req-9e156253-aefb-430d-8e16-9f011eb0a57a req-9e156253-aefb-430d-8e16-9f011eb0a57a ] Request (SecurityGroupRulesNegativeTestJSON:test_create_security_group_rule_with_invalid_from_port): 200 POST http://10.180.1.21/compute/v2.1/os-security-groups 0.346s
2025-11-29 15:20:05.396 65759 INFO tempest.lib.common.rest_client [req-e740866f-892b-41d9-b3d6-e762b4b43ff6 req-e740866f-892b-41d9-b3d6-e762b4b43ff6 ] Request (ServerRescueTestJSONUnderV235:tearDownClass): 200 GET http://10.180.1.21/compute/v2.1/servers/48a6fee3-ed10-415d-8c5e-668a10ec330c 0.285s
2025-11-29 15:20:05.411 65728 INFO tempest.lib.common.rest_client [req-036fb3a2-b198-410f-9c21-cc8715417b75 req-036fb3a2-b198-410f-9c21-cc8715417b75 ] Request (ServersAdminTestJSON:test_inject_network_info): 200 GET http://10.180.1.21/compute/v2.1/servers/ea412cbe-0edb-4d17-8560-8c5588ad1a09 0.270s
2025-11-29 15:20:05.431 65762 INFO tempest.lib.common.rest_client [req-5c8d53a0-0c2a-494c-8957-bb04a983b0b7 req-5c8d53a0-0c2a-494c-8957-bb04a983b0b7 ] Request (FloatingIPsAssociationTestJSON:tearDownClass): 404 GET http://10.180.1.21/compute/v2.1/servers/46c959c0-6cd6-411c-9ce3-d4a6bd45a4da 0.265s
2025-11-29 15:20:05.516 65720 INFO tempest.lib.common.rest_client [req-a919129e-44f3-4151-a6e8-8faff1e6e9db req-a919129e-44f3-4151-a6e8-8faff1e6e9db ] Request (ServerActionsTestOtherB:setUpClass): 200 GET http://10.180.1.21/compute/v2.1/servers/e3bc9709-63a4-4e2a-a13e-fdcf10d4d373 0.296s
2025-11-29 15:20:05.545 65724 INFO tempest.lib.common.rest_client [req-2e3c8196-9f41-4ab1-a9f9-ca320ea278ff req-2e3c8196-9f41-4ab1-a9f9-ca320ea278ff ] Request (ImagesOneServerNegativeTestJSON:setUp): 200 GET http://10.180.1.21/compute/v2.1/servers/bf4d4819-a951-48aa-9c2b-3962b45d4c54 0.397s
2025-11-29 15:20:05.638 65756 INFO tempest.lib.common.rest_client [req-4d7f2050-8849-490c-b096-2e215040307d req-4d7f2050-8849-490c-b096-2e215040307d ] Request (ListImageFiltersTestJSON:test_list_images_with_detail_filter_by_status): 200 GET http://10.180.1.21/compute/v2.1/images/detail?status=ACTIVE 0.399s
2025-11-29 15:20:05.694 65716 INFO tempest.lib.common.rest_client [req-d2728fae-c7a2-4ddf-b383-5248969b8db7 req-d2728fae-c7a2-4ddf-b383-5248969b8db7 ] Request (ListServerFiltersTestJSON:test_list_servers_filtered_by_name_wildcard): 200 GET http://10.180.1.21/compute/v2.1/servers?name=t-ListServerFiltersTestJSON-instance-37994002 0.419s
2025-11-29 15:20:06.118 65730 INFO tempest.lib.common.rest_client [req-ff780542-eaa8-4477-af82-cfb6f5944739 req-ff780542-eaa8-4477-af82-cfb6f5944739 ] Request (ServerAddressesTestJSON:tearDownClass): 200 GET http://10.180.1.21/compute/v2.1/servers/89625b40-ee1c-4981-b182-64fdcbfad1cc 0.887s
2025-11-29 15:20:06.129 65774 INFO tempest.lib.common.rest_client [req-0c6f75b9-e0ca-411c-aeee-c07e5d1e16b4 req-0c6f75b9-e0ca-411c-aeee-c07e5d1e16b4 ] Request (ImagesNegativeTestJSON:test_create_image_from_deleted_server): 200 GET http://10.180.1.21/compute/v2.1/servers/45d3f40e-97bc-483a-8a4f-02bc94012380 0.839s
2025-11-29 15:20:06.225 65754 INFO tempest.lib.common.rest_client [req-cc20f5e2-bbb4-4186-845e-d9874cb2cf35 req-cc20f5e2-bbb4-4186-845e-d9874cb2cf35 ] Request (SecurityGroupRulesNegativeTestJSON:test_create_security_group_rule_with_invalid_from_port): 400 POST http://10.180.1.21/compute/v2.1/os-security-group-rules 0.861s
2025-11-29 15:20:06.291 65762 INFO tempest.lib.common.rest_client [req-924eb3fc-a727-457a-9d38-8f8fcd34674c req-924eb3fc-a727-457a-9d38-8f8fcd34674c ] Request (FloatingIPsAssociationTestJSON:tearDownClass): 200 PUT http://10.180.1.21/networking/v2.0/routers/01f5b0b1-f7b7-4109-924a-b0a9971a9265/remove_router_interface 0.860s
2025-11-29 15:20:06.337 65768 INFO tempest.lib.common.rest_client [req-caf5a118-5b5f-45e3-a376-2982cf503db3 req-caf5a118-5b5f-45e3-a376-2982cf503db3 ] Request (ServerGroupTestJSON:test_create_server_with_scheduler_hint_group): 200 GET http://10.180.1.21/compute/v2.1/servers/df344bd1-44b1-4c98-8e89-d27f5205f96a 0.973s
2025-11-29 15:20:06.599 65726 WARNING tempest.lib.common.ssh [-] Failed to establish authenticated ssh connection to cirros@10.180.180.136 ([Errno None] Unable to connect to port 22 on 10.180.180.136). Number attempts: 1. Retry after 2 seconds.: paramiko.ssh_exception.NoValidConnectionsError: [Errno None] Unable to connect to port 22 on 10.180.180.136
2025-11-29 15:20:06.604 65732 INFO tempest.lib.common.rest_client [req-3ef11187-f738-4868-b20d-3f4af25da640 req-3ef11187-f738-4868-b20d-3f4af25da640 ] Request (MigrationsAdminTest:test_resize_server_revert_deleted_flavor): 200 GET http://10.180.1.21/compute/v2.1/servers/5a85a2ac-172b-4405-a23f-6353c6d815f5 1.206s
2025-11-29 15:20:06.694 65712 INFO tempest.lib.common.rest_client [req-fd6db84b-9d3e-496e-946d-c87ade8b4c81 req-fd6db84b-9d3e-496e-946d-c87ade8b4c81 ] Request (ServerMetadataNegativeTestJSON:setUpClass): 200 GET http://10.180.1.21/compute/v2.1/servers/878bd553-5276-494e-84f4-852e3724c9d2 1.263s
2025-11-29 15:20:06.725 65762 INFO tempest.lib.common.rest_client [req-4d2a0ec6-7c39-4d73-8ca0-3580aeec44f7 req-4d2a0ec6-7c39-4d73-8ca0-3580aeec44f7 ] Request (FloatingIPsAssociationTestJSON:tearDownClass): 204 DELETE http://10.180.1.21/networking/v2.0/routers/01f5b0b1-f7b7-4109-924a-b0a9971a9265 0.433s
2025-11-29 15:20:06.753 65752 INFO tempest.lib.common.rest_client [req-2689d863-6be7-4589-a876-fe62b8b8c887 req-2689d863-6be7-4589-a876-fe62b8b8c887 ] Request (AttachInterfacesV270Test:test_create_get_list_interfaces): 200 GET http://10.180.1.21/compute/v2.1/servers/514606d7-9340-44b2-89f4-9f6ae3b70fa0 1.254s
2025-11-29 15:20:06.773 65764 INFO tempest.lib.common.rest_client [req-d3317534-f9a2-42d2-9868-c0aaf81ba854 req-d3317534-f9a2-42d2-9868-c0aaf81ba854 ] Request (ImagesTestJSON:test_create_server_from_snapshot): 202 POST http://10.180.1.21/compute/v2.1/servers 1.472s
2025-11-29 15:20:06.969 65762 INFO tempest.lib.common.rest_client [req-5290452e-3ac6-4727-9d40-afc8d4848878 req-5290452e-3ac6-4727-9d40-afc8d4848878 ] Request (FloatingIPsAssociationTestJSON:tearDownClass): 204 DELETE http://10.180.1.21/networking/v2.0/subnets/654449f6-c603-47cc-a687-db923e328902 0.244s
2025-11-29 15:20:07.000 65744 INFO tempest.lib.common.rest_client [req-918ba747-4321-4d06-a533-fffaaee13139 req-918ba747-4321-4d06-a533-fffaaee13139 ] Request (ServerRescueNegativeTestJSON:test_rescued_vm_detach_volume): 200 GET http://10.180.1.21/compute/v2.1/servers/336304f5-71e4-49c9-a5d7-d3bad0a4deea 1.450s
2025-11-29 15:20:07.011 65724 INFO tempest.lib.common.rest_client [req-544751fc-a4ea-4d19-b7e2-79ac9459b22a req-544751fc-a4ea-4d19-b7e2-79ac9459b22a ] Request (ImagesOneServerNegativeTestJSON:test_create_image_specify_metadata_over_limits): 400 POST http://10.180.1.21/compute/v2.1/servers/bf4d4819-a951-48aa-9c2b-3962b45d4c54/action 1.459s
2025-11-29 15:20:07.030 65734 INFO tempest.lib.common.rest_client [req-ee3b0748-c16d-45a6-8fc0-b93fb6728dee req-ee3b0748-c16d-45a6-8fc0-b93fb6728dee ] Request (ServersNegativeTestJSON:setUpClass): 200 GET http://10.180.1.21/compute/v2.1/servers/5bf771d5-ce20-43d4-b830-57b95ad3e841 1.498s
2025-11-29 15:20:07.091 65756 INFO tempest.lib.common.rest_client [req-6109b4bd-7fa5-43d0-a2bb-5af6e80435e8 req-6109b4bd-7fa5-43d0-a2bb-5af6e80435e8 ] Request (ListImageFiltersTestJSON:test_list_images_with_detail_filter_by_type): 200 GET http://10.180.1.21/compute/v2.1/images/detail?type=snapshot 1.447s
2025-11-29 15:20:07.135 65716 INFO tempest.lib.common.rest_client [req-03a2662b-943b-4b02-b107-315548a76631 req-03a2662b-943b-4b02-b107-315548a76631 ] Request (ListServerFiltersTestJSON:tearDownClass): 204 DELETE http://10.180.1.21/compute/v2.1/servers/c1bd3905-025a-4bc5-8e00-dbc49f537c1e 1.437s
2025-11-29 15:20:07.332 65762 INFO tempest.lib.common.rest_client [req-df0ba0a5-8613-43d2-815a-379ed0e9c640 req-df0ba0a5-8613-43d2-815a-379ed0e9c640 ] Request (FloatingIPsAssociationTestJSON:tearDownClass): 204 DELETE http://10.180.1.21/networking/v2.0/networks/3a65cff7-dbd8-4eaf-961a-de4f43f1e16d 0.362s
2025-11-29 15:20:07.370 65736 INFO tempest.lib.common.rest_client [req-1eb50758-5f1b-4633-a67f-90067129a665 req-1eb50758-5f1b-4633-a67f-90067129a665 ] Request (SecurityGroupsTestJSON:test_server_security_groups): 200 GET http://10.180.1.21/compute/v2.1/servers/eab42164-bf65-472a-9359-115692ef9031 1.561s
2025-11-29 15:20:07.371 65748 INFO tempest.lib.common.rest_client [req-2e529130-cc09-47da-adde-f9d131fa774f req-2e529130-cc09-47da-adde-f9d131fa774f ] Request (ServersWithSpecificFlavorTestJSON:test_verify_created_server_ephemeral_disk): 200 GET http://10.180.1.21/compute/v2.1/servers/ff588970-3fc4-463a-b8c1-676c0d3791a6 1.580s
2025-11-29 15:20:07.429 65742 INFO tempest.lib.common.rest_client [req-dc11c89c-2262-4fa1-8d41-7082782d66db req-dc11c89c-2262-4fa1-8d41-7082782d66db ] Request (ImagesOneServerTestJSON:test_create_image_specify_multibyte_character_image_name): 200 GET http://10.180.1.21/compute/v2.1/images/11a17998-0aa2-4cfe-a2a6-287501253995 1.605s
2025-11-29 15:20:07.486 65762 INFO tempest.lib.common.rest_client [req-7358ec10-d1b6-47bb-b6f3-5c2843e2e0f3 req-7358ec10-d1b6-47bb-b6f3-5c2843e2e0f3 ] Request (FloatingIPsAssociationTestJSON:tearDownClass): 204 DELETE http://10.180.1.21/identity/v3/users/43a66377de19439aa5b5bc476ca2a4bd 0.154s
2025-11-29 15:20:07.487 65762 INFO tempest.lib.common.dynamic_creds [-] Deleting project and security group for project: 5da108ce752249a39f4b4ec40c34cc90
2025-11-29 15:20:07.501 65766 INFO tempest.lib.common.rest_client [req-5b84dc6e-b832-45c0-ae46-6d9681f63e93 req-5b84dc6e-b832-45c0-ae46-6d9681f63e93 ] Request (ServerShowV254Test:tearDownClass): 200 GET http://10.180.1.21/compute/v2.1/servers/e299ab74-a67a-454e-8289-4ad388156796 1.561s
2025-11-29 15:20:07.526 65762 INFO tempest.lib.common.rest_client [req-5e8aac6b-542e-449d-ab53-e0fd1f7ab2f4 req-5e8aac6b-542e-449d-ab53-e0fd1f7ab2f4 ] Request (FloatingIPsAssociationTestJSON:tearDownClass): 200 GET http://10.180.1.21/networking/v2.0/security-groups?tenant_id=5da108ce752249a39f4b4ec40c34cc90&name=default 0.039s
2025-11-29 15:20:07.579 65738 INFO tempest.lib.common.rest_client [req-e5acf97f-9912-4b64-bfc3-7d159b7870dc req-e5acf97f-9912-4b64-bfc3-7d159b7870dc ] Request (AttachVolumeShelveTestJSON:test_attach_volume_shelved_or_offload_server): 200 GET http://10.180.1.21/compute/v2.1/servers/ac76d2ee-b40d-472f-869a-e980577f36e0 1.443s
2025-11-29 15:20:07.587 65754 INFO tempest.lib.common.rest_client [req-01511348-cef1-4757-a193-0aca1276a642 req-01511348-cef1-4757-a193-0aca1276a642 ] Request (SecurityGroupRulesNegativeTestJSON:test_create_security_group_rule_with_invalid_id): 400 POST http://10.180.1.21/compute/v2.1/os-security-group-rules 1.359s
2025-11-29 15:20:07.613 65740 INFO tempest.lib.common.rest_client [req-e487a99d-a277-4f4c-85b1-75e6deff4ce9 req-e487a99d-a277-4f4c-85b1-75e6deff4ce9 ] Request (ServersTestMultiNic:test_verify_multiple_nics_order): 200 GET http://10.180.1.21/compute/v2.1/servers/e75aac23-7a9c-416b-8296-5595e367a497 1.417s
2025-11-29 15:20:07.646 65759 INFO tempest.lib.common.rest_client [req-18654743-7608-4665-a9de-74807ff46357 req-18654743-7608-4665-a9de-74807ff46357 ] Request (ServerRescueTestJSONUnderV235:tearDownClass): 404 GET http://10.180.1.21/compute/v2.1/servers/48a6fee3-ed10-415d-8c5e-668a10ec330c 1.241s
2025-11-29 15:20:07.653 65762 INFO tempest.lib.common.rest_client [req-081f0e4e-a8f5-4334-86fc-eb52a5005787 req-081f0e4e-a8f5-4334-86fc-eb52a5005787 ] Request (FloatingIPsAssociationTestJSON:tearDownClass): 204 DELETE http://10.180.1.21/networking/v2.0/security-groups/27ce0226-fe63-4c32-b41f-c2e799ff5d0a 0.126s
2025-11-29 15:20:07.660 65760 INFO tempest.lib.common.rest_client [req-f3623ed4-308f-47f4-bfd7-44c4ea3de986 req-f3623ed4-308f-47f4-bfd7-44c4ea3de986 ] Request (ListServersNegativeTestJSON:setUpClass): 200 GET http://10.180.1.21/compute/v2.1/servers/9a045422-3cd6-4f94-9de5-b2541acabf97 1.313s
2025-11-29 15:20:07.714 65728 INFO tempest.lib.common.rest_client [req-66a5c7b6-4119-41e8-a068-90334357a2d4 req-66a5c7b6-4119-41e8-a068-90334357a2d4 ] Request (ServersAdminTestJSON:test_inject_network_info): 200 GET http://10.180.1.21/compute/v2.1/servers/ea412cbe-0edb-4d17-8560-8c5588ad1a09 1.294s
2025-11-29 15:20:07.735 65720 INFO tempest.lib.common.rest_client [req-3659a01d-cd2e-49e4-b163-349725c8ee62 req-3659a01d-cd2e-49e4-b163-349725c8ee62 ] Request (ServerActionsTestOtherB:setUpClass): 200 GET http://10.180.1.21/compute/v2.1/servers/e3bc9709-63a4-4e2a-a13e-fdcf10d4d373 1.207s
2025-11-29 15:20:07.798 65764 INFO tempest.lib.common.rest_client [req-f66ee8ed-d161-47b3-b72b-4728ba5d1efb req-f66ee8ed-d161-47b3-b72b-4728ba5d1efb ] Request (ImagesTestJSON:test_create_server_from_snapshot): 200 GET http://10.180.1.21/compute/v2.1/servers/3e510d42-21b4-47d1-992a-63604a0e64ed 1.024s
2025-11-29 15:20:07.811 65762 INFO tempest.lib.common.rest_client [req-7f258c82-0b0f-4a46-a978-ac450105e146 req-7f258c82-0b0f-4a46-a978-ac450105e146 ] Request (FloatingIPsAssociationTestJSON:tearDownClass): 204 DELETE http://10.180.1.21/identity/v3/projects/5da108ce752249a39f4b4ec40c34cc90 0.158s
2025-11-29 15:20:07.844 65756 INFO tempest.lib.common.rest_client [req-656f4cbb-86d5-4bb2-befd-31420dd6442b req-656f4cbb-86d5-4bb2-befd-31420dd6442b ] Request (ListImageFiltersTestJSON:test_list_images_with_detail_filter_by_type): 200 GET http://10.180.1.21/compute/v2.1/images/16afe73b-fcfc-4dd8-a0ef-6246ee46d6d6 0.747s
2025-11-29 15:20:07.861 65724 INFO tempest.lib.common.rest_client [req-642cf2f5-056b-4fd9-8f79-6c38a2717469 req-642cf2f5-056b-4fd9-8f79-6c38a2717469 ] Request (ImagesOneServerNegativeTestJSON:tearDown): 200 GET http://10.180.1.21/compute/v2.1/servers/bf4d4819-a951-48aa-9c2b-3962b45d4c54 0.849s
2025-11-29 15:20:07.894 65762 INFO tempest.lib.common.rest_client [req-ee88f807-c30e-4346-ac9b-0abf9cb6f2b4 req-ee88f807-c30e-4346-ac9b-0abf9cb6f2b4 ] Request (ServersV294TestFqdnHostnames:setUpClass): 201 POST http://10.180.1.21/identity/v3/auth/tokens 0.081s
