2025-11-29 15:18:21.191 65738 INFO tempest.lib.common.rest_client [req-ed8c87ff-1a13-4366-aa08-ef74b9284cdb req-ed8c87ff-1a13-4366-aa08-ef74b9284cdb ] Request (ServerDiagnosticsTest:tearDownClass): 404 GET http://10.180.1.21/compute/v2.1/servers/b4a6b119-241d-4e8e-929a-5e5d8a2ee113 2.202s
2025-11-29 15:18:21.233 65712 INFO tempest.lib.common.rest_client [req-264fc3ce-10cb-4e17-a872-7483f648c8da req-264fc3ce-10cb-4e17-a872-7483f648c8da ] Request (ServerMetadataTestJSON:test_set_server_metadata): 200 GET http://10.180.1.21/compute/v2.1/servers/bdc90ace-3b9c-4986-8b99-7e286d91394a/metadata 2.230s
2025-11-29 15:18:21.241 65766 INFO tempest.lib.common.rest_client [req-07a3829f-dc5a-4e83-84a5-3743ef2fbe0c req-07a3829f-dc5a-4e83-84a5-3743ef2fbe0c ] Request (KeyPairsV22TestJSON:tearDownClass): 200 GET http://10.180.1.21/networking/v2.0/security-groups?tenant_id=ce96e7bd195141e49a2736e96a6a274c&name=default 0.205s
2025-11-29 15:18:21.322 65738 INFO tempest.lib.common.rest_client [req-eb94e7bb-fa84-4bf7-aabd-808b7d2edb20 req-eb94e7bb-fa84-4bf7-aabd-808b7d2edb20 ] Request (ServerDiagnosticsTest:tearDownClass): 204 DELETE http://10.180.1.21/identity/v3/users/b7317f934ac84938bc321783286d346d 0.130s
2025-11-29 15:18:21.327 65742 INFO tempest.lib.common.rest_client [req-f1415a31-ffd5-46a1-b2ff-5c288410fa6d req-f1415a31-ffd5-46a1-b2ff-5c288410fa6d ] Request (ImagesOneServerTestJSON:setUpClass): 201 POST http://10.180.1.21/networking/v2.0/networks 0.469s
2025-11-29 15:18:21.462 65738 INFO tempest.lib.common.rest_client [req-f56b9373-ef25-443f-8820-37a6553a0bd3 req-f56b9373-ef25-443f-8820-37a6553a0bd3 ] Request (ServerDiagnosticsTest:tearDownClass): 204 DELETE http://10.180.1.21/identity/v3/users/e2e552a956d043329cf68c5a2307ab9b 0.140s
2025-11-29 15:18:21.463 65738 INFO tempest.lib.common.dynamic_creds [-] Deleting project and security group for project: 8b330b40c8b1417f8e1c6ddc20b91096
2025-11-29 15:18:21.501 65766 INFO tempest.lib.common.rest_client [req-71b277d8-b916-4e3e-9d67-80a516e2f8f2 req-71b277d8-b916-4e3e-9d67-80a516e2f8f2 ] Request (KeyPairsV22TestJSON:tearDownClass): 204 DELETE http://10.180.1.21/networking/v2.0/security-groups/39bfb3ba-227c-4320-9bbd-1c84ce7d9d01 0.260s
2025-11-29 15:18:21.525 65750 INFO tempest.lib.common.rest_client [req-ae516260-e3ff-4906-8fdb-d62802f08dc6 req-ae516260-e3ff-4906-8fdb-d62802f08dc6 ] Request (FloatingIPsAssociationNegativeTestJSON:tearDownClass): 200 GET http://10.180.1.21/compute/v2.1/servers/7e2223c6-e409-4eaa-a7d0-8dc3e4ebdde7 2.435s
2025-11-29 15:18:21.534 65750 INFO tempest.common.waiters [-] State transition "ACTIVE/deleting" ==> "DELETED/None" after 3 second wait
2025-11-29 15:18:21.537 65738 INFO tempest.lib.common.rest_client [req-6e843a1a-6840-424e-a8b6-d20ee1bc388a req-6e843a1a-6840-424e-a8b6-d20ee1bc388a ] Request (ServerDiagnosticsTest:tearDownClass): 201 POST http://10.180.1.21/identity/v3/auth/tokens 0.074s
2025-11-29 15:18:21.549 65771 INFO tempest.lib.common.rest_client [req-1dbf0d10-1ec5-486e-9042-11e0cc4c1926 req-1dbf0d10-1ec5-486e-9042-11e0cc4c1926 ] Request (FlavorsAccessNegativeTestJSON:_run_cleanups): 200 GET http://10.180.1.21/compute/v2.1/flavors/detail 2.421s
2025-11-29 15:18:21.569 65724 INFO tempest.lib.common.rest_client [req-5c7a0863-d200-43b2-9f80-1078e93c63e3 req-5c7a0863-d200-43b2-9f80-1078e93c63e3 ] Request (VolumesAdminNegativeTest:tearDownClass): 404 GET http://10.180.1.21/compute/v2.1/servers/70f6ce57-0091-42ea-9847-07f39f1d90ea 2.414s
2025-11-29 15:18:21.635 65766 INFO tempest.lib.common.rest_client [req-8e68ff7a-50f2-4191-abef-08055d07b8cc req-8e68ff7a-50f2-4191-abef-08055d07b8cc ] Request (KeyPairsV22TestJSON:tearDownClass): 204 DELETE http://10.180.1.21/identity/v3/projects/ce96e7bd195141e49a2736e96a6a274c 0.133s
2025-11-29 15:18:21.671 65771 INFO tempest.lib.common.rest_client [req-257aedc6-1bd3-429a-a479-b63b6e2a9d01 req-257aedc6-1bd3-429a-a479-b63b6e2a9d01 ] Request (FlavorsAccessNegativeTestJSON:tearDownClass): 204 DELETE http://10.180.1.21/identity/v3/users/8f1aa53767024a8e8898aa3c11bc005d 0.114s
2025-11-29 15:18:21.722 65766 INFO tempest.lib.common.rest_client [req-f8e4e291-4739-4f44-be72-76d24f65c7f9 req-f8e4e291-4739-4f44-be72-76d24f65c7f9 ] Request (ServerShowV254Test:setUpClass): 201 POST http://10.180.1.21/identity/v3/auth/tokens 0.084s
2025-11-29 15:18:21.751 65742 INFO tempest.lib.common.rest_client [req-caf35289-46e5-4acd-91e7-ec834e54e31b req-caf35289-46e5-4acd-91e7-ec834e54e31b ] Request (ImagesOneServerTestJSON:setUpClass): 201 POST http://10.180.1.21/networking/v2.0/subnets 0.424s
2025-11-29 15:18:21.800 65771 INFO tempest.lib.common.rest_client [req-9870fe0e-ad2b-4efb-b418-f970738e620e req-9870fe0e-ad2b-4efb-b418-f970738e620e ] Request (FlavorsAccessNegativeTestJSON:tearDownClass): 204 DELETE http://10.180.1.21/identity/v3/users/69d9b02add7c4a7489f95ee6d529df21 0.128s
2025-11-29 15:18:21.808 65766 INFO tempest.lib.common.rest_client [req-7f0c4fa1-892e-4f74-a541-74e74a56b622 req-7f0c4fa1-892e-4f74-a541-74e74a56b622 ] Request (ServerShowV254Test:setUpClass): 201 POST http://10.180.1.21/identity/v3/auth/tokens 0.081s
2025-11-29 15:18:21.882 65766 INFO tempest.lib.common.rest_client [req-5a0af33c-ee04-4f18-a698-4010846f1560 req-5a0af33c-ee04-4f18-a698-4010846f1560 ] Request (ServerShowV254Test:setUpClass): 200 GET http://10.180.1.21/identity/v3/domains?name=Default 0.073s
2025-11-29 15:18:21.951 65771 INFO tempest.lib.common.rest_client [req-de7b521a-c63f-407b-9eb7-5a3e940c7405 req-de7b521a-c63f-407b-9eb7-5a3e940c7405 ] Request (FlavorsAccessNegativeTestJSON:tearDownClass): 204 DELETE http://10.180.1.21/identity/v3/users/3c590c6ab54945f8bcc870cf41b172e8 0.150s
2025-11-29 15:18:21.952 65771 INFO tempest.lib.common.dynamic_creds [-] Deleting project and security group for project: a055622312b942b08096f59ee2325da9
2025-11-29 15:18:22.019 65766 INFO tempest.lib.common.rest_client [req-c4d1c691-d018-4219-87a5-1c8d549ea89e req-c4d1c691-d018-4219-87a5-1c8d549ea89e ] Request (ServerShowV254Test:setUpClass): 201 POST http://10.180.1.21/identity/v3/projects 0.137s
2025-11-29 15:18:22.082 65771 INFO tempest.lib.common.rest_client [req-a6b349c5-d4ec-43d4-8ced-ac41aa95d241 req-a6b349c5-d4ec-43d4-8ced-ac41aa95d241 ] Request (FlavorsAccessNegativeTestJSON:tearDownClass): 201 POST http://10.180.1.21/identity/v3/auth/tokens 0.130s
2025-11-29 15:18:22.087 65766 INFO tempest.lib.common.rest_client [req-8a6f4643-9d1e-4d7d-b9e0-3f3c25663603 req-8a6f4643-9d1e-4d7d-b9e0-3f3c25663603 ] Request (ServerShowV254Test:setUpClass): 201 POST http://10.180.1.21/identity/v3/users 0.067s
2025-11-29 15:18:22.115 65766 INFO tempest.lib.common.rest_client [req-3e09de87-4cd4-4657-982c-7443c16aa7d5 req-3e09de87-4cd4-4657-982c-7443c16aa7d5 ] Request (ServerShowV254Test:setUpClass): 200 GET http://10.180.1.21/identity/v3/roles 0.027s
2025-11-29 15:18:22.152 65766 INFO tempest.lib.common.rest_client [req-09d7e482-eb37-4dc1-9734-b3c0e77d5635 req-09d7e482-eb37-4dc1-9734-b3c0e77d5635 ] Request (ServerShowV254Test:setUpClass): 204 PUT http://10.180.1.21/identity/v3/projects/21395ea8b0b44209ba4c6fe17409ea27/users/40bd8b11427f4757aadc6cd9f0146626/roles/1d93669ec8b747e290ddccba0974d75e 0.036s
2025-11-29 15:18:22.153 65766 INFO tempest.lib.common.dynamic_creds [-] Dynamic test user 40bd8b11427f4757aadc6cd9f0146626 is created with scope project and roles: ['member']
2025-11-29 15:18:22.153 65766 INFO tempest.lib.common.dynamic_creds [-] Acquired dynamic creds: credentials: Credentials: {'domain_id': 'default', 'domain_name': 'Default', 'username': 'tempest-ServerShowV254Test-608539901-project-member', 'project_domain_id': 'default', 'project_domain_name': 'Default', 'project_id': '21395ea8b0b44209ba4c6fe17409ea27', 'project_name': 'tempest-ServerShowV254Test-608539901', 'tenant_id': '21395ea8b0b44209ba4c6fe17409ea27', 'tenant_name': 'tempest-ServerShowV254Test-608539901', 'user_domain_id': 'default', 'user_domain_name': 'Default', 'user_id': '40bd8b11427f4757aadc6cd9f0146626', 'system': None}, Network: None, Subnet: None, Router: None
2025-11-29 15:18:22.153 65766 INFO tempest.lib.common.dynamic_creds [-] Created isolated network resources for: credentials: Credentials: {'domain_id': 'default', 'domain_name': 'Default', 'username': 'tempest-ServerShowV254Test-608539901-project-member', 'project_domain_id': 'default', 'project_domain_name': 'Default', 'project_id': '21395ea8b0b44209ba4c6fe17409ea27', 'project_name': 'tempest-ServerShowV254Test-608539901', 'tenant_id': '21395ea8b0b44209ba4c6fe17409ea27', 'tenant_name': 'tempest-ServerShowV254Test-608539901', 'user_domain_id': 'default', 'user_domain_name': 'Default', 'user_id': '40bd8b11427f4757aadc6cd9f0146626', 'system': None}, Network: None, Subnet: None, Router: None
2025-11-29 15:18:22.165 65738 INFO tempest.lib.common.rest_client [req-9afd8357-f1a1-4844-b44e-80bd99b7ae20 req-9afd8357-f1a1-4844-b44e-80bd99b7ae20 ] Request (ServerDiagnosticsTest:tearDownClass): 200 GET http://10.180.1.21/networking/v2.0/security-groups?tenant_id=8b330b40c8b1417f8e1c6ddc20b91096&name=default 0.627s
2025-11-29 15:18:22.190 65760 INFO tempest.lib.common.rest_client [req-12ac1b63-c613-4362-8f1c-575c3effa73f req-12ac1b63-c613-4362-8f1c-575c3effa73f ] Request (ListServersNegativeTestJSON:setUpClass): 201 POST http://10.180.1.21/networking/v2.0/routers 1.151s
2025-11-29 15:18:22.220 65752 INFO tempest.lib.common.rest_client [req-bd19c00b-14b3-4255-b3dd-11ff36d54939 req-bd19c00b-14b3-4255-b3dd-11ff36d54939 ] Request (TenantUsagesTestJSON:setUpClass): 200 GET http://10.180.1.21/compute/v2.1/servers/0c26fbf0-df81-49a3-adf0-ef18b4d84886 2.957s
2025-11-29 15:18:22.249 65766 INFO tempest.lib.common.rest_client [req-715fb4af-e2b3-4a89-a9f8-6dac015095eb req-715fb4af-e2b3-4a89-a9f8-6dac015095eb ] Request (ServerShowV254Test:setUpClass): 201 POST http://10.180.1.21/identity/v3/auth/tokens 0.090s
2025-11-29 15:18:22.288 65766 INFO tempest.lib.common.rest_client [req-c70a432e-98bb-4a5d-957d-0cf1bfa19e99 req-c70a432e-98bb-4a5d-957d-0cf1bfa19e99 ] Request (ServerShowV254Test:test_rebuild_server): 201 POST http://10.180.1.21/identity/v3/auth/tokens 0.034s
2025-11-29 15:18:22.288 65766 INFO tempest.lib.common.fixed_network [-] (ServerShowV254Test:test_rebuild_server) Found network None available for tenant
2025-11-29 15:18:23.011 65742 INFO tempest.lib.common.rest_client [req-6da630a0-8822-4331-b883-32317baddfaa req-6da630a0-8822-4331-b883-32317baddfaa ] Request (ImagesOneServerTestJSON:setUpClass): 201 POST http://10.180.1.21/networking/v2.0/routers 1.259s
2025-11-29 15:18:23.023 65724 INFO tempest.lib.common.rest_client [req-1f15b4ff-09cf-40ad-8fc5-92440f08a2bc req-1f15b4ff-09cf-40ad-8fc5-92440f08a2bc ] Request (VolumesAdminNegativeTest:tearDownClass): 200 PUT http://10.180.1.21/networking/v2.0/routers/6d4149de-cc1f-41a7-b698-d5799f189afd/remove_router_interface 1.453s
2025-11-29 15:18:23.178 65738 INFO tempest.lib.common.rest_client [req-029519f7-f0cd-492a-8660-ee2d7461e5c4 req-029519f7-f0cd-492a-8660-ee2d7461e5c4 ] Request (ServerDiagnosticsTest:tearDownClass): 204 DELETE http://10.180.1.21/networking/v2.0/security-groups/fd0878df-ae2d-46cb-81ab-96248c1ed5dc 1.012s
2025-11-29 15:18:23.303 65738 INFO tempest.lib.common.rest_client [req-adad8913-f26c-4b3b-b98b-b2e4891f2a57 req-adad8913-f26c-4b3b-b98b-b2e4891f2a57 ] Request (ServerDiagnosticsTest:tearDownClass): 204 DELETE http://10.180.1.21/identity/v3/projects/8b330b40c8b1417f8e1c6ddc20b91096 0.124s
2025-11-29 15:18:23.303 65738 INFO tempest.lib.common.dynamic_creds [-] Deleting project and security group for project: 14b850f4e7f14ff48a9213e631de8d72
2025-11-29 15:18:23.352 65771 INFO tempest.lib.common.rest_client [req-cbcb2e89-6e2e-4f7d-8b5c-aab61278fa91 req-cbcb2e89-6e2e-4f7d-8b5c-aab61278fa91 ] Request (FlavorsAccessNegativeTestJSON:tearDownClass): 200 GET http://10.180.1.21/networking/v2.0/security-groups?tenant_id=a055622312b942b08096f59ee2325da9&name=default 1.270s
2025-11-29 15:18:24.349 65760 INFO tempest.lib.common.rest_client [req-f0b4d892-147f-4393-89ad-b3a3ec8b0726 req-f0b4d892-147f-4393-89ad-b3a3ec8b0726 ] Request (ListServersNegativeTestJSON:setUpClass): 200 PUT http://10.180.1.21/networking/v2.0/routers/f840f283-1bf1-43e2-9a46-5b7f96eac733/add_router_interface 2.158s
2025-11-29 15:18:24.350 65760 INFO tempest.lib.common.dynamic_creds [-] Created isolated network resources for: credentials: Credentials: {'domain_id': 'default', 'domain_name': 'Default', 'username': 'tempest-ListServersNegativeTestJSON-468958272-project-member', 'project_domain_id': 'default', 'project_domain_name': 'Default', 'project_id': 'bc9add23917a41328318cb48b16290be', 'project_name': 'tempest-ListServersNegativeTestJSON-468958272', 'tenant_id': 'bc9add23917a41328318cb48b16290be', 'tenant_name': 'tempest-ListServersNegativeTestJSON-468958272', 'user_domain_id': 'default', 'user_domain_name': 'Default', 'user_id': '91e74c7665ea463fb5c9e5adb2199271', 'system': None}, Network: {'id': '4873e345-aa46-4208-a722-520ffcedb186', 'name': 'tempest-ListServersNegativeTestJSON-1607998916-network', 'tenant_id': 'bc9add23917a41328318cb48b16290be', 'project_id': 'bc9add23917a41328318cb48b16290be', 'admin_state_up': True, 'mtu': 8950, 'status': 'ACTIVE', 'subnets': [], 'shared': False, 'port_security_enabled': True, 'router:external': False, 'provider:network_type': 'vlan', 'provider:physical_network': 'default', 'provider:segmentation_id': 405, 'availability_zone_hints': [], 'availability_zones': [], 'ipv4_address_scope': None, 'ipv6_address_scope': None, 'description': '', 'tags': [], 'created_at': '2025-11-29T15:18:20Z', 'updated_at': '2025-11-29T15:18:20Z', 'revision_number': 1}, Subnet: {'id': 'd21a25df-b94f-48ad-ba1e-67e961a2f96d', 'name': 'tempest-ListServersNegativeTestJSON-1607998916-subnet', 'tenant_id': 'bc9add23917a41328318cb48b16290be', 'network_id': '4873e345-aa46-4208-a722-520ffcedb186', 'ip_version': 4, 'subnetpool_id': None, 'enable_dhcp': True, 'ipv6_ra_mode': None, 'ipv6_address_mode': None, 'gateway_ip': '192.168.128.1', 'cidr': '192.168.128.0/28', 'allocation_pools': [{'start': '192.168.128.2', 'end': '192.168.128.14'}], 'host_routes': [], 'dns_nameservers': [], 'description': '', 'router:external': False, 'service_types': [], 'tags': [], 'created_at': '2025-11-29T15:18:20Z', 'updated_at': '2025-11-29T15:18:20Z', 'revision_number': 0, 'project_id': 'bc9add23917a41328318cb48b16290be'}, Router: {'id': 'f840f283-1bf1-43e2-9a46-5b7f96eac733', 'name': 'tempest-ListServersNegativeTestJSON-1607998916-router', 'tenant_id': 'bc9add23917a41328318cb48b16290be', 'admin_state_up': True, 'status': 'ACTIVE', 'external_gateway_info': {'network_id': '84ad802f-abb3-4dde-bed6-200e20578487', 'external_fixed_ips': [{'subnet_id': 'e039ede4-1fe3-4eb0-9e2d-15e030144dc8', 'ip_address': '10.180.180.148'}], 'enable_snat': True}, 'description': '', 'availability_zones': [], 'distributed': False, 'ha': False, 'availability_zone_hints': [], 'routes': [], 'flavor_id': None, 'tags': [], 'created_at': '2025-11-29T15:18:21Z', 'updated_at': '2025-11-29T15:18:21Z', 'revision_number': 2, 'project_id': 'bc9add23917a41328318cb48b16290be'}
2025-11-29 15:18:24.432 65760 INFO tempest.lib.common.rest_client [req-4e0fd5c5-c7e7-4fdc-8d2f-70cd47bf86cf req-4e0fd5c5-c7e7-4fdc-8d2f-70cd47bf86cf ] Request (ListServersNegativeTestJSON:setUpClass): 201 POST http://10.180.1.21/identity/v3/auth/tokens 0.079s
2025-11-29 15:18:24.452 65742 INFO tempest.lib.common.rest_client [req-e9dd92d5-47e1-4279-b0d9-29ca7307a360 req-e9dd92d5-47e1-4279-b0d9-29ca7307a360 ] Request (ImagesOneServerTestJSON:setUpClass): 200 PUT http://10.180.1.21/networking/v2.0/routers/56c308b2-e963-46f9-897f-d2169964a9ea/add_router_interface 1.441s
2025-11-29 15:18:24.453 65742 INFO tempest.lib.common.dynamic_creds [-] Created isolated network resources for: credentials: Credentials: {'domain_id': 'default', 'domain_name': 'Default', 'username': 'tempest-ImagesOneServerTestJSON-1100482761-project-member', 'project_domain_id': 'default', 'project_domain_name': 'Default', 'project_id': 'e7146fe7be814577ae6803cf26945e78', 'project_name': 'tempest-ImagesOneServerTestJSON-1100482761', 'tenant_id': 'e7146fe7be814577ae6803cf26945e78', 'tenant_name': 'tempest-ImagesOneServerTestJSON-1100482761', 'user_domain_id': 'default', 'user_domain_name': 'Default', 'user_id': '82b8f3b4c3c9403c9634a6c269f8a4a9', 'system': None}, Network: {'id': '5a925c94-21cd-4db4-8ffc-09dc2af847c5', 'name': 'tempest-ImagesOneServerTestJSON-1754020248-network', 'tenant_id': 'e7146fe7be814577ae6803cf26945e78', 'project_id': 'e7146fe7be814577ae6803cf26945e78', 'admin_state_up': True, 'mtu': 8950, 'status': 'ACTIVE', 'subnets': [], 'shared': False, 'port_security_enabled': True, 'router:external': False, 'provider:network_type': 'vlan', 'provider:physical_network': 'default', 'provider:segmentation_id': 101, 'availability_zone_hints': [], 'availability_zones': [], 'ipv4_address_scope': None, 'ipv6_address_scope': None, 'description': '', 'tags': [], 'created_at': '2025-11-29T15:18:21Z', 'updated_at': '2025-11-29T15:18:21Z', 'revision_number': 1}, Subnet: {'id': '9fb2d341-0506-4d82-8571-53ba455e5d3b', 'name': 'tempest-ImagesOneServerTestJSON-1754020248-subnet', 'tenant_id': 'e7146fe7be814577ae6803cf26945e78', 'network_id': '5a925c94-21cd-4db4-8ffc-09dc2af847c5', 'ip_version': 4, 'subnetpool_id': None, 'enable_dhcp': True, 'ipv6_ra_mode': None, 'ipv6_address_mode': None, 'gateway_ip': '192.168.128.1', 'cidr': '192.168.128.0/28', 'allocation_pools': [{'start': '192.168.128.2', 'end': '192.168.128.14'}], 'host_routes': [], 'dns_nameservers': [], 'description': '', 'router:external': False, 'service_types': [], 'tags': [], 'created_at': '2025-11-29T15:18:21Z', 'updated_at': '2025-11-29T15:18:21Z', 'revision_number': 0, 'project_id': 'e7146fe7be814577ae6803cf26945e78'}, Router: {'id': '56c308b2-e963-46f9-897f-d2169964a9ea', 'name': 'tempest-ImagesOneServerTestJSON-1754020248-router', 'tenant_id': 'e7146fe7be814577ae6803cf26945e78', 'admin_state_up': True, 'status': 'ACTIVE', 'external_gateway_info': {'network_id': '84ad802f-abb3-4dde-bed6-200e20578487', 'external_fixed_ips': [{'subnet_id': 'e039ede4-1fe3-4eb0-9e2d-15e030144dc8', 'ip_address': '10.180.180.164'}], 'enable_snat': True}, 'description': '', 'availability_zones': [], 'distributed': False, 'ha': False, 'availability_zone_hints': [], 'routes': [], 'flavor_id': None, 'tags': [], 'created_at': '2025-11-29T15:18:22Z', 'updated_at': '2025-11-29T15:18:22Z', 'revision_number': 2, 'project_id': 'e7146fe7be814577ae6803cf26945e78'}
2025-11-29 15:18:24.467 65760 INFO tempest.lib.common.rest_client [req-0b9d5ea3-d39e-406f-8a6b-721facadea8d req-0b9d5ea3-d39e-406f-8a6b-721facadea8d ] Request (ListServersNegativeTestJSON:setUpClass): 201 POST http://10.180.1.21/identity/v3/auth/tokens 0.031s
2025-11-29 15:18:24.468 65760 INFO tempest.lib.common.fixed_network [-] (ListServersNegativeTestJSON:setUpClass) Found network {'id': '4873e345-aa46-4208-a722-520ffcedb186', 'name': 'tempest-ListServersNegativeTestJSON-1607998916-network', 'tenant_id': 'bc9add23917a41328318cb48b16290be', 'project_id': 'bc9add23917a41328318cb48b16290be', 'admin_state_up': True, 'mtu': 8950, 'status': 'ACTIVE', 'subnets': [], 'shared': False, 'port_security_enabled': True, 'router:external': False, 'provider:network_type': 'vlan', 'provider:physical_network': 'default', 'provider:segmentation_id': 405, 'availability_zone_hints': [], 'availability_zones': [], 'ipv4_address_scope': None, 'ipv6_address_scope': None, 'description': '', 'tags': [], 'created_at': '2025-11-29T15:18:20Z', 'updated_at': '2025-11-29T15:18:20Z', 'revision_number': 1} available for tenant
2025-11-29 15:18:24.531 65742 INFO tempest.lib.common.rest_client [req-cf126be9-ee0d-4b90-8192-2b455a5dde5c req-cf126be9-ee0d-4b90-8192-2b455a5dde5c ] Request (ImagesOneServerTestJSON:setUpClass): 201 POST http://10.180.1.21/identity/v3/auth/tokens 0.075s
2025-11-29 15:18:24.571 65738 INFO tempest.lib.common.rest_client [req-ef195ad6-80bd-46dc-b158-d5e9067fa022 req-ef195ad6-80bd-46dc-b158-d5e9067fa022 ] Request (ServerDiagnosticsTest:tearDownClass): 200 GET http://10.180.1.21/networking/v2.0/security-groups?tenant_id=14b850f4e7f14ff48a9213e631de8d72&name=default 1.268s
2025-11-29 15:18:24.575 65742 INFO tempest.lib.common.rest_client [req-3da03583-5364-4f7a-b4ac-6c720bc4be2c req-3da03583-5364-4f7a-b4ac-6c720bc4be2c ] Request (ImagesOneServerTestJSON:setUpClass): 201 POST http://10.180.1.21/identity/v3/auth/tokens 0.040s
2025-11-29 15:18:24.575 65742 INFO tempest.lib.common.fixed_network [-] (ImagesOneServerTestJSON:setUpClass) Found network {'id': '5a925c94-21cd-4db4-8ffc-09dc2af847c5', 'name': 'tempest-ImagesOneServerTestJSON-1754020248-network', 'tenant_id': 'e7146fe7be814577ae6803cf26945e78', 'project_id': 'e7146fe7be814577ae6803cf26945e78', 'admin_state_up': True, 'mtu': 8950, 'status': 'ACTIVE', 'subnets': [], 'shared': False, 'port_security_enabled': True, 'router:external': False, 'provider:network_type': 'vlan', 'provider:physical_network': 'default', 'provider:segmentation_id': 101, 'availability_zone_hints': [], 'availability_zones': [], 'ipv4_address_scope': None, 'ipv6_address_scope': None, 'description': '', 'tags': [], 'created_at': '2025-11-29T15:18:21Z', 'updated_at': '2025-11-29T15:18:21Z', 'revision_number': 1} available for tenant
2025-11-29 15:18:24.703 65771 INFO tempest.lib.common.rest_client [req-6a1b7317-4273-4083-b35a-e6978ffe5102 req-6a1b7317-4273-4083-b35a-e6978ffe5102 ] Request (FlavorsAccessNegativeTestJSON:tearDownClass): 204 DELETE http://10.180.1.21/networking/v2.0/security-groups/2735c38f-bfab-4c13-a6df-81771448c162 1.351s
2025-11-29 15:18:24.741 65754 INFO paramiko.transport [-] Connected (version 2.0, client dropbear_2020.81)
2025-11-29 15:18:24.743 65716 INFO tempest.lib.common.rest_client [req-c1cb6021-a4f5-4ffa-97ff-0b7a75d9a5d6 req-c1cb6021-a4f5-4ffa-97ff-0b7a75d9a5d6 ] Request (ListServerFiltersTestJSON:setUpClass): 200 GET http://10.180.1.21/compute/v2.1/servers/c1bd3905-025a-4bc5-8e00-dbc49f537c1e 5.456s
2025-11-29 15:18:24.848 65724 INFO tempest.lib.common.rest_client [req-ed098af1-4a4b-43f2-90bf-398556d5eee2 req-ed098af1-4a4b-43f2-90bf-398556d5eee2 ] Request (VolumesAdminNegativeTest:tearDownClass): 204 DELETE http://10.180.1.21/networking/v2.0/routers/6d4149de-cc1f-41a7-b698-d5799f189afd 1.824s
2025-11-29 15:18:24.855 65754 INFO paramiko.transport [-] Authentication (publickey) successful!
2025-11-29 15:18:24.856 65754 INFO tempest.lib.common.ssh [-] ssh connection to cirros@10.180.180.219 successfully created
2025-11-29 15:18:24.892 65771 INFO tempest.lib.common.rest_client [req-ffbf08a8-d5b0-4e88-b48a-ad16ebfb1edd req-ffbf08a8-d5b0-4e88-b48a-ad16ebfb1edd ] Request (FlavorsAccessNegativeTestJSON:tearDownClass): 204 DELETE http://10.180.1.21/identity/v3/projects/a055622312b942b08096f59ee2325da9 0.188s
2025-11-29 15:18:24.892 65771 INFO tempest.lib.common.dynamic_creds [-] Deleting project and security group for project: 278f036049464a4bab3740585f59ac3e
2025-11-29 15:18:24.923 65738 INFO tempest.lib.common.rest_client [req-c94e0759-11f1-4cf1-8c87-e0c0d43f7d84 req-c94e0759-11f1-4cf1-8c87-e0c0d43f7d84 ] Request (ServerDiagnosticsTest:tearDownClass): 204 DELETE http://10.180.1.21/networking/v2.0/security-groups/82ad068a-08bf-42b7-b52d-4ee5bd2c752e 0.351s
2025-11-29 15:18:24.956 65720 INFO tempest.lib.common.rest_client [req-bc6be152-ef40-48a4-8b30-2de234d56125 req-bc6be152-ef40-48a4-8b30-2de234d56125 ] Request (MultipleCreateTestJSON:test_multiple_create_with_reservation_return): 200 GET http://10.180.1.21/compute/v2.1/servers/9d6ef911-1fb8-4f7b-9e4e-5fa95252ad6e 5.646s
2025-11-29 15:18:25.089 65738 INFO tempest.lib.common.rest_client [req-04074ad6-b3c2-458a-9460-599242725644 req-04074ad6-b3c2-458a-9460-599242725644 ] Request (ServerDiagnosticsTest:tearDownClass): 204 DELETE http://10.180.1.21/identity/v3/projects/14b850f4e7f14ff48a9213e631de8d72 0.165s
2025-11-29 15:18:25.089 65771 INFO tempest.lib.common.rest_client [req-304afaaa-e3b7-44d3-9078-c5769607114a req-304afaaa-e3b7-44d3-9078-c5769607114a ] Request (FlavorsAccessNegativeTestJSON:tearDownClass): 200 GET http://10.180.1.21/networking/v2.0/security-groups?tenant_id=278f036049464a4bab3740585f59ac3e&name=default 0.197s
2025-11-29 15:18:25.103 65724 INFO tempest.lib.common.rest_client [req-cb0888b8-f913-4b3b-b838-5afcb43eda07 req-cb0888b8-f913-4b3b-b838-5afcb43eda07 ] Request (VolumesAdminNegativeTest:tearDownClass): 204 DELETE http://10.180.1.21/networking/v2.0/subnets/928545b1-d246-45dc-beee-ec87c4193d58 0.254s
2025-11-29 15:18:25.180 65738 INFO tempest.lib.common.rest_client [req-9d0be6f8-9b5d-4b61-8bdb-6706f6ade780 req-9d0be6f8-9b5d-4b61-8bdb-6706f6ade780 ] Request (TestVersions:setUpClass): 201 POST http://10.180.1.21/identity/v3/auth/tokens 0.088s
2025-11-29 15:18:25.217 65738 INFO tempest.lib.common.rest_client [req-eb1a1a79-9116-44f1-acae-4db8e8d7aee0 req-eb1a1a79-9116-44f1-acae-4db8e8d7aee0 ] Request (TestVersions:setUpClass): 201 POST http://10.180.1.21/identity/v3/auth/tokens 0.034s
2025-11-29 15:18:25.236 65771 INFO tempest.lib.common.rest_client [req-2f6eb581-b04e-40aa-9f77-51d37c2ed92a req-2f6eb581-b04e-40aa-9f77-51d37c2ed92a ] Request (FlavorsAccessNegativeTestJSON:tearDownClass): 204 DELETE http://10.180.1.21/networking/v2.0/security-groups/0b2d5292-1757-4f82-a3c4-1f3dd9287a8a 0.145s
2025-11-29 15:18:25.255 65738 INFO tempest.lib.common.rest_client [req-2c6d2eb5-3b6c-4503-9825-9b06ff1a7dc4 req-2c6d2eb5-3b6c-4503-9825-9b06ff1a7dc4 ] Request (TestVersions:setUpClass): 200 GET http://10.180.1.21/identity/v3/domains?name=Default 0.037s
2025-11-29 15:18:25.300 65738 INFO tempest.lib.common.rest_client [req-9ee7e627-8b4e-4f52-b170-ee4bc0e3b135 req-9ee7e627-8b4e-4f52-b170-ee4bc0e3b135 ] Request (TestVersions:setUpClass): 201 POST http://10.180.1.21/identity/v3/projects 0.043s
2025-11-29 15:18:25.308 65759 INFO tempest.lib.common.rest_client [req-58a915e4-6b26-4d18-91d3-2ae9094d06fe req-58a915e4-6b26-4d18-91d3-2ae9094d06fe ] Request (ServerRescueTestJSONUnderV235:setUpClass): 200 GET http://10.180.1.21/compute/v2.1/servers/48a6fee3-ed10-415d-8c5e-668a10ec330c 5.920s
2025-11-29 15:18:25.321 65759 INFO tempest.common.waiters [-] State transition "BUILD/spawning" ==> "ACTIVE/None" after 31 second wait
2025-11-29 15:18:25.336 65771 INFO tempest.lib.common.rest_client [req-7467987c-8127-4c4d-b276-a446a538bb3b req-7467987c-8127-4c4d-b276-a446a538bb3b ] Request (FlavorsAccessNegativeTestJSON:tearDownClass): 204 DELETE http://10.180.1.21/identity/v3/projects/278f036049464a4bab3740585f59ac3e 0.099s
2025-11-29 15:18:25.336 65771 INFO tempest.lib.common.dynamic_creds [-] Deleting project and security group for project: 7d9d6ab1ad094cab9e9ff48485645900
2025-11-29 15:18:25.462 65738 INFO tempest.lib.common.rest_client [req-c1fbbbc4-dc7b-45fa-a9d8-b9fc08b9fa94 req-c1fbbbc4-dc7b-45fa-a9d8-b9fc08b9fa94 ] Request (TestVersions:setUpClass): 201 POST http://10.180.1.21/identity/v3/users 0.162s
2025-11-29 15:18:25.482 65724 INFO tempest.lib.common.rest_client [req-a91e3be1-332a-41f7-a56a-217a8c13f89e req-a91e3be1-332a-41f7-a56a-217a8c13f89e ] Request (VolumesAdminNegativeTest:tearDownClass): 204 DELETE http://10.180.1.21/networking/v2.0/networks/e79c259f-2bdd-42a0-ab2d-81081f6f4190 0.379s
2025-11-29 15:18:25.507 65738 INFO tempest.lib.common.rest_client [req-df2c5bb6-372f-4848-a284-cbbdd4e6fead req-df2c5bb6-372f-4848-a284-cbbdd4e6fead ] Request (TestVersions:setUpClass): 200 GET http://10.180.1.21/identity/v3/roles 0.044s
2025-11-29 15:18:25.509 65771 INFO tempest.lib.common.rest_client [req-f4d12871-d9c5-4838-82ea-0fdf427ca6fe req-f4d12871-d9c5-4838-82ea-0fdf427ca6fe ] Request (FlavorsAccessNegativeTestJSON:tearDownClass): 200 GET http://10.180.1.21/networking/v2.0/security-groups?tenant_id=7d9d6ab1ad094cab9e9ff48485645900&name=default 0.173s
2025-11-29 15:18:25.511 65764 INFO tempest.lib.common.rest_client [req-2d1785d0-5006-4183-b2e7-4b40e1a7d39a req-2d1785d0-5006-4183-b2e7-4b40e1a7d39a ] Request (ImagesTestJSON:_run_cleanups): 204 DELETE http://10.180.1.21/compute/v2.1/images/c45277eb-678d-4110-8d83-82c983dde36b 6.102s
2025-11-29 15:18:25.550 65714 INFO tempest.lib.common.rest_client [req-b51ea355-1e8d-4d30-9c77-35f411352f5c req-b51ea355-1e8d-4d30-9c77-35f411352f5c ] Request (ListImagesTestJSON:test_list_images_with_detail): 200 GET http://10.180.1.21/compute/v2.1/images/detail 6.116s
2025-11-29 15:18:25.563 65738 INFO tempest.lib.common.rest_client [req-6aa2f20e-fe39-4b34-a36a-9f66863ef978 req-6aa2f20e-fe39-4b34-a36a-9f66863ef978 ] Request (TestVersions:setUpClass): 204 PUT http://10.180.1.21/identity/v3/projects/f9a25c51a2564260b5a6047ffb8826ed/users/11478ee8d4b2458692e7941a11768294/roles/1d93669ec8b747e290ddccba0974d75e 0.056s
2025-11-29 15:18:25.563 65738 INFO tempest.lib.common.dynamic_creds [-] Dynamic test user 11478ee8d4b2458692e7941a11768294 is created with scope project and roles: ['member']
2025-11-29 15:18:25.563 65738 INFO tempest.lib.common.dynamic_creds [-] Acquired dynamic creds: credentials: Credentials: {'domain_id': 'default', 'domain_name': 'Default', 'username': 'tempest-TestVersions-272825575-project-member', 'project_domain_id': 'default', 'project_domain_name': 'Default', 'project_id': 'f9a25c51a2564260b5a6047ffb8826ed', 'project_name': 'tempest-TestVersions-272825575', 'tenant_id': 'f9a25c51a2564260b5a6047ffb8826ed', 'tenant_name': 'tempest-TestVersions-272825575', 'user_domain_id': 'default', 'user_domain_name': 'Default', 'user_id': '11478ee8d4b2458692e7941a11768294', 'system': None}, Network: None, Subnet: None, Router: None
2025-11-29 15:18:25.563 65738 INFO tempest.lib.common.dynamic_creds [-] Created isolated network resources for: credentials: Credentials: {'domain_id': 'default', 'domain_name': 'Default', 'username': 'tempest-TestVersions-272825575-project-member', 'project_domain_id': 'default', 'project_domain_name': 'Default', 'project_id': 'f9a25c51a2564260b5a6047ffb8826ed', 'project_name': 'tempest-TestVersions-272825575', 'tenant_id': 'f9a25c51a2564260b5a6047ffb8826ed', 'tenant_name': 'tempest-TestVersions-272825575', 'user_domain_id': 'default', 'user_domain_name': 'Default', 'user_id': '11478ee8d4b2458692e7941a11768294', 'system': None}, Network: None, Subnet: None, Router: None
2025-11-29 15:18:25.653 65738 INFO tempest.lib.common.rest_client [req-2d0ffe83-e2b2-4ccf-84d8-60b057d151bc req-2d0ffe83-e2b2-4ccf-84d8-60b057d151bc ] Request (TestVersions:setUpClass): 201 POST http://10.180.1.21/identity/v3/auth/tokens 0.086s
2025-11-29 15:18:25.675 65771 INFO tempest.lib.common.rest_client [req-160e3bc4-f1cb-41ab-949f-c1bb844a28d5 req-160e3bc4-f1cb-41ab-949f-c1bb844a28d5 ] Request (FlavorsAccessNegativeTestJSON:tearDownClass): 204 DELETE http://10.180.1.21/networking/v2.0/security-groups/03fb85b7-dd6a-49f1-ae64-ea8970bc1488 0.165s
2025-11-29 15:18:25.713 65714 INFO tempest.lib.common.rest_client [req-a992919e-1f76-40c7-a84a-6da7a501d9ad req-a992919e-1f76-40c7-a84a-6da7a501d9ad ] Request (ListImagesTestJSON:tearDownClass): 204 DELETE http://10.180.1.21/identity/v3/users/7a840976be5242699881bc73ce42641f 0.156s
2025-11-29 15:18:25.713 65714 INFO tempest.lib.common.dynamic_creds [-] Deleting project and security group for project: f72fba65c12f4e7a94facbebb56c824a
2025-11-29 15:18:25.738 65762 INFO tempest.lib.common.rest_client [req-85bc4126-247f-42ef-b2e9-ab64dd3ace8c req-85bc4126-247f-42ef-b2e9-ab64dd3ace8c ] Request (FloatingIPsAssociationTestJSON:test_associate_already_associated_floating_ip): 202 POST http://10.180.1.21/compute/v2.1/servers/a33cd78c-248b-4a3c-8005-aa327a6268df/action 7.605s
2025-11-29 15:18:25.755 65746 INFO tempest.lib.common.rest_client [req-5799957b-b03f-4ad1-8a32-f1fc0d3c75c7 req-5799957b-b03f-4ad1-8a32-f1fc0d3c75c7 ] Request (DeleteServersAdminTestJSON:test_delete_server_while_in_error_state): 200 GET http://10.180.1.21/compute/v2.1/servers/d2fc40f1-d905-4828-9e81-5bac0abb5d24 6.300s
2025-11-29 15:18:25.780 65714 INFO tempest.lib.common.rest_client [req-fb6a04dc-09c8-4897-b6c4-09bb517cf3dd req-fb6a04dc-09c8-4897-b6c4-09bb517cf3dd ] Request (ListImagesTestJSON:tearDownClass): 201 POST http://10.180.1.21/identity/v3/auth/tokens 0.066s
2025-11-29 15:18:25.882 65771 INFO tempest.lib.common.rest_client [req-9904bf65-cc82-4ddd-9796-bac80f6020a0 req-9904bf65-cc82-4ddd-9796-bac80f6020a0 ] Request (FlavorsAccessNegativeTestJSON:tearDownClass): 204 DELETE http://10.180.1.21/identity/v3/projects/7d9d6ab1ad094cab9e9ff48485645900 0.206s
2025-11-29 15:18:25.956 65771 INFO tempest.lib.common.rest_client [req-882fba05-3795-4948-8577-b7bead09a15d req-882fba05-3795-4948-8577-b7bead09a15d ] Request (ServerActionsTestOtherA:setUpClass): 201 POST http://10.180.1.21/identity/v3/auth/tokens 0.070s
2025-11-29 15:18:25.991 65771 INFO tempest.lib.common.rest_client [req-4dbd3e30-1936-4b86-aa6d-a99bb3df1144 req-4dbd3e30-1936-4b86-aa6d-a99bb3df1144 ] Request (ServerActionsTestOtherA:setUpClass): 201 POST http://10.180.1.21/identity/v3/auth/tokens 0.032s
2025-11-29 15:18:26.022 65771 INFO tempest.lib.common.rest_client [req-e4969691-d52e-4e4e-a9f9-a14a9944311a req-e4969691-d52e-4e4e-a9f9-a14a9944311a ] Request (ServerActionsTestOtherA:setUpClass): 200 GET http://10.180.1.21/identity/v3/domains?name=Default 0.031s
2025-11-29 15:18:26.054 65771 INFO tempest.lib.common.rest_client [req-f6c75c46-005b-4a18-a2cc-8d231cb1b989 req-f6c75c46-005b-4a18-a2cc-8d231cb1b989 ] Request (ServerActionsTestOtherA:setUpClass): 201 POST http://10.180.1.21/identity/v3/projects 0.030s
2025-11-29 15:18:26.101 65714 INFO tempest.lib.common.rest_client [req-9765ca17-be14-4568-993a-9adc50e7a671 req-9765ca17-be14-4568-993a-9adc50e7a671 ] Request (ListImagesTestJSON:tearDownClass): 200 GET http://10.180.1.21/networking/v2.0/security-groups?tenant_id=f72fba65c12f4e7a94facbebb56c824a&name=default 0.321s
2025-11-29 15:18:26.127 65771 INFO tempest.lib.common.rest_client [req-86cd3876-230f-4901-a8ee-9287cd1dd81c req-86cd3876-230f-4901-a8ee-9287cd1dd81c ] Request (ServerActionsTestOtherA:setUpClass): 201 POST http://10.180.1.21/identity/v3/users 0.073s
2025-11-29 15:18:26.133 65740 INFO tempest.lib.common.rest_client [req-14667c7e-cede-44ec-960b-89d3befe3c99 req-14667c7e-cede-44ec-960b-89d3befe3c99 ] Request (ServersTestMultiNic:test_verify_duplicate_network_nics): 200 GET http://10.180.1.21/compute/v2.1/servers/f6fa0f0f-61f5-471e-a4a9-891d89598fab 6.366s
2025-11-29 15:18:26.153 65771 INFO tempest.lib.common.rest_client [req-7f94d59e-0ff6-4d52-aab0-ea244e664ea4 req-7f94d59e-0ff6-4d52-aab0-ea244e664ea4 ] Request (ServerActionsTestOtherA:setUpClass): 200 GET http://10.180.1.21/identity/v3/roles 0.026s
2025-11-29 15:18:26.191 65756 INFO tempest.lib.common.rest_client [req-e42a16f3-9b9a-4853-b85b-a8e1958180c3 req-e42a16f3-9b9a-4853-b85b-a8e1958180c3 ] Request (ListImageFiltersTestJSON:setUpClass): 200 GET http://10.180.1.21/compute/v2.1/images/e90318d4-02cd-495d-b337-849bf2b28283 6.299s
2025-11-29 15:18:26.198 65771 INFO tempest.lib.common.rest_client [req-f613cd1a-0818-44fe-b70b-f02d2143adc8 req-f613cd1a-0818-44fe-b70b-f02d2143adc8 ] Request (ServerActionsTestOtherA:setUpClass): 204 PUT http://10.180.1.21/identity/v3/projects/a136e3021cb0491e9bfa54ea24df0522/users/2bbfe3a423774f42b6b3750ffaac8716/roles/1d93669ec8b747e290ddccba0974d75e 0.044s
2025-11-29 15:18:26.199 65771 INFO tempest.lib.common.dynamic_creds [-] Dynamic test user 2bbfe3a423774f42b6b3750ffaac8716 is created with scope project and roles: ['member']
2025-11-29 15:18:26.199 65771 INFO tempest.lib.common.dynamic_creds [-] Acquired dynamic creds: credentials: Credentials: {'domain_id': 'default', 'domain_name': 'Default', 'username': 'tempest-ServerActionsTestOtherA-465621883-project-member', 'project_domain_id': 'default', 'project_domain_name': 'Default', 'project_id': 'a136e3021cb0491e9bfa54ea24df0522', 'project_name': 'tempest-ServerActionsTestOtherA-465621883', 'tenant_id': 'a136e3021cb0491e9bfa54ea24df0522', 'tenant_name': 'tempest-ServerActionsTestOtherA-465621883', 'user_domain_id': 'default', 'user_domain_name': 'Default', 'user_id': '2bbfe3a423774f42b6b3750ffaac8716', 'system': None}, Network: None, Subnet: None, Router: None
2025-11-29 15:18:26.283 65771 INFO tempest.lib.common.rest_client [req-b13d23d9-ef78-40d4-8334-98b619ef17ff req-b13d23d9-ef78-40d4-8334-98b619ef17ff ] Request (ServerActionsTestOtherA:setUpClass): 201 POST http://10.180.1.21/identity/v3/auth/tokens 0.083s
2025-11-29 15:18:26.347 65714 INFO tempest.lib.common.rest_client [req-d95eb074-5ccf-44e6-8a03-3e32977319c5 req-d95eb074-5ccf-44e6-8a03-3e32977319c5 ] Request (ListImagesTestJSON:tearDownClass): 204 DELETE http://10.180.1.21/networking/v2.0/security-groups/92431707-7671-4b14-98a9-d1f8c9fe7adc 0.245s
2025-11-29 15:18:26.383 65728 INFO tempest.lib.common.rest_client [req-8099989c-6e25-4e1c-aee1-e03177bf72d3 req-8099989c-6e25-4e1c-aee1-e03177bf72d3 ] Request (ServersAdminTestJSON:setUpClass): 200 GET http://10.180.1.21/compute/v2.1/servers/ff838523-d739-401b-9fac-0330eca64bf5 6.591s
2025-11-29 15:18:26.395 65728 INFO tempest.common.waiters [-] State transition "BUILD/spawning" ==> "ACTIVE/None" after 31 second wait
2025-11-29 15:18:26.404 65736 INFO tempest.lib.common.rest_client [req-89cd98a5-8e5e-4f36-bb36-db6adc441397 req-89cd98a5-8e5e-4f36-bb36-db6adc441397 ] Request (SecurityGroupsTestJSON:test_list_security_groups_by_server): 200 GET http://10.180.1.21/compute/v2.1/servers/b6b71155-ec6f-4bf6-8fa4-01e8d5ca3759 6.292s
2025-11-29 15:18:26.447 65730 INFO tempest.lib.common.rest_client [req-6c4f0a0d-cb40-4eac-ae5a-3cbaa583bd40 req-6c4f0a0d-cb40-4eac-ae5a-3cbaa583bd40 ] Request (ServerExternalEventsTest:tearDownClass): 404 GET http://10.180.1.21/compute/v2.1/servers/3b48e5d1-0d0d-48e5-b688-ffb9159c22d6 6.125s
2025-11-29 15:18:26.497 65714 INFO tempest.lib.common.rest_client [req-08cfd971-0a7b-4ea3-82ba-18a8a659b4e4 req-08cfd971-0a7b-4ea3-82ba-18a8a659b4e4 ] Request (ListImagesTestJSON:tearDownClass): 204 DELETE http://10.180.1.21/identity/v3/projects/f72fba65c12f4e7a94facbebb56c824a 0.149s
2025-11-29 15:18:26.563 65724 INFO tempest.lib.common.rest_client [req-b5f8c7ea-e849-4681-b3e7-f09b458c3929 req-b5f8c7ea-e849-4681-b3e7-f09b458c3929 ] Request (VolumesAdminNegativeTest:tearDownClass): 200 PUT http://10.180.1.21/networking/v2.0/routers/28da7c86-2b7a-4923-843d-517a11d04eb2/remove_router_interface 1.080s
2025-11-29 15:18:26.613 65730 INFO tempest.lib.common.rest_client [req-7b2893ed-42ed-4162-8ca9-907465c1dd2b req-7b2893ed-42ed-4162-8ca9-907465c1dd2b ] Request (ServerExternalEventsTest:tearDownClass): 204 DELETE http://10.180.1.21/identity/v3/users/1accbc87fb794efbbc176d44296dcd82 0.166s
2025-11-29 15:18:26.664 65714 INFO tempest.lib.common.rest_client [req-852f91e2-2ead-4e93-8815-97f5554be454 req-852f91e2-2ead-4e93-8815-97f5554be454 ] Request (ServersTestJSON:setUpClass): 201 POST http://10.180.1.21/identity/v3/auth/tokens 0.165s
2025-11-29 15:18:26.673 65744 INFO tempest.lib.common.rest_client [req-a8ade0af-f19c-420c-a85f-f908f336f2da req-a8ade0af-f19c-420c-a85f-f908f336f2da ] Request (ServerRescueNegativeTestJSON:setUpClass): 200 GET http://10.180.1.21/compute/v2.1/servers/b6c00831-fece-4c68-8678-5deba932f4ec 5.977s
2025-11-29 15:18:26.725 65730 INFO tempest.lib.common.rest_client [req-8c86d025-2d16-4783-8c36-c2a6196011c1 req-8c86d025-2d16-4783-8c36-c2a6196011c1 ] Request (ServerExternalEventsTest:tearDownClass): 204 DELETE http://10.180.1.21/identity/v3/users/a1e80eac636f49e0a9ac407dc2a33ab3 0.111s
2025-11-29 15:18:26.745 65714 INFO tempest.lib.common.rest_client [req-872ac5a5-e2f9-4eb7-9875-839b82c65b35 req-872ac5a5-e2f9-4eb7-9875-839b82c65b35 ] Request (ServersTestJSON:setUpClass): 201 POST http://10.180.1.21/identity/v3/auth/tokens 0.077s
2025-11-29 15:18:26.804 65714 INFO tempest.lib.common.rest_client [req-d0f9db57-d471-4d43-b1fd-1b6dd813dc49 req-d0f9db57-d471-4d43-b1fd-1b6dd813dc49 ] Request (ServersTestJSON:setUpClass): 200 GET http://10.180.1.21/identity/v3/domains?name=Default 0.058s
2025-11-29 15:18:26.835 65771 INFO tempest.lib.common.rest_client [req-d04ac1e1-2f76-4f75-adb0-8dfdeca3fc54 req-d04ac1e1-2f76-4f75-adb0-8dfdeca3fc54 ] Request (ServerActionsTestOtherA:setUpClass): 201 POST http://10.180.1.21/networking/v2.0/networks 0.552s
2025-11-29 15:18:26.842 65714 INFO tempest.lib.common.rest_client [req-9ef27eb3-a63d-415d-9f14-e84e95acd3dd req-9ef27eb3-a63d-415d-9f14-e84e95acd3dd ] Request (ServersTestJSON:setUpClass): 201 POST http://10.180.1.21/identity/v3/projects 0.038s
2025-11-29 15:18:26.870 65730 INFO tempest.lib.common.rest_client [req-9455be77-4d6b-4d29-b1a9-3e1a0910141d req-9455be77-4d6b-4d29-b1a9-3e1a0910141d ] Request (ServerExternalEventsTest:tearDownClass): 204 DELETE http://10.180.1.21/identity/v3/users/65b36ca826f543e387e0cc3664cfe706 0.141s
2025-11-29 15:18:26.870 65730 INFO tempest.lib.common.dynamic_creds [-] Deleting project and security group for project: 39deda2d42ae44af90a11ca4d9414e62
2025-11-29 15:18:26.878 65732 INFO tempest.lib.common.rest_client [req-09a62335-9f69-44cf-bb21-50ef64572a51 req-09a62335-9f69-44cf-bb21-50ef64572a51 ] Request (MigrationsAdminTest:test_list_migrations_in_flavor_resize_situation): 200 GET http://10.180.1.21/compute/v2.1/servers/41cfb0e3-a894-4221-8e3f-50191f61bc1e 6.702s
2025-11-29 15:18:26.911 65734 INFO tempest.lib.common.rest_client [req-39c233ca-94a0-44a0-bdf1-db29188e0a39 req-39c233ca-94a0-44a0-bdf1-db29188e0a39 ] Request (FlavorsV261TestJSON:test_crud_flavor): 200 GET http://10.180.1.21/compute/v2.1/flavors 6.029s
2025-11-29 15:18:26.944 65714 INFO tempest.lib.common.rest_client [req-2f57fe39-2919-407c-a299-b33ad9ba37a3 req-2f57fe39-2919-407c-a299-b33ad9ba37a3 ] Request (ServersTestJSON:setUpClass): 201 POST http://10.180.1.21/identity/v3/users 0.101s
2025-11-29 15:18:26.957 65730 INFO tempest.lib.common.rest_client [req-ffcb7379-f9e3-4a64-9359-9d0ea48b267f req-ffcb7379-f9e3-4a64-9359-9d0ea48b267f ] Request (ServerExternalEventsTest:tearDownClass): 201 POST http://10.180.1.21/identity/v3/auth/tokens 0.087s
2025-11-29 15:18:26.976 65748 INFO tempest.lib.common.rest_client [req-98c7d202-637c-48fb-bdcc-47a11a718d8e req-98c7d202-637c-48fb-bdcc-47a11a718d8e ] Request (AggregatesAdminNegativeTestJSON:_run_cleanups): 200 DELETE http://10.180.1.21/compute/v2.1/os-aggregates/6 5.863s
2025-11-29 15:18:26.977 65714 INFO tempest.lib.common.rest_client [req-84558f2b-933e-426a-9e28-f960f78853e5 req-84558f2b-933e-426a-9e28-f960f78853e5 ] Request (ServersTestJSON:setUpClass): 200 GET http://10.180.1.21/identity/v3/roles 0.032s
2025-11-29 15:18:26.990 65726 INFO tempest.lib.common.rest_client [req-20e3362d-f6b9-47c3-ab0b-b03b76e68a27 req-20e3362d-f6b9-47c3-ab0b-b03b76e68a27 ] Request (KeyPairsV2TestJSON:_run_cleanups): 202 DELETE http://10.180.1.21/compute/v2.1/os-keypairs/tempest-KeyPairsV2TestJSON-keypair-1147034462 5.853s
2025-11-29 15:18:27.011 65714 INFO tempest.lib.common.rest_client [req-c84701a6-0453-456d-bc68-191c994cffd4 req-c84701a6-0453-456d-bc68-191c994cffd4 ] Request (ServersTestJSON:setUpClass): 204 PUT http://10.180.1.21/identity/v3/projects/b8ea06bb39ab4a0aa2e12e8f3a481017/users/36e5bc6d1f5e4304921fc962c3fb2cb2/roles/1d93669ec8b747e290ddccba0974d75e 0.033s
2025-11-29 15:18:27.011 65714 INFO tempest.lib.common.dynamic_creds [-] Dynamic test user 36e5bc6d1f5e4304921fc962c3fb2cb2 is created with scope project and roles: ['member']
2025-11-29 15:18:27.011 65774 INFO tempest.lib.common.rest_client [req-2234b9fd-c130-4da5-aaa8-fe2d89a9e69f req-2234b9fd-c130-4da5-aaa8-fe2d89a9e69f ] Request (FlavorsAdminTestJSON:test_is_public_string_variations): 200 POST http://10.180.1.21/compute/v2.1/flavors 5.841s
2025-11-29 15:18:27.013 65714 INFO tempest.lib.common.dynamic_creds [-] Acquired dynamic creds: credentials: Credentials: {'domain_id': 'default', 'domain_name': 'Default', 'username': 'tempest-ServersTestJSON-1545359115-project-member', 'project_domain_id': 'default', 'project_domain_name': 'Default', 'project_id': 'b8ea06bb39ab4a0aa2e12e8f3a481017', 'project_name': 'tempest-ServersTestJSON-1545359115', 'tenant_id': 'b8ea06bb39ab4a0aa2e12e8f3a481017', 'tenant_name': 'tempest-ServersTestJSON-1545359115', 'user_domain_id': 'default', 'user_domain_name': 'Default', 'user_id': '36e5bc6d1f5e4304921fc962c3fb2cb2', 'system': None}, Network: None, Subnet: None, Router: None
2025-11-29 15:18:27.033 65722 INFO tempest.lib.common.rest_client [req-e960f529-23c5-4609-b7c9-025b1f79cb64 req-e960f529-23c5-4609-b7c9-025b1f79cb64 ] Request (SecurityGroupRulesTestJSON:test_security_group_rules_list): 200 POST http://10.180.1.21/compute/v2.1/os-security-groups 6.213s
2025-11-29 15:18:27.088 65768 INFO tempest.lib.common.rest_client [req-6403f7a8-c72b-42d5-b325-c93071456f9a req-6403f7a8-c72b-42d5-b325-c93071456f9a ] Request (ServersAdmin275Test:tearDownClass): 404 GET http://10.180.1.21/compute/v2.1/servers/0eb69d74-f946-4130-af4b-cd968d789639 4.966s
2025-11-29 15:18:27.112 65714 INFO tempest.lib.common.rest_client [req-7da97ad4-c326-42dd-90a8-075502071181 req-7da97ad4-c326-42dd-90a8-075502071181 ] Request (ServersTestJSON:setUpClass): 201 POST http://10.180.1.21/identity/v3/auth/tokens 0.098s
2025-11-29 15:18:27.139 65712 INFO tempest.lib.common.rest_client [req-0ae495ee-a8e9-4dbc-9e13-6e599ff8c6a2 req-0ae495ee-a8e9-4dbc-9e13-6e599ff8c6a2 ] Request (ServerMetadataTestJSON:setUp): 200 PUT http://10.180.1.21/compute/v2.1/servers/bdc90ace-3b9c-4986-8b99-7e286d91394a/metadata 5.903s
2025-11-29 15:18:27.143 65726 INFO tempest.lib.common.rest_client [req-382667ae-a55d-4d4e-a7d5-bbd3b47a3d88 req-382667ae-a55d-4d4e-a7d5-bbd3b47a3d88 ] Request (KeyPairsV2TestJSON:tearDownClass): 204 DELETE http://10.180.1.21/identity/v3/users/ce74a54913ce41e492cbe74fcc6d1aae 0.152s
2025-11-29 15:18:27.144 65726 INFO tempest.lib.common.dynamic_creds [-] Deleting project and security group for project: 514e2ca4dd2944cdaca9b54ccb61c78f
2025-11-29 15:18:27.179 65724 INFO tempest.lib.common.rest_client [req-b253eeca-d211-40ee-9335-e43e2a7818e0 req-b253eeca-d211-40ee-9335-e43e2a7818e0 ] Request (VolumesAdminNegativeTest:tearDownClass): 204 DELETE http://10.180.1.21/networking/v2.0/routers/28da7c86-2b7a-4923-843d-517a11d04eb2 0.616s
2025-11-29 15:18:27.229 65768 INFO tempest.lib.common.rest_client [req-07ea0090-f42e-448b-943e-413c943423d7 req-07ea0090-f42e-448b-943e-413c943423d7 ] Request (ServersAdmin275Test:tearDownClass): 204 DELETE http://10.180.1.21/identity/v3/users/8e0e6fb82cb14e96bc99b8da51c59ccb 0.141s
2025-11-29 15:18:27.259 65771 INFO tempest.lib.common.rest_client [req-63447e73-32fb-49cd-b817-39915d986270 req-63447e73-32fb-49cd-b817-39915d986270 ] Request (ServerActionsTestOtherA:setUpClass): 201 POST http://10.180.1.21/networking/v2.0/subnets 0.423s
2025-11-29 15:18:27.286 65726 INFO tempest.lib.common.rest_client [req-376f13a2-1dc0-4448-8566-2d9d23c94897 req-376f13a2-1dc0-4448-8566-2d9d23c94897 ] Request (KeyPairsV2TestJSON:tearDownClass): 201 POST http://10.180.1.21/identity/v3/auth/tokens 0.141s
2025-11-29 15:18:27.371 65768 INFO tempest.lib.common.rest_client [req-fe41f88a-cb81-4e20-9d33-c14c582495da req-fe41f88a-cb81-4e20-9d33-c14c582495da ] Request (ServersAdmin275Test:tearDownClass): 204 DELETE http://10.180.1.21/identity/v3/users/b4f99a714e104c68a28b3e912d5a6ef5 0.140s
2025-11-29 15:18:27.371 65768 INFO tempest.lib.common.dynamic_creds [-] Deleting project and security group for project: 88b96fbfa693405b80c4ff9236bf4584
2025-11-29 15:18:27.374 65730 INFO tempest.lib.common.rest_client [req-9676265b-928d-4f22-916a-9ef27aa83765 req-9676265b-928d-4f22-916a-9ef27aa83765 ] Request (ServerExternalEventsTest:tearDownClass): 200 GET http://10.180.1.21/networking/v2.0/security-groups?tenant_id=39deda2d42ae44af90a11ca4d9414e62&name=default 0.416s
2025-11-29 15:18:27.398 65766 INFO tempest.lib.common.rest_client [req-417b2d8e-371e-4c02-b327-c7ff6936e70c req-417b2d8e-371e-4c02-b327-c7ff6936e70c ] Request (ServerShowV254Test:test_rebuild_server): 202 POST http://10.180.1.21/compute/v2.1/servers 5.108s
2025-11-29 15:18:27.448 65768 INFO tempest.lib.common.rest_client [req-5c76dff3-38ff-4c98-abd7-14d4a14a8b57 req-5c76dff3-38ff-4c98-abd7-14d4a14a8b57 ] Request (ServersAdmin275Test:tearDownClass): 201 POST http://10.180.1.21/identity/v3/auth/tokens 0.077s
2025-11-29 15:18:27.548 65724 INFO tempest.lib.common.rest_client [req-a5332db9-840b-48f0-9b4c-f414db18ec8a req-a5332db9-840b-48f0-9b4c-f414db18ec8a ] Request (VolumesAdminNegativeTest:tearDownClass): 204 DELETE http://10.180.1.21/networking/v2.0/subnets/e9854629-8a3b-4c34-814e-aa14349c0182 0.368s
2025-11-29 15:18:27.575 65750 INFO tempest.lib.common.rest_client [req-9df53ed0-4210-4714-90a6-dd8d86351b2a req-9df53ed0-4210-4714-90a6-dd8d86351b2a ] Request (FloatingIPsAssociationNegativeTestJSON:tearDownClass): 200 GET http://10.180.1.21/compute/v2.1/servers/7e2223c6-e409-4eaa-a7d0-8dc3e4ebdde7 5.040s
2025-11-29 15:18:27.685 65714 INFO tempest.lib.common.rest_client [req-3e348de8-6ef0-4887-abaa-c37073b32cc3 req-3e348de8-6ef0-4887-abaa-c37073b32cc3 ] Request (ServersTestJSON:setUpClass): 201 POST http://10.180.1.21/networking/v2.0/networks 0.573s
2025-11-29 15:18:27.843 65718 WARNING tempest.lib.common.ssh [-] Failed to establish authenticated ssh connection to cirros@10.180.180.237 ([Errno None] Unable to connect to port 22 on 10.180.180.237). Number attempts: 5. Retry after 6 seconds.: paramiko.ssh_exception.NoValidConnectionsError: [Errno None] Unable to connect to port 22 on 10.180.180.237
2025-11-29 15:18:27.901 65726 INFO tempest.lib.common.rest_client [req-0b873827-88f3-419d-ad15-14ac26cb9794 req-0b873827-88f3-419d-ad15-14ac26cb9794 ] Request (KeyPairsV2TestJSON:tearDownClass): 200 GET http://10.180.1.21/networking/v2.0/security-groups?tenant_id=514e2ca4dd2944cdaca9b54ccb61c78f&name=default 0.614s
2025-11-29 15:18:28.037 65730 INFO tempest.lib.common.rest_client [req-3cf13394-741d-456e-96dc-46ca8baf581f req-3cf13394-741d-456e-96dc-46ca8baf581f ] Request (ServerExternalEventsTest:tearDownClass): 204 DELETE http://10.180.1.21/networking/v2.0/security-groups/45dfa09f-d33f-4e30-90a3-f513b6ee3d71 0.663s
