2025-11-29 15:18:48.471 65714 INFO tempest.lib.common.rest_client [req-f73ad165-971e-496d-ab63-e86b25eceab5 req-f73ad165-971e-496d-ab63-e86b25eceab5 ] Request (ServersTestJSON:setUpClass): 200 GET http://10.180.1.21/compute/v2.1/servers/17961d1e-fc83-4cc0-bd0a-2f8fb9822d76 2.888s
2025-11-29 15:18:48.503 65738 INFO tempest.lib.common.rest_client [req-e82979dc-e1af-4850-9608-f2f51916f0e8 req-e82979dc-e1af-4850-9608-f2f51916f0e8 ] Request (TestVersions:tearDownClass): 201 POST http://10.180.1.21/identity/v3/auth/tokens 0.192s
2025-11-29 15:18:48.512 65754 INFO tempest.lib.common.rest_client [req-569da636-1f51-41bb-bfaf-d01560acc514 req-569da636-1f51-41bb-bfaf-d01560acc514 ] Request (VolumesAssistedSnapshotsTest:test_volume_assisted_snapshot_create_delete): 204 DELETE http://10.180.1.21/compute/v2.1/os-assisted-volume-snapshots/None?delete_info=%7B%22volume_id%22%3A+%22125e46f7-6692-49c2-8cf9-de12a30a0116%22%7D 2.901s
2025-11-29 15:18:48.536 65724 INFO tempest.lib.common.rest_client [req-539bf743-a56f-4bb9-9f8d-9a38ac94d4a0 req-539bf743-a56f-4bb9-9f8d-9a38ac94d4a0 ] Request (ImagesOneServerNegativeTestJSON:setUpClass): 201 POST http://10.180.1.21/identity/v3/auth/tokens 0.097s
2025-11-29 15:18:48.573 65754 INFO tempest.lib.common.rest_client [req-5cb73491-01e3-4d30-93f2-a7972177d578 req-5cb73491-01e3-4d30-93f2-a7972177d578 ] Request (VolumesAssistedSnapshotsTest:_run_cleanups): 200 GET http://10.180.1.21/volume/v3/volumes/125e46f7-6692-49c2-8cf9-de12a30a0116 0.060s
2025-11-29 15:18:48.585 65732 INFO tempest.lib.common.rest_client [req-98e37302-59b3-404f-bea5-54324d0a5d54 req-98e37302-59b3-404f-bea5-54324d0a5d54 ] Request (MigrationsAdminTest:test_list_migrations_in_flavor_resize_situation): 201 POST http://10.180.1.21/networking/v2.0/security-group-rules 0.155s
2025-11-29 15:18:48.595 65768 INFO tempest.lib.common.rest_client [req-3735627f-b777-45fd-951d-8cbd3f82f800 req-3735627f-b777-45fd-951d-8cbd3f82f800 ] Request (TenantUsagesNegativeTestJSON:tearDownClass): 204 DELETE http://10.180.1.21/identity/v3/users/c196f923a2624a338379ae622488732d 0.174s
2025-11-29 15:18:48.596 65768 INFO tempest.lib.common.dynamic_creds [-] Deleting project and security group for project: 310422095d644868851078cd634c5d9f
2025-11-29 15:18:48.610 65724 INFO tempest.lib.common.rest_client [req-5fd477e8-1518-4b73-bc2a-11a69c9b3d6f req-5fd477e8-1518-4b73-bc2a-11a69c9b3d6f ] Request (ImagesOneServerNegativeTestJSON:setUpClass): 201 POST http://10.180.1.21/identity/v3/auth/tokens 0.071s
2025-11-29 15:18:48.684 65768 INFO tempest.lib.common.rest_client [req-54cff906-6570-4b39-8d38-501e42dbff15 req-54cff906-6570-4b39-8d38-501e42dbff15 ] Request (TenantUsagesNegativeTestJSON:tearDownClass): 201 POST http://10.180.1.21/identity/v3/auth/tokens 0.087s
2025-11-29 15:18:48.710 65724 INFO tempest.lib.common.rest_client [req-a28fd503-f787-4a28-bbf1-49acf713f745 req-a28fd503-f787-4a28-bbf1-49acf713f745 ] Request (ImagesOneServerNegativeTestJSON:setUpClass): 200 GET http://10.180.1.21/identity/v3/domains?name=Default 0.100s
2025-11-29 15:18:48.744 65724 INFO tempest.lib.common.rest_client [req-7147ab29-991b-4ff6-9ce6-10da70bac9bd req-7147ab29-991b-4ff6-9ce6-10da70bac9bd ] Request (ImagesOneServerNegativeTestJSON:setUpClass): 201 POST http://10.180.1.21/identity/v3/projects 0.033s
2025-11-29 15:18:48.816 65724 INFO tempest.lib.common.rest_client [req-dcc07848-07fc-4251-bf5b-e2b7debbf90f req-dcc07848-07fc-4251-bf5b-e2b7debbf90f ] Request (ImagesOneServerNegativeTestJSON:setUpClass): 201 POST http://10.180.1.21/identity/v3/users 0.071s
2025-11-29 15:18:48.826 65738 INFO tempest.lib.common.rest_client [req-e94873d4-64cd-4893-b298-6f18ce5519bd req-e94873d4-64cd-4893-b298-6f18ce5519bd ] Request (TestVersions:tearDownClass): 200 GET http://10.180.1.21/networking/v2.0/security-groups?tenant_id=f9a25c51a2564260b5a6047ffb8826ed&name=default 0.322s
2025-11-29 15:18:48.846 65724 INFO tempest.lib.common.rest_client [req-ef57d31e-f350-4508-870a-7349d07584a2 req-ef57d31e-f350-4508-870a-7349d07584a2 ] Request (ImagesOneServerNegativeTestJSON:setUpClass): 200 GET http://10.180.1.21/identity/v3/roles 0.030s
2025-11-29 15:18:48.853 65760 INFO tempest.lib.common.rest_client [req-7946dfd9-786a-4d2d-bfdf-1b4ab4485f45 req-7946dfd9-786a-4d2d-bfdf-1b4ab4485f45 ] Request (ListServersNegativeTestJSON:setUpClass): 200 GET http://10.180.1.21/compute/v2.1/servers/9a045422-3cd6-4f94-9de5-b2541acabf97 3.230s
2025-11-29 15:18:48.889 65724 INFO tempest.lib.common.rest_client [req-17b169ab-a3a4-424c-8d32-49b6714ad7d4 req-17b169ab-a3a4-424c-8d32-49b6714ad7d4 ] Request (ImagesOneServerNegativeTestJSON:setUpClass): 204 PUT http://10.180.1.21/identity/v3/projects/77545b38889642198906e7b693a17628/users/638130f801b640f08c9add13115d5cd4/roles/1d93669ec8b747e290ddccba0974d75e 0.042s
2025-11-29 15:18:48.890 65724 INFO tempest.lib.common.dynamic_creds [-] Dynamic test user 638130f801b640f08c9add13115d5cd4 is created with scope project and roles: ['member']
2025-11-29 15:18:48.890 65724 INFO tempest.lib.common.dynamic_creds [-] Acquired dynamic creds: credentials: Credentials: {'domain_id': 'default', 'domain_name': 'Default', 'username': 'tempest-ImagesOneServerNegativeTestJSON-975811263-project-member', 'project_domain_id': 'default', 'project_domain_name': 'Default', 'project_id': '77545b38889642198906e7b693a17628', 'project_name': 'tempest-ImagesOneServerNegativeTestJSON-975811263', 'tenant_id': '77545b38889642198906e7b693a17628', 'tenant_name': 'tempest-ImagesOneServerNegativeTestJSON-975811263', 'user_domain_id': 'default', 'user_domain_name': 'Default', 'user_id': '638130f801b640f08c9add13115d5cd4', 'system': None}, Network: None, Subnet: None, Router: None
2025-11-29 15:18:48.975 65724 INFO tempest.lib.common.rest_client [req-2a39ae98-bc70-4cb9-a8e6-78c54da66cbc req-2a39ae98-bc70-4cb9-a8e6-78c54da66cbc ] Request (ImagesOneServerNegativeTestJSON:setUpClass): 201 POST http://10.180.1.21/identity/v3/auth/tokens 0.085s
2025-11-29 15:18:49.042 65732 INFO tempest.lib.common.rest_client [req-da56a174-bebc-49b3-afbf-a7f1616eb720 req-da56a174-bebc-49b3-afbf-a7f1616eb720 ] Request (MigrationsAdminTest:test_list_migrations_in_flavor_resize_situation): 201 POST http://10.180.1.21/networking/v2.0/security-group-rules 0.456s
2025-11-29 15:18:49.137 65768 INFO tempest.lib.common.rest_client [req-c5ab465c-adb0-4a13-85ea-103f7d858568 req-c5ab465c-adb0-4a13-85ea-103f7d858568 ] Request (TenantUsagesNegativeTestJSON:tearDownClass): 200 GET http://10.180.1.21/networking/v2.0/security-groups?tenant_id=310422095d644868851078cd634c5d9f&name=default 0.453s
2025-11-29 15:18:49.142 65738 INFO tempest.lib.common.rest_client [req-33548576-b0f4-4455-b8e8-ee7355f6d2aa req-33548576-b0f4-4455-b8e8-ee7355f6d2aa ] Request (TestVersions:tearDownClass): 204 DELETE http://10.180.1.21/networking/v2.0/security-groups/25ed11f8-8a48-4811-91f7-a43025a97dd1 0.315s
2025-11-29 15:18:49.173 65766 INFO tempest.lib.common.rest_client [req-51e65e91-048b-4eb5-b732-8edddcf84e32 req-51e65e91-048b-4eb5-b732-8edddcf84e32 ] Request (ServerShowV254Test:test_rebuild_server): 200 GET http://10.180.1.21/compute/v2.1/servers/e299ab74-a67a-454e-8289-4ad388156796 3.445s
2025-11-29 15:18:49.192 65740 INFO tempest.lib.common.rest_client [req-e935ad88-8539-4e1a-8a97-b68fde24dd3d req-e935ad88-8539-4e1a-8a97-b68fde24dd3d ] Request (ServersTestMultiNic:test_verify_duplicate_network_nics): 200 GET http://10.180.1.21/compute/v2.1/servers/f6fa0f0f-61f5-471e-a4a9-891d89598fab 3.499s
2025-11-29 15:18:49.202 65740 INFO tempest.common.waiters [-] State transition "BUILD/None" ==> "BUILD/spawning" after 31 second wait
2025-11-29 15:18:49.234 65738 INFO tempest.lib.common.rest_client [req-fcca46a2-4b60-417b-9753-3b5ca1d9d086 req-fcca46a2-4b60-417b-9753-3b5ca1d9d086 ] Request (TestVersions:tearDownClass): 204 DELETE http://10.180.1.21/identity/v3/projects/f9a25c51a2564260b5a6047ffb8826ed 0.092s
2025-11-29 15:18:49.322 65738 INFO tempest.lib.common.rest_client [req-cf0ef970-b0ea-487e-a04b-f9d7104d7326 req-cf0ef970-b0ea-487e-a04b-f9d7104d7326 ] Request (AttachVolumeShelveTestJSON:setUpClass): 201 POST http://10.180.1.21/identity/v3/auth/tokens 0.086s
2025-11-29 15:18:49.356 65738 INFO tempest.lib.common.rest_client [req-c3a9d02a-3a54-4c9a-9837-703856aa2d0e req-c3a9d02a-3a54-4c9a-9837-703856aa2d0e ] Request (AttachVolumeShelveTestJSON:setUpClass): 201 POST http://10.180.1.21/identity/v3/auth/tokens 0.031s
2025-11-29 15:18:49.382 65738 INFO tempest.lib.common.rest_client [req-d64ebe7f-4a1b-452c-9fda-18aa74206f21 req-d64ebe7f-4a1b-452c-9fda-18aa74206f21 ] Request (AttachVolumeShelveTestJSON:setUpClass): 200 GET http://10.180.1.21/identity/v3/domains?name=Default 0.025s
2025-11-29 15:18:49.408 65738 INFO tempest.lib.common.rest_client [req-652266d1-dee1-4cf3-9275-fb76c6293dc9 req-652266d1-dee1-4cf3-9275-fb76c6293dc9 ] Request (AttachVolumeShelveTestJSON:setUpClass): 201 POST http://10.180.1.21/identity/v3/projects 0.026s
2025-11-29 15:18:49.427 65724 INFO tempest.lib.common.rest_client [req-23508a43-ed1a-4ac2-a98a-51330c91338d req-23508a43-ed1a-4ac2-a98a-51330c91338d ] Request (ImagesOneServerNegativeTestJSON:setUpClass): 201 POST http://10.180.1.21/networking/v2.0/networks 0.451s
2025-11-29 15:18:49.471 65738 INFO tempest.lib.common.rest_client [req-75957ad3-8f73-4e68-b658-1fbc8a67887f req-75957ad3-8f73-4e68-b658-1fbc8a67887f ] Request (AttachVolumeShelveTestJSON:setUpClass): 201 POST http://10.180.1.21/identity/v3/users 0.062s
2025-11-29 15:18:49.497 65738 INFO tempest.lib.common.rest_client [req-a5346c92-6363-4654-a628-cd09efab75b6 req-a5346c92-6363-4654-a628-cd09efab75b6 ] Request (AttachVolumeShelveTestJSON:setUpClass): 200 GET http://10.180.1.21/identity/v3/roles 0.026s
2025-11-29 15:18:49.530 65738 INFO tempest.lib.common.rest_client [req-08ef8f8d-4cba-486e-8430-e1caa8ea72e0 req-08ef8f8d-4cba-486e-8430-e1caa8ea72e0 ] Request (AttachVolumeShelveTestJSON:setUpClass): 204 PUT http://10.180.1.21/identity/v3/projects/6b25e8c91f3e40bc8eb56bb2719b3276/users/2ba0401a76104a82abb93fb99f48e8d3/roles/1d93669ec8b747e290ddccba0974d75e 0.031s
2025-11-29 15:18:49.530 65738 INFO tempest.lib.common.dynamic_creds [-] Dynamic test user 2ba0401a76104a82abb93fb99f48e8d3 is created with scope project and roles: ['member']
2025-11-29 15:18:49.530 65738 INFO tempest.lib.common.dynamic_creds [-] Acquired dynamic creds: credentials: Credentials: {'domain_id': 'default', 'domain_name': 'Default', 'username': 'tempest-AttachVolumeShelveTestJSON-1761544375-project-member', 'project_domain_id': 'default', 'project_domain_name': 'Default', 'project_id': '6b25e8c91f3e40bc8eb56bb2719b3276', 'project_name': 'tempest-AttachVolumeShelveTestJSON-1761544375', 'tenant_id': '6b25e8c91f3e40bc8eb56bb2719b3276', 'tenant_name': 'tempest-AttachVolumeShelveTestJSON-1761544375', 'user_domain_id': 'default', 'user_domain_name': 'Default', 'user_id': '2ba0401a76104a82abb93fb99f48e8d3', 'system': None}, Network: None, Subnet: None, Router: None
2025-11-29 15:18:49.553 65768 INFO tempest.lib.common.rest_client [req-1d8fc6ea-5ad1-4c3e-b05b-4ef9b36c4dd3 req-1d8fc6ea-5ad1-4c3e-b05b-4ef9b36c4dd3 ] Request (TenantUsagesNegativeTestJSON:tearDownClass): 204 DELETE http://10.180.1.21/networking/v2.0/security-groups/c048df1d-121a-4abb-8879-9721dc928154 0.416s
2025-11-29 15:18:49.578 65744 INFO tempest.lib.common.rest_client [req-5f67c17a-912e-462f-9e99-c10773ab4530 req-5f67c17a-912e-462f-9e99-c10773ab4530 ] Request (ServerRescueNegativeTestJSON:setUpClass): 200 GET http://10.180.1.21/compute/v2.1/servers/b6c00831-fece-4c68-8678-5deba932f4ec 3.826s
2025-11-29 15:18:49.596 65774 INFO tempest.lib.common.rest_client [req-0f2c4c14-47cd-4c77-87c5-0d4d9fb87730 req-0f2c4c14-47cd-4c77-87c5-0d4d9fb87730 ] Request (FlavorsAdminTestJSON:test_is_public_string_variations): 200 GET http://10.180.1.21/compute/v2.1/flavors/detail?is_public=no 3.742s
2025-11-29 15:18:49.600 65738 INFO tempest.lib.common.rest_client [req-e1258ca7-1a8a-4191-992d-5cb3e227da08 req-e1258ca7-1a8a-4191-992d-5cb3e227da08 ] Request (AttachVolumeShelveTestJSON:setUpClass): 201 POST http://10.180.1.21/identity/v3/auth/tokens 0.069s
2025-11-29 15:18:49.625 65750 INFO tempest.lib.common.rest_client [req-7c5decc7-fd20-408a-90bb-35c848483eac req-7c5decc7-fd20-408a-90bb-35c848483eac ] Request (FloatingIPsAssociationNegativeTestJSON:tearDownClass): 404 GET http://10.180.1.21/compute/v2.1/servers/7e2223c6-e409-4eaa-a7d0-8dc3e4ebdde7 3.768s
2025-11-29 15:18:49.670 65768 INFO tempest.lib.common.rest_client [req-d72775c8-a538-4315-be36-5fc5f8c672cc req-d72775c8-a538-4315-be36-5fc5f8c672cc ] Request (TenantUsagesNegativeTestJSON:tearDownClass): 204 DELETE http://10.180.1.21/identity/v3/projects/310422095d644868851078cd634c5d9f 0.116s
2025-11-29 15:18:49.670 65768 INFO tempest.lib.common.dynamic_creds [-] Deleting project and security group for project: 549d41ca3b474eb5a28b83052ced911f
2025-11-29 15:18:49.672 65732 INFO tempest.lib.common.rest_client [req-ced987ff-2df1-4e0b-8bd5-fa012e34d5ab req-ced987ff-2df1-4e0b-8bd5-fa012e34d5ab ] Request (MigrationsAdminTest:test_list_migrations_in_flavor_resize_situation): 201 POST http://10.180.1.21/networking/v2.0/floatingips 0.629s
2025-11-29 15:18:49.778 65748 INFO tempest.lib.common.rest_client [req-20f2af70-556a-4a17-84c5-333b50f4edb4 req-20f2af70-556a-4a17-84c5-333b50f4edb4 ] Request (AggregatesAdminNegativeTestJSON:test_aggregate_remove_host_as_user): 200 POST http://10.180.1.21/compute/v2.1/os-aggregates/7/action 3.911s
2025-11-29 15:18:49.794 65724 INFO tempest.lib.common.rest_client [req-7f4bcda9-cdb7-49ca-aa53-58b27e3ccc5d req-7f4bcda9-cdb7-49ca-aa53-58b27e3ccc5d ] Request (ImagesOneServerNegativeTestJSON:setUpClass): 201 POST http://10.180.1.21/networking/v2.0/subnets 0.366s
2025-11-29 15:18:50.193 65738 INFO tempest.lib.common.rest_client [req-40afd10c-d7b6-4a98-ae7e-b3096e1529fb req-40afd10c-d7b6-4a98-ae7e-b3096e1529fb ] Request (AttachVolumeShelveTestJSON:setUpClass): 201 POST http://10.180.1.21/networking/v2.0/networks 0.592s
2025-11-29 15:18:50.218 65716 INFO tempest.lib.common.rest_client [req-94464012-b8af-4784-ab8a-c648c52d085b req-94464012-b8af-4784-ab8a-c648c52d085b ] Request (ListServerFiltersTestJSON:test_list_servers_detailed_filter_by_flavor): 200 GET http://10.180.1.21/compute/v2.1/servers/detail?flavor=84 4.395s
2025-11-29 15:18:50.905 65750 INFO tempest.lib.common.rest_client [req-9e0f3d91-ea45-4645-9c0a-42984e6541e2 req-9e0f3d91-ea45-4645-9c0a-42984e6541e2 ] Request (FloatingIPsAssociationNegativeTestJSON:tearDownClass): 200 PUT http://10.180.1.21/networking/v2.0/routers/36db24f4-d10b-4928-a289-ad3457734fbb/remove_router_interface 1.279s
2025-11-29 15:18:51.005 65768 INFO tempest.lib.common.rest_client [req-f5642d7e-5807-4a57-ab69-c69cd2497df5 req-f5642d7e-5807-4a57-ab69-c69cd2497df5 ] Request (TenantUsagesNegativeTestJSON:tearDownClass): 200 GET http://10.180.1.21/networking/v2.0/security-groups?tenant_id=549d41ca3b474eb5a28b83052ced911f&name=default 1.334s
2025-11-29 15:18:51.659 65724 INFO tempest.lib.common.rest_client [req-7874e375-a8de-4bd8-8f6a-bfb20567def5 req-7874e375-a8de-4bd8-8f6a-bfb20567def5 ] Request (ImagesOneServerNegativeTestJSON:setUpClass): 201 POST http://10.180.1.21/networking/v2.0/routers 1.865s
2025-11-29 15:18:51.683 65742 INFO tempest.lib.common.rest_client [req-c871d5b5-5765-4d5d-879a-a084683e5e14 req-c871d5b5-5765-4d5d-879a-a084683e5e14 ] Request (ImagesOneServerTestJSON:setUpClass): 200 GET http://10.180.1.21/compute/v2.1/servers/2b5b5afa-3971-46d4-85bf-81bf3332afcd 5.718s
2025-11-29 15:18:51.749 65738 INFO tempest.lib.common.rest_client [req-464a58fc-0435-48d0-b59f-d93f236abd66 req-464a58fc-0435-48d0-b59f-d93f236abd66 ] Request (AttachVolumeShelveTestJSON:setUpClass): 201 POST http://10.180.1.21/networking/v2.0/subnets 1.555s
2025-11-29 15:18:51.896 65768 INFO tempest.lib.common.rest_client [req-74a80baa-5970-4211-8d71-2f689b8bd0df req-74a80baa-5970-4211-8d71-2f689b8bd0df ] Request (TenantUsagesNegativeTestJSON:tearDownClass): 204 DELETE http://10.180.1.21/networking/v2.0/security-groups/525fa0ba-486a-4ee7-927d-4cf62880a1e7 0.890s
2025-11-29 15:18:51.973 65736 INFO tempest.lib.common.rest_client [req-10fc43ef-b4a7-4a28-a92c-b94bd7819c45 req-10fc43ef-b4a7-4a28-a92c-b94bd7819c45 ] Request (SecurityGroupsTestJSON:test_list_security_groups_by_server): 200 GET http://10.180.1.21/compute/v2.1/servers/b6b71155-ec6f-4bf6-8fa4-01e8d5ca3759 6.086s
2025-11-29 15:18:51.983 65736 INFO tempest.common.waiters [-] State transition "BUILD/spawning" ==> "ACTIVE/None" after 39 second wait
2025-11-29 15:18:52.010 65768 INFO tempest.lib.common.rest_client [req-e15975bf-9b93-4f63-ac2b-34a37a6b9505 req-e15975bf-9b93-4f63-ac2b-34a37a6b9505 ] Request (TenantUsagesNegativeTestJSON:tearDownClass): 204 DELETE http://10.180.1.21/identity/v3/projects/549d41ca3b474eb5a28b83052ced911f 0.113s
2025-11-29 15:18:52.098 65768 INFO tempest.lib.common.rest_client [req-ec341ef7-0b96-4b37-b4da-4666dea61f09 req-ec341ef7-0b96-4b37-b4da-4666dea61f09 ] Request (ServerGroupTestJSON:setUpClass): 201 POST http://10.180.1.21/identity/v3/auth/tokens 0.085s
2025-11-29 15:18:52.139 65768 INFO tempest.lib.common.rest_client [req-e7172c72-646e-4d5c-8083-725a1d932d1c req-e7172c72-646e-4d5c-8083-725a1d932d1c ] Request (ServerGroupTestJSON:setUpClass): 201 POST http://10.180.1.21/identity/v3/auth/tokens 0.039s
2025-11-29 15:18:52.166 65750 INFO tempest.lib.common.rest_client [req-fbe1a1ab-075a-4141-8f1e-3d9639dab0a1 req-fbe1a1ab-075a-4141-8f1e-3d9639dab0a1 ] Request (FloatingIPsAssociationNegativeTestJSON:tearDownClass): 204 DELETE http://10.180.1.21/networking/v2.0/routers/36db24f4-d10b-4928-a289-ad3457734fbb 1.261s
2025-11-29 15:18:52.169 65768 INFO tempest.lib.common.rest_client [req-06882e7d-ac08-4f87-9d33-9ff1d1614163 req-06882e7d-ac08-4f87-9d33-9ff1d1614163 ] Request (ServerGroupTestJSON:setUpClass): 200 GET http://10.180.1.21/identity/v3/domains?name=Default 0.029s
2025-11-29 15:18:52.198 65768 INFO tempest.lib.common.rest_client [req-a6f67168-9287-4823-bb46-613b1d24d455 req-a6f67168-9287-4823-bb46-613b1d24d455 ] Request (ServerGroupTestJSON:setUpClass): 201 POST http://10.180.1.21/identity/v3/projects 0.029s
2025-11-29 15:18:52.302 65768 INFO tempest.lib.common.rest_client [req-cfc0f46d-48f3-4b0d-b996-4dc6f1e59b23 req-cfc0f46d-48f3-4b0d-b996-4dc6f1e59b23 ] Request (ServerGroupTestJSON:setUpClass): 201 POST http://10.180.1.21/identity/v3/users 0.103s
2025-11-29 15:18:52.345 65768 INFO tempest.lib.common.rest_client [req-964903c2-8b0b-485c-9266-48b2d83d58ef req-964903c2-8b0b-485c-9266-48b2d83d58ef ] Request (ServerGroupTestJSON:setUpClass): 200 GET http://10.180.1.21/identity/v3/roles 0.043s
2025-11-29 15:18:52.390 65768 INFO tempest.lib.common.rest_client [req-3b785a7c-0cea-4773-a502-c870c97653da req-3b785a7c-0cea-4773-a502-c870c97653da ] Request (ServerGroupTestJSON:setUpClass): 204 PUT http://10.180.1.21/identity/v3/projects/98ad2ef37ceb47978600b9dde58290d3/users/01a1e36a1b054cfabdfc880f2f3d583f/roles/1d93669ec8b747e290ddccba0974d75e 0.045s
2025-11-29 15:18:52.390 65768 INFO tempest.lib.common.dynamic_creds [-] Dynamic test user 01a1e36a1b054cfabdfc880f2f3d583f is created with scope project and roles: ['member']
2025-11-29 15:18:52.391 65768 INFO tempest.lib.common.dynamic_creds [-] Acquired dynamic creds: credentials: Credentials: {'domain_id': 'default', 'domain_name': 'Default', 'username': 'tempest-ServerGroupTestJSON-77265041-project-member', 'project_domain_id': 'default', 'project_domain_name': 'Default', 'project_id': '98ad2ef37ceb47978600b9dde58290d3', 'project_name': 'tempest-ServerGroupTestJSON-77265041', 'tenant_id': '98ad2ef37ceb47978600b9dde58290d3', 'tenant_name': 'tempest-ServerGroupTestJSON-77265041', 'user_domain_id': 'default', 'user_domain_name': 'Default', 'user_id': '01a1e36a1b054cfabdfc880f2f3d583f', 'system': None}, Network: None, Subnet: None, Router: None
2025-11-29 15:18:52.469 65768 INFO tempest.lib.common.rest_client [req-14e059bc-71d9-4f42-ab3c-0f632bb91a58 req-14e059bc-71d9-4f42-ab3c-0f632bb91a58 ] Request (ServerGroupTestJSON:setUpClass): 201 POST http://10.180.1.21/identity/v3/auth/tokens 0.078s
2025-11-29 15:18:52.918 65724 INFO tempest.lib.common.rest_client [req-b4fcbf82-7364-4040-bdc3-8ff8628bc0a6 req-b4fcbf82-7364-4040-bdc3-8ff8628bc0a6 ] Request (ImagesOneServerNegativeTestJSON:setUpClass): 200 PUT http://10.180.1.21/networking/v2.0/routers/aea78221-abb7-4cf9-9576-fe7d8e096d6d/add_router_interface 1.258s
2025-11-29 15:18:52.919 65724 INFO tempest.lib.common.dynamic_creds [-] Created isolated network resources for: credentials: Credentials: {'domain_id': 'default', 'domain_name': 'Default', 'username': 'tempest-ImagesOneServerNegativeTestJSON-975811263-project-member', 'project_domain_id': 'default', 'project_domain_name': 'Default', 'project_id': '77545b38889642198906e7b693a17628', 'project_name': 'tempest-ImagesOneServerNegativeTestJSON-975811263', 'tenant_id': '77545b38889642198906e7b693a17628', 'tenant_name': 'tempest-ImagesOneServerNegativeTestJSON-975811263', 'user_domain_id': 'default', 'user_domain_name': 'Default', 'user_id': '638130f801b640f08c9add13115d5cd4', 'system': None}, Network: {'id': '8b9b5fbe-bda1-4588-8c1b-d033fd894544', 'name': 'tempest-ImagesOneServerNegativeTestJSON-1322289375-network', 'tenant_id': '77545b38889642198906e7b693a17628', 'project_id': '77545b38889642198906e7b693a17628', 'admin_state_up': True, 'mtu': 8950, 'status': 'ACTIVE', 'subnets': [], 'shared': False, 'port_security_enabled': True, 'router:external': False, 'provider:network_type': 'vlan', 'provider:physical_network': 'default', 'provider:segmentation_id': 924, 'availability_zone_hints': [], 'availability_zones': [], 'ipv4_address_scope': None, 'ipv6_address_scope': None, 'description': '', 'tags': [], 'created_at': '2025-11-29T15:18:49Z', 'updated_at': '2025-11-29T15:18:49Z', 'revision_number': 1}, Subnet: {'id': '11d89eab-fe68-4f27-9d74-a617c758a1a7', 'name': 'tempest-ImagesOneServerNegativeTestJSON-1322289375-subnet', 'tenant_id': '77545b38889642198906e7b693a17628', 'network_id': '8b9b5fbe-bda1-4588-8c1b-d033fd894544', 'ip_version': 4, 'subnetpool_id': None, 'enable_dhcp': True, 'ipv6_ra_mode': None, 'ipv6_address_mode': None, 'gateway_ip': '192.168.128.1', 'cidr': '192.168.128.0/28', 'allocation_pools': [{'start': '192.168.128.2', 'end': '192.168.128.14'}], 'host_routes': [], 'dns_nameservers': [], 'description': '', 'router:external': False, 'service_types': [], 'tags': [], 'created_at': '2025-11-29T15:18:49Z', 'updated_at': '2025-11-29T15:18:49Z', 'revision_number': 0, 'project_id': '77545b38889642198906e7b693a17628'}, Router: {'id': 'aea78221-abb7-4cf9-9576-fe7d8e096d6d', 'name': 'tempest-ImagesOneServerNegativeTestJSON-1322289375-router', 'tenant_id': '77545b38889642198906e7b693a17628', 'admin_state_up': True, 'status': 'ACTIVE', 'external_gateway_info': {'network_id': '84ad802f-abb3-4dde-bed6-200e20578487', 'external_fixed_ips': [{'subnet_id': 'e039ede4-1fe3-4eb0-9e2d-15e030144dc8', 'ip_address': '10.180.180.247'}], 'enable_snat': True}, 'description': '', 'availability_zones': [], 'distributed': False, 'ha': False, 'availability_zone_hints': [], 'routes': [], 'flavor_id': None, 'tags': [], 'created_at': '2025-11-29T15:18:51Z', 'updated_at': '2025-11-29T15:18:51Z', 'revision_number': 2, 'project_id': '77545b38889642198906e7b693a17628'}
2025-11-29 15:18:53.007 65724 INFO tempest.lib.common.rest_client [req-9f426139-da27-4ba0-904f-0d933ce32665 req-9f426139-da27-4ba0-904f-0d933ce32665 ] Request (ImagesOneServerNegativeTestJSON:setUpClass): 201 POST http://10.180.1.21/identity/v3/auth/tokens 0.084s
2025-11-29 15:18:53.052 65724 INFO tempest.lib.common.rest_client [req-a41aae60-3820-4c9d-b0d6-49334ad5ea4b req-a41aae60-3820-4c9d-b0d6-49334ad5ea4b ] Request (ImagesOneServerNegativeTestJSON:setUpClass): 201 POST http://10.180.1.21/identity/v3/auth/tokens 0.041s
2025-11-29 15:18:53.052 65724 INFO tempest.lib.common.fixed_network [-] (ImagesOneServerNegativeTestJSON:setUpClass) Found network {'id': '8b9b5fbe-bda1-4588-8c1b-d033fd894544', 'name': 'tempest-ImagesOneServerNegativeTestJSON-1322289375-network', 'tenant_id': '77545b38889642198906e7b693a17628', 'project_id': '77545b38889642198906e7b693a17628', 'admin_state_up': True, 'mtu': 8950, 'status': 'ACTIVE', 'subnets': [], 'shared': False, 'port_security_enabled': True, 'router:external': False, 'provider:network_type': 'vlan', 'provider:physical_network': 'default', 'provider:segmentation_id': 924, 'availability_zone_hints': [], 'availability_zones': [], 'ipv4_address_scope': None, 'ipv6_address_scope': None, 'description': '', 'tags': [], 'created_at': '2025-11-29T15:18:49Z', 'updated_at': '2025-11-29T15:18:49Z', 'revision_number': 1} available for tenant
2025-11-29 15:18:53.085 65738 INFO tempest.lib.common.rest_client [req-a2f0107e-39d3-4b49-8ab1-74cd7716754e req-a2f0107e-39d3-4b49-8ab1-74cd7716754e ] Request (AttachVolumeShelveTestJSON:setUpClass): 201 POST http://10.180.1.21/networking/v2.0/routers 1.336s
2025-11-29 15:18:53.329 65750 INFO tempest.lib.common.rest_client [req-6d8f266a-2265-4ec0-81ab-515f1ed04994 req-6d8f266a-2265-4ec0-81ab-515f1ed04994 ] Request (FloatingIPsAssociationNegativeTestJSON:tearDownClass): 204 DELETE http://10.180.1.21/networking/v2.0/subnets/553a61c5-9181-4be3-9891-fc0a73f43e36 1.162s
2025-11-29 15:18:53.367 65752 INFO tempest.lib.common.rest_client [req-8b303695-ad0f-477b-a787-c1e8642fe7f2 req-8b303695-ad0f-477b-a787-c1e8642fe7f2 ] Request (TenantUsagesTestJSON:setUpClass): 200 GET http://10.180.1.21/compute/v2.1/servers/0c26fbf0-df81-49a3-adf0-ef18b4d84886 7.379s
2025-11-29 15:18:53.375 65752 INFO tempest.common.waiters [-] State transition "BUILD/spawning" ==> "ACTIVE/None" after 40 second wait
2025-11-29 15:18:53.660 65768 INFO tempest.lib.common.rest_client [req-bb20237e-3e67-43e9-b1ac-7fabfa4078e8 req-bb20237e-3e67-43e9-b1ac-7fabfa4078e8 ] Request (ServerGroupTestJSON:setUpClass): 201 POST http://10.180.1.21/networking/v2.0/networks 1.190s
2025-11-29 15:18:54.554 65738 INFO tempest.lib.common.rest_client [req-deba1993-bd25-4651-8643-8192bc447b6c req-deba1993-bd25-4651-8643-8192bc447b6c ] Request (AttachVolumeShelveTestJSON:setUpClass): 200 PUT http://10.180.1.21/networking/v2.0/routers/5924bb45-7041-46ba-8539-ae304ce6b36f/add_router_interface 1.468s
2025-11-29 15:18:54.554 65738 INFO tempest.lib.common.dynamic_creds [-] Created isolated network resources for: credentials: Credentials: {'domain_id': 'default', 'domain_name': 'Default', 'username': 'tempest-AttachVolumeShelveTestJSON-1761544375-project-member', 'project_domain_id': 'default', 'project_domain_name': 'Default', 'project_id': '6b25e8c91f3e40bc8eb56bb2719b3276', 'project_name': 'tempest-AttachVolumeShelveTestJSON-1761544375', 'tenant_id': '6b25e8c91f3e40bc8eb56bb2719b3276', 'tenant_name': 'tempest-AttachVolumeShelveTestJSON-1761544375', 'user_domain_id': 'default', 'user_domain_name': 'Default', 'user_id': '2ba0401a76104a82abb93fb99f48e8d3', 'system': None}, Network: {'id': 'e78c281f-1261-4f6c-8e67-080337400d1b', 'name': 'tempest-AttachVolumeShelveTestJSON-904375309-network', 'tenant_id': '6b25e8c91f3e40bc8eb56bb2719b3276', 'project_id': '6b25e8c91f3e40bc8eb56bb2719b3276', 'admin_state_up': True, 'mtu': 8950, 'status': 'ACTIVE', 'subnets': [], 'shared': False, 'port_security_enabled': True, 'router:external': False, 'provider:network_type': 'vlan', 'provider:physical_network': 'default', 'provider:segmentation_id': 407, 'availability_zone_hints': [], 'availability_zones': [], 'ipv4_address_scope': None, 'ipv6_address_scope': None, 'description': '', 'tags': [], 'created_at': '2025-11-29T15:18:50Z', 'updated_at': '2025-11-29T15:18:50Z', 'revision_number': 1}, Subnet: {'id': '20752bac-0630-407e-8e29-de8d2a3147fb', 'name': 'tempest-AttachVolumeShelveTestJSON-904375309-subnet', 'tenant_id': '6b25e8c91f3e40bc8eb56bb2719b3276', 'network_id': 'e78c281f-1261-4f6c-8e67-080337400d1b', 'ip_version': 4, 'subnetpool_id': None, 'enable_dhcp': True, 'ipv6_ra_mode': None, 'ipv6_address_mode': None, 'gateway_ip': '192.168.128.1', 'cidr': '192.168.128.0/28', 'allocation_pools': [{'start': '192.168.128.2', 'end': '192.168.128.14'}], 'host_routes': [], 'dns_nameservers': [], 'description': '', 'router:external': False, 'service_types': [], 'tags': [], 'created_at': '2025-11-29T15:18:51Z', 'updated_at': '2025-11-29T15:18:51Z', 'revision_number': 0, 'project_id': '6b25e8c91f3e40bc8eb56bb2719b3276'}, Router: {'id': '5924bb45-7041-46ba-8539-ae304ce6b36f', 'name': 'tempest-AttachVolumeShelveTestJSON-904375309-router', 'tenant_id': '6b25e8c91f3e40bc8eb56bb2719b3276', 'admin_state_up': True, 'status': 'ACTIVE', 'external_gateway_info': {'network_id': '84ad802f-abb3-4dde-bed6-200e20578487', 'external_fixed_ips': [{'subnet_id': 'e039ede4-1fe3-4eb0-9e2d-15e030144dc8', 'ip_address': '10.180.180.143'}], 'enable_snat': True}, 'description': '', 'availability_zones': [], 'distributed': False, 'ha': False, 'availability_zone_hints': [], 'routes': [], 'flavor_id': None, 'tags': [], 'created_at': '2025-11-29T15:18:52Z', 'updated_at': '2025-11-29T15:18:52Z', 'revision_number': 2, 'project_id': '6b25e8c91f3e40bc8eb56bb2719b3276'}
2025-11-29 15:18:54.597 65759 INFO tempest.lib.common.rest_client [req-6a33a49d-7a77-45b9-b0d1-58cd357066c9 req-6a33a49d-7a77-45b9-b0d1-58cd357066c9 ] Request (ServerRescueTestJSONUnderV235:setUpClass): 200 GET http://10.180.1.21/compute/v2.1/servers/48a6fee3-ed10-415d-8c5e-668a10ec330c 8.467s
2025-11-29 15:18:54.604 65759 INFO tempest.common.waiters [-] State transition "ACTIVE/rescuing" ==> "RESCUE/None" after 15 second wait
2025-11-29 15:18:54.618 65764 INFO tempest.lib.common.rest_client [req-3d919f65-5c1f-4b64-956b-c2a987c10d2c req-3d919f65-5c1f-4b64-956b-c2a987c10d2c ] Request (ImagesTestJSON:test_create_image_from_suspended_server): 200 GET http://10.180.1.21/compute/v2.1/servers/eeb3f3ba-239f-4a9c-9a73-0f1537697691 7.924s
2025-11-29 15:18:54.631 65764 INFO tempest.common.waiters [-] State transition "BUILD/scheduling" ==> "BUILD/None" after 9 second wait
2025-11-29 15:18:54.679 65738 INFO tempest.lib.common.rest_client [req-97ecbafd-4de2-48a5-9f86-2549e5d725a7 req-97ecbafd-4de2-48a5-9f86-2549e5d725a7 ] Request (AttachVolumeShelveTestJSON:setUpClass): 201 POST http://10.180.1.21/identity/v3/auth/tokens 0.120s
2025-11-29 15:18:54.812 65768 INFO tempest.lib.common.rest_client [req-e0c1a516-b4b3-487d-8984-fa0e46b94f4f req-e0c1a516-b4b3-487d-8984-fa0e46b94f4f ] Request (ServerGroupTestJSON:setUpClass): 201 POST http://10.180.1.21/networking/v2.0/subnets 1.152s
2025-11-29 15:18:54.860 65750 INFO tempest.lib.common.rest_client [req-5a0130b3-287d-4222-85e0-07fcf9ceff2d req-5a0130b3-287d-4222-85e0-07fcf9ceff2d ] Request (FloatingIPsAssociationNegativeTestJSON:tearDownClass): 204 DELETE http://10.180.1.21/networking/v2.0/networks/e4237184-e632-4e3a-9531-a8df56e43cdc 1.531s
2025-11-29 15:18:54.907 65730 INFO tempest.lib.common.rest_client [req-602e47a4-83c4-4bd0-a09b-e6f2992e3a86 req-602e47a4-83c4-4bd0-a09b-e6f2992e3a86 ] Request (ServerAddressesTestJSON:setUpClass): 200 GET http://10.180.1.21/compute/v2.1/servers/89625b40-ee1c-4981-b182-64fdcbfad1cc 7.644s
2025-11-29 15:18:54.919 65730 INFO tempest.common.waiters [-] State transition "BUILD/scheduling" ==> "BUILD/None" after 8 second wait
2025-11-29 15:18:54.986 65750 INFO tempest.lib.common.rest_client [req-2e232dc9-e4cd-43a5-bdd9-5d722cabbb31 req-2e232dc9-e4cd-43a5-bdd9-5d722cabbb31 ] Request (FloatingIPsAssociationNegativeTestJSON:tearDownClass): 204 DELETE http://10.180.1.21/identity/v3/users/f08febc9cf914e6cad5ed2303e83cc7a 0.125s
2025-11-29 15:18:54.986 65750 INFO tempest.lib.common.dynamic_creds [-] Deleting project and security group for project: 7a622dc3d6974bba97ca60045daed69f
2025-11-29 15:18:55.040 65712 INFO tempest.lib.common.rest_client [req-c278fdb5-3b10-4b97-8dd3-69e6f04739cc req-c278fdb5-3b10-4b97-8dd3-69e6f04739cc ] Request (ServerMetadataTestJSON:test_update_metadata_empty_body): 200 POST http://10.180.1.21/compute/v2.1/servers/bdc90ace-3b9c-4986-8b99-7e286d91394a/metadata 7.368s
2025-11-29 15:18:55.499 65750 INFO tempest.lib.common.rest_client [req-f1a7dba3-fc01-48d4-a884-0c87a02a5eab req-f1a7dba3-fc01-48d4-a884-0c87a02a5eab ] Request (FloatingIPsAssociationNegativeTestJSON:tearDownClass): 200 GET http://10.180.1.21/networking/v2.0/security-groups?tenant_id=7a622dc3d6974bba97ca60045daed69f&name=default 0.513s
2025-11-29 15:18:55.527 65726 INFO tempest.lib.common.rest_client [req-95b4b0d4-5583-4604-80e5-cf054065e593 req-95b4b0d4-5583-4604-80e5-cf054065e593 ] Request (ServersTestFqdnHostnames:test_create_server_with_fqdn_name): 200 GET http://10.180.1.21/compute/v2.1/servers/cbc22ade-ba58-4b9d-b654-87fa12fe0689 7.612s
2025-11-29 15:18:55.655 65750 INFO tempest.lib.common.rest_client [req-337a604e-a798-4178-835f-405b5e6a83ec req-337a604e-a798-4178-835f-405b5e6a83ec ] Request (FloatingIPsAssociationNegativeTestJSON:tearDownClass): 204 DELETE http://10.180.1.21/networking/v2.0/security-groups/101d7123-33df-4206-98ea-c31321fdee80 0.155s
2025-11-29 15:18:55.816 65750 INFO tempest.lib.common.rest_client [req-a7442661-85aa-4233-b79b-8828777ff8f4 req-a7442661-85aa-4233-b79b-8828777ff8f4 ] Request (FloatingIPsAssociationNegativeTestJSON:tearDownClass): 204 DELETE http://10.180.1.21/identity/v3/projects/7a622dc3d6974bba97ca60045daed69f 0.161s
2025-11-29 15:18:55.817 65750 INFO tempest.test [-] raised in NoVNCConsoleTestJSON.setUpClass. Invoking tearDownClass.
2025-11-29 15:18:55.819 65750 INFO tempest.test [-] raised in ServerBootFromVolumeStableRescueTest.setUpClass. Invoking tearDownClass.
2025-11-29 15:18:55.908 65750 INFO tempest.lib.common.rest_client [req-7a0bf2fa-52c0-41ca-a3cf-c47c93e9423d req-7a0bf2fa-52c0-41ca-a3cf-c47c93e9423d ] Request (VolumesNegativeTest:setUpClass): 201 POST http://10.180.1.21/identity/v3/auth/tokens 0.087s
2025-11-29 15:18:55.946 65750 INFO tempest.lib.common.rest_client [req-2726150e-0eaf-4385-9225-ffef0c409015 req-2726150e-0eaf-4385-9225-ffef0c409015 ] Request (VolumesNegativeTest:setUpClass): 201 POST http://10.180.1.21/identity/v3/auth/tokens 0.034s
2025-11-29 15:18:55.974 65750 INFO tempest.lib.common.rest_client [req-309b3b9b-8a05-48c4-8ad6-b28ba0e0fd77 req-309b3b9b-8a05-48c4-8ad6-b28ba0e0fd77 ] Request (VolumesNegativeTest:setUpClass): 200 GET http://10.180.1.21/identity/v3/domains?name=Default 0.028s
2025-11-29 15:18:55.977 65722 INFO tempest.lib.common.rest_client [req-aaa76914-3d37-4a46-a34c-10588ff6f6f2 req-aaa76914-3d37-4a46-a34c-10588ff6f6f2 ] Request (SecurityGroupRulesTestJSON:_run_cleanups): 202 DELETE http://10.180.1.21/compute/v2.1/os-security-group-rules/b01b2539-4b53-4ea1-9954-1ebc545c12a8 7.888s
2025-11-29 15:18:56.007 65746 INFO tempest.lib.common.rest_client [req-b24dfd17-999a-47dc-b216-1efe4c5f30de req-b24dfd17-999a-47dc-b216-1efe4c5f30de ] Request (DeleteServersAdminTestJSON:tearDownClass): 404 GET http://10.180.1.21/compute/v2.1/servers/d2fc40f1-d905-4828-9e81-5bac0abb5d24 7.893s
2025-11-29 15:18:56.039 65750 INFO tempest.lib.common.rest_client [req-15aa8b8d-d400-463b-bd14-ab54cd778e9c req-15aa8b8d-d400-463b-bd14-ab54cd778e9c ] Request (VolumesNegativeTest:setUpClass): 201 POST http://10.180.1.21/identity/v3/projects 0.064s
2025-11-29 15:18:56.125 65750 INFO tempest.lib.common.rest_client [req-e97e5033-5a6d-473d-ad13-4cf81b1973c6 req-e97e5033-5a6d-473d-ad13-4cf81b1973c6 ] Request (VolumesNegativeTest:setUpClass): 201 POST http://10.180.1.21/identity/v3/users 0.085s
2025-11-29 15:18:56.152 65750 INFO tempest.lib.common.rest_client [req-c94c1f2e-00ae-4130-ae31-63e72b02bb86 req-c94c1f2e-00ae-4130-ae31-63e72b02bb86 ] Request (VolumesNegativeTest:setUpClass): 200 GET http://10.180.1.21/identity/v3/roles 0.026s
2025-11-29 15:18:56.153 65768 INFO tempest.lib.common.rest_client [req-ab51ebe9-c658-4d8c-999a-992cd6460628 req-ab51ebe9-c658-4d8c-999a-992cd6460628 ] Request (ServerGroupTestJSON:setUpClass): 201 POST http://10.180.1.21/networking/v2.0/routers 1.340s
2025-11-29 15:18:56.192 65750 INFO tempest.lib.common.rest_client [req-d6e6fe14-b11e-4e84-bf76-670c453f22af req-d6e6fe14-b11e-4e84-bf76-670c453f22af ] Request (VolumesNegativeTest:setUpClass): 204 PUT http://10.180.1.21/identity/v3/projects/9a439ae6be374b8b8a85c8414d9a37d4/users/462acf269f8a4686870f62194e355b45/roles/1d93669ec8b747e290ddccba0974d75e 0.039s
2025-11-29 15:18:56.192 65750 INFO tempest.lib.common.dynamic_creds [-] Dynamic test user 462acf269f8a4686870f62194e355b45 is created with scope project and roles: ['member']
2025-11-29 15:18:56.193 65750 INFO tempest.lib.common.dynamic_creds [-] Acquired dynamic creds: credentials: Credentials: {'domain_id': 'default', 'domain_name': 'Default', 'username': 'tempest-VolumesNegativeTest-1249866744-project-member', 'project_domain_id': 'default', 'project_domain_name': 'Default', 'project_id': '9a439ae6be374b8b8a85c8414d9a37d4', 'project_name': 'tempest-VolumesNegativeTest-1249866744', 'tenant_id': '9a439ae6be374b8b8a85c8414d9a37d4', 'tenant_name': 'tempest-VolumesNegativeTest-1249866744', 'user_domain_id': 'default', 'user_domain_name': 'Default', 'user_id': '462acf269f8a4686870f62194e355b45', 'system': None}, Network: None, Subnet: None, Router: None
2025-11-29 15:18:56.193 65750 INFO tempest.lib.common.dynamic_creds [-] Created isolated network resources for: credentials: Credentials: {'domain_id': 'default', 'domain_name': 'Default', 'username': 'tempest-VolumesNegativeTest-1249866744-project-member', 'project_domain_id': 'default', 'project_domain_name': 'Default', 'project_id': '9a439ae6be374b8b8a85c8414d9a37d4', 'project_name': 'tempest-VolumesNegativeTest-1249866744', 'tenant_id': '9a439ae6be374b8b8a85c8414d9a37d4', 'tenant_name': 'tempest-VolumesNegativeTest-1249866744', 'user_domain_id': 'default', 'user_domain_name': 'Default', 'user_id': '462acf269f8a4686870f62194e355b45', 'system': None}, Network: None, Subnet: None, Router: None
2025-11-29 15:18:56.273 65750 INFO tempest.lib.common.rest_client [req-c809c91c-e4fe-4546-a923-c43a36872810 req-c809c91c-e4fe-4546-a923-c43a36872810 ] Request (VolumesNegativeTest:setUpClass): 201 POST http://10.180.1.21/identity/v3/auth/tokens 0.076s
2025-11-29 15:18:56.473 65762 INFO tempest.lib.common.rest_client [req-ab8094cc-11fb-4464-b34a-ad9faf187e49 req-ab8094cc-11fb-4464-b34a-ad9faf187e49 ] Request (FloatingIPsAssociationTestJSON:test_associate_disassociate_floating_ip): 202 POST http://10.180.1.21/compute/v2.1/servers/46c959c0-6cd6-411c-9ce3-d4a6bd45a4da/action 9.139s
2025-11-29 15:18:56.591 65756 INFO tempest.lib.common.rest_client [req-bb910bb7-7d46-46f5-a4b9-74444ae39fb9 req-bb910bb7-7d46-46f5-a4b9-74444ae39fb9 ] Request (ListImageFiltersTestJSON:setUpClass): 202 POST http://10.180.1.21/compute/v2.1/servers/1670ca54-90a7-4bd0-b4b5-0d036703c3f0/action 8.400s
2025-11-29 15:18:56.623 65734 INFO tempest.lib.common.rest_client [req-9617250f-a2fa-4ec6-9646-a67fbdeb557c req-9617250f-a2fa-4ec6-9646-a67fbdeb557c ] Request (ServicesAdminTestJSON:test_get_service_by_host_name): 200 GET http://10.180.1.21/compute/v2.1/os-services?host=devstack 8.276s
2025-11-29 15:18:56.759 65720 INFO tempest.lib.common.rest_client [req-81564f50-8c2c-4bb7-b93d-8db945c5ef24 req-81564f50-8c2c-4bb7-b93d-8db945c5ef24 ] Request (MultipleCreateTestJSON:test_multiple_create_with_reservation_return): 200 GET http://10.180.1.21/compute/v2.1/servers/9d6ef911-1fb8-4f7b-9e4e-5fa95252ad6e 8.552s
2025-11-29 15:18:56.772 65720 INFO tempest.common.waiters [-] State transition "BUILD/spawning" ==> "ACTIVE/None" after 42 second wait
2025-11-29 15:18:56.788 65754 INFO tempest.lib.common.rest_client [req-f8e96638-ac83-47bc-8923-65b8fd7d3019 req-f8e96638-ac83-47bc-8923-65b8fd7d3019 ] Request (VolumesAssistedSnapshotsTest:_run_cleanups): 202 DELETE http://10.180.1.21/compute/v2.1/servers/04cbc862-2fcf-47af-ac2a-e0d619b56675/os-volume_attachments/125e46f7-6692-49c2-8cf9-de12a30a0116 8.204s
2025-11-29 15:18:56.862 65728 INFO tempest.lib.common.rest_client [req-96a9cc54-de11-4480-b692-eab5027f2fbf req-96a9cc54-de11-4480-b692-eab5027f2fbf ] Request (ServersAdminTestJSON:test_create_server_with_scheduling_hint): 200 GET http://10.180.1.21/compute/v2.1/servers/b2a8130c-50cc-4a56-b64f-b479a9dc775f 8.248s
2025-11-29 15:18:56.944 65771 INFO tempest.lib.common.rest_client [req-1a560c24-0e02-4600-8b85-c0fe37302122 req-1a560c24-0e02-4600-8b85-c0fe37302122 ] Request (ServerActionsTestOtherA:setUpClass): 200 GET http://10.180.1.21/compute/v2.1/servers/afde189c-2ef1-4799-95ab-4b03156e78d4 7.469s
2025-11-29 15:18:56.957 65774 INFO tempest.lib.common.rest_client [req-897d3b0c-f06c-44b7-b1ed-d68b6cee247f req-897d3b0c-f06c-44b7-b1ed-d68b6cee247f ] Request (FlavorsAdminTestJSON:test_is_public_string_variations): 200 GET http://10.180.1.21/compute/v2.1/flavors/detail?is_public=0 7.356s
2025-11-29 15:18:56.959 65714 INFO tempest.lib.common.rest_client [req-fe0f9297-f816-4fc7-b6fc-dfe505fe7d68 req-fe0f9297-f816-4fc7-b6fc-dfe505fe7d68 ] Request (ServersTestJSON:setUpClass): 200 GET http://10.180.1.21/compute/v2.1/servers/17961d1e-fc83-4cc0-bd0a-2f8fb9822d76 7.476s
2025-11-29 15:18:56.965 65748 INFO tempest.lib.common.rest_client [req-e337e5e8-eb83-4dd6-98a9-dcab012e63fe req-e337e5e8-eb83-4dd6-98a9-dcab012e63fe ] Request (AggregatesAdminNegativeTestJSON:test_aggregate_remove_host_as_user): 403 POST http://10.180.1.21/compute/v2.1/os-aggregates/7/action 7.185s
2025-11-29 15:18:56.971 65732 INFO tempest.lib.common.rest_client [req-901a0253-5188-4388-b746-9fe049459db3 req-901a0253-5188-4388-b746-9fe049459db3 ] Request (MigrationsAdminTest:test_list_migrations_in_flavor_resize_situation): 200 GET http://10.180.1.21/compute/v2.1/os-migrations 7.298s
2025-11-29 15:18:57.059 65760 INFO tempest.lib.common.rest_client [req-ba52d313-e3f2-46d8-9388-9c204a765215 req-ba52d313-e3f2-46d8-9388-9c204a765215 ] Request (ListServersNegativeTestJSON:setUpClass): 200 GET http://10.180.1.21/compute/v2.1/servers/9a045422-3cd6-4f94-9de5-b2541acabf97 7.194s
2025-11-29 15:18:57.074 65766 INFO tempest.lib.common.rest_client [req-498e253a-7e37-4bed-b922-59c81676dafc req-498e253a-7e37-4bed-b922-59c81676dafc ] Request (ServerShowV254Test:test_rebuild_server): 200 GET http://10.180.1.21/compute/v2.1/servers/e299ab74-a67a-454e-8289-4ad388156796 6.890s
2025-11-29 15:18:57.158 65768 INFO tempest.lib.common.rest_client [req-88296a6c-d8f2-445a-8598-010252035885 req-88296a6c-d8f2-445a-8598-010252035885 ] Request (ServerGroupTestJSON:setUpClass): 200 PUT http://10.180.1.21/networking/v2.0/routers/4709b9d4-1439-4ad7-849d-2d58aac555f0/add_router_interface 1.004s
2025-11-29 15:18:57.158 65768 INFO tempest.lib.common.dynamic_creds [-] Created isolated network resources for: credentials: Credentials: {'domain_id': 'default', 'domain_name': 'Default', 'username': 'tempest-ServerGroupTestJSON-77265041-project-member', 'project_domain_id': 'default', 'project_domain_name': 'Default', 'project_id': '98ad2ef37ceb47978600b9dde58290d3', 'project_name': 'tempest-ServerGroupTestJSON-77265041', 'tenant_id': '98ad2ef37ceb47978600b9dde58290d3', 'tenant_name': 'tempest-ServerGroupTestJSON-77265041', 'user_domain_id': 'default', 'user_domain_name': 'Default', 'user_id': '01a1e36a1b054cfabdfc880f2f3d583f', 'system': None}, Network: {'id': '9feff5a7-5cde-46c6-948d-69331fb94612', 'name': 'tempest-ServerGroupTestJSON-355489326-network', 'tenant_id': '98ad2ef37ceb47978600b9dde58290d3', 'project_id': '98ad2ef37ceb47978600b9dde58290d3', 'admin_state_up': True, 'mtu': 8950, 'status': 'ACTIVE', 'subnets': [], 'shared': False, 'port_security_enabled': True, 'router:external': False, 'provider:network_type': 'vlan', 'provider:physical_network': 'default', 'provider:segmentation_id': 175, 'availability_zone_hints': [], 'availability_zones': [], 'ipv4_address_scope': None, 'ipv6_address_scope': None, 'description': '', 'tags': [], 'created_at': '2025-11-29T15:18:53Z', 'updated_at': '2025-11-29T15:18:53Z', 'revision_number': 1}, Subnet: {'id': '72d8afdb-fe0b-4405-ac20-c75b2a0a5920', 'name': 'tempest-ServerGroupTestJSON-355489326-subnet', 'tenant_id': '98ad2ef37ceb47978600b9dde58290d3', 'network_id': '9feff5a7-5cde-46c6-948d-69331fb94612', 'ip_version': 4, 'subnetpool_id': None, 'enable_dhcp': True, 'ipv6_ra_mode': None, 'ipv6_address_mode': None, 'gateway_ip': '192.168.128.1', 'cidr': '192.168.128.0/28', 'allocation_pools': [{'start': '192.168.128.2', 'end': '192.168.128.14'}], 'host_routes': [], 'dns_nameservers': [], 'description': '', 'router:external': False, 'service_types': [], 'tags': [], 'created_at': '2025-11-29T15:18:54Z', 'updated_at': '2025-11-29T15:18:54Z', 'revision_number': 0, 'project_id': '98ad2ef37ceb47978600b9dde58290d3'}, Router: {'id': '4709b9d4-1439-4ad7-849d-2d58aac555f0', 'name': 'tempest-ServerGroupTestJSON-355489326-router', 'tenant_id': '98ad2ef37ceb47978600b9dde58290d3', 'admin_state_up': True, 'status': 'ACTIVE', 'external_gateway_info': {'network_id': '84ad802f-abb3-4dde-bed6-200e20578487', 'external_fixed_ips': [{'subnet_id': 'e039ede4-1fe3-4eb0-9e2d-15e030144dc8', 'ip_address': '10.180.180.252'}], 'enable_snat': True}, 'description': '', 'availability_zones': [], 'distributed': False, 'ha': False, 'availability_zone_hints': [], 'routes': [], 'flavor_id': None, 'tags': [], 'created_at': '2025-11-29T15:18:54Z', 'updated_at': '2025-11-29T15:18:55Z', 'revision_number': 2, 'project_id': '98ad2ef37ceb47978600b9dde58290d3'}
2025-11-29 15:18:57.254 65740 INFO tempest.lib.common.rest_client [req-e6a5a3ca-0176-44c4-923a-8719302ec550 req-e6a5a3ca-0176-44c4-923a-8719302ec550 ] Request (ServersTestMultiNic:test_verify_duplicate_network_nics): 200 GET http://10.180.1.21/compute/v2.1/servers/f6fa0f0f-61f5-471e-a4a9-891d89598fab 7.050s
2025-11-29 15:18:57.281 65768 INFO tempest.lib.common.rest_client [req-133e14b5-0aab-4d49-b75a-86c0f5d40b38 req-133e14b5-0aab-4d49-b75a-86c0f5d40b38 ] Request (ServerGroupTestJSON:setUpClass): 201 POST http://10.180.1.21/identity/v3/auth/tokens 0.118s
2025-11-29 15:18:57.327 65744 INFO tempest.lib.common.rest_client [req-59bc8596-843a-4f6f-90e2-8a16a6bc12a8 req-59bc8596-843a-4f6f-90e2-8a16a6bc12a8 ] Request (ServerRescueNegativeTestJSON:setUpClass): 200 GET http://10.180.1.21/compute/v2.1/servers/b6c00831-fece-4c68-8678-5deba932f4ec 6.738s
2025-11-29 15:18:57.605 65716 INFO tempest.lib.common.rest_client [req-be0d43b9-9786-4f2b-aa28-193f0befd914 req-be0d43b9-9786-4f2b-aa28-193f0befd914 ] Request (ListServerFiltersTestJSON:test_list_servers_detailed_filter_by_server_name): 200 GET http://10.180.1.21/compute/v2.1/servers/detail?name=tempest-ListServerFiltersTestJSON-instance-379940023 7.376s
2025-11-29 15:18:57.690 65742 INFO tempest.lib.common.rest_client [req-50f231cb-baef-461c-97ff-0c7d7509e6f8 req-50f231cb-baef-461c-97ff-0c7d7509e6f8 ] Request (ImagesOneServerTestJSON:setUpClass): 200 GET http://10.180.1.21/compute/v2.1/servers/2b5b5afa-3971-46d4-85bf-81bf3332afcd 4.998s
2025-11-29 15:18:57.858 65736 INFO tempest.lib.common.rest_client [req-c96ef64d-a9f6-4a47-8b71-81757fa4cfc8 req-c96ef64d-a9f6-4a47-8b71-81757fa4cfc8 ] Request (SecurityGroupsTestJSON:test_list_security_groups_by_server): 202 POST http://10.180.1.21/compute/v2.1/servers/b6b71155-ec6f-4bf6-8fa4-01e8d5ca3759/action 5.874s
2025-11-29 15:18:58.009 65752 INFO tempest.lib.common.rest_client [req-2c6406c2-7350-4043-af2f-b1c2583e6b1f req-2c6406c2-7350-4043-af2f-b1c2583e6b1f ] Request (TenantUsagesTestJSON:test_get_usage_tenant): 200 GET http://10.180.1.21/compute/v2.1/os-simple-tenant-usage/406ce8cfc3304701b4268e47548da904?start=2025-11-28T15%3A18%3A53.375433&end=2025-11-30T15%3A18%3A53.375433 4.629s
2025-11-29 15:18:58.160 65759 INFO tempest.lib.common.rest_client [req-f3e064fd-9d95-4a2b-a195-c95a814ee30f req-f3e064fd-9d95-4a2b-a195-c95a814ee30f ] Request (ServerRescueTestJSONUnderV235:test_rescued_vm_add_remove_security_group): 200 POST http://10.180.1.21/compute/v2.1/os-security-groups 3.554s
2025-11-29 15:18:58.234 65724 INFO tempest.lib.common.rest_client [req-486c4065-7848-4196-8c1c-fad53df980dc req-486c4065-7848-4196-8c1c-fad53df980dc ] Request (ImagesOneServerNegativeTestJSON:setUpClass): 202 POST http://10.180.1.21/compute/v2.1/servers 5.181s
2025-11-29 15:18:58.257 65738 INFO tempest.lib.common.rest_client [req-06f05b08-3b02-4f7a-8b04-df25a46e8984 req-06f05b08-3b02-4f7a-8b04-df25a46e8984 ] Request (ValidationResourcesFixture:setUp): 201 POST http://10.180.1.21/compute/v2.1/os-keypairs 3.576s
2025-11-29 15:18:58.271 65712 INFO tempest.lib.common.rest_client [req-197b748c-ffde-4d3f-9206-488ed2875b50 req-197b748c-ffde-4d3f-9206-488ed2875b50 ] Request (ServerMetadataTestJSON:test_update_metadata_empty_body): 200 GET http://10.180.1.21/compute/v2.1/servers/bdc90ace-3b9c-4986-8b99-7e286d91394a/metadata 3.230s
2025-11-29 15:18:58.322 65764 INFO tempest.lib.common.rest_client [req-07bea82e-de15-45f2-8e4a-d61f3e6a69c4 req-07bea82e-de15-45f2-8e4a-d61f3e6a69c4 ] Request (ImagesTestJSON:test_create_image_from_suspended_server): 200 GET http://10.180.1.21/compute/v2.1/servers/eeb3f3ba-239f-4a9c-9a73-0f1537697691 2.690s
2025-11-29 15:18:58.340 65730 INFO tempest.lib.common.rest_client [req-58b18065-02ec-44bb-9f18-d7c6b2186562 req-58b18065-02ec-44bb-9f18-d7c6b2186562 ] Request (ServerAddressesTestJSON:setUpClass): 200 GET http://10.180.1.21/compute/v2.1/servers/89625b40-ee1c-4981-b182-64fdcbfad1cc 2.420s
2025-11-29 15:18:58.361 65746 INFO tempest.lib.common.rest_client [req-50b86062-0a71-405c-80bf-9e6635ad9054 req-50b86062-0a71-405c-80bf-9e6635ad9054 ] Request (DeleteServersAdminTestJSON:tearDownClass): 404 DELETE http://10.180.1.21/compute/v2.1/servers/3935e742-73de-49eb-9411-759fe02cd40f 2.354s
2025-11-29 15:18:58.394 65750 INFO tempest.lib.common.rest_client [req-40e34a18-16f6-4667-bb43-a7bffaa3e4a3 req-40e34a18-16f6-4667-bb43-a7bffaa3e4a3 ] Request (VolumesNegativeTest:test_create_volume_with_invalid_size): 400 POST http://10.180.1.21/compute/v2.1/os-volumes 2.120s
