2025-11-29 15:17:47.288 65736 INFO tempest.lib.common.rest_client [req-d5d5f884-44f1-4654-86c3-41646fca1caa req-d5d5f884-44f1-4654-86c3-41646fca1caa ] Request (ServerDiagnosticsV248Test:tearDownClass): 204 DELETE http://10.180.1.21/identity/v3/projects/154a075c3cac459ea72d5c2d47f9b32b 0.104s
2025-11-29 15:17:47.289 65736 INFO tempest.lib.common.dynamic_creds [-] Deleting project and security group for project: 760aac1458c5437e8115181f68481507
2025-11-29 15:17:47.310 65754 INFO tempest.lib.common.rest_client [req-512305f3-ae12-489c-8c8e-61c19015c39b req-512305f3-ae12-489c-8c8e-61c19015c39b ] Request (VolumesAssistedSnapshotsTest:test_volume_assisted_snapshot_create_delete): 200 GET http://10.180.1.21/compute/v2.1/servers/04cbc862-2fcf-47af-ac2a-e0d619b56675/os-interface 6.067s
2025-11-29 15:17:47.354 65760 INFO tempest.lib.common.rest_client [req-3a348059-ddf4-433e-a2ae-9ac8578f300c req-3a348059-ddf4-433e-a2ae-9ac8578f300c ] Request (KeyPairsNegativeTestJSON:test_create_keypair_invalid_name): 400 POST http://10.180.1.21/compute/v2.1/os-keypairs 6.074s
2025-11-29 15:17:47.433 65736 INFO tempest.lib.common.rest_client [req-7c6dd468-30bf-4ee9-8474-2d95f7c18c31 req-7c6dd468-30bf-4ee9-8474-2d95f7c18c31 ] Request (ServerDiagnosticsV248Test:tearDownClass): 200 GET http://10.180.1.21/networking/v2.0/security-groups?tenant_id=760aac1458c5437e8115181f68481507&name=default 0.144s
2025-11-29 15:17:47.446 65720 INFO tempest.lib.common.rest_client [req-74c1e19b-2d54-4cf7-8b81-c658206634e5 req-74c1e19b-2d54-4cf7-8b81-c658206634e5 ] Request (MultipleCreateTestJSON:_run_cleanups): 204 DELETE http://10.180.1.21/compute/v2.1/servers/3da88588-b21e-45d9-a5fb-0c3ac1087622 6.040s
2025-11-29 15:17:47.576 65740 INFO tempest.lib.common.rest_client [req-161282c7-df57-47c6-a518-c8f51a191cf7 req-161282c7-df57-47c6-a518-c8f51a191cf7 ] Request (SecurityGroupsNegativeTestJSON:setUpClass): 201 POST http://10.180.1.21/networking/v2.0/routers 0.903s
2025-11-29 15:17:47.853 65736 INFO tempest.lib.common.rest_client [req-1ce4511f-7fa4-4a58-8fc4-d44e388df6aa req-1ce4511f-7fa4-4a58-8fc4-d44e388df6aa ] Request (ServerDiagnosticsV248Test:tearDownClass): 204 DELETE http://10.180.1.21/networking/v2.0/security-groups/9455754e-4b5b-44a6-aff5-9fa46b52d869 0.419s
2025-11-29 15:17:47.997 65736 INFO tempest.lib.common.rest_client [req-c814880b-c91a-4765-95e8-5421a1a0f963 req-c814880b-c91a-4765-95e8-5421a1a0f963 ] Request (ServerDiagnosticsV248Test:tearDownClass): 204 DELETE http://10.180.1.21/identity/v3/projects/760aac1458c5437e8115181f68481507 0.143s
2025-11-29 15:17:48.078 65736 INFO tempest.lib.common.rest_client [req-1d03c163-e095-4ba3-9f39-c1a08b470735 req-1d03c163-e095-4ba3-9f39-c1a08b470735 ] Request (AbsoluteLimitsNegativeTestJSON:setUpClass): 201 POST http://10.180.1.21/identity/v3/auth/tokens 0.079s
2025-11-29 15:17:48.116 65736 INFO tempest.lib.common.rest_client [req-539cbd62-f35c-441a-b561-8c5124619072 req-539cbd62-f35c-441a-b561-8c5124619072 ] Request (AbsoluteLimitsNegativeTestJSON:setUpClass): 201 POST http://10.180.1.21/identity/v3/auth/tokens 0.035s
2025-11-29 15:17:48.148 65736 INFO tempest.lib.common.rest_client [req-a92d6ae2-dc75-4c18-bc2b-587304182278 req-a92d6ae2-dc75-4c18-bc2b-587304182278 ] Request (AbsoluteLimitsNegativeTestJSON:setUpClass): 200 GET http://10.180.1.21/identity/v3/domains?name=Default 0.031s
2025-11-29 15:17:48.178 65724 INFO tempest.lib.common.rest_client [req-0bd0cbff-868a-49ce-aaab-4f5e0beaba56 req-0bd0cbff-868a-49ce-aaab-4f5e0beaba56 ] Request (VolumesAdminNegativeTest:tearDownClass): 404 GET http://10.180.1.21/volume/v3/volumes/a9baa411-3836-4df4-b9b5-5bd6c771658e 0.019s
2025-11-29 15:17:48.190 65736 INFO tempest.lib.common.rest_client [req-60d78f95-8c50-41ca-889f-038dcea19a01 req-60d78f95-8c50-41ca-889f-038dcea19a01 ] Request (AbsoluteLimitsNegativeTestJSON:setUpClass): 201 POST http://10.180.1.21/identity/v3/projects 0.042s
2025-11-29 15:17:48.296 65736 INFO tempest.lib.common.rest_client [req-8800d1a9-e601-4315-a54b-4758fe8e07ed req-8800d1a9-e601-4315-a54b-4758fe8e07ed ] Request (AbsoluteLimitsNegativeTestJSON:setUpClass): 201 POST http://10.180.1.21/identity/v3/users 0.105s
2025-11-29 15:17:48.329 65736 INFO tempest.lib.common.rest_client [req-af3e1e7e-c6eb-48cd-9efb-32f3a18285e3 req-af3e1e7e-c6eb-48cd-9efb-32f3a18285e3 ] Request (AbsoluteLimitsNegativeTestJSON:setUpClass): 200 GET http://10.180.1.21/identity/v3/roles 0.032s
2025-11-29 15:17:48.374 65736 INFO tempest.lib.common.rest_client [req-7ec36a75-7e16-4efb-be4b-7496edabf278 req-7ec36a75-7e16-4efb-be4b-7496edabf278 ] Request (AbsoluteLimitsNegativeTestJSON:setUpClass): 204 PUT http://10.180.1.21/identity/v3/projects/b8c256af83364cf0a6acaff14beaddd5/users/f2aa5524540d46bda015615a8745cf3f/roles/1d93669ec8b747e290ddccba0974d75e 0.045s
2025-11-29 15:17:48.375 65736 INFO tempest.lib.common.dynamic_creds [-] Dynamic test user f2aa5524540d46bda015615a8745cf3f is created with scope project and roles: ['member']
2025-11-29 15:17:48.375 65736 INFO tempest.lib.common.dynamic_creds [-] Acquired dynamic creds: credentials: Credentials: {'domain_id': 'default', 'domain_name': 'Default', 'username': 'tempest-AbsoluteLimitsNegativeTestJSON-648918432-project-member', 'project_domain_id': 'default', 'project_domain_name': 'Default', 'project_id': 'b8c256af83364cf0a6acaff14beaddd5', 'project_name': 'tempest-AbsoluteLimitsNegativeTestJSON-648918432', 'tenant_id': 'b8c256af83364cf0a6acaff14beaddd5', 'tenant_name': 'tempest-AbsoluteLimitsNegativeTestJSON-648918432', 'user_domain_id': 'default', 'user_domain_name': 'Default', 'user_id': 'f2aa5524540d46bda015615a8745cf3f', 'system': None}, Network: None, Subnet: None, Router: None
2025-11-29 15:17:48.375 65736 INFO tempest.lib.common.dynamic_creds [-] Created isolated network resources for: credentials: Credentials: {'domain_id': 'default', 'domain_name': 'Default', 'username': 'tempest-AbsoluteLimitsNegativeTestJSON-648918432-project-member', 'project_domain_id': 'default', 'project_domain_name': 'Default', 'project_id': 'b8c256af83364cf0a6acaff14beaddd5', 'project_name': 'tempest-AbsoluteLimitsNegativeTestJSON-648918432', 'tenant_id': 'b8c256af83364cf0a6acaff14beaddd5', 'tenant_name': 'tempest-AbsoluteLimitsNegativeTestJSON-648918432', 'user_domain_id': 'default', 'user_domain_name': 'Default', 'user_id': 'f2aa5524540d46bda015615a8745cf3f', 'system': None}, Network: None, Subnet: None, Router: None
2025-11-29 15:17:48.459 65736 INFO tempest.lib.common.rest_client [req-b980d6fa-6c62-49db-a432-e84cc4653d80 req-b980d6fa-6c62-49db-a432-e84cc4653d80 ] Request (AbsoluteLimitsNegativeTestJSON:setUpClass): 201 POST http://10.180.1.21/identity/v3/auth/tokens 0.078s
2025-11-29 15:17:48.531 65754 INFO tempest.lib.common.rest_client [req-2ff4d009-894b-4681-acff-c6cc2ee7a030 req-2ff4d009-894b-4681-acff-c6cc2ee7a030 ] Request (VolumesAssistedSnapshotsTest:test_volume_assisted_snapshot_create_delete): 200 PUT http://10.180.1.21/networking/v2.0/floatingips/4ab0dfef-de55-4933-b729-d0b0d54d9ad6 1.219s
2025-11-29 15:17:48.533 65754 INFO tempest.lib.common.ssh [-] Creating ssh connection to '10.180.180.219:22' as 'cirros' with public key authentication
2025-11-29 15:17:48.898 65740 INFO tempest.lib.common.rest_client [req-afc8b91c-b995-4779-97e4-841d0aad2d74 req-afc8b91c-b995-4779-97e4-841d0aad2d74 ] Request (SecurityGroupsNegativeTestJSON:setUpClass): 200 PUT http://10.180.1.21/networking/v2.0/routers/9ed68d55-f5ee-46d2-a0a2-4e9b88400762/add_router_interface 1.322s
2025-11-29 15:17:48.899 65740 INFO tempest.lib.common.dynamic_creds [-] Created isolated network resources for: credentials: Credentials: {'domain_id': 'default', 'domain_name': 'Default', 'username': 'tempest-SecurityGroupsNegativeTestJSON-1683046662-project-member', 'project_domain_id': 'default', 'project_domain_name': 'Default', 'project_id': 'bae26037b53040e9bc3830dd96ef4785', 'project_name': 'tempest-SecurityGroupsNegativeTestJSON-1683046662', 'tenant_id': 'bae26037b53040e9bc3830dd96ef4785', 'tenant_name': 'tempest-SecurityGroupsNegativeTestJSON-1683046662', 'user_domain_id': 'default', 'user_domain_name': 'Default', 'user_id': '46508ce521e44da7b6b4d4040b6fc01e', 'system': None}, Network: {'id': 'dccd27bd-8392-478c-b974-c5aed61ba4b6', 'name': 'tempest-SecurityGroupsNegativeTestJSON-2033203365-network', 'tenant_id': 'bae26037b53040e9bc3830dd96ef4785', 'project_id': 'bae26037b53040e9bc3830dd96ef4785', 'admin_state_up': True, 'mtu': 8950, 'status': 'ACTIVE', 'subnets': [], 'shared': False, 'port_security_enabled': True, 'router:external': False, 'provider:network_type': 'vlan', 'provider:physical_network': 'default', 'provider:segmentation_id': 263, 'availability_zone_hints': [], 'availability_zones': [], 'ipv4_address_scope': None, 'ipv6_address_scope': None, 'description': '', 'tags': [], 'created_at': '2025-11-29T15:17:46Z', 'updated_at': '2025-11-29T15:17:46Z', 'revision_number': 1}, Subnet: {'id': '239610f3-3580-40cc-bca3-02b192c699f2', 'name': 'tempest-SecurityGroupsNegativeTestJSON-2033203365-subnet', 'tenant_id': 'bae26037b53040e9bc3830dd96ef4785', 'network_id': 'dccd27bd-8392-478c-b974-c5aed61ba4b6', 'ip_version': 4, 'subnetpool_id': None, 'enable_dhcp': True, 'ipv6_ra_mode': None, 'ipv6_address_mode': None, 'gateway_ip': '192.168.128.1', 'cidr': '192.168.128.0/28', 'allocation_pools': [{'start': '192.168.128.2', 'end': '192.168.128.14'}], 'host_routes': [], 'dns_nameservers': [], 'description': '', 'router:external': False, 'service_types': [], 'tags': [], 'created_at': '2025-11-29T15:17:46Z', 'updated_at': '2025-11-29T15:17:46Z', 'revision_number': 0, 'project_id': 'bae26037b53040e9bc3830dd96ef4785'}, Router: {'id': '9ed68d55-f5ee-46d2-a0a2-4e9b88400762', 'name': 'tempest-SecurityGroupsNegativeTestJSON-2033203365-router', 'tenant_id': 'bae26037b53040e9bc3830dd96ef4785', 'admin_state_up': True, 'status': 'ACTIVE', 'external_gateway_info': {'network_id': '84ad802f-abb3-4dde-bed6-200e20578487', 'external_fixed_ips': [{'subnet_id': 'e039ede4-1fe3-4eb0-9e2d-15e030144dc8', 'ip_address': '10.180.180.245'}], 'enable_snat': True}, 'description': '', 'availability_zones': [], 'distributed': False, 'ha': False, 'availability_zone_hints': [], 'routes': [], 'flavor_id': None, 'tags': [], 'created_at': '2025-11-29T15:17:46Z', 'updated_at': '2025-11-29T15:17:47Z', 'revision_number': 2, 'project_id': 'bae26037b53040e9bc3830dd96ef4785'}
2025-11-29 15:17:48.969 65730 INFO tempest.lib.common.rest_client [req-64d46289-1978-4045-99b2-34c727489597 req-64d46289-1978-4045-99b2-34c727489597 ] Request (ServerExternalEventsTest:test_create_server_external_events): 200 GET http://10.180.1.21/compute/v2.1/servers/3b48e5d1-0d0d-48e5-b688-ffb9159c22d6 7.205s
2025-11-29 15:17:49.041 65740 INFO tempest.lib.common.rest_client [req-93ddfe81-7725-44f3-a8c3-ef130d6dc61c req-93ddfe81-7725-44f3-a8c3-ef130d6dc61c ] Request (SecurityGroupsNegativeTestJSON:setUpClass): 201 POST http://10.180.1.21/identity/v3/auth/tokens 0.137s
2025-11-29 15:17:49.134 65734 INFO tempest.lib.common.rest_client [req-070a95f2-605a-46d0-b9fe-5c282577b4d4 req-070a95f2-605a-46d0-b9fe-5c282577b4d4 ] Request (FlavorsV255TestJSON:test_crud_flavor): 200 POST http://10.180.1.21/compute/v2.1/flavors 7.091s
2025-11-29 15:17:49.233 65714 INFO tempest.lib.common.rest_client [req-d2dd3f1c-6f4b-4a25-bbd8-93cc1fb18626 req-d2dd3f1c-6f4b-4a25-bbd8-93cc1fb18626 ] Request (ServerDiagnosticsNegativeTest:tearDownClass): 204 DELETE http://10.180.1.21/compute/v2.1/servers/416084c6-514d-44db-823c-22489a3cb064 7.183s
2025-11-29 15:17:49.263 65762 INFO tempest.lib.common.rest_client [req-e0f62bc9-792e-4d25-ac5b-166b7eadc928 req-e0f62bc9-792e-4d25-ac5b-166b7eadc928 ] Request (FloatingIPsAssociationTestJSON:test_associate_already_associated_floating_ip): 202 POST http://10.180.1.21/compute/v2.1/servers 7.892s
2025-11-29 15:17:49.489 65718 INFO tempest.lib.common.rest_client [req-52e2ed49-4bef-43c2-824b-f753e119f5f1 req-52e2ed49-4bef-43c2-824b-f753e119f5f1 ] Request (AttachInterfacesTestJSON:test_create_list_show_delete_interfaces_by_fixed_ip): 200 GET http://10.180.1.21/compute/v2.1/servers/f2d92dd2-9fbc-47c5-a8c0-e042dbe7dfea 6.976s
2025-11-29 15:17:49.499 65718 INFO tempest.common.waiters [-] State transition "BUILD/spawning" ==> "ACTIVE/None" after 24 second wait
2025-11-29 15:17:49.703 65768 INFO tempest.lib.common.rest_client [req-28916f78-10db-45d2-9065-df51e4058bdd req-28916f78-10db-45d2-9065-df51e4058bdd ] Request (ServersAdmin275Test:_run_cleanups): 200 GET http://10.180.1.21/compute/v2.1/servers/0eb69d74-f946-4130-af4b-cd968d789639 6.764s
2025-11-29 15:17:49.879 65716 INFO tempest.lib.common.rest_client [req-2c2f83df-d8d1-4a26-8a29-eb6d15d42f37 req-2c2f83df-d8d1-4a26-8a29-eb6d15d42f37 ] Request (ListServerFiltersTestJSON:setUpClass): 202 POST http://10.180.1.21/compute/v2.1/servers 7.773s
2025-11-29 15:17:49.995 65716 INFO tempest.lib.common.rest_client [req-cd744b44-d0fd-4b51-974c-4414ac3e8a34 req-cd744b44-d0fd-4b51-974c-4414ac3e8a34 ] Request (ListServerFiltersTestJSON:setUpClass): 201 POST http://10.180.1.21/identity/v3/auth/tokens 0.112s
2025-11-29 15:17:49.996 65716 INFO tempest.lib.common.fixed_network [-] (ListServerFiltersTestJSON:setUpClass) Found network {'id': '1f43b8e6-1989-4eaa-9eb8-ebc4772f118b', 'name': 'tempest-ListServerFiltersTestJSON-803804748-network', 'tenant_id': '238ca29b40c04c37960c7a7f67f7400b', 'project_id': '238ca29b40c04c37960c7a7f67f7400b', 'admin_state_up': True, 'mtu': 8950, 'status': 'ACTIVE', 'subnets': [], 'shared': False, 'port_security_enabled': True, 'router:external': False, 'provider:network_type': 'vlan', 'provider:physical_network': 'default', 'provider:segmentation_id': 935, 'availability_zone_hints': [], 'availability_zones': [], 'ipv4_address_scope': None, 'ipv6_address_scope': None, 'description': '', 'tags': [], 'created_at': '2025-11-29T15:17:31Z', 'updated_at': '2025-11-29T15:17:31Z', 'revision_number': 1} available for tenant
2025-11-29 15:17:50.177 65756 INFO tempest.lib.common.rest_client [req-f08751ef-c45b-4b27-b8ed-814820bcaf95 req-f08751ef-c45b-4b27-b8ed-814820bcaf95 ] Request (ListImageFiltersTestJSON:setUpClass): 200 GET http://10.180.1.21/compute/v2.1/servers/1670ca54-90a7-4bd0-b4b5-0d036703c3f0 6.767s
2025-11-29 15:17:50.200 65742 INFO tempest.lib.common.rest_client [req-5e9100a6-30fb-4298-b934-f67b7c018809 req-5e9100a6-30fb-4298-b934-f67b7c018809 ] Request (HypervisorAdminTestJSON:test_get_hypervisor_show_details): 200 GET http://10.180.1.21/compute/v2.1/os-hypervisors 5.836s
2025-11-29 15:17:50.787 65722 INFO tempest.lib.common.rest_client [req-002cd89e-453c-4f91-99e1-acda374e24ea req-002cd89e-453c-4f91-99e1-acda374e24ea ] Request (SecurityGroupRulesTestJSON:test_security_group_rules_create): 200 POST http://10.180.1.21/compute/v2.1/os-security-group-rules 7.224s
2025-11-29 15:17:50.792 65748 INFO tempest.lib.common.rest_client [req-84641d4e-22dd-46da-bd52-fa79bcdb2ef3 req-84641d4e-22dd-46da-bd52-fa79bcdb2ef3 ] Request (AggregatesAdminNegativeTestJSON:test_aggregate_create_aggregate_name_length_exceeds_255): 400 POST http://10.180.1.21/compute/v2.1/os-aggregates 5.472s
2025-11-29 15:17:50.805 65744 INFO tempest.lib.common.rest_client [req-6d80d1c3-f702-427b-9900-a6df5264b5f9 req-6d80d1c3-f702-427b-9900-a6df5264b5f9 ] Request (HostsAdminNegativeTestJSON:test_update_host_with_non_admin_user): 403 PUT http://10.180.1.21/compute/v2.1/os-hosts/devstack 5.477s
2025-11-29 15:17:51.105 65746 INFO tempest.lib.common.rest_client [req-1f07071a-00c0-4625-9be6-bc88741c7e0b req-1f07071a-00c0-4625-9be6-bc88741c7e0b ] Request (DeleteServersAdminTestJSON:test_delete_server_while_in_error_state): 200 GET http://10.180.1.21/compute/v2.1/servers/d2fc40f1-d905-4828-9e81-5bac0abb5d24 5.769s
2025-11-29 15:17:51.112 65746 INFO tempest.common.waiters [-] State transition "BUILD/None" ==> "BUILD/spawning" after 7 second wait
2025-11-29 15:17:51.520 65759 INFO tempest.lib.common.rest_client [req-494406d2-87c1-4ab3-994b-75bafcff43a8 req-494406d2-87c1-4ab3-994b-75bafcff43a8 ] Request (ServerRescueTestJSONUnderV235:setUpClass): 202 POST http://10.180.1.21/compute/v2.1/servers 6.793s
2025-11-29 15:17:52.118 65732 INFO tempest.lib.common.rest_client [req-686daeb7-acf9-4be0-a93d-fd426d406f40 req-686daeb7-acf9-4be0-a93d-fd426d406f40 ] Request (MigrationsAdminTest:test_list_migrations_in_flavor_resize_situation): 200 GET http://10.180.1.21/compute/v2.1/servers/41cfb0e3-a894-4221-8e3f-50191f61bc1e 5.821s
2025-11-29 15:17:52.127 65732 INFO tempest.common.waiters [-] State transition "RESIZE/resize_migrating" ==> "RESIZE/resize_migrated" after 15 second wait
2025-11-29 15:17:52.228 65728 INFO tempest.lib.common.rest_client [req-e6688780-99c3-4ea8-8eb3-df664d94f9da req-e6688780-99c3-4ea8-8eb3-df664d94f9da ] Request (ServersAdminTestJSON:setUpClass): 202 POST http://10.180.1.21/compute/v2.1/servers 5.969s
2025-11-29 15:17:52.259 65772 INFO tempest.lib.common.rest_client [req-4e5dadc4-c7d7-4574-af5f-857b3e34d776 req-4e5dadc4-c7d7-4574-af5f-857b3e34d776 ] Request (VolumesSnapshotsTestJSON:_run_cleanups): 404 GET http://10.180.1.21/compute/v2.1/os-volumes/a87c5b52-4c26-4d57-8f78-78086555e702 5.828s
2025-11-29 15:17:52.303 65752 INFO tempest.lib.common.rest_client [req-9ad3ae3d-cf18-4153-8b18-ef014519c8b8 req-9ad3ae3d-cf18-4153-8b18-ef014519c8b8 ] Request (QuotasAdminNegativeTest:test_create_server_when_memory_quota_is_full): 200 PUT http://10.180.1.21/compute/v2.1/os-quota-sets/407899d7e063445e98572b8445f26547 5.956s
2025-11-29 15:17:52.328 65766 INFO tempest.lib.common.rest_client [req-e7298657-85ea-4b9f-a9ce-e4c86cf80b52 req-e7298657-85ea-4b9f-a9ce-e4c86cf80b52 ] Request (KeyPairsV22TestJSON:_run_cleanups): 204 DELETE http://10.180.1.21/compute/v2.1/os-keypairs/tempest-KeyPairsV22TestJSON-keypair-1461303420 5.869s
2025-11-29 15:17:52.356 65774 INFO tempest.lib.common.rest_client [req-1de5cfe5-baaf-4fb5-a07d-afc7239bab4c req-1de5cfe5-baaf-4fb5-a07d-afc7239bab4c ] Request (FlavorsAdminTestJSON:test_create_flavor_with_uuid_id): 200 POST http://10.180.1.21/compute/v2.1/flavors 5.843s
2025-11-29 15:17:52.378 65771 INFO tempest.lib.common.rest_client [req-9f531b59-60b7-498e-aed1-6ca56c5c63bf req-9f531b59-60b7-498e-aed1-6ca56c5c63bf ] Request (FlavorsAccessNegativeTestJSON:_run_cleanups): 202 DELETE http://10.180.1.21/compute/v2.1/flavors/896245390 5.818s
2025-11-29 15:17:52.404 65752 INFO tempest.lib.common.rest_client [req-e70d7b8b-2500-4dec-814d-1527a6751e7c req-e70d7b8b-2500-4dec-814d-1527a6751e7c ] Request (QuotasAdminNegativeTest:test_create_server_when_memory_quota_is_full): 201 POST http://10.180.1.21/identity/v3/auth/tokens 0.093s
2025-11-29 15:17:52.404 65752 INFO tempest.lib.common.fixed_network [-] (QuotasAdminNegativeTest:test_create_server_when_memory_quota_is_full) Found network None available for tenant
2025-11-29 15:17:52.656 65764 INFO tempest.lib.common.rest_client [req-f8b2c8cb-5ef9-45eb-aedb-66f8e87d3510 req-f8b2c8cb-5ef9-45eb-aedb-66f8e87d3510 ] Request (ImagesTestJSON:test_create_image_from_stopped_server): 200 GET http://10.180.1.21/compute/v2.1/servers/62683535-35f8-434e-9c78-c0ef1aef0193 6.004s
2025-11-29 15:17:52.669 65726 INFO tempest.lib.common.rest_client [req-222e4ef3-4506-4da9-bc28-ff84da020f8f req-222e4ef3-4506-4da9-bc28-ff84da020f8f ] Request (KeyPairsV2TestJSON:test_get_keypair_detail): 200 GET http://10.180.1.21/compute/v2.1/os-keypairs/tempest-keypair-942450298 5.486s
2025-11-29 15:17:52.718 65750 INFO tempest.lib.common.rest_client [req-c14137ff-367e-4b9f-82e8-f0f420681298 req-c14137ff-367e-4b9f-82e8-f0f420681298 ] Request (FloatingIPsAssociationNegativeTestJSON:test_associate_ip_to_server_with_floating_ip): 400 POST http://10.180.1.21/compute/v2.1/servers/7e2223c6-e409-4eaa-a7d0-8dc3e4ebdde7/action 6.273s
2025-11-29 15:17:52.774 65760 INFO tempest.lib.common.rest_client [req-0b2a36dd-6478-41e3-b3d7-d1da08d04f3d req-0b2a36dd-6478-41e3-b3d7-d1da08d04f3d ] Request (KeyPairsNegativeTestJSON:test_create_keypair_when_public_key_bits_exceeds_maximum): 400 POST http://10.180.1.21/compute/v2.1/os-keypairs 5.417s
2025-11-29 15:17:52.787 65738 INFO tempest.lib.common.rest_client [req-0e638b26-e4c6-4f1a-bb33-61308394d202 req-0e638b26-e4c6-4f1a-bb33-61308394d202 ] Request (ServerDiagnosticsTest:tearDownClass): 204 DELETE http://10.180.1.21/compute/v2.1/servers/b4a6b119-241d-4e8e-929a-5e5d8a2ee113 5.548s
2025-11-29 15:17:53.016 65720 INFO tempest.lib.common.rest_client [req-8e6eab82-8977-47da-ab8f-54ce5a5c15e3 req-8e6eab82-8977-47da-ab8f-54ce5a5c15e3 ] Request (MultipleCreateTestJSON:_run_cleanups): 200 GET http://10.180.1.21/compute/v2.1/servers/746c150a-688f-43ab-b72b-5b5d60abdddb 5.570s
2025-11-29 15:17:53.115 65724 INFO tempest.lib.common.rest_client [req-1a798261-7018-4bfb-9992-ae73d6d3caa2 req-1a798261-7018-4bfb-9992-ae73d6d3caa2 ] Request (VolumesAdminNegativeTest:tearDownClass): 204 DELETE http://10.180.1.21/compute/v2.1/servers/70f6ce57-0091-42ea-9847-07f39f1d90ea 4.937s
2025-11-29 15:17:53.137 65712 INFO tempest.lib.common.rest_client [req-45ee86cd-a8c4-4732-9433-f2dbed756489 req-45ee86cd-a8c4-4732-9433-f2dbed756489 ] Request (ServerMetadataTestJSON:setUpClass): 200 GET http://10.180.1.21/compute/v2.1/servers/bdc90ace-3b9c-4986-8b99-7e286d91394a 5.271s
2025-11-29 15:17:53.145 65712 INFO tempest.common.waiters [-] State transition "BUILD/spawning" ==> "ACTIVE/None" after 25 second wait
2025-11-29 15:17:53.189 65736 INFO tempest.lib.common.rest_client [req-0cfec319-88b9-4f9b-95e4-cc95d0d5bd92 req-0cfec319-88b9-4f9b-95e4-cc95d0d5bd92 ] Request (AbsoluteLimitsNegativeTestJSON:test_max_metadata_exceed_limit): 200 GET http://10.180.1.21/compute/v2.1/limits 4.728s
2025-11-29 15:17:53.201 65740 INFO tempest.lib.common.rest_client [req-607ecfa0-cc9e-4967-b38d-daa656712863 req-607ecfa0-cc9e-4967-b38d-daa656712863 ] Request (SecurityGroupsNegativeTestJSON:test_delete_nonexistent_security_group): 404 DELETE http://10.180.1.21/compute/v2.1/os-security-groups/c40a2030-f9bf-45f0-a580-962b9217c2ce 4.158s
2025-11-29 15:17:53.237 65736 INFO tempest.lib.common.rest_client [req-32d60e99-cff5-4ef1-95fe-55e3799ea5c9 req-32d60e99-cff5-4ef1-95fe-55e3799ea5c9 ] Request (AbsoluteLimitsNegativeTestJSON:test_max_metadata_exceed_limit): 201 POST http://10.180.1.21/identity/v3/auth/tokens 0.040s
2025-11-29 15:17:53.240 65736 INFO tempest.lib.common.fixed_network [-] (AbsoluteLimitsNegativeTestJSON:test_max_metadata_exceed_limit) Found network None available for tenant
2025-11-29 15:17:53.305 65734 INFO tempest.lib.common.rest_client [req-0da96710-0333-4adb-93f5-f73110c27184 req-0da96710-0333-4adb-93f5-f73110c27184 ] Request (FlavorsV255TestJSON:test_crud_flavor): 200 GET http://10.180.1.21/compute/v2.1/flavors/1063243552 4.167s
2025-11-29 15:17:53.319 65714 INFO tempest.lib.common.rest_client [req-cf12970f-70f1-4c8f-a87a-bfc53999ea71 req-cf12970f-70f1-4c8f-a87a-bfc53999ea71 ] Request (ServerDiagnosticsNegativeTest:tearDownClass): 200 GET http://10.180.1.21/compute/v2.1/servers/416084c6-514d-44db-823c-22489a3cb064 4.085s
2025-11-29 15:17:53.427 65718 INFO tempest.lib.common.rest_client [req-bfe62b95-255f-4d3e-bffb-2493fd7d9774 req-bfe62b95-255f-4d3e-bffb-2493fd7d9774 ] Request (AttachInterfacesTestJSON:test_create_list_show_delete_interfaces_by_fixed_ip): 200 GET http://10.180.1.21/compute/v2.1/servers/f2d92dd2-9fbc-47c5-a8c0-e042dbe7dfea/os-interface 3.926s
2025-11-29 15:17:53.453 65762 INFO tempest.lib.common.rest_client [req-5df1de59-d8aa-4d34-8ff1-870b4d1cc958 req-5df1de59-d8aa-4d34-8ff1-870b4d1cc958 ] Request (FloatingIPsAssociationTestJSON:test_associate_already_associated_floating_ip): 200 GET http://10.180.1.21/compute/v2.1/servers/a33cd78c-248b-4a3c-8005-aa327a6268df 4.187s
2025-11-29 15:17:53.672 65754 WARNING tempest.lib.common.ssh [-] Failed to establish authenticated ssh connection to cirros@10.180.180.219 ([Errno None] Unable to connect to port 22 on 10.180.180.219). Number attempts: 1. Retry after 2 seconds.: paramiko.ssh_exception.NoValidConnectionsError: [Errno None] Unable to connect to port 22 on 10.180.180.219
2025-11-29 15:17:54.266 65718 INFO tempest.lib.common.rest_client [req-9b376206-524e-455e-beec-bd4b7ca4d5b7 req-9b376206-524e-455e-beec-bd4b7ca4d5b7 ] Request (AttachInterfacesTestJSON:test_create_list_show_delete_interfaces_by_fixed_ip): 200 PUT http://10.180.1.21/networking/v2.0/floatingips/2f076982-bc23-4f9c-88f8-7192301eb7d7 0.836s
2025-11-29 15:17:54.571 65730 INFO tempest.lib.common.rest_client [req-3aa4b12f-905a-46a2-9f6f-a9b573e0636d req-3aa4b12f-905a-46a2-9f6f-a9b573e0636d ] Request (ServerExternalEventsTest:test_create_server_external_events): 200 GET http://10.180.1.21/compute/v2.1/servers/3b48e5d1-0d0d-48e5-b688-ffb9159c22d6 4.593s
2025-11-29 15:17:54.584 65730 INFO tempest.common.waiters [-] State transition "BUILD/spawning" ==> "ACTIVE/None" after 24 second wait
2025-11-29 15:17:54.602 65742 INFO tempest.lib.common.rest_client [req-780cdec6-4869-4ae5-8b0a-2f5271ec971d req-780cdec6-4869-4ae5-8b0a-2f5271ec971d ] Request (HypervisorAdminTestJSON:test_get_hypervisor_show_details): 200 GET http://10.180.1.21/compute/v2.1/os-hypervisors/1 4.401s
2025-11-29 15:17:54.720 65768 INFO tempest.lib.common.rest_client [req-649b20cb-c086-47e3-a65a-bc634fa4e193 req-649b20cb-c086-47e3-a65a-bc634fa4e193 ] Request (ServersAdmin275Test:_run_cleanups): 200 GET http://10.180.1.21/compute/v2.1/servers/0eb69d74-f946-4130-af4b-cd968d789639 3.996s
2025-11-29 15:17:54.735 65768 INFO tempest.common.waiters [-] State transition "REBUILD/rebuild_spawning" ==> "ACTIVE/None" after 5 second wait
2025-11-29 15:17:54.922 65722 INFO tempest.lib.common.rest_client [req-b878fb41-4a7f-4755-9c3c-fcab8052c4e8 req-b878fb41-4a7f-4755-9c3c-fcab8052c4e8 ] Request (SecurityGroupRulesTestJSON:test_security_group_rules_create_with_optional_cidr): 200 POST http://10.180.1.21/compute/v2.1/os-security-groups 4.131s
2025-11-29 15:17:54.927 65748 INFO tempest.lib.common.rest_client [req-5c404a2e-5f93-4232-bf9d-857321c4e2cc req-5c404a2e-5f93-4232-bf9d-857321c4e2cc ] Request (AggregatesAdminNegativeTestJSON:test_aggregate_create_aggregate_name_length_less_than_1): 400 POST http://10.180.1.21/compute/v2.1/os-aggregates 4.133s
2025-11-29 15:17:54.933 65716 INFO tempest.lib.common.rest_client [req-06a95833-4ea9-4115-a376-d4608b486f25 req-06a95833-4ea9-4115-a376-d4608b486f25 ] Request (ListServerFiltersTestJSON:setUpClass): 202 POST http://10.180.1.21/compute/v2.1/servers 4.936s
2025-11-29 15:17:54.932 65744 INFO tempest.lib.common.rest_client [req-77f53af9-0e61-42b4-a091-7cc05fbf79a1 req-77f53af9-0e61-42b4-a091-7cc05fbf79a1 ] Request (HostsAdminNegativeTestJSON:test_update_host_without_param): 400 PUT http://10.180.1.21/compute/v2.1/os-hosts/devstack 4.122s
2025-11-29 15:17:54.988 65759 INFO tempest.lib.common.rest_client [req-f803c270-b8f5-4e54-a1df-5e30a764ec02 req-f803c270-b8f5-4e54-a1df-5e30a764ec02 ] Request (ServerRescueTestJSONUnderV235:setUpClass): 200 GET http://10.180.1.21/compute/v2.1/servers/48a6fee3-ed10-415d-8c5e-668a10ec330c 3.465s
2025-11-29 15:17:55.047 65756 INFO tempest.lib.common.rest_client [req-2cfceac5-e41e-46f2-8c27-87abd64c21b6 req-2cfceac5-e41e-46f2-8c27-87abd64c21b6 ] Request (ListImageFiltersTestJSON:setUpClass): 200 GET http://10.180.1.21/compute/v2.1/servers/1670ca54-90a7-4bd0-b4b5-0d036703c3f0 3.860s
2025-11-29 15:17:55.057 65756 INFO tempest.common.waiters [-] State transition "BUILD/None" ==> "BUILD/spawning" after 5 second wait
2025-11-29 15:17:55.141 65728 INFO tempest.lib.common.rest_client [req-ae8b0c51-bde7-43cd-9940-ea0af32be288 req-ae8b0c51-bde7-43cd-9940-ea0af32be288 ] Request (ServersAdminTestJSON:setUpClass): 200 GET http://10.180.1.21/compute/v2.1/servers/ff838523-d739-401b-9fac-0330eca64bf5 2.911s
2025-11-29 15:17:55.162 65746 INFO tempest.lib.common.rest_client [req-645c5120-d769-4e79-a2f8-7ac69e33be86 req-645c5120-d769-4e79-a2f8-7ac69e33be86 ] Request (DeleteServersAdminTestJSON:test_delete_server_while_in_error_state): 200 GET http://10.180.1.21/compute/v2.1/servers/d2fc40f1-d905-4828-9e81-5bac0abb5d24 3.049s
2025-11-29 15:17:55.168 65772 INFO tempest.lib.common.rest_client [req-4d3a6d95-52be-4774-be9b-40ea50b0701a req-4d3a6d95-52be-4774-be9b-40ea50b0701a ] Request (VolumesSnapshotsTestJSON:tearDownClass): 404 DELETE http://10.180.1.21/compute/v2.1/os-volumes/a87c5b52-4c26-4d57-8f78-78086555e702 2.903s
2025-11-29 15:17:55.184 65766 INFO tempest.lib.common.rest_client [req-7d7280b9-319e-4dc1-b937-f62ce5221181 req-7d7280b9-319e-4dc1-b937-f62ce5221181 ] Request (KeyPairsV22TestJSON:_run_cleanups): 204 DELETE http://10.180.1.21/compute/v2.1/os-keypairs/tempest-KeyPairsV22TestJSON-keypair-431585205 2.855s
2025-11-29 15:17:55.202 65774 INFO tempest.lib.common.rest_client [req-3b57b756-8c9d-4460-8a88-84b8441fd068 req-3b57b756-8c9d-4460-8a88-84b8441fd068 ] Request (FlavorsAdminTestJSON:_run_cleanups): 202 DELETE http://10.180.1.21/compute/v2.1/flavors/9532d20e-3034-491f-950d-0f602bc41a89 2.842s
2025-11-29 15:17:55.210 65771 INFO tempest.lib.common.rest_client [req-67a806de-027e-41d8-8629-1f3ee5401c9b req-67a806de-027e-41d8-8629-1f3ee5401c9b ] Request (FlavorsAccessNegativeTestJSON:_run_cleanups): 200 GET http://10.180.1.21/compute/v2.1/flavors/detail 2.830s
2025-11-29 15:17:55.426 65752 INFO tempest.lib.common.rest_client [req-15b281e2-2ca3-4394-9bd9-53fbfbd65d15 req-15b281e2-2ca3-4394-9bd9-53fbfbd65d15 ] Request (QuotasAdminNegativeTest:test_create_server_when_memory_quota_is_full): 403 POST http://10.180.1.21/compute/v2.1/servers 3.021s
2025-11-29 15:17:55.440 65726 INFO tempest.lib.common.rest_client [req-e7c4741d-3b48-43e5-89b5-8b1420abba4a req-e7c4741d-3b48-43e5-89b5-8b1420abba4a ] Request (KeyPairsV2TestJSON:_run_cleanups): 202 DELETE http://10.180.1.21/compute/v2.1/os-keypairs/tempest-keypair-942450298 2.767s
2025-11-29 15:17:55.770 65764 INFO tempest.lib.common.rest_client [req-1a261999-6481-4f8d-a0f2-60c5ddff1017 req-1a261999-6481-4f8d-a0f2-60c5ddff1017 ] Request (ImagesTestJSON:test_create_image_from_stopped_server): 202 POST http://10.180.1.21/compute/v2.1/servers/62683535-35f8-434e-9c78-c0ef1aef0193/action 3.098s
2025-11-29 15:17:55.827 65760 INFO tempest.lib.common.rest_client [req-8c361b1e-4a69-46bf-98dc-1b1d48638dfd req-8c361b1e-4a69-46bf-98dc-1b1d48638dfd ] Request (KeyPairsNegativeTestJSON:test_create_keypair_with_duplicate_name): 200 POST http://10.180.1.21/compute/v2.1/os-keypairs 3.049s
2025-11-29 15:17:55.982 65738 INFO tempest.lib.common.rest_client [req-5af8226c-6978-4449-83c4-259a0bccf145 req-5af8226c-6978-4449-83c4-259a0bccf145 ] Request (ServerDiagnosticsTest:tearDownClass): 200 GET http://10.180.1.21/compute/v2.1/servers/b4a6b119-241d-4e8e-929a-5e5d8a2ee113 3.194s
2025-11-29 15:17:56.039 65750 INFO tempest.lib.common.rest_client [req-277d36df-6066-4b29-aaa1-d126c5593699 req-277d36df-6066-4b29-aaa1-d126c5593699 ] Request (FloatingIPsAssociationNegativeTestJSON:_run_cleanups): 202 DELETE http://10.180.1.21/compute/v2.1/os-floating-ips/8f01200c-755b-4444-afb8-643ca474eace 3.320s
2025-11-29 15:17:56.102 65724 INFO tempest.lib.common.rest_client [req-27c86b94-c683-404b-a855-47a91dd9d3bb req-27c86b94-c683-404b-a855-47a91dd9d3bb ] Request (VolumesAdminNegativeTest:tearDownClass): 200 GET http://10.180.1.21/compute/v2.1/servers/70f6ce57-0091-42ea-9847-07f39f1d90ea 2.986s
2025-11-29 15:17:56.182 65732 INFO tempest.lib.common.rest_client [req-272aa743-0830-4fab-bcc6-be9a51b7fcec req-272aa743-0830-4fab-bcc6-be9a51b7fcec ] Request (MigrationsAdminTest:test_list_migrations_in_flavor_resize_situation): 200 GET http://10.180.1.21/compute/v2.1/servers/41cfb0e3-a894-4221-8e3f-50191f61bc1e 3.052s
2025-11-29 15:17:56.187 65740 INFO tempest.lib.common.rest_client [req-29222b86-5d40-4574-a0b8-4c1b4b260cab req-29222b86-5d40-4574-a0b8-4c1b4b260cab ] Request (SecurityGroupsNegativeTestJSON:test_delete_security_group_without_passing_id): 404 DELETE http://10.180.1.21/compute/v2.1/os-security-groups/ 2.984s
2025-11-29 15:17:56.191 65732 INFO tempest.common.waiters [-] State transition "RESIZE/resize_migrated" ==> "RESIZE/resize_finish" after 19 second wait
2025-11-29 15:17:56.213 65712 INFO tempest.lib.common.rest_client [req-520eb831-1ed2-4e57-914c-255cc9b62741 req-520eb831-1ed2-4e57-914c-255cc9b62741 ] Request (ServerMetadataTestJSON:setUp): 200 PUT http://10.180.1.21/compute/v2.1/servers/bdc90ace-3b9c-4986-8b99-7e286d91394a/metadata 3.066s
2025-11-29 15:17:56.237 65734 INFO tempest.lib.common.rest_client [req-3da71c49-1094-4c26-a0a0-62d697c08467 req-3da71c49-1094-4c26-a0a0-62d697c08467 ] Request (FlavorsV255TestJSON:test_crud_flavor): 200 PUT http://10.180.1.21/compute/v2.1/flavors/1063243552 2.927s
2025-11-29 15:17:56.272 65720 INFO tempest.lib.common.rest_client [req-2bc27507-dfe5-4f4f-b7ba-85b0af80f450 req-2bc27507-dfe5-4f4f-b7ba-85b0af80f450 ] Request (MultipleCreateTestJSON:_run_cleanups): 404 GET http://10.180.1.21/compute/v2.1/servers/746c150a-688f-43ab-b72b-5b5d60abdddb 2.245s
2025-11-29 15:17:56.359 65736 INFO tempest.lib.common.rest_client [req-0440a1aa-7ea8-49ab-998b-ea89c13545bf req-0440a1aa-7ea8-49ab-998b-ea89c13545bf ] Request (AbsoluteLimitsNegativeTestJSON:test_max_metadata_exceed_limit): 403 POST http://10.180.1.21/compute/v2.1/servers 3.118s
2025-11-29 15:17:56.386 65718 INFO tempest.lib.common.rest_client [req-ba42196f-f2ce-47ed-8eb5-399b9dd44dcc req-ba42196f-f2ce-47ed-8eb5-399b9dd44dcc ] Request (AttachInterfacesTestJSON:test_create_list_show_delete_interfaces_by_fixed_ip): 200 GET http://10.180.1.21/compute/v2.1/servers/f2d92dd2-9fbc-47c5-a8c0-e042dbe7dfea 2.120s
2025-11-29 15:17:56.394 65718 INFO tempest.lib.common.ssh [-] Creating ssh connection to '10.180.180.237:22' as 'cirros' with public key authentication
2025-11-29 15:17:56.429 65714 INFO tempest.lib.common.rest_client [req-da50872e-7182-40ef-b7fd-9ff944e395ef req-da50872e-7182-40ef-b7fd-9ff944e395ef ] Request (ServerDiagnosticsNegativeTest:tearDownClass): 200 GET http://10.180.1.21/compute/v2.1/servers/416084c6-514d-44db-823c-22489a3cb064 2.098s
2025-11-29 15:17:56.439 65762 INFO tempest.lib.common.rest_client [req-17d80ab8-bc24-4206-b024-3adbcf9da4b1 req-17d80ab8-bc24-4206-b024-3adbcf9da4b1 ] Request (FloatingIPsAssociationTestJSON:test_associate_already_associated_floating_ip): 200 GET http://10.180.1.21/compute/v2.1/servers/a33cd78c-248b-4a3c-8005-aa327a6268df 1.977s
2025-11-29 15:17:56.454 65742 INFO tempest.lib.common.rest_client [req-4df3c8ee-660c-4c8b-a211-e12cc78a95df req-4df3c8ee-660c-4c8b-a211-e12cc78a95df ] Request (HypervisorAdminTestJSON:test_get_hypervisor_stats): 200 GET http://10.180.1.21/compute/v2.1/os-hypervisors/statistics 1.846s
2025-11-29 15:17:56.480 65736 INFO tempest.lib.common.rest_client [req-e8f9ca4d-9e29-41b8-9f57-e6415a901f21 req-e8f9ca4d-9e29-41b8-9f57-e6415a901f21 ] Request (AbsoluteLimitsNegativeTestJSON:tearDownClass): 204 DELETE http://10.180.1.21/identity/v3/users/f2aa5524540d46bda015615a8745cf3f 0.120s
2025-11-29 15:17:56.481 65736 INFO tempest.lib.common.dynamic_creds [-] Deleting project and security group for project: b8c256af83364cf0a6acaff14beaddd5
2025-11-29 15:17:56.522 65736 INFO tempest.lib.common.rest_client [req-b1d5b7e4-1517-4f93-ac2a-06b7030ecff7 req-b1d5b7e4-1517-4f93-ac2a-06b7030ecff7 ] Request (AbsoluteLimitsNegativeTestJSON:tearDownClass): 201 POST http://10.180.1.21/identity/v3/auth/tokens 0.041s
2025-11-29 15:17:56.528 65730 INFO tempest.lib.common.rest_client [req-fdb93468-9045-48ea-9a11-cd3902b2809e req-fdb93468-9045-48ea-9a11-cd3902b2809e ] Request (ServerExternalEventsTest:test_create_server_external_events): 200 POST http://10.180.1.21/compute/v2.1/os-server-external-events 1.943s
2025-11-29 15:17:56.532 65768 INFO tempest.lib.common.rest_client [req-4547b45a-5a2d-48d6-bb7e-9ee3e26be644 req-4547b45a-5a2d-48d6-bb7e-9ee3e26be644 ] Request (ServersAdmin275Test:tearDownClass): 204 DELETE http://10.180.1.21/compute/v2.1/servers/0eb69d74-f946-4130-af4b-cd968d789639 1.792s
2025-11-29 15:17:56.537 65748 INFO tempest.lib.common.rest_client [req-5ad3b70e-ca24-422b-90ef-379416ae9810 req-5ad3b70e-ca24-422b-90ef-379416ae9810 ] Request (AggregatesAdminNegativeTestJSON:test_aggregate_create_as_user): 403 POST http://10.180.1.21/compute/v2.1/os-aggregates 1.608s
2025-11-29 15:17:56.555 65744 INFO tempest.lib.common.rest_client [req-ba4abe10-8a86-492e-acf9-eca56a4a6f27 req-ba4abe10-8a86-492e-acf9-eca56a4a6f27 ] Request (HostsAdminNegativeTestJSON:test_update_nonexistent_host): 404 PUT http://10.180.1.21/compute/v2.1/os-hosts/nonexistent_hostname 1.621s
2025-11-29 15:17:56.569 65742 INFO tempest.lib.common.rest_client [req-e2989e91-b081-44e3-aed1-5df6b4fe3535 req-e2989e91-b081-44e3-aed1-5df6b4fe3535 ] Request (HypervisorAdminTestJSON:tearDownClass): 204 DELETE http://10.180.1.21/identity/v3/users/0bfe3a6ebcd649b5b3eb973f48bfba48 0.111s
2025-11-29 15:17:56.702 65744 INFO tempest.lib.common.rest_client [req-51deec92-2409-499d-819c-cf000518d77d req-51deec92-2409-499d-819c-cf000518d77d ] Request (HostsAdminNegativeTestJSON:tearDownClass): 204 DELETE http://10.180.1.21/identity/v3/users/ea835d673bd54262a6f0567e51715f4f 0.145s
2025-11-29 15:17:56.712 65742 INFO tempest.lib.common.rest_client [req-d28a3ce9-a0a8-4508-94a5-5847e2b1ab35 req-d28a3ce9-a0a8-4508-94a5-5847e2b1ab35 ] Request (HypervisorAdminTestJSON:tearDownClass): 204 DELETE http://10.180.1.21/identity/v3/users/8957af45b62449489d00f69ca5d2e0f9 0.143s
2025-11-29 15:17:56.713 65742 INFO tempest.lib.common.dynamic_creds [-] Deleting project and security group for project: fd855254879d46a3bcd5e782178ffeca
2025-11-29 15:17:56.714 65722 INFO tempest.lib.common.rest_client [req-929df1c1-5fef-4c89-8f23-85b93c42e167 req-929df1c1-5fef-4c89-8f23-85b93c42e167 ] Request (SecurityGroupRulesTestJSON:test_security_group_rules_create_with_optional_cidr): 200 POST http://10.180.1.21/compute/v2.1/os-security-group-rules 1.789s
2025-11-29 15:17:56.743 65716 INFO tempest.lib.common.rest_client [req-0849f4c8-b7bf-4366-9619-12ad2dfe579d req-0849f4c8-b7bf-4366-9619-12ad2dfe579d ] Request (ListServerFiltersTestJSON:setUpClass): 200 GET http://10.180.1.21/compute/v2.1/servers/c1bd3905-025a-4bc5-8e00-dbc49f537c1e 1.809s
2025-11-29 15:17:56.756 65736 INFO tempest.lib.common.rest_client [req-074596e8-3eb8-43cc-be03-88808c613e73 req-074596e8-3eb8-43cc-be03-88808c613e73 ] Request (AbsoluteLimitsNegativeTestJSON:tearDownClass): 200 GET http://10.180.1.21/networking/v2.0/security-groups?tenant_id=b8c256af83364cf0a6acaff14beaddd5&name=default 0.233s
2025-11-29 15:17:56.757 65766 INFO tempest.lib.common.rest_client [req-f1cc67a7-a4a4-4721-b333-e289289ef4bc req-f1cc67a7-a4a4-4721-b333-e289289ef4bc ] Request (KeyPairsV22TestJSON:_run_cleanups): 204 DELETE http://10.180.1.21/compute/v2.1/os-keypairs/tempest-KeyPairsV22TestJSON-keypair-312324735 1.572s
2025-11-29 15:17:56.764 65772 INFO tempest.lib.common.rest_client [req-192ed22a-e56e-4eba-8b26-ce1996529aa7 req-192ed22a-e56e-4eba-8b26-ce1996529aa7 ] Request (VolumesSnapshotsTestJSON:tearDownClass): 404 GET http://10.180.1.21/compute/v2.1/os-volumes/a87c5b52-4c26-4d57-8f78-78086555e702 1.595s
2025-11-29 15:17:56.789 65774 INFO tempest.lib.common.rest_client [req-5c7ecd39-b81e-4656-b564-471f8e732fc4 req-5c7ecd39-b81e-4656-b564-471f8e732fc4 ] Request (FlavorsAdminTestJSON:_run_cleanups): 200 GET http://10.180.1.21/compute/v2.1/flavors/detail 1.587s
2025-11-29 15:17:56.816 65771 INFO tempest.lib.common.rest_client [req-d0773471-4019-41ff-8c58-5510fd2ba645 req-d0773471-4019-41ff-8c58-5510fd2ba645 ] Request (FlavorsAccessNegativeTestJSON:test_flavor_non_admin_remove): 200 POST http://10.180.1.21/compute/v2.1/flavors 1.601s
2025-11-29 15:17:56.848 65742 INFO tempest.lib.common.rest_client [req-f6645911-e23c-44a2-a591-9215bcd14478 req-f6645911-e23c-44a2-a591-9215bcd14478 ] Request (HypervisorAdminTestJSON:tearDownClass): 201 POST http://10.180.1.21/identity/v3/auth/tokens 0.134s
2025-11-29 15:17:56.878 65726 INFO tempest.lib.common.rest_client [req-a49b12c7-baac-4d40-8355-d56ef125151a req-a49b12c7-baac-4d40-8355-d56ef125151a ] Request (KeyPairsV2TestJSON:test_keypair_create_delete): 200 POST http://10.180.1.21/compute/v2.1/os-keypairs 1.436s
2025-11-29 15:17:56.918 65736 INFO tempest.lib.common.rest_client [req-8c29fce3-f08b-49cb-9d2f-183ab1017598 req-8c29fce3-f08b-49cb-9d2f-183ab1017598 ] Request (AbsoluteLimitsNegativeTestJSON:tearDownClass): 204 DELETE http://10.180.1.21/networking/v2.0/security-groups/ce1ad12f-578d-408c-b3d0-b260465319e9 0.162s
2025-11-29 15:17:56.931 65764 INFO tempest.lib.common.rest_client [req-cce9b88a-0f18-4259-a314-3034b21dcc4f req-cce9b88a-0f18-4259-a314-3034b21dcc4f ] Request (ImagesTestJSON:test_create_image_from_stopped_server): 200 GET http://10.180.1.21/compute/v2.1/images/c45277eb-678d-4110-8d83-82c983dde36b 1.157s
2025-11-29 15:17:56.942 65744 INFO tempest.lib.common.rest_client [req-58d8d639-03b4-4c75-ad35-d7d15116b9ee req-58d8d639-03b4-4c75-ad35-d7d15116b9ee ] Request (HostsAdminNegativeTestJSON:tearDownClass): 204 DELETE http://10.180.1.21/identity/v3/users/e5ad54d3ef3a44cd98cf3c604d612ab1 0.240s
2025-11-29 15:17:56.942 65744 INFO tempest.lib.common.dynamic_creds [-] Deleting project and security group for project: 54d94f28fccf411d93d0b913020ca407
2025-11-29 15:17:56.959 65772 INFO tempest.lib.common.rest_client [req-a357470a-5e80-4c7c-a923-1962aa736d59 req-a357470a-5e80-4c7c-a923-1962aa736d59 ] Request (VolumesSnapshotsTestJSON:tearDownClass): 204 DELETE http://10.180.1.21/identity/v3/users/554f16274de2437e8b9e840064b39558 0.195s
2025-11-29 15:17:56.960 65772 INFO tempest.lib.common.dynamic_creds [-] Deleting project and security group for project: 1bd122c3f8604f7e80c788e2168d562c
2025-11-29 15:17:56.967 65760 INFO tempest.lib.common.rest_client [req-bd1729fc-2d02-49b3-bbdc-8432d47933ae req-bd1729fc-2d02-49b3-bbdc-8432d47933ae ] Request (KeyPairsNegativeTestJSON:test_create_keypair_with_duplicate_name): 409 POST http://10.180.1.21/compute/v2.1/os-keypairs 1.137s
2025-11-29 15:17:57.035 65759 INFO tempest.lib.common.rest_client [req-6939894e-31b0-4c36-ad09-6271c3321540 req-6939894e-31b0-4c36-ad09-6271c3321540 ] Request (ServerRescueTestJSONUnderV235:setUpClass): 200 GET http://10.180.1.21/compute/v2.1/servers/48a6fee3-ed10-415d-8c5e-668a10ec330c 1.039s
2025-11-29 15:17:57.083 65736 INFO tempest.lib.common.rest_client [req-290d2bfe-c9c0-483e-9cb1-9b0d16bdf61b req-290d2bfe-c9c0-483e-9cb1-9b0d16bdf61b ] Request (AbsoluteLimitsNegativeTestJSON:tearDownClass): 204 DELETE http://10.180.1.21/identity/v3/projects/b8c256af83364cf0a6acaff14beaddd5 0.164s
2025-11-29 15:17:57.114 65744 INFO tempest.lib.common.rest_client [req-df557f5c-50fe-464a-9d76-071e7e2d9858 req-df557f5c-50fe-464a-9d76-071e7e2d9858 ] Request (HostsAdminNegativeTestJSON:tearDownClass): 201 POST http://10.180.1.21/identity/v3/auth/tokens 0.172s
2025-11-29 15:17:57.144 65772 INFO tempest.lib.common.rest_client [req-cc92fc4f-478c-4e94-8d00-02262a761c6c req-cc92fc4f-478c-4e94-8d00-02262a761c6c ] Request (VolumesSnapshotsTestJSON:tearDownClass): 201 POST http://10.180.1.21/identity/v3/auth/tokens 0.184s
2025-11-29 15:17:57.170 65736 INFO tempest.lib.common.rest_client [req-ece44bff-baaa-4f2f-b851-fd3b526f0a49 req-ece44bff-baaa-4f2f-b851-fd3b526f0a49 ] Request (SecurityGroupsTestJSON:setUpClass): 201 POST http://10.180.1.21/identity/v3/auth/tokens 0.085s
2025-11-29 15:17:57.194 65742 INFO tempest.lib.common.rest_client [req-4b232c4c-89db-4f8d-bb14-e94972c947c2 req-4b232c4c-89db-4f8d-bb14-e94972c947c2 ] Request (HypervisorAdminTestJSON:tearDownClass): 200 GET http://10.180.1.21/networking/v2.0/security-groups?tenant_id=fd855254879d46a3bcd5e782178ffeca&name=default 0.345s
2025-11-29 15:17:57.194 65754 WARNING tempest.lib.common.ssh [-] Failed to establish authenticated ssh connection to cirros@10.180.180.219 ([Errno None] Unable to connect to port 22 on 10.180.180.219). Number attempts: 2. Retry after 3 seconds.: paramiko.ssh_exception.NoValidConnectionsError: [Errno None] Unable to connect to port 22 on 10.180.180.219
2025-11-29 15:17:57.211 65736 INFO tempest.lib.common.rest_client [req-5a1e3d30-f92d-4229-bd5e-f1ee324de225 req-5a1e3d30-f92d-4229-bd5e-f1ee324de225 ] Request (SecurityGroupsTestJSON:setUpClass): 201 POST http://10.180.1.21/identity/v3/auth/tokens 0.038s
2025-11-29 15:17:57.241 65736 INFO tempest.lib.common.rest_client [req-6a37ff4e-3512-4bd1-b7df-8e9965303002 req-6a37ff4e-3512-4bd1-b7df-8e9965303002 ] Request (SecurityGroupsTestJSON:setUpClass): 200 GET http://10.180.1.21/identity/v3/domains?name=Default 0.029s
2025-11-29 15:17:57.255 65752 INFO tempest.lib.common.rest_client [req-fc97f7d0-214c-41e4-9dac-4f4d65fc539d req-fc97f7d0-214c-41e4-9dac-4f4d65fc539d ] Request (QuotasAdminNegativeTest:_run_cleanups): 200 PUT http://10.180.1.21/compute/v2.1/os-quota-sets/407899d7e063445e98572b8445f26547 1.828s
2025-11-29 15:17:57.298 65736 INFO tempest.lib.common.rest_client [req-1de70de1-85b7-4294-b000-8afad80b16aa req-1de70de1-85b7-4294-b000-8afad80b16aa ] Request (SecurityGroupsTestJSON:setUpClass): 201 POST http://10.180.1.21/identity/v3/projects 0.056s
2025-11-29 15:17:57.373 65736 INFO tempest.lib.common.rest_client [req-33b09e62-84b2-4687-bfab-a0738a9ba184 req-33b09e62-84b2-4687-bfab-a0738a9ba184 ] Request (SecurityGroupsTestJSON:setUpClass): 201 POST http://10.180.1.21/identity/v3/users 0.075s
2025-11-29 15:17:57.401 65736 INFO tempest.lib.common.rest_client [req-58f10565-b4e3-4a63-9af2-7d35af5027d3 req-58f10565-b4e3-4a63-9af2-7d35af5027d3 ] Request (SecurityGroupsTestJSON:setUpClass): 200 GET http://10.180.1.21/identity/v3/roles 0.027s
2025-11-29 15:17:57.411 65744 INFO tempest.lib.common.rest_client [req-22a4a0f9-267c-4966-923f-82e8a7a111aa req-22a4a0f9-267c-4966-923f-82e8a7a111aa ] Request (HostsAdminNegativeTestJSON:tearDownClass): 200 GET http://10.180.1.21/networking/v2.0/security-groups?tenant_id=54d94f28fccf411d93d0b913020ca407&name=default 0.297s
2025-11-29 15:17:57.422 65772 INFO tempest.lib.common.rest_client [req-7531ab7b-ee00-4b8f-b55d-aa9098376e5b req-7531ab7b-ee00-4b8f-b55d-aa9098376e5b ] Request (VolumesSnapshotsTestJSON:tearDownClass): 200 GET http://10.180.1.21/networking/v2.0/security-groups?tenant_id=1bd122c3f8604f7e80c788e2168d562c&name=default 0.278s
2025-11-29 15:17:57.438 65736 INFO tempest.lib.common.rest_client [req-5f884c14-6064-4ad2-a35e-e07e9847a254 req-5f884c14-6064-4ad2-a35e-e07e9847a254 ] Request (SecurityGroupsTestJSON:setUpClass): 204 PUT http://10.180.1.21/identity/v3/projects/99e5a49877b74c589a27aec32e6c2cc5/users/404f237cbae74dc5bd37919891689189/roles/1d93669ec8b747e290ddccba0974d75e 0.037s
2025-11-29 15:17:57.438 65736 INFO tempest.lib.common.dynamic_creds [-] Dynamic test user 404f237cbae74dc5bd37919891689189 is created with scope project and roles: ['member']
2025-11-29 15:17:57.439 65736 INFO tempest.lib.common.dynamic_creds [-] Acquired dynamic creds: credentials: Credentials: {'domain_id': 'default', 'domain_name': 'Default', 'username': 'tempest-SecurityGroupsTestJSON-111247810-project-member', 'project_domain_id': 'default', 'project_domain_name': 'Default', 'project_id': '99e5a49877b74c589a27aec32e6c2cc5', 'project_name': 'tempest-SecurityGroupsTestJSON-111247810', 'tenant_id': '99e5a49877b74c589a27aec32e6c2cc5', 'tenant_name': 'tempest-SecurityGroupsTestJSON-111247810', 'user_domain_id': 'default', 'user_domain_name': 'Default', 'user_id': '404f237cbae74dc5bd37919891689189', 'system': None}, Network: None, Subnet: None, Router: None
2025-11-29 15:17:57.512 65736 INFO tempest.lib.common.rest_client [req-f18c091e-4b1b-4dbd-ac17-8be44436c078 req-f18c091e-4b1b-4dbd-ac17-8be44436c078 ] Request (SecurityGroupsTestJSON:setUpClass): 201 POST http://10.180.1.21/identity/v3/auth/tokens 0.073s
2025-11-29 15:17:57.515 65742 INFO tempest.lib.common.rest_client [req-1081c289-1911-49b3-91d5-f35e118f3c98 req-1081c289-1911-49b3-91d5-f35e118f3c98 ] Request (HypervisorAdminTestJSON:tearDownClass): 204 DELETE http://10.180.1.21/networking/v2.0/security-groups/ba74045f-0522-4f1f-96da-f15960f441d4 0.320s
2025-11-29 15:17:57.586 65742 INFO tempest.lib.common.rest_client [req-80c22af7-2b66-45a0-b9cd-59c37e601ebf req-80c22af7-2b66-45a0-b9cd-59c37e601ebf ] Request (HypervisorAdminTestJSON:tearDownClass): 204 DELETE http://10.180.1.21/identity/v3/projects/fd855254879d46a3bcd5e782178ffeca 0.071s
2025-11-29 15:17:57.586 65742 INFO tempest.lib.common.dynamic_creds [-] Deleting project and security group for project: 00671d360f2141c39a22e6f937f65087
2025-11-29 15:17:57.641 65744 INFO tempest.lib.common.rest_client [req-4360984f-a14b-447a-8189-9123ad1e5df5 req-4360984f-a14b-447a-8189-9123ad1e5df5 ] Request (HostsAdminNegativeTestJSON:tearDownClass): 204 DELETE http://10.180.1.21/networking/v2.0/security-groups/cb2923b1-5224-4ca8-8a5b-20338804c476 0.228s
2025-11-29 15:17:57.652 65772 INFO tempest.lib.common.rest_client [req-d133131a-3461-4715-bb8f-8425057f53f2 req-d133131a-3461-4715-bb8f-8425057f53f2 ] Request (VolumesSnapshotsTestJSON:tearDownClass): 204 DELETE http://10.180.1.21/networking/v2.0/security-groups/3534da44-d75b-4d6f-b873-2137831fae08 0.229s
2025-11-29 15:17:57.800 65772 INFO tempest.lib.common.rest_client [req-45ae9aae-3447-4b39-ba76-c16a46efab77 req-45ae9aae-3447-4b39-ba76-c16a46efab77 ] Request (VolumesSnapshotsTestJSON:tearDownClass): 204 DELETE http://10.180.1.21/identity/v3/projects/1bd122c3f8604f7e80c788e2168d562c 0.148s
2025-11-29 15:17:57.837 65744 INFO tempest.lib.common.rest_client [req-337fb482-cc21-48fe-84ed-83a33b24b885 req-337fb482-cc21-48fe-84ed-83a33b24b885 ] Request (HostsAdminNegativeTestJSON:tearDownClass): 204 DELETE http://10.180.1.21/identity/v3/projects/54d94f28fccf411d93d0b913020ca407 0.196s
2025-11-29 15:17:57.837 65744 INFO tempest.lib.common.dynamic_creds [-] Deleting project and security group for project: c30a8c16daa74269a0ff1649fe35dc93
2025-11-29 15:17:58.214 65736 INFO tempest.lib.common.rest_client [req-c7506cd9-d62f-46fc-b688-b3b263fb4861 req-c7506cd9-d62f-46fc-b688-b3b263fb4861 ] Request (SecurityGroupsTestJSON:setUpClass): 201 POST http://10.180.1.21/networking/v2.0/networks 0.701s
