2025-12-15 15:21:17.903 67104 INFO tempest.lib.common.rest_client [req-b575d5f0-ba10-4e3c-98f6-712c1eb2d8b4 req-b575d5f0-ba10-4e3c-98f6-712c1eb2d8b4 ] Request (FlavorsAdminTestJSON:tearDownClass): 204 DELETE http://10.180.1.21/networking/v2.0/security-groups/912a800c-6903-4d3d-a409-2ab4f3cdeff7 0.262s
2025-12-15 15:21:18.007 67096 INFO tempest.lib.common.rest_client [req-244d6325-fe8e-4af2-b0a0-46e2b54ccc41 req-244d6325-fe8e-4af2-b0a0-46e2b54ccc41 ] Request (ServerAddressesNegativeTestJSON:setUpClass): 200 GET http://10.180.1.21/compute/v2.1/servers/c7d85326-7cb5-4d28-a43a-d13f7153c2ab 4.008s
2025-12-15 15:21:18.019 67104 INFO tempest.lib.common.rest_client [req-6025085c-699e-43aa-a672-0fc858b25d07 req-6025085c-699e-43aa-a672-0fc858b25d07 ] Request (FlavorsAdminTestJSON:tearDownClass): 204 DELETE http://10.180.1.21/identity/v3/projects/6593b076ce3f4d7492f1369c56110bec 0.115s
2025-12-15 15:21:18.019 67104 INFO tempest.lib.common.dynamic_creds [-] Deleting project and security group for project: 73894eef42f14a3a9bc0423fd1bb953a
2025-12-15 15:21:18.045 67070 INFO tempest.lib.common.rest_client [req-0bd8fe33-5efa-4d9a-8694-36f6037400ff req-0bd8fe33-5efa-4d9a-8694-36f6037400ff ] Request (AttachVolumeShelveTestJSON:test_attach_volume_shelved_or_offload_server): 200 GET http://10.180.1.21/compute/v2.1/servers/2fdda7fd-db08-4ecd-b126-4d917f975c3f/ips 4.043s
2025-12-15 15:21:18.080 67102 INFO tempest.lib.common.rest_client [req-3b0a2fd4-29ba-43b2-b704-9923fb6bb0c5 req-3b0a2fd4-29ba-43b2-b704-9923fb6bb0c5 ] Request (QuotasAdminNegativeTest:test_create_server_when_cpu_quota_is_full): 403 POST http://10.180.1.21/compute/v2.1/servers 4.292s
2025-12-15 15:21:18.160 67114 INFO tempest.lib.common.rest_client [req-923fc57e-e0fc-4643-8fcd-e27c261508ad req-923fc57e-e0fc-4643-8fcd-e27c261508ad ] Request (ServersAdminTestJSON:test_list_servers_filter_by_error_status): 202 POST http://10.180.1.21/compute/v2.1/servers/a02e24b4-c6a5-4ba3-a56c-debb130a9781/action 4.053s
2025-12-15 15:21:18.223 67070 INFO tempest.lib.common.rest_client [req-1bd9fe48-d467-480d-9297-cd15ba124479 req-1bd9fe48-d467-480d-9297-cd15ba124479 ] Request (AttachVolumeShelveTestJSON:test_attach_volume_shelved_or_offload_server): 202 POST http://10.180.1.21/volume/v3/volumes 0.175s
2025-12-15 15:21:18.269 67104 INFO tempest.lib.common.rest_client [req-6e554263-cea1-447c-93df-255a3577f8da req-6e554263-cea1-447c-93df-255a3577f8da ] Request (FlavorsAdminTestJSON:tearDownClass): 200 GET http://10.180.1.21/networking/v2.0/security-groups?tenant_id=73894eef42f14a3a9bc0423fd1bb953a&name=default 0.249s
2025-12-15 15:21:18.270 67070 INFO tempest.lib.common.rest_client [req-2b00fa8c-635f-44d2-96c2-1277780c430c req-2b00fa8c-635f-44d2-96c2-1277780c430c ] Request (AttachVolumeShelveTestJSON:test_attach_volume_shelved_or_offload_server): 200 GET http://10.180.1.21/volume/v3/volumes/b106543a-6ae1-469b-b187-104547fa73ff 0.040s
2025-12-15 15:21:18.289 67120 INFO tempest.lib.common.rest_client [req-31e472da-49c4-4503-9d2b-4b53424b057a req-31e472da-49c4-4503-9d2b-4b53424b057a ] Request (DeleteServersTestJSON:test_delete_server_while_in_shelved_state): 200 GET http://10.180.1.21/compute/v2.1/servers/23f3d7f5-f1a9-4902-aafc-78a1ca76f85a 4.067s
2025-12-15 15:21:18.458 67104 INFO tempest.lib.common.rest_client [req-6d99309c-48ea-4cf4-945d-d5d733054fe4 req-6d99309c-48ea-4cf4-945d-d5d733054fe4 ] Request (FlavorsAdminTestJSON:tearDownClass): 204 DELETE http://10.180.1.21/networking/v2.0/security-groups/b88090f9-7ede-4cf3-9fab-dde15403f06a 0.189s
2025-12-15 15:21:18.545 67060 INFO tempest.lib.common.rest_client [req-da56fd8f-3b86-4e7e-925e-bf332e77929c req-da56fd8f-3b86-4e7e-925e-bf332e77929c ] Request (FloatingIPsNegativeTestJSON:setUpClass): 200 PUT http://10.180.1.21/networking/v2.0/routers/d9771eb2-93a3-45d7-a241-1d52c62e0644/add_router_interface 1.143s
2025-12-15 15:21:18.545 67060 INFO tempest.lib.common.dynamic_creds [-] Created isolated network resources for: credentials: Credentials: {'domain_id': 'default', 'domain_name': 'Default', 'username': 'tempest-FloatingIPsNegativeTestJSON-292756881-project-member', 'project_domain_id': 'default', 'project_domain_name': 'Default', 'project_id': '84de41b1cd0c49d6b67ee67375ae1442', 'project_name': 'tempest-FloatingIPsNegativeTestJSON-292756881', 'tenant_id': '84de41b1cd0c49d6b67ee67375ae1442', 'tenant_name': 'tempest-FloatingIPsNegativeTestJSON-292756881', 'user_domain_id': 'default', 'user_domain_name': 'Default', 'user_id': '2115b2bfaa27471ea01ee69b0b50e60d', 'system': None}, Network: {'id': 'df49f528-619b-4af2-8593-436aff085a6e', 'name': 'tempest-FloatingIPsNegativeTestJSON-932561859-network', 'tenant_id': '84de41b1cd0c49d6b67ee67375ae1442', 'project_id': '84de41b1cd0c49d6b67ee67375ae1442', 'admin_state_up': True, 'mtu': 8950, 'status': 'ACTIVE', 'subnets': [], 'shared': False, 'port_security_enabled': True, 'router:external': False, 'provider:network_type': 'vlan', 'provider:physical_network': 'default', 'provider:segmentation_id': 954, 'availability_zone_hints': [], 'availability_zones': [], 'ipv4_address_scope': None, 'ipv6_address_scope': None, 'description': '', 'tags': [], 'created_at': '2025-12-15T15:21:15Z', 'updated_at': '2025-12-15T15:21:15Z', 'revision_number': 1}, Subnet: {'id': '30f33326-0ba2-4ddb-a1a0-700a1210d4e9', 'name': 'tempest-FloatingIPsNegativeTestJSON-932561859-subnet', 'tenant_id': '84de41b1cd0c49d6b67ee67375ae1442', 'network_id': 'df49f528-619b-4af2-8593-436aff085a6e', 'ip_version': 4, 'subnetpool_id': None, 'enable_dhcp': True, 'ipv6_ra_mode': None, 'ipv6_address_mode': None, 'gateway_ip': '192.168.128.1', 'cidr': '192.168.128.0/28', 'allocation_pools': [{'start': '192.168.128.2', 'end': '192.168.128.14'}], 'host_routes': [], 'dns_nameservers': [], 'description': '', 'router:external': False, 'service_types': [], 'tags': [], 'created_at': '2025-12-15T15:21:16Z', 'updated_at': '2025-12-15T15:21:16Z', 'revision_number': 0, 'project_id': '84de41b1cd0c49d6b67ee67375ae1442'}, Router: {'id': 'd9771eb2-93a3-45d7-a241-1d52c62e0644', 'name': 'tempest-FloatingIPsNegativeTestJSON-932561859-router', 'tenant_id': '84de41b1cd0c49d6b67ee67375ae1442', 'admin_state_up': True, 'status': 'ACTIVE', 'external_gateway_info': {'network_id': '4ec44e80-721a-4d69-a1e3-82e621f9c5b5', 'external_fixed_ips': [{'subnet_id': '837362f1-2a72-47d8-b65f-0c06fa54c6c7', 'ip_address': '10.180.180.207'}], 'enable_snat': True}, 'description': '', 'availability_zones': [], 'distributed': False, 'ha': False, 'availability_zone_hints': [], 'routes': [], 'flavor_id': None, 'tags': [], 'created_at': '2025-12-15T15:21:16Z', 'updated_at': '2025-12-15T15:21:17Z', 'revision_number': 2, 'project_id': '84de41b1cd0c49d6b67ee67375ae1442'}
2025-12-15 15:21:18.611 67118 INFO tempest.lib.common.rest_client [req-7796b270-c7ae-4795-9ccf-705ef3e0967d req-7796b270-c7ae-4795-9ccf-705ef3e0967d ] Request (ServersTestJSON:setUpClass): 200 GET http://10.180.1.21/compute/v2.1/servers/56752f17-7fe9-44b7-b3f2-edeb1b6e5011 3.831s
2025-12-15 15:21:18.624 67118 INFO tempest.common.waiters [-] State transition "BUILD/spawning" ==> "ACTIVE/None" after 26 second wait
2025-12-15 15:21:18.629 67104 INFO tempest.lib.common.rest_client [req-6b97eaff-6169-4c82-b866-d65683838755 req-6b97eaff-6169-4c82-b866-d65683838755 ] Request (FlavorsAdminTestJSON:tearDownClass): 204 DELETE http://10.180.1.21/identity/v3/projects/73894eef42f14a3a9bc0423fd1bb953a 0.170s
2025-12-15 15:21:18.656 67060 INFO tempest.lib.common.rest_client [req-5a817bcd-a275-484b-ac94-eb2cbe7c7d69 req-5a817bcd-a275-484b-ac94-eb2cbe7c7d69 ] Request (FloatingIPsNegativeTestJSON:setUpClass): 201 POST http://10.180.1.21/identity/v3/auth/tokens 0.107s
2025-12-15 15:21:18.716 67104 INFO tempest.lib.common.rest_client [req-905fa19e-3994-430b-a7cf-58ef31ab2887 req-905fa19e-3994-430b-a7cf-58ef31ab2887 ] Request (ServerRescueTestJSONUnderV235:setUpClass): 201 POST http://10.180.1.21/identity/v3/auth/tokens 0.084s
2025-12-15 15:21:18.750 67104 INFO tempest.lib.common.rest_client [req-8ef526ff-4c2d-4035-a0aa-532cfa9c87b0 req-8ef526ff-4c2d-4035-a0aa-532cfa9c87b0 ] Request (ServerRescueTestJSONUnderV235:setUpClass): 201 POST http://10.180.1.21/identity/v3/auth/tokens 0.030s
2025-12-15 15:21:18.766 67112 INFO tempest.lib.common.rest_client [req-a7686c6d-b125-4131-8b71-952454c5a249 req-a7686c6d-b125-4131-8b71-952454c5a249 ] Request (MigrationsAdminTest:test_resize_server_revert_deleted_flavor): 200 GET http://10.180.1.21/compute/v2.1/servers/4e1ed1f7-0ac8-425c-b7b0-7ef6402062d7 3.350s
2025-12-15 15:21:18.777 67104 INFO tempest.lib.common.rest_client [req-90dfd5d7-f1af-4698-a81e-e2422c443ae4 req-90dfd5d7-f1af-4698-a81e-e2422c443ae4 ] Request (ServerRescueTestJSONUnderV235:setUpClass): 200 GET http://10.180.1.21/identity/v3/domains?name=Default 0.026s
2025-12-15 15:21:18.816 67104 INFO tempest.lib.common.rest_client [req-181c98fa-a81f-40ba-a94f-3ffa19dc02b0 req-181c98fa-a81f-40ba-a94f-3ffa19dc02b0 ] Request (ServerRescueTestJSONUnderV235:setUpClass): 201 POST http://10.180.1.21/identity/v3/projects 0.038s
2025-12-15 15:21:18.876 67104 INFO tempest.lib.common.rest_client [req-56674a9f-e43a-4b1d-9443-2d7d05f6b260 req-56674a9f-e43a-4b1d-9443-2d7d05f6b260 ] Request (ServerRescueTestJSONUnderV235:setUpClass): 201 POST http://10.180.1.21/identity/v3/users 0.059s
2025-12-15 15:21:18.886 67099 INFO tempest.lib.common.rest_client [req-20bfb1ff-16bc-4aff-99ae-6130a3b9914a req-20bfb1ff-16bc-4aff-99ae-6130a3b9914a ] Request (ImagesNegativeTestJSON:test_create_image_from_deleted_server): 200 GET http://10.180.1.21/compute/v2.1/servers/9b49b119-ea7f-4c25-880f-dd432173603c 3.162s
2025-12-15 15:21:18.901 67104 INFO tempest.lib.common.rest_client [req-95b959e8-d03d-40ea-8655-f3a41a123917 req-95b959e8-d03d-40ea-8655-f3a41a123917 ] Request (ServerRescueTestJSONUnderV235:setUpClass): 200 GET http://10.180.1.21/identity/v3/roles 0.024s
2025-12-15 15:21:18.942 67104 INFO tempest.lib.common.rest_client [req-df29b129-5cc8-4120-b93a-15616908d619 req-df29b129-5cc8-4120-b93a-15616908d619 ] Request (ServerRescueTestJSONUnderV235:setUpClass): 204 PUT http://10.180.1.21/identity/v3/projects/ebc5c27c81a34c2b855243296a473eff/users/fa5535f8132b401d831b220ee62ab1fc/roles/e0faeb1e45de4904913aad4992205474 0.041s
2025-12-15 15:21:18.943 67104 INFO tempest.lib.common.dynamic_creds [-] Dynamic test user fa5535f8132b401d831b220ee62ab1fc is created with scope project and roles: ['member']
2025-12-15 15:21:18.943 67104 INFO tempest.lib.common.dynamic_creds [-] Acquired dynamic creds: credentials: Credentials: {'domain_id': 'default', 'domain_name': 'Default', 'username': 'tempest-ServerRescueTestJSONUnderV235-964915451-project-member', 'project_domain_id': 'default', 'project_domain_name': 'Default', 'project_id': 'ebc5c27c81a34c2b855243296a473eff', 'project_name': 'tempest-ServerRescueTestJSONUnderV235-964915451', 'tenant_id': 'ebc5c27c81a34c2b855243296a473eff', 'tenant_name': 'tempest-ServerRescueTestJSONUnderV235-964915451', 'user_domain_id': 'default', 'user_domain_name': 'Default', 'user_id': 'fa5535f8132b401d831b220ee62ab1fc', 'system': None}, Network: None, Subnet: None, Router: None
2025-12-15 15:21:18.951 67066 INFO tempest.lib.common.rest_client [req-cd257a95-8311-4ade-85f3-72488cebd3e8 req-cd257a95-8311-4ade-85f3-72488cebd3e8 ] Request (SecurityGroupsTestJSON:test_server_security_groups): 400 DELETE http://10.180.1.21/compute/v2.1/os-security-groups/a28d8168-ddcb-4c73-9a65-8357fac367a8 3.204s
2025-12-15 15:21:19.002 67094 INFO tempest.lib.common.rest_client [req-07362bea-5b35-4bab-a2c4-0ae5c31a12b0 req-07362bea-5b35-4bab-a2c4-0ae5c31a12b0 ] Request (ServerActionsV293TestJSON:setUpClass): 202 POST http://10.180.1.21/compute/v2.1/servers 4.708s
2025-12-15 15:21:19.032 67104 INFO tempest.lib.common.rest_client [req-dde48466-4e29-404d-9e85-5af83f2e57c8 req-dde48466-4e29-404d-9e85-5af83f2e57c8 ] Request (ServerRescueTestJSONUnderV235:setUpClass): 201 POST http://10.180.1.21/identity/v3/auth/tokens 0.088s
2025-12-15 15:21:19.194 67092 INFO tempest.lib.common.rest_client [req-6776de05-d9ab-4374-8082-568f58edfa51 req-6776de05-d9ab-4374-8082-568f58edfa51 ] Request (MultipleCreateTestJSON:test_multiple_create): 200 GET http://10.180.1.21/compute/v2.1/servers/2e7f4fea-bb5c-434d-a8d5-5a9ef19e86e4 3.110s
2025-12-15 15:21:19.203 67092 INFO tempest.common.waiters [-] State transition "BUILD/spawning" ==> "ACTIVE/None" after 25 second wait
2025-12-15 15:21:19.265 67080 INFO tempest.lib.common.rest_client [req-539e2fa5-f7a7-4512-9b0e-f9e384288c86 req-539e2fa5-f7a7-4512-9b0e-f9e384288c86 ] Request (ServersWithSpecificFlavorTestJSON:test_verify_created_server_ephemeral_disk): 200 GET http://10.180.1.21/compute/v2.1/servers/84a6fd10-7c94-4726-b40e-b71e9bae6055 2.970s
2025-12-15 15:21:19.280 67110 INFO paramiko.transport [-] Connected (version 2.0, client dropbear_2020.81)
2025-12-15 15:21:19.310 67070 INFO tempest.lib.common.rest_client [req-bb82f4a8-97ed-4344-8c78-6ea66792c603 req-bb82f4a8-97ed-4344-8c78-6ea66792c603 ] Request (AttachVolumeShelveTestJSON:test_attach_volume_shelved_or_offload_server): 200 GET http://10.180.1.21/volume/v3/volumes/b106543a-6ae1-469b-b187-104547fa73ff 0.031s
2025-12-15 15:21:19.319 67070 INFO tempest.common.waiters [-] volume b106543a-6ae1-469b-b187-104547fa73ff reached available after waiting for 1.319809 seconds
2025-12-15 15:21:19.320 67070 INFO tempest.lib.common.ssh [-] Creating ssh connection to '10.180.180.192:22' as 'cirros' with public key authentication
2025-12-15 15:21:19.323 67076 INFO tempest.lib.common.rest_client [req-4d6cc81b-99a2-4850-8814-3accfa6bda34 req-4d6cc81b-99a2-4850-8814-3accfa6bda34 ] Request (ServerDiskConfigTestJSON:test_rebuild_server_with_manual_disk_config): 200 PUT http://10.180.1.21/compute/v2.1/servers/5703a672-7ce4-49b9-9179-d4428ff47eb7 2.941s
2025-12-15 15:21:19.342 67070 INFO paramiko.transport [-] Connected (version 2.0, client dropbear_2020.81)
2025-12-15 15:21:19.363 67104 INFO tempest.lib.common.rest_client [req-b6eaafef-1fc7-4718-91f1-331a3058c33d req-b6eaafef-1fc7-4718-91f1-331a3058c33d ] Request (ServerRescueTestJSONUnderV235:setUpClass): 201 POST http://10.180.1.21/networking/v2.0/networks 0.331s
2025-12-15 15:21:19.394 67110 INFO paramiko.transport [-] Authentication (publickey) successful!
2025-12-15 15:21:19.395 67110 INFO tempest.lib.common.ssh [-] ssh connection to cirros@10.180.180.184 successfully created
2025-12-15 15:21:19.441 67070 INFO paramiko.transport [-] Authentication (publickey) successful!
2025-12-15 15:21:19.442 67070 INFO tempest.lib.common.ssh [-] ssh connection to cirros@10.180.180.192 successfully created
2025-12-15 15:21:19.450 67068 INFO tempest.lib.common.rest_client [req-6cf53090-1824-40ff-baa4-cd92554abecd req-6cf53090-1824-40ff-baa4-cd92554abecd ] Request (SecurityGroupRulesTestJSON:test_security_group_rules_create_with_optional_cidr): 200 POST http://10.180.1.21/compute/v2.1/os-security-groups 2.995s
2025-12-15 15:21:19.457 67070 INFO tempest.lib.common.ssh [-] Creating ssh connection to '10.180.180.192:22' as 'cirros' with public key authentication
2025-12-15 15:21:19.460 67070 INFO paramiko.transport [-] Connected (version 2.0, client dropbear_2020.81)
2025-12-15 15:21:19.483 67086 INFO tempest.lib.common.rest_client [req-2813f01d-dce7-4b48-a666-8ae57aaad111 req-2813f01d-dce7-4b48-a666-8ae57aaad111 ] Request (ServerGroupTestJSON:test_create_delete_server_group_with_affinity_policy): 204 DELETE http://10.180.1.21/compute/v2.1/os-server-groups/c6783827-cb4b-4a0b-abcf-b3f7f8451011 2.466s
2025-12-15 15:21:19.542 67082 INFO tempest.lib.common.rest_client [req-dd84bef6-707f-4b95-b5d1-d47cbf0dc45d req-dd84bef6-707f-4b95-b5d1-d47cbf0dc45d ] Request (ImagesTestJSON:test_create_image_from_stopped_server): 202 POST http://10.180.1.21/compute/v2.1/servers/3cd49107-c1b3-4cbd-8151-1989f2d8aa5d/action 3.751s
2025-12-15 15:21:19.563 67070 INFO paramiko.transport [-] Authentication (publickey) successful!
2025-12-15 15:21:19.563 67070 INFO tempest.lib.common.ssh [-] ssh connection to cirros@10.180.180.192 successfully created
2025-12-15 15:21:19.589 67104 INFO tempest.lib.common.rest_client [req-77bdb6f3-d42e-40ad-a15a-ba3e98c36b68 req-77bdb6f3-d42e-40ad-a15a-ba3e98c36b68 ] Request (ServerRescueTestJSONUnderV235:setUpClass): 201 POST http://10.180.1.21/networking/v2.0/subnets 0.226s
2025-12-15 15:21:19.592 67062 INFO tempest.lib.common.rest_client [req-1e09e8d5-efa2-41fc-9425-5175f5fd5e37 req-1e09e8d5-efa2-41fc-9425-5175f5fd5e37 ] Request (ServerActionsTestJSON:_run_cleanups): 202 POST http://10.180.1.21/compute/v2.1/servers/a35cfdf3-587f-458d-a87e-5384f9975b1d/action 2.145s
2025-12-15 15:21:19.660 67090 INFO tempest.lib.common.rest_client [req-3fd5e1d8-3caf-45b6-b4d4-d8c68e74a39a req-3fd5e1d8-3caf-45b6-b4d4-d8c68e74a39a ] Request (ServersAaction247Test:test_create_backup): 200 GET http://10.180.1.21/compute/v2.1/servers/0ed6df80-b0cd-4b6f-b107-5d7105d8419a 1.983s
2025-12-15 15:21:19.696 67074 INFO tempest.lib.common.rest_client [req-06fdbb9b-b08f-4727-a53a-42e77e5021c7 req-06fdbb9b-b08f-4727-a53a-42e77e5021c7 ] Request (AttachInterfacesUnderV243Test:test_add_remove_fixed_ip): 200 GET http://10.180.1.21/compute/v2.1/servers/a1105779-6a65-4b98-9432-f7d47fabe90d/ips 1.950s
2025-12-15 15:21:19.719 67078 INFO tempest.lib.common.rest_client [req-007e19af-2052-4a85-aaf3-4f7dd197d107 req-007e19af-2052-4a85-aaf3-4f7dd197d107 ] Request (ServerMetadataNegativeTestJSON:tearDownClass): 404 GET http://10.180.1.21/compute/v2.1/servers/d7a54428-c8c3-413a-b00f-7f39b256f703 1.820s
2025-12-15 15:21:19.767 67058 INFO tempest.lib.common.rest_client [req-fd1505ea-52a8-4fb3-b1c0-01fc13fca3a4 req-fd1505ea-52a8-4fb3-b1c0-01fc13fca3a4 ] Request (ServicesAdminNegativeV253TestJSON:test_disable_log_reason_with_invalid_service_id): 404 PUT http://10.180.1.21/compute/v2.1/os-services/febb4572-fedc-4416-8c64-12f15aee40ce 2.298s
2025-12-15 15:21:19.873 67102 INFO tempest.lib.common.rest_client [req-4c4f7ee9-6b59-448d-87b3-a8ddf7f567b8 req-4c4f7ee9-6b59-448d-87b3-a8ddf7f567b8 ] Request (QuotasAdminNegativeTest:_run_cleanups): 200 PUT http://10.180.1.21/compute/v2.1/os-quota-sets/4a6d98b5b573466fa5f2af12642ac56e 1.793s
2025-12-15 15:21:20.424 67104 INFO tempest.lib.common.rest_client [req-c740535a-a1c8-40fb-9dc4-e9a8b9508059 req-c740535a-a1c8-40fb-9dc4-e9a8b9508059 ] Request (ServerRescueTestJSONUnderV235:setUpClass): 201 POST http://10.180.1.21/networking/v2.0/routers 0.834s
2025-12-15 15:21:20.448 67084 INFO tempest.lib.common.rest_client [req-836c8d9b-08bc-416b-a2c4-855565e7b5f3 req-836c8d9b-08bc-416b-a2c4-855565e7b5f3 ] Request (ImagesOneServerNegativeTestJSON:_run_cleanups): 200 GET http://10.180.1.21/compute/v2.1/servers/6b983368-bbc2-4770-89bb-9a52263c098f 2.504s
2025-12-15 15:21:20.459 67084 INFO tempest.common.waiters [-] State transition "ACTIVE/deleting" ==> "DELETED/None" after 4 second wait
2025-12-15 15:21:20.502 67078 INFO tempest.lib.common.rest_client [req-4919d9c5-c0ab-4ad1-867e-96b7d89435e2 req-4919d9c5-c0ab-4ad1-867e-96b7d89435e2 ] Request (ServerMetadataNegativeTestJSON:tearDownClass): 200 PUT http://10.180.1.21/networking/v2.0/routers/477af976-b047-4b60-a96e-16da9695e4c5/remove_router_interface 0.782s
2025-12-15 15:21:20.545 67114 INFO tempest.lib.common.rest_client [req-bbfe3e43-e3f1-4dbd-ae3b-6e394945f8b4 req-bbfe3e43-e3f1-4dbd-ae3b-6e394945f8b4 ] Request (ServersAdminTestJSON:test_list_servers_filter_by_error_status): 200 GET http://10.180.1.21/compute/v2.1/servers/a02e24b4-c6a5-4ba3-a56c-debb130a9781 2.384s
2025-12-15 15:21:21.007 67078 INFO tempest.lib.common.rest_client [req-80497228-20a1-4dd9-ab4f-701299fd7572 req-80497228-20a1-4dd9-ab4f-701299fd7572 ] Request (ServerMetadataNegativeTestJSON:tearDownClass): 204 DELETE http://10.180.1.21/networking/v2.0/routers/477af976-b047-4b60-a96e-16da9695e4c5 0.504s
2025-12-15 15:21:21.097 67118 INFO tempest.lib.common.rest_client [req-a8508c5f-e40a-4ebe-9142-eb362cbdced3 req-a8508c5f-e40a-4ebe-9142-eb362cbdced3 ] Request (ServersTestJSON:setUpClass): 200 GET http://10.180.1.21/compute/v2.1/servers/56752f17-7fe9-44b7-b3f2-edeb1b6e5011/os-interface 2.472s
2025-12-15 15:21:21.139 67060 INFO tempest.lib.common.rest_client [req-d6d3ecde-5816-427a-bf34-c4795a683fda req-d6d3ecde-5816-427a-bf34-c4795a683fda ] Request (FloatingIPsNegativeTestJSON:setUpClass): 200 GET http://10.180.1.21/compute/v2.1/os-floating-ips 2.482s
2025-12-15 15:21:21.248 67066 INFO tempest.lib.common.rest_client [req-0a6d59f3-4969-4d43-a36d-a2c2ccae9b9e req-0a6d59f3-4969-4d43-a36d-a2c2ccae9b9e ] Request (SecurityGroupsTestJSON:test_server_security_groups): 204 DELETE http://10.180.1.21/compute/v2.1/servers/b10ba620-bf08-4f69-b12e-0fe72bde405a 2.296s
2025-12-15 15:21:21.379 67078 INFO tempest.lib.common.rest_client [req-d049e5e7-89a7-42c6-bba4-a449587c2c38 req-d049e5e7-89a7-42c6-bba4-a449587c2c38 ] Request (ServerMetadataNegativeTestJSON:tearDownClass): 204 DELETE http://10.180.1.21/networking/v2.0/subnets/93f73a1d-2e92-4d50-b738-841f40f47adb 0.371s
2025-12-15 15:21:21.525 67104 INFO tempest.lib.common.rest_client [req-886f314e-f88a-4404-82de-f0ec1c433732 req-886f314e-f88a-4404-82de-f0ec1c433732 ] Request (ServerRescueTestJSONUnderV235:setUpClass): 200 PUT http://10.180.1.21/networking/v2.0/routers/f74648ec-6484-4825-a03d-74d76f8b80bb/add_router_interface 1.100s
2025-12-15 15:21:21.525 67104 INFO tempest.lib.common.dynamic_creds [-] Created isolated network resources for: credentials: Credentials: {'domain_id': 'default', 'domain_name': 'Default', 'username': 'tempest-ServerRescueTestJSONUnderV235-964915451-project-member', 'project_domain_id': 'default', 'project_domain_name': 'Default', 'project_id': 'ebc5c27c81a34c2b855243296a473eff', 'project_name': 'tempest-ServerRescueTestJSONUnderV235-964915451', 'tenant_id': 'ebc5c27c81a34c2b855243296a473eff', 'tenant_name': 'tempest-ServerRescueTestJSONUnderV235-964915451', 'user_domain_id': 'default', 'user_domain_name': 'Default', 'user_id': 'fa5535f8132b401d831b220ee62ab1fc', 'system': None}, Network: {'id': 'd318f315-9134-4785-8aaa-ddbe238dd445', 'name': 'tempest-ServerRescueTestJSONUnderV235-1974464560-network', 'tenant_id': 'ebc5c27c81a34c2b855243296a473eff', 'project_id': 'ebc5c27c81a34c2b855243296a473eff', 'admin_state_up': True, 'mtu': 8950, 'status': 'ACTIVE', 'subnets': [], 'shared': False, 'port_security_enabled': True, 'router:external': False, 'provider:network_type': 'vlan', 'provider:physical_network': 'default', 'provider:segmentation_id': 774, 'availability_zone_hints': [], 'availability_zones': [], 'ipv4_address_scope': None, 'ipv6_address_scope': None, 'description': '', 'tags': [], 'created_at': '2025-12-15T15:21:19Z', 'updated_at': '2025-12-15T15:21:19Z', 'revision_number': 1}, Subnet: {'id': 'e09c65cd-ba5e-461b-a116-ab3a7409a2b6', 'name': 'tempest-ServerRescueTestJSONUnderV235-1974464560-subnet', 'tenant_id': 'ebc5c27c81a34c2b855243296a473eff', 'network_id': 'd318f315-9134-4785-8aaa-ddbe238dd445', 'ip_version': 4, 'subnetpool_id': None, 'enable_dhcp': False, 'ipv6_ra_mode': None, 'ipv6_address_mode': None, 'gateway_ip': '192.168.128.1', 'cidr': '192.168.128.0/28', 'allocation_pools': [{'start': '192.168.128.2', 'end': '192.168.128.14'}], 'host_routes': [], 'dns_nameservers': [], 'description': '', 'router:external': False, 'service_types': [], 'tags': [], 'created_at': '2025-12-15T15:21:19Z', 'updated_at': '2025-12-15T15:21:19Z', 'revision_number': 0, 'project_id': 'ebc5c27c81a34c2b855243296a473eff'}, Router: {'id': 'f74648ec-6484-4825-a03d-74d76f8b80bb', 'name': 'tempest-ServerRescueTestJSONUnderV235-1974464560-router', 'tenant_id': 'ebc5c27c81a34c2b855243296a473eff', 'admin_state_up': True, 'status': 'ACTIVE', 'external_gateway_info': {'network_id': '4ec44e80-721a-4d69-a1e3-82e621f9c5b5', 'external_fixed_ips': [{'subnet_id': '837362f1-2a72-47d8-b65f-0c06fa54c6c7', 'ip_address': '10.180.180.245'}], 'enable_snat': True}, 'description': '', 'availability_zones': [], 'distributed': False, 'ha': False, 'availability_zone_hints': [], 'routes': [], 'flavor_id': None, 'tags': [], 'created_at': '2025-12-15T15:21:19Z', 'updated_at': '2025-12-15T15:21:20Z', 'revision_number': 2, 'project_id': 'ebc5c27c81a34c2b855243296a473eff'}
2025-12-15 15:21:21.641 67104 INFO tempest.lib.common.rest_client [req-d12b0e8a-aa75-4055-855b-a40862a52d44 req-d12b0e8a-aa75-4055-855b-a40862a52d44 ] Request (ServerRescueTestJSONUnderV235:setUpClass): 201 POST http://10.180.1.21/identity/v3/auth/tokens 0.110s
2025-12-15 15:21:21.675 67104 INFO tempest.lib.common.rest_client [req-e5e15fb6-e3e9-4a10-8e49-51115dd9e649 req-e5e15fb6-e3e9-4a10-8e49-51115dd9e649 ] Request (ServerRescueTestJSONUnderV235:setUpClass): 201 POST http://10.180.1.21/identity/v3/auth/tokens 0.030s
2025-12-15 15:21:21.676 67104 INFO tempest.lib.common.fixed_network [-] (ServerRescueTestJSONUnderV235:setUpClass) Found network {'id': 'd318f315-9134-4785-8aaa-ddbe238dd445', 'name': 'tempest-ServerRescueTestJSONUnderV235-1974464560-network', 'tenant_id': 'ebc5c27c81a34c2b855243296a473eff', 'project_id': 'ebc5c27c81a34c2b855243296a473eff', 'admin_state_up': True, 'mtu': 8950, 'status': 'ACTIVE', 'subnets': [], 'shared': False, 'port_security_enabled': True, 'router:external': False, 'provider:network_type': 'vlan', 'provider:physical_network': 'default', 'provider:segmentation_id': 774, 'availability_zone_hints': [], 'availability_zones': [], 'ipv4_address_scope': None, 'ipv6_address_scope': None, 'description': '', 'tags': [], 'created_at': '2025-12-15T15:21:19Z', 'updated_at': '2025-12-15T15:21:19Z', 'revision_number': 1} available for tenant
2025-12-15 15:21:21.920 67064 INFO tempest.lib.common.rest_client [req-d9d4ea03-852e-421e-b6b0-695f990c43be req-d9d4ea03-852e-421e-b6b0-695f990c43be ] Request (ImagesOneServerTestJSON:tearDownClass): 200 GET http://10.180.1.21/compute/v2.1/servers/0801e4fa-bb31-4cea-8d74-924a6f9f8a52 3.107s
2025-12-15 15:21:22.007 67118 INFO tempest.lib.common.rest_client [req-ab2227d6-aa78-4246-b436-c795ac041f0c req-ab2227d6-aa78-4246-b436-c795ac041f0c ] Request (ServersTestJSON:setUpClass): 200 PUT http://10.180.1.21/networking/v2.0/floatingips/e8f9b3d6-f408-485f-8358-1274e13dbed3 0.907s
2025-12-15 15:21:22.009 67094 INFO tempest.lib.common.rest_client [req-cd8bde71-b41f-44e4-a505-d656b7e8ee12 req-cd8bde71-b41f-44e4-a505-d656b7e8ee12 ] Request (ServerActionsV293TestJSON:setUpClass): 200 GET http://10.180.1.21/compute/v2.1/servers/b0eb8601-c08a-4fc7-834a-7afae2012fb6 3.006s
2025-12-15 15:21:22.276 67078 INFO tempest.lib.common.rest_client [req-8b155d87-e48b-46b7-8579-1628269230f5 req-8b155d87-e48b-46b7-8579-1628269230f5 ] Request (ServerMetadataNegativeTestJSON:tearDownClass): 204 DELETE http://10.180.1.21/networking/v2.0/networks/fc81d115-088f-44b9-bc82-f587dbc03d81 0.896s
2025-12-15 15:21:22.434 67078 INFO tempest.lib.common.rest_client [req-5c91604e-078a-4f60-9947-afd425479048 req-5c91604e-078a-4f60-9947-afd425479048 ] Request (ServerMetadataNegativeTestJSON:tearDownClass): 204 DELETE http://10.180.1.21/identity/v3/users/a05268187e7644ca95610c863b6c6b36 0.157s
2025-12-15 15:21:22.434 67078 INFO tempest.lib.common.dynamic_creds [-] Deleting project and security group for project: 8b3944c29c9648659618c5175534e0e9
2025-12-15 15:21:22.515 67096 INFO tempest.lib.common.rest_client [req-e3a33610-61e3-4e7e-9766-df3ea4caff52 req-e3a33610-61e3-4e7e-9766-df3ea4caff52 ] Request (ServerAddressesNegativeTestJSON:setUpClass): 200 GET http://10.180.1.21/compute/v2.1/servers/c7d85326-7cb5-4d28-a43a-d13f7153c2ab 3.495s
2025-12-15 15:21:22.522 67096 INFO tempest.common.waiters [-] State transition "BUILD/None" ==> "BUILD/spawning" after 10 second wait
2025-12-15 15:21:22.554 67078 INFO tempest.lib.common.rest_client [req-a3777e16-e58c-49bc-9cec-18c00fba22c5 req-a3777e16-e58c-49bc-9cec-18c00fba22c5 ] Request (ServerMetadataNegativeTestJSON:tearDownClass): 200 GET http://10.180.1.21/networking/v2.0/security-groups?tenant_id=8b3944c29c9648659618c5175534e0e9&name=default 0.117s
2025-12-15 15:21:22.589 67092 INFO tempest.lib.common.rest_client [req-5910b123-4e61-4f17-ab62-b2c1e86ee43d req-5910b123-4e61-4f17-ab62-b2c1e86ee43d ] Request (MultipleCreateTestJSON:test_multiple_create): 200 GET http://10.180.1.21/compute/v2.1/servers/a1dcbc1d-11da-44c8-bea8-0d8d067f120a 3.384s
2025-12-15 15:21:22.731 67078 INFO tempest.lib.common.rest_client [req-6527f02d-08f8-43db-b086-8ce8bbd8d293 req-6527f02d-08f8-43db-b086-8ce8bbd8d293 ] Request (ServerMetadataNegativeTestJSON:tearDownClass): 204 DELETE http://10.180.1.21/networking/v2.0/security-groups/6346706c-1caf-4cbe-88de-b1c9a0ad8189 0.177s
2025-12-15 15:21:22.759 67120 INFO tempest.lib.common.rest_client [req-5cdf26a1-b5cf-46dc-b06d-eee6f1eb2e41 req-5cdf26a1-b5cf-46dc-b06d-eee6f1eb2e41 ] Request (DeleteServersTestJSON:test_delete_server_while_in_shelved_state): 200 GET http://10.180.1.21/compute/v2.1/servers/23f3d7f5-f1a9-4902-aafc-78a1ca76f85a 3.456s
2025-12-15 15:21:22.839 67110 INFO tempest.lib.common.rest_client [req-951c8d04-058b-492c-9ba7-b8e397c1bebc req-951c8d04-058b-492c-9ba7-b8e397c1bebc ] Request (ServersTestManualDisk:test_list_servers): 200 GET http://10.180.1.21/compute/v2.1/servers 3.435s
2025-12-15 15:21:22.875 67078 INFO tempest.lib.common.rest_client [req-dfe3018e-7502-460a-91a5-cc30e0f5515a req-dfe3018e-7502-460a-91a5-cc30e0f5515a ] Request (ServerMetadataNegativeTestJSON:tearDownClass): 204 DELETE http://10.180.1.21/identity/v3/projects/8b3944c29c9648659618c5175534e0e9 0.144s
2025-12-15 15:21:22.964 67078 INFO tempest.lib.common.rest_client [req-bb0ac2a6-f87b-46c6-ac70-48e1d716fc57 req-bb0ac2a6-f87b-46c6-ac70-48e1d716fc57 ] Request (ServerShowV247Test:setUpClass): 201 POST http://10.180.1.21/identity/v3/auth/tokens 0.087s
2025-12-15 15:21:22.997 67076 INFO tempest.lib.common.rest_client [req-9a2a555c-a362-478c-b14d-f84cb4eaa5cb req-9a2a555c-a362-478c-b14d-f84cb4eaa5cb ] Request (ServerDiskConfigTestJSON:test_rebuild_server_with_manual_disk_config): 200 GET http://10.180.1.21/compute/v2.1/servers/5703a672-7ce4-49b9-9179-d4428ff47eb7 3.668s
2025-12-15 15:21:22.999 67078 INFO tempest.lib.common.rest_client [req-8c8e2771-2947-46cf-a2d9-dee87671e172 req-8c8e2771-2947-46cf-a2d9-dee87671e172 ] Request (ServerShowV247Test:setUpClass): 201 POST http://10.180.1.21/identity/v3/auth/tokens 0.031s
2025-12-15 15:21:23.023 67086 INFO tempest.lib.common.rest_client [req-cfae8279-675e-4cfb-8d5b-6f4a1f51db3f req-cfae8279-675e-4cfb-8d5b-6f4a1f51db3f ] Request (ServerGroupTestJSON:test_create_delete_server_group_with_affinity_policy): 200 GET http://10.180.1.21/compute/v2.1/os-server-groups 3.539s
2025-12-15 15:21:23.033 67078 INFO tempest.lib.common.rest_client [req-30b6f716-079b-4565-a19c-90f275fd1640 req-30b6f716-079b-4565-a19c-90f275fd1640 ] Request (ServerShowV247Test:setUpClass): 200 GET http://10.180.1.21/identity/v3/domains?name=Default 0.034s
2025-12-15 15:21:23.071 67078 INFO tempest.lib.common.rest_client [req-ffb494f0-bb7e-4f8d-8ec8-c8492a1b9aa3 req-ffb494f0-bb7e-4f8d-8ec8-c8492a1b9aa3 ] Request (ServerShowV247Test:setUpClass): 201 POST http://10.180.1.21/identity/v3/projects 0.037s
2025-12-15 15:21:23.075 67082 INFO tempest.lib.common.rest_client [req-6f3f9904-4377-4b6c-862d-ac73344d80fe req-6f3f9904-4377-4b6c-862d-ac73344d80fe ] Request (ImagesTestJSON:test_create_image_from_stopped_server): 200 GET http://10.180.1.21/compute/v2.1/images/0d889794-b62e-46a4-b696-493673c9db31 3.530s
2025-12-15 15:21:23.145 67068 INFO tempest.lib.common.rest_client [req-9d762f3c-8254-47a6-a6c0-887f7ac46aaa req-9d762f3c-8254-47a6-a6c0-887f7ac46aaa ] Request (SecurityGroupRulesTestJSON:test_security_group_rules_create_with_optional_cidr): 200 POST http://10.180.1.21/compute/v2.1/os-security-group-rules 3.693s
2025-12-15 15:21:23.168 67078 INFO tempest.lib.common.rest_client [req-a3bf52d7-ab30-4f4b-a117-f15230f489b3 req-a3bf52d7-ab30-4f4b-a117-f15230f489b3 ] Request (ServerShowV247Test:setUpClass): 201 POST http://10.180.1.21/identity/v3/users 0.097s
2025-12-15 15:21:23.209 67078 INFO tempest.lib.common.rest_client [req-510033b1-66e2-4858-a9ef-2469c5f949ef req-510033b1-66e2-4858-a9ef-2469c5f949ef ] Request (ServerShowV247Test:setUpClass): 200 GET http://10.180.1.21/identity/v3/roles 0.039s
2025-12-15 15:21:23.269 67078 INFO tempest.lib.common.rest_client [req-635f1ad6-a2f9-4c54-b6a5-6ae438e87727 req-635f1ad6-a2f9-4c54-b6a5-6ae438e87727 ] Request (ServerShowV247Test:setUpClass): 204 PUT http://10.180.1.21/identity/v3/projects/415faefbe5024d7884993707706b2939/users/a9d28fa1e5dc40609e60efafbddb861e/roles/e0faeb1e45de4904913aad4992205474 0.058s
2025-12-15 15:21:23.269 67078 INFO tempest.lib.common.dynamic_creds [-] Dynamic test user a9d28fa1e5dc40609e60efafbddb861e is created with scope project and roles: ['member']
2025-12-15 15:21:23.270 67078 INFO tempest.lib.common.dynamic_creds [-] Acquired dynamic creds: credentials: Credentials: {'domain_id': 'default', 'domain_name': 'Default', 'username': 'tempest-ServerShowV247Test-925131651-project-member', 'project_domain_id': 'default', 'project_domain_name': 'Default', 'project_id': '415faefbe5024d7884993707706b2939', 'project_name': 'tempest-ServerShowV247Test-925131651', 'tenant_id': '415faefbe5024d7884993707706b2939', 'tenant_name': 'tempest-ServerShowV247Test-925131651', 'user_domain_id': 'default', 'user_domain_name': 'Default', 'user_id': 'a9d28fa1e5dc40609e60efafbddb861e', 'system': None}, Network: None, Subnet: None, Router: None
2025-12-15 15:21:23.270 67078 INFO tempest.lib.common.dynamic_creds [-] Created isolated network resources for: credentials: Credentials: {'domain_id': 'default', 'domain_name': 'Default', 'username': 'tempest-ServerShowV247Test-925131651-project-member', 'project_domain_id': 'default', 'project_domain_name': 'Default', 'project_id': '415faefbe5024d7884993707706b2939', 'project_name': 'tempest-ServerShowV247Test-925131651', 'tenant_id': '415faefbe5024d7884993707706b2939', 'tenant_name': 'tempest-ServerShowV247Test-925131651', 'user_domain_id': 'default', 'user_domain_name': 'Default', 'user_id': 'a9d28fa1e5dc40609e60efafbddb861e', 'system': None}, Network: None, Subnet: None, Router: None
2025-12-15 15:21:23.336 67062 INFO tempest.lib.common.rest_client [req-501c9ef1-2434-4d0d-94fb-c9bd209fa1b7 req-501c9ef1-2434-4d0d-94fb-c9bd209fa1b7 ] Request (ServerActionsTestJSON:setUp): 200 GET http://10.180.1.21/compute/v2.1/servers/a35cfdf3-587f-458d-a87e-5384f9975b1d 3.742s
2025-12-15 15:21:23.351 67078 INFO tempest.lib.common.rest_client [req-185db221-dc51-4baf-ba42-9aa35a7fe9ca req-185db221-dc51-4baf-ba42-9aa35a7fe9ca ] Request (ServerShowV247Test:setUpClass): 201 POST http://10.180.1.21/identity/v3/auth/tokens 0.079s
2025-12-15 15:21:23.408 67078 INFO tempest.lib.common.rest_client [req-a6144e0d-fbfc-463b-8fc3-43f230fc3544 req-a6144e0d-fbfc-463b-8fc3-43f230fc3544 ] Request (ServerShowV247Test:setUpClass): 200 GET http://10.180.1.21/identity/v3/projects/415faefbe5024d7884993707706b2939 0.056s
2025-12-15 15:21:23.408 67078 INFO tempest.lib.common.dynamic_creds [-] Using the existing project 415faefbe5024d7884993707706b2939 for scope project and roles: ['reader']
2025-12-15 15:21:23.409 67101 WARNING tempest.lib.common.ssh [-] Failed to establish authenticated ssh connection to cirros@10.180.180.237 ([Errno None] Unable to connect to port 22 on 10.180.180.237). Number attempts: 3. Retry after 4 seconds.: paramiko.ssh_exception.NoValidConnectionsError: [Errno None] Unable to connect to port 22 on 10.180.180.237
2025-12-15 15:21:23.437 67074 INFO tempest.lib.common.rest_client [req-a633d28c-6ba3-41f3-82c9-fba86d2ac24a req-a633d28c-6ba3-41f3-82c9-fba86d2ac24a ] Request (AttachInterfacesUnderV243Test:_run_cleanups): 204 DELETE http://10.180.1.21/compute/v2.1/servers/a1105779-6a65-4b98-9432-f7d47fabe90d 3.737s
2025-12-15 15:21:23.444 67078 INFO tempest.lib.common.rest_client [req-f66d3e1c-35a5-4855-a7c0-9025ba7caa70 req-f66d3e1c-35a5-4855-a7c0-9025ba7caa70 ] Request (ServerShowV247Test:setUpClass): 201 POST http://10.180.1.21/identity/v3/users 0.036s
2025-12-15 15:21:23.455 67058 INFO tempest.lib.common.rest_client [req-7120115b-cbf5-4ffc-b87b-5d42b33e5213 req-7120115b-cbf5-4ffc-b87b-5d42b33e5213 ] Request (ServicesAdminNegativeV253TestJSON:test_disable_service_with_invalid_service_id): 404 PUT http://10.180.1.21/compute/v2.1/os-services/febb4572-fedc-4416-8c64-12f15aee40ce 3.685s
2025-12-15 15:21:23.471 67078 INFO tempest.lib.common.rest_client [req-24a65e68-8897-4910-a4dd-27f5aa8e2aab req-24a65e68-8897-4910-a4dd-27f5aa8e2aab ] Request (ServerShowV247Test:setUpClass): 200 GET http://10.180.1.21/identity/v3/roles 0.027s
2025-12-15 15:21:23.509 67078 INFO tempest.lib.common.rest_client [req-ccb56b11-b2fa-40d1-ad66-e547ad934c5b req-ccb56b11-b2fa-40d1-ad66-e547ad934c5b ] Request (ServerShowV247Test:setUpClass): 204 PUT http://10.180.1.21/identity/v3/projects/415faefbe5024d7884993707706b2939/users/72733b983a39482fac7d4026cd782c37/roles/c9132eb3de424aff8706c0849639aa7f 0.037s
2025-12-15 15:21:23.509 67078 INFO tempest.lib.common.dynamic_creds [-] Dynamic test user 72733b983a39482fac7d4026cd782c37 is created with scope project and roles: ['reader']
2025-12-15 15:21:23.509 67078 INFO tempest.lib.common.dynamic_creds [-] Acquired dynamic creds: credentials: Credentials: {'domain_id': 'default', 'domain_name': 'Default', 'username': 'tempest-ServerShowV247Test-925131651-project-reader', 'project_domain_id': 'default', 'project_domain_name': 'Default', 'project_id': '415faefbe5024d7884993707706b2939', 'project_name': 'tempest-ServerShowV247Test-925131651', 'tenant_id': '415faefbe5024d7884993707706b2939', 'tenant_name': 'tempest-ServerShowV247Test-925131651', 'user_domain_id': 'default', 'user_domain_name': 'Default', 'user_id': '72733b983a39482fac7d4026cd782c37', 'system': None}, Network: None, Subnet: None, Router: None
2025-12-15 15:21:23.509 67078 INFO tempest.lib.common.dynamic_creds [-] Network resources are not created for requested scope: project and credentials: Credentials: {'domain_id': 'default', 'domain_name': 'Default', 'username': 'tempest-ServerShowV247Test-925131651-project-reader', 'project_domain_id': 'default', 'project_domain_name': 'Default', 'project_id': '415faefbe5024d7884993707706b2939', 'project_name': 'tempest-ServerShowV247Test-925131651', 'tenant_id': '415faefbe5024d7884993707706b2939', 'tenant_name': 'tempest-ServerShowV247Test-925131651', 'user_domain_id': 'default', 'user_domain_name': 'Default', 'user_id': '72733b983a39482fac7d4026cd782c37', 'system': None}, Network: None, Subnet: None, Router: None
2025-12-15 15:21:23.600 67078 INFO tempest.lib.common.rest_client [req-848ff839-53d0-40c0-a5eb-3405ea9ea64a req-848ff839-53d0-40c0-a5eb-3405ea9ea64a ] Request (ServerShowV247Test:setUpClass): 201 POST http://10.180.1.21/identity/v3/auth/tokens 0.087s
2025-12-15 15:21:23.668 67070 INFO tempest.lib.common.rest_client [req-6183bd0d-dd08-4f77-8a91-d05b29ddbf76 req-6183bd0d-dd08-4f77-8a91-d05b29ddbf76 ] Request (AttachVolumeShelveTestJSON:test_attach_volume_shelved_or_offload_server): 202 POST http://10.180.1.21/compute/v2.1/servers/2fdda7fd-db08-4ecd-b126-4d917f975c3f/action 4.104s
2025-12-15 15:21:23.688 67078 INFO tempest.lib.common.rest_client [req-68763249-0bf1-4a1a-ab94-1a046c3f52f0 req-68763249-0bf1-4a1a-ab94-1a046c3f52f0 ] Request (ServerShowV247Test:test_show_server): 201 POST http://10.180.1.21/identity/v3/auth/tokens 0.084s
2025-12-15 15:21:23.689 67078 INFO tempest.lib.common.fixed_network [-] (ServerShowV247Test:test_show_server) Found network None available for tenant
2025-12-15 15:21:23.818 67102 INFO tempest.lib.common.rest_client [req-a6c8689c-23d6-4e96-b9b8-07a864058dde req-a6c8689c-23d6-4e96-b9b8-07a864058dde ] Request (QuotasAdminNegativeTest:test_create_server_when_instances_quota_is_full): 200 GET http://10.180.1.21/compute/v2.1/os-quota-sets/4a6d98b5b573466fa5f2af12642ac56e 3.938s
2025-12-15 15:21:23.939 67112 INFO tempest.lib.common.rest_client [req-883a7ac0-ebaf-42db-9b58-81ff845b5de1 req-883a7ac0-ebaf-42db-9b58-81ff845b5de1 ] Request (MigrationsAdminTest:test_resize_server_revert_deleted_flavor): 200 GET http://10.180.1.21/compute/v2.1/servers/4e1ed1f7-0ac8-425c-b7b0-7ef6402062d7 4.164s
2025-12-15 15:21:23.946 67112 INFO tempest.common.waiters [-] State transition "RESIZE/resize_prep" ==> "RESIZE/resize_migrating" after 21 second wait
2025-12-15 15:21:24.148 67080 INFO tempest.lib.common.rest_client [req-b5ba33fb-9a13-4513-a168-7cee3cdfeabe req-b5ba33fb-9a13-4513-a168-7cee3cdfeabe ] Request (ServersWithSpecificFlavorTestJSON:test_verify_created_server_ephemeral_disk): 200 GET http://10.180.1.21/compute/v2.1/servers/84a6fd10-7c94-4726-b40e-b71e9bae6055 3.872s
2025-12-15 15:21:24.170 67099 INFO tempest.lib.common.rest_client [req-c308b75f-4123-412e-9ba9-ac2f8fa126ca req-c308b75f-4123-412e-9ba9-ac2f8fa126ca ] Request (ImagesNegativeTestJSON:test_create_image_from_deleted_server): 200 GET http://10.180.1.21/compute/v2.1/servers/9b49b119-ea7f-4c25-880f-dd432173603c 4.275s
2025-12-15 15:21:24.178 67099 INFO tempest.common.waiters [-] State transition "BUILD/spawning" ==> "ACTIVE/None" after 31 second wait
2025-12-15 15:21:24.244 67090 INFO tempest.lib.common.rest_client [req-b2221799-e8d6-45e9-a3a3-eafc3ea8651a req-b2221799-e8d6-45e9-a3a3-eafc3ea8651a ] Request (ServersAaction247Test:test_create_backup): 200 GET http://10.180.1.21/compute/v2.1/servers/0ed6df80-b0cd-4b6f-b107-5d7105d8419a 3.572s
2025-12-15 15:21:24.271 67114 INFO tempest.lib.common.rest_client [req-16edd0fe-fa1b-4067-afad-8480597c17c3 req-16edd0fe-fa1b-4067-afad-8480597c17c3 ] Request (ServersAdminTestJSON:test_list_servers_filter_by_exist_host): 200 GET http://10.180.1.21/compute/v2.1/servers/a02e24b4-c6a5-4ba3-a56c-debb130a9781 3.718s
2025-12-15 15:21:24.277 67060 INFO tempest.lib.common.rest_client [req-192e2baf-7f13-4778-b972-dc6e0bdf3422 req-192e2baf-7f13-4778-b972-dc6e0bdf3422 ] Request (FloatingIPsNegativeTestJSON:test_allocate_floating_ip_from_nonexistent_pool): 404 POST http://10.180.1.21/compute/v2.1/os-floating-ips 3.135s
2025-12-15 15:21:24.326 67066 INFO tempest.lib.common.rest_client [req-e4865228-0ea3-47b0-8bfb-85c9fa273b78 req-e4865228-0ea3-47b0-8bfb-85c9fa273b78 ] Request (SecurityGroupsTestJSON:test_server_security_groups): 200 GET http://10.180.1.21/compute/v2.1/servers/b10ba620-bf08-4f69-b12e-0fe72bde405a 3.078s
2025-12-15 15:21:24.340 67084 INFO tempest.lib.common.rest_client [req-0908381a-b971-478b-b4c5-9fd56c0f87d5 req-0908381a-b971-478b-b4c5-9fd56c0f87d5 ] Request (ImagesOneServerNegativeTestJSON:_run_cleanups): 200 GET http://10.180.1.21/compute/v2.1/servers/6b983368-bbc2-4770-89bb-9a52263c098f 2.880s
2025-12-15 15:21:24.442 67118 INFO tempest.lib.common.rest_client [req-204c3446-1588-41c7-8813-e820d941ce7a req-204c3446-1588-41c7-8813-e820d941ce7a ] Request (ServersTestJSON:setUpClass): 200 GET http://10.180.1.21/compute/v2.1/servers/56752f17-7fe9-44b7-b3f2-edeb1b6e5011 2.435s
2025-12-15 15:21:24.451 67118 INFO tempest.lib.common.ssh [-] Creating ssh connection to '10.180.180.216:22' as 'cirros' with public key authentication
2025-12-15 15:21:24.557 67092 INFO tempest.lib.common.rest_client [req-6cc9cbd4-6dc8-400c-8edb-ca955c06627a req-6cc9cbd4-6dc8-400c-8edb-ca955c06627a ] Request (MultipleCreateTestJSON:_run_cleanups): 204 DELETE http://10.180.1.21/compute/v2.1/servers/a1dcbc1d-11da-44c8-bea8-0d8d067f120a 1.951s
2025-12-15 15:21:24.776 67110 INFO tempest.lib.common.rest_client [req-03994697-0400-448a-a64d-f2c3cccfbbb5 req-03994697-0400-448a-a64d-f2c3cccfbbb5 ] Request (ServersTestManualDisk:test_list_servers_with_detail): 200 GET http://10.180.1.21/compute/v2.1/servers/detail 1.929s
2025-12-15 15:21:24.843 67104 INFO tempest.lib.common.rest_client [req-88d28e73-50ac-4d94-8ec9-13353f9f8879 req-88d28e73-50ac-4d94-8ec9-13353f9f8879 ] Request (ServerRescueTestJSONUnderV235:setUpClass): 202 POST http://10.180.1.21/compute/v2.1/servers 3.166s
2025-12-15 15:21:24.846 67064 INFO tempest.lib.common.rest_client [req-6efa3f2c-7c74-4968-8998-e82ddb382615 req-6efa3f2c-7c74-4968-8998-e82ddb382615 ] Request (ImagesOneServerTestJSON:tearDownClass): 200 GET http://10.180.1.21/compute/v2.1/servers/0801e4fa-bb31-4cea-8d74-924a6f9f8a52 1.917s
2025-12-15 15:21:25.005 67094 INFO tempest.lib.common.rest_client [req-5367ff02-a0f3-4177-8de1-aa1999bb7633 req-5367ff02-a0f3-4177-8de1-aa1999bb7633 ] Request (ServerActionsV293TestJSON:setUpClass): 200 GET http://10.180.1.21/compute/v2.1/servers/b0eb8601-c08a-4fc7-834a-7afae2012fb6 1.984s
2025-12-15 15:21:25.082 67086 INFO tempest.lib.common.rest_client [req-3d45b78a-0323-4ceb-89aa-7527f7a478b4 req-3d45b78a-0323-4ceb-89aa-7527f7a478b4 ] Request (ServerGroupTestJSON:test_create_delete_server_group_with_anti_affinity_policy): 200 POST http://10.180.1.21/compute/v2.1/os-server-groups 2.056s
2025-12-15 15:21:25.094 67076 INFO tempest.lib.common.rest_client [req-56cf0177-93e5-4fc4-86ed-3c78fb289e46 req-56cf0177-93e5-4fc4-86ed-3c78fb289e46 ] Request (ServerDiskConfigTestJSON:test_rebuild_server_with_manual_disk_config): 200 GET http://10.180.1.21/compute/v2.1/servers/5703a672-7ce4-49b9-9179-d4428ff47eb7 2.088s
2025-12-15 15:21:25.340 67068 INFO tempest.lib.common.rest_client [req-486d3f91-8437-451b-ad4f-aaa5b76d8dad req-486d3f91-8437-451b-ad4f-aaa5b76d8dad ] Request (SecurityGroupRulesTestJSON:test_security_group_rules_create_with_optional_group_id): 200 POST http://10.180.1.21/compute/v2.1/os-security-groups 2.190s
2025-12-15 15:21:25.623 67062 INFO tempest.lib.common.rest_client [req-256b9ebd-27a0-485d-b1ed-487ed9f06064 req-256b9ebd-27a0-485d-b1ed-487ed9f06064 ] Request (ServerActionsTestJSON:test_reboot_server_hard): 200 GET http://10.180.1.21/compute/v2.1/servers/a35cfdf3-587f-458d-a87e-5384f9975b1d 2.279s
2025-12-15 15:21:25.631 67062 INFO tempest.lib.common.ssh [-] Creating ssh connection to '10.180.180.199:22' as 'cirros' with public key authentication
2025-12-15 15:21:25.637 67058 INFO tempest.lib.common.rest_client [req-a0adef8f-8199-473a-9ba5-8ef14fa79641 req-a0adef8f-8199-473a-9ba5-8ef14fa79641 ] Request (ServicesAdminNegativeV253TestJSON:test_enable_service_with_invalid_service_id): 404 PUT http://10.180.1.21/compute/v2.1/os-services/febb4572-fedc-4416-8c64-12f15aee40ce 2.178s
2025-12-15 15:21:25.644 67074 INFO tempest.lib.common.rest_client [req-12784aaf-32a7-49a2-8b79-4109443b4cc5 req-12784aaf-32a7-49a2-8b79-4109443b4cc5 ] Request (AttachInterfacesUnderV243Test:_run_cleanups): 200 GET http://10.180.1.21/compute/v2.1/servers/a1105779-6a65-4b98-9432-f7d47fabe90d 2.207s
2025-12-15 15:21:25.840 67096 INFO tempest.lib.common.rest_client [req-95a2c587-026a-498a-b129-8cac4474dbe6 req-95a2c587-026a-498a-b129-8cac4474dbe6 ] Request (ServerAddressesNegativeTestJSON:setUpClass): 200 GET http://10.180.1.21/compute/v2.1/servers/c7d85326-7cb5-4d28-a43a-d13f7153c2ab 2.315s
2025-12-15 15:21:25.871 67070 INFO tempest.lib.common.rest_client [req-c414d8a7-0750-4ea8-a993-9e278939aaaf req-c414d8a7-0750-4ea8-a993-9e278939aaaf ] Request (AttachVolumeShelveTestJSON:test_attach_volume_shelved_or_offload_server): 200 GET http://10.180.1.21/compute/v2.1/servers/2fdda7fd-db08-4ecd-b126-4d917f975c3f 2.203s
2025-12-15 15:21:25.988 67120 INFO tempest.lib.common.rest_client [req-d068b1c8-407d-4ee9-a663-1f8649f6cc54 req-d068b1c8-407d-4ee9-a663-1f8649f6cc54 ] Request (DeleteServersTestJSON:test_delete_server_while_in_shelved_state): 200 GET http://10.180.1.21/compute/v2.1/servers/23f3d7f5-f1a9-4902-aafc-78a1ca76f85a 2.215s
2025-12-15 15:21:25.996 67120 INFO tempest.common.waiters [-] State transition "BUILD/None" ==> "BUILD/spawning" after 12 second wait
2025-12-15 15:21:26.042 67078 INFO tempest.lib.common.rest_client [req-cf7fe743-80ad-4a22-858f-dbb31f881bdf req-cf7fe743-80ad-4a22-858f-dbb31f881bdf ] Request (ServerShowV247Test:test_show_server): 202 POST http://10.180.1.21/compute/v2.1/servers 2.352s
2025-12-15 15:21:26.088 67082 INFO tempest.lib.common.rest_client [req-f7532046-49ea-4d85-bde8-5f739f08eb36 req-f7532046-49ea-4d85-bde8-5f739f08eb36 ] Request (ImagesTestJSON:test_create_image_from_stopped_server): 200 GET http://10.180.1.21/compute/v2.1/images/0d889794-b62e-46a4-b696-493673c9db31 2.009s
2025-12-15 15:21:26.094 67102 INFO tempest.lib.common.rest_client [req-defe1248-3d88-40d7-86ea-b0383d59cc7a req-defe1248-3d88-40d7-86ea-b0383d59cc7a ] Request (QuotasAdminNegativeTest:test_create_server_when_instances_quota_is_full): 200 PUT http://10.180.1.21/compute/v2.1/os-quota-sets/4a6d98b5b573466fa5f2af12642ac56e 2.273s
2025-12-15 15:21:26.193 67102 INFO tempest.lib.common.rest_client [req-87689016-907f-4e50-a0c4-f55184d2f3f7 req-87689016-907f-4e50-a0c4-f55184d2f3f7 ] Request (QuotasAdminNegativeTest:test_create_server_when_instances_quota_is_full): 201 POST http://10.180.1.21/identity/v3/auth/tokens 0.092s
2025-12-15 15:21:26.193 67102 INFO tempest.lib.common.fixed_network [-] (QuotasAdminNegativeTest:test_create_server_when_instances_quota_is_full) Found network None available for tenant
2025-12-15 15:21:26.222 67114 INFO tempest.lib.common.rest_client [req-110a5f73-6359-45cb-9591-60f6582b9248 req-110a5f73-6359-45cb-9591-60f6582b9248 ] Request (ServersAdminTestJSON:test_list_servers_filter_by_exist_host): 200 GET http://10.180.1.21/compute/v2.1/servers?host=cpu-1&all_tenants=1 1.943s
2025-12-15 15:21:26.235 67099 INFO tempest.lib.common.rest_client [req-63696228-cc68-4063-ac63-cc0ed826ec10 req-63696228-cc68-4063-ac63-cc0ed826ec10 ] Request (ImagesNegativeTestJSON:test_create_image_from_deleted_server): 204 DELETE http://10.180.1.21/compute/v2.1/servers/9b49b119-ea7f-4c25-880f-dd432173603c 2.057s
2025-12-15 15:21:26.251 67060 INFO tempest.lib.common.rest_client [req-f93b338c-06bd-4a15-b890-93be47a29850 req-f93b338c-06bd-4a15-b890-93be47a29850 ] Request (FloatingIPsNegativeTestJSON:test_delete_nonexistent_floating_ip): 404 DELETE http://10.180.1.21/compute/v2.1/os-floating-ips/d1b06bef-720a-495d-9e84-9e22866a778f 1.973s
