2025-12-15 15:21:26.270 67110 INFO tempest.lib.common.rest_client [req-6b17f422-4de8-48d9-a80e-16506a78687a req-6b17f422-4de8-48d9-a80e-16506a78687a ] Request (ServersTestManualDisk:test_verify_created_server_vcpus): 200 GET http://10.180.1.21/compute/v2.1/flavors/42 1.484s
2025-12-15 15:21:26.274 67110 INFO tempest.lib.common.ssh [-] Creating ssh connection to '10.180.180.184:22' as 'cirros' with public key authentication
2025-12-15 15:21:26.277 67110 INFO paramiko.transport [-] Connected (version 2.0, client dropbear_2020.81)
2025-12-15 15:21:26.337 67110 INFO paramiko.transport [-] Authentication (publickey) successful!
2025-12-15 15:21:26.338 67110 INFO tempest.lib.common.ssh [-] ssh connection to cirros@10.180.180.184 successfully created
2025-12-15 15:21:26.364 67092 INFO tempest.lib.common.rest_client [req-3523a789-fc4c-4722-b897-5524f76f27bc req-3523a789-fc4c-4722-b897-5524f76f27bc ] Request (MultipleCreateTestJSON:_run_cleanups): 204 DELETE http://10.180.1.21/compute/v2.1/servers/2e7f4fea-bb5c-434d-a8d5-5a9ef19e86e4 1.806s
2025-12-15 15:21:26.422 67104 INFO tempest.lib.common.rest_client [req-c529ad7f-0ae3-4815-a41a-446339ce7d68 req-c529ad7f-0ae3-4815-a41a-446339ce7d68 ] Request (ServerRescueTestJSONUnderV235:setUpClass): 200 GET http://10.180.1.21/compute/v2.1/servers/3a099701-9076-469a-bd80-6b082950ce61 1.577s
2025-12-15 15:21:26.452 67086 INFO tempest.lib.common.rest_client [req-05fe41db-f743-446a-888e-77ffd3e577b9 req-05fe41db-f743-446a-888e-77ffd3e577b9 ] Request (ServerGroupTestJSON:test_create_delete_server_group_with_anti_affinity_policy): 204 DELETE http://10.180.1.21/compute/v2.1/os-server-groups/abb4fd88-1ebc-438e-9f21-776a5625d008 1.368s
2025-12-15 15:21:26.505 67112 INFO tempest.lib.common.rest_client [req-58497e9a-60c1-497d-90ee-d116193f1ebc req-58497e9a-60c1-497d-90ee-d116193f1ebc ] Request (MigrationsAdminTest:test_resize_server_revert_deleted_flavor): 200 GET http://10.180.1.21/compute/v2.1/servers/4e1ed1f7-0ac8-425c-b7b0-7ef6402062d7 1.557s
2025-12-15 15:21:26.572 67080 INFO tempest.lib.common.rest_client [req-39857a46-5f5e-4ec9-83c0-ff62ad8d7590 req-39857a46-5f5e-4ec9-83c0-ff62ad8d7590 ] Request (ServersWithSpecificFlavorTestJSON:test_verify_created_server_ephemeral_disk): 200 GET http://10.180.1.21/compute/v2.1/servers/84a6fd10-7c94-4726-b40e-b71e9bae6055 1.416s
2025-12-15 15:21:26.658 67090 INFO tempest.lib.common.rest_client [req-9cfe4952-59b4-4ea1-bf02-cd3ef8fb123f req-9cfe4952-59b4-4ea1-bf02-cd3ef8fb123f ] Request (ServersAaction247Test:test_create_backup): 200 GET http://10.180.1.21/compute/v2.1/servers/0ed6df80-b0cd-4b6f-b107-5d7105d8419a 1.403s
2025-12-15 15:21:26.679 67062 WARNING tempest.lib.common.ssh [-] Failed to establish authenticated ssh connection to cirros@10.180.180.199 ([Errno None] Unable to connect to port 22 on 10.180.180.199). Number attempts: 1. Retry after 2 seconds.: paramiko.ssh_exception.NoValidConnectionsError: [Errno None] Unable to connect to port 22 on 10.180.180.199
2025-12-15 15:21:26.707 67076 INFO tempest.lib.common.rest_client [req-f4ad46cd-7f75-4b58-b955-6474cb390407 req-f4ad46cd-7f75-4b58-b955-6474cb390407 ] Request (ServerDiskConfigTestJSON:test_rebuild_server_with_manual_disk_config): 202 POST http://10.180.1.21/compute/v2.1/servers/5703a672-7ce4-49b9-9179-d4428ff47eb7/action 1.604s
2025-12-15 15:21:26.900 67068 INFO tempest.lib.common.rest_client [req-fcd407db-3da7-4913-88f8-62593bf6658d req-fcd407db-3da7-4913-88f8-62593bf6658d ] Request (SecurityGroupRulesTestJSON:test_security_group_rules_create_with_optional_group_id): 200 POST http://10.180.1.21/compute/v2.1/os-security-groups 1.556s
2025-12-15 15:21:26.928 67066 INFO tempest.lib.common.rest_client [req-501f83d4-afc7-4d60-baa0-c3ddb38fcc6c req-501f83d4-afc7-4d60-baa0-c3ddb38fcc6c ] Request (SecurityGroupsTestJSON:test_server_security_groups): 200 GET http://10.180.1.21/compute/v2.1/servers/b10ba620-bf08-4f69-b12e-0fe72bde405a 1.593s
2025-12-15 15:21:26.939 67066 INFO tempest.common.waiters [-] State transition "ACTIVE/deleting" ==> "DELETED/None" after 2 second wait
2025-12-15 15:21:26.995 67084 INFO tempest.lib.common.rest_client [req-24830205-5a3a-48db-97b8-e505563fddeb req-24830205-5a3a-48db-97b8-e505563fddeb ] Request (ImagesOneServerNegativeTestJSON:_run_cleanups): 200 GET http://10.180.1.21/compute/v2.1/servers/6b983368-bbc2-4770-89bb-9a52263c098f 1.645s
2025-12-15 15:21:27.002 67058 INFO tempest.lib.common.rest_client [req-e22464f4-130a-4bf7-979a-ed79e68fe5cb req-e22464f4-130a-4bf7-979a-ed79e68fe5cb ] Request (ServicesAdminNegativeV253TestJSON:test_get_service_by_invalid_params): 200 GET http://10.180.1.21/compute/v2.1/os-services 1.363s
2025-12-15 15:21:27.028 67064 INFO tempest.lib.common.rest_client [req-8d99d756-a255-4cc8-8209-39f959519037 req-8d99d756-a255-4cc8-8209-39f959519037 ] Request (ImagesOneServerTestJSON:tearDownClass): 404 GET http://10.180.1.21/compute/v2.1/servers/0801e4fa-bb31-4cea-8d74-924a6f9f8a52 1.173s
2025-12-15 15:21:27.196 67060 INFO tempest.lib.common.rest_client [req-1e8b93eb-da84-4cca-bc2a-f88d000392c4 req-1e8b93eb-da84-4cca-bc2a-f88d000392c4 ] Request (FloatingIPsNegativeTestJSON:tearDownClass): 200 PUT http://10.180.1.21/networking/v2.0/routers/d9771eb2-93a3-45d7-a241-1d52c62e0644/remove_router_interface 0.943s
2025-12-15 15:21:27.277 67094 INFO tempest.lib.common.rest_client [req-e7cc7cb8-49ed-4f8b-9af3-7c99b46d1872 req-e7cc7cb8-49ed-4f8b-9af3-7c99b46d1872 ] Request (ServerActionsV293TestJSON:setUpClass): 200 GET http://10.180.1.21/compute/v2.1/servers/b0eb8601-c08a-4fc7-834a-7afae2012fb6 1.260s
2025-12-15 15:21:27.282 67078 INFO tempest.lib.common.rest_client [req-3e3b9fb8-424d-4481-bfd7-1d28b4cc4d4b req-3e3b9fb8-424d-4481-bfd7-1d28b4cc4d4b ] Request (ServerShowV247Test:test_show_server): 200 GET http://10.180.1.21/compute/v2.1/servers/49de9bcf-3eb7-482c-bec2-598828805b6c 1.237s
2025-12-15 15:21:27.332 67114 INFO tempest.lib.common.rest_client [req-1cd8477b-26cf-4c30-8728-8809b655cde6 req-1cd8477b-26cf-4c30-8728-8809b655cde6 ] Request (ServersAdminTestJSON:test_list_servers_filter_by_exist_host): 200 GET http://10.180.1.21/compute/v2.1/servers?host=nonexistent_host&all_tenants=1 1.102s
2025-12-15 15:21:27.357 67078 INFO tempest.lib.common.rest_client [req-a12660d2-6c2b-4395-a5d9-0f612d2ede0e req-a12660d2-6c2b-4395-a5d9-0f612d2ede0e ] Request (ServerShowV247Test:test_update_rebuild_list_server): 201 POST http://10.180.1.21/identity/v3/auth/tokens 0.058s
2025-12-15 15:21:27.358 67078 INFO tempest.lib.common.fixed_network [-] (ServerShowV247Test:test_update_rebuild_list_server) Found network None available for tenant
2025-12-15 15:21:27.527 67118 WARNING tempest.lib.common.ssh [-] Failed to establish authenticated ssh connection to cirros@10.180.180.216 ([Errno None] Unable to connect to port 22 on 10.180.180.216). Number attempts: 1. Retry after 2 seconds.: paramiko.ssh_exception.NoValidConnectionsError: [Errno None] Unable to connect to port 22 on 10.180.180.216
2025-12-15 15:21:27.770 67060 INFO tempest.lib.common.rest_client [req-8008a3c8-895e-4726-8938-6d65d32b1d1c req-8008a3c8-895e-4726-8938-6d65d32b1d1c ] Request (FloatingIPsNegativeTestJSON:tearDownClass): 204 DELETE http://10.180.1.21/networking/v2.0/routers/d9771eb2-93a3-45d7-a241-1d52c62e0644 0.573s
2025-12-15 15:21:27.916 67064 INFO tempest.lib.common.rest_client [req-04d6b0a2-153b-429c-b3ea-c76e7296e4c6 req-04d6b0a2-153b-429c-b3ea-c76e7296e4c6 ] Request (ImagesOneServerTestJSON:tearDownClass): 200 PUT http://10.180.1.21/networking/v2.0/routers/97622e96-4197-4a88-bd3b-63e84983206d/remove_router_interface 0.885s
2025-12-15 15:21:28.066 67060 INFO tempest.lib.common.rest_client [req-7d06b7ff-a05c-4e04-b3a3-c50cb8f7a294 req-7d06b7ff-a05c-4e04-b3a3-c50cb8f7a294 ] Request (FloatingIPsNegativeTestJSON:tearDownClass): 204 DELETE http://10.180.1.21/networking/v2.0/subnets/30f33326-0ba2-4ddb-a1a0-700a1210d4e9 0.295s
2025-12-15 15:21:28.257 67099 INFO tempest.lib.common.rest_client [req-11a0e17d-a581-4981-99e7-ab614022af1c req-11a0e17d-a581-4981-99e7-ab614022af1c ] Request (ImagesNegativeTestJSON:test_create_image_from_deleted_server): 200 GET http://10.180.1.21/compute/v2.1/servers/9b49b119-ea7f-4c25-880f-dd432173603c 2.021s
2025-12-15 15:21:28.391 67110 INFO tempest.lib.common.rest_client [req-1b359cd4-08b0-4217-9ecb-64bd43163d39 req-1b359cd4-08b0-4217-9ecb-64bd43163d39 ] Request (ServersTestManualDisk:tearDownClass): 204 DELETE http://10.180.1.21/compute/v2.1/servers/b466e5c7-c0b5-4553-8b4c-1fb08ba7caac 2.044s
2025-12-15 15:21:28.477 67060 INFO tempest.lib.common.rest_client [req-7d84b5d9-8037-4a02-a399-718aed6059b8 req-7d84b5d9-8037-4a02-a399-718aed6059b8 ] Request (FloatingIPsNegativeTestJSON:tearDownClass): 204 DELETE http://10.180.1.21/networking/v2.0/networks/df49f528-619b-4af2-8593-436aff085a6e 0.411s
2025-12-15 15:21:28.694 67060 INFO tempest.lib.common.rest_client [req-0c26a20e-b53d-410e-a439-0bf5610dbe6b req-0c26a20e-b53d-410e-a439-0bf5610dbe6b ] Request (FloatingIPsNegativeTestJSON:tearDownClass): 204 DELETE http://10.180.1.21/identity/v3/users/2115b2bfaa27471ea01ee69b0b50e60d 0.217s
2025-12-15 15:21:28.695 67060 INFO tempest.lib.common.dynamic_creds [-] Deleting project and security group for project: 84de41b1cd0c49d6b67ee67375ae1442
2025-12-15 15:21:28.696 67102 INFO tempest.lib.common.rest_client [req-a98a0e67-1a8a-44e6-9468-eb6f823c0091 req-a98a0e67-1a8a-44e6-9468-eb6f823c0091 ] Request (QuotasAdminNegativeTest:test_create_server_when_instances_quota_is_full): 403 POST http://10.180.1.21/compute/v2.1/servers 2.502s
2025-12-15 15:21:28.725 67086 INFO tempest.lib.common.rest_client [req-8f534a5b-5d35-4054-8062-2f62387d0251 req-8f534a5b-5d35-4054-8062-2f62387d0251 ] Request (ServerGroupTestJSON:test_create_delete_server_group_with_anti_affinity_policy): 200 GET http://10.180.1.21/compute/v2.1/os-server-groups 2.272s
2025-12-15 15:21:28.731 67064 INFO tempest.lib.common.rest_client [req-28877671-06b7-4a9e-bf95-4b6b98863d9e req-28877671-06b7-4a9e-bf95-4b6b98863d9e ] Request (ImagesOneServerTestJSON:tearDownClass): 204 DELETE http://10.180.1.21/networking/v2.0/routers/97622e96-4197-4a88-bd3b-63e84983206d 0.814s
2025-12-15 15:21:28.831 67086 INFO tempest.lib.common.rest_client [req-dce2ac37-5530-49c7-b092-ce119c3eeb99 req-dce2ac37-5530-49c7-b092-ce119c3eeb99 ] Request (ServerGroupTestJSON:test_create_server_with_scheduler_hint_group): 201 POST http://10.180.1.21/identity/v3/auth/tokens 0.098s
2025-12-15 15:21:28.831 67086 INFO tempest.lib.common.fixed_network [-] (ServerGroupTestJSON:test_create_server_with_scheduler_hint_group) Found network {'id': 'b56be117-da6e-41e9-be9f-881432a620dd', 'name': 'tempest-ServerGroupTestJSON-1452371680-network', 'tenant_id': '8a7edea19af44d61b025ca9141e27c21', 'project_id': '8a7edea19af44d61b025ca9141e27c21', 'admin_state_up': True, 'mtu': 8950, 'status': 'ACTIVE', 'subnets': [], 'shared': False, 'port_security_enabled': True, 'router:external': False, 'provider:network_type': 'vlan', 'provider:physical_network': 'default', 'provider:segmentation_id': 305, 'availability_zone_hints': [], 'availability_zones': [], 'ipv4_address_scope': None, 'ipv6_address_scope': None, 'description': '', 'tags': [], 'created_at': '2025-12-15T15:20:48Z', 'updated_at': '2025-12-15T15:20:48Z', 'revision_number': 1} available for tenant
2025-12-15 15:21:29.078 67060 INFO tempest.lib.common.rest_client [req-5b42ab37-56ff-4993-a9ad-9400cab76e57 req-5b42ab37-56ff-4993-a9ad-9400cab76e57 ] Request (FloatingIPsNegativeTestJSON:tearDownClass): 200 GET http://10.180.1.21/networking/v2.0/security-groups?tenant_id=84de41b1cd0c49d6b67ee67375ae1442&name=default 0.383s
2025-12-15 15:21:29.183 67062 WARNING tempest.lib.common.ssh [-] Failed to establish authenticated ssh connection to cirros@10.180.180.199 ([Errno None] Unable to connect to port 22 on 10.180.180.199). Number attempts: 2. Retry after 3 seconds.: paramiko.ssh_exception.NoValidConnectionsError: [Errno None] Unable to connect to port 22 on 10.180.180.199
2025-12-15 15:21:29.258 67064 INFO tempest.lib.common.rest_client [req-0d7fbe81-d2a5-4c9f-b4e0-78bfffc156c2 req-0d7fbe81-d2a5-4c9f-b4e0-78bfffc156c2 ] Request (ImagesOneServerTestJSON:tearDownClass): 204 DELETE http://10.180.1.21/networking/v2.0/subnets/6ca2c628-6c92-4f0d-9eba-430374e339a8 0.526s
2025-12-15 15:21:29.287 67092 INFO tempest.lib.common.rest_client [req-9cae00a1-34f3-4377-bcd0-71cbb814f925 req-9cae00a1-34f3-4377-bcd0-71cbb814f925 ] Request (MultipleCreateTestJSON:_run_cleanups): 200 GET http://10.180.1.21/compute/v2.1/servers/a1dcbc1d-11da-44c8-bea8-0d8d067f120a 2.923s
2025-12-15 15:21:29.309 67074 INFO tempest.lib.common.rest_client [req-d3558177-9a30-42c9-8cbb-2b59ad1297cf req-d3558177-9a30-42c9-8cbb-2b59ad1297cf ] Request (AttachInterfacesUnderV243Test:_run_cleanups): 200 GET http://10.180.1.21/compute/v2.1/servers/a1105779-6a65-4b98-9432-f7d47fabe90d 2.656s
2025-12-15 15:21:29.323 67074 INFO tempest.common.waiters [-] State transition "ACTIVE/deleting" ==> "DELETED/None" after 4 second wait
2025-12-15 15:21:29.406 67060 INFO tempest.lib.common.rest_client [req-c3f9a43f-af46-49ce-96c5-1694c50bbe37 req-c3f9a43f-af46-49ce-96c5-1694c50bbe37 ] Request (FloatingIPsNegativeTestJSON:tearDownClass): 204 DELETE http://10.180.1.21/networking/v2.0/security-groups/01f39175-3f56-4d88-b626-d6f5b5ace7bc 0.326s
2025-12-15 15:21:29.571 67060 INFO tempest.lib.common.rest_client [req-6c16d62a-adda-4620-93db-20a7c4552160 req-6c16d62a-adda-4620-93db-20a7c4552160 ] Request (FloatingIPsNegativeTestJSON:tearDownClass): 204 DELETE http://10.180.1.21/identity/v3/projects/84de41b1cd0c49d6b67ee67375ae1442 0.164s
2025-12-15 15:21:29.640 67060 INFO tempest.lib.common.rest_client [req-2c6ce7b1-541e-4db4-afc2-6c0ff4d3edb3 req-2c6ce7b1-541e-4db4-afc2-6c0ff4d3edb3 ] Request (ServerActionsTestOtherA:setUpClass): 201 POST http://10.180.1.21/identity/v3/auth/tokens 0.067s
2025-12-15 15:21:29.675 67060 INFO tempest.lib.common.rest_client [req-c87165bd-a540-4b5a-afe1-7342a3a3e0a2 req-c87165bd-a540-4b5a-afe1-7342a3a3e0a2 ] Request (ServerActionsTestOtherA:setUpClass): 201 POST http://10.180.1.21/identity/v3/auth/tokens 0.030s
2025-12-15 15:21:29.707 67060 INFO tempest.lib.common.rest_client [req-3a22bf4e-46e5-4b01-b40d-ad5f50df2f30 req-3a22bf4e-46e5-4b01-b40d-ad5f50df2f30 ] Request (ServerActionsTestOtherA:setUpClass): 200 GET http://10.180.1.21/identity/v3/domains?name=Default 0.032s
2025-12-15 15:21:29.733 67064 INFO tempest.lib.common.rest_client [req-51480946-dbeb-423f-91bd-e2dedc4d02b6 req-51480946-dbeb-423f-91bd-e2dedc4d02b6 ] Request (ImagesOneServerTestJSON:tearDownClass): 204 DELETE http://10.180.1.21/networking/v2.0/networks/adf02c70-37d8-4d26-979e-d1015c3ccaeb 0.475s
2025-12-15 15:21:29.749 67060 INFO tempest.lib.common.rest_client [req-cf62003d-a689-4973-bc60-52c4fc3388d0 req-cf62003d-a689-4973-bc60-52c4fc3388d0 ] Request (ServerActionsTestOtherA:setUpClass): 201 POST http://10.180.1.21/identity/v3/projects 0.041s
2025-12-15 15:21:29.812 67060 INFO tempest.lib.common.rest_client [req-1de07571-1fe7-46b1-bccf-42e64512135f req-1de07571-1fe7-46b1-bccf-42e64512135f ] Request (ServerActionsTestOtherA:setUpClass): 201 POST http://10.180.1.21/identity/v3/users 0.063s
2025-12-15 15:21:29.813 67076 INFO tempest.lib.common.rest_client [req-1c54f282-0ca6-423e-aa2b-f32763c68319 req-1c54f282-0ca6-423e-aa2b-f32763c68319 ] Request (ServerDiskConfigTestJSON:test_rebuild_server_with_manual_disk_config): 200 GET http://10.180.1.21/compute/v2.1/servers/5703a672-7ce4-49b9-9179-d4428ff47eb7 3.096s
2025-12-15 15:21:29.833 67096 INFO tempest.lib.common.rest_client [req-8ee7b2ff-460a-4af8-ad1e-530b52350d17 req-8ee7b2ff-460a-4af8-ad1e-530b52350d17 ] Request (ServerAddressesNegativeTestJSON:setUpClass): 200 GET http://10.180.1.21/compute/v2.1/servers/c7d85326-7cb5-4d28-a43a-d13f7153c2ab 2.983s
2025-12-15 15:21:29.855 67064 INFO tempest.lib.common.rest_client [req-7e02467f-0ea0-4eea-92ec-aa555ce9512f req-7e02467f-0ea0-4eea-92ec-aa555ce9512f ] Request (ImagesOneServerTestJSON:tearDownClass): 204 DELETE http://10.180.1.21/identity/v3/users/29521fb51c464dc5a82b7b2e1d5be35d 0.122s
2025-12-15 15:21:29.856 67064 INFO tempest.lib.common.dynamic_creds [-] Deleting project and security group for project: 7fa89400dbfc4ecab9276a66d61200b1
2025-12-15 15:21:29.883 67060 INFO tempest.lib.common.rest_client [req-cee3fdea-c9c9-4b98-8de0-7e705dd8b7c8 req-cee3fdea-c9c9-4b98-8de0-7e705dd8b7c8 ] Request (ServerActionsTestOtherA:setUpClass): 200 GET http://10.180.1.21/identity/v3/roles 0.070s
2025-12-15 15:21:29.913 67064 INFO tempest.lib.common.rest_client [req-a72e59e1-ba59-4819-a2f8-14775e4ecac2 req-a72e59e1-ba59-4819-a2f8-14775e4ecac2 ] Request (ImagesOneServerTestJSON:tearDownClass): 200 GET http://10.180.1.21/networking/v2.0/security-groups?tenant_id=7fa89400dbfc4ecab9276a66d61200b1&name=default 0.057s
2025-12-15 15:21:29.966 67060 INFO tempest.lib.common.rest_client [req-1d7115c7-6585-4678-bfb4-a000248b9a74 req-1d7115c7-6585-4678-bfb4-a000248b9a74 ] Request (ServerActionsTestOtherA:setUpClass): 204 PUT http://10.180.1.21/identity/v3/projects/74006007fc04402f8bada26f954f9b2f/users/2b84afc57b66483e9d23b44e2893c15f/roles/e0faeb1e45de4904913aad4992205474 0.082s
2025-12-15 15:21:29.966 67060 INFO tempest.lib.common.dynamic_creds [-] Dynamic test user 2b84afc57b66483e9d23b44e2893c15f is created with scope project and roles: ['member']
2025-12-15 15:21:29.966 67060 INFO tempest.lib.common.dynamic_creds [-] Acquired dynamic creds: credentials: Credentials: {'domain_id': 'default', 'domain_name': 'Default', 'username': 'tempest-ServerActionsTestOtherA-1522627266-project-member', 'project_domain_id': 'default', 'project_domain_name': 'Default', 'project_id': '74006007fc04402f8bada26f954f9b2f', 'project_name': 'tempest-ServerActionsTestOtherA-1522627266', 'tenant_id': '74006007fc04402f8bada26f954f9b2f', 'tenant_name': 'tempest-ServerActionsTestOtherA-1522627266', 'user_domain_id': 'default', 'user_domain_name': 'Default', 'user_id': '2b84afc57b66483e9d23b44e2893c15f', 'system': None}, Network: None, Subnet: None, Router: None
2025-12-15 15:21:30.031 67118 WARNING tempest.lib.common.ssh [-] Failed to establish authenticated ssh connection to cirros@10.180.180.216 ([Errno None] Unable to connect to port 22 on 10.180.180.216). Number attempts: 2. Retry after 3 seconds.: paramiko.ssh_exception.NoValidConnectionsError: [Errno None] Unable to connect to port 22 on 10.180.180.216
2025-12-15 15:21:30.054 67060 INFO tempest.lib.common.rest_client [req-9ed19b0c-d96b-4346-aca3-1a6ca44cb166 req-9ed19b0c-d96b-4346-aca3-1a6ca44cb166 ] Request (ServerActionsTestOtherA:setUpClass): 201 POST http://10.180.1.21/identity/v3/auth/tokens 0.087s
2025-12-15 15:21:30.085 67064 INFO tempest.lib.common.rest_client [req-0eba6500-a389-4fc0-8d86-64a8a8718c0a req-0eba6500-a389-4fc0-8d86-64a8a8718c0a ] Request (ImagesOneServerTestJSON:tearDownClass): 204 DELETE http://10.180.1.21/networking/v2.0/security-groups/b099edaa-ce9c-43ea-8b8e-264fa0be0054 0.171s
2025-12-15 15:21:30.172 67064 INFO tempest.lib.common.rest_client [req-50fc39de-50eb-4e7e-9e6c-dcf32f4b70ee req-50fc39de-50eb-4e7e-9e6c-dcf32f4b70ee ] Request (ImagesOneServerTestJSON:tearDownClass): 204 DELETE http://10.180.1.21/identity/v3/projects/7fa89400dbfc4ecab9276a66d61200b1 0.087s
2025-12-15 15:21:30.208 67068 INFO tempest.lib.common.rest_client [req-fd681f37-f789-4fe1-951f-f9b610a256bd req-fd681f37-f789-4fe1-951f-f9b610a256bd ] Request (SecurityGroupRulesTestJSON:test_security_group_rules_create_with_optional_group_id): 200 POST http://10.180.1.21/compute/v2.1/os-security-group-rules 3.305s
2025-12-15 15:21:30.210 67068 WARNING tempest.lib.common.rest_client [-] Deprecated: "tenant_id" property is deprecated for removal, use "project_id" instead
2025-12-15 15:21:30.246 67070 INFO tempest.lib.common.rest_client [req-3463d5cb-8208-48c5-af73-8d1a5cfd6acc req-3463d5cb-8208-48c5-af73-8d1a5cfd6acc ] Request (AttachVolumeShelveTestJSON:test_attach_volume_shelved_or_offload_server): 200 GET http://10.180.1.21/compute/v2.1/servers/2fdda7fd-db08-4ecd-b126-4d917f975c3f 3.360s
2025-12-15 15:21:30.254 67064 INFO tempest.lib.common.rest_client [req-fa6f80a7-b814-46a2-a767-b36cbb7d1682 req-fa6f80a7-b814-46a2-a767-b36cbb7d1682 ] Request (ServerShowV263Test:setUpClass): 201 POST http://10.180.1.21/identity/v3/auth/tokens 0.080s
2025-12-15 15:21:30.255 67070 INFO tempest.common.waiters [-] State transition "ACTIVE/shelving" ==> "ACTIVE/shelving_image_uploading" after 5 second wait
2025-12-15 15:21:30.267 67058 INFO tempest.lib.common.rest_client [req-ad8570b4-798a-4a74-8762-6e93a2cb02f5 req-ad8570b4-798a-4a74-8762-6e93a2cb02f5 ] Request (ServicesAdminNegativeV253TestJSON:test_get_service_by_invalid_params): 200 GET http://10.180.1.21/compute/v2.1/os-services?xxx=nova-compute 3.262s
2025-12-15 15:21:30.287 67064 INFO tempest.lib.common.rest_client [req-f35da304-b32d-4c41-b278-253b75d42819 req-f35da304-b32d-4c41-b278-253b75d42819 ] Request (ServerShowV263Test:setUpClass): 201 POST http://10.180.1.21/identity/v3/auth/tokens 0.030s
2025-12-15 15:21:30.309 67082 INFO tempest.lib.common.rest_client [req-226e78eb-f22e-4152-b7a9-41a8a680b3c3 req-226e78eb-f22e-4152-b7a9-41a8a680b3c3 ] Request (ImagesTestJSON:test_create_image_from_stopped_server): 200 GET http://10.180.1.21/compute/v2.1/images/0d889794-b62e-46a4-b696-493673c9db31 3.216s
2025-12-15 15:21:30.322 67064 INFO tempest.lib.common.rest_client [req-30ea80af-7d77-42e3-946b-608dadd34ee2 req-30ea80af-7d77-42e3-946b-608dadd34ee2 ] Request (ServerShowV263Test:setUpClass): 200 GET http://10.180.1.21/identity/v3/domains?name=Default 0.034s
2025-12-15 15:21:30.348 67064 INFO tempest.lib.common.rest_client [req-58fa42b9-140f-49a0-8577-3645eb8a7f66 req-58fa42b9-140f-49a0-8577-3645eb8a7f66 ] Request (ServerShowV263Test:setUpClass): 201 POST http://10.180.1.21/identity/v3/projects 0.026s
2025-12-15 15:21:30.366 67114 INFO tempest.lib.common.rest_client [req-f31decdd-3b7e-414d-87f5-0d157cd48236 req-f31decdd-3b7e-414d-87f5-0d157cd48236 ] Request (ServersAdminTestJSON:test_rebuild_server_in_error_state): 202 POST http://10.180.1.21/compute/v2.1/servers/a02e24b4-c6a5-4ba3-a56c-debb130a9781/action 3.030s
2025-12-15 15:21:30.406 67064 INFO tempest.lib.common.rest_client [req-52ee9ada-c726-4d2c-8777-903b9bc7349d req-52ee9ada-c726-4d2c-8777-903b9bc7349d ] Request (ServerShowV263Test:setUpClass): 201 POST http://10.180.1.21/identity/v3/users 0.057s
2025-12-15 15:21:30.425 67064 INFO tempest.lib.common.rest_client [req-db2c40f7-3300-4b4b-a718-1522fc31622c req-db2c40f7-3300-4b4b-a718-1522fc31622c ] Request (ServerShowV263Test:setUpClass): 200 GET http://10.180.1.21/identity/v3/roles 0.019s
2025-12-15 15:21:30.454 67064 INFO tempest.lib.common.rest_client [req-a6c48328-cb5b-482f-b72e-0f51ad48ba18 req-a6c48328-cb5b-482f-b72e-0f51ad48ba18 ] Request (ServerShowV263Test:setUpClass): 204 PUT http://10.180.1.21/identity/v3/projects/962b19a7cef042d9a5da852a2f032360/users/e99026eeec5e40d487e7b0f15d884ed7/roles/e0faeb1e45de4904913aad4992205474 0.028s
2025-12-15 15:21:30.454 67064 INFO tempest.lib.common.dynamic_creds [-] Dynamic test user e99026eeec5e40d487e7b0f15d884ed7 is created with scope project and roles: ['member']
2025-12-15 15:21:30.455 67064 INFO tempest.lib.common.dynamic_creds [-] Acquired dynamic creds: credentials: Credentials: {'domain_id': 'default', 'domain_name': 'Default', 'username': 'tempest-ServerShowV263Test-554465581-project-member', 'project_domain_id': 'default', 'project_domain_name': 'Default', 'project_id': '962b19a7cef042d9a5da852a2f032360', 'project_name': 'tempest-ServerShowV263Test-554465581', 'tenant_id': '962b19a7cef042d9a5da852a2f032360', 'tenant_name': 'tempest-ServerShowV263Test-554465581', 'user_domain_id': 'default', 'user_domain_name': 'Default', 'user_id': 'e99026eeec5e40d487e7b0f15d884ed7', 'system': None}, Network: None, Subnet: None, Router: None
2025-12-15 15:21:30.455 67064 INFO tempest.lib.common.dynamic_creds [-] Created isolated network resources for: credentials: Credentials: {'domain_id': 'default', 'domain_name': 'Default', 'username': 'tempest-ServerShowV263Test-554465581-project-member', 'project_domain_id': 'default', 'project_domain_name': 'Default', 'project_id': '962b19a7cef042d9a5da852a2f032360', 'project_name': 'tempest-ServerShowV263Test-554465581', 'tenant_id': '962b19a7cef042d9a5da852a2f032360', 'tenant_name': 'tempest-ServerShowV263Test-554465581', 'user_domain_id': 'default', 'user_domain_name': 'Default', 'user_id': 'e99026eeec5e40d487e7b0f15d884ed7', 'system': None}, Network: None, Subnet: None, Router: None
2025-12-15 15:21:30.506 67078 INFO tempest.lib.common.rest_client [req-35eca79f-3e47-4d9e-9ffc-cd23e6e80948 req-35eca79f-3e47-4d9e-9ffc-cd23e6e80948 ] Request (ServerShowV247Test:test_update_rebuild_list_server): 202 POST http://10.180.1.21/compute/v2.1/servers 3.147s
2025-12-15 15:21:30.563 67064 INFO tempest.lib.common.rest_client [req-aec35e43-efbd-496f-a979-70051bd242b6 req-aec35e43-efbd-496f-a979-70051bd242b6 ] Request (ServerShowV263Test:setUpClass): 201 POST http://10.180.1.21/identity/v3/auth/tokens 0.105s
2025-12-15 15:21:30.634 67064 INFO tempest.lib.common.rest_client [req-d6f407ed-64f1-4922-8b7a-6a86e8cb27a9 req-d6f407ed-64f1-4922-8b7a-6a86e8cb27a9 ] Request (ServerShowV263Test:setUpClass): 200 GET http://10.180.1.21/identity/v3/projects/962b19a7cef042d9a5da852a2f032360 0.070s
2025-12-15 15:21:30.634 67064 INFO tempest.lib.common.dynamic_creds [-] Using the existing project 962b19a7cef042d9a5da852a2f032360 for scope project and roles: ['reader']
2025-12-15 15:21:30.647 67060 INFO tempest.lib.common.rest_client [req-c34fe22b-810e-4dbe-953d-29c0b070e67e req-c34fe22b-810e-4dbe-953d-29c0b070e67e ] Request (ServerActionsTestOtherA:setUpClass): 201 POST http://10.180.1.21/networking/v2.0/networks 0.593s
2025-12-15 15:21:30.697 67064 INFO tempest.lib.common.rest_client [req-e4b88cde-a00a-4049-af43-925bbfae4b9f req-e4b88cde-a00a-4049-af43-925bbfae4b9f ] Request (ServerShowV263Test:setUpClass): 201 POST http://10.180.1.21/identity/v3/users 0.063s
2025-12-15 15:21:30.737 67064 INFO tempest.lib.common.rest_client [req-544cbda1-34be-47b8-b40e-f1ef1677a798 req-544cbda1-34be-47b8-b40e-f1ef1677a798 ] Request (ServerShowV263Test:setUpClass): 200 GET http://10.180.1.21/identity/v3/roles 0.039s
2025-12-15 15:21:30.779 67064 INFO tempest.lib.common.rest_client [req-99a0bb75-7582-4f16-b048-e9c47c933f46 req-99a0bb75-7582-4f16-b048-e9c47c933f46 ] Request (ServerShowV263Test:setUpClass): 204 PUT http://10.180.1.21/identity/v3/projects/962b19a7cef042d9a5da852a2f032360/users/9a31a754c5f44e5a956dfe16a513ef58/roles/c9132eb3de424aff8706c0849639aa7f 0.041s
2025-12-15 15:21:30.779 67064 INFO tempest.lib.common.dynamic_creds [-] Dynamic test user 9a31a754c5f44e5a956dfe16a513ef58 is created with scope project and roles: ['reader']
2025-12-15 15:21:30.779 67064 INFO tempest.lib.common.dynamic_creds [-] Acquired dynamic creds: credentials: Credentials: {'domain_id': 'default', 'domain_name': 'Default', 'username': 'tempest-ServerShowV263Test-554465581-project-reader', 'project_domain_id': 'default', 'project_domain_name': 'Default', 'project_id': '962b19a7cef042d9a5da852a2f032360', 'project_name': 'tempest-ServerShowV263Test-554465581', 'tenant_id': '962b19a7cef042d9a5da852a2f032360', 'tenant_name': 'tempest-ServerShowV263Test-554465581', 'user_domain_id': 'default', 'user_domain_name': 'Default', 'user_id': '9a31a754c5f44e5a956dfe16a513ef58', 'system': None}, Network: None, Subnet: None, Router: None
2025-12-15 15:21:30.779 67064 INFO tempest.lib.common.dynamic_creds [-] Network resources are not created for requested scope: project and credentials: Credentials: {'domain_id': 'default', 'domain_name': 'Default', 'username': 'tempest-ServerShowV263Test-554465581-project-reader', 'project_domain_id': 'default', 'project_domain_name': 'Default', 'project_id': '962b19a7cef042d9a5da852a2f032360', 'project_name': 'tempest-ServerShowV263Test-554465581', 'tenant_id': '962b19a7cef042d9a5da852a2f032360', 'tenant_name': 'tempest-ServerShowV263Test-554465581', 'user_domain_id': 'default', 'user_domain_name': 'Default', 'user_id': '9a31a754c5f44e5a956dfe16a513ef58', 'system': None}, Network: None, Subnet: None, Router: None
2025-12-15 15:21:30.846 67104 INFO tempest.lib.common.rest_client [req-a59eac40-4029-4ff2-a5e9-1feb8e22230f req-a59eac40-4029-4ff2-a5e9-1feb8e22230f ] Request (ServerRescueTestJSONUnderV235:setUpClass): 200 GET http://10.180.1.21/compute/v2.1/servers/3a099701-9076-469a-bd80-6b082950ce61 3.413s
2025-12-15 15:21:30.858 67064 INFO tempest.lib.common.rest_client [req-4dbbbfab-5c4f-4058-8b30-5f2f6361796d req-4dbbbfab-5c4f-4058-8b30-5f2f6361796d ] Request (ServerShowV263Test:setUpClass): 201 POST http://10.180.1.21/identity/v3/auth/tokens 0.075s
2025-12-15 15:21:31.012 67064 INFO tempest.lib.common.rest_client [req-4acec895-dd9d-45b3-8979-ed59d2fbd4ff req-4acec895-dd9d-45b3-8979-ed59d2fbd4ff ] Request (ServerShowV263Test:tearDownClass): 204 DELETE http://10.180.1.21/identity/v3/users/e99026eeec5e40d487e7b0f15d884ed7 0.147s
2025-12-15 15:21:31.026 67101 WARNING tempest.lib.common.ssh [-] Failed to establish authenticated ssh connection to cirros@10.180.180.237 ([Errno None] Unable to connect to port 22 on 10.180.180.237). Number attempts: 4. Retry after 5 seconds.: paramiko.ssh_exception.NoValidConnectionsError: [Errno None] Unable to connect to port 22 on 10.180.180.237
2025-12-15 15:21:31.047 67060 INFO tempest.lib.common.rest_client [req-95873abd-7366-44d8-abc0-c62c96df6e78 req-95873abd-7366-44d8-abc0-c62c96df6e78 ] Request (ServerActionsTestOtherA:setUpClass): 201 POST http://10.180.1.21/networking/v2.0/subnets 0.399s
2025-12-15 15:21:31.193 67064 INFO tempest.lib.common.rest_client [req-7aa48c99-208e-44f5-aae4-d08f5e3c32bd req-7aa48c99-208e-44f5-aae4-d08f5e3c32bd ] Request (ServerShowV263Test:tearDownClass): 204 DELETE http://10.180.1.21/identity/v3/users/9a31a754c5f44e5a956dfe16a513ef58 0.180s
2025-12-15 15:21:31.194 67064 INFO tempest.lib.common.dynamic_creds [-] Deleting project and security group for project: 962b19a7cef042d9a5da852a2f032360
2025-12-15 15:21:31.202 67120 INFO tempest.lib.common.rest_client [req-88c365ac-cc4e-4009-89bf-f5be35d480d5 req-88c365ac-cc4e-4009-89bf-f5be35d480d5 ] Request (DeleteServersTestJSON:test_delete_server_while_in_shelved_state): 200 GET http://10.180.1.21/compute/v2.1/servers/23f3d7f5-f1a9-4902-aafc-78a1ca76f85a 4.205s
2025-12-15 15:21:31.284 67064 INFO tempest.lib.common.rest_client [req-cd6d4b89-7940-417f-beba-a1ecd08f31f2 req-cd6d4b89-7940-417f-beba-a1ecd08f31f2 ] Request (ServerShowV263Test:tearDownClass): 201 POST http://10.180.1.21/identity/v3/auth/tokens 0.090s
2025-12-15 15:21:32.087 67060 INFO tempest.lib.common.rest_client [req-c762c9b9-aa0b-4b1b-b8d7-8db4bd2f7607 req-c762c9b9-aa0b-4b1b-b8d7-8db4bd2f7607 ] Request (ServerActionsTestOtherA:setUpClass): 201 POST http://10.180.1.21/networking/v2.0/routers 1.039s
2025-12-15 15:21:32.114 67064 INFO tempest.lib.common.rest_client [req-407c380e-a1bb-4628-99de-848c856869bd req-407c380e-a1bb-4628-99de-848c856869bd ] Request (ServerShowV263Test:tearDownClass): 200 GET http://10.180.1.21/networking/v2.0/security-groups?tenant_id=962b19a7cef042d9a5da852a2f032360&name=default 0.829s
2025-12-15 15:21:32.188 67080 INFO tempest.lib.common.rest_client [req-61374fc0-7533-4b91-9924-b356a47ba4ba req-61374fc0-7533-4b91-9924-b356a47ba4ba ] Request (ServersWithSpecificFlavorTestJSON:test_verify_created_server_ephemeral_disk): 200 GET http://10.180.1.21/compute/v2.1/servers/84a6fd10-7c94-4726-b40e-b71e9bae6055 4.603s
2025-12-15 15:21:32.200 67080 INFO tempest.common.waiters [-] State transition "BUILD/None" ==> "BUILD/spawning" after 17 second wait
2025-12-15 15:21:32.608 67112 INFO tempest.lib.common.rest_client [req-ef29930f-d0cf-4410-b1f6-ae57fbfb5bff req-ef29930f-d0cf-4410-b1f6-ae57fbfb5bff ] Request (MigrationsAdminTest:test_resize_server_revert_deleted_flavor): 200 GET http://10.180.1.21/compute/v2.1/servers/4e1ed1f7-0ac8-425c-b7b0-7ef6402062d7 5.092s
2025-12-15 15:21:32.617 67112 INFO tempest.common.waiters [-] State transition "RESIZE/resize_migrating" ==> "RESIZE/resize_migrated" after 30 second wait
2025-12-15 15:21:32.689 67062 WARNING tempest.lib.common.ssh [-] Failed to establish authenticated ssh connection to cirros@10.180.180.199 ([Errno None] Unable to connect to port 22 on 10.180.180.199). Number attempts: 3. Retry after 4 seconds.: paramiko.ssh_exception.NoValidConnectionsError: [Errno None] Unable to connect to port 22 on 10.180.180.199
2025-12-15 15:21:32.693 67064 INFO tempest.lib.common.rest_client [req-ed594346-fd29-4259-b9a7-fa06bb15e87d req-ed594346-fd29-4259-b9a7-fa06bb15e87d ] Request (ServerShowV263Test:tearDownClass): 204 DELETE http://10.180.1.21/networking/v2.0/security-groups/36bd5e9b-2154-48a7-aea7-7c89179b4f71 0.578s
2025-12-15 15:21:32.767 67090 INFO tempest.lib.common.rest_client [req-54d93a98-31fc-458a-bf55-b7c9f051d1d8 req-54d93a98-31fc-458a-bf55-b7c9f051d1d8 ] Request (ServersAaction247Test:test_create_backup): 200 GET http://10.180.1.21/compute/v2.1/servers/0ed6df80-b0cd-4b6f-b107-5d7105d8419a 5.097s
2025-12-15 15:21:32.785 67090 INFO tempest.common.waiters [-] State transition "BUILD/None" ==> "BUILD/block_device_mapping" after 16 second wait
2025-12-15 15:21:32.806 67064 INFO tempest.lib.common.rest_client [req-a6d8bd21-caa9-4d76-a9aa-fa75ee95719e req-a6d8bd21-caa9-4d76-a9aa-fa75ee95719e ] Request (ServerShowV263Test:tearDownClass): 204 DELETE http://10.180.1.21/identity/v3/projects/962b19a7cef042d9a5da852a2f032360 0.112s
2025-12-15 15:21:32.813 67066 INFO tempest.lib.common.rest_client [req-587263f1-e53e-4ad1-81d0-c68bc2f40088 req-587263f1-e53e-4ad1-81d0-c68bc2f40088 ] Request (SecurityGroupsTestJSON:test_server_security_groups): 200 GET http://10.180.1.21/compute/v2.1/servers/b10ba620-bf08-4f69-b12e-0fe72bde405a 4.873s
2025-12-15 15:21:32.891 67084 INFO tempest.lib.common.rest_client [req-ebd396a2-eb00-449e-9934-19bc745b128d req-ebd396a2-eb00-449e-9934-19bc745b128d ] Request (ImagesOneServerNegativeTestJSON:_run_cleanups): 200 GET http://10.180.1.21/compute/v2.1/servers/6b983368-bbc2-4770-89bb-9a52263c098f 4.885s
2025-12-15 15:21:32.937 67094 INFO tempest.lib.common.rest_client [req-fe3ed8cf-2f35-434d-983e-b29ec9ded093 req-fe3ed8cf-2f35-434d-983e-b29ec9ded093 ] Request (ServerActionsV293TestJSON:setUpClass): 200 GET http://10.180.1.21/compute/v2.1/servers/b0eb8601-c08a-4fc7-834a-7afae2012fb6 4.644s
2025-12-15 15:21:32.990 67110 INFO tempest.lib.common.rest_client [req-9d77d580-db6a-485b-aa57-41b400803f4c req-9d77d580-db6a-485b-aa57-41b400803f4c ] Request (ServersTestManualDisk:tearDownClass): 200 GET http://10.180.1.21/compute/v2.1/servers/b466e5c7-c0b5-4553-8b4c-1fb08ba7caac 4.598s
2025-12-15 15:21:33.183 67102 INFO tempest.lib.common.rest_client [req-9ce07a9b-91cf-4689-92da-75ddc29e19c9 req-9ce07a9b-91cf-4689-92da-75ddc29e19c9 ] Request (QuotasAdminNegativeTest:_run_cleanups): 200 PUT http://10.180.1.21/compute/v2.1/os-quota-sets/4a6d98b5b573466fa5f2af12642ac56e 4.485s
2025-12-15 15:21:33.223 67060 INFO tempest.lib.common.rest_client [req-9792c842-016b-49a0-8d45-c7de63633f83 req-9792c842-016b-49a0-8d45-c7de63633f83 ] Request (ServerActionsTestOtherA:setUpClass): 200 PUT http://10.180.1.21/networking/v2.0/routers/1d69cee3-f6bc-4d06-b761-ddd950e456ad/add_router_interface 1.136s
2025-12-15 15:21:33.223 67060 INFO tempest.lib.common.dynamic_creds [-] Created isolated network resources for: credentials: Credentials: {'domain_id': 'default', 'domain_name': 'Default', 'username': 'tempest-ServerActionsTestOtherA-1522627266-project-member', 'project_domain_id': 'default', 'project_domain_name': 'Default', 'project_id': '74006007fc04402f8bada26f954f9b2f', 'project_name': 'tempest-ServerActionsTestOtherA-1522627266', 'tenant_id': '74006007fc04402f8bada26f954f9b2f', 'tenant_name': 'tempest-ServerActionsTestOtherA-1522627266', 'user_domain_id': 'default', 'user_domain_name': 'Default', 'user_id': '2b84afc57b66483e9d23b44e2893c15f', 'system': None}, Network: {'id': '2a4abb54-f275-46f0-aa86-23f49b0840b8', 'name': 'tempest-ServerActionsTestOtherA-1077172488-network', 'tenant_id': '74006007fc04402f8bada26f954f9b2f', 'project_id': '74006007fc04402f8bada26f954f9b2f', 'admin_state_up': True, 'mtu': 8950, 'status': 'ACTIVE', 'subnets': [], 'shared': False, 'port_security_enabled': True, 'router:external': False, 'provider:network_type': 'vlan', 'provider:physical_network': 'default', 'provider:segmentation_id': 701, 'availability_zone_hints': [], 'availability_zones': [], 'ipv4_address_scope': None, 'ipv6_address_scope': None, 'description': '', 'tags': [], 'created_at': '2025-12-15T15:21:30Z', 'updated_at': '2025-12-15T15:21:30Z', 'revision_number': 1}, Subnet: {'id': '36779345-ed1e-42dc-bad5-5f76989efba3', 'name': 'tempest-ServerActionsTestOtherA-1077172488-subnet', 'tenant_id': '74006007fc04402f8bada26f954f9b2f', 'network_id': '2a4abb54-f275-46f0-aa86-23f49b0840b8', 'ip_version': 4, 'subnetpool_id': None, 'enable_dhcp': True, 'ipv6_ra_mode': None, 'ipv6_address_mode': None, 'gateway_ip': '192.168.128.1', 'cidr': '192.168.128.0/28', 'allocation_pools': [{'start': '192.168.128.2', 'end': '192.168.128.14'}], 'host_routes': [], 'dns_nameservers': [], 'description': '', 'router:external': False, 'service_types': [], 'tags': [], 'created_at': '2025-12-15T15:21:30Z', 'updated_at': '2025-12-15T15:21:30Z', 'revision_number': 0, 'project_id': '74006007fc04402f8bada26f954f9b2f'}, Router: {'id': '1d69cee3-f6bc-4d06-b761-ddd950e456ad', 'name': 'tempest-ServerActionsTestOtherA-1077172488-router', 'tenant_id': '74006007fc04402f8bada26f954f9b2f', 'admin_state_up': True, 'status': 'ACTIVE', 'external_gateway_info': {'network_id': '4ec44e80-721a-4d69-a1e3-82e621f9c5b5', 'external_fixed_ips': [{'subnet_id': '837362f1-2a72-47d8-b65f-0c06fa54c6c7', 'ip_address': '10.180.180.191'}], 'enable_snat': True}, 'description': '', 'availability_zones': [], 'distributed': False, 'ha': False, 'availability_zone_hints': [], 'routes': [], 'flavor_id': None, 'tags': [], 'created_at': '2025-12-15T15:21:31Z', 'updated_at': '2025-12-15T15:21:31Z', 'revision_number': 2, 'project_id': '74006007fc04402f8bada26f954f9b2f'}
2025-12-15 15:21:33.332 67099 INFO tempest.lib.common.rest_client [req-748fd4ba-92ce-4212-94ed-14f224ab3d3d req-748fd4ba-92ce-4212-94ed-14f224ab3d3d ] Request (ImagesNegativeTestJSON:test_create_image_from_deleted_server): 200 GET http://10.180.1.21/compute/v2.1/servers/9b49b119-ea7f-4c25-880f-dd432173603c 4.062s
2025-12-15 15:21:33.339 67099 INFO tempest.common.waiters [-] State transition "ACTIVE/deleting" ==> "DELETED/None" after 5 second wait
2025-12-15 15:21:33.440 67060 INFO tempest.lib.common.rest_client [req-02475c05-4a59-48f3-98cd-8ce135b99c22 req-02475c05-4a59-48f3-98cd-8ce135b99c22 ] Request (ServerActionsTestOtherA:setUpClass): 201 POST http://10.180.1.21/identity/v3/auth/tokens 0.213s
2025-12-15 15:21:33.536 67118 WARNING tempest.lib.common.ssh [-] Failed to establish authenticated ssh connection to cirros@10.180.180.216 ([Errno None] Unable to connect to port 22 on 10.180.180.216). Number attempts: 3. Retry after 4 seconds.: paramiko.ssh_exception.NoValidConnectionsError: [Errno None] Unable to connect to port 22 on 10.180.180.216
2025-12-15 15:21:33.579 67068 INFO tempest.lib.common.rest_client [req-3a9f2a74-accf-49a9-9ed8-14aee30046f4 req-3a9f2a74-accf-49a9-9ed8-14aee30046f4 ] Request (SecurityGroupRulesTestJSON:test_security_group_rules_delete_when_peer_group_deleted): 200 POST http://10.180.1.21/compute/v2.1/os-security-groups 3.368s
2025-12-15 15:21:33.602 67058 INFO tempest.lib.common.rest_client [req-465c754f-c287-467e-a9d7-61254856caea req-465c754f-c287-467e-a9d7-61254856caea ] Request (ServicesAdminNegativeV253TestJSON:test_get_service_by_invalid_service_and_valid_host): 200 GET http://10.180.1.21/compute/v2.1/os-services 3.331s
2025-12-15 15:21:33.672 67092 INFO tempest.lib.common.rest_client [req-a4f19f76-2bd4-40e4-a300-3140c8273a76 req-a4f19f76-2bd4-40e4-a300-3140c8273a76 ] Request (MultipleCreateTestJSON:_run_cleanups): 200 GET http://10.180.1.21/compute/v2.1/servers/a1dcbc1d-11da-44c8-bea8-0d8d067f120a 3.374s
2025-12-15 15:21:33.680 67092 INFO tempest.common.waiters [-] State transition "ACTIVE/deleting" ==> "DELETED/None" after 4 second wait
2025-12-15 15:21:33.748 67074 INFO tempest.lib.common.rest_client [req-4f6068cd-a991-42a1-b47c-9dcaa2e02b80 req-4f6068cd-a991-42a1-b47c-9dcaa2e02b80 ] Request (AttachInterfacesUnderV243Test:_run_cleanups): 200 GET http://10.180.1.21/compute/v2.1/servers/a1105779-6a65-4b98-9432-f7d47fabe90d 3.424s
2025-12-15 15:21:36.188 67114 INFO tempest.lib.common.rest_client [req-734923ca-9bc1-483d-b430-273a1f87ce06 req-734923ca-9bc1-483d-b430-273a1f87ce06 ] Request (ServersAdminTestJSON:test_rebuild_server_in_error_state): 202 POST http://10.180.1.21/compute/v2.1/servers/a02e24b4-c6a5-4ba3-a56c-debb130a9781/action 5.821s
2025-12-15 15:21:36.250 67078 INFO tempest.lib.common.rest_client [req-82a79ae6-a88e-4404-9396-ac3bbb4fbc73 req-82a79ae6-a88e-4404-9396-ac3bbb4fbc73 ] Request (ServerShowV247Test:test_update_rebuild_list_server): 200 PUT http://10.180.1.21/compute/v2.1/servers/f4de9fe4-d1f1-4f97-b419-187aaf2e6d22 5.743s
2025-12-15 15:21:36.418 67076 INFO tempest.lib.common.rest_client [req-54b28a1a-003e-46c4-82bb-3310f34b509b req-54b28a1a-003e-46c4-82bb-3310f34b509b ] Request (ServerDiskConfigTestJSON:test_rebuild_server_with_manual_disk_config): 200 GET http://10.180.1.21/compute/v2.1/servers/5703a672-7ce4-49b9-9179-d4428ff47eb7 5.596s
2025-12-15 15:21:36.425 67076 INFO tempest.common.waiters [-] State transition "REBUILD/rebuilding" ==> "REBUILD/rebuild_spawning" after 7 second wait
2025-12-15 15:21:36.460 67086 INFO tempest.lib.common.rest_client [req-2b0ce02a-4ba8-4f10-b3c5-bb18ace8a4e4 req-2b0ce02a-4ba8-4f10-b3c5-bb18ace8a4e4 ] Request (ServerGroupTestJSON:test_create_server_with_scheduler_hint_group): 202 POST http://10.180.1.21/compute/v2.1/servers 7.627s
2025-12-15 15:21:36.567 67096 INFO tempest.lib.common.rest_client [req-f391faab-9393-49d2-91d2-e597e7eaea74 req-f391faab-9393-49d2-91d2-e597e7eaea74 ] Request (ServerAddressesNegativeTestJSON:setUpClass): 200 GET http://10.180.1.21/compute/v2.1/servers/c7d85326-7cb5-4d28-a43a-d13f7153c2ab 5.725s
2025-12-15 15:21:36.574 67096 INFO tempest.common.waiters [-] State transition "BUILD/spawning" ==> "ACTIVE/None" after 24 second wait
2025-12-15 15:21:36.616 67070 INFO tempest.lib.common.rest_client [req-90e3764a-6189-4806-a0f1-54b12ea2225f req-90e3764a-6189-4806-a0f1-54b12ea2225f ] Request (AttachVolumeShelveTestJSON:test_attach_volume_shelved_or_offload_server): 200 GET http://10.180.1.21/compute/v2.1/servers/2fdda7fd-db08-4ecd-b126-4d917f975c3f 5.360s
2025-12-15 15:21:36.623 67082 INFO tempest.lib.common.rest_client [req-f3c8cb33-05cc-4202-a564-bf3b73df759d req-f3c8cb33-05cc-4202-a564-bf3b73df759d ] Request (ImagesTestJSON:test_create_image_from_stopped_server): 200 GET http://10.180.1.21/compute/v2.1/images/0d889794-b62e-46a4-b696-493673c9db31 5.309s
2025-12-15 15:21:36.703 67104 INFO tempest.lib.common.rest_client [req-34436d58-5cea-465d-b6fd-0c4d712eda13 req-34436d58-5cea-465d-b6fd-0c4d712eda13 ] Request (ServerRescueTestJSONUnderV235:setUpClass): 200 GET http://10.180.1.21/compute/v2.1/servers/3a099701-9076-469a-bd80-6b082950ce61 4.842s
2025-12-15 15:21:36.767 67102 INFO tempest.lib.common.rest_client [req-109f9604-be62-4577-b019-4dc45c9ad8b4 req-109f9604-be62-4577-b019-4dc45c9ad8b4 ] Request (QuotasAdminNegativeTest:test_create_server_when_memory_quota_is_full): 200 GET http://10.180.1.21/compute/v2.1/os-quota-sets/4a6d98b5b573466fa5f2af12642ac56e 3.581s
2025-12-15 15:21:36.815 67120 INFO tempest.lib.common.rest_client [req-766af774-a7fe-4df8-b733-939bd5d84db0 req-766af774-a7fe-4df8-b733-939bd5d84db0 ] Request (DeleteServersTestJSON:test_delete_server_while_in_shelved_state): 200 GET http://10.180.1.21/compute/v2.1/servers/23f3d7f5-f1a9-4902-aafc-78a1ca76f85a 4.604s
2025-12-15 15:21:36.886 67060 INFO tempest.lib.common.rest_client [req-9ccfdd0e-13c5-4dcb-b39b-476d0edbf674 req-9ccfdd0e-13c5-4dcb-b39b-476d0edbf674 ] Request (ServerActionsTestOtherA:setUpClass): 200 POST http://10.180.1.21/compute/v2.1/os-keypairs 3.437s
2025-12-15 15:21:36.922 67080 INFO tempest.lib.common.rest_client [req-73082cb3-6b74-4951-a809-666e765e3898 req-73082cb3-6b74-4951-a809-666e765e3898 ] Request (ServersWithSpecificFlavorTestJSON:test_verify_created_server_ephemeral_disk): 200 GET http://10.180.1.21/compute/v2.1/servers/84a6fd10-7c94-4726-b40e-b71e9bae6055 3.720s
2025-12-15 15:21:36.947 67058 INFO tempest.lib.common.rest_client [req-33876792-d4f4-482c-a417-67a9f7a0d876 req-33876792-d4f4-482c-a417-67a9f7a0d876 ] Request (ServicesAdminNegativeV253TestJSON:test_get_service_by_invalid_service_and_valid_host): 200 GET http://10.180.1.21/compute/v2.1/os-services?host=devstack&binary=xxx 3.341s
2025-12-15 15:21:37.053 67060 INFO tempest.lib.common.rest_client [req-0b0e10f9-ee48-4a24-9513-f66891f403ae req-0b0e10f9-ee48-4a24-9513-f66891f403ae ] Request (ServerActionsTestOtherA:setUpClass): 201 POST http://10.180.1.21/networking/v2.0/security-groups 0.163s
2025-12-15 15:21:37.101 67068 INFO tempest.lib.common.rest_client [req-31190977-c703-4c49-8173-17ee2f81d82a req-31190977-c703-4c49-8173-17ee2f81d82a ] Request (SecurityGroupRulesTestJSON:test_security_group_rules_delete_when_peer_group_deleted): 200 POST http://10.180.1.21/compute/v2.1/os-security-groups 3.518s
2025-12-15 15:21:37.173 67090 INFO tempest.lib.common.rest_client [req-9af4b7f2-c16c-4951-ba85-0cfb40fff161 req-9af4b7f2-c16c-4951-ba85-0cfb40fff161 ] Request (ServersAaction247Test:test_create_backup): 200 GET http://10.180.1.21/compute/v2.1/servers/0ed6df80-b0cd-4b6f-b107-5d7105d8419a 3.388s
2025-12-15 15:21:37.186 67090 INFO tempest.common.waiters [-] State transition "BUILD/block_device_mapping" ==> "BUILD/spawning" after 21 second wait
2025-12-15 15:21:37.194 67060 INFO tempest.lib.common.rest_client [req-20c94bd4-5c93-4062-9219-c7cb409e07dd req-20c94bd4-5c93-4062-9219-c7cb409e07dd ] Request (ServerActionsTestOtherA:setUpClass): 201 POST http://10.180.1.21/networking/v2.0/security-group-rules 0.140s
2025-12-15 15:21:37.195 67062 WARNING tempest.lib.common.ssh [-] Failed to establish authenticated ssh connection to cirros@10.180.180.199 ([Errno None] Unable to connect to port 22 on 10.180.180.199). Number attempts: 4. Retry after 5 seconds.: paramiko.ssh_exception.NoValidConnectionsError: [Errno None] Unable to connect to port 22 on 10.180.180.199
2025-12-15 15:21:37.203 67112 INFO tempest.lib.common.rest_client [req-35b08125-5036-4889-a524-db92bac819a1 req-35b08125-5036-4889-a524-db92bac819a1 ] Request (MigrationsAdminTest:test_resize_server_revert_deleted_flavor): 200 GET http://10.180.1.21/compute/v2.1/servers/4e1ed1f7-0ac8-425c-b7b0-7ef6402062d7 3.585s
2025-12-15 15:21:37.211 67112 INFO tempest.common.waiters [-] State transition "RESIZE/resize_migrated" ==> "VERIFY_RESIZE/None" after 35 second wait
2025-12-15 15:21:37.227 67084 INFO tempest.lib.common.rest_client [req-c3c53bf3-4397-453f-a1d6-3e1199f61290 req-c3c53bf3-4397-453f-a1d6-3e1199f61290 ] Request (ImagesOneServerNegativeTestJSON:_run_cleanups): 404 GET http://10.180.1.21/compute/v2.1/servers/6b983368-bbc2-4770-89bb-9a52263c098f 3.327s
2025-12-15 15:21:37.242 67066 INFO tempest.lib.common.rest_client [req-dae7280c-e5ea-478c-a8de-5919d0f7b625 req-dae7280c-e5ea-478c-a8de-5919d0f7b625 ] Request (SecurityGroupsTestJSON:test_server_security_groups): 200 GET http://10.180.1.21/compute/v2.1/servers/b10ba620-bf08-4f69-b12e-0fe72bde405a 3.416s
2025-12-15 15:21:37.290 67094 INFO tempest.lib.common.rest_client [req-5003559b-6ff1-4553-ae93-598c6d704d8c req-5003559b-6ff1-4553-ae93-598c6d704d8c ] Request (ServerActionsV293TestJSON:setUpClass): 200 GET http://10.180.1.21/compute/v2.1/servers/b0eb8601-c08a-4fc7-834a-7afae2012fb6 3.340s
2025-12-15 15:21:37.290 67060 INFO tempest.lib.common.rest_client [req-bbfb31e1-ba4d-4700-b130-a2c42a6f219d req-bbfb31e1-ba4d-4700-b130-a2c42a6f219d ] Request (ServerActionsTestOtherA:setUpClass): 201 POST http://10.180.1.21/networking/v2.0/security-group-rules 0.096s
2025-12-15 15:21:37.307 67110 INFO tempest.lib.common.rest_client [req-fe84c74e-2084-42ff-a2a0-3aba867b34de req-fe84c74e-2084-42ff-a2a0-3aba867b34de ] Request (ServersTestManualDisk:tearDownClass): 200 GET http://10.180.1.21/compute/v2.1/servers/b466e5c7-c0b5-4553-8b4c-1fb08ba7caac 3.304s
2025-12-15 15:21:37.312 67084 INFO tempest.lib.common.rest_client [req-c5c4d544-19a5-4be5-a2d0-30f737570cb3 req-c5c4d544-19a5-4be5-a2d0-30f737570cb3 ] Request (ImagesOneServerNegativeTestJSON:_run_cleanups): 201 POST http://10.180.1.21/identity/v3/auth/tokens 0.081s
2025-12-15 15:21:37.313 67084 INFO tempest.lib.common.fixed_network [-] (ImagesOneServerNegativeTestJSON:_run_cleanups) Found network {'id': 'a060d9c6-6598-401a-90d3-fed5f228325b', 'name': 'tempest-ImagesOneServerNegativeTestJSON-946182085-network', 'tenant_id': '0025e2df4cfb4166b09188c06d714b2d', 'project_id': '0025e2df4cfb4166b09188c06d714b2d', 'admin_state_up': True, 'mtu': 8950, 'status': 'ACTIVE', 'subnets': [], 'shared': False, 'port_security_enabled': True, 'router:external': False, 'provider:network_type': 'vlan', 'provider:physical_network': 'default', 'provider:segmentation_id': 793, 'availability_zone_hints': [], 'availability_zones': [], 'ipv4_address_scope': None, 'ipv6_address_scope': None, 'description': '', 'tags': [], 'created_at': '2025-12-15T15:17:57Z', 'updated_at': '2025-12-15T15:17:57Z', 'revision_number': 1} available for tenant
2025-12-15 15:21:37.352 67099 INFO tempest.lib.common.rest_client [req-391622d8-7cd1-404b-96ca-94f866cd9dde req-391622d8-7cd1-404b-96ca-94f866cd9dde ] Request (ImagesNegativeTestJSON:test_create_image_from_deleted_server): 200 GET http://10.180.1.21/compute/v2.1/servers/9b49b119-ea7f-4c25-880f-dd432173603c 3.012s
