2025-11-12 19:18:41.063 65650 INFO tempest.lib.common.rest_client [req-4bccf987-67b8-4a05-9af3-0b68114ea6fb req-4bccf987-67b8-4a05-9af3-0b68114ea6fb ] Request (ServersV294TestFqdnHostnames:setUpClass): 200 GET http://10.180.1.21/compute/v2.1/servers/51076da4-590e-4e1a-894d-2efbcacb0a67 5.762s
2025-11-12 19:18:41.111 65615 INFO tempest.lib.common.rest_client [req-40b28c14-5284-4d52-993f-e9b468e1d385 req-40b28c14-5284-4d52-993f-e9b468e1d385 ] Request (ImagesOneServerTestJSON:test_create_image_specify_multibyte_character_image_name): 200 GET http://10.180.1.21/compute/v2.1/images/54ad6727-288f-486a-9bce-e5087c1b8482 5.748s
2025-11-12 19:18:41.223 65673 INFO tempest.lib.common.rest_client [req-f213bf8e-0651-4921-bbd6-2f41ffd0a265 req-f213bf8e-0651-4921-bbd6-2f41ffd0a265 ] Request (AttachInterfacesUnderV243Test:test_add_remove_fixed_ip): 200 GET http://10.180.1.21/compute/v2.1/servers/683ebda3-a98b-44f8-ac46-4b298820ade5/os-interface 5.859s
2025-11-12 19:18:41.236 65665 INFO tempest.lib.common.rest_client [req-2be26100-1266-4ebf-8367-52bf4763b62b req-2be26100-1266-4ebf-8367-52bf4763b62b ] Request (ImagesTestJSON:test_create_image_from_suspended_server): 202 POST http://10.180.1.21/compute/v2.1/servers 6.833s
2025-11-12 19:18:41.251 65659 INFO tempest.lib.common.rest_client [req-bd54725d-7344-4a20-a1fd-4d219636f926 req-bd54725d-7344-4a20-a1fd-4d219636f926 ] Request (KeyPairsV2TestJSON:_run_cleanups): 202 DELETE http://10.180.1.21/compute/v2.1/os-keypairs/tempest-KeyPairsV2TestJSON-keypair-967269160 5.876s
2025-11-12 19:18:41.274 65625 INFO tempest.lib.common.rest_client [req-6afa15b5-51fe-4011-859a-5737c51d93d8 req-6afa15b5-51fe-4011-859a-5737c51d93d8 ] Request (ServersNegativeTestMultiTenantJSON:setUpClass): 200 PUT http://10.180.1.21/networking/v2.0/routers/d1fb3861-5fc5-4849-8125-3f4ca4641ee8/add_router_interface 1.041s
2025-11-12 19:18:41.274 65625 INFO tempest.lib.common.dynamic_creds [-] Created isolated network resources for: credentials: Credentials: {'domain_id': 'default', 'domain_name': 'Default', 'username': 'tempest-ServersNegativeTestMultiTenantJSON-1627846893-project-member', 'project_domain_id': 'default', 'project_domain_name': 'Default', 'project_id': '2178332c5fad44fca2600577c2c09680', 'project_name': 'tempest-ServersNegativeTestMultiTenantJSON-1627846893', 'tenant_id': '2178332c5fad44fca2600577c2c09680', 'tenant_name': 'tempest-ServersNegativeTestMultiTenantJSON-1627846893', 'user_domain_id': 'default', 'user_domain_name': 'Default', 'user_id': '928f10a4275340efac2d21aa21b7ff7c', 'system': None}, Network: {'id': 'c8b67508-4518-4d30-ada2-017068ded20a', 'name': 'tempest-ServersNegativeTestMultiTenantJSON-2087525783-network', 'tenant_id': '2178332c5fad44fca2600577c2c09680', 'project_id': '2178332c5fad44fca2600577c2c09680', 'admin_state_up': True, 'mtu': 8950, 'status': 'ACTIVE', 'subnets': [], 'shared': False, 'port_security_enabled': True, 'router:external': False, 'provider:network_type': 'vlan', 'provider:physical_network': 'default', 'provider:segmentation_id': 280, 'availability_zone_hints': [], 'availability_zones': [], 'ipv4_address_scope': None, 'ipv6_address_scope': None, 'description': '', 'tags': [], 'created_at': '2025-11-12T19:18:39Z', 'updated_at': '2025-11-12T19:18:39Z', 'revision_number': 1}, Subnet: {'id': 'e3af19f3-fed2-42fd-9739-b590a180721c', 'name': 'tempest-ServersNegativeTestMultiTenantJSON-2087525783-subnet', 'tenant_id': '2178332c5fad44fca2600577c2c09680', 'network_id': 'c8b67508-4518-4d30-ada2-017068ded20a', 'ip_version': 4, 'subnetpool_id': None, 'enable_dhcp': True, 'ipv6_ra_mode': None, 'ipv6_address_mode': None, 'gateway_ip': '192.168.128.1', 'cidr': '192.168.128.0/28', 'allocation_pools': [{'start': '192.168.128.2', 'end': '192.168.128.14'}], 'host_routes': [], 'dns_nameservers': [], 'description': '', 'router:external': False, 'service_types': [], 'tags': [], 'created_at': '2025-11-12T19:18:39Z', 'updated_at': '2025-11-12T19:18:39Z', 'revision_number': 0, 'project_id': '2178332c5fad44fca2600577c2c09680'}, Router: {'id': 'd1fb3861-5fc5-4849-8125-3f4ca4641ee8', 'name': 'tempest-ServersNegativeTestMultiTenantJSON-2087525783-router', 'tenant_id': '2178332c5fad44fca2600577c2c09680', 'admin_state_up': True, 'status': 'ACTIVE', 'external_gateway_info': {'network_id': '9eaddf43-f012-44c0-a1ce-422994f231db', 'external_fixed_ips': [{'subnet_id': '7d0e26ef-b67d-4a53-8994-ce2092aa1e84', 'ip_address': '10.180.180.240'}], 'enable_snat': True}, 'description': '', 'availability_zones': [], 'distributed': False, 'ha': False, 'availability_zone_hints': [], 'routes': [], 'flavor_id': None, 'tags': [], 'created_at': '2025-11-12T19:18:39Z', 'updated_at': '2025-11-12T19:18:39Z', 'revision_number': 2, 'project_id': '2178332c5fad44fca2600577c2c09680'}
2025-11-12 19:18:41.307 65611 INFO tempest.lib.common.rest_client [req-e1a97589-e340-4927-a253-e8b828ee31e7 req-e1a97589-e340-4927-a253-e8b828ee31e7 ] Request (ServersTestFqdnHostnames:test_create_server_with_fqdn_name): 200 GET http://10.180.1.21/compute/v2.1/servers/dff84c9d-df80-471d-b6bf-00765ebbee9d 5.767s
2025-11-12 19:18:41.435 65659 INFO tempest.lib.common.rest_client [req-8a48fd5d-5e49-4839-bdc0-e3ce3fe36334 req-8a48fd5d-5e49-4839-bdc0-e3ce3fe36334 ] Request (KeyPairsV2TestJSON:tearDownClass): 204 DELETE http://10.180.1.21/identity/v3/users/1b9876030f70420799a4500edb6ac155 0.181s
2025-11-12 19:18:41.435 65659 INFO tempest.lib.common.dynamic_creds [-] Deleting project and security group for project: 4c4e51752b8e41f8826192f67d44f75e
2025-11-12 19:18:41.444 65625 INFO tempest.lib.common.rest_client [req-f8313445-e503-45b2-b726-dbb09659b25a req-f8313445-e503-45b2-b726-dbb09659b25a ] Request (ServersNegativeTestMultiTenantJSON:setUpClass): 201 POST http://10.180.1.21/identity/v3/auth/tokens 0.167s
2025-11-12 19:18:41.537 65655 INFO tempest.lib.common.rest_client [req-8652135c-2b4d-4d73-a26d-28f14ee3cee2 req-8652135c-2b4d-4d73-a26d-28f14ee3cee2 ] Request (ServersTestMultiNic:test_verify_duplicate_network_nics): 200 GET http://10.180.1.21/compute/v2.1/servers/47e3cb96-aa69-47a0-bc95-f98cf56f8192 5.994s
2025-11-12 19:18:41.539 65659 INFO tempest.lib.common.rest_client [req-de007f26-256d-445e-9f7a-30b20e8403a6 req-de007f26-256d-445e-9f7a-30b20e8403a6 ] Request (KeyPairsV2TestJSON:tearDownClass): 201 POST http://10.180.1.21/identity/v3/auth/tokens 0.103s
2025-11-12 19:18:41.557 65625 INFO tempest.lib.common.rest_client [req-193559ef-ac42-4761-ae6a-76a11ef944b9 req-193559ef-ac42-4761-ae6a-76a11ef944b9 ] Request (ServersNegativeTestMultiTenantJSON:setUpClass): 201 POST http://10.180.1.21/identity/v3/auth/tokens 0.108s
2025-11-12 19:18:41.558 65625 INFO tempest.lib.common.fixed_network [-] (ServersNegativeTestMultiTenantJSON:setUpClass) Found network {'id': '5aa5a2a3-d75e-4919-98a0-4b3c873558ec', 'name': 'tempest-ServersNegativeTestMultiTenantJSON-350927236-network', 'tenant_id': 'c7db636b42e940898a8b73d69f56ec19', 'project_id': 'c7db636b42e940898a8b73d69f56ec19', 'admin_state_up': True, 'mtu': 8950, 'status': 'ACTIVE', 'subnets': [], 'shared': False, 'port_security_enabled': True, 'router:external': False, 'provider:network_type': 'vlan', 'provider:physical_network': 'default', 'provider:segmentation_id': 23, 'availability_zone_hints': [], 'availability_zones': [], 'ipv4_address_scope': None, 'ipv6_address_scope': None, 'description': '', 'tags': [], 'created_at': '2025-11-12T19:18:36Z', 'updated_at': '2025-11-12T19:18:36Z', 'revision_number': 1} available for tenant
2025-11-12 19:18:41.620 65617 INFO tempest.lib.common.rest_client [req-5bd8b0bb-74e4-4701-9c38-019d2f7917a9 req-5bd8b0bb-74e4-4701-9c38-019d2f7917a9 ] Request (SecurityGroupsTestAdminJSON:_run_cleanups): 202 DELETE http://10.180.1.21/compute/v2.1/os-security-groups/374bbe4f-5430-42ae-b8d1-168b9422b35b 5.907s
2025-11-12 19:18:41.790 65659 INFO tempest.lib.common.rest_client [req-9ba1dce0-a949-4d30-ab30-b847eefd84ee req-9ba1dce0-a949-4d30-ab30-b847eefd84ee ] Request (KeyPairsV2TestJSON:tearDownClass): 200 GET http://10.180.1.21/networking/v2.0/security-groups?tenant_id=4c4e51752b8e41f8826192f67d44f75e&name=default 0.250s
2025-11-12 19:18:41.816 65661 INFO tempest.lib.common.rest_client [req-8c38ac10-943d-4506-a7bb-78d45e3a833b req-8c38ac10-943d-4506-a7bb-78d45e3a833b ] Request (ServerAddressesNegativeTestJSON:setUpClass): 200 GET http://10.180.1.21/compute/v2.1/servers/521dabf8-9f40-4021-98d2-f78aa6ceeb4d 6.097s
2025-11-12 19:18:41.879 65657 INFO tempest.lib.common.rest_client [req-9b462ac0-dd8c-461b-b49e-e6af6b0624e7 req-9b462ac0-dd8c-461b-b49e-e6af6b0624e7 ] Request (ListServerFiltersTestJSON:test_list_servers_filtered_by_name_regex): 200 GET http://10.180.1.21/compute/v2.1/servers?name=e-32274022 6.040s
2025-11-12 19:18:41.906 65673 INFO tempest.lib.common.rest_client [req-f3b3b997-fdae-47fd-b7eb-0d3cc516c5a0 req-f3b3b997-fdae-47fd-b7eb-0d3cc516c5a0 ] Request (AttachInterfacesUnderV243Test:test_add_remove_fixed_ip): 200 PUT http://10.180.1.21/networking/v2.0/floatingips/c4bdcd6d-e922-4cc2-b3d9-4cf328810ebd 0.680s
2025-11-12 19:18:41.991 65609 INFO tempest.lib.common.rest_client [req-1baf8cad-d154-449f-b0c5-71cca4279798 req-1baf8cad-d154-449f-b0c5-71cca4279798 ] Request (SecurityGroupsTestJSON:test_list_security_groups_by_server): 200 GET http://10.180.1.21/compute/v2.1/servers/4d53666d-b260-4e75-aa58-c8117158a9bb 6.213s
2025-11-12 19:18:42.019 65653 INFO tempest.lib.common.rest_client [req-e62c1edf-9cde-4014-95a4-fbd14c8abbf6 req-e62c1edf-9cde-4014-95a4-fbd14c8abbf6 ] Request (InstanceActionsNegativeTestJSON:tearDownClass): 404 GET http://10.180.1.21/compute/v2.1/servers/1e86089b-ab61-4712-9639-649ce13d7a22 6.129s
2025-11-12 19:18:42.020 65643 INFO tempest.lib.common.rest_client [req-e0d253e6-9486-4536-96ac-791a5cd3b578 req-e0d253e6-9486-4536-96ac-791a5cd3b578 ] Request (ServersListShow2100Test:tearDownClass): 200 GET http://10.180.1.21/compute/v2.1/servers/709c71aa-22c9-44ac-b1a2-de87a5b017a4 6.163s
2025-11-12 19:18:42.056 65659 INFO tempest.lib.common.rest_client [req-a6bb0812-1c81-425a-9dcf-d359efbfb784 req-a6bb0812-1c81-425a-9dcf-d359efbfb784 ] Request (KeyPairsV2TestJSON:tearDownClass): 204 DELETE http://10.180.1.21/networking/v2.0/security-groups/74a7bb2e-c9ed-40ac-82ad-968ea0af9388 0.265s
2025-11-12 19:18:42.102 65607 INFO tempest.lib.common.rest_client [req-d35891a1-3a8d-4172-a479-a69eecc977f4 req-d35891a1-3a8d-4172-a479-a69eecc977f4 ] Request (ImagesNegativeTestJSON:test_create_image_from_deleted_server): 200 GET http://10.180.1.21/compute/v2.1/servers/2ded6d70-3f81-4051-aaf3-19dad5fec64d 6.152s
2025-11-12 19:18:42.114 65647 INFO tempest.lib.common.rest_client [req-a96ed8a7-9937-4957-b1c8-e3394eb8086f req-a96ed8a7-9937-4957-b1c8-e3394eb8086f ] Request (ServersAdminNegativeTestJSON:tearDownClass): 200 GET http://10.180.1.21/compute/v2.1/servers/6efc97c4-663b-4f86-bc2d-3aa60ff6eb5d 6.049s
2025-11-12 19:18:42.123 65647 INFO tempest.common.waiters [-] State transition "SUSPENDED/deleting" ==> "DELETED/None" after 11 second wait
2025-11-12 19:18:42.162 65659 INFO tempest.lib.common.rest_client [req-edee0693-3f3e-4eb9-a514-524a1d1a9c99 req-edee0693-3f3e-4eb9-a514-524a1d1a9c99 ] Request (KeyPairsV2TestJSON:tearDownClass): 204 DELETE http://10.180.1.21/identity/v3/projects/4c4e51752b8e41f8826192f67d44f75e 0.106s
2025-11-12 19:18:42.176 65621 INFO tempest.lib.common.rest_client [req-fd563764-355b-404a-be96-b6f22465eed0 req-fd563764-355b-404a-be96-b6f22465eed0 ] Request (ServerGroupTestJSON:test_create_server_with_scheduler_hint_group): 200 GET http://10.180.1.21/compute/v2.1/servers/c557fb4b-61da-4097-b23c-dc3e76bf0ce5 6.005s
2025-11-12 19:18:42.259 65659 INFO tempest.lib.common.rest_client [req-e3218c59-8926-49f8-a5e7-ed849d83e806 req-e3218c59-8926-49f8-a5e7-ed849d83e806 ] Request (ServersTestManualDisk:setUpClass): 201 POST http://10.180.1.21/identity/v3/auth/tokens 0.093s
2025-11-12 19:18:42.282 65669 INFO tempest.lib.common.rest_client [req-2e8cc575-5874-4cc2-8d70-364729253fa1 req-2e8cc575-5874-4cc2-8d70-364729253fa1 ] Request (ImagesOneServerNegativeTestJSON:_run_cleanups): 200 GET http://10.180.1.21/compute/v2.1/servers/0e33f53c-8ef1-48cd-93b0-e66028214faf 5.371s
2025-11-12 19:18:42.304 65659 INFO tempest.lib.common.rest_client [req-02239d94-aaa5-484b-8afb-b2660d0d4a12 req-02239d94-aaa5-484b-8afb-b2660d0d4a12 ] Request (ServersTestManualDisk:setUpClass): 201 POST http://10.180.1.21/identity/v3/auth/tokens 0.042s
2025-11-12 19:18:42.308 65651 INFO tempest.lib.common.rest_client [req-fc764fd2-e082-4f1b-878a-6327210d2ee3 req-fc764fd2-e082-4f1b-878a-6327210d2ee3 ] Request (ListServersNegativeTestJSON:setUpClass): 200 GET http://10.180.1.21/compute/v2.1/servers/e73c35f6-3541-4ab4-82f8-7c5cc1c7b8e8 5.687s
2025-11-12 19:18:42.343 65659 INFO tempest.lib.common.rest_client [req-057622ba-aea5-4ae6-af46-07962e87ab06 req-057622ba-aea5-4ae6-af46-07962e87ab06 ] Request (ServersTestManualDisk:setUpClass): 200 GET http://10.180.1.21/identity/v3/domains?name=Default 0.038s
2025-11-12 19:18:42.362 65635 INFO tempest.lib.common.rest_client [req-55e7ae73-2e2b-4499-b1f6-50ed78654b03 req-55e7ae73-2e2b-4499-b1f6-50ed78654b03 ] Request (FloatingIPsAssociationTestJSON:test_associate_already_associated_floating_ip): 200 GET http://10.180.1.21/compute/v2.1/servers/dcff6844-6b2c-4ad3-9f80-c56d461238ff 5.390s
2025-11-12 19:18:42.397 65659 INFO tempest.lib.common.rest_client [req-78f546d6-d58d-46ec-8c96-430e26690f9b req-78f546d6-d58d-46ec-8c96-430e26690f9b ] Request (ServersTestManualDisk:setUpClass): 201 POST http://10.180.1.21/identity/v3/projects 0.054s
2025-11-12 19:18:42.509 65659 INFO tempest.lib.common.rest_client [req-54841f14-0fef-4cb5-8bfc-96b590c4a8c1 req-54841f14-0fef-4cb5-8bfc-96b590c4a8c1 ] Request (ServersTestManualDisk:setUpClass): 201 POST http://10.180.1.21/identity/v3/users 0.111s
2025-11-12 19:18:42.540 65627 INFO tempest.lib.common.rest_client [req-85b25cc7-3dc4-45ad-8825-3a3e32698268 req-85b25cc7-3dc4-45ad-8825-3a3e32698268 ] Request (ServersAdminTestJSON:test_create_server_with_scheduling_hint): 200 GET http://10.180.1.21/compute/v2.1/servers/2f389360-3909-4f1c-a69f-f79e5b680562 5.454s
2025-11-12 19:18:42.543 65659 INFO tempest.lib.common.rest_client [req-b01c58b0-c196-45e4-bf56-dafde2a204f1 req-b01c58b0-c196-45e4-bf56-dafde2a204f1 ] Request (ServersTestManualDisk:setUpClass): 200 GET http://10.180.1.21/identity/v3/roles 0.033s
2025-11-12 19:18:42.550 65627 INFO tempest.common.waiters [-] State transition "BUILD/None" ==> "BUILD/spawning" after 46 second wait
2025-11-12 19:18:42.586 65659 INFO tempest.lib.common.rest_client [req-1f4fbd29-7d63-42ec-92cc-55f2e244d0a8 req-1f4fbd29-7d63-42ec-92cc-55f2e244d0a8 ] Request (ServersTestManualDisk:setUpClass): 204 PUT http://10.180.1.21/identity/v3/projects/c60e88a6940c4ad9a54d6e4cd789de3f/users/0efc6676abe44635af1e06c8228d7d81/roles/0eb8b6efe5674aa19ce5bbe721caf1b9 0.042s
2025-11-12 19:18:42.586 65659 INFO tempest.lib.common.dynamic_creds [-] Dynamic test user 0efc6676abe44635af1e06c8228d7d81 is created with scope project and roles: ['member']
2025-11-12 19:18:42.586 65659 INFO tempest.lib.common.dynamic_creds [-] Acquired dynamic creds: credentials: Credentials: {'domain_id': 'default', 'domain_name': 'Default', 'username': 'tempest-ServersTestManualDisk-432422282-project-member', 'project_domain_id': 'default', 'project_domain_name': 'Default', 'project_id': 'c60e88a6940c4ad9a54d6e4cd789de3f', 'project_name': 'tempest-ServersTestManualDisk-432422282', 'tenant_id': 'c60e88a6940c4ad9a54d6e4cd789de3f', 'tenant_name': 'tempest-ServersTestManualDisk-432422282', 'user_domain_id': 'default', 'user_domain_name': 'Default', 'user_id': '0efc6676abe44635af1e06c8228d7d81', 'system': None}, Network: None, Subnet: None, Router: None
2025-11-12 19:18:42.668 65659 INFO tempest.lib.common.rest_client [req-3a8d3c05-5cc5-47ac-8a12-5b63d548d3cb req-3a8d3c05-5cc5-47ac-8a12-5b63d548d3cb ] Request (ServersTestManualDisk:setUpClass): 201 POST http://10.180.1.21/identity/v3/auth/tokens 0.081s
2025-11-12 19:18:42.686 65645 INFO tempest.lib.common.rest_client [req-8aa8a16b-151f-48a8-b464-5587df8bcb15 req-8aa8a16b-151f-48a8-b464-5587df8bcb15 ] Request (FloatingIPsAssociationNegativeTestJSON:setUpClass): 200 GET http://10.180.1.21/compute/v2.1/servers/ebe617cd-3144-4af1-8f90-b97a677e3c69 5.310s
2025-11-12 19:18:42.713 65639 INFO tempest.lib.common.rest_client [req-898792bd-fdeb-408d-9bc3-3c17ecc37a47 req-898792bd-fdeb-408d-9bc3-3c17ecc37a47 ] Request (MigrationsAdminTest:test_list_migrations_in_flavor_resize_situation): 200 GET http://10.180.1.21/compute/v2.1/servers/0c2d57b2-b475-43a0-9e98-1877f2b433af 5.397s
2025-11-12 19:18:42.773 65668 WARNING tempest.lib.common.ssh [-] Failed to establish authenticated ssh connection to cirros@10.180.180.197 ([Errno None] Unable to connect to port 22 on 10.180.180.197). Number attempts: 1. Retry after 2 seconds.: paramiko.ssh_exception.NoValidConnectionsError: [Errno None] Unable to connect to port 22 on 10.180.180.197
2025-11-12 19:18:43.109 65659 INFO tempest.lib.common.rest_client [req-bbdbfa21-1e9a-4e26-ac5d-04612753bee4 req-bbdbfa21-1e9a-4e26-ac5d-04612753bee4 ] Request (ServersTestManualDisk:setUpClass): 201 POST http://10.180.1.21/networking/v2.0/networks 0.441s
2025-11-12 19:18:43.135 65633 INFO tempest.lib.common.rest_client [req-12c435ed-cb0d-4462-a7c3-699c86c95f7d req-12c435ed-cb0d-4462-a7c3-699c86c95f7d ] Request (VolumesAssistedSnapshotsTest:tearDownClass): 200 GET http://10.180.1.21/compute/v2.1/servers/29c29462-113d-427b-ba1c-2105312b2d1e 5.677s
2025-11-12 19:18:43.186 65615 INFO tempest.lib.common.rest_client [req-6e7dd05a-ee4f-4cc1-85db-f5db799aa89e req-6e7dd05a-ee4f-4cc1-85db-f5db799aa89e ] Request (ImagesOneServerTestJSON:test_create_image_specify_multibyte_character_image_name): 200 GET http://10.180.1.21/compute/v2.1/images/54ad6727-288f-486a-9bce-e5087c1b8482 2.070s
2025-11-12 19:18:43.337 65653 INFO tempest.lib.common.rest_client [req-c4a91856-25a7-4b22-8a1b-b0445ed4be5f req-c4a91856-25a7-4b22-8a1b-b0445ed4be5f ] Request (InstanceActionsNegativeTestJSON:tearDownClass): 200 PUT http://10.180.1.21/networking/v2.0/routers/7efc48e0-fbf7-4045-a40b-64cbdcd733a4/remove_router_interface 1.315s
2025-11-12 19:18:43.367 65629 INFO tempest.lib.common.rest_client [req-17450c84-923c-4297-bfa7-0f9d9080b71a req-17450c84-923c-4297-bfa7-0f9d9080b71a ] Request (DeleteServersAdminTestJSON:test_delete_server_while_in_error_state): 200 GET http://10.180.1.21/compute/v2.1/servers/18e299a7-157b-4faa-8655-36866d27083a 5.632s
2025-11-12 19:18:43.625 65665 INFO tempest.lib.common.rest_client [req-14e20ee4-3556-419c-bfaf-3e2031aa1a66 req-14e20ee4-3556-419c-bfaf-3e2031aa1a66 ] Request (ImagesTestJSON:test_create_image_from_suspended_server): 200 GET http://10.180.1.21/compute/v2.1/servers/db8bba23-aa1f-41d8-8141-ed795c60f41b 2.386s
2025-11-12 19:18:43.770 65659 INFO tempest.lib.common.rest_client [req-6d40ae62-6340-43cc-a192-91cccf52c01c req-6d40ae62-6340-43cc-a192-91cccf52c01c ] Request (ServersTestManualDisk:setUpClass): 201 POST http://10.180.1.21/networking/v2.0/subnets 0.660s
2025-11-12 19:18:44.101 65653 INFO tempest.lib.common.rest_client [req-5659cfb1-bda9-4685-8f74-a8a4acdad4a1 req-5659cfb1-bda9-4685-8f74-a8a4acdad4a1 ] Request (InstanceActionsNegativeTestJSON:tearDownClass): 204 DELETE http://10.180.1.21/networking/v2.0/routers/7efc48e0-fbf7-4045-a40b-64cbdcd733a4 0.763s
2025-11-12 19:18:44.883 65659 INFO tempest.lib.common.rest_client [req-0dc21325-9d5b-4e17-8a13-648bbe4d4bd1 req-0dc21325-9d5b-4e17-8a13-648bbe4d4bd1 ] Request (ServersTestManualDisk:setUpClass): 201 POST http://10.180.1.21/networking/v2.0/routers 1.113s
2025-11-12 19:18:45.062 65653 INFO tempest.lib.common.rest_client [req-6faefab2-da6d-403f-8483-04e8077b0454 req-6faefab2-da6d-403f-8483-04e8077b0454 ] Request (InstanceActionsNegativeTestJSON:tearDownClass): 204 DELETE http://10.180.1.21/networking/v2.0/subnets/c1a9c870-fe3c-433f-a4ec-80dd6b3c651c 0.961s
2025-11-12 19:18:45.144 65617 INFO tempest.lib.common.rest_client [req-6c088f59-6b1b-4aaf-b8cc-d61e836b8791 req-6c088f59-6b1b-4aaf-b8cc-d61e836b8791 ] Request (SecurityGroupsTestAdminJSON:_run_cleanups): 202 DELETE http://10.180.1.21/compute/v2.1/os-security-groups/eee51bea-0997-4135-946f-0c8fe927fdb4 3.523s
2025-11-12 19:18:45.208 65631 INFO tempest.lib.common.rest_client [req-ab6086fa-a49d-416b-8de0-5d28b2ce9fff req-ab6086fa-a49d-416b-8de0-5d28b2ce9fff ] Request (ListImageFiltersTestJSON:setUpClass): 200 GET http://10.180.1.21/compute/v2.1/images/16d0de3b-0b47-4f01-8529-4760ff06524c 3.340s
2025-11-12 19:18:45.260 65617 INFO tempest.lib.common.rest_client [req-3a4489e6-e1ce-4239-aedb-e19b18aced61 req-3a4489e6-e1ce-4239-aedb-e19b18aced61 ] Request (SecurityGroupsTestAdminJSON:tearDownClass): 204 DELETE http://10.180.1.21/identity/v3/users/fb485b51e2b84072a10194181eb87558 0.112s
2025-11-12 19:18:45.280 65668 WARNING tempest.lib.common.ssh [-] Failed to establish authenticated ssh connection to cirros@10.180.180.197 ([Errno None] Unable to connect to port 22 on 10.180.180.197). Number attempts: 2. Retry after 3 seconds.: paramiko.ssh_exception.NoValidConnectionsError: [Errno None] Unable to connect to port 22 on 10.180.180.197
2025-11-12 19:18:45.291 65657 INFO tempest.lib.common.rest_client [req-016686b2-52df-40d9-95ce-ff6cfe19c880 req-016686b2-52df-40d9-95ce-ff6cfe19c880 ] Request (ListServerFiltersTestJSON:test_list_servers_filtered_by_name_wildcard): 200 GET http://10.180.1.21/compute/v2.1/servers?name=-instance 3.408s
2025-11-12 19:18:45.379 65617 INFO tempest.lib.common.rest_client [req-0dae54a2-d30a-47b3-b79a-12c90da9e069 req-0dae54a2-d30a-47b3-b79a-12c90da9e069 ] Request (SecurityGroupsTestAdminJSON:tearDownClass): 204 DELETE http://10.180.1.21/identity/v3/users/f9c659bde8f84074a026732810575a02 0.119s
2025-11-12 19:18:45.379 65617 INFO tempest.lib.common.dynamic_creds [-] Deleting project and security group for project: 596ae4954a66434a979ff566e44c2d3c
2025-11-12 19:18:45.495 65617 INFO tempest.lib.common.rest_client [req-0c41df15-bc5f-4019-9fe9-adc9d73c6e3b req-0c41df15-bc5f-4019-9fe9-adc9d73c6e3b ] Request (SecurityGroupsTestAdminJSON:tearDownClass): 201 POST http://10.180.1.21/identity/v3/auth/tokens 0.115s
2025-11-12 19:18:45.952 65653 INFO tempest.lib.common.rest_client [req-3d664e01-1248-452d-95c4-c058aa0d6a93 req-3d664e01-1248-452d-95c4-c058aa0d6a93 ] Request (InstanceActionsNegativeTestJSON:tearDownClass): 204 DELETE http://10.180.1.21/networking/v2.0/networks/12bde2f2-245e-4e79-a5e5-6e8cf615f6e1 0.890s
2025-11-12 19:18:46.044 65653 INFO tempest.lib.common.rest_client [req-0cfc5073-4b5d-43d3-a000-eb83c69467bb req-0cfc5073-4b5d-43d3-a000-eb83c69467bb ] Request (InstanceActionsNegativeTestJSON:tearDownClass): 204 DELETE http://10.180.1.21/identity/v3/users/3d8de825a9c54947b4b837d36d01955d 0.091s
2025-11-12 19:18:46.044 65653 INFO tempest.lib.common.dynamic_creds [-] Deleting project and security group for project: 5d20847898814c7f8555537d4c26a746
2025-11-12 19:18:46.221 65659 INFO tempest.lib.common.rest_client [req-3650aeb4-2768-4f33-92c8-02400a9d8186 req-3650aeb4-2768-4f33-92c8-02400a9d8186 ] Request (ServersTestManualDisk:setUpClass): 200 PUT http://10.180.1.21/networking/v2.0/routers/ef4cd1e9-c82e-45f8-bcd5-48fc6eb38c8b/add_router_interface 1.338s
2025-11-12 19:18:46.222 65659 INFO tempest.lib.common.dynamic_creds [-] Created isolated network resources for: credentials: Credentials: {'domain_id': 'default', 'domain_name': 'Default', 'username': 'tempest-ServersTestManualDisk-432422282-project-member', 'project_domain_id': 'default', 'project_domain_name': 'Default', 'project_id': 'c60e88a6940c4ad9a54d6e4cd789de3f', 'project_name': 'tempest-ServersTestManualDisk-432422282', 'tenant_id': 'c60e88a6940c4ad9a54d6e4cd789de3f', 'tenant_name': 'tempest-ServersTestManualDisk-432422282', 'user_domain_id': 'default', 'user_domain_name': 'Default', 'user_id': '0efc6676abe44635af1e06c8228d7d81', 'system': None}, Network: {'id': 'e43c7fa6-625b-49b6-acac-b8ffcf208202', 'name': 'tempest-ServersTestManualDisk-425688714-network', 'tenant_id': 'c60e88a6940c4ad9a54d6e4cd789de3f', 'project_id': 'c60e88a6940c4ad9a54d6e4cd789de3f', 'admin_state_up': True, 'mtu': 8950, 'status': 'ACTIVE', 'subnets': [], 'shared': False, 'port_security_enabled': True, 'router:external': False, 'provider:network_type': 'vlan', 'provider:physical_network': 'default', 'provider:segmentation_id': 795, 'availability_zone_hints': [], 'availability_zones': [], 'ipv4_address_scope': None, 'ipv6_address_scope': None, 'description': '', 'tags': [], 'created_at': '2025-11-12T19:18:42Z', 'updated_at': '2025-11-12T19:18:43Z', 'revision_number': 1}, Subnet: {'id': '6c5d3094-8744-473d-a93a-2c733d775789', 'name': 'tempest-ServersTestManualDisk-425688714-subnet', 'tenant_id': 'c60e88a6940c4ad9a54d6e4cd789de3f', 'network_id': 'e43c7fa6-625b-49b6-acac-b8ffcf208202', 'ip_version': 4, 'subnetpool_id': None, 'enable_dhcp': True, 'ipv6_ra_mode': None, 'ipv6_address_mode': None, 'gateway_ip': '192.168.128.1', 'cidr': '192.168.128.0/28', 'allocation_pools': [{'start': '192.168.128.2', 'end': '192.168.128.14'}], 'host_routes': [], 'dns_nameservers': [], 'description': '', 'router:external': False, 'service_types': [], 'tags': [], 'created_at': '2025-11-12T19:18:43Z', 'updated_at': '2025-11-12T19:18:43Z', 'revision_number': 0, 'project_id': 'c60e88a6940c4ad9a54d6e4cd789de3f'}, Router: {'id': 'ef4cd1e9-c82e-45f8-bcd5-48fc6eb38c8b', 'name': 'tempest-ServersTestManualDisk-425688714-router', 'tenant_id': 'c60e88a6940c4ad9a54d6e4cd789de3f', 'admin_state_up': True, 'status': 'ACTIVE', 'external_gateway_info': {'network_id': '9eaddf43-f012-44c0-a1ce-422994f231db', 'external_fixed_ips': [{'subnet_id': '7d0e26ef-b67d-4a53-8994-ce2092aa1e84', 'ip_address': '10.180.180.143'}], 'enable_snat': True}, 'description': '', 'availability_zones': [], 'distributed': False, 'ha': False, 'availability_zone_hints': [], 'routes': [], 'flavor_id': None, 'tags': [], 'created_at': '2025-11-12T19:18:44Z', 'updated_at': '2025-11-12T19:18:44Z', 'revision_number': 2, 'project_id': 'c60e88a6940c4ad9a54d6e4cd789de3f'}
2025-11-12 19:18:46.260 65617 INFO tempest.lib.common.rest_client [req-d24a6123-c035-4102-9ba1-0f1e67b764c8 req-d24a6123-c035-4102-9ba1-0f1e67b764c8 ] Request (SecurityGroupsTestAdminJSON:tearDownClass): 200 GET http://10.180.1.21/networking/v2.0/security-groups?tenant_id=596ae4954a66434a979ff566e44c2d3c&name=default 0.765s
2025-11-12 19:18:46.321 65659 INFO tempest.lib.common.rest_client [req-1dcddff7-a93e-4361-9a6e-6f16878e3e8c req-1dcddff7-a93e-4361-9a6e-6f16878e3e8c ] Request (ServersTestManualDisk:setUpClass): 201 POST http://10.180.1.21/identity/v3/auth/tokens 0.093s
2025-11-12 19:18:46.357 65653 INFO tempest.lib.common.rest_client [req-b0f93ecf-551d-4b92-8c3e-a236d45d2150 req-b0f93ecf-551d-4b92-8c3e-a236d45d2150 ] Request (InstanceActionsNegativeTestJSON:tearDownClass): 200 GET http://10.180.1.21/networking/v2.0/security-groups?tenant_id=5d20847898814c7f8555537d4c26a746&name=default 0.312s
2025-11-12 19:18:46.394 65673 INFO tempest.lib.common.rest_client [req-322ef017-bb53-4bb0-966b-ebe7dd2e909e req-322ef017-bb53-4bb0-966b-ebe7dd2e909e ] Request (AttachInterfacesUnderV243Test:test_add_remove_fixed_ip): 200 GET http://10.180.1.21/compute/v2.1/servers/683ebda3-a98b-44f8-ac46-4b298820ade5 4.488s
2025-11-12 19:18:46.408 65673 INFO tempest.lib.common.ssh [-] Creating ssh connection to '10.180.180.204:22' as 'cirros' with public key authentication
2025-11-12 19:18:46.524 65617 INFO tempest.lib.common.rest_client [req-867ea2b9-751d-435a-9f88-b1a29911475d req-867ea2b9-751d-435a-9f88-b1a29911475d ] Request (SecurityGroupsTestAdminJSON:tearDownClass): 204 DELETE http://10.180.1.21/networking/v2.0/security-groups/c71a6212-62d9-4b33-ad66-3244ec45f1a9 0.263s
2025-11-12 19:18:46.622 65617 INFO tempest.lib.common.rest_client [req-1e3bf373-c50f-4eab-ba8d-c0ce20b99d2e req-1e3bf373-c50f-4eab-ba8d-c0ce20b99d2e ] Request (SecurityGroupsTestAdminJSON:tearDownClass): 204 DELETE http://10.180.1.21/identity/v3/projects/596ae4954a66434a979ff566e44c2d3c 0.097s
2025-11-12 19:18:46.622 65617 INFO tempest.lib.common.dynamic_creds [-] Deleting project and security group for project: 61625772eb8f4663916a682905ca60c8
2025-11-12 19:18:46.678 65653 INFO tempest.lib.common.rest_client [req-48160508-81eb-4d1c-a8ab-54f053c5deb7 req-48160508-81eb-4d1c-a8ab-54f053c5deb7 ] Request (InstanceActionsNegativeTestJSON:tearDownClass): 204 DELETE http://10.180.1.21/networking/v2.0/security-groups/d83fe2ea-cf93-4501-97bc-cc62728ca367 0.321s
2025-11-12 19:18:46.751 65619 INFO tempest.lib.common.rest_client [req-b4da56c6-bd9c-4a5a-b7ef-50a9de8ce680 req-b4da56c6-bd9c-4a5a-b7ef-50a9de8ce680 ] Request (InstanceActionsV221TestJSON:test_get_list_deleted_instance_actions): 200 GET http://10.180.1.21/compute/v2.1/servers/85684611-6017-41e8-9c0c-babbff5c1230 4.788s
2025-11-12 19:18:46.818 65625 INFO tempest.lib.common.rest_client [req-19b4fd11-d50f-4d84-9f2c-418a31c19304 req-19b4fd11-d50f-4d84-9f2c-418a31c19304 ] Request (ServersNegativeTestMultiTenantJSON:setUpClass): 202 POST http://10.180.1.21/compute/v2.1/servers 5.260s
2025-11-12 19:18:46.819 65653 INFO tempest.lib.common.rest_client [req-8a86a469-1b0e-4b37-9821-f79702682c8a req-8a86a469-1b0e-4b37-9821-f79702682c8a ] Request (InstanceActionsNegativeTestJSON:tearDownClass): 204 DELETE http://10.180.1.21/identity/v3/projects/5d20847898814c7f8555537d4c26a746 0.141s
2025-11-12 19:18:46.832 65617 INFO tempest.lib.common.rest_client [req-94646047-2ead-421b-bdb6-075d5bdfe222 req-94646047-2ead-421b-bdb6-075d5bdfe222 ] Request (SecurityGroupsTestAdminJSON:tearDownClass): 200 GET http://10.180.1.21/networking/v2.0/security-groups?tenant_id=61625772eb8f4663916a682905ca60c8&name=default 0.210s
2025-11-12 19:18:46.905 65650 INFO tempest.lib.common.rest_client [req-77f4cde0-09a6-442a-8347-1c04d282d792 req-77f4cde0-09a6-442a-8347-1c04d282d792 ] Request (ServersV294TestFqdnHostnames:setUpClass): 200 GET http://10.180.1.21/compute/v2.1/servers/51076da4-590e-4e1a-894d-2efbcacb0a67 4.831s
2025-11-12 19:18:46.920 65650 INFO tempest.common.waiters [-] State transition "BUILD/scheduling" ==> "BUILD/None" after 20 second wait
2025-11-12 19:18:46.923 65653 INFO tempest.lib.common.rest_client [req-e7c6d85c-5fc7-4868-86e7-30ad206f3a16 req-e7c6d85c-5fc7-4868-86e7-30ad206f3a16 ] Request (ServerShowV257Test:setUpClass): 201 POST http://10.180.1.21/identity/v3/auth/tokens 0.102s
2025-11-12 19:18:46.927 65623 INFO paramiko.transport [-] Connected (version 2.0, client dropbear_2020.81)
2025-11-12 19:18:46.972 65653 INFO tempest.lib.common.rest_client [req-abf1d182-f8e3-4f01-a99a-86100e071273 req-abf1d182-f8e3-4f01-a99a-86100e071273 ] Request (ServerShowV257Test:setUpClass): 201 POST http://10.180.1.21/identity/v3/auth/tokens 0.043s
2025-11-12 19:18:47.005 65653 INFO tempest.lib.common.rest_client [req-48a5c89c-b275-435f-96b2-6605b8d1f94d req-48a5c89c-b275-435f-96b2-6605b8d1f94d ] Request (ServerShowV257Test:setUpClass): 200 GET http://10.180.1.21/identity/v3/domains?name=Default 0.032s
2025-11-12 19:18:47.007 65623 INFO paramiko.transport [-] Authentication (publickey) successful!
2025-11-12 19:18:47.007 65623 INFO tempest.lib.common.ssh [-] ssh connection to cirros@10.180.180.249 successfully created
2025-11-12 19:18:47.025 65651 INFO tempest.lib.common.rest_client [req-631bd67b-0382-4202-b3f2-8c9d6d77c0a8 req-631bd67b-0382-4202-b3f2-8c9d6d77c0a8 ] Request (ListServersNegativeTestJSON:setUpClass): 204 DELETE http://10.180.1.21/compute/v2.1/servers/c56d3b3a-ee80-4270-b278-2bcdf8f21e83 4.700s
2025-11-12 19:18:47.028 65617 INFO tempest.lib.common.rest_client [req-437dbaf0-2d7f-4e05-8c5f-4b6674ff1dad req-437dbaf0-2d7f-4e05-8c5f-4b6674ff1dad ] Request (SecurityGroupsTestAdminJSON:tearDownClass): 204 DELETE http://10.180.1.21/networking/v2.0/security-groups/eb7e1fdd-a06c-4753-aa50-f6ba8500b079 0.195s
2025-11-12 19:18:47.073 65611 INFO tempest.lib.common.rest_client [req-6a7ad927-49f4-4b32-a0b1-639ed6cac5c5 req-6a7ad927-49f4-4b32-a0b1-639ed6cac5c5 ] Request (ServersTestFqdnHostnames:test_create_server_with_fqdn_name): 200 GET http://10.180.1.21/compute/v2.1/servers/dff84c9d-df80-471d-b6bf-00765ebbee9d 4.750s
2025-11-12 19:18:47.085 65653 INFO tempest.lib.common.rest_client [req-29037434-a1f1-438b-92e4-31eff367bceb req-29037434-a1f1-438b-92e4-31eff367bceb ] Request (ServerShowV257Test:setUpClass): 201 POST http://10.180.1.21/identity/v3/projects 0.079s
2025-11-12 19:18:47.149 65617 INFO tempest.lib.common.rest_client [req-cfea696e-d25b-4a39-86e5-4468f6228fae req-cfea696e-d25b-4a39-86e5-4468f6228fae ] Request (SecurityGroupsTestAdminJSON:tearDownClass): 204 DELETE http://10.180.1.21/identity/v3/projects/61625772eb8f4663916a682905ca60c8 0.120s
2025-11-12 19:18:47.231 65653 INFO tempest.lib.common.rest_client [req-2063e665-33d3-4e2f-a13c-42e662cb3f3a req-2063e665-33d3-4e2f-a13c-42e662cb3f3a ] Request (ServerShowV257Test:setUpClass): 201 POST http://10.180.1.21/identity/v3/users 0.142s
2025-11-12 19:18:47.237 65617 INFO tempest.lib.common.rest_client [req-f4b987e0-fee0-4fa6-8ae0-69eacfa50512 req-f4b987e0-fee0-4fa6-8ae0-69eacfa50512 ] Request (ImagesMetadataNegativeTestJSON:setUpClass): 201 POST http://10.180.1.21/identity/v3/auth/tokens 0.086s
2025-11-12 19:18:47.260 65653 INFO tempest.lib.common.rest_client [req-ff3ba364-f42e-4c06-b4e3-c39247ebf898 req-ff3ba364-f42e-4c06-b4e3-c39247ebf898 ] Request (ServerShowV257Test:setUpClass): 200 GET http://10.180.1.21/identity/v3/roles 0.028s
2025-11-12 19:18:47.275 65617 INFO tempest.lib.common.rest_client [req-715cd920-cfc8-4c8b-b8f3-9d1f3a2d7e12 req-715cd920-cfc8-4c8b-b8f3-9d1f3a2d7e12 ] Request (ImagesMetadataNegativeTestJSON:setUpClass): 201 POST http://10.180.1.21/identity/v3/auth/tokens 0.036s
2025-11-12 19:18:47.288 65653 INFO tempest.lib.common.rest_client [req-2df53cee-f7b0-4e49-a911-31dd7a23a0f0 req-2df53cee-f7b0-4e49-a911-31dd7a23a0f0 ] Request (ServerShowV257Test:setUpClass): 204 PUT http://10.180.1.21/identity/v3/projects/2f0ecec6cca44d9188451f7502800a12/users/c1d30ebe2098426c90616a8d9634ad15/roles/0eb8b6efe5674aa19ce5bbe721caf1b9 0.028s
2025-11-12 19:18:47.289 65653 INFO tempest.lib.common.dynamic_creds [-] Dynamic test user c1d30ebe2098426c90616a8d9634ad15 is created with scope project and roles: ['member']
2025-11-12 19:18:47.289 65653 INFO tempest.lib.common.dynamic_creds [-] Acquired dynamic creds: credentials: Credentials: {'domain_id': 'default', 'domain_name': 'Default', 'username': 'tempest-ServerShowV257Test-488381013-project-member', 'project_domain_id': 'default', 'project_domain_name': 'Default', 'project_id': '2f0ecec6cca44d9188451f7502800a12', 'project_name': 'tempest-ServerShowV257Test-488381013', 'tenant_id': '2f0ecec6cca44d9188451f7502800a12', 'tenant_name': 'tempest-ServerShowV257Test-488381013', 'user_domain_id': 'default', 'user_domain_name': 'Default', 'user_id': 'c1d30ebe2098426c90616a8d9634ad15', 'system': None}, Network: None, Subnet: None, Router: None
2025-11-12 19:18:47.289 65653 INFO tempest.lib.common.dynamic_creds [-] Created isolated network resources for: credentials: Credentials: {'domain_id': 'default', 'domain_name': 'Default', 'username': 'tempest-ServerShowV257Test-488381013-project-member', 'project_domain_id': 'default', 'project_domain_name': 'Default', 'project_id': '2f0ecec6cca44d9188451f7502800a12', 'project_name': 'tempest-ServerShowV257Test-488381013', 'tenant_id': '2f0ecec6cca44d9188451f7502800a12', 'tenant_name': 'tempest-ServerShowV257Test-488381013', 'user_domain_id': 'default', 'user_domain_name': 'Default', 'user_id': 'c1d30ebe2098426c90616a8d9634ad15', 'system': None}, Network: None, Subnet: None, Router: None
2025-11-12 19:18:47.305 65617 INFO tempest.lib.common.rest_client [req-b6c11e8d-8f59-40f3-b6b8-8f8c995f7f65 req-b6c11e8d-8f59-40f3-b6b8-8f8c995f7f65 ] Request (ImagesMetadataNegativeTestJSON:setUpClass): 200 GET http://10.180.1.21/identity/v3/domains?name=Default 0.029s
2025-11-12 19:18:47.371 65653 INFO tempest.lib.common.rest_client [req-b5011107-83ab-4d0e-b1af-3261b30d7fd1 req-b5011107-83ab-4d0e-b1af-3261b30d7fd1 ] Request (ServerShowV257Test:setUpClass): 201 POST http://10.180.1.21/identity/v3/auth/tokens 0.078s
2025-11-12 19:18:47.385 65617 INFO tempest.lib.common.rest_client [req-72c0017c-4787-41e9-9ec7-893ab534374c req-72c0017c-4787-41e9-9ec7-893ab534374c ] Request (ImagesMetadataNegativeTestJSON:setUpClass): 201 POST http://10.180.1.21/identity/v3/projects 0.080s
2025-11-12 19:18:47.453 65653 INFO tempest.lib.common.rest_client [req-91e14933-8a86-44fe-8e6b-7389abac36e5 req-91e14933-8a86-44fe-8e6b-7389abac36e5 ] Request (ServerShowV257Test:test_rebuild_server): 201 POST http://10.180.1.21/identity/v3/auth/tokens 0.078s
2025-11-12 19:18:47.454 65653 INFO tempest.lib.common.fixed_network [-] (ServerShowV257Test:test_rebuild_server) Found network None available for tenant
2025-11-12 19:18:47.473 65617 INFO tempest.lib.common.rest_client [req-b2a7e985-f139-404a-a10c-080bd7b027ef req-b2a7e985-f139-404a-a10c-080bd7b027ef ] Request (ImagesMetadataNegativeTestJSON:setUpClass): 201 POST http://10.180.1.21/identity/v3/users 0.087s
2025-11-12 19:18:47.502 65617 INFO tempest.lib.common.rest_client [req-4e93a001-f07b-436a-966a-c97cb3949f6f req-4e93a001-f07b-436a-966a-c97cb3949f6f ] Request (ImagesMetadataNegativeTestJSON:setUpClass): 200 GET http://10.180.1.21/identity/v3/roles 0.028s
2025-11-12 19:18:47.520 65655 INFO tempest.lib.common.rest_client [req-2006065a-57c6-4815-bd5a-c9f997a6457b req-2006065a-57c6-4815-bd5a-c9f997a6457b ] Request (ServersTestMultiNic:test_verify_duplicate_network_nics): 200 GET http://10.180.1.21/compute/v2.1/servers/47e3cb96-aa69-47a0-bc95-f98cf56f8192 4.968s
2025-11-12 19:18:47.539 65617 INFO tempest.lib.common.rest_client [req-f6c58da9-1b8a-49a9-b192-d5dcab265bea req-f6c58da9-1b8a-49a9-b192-d5dcab265bea ] Request (ImagesMetadataNegativeTestJSON:setUpClass): 204 PUT http://10.180.1.21/identity/v3/projects/57a641b1822c4af2a6192059a89a0264/users/74acda570709419bb80f5bea1e53dbd2/roles/0eb8b6efe5674aa19ce5bbe721caf1b9 0.036s
2025-11-12 19:18:47.539 65617 INFO tempest.lib.common.dynamic_creds [-] Dynamic test user 74acda570709419bb80f5bea1e53dbd2 is created with scope project and roles: ['member']
2025-11-12 19:18:47.539 65617 INFO tempest.lib.common.dynamic_creds [-] Acquired dynamic creds: credentials: Credentials: {'domain_id': 'default', 'domain_name': 'Default', 'username': 'tempest-ImagesMetadataNegativeTestJSON-740725938-project-member', 'project_domain_id': 'default', 'project_domain_name': 'Default', 'project_id': '57a641b1822c4af2a6192059a89a0264', 'project_name': 'tempest-ImagesMetadataNegativeTestJSON-740725938', 'tenant_id': '57a641b1822c4af2a6192059a89a0264', 'tenant_name': 'tempest-ImagesMetadataNegativeTestJSON-740725938', 'user_domain_id': 'default', 'user_domain_name': 'Default', 'user_id': '74acda570709419bb80f5bea1e53dbd2', 'system': None}, Network: None, Subnet: None, Router: None
2025-11-12 19:18:47.540 65617 INFO tempest.lib.common.dynamic_creds [-] Created isolated network resources for: credentials: Credentials: {'domain_id': 'default', 'domain_name': 'Default', 'username': 'tempest-ImagesMetadataNegativeTestJSON-740725938-project-member', 'project_domain_id': 'default', 'project_domain_name': 'Default', 'project_id': '57a641b1822c4af2a6192059a89a0264', 'project_name': 'tempest-ImagesMetadataNegativeTestJSON-740725938', 'tenant_id': '57a641b1822c4af2a6192059a89a0264', 'tenant_name': 'tempest-ImagesMetadataNegativeTestJSON-740725938', 'user_domain_id': 'default', 'user_domain_name': 'Default', 'user_id': '74acda570709419bb80f5bea1e53dbd2', 'system': None}, Network: None, Subnet: None, Router: None
2025-11-12 19:18:47.551 65661 INFO tempest.lib.common.rest_client [req-4be15f8c-0f14-4e64-a0a9-c035db0d2302 req-4be15f8c-0f14-4e64-a0a9-c035db0d2302 ] Request (ServerAddressesNegativeTestJSON:setUpClass): 200 GET http://10.180.1.21/compute/v2.1/servers/521dabf8-9f40-4021-98d2-f78aa6ceeb4d 4.721s
2025-11-12 19:18:47.563 65661 INFO tempest.common.waiters [-] State transition "BUILD/None" ==> "BUILD/spawning" after 45 second wait
2025-11-12 19:18:47.642 65617 INFO tempest.lib.common.rest_client [req-d740f3ea-b598-4cc8-9daa-3011924d8ccf req-d740f3ea-b598-4cc8-9daa-3011924d8ccf ] Request (ImagesMetadataNegativeTestJSON:setUpClass): 201 POST http://10.180.1.21/identity/v3/auth/tokens 0.100s
2025-11-12 19:18:47.720 65643 INFO tempest.lib.common.rest_client [req-d2ff03e7-1c1b-43df-9a8b-00f26748bbeb req-d2ff03e7-1c1b-43df-9a8b-00f26748bbeb ] Request (ServersListShow2100Test:tearDownClass): 200 GET http://10.180.1.21/compute/v2.1/servers/709c71aa-22c9-44ac-b1a2-de87a5b017a4 4.669s
2025-11-12 19:18:47.741 65609 INFO tempest.lib.common.rest_client [req-c3b7b6e6-0658-4565-9d3c-40e3e90ecfe4 req-c3b7b6e6-0658-4565-9d3c-40e3e90ecfe4 ] Request (SecurityGroupsTestJSON:test_list_security_groups_by_server): 200 GET http://10.180.1.21/compute/v2.1/servers/4d53666d-b260-4e75-aa58-c8117158a9bb 4.741s
2025-11-12 19:18:47.749 65609 INFO tempest.common.waiters [-] State transition "BUILD/spawning" ==> "ACTIVE/None" after 62 second wait
2025-11-12 19:18:47.814 65607 INFO tempest.lib.common.rest_client [req-d76872ea-43a1-4147-8618-0b8b5d0d9e79 req-d76872ea-43a1-4147-8618-0b8b5d0d9e79 ] Request (ImagesNegativeTestJSON:test_create_image_from_deleted_server): 200 GET http://10.180.1.21/compute/v2.1/servers/2ded6d70-3f81-4051-aaf3-19dad5fec64d 4.701s
2025-11-12 19:18:47.823 65607 INFO tempest.common.waiters [-] State transition "BUILD/None" ==> "BUILD/spawning" after 49 second wait
2025-11-12 19:18:47.826 65647 INFO tempest.lib.common.rest_client [req-a3fbb699-f5e7-4111-9b43-e8e057981a22 req-a3fbb699-f5e7-4111-9b43-e8e057981a22 ] Request (ServersAdminNegativeTestJSON:tearDownClass): 200 GET http://10.180.1.21/compute/v2.1/servers/6efc97c4-663b-4f86-bc2d-3aa60ff6eb5d 4.701s
2025-11-12 19:18:47.879 65621 INFO tempest.lib.common.rest_client [req-e1ff0e82-4cf3-4dc1-ab14-b9c2822d632d req-e1ff0e82-4cf3-4dc1-ab14-b9c2822d632d ] Request (ServerGroupTestJSON:test_create_server_with_scheduler_hint_group): 200 GET http://10.180.1.21/compute/v2.1/servers/c557fb4b-61da-4097-b23c-dc3e76bf0ce5 4.692s
2025-11-12 19:18:47.982 65669 INFO tempest.lib.common.rest_client [req-d5a92720-a385-42b1-a683-7f831f55fdfa req-d5a92720-a385-42b1-a683-7f831f55fdfa ] Request (ImagesOneServerNegativeTestJSON:_run_cleanups): 200 GET http://10.180.1.21/compute/v2.1/servers/0e33f53c-8ef1-48cd-93b0-e66028214faf 4.687s
2025-11-12 19:18:48.012 65615 INFO tempest.lib.common.rest_client [req-d3af4658-bbeb-4660-9953-27c5bfc60ea5 req-d3af4658-bbeb-4660-9953-27c5bfc60ea5 ] Request (ImagesOneServerTestJSON:test_create_image_specify_multibyte_character_image_name): 200 GET http://10.180.1.21/compute/v2.1/servers/6c865e08-0b76-4f9b-ade9-6f425de451bd 4.822s
2025-11-12 19:18:48.043 65635 INFO tempest.lib.common.rest_client [req-aef60af8-6b50-4170-b22f-f4005cdc41f4 req-aef60af8-6b50-4170-b22f-f4005cdc41f4 ] Request (FloatingIPsAssociationTestJSON:test_associate_already_associated_floating_ip): 200 GET http://10.180.1.21/compute/v2.1/servers/dcff6844-6b2c-4ad3-9f80-c56d461238ff 4.670s
2025-11-12 19:18:48.174 65645 INFO tempest.lib.common.rest_client [req-423a636b-37ab-4316-b41f-bc2842629073 req-423a636b-37ab-4316-b41f-bc2842629073 ] Request (FloatingIPsAssociationNegativeTestJSON:setUpClass): 200 GET http://10.180.1.21/compute/v2.1/servers/ebe617cd-3144-4af1-8f90-b97a677e3c69 4.479s
2025-11-12 19:18:48.204 65627 INFO tempest.lib.common.rest_client [req-a583defb-e334-494e-b679-b40961d4ec34 req-a583defb-e334-494e-b679-b40961d4ec34 ] Request (ServersAdminTestJSON:test_create_server_with_scheduling_hint): 200 GET http://10.180.1.21/compute/v2.1/servers/2f389360-3909-4f1c-a69f-f79e5b680562 4.652s
2025-11-12 19:18:48.225 65627 INFO tempest.common.waiters [-] State transition "BUILD/spawning" ==> "ACTIVE/None" after 52 second wait
2025-11-12 19:18:48.302 65627 INFO tempest.lib.common.rest_client [req-afe39c90-9760-4704-8d21-b577f527a928 req-afe39c90-9760-4704-8d21-b577f527a928 ] Request (ServersAdminTestJSON:test_inject_network_info): 201 POST http://10.180.1.21/identity/v3/auth/tokens 0.072s
2025-11-12 19:18:48.302 65627 INFO tempest.lib.common.fixed_network [-] (ServersAdminTestJSON:test_inject_network_info) Found network {'id': '99624f5c-5ce7-440f-a1de-88905f5400c4', 'name': 'tempest-ServersAdminTestJSON-1205085193-network', 'tenant_id': '2e9739804d924b26abe62339ff53fe5f', 'project_id': '2e9739804d924b26abe62339ff53fe5f', 'admin_state_up': True, 'mtu': 8950, 'status': 'ACTIVE', 'subnets': [], 'shared': False, 'port_security_enabled': True, 'router:external': False, 'provider:network_type': 'vlan', 'provider:physical_network': 'default', 'provider:segmentation_id': 217, 'availability_zone_hints': [], 'availability_zones': [], 'ipv4_address_scope': None, 'ipv6_address_scope': None, 'description': '', 'tags': [], 'created_at': '2025-11-12T19:16:38Z', 'updated_at': '2025-11-12T19:16:38Z', 'revision_number': 1} available for tenant
2025-11-12 19:18:48.347 65633 INFO tempest.lib.common.rest_client [req-b97f2d80-891c-4a62-bd14-76bb70287568 req-b97f2d80-891c-4a62-bd14-76bb70287568 ] Request (VolumesAssistedSnapshotsTest:tearDownClass): 200 GET http://10.180.1.21/compute/v2.1/servers/29c29462-113d-427b-ba1c-2105312b2d1e 4.202s
2025-11-12 19:18:48.385 65639 INFO tempest.lib.common.rest_client [req-53186bb7-a4d3-446e-8f05-d6117349271f req-53186bb7-a4d3-446e-8f05-d6117349271f ] Request (MigrationsAdminTest:test_list_migrations_in_flavor_resize_situation): 200 GET http://10.180.1.21/compute/v2.1/servers/0c2d57b2-b475-43a0-9e98-1877f2b433af 4.662s
2025-11-12 19:18:48.451 65665 INFO tempest.lib.common.rest_client [req-484e9b65-f50e-45b0-95b4-1cddf238667b req-484e9b65-f50e-45b0-95b4-1cddf238667b ] Request (ImagesTestJSON:test_create_image_from_suspended_server): 200 GET http://10.180.1.21/compute/v2.1/servers/db8bba23-aa1f-41d8-8141-ed795c60f41b 3.815s
2025-11-12 19:18:48.466 65629 INFO tempest.lib.common.rest_client [req-020fa1a2-f2d6-48ee-a6dc-1fc0c7c41fb2 req-020fa1a2-f2d6-48ee-a6dc-1fc0c7c41fb2 ] Request (DeleteServersAdminTestJSON:test_delete_server_while_in_error_state): 200 GET http://10.180.1.21/compute/v2.1/servers/18e299a7-157b-4faa-8655-36866d27083a 4.088s
2025-11-12 19:18:48.498 65631 INFO tempest.lib.common.rest_client [req-efaa8a86-e636-44ee-9ca4-ac7c01d2454f req-efaa8a86-e636-44ee-9ca4-ac7c01d2454f ] Request (ListImageFiltersTestJSON:setUpClass): 200 GET http://10.180.1.21/compute/v2.1/images/16d0de3b-0b47-4f01-8529-4760ff06524c 3.286s
2025-11-12 19:18:48.545 65657 INFO tempest.lib.common.rest_client [req-b1c1b0d1-6f04-4b9f-b7db-3ae0d9515909 req-b1c1b0d1-6f04-4b9f-b7db-3ae0d9515909 ] Request (ListServerFiltersTestJSON:test_list_servers_filtered_by_name_wildcard): 200 GET http://10.180.1.21/compute/v2.1/servers?name=t-ListServerFiltersTestJSON-instance-3227402 3.252s
2025-11-12 19:18:48.616 65625 INFO tempest.lib.common.rest_client [req-baacde3e-fbfa-4972-bedd-fb3b7199eeea req-baacde3e-fbfa-4972-bedd-fb3b7199eeea ] Request (ServersNegativeTestMultiTenantJSON:setUpClass): 200 GET http://10.180.1.21/compute/v2.1/servers/1a6917d5-3e59-4ad3-8bf0-9a73d0fd162e 1.796s
2025-11-12 19:18:48.680 65659 INFO tempest.lib.common.rest_client [req-cc90081e-e3fa-4042-9219-35971f78da9b req-cc90081e-e3fa-4042-9219-35971f78da9b ] Request (ServersTestManualDisk:setUpClass): 200 POST http://10.180.1.21/compute/v2.1/os-keypairs 2.358s
2025-11-12 19:18:48.785 65668 WARNING tempest.lib.common.ssh [-] Failed to establish authenticated ssh connection to cirros@10.180.180.197 ([Errno None] Unable to connect to port 22 on 10.180.180.197). Number attempts: 3. Retry after 4 seconds.: paramiko.ssh_exception.NoValidConnectionsError: [Errno None] Unable to connect to port 22 on 10.180.180.197
2025-11-12 19:18:48.808 65659 INFO tempest.lib.common.rest_client [req-7e4807b0-b713-4a28-bd77-d06585283f75 req-7e4807b0-b713-4a28-bd77-d06585283f75 ] Request (ServersTestManualDisk:setUpClass): 201 POST http://10.180.1.21/networking/v2.0/security-groups 0.125s
2025-11-12 19:18:48.836 65623 INFO tempest.lib.common.rest_client [req-5916754c-f880-4986-8462-b7b05c0cd161 req-5916754c-f880-4986-8462-b7b05c0cd161 ] Request (ServerActionsTestOtherA:setUp): 200 GET http://10.180.1.21/compute/v2.1/servers/7c9a4d45-f925-42b7-90e7-a6a88f2a61b6 1.827s
2025-11-12 19:18:48.841 65651 INFO tempest.lib.common.rest_client [req-e2ee661f-d534-4785-a511-c46eab673ed1 req-e2ee661f-d534-4785-a511-c46eab673ed1 ] Request (ListServersNegativeTestJSON:setUpClass): 200 GET http://10.180.1.21/compute/v2.1/servers/c56d3b3a-ee80-4270-b278-2bcdf8f21e83 1.815s
2025-11-12 19:18:48.881 65617 INFO tempest.lib.common.rest_client [req-053a78e7-ef62-4cc0-a4cc-257ef9cf184f req-053a78e7-ef62-4cc0-a4cc-257ef9cf184f ] Request (ImagesMetadataNegativeTestJSON:test_delete_nonexistent_image_metadata_item): 404 DELETE http://10.180.1.21/compute/v2.1/images/8a87a893-9c8f-4cb5-a0b4-9be68da1d191/metadata/os_distro 1.237s
2025-11-12 19:18:48.927 65659 INFO tempest.lib.common.rest_client [req-246e079c-30ce-4dea-ab98-0857d93c69b2 req-246e079c-30ce-4dea-ab98-0857d93c69b2 ] Request (ServersTestManualDisk:setUpClass): 201 POST http://10.180.1.21/networking/v2.0/security-group-rules 0.118s
2025-11-12 19:18:48.931 65623 INFO tempest.lib.common.rest_client [req-e4421266-d5fa-4a50-bfd7-b70244a5a90c req-e4421266-d5fa-4a50-bfd7-b70244a5a90c ] Request (ServerActionsTestOtherA:test_rebuild_server_in_stop_state): 201 POST http://10.180.1.21/identity/v3/auth/tokens 0.081s
