2025-11-12 19:17:18.477 65617 INFO tempest.lib.common.rest_client [req-9cca0fa4-90f2-491e-bb9b-2a8e82976f4c req-9cca0fa4-90f2-491e-bb9b-2a8e82976f4c ] Request (AggregatesAdminNegativeTestJSON:test_aggregate_remove_host_as_user): 200 POST http://10.180.1.21/compute/v2.1/os-aggregates 1.404s
2025-11-12 19:17:18.482 65668 WARNING tempest.lib.common.ssh [-] Failed to establish authenticated ssh connection to cirros@10.180.180.197 ([Errno None] Unable to connect to port 22 on 10.180.180.197). Number attempts: 4. Retry after 5 seconds.: paramiko.ssh_exception.NoValidConnectionsError: [Errno None] Unable to connect to port 22 on 10.180.180.197
2025-11-12 19:17:18.592 65661 INFO tempest.lib.common.rest_client [req-829a1a28-6705-41b2-8861-cea2f7dcf025 req-829a1a28-6705-41b2-8861-cea2f7dcf025 ] Request (ServerAddressesTestJSON:tearDownClass): 200 GET http://10.180.1.21/compute/v2.1/servers/56c8ff12-6315-43d4-b735-58e62f465c2c 1.445s
2025-11-12 19:17:18.601 65661 INFO tempest.common.waiters [-] State transition "ACTIVE/deleting" ==> "DELETED/None" after 2 second wait
2025-11-12 19:17:18.665 65651 INFO tempest.lib.common.rest_client [req-6da09e37-7705-45a9-861e-480ab8492d41 req-6da09e37-7705-45a9-861e-480ab8492d41 ] Request (FlavorsV2NegativeTest:test_boot_with_low_ram): 200 GET http://10.180.1.21/compute/v2.1/flavors/42 1.167s
2025-11-12 19:17:18.753 65609 INFO tempest.lib.common.rest_client [req-3ead3858-dff5-4981-8af3-66d3aaea5028 req-3ead3858-dff5-4981-8af3-66d3aaea5028 ] Request (QuotaClassesAdmin257Test:test_update_default_quotas): 200 PUT http://10.180.1.21/compute/v2.1/os-quota-class-sets/default 1.173s
2025-11-12 19:17:18.778 65623 INFO tempest.lib.common.rest_client [req-5e007e47-a84f-49a9-a3fb-b1ef5e695be9 req-5e007e47-a84f-49a9-a3fb-b1ef5e695be9 ] Request (ServerActionsTestOtherA:setUpClass): 202 POST http://10.180.1.21/compute/v2.1/servers 1.966s
2025-11-12 19:17:18.782 65613 INFO tempest.lib.common.rest_client [req-48ec7d6b-ac21-4715-8ad6-719e701c0692 req-48ec7d6b-ac21-4715-8ad6-719e701c0692 ] Request (SecurityGroupRulesNegativeTestJSON:test_delete_security_group_rule_with_non_existent_id): 404 DELETE http://10.180.1.21/compute/v2.1/os-security-group-rules/337be288-0130-493a-847c-9d07f2230da9 1.165s
2025-11-12 19:17:18.852 65673 INFO tempest.lib.common.rest_client [req-36afd570-4da3-4875-a5bd-151fcf65880a req-36afd570-4da3-4875-a5bd-151fcf65880a ] Request (SecurityGroupsNegativeTestJSON:test_security_group_get_nonexistent_group): 404 GET http://10.180.1.21/compute/v2.1/os-security-groups/e5b16ceb-db62-4f45-bb46-7dd513019616 0.896s
2025-11-12 19:17:18.877 65615 INFO tempest.lib.common.rest_client [req-03b4cbc7-f902-45ed-914e-2934a8fa087d req-03b4cbc7-f902-45ed-914e-2934a8fa087d ] Request (ImagesOneServerTestJSON:setUpClass): 200 GET http://10.180.1.21/compute/v2.1/servers/6c865e08-0b76-4f9b-ade9-6f425de451bd 0.951s
2025-11-12 19:17:18.948 65625 INFO tempest.lib.common.rest_client [req-1805ebeb-4fc9-4196-a622-1d15e977705f req-1805ebeb-4fc9-4196-a622-1d15e977705f ] Request (ServerShowV254Test:test_rebuild_server): 200 GET http://10.180.1.21/compute/v2.1/servers/84843895-07ea-42fd-91e5-def296366ac4 0.833s
2025-11-12 19:17:18.961 65625 INFO tempest.common.waiters [-] State transition "BUILD/block_device_mapping" ==> "BUILD/spawning" after 31 second wait
2025-11-12 19:17:19.005 65635 INFO tempest.lib.common.rest_client [req-4d9c2627-de61-4656-9201-daf7605325ef req-4d9c2627-de61-4656-9201-daf7605325ef ] Request (FloatingIPsAssociationTestJSON:setUpClass): 200 PUT http://10.180.1.21/networking/v2.0/routers/6e68b3de-3c8e-4337-96d4-3f1ac705d49a/add_router_interface 1.058s
2025-11-12 19:17:19.005 65635 INFO tempest.lib.common.dynamic_creds [-] Created isolated network resources for: credentials: Credentials: {'domain_id': 'default', 'domain_name': 'Default', 'username': 'tempest-FloatingIPsAssociationTestJSON-210732388-project-member', 'project_domain_id': 'default', 'project_domain_name': 'Default', 'project_id': '704e46c377c9420d897e6dc46ee3efde', 'project_name': 'tempest-FloatingIPsAssociationTestJSON-210732388', 'tenant_id': '704e46c377c9420d897e6dc46ee3efde', 'tenant_name': 'tempest-FloatingIPsAssociationTestJSON-210732388', 'user_domain_id': 'default', 'user_domain_name': 'Default', 'user_id': 'dd5778ac5e484b8f96c979aa4a17e45e', 'system': None}, Network: {'id': '5994d375-ba84-4b10-8029-3d0917a4ce4d', 'name': 'tempest-FloatingIPsAssociationTestJSON-1543985488-network', 'tenant_id': '704e46c377c9420d897e6dc46ee3efde', 'project_id': '704e46c377c9420d897e6dc46ee3efde', 'admin_state_up': True, 'mtu': 8950, 'status': 'ACTIVE', 'subnets': [], 'shared': False, 'port_security_enabled': True, 'router:external': False, 'provider:network_type': 'vlan', 'provider:physical_network': 'default', 'provider:segmentation_id': 313, 'availability_zone_hints': [], 'availability_zones': [], 'ipv4_address_scope': None, 'ipv6_address_scope': None, 'description': '', 'tags': [], 'created_at': '2025-11-12T19:17:16Z', 'updated_at': '2025-11-12T19:17:16Z', 'revision_number': 1}, Subnet: {'id': '6a74de08-c499-4bec-9040-b9957eaa0320', 'name': 'tempest-FloatingIPsAssociationTestJSON-1543985488-subnet', 'tenant_id': '704e46c377c9420d897e6dc46ee3efde', 'network_id': '5994d375-ba84-4b10-8029-3d0917a4ce4d', 'ip_version': 4, 'subnetpool_id': None, 'enable_dhcp': True, 'ipv6_ra_mode': None, 'ipv6_address_mode': None, 'gateway_ip': '192.168.128.1', 'cidr': '192.168.128.0/28', 'allocation_pools': [{'start': '192.168.128.2', 'end': '192.168.128.14'}], 'host_routes': [], 'dns_nameservers': [], 'description': '', 'router:external': False, 'service_types': [], 'tags': [], 'created_at': '2025-11-12T19:17:16Z', 'updated_at': '2025-11-12T19:17:16Z', 'revision_number': 0, 'project_id': '704e46c377c9420d897e6dc46ee3efde'}, Router: {'id': '6e68b3de-3c8e-4337-96d4-3f1ac705d49a', 'name': 'tempest-FloatingIPsAssociationTestJSON-1543985488-router', 'tenant_id': '704e46c377c9420d897e6dc46ee3efde', 'admin_state_up': True, 'status': 'ACTIVE', 'external_gateway_info': {'network_id': '9eaddf43-f012-44c0-a1ce-422994f231db', 'external_fixed_ips': [{'subnet_id': '7d0e26ef-b67d-4a53-8994-ce2092aa1e84', 'ip_address': '10.180.180.212'}], 'enable_snat': True}, 'description': '', 'availability_zones': [], 'distributed': False, 'ha': False, 'availability_zone_hints': [], 'routes': [], 'flavor_id': None, 'tags': [], 'created_at': '2025-11-12T19:17:17Z', 'updated_at': '2025-11-12T19:17:17Z', 'revision_number': 2, 'project_id': '704e46c377c9420d897e6dc46ee3efde'}
2025-11-12 19:17:19.093 65657 INFO tempest.lib.common.rest_client [req-83b93918-1548-44bc-a97f-75ff328630fd req-83b93918-1548-44bc-a97f-75ff328630fd ] Request (ListServerFiltersTestJSON:test_list_servers_detailed_filter_by_flavor): 200 GET http://10.180.1.21/compute/v2.1/servers/detail?flavor=84 1.097s
2025-11-12 19:17:19.101 65635 INFO tempest.lib.common.rest_client [req-1af96921-003e-41eb-adbe-fa70b97c2513 req-1af96921-003e-41eb-adbe-fa70b97c2513 ] Request (FloatingIPsAssociationTestJSON:setUpClass): 201 POST http://10.180.1.21/identity/v3/auth/tokens 0.092s
2025-11-12 19:17:19.136 65635 INFO tempest.lib.common.rest_client [req-a132808d-47f8-4fea-a35d-26c08d9d1a71 req-a132808d-47f8-4fea-a35d-26c08d9d1a71 ] Request (FloatingIPsAssociationTestJSON:setUpClass): 201 POST http://10.180.1.21/identity/v3/auth/tokens 0.030s
2025-11-12 19:17:19.137 65635 INFO tempest.lib.common.fixed_network [-] (FloatingIPsAssociationTestJSON:setUpClass) Found network {'id': '5994d375-ba84-4b10-8029-3d0917a4ce4d', 'name': 'tempest-FloatingIPsAssociationTestJSON-1543985488-network', 'tenant_id': '704e46c377c9420d897e6dc46ee3efde', 'project_id': '704e46c377c9420d897e6dc46ee3efde', 'admin_state_up': True, 'mtu': 8950, 'status': 'ACTIVE', 'subnets': [], 'shared': False, 'port_security_enabled': True, 'router:external': False, 'provider:network_type': 'vlan', 'provider:physical_network': 'default', 'provider:segmentation_id': 313, 'availability_zone_hints': [], 'availability_zones': [], 'ipv4_address_scope': None, 'ipv6_address_scope': None, 'description': '', 'tags': [], 'created_at': '2025-11-12T19:17:16Z', 'updated_at': '2025-11-12T19:17:16Z', 'revision_number': 1} available for tenant
2025-11-12 19:17:19.164 65619 INFO tempest.lib.common.rest_client [req-ecef1e29-9071-409c-a7a1-4a5e6abb03c5 req-ecef1e29-9071-409c-a7a1-4a5e6abb03c5 ] Request (SecurityGroupRulesTestJSON:test_security_group_rules_create_with_optional_group_id): 200 POST http://10.180.1.21/compute/v2.1/os-security-group-rules 0.992s
2025-11-12 19:17:19.166 65619 WARNING tempest.lib.common.rest_client [-] Deprecated: "tenant_id" property is deprecated for removal, use "project_id" instead
2025-11-12 19:17:19.194 65645 INFO tempest.lib.common.rest_client [req-0b83446b-e454-40e6-ab9d-98d635924745 req-0b83446b-e454-40e6-ab9d-98d635924745 ] Request (ServerDiagnosticsNegativeTest:tearDownClass): 204 DELETE http://10.180.1.21/compute/v2.1/servers/8182b24a-2bed-4302-89ec-aba8e743f517 0.970s
2025-11-12 19:17:19.248 65643 INFO tempest.lib.common.rest_client [req-fac22e2c-1d0d-476b-aff3-326c72c4176d req-fac22e2c-1d0d-476b-aff3-326c72c4176d ] Request (ServersListShow2100Test:test_list_show_rebuild_update_server_2100): 200 GET http://10.180.1.21/compute/v2.1/servers/709c71aa-22c9-44ac-b1a2-de87a5b017a4 0.907s
2025-11-12 19:17:19.260 65643 INFO tempest.common.waiters [-] State transition "BUILD/None" ==> "BUILD/networking" after 31 second wait
2025-11-12 19:17:19.260 65651 INFO tempest.lib.common.rest_client [req-25fbffa2-fd55-4b40-abd4-a28517aa6f09 req-25fbffa2-fd55-4b40-abd4-a28517aa6f09 ] Request (FlavorsV2NegativeTest:test_boot_with_low_ram): 201 POST http://10.180.1.21/image/v2/images 0.588s
2025-11-12 19:17:19.431 65639 INFO tempest.lib.common.rest_client [req-adf2fdd3-e067-49fe-969a-898405a10233 req-adf2fdd3-e067-49fe-969a-898405a10233 ] Request (MigrationsAdminTest:test_list_migrations_in_flavor_resize_situation): 200 GET http://10.180.1.21/compute/v2.1/servers/0c2d57b2-b475-43a0-9e98-1877f2b433af 1.012s
2025-11-12 19:17:19.440 65639 INFO tempest.common.waiters [-] State transition "BUILD/spawning" ==> "ACTIVE/None" after 40 second wait
2025-11-12 19:17:19.472 65663 INFO tempest.lib.common.rest_client [req-c0769837-e45f-4f36-99a7-5292e93bdb98 req-c0769837-e45f-4f36-99a7-5292e93bdb98 ] Request (KeyPairsV22TestJSON:test_keypair_create_with_pub_key): 201 POST http://10.180.1.21/compute/v2.1/os-keypairs 1.040s
2025-11-12 19:17:19.485 65659 INFO tempest.lib.common.rest_client [req-b5f7f9fc-871e-4ff8-aeb0-8b434e278487 req-b5f7f9fc-871e-4ff8-aeb0-8b434e278487 ] Request (FlavorsAdminTestJSON:test_is_public_string_variations): 200 GET http://10.180.1.21/compute/v2.1/flavors/detail?is_public=no 1.030s
2025-11-12 19:17:19.755 65617 INFO tempest.lib.common.rest_client [req-0177dfde-9c3d-4384-a141-c6a2a367fcac req-0177dfde-9c3d-4384-a141-c6a2a367fcac ] Request (AggregatesAdminNegativeTestJSON:test_aggregate_remove_host_as_user): 200 POST http://10.180.1.21/compute/v2.1/os-aggregates/7/action 1.276s
2025-11-12 19:17:19.828 65631 INFO tempest.lib.common.rest_client [req-4a390ea1-706a-4987-a3d3-2c11b419be72 req-4a390ea1-706a-4987-a3d3-2c11b419be72 ] Request (ListImageFiltersTestJSON:setUpClass): 200 GET http://10.180.1.21/compute/v2.1/servers/ed4627d4-00a7-4abd-8138-7f26bdf31484 1.346s
2025-11-12 19:17:19.906 65637 INFO tempest.lib.common.rest_client [req-e66c3307-1057-4ec7-82dc-07c5edd48d12 req-e66c3307-1057-4ec7-82dc-07c5edd48d12 ] Request (VolumesAdminNegativeTest:tearDownClass): 200 GET http://10.180.1.21/compute/v2.1/servers/084aeb19-b967-40f6-b346-b2934228222d 1.350s
2025-11-12 19:17:19.960 65647 INFO tempest.lib.common.rest_client [req-361384de-77f2-4333-a88c-483976a281fd req-361384de-77f2-4333-a88c-483976a281fd ] Request (ServersAdminNegativeTestJSON:test_migrate_server_invalid_state): 200 GET http://10.180.1.21/compute/v2.1/servers/6efc97c4-663b-4f86-bc2d-3aa60ff6eb5d 1.348s
2025-11-12 19:17:19.964 65651 INFO tempest.lib.common.rest_client [req-123c57cc-3a78-41c8-818e-3e22c0377eac req-123c57cc-3a78-41c8-818e-3e22c0377eac ] Request (FlavorsV2NegativeTest:test_boot_with_low_ram): 204 PUT http://10.180.1.21/image/v2/images/cc749581-7ca0-4d0c-bd48-b12e65257fd0/file 0.703s
2025-11-12 19:17:19.995 65651 INFO tempest.lib.common.rest_client [req-ac6f0ba6-e150-4f81-bd50-dc1fd0c9db72 req-ac6f0ba6-e150-4f81-bd50-dc1fd0c9db72 ] Request (FlavorsV2NegativeTest:test_boot_with_low_ram): 201 POST http://10.180.1.21/identity/v3/auth/tokens 0.028s
2025-11-12 19:17:19.996 65651 INFO tempest.lib.common.fixed_network [-] (FlavorsV2NegativeTest:test_boot_with_low_ram) Found network None available for tenant
2025-11-12 19:17:20.019 65665 INFO tempest.lib.common.rest_client [req-ac760f8d-605f-491f-b37d-58f7b315a3e2 req-ac760f8d-605f-491f-b37d-58f7b315a3e2 ] Request (ImagesTestJSON:test_create_image_from_stopped_server): 200 GET http://10.180.1.21/compute/v2.1/servers/e7ba0e7c-778d-4ead-9d57-24a81e20e90b 1.345s
2025-11-12 19:17:20.088 65653 INFO tempest.lib.common.rest_client [req-aa67e1de-903e-43ab-8dfb-a9cc0a7b82cd req-aa67e1de-903e-43ab-8dfb-a9cc0a7b82cd ] Request (InstanceActionsNegativeTestJSON:setUpClass): 200 GET http://10.180.1.21/compute/v2.1/servers/1e86089b-ab61-4712-9639-649ce13d7a22 1.407s
2025-11-12 19:17:20.099 65609 INFO tempest.lib.common.rest_client [req-b1666f22-a949-4e0b-a182-d975d3b9224f req-b1666f22-a949-4e0b-a182-d975d3b9224f ] Request (QuotaClassesAdmin257Test:test_update_default_quotas): 200 GET http://10.180.1.21/compute/v2.1/os-quota-class-sets/default 1.344s
2025-11-12 19:17:20.149 65623 INFO tempest.lib.common.rest_client [req-5bc70939-6470-451a-8d17-89aa56ca119c req-5bc70939-6470-451a-8d17-89aa56ca119c ] Request (ServerActionsTestOtherA:setUpClass): 200 GET http://10.180.1.21/compute/v2.1/servers/7c9a4d45-f925-42b7-90e7-a6a88f2a61b6 1.367s
2025-11-12 19:17:20.174 65607 INFO tempest.lib.common.rest_client [req-16b8a562-f715-498c-ba66-56b0d99abb6e req-16b8a562-f715-498c-ba66-56b0d99abb6e ] Request (ImagesMetadataTestJSON:test_set_image_metadata): 200 PUT http://10.180.1.21/compute/v2.1/images/16cb5f56-f46c-44e9-a33f-2947d54a8510/metadata 1.765s
2025-11-12 19:17:20.243 65621 INFO tempest.lib.common.rest_client [req-cb904763-0cdd-483e-afaf-10fda1a1be87 req-cb904763-0cdd-483e-afaf-10fda1a1be87 ] Request (ServersAdmin275Test:tearDownClass): 200 GET http://10.180.1.21/compute/v2.1/servers/7a33795e-6bb9-4dc5-9fc1-2573c3fca28c 1.433s
2025-11-12 19:17:20.306 65613 INFO tempest.lib.common.rest_client [req-b960b700-6f21-4051-9bea-f5194c566916 req-b960b700-6f21-4051-9bea-f5194c566916 ] Request (SecurityGroupRulesNegativeTestJSON:tearDownClass): 202 DELETE http://10.180.1.21/compute/v2.1/os-security-groups/e6b861a4-3498-40ec-b5b6-6cca166169f1 1.522s
2025-11-12 19:17:20.368 65629 INFO tempest.lib.common.rest_client [req-84cb2cd2-c731-4e56-839c-b1d63a5aeafa req-84cb2cd2-c731-4e56-839c-b1d63a5aeafa ] Request (DeleteServersAdminTestJSON:test_delete_server_while_in_error_state): 200 GET http://10.180.1.21/compute/v2.1/servers/18e299a7-157b-4faa-8655-36866d27083a 1.512s
2025-11-12 19:17:20.387 65673 INFO tempest.lib.common.rest_client [req-ddea029b-1f82-4d78-b953-0a52813d71ff req-ddea029b-1f82-4d78-b953-0a52813d71ff ] Request (SecurityGroupsNegativeTestJSON:test_update_non_existent_security_group): 404 PUT http://10.180.1.21/compute/v2.1/os-security-groups/348fe225-4d12-4e62-ac32-d2234a823696 1.531s
2025-11-12 19:17:20.451 65669 INFO tempest.lib.common.rest_client [req-69b00594-1426-447b-ac33-6c4b2d98e29f req-69b00594-1426-447b-ac33-6c4b2d98e29f ] Request (ImagesOneServerNegativeTestJSON:tearDown): 200 GET http://10.180.1.21/compute/v2.1/servers/4f332e99-d52c-4f90-a16d-e4e64f92d077 1.622s
2025-11-12 19:17:20.464 65627 INFO tempest.lib.common.rest_client [req-cdced4b3-070c-4d0e-9464-60078f80df6c req-cdced4b3-070c-4d0e-9464-60078f80df6c ] Request (ServersAdminTestJSON:setUpClass): 200 GET http://10.180.1.21/compute/v2.1/servers/afc29902-1147-4d22-abc5-b2098fdbc775 1.433s
2025-11-12 19:17:20.658 65633 WARNING tempest.lib.common.ssh [-] Failed to establish authenticated ssh connection to cirros@10.180.180.227 ([Errno None] Unable to connect to port 22 on 10.180.180.227). Number attempts: 2. Retry after 3 seconds.: paramiko.ssh_exception.NoValidConnectionsError: [Errno None] Unable to connect to port 22 on 10.180.180.227
2025-11-12 19:17:20.745 65657 INFO tempest.lib.common.rest_client [req-527d49af-9037-46e3-9a10-c68f9152ff7a req-527d49af-9037-46e3-9a10-c68f9152ff7a ] Request (ListServerFiltersTestJSON:test_list_servers_detailed_filter_by_server_name): 200 GET http://10.180.1.21/compute/v2.1/servers/detail?name=tempest-ListServerFiltersTestJSON-instance-32274022 1.641s
2025-11-12 19:17:20.930 65619 INFO tempest.lib.common.rest_client [req-3688e6ac-1438-4cda-8401-533a6245d348 req-3688e6ac-1438-4cda-8401-533a6245d348 ] Request (SecurityGroupRulesTestJSON:test_security_group_rules_delete_when_peer_group_deleted): 200 POST http://10.180.1.21/compute/v2.1/os-security-groups 1.763s
2025-11-12 19:17:21.111 65645 INFO tempest.lib.common.rest_client [req-f51b0a22-dafa-4e63-a302-165e213eb83e req-f51b0a22-dafa-4e63-a302-165e213eb83e ] Request (ServerDiagnosticsNegativeTest:tearDownClass): 200 GET http://10.180.1.21/compute/v2.1/servers/8182b24a-2bed-4302-89ec-aba8e743f517 1.917s
2025-11-12 19:17:21.120 65635 INFO tempest.lib.common.rest_client [req-c80b58a5-f3ad-4e7f-9650-9bd32834f19a req-c80b58a5-f3ad-4e7f-9650-9bd32834f19a ] Request (FloatingIPsAssociationTestJSON:setUpClass): 202 POST http://10.180.1.21/compute/v2.1/servers 1.982s
2025-11-12 19:17:21.208 65611 INFO tempest.lib.common.rest_client [req-04acb638-e83a-4008-a39f-b72e64f74b35 req-04acb638-e83a-4008-a39f-b72e64f74b35 ] Request (ServerExternalEventsTest:tearDownClass): 200 GET http://10.180.1.21/compute/v2.1/servers/f12069d0-895c-43e5-8547-223036cfcdeb 2.010s
2025-11-12 19:17:21.230 65663 INFO tempest.lib.common.rest_client [req-708ac572-afe3-4b78-8737-1cef8b9c1b76 req-708ac572-afe3-4b78-8737-1cef8b9c1b76 ] Request (KeyPairsV22TestJSON:_run_cleanups): 204 DELETE http://10.180.1.21/compute/v2.1/os-keypairs/tempest-keypair-1107203318 1.756s
2025-11-12 19:17:21.253 65659 INFO tempest.lib.common.rest_client [req-e0ba1069-d860-470a-8e59-17de68e26f0e req-e0ba1069-d860-470a-8e59-17de68e26f0e ] Request (FlavorsAdminTestJSON:test_is_public_string_variations): 200 GET http://10.180.1.21/compute/v2.1/flavors/detail?is_public=0 1.765s
2025-11-12 19:17:21.357 65661 INFO tempest.lib.common.rest_client [req-1ac6bc0b-298e-435c-9827-0aa68331314c req-1ac6bc0b-298e-435c-9827-0aa68331314c ] Request (ServerAddressesTestJSON:tearDownClass): 200 GET http://10.180.1.21/compute/v2.1/servers/56c8ff12-6315-43d4-b735-58e62f465c2c 1.754s
2025-11-12 19:17:21.366 65617 INFO tempest.lib.common.rest_client [req-e077c494-da05-439e-8b0c-67d08e1e28c1 req-e077c494-da05-439e-8b0c-67d08e1e28c1 ] Request (AggregatesAdminNegativeTestJSON:test_aggregate_remove_host_as_user): 403 POST http://10.180.1.21/compute/v2.1/os-aggregates/7/action 1.609s
2025-11-12 19:17:21.385 65639 INFO tempest.lib.common.rest_client [req-47e08c1f-9bcb-4706-8668-e599f1d60d73 req-47e08c1f-9bcb-4706-8668-e599f1d60d73 ] Request (MigrationsAdminTest:test_list_migrations_in_flavor_resize_situation): 202 POST http://10.180.1.21/compute/v2.1/servers/0c2d57b2-b475-43a0-9e98-1877f2b433af/action 1.944s
2025-11-12 19:17:21.417 65673 INFO tempest.lib.common.rest_client [req-ae7e823f-f9a2-4094-a6e7-5ce00c497f0f req-ae7e823f-f9a2-4094-a6e7-5ce00c497f0f ] Request (SecurityGroupsNegativeTestJSON:tearDownClass): 200 PUT http://10.180.1.21/networking/v2.0/routers/a5cc9a7e-4da4-4ed4-bf3a-516c406e0f28/remove_router_interface 1.027s
2025-11-12 19:17:21.439 65615 INFO tempest.lib.common.rest_client [req-33e5c4c9-cd70-4f2e-8091-391eb89f0cfd req-33e5c4c9-cd70-4f2e-8091-391eb89f0cfd ] Request (ImagesOneServerTestJSON:setUpClass): 200 GET http://10.180.1.21/compute/v2.1/servers/6c865e08-0b76-4f9b-ade9-6f425de451bd 1.550s
2025-11-12 19:17:21.451 65625 INFO tempest.lib.common.rest_client [req-f5986178-03b5-414e-ba95-5958d3233298 req-f5986178-03b5-414e-ba95-5958d3233298 ] Request (ServerShowV254Test:test_rebuild_server): 200 GET http://10.180.1.21/compute/v2.1/servers/84843895-07ea-42fd-91e5-def296366ac4 1.486s
2025-11-12 19:17:21.489 65609 INFO tempest.lib.common.rest_client [req-4e6991ea-add1-4a30-bb2d-a6223b779c91 req-4e6991ea-add1-4a30-bb2d-a6223b779c91 ] Request (QuotaClassesAdmin257Test:_run_cleanups): 200 PUT http://10.180.1.21/compute/v2.1/os-quota-class-sets/default 1.388s
2025-11-12 19:17:21.531 65607 INFO tempest.lib.common.rest_client [req-5815923d-3cbd-40cb-a5ea-56c1eca7921c req-5815923d-3cbd-40cb-a5ea-56c1eca7921c ] Request (ImagesMetadataTestJSON:test_set_image_metadata): 200 GET http://10.180.1.21/compute/v2.1/images/16cb5f56-f46c-44e9-a33f-2947d54a8510/metadata 1.357s
2025-11-12 19:17:21.654 65609 INFO tempest.lib.common.rest_client [req-03bf0361-0697-4494-bd0a-5272c177877a req-03bf0361-0697-4494-bd0a-5272c177877a ] Request (QuotaClassesAdmin257Test:tearDownClass): 204 DELETE http://10.180.1.21/identity/v3/users/4bde7b70dcfe45ee9e6d14ca0e92a77f 0.161s
2025-11-12 19:17:21.781 65643 INFO tempest.lib.common.rest_client [req-16dab3e9-7014-4370-b682-f69d36ae1b9e req-16dab3e9-7014-4370-b682-f69d36ae1b9e ] Request (ServersListShow2100Test:test_list_show_rebuild_update_server_2100): 200 GET http://10.180.1.21/compute/v2.1/servers/709c71aa-22c9-44ac-b1a2-de87a5b017a4 1.520s
2025-11-12 19:17:21.799 65651 INFO tempest.lib.common.rest_client [req-21f1e652-a231-40d9-bcf8-d08c419e1d5d req-21f1e652-a231-40d9-bcf8-d08c419e1d5d ] Request (FlavorsV2NegativeTest:test_boot_with_low_ram): 400 POST http://10.180.1.21/compute/v2.1/servers 1.802s
2025-11-12 19:17:21.800 65643 INFO tempest.common.waiters [-] State transition "BUILD/networking" ==> "BUILD/spawning" after 33 second wait
2025-11-12 19:17:21.811 65609 INFO tempest.lib.common.rest_client [req-792fe972-107e-4351-83ae-dd8fccf78eaa req-792fe972-107e-4351-83ae-dd8fccf78eaa ] Request (QuotaClassesAdmin257Test:tearDownClass): 204 DELETE http://10.180.1.21/identity/v3/users/a0ac479bf33a4502b1e5958d9ca3d7ff 0.157s
2025-11-12 19:17:21.812 65609 INFO tempest.lib.common.dynamic_creds [-] Deleting project and security group for project: 455e2049e939489a95f5c2ab2b511878
2025-11-12 19:17:21.910 65651 INFO tempest.lib.common.rest_client [req-77a10c90-1d86-43b8-9dfd-eebadfc17719 req-77a10c90-1d86-43b8-9dfd-eebadfc17719 ] Request (FlavorsV2NegativeTest:_run_cleanups): 204 DELETE http://10.180.1.21/image/v2/images/cc749581-7ca0-4d0c-bd48-b12e65257fd0 0.110s
2025-11-12 19:17:21.947 65609 INFO tempest.lib.common.rest_client [req-99dcba7d-dd6e-4209-9495-ae9c82b92df7 req-99dcba7d-dd6e-4209-9495-ae9c82b92df7 ] Request (QuotaClassesAdmin257Test:tearDownClass): 201 POST http://10.180.1.21/identity/v3/auth/tokens 0.135s
2025-11-12 19:17:22.060 65651 INFO tempest.lib.common.rest_client [req-03a30943-0f30-4392-94f4-47e3af511a12 req-03a30943-0f30-4392-94f4-47e3af511a12 ] Request (FlavorsV2NegativeTest:tearDownClass): 204 DELETE http://10.180.1.21/identity/v3/users/9b5dce0cc1734ec0afd6b43ffff01220 0.145s
2025-11-12 19:17:22.060 65651 INFO tempest.lib.common.dynamic_creds [-] Deleting project and security group for project: e108a340ec3d4dbc8266923d6d0c1634
2025-11-12 19:17:22.142 65673 INFO tempest.lib.common.rest_client [req-69511673-30f7-4c38-ae16-16264b8efd8a req-69511673-30f7-4c38-ae16-16264b8efd8a ] Request (SecurityGroupsNegativeTestJSON:tearDownClass): 204 DELETE http://10.180.1.21/networking/v2.0/routers/a5cc9a7e-4da4-4ed4-bf3a-516c406e0f28 0.725s
2025-11-12 19:17:22.169 65651 INFO tempest.lib.common.rest_client [req-7db7f74c-3ca6-46d6-b475-49852db0cee1 req-7db7f74c-3ca6-46d6-b475-49852db0cee1 ] Request (FlavorsV2NegativeTest:tearDownClass): 201 POST http://10.180.1.21/identity/v3/auth/tokens 0.108s
2025-11-12 19:17:22.471 65609 INFO tempest.lib.common.rest_client [req-e8083074-e0f7-4850-8ae2-09062d7911b9 req-e8083074-e0f7-4850-8ae2-09062d7911b9 ] Request (QuotaClassesAdmin257Test:tearDownClass): 200 GET http://10.180.1.21/networking/v2.0/security-groups?tenant_id=455e2049e939489a95f5c2ab2b511878&name=default 0.523s
2025-11-12 19:17:22.509 65673 INFO tempest.lib.common.rest_client [req-d7868bc6-4cea-4a3a-bdbb-6bd2d8af6f62 req-d7868bc6-4cea-4a3a-bdbb-6bd2d8af6f62 ] Request (SecurityGroupsNegativeTestJSON:tearDownClass): 204 DELETE http://10.180.1.21/networking/v2.0/subnets/96a9d2d0-ddec-48d0-9dc7-338652980815 0.366s
2025-11-12 19:17:22.573 65613 INFO tempest.lib.common.rest_client [req-2a4dc83e-cb2a-4704-af51-c6a2598beadd req-2a4dc83e-cb2a-4704-af51-c6a2598beadd ] Request (SecurityGroupRulesNegativeTestJSON:tearDownClass): 202 DELETE http://10.180.1.21/compute/v2.1/os-security-groups/5956ace5-2952-4f87-bfa8-dd1e0b112eee 2.267s
2025-11-12 19:17:22.627 65651 INFO tempest.lib.common.rest_client [req-1ebf5bed-d6a1-45dc-9b0b-ed5b6b03dbac req-1ebf5bed-d6a1-45dc-9b0b-ed5b6b03dbac ] Request (FlavorsV2NegativeTest:tearDownClass): 200 GET http://10.180.1.21/networking/v2.0/security-groups?tenant_id=e108a340ec3d4dbc8266923d6d0c1634&name=default 0.457s
2025-11-12 19:17:22.860 65657 INFO tempest.lib.common.rest_client [req-c44bc960-3249-4367-ad22-cdf3c53e3a0f req-c44bc960-3249-4367-ad22-cdf3c53e3a0f ] Request (ListServerFiltersTestJSON:test_list_servers_detailed_filter_by_server_status): 200 GET http://10.180.1.21/compute/v2.1/servers/detail?status=active 2.104s
2025-11-12 19:17:22.936 65609 INFO tempest.lib.common.rest_client [req-e206f58e-2a16-4beb-8e68-0cdd9ae62ef9 req-e206f58e-2a16-4beb-8e68-0cdd9ae62ef9 ] Request (QuotaClassesAdmin257Test:tearDownClass): 204 DELETE http://10.180.1.21/networking/v2.0/security-groups/11e12753-0e62-4d73-bcf8-1d26b754d5b9 0.465s
2025-11-12 19:17:23.011 65609 INFO tempest.lib.common.rest_client [req-bbcb99ef-5f7b-4369-91ca-171c22839175 req-bbcb99ef-5f7b-4369-91ca-171c22839175 ] Request (QuotaClassesAdmin257Test:tearDownClass): 204 DELETE http://10.180.1.21/identity/v3/projects/455e2049e939489a95f5c2ab2b511878 0.074s
2025-11-12 19:17:23.011 65609 INFO tempest.lib.common.dynamic_creds [-] Deleting project and security group for project: c970dec7019849768895e0bcf8fc059a
2025-11-12 19:17:23.085 65673 INFO tempest.lib.common.rest_client [req-c927ca25-577f-4209-9d90-50192adf3fb8 req-c927ca25-577f-4209-9d90-50192adf3fb8 ] Request (SecurityGroupsNegativeTestJSON:tearDownClass): 204 DELETE http://10.180.1.21/networking/v2.0/networks/c61b5868-8a07-4d6a-bc7e-4594c83551fe 0.576s
2025-11-12 19:17:23.113 65631 INFO tempest.lib.common.rest_client [req-0aaa7fca-4305-40a5-b6b6-2b1e5cee69be req-0aaa7fca-4305-40a5-b6b6-2b1e5cee69be ] Request (ListImageFiltersTestJSON:setUpClass): 200 GET http://10.180.1.21/compute/v2.1/servers/ed4627d4-00a7-4abd-8138-7f26bdf31484 2.273s
2025-11-12 19:17:23.173 65651 INFO tempest.lib.common.rest_client [req-339019ca-f0e4-4602-8550-25098f6a7328 req-339019ca-f0e4-4602-8550-25098f6a7328 ] Request (FlavorsV2NegativeTest:tearDownClass): 204 DELETE http://10.180.1.21/networking/v2.0/security-groups/c9cf761d-ce94-44e7-944b-74d502d57b09 0.546s
2025-11-12 19:17:23.194 65637 INFO tempest.lib.common.rest_client [req-86ee7ae3-eca3-4864-b36b-3945f9bcb7b6 req-86ee7ae3-eca3-4864-b36b-3945f9bcb7b6 ] Request (VolumesAdminNegativeTest:tearDownClass): 200 GET http://10.180.1.21/compute/v2.1/servers/084aeb19-b967-40f6-b346-b2934228222d 2.276s
2025-11-12 19:17:23.194 65673 INFO tempest.lib.common.rest_client [req-579453ca-4c84-40d2-92df-2049dad02665 req-579453ca-4c84-40d2-92df-2049dad02665 ] Request (SecurityGroupsNegativeTestJSON:tearDownClass): 204 DELETE http://10.180.1.21/identity/v3/users/0f53b8dfc806495eb6189f8fd6b86033 0.108s
2025-11-12 19:17:23.195 65673 INFO tempest.lib.common.dynamic_creds [-] Deleting project and security group for project: e5ef9bb49b99406cad0566c153c350cc
2025-11-12 19:17:23.282 65651 INFO tempest.lib.common.rest_client [req-53b22fe5-675d-4643-98a7-7431606a2d84 req-53b22fe5-675d-4643-98a7-7431606a2d84 ] Request (FlavorsV2NegativeTest:tearDownClass): 204 DELETE http://10.180.1.21/identity/v3/projects/e108a340ec3d4dbc8266923d6d0c1634 0.109s
2025-11-12 19:17:23.305 65609 INFO tempest.lib.common.rest_client [req-76b93826-2dda-4b2c-bd7f-41a7614a8e23 req-76b93826-2dda-4b2c-bd7f-41a7614a8e23 ] Request (QuotaClassesAdmin257Test:tearDownClass): 200 GET http://10.180.1.21/networking/v2.0/security-groups?tenant_id=c970dec7019849768895e0bcf8fc059a&name=default 0.294s
2025-11-12 19:17:23.391 65651 INFO tempest.lib.common.rest_client [req-12e7444a-adb8-4e7c-b3c5-d357eae475e6 req-12e7444a-adb8-4e7c-b3c5-d357eae475e6 ] Request (AZV2TestJSON:setUpClass): 201 POST http://10.180.1.21/identity/v3/auth/tokens 0.106s
2025-11-12 19:17:23.437 65651 INFO tempest.lib.common.rest_client [req-71a646fe-faf3-4766-8e08-2fabbc232684 req-71a646fe-faf3-4766-8e08-2fabbc232684 ] Request (AZV2TestJSON:setUpClass): 201 POST http://10.180.1.21/identity/v3/auth/tokens 0.040s
2025-11-12 19:17:23.449 65619 INFO tempest.lib.common.rest_client [req-01b503f9-1ba2-458c-8fa2-e0bc7b504f7d req-01b503f9-1ba2-458c-8fa2-e0bc7b504f7d ] Request (SecurityGroupRulesTestJSON:test_security_group_rules_delete_when_peer_group_deleted): 200 POST http://10.180.1.21/compute/v2.1/os-security-groups 2.515s
2025-11-12 19:17:23.470 65651 INFO tempest.lib.common.rest_client [req-4988d417-0107-4c41-bd7e-3ffe10828f3a req-4988d417-0107-4c41-bd7e-3ffe10828f3a ] Request (AZV2TestJSON:setUpClass): 200 GET http://10.180.1.21/identity/v3/domains?name=Default 0.033s
2025-11-12 19:17:23.474 65673 INFO tempest.lib.common.rest_client [req-52dc479a-dd6d-44c5-ad09-a6b9c94c5650 req-52dc479a-dd6d-44c5-ad09-a6b9c94c5650 ] Request (SecurityGroupsNegativeTestJSON:tearDownClass): 200 GET http://10.180.1.21/networking/v2.0/security-groups?tenant_id=e5ef9bb49b99406cad0566c153c350cc&name=default 0.279s
2025-11-12 19:17:23.500 65651 INFO tempest.lib.common.rest_client [req-eca929c6-107d-454d-96d6-59ae3874e0fd req-eca929c6-107d-454d-96d6-59ae3874e0fd ] Request (AZV2TestJSON:setUpClass): 201 POST http://10.180.1.21/identity/v3/projects 0.029s
2025-11-12 19:17:23.557 65609 INFO tempest.lib.common.rest_client [req-031d221f-2df4-47d0-a9a8-613ef4ee53ff req-031d221f-2df4-47d0-a9a8-613ef4ee53ff ] Request (QuotaClassesAdmin257Test:tearDownClass): 204 DELETE http://10.180.1.21/networking/v2.0/security-groups/77bce25a-9c6c-43ac-952b-c73e03702af2 0.252s
2025-11-12 19:17:23.563 65651 INFO tempest.lib.common.rest_client [req-010333b8-04f5-4b3f-88a2-038147b8a3c3 req-010333b8-04f5-4b3f-88a2-038147b8a3c3 ] Request (AZV2TestJSON:setUpClass): 201 POST http://10.180.1.21/identity/v3/users 0.062s
2025-11-12 19:17:23.581 65647 INFO tempest.lib.common.rest_client [req-e41020fd-b194-48bf-9ad5-06bdcd95d5bd req-e41020fd-b194-48bf-9ad5-06bdcd95d5bd ] Request (ServersAdminNegativeTestJSON:test_migrate_server_invalid_state): 200 GET http://10.180.1.21/compute/v2.1/servers/6efc97c4-663b-4f86-bc2d-3aa60ff6eb5d 2.612s
2025-11-12 19:17:23.590 65651 INFO tempest.lib.common.rest_client [req-e83eb237-0a92-4e95-9cda-641a39953a04 req-e83eb237-0a92-4e95-9cda-641a39953a04 ] Request (AZV2TestJSON:setUpClass): 200 GET http://10.180.1.21/identity/v3/roles 0.026s
2025-11-12 19:17:23.620 65609 INFO tempest.lib.common.rest_client [req-2da1f9be-5655-4ea9-99f8-5792593fd3f6 req-2da1f9be-5655-4ea9-99f8-5792593fd3f6 ] Request (QuotaClassesAdmin257Test:tearDownClass): 204 DELETE http://10.180.1.21/identity/v3/projects/c970dec7019849768895e0bcf8fc059a 0.062s
2025-11-12 19:17:23.622 65609 INFO tempest.test [-] raised in TestMultiAttachVolumeSwap.setUpClass. Invoking tearDownClass.
2025-11-12 19:17:23.657 65609 INFO tempest.lib.common.rest_client [req-ea345f59-f67c-4259-a855-a33d20bd2dd2 req-ea345f59-f67c-4259-a855-a33d20bd2dd2 ] Request (SecurityGroupsTestJSON:setUpClass): 201 POST http://10.180.1.21/identity/v3/auth/tokens 0.030s
2025-11-12 19:17:23.659 65673 INFO tempest.lib.common.rest_client [req-aad191ae-9e1d-4502-8fc5-ee47e26f80ef req-aad191ae-9e1d-4502-8fc5-ee47e26f80ef ] Request (SecurityGroupsNegativeTestJSON:tearDownClass): 204 DELETE http://10.180.1.21/networking/v2.0/security-groups/8dc693de-69a9-4d94-ac79-68203777593c 0.184s
2025-11-12 19:17:23.666 65651 INFO tempest.lib.common.rest_client [req-91f5b510-c561-4125-843e-65e3dba7c536 req-91f5b510-c561-4125-843e-65e3dba7c536 ] Request (AZV2TestJSON:setUpClass): 204 PUT http://10.180.1.21/identity/v3/projects/531a72f6f37546c5bfe2340ee193001f/users/afc7996c7c7f49069e9a395fd8f9f87c/roles/0eb8b6efe5674aa19ce5bbe721caf1b9 0.076s
2025-11-12 19:17:23.667 65651 INFO tempest.lib.common.dynamic_creds [-] Dynamic test user afc7996c7c7f49069e9a395fd8f9f87c is created with scope project and roles: ['member']
2025-11-12 19:17:23.667 65651 INFO tempest.lib.common.dynamic_creds [-] Acquired dynamic creds: credentials: Credentials: {'domain_id': 'default', 'domain_name': 'Default', 'username': 'tempest-AZV2TestJSON-1252803967-project-member', 'project_domain_id': 'default', 'project_domain_name': 'Default', 'project_id': '531a72f6f37546c5bfe2340ee193001f', 'project_name': 'tempest-AZV2TestJSON-1252803967', 'tenant_id': '531a72f6f37546c5bfe2340ee193001f', 'tenant_name': 'tempest-AZV2TestJSON-1252803967', 'user_domain_id': 'default', 'user_domain_name': 'Default', 'user_id': 'afc7996c7c7f49069e9a395fd8f9f87c', 'system': None}, Network: None, Subnet: None, Router: None
2025-11-12 19:17:23.667 65651 INFO tempest.lib.common.dynamic_creds [-] Created isolated network resources for: credentials: Credentials: {'domain_id': 'default', 'domain_name': 'Default', 'username': 'tempest-AZV2TestJSON-1252803967-project-member', 'project_domain_id': 'default', 'project_domain_name': 'Default', 'project_id': '531a72f6f37546c5bfe2340ee193001f', 'project_name': 'tempest-AZV2TestJSON-1252803967', 'tenant_id': '531a72f6f37546c5bfe2340ee193001f', 'tenant_name': 'tempest-AZV2TestJSON-1252803967', 'user_domain_id': 'default', 'user_domain_name': 'Default', 'user_id': 'afc7996c7c7f49069e9a395fd8f9f87c', 'system': None}, Network: None, Subnet: None, Router: None
2025-11-12 19:17:23.683 65665 INFO tempest.lib.common.rest_client [req-051882ca-5212-44fe-8a7c-dc1b1b4525b9 req-051882ca-5212-44fe-8a7c-dc1b1b4525b9 ] Request (ImagesTestJSON:test_create_image_from_stopped_server): 200 GET http://10.180.1.21/compute/v2.1/servers/e7ba0e7c-778d-4ead-9d57-24a81e20e90b 2.657s
2025-11-12 19:17:23.690 65665 INFO tempest.common.waiters [-] State transition "BUILD/scheduling" ==> "BUILD/None" after 6 second wait
2025-11-12 19:17:23.698 65653 INFO tempest.lib.common.rest_client [req-130cef0b-7e91-426c-91f7-327e2901df3a req-130cef0b-7e91-426c-91f7-327e2901df3a ] Request (InstanceActionsNegativeTestJSON:setUpClass): 200 GET http://10.180.1.21/compute/v2.1/servers/1e86089b-ab61-4712-9639-649ce13d7a22 2.601s
2025-11-12 19:17:23.718 65609 INFO tempest.lib.common.rest_client [req-e364363d-86d6-4640-a6f3-640c5afb405d req-e364363d-86d6-4640-a6f3-640c5afb405d ] Request (SecurityGroupsTestJSON:setUpClass): 201 POST http://10.180.1.21/identity/v3/auth/tokens 0.059s
2025-11-12 19:17:23.753 65635 INFO tempest.lib.common.rest_client [req-4b75e7be-805c-400a-bda1-a8b13d835749 req-4b75e7be-805c-400a-bda1-a8b13d835749 ] Request (FloatingIPsAssociationTestJSON:setUpClass): 200 GET http://10.180.1.21/compute/v2.1/servers/cf5749be-af09-4e82-80a3-9e6ccd22fb9e 2.631s
2025-11-12 19:17:23.767 65623 INFO tempest.lib.common.rest_client [req-88b69013-911e-4dee-83fb-20165d424f1b req-88b69013-911e-4dee-83fb-20165d424f1b ] Request (ServerActionsTestOtherA:setUpClass): 200 GET http://10.180.1.21/compute/v2.1/servers/7c9a4d45-f925-42b7-90e7-a6a88f2a61b6 2.608s
2025-11-12 19:17:23.781 65673 INFO tempest.lib.common.rest_client [req-c90b2118-4638-4baa-a319-7e9fb432401d req-c90b2118-4638-4baa-a319-7e9fb432401d ] Request (SecurityGroupsNegativeTestJSON:tearDownClass): 204 DELETE http://10.180.1.21/identity/v3/projects/e5ef9bb49b99406cad0566c153c350cc 0.122s
2025-11-12 19:17:23.792 65651 INFO tempest.lib.common.rest_client [req-b1b5cb9b-b90b-493a-acf2-6f01860958cc req-b1b5cb9b-b90b-493a-acf2-6f01860958cc ] Request (AZV2TestJSON:setUpClass): 201 POST http://10.180.1.21/identity/v3/auth/tokens 0.120s
2025-11-12 19:17:23.811 65663 INFO tempest.lib.common.rest_client [req-fcd18ce9-5f48-4f93-bec2-4ddc60ccacd9 req-fcd18ce9-5f48-4f93-bec2-4ddc60ccacd9 ] Request (KeyPairsV22TestJSON:test_keypairs_create_list_delete): 201 POST http://10.180.1.21/compute/v2.1/os-keypairs 2.576s
2025-11-12 19:17:23.837 65659 INFO tempest.lib.common.rest_client [req-e86a50cc-6bc5-44b7-b34f-c58f6ae4c12a req-e86a50cc-6bc5-44b7-b34f-c58f6ae4c12a ] Request (FlavorsAdminTestJSON:test_is_public_string_variations): 200 GET http://10.180.1.21/compute/v2.1/flavors/detail?is_public=t 2.578s
2025-11-12 19:17:23.845 65621 INFO tempest.lib.common.rest_client [req-81096feb-c1c8-4375-a838-ed61083de53e req-81096feb-c1c8-4375-a838-ed61083de53e ] Request (ServersAdmin275Test:tearDownClass): 200 GET http://10.180.1.21/compute/v2.1/servers/7a33795e-6bb9-4dc5-9fc1-2573c3fca28c 2.587s
2025-11-12 19:17:23.847 65609 INFO tempest.lib.common.rest_client [req-781d483f-06de-4f79-b43d-94f60efe8397 req-781d483f-06de-4f79-b43d-94f60efe8397 ] Request (SecurityGroupsTestJSON:setUpClass): 200 GET http://10.180.1.21/identity/v3/domains?name=Default 0.128s
2025-11-12 19:17:23.854 65673 INFO tempest.lib.common.rest_client [req-8507ff60-59a4-479a-905a-f04f1c5ca18a req-8507ff60-59a4-479a-905a-f04f1c5ca18a ] Request (AttachInterfacesUnderV243Test:setUpClass): 201 POST http://10.180.1.21/identity/v3/auth/tokens 0.071s
2025-11-12 19:17:23.880 65609 INFO tempest.lib.common.rest_client [req-152ce52b-a716-40ad-b5f3-4171ed4e37ce req-152ce52b-a716-40ad-b5f3-4171ed4e37ce ] Request (SecurityGroupsTestJSON:setUpClass): 201 POST http://10.180.1.21/identity/v3/projects 0.032s
2025-11-12 19:17:23.899 65629 INFO tempest.lib.common.rest_client [req-dc1eecdc-3eda-4ec8-b0ba-ae7c0a4e168d req-dc1eecdc-3eda-4ec8-b0ba-ae7c0a4e168d ] Request (DeleteServersAdminTestJSON:test_delete_server_while_in_error_state): 200 GET http://10.180.1.21/compute/v2.1/servers/18e299a7-157b-4faa-8655-36866d27083a 2.522s
2025-11-12 19:17:23.927 65673 INFO tempest.lib.common.rest_client [req-2afe3b5c-1616-4c2b-bce7-2a3d94a94167 req-2afe3b5c-1616-4c2b-bce7-2a3d94a94167 ] Request (AttachInterfacesUnderV243Test:setUpClass): 201 POST http://10.180.1.21/identity/v3/auth/tokens 0.070s
2025-11-12 19:17:23.954 65673 INFO tempest.lib.common.rest_client [req-957bee93-f29f-456b-be95-3ff6344bcb19 req-957bee93-f29f-456b-be95-3ff6344bcb19 ] Request (AttachInterfacesUnderV243Test:setUpClass): 200 GET http://10.180.1.21/identity/v3/domains?name=Default 0.027s
2025-11-12 19:17:23.957 65609 INFO tempest.lib.common.rest_client [req-034b4430-6ba3-405d-8846-4f33d1ac681d req-034b4430-6ba3-405d-8846-4f33d1ac681d ] Request (SecurityGroupsTestJSON:setUpClass): 201 POST http://10.180.1.21/identity/v3/users 0.076s
2025-11-12 19:17:23.967 65617 INFO tempest.lib.common.rest_client [req-ec5016d9-1c92-4227-8c3d-6bae3c5cec8d req-ec5016d9-1c92-4227-8c3d-6bae3c5cec8d ] Request (AggregatesAdminNegativeTestJSON:_run_cleanups): 200 POST http://10.180.1.21/compute/v2.1/os-aggregates/7/action 2.599s
2025-11-12 19:17:23.977 65609 INFO tempest.lib.common.rest_client [req-b30a419a-2672-4f31-8768-973ef9ee44d2 req-b30a419a-2672-4f31-8768-973ef9ee44d2 ] Request (SecurityGroupsTestJSON:setUpClass): 200 GET http://10.180.1.21/identity/v3/roles 0.020s
2025-11-12 19:17:23.984 65673 INFO tempest.lib.common.rest_client [req-0d221402-037e-4863-a053-4f8f634649f9 req-0d221402-037e-4863-a053-4f8f634649f9 ] Request (AttachInterfacesUnderV243Test:setUpClass): 201 POST http://10.180.1.21/identity/v3/projects 0.029s
2025-11-12 19:17:24.006 65639 INFO tempest.lib.common.rest_client [req-8380e619-1588-4595-a3a8-a12dfa2bea55 req-8380e619-1588-4595-a3a8-a12dfa2bea55 ] Request (MigrationsAdminTest:test_list_migrations_in_flavor_resize_situation): 200 GET http://10.180.1.21/compute/v2.1/servers/0c2d57b2-b475-43a0-9e98-1877f2b433af 2.620s
2025-11-12 19:17:24.052 65609 INFO tempest.lib.common.rest_client [req-aaa61e57-acda-43fb-8294-4e5ea69d63f7 req-aaa61e57-acda-43fb-8294-4e5ea69d63f7 ] Request (SecurityGroupsTestJSON:setUpClass): 204 PUT http://10.180.1.21/identity/v3/projects/cd074fd18c764b5899392a3f724ca405/users/136388330c50475381b87e24d2482ba2/roles/0eb8b6efe5674aa19ce5bbe721caf1b9 0.074s
2025-11-12 19:17:24.053 65609 INFO tempest.lib.common.dynamic_creds [-] Dynamic test user 136388330c50475381b87e24d2482ba2 is created with scope project and roles: ['member']
2025-11-12 19:17:24.053 65609 INFO tempest.lib.common.dynamic_creds [-] Acquired dynamic creds: credentials: Credentials: {'domain_id': 'default', 'domain_name': 'Default', 'username': 'tempest-SecurityGroupsTestJSON-833966620-project-member', 'project_domain_id': 'default', 'project_domain_name': 'Default', 'project_id': 'cd074fd18c764b5899392a3f724ca405', 'project_name': 'tempest-SecurityGroupsTestJSON-833966620', 'tenant_id': 'cd074fd18c764b5899392a3f724ca405', 'tenant_name': 'tempest-SecurityGroupsTestJSON-833966620', 'user_domain_id': 'default', 'user_domain_name': 'Default', 'user_id': '136388330c50475381b87e24d2482ba2', 'system': None}, Network: None, Subnet: None, Router: None
2025-11-12 19:17:24.058 65673 INFO tempest.lib.common.rest_client [req-a6a96a67-2165-4d2a-a12b-cfdd595efea2 req-a6a96a67-2165-4d2a-a12b-cfdd595efea2 ] Request (AttachInterfacesUnderV243Test:setUpClass): 201 POST http://10.180.1.21/identity/v3/users 0.073s
2025-11-12 19:17:24.114 65609 INFO tempest.lib.common.rest_client [req-a69635f8-b89b-4835-b4aa-ee0b072d4cf6 req-a69635f8-b89b-4835-b4aa-ee0b072d4cf6 ] Request (SecurityGroupsTestJSON:setUpClass): 201 POST http://10.180.1.21/identity/v3/auth/tokens 0.061s
2025-11-12 19:17:24.115 65673 INFO tempest.lib.common.rest_client [req-b742d349-b934-49ae-b7ef-41d1dea1e8e4 req-b742d349-b934-49ae-b7ef-41d1dea1e8e4 ] Request (AttachInterfacesUnderV243Test:setUpClass): 200 GET http://10.180.1.21/identity/v3/roles 0.056s
2025-11-12 19:17:24.121 65627 INFO tempest.lib.common.rest_client [req-c788fffe-21ab-472d-83bf-f3fb7ce44d06 req-c788fffe-21ab-472d-83bf-f3fb7ce44d06 ] Request (ServersAdminTestJSON:setUpClass): 200 GET http://10.180.1.21/compute/v2.1/servers/afc29902-1147-4d22-abc5-b2098fdbc775 2.649s
2025-11-12 19:17:24.142 65673 INFO tempest.lib.common.rest_client [req-7ce55e9e-be25-4901-8ed0-ea8ccb7bb734 req-7ce55e9e-be25-4901-8ed0-ea8ccb7bb734 ] Request (AttachInterfacesUnderV243Test:setUpClass): 204 PUT http://10.180.1.21/identity/v3/projects/48ef6780b7cc464587a9effc8934b68b/users/5a8a0f2b20774e2fbe89d92808e93622/roles/0eb8b6efe5674aa19ce5bbe721caf1b9 0.027s
2025-11-12 19:17:24.142 65673 INFO tempest.lib.common.dynamic_creds [-] Dynamic test user 5a8a0f2b20774e2fbe89d92808e93622 is created with scope project and roles: ['member']
2025-11-12 19:17:24.143 65673 INFO tempest.lib.common.dynamic_creds [-] Acquired dynamic creds: credentials: Credentials: {'domain_id': 'default', 'domain_name': 'Default', 'username': 'tempest-AttachInterfacesUnderV243Test-5682925-project-member', 'project_domain_id': 'default', 'project_domain_name': 'Default', 'project_id': '48ef6780b7cc464587a9effc8934b68b', 'project_name': 'tempest-AttachInterfacesUnderV243Test-5682925', 'tenant_id': '48ef6780b7cc464587a9effc8934b68b', 'tenant_name': 'tempest-AttachInterfacesUnderV243Test-5682925', 'user_domain_id': 'default', 'user_domain_name': 'Default', 'user_id': '5a8a0f2b20774e2fbe89d92808e93622', 'system': None}, Network: None, Subnet: None, Router: None
2025-11-12 19:17:24.147 65669 INFO tempest.lib.common.rest_client [req-f75ead99-dba1-4cbe-b0b5-2e483869b276 req-f75ead99-dba1-4cbe-b0b5-2e483869b276 ] Request (ImagesOneServerNegativeTestJSON:tearDown): 200 GET http://10.180.1.21/compute/v2.1/servers/4f332e99-d52c-4f90-a16d-e4e64f92d077 2.687s
2025-11-12 19:17:24.155 65669 INFO tempest.common.waiters [-] State transition "ACTIVE/image_uploading" ==> "ACTIVE/None" after 10 second wait
2025-11-12 19:17:24.210 65673 INFO tempest.lib.common.rest_client [req-337e9c80-5597-488d-b42d-f44f69ced2a3 req-337e9c80-5597-488d-b42d-f44f69ced2a3 ] Request (AttachInterfacesUnderV243Test:setUpClass): 201 POST http://10.180.1.21/identity/v3/auth/tokens 0.067s
2025-11-12 19:17:24.384 65655 INFO tempest.lib.common.rest_client [req-f1355ce9-6af2-4dfb-b811-2bdf44c23a00 req-f1355ce9-6af2-4dfb-b811-2bdf44c23a00 ] Request (AbsoluteLimitsNegativeTestJSON:test_max_metadata_exceed_limit): 200 GET http://10.180.1.21/compute/v2.1/limits 2.837s
2025-11-12 19:17:24.396 65607 INFO tempest.lib.common.rest_client [req-09abfd53-3b9e-4376-8fef-38c0f3ff42b9 req-09abfd53-3b9e-4376-8fef-38c0f3ff42b9 ] Request (ImagesMetadataTestJSON:setUp): 200 PUT http://10.180.1.21/compute/v2.1/images/16cb5f56-f46c-44e9-a33f-2947d54a8510/metadata 2.863s
2025-11-12 19:17:24.433 65655 INFO tempest.lib.common.rest_client [req-a651d8eb-b4ab-4101-9998-7db4580916b5 req-a651d8eb-b4ab-4101-9998-7db4580916b5 ] Request (AbsoluteLimitsNegativeTestJSON:test_max_metadata_exceed_limit): 201 POST http://10.180.1.21/identity/v3/auth/tokens 0.042s
2025-11-12 19:17:24.434 65655 INFO tempest.lib.common.fixed_network [-] (AbsoluteLimitsNegativeTestJSON:test_max_metadata_exceed_limit) Found network None available for tenant
2025-11-12 19:17:24.498 65609 INFO tempest.lib.common.rest_client [req-0a6260ee-4112-4f0f-ab4c-37fb1aca20cf req-0a6260ee-4112-4f0f-ab4c-37fb1aca20cf ] Request (SecurityGroupsTestJSON:setUpClass): 201 POST http://10.180.1.21/networking/v2.0/networks 0.384s
2025-11-12 19:17:24.524 65645 INFO tempest.lib.common.rest_client [req-91182277-71a6-4531-b40a-d28ab5235355 req-91182277-71a6-4531-b40a-d28ab5235355 ] Request (ServerDiagnosticsNegativeTest:tearDownClass): 200 GET http://10.180.1.21/compute/v2.1/servers/8182b24a-2bed-4302-89ec-aba8e743f517 2.405s
2025-11-12 19:17:24.532 65645 INFO tempest.common.waiters [-] State transition "ACTIVE/deleting" ==> "DELETED/None" after 3 second wait
2025-11-12 19:17:24.543 65611 INFO tempest.lib.common.rest_client [req-4e47fbd6-ff19-4b00-a76f-3f66d03a9b9e req-4e47fbd6-ff19-4b00-a76f-3f66d03a9b9e ] Request (ServerExternalEventsTest:tearDownClass): 404 GET http://10.180.1.21/compute/v2.1/servers/f12069d0-895c-43e5-8547-223036cfcdeb 2.325s
2025-11-12 19:17:24.576 65673 INFO tempest.lib.common.rest_client [req-af0bf12f-35ef-45ce-8d8a-85ec6a046f8d req-af0bf12f-35ef-45ce-8d8a-85ec6a046f8d ] Request (AttachInterfacesUnderV243Test:setUpClass): 201 POST http://10.180.1.21/networking/v2.0/networks 0.365s
2025-11-12 19:17:24.647 65611 INFO tempest.lib.common.rest_client [req-7263393c-a899-4bd6-b2fb-83288e565d0f req-7263393c-a899-4bd6-b2fb-83288e565d0f ] Request (ServerExternalEventsTest:tearDownClass): 204 DELETE http://10.180.1.21/identity/v3/users/f71d1591a2a74108ac091a4ad17eda18 0.104s
2025-11-12 19:17:24.677 65609 INFO tempest.lib.common.rest_client [req-51ba5d02-364e-4484-a338-d7946ac45282 req-51ba5d02-364e-4484-a338-d7946ac45282 ] Request (SecurityGroupsTestJSON:setUpClass): 201 POST http://10.180.1.21/networking/v2.0/subnets 0.178s
2025-11-12 19:17:24.701 65661 INFO tempest.lib.common.rest_client [req-01babe2e-f705-4b7c-8b7b-29918dd752bd req-01babe2e-f705-4b7c-8b7b-29918dd752bd ] Request (ServerAddressesTestJSON:tearDownClass): 200 GET http://10.180.1.21/compute/v2.1/servers/56c8ff12-6315-43d4-b735-58e62f465c2c 2.332s
2025-11-12 19:17:24.752 65611 INFO tempest.lib.common.rest_client [req-4e220750-0104-4d07-ad14-4022f04abfc9 req-4e220750-0104-4d07-ad14-4022f04abfc9 ] Request (ServerExternalEventsTest:tearDownClass): 204 DELETE http://10.180.1.21/identity/v3/users/9e4f00606ff74176940744a8a969eece 0.104s
2025-11-12 19:17:24.753 65673 INFO tempest.lib.common.rest_client [req-09d237d6-1292-42d0-b8d7-32f19ce9e081 req-09d237d6-1292-42d0-b8d7-32f19ce9e081 ] Request (AttachInterfacesUnderV243Test:setUpClass): 201 POST http://10.180.1.21/networking/v2.0/subnets 0.176s
2025-11-12 19:17:24.782 65615 INFO tempest.lib.common.rest_client [req-86864092-e9d6-40ef-9ed8-8dacfb4d5079 req-86864092-e9d6-40ef-9ed8-8dacfb4d5079 ] Request (ImagesOneServerTestJSON:setUpClass): 200 GET http://10.180.1.21/compute/v2.1/servers/6c865e08-0b76-4f9b-ade9-6f425de451bd 2.331s
2025-11-12 19:17:24.883 65611 INFO tempest.lib.common.rest_client [req-a90d02ba-30d0-4e02-af00-26ca3d9419e5 req-a90d02ba-30d0-4e02-af00-26ca3d9419e5 ] Request (ServerExternalEventsTest:tearDownClass): 204 DELETE http://10.180.1.21/identity/v3/users/d9d5e0a82858439da7e4de4f6e16661d 0.129s
2025-11-12 19:17:24.883 65611 INFO tempest.lib.common.dynamic_creds [-] Deleting project and security group for project: a3eeaa42bb2a413d86af98e2d02456a7
2025-11-12 19:17:24.926 65650 INFO tempest.lib.common.rest_client [req-054ee913-7f4e-4563-a52c-97c7aa7981a1 req-054ee913-7f4e-4563-a52c-97c7aa7981a1 ] Request (ServerDiagnosticsV248Test:test_get_server_diagnostics): 200 GET http://10.180.1.21/compute/v2.1/servers/f591d535-7fbf-429e-954a-a6265798130d/diagnostics 3.197s
2025-11-12 19:17:24.958 65611 INFO tempest.lib.common.rest_client [req-0e87edc5-0f08-4956-8471-0ad9e78988e2 req-0e87edc5-0f08-4956-8471-0ad9e78988e2 ] Request (ServerExternalEventsTest:tearDownClass): 201 POST http://10.180.1.21/identity/v3/auth/tokens 0.075s
2025-11-12 19:17:25.440 65609 INFO tempest.lib.common.rest_client [req-8e6af179-6fa3-4288-ba05-4715ac6cc2bf req-8e6af179-6fa3-4288-ba05-4715ac6cc2bf ] Request (SecurityGroupsTestJSON:setUpClass): 201 POST http://10.180.1.21/networking/v2.0/routers 0.762s
2025-11-12 19:17:25.472 65625 INFO tempest.lib.common.rest_client [req-7509400e-e1d0-453f-9c63-049d7065fa17 req-7509400e-e1d0-453f-9c63-049d7065fa17 ] Request (ServerShowV254Test:test_rebuild_server): 200 GET http://10.180.1.21/compute/v2.1/servers/84843895-07ea-42fd-91e5-def296366ac4 3.007s
