2025-11-12 19:18:56.113 65655 INFO tempest.lib.common.rest_client [req-270428a3-795e-4529-a5a1-ae1fb71da408 req-270428a3-795e-4529-a5a1-ae1fb71da408 ] Request (ServersTestMultiNic:_run_cleanups): 200 GET http://10.180.1.21/compute/v2.1/servers/47e3cb96-aa69-47a0-bc95-f98cf56f8192 0.289s
2025-11-12 19:18:56.133 65607 INFO tempest.lib.common.rest_client [req-2cac9402-af83-44bf-be92-f5f66c1c1053 req-2cac9402-af83-44bf-be92-f5f66c1c1053 ] Request (ImagesNegativeTestJSON:test_create_image_from_deleted_server): 200 GET http://10.180.1.21/compute/v2.1/servers/2ded6d70-3f81-4051-aaf3-19dad5fec64d 0.356s
2025-11-12 19:18:56.163 65627 INFO tempest.lib.common.rest_client [req-9e7c9fbc-0d94-4b42-9095-35d000687c64 req-9e7c9fbc-0d94-4b42-9095-35d000687c64 ] Request (ServersAdminTestJSON:test_inject_network_info): 200 GET http://10.180.1.21/compute/v2.1/servers/7ecabe2f-4907-4349-b968-32928b71b8c9 0.335s
2025-11-12 19:18:56.212 65619 INFO tempest.lib.common.rest_client [req-b1c6a330-a2a4-4864-8a48-2a8abe5dc6ec req-b1c6a330-a2a4-4864-8a48-2a8abe5dc6ec ] Request (InstanceActionsV221TestJSON:test_get_list_deleted_instance_actions): 200 GET http://10.180.1.21/compute/v2.1/servers/85684611-6017-41e8-9c0c-babbff5c1230 0.300s
2025-11-12 19:18:56.261 65639 INFO tempest.lib.common.rest_client [req-4b26a84b-3175-4a3f-82c2-1fdcc1e6ab37 req-4b26a84b-3175-4a3f-82c2-1fdcc1e6ab37 ] Request (MigrationsAdminTest:test_list_migrations_in_flavor_resize_situation): 200 GET http://10.180.1.21/compute/v2.1/servers/0c2d57b2-b475-43a0-9e98-1877f2b433af 0.379s
2025-11-12 19:18:56.268 65650 INFO tempest.lib.common.rest_client [req-8c73ab0a-46ea-4380-af62-6441d01376f8 req-8c73ab0a-46ea-4380-af62-6441d01376f8 ] Request (ServersV294TestFqdnHostnames:setUpClass): 200 GET http://10.180.1.21/compute/v2.1/servers/51076da4-590e-4e1a-894d-2efbcacb0a67 0.348s
2025-11-12 19:18:56.311 65611 INFO tempest.lib.common.rest_client [req-9636b427-677a-422c-a9bb-36c0b4381d5a req-9636b427-677a-422c-a9bb-36c0b4381d5a ] Request (ServersTestFqdnHostnames:test_create_server_with_fqdn_name): 200 GET http://10.180.1.21/compute/v2.1/servers/dff84c9d-df80-471d-b6bf-00765ebbee9d 0.321s
2025-11-12 19:18:56.362 65623 INFO tempest.lib.common.rest_client [req-931f5d56-d8f7-4df8-8d8b-385b55dc7664 req-931f5d56-d8f7-4df8-8d8b-385b55dc7664 ] Request (ServerActionsTestOtherA:test_rebuild_server_in_stop_state): 200 GET http://10.180.1.21/compute/v2.1/servers/f66a18c6-e96f-4351-a213-a4d40db18c70 0.361s
2025-11-12 19:18:56.369 65609 INFO tempest.lib.common.rest_client [req-c0450bc7-5818-474d-9213-0c2315e8f29e req-c0450bc7-5818-474d-9213-0c2315e8f29e ] Request (SecurityGroupsTestJSON:test_security_groups_create_list_delete): 200 GET http://10.180.1.21/compute/v2.1/os-security-groups 0.378s
2025-11-12 19:18:56.404 65643 INFO tempest.lib.common.rest_client [req-ef6d5fd2-8826-484c-9d91-443bc8dce7a4 req-ef6d5fd2-8826-484c-9d91-443bc8dce7a4 ] Request (QuotasTestJSON:test_get_quotas): 200 GET http://10.180.1.21/compute/v2.1/os-quota-sets/9d9cca624b934caa944c093a6fd8c338?user_id=7995d3a27e1a4ee9b713b179e7c7ac74 0.365s
2025-11-12 19:18:56.436 65647 INFO tempest.lib.common.rest_client [req-f6d70e99-bf00-491c-9cb1-c7afc69b8d27 req-f6d70e99-bf00-491c-9cb1-c7afc69b8d27 ] Request (ServersAdminNegativeTestJSON:tearDownClass): 200 GET http://10.180.1.21/compute/v2.1/servers/6efc97c4-663b-4f86-bc2d-3aa60ff6eb5d 0.375s
2025-11-12 19:18:56.482 65639 INFO tempest.lib.common.rest_client [req-39cc37dd-992e-4ae9-90e0-75d1853c4ffd req-39cc37dd-992e-4ae9-90e0-75d1853c4ffd ] Request (MigrationsAdminTest:test_list_migrations_in_flavor_resize_situation): 200 POST http://10.180.1.21/compute/v2.1/os-keypairs 0.213s
2025-11-12 19:18:56.553 65661 INFO tempest.lib.common.rest_client [req-72a3b8af-91ee-4e5d-9346-daf5572afab6 req-72a3b8af-91ee-4e5d-9346-daf5572afab6 ] Request (ServerAddressesNegativeTestJSON:setUpClass): 200 GET http://10.180.1.21/compute/v2.1/servers/521dabf8-9f40-4021-98d2-f78aa6ceeb4d 0.383s
2025-11-12 19:18:56.564 65621 INFO tempest.lib.common.rest_client [req-cdcd1ba4-53c9-435e-9264-803e7d77a355 req-cdcd1ba4-53c9-435e-9264-803e7d77a355 ] Request (ServerGroupTestJSON:test_create_server_with_scheduler_hint_group): 200 GET http://10.180.1.21/compute/v2.1/servers/c557fb4b-61da-4097-b23c-dc3e76bf0ce5 0.278s
2025-11-12 19:18:56.580 65643 INFO tempest.lib.common.rest_client [req-e8a7bade-dd1b-4bfb-a81b-13addede8bf0 req-e8a7bade-dd1b-4bfb-a81b-13addede8bf0 ] Request (QuotasTestJSON:tearDownClass): 204 DELETE http://10.180.1.21/identity/v3/users/7995d3a27e1a4ee9b713b179e7c7ac74 0.169s
2025-11-12 19:18:56.580 65643 INFO tempest.lib.common.dynamic_creds [-] Deleting project and security group for project: 9d9cca624b934caa944c093a6fd8c338
2025-11-12 19:18:56.620 65669 INFO tempest.lib.common.rest_client [req-e401567a-c997-4822-b1ef-a3b425c2f092 req-e401567a-c997-4822-b1ef-a3b425c2f092 ] Request (ImagesOneServerNegativeTestJSON:_run_cleanups): 200 GET http://10.180.1.21/compute/v2.1/servers/0e33f53c-8ef1-48cd-93b0-e66028214faf 0.265s
2025-11-12 19:18:56.639 65639 INFO tempest.lib.common.rest_client [req-413ebab2-114f-4cd6-8f47-ffee45737284 req-413ebab2-114f-4cd6-8f47-ffee45737284 ] Request (MigrationsAdminTest:test_list_migrations_in_flavor_resize_situation): 201 POST http://10.180.1.21/networking/v2.0/security-groups 0.154s
2025-11-12 19:18:56.651 65643 INFO tempest.lib.common.rest_client [req-76d53b8e-c93e-43f0-8698-bae69dcb0317 req-76d53b8e-c93e-43f0-8698-bae69dcb0317 ] Request (QuotasTestJSON:tearDownClass): 201 POST http://10.180.1.21/identity/v3/auth/tokens 0.071s
2025-11-12 19:18:56.697 65609 INFO tempest.lib.common.rest_client [req-67e3099d-4817-4c6f-89c9-409d66fbab89 req-67e3099d-4817-4c6f-89c9-409d66fbab89 ] Request (SecurityGroupsTestJSON:test_security_groups_create_list_delete): 202 DELETE http://10.180.1.21/compute/v2.1/os-security-groups/fd932978-9f2a-47df-b348-b3c08fc85cdb 0.324s
2025-11-12 19:18:56.718 65653 INFO tempest.lib.common.rest_client [req-8a7f9f22-4ed1-40ce-8c5b-306ca1e560eb req-8a7f9f22-4ed1-40ce-8c5b-306ca1e560eb ] Request (ServerShowV257Test:test_rebuild_server): 200 GET http://10.180.1.21/compute/v2.1/servers/072b5161-73d3-4868-a841-2d2572e87cb1 0.288s
2025-11-12 19:18:56.734 65639 INFO tempest.lib.common.rest_client [req-1e793bdd-3707-45b1-95ef-0058cfb65e0a req-1e793bdd-3707-45b1-95ef-0058cfb65e0a ] Request (MigrationsAdminTest:test_list_migrations_in_flavor_resize_situation): 201 POST http://10.180.1.21/networking/v2.0/security-group-rules 0.095s
2025-11-12 19:18:56.811 65639 INFO tempest.lib.common.rest_client [req-326639d7-1505-4a58-8387-2328fc77c9d4 req-326639d7-1505-4a58-8387-2328fc77c9d4 ] Request (MigrationsAdminTest:test_list_migrations_in_flavor_resize_situation): 201 POST http://10.180.1.21/networking/v2.0/security-group-rules 0.076s
2025-11-12 19:18:56.833 65635 INFO tempest.lib.common.rest_client [req-5974f90f-e7e8-4ce5-98a1-288239e4d97e req-5974f90f-e7e8-4ce5-98a1-288239e4d97e ] Request (FloatingIPsAssociationTestJSON:test_associate_already_associated_floating_ip): 200 GET http://10.180.1.21/compute/v2.1/servers/dcff6844-6b2c-4ad3-9f80-c56d461238ff 0.307s
2025-11-12 19:18:56.850 65659 INFO tempest.lib.common.rest_client [req-881ce612-c4ef-401a-a3c1-dcb78c27935d req-881ce612-c4ef-401a-a3c1-dcb78c27935d ] Request (ServersTestManualDisk:setUpClass): 200 GET http://10.180.1.21/compute/v2.1/servers/948a3cb2-1cb8-4307-84f1-813f8e5b28fa 0.345s
2025-11-12 19:18:56.886 65631 INFO tempest.lib.common.rest_client [req-8a574e92-d0d6-47ef-a5cb-f904ce5999dc req-8a574e92-d0d6-47ef-a5cb-f904ce5999dc ] Request (ListImageFiltersTestJSON:setUpClass): 200 GET http://10.180.1.21/compute/v2.1/images/7448be76-e331-4c0b-8c7c-8373429fb129 0.319s
2025-11-12 19:18:56.886 65643 INFO tempest.lib.common.rest_client [req-81c732fd-2977-4a2d-83b5-a7282b108e0d req-81c732fd-2977-4a2d-83b5-a7282b108e0d ] Request (QuotasTestJSON:tearDownClass): 200 GET http://10.180.1.21/networking/v2.0/security-groups?tenant_id=9d9cca624b934caa944c093a6fd8c338&name=default 0.234s
2025-11-12 19:18:56.987 65643 INFO tempest.lib.common.rest_client [req-06453d60-fbe4-48eb-b1d1-4b667bb54c30 req-06453d60-fbe4-48eb-b1d1-4b667bb54c30 ] Request (QuotasTestJSON:tearDownClass): 204 DELETE http://10.180.1.21/networking/v2.0/security-groups/f09f20ea-d47e-4d89-87cf-9d2005d4d2fc 0.100s
2025-11-12 19:18:57.012 65645 INFO tempest.lib.common.rest_client [req-b7384c35-0e2a-49a3-b923-7d3e30693908 req-b7384c35-0e2a-49a3-b923-7d3e30693908 ] Request (FloatingIPsAssociationNegativeTestJSON:setUpClass): 200 GET http://10.180.1.21/compute/v2.1/servers/ebe617cd-3144-4af1-8f90-b97a677e3c69 0.433s
2025-11-12 19:18:57.029 65633 INFO tempest.lib.common.rest_client [req-f5f19ba6-aaf2-4ca1-92a8-87f55831904a req-f5f19ba6-aaf2-4ca1-92a8-87f55831904a ] Request (VolumesAssistedSnapshotsTest:tearDownClass): 200 GET http://10.180.1.21/compute/v2.1/servers/29c29462-113d-427b-ba1c-2105312b2d1e 0.359s
2025-11-12 19:18:57.035 65609 INFO tempest.lib.common.rest_client [req-ba6ce9c1-778a-442d-be75-98f303374ed5 req-ba6ce9c1-778a-442d-be75-98f303374ed5 ] Request (SecurityGroupsTestJSON:test_security_groups_create_list_delete): 404 GET http://10.180.1.21/compute/v2.1/os-security-groups/fd932978-9f2a-47df-b348-b3c08fc85cdb 0.338s
2025-11-12 19:18:57.067 65643 INFO tempest.lib.common.rest_client [req-6efa53ce-beeb-43d0-9da1-61560f7d897f req-6efa53ce-beeb-43d0-9da1-61560f7d897f ] Request (QuotasTestJSON:tearDownClass): 204 DELETE http://10.180.1.21/identity/v3/projects/9d9cca624b934caa944c093a6fd8c338 0.080s
2025-11-12 19:18:57.090 65665 INFO tempest.lib.common.rest_client [req-3d76209c-2a4f-40e3-9bd3-6eec9734a1fb req-3d76209c-2a4f-40e3-9bd3-6eec9734a1fb ] Request (ImagesTestJSON:test_create_image_from_suspended_server): 200 GET http://10.180.1.21/compute/v2.1/servers/db8bba23-aa1f-41d8-8141-ed795c60f41b 0.358s
2025-11-12 19:18:57.107 65629 INFO tempest.lib.common.rest_client [req-145238c1-2e0f-408f-9556-be42dbfd7df1 req-145238c1-2e0f-408f-9556-be42dbfd7df1 ] Request (DeleteServersAdminTestJSON:test_delete_server_while_in_error_state): 200 GET http://10.180.1.21/compute/v2.1/servers/18e299a7-157b-4faa-8655-36866d27083a 0.275s
2025-11-12 19:18:57.161 65625 INFO tempest.lib.common.rest_client [req-dfdc7999-355e-4e72-afc9-82ab21384729 req-dfdc7999-355e-4e72-afc9-82ab21384729 ] Request (ServersNegativeTestMultiTenantJSON:setUpClass): 200 GET http://10.180.1.21/compute/v2.1/servers/1a6917d5-3e59-4ad3-8bf0-9a73d0fd162e 0.280s
2025-11-12 19:18:57.169 65625 INFO tempest.common.waiters [-] State transition "BUILD/scheduling" ==> "BUILD/None" after 9 second wait
2025-11-12 19:18:57.185 65615 INFO tempest.lib.common.rest_client [req-51a7458d-d54e-4e4d-913d-aaae85b803fd req-51a7458d-d54e-4e4d-913d-aaae85b803fd ] Request (ImagesOneServerTestJSON:tearDownClass): 200 GET http://10.180.1.21/compute/v2.1/servers/6c865e08-0b76-4f9b-ade9-6f425de451bd 0.244s
2025-11-12 19:18:57.241 65651 INFO tempest.lib.common.rest_client [req-9f24552f-d3f7-475c-a9df-9b632a05f3e5 req-9f24552f-d3f7-475c-a9df-9b632a05f3e5 ] Request (ListServersNegativeTestJSON:setUpClass): 200 GET http://10.180.1.21/compute/v2.1/servers/c56d3b3a-ee80-4270-b278-2bcdf8f21e83 0.240s
2025-11-12 19:18:57.305 65609 INFO tempest.lib.common.rest_client [req-15f86f22-2186-41d0-b9ed-377ae2f1f87a req-15f86f22-2186-41d0-b9ed-377ae2f1f87a ] Request (SecurityGroupsTestJSON:test_security_groups_create_list_delete): 202 DELETE http://10.180.1.21/compute/v2.1/os-security-groups/26ef2663-38e8-4346-ad78-f072f1cb0aea 0.270s
2025-11-12 19:18:57.321 65639 INFO tempest.lib.common.rest_client [req-752df0fb-d7cf-4243-9541-77d6cdbf57b7 req-752df0fb-d7cf-4243-9541-77d6cdbf57b7 ] Request (MigrationsAdminTest:test_list_migrations_in_flavor_resize_situation): 201 POST http://10.180.1.21/networking/v2.0/floatingips 0.510s
2025-11-12 19:18:57.322 65657 INFO tempest.lib.common.rest_client [req-5c690af1-227b-4526-9e58-2a4a3393793a req-5c690af1-227b-4526-9e58-2a4a3393793a ] Request (ListServerFiltersTestJSON:tearDownClass): 200 GET http://10.180.1.21/compute/v2.1/servers/43b79ae6-17a3-4424-8d6b-ffdc8815616b 0.255s
2025-11-12 19:18:57.363 65655 INFO tempest.lib.common.rest_client [req-a5bb7f6e-922a-41e0-b7ca-d65ab581d9e6 req-a5bb7f6e-922a-41e0-b7ca-d65ab581d9e6 ] Request (ServersTestMultiNic:_run_cleanups): 200 GET http://10.180.1.21/compute/v2.1/servers/47e3cb96-aa69-47a0-bc95-f98cf56f8192 0.239s
2025-11-12 19:18:57.371 65655 INFO tempest.common.waiters [-] State transition "ACTIVE/deleting" ==> "DELETED/None" after 4 second wait
2025-11-12 19:18:57.416 65627 INFO tempest.lib.common.rest_client [req-024ce8f5-b271-44d4-a284-6bfb7fabca07 req-024ce8f5-b271-44d4-a284-6bfb7fabca07 ] Request (ServersAdminTestJSON:test_inject_network_info): 200 GET http://10.180.1.21/compute/v2.1/servers/7ecabe2f-4907-4349-b968-32928b71b8c9 0.245s
2025-11-12 19:18:57.456 65607 INFO tempest.lib.common.rest_client [req-caa1166f-8892-4e56-abb9-6dae71e49ad7 req-caa1166f-8892-4e56-abb9-6dae71e49ad7 ] Request (ImagesNegativeTestJSON:test_create_image_from_deleted_server): 200 GET http://10.180.1.21/compute/v2.1/servers/2ded6d70-3f81-4051-aaf3-19dad5fec64d 0.314s
2025-11-12 19:18:57.505 65619 INFO tempest.lib.common.rest_client [req-388f3438-e26c-41f2-bd4c-d86d935885b7 req-388f3438-e26c-41f2-bd4c-d86d935885b7 ] Request (InstanceActionsV221TestJSON:test_get_list_deleted_instance_actions): 200 GET http://10.180.1.21/compute/v2.1/servers/85684611-6017-41e8-9c0c-babbff5c1230 0.284s
2025-11-12 19:18:57.517 65650 INFO tempest.lib.common.rest_client [req-2a909db9-f2d9-4fd0-b3f7-afb85914c1eb req-2a909db9-f2d9-4fd0-b3f7-afb85914c1eb ] Request (ServersV294TestFqdnHostnames:setUpClass): 200 GET http://10.180.1.21/compute/v2.1/servers/51076da4-590e-4e1a-894d-2efbcacb0a67 0.237s
2025-11-12 19:18:57.524 65609 INFO tempest.lib.common.rest_client [req-d1f63b46-9934-4b15-bd59-3433c586f43e req-d1f63b46-9934-4b15-bd59-3433c586f43e ] Request (SecurityGroupsTestJSON:test_security_groups_create_list_delete): 404 GET http://10.180.1.21/compute/v2.1/os-security-groups/26ef2663-38e8-4346-ad78-f072f1cb0aea 0.218s
2025-11-12 19:18:57.546 65639 INFO tempest.lib.common.rest_client [req-ad163755-13e0-4f85-a635-dc9aba713501 req-ad163755-13e0-4f85-a635-dc9aba713501 ] Request (MigrationsAdminTest:test_list_migrations_in_flavor_resize_situation): 200 GET http://10.180.1.21/compute/v2.1/os-migrations 0.224s
2025-11-12 19:18:57.572 65611 INFO tempest.lib.common.rest_client [req-747662fb-473a-4f4b-bb34-75624d140126 req-747662fb-473a-4f4b-bb34-75624d140126 ] Request (ServersTestFqdnHostnames:test_create_server_with_fqdn_name): 200 GET http://10.180.1.21/compute/v2.1/servers/dff84c9d-df80-471d-b6bf-00765ebbee9d 0.253s
2025-11-12 19:18:57.594 65623 INFO tempest.lib.common.rest_client [req-36ff4ea2-d491-460e-b93e-31086e89f5c6 req-36ff4ea2-d491-460e-b93e-31086e89f5c6 ] Request (ServerActionsTestOtherA:test_rebuild_server_in_stop_state): 200 GET http://10.180.1.21/compute/v2.1/servers/f66a18c6-e96f-4351-a213-a4d40db18c70 0.223s
2025-11-12 19:18:57.646 65647 INFO tempest.lib.common.rest_client [req-531297f8-3d01-4150-9284-3e8038ed5895 req-531297f8-3d01-4150-9284-3e8038ed5895 ] Request (ServersAdminNegativeTestJSON:tearDownClass): 200 GET http://10.180.1.21/compute/v2.1/servers/6efc97c4-663b-4f86-bc2d-3aa60ff6eb5d 0.202s
2025-11-12 19:18:57.663 65639 INFO tempest.lib.common.rest_client [req-40bf4a4f-11a3-4551-8d7d-c2d1917a4766 req-40bf4a4f-11a3-4551-8d7d-c2d1917a4766 ] Request (MigrationsAdminTest:test_resize_server_revert_deleted_flavor): 200 GET http://10.180.1.21/compute/v2.1/flavors/42 0.113s
2025-11-12 19:18:57.743 65609 INFO tempest.lib.common.rest_client [req-1437c21d-4c02-4c07-9389-384ace826557 req-1437c21d-4c02-4c07-9389-384ace826557 ] Request (SecurityGroupsTestJSON:test_security_groups_create_list_delete): 202 DELETE http://10.180.1.21/compute/v2.1/os-security-groups/f387a771-af60-40c4-b088-e60f51e17675 0.218s
2025-11-12 19:18:57.789 65621 INFO tempest.lib.common.rest_client [req-bab131dc-2d7d-409c-8c10-e093e5e1666f req-bab131dc-2d7d-409c-8c10-e093e5e1666f ] Request (ServerGroupTestJSON:test_create_server_with_scheduler_hint_group): 200 GET http://10.180.1.21/compute/v2.1/servers/c557fb4b-61da-4097-b23c-dc3e76bf0ce5 0.216s
2025-11-12 19:18:57.801 65661 INFO tempest.lib.common.rest_client [req-549d44fa-c703-4725-9ffb-2a1a74856cde req-549d44fa-c703-4725-9ffb-2a1a74856cde ] Request (ServerAddressesNegativeTestJSON:setUpClass): 200 GET http://10.180.1.21/compute/v2.1/servers/521dabf8-9f40-4021-98d2-f78aa6ceeb4d 0.235s
2025-11-12 19:18:57.808 65661 INFO tempest.common.waiters [-] State transition "BUILD/spawning" ==> "ACTIVE/None" after 55 second wait
2025-11-12 19:18:57.818 65639 INFO tempest.lib.common.rest_client [req-76001c8e-ecb4-43c0-9055-eaea62ddf84e req-76001c8e-ecb4-43c0-9055-eaea62ddf84e ] Request (MigrationsAdminTest:test_resize_server_revert_deleted_flavor): 200 POST http://10.180.1.21/compute/v2.1/flavors 0.152s
2025-11-12 19:18:57.838 65669 INFO tempest.lib.common.rest_client [req-1375b1a6-ef44-4f6c-b513-537b9768676f req-1375b1a6-ef44-4f6c-b513-537b9768676f ] Request (ImagesOneServerNegativeTestJSON:_run_cleanups): 200 GET http://10.180.1.21/compute/v2.1/servers/0e33f53c-8ef1-48cd-93b0-e66028214faf 0.209s
2025-11-12 19:18:57.858 65609 INFO tempest.lib.common.rest_client [req-a1c73031-dcd6-4a49-8c0f-1740e93f8ae6 req-a1c73031-dcd6-4a49-8c0f-1740e93f8ae6 ] Request (SecurityGroupsTestJSON:test_security_groups_create_list_delete): 404 GET http://10.180.1.21/compute/v2.1/os-security-groups/f387a771-af60-40c4-b088-e60f51e17675 0.115s
2025-11-12 19:18:57.882 65661 INFO tempest.lib.common.rest_client [req-112f7748-9ff4-426f-9c1e-f6c0e8c180bb req-112f7748-9ff4-426f-9c1e-f6c0e8c180bb ] Request (ServerAddressesNegativeTestJSON:test_list_server_addresses_by_network_neg): 404 GET http://10.180.1.21/compute/v2.1/servers/521dabf8-9f40-4021-98d2-f78aa6ceeb4d/ips/invalid 0.073s
2025-11-12 19:18:57.893 65653 INFO tempest.lib.common.rest_client [req-c74118b0-036a-4416-a4b0-5f30174405b3 req-c74118b0-036a-4416-a4b0-5f30174405b3 ] Request (ServerShowV257Test:test_rebuild_server): 200 GET http://10.180.1.21/compute/v2.1/servers/072b5161-73d3-4868-a841-2d2572e87cb1 0.165s
2025-11-12 19:18:57.893 65639 INFO tempest.lib.common.rest_client [req-ab8e748f-a83d-4074-afff-88e18b607d77 req-ab8e748f-a83d-4074-afff-88e18b607d77 ] Request (MigrationsAdminTest:test_resize_server_revert_deleted_flavor): 200 GET http://10.180.1.21/compute/v2.1/flavors/42/os-extra_specs 0.073s
2025-11-12 19:18:57.947 65635 INFO tempest.lib.common.rest_client [req-81e4d03f-9905-44b2-83d1-3f6cbc9b6cb3 req-81e4d03f-9905-44b2-83d1-3f6cbc9b6cb3 ] Request (FloatingIPsAssociationTestJSON:test_associate_already_associated_floating_ip): 200 GET http://10.180.1.21/compute/v2.1/servers/dcff6844-6b2c-4ad3-9f80-c56d461238ff 0.106s
2025-11-12 19:18:57.994 65609 INFO tempest.lib.common.rest_client [req-6ff5e818-fe12-4845-8ae4-de91744a3468 req-6ff5e818-fe12-4845-8ae4-de91744a3468 ] Request (SecurityGroupsTestJSON:test_security_groups_create_list_delete): 200 GET http://10.180.1.21/compute/v2.1/os-security-groups 0.135s
2025-11-12 19:18:58.000 65661 INFO tempest.lib.common.rest_client [req-c089935b-8160-45fb-bb01-4eaa79ee2483 req-c089935b-8160-45fb-bb01-4eaa79ee2483 ] Request (ServerAddressesNegativeTestJSON:test_list_server_addresses_invalid_server_id): 404 GET http://10.180.1.21/compute/v2.1/servers/999/ips 0.116s
2025-11-12 19:18:58.016 65659 INFO tempest.lib.common.rest_client [req-7537dea4-3105-4cdc-9d2b-afc332780778 req-7537dea4-3105-4cdc-9d2b-afc332780778 ] Request (ServersTestManualDisk:setUpClass): 200 GET http://10.180.1.21/compute/v2.1/servers/948a3cb2-1cb8-4307-84f1-813f8e5b28fa 0.157s
2025-11-12 19:18:58.035 65639 INFO tempest.lib.common.rest_client [req-2473069e-c20d-42ea-b831-d9ba0b62e220 req-2473069e-c20d-42ea-b831-d9ba0b62e220 ] Request (MigrationsAdminTest:test_resize_server_revert_deleted_flavor): 200 POST http://10.180.1.21/compute/v2.1/flavors/f11a9581-ee68-404e-b372-805f02d004fb/os-extra_specs 0.141s
2025-11-12 19:18:58.037 65631 INFO tempest.lib.common.rest_client [req-e271e6f4-38b5-4283-87ce-2d538fafa66a req-e271e6f4-38b5-4283-87ce-2d538fafa66a ] Request (ListImageFiltersTestJSON:setUpClass): 200 GET http://10.180.1.21/compute/v2.1/images/7448be76-e331-4c0b-8c7c-8373429fb129 0.146s
2025-11-12 19:18:58.118 65639 INFO tempest.lib.common.rest_client [req-889afe4d-f7ea-461d-9273-2a41a45736f8 req-889afe4d-f7ea-461d-9273-2a41a45736f8 ] Request (MigrationsAdminTest:test_resize_server_revert_deleted_flavor): 201 POST http://10.180.1.21/identity/v3/auth/tokens 0.078s
2025-11-12 19:18:58.118 65639 INFO tempest.lib.common.fixed_network [-] (MigrationsAdminTest:test_resize_server_revert_deleted_flavor) Found network None available for tenant
2025-11-12 19:18:58.126 65661 INFO tempest.lib.common.rest_client [req-7c5078de-ded9-4c1b-bb96-051a2561a871 req-7c5078de-ded9-4c1b-bb96-051a2561a871 ] Request (ServerAddressesNegativeTestJSON:tearDownClass): 204 DELETE http://10.180.1.21/compute/v2.1/servers/521dabf8-9f40-4021-98d2-f78aa6ceeb4d 0.125s
2025-11-12 19:18:58.202 65609 INFO tempest.lib.common.rest_client [req-ed570c79-049b-4e37-880a-cd57f825bcba req-ed570c79-049b-4e37-880a-cd57f825bcba ] Request (SecurityGroupsTestJSON:test_server_security_groups): 200 POST http://10.180.1.21/compute/v2.1/os-security-groups 0.204s
2025-11-12 19:18:58.221 65645 INFO tempest.lib.common.rest_client [req-6dd21b09-00d1-454f-927d-b96dd243e0fa req-6dd21b09-00d1-454f-927d-b96dd243e0fa ] Request (FloatingIPsAssociationNegativeTestJSON:setUpClass): 200 GET http://10.180.1.21/compute/v2.1/servers/ebe617cd-3144-4af1-8f90-b97a677e3c69 0.200s
2025-11-12 19:18:58.229 65633 INFO tempest.lib.common.rest_client [req-d1e816c5-23ff-4014-a030-7e999e03e27c req-d1e816c5-23ff-4014-a030-7e999e03e27c ] Request (VolumesAssistedSnapshotsTest:tearDownClass): 404 GET http://10.180.1.21/compute/v2.1/servers/29c29462-113d-427b-ba1c-2105312b2d1e 0.191s
2025-11-12 19:18:58.271 65665 INFO tempest.lib.common.rest_client [req-e9d616ee-067d-4ee9-9c75-95f2452d4a47 req-e9d616ee-067d-4ee9-9c75-95f2452d4a47 ] Request (ImagesTestJSON:test_create_image_from_suspended_server): 200 GET http://10.180.1.21/compute/v2.1/servers/db8bba23-aa1f-41d8-8141-ed795c60f41b 0.173s
2025-11-12 19:18:58.290 65629 INFO tempest.lib.common.rest_client [req-63a171bb-6097-4e74-be4a-3692d70dac92 req-63a171bb-6097-4e74-be4a-3692d70dac92 ] Request (DeleteServersAdminTestJSON:test_delete_server_while_in_error_state): 404 GET http://10.180.1.21/compute/v2.1/servers/18e299a7-157b-4faa-8655-36866d27083a 0.170s
2025-11-12 19:18:58.412 65661 INFO tempest.lib.common.rest_client [req-22e35ebe-66d6-44bf-8191-bd82877720f4 req-22e35ebe-66d6-44bf-8191-bd82877720f4 ] Request (ServerAddressesNegativeTestJSON:tearDownClass): 200 GET http://10.180.1.21/compute/v2.1/servers/521dabf8-9f40-4021-98d2-f78aa6ceeb4d 0.285s
2025-11-12 19:18:58.487 65625 INFO tempest.lib.common.rest_client [req-166c656b-7b6e-422c-acec-ae4bd3bbf8e0 req-166c656b-7b6e-422c-acec-ae4bd3bbf8e0 ] Request (ServersNegativeTestMultiTenantJSON:setUpClass): 200 GET http://10.180.1.21/compute/v2.1/servers/1a6917d5-3e59-4ad3-8bf0-9a73d0fd162e 0.317s
2025-11-12 19:18:58.519 65639 INFO tempest.lib.common.rest_client [req-2449cc22-c3e3-4bd9-a638-6c3c33ff2b92 req-2449cc22-c3e3-4bd9-a638-6c3c33ff2b92 ] Request (MigrationsAdminTest:test_resize_server_revert_deleted_flavor): 202 POST http://10.180.1.21/compute/v2.1/servers 0.400s
2025-11-12 19:18:58.643 65609 INFO tempest.lib.common.rest_client [req-b98f4508-1ac8-4521-927d-caf803282f2d req-b98f4508-1ac8-4521-927d-caf803282f2d ] Request (SecurityGroupsTestJSON:test_server_security_groups): 200 POST http://10.180.1.21/compute/v2.1/os-security-groups 0.437s
2025-11-12 19:18:58.661 65615 INFO tempest.lib.common.rest_client [req-62a0e3a2-4d27-4fa4-a7fd-b1243a28c4ae req-62a0e3a2-4d27-4fa4-a7fd-b1243a28c4ae ] Request (ImagesOneServerTestJSON:tearDownClass): 200 GET http://10.180.1.21/compute/v2.1/servers/6c865e08-0b76-4f9b-ade9-6f425de451bd 0.468s
2025-11-12 19:18:58.671 65633 INFO tempest.lib.common.rest_client [req-a822be60-3bf4-4ab6-82bd-37770ff3f2f0 req-a822be60-3bf4-4ab6-82bd-37770ff3f2f0 ] Request (VolumesAssistedSnapshotsTest:tearDownClass): 202 DELETE http://10.180.1.21/compute/v2.1/os-keypairs/tempest-keypair-2079543027 0.442s
2025-11-12 19:18:58.702 65629 INFO tempest.lib.common.rest_client [req-89d58138-c8b3-4a1f-b767-f1dadff3db2e req-89d58138-c8b3-4a1f-b767-f1dadff3db2e ] Request (DeleteServersAdminTestJSON:tearDownClass): 404 DELETE http://10.180.1.21/compute/v2.1/servers/18e299a7-157b-4faa-8655-36866d27083a 0.408s
2025-11-12 19:18:58.746 65609 INFO tempest.lib.common.rest_client [req-945453f3-173c-405f-a198-6c010905f909 req-945453f3-173c-405f-a198-6c010905f909 ] Request (SecurityGroupsTestJSON:test_server_security_groups): 201 POST http://10.180.1.21/identity/v3/auth/tokens 0.096s
2025-11-12 19:18:58.746 65609 INFO tempest.lib.common.fixed_network [-] (SecurityGroupsTestJSON:test_server_security_groups) Found network {'id': 'e6ed006a-0916-4520-815c-61cdcaf8c020', 'name': 'tempest-SecurityGroupsTestJSON-1561223306-network', 'tenant_id': 'cd074fd18c764b5899392a3f724ca405', 'project_id': 'cd074fd18c764b5899392a3f724ca405', 'admin_state_up': True, 'mtu': 8950, 'status': 'ACTIVE', 'subnets': [], 'shared': False, 'port_security_enabled': True, 'router:external': False, 'provider:network_type': 'vlan', 'provider:physical_network': 'default', 'provider:segmentation_id': 491, 'availability_zone_hints': [], 'availability_zones': [], 'ipv4_address_scope': None, 'ipv6_address_scope': None, 'description': '', 'tags': [], 'created_at': '2025-11-12T19:17:24Z', 'updated_at': '2025-11-12T19:17:24Z', 'revision_number': 1} available for tenant
2025-11-12 19:18:58.789 65633 INFO tempest.lib.common.rest_client [req-6fccc16c-9977-466c-b6e8-ac722f98f592 req-6fccc16c-9977-466c-b6e8-ac722f98f592 ] Request (VolumesAssistedSnapshotsTest:tearDownClass): 204 DELETE http://10.180.1.21/networking/v2.0/security-groups/2b4ba893-d971-4157-918e-849800cf3cf8 0.117s
2025-11-12 19:18:58.803 65668 INFO paramiko.transport [-] Connected (version 2.0, client dropbear_2020.81)
2025-11-12 19:18:58.811 65651 INFO tempest.lib.common.rest_client [req-67e9419f-1786-4cb5-aae8-a0c68eb12379 req-67e9419f-1786-4cb5-aae8-a0c68eb12379 ] Request (ListServersNegativeTestJSON:setUpClass): 200 GET http://10.180.1.21/compute/v2.1/servers/c56d3b3a-ee80-4270-b278-2bcdf8f21e83 0.558s
2025-11-12 19:18:58.830 65633 INFO tempest.lib.common.rest_client [req-cab17c63-f05e-4aad-aebe-8b38bb959e0d req-cab17c63-f05e-4aad-aebe-8b38bb959e0d ] Request (VolumesAssistedSnapshotsTest:tearDownClass): 404 GET http://10.180.1.21/networking/v2.0/security-groups/2b4ba893-d971-4157-918e-849800cf3cf8 0.040s
2025-11-12 19:18:58.834 65657 INFO tempest.lib.common.rest_client [req-f782cccf-5b74-4b9f-881a-892f10ac942a req-f782cccf-5b74-4b9f-881a-892f10ac942a ] Request (ListServerFiltersTestJSON:tearDownClass): 200 GET http://10.180.1.21/compute/v2.1/servers/43b79ae6-17a3-4424-8d6b-ffdc8815616b 0.503s
2025-11-12 19:18:58.880 65668 INFO paramiko.transport [-] Authentication (publickey) successful!
2025-11-12 19:18:58.880 65668 INFO tempest.lib.common.ssh [-] ssh connection to cirros@10.180.180.197 successfully created
2025-11-12 19:18:58.889 65668 INFO tempest.lib.common.ssh [-] Creating ssh connection to '10.180.180.197:22' as 'cirros' with public key authentication
2025-11-12 19:18:58.894 65668 INFO paramiko.transport [-] Connected (version 2.0, client dropbear_2020.81)
2025-11-12 19:18:58.951 65668 INFO paramiko.transport [-] Authentication (publickey) successful!
2025-11-12 19:18:58.951 65668 INFO tempest.lib.common.ssh [-] ssh connection to cirros@10.180.180.197 successfully created
2025-11-12 19:18:59.121 65633 INFO tempest.lib.common.rest_client [req-98f7d046-b824-43c9-8577-a5e6b1c29c63 req-98f7d046-b824-43c9-8577-a5e6b1c29c63 ] Request (VolumesAssistedSnapshotsTest:tearDownClass): 204 DELETE http://10.180.1.21/networking/v2.0/floatingips/dd5c8dcb-60f2-4977-8cfd-57887904aeab 0.290s
2025-11-12 19:18:59.145 65633 INFO tempest.lib.common.rest_client [req-18081d85-8117-4147-9559-7bf20a83ccc5 req-18081d85-8117-4147-9559-7bf20a83ccc5 ] Request (VolumesAssistedSnapshotsTest:tearDownClass): 404 DELETE http://10.180.1.21/volume/v3/volumes/074589a1-bd12-4f79-8ea1-906abdbe68de 0.024s
2025-11-12 19:18:59.147 65655 INFO tempest.lib.common.rest_client [req-4ee07cb4-df2e-445e-ae12-5e6d36f6ed2e req-4ee07cb4-df2e-445e-ae12-5e6d36f6ed2e ] Request (ServersTestMultiNic:_run_cleanups): 200 GET http://10.180.1.21/compute/v2.1/servers/47e3cb96-aa69-47a0-bc95-f98cf56f8192 0.774s
2025-11-12 19:18:59.155 65673 WARNING tempest.lib.common.ssh [-] Failed to establish authenticated ssh connection to cirros@10.180.180.204 ([Errno None] Unable to connect to port 22 on 10.180.180.204). Number attempts: 3. Retry after 4 seconds.: paramiko.ssh_exception.NoValidConnectionsError: [Errno None] Unable to connect to port 22 on 10.180.180.204
2025-11-12 19:18:59.164 65627 INFO tempest.lib.common.rest_client [req-988cd6b1-f90f-46f3-9e8d-dceb2abe0d50 req-988cd6b1-f90f-46f3-9e8d-dceb2abe0d50 ] Request (ServersAdminTestJSON:test_inject_network_info): 200 GET http://10.180.1.21/compute/v2.1/servers/7ecabe2f-4907-4349-b968-32928b71b8c9 0.738s
2025-11-12 19:18:59.166 65633 INFO tempest.lib.common.rest_client [req-11891ec4-0300-4790-a3e5-87ac8963053c req-11891ec4-0300-4790-a3e5-87ac8963053c ] Request (VolumesAssistedSnapshotsTest:tearDownClass): 404 GET http://10.180.1.21/volume/v3/volumes/074589a1-bd12-4f79-8ea1-906abdbe68de 0.020s
2025-11-12 19:18:59.963 65633 INFO tempest.lib.common.rest_client [req-4982dc7d-540f-4c7d-9861-6d8fb6a43a4e req-4982dc7d-540f-4c7d-9861-6d8fb6a43a4e ] Request (VolumesAssistedSnapshotsTest:tearDownClass): 200 PUT http://10.180.1.21/networking/v2.0/routers/48b39371-1bbe-4c0b-95b6-295f535364e1/remove_router_interface 0.797s
2025-11-12 19:18:59.987 65607 INFO tempest.lib.common.rest_client [req-70665d99-7827-4c98-827e-9d102d497e0f req-70665d99-7827-4c98-827e-9d102d497e0f ] Request (ImagesNegativeTestJSON:test_create_image_from_deleted_server): 200 GET http://10.180.1.21/compute/v2.1/servers/2ded6d70-3f81-4051-aaf3-19dad5fec64d 1.522s
2025-11-12 19:19:00.005 65619 INFO tempest.lib.common.rest_client [req-ebd6c0a3-4dcf-417d-bb14-473b5aefa22c req-ebd6c0a3-4dcf-417d-bb14-473b5aefa22c ] Request (InstanceActionsV221TestJSON:test_get_list_deleted_instance_actions): 200 GET http://10.180.1.21/compute/v2.1/servers/85684611-6017-41e8-9c0c-babbff5c1230 1.490s
2025-11-12 19:19:00.314 65650 INFO tempest.lib.common.rest_client [req-57df22ed-a0a1-4349-81d1-43cb7eb8a985 req-57df22ed-a0a1-4349-81d1-43cb7eb8a985 ] Request (ServersV294TestFqdnHostnames:setUpClass): 200 GET http://10.180.1.21/compute/v2.1/servers/51076da4-590e-4e1a-894d-2efbcacb0a67 1.785s
2025-11-12 19:19:00.323 65639 INFO tempest.lib.common.rest_client [req-fa5c2395-03f3-406a-8715-89f97b02350b req-fa5c2395-03f3-406a-8715-89f97b02350b ] Request (MigrationsAdminTest:test_resize_server_revert_deleted_flavor): 200 GET http://10.180.1.21/compute/v2.1/servers/d7b7b7a9-7b04-47d9-972c-e31f78cdd477 1.802s
2025-11-12 19:19:00.395 65633 INFO tempest.lib.common.rest_client [req-c142aa4b-bea9-467a-95f7-a74d81c531b9 req-c142aa4b-bea9-467a-95f7-a74d81c531b9 ] Request (VolumesAssistedSnapshotsTest:tearDownClass): 204 DELETE http://10.180.1.21/networking/v2.0/routers/48b39371-1bbe-4c0b-95b6-295f535364e1 0.432s
2025-11-12 19:19:00.438 65623 INFO tempest.lib.common.rest_client [req-9df9bdf7-e979-4f85-8fa9-985083a754d5 req-9df9bdf7-e979-4f85-8fa9-985083a754d5 ] Request (ServerActionsTestOtherA:test_rebuild_server_in_stop_state): 200 GET http://10.180.1.21/compute/v2.1/servers/f66a18c6-e96f-4351-a213-a4d40db18c70 1.831s
2025-11-12 19:19:00.529 65611 INFO tempest.lib.common.rest_client [req-ef9df9c7-b3e3-414a-94dd-784b87ddf284 req-ef9df9c7-b3e3-414a-94dd-784b87ddf284 ] Request (ServersTestFqdnHostnames:test_create_server_with_fqdn_name): 200 GET http://10.180.1.21/compute/v2.1/servers/dff84c9d-df80-471d-b6bf-00765ebbee9d 1.949s
2025-11-12 19:19:00.536 65611 INFO tempest.common.waiters [-] State transition "BUILD/None" ==> "BUILD/spawning" after 57 second wait
2025-11-12 19:19:00.556 65629 INFO tempest.lib.common.rest_client [req-b228f7d6-8767-4491-b6be-18f2e32afb63 req-b228f7d6-8767-4491-b6be-18f2e32afb63 ] Request (DeleteServersAdminTestJSON:tearDownClass): 404 GET http://10.180.1.21/compute/v2.1/servers/18e299a7-157b-4faa-8655-36866d27083a 1.854s
2025-11-12 19:19:00.586 65633 INFO tempest.lib.common.rest_client [req-45ecd029-328a-4689-8912-d257e0d99339 req-45ecd029-328a-4689-8912-d257e0d99339 ] Request (VolumesAssistedSnapshotsTest:tearDownClass): 204 DELETE http://10.180.1.21/networking/v2.0/subnets/aa53b5eb-eabd-4469-a5b5-e3dd2cdf3bc7 0.190s
2025-11-12 19:19:00.609 65647 INFO tempest.lib.common.rest_client [req-97b01d03-7cc3-42f5-ba2b-0c03fc2464ec req-97b01d03-7cc3-42f5-ba2b-0c03fc2464ec ] Request (ServersAdminNegativeTestJSON:tearDownClass): 200 GET http://10.180.1.21/compute/v2.1/servers/6efc97c4-663b-4f86-bc2d-3aa60ff6eb5d 1.954s
2025-11-12 19:19:00.755 65621 INFO tempest.lib.common.rest_client [req-eb157101-4cf9-4459-850d-d645e51facab req-eb157101-4cf9-4459-850d-d645e51facab ] Request (ServerGroupTestJSON:test_create_server_with_scheduler_hint_group): 200 GET http://10.180.1.21/compute/v2.1/servers/c557fb4b-61da-4097-b23c-dc3e76bf0ce5 1.957s
2025-11-12 19:19:00.817 65669 INFO tempest.lib.common.rest_client [req-56a55206-4a5a-41e6-b1a6-76fc0f1e501f req-56a55206-4a5a-41e6-b1a6-76fc0f1e501f ] Request (ImagesOneServerNegativeTestJSON:_run_cleanups): 200 GET http://10.180.1.21/compute/v2.1/servers/0e33f53c-8ef1-48cd-93b0-e66028214faf 1.971s
2025-11-12 19:19:00.853 65633 INFO tempest.lib.common.rest_client [req-73ca2a0d-8f9f-4986-8e5e-152aaaa1cb9a req-73ca2a0d-8f9f-4986-8e5e-152aaaa1cb9a ] Request (VolumesAssistedSnapshotsTest:tearDownClass): 204 DELETE http://10.180.1.21/networking/v2.0/networks/1ff3088f-8c36-423f-889e-9333f2655772 0.264s
2025-11-12 19:19:00.878 65653 INFO tempest.lib.common.rest_client [req-53520b8b-c4d2-42a8-ab65-3bd41fc4ec92 req-53520b8b-c4d2-42a8-ab65-3bd41fc4ec92 ] Request (ServerShowV257Test:test_rebuild_server): 200 GET http://10.180.1.21/compute/v2.1/servers/072b5161-73d3-4868-a841-2d2572e87cb1 1.972s
2025-11-12 19:19:00.888 65653 INFO tempest.common.waiters [-] State transition "BUILD/scheduling" ==> "BUILD/None" after 10 second wait
2025-11-12 19:19:00.955 65635 INFO tempest.lib.common.rest_client [req-20bd40f1-b8a6-43c8-93eb-c9db7e766b0a req-20bd40f1-b8a6-43c8-93eb-c9db7e766b0a ] Request (FloatingIPsAssociationTestJSON:test_associate_already_associated_floating_ip): 200 GET http://10.180.1.21/compute/v2.1/servers/dcff6844-6b2c-4ad3-9f80-c56d461238ff 1.999s
2025-11-12 19:19:01.053 65668 INFO tempest.lib.common.rest_client [req-141ba2af-db6b-4ef3-81b2-addff2ab7b34 req-141ba2af-db6b-4ef3-81b2-addff2ab7b34 ] Request (ServerActionsTestJSON:test_reboot_server_hard): 202 POST http://10.180.1.21/compute/v2.1/servers/76dd4bc5-bd74-4e31-847d-694c8c650640/action 2.090s
2025-11-12 19:19:01.082 65609 INFO tempest.lib.common.rest_client [req-95116d11-b7ac-45bf-aad6-c66f3f7c7d5f req-95116d11-b7ac-45bf-aad6-c66f3f7c7d5f ] Request (SecurityGroupsTestJSON:test_server_security_groups): 202 POST http://10.180.1.21/compute/v2.1/servers 2.336s
2025-11-12 19:19:01.134 65631 INFO tempest.lib.common.rest_client [req-37af58b7-7811-4f4b-9f55-f78426f6910f req-37af58b7-7811-4f4b-9f55-f78426f6910f ] Request (ListImageFiltersTestJSON:setUpClass): 200 GET http://10.180.1.21/compute/v2.1/images/7448be76-e331-4c0b-8c7c-8373429fb129 2.091s
2025-11-12 19:19:01.428 65659 INFO tempest.lib.common.rest_client [req-0805644f-aae2-47f5-9399-8ba234581632 req-0805644f-aae2-47f5-9399-8ba234581632 ] Request (ServersTestManualDisk:setUpClass): 200 GET http://10.180.1.21/compute/v2.1/servers/948a3cb2-1cb8-4307-84f1-813f8e5b28fa 2.404s
2025-11-12 19:19:01.729 65633 INFO tempest.lib.common.rest_client [req-97abb3b3-0705-42f9-910a-5f79d23c997f req-97abb3b3-0705-42f9-910a-5f79d23c997f ] Request (VolumesAssistedSnapshotsTest:tearDownClass): 200 PUT http://10.180.1.21/networking/v2.0/routers/9e71b75d-2a00-4246-b1a4-5e02110ac87e/remove_router_interface 0.875s
2025-11-12 19:19:01.777 65645 INFO tempest.lib.common.rest_client [req-3d257840-2930-4639-9639-045a324eb41c req-3d257840-2930-4639-9639-045a324eb41c ] Request (FloatingIPsAssociationNegativeTestJSON:setUpClass): 200 GET http://10.180.1.21/compute/v2.1/servers/ebe617cd-3144-4af1-8f90-b97a677e3c69 2.545s
2025-11-12 19:19:01.792 65645 INFO tempest.common.waiters [-] State transition "BUILD/None" ==> "BUILD/networking" after 56 second wait
2025-11-12 19:19:01.798 65665 INFO tempest.lib.common.rest_client [req-6eccb1a8-8e12-48df-b1c1-d1da435cf53f req-6eccb1a8-8e12-48df-b1c1-d1da435cf53f ] Request (ImagesTestJSON:test_create_image_from_suspended_server): 200 GET http://10.180.1.21/compute/v2.1/servers/db8bba23-aa1f-41d8-8141-ed795c60f41b 2.518s
2025-11-12 19:19:02.280 65633 INFO tempest.lib.common.rest_client [req-2ebc8f12-5577-42a6-b278-8b65230c7693 req-2ebc8f12-5577-42a6-b278-8b65230c7693 ] Request (VolumesAssistedSnapshotsTest:tearDownClass): 204 DELETE http://10.180.1.21/networking/v2.0/routers/9e71b75d-2a00-4246-b1a4-5e02110ac87e 0.551s
2025-11-12 19:19:02.330 65661 INFO tempest.lib.common.rest_client [req-046a4ea1-4643-4169-84f4-f7a5c5929daa req-046a4ea1-4643-4169-84f4-f7a5c5929daa ] Request (ServerAddressesNegativeTestJSON:tearDownClass): 200 GET http://10.180.1.21/compute/v2.1/servers/521dabf8-9f40-4021-98d2-f78aa6ceeb4d 2.910s
2025-11-12 19:19:02.337 65661 INFO tempest.common.waiters [-] State transition "ACTIVE/deleting" ==> "DELETED/None" after 4 second wait
2025-11-12 19:19:02.346 65625 INFO tempest.lib.common.rest_client [req-b7806c46-bf1c-430a-bf87-0b36ba1cc79b req-b7806c46-bf1c-430a-bf87-0b36ba1cc79b ] Request (ServersNegativeTestMultiTenantJSON:setUpClass): 200 GET http://10.180.1.21/compute/v2.1/servers/1a6917d5-3e59-4ad3-8bf0-9a73d0fd162e 2.848s
2025-11-12 19:19:02.500 65633 INFO tempest.lib.common.rest_client [req-5b0dcdcb-359a-410d-88ba-e29d54b32a79 req-5b0dcdcb-359a-410d-88ba-e29d54b32a79 ] Request (VolumesAssistedSnapshotsTest:tearDownClass): 204 DELETE http://10.180.1.21/networking/v2.0/subnets/fa8a65df-59eb-49ec-b282-802392bdc11b 0.219s
2025-11-12 19:19:02.573 65615 INFO tempest.lib.common.rest_client [req-e6c36018-0228-40a9-b160-16825224b4d4 req-e6c36018-0228-40a9-b160-16825224b4d4 ] Request (ImagesOneServerTestJSON:tearDownClass): 200 GET http://10.180.1.21/compute/v2.1/servers/6c865e08-0b76-4f9b-ade9-6f425de451bd 2.897s
2025-11-12 19:19:02.588 65651 INFO tempest.lib.common.rest_client [req-3cf6b0fd-0725-44ad-a6e3-ba2f0867d0b7 req-3cf6b0fd-0725-44ad-a6e3-ba2f0867d0b7 ] Request (ListServersNegativeTestJSON:setUpClass): 200 GET http://10.180.1.21/compute/v2.1/servers/c56d3b3a-ee80-4270-b278-2bcdf8f21e83 2.766s
2025-11-12 19:19:02.841 65633 INFO tempest.lib.common.rest_client [req-28122d37-700e-49db-a9a9-59d7c1966b54 req-28122d37-700e-49db-a9a9-59d7c1966b54 ] Request (VolumesAssistedSnapshotsTest:tearDownClass): 204 DELETE http://10.180.1.21/networking/v2.0/networks/c444bcc5-477a-4cbd-bf1a-a67d28cf0c24 0.340s
2025-11-12 19:19:02.940 65657 INFO tempest.lib.common.rest_client [req-3f528849-f02f-4f03-86c2-0ab9a2a47903 req-3f528849-f02f-4f03-86c2-0ab9a2a47903 ] Request (ListServerFiltersTestJSON:tearDownClass): 200 GET http://10.180.1.21/compute/v2.1/servers/43b79ae6-17a3-4424-8d6b-ffdc8815616b 3.096s
2025-11-12 19:19:02.953 65655 INFO tempest.lib.common.rest_client [req-eb140b1d-be48-4deb-b9d3-78db522ba45a req-eb140b1d-be48-4deb-b9d3-78db522ba45a ] Request (ServersTestMultiNic:_run_cleanups): 200 GET http://10.180.1.21/compute/v2.1/servers/47e3cb96-aa69-47a0-bc95-f98cf56f8192 2.794s
2025-11-12 19:19:02.974 65629 INFO tempest.lib.common.rest_client [req-bab31dd8-76c8-4076-9b03-b72125a3aaa8 req-bab31dd8-76c8-4076-9b03-b72125a3aaa8 ] Request (DeleteServersAdminTestJSON:tearDownClass): 404 DELETE http://10.180.1.21/compute/v2.1/servers/a3150edb-d5ed-46b6-8039-90384bc52414 2.417s
2025-11-12 19:19:03.252 65627 INFO tempest.lib.common.rest_client [req-ea5463a8-b114-4666-839a-f529a8fa57fc req-ea5463a8-b114-4666-839a-f529a8fa57fc ] Request (ServersAdminTestJSON:test_inject_network_info): 200 GET http://10.180.1.21/compute/v2.1/servers/7ecabe2f-4907-4349-b968-32928b71b8c9 3.075s
2025-11-12 19:19:03.266 65607 INFO tempest.lib.common.rest_client [req-58f2f38c-0890-4770-97fc-1f3ab96c17e6 req-58f2f38c-0890-4770-97fc-1f3ab96c17e6 ] Request (ImagesNegativeTestJSON:test_create_image_from_deleted_server): 200 GET http://10.180.1.21/compute/v2.1/servers/2ded6d70-3f81-4051-aaf3-19dad5fec64d 2.268s
2025-11-12 19:19:03.275 65607 INFO tempest.common.waiters [-] State transition "ACTIVE/deleting" ==> "DELETED/None" after 7 second wait
2025-11-12 19:19:03.318 65619 INFO tempest.lib.common.rest_client [req-5e4b524f-00bf-4d3c-9749-1f64da2398f8 req-5e4b524f-00bf-4d3c-9749-1f64da2398f8 ] Request (InstanceActionsV221TestJSON:test_get_list_deleted_instance_actions): 200 GET http://10.180.1.21/compute/v2.1/servers/85684611-6017-41e8-9c0c-babbff5c1230 2.295s
2025-11-12 19:19:03.435 65609 INFO tempest.lib.common.rest_client [req-ee51da36-27e8-4ee5-add0-c92cf509c78a req-ee51da36-27e8-4ee5-add0-c92cf509c78a ] Request (SecurityGroupsTestJSON:test_server_security_groups): 200 GET http://10.180.1.21/compute/v2.1/servers/98eeedbd-420e-4357-bd89-524deddbb2dc 2.351s
2025-11-12 19:19:03.472 65668 INFO tempest.lib.common.rest_client [req-cf90aeda-33ff-4f16-b6a9-5c07a2b6bb47 req-cf90aeda-33ff-4f16-b6a9-5c07a2b6bb47 ] Request (ServerActionsTestJSON:test_reboot_server_hard): 200 GET http://10.180.1.21/compute/v2.1/servers/76dd4bc5-bd74-4e31-847d-694c8c650640 2.418s
2025-11-12 19:19:03.538 65650 INFO tempest.lib.common.rest_client [req-64e96149-8e5f-4c44-bd70-b6506935acf7 req-64e96149-8e5f-4c44-bd70-b6506935acf7 ] Request (ServersV294TestFqdnHostnames:setUpClass): 200 GET http://10.180.1.21/compute/v2.1/servers/51076da4-590e-4e1a-894d-2efbcacb0a67 2.213s
2025-11-12 19:19:03.540 65639 INFO tempest.lib.common.rest_client [req-298db9bb-cdb6-4f97-aa91-4a04d2592042 req-298db9bb-cdb6-4f97-aa91-4a04d2592042 ] Request (MigrationsAdminTest:test_resize_server_revert_deleted_flavor): 200 GET http://10.180.1.21/compute/v2.1/servers/d7b7b7a9-7b04-47d9-972c-e31f78cdd477 2.207s
2025-11-12 19:19:03.608 65623 INFO tempest.lib.common.rest_client [req-afed846c-d68e-45f5-b17a-8310158004d7 req-afed846c-d68e-45f5-b17a-8310158004d7 ] Request (ServerActionsTestOtherA:test_rebuild_server_in_stop_state): 200 GET http://10.180.1.21/compute/v2.1/servers/f66a18c6-e96f-4351-a213-a4d40db18c70 2.159s
2025-11-12 19:19:03.676 65647 INFO tempest.lib.common.rest_client [req-dfcd011b-a1eb-42b8-b8ed-79f9d3edc212 req-dfcd011b-a1eb-42b8-b8ed-79f9d3edc212 ] Request (ServersAdminNegativeTestJSON:tearDownClass): 200 GET http://10.180.1.21/compute/v2.1/servers/6efc97c4-663b-4f86-bc2d-3aa60ff6eb5d 2.059s
2025-11-12 19:19:03.676 65633 INFO tempest.lib.common.rest_client [req-da6035b6-ff23-441f-be47-1a20196b6eee req-da6035b6-ff23-441f-be47-1a20196b6eee ] Request (VolumesAssistedSnapshotsTest:tearDownClass): 200 PUT http://10.180.1.21/networking/v2.0/routers/253f67ab-b070-42fb-af01-48e744e05629/remove_router_interface 0.835s
2025-11-12 19:19:03.706 65611 INFO tempest.lib.common.rest_client [req-002d0d9c-6413-4952-8cbb-ade96f86dad8 req-002d0d9c-6413-4952-8cbb-ade96f86dad8 ] Request (ServersTestFqdnHostnames:test_create_server_with_fqdn_name): 200 GET http://10.180.1.21/compute/v2.1/servers/dff84c9d-df80-471d-b6bf-00765ebbee9d 2.168s
2025-11-12 19:19:03.738 65621 INFO tempest.lib.common.rest_client [req-54e1ac31-7db9-46c7-bbfe-97c22d254a22 req-54e1ac31-7db9-46c7-bbfe-97c22d254a22 ] Request (ServerGroupTestJSON:test_create_server_with_scheduler_hint_group): 200 GET http://10.180.1.21/compute/v2.1/servers/c557fb4b-61da-4097-b23c-dc3e76bf0ce5 1.973s
2025-11-12 19:19:03.763 65669 INFO tempest.lib.common.rest_client [req-80f48bb5-c9c3-4cb6-b030-f443bb531d46 req-80f48bb5-c9c3-4cb6-b030-f443bb531d46 ] Request (ImagesOneServerNegativeTestJSON:_run_cleanups): 200 GET http://10.180.1.21/compute/v2.1/servers/0e33f53c-8ef1-48cd-93b0-e66028214faf 1.938s
2025-11-12 19:19:03.797 65653 INFO tempest.lib.common.rest_client [req-1a72145f-edb8-4717-8d6b-0dbe447f04a6 req-1a72145f-edb8-4717-8d6b-0dbe447f04a6 ] Request (ServerShowV257Test:test_rebuild_server): 200 GET http://10.180.1.21/compute/v2.1/servers/072b5161-73d3-4868-a841-2d2572e87cb1 1.908s
2025-11-12 19:19:03.825 65635 INFO tempest.lib.common.rest_client [req-3712d760-a994-413e-98c6-86513c11b91c req-3712d760-a994-413e-98c6-86513c11b91c ] Request (FloatingIPsAssociationTestJSON:test_associate_already_associated_floating_ip): 200 GET http://10.180.1.21/compute/v2.1/servers/dcff6844-6b2c-4ad3-9f80-c56d461238ff 1.861s
2025-11-12 19:19:03.839 65631 INFO tempest.lib.common.rest_client [req-1215de82-6f30-494c-96c7-4ced4d2f6ad1 req-1215de82-6f30-494c-96c7-4ced4d2f6ad1 ] Request (ListImageFiltersTestJSON:setUpClass): 200 GET http://10.180.1.21/compute/v2.1/images/7448be76-e331-4c0b-8c7c-8373429fb129 1.697s
2025-11-12 19:19:03.877 65659 INFO tempest.lib.common.rest_client [req-ff2b6bcf-1056-4c93-9971-8740887638f3 req-ff2b6bcf-1056-4c93-9971-8740887638f3 ] Request (ServersTestManualDisk:setUpClass): 200 GET http://10.180.1.21/compute/v2.1/servers/948a3cb2-1cb8-4307-84f1-813f8e5b28fa 1.437s
2025-11-12 19:19:04.103 65633 INFO tempest.lib.common.rest_client [req-23d463cf-f43e-47c3-8eb3-4143f060707b req-23d463cf-f43e-47c3-8eb3-4143f060707b ] Request (VolumesAssistedSnapshotsTest:tearDownClass): 204 DELETE http://10.180.1.21/networking/v2.0/routers/253f67ab-b070-42fb-af01-48e744e05629 0.425s
2025-11-12 19:19:04.305 65633 INFO tempest.lib.common.rest_client [req-3b20ff43-90c2-40f6-b467-955711d8be83 req-3b20ff43-90c2-40f6-b467-955711d8be83 ] Request (VolumesAssistedSnapshotsTest:tearDownClass): 204 DELETE http://10.180.1.21/networking/v2.0/subnets/390fdd5e-d96f-426a-a8ae-188fc0bb7142 0.201s
2025-11-12 19:19:04.380 65665 INFO tempest.lib.common.rest_client [req-83c2a81e-1c5c-4250-991c-3fed195b416e req-83c2a81e-1c5c-4250-991c-3fed195b416e ] Request (ImagesTestJSON:test_create_image_from_suspended_server): 200 GET http://10.180.1.21/compute/v2.1/servers/db8bba23-aa1f-41d8-8141-ed795c60f41b 1.567s
2025-11-12 19:19:04.396 65645 INFO tempest.lib.common.rest_client [req-b454ff6c-5d09-47e2-858a-af56af35d002 req-b454ff6c-5d09-47e2-858a-af56af35d002 ] Request (FloatingIPsAssociationNegativeTestJSON:setUpClass): 200 GET http://10.180.1.21/compute/v2.1/servers/ebe617cd-3144-4af1-8f90-b97a677e3c69 1.602s
2025-11-12 19:19:04.406 65629 INFO tempest.lib.common.rest_client [req-c063af1e-a38d-4a02-8cb2-38a58886afd6 req-c063af1e-a38d-4a02-8cb2-38a58886afd6 ] Request (DeleteServersAdminTestJSON:tearDownClass): 404 GET http://10.180.1.21/compute/v2.1/servers/a3150edb-d5ed-46b6-8039-90384bc52414 1.431s
2025-11-12 19:19:04.408 65645 INFO tempest.common.waiters [-] State transition "BUILD/networking" ==> "BUILD/spawning" after 59 second wait
2025-11-12 19:19:04.545 65625 INFO tempest.lib.common.rest_client [req-25976b31-f677-41ae-ad79-43666d0d0891 req-25976b31-f677-41ae-ad79-43666d0d0891 ] Request (ServersNegativeTestMultiTenantJSON:setUpClass): 200 GET http://10.180.1.21/compute/v2.1/servers/1a6917d5-3e59-4ad3-8bf0-9a73d0fd162e 1.189s
2025-11-12 19:19:04.577 65629 INFO tempest.lib.common.rest_client [req-4639f1c4-cf57-4fe3-b6a1-179c90db5c7a req-4639f1c4-cf57-4fe3-b6a1-179c90db5c7a ] Request (DeleteServersAdminTestJSON:tearDownClass): 204 DELETE http://10.180.1.21/identity/v3/users/257593fc97a94559926ccf81fd69a48a 0.169s
2025-11-12 19:19:04.598 65661 INFO tempest.lib.common.rest_client [req-fdc8d5f6-bd9c-4fe0-9d00-4bc2754bca2e req-fdc8d5f6-bd9c-4fe0-9d00-4bc2754bca2e ] Request (ServerAddressesNegativeTestJSON:tearDownClass): 200 GET http://10.180.1.21/compute/v2.1/servers/521dabf8-9f40-4021-98d2-f78aa6ceeb4d 1.259s
2025-11-12 19:19:04.690 65615 INFO tempest.lib.common.rest_client [req-31761b45-c04c-4acf-9318-6db26608021d req-31761b45-c04c-4acf-9318-6db26608021d ] Request (ImagesOneServerTestJSON:tearDownClass): 200 GET http://10.180.1.21/compute/v2.1/servers/6c865e08-0b76-4f9b-ade9-6f425de451bd 1.108s
2025-11-12 19:19:04.712 65633 INFO tempest.lib.common.rest_client [req-280ed87b-2605-4fff-a55e-e8cb7ed79b37 req-280ed87b-2605-4fff-a55e-e8cb7ed79b37 ] Request (VolumesAssistedSnapshotsTest:tearDownClass): 204 DELETE http://10.180.1.21/networking/v2.0/networks/fd899f91-3872-489b-99b7-c0e943103a8c 0.406s
2025-11-12 19:19:04.717 65629 INFO tempest.lib.common.rest_client [req-a06b3b6f-15ac-4e91-9c5e-ce2d603b3977 req-a06b3b6f-15ac-4e91-9c5e-ce2d603b3977 ] Request (DeleteServersAdminTestJSON:tearDownClass): 204 DELETE http://10.180.1.21/identity/v3/users/cf9e2746fc094e85828775369ad577e6 0.140s
2025-11-12 19:19:04.717 65629 INFO tempest.lib.common.dynamic_creds [-] Deleting project and security group for project: 18bcdd3eabda4e9ea5706529e8cea2dc
2025-11-12 19:19:04.728 65651 INFO tempest.lib.common.rest_client [req-1453b05f-d6c8-4629-b70a-a5701581b175 req-1453b05f-d6c8-4629-b70a-a5701581b175 ] Request (ListServersNegativeTestJSON:setUpClass): 200 GET http://10.180.1.21/compute/v2.1/servers/c56d3b3a-ee80-4270-b278-2bcdf8f21e83 1.132s
2025-11-12 19:19:04.774 65657 INFO tempest.lib.common.rest_client [req-89e8c991-30aa-4059-933e-fd60a4334cb0 req-89e8c991-30aa-4059-933e-fd60a4334cb0 ] Request (ListServerFiltersTestJSON:tearDownClass): 200 GET http://10.180.1.21/compute/v2.1/servers/43b79ae6-17a3-4424-8d6b-ffdc8815616b 0.825s
2025-11-12 19:19:04.781 65629 INFO tempest.lib.common.rest_client [req-6dbdbb8e-234f-43dd-85d1-b25272896c13 req-6dbdbb8e-234f-43dd-85d1-b25272896c13 ] Request (DeleteServersAdminTestJSON:tearDownClass): 201 POST http://10.180.1.21/identity/v3/auth/tokens 0.064s
