2025-11-12 19:20:06.817 65621 INFO tempest.lib.common.rest_client [req-893c83b3-ef11-44b7-83c9-d5565c3ca3fb req-893c83b3-ef11-44b7-83c9-d5565c3ca3fb ] Request (ServerGroupTestJSON:tearDownClass): 204 DELETE http://10.180.1.21/identity/v3/projects/650ad4fb7f374fd59329ac5d9b7abca2 0.190s
2025-11-12 19:20:06.847 65623 INFO tempest.lib.common.rest_client [req-8f82a272-0d3e-4ff4-8c32-cb5fbdfef4b5 req-8f82a272-0d3e-4ff4-8c32-cb5fbdfef4b5 ] Request (ServerActionsTestOtherA:test_rebuild_server_in_stop_state): 200 GET http://10.180.1.21/compute/v2.1/servers/f66a18c6-e96f-4351-a213-a4d40db18c70 0.496s
2025-11-12 19:20:06.855 65623 INFO tempest.common.waiters [-] State transition "REBUILD/rebuilding" ==> "REBUILD/rebuild_spawning" after 3 second wait
2025-11-12 19:20:06.867 65673 INFO tempest.lib.common.rest_client [req-46823407-603c-42f7-8417-0ca791ef2324 req-46823407-603c-42f7-8417-0ca791ef2324 ] Request (AttachInterfacesUnderV243Test:_run_cleanups): 200 GET http://10.180.1.21/compute/v2.1/servers/683ebda3-a98b-44f8-ac46-4b298820ade5 0.411s
2025-11-12 19:20:06.896 65621 INFO tempest.lib.common.rest_client [req-46e231da-4514-44a1-9a48-db32a7d9b6ea req-46e231da-4514-44a1-9a48-db32a7d9b6ea ] Request (ServerRescueNegativeTestJSON:setUpClass): 201 POST http://10.180.1.21/identity/v3/auth/tokens 0.077s
2025-11-12 19:20:06.916 65631 INFO tempest.lib.common.rest_client [req-7c9da3de-63d3-4668-b62a-50e08fcee5cb req-7c9da3de-63d3-4668-b62a-50e08fcee5cb ] Request (ListImageFiltersTestJSON:tearDownClass): 200 GET http://10.180.1.21/compute/v2.1/servers/ed4627d4-00a7-4abd-8138-7f26bdf31484 0.344s
2025-11-12 19:20:06.929 65621 INFO tempest.lib.common.rest_client [req-1c184956-f773-41d5-b6e8-21abc20cdc8e req-1c184956-f773-41d5-b6e8-21abc20cdc8e ] Request (ServerRescueNegativeTestJSON:setUpClass): 201 POST http://10.180.1.21/identity/v3/auth/tokens 0.031s
2025-11-12 19:20:06.963 65621 INFO tempest.lib.common.rest_client [req-e76154b2-9ef5-47a5-945f-654b7b0e3c04 req-e76154b2-9ef5-47a5-945f-654b7b0e3c04 ] Request (ServerRescueNegativeTestJSON:setUpClass): 200 GET http://10.180.1.21/identity/v3/domains?name=Default 0.033s
2025-11-12 19:20:06.974 65633 INFO tempest.lib.common.rest_client [req-e44ca1ee-d07d-4afd-ae24-2594805deef6 req-e44ca1ee-d07d-4afd-ae24-2594805deef6 ] Request (ServersWithSpecificFlavorTestJSON:test_verify_created_server_ephemeral_disk): 200 GET http://10.180.1.21/compute/v2.1/servers/5d7f367e-5ab1-4b37-b609-7034865ab9d5 0.316s
2025-11-12 19:20:06.999 65621 INFO tempest.lib.common.rest_client [req-9de5b9bd-fa6b-4af2-bb8b-461f88d55fdb req-9de5b9bd-fa6b-4af2-bb8b-461f88d55fdb ] Request (ServerRescueNegativeTestJSON:setUpClass): 201 POST http://10.180.1.21/identity/v3/projects 0.036s
2025-11-12 19:20:07.018 65639 INFO tempest.lib.common.rest_client [req-aec89f7e-ed9a-474d-b2cb-c00870c05f77 req-aec89f7e-ed9a-474d-b2cb-c00870c05f77 ] Request (MigrationsAdminTest:test_resize_server_revert_deleted_flavor): 202 POST http://10.180.1.21/compute/v2.1/servers/d7b7b7a9-7b04-47d9-972c-e31f78cdd477/action 0.378s
2025-11-12 19:20:07.044 65668 INFO tempest.lib.common.rest_client [req-b83c0b9b-d3f2-49a9-82fb-1e156f591ee4 req-b83c0b9b-d3f2-49a9-82fb-1e156f591ee4 ] Request (ServerActionsTestJSON:test_rebuild_server): 200 GET http://10.180.1.21/compute/v2.1/servers/461ec4f6-3565-48be-a468-e5ba6e188a57 0.352s
2025-11-12 19:20:07.093 65621 INFO tempest.lib.common.rest_client [req-90b69fb6-c3e9-437f-9c7c-ab2736c26b3a req-90b69fb6-c3e9-437f-9c7c-ab2736c26b3a ] Request (ServerRescueNegativeTestJSON:setUpClass): 201 POST http://10.180.1.21/identity/v3/users 0.093s
2025-11-12 19:20:07.105 65615 INFO tempest.lib.common.rest_client [req-c4fa8eda-3a7f-4bc1-9461-555d56c56942 req-c4fa8eda-3a7f-4bc1-9461-555d56c56942 ] Request (AttachInterfacesTestJSON:test_create_list_show_delete_interfaces_by_fixed_ip): 200 GET http://10.180.1.21/compute/v2.1/servers/c0e91a5f-97bd-483e-a4e0-3934173621ce 0.380s
2025-11-12 19:20:07.128 65621 INFO tempest.lib.common.rest_client [req-10c40245-57cf-43c2-a78f-5c14b0680f3b req-10c40245-57cf-43c2-a78f-5c14b0680f3b ] Request (ServerRescueNegativeTestJSON:setUpClass): 200 GET http://10.180.1.21/identity/v3/roles 0.033s
2025-11-12 19:20:07.129 65655 INFO tempest.lib.common.rest_client [req-c2d3037c-c51d-4694-ab84-d6b5e4b8f679 req-c2d3037c-c51d-4694-ab84-d6b5e4b8f679 ] Request (ServersTestMultiNic:test_verify_multiple_nics_order): 200 GET http://10.180.1.21/compute/v2.1/servers/a1e737f7-e558-4e8d-89db-98ce3db04a4e 0.361s
2025-11-12 19:20:07.172 65621 INFO tempest.lib.common.rest_client [req-e3dde2da-0622-474d-bb60-ef45b55f257f req-e3dde2da-0622-474d-bb60-ef45b55f257f ] Request (ServerRescueNegativeTestJSON:setUpClass): 204 PUT http://10.180.1.21/identity/v3/projects/affe0e214d0240b7ae3bcc2179795d54/users/0033c4fa25264d39a9f3d27743127e04/roles/0eb8b6efe5674aa19ce5bbe721caf1b9 0.043s
2025-11-12 19:20:07.172 65621 INFO tempest.lib.common.dynamic_creds [-] Dynamic test user 0033c4fa25264d39a9f3d27743127e04 is created with scope project and roles: ['member']
2025-11-12 19:20:07.172 65621 INFO tempest.lib.common.dynamic_creds [-] Acquired dynamic creds: credentials: Credentials: {'domain_id': 'default', 'domain_name': 'Default', 'username': 'tempest-ServerRescueNegativeTestJSON-1552177185-project-member', 'project_domain_id': 'default', 'project_domain_name': 'Default', 'project_id': 'affe0e214d0240b7ae3bcc2179795d54', 'project_name': 'tempest-ServerRescueNegativeTestJSON-1552177185', 'tenant_id': 'affe0e214d0240b7ae3bcc2179795d54', 'tenant_name': 'tempest-ServerRescueNegativeTestJSON-1552177185', 'user_domain_id': 'default', 'user_domain_name': 'Default', 'user_id': '0033c4fa25264d39a9f3d27743127e04', 'system': None}, Network: None, Subnet: None, Router: None
2025-11-12 19:20:07.210 65645 INFO tempest.lib.common.rest_client [req-9a092aa0-14e4-409a-b95e-b9528553a5aa req-9a092aa0-14e4-409a-b95e-b9528553a5aa ] Request (FloatingIPsAssociationNegativeTestJSON:tearDownClass): 200 GET http://10.180.1.21/compute/v2.1/servers/ebe617cd-3144-4af1-8f90-b97a677e3c69 0.416s
2025-11-12 19:20:07.241 65651 INFO tempest.lib.common.rest_client [req-1a06a7dd-c30a-45f2-91c1-6a99961882c0 req-1a06a7dd-c30a-45f2-91c1-6a99961882c0 ] Request (ListServersNegativeTestJSON:tearDownClass): 200 GET http://10.180.1.21/compute/v2.1/servers/e73c35f6-3541-4ab4-82f8-7c5cc1c7b8e8 0.394s
2025-11-12 19:20:07.278 65621 INFO tempest.lib.common.rest_client [req-10d2a47a-6851-4dad-b807-d990a5cc48ed req-10d2a47a-6851-4dad-b807-d990a5cc48ed ] Request (ServerRescueNegativeTestJSON:setUpClass): 201 POST http://10.180.1.21/identity/v3/auth/tokens 0.105s
2025-11-12 19:20:07.302 65635 INFO tempest.lib.common.rest_client [req-490c9eda-0da6-48fe-97ba-64b1f7ba4dab req-490c9eda-0da6-48fe-97ba-64b1f7ba4dab ] Request (FloatingIPsAssociationTestJSON:tearDownClass): 200 GET http://10.180.1.21/compute/v2.1/servers/dcff6844-6b2c-4ad3-9f80-c56d461238ff 0.417s
2025-11-12 19:20:07.324 65629 INFO tempest.lib.common.rest_client [req-094ed632-28fb-4481-8d86-0a0e7cb49465 req-094ed632-28fb-4481-8d86-0a0e7cb49465 ] Request (ServerRescueTestJSONUnderV235:setUpClass): 200 GET http://10.180.1.21/compute/v2.1/servers/56c165f7-a83f-43c7-aed0-caf8ec19a428 0.413s
2025-11-12 19:20:07.647 65621 INFO tempest.lib.common.rest_client [req-819e8b89-fee7-45d9-a384-1051115d7dd8 req-819e8b89-fee7-45d9-a384-1051115d7dd8 ] Request (ServerRescueNegativeTestJSON:setUpClass): 201 POST http://10.180.1.21/networking/v2.0/networks 0.369s
2025-11-12 19:20:07.689 65639 INFO tempest.lib.common.rest_client [req-e595143d-4fdb-4898-920b-3beaa47da419 req-e595143d-4fdb-4898-920b-3beaa47da419 ] Request (MigrationsAdminTest:test_resize_server_revert_deleted_flavor): 200 GET http://10.180.1.21/compute/v2.1/servers/d7b7b7a9-7b04-47d9-972c-e31f78cdd477 0.671s
2025-11-12 19:20:07.705 65609 INFO tempest.lib.common.rest_client [req-2f142e04-b871-4497-b71a-781ff8e1753f req-2f142e04-b871-4497-b71a-781ff8e1753f ] Request (SecurityGroupsTestJSON:test_server_security_groups): 200 GET http://10.180.1.21/compute/v2.1/servers/98eeedbd-420e-4357-bd89-524deddbb2dc 0.674s
2025-11-12 19:20:07.777 65647 INFO tempest.lib.common.rest_client [req-294ea868-3c6e-4df0-9358-eb1f41c34e9a req-294ea868-3c6e-4df0-9358-eb1f41c34e9a ] Request (ServerDiskConfigTestJSON:test_rebuild_server_with_auto_disk_config): 200 GET http://10.180.1.21/compute/v2.1/servers/81c0f93a-2fa4-4e7a-a441-3c534b25099a 0.678s
2025-11-12 19:20:07.856 65627 INFO tempest.lib.common.rest_client [req-faa0cd01-8784-4620-aaaa-8d632927fde2 req-faa0cd01-8784-4620-aaaa-8d632927fde2 ] Request (ServersAdminTestJSON:test_rebuild_server_in_error_state): 200 GET http://10.180.1.21/compute/v2.1/servers/abcd5293-6abe-4959-a146-86fd257ae2f9 0.628s
2025-11-12 19:20:07.863 65627 INFO tempest.common.waiters [-] State transition "REBUILD/rebuilding" ==> "REBUILD/rebuild_spawning" after 3 second wait
2025-11-12 19:20:07.875 65611 INFO tempest.lib.common.rest_client [req-8a828ce5-0e3a-4e63-9dc7-867622bf7f9a req-8a828ce5-0e3a-4e63-9dc7-867622bf7f9a ] Request (ServersTestFqdnHostnames:tearDownClass): 200 GET http://10.180.1.21/compute/v2.1/servers/dff84c9d-df80-471d-b6bf-00765ebbee9d 0.561s
2025-11-12 19:20:07.931 65621 INFO tempest.lib.common.rest_client [req-8d59b8ea-2f7d-4dda-8245-ec2c79637b29 req-8d59b8ea-2f7d-4dda-8245-ec2c79637b29 ] Request (ServerRescueNegativeTestJSON:setUpClass): 201 POST http://10.180.1.21/networking/v2.0/subnets 0.283s
2025-11-12 19:20:07.931 65669 INFO tempest.lib.common.rest_client [req-11d2fe7f-dcc6-4cc8-9efa-017dcfd1d78c req-11d2fe7f-dcc6-4cc8-9efa-017dcfd1d78c ] Request (ImagesOneServerNegativeTestJSON:_run_cleanups): 200 GET http://10.180.1.21/compute/v2.1/servers/0e33f53c-8ef1-48cd-93b0-e66028214faf 0.576s
2025-11-12 19:20:07.951 65653 INFO tempest.lib.common.rest_client [req-43418eaa-7986-49ee-a215-b68b004be834 req-43418eaa-7986-49ee-a215-b68b004be834 ] Request (ServerShowV257Test:tearDownClass): 200 GET http://10.180.1.21/compute/v2.1/servers/072b5161-73d3-4868-a841-2d2572e87cb1 0.532s
2025-11-12 19:20:07.999 65625 INFO tempest.lib.common.rest_client [req-439f4630-7386-4f50-9758-0ea00db2fd3c req-439f4630-7386-4f50-9758-0ea00db2fd3c ] Request (ServersNegativeTestMultiTenantJSON:tearDownClass): 200 GET http://10.180.1.21/compute/v2.1/servers/1a6917d5-3e59-4ad3-8bf0-9a73d0fd162e 0.575s
2025-11-12 19:20:08.022 65661 INFO tempest.lib.common.rest_client [req-7dc75c21-022c-4f0f-8b44-26f149db4972 req-7dc75c21-022c-4f0f-8b44-26f149db4972 ] Request (ServerMetadataTestJSON:setUpClass): 200 GET http://10.180.1.21/compute/v2.1/servers/eeb90849-a755-4cad-80f6-9886344dc55b 0.413s
2025-11-12 19:20:08.045 65619 INFO tempest.lib.common.rest_client [req-d9ae2cf5-9684-4963-bd67-b08cebf0561f req-d9ae2cf5-9684-4963-bd67-b08cebf0561f ] Request (InstanceActionsV221TestJSON:test_get_list_deleted_instance_actions): 404 GET http://10.180.1.21/compute/v2.1/servers/85684611-6017-41e8-9c0c-babbff5c1230 0.299s
2025-11-12 19:20:08.098 65665 INFO tempest.lib.common.rest_client [req-f56fa70e-5291-40e9-b3a2-5736f4b7b4a1 req-f56fa70e-5291-40e9-b3a2-5736f4b7b4a1 ] Request (ImagesTestJSON:test_create_server_from_snapshot): 200 GET http://10.180.1.21/compute/v2.1/servers/9891bcd2-fbc6-403c-aa71-4a8355af7c3c 0.288s
2025-11-12 19:20:08.127 65657 INFO tempest.lib.common.rest_client [req-5c465100-cbe9-4445-b737-64db666ee478 req-5c465100-cbe9-4445-b737-64db666ee478 ] Request (ListServerFiltersTestJSON:tearDownClass): 200 GET http://10.180.1.21/compute/v2.1/servers/8d5f0565-4eeb-475a-bd3b-52e4a6c5ad57 0.478s
2025-11-12 19:20:08.191 65673 INFO tempest.lib.common.rest_client [req-fc10630e-e187-43c6-9637-631d996982e6 req-fc10630e-e187-43c6-9637-631d996982e6 ] Request (AttachInterfacesUnderV243Test:_run_cleanups): 200 GET http://10.180.1.21/compute/v2.1/servers/683ebda3-a98b-44f8-ac46-4b298820ade5 0.316s
2025-11-12 19:20:08.218 65623 INFO tempest.lib.common.rest_client [req-0ae8c93a-c42c-42a7-b916-e951572289b4 req-0ae8c93a-c42c-42a7-b916-e951572289b4 ] Request (ServerActionsTestOtherA:test_rebuild_server_in_stop_state): 200 GET http://10.180.1.21/compute/v2.1/servers/f66a18c6-e96f-4351-a213-a4d40db18c70 0.362s
2025-11-12 19:20:08.261 65631 INFO tempest.lib.common.rest_client [req-4fc4b081-349f-4fff-aacd-16ef49daac57 req-4fc4b081-349f-4fff-aacd-16ef49daac57 ] Request (ListImageFiltersTestJSON:tearDownClass): 200 GET http://10.180.1.21/compute/v2.1/servers/ed4627d4-00a7-4abd-8138-7f26bdf31484 0.335s
2025-11-12 19:20:08.281 65633 INFO tempest.lib.common.rest_client [req-786eacbc-236c-4322-90ce-872c8dded2d3 req-786eacbc-236c-4322-90ce-872c8dded2d3 ] Request (ServersWithSpecificFlavorTestJSON:test_verify_created_server_ephemeral_disk): 200 GET http://10.180.1.21/compute/v2.1/servers/5d7f367e-5ab1-4b37-b609-7034865ab9d5 0.297s
2025-11-12 19:20:08.341 65619 INFO tempest.lib.common.rest_client [req-cd5498d6-4d82-4d0e-83c7-9644f0db47f9 req-cd5498d6-4d82-4d0e-83c7-9644f0db47f9 ] Request (InstanceActionsV221TestJSON:test_get_list_deleted_instance_actions): 200 GET http://10.180.1.21/compute/v2.1/servers/85684611-6017-41e8-9c0c-babbff5c1230/os-instance-actions 0.295s
2025-11-12 19:20:08.365 65668 INFO tempest.lib.common.rest_client [req-cfcea93c-f80e-45b0-9839-b326c8b85d8b req-cfcea93c-f80e-45b0-9839-b326c8b85d8b ] Request (ServerActionsTestJSON:test_rebuild_server): 200 GET http://10.180.1.21/compute/v2.1/servers/461ec4f6-3565-48be-a468-e5ba6e188a57 0.302s
2025-11-12 19:20:08.402 65615 INFO tempest.lib.common.rest_client [req-8baee8c7-5361-4970-b928-d8ba66b34561 req-8baee8c7-5361-4970-b928-d8ba66b34561 ] Request (AttachInterfacesTestJSON:test_create_list_show_delete_interfaces_by_fixed_ip): 200 GET http://10.180.1.21/compute/v2.1/servers/c0e91a5f-97bd-483e-a4e0-3934173621ce 0.281s
2025-11-12 19:20:08.433 65655 INFO tempest.lib.common.rest_client [req-bbdb91e7-df02-4a85-b1fd-a5a77dd1b4f6 req-bbdb91e7-df02-4a85-b1fd-a5a77dd1b4f6 ] Request (ServersTestMultiNic:test_verify_multiple_nics_order): 200 GET http://10.180.1.21/compute/v2.1/servers/a1e737f7-e558-4e8d-89db-98ce3db04a4e 0.295s
2025-11-12 19:20:08.525 65645 INFO tempest.lib.common.rest_client [req-36ae3268-3417-4712-b423-bbaf605dc83d req-36ae3268-3417-4712-b423-bbaf605dc83d ] Request (FloatingIPsAssociationNegativeTestJSON:tearDownClass): 200 GET http://10.180.1.21/compute/v2.1/servers/ebe617cd-3144-4af1-8f90-b97a677e3c69 0.303s
2025-11-12 19:20:08.546 65651 INFO tempest.lib.common.rest_client [req-6f792485-057e-4356-a8fd-0ee284d31ab9 req-6f792485-057e-4356-a8fd-0ee284d31ab9 ] Request (ListServersNegativeTestJSON:tearDownClass): 200 GET http://10.180.1.21/compute/v2.1/servers/e73c35f6-3541-4ab4-82f8-7c5cc1c7b8e8 0.296s
2025-11-12 19:20:08.826 65621 INFO tempest.lib.common.rest_client [req-e3df677c-b99e-408a-86d0-d0320757f8b4 req-e3df677c-b99e-408a-86d0-d0320757f8b4 ] Request (ServerRescueNegativeTestJSON:setUpClass): 201 POST http://10.180.1.21/networking/v2.0/routers 0.895s
2025-11-12 19:20:08.845 65629 INFO tempest.lib.common.rest_client [req-f06a15fa-6cc0-48c5-897e-9a2ba48bef08 req-f06a15fa-6cc0-48c5-897e-9a2ba48bef08 ] Request (ServerRescueTestJSONUnderV235:setUpClass): 200 GET http://10.180.1.21/compute/v2.1/servers/56c165f7-a83f-43c7-aed0-caf8ec19a428 0.512s
2025-11-12 19:20:08.856 65635 INFO tempest.lib.common.rest_client [req-40b8e6f5-c6f5-4381-9224-df090121656d req-40b8e6f5-c6f5-4381-9224-df090121656d ] Request (FloatingIPsAssociationTestJSON:tearDownClass): 200 GET http://10.180.1.21/compute/v2.1/servers/dcff6844-6b2c-4ad3-9f80-c56d461238ff 0.543s
2025-11-12 19:20:08.868 65619 INFO tempest.lib.common.rest_client [req-087deebf-cdc4-44c3-93db-cbfa2004bd11 req-087deebf-cdc4-44c3-93db-cbfa2004bd11 ] Request (InstanceActionsV221TestJSON:tearDownClass): 404 DELETE http://10.180.1.21/compute/v2.1/servers/85684611-6017-41e8-9c0c-babbff5c1230 0.522s
2025-11-12 19:20:08.993 65639 INFO tempest.lib.common.rest_client [req-f0babb55-690f-4b78-9982-a0c7a4c7b746 req-f0babb55-690f-4b78-9982-a0c7a4c7b746 ] Request (MigrationsAdminTest:test_resize_server_revert_deleted_flavor): 200 GET http://10.180.1.21/compute/v2.1/servers/d7b7b7a9-7b04-47d9-972c-e31f78cdd477 0.294s
2025-11-12 19:20:09.021 65609 INFO tempest.lib.common.rest_client [req-854e6c76-d499-40b9-aa12-45d4fe4d2b9f req-854e6c76-d499-40b9-aa12-45d4fe4d2b9f ] Request (SecurityGroupsTestJSON:test_server_security_groups): 200 GET http://10.180.1.21/compute/v2.1/servers/98eeedbd-420e-4357-bd89-524deddbb2dc 0.301s
2025-11-12 19:20:09.048 65647 INFO tempest.lib.common.rest_client [req-67ba9cc5-267e-40ed-97dc-77382da7c80d req-67ba9cc5-267e-40ed-97dc-77382da7c80d ] Request (ServerDiskConfigTestJSON:test_rebuild_server_with_auto_disk_config): 200 GET http://10.180.1.21/compute/v2.1/servers/81c0f93a-2fa4-4e7a-a441-3c534b25099a 0.262s
2025-11-12 19:20:09.069 65619 INFO tempest.lib.common.rest_client [req-49fffcb1-4f6b-4265-acb5-3e74b8469655 req-49fffcb1-4f6b-4265-acb5-3e74b8469655 ] Request (InstanceActionsV221TestJSON:tearDownClass): 404 GET http://10.180.1.21/compute/v2.1/servers/85684611-6017-41e8-9c0c-babbff5c1230 0.200s
2025-11-12 19:20:09.740 65621 INFO tempest.lib.common.rest_client [req-a5ad6abc-ae98-4bd7-87eb-05ca4b0313fd req-a5ad6abc-ae98-4bd7-87eb-05ca4b0313fd ] Request (ServerRescueNegativeTestJSON:setUpClass): 200 PUT http://10.180.1.21/networking/v2.0/routers/d207456a-f11e-44c3-805b-86aac222ff90/add_router_interface 0.913s
2025-11-12 19:20:09.740 65621 INFO tempest.lib.common.dynamic_creds [-] Created isolated network resources for: credentials: Credentials: {'domain_id': 'default', 'domain_name': 'Default', 'username': 'tempest-ServerRescueNegativeTestJSON-1552177185-project-member', 'project_domain_id': 'default', 'project_domain_name': 'Default', 'project_id': 'affe0e214d0240b7ae3bcc2179795d54', 'project_name': 'tempest-ServerRescueNegativeTestJSON-1552177185', 'tenant_id': 'affe0e214d0240b7ae3bcc2179795d54', 'tenant_name': 'tempest-ServerRescueNegativeTestJSON-1552177185', 'user_domain_id': 'default', 'user_domain_name': 'Default', 'user_id': '0033c4fa25264d39a9f3d27743127e04', 'system': None}, Network: {'id': '9bd98390-4d76-4294-8a1e-d6e98cd44b87', 'name': 'tempest-ServerRescueNegativeTestJSON-1949429863-network', 'tenant_id': 'affe0e214d0240b7ae3bcc2179795d54', 'project_id': 'affe0e214d0240b7ae3bcc2179795d54', 'admin_state_up': True, 'mtu': 8950, 'status': 'ACTIVE', 'subnets': [], 'shared': False, 'port_security_enabled': True, 'router:external': False, 'provider:network_type': 'vlan', 'provider:physical_network': 'default', 'provider:segmentation_id': 138, 'availability_zone_hints': [], 'availability_zones': [], 'ipv4_address_scope': None, 'ipv6_address_scope': None, 'description': '', 'tags': [], 'created_at': '2025-11-12T19:20:07Z', 'updated_at': '2025-11-12T19:20:07Z', 'revision_number': 1}, Subnet: {'id': 'a333e2e1-a92a-492a-8261-2218f2ed968b', 'name': 'tempest-ServerRescueNegativeTestJSON-1949429863-subnet', 'tenant_id': 'affe0e214d0240b7ae3bcc2179795d54', 'network_id': '9bd98390-4d76-4294-8a1e-d6e98cd44b87', 'ip_version': 4, 'subnetpool_id': None, 'enable_dhcp': True, 'ipv6_ra_mode': None, 'ipv6_address_mode': None, 'gateway_ip': '192.168.128.1', 'cidr': '192.168.128.0/28', 'allocation_pools': [{'start': '192.168.128.2', 'end': '192.168.128.14'}], 'host_routes': [], 'dns_nameservers': [], 'description': '', 'router:external': False, 'service_types': [], 'tags': [], 'created_at': '2025-11-12T19:20:07Z', 'updated_at': '2025-11-12T19:20:07Z', 'revision_number': 0, 'project_id': 'affe0e214d0240b7ae3bcc2179795d54'}, Router: {'id': 'd207456a-f11e-44c3-805b-86aac222ff90', 'name': 'tempest-ServerRescueNegativeTestJSON-1949429863-router', 'tenant_id': 'affe0e214d0240b7ae3bcc2179795d54', 'admin_state_up': True, 'status': 'ACTIVE', 'external_gateway_info': {'network_id': '9eaddf43-f012-44c0-a1ce-422994f231db', 'external_fixed_ips': [{'subnet_id': '7d0e26ef-b67d-4a53-8994-ce2092aa1e84', 'ip_address': '10.180.180.160'}], 'enable_snat': True}, 'description': '', 'availability_zones': [], 'distributed': False, 'ha': False, 'availability_zone_hints': [], 'routes': [], 'flavor_id': None, 'tags': [], 'created_at': '2025-11-12T19:20:07Z', 'updated_at': '2025-11-12T19:20:08Z', 'revision_number': 2, 'project_id': 'affe0e214d0240b7ae3bcc2179795d54'}
2025-11-12 19:20:09.842 65611 INFO tempest.lib.common.rest_client [req-ed6f327d-7f2f-4181-b65b-6e53ce55a99e req-ed6f327d-7f2f-4181-b65b-6e53ce55a99e ] Request (ServersTestFqdnHostnames:tearDownClass): 200 GET http://10.180.1.21/compute/v2.1/servers/dff84c9d-df80-471d-b6bf-00765ebbee9d 0.959s
2025-11-12 19:20:09.869 65621 INFO tempest.lib.common.rest_client [req-feefb8b9-b228-4cce-a845-70690b804875 req-feefb8b9-b228-4cce-a845-70690b804875 ] Request (ServerRescueNegativeTestJSON:setUpClass): 201 POST http://10.180.1.21/identity/v3/auth/tokens 0.124s
2025-11-12 19:20:09.874 65659 WARNING tempest.lib.common.ssh [-] Failed to establish authenticated ssh connection to cirros@10.180.180.181 ([Errno None] Unable to connect to port 22 on 10.180.180.181). Number attempts: 2. Retry after 3 seconds.: paramiko.ssh_exception.NoValidConnectionsError: [Errno None] Unable to connect to port 22 on 10.180.180.181
2025-11-12 19:20:09.874 65627 INFO tempest.lib.common.rest_client [req-393e624a-d512-4c7f-b7fd-f086695c2df3 req-393e624a-d512-4c7f-b7fd-f086695c2df3 ] Request (ServersAdminTestJSON:test_rebuild_server_in_error_state): 200 GET http://10.180.1.21/compute/v2.1/servers/abcd5293-6abe-4959-a146-86fd257ae2f9 1.010s
2025-11-12 19:20:09.880 65619 INFO tempest.lib.common.rest_client [req-c7345c69-4562-49dd-b740-0699dd224215 req-c7345c69-4562-49dd-b740-0699dd224215 ] Request (InstanceActionsV221TestJSON:tearDownClass): 200 PUT http://10.180.1.21/networking/v2.0/routers/7e0347dc-111b-4f2b-960e-e8496dd7ac01/remove_router_interface 0.811s
2025-11-12 19:20:09.913 65621 INFO tempest.lib.common.rest_client [req-8e948ad0-da66-45a9-abb8-5b00aafe319a req-8e948ad0-da66-45a9-abb8-5b00aafe319a ] Request (ServerRescueNegativeTestJSON:setUpClass): 201 POST http://10.180.1.21/identity/v3/auth/tokens 0.039s
2025-11-12 19:20:09.914 65621 INFO tempest.lib.common.fixed_network [-] (ServerRescueNegativeTestJSON:setUpClass) Found network {'id': '9bd98390-4d76-4294-8a1e-d6e98cd44b87', 'name': 'tempest-ServerRescueNegativeTestJSON-1949429863-network', 'tenant_id': 'affe0e214d0240b7ae3bcc2179795d54', 'project_id': 'affe0e214d0240b7ae3bcc2179795d54', 'admin_state_up': True, 'mtu': 8950, 'status': 'ACTIVE', 'subnets': [], 'shared': False, 'port_security_enabled': True, 'router:external': False, 'provider:network_type': 'vlan', 'provider:physical_network': 'default', 'provider:segmentation_id': 138, 'availability_zone_hints': [], 'availability_zones': [], 'ipv4_address_scope': None, 'ipv6_address_scope': None, 'description': '', 'tags': [], 'created_at': '2025-11-12T19:20:07Z', 'updated_at': '2025-11-12T19:20:07Z', 'revision_number': 1} available for tenant
2025-11-12 19:20:09.936 65669 INFO tempest.lib.common.rest_client [req-68e90576-f322-4580-b4a1-c6fa259440a9 req-68e90576-f322-4580-b4a1-c6fa259440a9 ] Request (ImagesOneServerNegativeTestJSON:_run_cleanups): 200 GET http://10.180.1.21/compute/v2.1/servers/0e33f53c-8ef1-48cd-93b0-e66028214faf 0.998s
2025-11-12 19:20:09.964 65653 INFO tempest.lib.common.rest_client [req-9b203428-2520-45da-9742-9aedc341100c req-9b203428-2520-45da-9742-9aedc341100c ] Request (ServerShowV257Test:tearDownClass): 200 GET http://10.180.1.21/compute/v2.1/servers/072b5161-73d3-4868-a841-2d2572e87cb1 0.999s
2025-11-12 19:20:10.015 65625 INFO tempest.lib.common.rest_client [req-d4378de3-6840-44e2-bbe9-7d626cb1291c req-d4378de3-6840-44e2-bbe9-7d626cb1291c ] Request (ServersNegativeTestMultiTenantJSON:tearDownClass): 200 GET http://10.180.1.21/compute/v2.1/servers/1a6917d5-3e59-4ad3-8bf0-9a73d0fd162e 1.002s
2025-11-12 19:20:10.036 65661 INFO tempest.lib.common.rest_client [req-0220ed13-12a2-4433-b16d-4cdb169f4883 req-0220ed13-12a2-4433-b16d-4cdb169f4883 ] Request (ServerMetadataTestJSON:setUpClass): 200 GET http://10.180.1.21/compute/v2.1/servers/eeb90849-a755-4cad-80f6-9886344dc55b 1.004s
2025-11-12 19:20:10.088 65665 INFO tempest.lib.common.rest_client [req-67e22b32-880d-45d5-a03f-df1c93ebaac5 req-67e22b32-880d-45d5-a03f-df1c93ebaac5 ] Request (ImagesTestJSON:test_create_server_from_snapshot): 200 GET http://10.180.1.21/compute/v2.1/servers/9891bcd2-fbc6-403c-aa71-4a8355af7c3c 0.981s
2025-11-12 19:20:10.111 65657 INFO tempest.lib.common.rest_client [req-df2e962a-30ab-430a-bbd3-44bc017cb63c req-df2e962a-30ab-430a-bbd3-44bc017cb63c ] Request (ListServerFiltersTestJSON:tearDownClass): 200 GET http://10.180.1.21/compute/v2.1/servers/8d5f0565-4eeb-475a-bd3b-52e4a6c5ad57 0.974s
2025-11-12 19:20:10.118 65657 INFO tempest.common.waiters [-] State transition "ACTIVE/deleting" ==> "DELETED/None" after 4 second wait
2025-11-12 19:20:10.162 65673 INFO tempest.lib.common.rest_client [req-99da1243-eb80-4424-959b-7b0fc163297c req-99da1243-eb80-4424-959b-7b0fc163297c ] Request (AttachInterfacesUnderV243Test:_run_cleanups): 200 GET http://10.180.1.21/compute/v2.1/servers/683ebda3-a98b-44f8-ac46-4b298820ade5 0.962s
2025-11-12 19:20:10.253 65631 INFO tempest.lib.common.rest_client [req-4e91dce5-8401-4442-8e18-2de0fc83c62c req-4e91dce5-8401-4442-8e18-2de0fc83c62c ] Request (ListImageFiltersTestJSON:tearDownClass): 200 GET http://10.180.1.21/compute/v2.1/servers/ed4627d4-00a7-4abd-8138-7f26bdf31484 0.978s
2025-11-12 19:20:10.286 65623 INFO tempest.lib.common.rest_client [req-45518384-66bc-4314-9599-8d7d51c35155 req-45518384-66bc-4314-9599-8d7d51c35155 ] Request (ServerActionsTestOtherA:test_rebuild_server_in_stop_state): 200 GET http://10.180.1.21/compute/v2.1/servers/f66a18c6-e96f-4351-a213-a4d40db18c70 1.058s
2025-11-12 19:20:10.310 65619 INFO tempest.lib.common.rest_client [req-0980543c-62ef-4d62-a231-56d0793b1b96 req-0980543c-62ef-4d62-a231-56d0793b1b96 ] Request (InstanceActionsV221TestJSON:tearDownClass): 204 DELETE http://10.180.1.21/networking/v2.0/routers/7e0347dc-111b-4f2b-960e-e8496dd7ac01 0.428s
2025-11-12 19:20:10.316 65633 INFO tempest.lib.common.rest_client [req-ace536c2-3a38-4398-9918-c5565908f6f6 req-ace536c2-3a38-4398-9918-c5565908f6f6 ] Request (ServersWithSpecificFlavorTestJSON:test_verify_created_server_ephemeral_disk): 200 GET http://10.180.1.21/compute/v2.1/servers/5d7f367e-5ab1-4b37-b609-7034865ab9d5 1.026s
2025-11-12 19:20:10.332 65633 INFO tempest.common.waiters [-] State transition "BUILD/None" ==> "BUILD/networking" after 36 second wait
2025-11-12 19:20:10.360 65668 INFO tempest.lib.common.rest_client [req-e3410c84-7780-44d6-8580-4993f8f46a32 req-e3410c84-7780-44d6-8580-4993f8f46a32 ] Request (ServerActionsTestJSON:test_rebuild_server): 200 GET http://10.180.1.21/compute/v2.1/servers/461ec4f6-3565-48be-a468-e5ba6e188a57 0.980s
2025-11-12 19:20:10.401 65615 INFO tempest.lib.common.rest_client [req-2e7abc59-6eb1-4b57-9a09-5c110156b4e0 req-2e7abc59-6eb1-4b57-9a09-5c110156b4e0 ] Request (AttachInterfacesTestJSON:test_create_list_show_delete_interfaces_by_fixed_ip): 200 GET http://10.180.1.21/compute/v2.1/servers/c0e91a5f-97bd-483e-a4e0-3934173621ce 0.990s
2025-11-12 19:20:10.432 65655 INFO tempest.lib.common.rest_client [req-3d6b571f-9106-4052-a651-8df43c063bcc req-3d6b571f-9106-4052-a651-8df43c063bcc ] Request (ServersTestMultiNic:test_verify_multiple_nics_order): 200 GET http://10.180.1.21/compute/v2.1/servers/a1e737f7-e558-4e8d-89db-98ce3db04a4e 0.988s
2025-11-12 19:20:10.483 65645 INFO tempest.lib.common.rest_client [req-032ed2d9-a8e6-45de-8174-e512953b89a3 req-032ed2d9-a8e6-45de-8174-e512953b89a3 ] Request (FloatingIPsAssociationNegativeTestJSON:tearDownClass): 200 GET http://10.180.1.21/compute/v2.1/servers/ebe617cd-3144-4af1-8f90-b97a677e3c69 0.948s
2025-11-12 19:20:10.511 65619 INFO tempest.lib.common.rest_client [req-e206b5f7-91f8-4db0-8bdc-619bf18becb0 req-e206b5f7-91f8-4db0-8bdc-619bf18becb0 ] Request (InstanceActionsV221TestJSON:tearDownClass): 204 DELETE http://10.180.1.21/networking/v2.0/subnets/ebbbbaed-92be-4969-99b8-28886c319559 0.200s
2025-11-12 19:20:10.545 65651 INFO tempest.lib.common.rest_client [req-d55ec913-d100-4a57-80eb-be3790333df6 req-d55ec913-d100-4a57-80eb-be3790333df6 ] Request (ListServersNegativeTestJSON:tearDownClass): 200 GET http://10.180.1.21/compute/v2.1/servers/e73c35f6-3541-4ab4-82f8-7c5cc1c7b8e8 0.983s
2025-11-12 19:20:10.589 65629 INFO tempest.lib.common.rest_client [req-9b54861d-d3f0-4517-b859-aec561272a5e req-9b54861d-d3f0-4517-b859-aec561272a5e ] Request (ServerRescueTestJSONUnderV235:setUpClass): 200 GET http://10.180.1.21/compute/v2.1/servers/56c165f7-a83f-43c7-aed0-caf8ec19a428 0.737s
2025-11-12 19:20:10.634 65635 INFO tempest.lib.common.rest_client [req-59742b4f-ddea-4678-9b22-cf6b71bee5a4 req-59742b4f-ddea-4678-9b22-cf6b71bee5a4 ] Request (FloatingIPsAssociationTestJSON:tearDownClass): 200 GET http://10.180.1.21/compute/v2.1/servers/dcff6844-6b2c-4ad3-9f80-c56d461238ff 0.766s
2025-11-12 19:20:10.886 65619 INFO tempest.lib.common.rest_client [req-6d1430ab-64c5-4467-a886-92a17c5799fd req-6d1430ab-64c5-4467-a886-92a17c5799fd ] Request (InstanceActionsV221TestJSON:tearDownClass): 204 DELETE http://10.180.1.21/networking/v2.0/networks/155629b6-7231-4f51-a759-b388c13ee92e 0.375s
2025-11-12 19:20:10.994 65619 INFO tempest.lib.common.rest_client [req-7e8c69da-8797-41a0-8ca6-2e904a1ea122 req-7e8c69da-8797-41a0-8ca6-2e904a1ea122 ] Request (InstanceActionsV221TestJSON:tearDownClass): 204 DELETE http://10.180.1.21/identity/v3/users/82405841964b43e39340e82e22973b0d 0.107s
2025-11-12 19:20:10.995 65619 INFO tempest.lib.common.dynamic_creds [-] Deleting project and security group for project: 754f57fb4182490fadb8a32b5db56b85
2025-11-12 19:20:11.003 65639 INFO tempest.lib.common.rest_client [req-084749f9-b867-4bab-b466-5bfa37e23318 req-084749f9-b867-4bab-b466-5bfa37e23318 ] Request (MigrationsAdminTest:test_resize_server_revert_deleted_flavor): 200 GET http://10.180.1.21/compute/v2.1/servers/d7b7b7a9-7b04-47d9-972c-e31f78cdd477 0.994s
2025-11-12 19:20:11.054 65619 INFO tempest.lib.common.rest_client [req-69eb5216-ee31-45c0-824c-e70bdd74e466 req-69eb5216-ee31-45c0-824c-e70bdd74e466 ] Request (InstanceActionsV221TestJSON:tearDownClass): 200 GET http://10.180.1.21/networking/v2.0/security-groups?tenant_id=754f57fb4182490fadb8a32b5db56b85&name=default 0.059s
2025-11-12 19:20:11.204 65619 INFO tempest.lib.common.rest_client [req-0f70990d-072a-462b-81be-ebad0e333d26 req-0f70990d-072a-462b-81be-ebad0e333d26 ] Request (InstanceActionsV221TestJSON:tearDownClass): 204 DELETE http://10.180.1.21/networking/v2.0/security-groups/df80b0e6-3bfc-472a-969f-a42bbe270583 0.149s
2025-11-12 19:20:11.322 65609 INFO tempest.lib.common.rest_client [req-009b2a20-2d7d-4e9f-aa4d-4d83ae0ea2d7 req-009b2a20-2d7d-4e9f-aa4d-4d83ae0ea2d7 ] Request (SecurityGroupsTestJSON:test_server_security_groups): 200 GET http://10.180.1.21/compute/v2.1/servers/98eeedbd-420e-4357-bd89-524deddbb2dc 1.291s
2025-11-12 19:20:11.336 65609 INFO tempest.common.waiters [-] State transition "BUILD/spawning" ==> "ACTIVE/None" after 68 second wait
2025-11-12 19:20:11.339 65619 INFO tempest.lib.common.rest_client [req-f605fae1-b2c3-4d37-8b92-2c390a4bd50e req-f605fae1-b2c3-4d37-8b92-2c390a4bd50e ] Request (InstanceActionsV221TestJSON:tearDownClass): 204 DELETE http://10.180.1.21/identity/v3/projects/754f57fb4182490fadb8a32b5db56b85 0.134s
2025-11-12 19:20:11.408 65647 INFO tempest.lib.common.rest_client [req-feb9e282-848f-4a53-9112-7f79a6c3a787 req-feb9e282-848f-4a53-9112-7f79a6c3a787 ] Request (ServerDiskConfigTestJSON:test_rebuild_server_with_auto_disk_config): 200 GET http://10.180.1.21/compute/v2.1/servers/81c0f93a-2fa4-4e7a-a441-3c534b25099a 1.350s
2025-11-12 19:20:11.456 65619 INFO tempest.lib.common.rest_client [req-e87fa927-018b-422c-8834-eb353003da97 req-e87fa927-018b-422c-8834-eb353003da97 ] Request (ServerActionsV293TestJSON:setUpClass): 201 POST http://10.180.1.21/identity/v3/auth/tokens 0.115s
2025-11-12 19:20:11.493 65621 INFO tempest.lib.common.rest_client [req-acba3c67-0aea-4958-bea6-109940b127b2 req-acba3c67-0aea-4958-bea6-109940b127b2 ] Request (ServerRescueNegativeTestJSON:setUpClass): 202 POST http://10.180.1.21/compute/v2.1/servers 1.578s
2025-11-12 19:20:11.511 65619 INFO tempest.lib.common.rest_client [req-b4ea9aed-dd36-4c53-b197-e5ab86e93b5e req-b4ea9aed-dd36-4c53-b197-e5ab86e93b5e ] Request (ServerActionsV293TestJSON:setUpClass): 201 POST http://10.180.1.21/identity/v3/auth/tokens 0.052s
2025-11-12 19:20:11.530 65611 INFO tempest.lib.common.rest_client [req-29f00197-62d1-434f-8b00-c5c37858c748 req-29f00197-62d1-434f-8b00-c5c37858c748 ] Request (ServersTestFqdnHostnames:tearDownClass): 200 GET http://10.180.1.21/compute/v2.1/servers/dff84c9d-df80-471d-b6bf-00765ebbee9d 0.675s
2025-11-12 19:20:11.547 65619 INFO tempest.lib.common.rest_client [req-55bf216b-97e4-4700-b5d8-522168661264 req-55bf216b-97e4-4700-b5d8-522168661264 ] Request (ServerActionsV293TestJSON:setUpClass): 200 GET http://10.180.1.21/identity/v3/domains?name=Default 0.036s
2025-11-12 19:20:11.589 65619 INFO tempest.lib.common.rest_client [req-84c75c71-edd6-4335-9b83-d9f5edb48e7e req-84c75c71-edd6-4335-9b83-d9f5edb48e7e ] Request (ServerActionsV293TestJSON:setUpClass): 201 POST http://10.180.1.21/identity/v3/projects 0.041s
2025-11-12 19:20:11.672 65619 INFO tempest.lib.common.rest_client [req-4cbc8db9-d11b-4718-bc47-f0e21176e69a req-4cbc8db9-d11b-4718-bc47-f0e21176e69a ] Request (ServerActionsV293TestJSON:setUpClass): 201 POST http://10.180.1.21/identity/v3/users 0.082s
2025-11-12 19:20:11.699 65619 INFO tempest.lib.common.rest_client [req-14c2a14c-a159-437d-b7d3-59cc82999325 req-14c2a14c-a159-437d-b7d3-59cc82999325 ] Request (ServerActionsV293TestJSON:setUpClass): 200 GET http://10.180.1.21/identity/v3/roles 0.027s
2025-11-12 19:20:11.727 65669 INFO tempest.lib.common.rest_client [req-9a5b285b-70ff-45c3-a200-cfaa99a4de79 req-9a5b285b-70ff-45c3-a200-cfaa99a4de79 ] Request (ImagesOneServerNegativeTestJSON:_run_cleanups): 200 GET http://10.180.1.21/compute/v2.1/servers/0e33f53c-8ef1-48cd-93b0-e66028214faf 0.776s
2025-11-12 19:20:11.736 65619 INFO tempest.lib.common.rest_client [req-292dc6ce-63cf-4ded-b4ad-45942f1ad200 req-292dc6ce-63cf-4ded-b4ad-45942f1ad200 ] Request (ServerActionsV293TestJSON:setUpClass): 204 PUT http://10.180.1.21/identity/v3/projects/ae046c923a3f434cb15b5d48a9ee4377/users/58824e8e83154b6e8ec205011e299669/roles/0eb8b6efe5674aa19ce5bbe721caf1b9 0.036s
2025-11-12 19:20:11.736 65619 INFO tempest.lib.common.dynamic_creds [-] Dynamic test user 58824e8e83154b6e8ec205011e299669 is created with scope project and roles: ['member']
2025-11-12 19:20:11.736 65619 INFO tempest.lib.common.dynamic_creds [-] Acquired dynamic creds: credentials: Credentials: {'domain_id': 'default', 'domain_name': 'Default', 'username': 'tempest-ServerActionsV293TestJSON-1571576097-project-member', 'project_domain_id': 'default', 'project_domain_name': 'Default', 'project_id': 'ae046c923a3f434cb15b5d48a9ee4377', 'project_name': 'tempest-ServerActionsV293TestJSON-1571576097', 'tenant_id': 'ae046c923a3f434cb15b5d48a9ee4377', 'tenant_name': 'tempest-ServerActionsV293TestJSON-1571576097', 'user_domain_id': 'default', 'user_domain_name': 'Default', 'user_id': '58824e8e83154b6e8ec205011e299669', 'system': None}, Network: None, Subnet: None, Router: None
2025-11-12 19:20:11.771 65627 INFO tempest.lib.common.rest_client [req-a3384960-6fe2-4f06-90ff-dca4b44bd47e req-a3384960-6fe2-4f06-90ff-dca4b44bd47e ] Request (ServersAdminTestJSON:test_rebuild_server_in_error_state): 200 GET http://10.180.1.21/compute/v2.1/servers/abcd5293-6abe-4959-a146-86fd257ae2f9 0.883s
2025-11-12 19:20:11.825 65653 INFO tempest.lib.common.rest_client [req-ed5f4e5a-69f3-4641-895d-22296155ffd7 req-ed5f4e5a-69f3-4641-895d-22296155ffd7 ] Request (ServerShowV257Test:tearDownClass): 200 GET http://10.180.1.21/compute/v2.1/servers/072b5161-73d3-4868-a841-2d2572e87cb1 0.849s
2025-11-12 19:20:11.830 65619 INFO tempest.lib.common.rest_client [req-548a5c93-9aad-4c78-9d56-9d6d6dd0234d req-548a5c93-9aad-4c78-9d56-9d6d6dd0234d ] Request (ServerActionsV293TestJSON:setUpClass): 201 POST http://10.180.1.21/identity/v3/auth/tokens 0.093s
2025-11-12 19:20:11.839 65625 INFO tempest.lib.common.rest_client [req-e1c01acf-c94d-41cd-b23f-701a0f1da903 req-e1c01acf-c94d-41cd-b23f-701a0f1da903 ] Request (ServersNegativeTestMultiTenantJSON:tearDownClass): 200 GET http://10.180.1.21/compute/v2.1/servers/1a6917d5-3e59-4ad3-8bf0-9a73d0fd162e 0.811s
2025-11-12 19:20:12.157 65619 INFO tempest.lib.common.rest_client [req-643ee09d-612b-49b9-9940-cd3151923be4 req-643ee09d-612b-49b9-9940-cd3151923be4 ] Request (ServerActionsV293TestJSON:setUpClass): 201 POST http://10.180.1.21/networking/v2.0/networks 0.326s
2025-11-12 19:20:12.181 65661 INFO tempest.lib.common.rest_client [req-15256a6c-afa9-45d9-9fa8-8d9e19a81196 req-15256a6c-afa9-45d9-9fa8-8d9e19a81196 ] Request (ServerMetadataTestJSON:setUpClass): 200 GET http://10.180.1.21/compute/v2.1/servers/eeb90849-a755-4cad-80f6-9886344dc55b 1.136s
2025-11-12 19:20:12.199 65665 INFO tempest.lib.common.rest_client [req-bf17c61b-4df4-49a7-bb12-dadd89d5d33d req-bf17c61b-4df4-49a7-bb12-dadd89d5d33d ] Request (ImagesTestJSON:test_create_server_from_snapshot): 200 GET http://10.180.1.21/compute/v2.1/servers/9891bcd2-fbc6-403c-aa71-4a8355af7c3c 1.103s
2025-11-12 19:20:12.354 65619 INFO tempest.lib.common.rest_client [req-3b30f11c-6e5d-4e35-aa98-2172fc87be15 req-3b30f11c-6e5d-4e35-aa98-2172fc87be15 ] Request (ServerActionsV293TestJSON:setUpClass): 201 POST http://10.180.1.21/networking/v2.0/subnets 0.197s
2025-11-12 19:20:12.377 65657 INFO tempest.lib.common.rest_client [req-f52c2965-1f40-4bf2-8188-085be1ca4c48 req-f52c2965-1f40-4bf2-8188-085be1ca4c48 ] Request (ListServerFiltersTestJSON:tearDownClass): 200 GET http://10.180.1.21/compute/v2.1/servers/8d5f0565-4eeb-475a-bd3b-52e4a6c5ad57 1.258s
2025-11-12 19:20:12.391 65673 INFO tempest.lib.common.rest_client [req-29e5fb40-1490-4cdd-ad66-0dea4d5992aa req-29e5fb40-1490-4cdd-ad66-0dea4d5992aa ] Request (AttachInterfacesUnderV243Test:_run_cleanups): 200 GET http://10.180.1.21/compute/v2.1/servers/683ebda3-a98b-44f8-ac46-4b298820ade5 1.220s
2025-11-12 19:20:12.635 65631 INFO tempest.lib.common.rest_client [req-e81558a4-35a3-423f-b962-d0d263676f2e req-e81558a4-35a3-423f-b962-d0d263676f2e ] Request (ListImageFiltersTestJSON:tearDownClass): 200 GET http://10.180.1.21/compute/v2.1/servers/ed4627d4-00a7-4abd-8138-7f26bdf31484 1.371s
2025-11-12 19:20:12.767 65623 INFO tempest.lib.common.rest_client [req-8a43c44d-f089-4415-bcfc-a65a955d26f9 req-8a43c44d-f089-4415-bcfc-a65a955d26f9 ] Request (ServerActionsTestOtherA:test_rebuild_server_in_stop_state): 200 GET http://10.180.1.21/compute/v2.1/servers/f66a18c6-e96f-4351-a213-a4d40db18c70 1.470s
2025-11-12 19:20:12.790 65633 INFO tempest.lib.common.rest_client [req-4bcc74ef-37a4-4fe7-a9f3-933d9d5f0200 req-4bcc74ef-37a4-4fe7-a9f3-933d9d5f0200 ] Request (ServersWithSpecificFlavorTestJSON:test_verify_created_server_ephemeral_disk): 200 GET http://10.180.1.21/compute/v2.1/servers/5d7f367e-5ab1-4b37-b609-7034865ab9d5 1.456s
2025-11-12 19:20:12.801 65633 INFO tempest.common.waiters [-] State transition "BUILD/networking" ==> "BUILD/spawning" after 38 second wait
2025-11-12 19:20:12.868 65668 INFO tempest.lib.common.rest_client [req-b43888b2-13ee-40ca-93db-d85f24a986ab req-b43888b2-13ee-40ca-93db-d85f24a986ab ] Request (ServerActionsTestJSON:test_rebuild_server): 200 GET http://10.180.1.21/compute/v2.1/servers/461ec4f6-3565-48be-a468-e5ba6e188a57 1.495s
2025-11-12 19:20:12.956 65615 INFO tempest.lib.common.rest_client [req-f7f57107-e419-4dd4-90af-71794773ed9c req-f7f57107-e419-4dd4-90af-71794773ed9c ] Request (AttachInterfacesTestJSON:test_create_list_show_delete_interfaces_by_fixed_ip): 200 GET http://10.180.1.21/compute/v2.1/servers/c0e91a5f-97bd-483e-a4e0-3934173621ce 1.543s
2025-11-12 19:20:13.176 65619 INFO tempest.lib.common.rest_client [req-1c340453-29e1-4754-bd80-b84f4065e3cb req-1c340453-29e1-4754-bd80-b84f4065e3cb ] Request (ServerActionsV293TestJSON:setUpClass): 201 POST http://10.180.1.21/networking/v2.0/routers 0.821s
2025-11-12 19:20:13.198 65655 INFO tempest.lib.common.rest_client [req-44e3343d-1185-4c44-b098-e6c17e29721b req-44e3343d-1185-4c44-b098-e6c17e29721b ] Request (ServersTestMultiNic:test_verify_multiple_nics_order): 200 GET http://10.180.1.21/compute/v2.1/servers/a1e737f7-e558-4e8d-89db-98ce3db04a4e 1.757s
2025-11-12 19:20:13.215 65609 INFO tempest.lib.common.rest_client [req-b0be0363-2035-4ff6-8555-fcccad9683ec req-b0be0363-2035-4ff6-8555-fcccad9683ec ] Request (SecurityGroupsTestJSON:test_server_security_groups): 202 POST http://10.180.1.21/compute/v2.1/servers/98eeedbd-420e-4357-bd89-524deddbb2dc/action 1.878s
2025-11-12 19:20:13.273 65645 INFO tempest.lib.common.rest_client [req-6fc02443-3472-4d19-a2c1-50d129197675 req-6fc02443-3472-4d19-a2c1-50d129197675 ] Request (FloatingIPsAssociationNegativeTestJSON:tearDownClass): 200 GET http://10.180.1.21/compute/v2.1/servers/ebe617cd-3144-4af1-8f90-b97a677e3c69 1.781s
2025-11-12 19:20:13.290 65621 INFO tempest.lib.common.rest_client [req-f1d6e3ba-bd89-4158-abab-ecce5af7754c req-f1d6e3ba-bd89-4158-abab-ecce5af7754c ] Request (ServerRescueNegativeTestJSON:setUpClass): 200 GET http://10.180.1.21/compute/v2.1/servers/763b460e-e392-4cc3-85ce-90e5818ea6ec 1.795s
2025-11-12 19:20:13.354 65651 INFO tempest.lib.common.rest_client [req-854995c5-a944-40f1-81db-c9110c3ba6ea req-854995c5-a944-40f1-81db-c9110c3ba6ea ] Request (ListServersNegativeTestJSON:tearDownClass): 200 GET http://10.180.1.21/compute/v2.1/servers/e73c35f6-3541-4ab4-82f8-7c5cc1c7b8e8 1.797s
2025-11-12 19:20:13.376 65629 INFO tempest.lib.common.rest_client [req-1a2c36f9-8010-4dc7-a0e0-c4523707cbb0 req-1a2c36f9-8010-4dc7-a0e0-c4523707cbb0 ] Request (ServerRescueTestJSONUnderV235:setUpClass): 200 GET http://10.180.1.21/compute/v2.1/servers/56c165f7-a83f-43c7-aed0-caf8ec19a428 1.775s
2025-11-12 19:20:13.383 65629 INFO tempest.common.waiters [-] State transition "BUILD/None" ==> "BUILD/networking" after 38 second wait
2025-11-12 19:20:13.397 65621 INFO tempest.lib.common.rest_client [req-87d392ee-89c5-4508-aa7e-f29bbb04bca8 req-87d392ee-89c5-4508-aa7e-f29bbb04bca8 ] Request (ServerRescueNegativeTestJSON:setUpClass): 201 POST http://10.180.1.21/identity/v3/auth/tokens 0.097s
2025-11-12 19:20:13.397 65621 INFO tempest.lib.common.fixed_network [-] (ServerRescueNegativeTestJSON:setUpClass) Found network {'id': '9bd98390-4d76-4294-8a1e-d6e98cd44b87', 'name': 'tempest-ServerRescueNegativeTestJSON-1949429863-network', 'tenant_id': 'affe0e214d0240b7ae3bcc2179795d54', 'project_id': 'affe0e214d0240b7ae3bcc2179795d54', 'admin_state_up': True, 'mtu': 8950, 'status': 'ACTIVE', 'subnets': [], 'shared': False, 'port_security_enabled': True, 'router:external': False, 'provider:network_type': 'vlan', 'provider:physical_network': 'default', 'provider:segmentation_id': 138, 'availability_zone_hints': [], 'availability_zones': [], 'ipv4_address_scope': None, 'ipv6_address_scope': None, 'description': '', 'tags': [], 'created_at': '2025-11-12T19:20:07Z', 'updated_at': '2025-11-12T19:20:07Z', 'revision_number': 1} available for tenant
2025-11-12 19:20:13.460 65635 INFO tempest.lib.common.rest_client [req-e4fdc270-33f4-4713-97b5-3c4e625b2587 req-e4fdc270-33f4-4713-97b5-3c4e625b2587 ] Request (FloatingIPsAssociationTestJSON:tearDownClass): 200 GET http://10.180.1.21/compute/v2.1/servers/dcff6844-6b2c-4ad3-9f80-c56d461238ff 1.815s
2025-11-12 19:20:13.875 65647 INFO tempest.lib.common.rest_client [req-073f576c-1d9f-4d4d-888a-9094f6844e41 req-073f576c-1d9f-4d4d-888a-9094f6844e41 ] Request (ServerDiskConfigTestJSON:test_rebuild_server_with_auto_disk_config): 200 GET http://10.180.1.21/compute/v2.1/servers/81c0f93a-2fa4-4e7a-a441-3c534b25099a 1.455s
2025-11-12 19:20:13.909 65639 INFO tempest.lib.common.rest_client [req-f268dabc-0ad0-4054-9ad7-bfb35938339e req-f268dabc-0ad0-4054-9ad7-bfb35938339e ] Request (MigrationsAdminTest:test_resize_server_revert_deleted_flavor): 200 GET http://10.180.1.21/compute/v2.1/servers/d7b7b7a9-7b04-47d9-972c-e31f78cdd477 1.896s
2025-11-12 19:20:14.082 65619 INFO tempest.lib.common.rest_client [req-2120c980-a43c-4b7a-bce8-ca62c55c4ae4 req-2120c980-a43c-4b7a-bce8-ca62c55c4ae4 ] Request (ServerActionsV293TestJSON:setUpClass): 200 PUT http://10.180.1.21/networking/v2.0/routers/5fa45984-84f1-411a-a412-ed5b611da874/add_router_interface 0.905s
2025-11-12 19:20:14.082 65619 INFO tempest.lib.common.dynamic_creds [-] Created isolated network resources for: credentials: Credentials: {'domain_id': 'default', 'domain_name': 'Default', 'username': 'tempest-ServerActionsV293TestJSON-1571576097-project-member', 'project_domain_id': 'default', 'project_domain_name': 'Default', 'project_id': 'ae046c923a3f434cb15b5d48a9ee4377', 'project_name': 'tempest-ServerActionsV293TestJSON-1571576097', 'tenant_id': 'ae046c923a3f434cb15b5d48a9ee4377', 'tenant_name': 'tempest-ServerActionsV293TestJSON-1571576097', 'user_domain_id': 'default', 'user_domain_name': 'Default', 'user_id': '58824e8e83154b6e8ec205011e299669', 'system': None}, Network: {'id': '0a714a96-be9c-4b51-ab87-662f3bf3a9bf', 'name': 'tempest-ServerActionsV293TestJSON-587155759-network', 'tenant_id': 'ae046c923a3f434cb15b5d48a9ee4377', 'project_id': 'ae046c923a3f434cb15b5d48a9ee4377', 'admin_state_up': True, 'mtu': 8950, 'status': 'ACTIVE', 'subnets': [], 'shared': False, 'port_security_enabled': True, 'router:external': False, 'provider:network_type': 'vlan', 'provider:physical_network': 'default', 'provider:segmentation_id': 656, 'availability_zone_hints': [], 'availability_zones': [], 'ipv4_address_scope': None, 'ipv6_address_scope': None, 'description': '', 'tags': [], 'created_at': '2025-11-12T19:20:12Z', 'updated_at': '2025-11-12T19:20:12Z', 'revision_number': 1}, Subnet: {'id': '72396a34-98f0-4ab0-8edf-bd2bf73d9dbe', 'name': 'tempest-ServerActionsV293TestJSON-587155759-subnet', 'tenant_id': 'ae046c923a3f434cb15b5d48a9ee4377', 'network_id': '0a714a96-be9c-4b51-ab87-662f3bf3a9bf', 'ip_version': 4, 'subnetpool_id': None, 'enable_dhcp': True, 'ipv6_ra_mode': None, 'ipv6_address_mode': None, 'gateway_ip': '192.168.128.1', 'cidr': '192.168.128.0/28', 'allocation_pools': [{'start': '192.168.128.2', 'end': '192.168.128.14'}], 'host_routes': [], 'dns_nameservers': [], 'description': '', 'router:external': False, 'service_types': [], 'tags': [], 'created_at': '2025-11-12T19:20:12Z', 'updated_at': '2025-11-12T19:20:12Z', 'revision_number': 0, 'project_id': 'ae046c923a3f434cb15b5d48a9ee4377'}, Router: {'id': '5fa45984-84f1-411a-a412-ed5b611da874', 'name': 'tempest-ServerActionsV293TestJSON-587155759-router', 'tenant_id': 'ae046c923a3f434cb15b5d48a9ee4377', 'admin_state_up': True, 'status': 'ACTIVE', 'external_gateway_info': {'network_id': '9eaddf43-f012-44c0-a1ce-422994f231db', 'external_fixed_ips': [{'subnet_id': '7d0e26ef-b67d-4a53-8994-ce2092aa1e84', 'ip_address': '10.180.180.162'}], 'enable_snat': True}, 'description': '', 'availability_zones': [], 'distributed': False, 'ha': False, 'availability_zone_hints': [], 'routes': [], 'flavor_id': None, 'tags': [], 'created_at': '2025-11-12T19:20:12Z', 'updated_at': '2025-11-12T19:20:12Z', 'revision_number': 2, 'project_id': 'ae046c923a3f434cb15b5d48a9ee4377'}
2025-11-12 19:20:14.127 65669 INFO tempest.lib.common.rest_client [req-8c1324f3-a0a1-424a-aa39-19e44dc84075 req-8c1324f3-a0a1-424a-aa39-19e44dc84075 ] Request (ImagesOneServerNegativeTestJSON:_run_cleanups): 200 GET http://10.180.1.21/compute/v2.1/servers/0e33f53c-8ef1-48cd-93b0-e66028214faf 1.392s
2025-11-12 19:20:14.146 65611 INFO tempest.lib.common.rest_client [req-b02fed63-9a09-4676-bbe0-f47dafc400ae req-b02fed63-9a09-4676-bbe0-f47dafc400ae ] Request (ServersTestFqdnHostnames:tearDownClass): 200 GET http://10.180.1.21/compute/v2.1/servers/dff84c9d-df80-471d-b6bf-00765ebbee9d 1.605s
2025-11-12 19:20:14.199 65619 INFO tempest.lib.common.rest_client [req-189b7082-bae5-4b17-a0d0-acf08de27348 req-189b7082-bae5-4b17-a0d0-acf08de27348 ] Request (ServerActionsV293TestJSON:setUpClass): 201 POST http://10.180.1.21/identity/v3/auth/tokens 0.112s
2025-11-12 19:20:14.249 65653 INFO tempest.lib.common.rest_client [req-91918999-e8cf-47d9-9a70-7a357609ad4a req-91918999-e8cf-47d9-9a70-7a357609ad4a ] Request (ServerShowV257Test:tearDownClass): 200 GET http://10.180.1.21/compute/v2.1/servers/072b5161-73d3-4868-a841-2d2572e87cb1 1.405s
2025-11-12 19:20:14.312 65627 INFO tempest.lib.common.rest_client [req-6a968474-0c76-4bfc-9da1-0012d0ff3815 req-6a968474-0c76-4bfc-9da1-0012d0ff3815 ] Request (ServersAdminTestJSON:test_rebuild_server_in_error_state): 200 GET http://10.180.1.21/compute/v2.1/servers/abcd5293-6abe-4959-a146-86fd257ae2f9 1.532s
2025-11-12 19:20:14.320 65627 INFO tempest.common.waiters [-] State transition "REBUILD/rebuild_spawning" ==> "ACTIVE/None" after 10 second wait
2025-11-12 19:20:14.362 65625 INFO tempest.lib.common.rest_client [req-cf7aabd1-9a05-404b-95b7-e1f9ee455fc3 req-cf7aabd1-9a05-404b-95b7-e1f9ee455fc3 ] Request (ServersNegativeTestMultiTenantJSON:tearDownClass): 200 GET http://10.180.1.21/compute/v2.1/servers/1a6917d5-3e59-4ad3-8bf0-9a73d0fd162e 1.512s
2025-11-12 19:20:14.383 65661 INFO tempest.lib.common.rest_client [req-68508a2d-8c33-45ba-9f87-9c2dafe9eade req-68508a2d-8c33-45ba-9f87-9c2dafe9eade ] Request (ServerMetadataTestJSON:setUpClass): 200 GET http://10.180.1.21/compute/v2.1/servers/eeb90849-a755-4cad-80f6-9886344dc55b 1.191s
2025-11-12 19:20:14.434 65665 INFO tempest.lib.common.rest_client [req-d81f27b8-0983-4fbb-a5c9-b3818a6538ea req-d81f27b8-0983-4fbb-a5c9-b3818a6538ea ] Request (ImagesTestJSON:test_create_server_from_snapshot): 200 GET http://10.180.1.21/compute/v2.1/servers/9891bcd2-fbc6-403c-aa71-4a8355af7c3c 1.225s
