2025-11-12 19:16:57.052 65619 INFO tempest.lib.common.rest_client [req-f7f7284d-65cb-4df7-aa10-5665e8dfd0f5 req-f7f7284d-65cb-4df7-aa10-5665e8dfd0f5 ] Request (HypervisorAdminUnderV252Test:tearDownClass): 204 DELETE http://10.180.1.21/identity/v3/users/c051562380bf4343b6821ba6c93e9450 0.104s
2025-11-12 19:16:57.065 65653 INFO tempest.lib.common.rest_client [req-b85a019d-042a-4108-b006-92fcb10b06da req-b85a019d-042a-4108-b006-92fcb10b06da ] Request (InstanceActionsNegativeTestJSON:setUpClass): 201 POST http://10.180.1.21/identity/v3/auth/tokens 0.058s
2025-11-12 19:16:57.096 65668 INFO tempest.lib.common.rest_client [req-526a5d5a-683a-4d8f-a808-1af3cf882171 req-526a5d5a-683a-4d8f-a808-1af3cf882171 ] Request (ServerActionsTestJSON:setUpClass): 200 PUT http://10.180.1.21/networking/v2.0/floatingips/632b143e-11c4-4c5f-888c-d1253139ac67 0.845s
2025-11-12 19:16:57.098 65668 INFO tempest.lib.common.ssh [-] Creating ssh connection to '10.180.180.197:22' as 'cirros' with public key authentication
2025-11-12 19:16:57.133 65653 INFO tempest.lib.common.rest_client [req-2d953137-9a9a-4992-9e6a-c5231e8ba9f1 req-2d953137-9a9a-4992-9e6a-c5231e8ba9f1 ] Request (InstanceActionsNegativeTestJSON:setUpClass): 200 GET http://10.180.1.21/identity/v3/domains?name=Default 0.068s
2025-11-12 19:16:57.143 65639 INFO tempest.lib.common.rest_client [req-b5f2a066-d621-47f8-a4f3-50d6a9d43c7d req-b5f2a066-d621-47f8-a4f3-50d6a9d43c7d ] Request (MigrationsAdminTest:test_list_migrations_in_flavor_resize_situation): 200 GET http://10.180.1.21/compute/v2.1/servers/0c2d57b2-b475-43a0-9e98-1877f2b433af 0.947s
2025-11-12 19:16:57.161 65655 INFO tempest.lib.common.rest_client [req-1263a0ab-5e29-41a6-b2d6-345abdd8739d req-1263a0ab-5e29-41a6-b2d6-345abdd8739d ] Request (FlavorsAccessNegativeTestJSON:_run_cleanups): 202 DELETE http://10.180.1.21/compute/v2.1/flavors/324045535 0.933s
2025-11-12 19:16:57.166 65643 INFO tempest.lib.common.rest_client [req-fbdc8abf-6aeb-4cf2-b128-c49c82ae9878 req-fbdc8abf-6aeb-4cf2-b128-c49c82ae9878 ] Request (ServersListShow2100Test:test_list_show_rebuild_update_server_2100): 200 GET http://10.180.1.21/compute/v2.1/servers/709c71aa-22c9-44ac-b1a2-de87a5b017a4 1.024s
2025-11-12 19:16:57.176 65653 INFO tempest.lib.common.rest_client [req-3519cac3-857f-4574-8321-4fb8f394720a req-3519cac3-857f-4574-8321-4fb8f394720a ] Request (InstanceActionsNegativeTestJSON:setUpClass): 201 POST http://10.180.1.21/identity/v3/projects 0.042s
2025-11-12 19:16:57.191 65619 INFO tempest.lib.common.rest_client [req-949cb34c-321b-462c-a18b-d29040dca9f8 req-949cb34c-321b-462c-a18b-d29040dca9f8 ] Request (HypervisorAdminUnderV252Test:tearDownClass): 204 DELETE http://10.180.1.21/identity/v3/users/ad5ae107aa274f31871037c5f95ee98d 0.139s
2025-11-12 19:16:57.192 65619 INFO tempest.lib.common.dynamic_creds [-] Deleting project and security group for project: 91af4374aac542f48e30b27026fd73ae
2025-11-12 19:16:57.208 65607 INFO tempest.lib.common.rest_client [req-66e5e7d6-3019-4dd6-bf8f-ad9b1a20cdbc req-66e5e7d6-3019-4dd6-bf8f-ad9b1a20cdbc ] Request (ImagesMetadataTestJSON:setUpClass): 200 GET http://10.180.1.21/compute/v2.1/images/16cb5f56-f46c-44e9-a33f-2947d54a8510 0.923s
2025-11-12 19:16:57.219 65613 INFO tempest.lib.common.rest_client [req-66f0d37c-6ece-412c-976a-d9c55e51cd1b req-66f0d37c-6ece-412c-976a-d9c55e51cd1b ] Request (SecurityGroupRulesNegativeTestJSON:test_create_security_group_rule_with_invalid_id): 400 POST http://10.180.1.21/compute/v2.1/os-security-group-rules 0.850s
2025-11-12 19:16:57.242 65657 INFO tempest.lib.common.rest_client [req-44fc15d1-be6e-4f2d-9a4f-8781a6befbd4 req-44fc15d1-be6e-4f2d-9a4f-8781a6befbd4 ] Request (ListServerFiltersTestJSON:setUpClass): 200 GET http://10.180.1.21/compute/v2.1/servers/43b79ae6-17a3-4424-8d6b-ffdc8815616b 1.006s
2025-11-12 19:16:57.270 65619 INFO tempest.lib.common.rest_client [req-bcbea0cc-1e9e-4506-a4dc-c42a376e3b1c req-bcbea0cc-1e9e-4506-a4dc-c42a376e3b1c ] Request (HypervisorAdminUnderV252Test:tearDownClass): 201 POST http://10.180.1.21/identity/v3/auth/tokens 0.077s
2025-11-12 19:16:57.280 65653 INFO tempest.lib.common.rest_client [req-3085187e-b344-40b8-953f-14e197995056 req-3085187e-b344-40b8-953f-14e197995056 ] Request (InstanceActionsNegativeTestJSON:setUpClass): 201 POST http://10.180.1.21/identity/v3/users 0.104s
2025-11-12 19:16:57.318 65653 INFO tempest.lib.common.rest_client [req-d8445ca0-7c11-467a-b571-0d3de005d118 req-d8445ca0-7c11-467a-b571-0d3de005d118 ] Request (InstanceActionsNegativeTestJSON:setUpClass): 200 GET http://10.180.1.21/identity/v3/roles 0.037s
2025-11-12 19:16:57.350 65653 INFO tempest.lib.common.rest_client [req-737a6a63-8e8a-408f-b073-48fb6cb1b760 req-737a6a63-8e8a-408f-b073-48fb6cb1b760 ] Request (InstanceActionsNegativeTestJSON:setUpClass): 204 PUT http://10.180.1.21/identity/v3/projects/5d20847898814c7f8555537d4c26a746/users/3d8de825a9c54947b4b837d36d01955d/roles/0eb8b6efe5674aa19ce5bbe721caf1b9 0.030s
2025-11-12 19:16:57.350 65653 INFO tempest.lib.common.dynamic_creds [-] Dynamic test user 3d8de825a9c54947b4b837d36d01955d is created with scope project and roles: ['member']
2025-11-12 19:16:57.350 65653 INFO tempest.lib.common.dynamic_creds [-] Acquired dynamic creds: credentials: Credentials: {'domain_id': 'default', 'domain_name': 'Default', 'username': 'tempest-InstanceActionsNegativeTestJSON-681320429-project-member', 'project_domain_id': 'default', 'project_domain_name': 'Default', 'project_id': '5d20847898814c7f8555537d4c26a746', 'project_name': 'tempest-InstanceActionsNegativeTestJSON-681320429', 'tenant_id': '5d20847898814c7f8555537d4c26a746', 'tenant_name': 'tempest-InstanceActionsNegativeTestJSON-681320429', 'user_domain_id': 'default', 'user_domain_name': 'Default', 'user_id': '3d8de825a9c54947b4b837d36d01955d', 'system': None}, Network: None, Subnet: None, Router: None
2025-11-12 19:16:57.378 65635 INFO tempest.lib.common.rest_client [req-39a933ed-6a8c-4601-86f8-8127d2cbf6db req-39a933ed-6a8c-4601-86f8-8127d2cbf6db ] Request (TenantUsagesTestJSON:tearDownClass): 200 GET http://10.180.1.21/compute/v2.1/servers/108739d9-6f94-4de6-bcdf-ff94de4baaac 0.845s
2025-11-12 19:16:57.397 65661 INFO tempest.lib.common.rest_client [req-afb7f0bf-95f4-4926-a1d1-7c460d009157 req-afb7f0bf-95f4-4926-a1d1-7c460d009157 ] Request (ServerAddressesTestJSON:setUpClass): 200 GET http://10.180.1.21/compute/v2.1/servers/56c8ff12-6315-43d4-b735-58e62f465c2c 0.972s
2025-11-12 19:16:57.418 65653 INFO tempest.lib.common.rest_client [req-4de75821-6c58-46a2-a960-88ab07fe0184 req-4de75821-6c58-46a2-a960-88ab07fe0184 ] Request (InstanceActionsNegativeTestJSON:setUpClass): 201 POST http://10.180.1.21/identity/v3/auth/tokens 0.068s
2025-11-12 19:16:57.560 65673 INFO tempest.lib.common.rest_client [req-382fb51d-02c9-4abe-b32b-84bc98111928 req-382fb51d-02c9-4abe-b32b-84bc98111928 ] Request (QuotasAdminTestV257:test_get_updated_quotas): 200 GET http://10.180.1.21/compute/v2.1/os-quota-sets/066c3c49177f42f680b8ead92ae45953/detail 0.935s
2025-11-12 19:16:57.577 65619 INFO tempest.lib.common.rest_client [req-f71e3489-2601-435a-960b-9227bcc14797 req-f71e3489-2601-435a-960b-9227bcc14797 ] Request (HypervisorAdminUnderV252Test:tearDownClass): 200 GET http://10.180.1.21/networking/v2.0/security-groups?tenant_id=91af4374aac542f48e30b27026fd73ae&name=default 0.307s
2025-11-12 19:16:57.601 65673 INFO tempest.lib.common.rest_client [req-74d42af6-06fa-4436-b53f-2b1d6154e00b req-74d42af6-06fa-4436-b53f-2b1d6154e00b ] Request (QuotasAdminTestV257:test_get_updated_quotas): 200 GET http://10.180.1.21/identity/v3/domains?name=Default 0.036s
2025-11-12 19:16:57.607 65647 INFO tempest.lib.common.rest_client [req-622905da-c3e4-49b7-8c44-609c0531f808 req-622905da-c3e4-49b7-8c44-609c0531f808 ] Request (ServersAdminNegativeTestJSON:test_migrate_server_invalid_state): 200 GET http://10.180.1.21/compute/v2.1/servers/6efc97c4-663b-4f86-bc2d-3aa60ff6eb5d 1.059s
2025-11-12 19:16:57.632 65673 INFO tempest.lib.common.rest_client [req-79feb5ff-8e5a-44c8-b4cf-7cbdbd2c79a4 req-79feb5ff-8e5a-44c8-b4cf-7cbdbd2c79a4 ] Request (QuotasAdminTestV257:test_get_updated_quotas): 201 POST http://10.180.1.21/identity/v3/users 0.030s
2025-11-12 19:16:57.657 65673 INFO tempest.lib.common.rest_client [req-4cd584b4-d4ac-422b-ad1c-92e4f230ec24 req-4cd584b4-d4ac-422b-ad1c-92e4f230ec24 ] Request (QuotasAdminTestV257:test_get_updated_quotas): 200 GET http://10.180.1.21/identity/v3/domains?name=Default 0.025s
2025-11-12 19:16:57.711 65619 INFO tempest.lib.common.rest_client [req-7f3cd2d4-587f-4d92-a2bb-f063c52e8869 req-7f3cd2d4-587f-4d92-a2bb-f063c52e8869 ] Request (HypervisorAdminUnderV252Test:tearDownClass): 204 DELETE http://10.180.1.21/networking/v2.0/security-groups/8f188c59-d533-49c1-82c7-b19b9eff1c9a 0.134s
2025-11-12 19:16:57.718 65653 INFO tempest.lib.common.rest_client [req-c123f2d6-ebd6-4de8-9204-cdac640b32da req-c123f2d6-ebd6-4de8-9204-cdac640b32da ] Request (InstanceActionsNegativeTestJSON:setUpClass): 201 POST http://10.180.1.21/networking/v2.0/networks 0.299s
2025-11-12 19:16:57.745 65627 INFO tempest.lib.common.rest_client [req-bb0d17c4-3d46-482b-a47f-07c0b12b8dc2 req-bb0d17c4-3d46-482b-a47f-07c0b12b8dc2 ] Request (ServersAdminTestJSON:setUpClass): 200 GET http://10.180.1.21/compute/v2.1/servers/afc29902-1147-4d22-abc5-b2098fdbc775 1.012s
2025-11-12 19:16:57.748 65650 INFO tempest.lib.common.rest_client [req-5dca9515-cdfd-4024-9089-0ea016f0f2c2 req-5dca9515-cdfd-4024-9089-0ea016f0f2c2 ] Request (ServerDiagnosticsV248Test:test_get_server_diagnostics): 200 GET http://10.180.1.21/compute/v2.1/servers/f591d535-7fbf-429e-954a-a6265798130d 0.974s
2025-11-12 19:16:57.754 65665 INFO tempest.lib.common.rest_client [req-ee1d2d2c-a010-4e72-942d-ef4877e77972 req-ee1d2d2c-a010-4e72-942d-ef4877e77972 ] Request (FlavorsExtraSpecsNegativeTestJSON:test_flavor_update_mismatch_key): 400 PUT http://10.180.1.21/compute/v2.1/flavors/490129285/os-extra_specs/hw:numa_nodes 0.951s
2025-11-12 19:16:57.763 65617 INFO tempest.lib.common.rest_client [req-d291ebda-3bb2-44f5-a105-84917135c6be req-d291ebda-3bb2-44f5-a105-84917135c6be ] Request (AggregatesAdminNegativeTestJSON:test_aggregate_delete_as_user): 403 DELETE http://10.180.1.21/compute/v2.1/os-aggregates/5 0.929s
2025-11-12 19:16:57.765 65650 INFO tempest.common.waiters [-] State transition "BUILD/networking" ==> "BUILD/spawning" after 30 second wait
2025-11-12 19:16:57.792 65663 INFO tempest.lib.common.rest_client [req-23b3793d-404e-44f6-bed3-a926340a5ee2 req-23b3793d-404e-44f6-bed3-a926340a5ee2 ] Request (FlavorsV2TestJSON:test_list_flavors_with_detail): 200 GET http://10.180.1.21/compute/v2.1/flavors/detail 0.903s
2025-11-12 19:16:57.812 65659 INFO tempest.lib.common.rest_client [req-67b88ddf-f456-4bfb-8afa-ab85f62cce29 req-67b88ddf-f456-4bfb-8afa-ab85f62cce29 ] Request (FlavorsAdminTestJSON:_run_cleanups): 200 GET http://10.180.1.21/compute/v2.1/flavors/detail 0.904s
2025-11-12 19:16:57.838 65619 INFO tempest.lib.common.rest_client [req-512f9bbf-d331-4371-b21a-2cf96d9ed06c req-512f9bbf-d331-4371-b21a-2cf96d9ed06c ] Request (HypervisorAdminUnderV252Test:tearDownClass): 204 DELETE http://10.180.1.21/identity/v3/projects/91af4374aac542f48e30b27026fd73ae 0.126s
2025-11-12 19:16:57.838 65619 INFO tempest.lib.common.dynamic_creds [-] Deleting project and security group for project: 806bb7277c3b426da27986835c61603e
2025-11-12 19:16:57.974 65619 INFO tempest.lib.common.rest_client [req-a3f32f7d-4135-4019-8514-93f766989842 req-a3f32f7d-4135-4019-8514-93f766989842 ] Request (HypervisorAdminUnderV252Test:tearDownClass): 200 GET http://10.180.1.21/networking/v2.0/security-groups?tenant_id=806bb7277c3b426da27986835c61603e&name=default 0.136s
2025-11-12 19:16:57.975 65653 INFO tempest.lib.common.rest_client [req-08a1a894-ef77-4780-ac20-f4f92b1a2d0d req-08a1a894-ef77-4780-ac20-f4f92b1a2d0d ] Request (InstanceActionsNegativeTestJSON:setUpClass): 201 POST http://10.180.1.21/networking/v2.0/subnets 0.256s
2025-11-12 19:16:58.016 65669 INFO tempest.lib.common.rest_client [req-b838f734-63ec-4d3e-8b6d-d8739e778a92 req-b838f734-63ec-4d3e-8b6d-d8739e778a92 ] Request (ImagesOneServerNegativeTestJSON:tearDown): 200 GET http://10.180.1.21/compute/v2.1/servers/4f332e99-d52c-4f90-a16d-e4e64f92d077 1.241s
2025-11-12 19:16:58.073 65619 INFO tempest.lib.common.rest_client [req-e6b191f2-4ca8-4d6f-94fd-97e2f3540ee8 req-e6b191f2-4ca8-4d6f-94fd-97e2f3540ee8 ] Request (HypervisorAdminUnderV252Test:tearDownClass): 204 DELETE http://10.180.1.21/networking/v2.0/security-groups/7560a28d-4e67-4886-86b0-cf051c1fa0c6 0.098s
2025-11-12 19:16:58.148 65611 INFO tempest.lib.common.rest_client [req-549316c4-2414-4438-a638-e146dbfde207 req-549316c4-2414-4438-a638-e146dbfde207 ] Request (ServerExternalEventsTest:tearDownClass): 200 GET http://10.180.1.21/compute/v2.1/servers/f12069d0-895c-43e5-8547-223036cfcdeb 1.196s
2025-11-12 19:16:58.201 65619 INFO tempest.lib.common.rest_client [req-69680304-010d-44ac-92c6-181840d6841f req-69680304-010d-44ac-92c6-181840d6841f ] Request (HypervisorAdminUnderV252Test:tearDownClass): 204 DELETE http://10.180.1.21/identity/v3/projects/806bb7277c3b426da27986835c61603e 0.128s
2025-11-12 19:16:58.268 65631 INFO tempest.lib.common.rest_client [req-be6c687e-3959-4ac8-b9a5-4191c7599571 req-be6c687e-3959-4ac8-b9a5-4191c7599571 ] Request (ListImageFiltersTestJSON:setUpClass): 202 POST http://10.180.1.21/compute/v2.1/servers 1.321s
2025-11-12 19:16:58.282 65619 INFO tempest.lib.common.rest_client [req-410cf0be-070a-4a8f-b758-2d4be47b8fb5 req-410cf0be-070a-4a8f-b758-2d4be47b8fb5 ] Request (SecurityGroupRulesTestJSON:setUpClass): 201 POST http://10.180.1.21/identity/v3/auth/tokens 0.079s
2025-11-12 19:16:58.365 65631 INFO tempest.lib.common.rest_client [req-e4373c89-3aa8-498d-8d3d-b28ffa41e46c req-e4373c89-3aa8-498d-8d3d-b28ffa41e46c ] Request (ListImageFiltersTestJSON:setUpClass): 201 POST http://10.180.1.21/identity/v3/auth/tokens 0.090s
2025-11-12 19:16:58.366 65631 INFO tempest.lib.common.fixed_network [-] (ListImageFiltersTestJSON:setUpClass) Found network None available for tenant
2025-11-12 19:16:58.410 65619 INFO tempest.lib.common.rest_client [req-69c9cad5-dba5-4d2d-a8dd-16b84d38f284 req-69c9cad5-dba5-4d2d-a8dd-16b84d38f284 ] Request (SecurityGroupRulesTestJSON:setUpClass): 201 POST http://10.180.1.21/identity/v3/auth/tokens 0.124s
2025-11-12 19:16:58.432 65621 INFO tempest.lib.common.rest_client [req-5aba1069-17b1-4f84-97a2-ed31ad521c46 req-5aba1069-17b1-4f84-97a2-ed31ad521c46 ] Request (ServersAdmin275Test:_run_cleanups): 200 GET http://10.180.1.21/compute/v2.1/servers/7a33795e-6bb9-4dc5-9fc1-2573c3fca28c 1.336s
2025-11-12 19:16:58.440 65637 INFO tempest.lib.common.rest_client [req-7f0d4f4e-c537-4f0d-ac83-4d55e952e16d req-7f0d4f4e-c537-4f0d-ac83-4d55e952e16d ] Request (VolumesAdminNegativeTest:test_update_attached_volume_with_nonexistent_volume_in_uri): 404 PUT http://10.180.1.21/compute/v2.1/servers/084aeb19-b967-40f6-b346-b2934228222d/os-volume_attachments/8587edf5-7be7-4e18-90db-76c4c3a92e0f 1.460s
2025-11-12 19:16:58.449 65621 INFO tempest.common.waiters [-] State transition "REBUILD/rebuilding" ==> "REBUILD/rebuild_spawning" after 2 second wait
2025-11-12 19:16:58.455 65619 INFO tempest.lib.common.rest_client [req-64f2762a-c3ae-4a7d-a6c1-fcff3cad50f6 req-64f2762a-c3ae-4a7d-a6c1-fcff3cad50f6 ] Request (SecurityGroupRulesTestJSON:setUpClass): 200 GET http://10.180.1.21/identity/v3/domains?name=Default 0.045s
2025-11-12 19:16:58.460 65655 INFO tempest.lib.common.rest_client [req-756e105e-21de-413b-8456-2083f8b6b7b1 req-756e105e-21de-413b-8456-2083f8b6b7b1 ] Request (FlavorsAccessNegativeTestJSON:_run_cleanups): 200 GET http://10.180.1.21/compute/v2.1/flavors/detail 1.298s
2025-11-12 19:16:58.501 65619 INFO tempest.lib.common.rest_client [req-4324470f-50fb-465b-be93-4a3fb368d824 req-4324470f-50fb-465b-be93-4a3fb368d824 ] Request (SecurityGroupRulesTestJSON:setUpClass): 201 POST http://10.180.1.21/identity/v3/projects 0.044s
2025-11-12 19:16:58.523 65637 INFO tempest.lib.common.rest_client [req-ad1536b9-64a3-4ce6-9f18-ac43661265a8 req-ad1536b9-64a3-4ce6-9f18-ac43661265a8 ] Request (VolumesAdminNegativeTest:tearDownClass): 202 DELETE http://10.180.1.21/volume/v3/volumes/13b6be97-99f9-4d4a-ad95-5342b52d0294 0.081s
2025-11-12 19:16:58.559 65637 INFO tempest.lib.common.rest_client [req-3ebde540-c9eb-48b7-b54e-e91fe117ea2b req-3ebde540-c9eb-48b7-b54e-e91fe117ea2b ] Request (VolumesAdminNegativeTest:tearDownClass): 200 GET http://10.180.1.21/volume/v3/volumes/13b6be97-99f9-4d4a-ad95-5342b52d0294 0.035s
2025-11-12 19:16:58.596 65619 INFO tempest.lib.common.rest_client [req-bf892c95-e921-4651-9639-fa61e0e0cc92 req-bf892c95-e921-4651-9639-fa61e0e0cc92 ] Request (SecurityGroupRulesTestJSON:setUpClass): 201 POST http://10.180.1.21/identity/v3/users 0.095s
2025-11-12 19:16:58.631 65619 INFO tempest.lib.common.rest_client [req-bb86b6a7-72bb-4cf5-8c24-584b4709fc1e req-bb86b6a7-72bb-4cf5-8c24-584b4709fc1e ] Request (SecurityGroupRulesTestJSON:setUpClass): 200 GET http://10.180.1.21/identity/v3/roles 0.034s
2025-11-12 19:16:58.677 65619 INFO tempest.lib.common.rest_client [req-7bb5e37e-bdf5-4776-b33c-9e4270ac7916 req-7bb5e37e-bdf5-4776-b33c-9e4270ac7916 ] Request (SecurityGroupRulesTestJSON:setUpClass): 204 PUT http://10.180.1.21/identity/v3/projects/522d60bf152d400883e5255d9ecfcf4d/users/6bb02b62ee5d47bb8d0c172a34b32e1c/roles/0eb8b6efe5674aa19ce5bbe721caf1b9 0.046s
2025-11-12 19:16:58.677 65619 INFO tempest.lib.common.dynamic_creds [-] Dynamic test user 6bb02b62ee5d47bb8d0c172a34b32e1c is created with scope project and roles: ['member']
2025-11-12 19:16:58.678 65619 INFO tempest.lib.common.dynamic_creds [-] Acquired dynamic creds: credentials: Credentials: {'domain_id': 'default', 'domain_name': 'Default', 'username': 'tempest-SecurityGroupRulesTestJSON-1601740898-project-member', 'project_domain_id': 'default', 'project_domain_name': 'Default', 'project_id': '522d60bf152d400883e5255d9ecfcf4d', 'project_name': 'tempest-SecurityGroupRulesTestJSON-1601740898', 'tenant_id': '522d60bf152d400883e5255d9ecfcf4d', 'tenant_name': 'tempest-SecurityGroupRulesTestJSON-1601740898', 'user_domain_id': 'default', 'user_domain_name': 'Default', 'user_id': '6bb02b62ee5d47bb8d0c172a34b32e1c', 'system': None}, Network: None, Subnet: None, Router: None
2025-11-12 19:16:58.750 65607 INFO tempest.lib.common.rest_client [req-83016416-610c-4454-8b2c-d6649657e1bb req-83016416-610c-4454-8b2c-d6649657e1bb ] Request (ImagesMetadataTestJSON:setUp): 200 PUT http://10.180.1.21/compute/v2.1/images/16cb5f56-f46c-44e9-a33f-2947d54a8510/metadata 1.538s
2025-11-12 19:16:58.756 65619 INFO tempest.lib.common.rest_client [req-79fc1197-9a8d-47f1-87a1-721e4bb521ff req-79fc1197-9a8d-47f1-87a1-721e4bb521ff ] Request (SecurityGroupRulesTestJSON:setUpClass): 201 POST http://10.180.1.21/identity/v3/auth/tokens 0.078s
2025-11-12 19:16:58.928 65653 INFO tempest.lib.common.rest_client [req-73d3825d-d00a-4228-8b40-dde1f7af818f req-73d3825d-d00a-4228-8b40-dde1f7af818f ] Request (InstanceActionsNegativeTestJSON:setUpClass): 201 POST http://10.180.1.21/networking/v2.0/routers 0.953s
2025-11-12 19:16:59.002 65613 INFO tempest.lib.common.rest_client [req-eee82e81-b17d-4478-8fb4-ca209ab15b0a req-eee82e81-b17d-4478-8fb4-ca209ab15b0a ] Request (SecurityGroupRulesNegativeTestJSON:test_create_security_group_rule_with_invalid_ip_protocol): 200 POST http://10.180.1.21/compute/v2.1/os-security-groups 1.782s
2025-11-12 19:16:59.026 65645 INFO tempest.lib.common.rest_client [req-1378280e-a1d3-43b0-b469-aa2d3a35c4fe req-1378280e-a1d3-43b0-b469-aa2d3a35c4fe ] Request (ServerDiagnosticsNegativeTest:test_get_server_diagnostics_by_non_admin): 200 GET http://10.180.1.21/compute/v2.1/servers/8182b24a-2bed-4302-89ec-aba8e743f517 1.624s
2025-11-12 19:16:59.245 65673 INFO tempest.lib.common.rest_client [req-0a7f0c55-cea9-4547-ab7c-fcb55f2e6e52 req-0a7f0c55-cea9-4547-ab7c-fcb55f2e6e52 ] Request (QuotasAdminTestV257:test_get_updated_quotas): 200 PUT http://10.180.1.21/compute/v2.1/os-quota-sets/066c3c49177f42f680b8ead92ae45953?user_id=a71c953edef648a98eafa84d204d01f1 1.588s
2025-11-12 19:16:59.253 65619 INFO tempest.lib.common.rest_client [req-a92019f5-4e41-48a3-bb5e-286dfe54f53b req-a92019f5-4e41-48a3-bb5e-286dfe54f53b ] Request (SecurityGroupRulesTestJSON:setUpClass): 201 POST http://10.180.1.21/networking/v2.0/networks 0.495s
2025-11-12 19:16:59.592 65637 INFO tempest.lib.common.rest_client [req-461695e4-f352-4565-9976-3e57c95f8022 req-461695e4-f352-4565-9976-3e57c95f8022 ] Request (VolumesAdminNegativeTest:tearDownClass): 404 GET http://10.180.1.21/volume/v3/volumes/13b6be97-99f9-4d4a-ad95-5342b52d0294 0.016s
2025-11-12 19:17:00.169 65653 INFO tempest.lib.common.rest_client [req-392ecdb7-39ac-47fa-ba6b-be805c39f514 req-392ecdb7-39ac-47fa-ba6b-be805c39f514 ] Request (InstanceActionsNegativeTestJSON:setUpClass): 200 PUT http://10.180.1.21/networking/v2.0/routers/7efc48e0-fbf7-4045-a40b-64cbdcd733a4/add_router_interface 1.241s
2025-11-12 19:17:00.170 65653 INFO tempest.lib.common.dynamic_creds [-] Created isolated network resources for: credentials: Credentials: {'domain_id': 'default', 'domain_name': 'Default', 'username': 'tempest-InstanceActionsNegativeTestJSON-681320429-project-member', 'project_domain_id': 'default', 'project_domain_name': 'Default', 'project_id': '5d20847898814c7f8555537d4c26a746', 'project_name': 'tempest-InstanceActionsNegativeTestJSON-681320429', 'tenant_id': '5d20847898814c7f8555537d4c26a746', 'tenant_name': 'tempest-InstanceActionsNegativeTestJSON-681320429', 'user_domain_id': 'default', 'user_domain_name': 'Default', 'user_id': '3d8de825a9c54947b4b837d36d01955d', 'system': None}, Network: {'id': '12bde2f2-245e-4e79-a5e5-6e8cf615f6e1', 'name': 'tempest-InstanceActionsNegativeTestJSON-1908544374-network', 'tenant_id': '5d20847898814c7f8555537d4c26a746', 'project_id': '5d20847898814c7f8555537d4c26a746', 'admin_state_up': True, 'mtu': 8950, 'status': 'ACTIVE', 'subnets': [], 'shared': False, 'port_security_enabled': True, 'router:external': False, 'provider:network_type': 'vlan', 'provider:physical_network': 'default', 'provider:segmentation_id': 907, 'availability_zone_hints': [], 'availability_zones': [], 'ipv4_address_scope': None, 'ipv6_address_scope': None, 'description': '', 'tags': [], 'created_at': '2025-11-12T19:16:57Z', 'updated_at': '2025-11-12T19:16:57Z', 'revision_number': 1}, Subnet: {'id': 'c1a9c870-fe3c-433f-a4ec-80dd6b3c651c', 'name': 'tempest-InstanceActionsNegativeTestJSON-1908544374-subnet', 'tenant_id': '5d20847898814c7f8555537d4c26a746', 'network_id': '12bde2f2-245e-4e79-a5e5-6e8cf615f6e1', 'ip_version': 4, 'subnetpool_id': None, 'enable_dhcp': True, 'ipv6_ra_mode': None, 'ipv6_address_mode': None, 'gateway_ip': '192.168.128.1', 'cidr': '192.168.128.0/28', 'allocation_pools': [{'start': '192.168.128.2', 'end': '192.168.128.14'}], 'host_routes': [], 'dns_nameservers': [], 'description': '', 'router:external': False, 'service_types': [], 'tags': [], 'created_at': '2025-11-12T19:16:57Z', 'updated_at': '2025-11-12T19:16:57Z', 'revision_number': 0, 'project_id': '5d20847898814c7f8555537d4c26a746'}, Router: {'id': '7efc48e0-fbf7-4045-a40b-64cbdcd733a4', 'name': 'tempest-InstanceActionsNegativeTestJSON-1908544374-router', 'tenant_id': '5d20847898814c7f8555537d4c26a746', 'admin_state_up': True, 'status': 'ACTIVE', 'external_gateway_info': {'network_id': '9eaddf43-f012-44c0-a1ce-422994f231db', 'external_fixed_ips': [{'subnet_id': '7d0e26ef-b67d-4a53-8994-ce2092aa1e84', 'ip_address': '10.180.180.196'}], 'enable_snat': True}, 'description': '', 'availability_zones': [], 'distributed': False, 'ha': False, 'availability_zone_hints': [], 'routes': [], 'flavor_id': None, 'tags': [], 'created_at': '2025-11-12T19:16:58Z', 'updated_at': '2025-11-12T19:16:58Z', 'revision_number': 2, 'project_id': '5d20847898814c7f8555537d4c26a746'}
2025-11-12 19:17:00.196 65623 INFO tempest.lib.common.rest_client [req-35f6c50e-ac05-475e-b0a8-07763cf9ffb1 req-35f6c50e-ac05-475e-b0a8-07763cf9ffb1 ] Request (ServerDiagnosticsTest:tearDownClass): 200 GET http://10.180.1.21/compute/v2.1/servers/9d815365-f7b3-40e9-aa17-bb81b0169cef 2.708s
2025-11-12 19:17:00.201 65665 INFO tempest.lib.common.rest_client [req-75e9c58e-45b7-4dbc-86d1-df615d2ccd11 req-75e9c58e-45b7-4dbc-86d1-df615d2ccd11 ] Request (FlavorsExtraSpecsNegativeTestJSON:test_flavor_update_more_key): 400 PUT http://10.180.1.21/compute/v2.1/flavors/490129285/os-extra_specs/hw:numa_nodes 2.446s
2025-11-12 19:17:00.228 65617 INFO tempest.lib.common.rest_client [req-abc273e3-c95f-48f6-90aa-e247753b5ffc req-abc273e3-c95f-48f6-90aa-e247753b5ffc ] Request (AggregatesAdminNegativeTestJSON:_run_cleanups): 200 DELETE http://10.180.1.21/compute/v2.1/os-aggregates/5 2.464s
2025-11-12 19:17:00.280 65653 INFO tempest.lib.common.rest_client [req-471c78ee-0d09-42f5-b327-a81e431617ee req-471c78ee-0d09-42f5-b327-a81e431617ee ] Request (InstanceActionsNegativeTestJSON:setUpClass): 201 POST http://10.180.1.21/identity/v3/auth/tokens 0.103s
2025-11-12 19:17:00.326 65653 INFO tempest.lib.common.rest_client [req-6eb6198c-c42c-48dc-9f30-1f06c4786d33 req-6eb6198c-c42c-48dc-9f30-1f06c4786d33 ] Request (InstanceActionsNegativeTestJSON:setUpClass): 201 POST http://10.180.1.21/identity/v3/auth/tokens 0.042s
2025-11-12 19:17:00.326 65653 INFO tempest.lib.common.fixed_network [-] (InstanceActionsNegativeTestJSON:setUpClass) Found network {'id': '12bde2f2-245e-4e79-a5e5-6e8cf615f6e1', 'name': 'tempest-InstanceActionsNegativeTestJSON-1908544374-network', 'tenant_id': '5d20847898814c7f8555537d4c26a746', 'project_id': '5d20847898814c7f8555537d4c26a746', 'admin_state_up': True, 'mtu': 8950, 'status': 'ACTIVE', 'subnets': [], 'shared': False, 'port_security_enabled': True, 'router:external': False, 'provider:network_type': 'vlan', 'provider:physical_network': 'default', 'provider:segmentation_id': 907, 'availability_zone_hints': [], 'availability_zones': [], 'ipv4_address_scope': None, 'ipv6_address_scope': None, 'description': '', 'tags': [], 'created_at': '2025-11-12T19:16:57Z', 'updated_at': '2025-11-12T19:16:57Z', 'revision_number': 1} available for tenant
2025-11-12 19:17:00.432 65619 INFO tempest.lib.common.rest_client [req-37253b02-bfa2-4ebc-9634-f389ee8feac2 req-37253b02-bfa2-4ebc-9634-f389ee8feac2 ] Request (SecurityGroupRulesTestJSON:setUpClass): 201 POST http://10.180.1.21/networking/v2.0/subnets 1.179s
2025-11-12 19:17:00.545 65615 INFO tempest.lib.common.rest_client [req-56bae541-e6cb-49f9-ad0c-222f1303cde1 req-56bae541-e6cb-49f9-ad0c-222f1303cde1 ] Request (ImagesOneServerTestJSON:setUpClass): 200 GET http://10.180.1.21/compute/v2.1/servers/6c865e08-0b76-4f9b-ade9-6f425de451bd 2.765s
2025-11-12 19:17:00.560 65663 INFO tempest.lib.common.rest_client [req-0b866f9d-1fef-47b8-a1d5-2d528ac8e0dd req-0b866f9d-1fef-47b8-a1d5-2d528ac8e0dd ] Request (FlavorsV2TestJSON:test_list_flavors_with_detail): 200 GET http://10.180.1.21/compute/v2.1/flavors/42 2.760s
2025-11-12 19:17:00.657 65663 INFO tempest.lib.common.rest_client [req-c18f8ce2-59aa-487e-8705-e03d6f0236f6 req-c18f8ce2-59aa-487e-8705-e03d6f0236f6 ] Request (FlavorsV2TestJSON:tearDownClass): 204 DELETE http://10.180.1.21/identity/v3/users/4e2e068c70d14b74a6676d7ebe910640 0.093s
2025-11-12 19:17:00.658 65663 INFO tempest.lib.common.dynamic_creds [-] Deleting project and security group for project: a5c1a5ca3bf847f897990076c5e45ace
2025-11-12 19:17:00.734 65663 INFO tempest.lib.common.rest_client [req-5c6f6bbc-1e33-4964-8572-3b0f7bb800ba req-5c6f6bbc-1e33-4964-8572-3b0f7bb800ba ] Request (FlavorsV2TestJSON:tearDownClass): 201 POST http://10.180.1.21/identity/v3/auth/tokens 0.076s
2025-11-12 19:17:00.747 65633 INFO tempest.lib.common.rest_client [req-9b21b9c1-27ca-44c1-b5fc-5541a1a85efc req-9b21b9c1-27ca-44c1-b5fc-5541a1a85efc ] Request (VolumesAssistedSnapshotsTest:test_volume_assisted_snapshot_create_delete): 200 GET http://10.180.1.21/compute/v2.1/servers/29c29462-113d-427b-ba1c-2105312b2d1e 3.084s
2025-11-12 19:17:00.760 65633 INFO tempest.common.waiters [-] State transition "BUILD/None" ==> "BUILD/block_device_mapping" after 33 second wait
2025-11-12 19:17:00.779 65659 INFO tempest.lib.common.rest_client [req-a9865d15-3ff7-459f-849b-ec079baf7805 req-a9865d15-3ff7-459f-849b-ec079baf7805 ] Request (FlavorsAdminTestJSON:test_create_server_with_non_public_flavor): 200 POST http://10.180.1.21/compute/v2.1/flavors 2.958s
2025-11-12 19:17:00.783 65629 INFO tempest.lib.common.rest_client [req-550070c8-6fe3-4c97-86a5-57d3e9317cfa req-550070c8-6fe3-4c97-86a5-57d3e9317cfa ] Request (DeleteServersAdminTestJSON:test_admin_delete_servers_of_others): 200 GET http://10.180.1.21/compute/v2.1/servers/a3150edb-d5ed-46b6-8039-90384bc52414 2.980s
2025-11-12 19:17:00.960 65663 INFO tempest.lib.common.rest_client [req-497b884d-907d-4c7d-957b-92c66989f70a req-497b884d-907d-4c7d-957b-92c66989f70a ] Request (FlavorsV2TestJSON:tearDownClass): 200 GET http://10.180.1.21/networking/v2.0/security-groups?tenant_id=a5c1a5ca3bf847f897990076c5e45ace&name=default 0.225s
2025-11-12 19:17:01.103 65625 INFO tempest.lib.common.rest_client [req-0f99c97e-765d-4f41-b17f-610cfc444e5c req-0f99c97e-765d-4f41-b17f-610cfc444e5c ] Request (ServerShowV254Test:test_rebuild_server): 200 GET http://10.180.1.21/compute/v2.1/servers/84843895-07ea-42fd-91e5-def296366ac4 3.112s
2025-11-12 19:17:01.203 65668 WARNING tempest.lib.common.ssh [-] Failed to establish authenticated ssh connection to cirros@10.180.180.197 ([Errno None] Unable to connect to port 22 on 10.180.180.197). Number attempts: 1. Retry after 2 seconds.: paramiko.ssh_exception.NoValidConnectionsError: [Errno None] Unable to connect to port 22 on 10.180.180.197
2025-11-12 19:17:01.246 65663 INFO tempest.lib.common.rest_client [req-e478a532-8627-43d2-8d18-9af90578c1b5 req-e478a532-8627-43d2-8d18-9af90578c1b5 ] Request (FlavorsV2TestJSON:tearDownClass): 204 DELETE http://10.180.1.21/networking/v2.0/security-groups/0c5bf56e-b7f3-4f1b-843d-7892bb3a5774 0.285s
2025-11-12 19:17:01.328 65619 INFO tempest.lib.common.rest_client [req-ad12ca5f-94d6-477e-bc9f-2746aa517c2f req-ad12ca5f-94d6-477e-bc9f-2746aa517c2f ] Request (SecurityGroupRulesTestJSON:setUpClass): 201 POST http://10.180.1.21/networking/v2.0/routers 0.895s
2025-11-12 19:17:01.350 65669 INFO tempest.lib.common.rest_client [req-626a69ac-e94a-4e99-926b-166a74718d3e req-626a69ac-e94a-4e99-926b-166a74718d3e ] Request (ImagesOneServerNegativeTestJSON:setUp): 200 GET http://10.180.1.21/compute/v2.1/servers/4f332e99-d52c-4f90-a16d-e4e64f92d077 3.321s
2025-11-12 19:17:01.370 65663 INFO tempest.lib.common.rest_client [req-6ae04e2d-8aea-41ce-8f1d-b1111ce408ef req-6ae04e2d-8aea-41ce-8f1d-b1111ce408ef ] Request (FlavorsV2TestJSON:tearDownClass): 204 DELETE http://10.180.1.21/identity/v3/projects/a5c1a5ca3bf847f897990076c5e45ace 0.124s
2025-11-12 19:17:01.373 65639 INFO tempest.lib.common.rest_client [req-b76038b3-5a10-4372-9ba4-9f9e685b2a19 req-b76038b3-5a10-4372-9ba4-9f9e685b2a19 ] Request (MigrationsAdminTest:test_list_migrations_in_flavor_resize_situation): 200 GET http://10.180.1.21/compute/v2.1/servers/0c2d57b2-b475-43a0-9e98-1877f2b433af 3.216s
2025-11-12 19:17:01.495 65663 INFO tempest.lib.common.rest_client [req-d0269483-a348-41c2-a448-bc6716f3db48 req-d0269483-a348-41c2-a448-bc6716f3db48 ] Request (ListImageFiltersNegativeTestJSON:setUpClass): 201 POST http://10.180.1.21/identity/v3/auth/tokens 0.123s
2025-11-12 19:17:01.529 65663 INFO tempest.lib.common.rest_client [req-14d066d3-bb54-480c-aebd-c1601bdbd418 req-14d066d3-bb54-480c-aebd-c1601bdbd418 ] Request (ListImageFiltersNegativeTestJSON:setUpClass): 201 POST http://10.180.1.21/identity/v3/auth/tokens 0.031s
2025-11-12 19:17:01.572 65663 INFO tempest.lib.common.rest_client [req-abbec85b-0c37-4ff1-ad66-bebe1ba5e41a req-abbec85b-0c37-4ff1-ad66-bebe1ba5e41a ] Request (ListImageFiltersNegativeTestJSON:setUpClass): 200 GET http://10.180.1.21/identity/v3/domains?name=Default 0.042s
2025-11-12 19:17:01.638 65663 INFO tempest.lib.common.rest_client [req-44d8f8a9-70c5-4b02-9b25-c2c7a9610c52 req-44d8f8a9-70c5-4b02-9b25-c2c7a9610c52 ] Request (ListImageFiltersNegativeTestJSON:setUpClass): 201 POST http://10.180.1.21/identity/v3/projects 0.065s
2025-11-12 19:17:01.742 65663 INFO tempest.lib.common.rest_client [req-40d79400-1bad-47e9-b905-b5ff80c92277 req-40d79400-1bad-47e9-b905-b5ff80c92277 ] Request (ListImageFiltersNegativeTestJSON:setUpClass): 201 POST http://10.180.1.21/identity/v3/users 0.103s
2025-11-12 19:17:01.772 65663 INFO tempest.lib.common.rest_client [req-cacc56cd-9869-4ef2-962e-88de8872cc07 req-cacc56cd-9869-4ef2-962e-88de8872cc07 ] Request (ListImageFiltersNegativeTestJSON:setUpClass): 200 GET http://10.180.1.21/identity/v3/roles 0.029s
2025-11-12 19:17:01.820 65663 INFO tempest.lib.common.rest_client [req-8110bc55-c8f0-4245-983c-060d9bfbe796 req-8110bc55-c8f0-4245-983c-060d9bfbe796 ] Request (ListImageFiltersNegativeTestJSON:setUpClass): 204 PUT http://10.180.1.21/identity/v3/projects/1dc846be3c414664b721a7b754c1a621/users/03e4b91d165e435b81f29a2c8b489745/roles/0eb8b6efe5674aa19ce5bbe721caf1b9 0.047s
2025-11-12 19:17:01.820 65663 INFO tempest.lib.common.dynamic_creds [-] Dynamic test user 03e4b91d165e435b81f29a2c8b489745 is created with scope project and roles: ['member']
2025-11-12 19:17:01.820 65663 INFO tempest.lib.common.dynamic_creds [-] Acquired dynamic creds: credentials: Credentials: {'domain_id': 'default', 'domain_name': 'Default', 'username': 'tempest-ListImageFiltersNegativeTestJSON-1395197298-project-member', 'project_domain_id': 'default', 'project_domain_name': 'Default', 'project_id': '1dc846be3c414664b721a7b754c1a621', 'project_name': 'tempest-ListImageFiltersNegativeTestJSON-1395197298', 'tenant_id': '1dc846be3c414664b721a7b754c1a621', 'tenant_name': 'tempest-ListImageFiltersNegativeTestJSON-1395197298', 'user_domain_id': 'default', 'user_domain_name': 'Default', 'user_id': '03e4b91d165e435b81f29a2c8b489745', 'system': None}, Network: None, Subnet: None, Router: None
2025-11-12 19:17:01.821 65663 INFO tempest.lib.common.dynamic_creds [-] Created isolated network resources for: credentials: Credentials: {'domain_id': 'default', 'domain_name': 'Default', 'username': 'tempest-ListImageFiltersNegativeTestJSON-1395197298-project-member', 'project_domain_id': 'default', 'project_domain_name': 'Default', 'project_id': '1dc846be3c414664b721a7b754c1a621', 'project_name': 'tempest-ListImageFiltersNegativeTestJSON-1395197298', 'tenant_id': '1dc846be3c414664b721a7b754c1a621', 'tenant_name': 'tempest-ListImageFiltersNegativeTestJSON-1395197298', 'user_domain_id': 'default', 'user_domain_name': 'Default', 'user_id': '03e4b91d165e435b81f29a2c8b489745', 'system': None}, Network: None, Subnet: None, Router: None
2025-11-12 19:17:01.870 65643 INFO tempest.lib.common.rest_client [req-5aa11bd8-8506-42b7-a459-567fa483a629 req-5aa11bd8-8506-42b7-a459-567fa483a629 ] Request (ServersListShow2100Test:test_list_show_rebuild_update_server_2100): 200 GET http://10.180.1.21/compute/v2.1/servers/709c71aa-22c9-44ac-b1a2-de87a5b017a4 3.689s
2025-11-12 19:17:01.937 65663 INFO tempest.lib.common.rest_client [req-08d78de8-ae82-4e27-b3b5-4362173e5f51 req-08d78de8-ae82-4e27-b3b5-4362173e5f51 ] Request (ListImageFiltersNegativeTestJSON:setUpClass): 201 POST http://10.180.1.21/identity/v3/auth/tokens 0.111s
2025-11-12 19:17:02.449 65619 INFO tempest.lib.common.rest_client [req-1ea8b55a-6683-461f-85b8-dd1f57797d75 req-1ea8b55a-6683-461f-85b8-dd1f57797d75 ] Request (SecurityGroupRulesTestJSON:setUpClass): 200 PUT http://10.180.1.21/networking/v2.0/routers/3b08fdc4-4fa4-4c95-9cf1-ec67f74bdf82/add_router_interface 1.120s
2025-11-12 19:17:02.450 65619 INFO tempest.lib.common.dynamic_creds [-] Created isolated network resources for: credentials: Credentials: {'domain_id': 'default', 'domain_name': 'Default', 'username': 'tempest-SecurityGroupRulesTestJSON-1601740898-project-member', 'project_domain_id': 'default', 'project_domain_name': 'Default', 'project_id': '522d60bf152d400883e5255d9ecfcf4d', 'project_name': 'tempest-SecurityGroupRulesTestJSON-1601740898', 'tenant_id': '522d60bf152d400883e5255d9ecfcf4d', 'tenant_name': 'tempest-SecurityGroupRulesTestJSON-1601740898', 'user_domain_id': 'default', 'user_domain_name': 'Default', 'user_id': '6bb02b62ee5d47bb8d0c172a34b32e1c', 'system': None}, Network: {'id': 'b49a024d-36fc-42c4-88f9-de54538f336f', 'name': 'tempest-SecurityGroupRulesTestJSON-2016760909-network', 'tenant_id': '522d60bf152d400883e5255d9ecfcf4d', 'project_id': '522d60bf152d400883e5255d9ecfcf4d', 'admin_state_up': True, 'mtu': 8950, 'status': 'ACTIVE', 'subnets': [], 'shared': False, 'port_security_enabled': True, 'router:external': False, 'provider:network_type': 'vlan', 'provider:physical_network': 'default', 'provider:segmentation_id': 435, 'availability_zone_hints': [], 'availability_zones': [], 'ipv4_address_scope': None, 'ipv6_address_scope': None, 'description': '', 'tags': [], 'created_at': '2025-11-12T19:16:59Z', 'updated_at': '2025-11-12T19:16:59Z', 'revision_number': 1}, Subnet: {'id': '96b6c99b-8f81-4aa8-93f1-63593cc54f4b', 'name': 'tempest-SecurityGroupRulesTestJSON-2016760909-subnet', 'tenant_id': '522d60bf152d400883e5255d9ecfcf4d', 'network_id': 'b49a024d-36fc-42c4-88f9-de54538f336f', 'ip_version': 4, 'subnetpool_id': None, 'enable_dhcp': True, 'ipv6_ra_mode': None, 'ipv6_address_mode': None, 'gateway_ip': '192.168.128.1', 'cidr': '192.168.128.0/28', 'allocation_pools': [{'start': '192.168.128.2', 'end': '192.168.128.14'}], 'host_routes': [], 'dns_nameservers': [], 'description': '', 'router:external': False, 'service_types': [], 'tags': [], 'created_at': '2025-11-12T19:17:00Z', 'updated_at': '2025-11-12T19:17:00Z', 'revision_number': 0, 'project_id': '522d60bf152d400883e5255d9ecfcf4d'}, Router: {'id': '3b08fdc4-4fa4-4c95-9cf1-ec67f74bdf82', 'name': 'tempest-SecurityGroupRulesTestJSON-2016760909-router', 'tenant_id': '522d60bf152d400883e5255d9ecfcf4d', 'admin_state_up': True, 'status': 'ACTIVE', 'external_gateway_info': {'network_id': '9eaddf43-f012-44c0-a1ce-422994f231db', 'external_fixed_ips': [{'subnet_id': '7d0e26ef-b67d-4a53-8994-ce2092aa1e84', 'ip_address': '10.180.180.156'}], 'enable_snat': True}, 'description': '', 'availability_zones': [], 'distributed': False, 'ha': False, 'availability_zone_hints': [], 'routes': [], 'flavor_id': None, 'tags': [], 'created_at': '2025-11-12T19:17:00Z', 'updated_at': '2025-11-12T19:17:00Z', 'revision_number': 2, 'project_id': '522d60bf152d400883e5255d9ecfcf4d'}
2025-11-12 19:17:02.498 65657 INFO tempest.lib.common.rest_client [req-0093b36d-5e53-4337-a21e-a6aaaf0750c3 req-0093b36d-5e53-4337-a21e-a6aaaf0750c3 ] Request (ListServerFiltersTestJSON:setUpClass): 200 GET http://10.180.1.21/compute/v2.1/servers/43b79ae6-17a3-4424-8d6b-ffdc8815616b 4.248s
2025-11-12 19:17:02.506 65657 INFO tempest.common.waiters [-] State transition "BUILD/None" ==> "BUILD/networking" after 34 second wait
2025-11-12 19:17:02.576 65619 INFO tempest.lib.common.rest_client [req-9d965e7f-ca16-4c99-ac63-e8ca832bfb58 req-9d965e7f-ca16-4c99-ac63-e8ca832bfb58 ] Request (SecurityGroupRulesTestJSON:setUpClass): 201 POST http://10.180.1.21/identity/v3/auth/tokens 0.123s
2025-11-12 19:17:02.652 65635 INFO tempest.lib.common.rest_client [req-1c8a458b-61c3-4e37-93bb-2661d8fc9e09 req-1c8a458b-61c3-4e37-93bb-2661d8fc9e09 ] Request (TenantUsagesTestJSON:tearDownClass): 200 GET http://10.180.1.21/compute/v2.1/servers/108739d9-6f94-4de6-bcdf-ff94de4baaac 4.260s
2025-11-12 19:17:02.938 65661 INFO tempest.lib.common.rest_client [req-594bc1bb-1a9a-49d2-bab3-0b47f0faf3b9 req-594bc1bb-1a9a-49d2-bab3-0b47f0faf3b9 ] Request (ServerAddressesTestJSON:setUpClass): 200 GET http://10.180.1.21/compute/v2.1/servers/56c8ff12-6315-43d4-b735-58e62f465c2c 4.532s
2025-11-12 19:17:02.945 65661 INFO tempest.common.waiters [-] State transition "BUILD/spawning" ==> "ACTIVE/None" after 36 second wait
2025-11-12 19:17:02.965 65655 INFO tempest.lib.common.rest_client [req-95200385-75f9-4faa-961e-964649bf6bf5 req-95200385-75f9-4faa-961e-964649bf6bf5 ] Request (FlavorsAccessNegativeTestJSON:test_remove_flavor_access_not_found): 200 POST http://10.180.1.21/compute/v2.1/flavors 4.496s
2025-11-12 19:17:02.966 65631 INFO tempest.lib.common.rest_client [req-1d3a04b9-4072-42ca-b32f-077a718a66e8 req-1d3a04b9-4072-42ca-b32f-077a718a66e8 ] Request (ListImageFiltersTestJSON:setUpClass): 202 POST http://10.180.1.21/compute/v2.1/servers 4.599s
2025-11-12 19:17:03.070 65647 INFO tempest.lib.common.rest_client [req-751d0d59-f5ed-41a7-976d-ffe481262441 req-751d0d59-f5ed-41a7-976d-ffe481262441 ] Request (ServersAdminNegativeTestJSON:test_migrate_server_invalid_state): 200 GET http://10.180.1.21/compute/v2.1/servers/6efc97c4-663b-4f86-bc2d-3aa60ff6eb5d 4.450s
2025-11-12 19:17:03.132 65627 INFO tempest.lib.common.rest_client [req-a31612cd-f471-4de9-a29e-467ad57cd9a7 req-a31612cd-f471-4de9-a29e-467ad57cd9a7 ] Request (ServersAdminTestJSON:setUpClass): 200 GET http://10.180.1.21/compute/v2.1/servers/afc29902-1147-4d22-abc5-b2098fdbc775 4.378s
2025-11-12 19:17:03.195 65607 INFO tempest.lib.common.rest_client [req-8a35c0a0-a9e8-4d04-97f7-00e114356f4c req-8a35c0a0-a9e8-4d04-97f7-00e114356f4c ] Request (ImagesMetadataTestJSON:test_delete_image_metadata_item): 204 DELETE http://10.180.1.21/compute/v2.1/images/16cb5f56-f46c-44e9-a33f-2947d54a8510/metadata/os_version 4.443s
2025-11-12 19:17:03.203 65650 INFO tempest.lib.common.rest_client [req-6fc89e9b-8237-46db-a0ee-03a522d3342d req-6fc89e9b-8237-46db-a0ee-03a522d3342d ] Request (ServerDiagnosticsV248Test:test_get_server_diagnostics): 200 GET http://10.180.1.21/compute/v2.1/servers/f591d535-7fbf-429e-954a-a6265798130d 4.438s
2025-11-12 19:17:03.239 65613 INFO tempest.lib.common.rest_client [req-755ceb64-04f8-422c-8534-de487834ad49 req-755ceb64-04f8-422c-8534-de487834ad49 ] Request (SecurityGroupRulesNegativeTestJSON:test_create_security_group_rule_with_invalid_ip_protocol): 400 POST http://10.180.1.21/compute/v2.1/os-security-group-rules 4.230s
2025-11-12 19:17:03.286 65611 INFO tempest.lib.common.rest_client [req-f69931ec-71b3-4832-8ebb-6f89557fa7ec req-f69931ec-71b3-4832-8ebb-6f89557fa7ec ] Request (ServerExternalEventsTest:tearDownClass): 200 GET http://10.180.1.21/compute/v2.1/servers/f12069d0-895c-43e5-8547-223036cfcdeb 4.129s
2025-11-12 19:17:03.296 65611 INFO tempest.common.waiters [-] State transition "ACTIVE/deleting" ==> "DELETED/None" after 8 second wait
2025-11-12 19:17:03.384 65621 INFO tempest.lib.common.rest_client [req-6dc30aa5-6d6c-4285-9a83-b9b8bfc10a4e req-6dc30aa5-6d6c-4285-9a83-b9b8bfc10a4e ] Request (ServersAdmin275Test:_run_cleanups): 200 GET http://10.180.1.21/compute/v2.1/servers/7a33795e-6bb9-4dc5-9fc1-2573c3fca28c 3.935s
2025-11-12 19:17:03.473 65673 INFO tempest.lib.common.rest_client [req-a1f0b3c7-ac7b-40fe-9ea8-24aba1b77492 req-a1f0b3c7-ac7b-40fe-9ea8-24aba1b77492 ] Request (QuotasAdminTestV257:test_get_updated_quotas): 200 GET http://10.180.1.21/compute/v2.1/os-quota-sets/066c3c49177f42f680b8ead92ae45953?user_id=a71c953edef648a98eafa84d204d01f1 4.226s
2025-11-12 19:17:03.539 65637 INFO tempest.lib.common.rest_client [req-5f5c2109-dd4d-4beb-bbad-b1ff3eb4d246 req-5f5c2109-dd4d-4beb-bbad-b1ff3eb4d246 ] Request (VolumesAdminNegativeTest:tearDownClass): 204 DELETE http://10.180.1.21/compute/v2.1/servers/084aeb19-b967-40f6-b346-b2934228222d 3.947s
2025-11-12 19:17:03.560 65645 INFO tempest.lib.common.rest_client [req-50233065-b8bb-47e8-8f9f-631add1ad230 req-50233065-b8bb-47e8-8f9f-631add1ad230 ] Request (ServerDiagnosticsNegativeTest:test_get_server_diagnostics_by_non_admin): 200 GET http://10.180.1.21/compute/v2.1/servers/8182b24a-2bed-4302-89ec-aba8e743f517 3.519s
2025-11-12 19:17:03.572 65645 INFO tempest.common.waiters [-] State transition "BUILD/None" ==> "BUILD/networking" after 26 second wait
2025-11-12 19:17:03.572 65665 INFO tempest.lib.common.rest_client [req-33dca2af-2f22-4b9e-8d87-f4dbee8d94f2 req-33dca2af-2f22-4b9e-8d87-f4dbee8d94f2 ] Request (FlavorsExtraSpecsNegativeTestJSON:tearDownClass): 202 DELETE http://10.180.1.21/compute/v2.1/flavors/490129285 3.369s
2025-11-12 19:17:03.589 65617 INFO tempest.lib.common.rest_client [req-ae6df3a4-e8f9-40fd-8a70-aee32eb4db53 req-ae6df3a4-e8f9-40fd-8a70-aee32eb4db53 ] Request (AggregatesAdminNegativeTestJSON:test_aggregate_delete_with_invalid_id): 404 DELETE http://10.180.1.21/compute/v2.1/os-aggregates/-1 3.359s
2025-11-12 19:17:03.619 65659 INFO tempest.lib.common.rest_client [req-815935d0-d7e2-4818-af93-a76e57c2d475 req-815935d0-d7e2-4818-af93-a76e57c2d475 ] Request (FlavorsAdminTestJSON:test_create_server_with_non_public_flavor): 400 POST http://10.180.1.21/compute/v2.1/servers 2.837s
2025-11-12 19:17:03.627 65673 INFO tempest.lib.common.rest_client [req-f1dcd4ec-1690-4c54-bbb0-4e1a8b2bbb95 req-f1dcd4ec-1690-4c54-bbb0-4e1a8b2bbb95 ] Request (QuotasAdminTestV257:_run_cleanups): 204 DELETE http://10.180.1.21/identity/v3/users/a71c953edef648a98eafa84d204d01f1 0.152s
2025-11-12 19:17:03.713 65623 INFO tempest.lib.common.rest_client [req-0f87033d-479b-4a04-811b-0ef08fcb57b0 req-0f87033d-479b-4a04-811b-0ef08fcb57b0 ] Request (ServerDiagnosticsTest:tearDownClass): 200 GET http://10.180.1.21/compute/v2.1/servers/9d815365-f7b3-40e9-aa17-bb81b0169cef 2.502s
2025-11-12 19:17:03.733 65673 INFO tempest.lib.common.rest_client [req-f3c6f017-b084-4d2b-bb3e-de69999a7c0a req-f3c6f017-b084-4d2b-bb3e-de69999a7c0a ] Request (QuotasAdminTestV257:_run_cleanups): 204 DELETE http://10.180.1.21/identity/v3/projects/066c3c49177f42f680b8ead92ae45953 0.105s
2025-11-12 19:17:03.951 65673 INFO tempest.lib.common.rest_client [req-c0ee5e0d-c2e5-44bc-9332-ef6d5875e71d req-c0ee5e0d-c2e5-44bc-9332-ef6d5875e71d ] Request (QuotasAdminTestV257:tearDownClass): 204 DELETE http://10.180.1.21/identity/v3/users/5d15966d44c24ecca94ef09a427019ab 0.215s
2025-11-12 19:17:04.087 65673 INFO tempest.lib.common.rest_client [req-c21ec573-d85d-4467-85a3-1403503cb77f req-c21ec573-d85d-4467-85a3-1403503cb77f ] Request (QuotasAdminTestV257:tearDownClass): 204 DELETE http://10.180.1.21/identity/v3/users/6a488e1e006e479c9d5c4147efbf2661 0.136s
2025-11-12 19:17:04.088 65673 INFO tempest.lib.common.dynamic_creds [-] Deleting project and security group for project: 921a4df2c8e3405f925103fa247b0df0
2025-11-12 19:17:04.107 65653 INFO tempest.lib.common.rest_client [req-178a00bb-5423-4719-a037-3b3c7933ea1e req-178a00bb-5423-4719-a037-3b3c7933ea1e ] Request (InstanceActionsNegativeTestJSON:setUpClass): 202 POST http://10.180.1.21/compute/v2.1/servers 3.780s
2025-11-12 19:17:04.206 65615 INFO tempest.lib.common.rest_client [req-88c74ffa-83a9-4ce8-8be2-1127eef230b2 req-88c74ffa-83a9-4ce8-8be2-1127eef230b2 ] Request (ImagesOneServerTestJSON:setUpClass): 200 GET http://10.180.1.21/compute/v2.1/servers/6c865e08-0b76-4f9b-ade9-6f425de451bd 2.653s
2025-11-12 19:17:04.232 65673 INFO tempest.lib.common.rest_client [req-a89173f9-5c16-4988-9ec7-37984d665c8c req-a89173f9-5c16-4988-9ec7-37984d665c8c ] Request (QuotasAdminTestV257:tearDownClass): 201 POST http://10.180.1.21/identity/v3/auth/tokens 0.144s
2025-11-12 19:17:04.275 65668 WARNING tempest.lib.common.ssh [-] Failed to establish authenticated ssh connection to cirros@10.180.180.197 ([Errno None] Unable to connect to port 22 on 10.180.180.197). Number attempts: 2. Retry after 3 seconds.: paramiko.ssh_exception.NoValidConnectionsError: [Errno None] Unable to connect to port 22 on 10.180.180.197
2025-11-12 19:17:04.449 65669 INFO tempest.lib.common.rest_client [req-f0850216-2322-401f-91ed-cadf1c7989a5 req-f0850216-2322-401f-91ed-cadf1c7989a5 ] Request (ImagesOneServerNegativeTestJSON:test_create_second_image_when_first_image_is_being_saved): 202 POST http://10.180.1.21/compute/v2.1/servers/4f332e99-d52c-4f90-a16d-e4e64f92d077/action 3.090s
2025-11-12 19:17:04.554 65673 INFO tempest.lib.common.rest_client [req-40b0cfde-91f3-4e96-b65c-9995bc7fbf9c req-40b0cfde-91f3-4e96-b65c-9995bc7fbf9c ] Request (QuotasAdminTestV257:tearDownClass): 200 GET http://10.180.1.21/networking/v2.0/security-groups?tenant_id=921a4df2c8e3405f925103fa247b0df0&name=default 0.321s
2025-11-12 19:17:04.673 65629 INFO tempest.lib.common.rest_client [req-97114f75-dd72-4249-982a-29f744d4c444 req-97114f75-dd72-4249-982a-29f744d4c444 ] Request (DeleteServersAdminTestJSON:test_admin_delete_servers_of_others): 200 GET http://10.180.1.21/compute/v2.1/servers/a3150edb-d5ed-46b6-8039-90384bc52414 2.879s
2025-11-12 19:17:04.771 65673 INFO tempest.lib.common.rest_client [req-7ea2a828-bc66-41ad-901c-13b543c4ea41 req-7ea2a828-bc66-41ad-901c-13b543c4ea41 ] Request (QuotasAdminTestV257:tearDownClass): 204 DELETE http://10.180.1.21/networking/v2.0/security-groups/4c2cf32f-d886-4e75-8912-456db53e91d9 0.216s
2025-11-12 19:17:04.814 65633 INFO tempest.lib.common.rest_client [req-da46163b-ebf0-4071-81eb-9c4aa72d7cf1 req-da46163b-ebf0-4071-81eb-9c4aa72d7cf1 ] Request (VolumesAssistedSnapshotsTest:test_volume_assisted_snapshot_create_delete): 200 GET http://10.180.1.21/compute/v2.1/servers/29c29462-113d-427b-ba1c-2105312b2d1e 3.053s
2025-11-12 19:17:04.823 65633 INFO tempest.common.waiters [-] State transition "BUILD/block_device_mapping" ==> "BUILD/spawning" after 37 second wait
2025-11-12 19:17:04.853 65663 INFO tempest.lib.common.rest_client [req-2721e648-d8f1-48b1-99b8-04a42b78a5b6 req-2721e648-d8f1-48b1-99b8-04a42b78a5b6 ] Request (ListImageFiltersNegativeTestJSON:test_get_nonexistent_image): 404 GET http://10.180.1.21/compute/v2.1/images/b6de9b25-a549-43dd-8af2-5d02d8bf3793 2.915s
2025-11-12 19:17:04.861 65673 INFO tempest.lib.common.rest_client [req-0045aa99-14f0-4023-9cd1-ae7384d9b217 req-0045aa99-14f0-4023-9cd1-ae7384d9b217 ] Request (QuotasAdminTestV257:tearDownClass): 204 DELETE http://10.180.1.21/identity/v3/projects/921a4df2c8e3405f925103fa247b0df0 0.090s
2025-11-12 19:17:04.861 65673 INFO tempest.lib.common.dynamic_creds [-] Deleting project and security group for project: 11974aeb5b5143ee9710a2abbc48ce5a
