2025-12-12 05:32:28.166 66558 INFO tempest.lib.common.rest_client [req-9e0139a3-2274-47f4-9d6f-823f5f560c9d req-9e0139a3-2274-47f4-9d6f-823f5f560c9d ] Request (ServerRescueNegativeTestJSON:setUpClass): 200 GET http://10.180.1.21/compute/v2.1/servers/7bb3abe4-f2cd-47ac-8130-9b7643b10e35 0.471s
2025-12-12 05:32:28.185 66526 INFO tempest.lib.common.rest_client [req-fd96ec34-76f4-4137-bc09-08034aa6b0bf req-fd96ec34-76f4-4137-bc09-08034aa6b0bf ] Request (ServersTestManualDisk:tearDownClass): 200 GET http://10.180.1.21/compute/v2.1/servers/eebd8dda-64fe-40b3-835c-bd3110b785cb 0.422s
2025-12-12 05:32:28.218 66572 INFO tempest.lib.common.rest_client [req-402130df-523b-4eaa-9598-ff1931bc7fbf req-402130df-523b-4eaa-9598-ff1931bc7fbf ] Request (ServerMetadataNegativeTestJSON:setUpClass): 200 GET http://10.180.1.21/compute/v2.1/servers/e3ad9828-d662-470b-8663-0f0f21cb1560 0.400s
2025-12-12 05:32:28.249 66566 INFO tempest.lib.common.rest_client [req-4e2e1e4a-9d47-460d-a96b-1fa374d4f14c req-4e2e1e4a-9d47-460d-a96b-1fa374d4f14c ] Request (ServersAdminTestJSON:tearDownClass): 200 GET http://10.180.1.21/compute/v2.1/servers/35d45597-f88c-4983-b3c0-b8d1047a8221 0.362s
2025-12-12 05:32:28.283 66540 INFO tempest.lib.common.rest_client [req-eb5b4f35-dcb8-4c88-8f69-ba4e88a15d77 req-eb5b4f35-dcb8-4c88-8f69-ba4e88a15d77 ] Request (InstanceActionsTestJSON:test_list_instance_actions): 200 GET http://10.180.1.21/compute/v2.1/servers/7b6e7ec0-e963-4e9b-b4e9-2615f84870f3/os-instance-actions 0.284s
2025-12-12 05:32:28.331 66560 INFO tempest.lib.common.rest_client [req-d16aa917-35f2-4381-b8d3-06f8a8564b0c req-d16aa917-35f2-4381-b8d3-06f8a8564b0c ] Request (ImagesOneServerNegativeTestJSON:tearDown): 200 GET http://10.180.1.21/compute/v2.1/servers/845376eb-1590-41a6-b2a2-4acfb8b1db66 0.395s
2025-12-12 05:32:28.526 66516 INFO tempest.lib.common.rest_client [req-9ea116f1-943b-4464-8151-30861692700d req-9ea116f1-943b-4464-8151-30861692700d ] Request (ServersV294TestFqdnHostnames:tearDownClass): 200 GET http://10.180.1.21/compute/v2.1/servers/fe6f544a-9e76-48ee-8542-6d5aa957726c 0.435s
2025-12-12 05:32:28.547 66536 INFO tempest.lib.common.rest_client [req-09823edf-070e-4418-a496-153cfe06aac7 req-09823edf-070e-4418-a496-153cfe06aac7 ] Request (MigrationsAdminTest:test_list_migrations_in_flavor_resize_situation): 200 GET http://10.180.1.21/compute/v2.1/servers/d397c29d-458d-4b02-be52-7ba3f3c7982a 0.548s
2025-12-12 05:32:28.633 66548 INFO tempest.lib.common.rest_client [req-69a75389-2bcf-4fab-95c2-fa09817b36e2 req-69a75389-2bcf-4fab-95c2-fa09817b36e2 ] Request (ImagesOneServerTestJSON:setUpClass): 200 GET http://10.180.1.21/compute/v2.1/servers/8ba090c9-98f7-47ff-870f-8db0ca0c0450 0.488s
2025-12-12 05:32:28.661 66514 INFO tempest.lib.common.rest_client [req-1d33bd08-31ae-41dc-9cee-ad1784632480 req-1d33bd08-31ae-41dc-9cee-ad1784632480 ] Request (AttachVolumeTestJSON:test_attach_detach_volume): 200 GET http://10.180.1.21/volume/v3/volumes/808aefad-34dc-4fac-9a32-bed96e5b8470 0.041s
2025-12-12 05:32:28.673 66540 INFO tempest.lib.common.rest_client [req-0f0ee2c4-eb9f-4eb1-aeb9-e14757e43afd req-0f0ee2c4-eb9f-4eb1-aeb9-e14757e43afd ] Request (InstanceActionsTestJSON:tearDownClass): 204 DELETE http://10.180.1.21/compute/v2.1/servers/7b6e7ec0-e963-4e9b-b4e9-2615f84870f3 0.382s
2025-12-12 05:32:28.720 66552 INFO tempest.lib.common.rest_client [req-3caeeecd-e6db-4a63-a50a-f920cd717a0c req-3caeeecd-e6db-4a63-a50a-f920cd717a0c ] Request (ServersNegativeTestJSON:setUpClass): 200 GET http://10.180.1.21/compute/v2.1/servers/eab42e05-71ff-4488-8d0b-0623a74245bb 0.423s
2025-12-12 05:32:28.829 66546 WARNING tempest.lib.common.ssh [-] Failed to establish authenticated ssh connection to cirros@10.180.180.170 ([Errno None] Unable to connect to port 22 on 10.180.180.170). Number attempts: 5. Retry after 6 seconds.: paramiko.ssh_exception.NoValidConnectionsError: [Errno None] Unable to connect to port 22 on 10.180.180.170
2025-12-12 05:32:28.867 66528 INFO tempest.lib.common.rest_client [req-af7587c7-025a-4341-bdf1-e58072e8d3c1 req-af7587c7-025a-4341-bdf1-e58072e8d3c1 ] Request (ServersListShow298Test:tearDownClass): 200 GET http://10.180.1.21/compute/v2.1/servers/fc7b738a-e346-4643-afba-5e662b33c4bb 0.491s
2025-12-12 05:32:28.919 66520 INFO tempest.lib.common.rest_client [req-0f612256-369d-49b1-a3df-d71cfcfa16f4 req-0f612256-369d-49b1-a3df-d71cfcfa16f4 ] Request (ServerRescueTestJSONUnderV235:tearDownClass): 200 PUT http://10.180.1.21/networking/v2.0/routers/d0fb414c-4393-46f3-b0ba-00eab9b2e899/remove_router_interface 0.798s
2025-12-12 05:32:28.943 66560 INFO tempest.lib.common.rest_client [req-9a8491fb-1b02-4689-9c57-71cf9e716aa0 req-9a8491fb-1b02-4689-9c57-71cf9e716aa0 ] Request (ImagesOneServerNegativeTestJSON:setUp): 200 GET http://10.180.1.21/compute/v2.1/servers/845376eb-1590-41a6-b2a2-4acfb8b1db66 0.598s
2025-12-12 05:32:28.995 66524 INFO tempest.lib.common.rest_client [req-bbe7c943-150d-447b-a20b-0f037e052e36 req-bbe7c943-150d-447b-a20b-0f037e052e36 ] Request (ServerDiskConfigTestJSON:test_rebuild_server_with_manual_disk_config): 200 GET http://10.180.1.21/compute/v2.1/servers/a0e8e895-3d29-40d1-94ba-0cb2334ff574 0.392s
2025-12-12 05:32:29.023 66530 INFO tempest.lib.common.rest_client [req-22b39013-29e3-4f59-8abc-b5f42521b913 req-22b39013-29e3-4f59-8abc-b5f42521b913 ] Request (TenantUsagesTestJSON:tearDownClass): 200 GET http://10.180.1.21/compute/v2.1/servers/b3303087-40d6-41fb-bc40-6f84f1bb5d1b 0.363s
2025-12-12 05:32:29.099 66512 INFO tempest.lib.common.rest_client [req-83c5a9d9-5b19-457e-bdf4-646b5f848c73 req-83c5a9d9-5b19-457e-bdf4-646b5f848c73 ] Request (ServersAdminNegativeTestJSON:tearDownClass): 200 GET http://10.180.1.21/compute/v2.1/servers/365da0f9-d2ee-488c-9439-ee82f87c651a 0.422s
2025-12-12 05:32:29.129 66540 INFO tempest.lib.common.rest_client [req-92e53090-2e9e-4604-b466-7fc8604bca7c req-92e53090-2e9e-4604-b466-7fc8604bca7c ] Request (InstanceActionsTestJSON:tearDownClass): 200 GET http://10.180.1.21/compute/v2.1/servers/7b6e7ec0-e963-4e9b-b4e9-2615f84870f3 0.455s
2025-12-12 05:32:29.270 66544 INFO tempest.lib.common.rest_client [req-761ea04f-d318-46f7-b721-8c07702fc0b5 req-761ea04f-d318-46f7-b721-8c07702fc0b5 ] Request (ServersWithSpecificFlavorTestJSON:test_verify_created_server_ephemeral_disk): 200 GET http://10.180.1.21/compute/v2.1/servers/c596648c-1729-47c1-8d78-9f535fd6c9ad 0.471s
2025-12-12 05:32:29.304 66532 INFO tempest.lib.common.rest_client [req-7cfa3198-2a1c-4a4a-9078-2d106fbc0690 req-7cfa3198-2a1c-4a4a-9078-2d106fbc0690 ] Request (SecurityGroupsTestJSON:test_list_security_groups_by_server): 200 GET http://10.180.1.21/compute/v2.1/servers/07c3a962-b84b-4f9b-aa17-df3ed1a5cc62 0.490s
2025-12-12 05:32:29.342 66550 INFO tempest.lib.common.rest_client [req-97849ded-0713-407e-af66-acedff33b49d req-97849ded-0713-407e-af66-acedff33b49d ] Request (DeleteServersTestJSON:test_delete_server_while_in_shelved_state): 200 GET http://10.180.1.21/compute/v2.1/servers/aff780bd-788f-4c3b-a942-69937a9e6519 0.463s
2025-12-12 05:32:29.407 66520 INFO tempest.lib.common.rest_client [req-cad1d31d-c9a2-4fe3-9466-71f2658a183a req-cad1d31d-c9a2-4fe3-9466-71f2658a183a ] Request (ServerRescueTestJSONUnderV235:tearDownClass): 204 DELETE http://10.180.1.21/networking/v2.0/routers/d0fb414c-4393-46f3-b0ba-00eab9b2e899 0.487s
2025-12-12 05:32:29.417 66542 INFO tempest.lib.common.rest_client [req-40e97bc5-5bb0-4c58-8ec6-520ab38e5b72 req-40e97bc5-5bb0-4c58-8ec6-520ab38e5b72 ] Request (ServersTestMultiNic:_run_cleanups): 200 GET http://10.180.1.21/compute/v2.1/servers/972fe532-9ca9-453d-9653-e8d64d2ec0eb 0.538s
2025-12-12 05:32:29.430 66562 INFO tempest.lib.common.rest_client [req-a80e0ea3-e48c-4275-a004-f0338a46bf18 req-a80e0ea3-e48c-4275-a004-f0338a46bf18 ] Request (VolumesAssistedSnapshotsTest:tearDownClass): 200 GET http://10.180.1.21/compute/v2.1/servers/eed2b239-fcf4-498d-86a0-079bc5b1d09b 0.491s
2025-12-12 05:32:29.502 66556 INFO tempest.lib.common.rest_client [req-7f752985-c79c-490e-8f69-813adfff6d5e req-7f752985-c79c-490e-8f69-813adfff6d5e ] Request (ServersTestJSON:test_create_server_specify_multibyte_character_name): 200 GET http://10.180.1.21/compute/v2.1/servers/8d299277-a1b2-44e4-ab3b-14c445cf9539 0.507s
2025-12-12 05:32:29.545 66520 INFO tempest.lib.common.rest_client [req-9ff7f98f-3fd8-4354-b056-f206e9eb6cb3 req-9ff7f98f-3fd8-4354-b056-f206e9eb6cb3 ] Request (ServerRescueTestJSONUnderV235:tearDownClass): 204 DELETE http://10.180.1.21/networking/v2.0/subnets/f4308a2c-d0eb-4a39-b5bd-4190c9eb563c 0.138s
2025-12-12 05:32:29.570 66518 INFO tempest.lib.common.rest_client [req-dd31ea62-0864-4c4c-b8ad-b03e75c18d40 req-dd31ea62-0864-4c4c-b8ad-b03e75c18d40 ] Request (ServerActionsTestOtherB:setUpClass): 200 GET http://10.180.1.21/compute/v2.1/servers/20d8e473-504c-49ff-b844-d103f3c0b99c 0.521s
2025-12-12 05:32:29.684 66520 INFO tempest.lib.common.rest_client [req-79dcc567-1411-4977-a21e-530f61b55924 req-79dcc567-1411-4977-a21e-530f61b55924 ] Request (ServerRescueTestJSONUnderV235:tearDownClass): 204 DELETE http://10.180.1.21/networking/v2.0/networks/3971c506-bae9-43ed-ae6a-6c973d95e095 0.138s
2025-12-12 05:32:29.712 66514 INFO tempest.lib.common.rest_client [req-f235fa9f-109d-4c2f-9e2e-5c076ff04548 req-f235fa9f-109d-4c2f-9e2e-5c076ff04548 ] Request (AttachVolumeTestJSON:test_attach_detach_volume): 200 GET http://10.180.1.21/volume/v3/volumes/808aefad-34dc-4fac-9a32-bed96e5b8470 0.042s
2025-12-12 05:32:29.714 66564 INFO tempest.lib.common.rest_client [req-f91ace3e-fb50-42ef-ad4f-c0578f54f8c4 req-f91ace3e-fb50-42ef-ad4f-c0578f54f8c4 ] Request (ServerActionsTestOtherA:test_rebuild_server_in_stop_state): 200 GET http://10.180.1.21/compute/v2.1/servers/ee31b73e-0752-47d4-81d9-a9a3cc690fc6 0.607s
2025-12-12 05:32:29.780 66520 INFO tempest.lib.common.rest_client [req-5cc58e0a-9615-4456-80f5-9c0dab01f22c req-5cc58e0a-9615-4456-80f5-9c0dab01f22c ] Request (ServerRescueTestJSONUnderV235:tearDownClass): 204 DELETE http://10.180.1.21/identity/v3/users/1a38d2fb77b84315a973f9a31bf41f11 0.096s
2025-12-12 05:32:29.780 66520 INFO tempest.lib.common.dynamic_creds [-] Deleting project and security group for project: 8a37114d8d514743a66f9c6f1f441608
2025-12-12 05:32:29.783 66538 INFO tempest.lib.common.rest_client [req-d51c337f-ce2b-434a-b3bb-807335d92d74 req-d51c337f-ce2b-434a-b3bb-807335d92d74 ] Request (ServerShowV247Test:test_update_rebuild_list_server): 200 GET http://10.180.1.21/compute/v2.1/servers/096de4a3-d374-451b-b553-8564ab18bacf 0.672s
2025-12-12 05:32:29.812 66520 INFO tempest.lib.common.rest_client [req-0bc98207-ff52-409d-b5e4-15783c916d01 req-0bc98207-ff52-409d-b5e4-15783c916d01 ] Request (ServerRescueTestJSONUnderV235:tearDownClass): 200 GET http://10.180.1.21/networking/v2.0/security-groups?tenant_id=8a37114d8d514743a66f9c6f1f441608&name=default 0.031s
2025-12-12 05:32:29.856 66558 INFO tempest.lib.common.rest_client [req-132f8488-e270-44be-b78b-e550d43d5a13 req-132f8488-e270-44be-b78b-e550d43d5a13 ] Request (ServerRescueNegativeTestJSON:setUpClass): 200 GET http://10.180.1.21/compute/v2.1/servers/7bb3abe4-f2cd-47ac-8130-9b7643b10e35 0.683s
2025-12-12 05:32:29.940 66520 INFO tempest.lib.common.rest_client [req-a86f1a11-9af8-4aef-9e18-25a4a6ddc3a1 req-a86f1a11-9af8-4aef-9e18-25a4a6ddc3a1 ] Request (ServerRescueTestJSONUnderV235:tearDownClass): 204 DELETE http://10.180.1.21/networking/v2.0/security-groups/27e09a8b-89e2-40d6-b0e0-4d6ce3c5fb82 0.127s
2025-12-12 05:32:29.968 66526 INFO tempest.lib.common.rest_client [req-d0958b28-8d0c-418e-8cf2-4dff44a05cfc req-d0958b28-8d0c-418e-8cf2-4dff44a05cfc ] Request (ServersTestManualDisk:tearDownClass): 200 GET http://10.180.1.21/compute/v2.1/servers/eebd8dda-64fe-40b3-835c-bd3110b785cb 0.774s
2025-12-12 05:32:30.000 66560 INFO tempest.lib.common.rest_client [req-3c2fcd37-dc9a-4bc3-9adc-ab1eb8063e3b req-3c2fcd37-dc9a-4bc3-9adc-ab1eb8063e3b ] Request (ImagesOneServerNegativeTestJSON:test_create_second_image_when_first_image_is_being_saved): 202 POST http://10.180.1.21/compute/v2.1/servers/845376eb-1590-41a6-b2a2-4acfb8b1db66/action 1.048s
2025-12-12 05:32:30.031 66572 INFO tempest.lib.common.rest_client [req-641c42c6-108c-4a9c-971d-50a8cbd15664 req-641c42c6-108c-4a9c-971d-50a8cbd15664 ] Request (ServerMetadataNegativeTestJSON:setUpClass): 200 GET http://10.180.1.21/compute/v2.1/servers/e3ad9828-d662-470b-8663-0f0f21cb1560 0.804s
2025-12-12 05:32:30.068 66520 INFO tempest.lib.common.rest_client [req-fed529a9-e9a4-4382-b4df-4d767e14dc74 req-fed529a9-e9a4-4382-b4df-4d767e14dc74 ] Request (ServerRescueTestJSONUnderV235:tearDownClass): 204 DELETE http://10.180.1.21/identity/v3/projects/8a37114d8d514743a66f9c6f1f441608 0.127s
2025-12-12 05:32:30.087 66566 INFO tempest.lib.common.rest_client [req-3306fd77-7ea2-4c56-8c4a-87ad72746862 req-3306fd77-7ea2-4c56-8c4a-87ad72746862 ] Request (ServersAdminTestJSON:tearDownClass): 200 GET http://10.180.1.21/compute/v2.1/servers/35d45597-f88c-4983-b3c0-b8d1047a8221 0.830s
2025-12-12 05:32:30.121 66516 INFO tempest.lib.common.rest_client [req-9f2fdf53-d064-48ab-bab6-41051ee0818b req-9f2fdf53-d064-48ab-bab6-41051ee0818b ] Request (ServersV294TestFqdnHostnames:tearDownClass): 200 GET http://10.180.1.21/compute/v2.1/servers/fe6f544a-9e76-48ee-8542-6d5aa957726c 0.579s
2025-12-12 05:32:30.147 66520 INFO tempest.lib.common.rest_client [req-343052c1-cf89-4fee-89c4-7b5ac50ffc93 req-343052c1-cf89-4fee-89c4-7b5ac50ffc93 ] Request (ServerTagsTestJSON:setUpClass): 201 POST http://10.180.1.21/identity/v3/auth/tokens 0.077s
2025-12-12 05:32:30.177 66520 INFO tempest.lib.common.rest_client [req-9cd11283-99b7-4d7a-a8e0-a607b19c34ba req-9cd11283-99b7-4d7a-a8e0-a607b19c34ba ] Request (ServerTagsTestJSON:setUpClass): 201 POST http://10.180.1.21/identity/v3/auth/tokens 0.027s
2025-12-12 05:32:30.184 66548 INFO tempest.lib.common.rest_client [req-64cce1e8-6e2b-4f0c-9d69-16220cd5db69 req-64cce1e8-6e2b-4f0c-9d69-16220cd5db69 ] Request (ImagesOneServerTestJSON:setUpClass): 200 GET http://10.180.1.21/compute/v2.1/servers/8ba090c9-98f7-47ff-870f-8db0ca0c0450 0.542s
2025-12-12 05:32:30.203 66520 INFO tempest.lib.common.rest_client [req-00a48385-764c-435b-a449-82aad1279b8c req-00a48385-764c-435b-a449-82aad1279b8c ] Request (ServerTagsTestJSON:setUpClass): 200 GET http://10.180.1.21/identity/v3/domains?name=Default 0.025s
2025-12-12 05:32:30.209 66536 INFO tempest.lib.common.rest_client [req-6d93194d-18a4-4ac4-a35c-f4c3a6276d62 req-6d93194d-18a4-4ac4-a35c-f4c3a6276d62 ] Request (MigrationsAdminTest:test_list_migrations_in_flavor_resize_situation): 200 GET http://10.180.1.21/compute/v2.1/servers/d397c29d-458d-4b02-be52-7ba3f3c7982a 0.647s
2025-12-12 05:32:30.232 66520 INFO tempest.lib.common.rest_client [req-f404fd38-b90b-4acc-85bb-47d515bee2a7 req-f404fd38-b90b-4acc-85bb-47d515bee2a7 ] Request (ServerTagsTestJSON:setUpClass): 201 POST http://10.180.1.21/identity/v3/projects 0.029s
2025-12-12 05:32:30.247 66552 INFO tempest.lib.common.rest_client [req-ba5a8cda-d880-4edc-9d27-17db985ca3c9 req-ba5a8cda-d880-4edc-9d27-17db985ca3c9 ] Request (ServersNegativeTestJSON:setUpClass): 200 GET http://10.180.1.21/compute/v2.1/servers/eab42e05-71ff-4488-8d0b-0623a74245bb 0.517s
2025-12-12 05:32:30.278 66560 INFO tempest.lib.common.rest_client [req-99845a0e-2566-49f5-8bca-9ee3dcaa657c req-99845a0e-2566-49f5-8bca-9ee3dcaa657c ] Request (ImagesOneServerNegativeTestJSON:test_create_second_image_when_first_image_is_being_saved): 409 POST http://10.180.1.21/compute/v2.1/servers/845376eb-1590-41a6-b2a2-4acfb8b1db66/action 0.276s
2025-12-12 05:32:30.307 66520 INFO tempest.lib.common.rest_client [req-3449aef5-19c3-40f2-a638-687f81be14ba req-3449aef5-19c3-40f2-a638-687f81be14ba ] Request (ServerTagsTestJSON:setUpClass): 201 POST http://10.180.1.21/identity/v3/users 0.074s
2025-12-12 05:32:30.316 66528 INFO tempest.lib.common.rest_client [req-9eb16821-7153-4218-9b00-869c92b77b4c req-9eb16821-7153-4218-9b00-869c92b77b4c ] Request (ServersListShow298Test:tearDownClass): 200 GET http://10.180.1.21/compute/v2.1/servers/fc7b738a-e346-4643-afba-5e662b33c4bb 0.436s
2025-12-12 05:32:30.335 66520 INFO tempest.lib.common.rest_client [req-e7066258-1b46-4896-9a36-7b4419f34e72 req-e7066258-1b46-4896-9a36-7b4419f34e72 ] Request (ServerTagsTestJSON:setUpClass): 200 GET http://10.180.1.21/identity/v3/roles 0.027s
2025-12-12 05:32:30.346 66524 INFO tempest.lib.common.rest_client [req-134bce2a-1572-4203-bf1d-d0d1c490fcdf req-134bce2a-1572-4203-bf1d-d0d1c490fcdf ] Request (ServerDiskConfigTestJSON:test_rebuild_server_with_manual_disk_config): 200 GET http://10.180.1.21/compute/v2.1/servers/a0e8e895-3d29-40d1-94ba-0cb2334ff574 0.342s
2025-12-12 05:32:30.371 66520 INFO tempest.lib.common.rest_client [req-48887180-12a2-4e4f-a61d-5b253324e1da req-48887180-12a2-4e4f-a61d-5b253324e1da ] Request (ServerTagsTestJSON:setUpClass): 204 PUT http://10.180.1.21/identity/v3/projects/0485bc6a46c94c69aa501d74d9a1f9d5/users/ce64d206031b4b0cbc47c571efabdadb/roles/4c93136beec94d32943a39313ba70f39 0.036s
2025-12-12 05:32:30.371 66520 INFO tempest.lib.common.dynamic_creds [-] Dynamic test user ce64d206031b4b0cbc47c571efabdadb is created with scope project and roles: ['member']
2025-12-12 05:32:30.372 66520 INFO tempest.lib.common.dynamic_creds [-] Acquired dynamic creds: credentials: Credentials: {'domain_id': 'default', 'domain_name': 'Default', 'username': 'tempest-ServerTagsTestJSON-697166100-project-member', 'project_domain_id': 'default', 'project_domain_name': 'Default', 'project_id': '0485bc6a46c94c69aa501d74d9a1f9d5', 'project_name': 'tempest-ServerTagsTestJSON-697166100', 'tenant_id': '0485bc6a46c94c69aa501d74d9a1f9d5', 'tenant_name': 'tempest-ServerTagsTestJSON-697166100', 'user_domain_id': 'default', 'user_domain_name': 'Default', 'user_id': 'ce64d206031b4b0cbc47c571efabdadb', 'system': None}, Network: None, Subnet: None, Router: None
2025-12-12 05:32:30.398 66530 INFO tempest.lib.common.rest_client [req-e9e06b11-46ee-4454-9ac8-c141a02ae22f req-e9e06b11-46ee-4454-9ac8-c141a02ae22f ] Request (TenantUsagesTestJSON:tearDownClass): 200 GET http://10.180.1.21/compute/v2.1/servers/b3303087-40d6-41fb-bc40-6f84f1bb5d1b 0.362s
2025-12-12 05:32:30.424 66512 INFO tempest.lib.common.rest_client [req-b4595f40-0646-47a9-b78b-820516d5e0a8 req-b4595f40-0646-47a9-b78b-820516d5e0a8 ] Request (ServersAdminNegativeTestJSON:tearDownClass): 200 GET http://10.180.1.21/compute/v2.1/servers/365da0f9-d2ee-488c-9439-ee82f87c651a 0.316s
2025-12-12 05:32:30.446 66520 INFO tempest.lib.common.rest_client [req-2e1342fb-0c08-4181-b319-3e3b3c054560 req-2e1342fb-0c08-4181-b319-3e3b3c054560 ] Request (ServerTagsTestJSON:setUpClass): 201 POST http://10.180.1.21/identity/v3/auth/tokens 0.074s
2025-12-12 05:32:30.546 66560 INFO tempest.lib.common.rest_client [req-24cb2dd1-a496-496e-95e0-25233c406de9 req-24cb2dd1-a496-496e-95e0-25233c406de9 ] Request (ImagesOneServerNegativeTestJSON:test_create_second_image_when_first_image_is_being_saved): 204 DELETE http://10.180.1.21/compute/v2.1/images/19976c92-d252-4c67-97e5-b343444ddcdb 0.268s
2025-12-12 05:32:30.548 66540 INFO tempest.lib.common.rest_client [req-4b1ea6fa-fb4a-47d1-9582-8bced98920ca req-4b1ea6fa-fb4a-47d1-9582-8bced98920ca ] Request (InstanceActionsTestJSON:tearDownClass): 200 GET http://10.180.1.21/compute/v2.1/servers/7b6e7ec0-e963-4e9b-b4e9-2615f84870f3 0.405s
2025-12-12 05:32:30.751 66514 INFO tempest.lib.common.rest_client [req-168e2f6d-b3e5-4960-9d18-436640337f55 req-168e2f6d-b3e5-4960-9d18-436640337f55 ] Request (AttachVolumeTestJSON:test_attach_detach_volume): 200 GET http://10.180.1.21/volume/v3/volumes/808aefad-34dc-4fac-9a32-bed96e5b8470 0.031s
2025-12-12 05:32:30.799 66520 INFO tempest.lib.common.rest_client [req-40c7ed10-01d2-4560-96ea-4c7dc9c82faa req-40c7ed10-01d2-4560-96ea-4c7dc9c82faa ] Request (ServerTagsTestJSON:setUpClass): 201 POST http://10.180.1.21/networking/v2.0/networks 0.352s
2025-12-12 05:32:30.921 66532 INFO tempest.lib.common.rest_client [req-5bc4be0f-a133-44b6-aca3-6f09ea9ec0ec req-5bc4be0f-a133-44b6-aca3-6f09ea9ec0ec ] Request (SecurityGroupsTestJSON:test_list_security_groups_by_server): 200 GET http://10.180.1.21/compute/v2.1/servers/07c3a962-b84b-4f9b-aa17-df3ed1a5cc62 0.607s
2025-12-12 05:32:30.963 66544 INFO tempest.lib.common.rest_client [req-6b25d40f-74fb-4948-8d7b-39af11012f2f req-6b25d40f-74fb-4948-8d7b-39af11012f2f ] Request (ServersWithSpecificFlavorTestJSON:test_verify_created_server_ephemeral_disk): 200 GET http://10.180.1.21/compute/v2.1/servers/c596648c-1729-47c1-8d78-9f535fd6c9ad 0.675s
2025-12-12 05:32:31.077 66520 INFO tempest.lib.common.rest_client [req-dd58aa50-c5d8-43ad-a883-87082596164c req-dd58aa50-c5d8-43ad-a883-87082596164c ] Request (ServerTagsTestJSON:setUpClass): 201 POST http://10.180.1.21/networking/v2.0/subnets 0.277s
2025-12-12 05:32:31.188 66550 INFO tempest.lib.common.rest_client [req-16ec7cc5-f315-435a-96dd-d16fb80ed84c req-16ec7cc5-f315-435a-96dd-d16fb80ed84c ] Request (DeleteServersTestJSON:test_delete_server_while_in_shelved_state): 200 GET http://10.180.1.21/compute/v2.1/servers/aff780bd-788f-4c3b-a942-69937a9e6519 0.838s
2025-12-12 05:32:31.203 66542 INFO tempest.lib.common.rest_client [req-f9645ff2-0230-4048-895b-8fdbd6d9f423 req-f9645ff2-0230-4048-895b-8fdbd6d9f423 ] Request (ServersTestMultiNic:_run_cleanups): 200 GET http://10.180.1.21/compute/v2.1/servers/972fe532-9ca9-453d-9653-e8d64d2ec0eb 0.776s
2025-12-12 05:32:31.789 66514 INFO tempest.lib.common.rest_client [req-e8dc63ef-7581-4b3a-a71d-cd345ae76cd3 req-e8dc63ef-7581-4b3a-a71d-cd345ae76cd3 ] Request (AttachVolumeTestJSON:test_attach_detach_volume): 200 GET http://10.180.1.21/volume/v3/volumes/808aefad-34dc-4fac-9a32-bed96e5b8470 0.030s
2025-12-12 05:32:31.916 66520 INFO tempest.lib.common.rest_client [req-abc5c78a-bb38-4c1c-9e64-bfc9aada61a4 req-abc5c78a-bb38-4c1c-9e64-bfc9aada61a4 ] Request (ServerTagsTestJSON:setUpClass): 201 POST http://10.180.1.21/networking/v2.0/routers 0.838s
2025-12-12 05:32:32.171 66556 INFO tempest.lib.common.rest_client [req-4a79940b-3eb6-4073-a4b3-7c6ddd08768f req-4a79940b-3eb6-4073-a4b3-7c6ddd08768f ] Request (ServersTestJSON:test_create_server_specify_multibyte_character_name): 200 GET http://10.180.1.21/compute/v2.1/servers/8d299277-a1b2-44e4-ab3b-14c445cf9539 1.655s
2025-12-12 05:32:32.184 66562 INFO tempest.lib.common.rest_client [req-e5e019e7-0bab-4866-b711-f02302c9b006 req-e5e019e7-0bab-4866-b711-f02302c9b006 ] Request (VolumesAssistedSnapshotsTest:tearDownClass): 200 GET http://10.180.1.21/compute/v2.1/servers/eed2b239-fcf4-498d-86a0-079bc5b1d09b 1.742s
2025-12-12 05:32:32.737 66518 INFO tempest.lib.common.rest_client [req-346b4b44-6849-442f-ae8f-ebaf64090e3f req-346b4b44-6849-442f-ae8f-ebaf64090e3f ] Request (ServerActionsTestOtherB:setUpClass): 200 GET http://10.180.1.21/compute/v2.1/servers/20d8e473-504c-49ff-b844-d103f3c0b99c 2.158s
2025-12-12 05:32:32.804 66560 INFO tempest.lib.common.rest_client [req-5655d3c8-5827-4c4c-92b6-8c59e2d4c3ea req-5655d3c8-5827-4c4c-92b6-8c59e2d4c3ea ] Request (ImagesOneServerNegativeTestJSON:tearDown): 200 GET http://10.180.1.21/compute/v2.1/servers/845376eb-1590-41a6-b2a2-4acfb8b1db66 2.256s
2025-12-12 05:32:32.836 66514 INFO tempest.lib.common.rest_client [req-0ca09335-fb0d-477f-8a6f-e762a5b0a59d req-0ca09335-fb0d-477f-8a6f-e762a5b0a59d ] Request (AttachVolumeTestJSON:test_attach_detach_volume): 200 GET http://10.180.1.21/volume/v3/volumes/808aefad-34dc-4fac-9a32-bed96e5b8470 0.039s
2025-12-12 05:32:32.925 66538 INFO tempest.lib.common.rest_client [req-d1153bc8-f6a7-45ce-84f3-0c0733815fde req-d1153bc8-f6a7-45ce-84f3-0c0733815fde ] Request (ServerShowV247Test:test_update_rebuild_list_server): 200 GET http://10.180.1.21/compute/v2.1/servers/096de4a3-d374-451b-b553-8564ab18bacf 2.132s
2025-12-12 05:32:32.953 66564 INFO tempest.lib.common.rest_client [req-fb31278d-1ab1-4793-80a8-3a9b9f216056 req-fb31278d-1ab1-4793-80a8-3a9b9f216056 ] Request (ServerActionsTestOtherA:test_rebuild_server_in_stop_state): 200 GET http://10.180.1.21/compute/v2.1/servers/ee31b73e-0752-47d4-81d9-a9a3cc690fc6 2.224s
2025-12-12 05:32:32.963 66564 INFO tempest.common.waiters [-] State transition "REBUILD/rebuilding" ==> "REBUILD/rebuild_spawning" after 4 second wait
2025-12-12 05:32:33.088 66526 INFO tempest.lib.common.rest_client [req-f56a471d-5683-45f2-bc26-54da03705ca2 req-f56a471d-5683-45f2-bc26-54da03705ca2 ] Request (ServersTestManualDisk:tearDownClass): 200 GET http://10.180.1.21/compute/v2.1/servers/eebd8dda-64fe-40b3-835c-bd3110b785cb 2.112s
2025-12-12 05:32:33.121 66558 INFO tempest.lib.common.rest_client [req-afa4bd92-ed69-493f-80ee-eae211edfa77 req-afa4bd92-ed69-493f-80ee-eae211edfa77 ] Request (ServerRescueNegativeTestJSON:setUpClass): 200 GET http://10.180.1.21/compute/v2.1/servers/7bb3abe4-f2cd-47ac-8130-9b7643b10e35 2.257s
2025-12-12 05:32:33.129 66558 INFO tempest.common.waiters [-] State transition "BUILD/None" ==> "BUILD/spawning" after 47 second wait
2025-12-12 05:32:33.134 66520 INFO tempest.lib.common.rest_client [req-de2a9d5e-1923-4585-9ad3-925274dddc6b req-de2a9d5e-1923-4585-9ad3-925274dddc6b ] Request (ServerTagsTestJSON:setUpClass): 200 PUT http://10.180.1.21/networking/v2.0/routers/0b1cf283-6109-440b-a30f-87384b5567f8/add_router_interface 1.218s
2025-12-12 05:32:33.134 66520 INFO tempest.lib.common.dynamic_creds [-] Created isolated network resources for: credentials: Credentials: {'domain_id': 'default', 'domain_name': 'Default', 'username': 'tempest-ServerTagsTestJSON-697166100-project-member', 'project_domain_id': 'default', 'project_domain_name': 'Default', 'project_id': '0485bc6a46c94c69aa501d74d9a1f9d5', 'project_name': 'tempest-ServerTagsTestJSON-697166100', 'tenant_id': '0485bc6a46c94c69aa501d74d9a1f9d5', 'tenant_name': 'tempest-ServerTagsTestJSON-697166100', 'user_domain_id': 'default', 'user_domain_name': 'Default', 'user_id': 'ce64d206031b4b0cbc47c571efabdadb', 'system': None}, Network: {'id': 'e6efe3a0-b59b-44b5-aff8-982098b83c2e', 'name': 'tempest-ServerTagsTestJSON-1307195698-network', 'tenant_id': '0485bc6a46c94c69aa501d74d9a1f9d5', 'project_id': '0485bc6a46c94c69aa501d74d9a1f9d5', 'admin_state_up': True, 'mtu': 8950, 'status': 'ACTIVE', 'subnets': [], 'shared': False, 'port_security_enabled': True, 'router:external': False, 'provider:network_type': 'vlan', 'provider:physical_network': 'default', 'provider:segmentation_id': 318, 'availability_zone_hints': [], 'availability_zones': [], 'ipv4_address_scope': None, 'ipv6_address_scope': None, 'description': '', 'tags': [], 'created_at': '2025-12-12T05:32:30Z', 'updated_at': '2025-12-12T05:32:30Z', 'revision_number': 1}, Subnet: {'id': '147be3e5-00a2-4e0e-94b5-5d809976f270', 'name': 'tempest-ServerTagsTestJSON-1307195698-subnet', 'tenant_id': '0485bc6a46c94c69aa501d74d9a1f9d5', 'network_id': 'e6efe3a0-b59b-44b5-aff8-982098b83c2e', 'ip_version': 4, 'subnetpool_id': None, 'enable_dhcp': True, 'ipv6_ra_mode': None, 'ipv6_address_mode': None, 'gateway_ip': '192.168.128.1', 'cidr': '192.168.128.0/28', 'allocation_pools': [{'start': '192.168.128.2', 'end': '192.168.128.14'}], 'host_routes': [], 'dns_nameservers': [], 'description': '', 'router:external': False, 'service_types': [], 'tags': [], 'created_at': '2025-12-12T05:32:30Z', 'updated_at': '2025-12-12T05:32:30Z', 'revision_number': 0, 'project_id': '0485bc6a46c94c69aa501d74d9a1f9d5'}, Router: {'id': '0b1cf283-6109-440b-a30f-87384b5567f8', 'name': 'tempest-ServerTagsTestJSON-1307195698-router', 'tenant_id': '0485bc6a46c94c69aa501d74d9a1f9d5', 'admin_state_up': True, 'status': 'ACTIVE', 'external_gateway_info': {'network_id': '44e020d6-a232-4906-befd-a11d3c74f470', 'external_fixed_ips': [{'subnet_id': 'd9e3fc27-e31b-4e5d-9bf1-1fe5d2c501f8', 'ip_address': '10.180.180.163'}], 'enable_snat': True}, 'description': '', 'availability_zones': [], 'distributed': False, 'ha': False, 'availability_zone_hints': [], 'routes': [], 'flavor_id': None, 'tags': [], 'created_at': '2025-12-12T05:32:31Z', 'updated_at': '2025-12-12T05:32:31Z', 'revision_number': 2, 'project_id': '0485bc6a46c94c69aa501d74d9a1f9d5'}
2025-12-12 05:32:33.152 66572 INFO tempest.lib.common.rest_client [req-746dc7e9-a57c-43e6-b18a-1fc7e90309b4 req-746dc7e9-a57c-43e6-b18a-1fc7e90309b4 ] Request (ServerMetadataNegativeTestJSON:setUpClass): 200 GET http://10.180.1.21/compute/v2.1/servers/e3ad9828-d662-470b-8663-0f0f21cb1560 2.106s
2025-12-12 05:32:33.202 66566 INFO tempest.lib.common.rest_client [req-f5f6ff79-9661-4a71-9af6-1b6f1b4950eb req-f5f6ff79-9661-4a71-9af6-1b6f1b4950eb ] Request (ServersAdminTestJSON:tearDownClass): 200 GET http://10.180.1.21/compute/v2.1/servers/35d45597-f88c-4983-b3c0-b8d1047a8221 2.103s
2025-12-12 05:32:33.224 66516 INFO tempest.lib.common.rest_client [req-07de4433-efb8-4c35-a822-76015c8125e5 req-07de4433-efb8-4c35-a822-76015c8125e5 ] Request (ServersV294TestFqdnHostnames:tearDownClass): 200 GET http://10.180.1.21/compute/v2.1/servers/fe6f544a-9e76-48ee-8542-6d5aa957726c 2.091s
2025-12-12 05:32:33.238 66520 INFO tempest.lib.common.rest_client [req-ae649b68-35d9-4c1c-aca3-6e109211882f req-ae649b68-35d9-4c1c-aca3-6e109211882f ] Request (ServerTagsTestJSON:setUpClass): 201 POST http://10.180.1.21/identity/v3/auth/tokens 0.098s
2025-12-12 05:32:33.264 66548 INFO tempest.lib.common.rest_client [req-0e80c150-6bda-42b8-9ea8-49c50ff195f2 req-0e80c150-6bda-42b8-9ea8-49c50ff195f2 ] Request (ImagesOneServerTestJSON:setUpClass): 200 GET http://10.180.1.21/compute/v2.1/servers/8ba090c9-98f7-47ff-870f-8db0ca0c0450 2.072s
2025-12-12 05:32:33.279 66520 INFO tempest.lib.common.rest_client [req-3082f3ea-8088-4f2e-82a5-3ef97f9b8fe2 req-3082f3ea-8088-4f2e-82a5-3ef97f9b8fe2 ] Request (ServerTagsTestJSON:setUpClass): 201 POST http://10.180.1.21/identity/v3/auth/tokens 0.037s
2025-12-12 05:32:33.280 66520 INFO tempest.lib.common.fixed_network [-] (ServerTagsTestJSON:setUpClass) Found network {'id': 'e6efe3a0-b59b-44b5-aff8-982098b83c2e', 'name': 'tempest-ServerTagsTestJSON-1307195698-network', 'tenant_id': '0485bc6a46c94c69aa501d74d9a1f9d5', 'project_id': '0485bc6a46c94c69aa501d74d9a1f9d5', 'admin_state_up': True, 'mtu': 8950, 'status': 'ACTIVE', 'subnets': [], 'shared': False, 'port_security_enabled': True, 'router:external': False, 'provider:network_type': 'vlan', 'provider:physical_network': 'default', 'provider:segmentation_id': 318, 'availability_zone_hints': [], 'availability_zones': [], 'ipv4_address_scope': None, 'ipv6_address_scope': None, 'description': '', 'tags': [], 'created_at': '2025-12-12T05:32:30Z', 'updated_at': '2025-12-12T05:32:30Z', 'revision_number': 1} available for tenant
2025-12-12 05:32:33.340 66552 INFO tempest.lib.common.rest_client [req-101ed666-7c15-40ce-a937-d15781edddd2 req-101ed666-7c15-40ce-a937-d15781edddd2 ] Request (ServersNegativeTestJSON:setUpClass): 200 GET http://10.180.1.21/compute/v2.1/servers/eab42e05-71ff-4488-8d0b-0623a74245bb 2.083s
2025-12-12 05:32:33.399 66536 INFO tempest.lib.common.rest_client [req-eeb9fabf-8703-44a8-be75-a7358b1bf486 req-eeb9fabf-8703-44a8-be75-a7358b1bf486 ] Request (MigrationsAdminTest:test_list_migrations_in_flavor_resize_situation): 200 GET http://10.180.1.21/compute/v2.1/servers/d397c29d-458d-4b02-be52-7ba3f3c7982a 2.181s
2025-12-12 05:32:33.435 66528 INFO tempest.lib.common.rest_client [req-c93de772-8e70-41a1-8b69-512752cbba08 req-c93de772-8e70-41a1-8b69-512752cbba08 ] Request (ServersListShow298Test:tearDownClass): 200 GET http://10.180.1.21/compute/v2.1/servers/fc7b738a-e346-4643-afba-5e662b33c4bb 2.106s
2025-12-12 05:32:33.461 66524 INFO tempest.lib.common.rest_client [req-ac6ef130-49ae-47e3-ab8b-ef72f6f2536d req-ac6ef130-49ae-47e3-ab8b-ef72f6f2536d ] Request (ServerDiskConfigTestJSON:test_rebuild_server_with_manual_disk_config): 200 GET http://10.180.1.21/compute/v2.1/servers/a0e8e895-3d29-40d1-94ba-0cb2334ff574 2.106s
2025-12-12 05:32:33.501 66530 INFO tempest.lib.common.rest_client [req-310cd2de-9a4b-4447-93b3-9b756d20856e req-310cd2de-9a4b-4447-93b3-9b756d20856e ] Request (TenantUsagesTestJSON:tearDownClass): 200 GET http://10.180.1.21/compute/v2.1/servers/b3303087-40d6-41fb-bc40-6f84f1bb5d1b 2.090s
2025-12-12 05:32:33.540 66512 INFO tempest.lib.common.rest_client [req-12413ce1-9f4f-4636-9675-124fce33618f req-12413ce1-9f4f-4636-9675-124fce33618f ] Request (ServersAdminNegativeTestJSON:tearDownClass): 200 GET http://10.180.1.21/compute/v2.1/servers/365da0f9-d2ee-488c-9439-ee82f87c651a 2.105s
2025-12-12 05:32:33.595 66540 INFO tempest.lib.common.rest_client [req-2da69836-7450-4d86-9904-72721361e965 req-2da69836-7450-4d86-9904-72721361e965 ] Request (InstanceActionsTestJSON:tearDownClass): 200 GET http://10.180.1.21/compute/v2.1/servers/7b6e7ec0-e963-4e9b-b4e9-2615f84870f3 2.034s
2025-12-12 05:32:33.602 66540 INFO tempest.common.waiters [-] State transition "ACTIVE/deleting" ==> "DELETED/None" after 4 second wait
2025-12-12 05:32:33.702 66532 INFO tempest.lib.common.rest_client [req-e2c2ba5c-1af6-4593-b8d8-bac1568a5953 req-e2c2ba5c-1af6-4593-b8d8-bac1568a5953 ] Request (SecurityGroupsTestJSON:test_list_security_groups_by_server): 200 GET http://10.180.1.21/compute/v2.1/servers/07c3a962-b84b-4f9b-aa17-df3ed1a5cc62 1.770s
2025-12-12 05:32:33.710 66532 INFO tempest.common.waiters [-] State transition "BUILD/spawning" ==> "ACTIVE/None" after 58 second wait
2025-12-12 05:32:33.732 66544 INFO tempest.lib.common.rest_client [req-bd0c2bfe-70a4-44ac-8963-37a9ba73b96e req-bd0c2bfe-70a4-44ac-8963-37a9ba73b96e ] Request (ServersWithSpecificFlavorTestJSON:test_verify_created_server_ephemeral_disk): 200 GET http://10.180.1.21/compute/v2.1/servers/c596648c-1729-47c1-8d78-9f535fd6c9ad 1.757s
2025-12-12 05:32:33.780 66550 INFO tempest.lib.common.rest_client [req-62cf49b6-ed89-447e-8c81-d057c57d56fb req-62cf49b6-ed89-447e-8c81-d057c57d56fb ] Request (DeleteServersTestJSON:test_delete_server_while_in_shelved_state): 200 GET http://10.180.1.21/compute/v2.1/servers/aff780bd-788f-4c3b-a942-69937a9e6519 1.579s
2025-12-12 05:32:33.790 66550 INFO tempest.common.waiters [-] State transition "BUILD/scheduling" ==> "BUILD/None" after 28 second wait
2025-12-12 05:32:33.798 66542 INFO tempest.lib.common.rest_client [req-e2dfbdcd-510f-4569-ba1d-c0f938d4d91c req-e2dfbdcd-510f-4569-ba1d-c0f938d4d91c ] Request (ServersTestMultiNic:_run_cleanups): 200 GET http://10.180.1.21/compute/v2.1/servers/972fe532-9ca9-453d-9653-e8d64d2ec0eb 1.586s
2025-12-12 05:32:33.853 66556 INFO tempest.lib.common.rest_client [req-3cec2734-8f3b-4810-8dac-823fa96d3287 req-3cec2734-8f3b-4810-8dac-823fa96d3287 ] Request (ServersTestJSON:test_create_server_specify_multibyte_character_name): 200 GET http://10.180.1.21/compute/v2.1/servers/8d299277-a1b2-44e4-ab3b-14c445cf9539 0.669s
2025-12-12 05:32:33.878 66562 INFO tempest.lib.common.rest_client [req-dde5fed0-241c-4381-971f-b3a62baa18c6 req-dde5fed0-241c-4381-971f-b3a62baa18c6 ] Request (VolumesAssistedSnapshotsTest:tearDownClass): 200 GET http://10.180.1.21/compute/v2.1/servers/eed2b239-fcf4-498d-86a0-079bc5b1d09b 0.682s
2025-12-12 05:32:33.880 66514 INFO tempest.lib.common.rest_client [req-4d737a2a-f2a9-4abb-840c-e5c3d830735b req-4d737a2a-f2a9-4abb-840c-e5c3d830735b ] Request (AttachVolumeTestJSON:test_attach_detach_volume): 200 GET http://10.180.1.21/volume/v3/volumes/808aefad-34dc-4fac-9a32-bed96e5b8470 0.034s
2025-12-12 05:32:34.323 66532 INFO tempest.lib.common.rest_client [req-eeade201-5ea7-43db-a4e3-03619c4650a5 req-eeade201-5ea7-43db-a4e3-03619c4650a5 ] Request (SecurityGroupsTestJSON:test_list_security_groups_by_server): 202 POST http://10.180.1.21/compute/v2.1/servers/07c3a962-b84b-4f9b-aa17-df3ed1a5cc62/action 0.613s
2025-12-12 05:32:34.333 66520 INFO tempest.lib.common.rest_client [req-7fe27c2d-f811-4495-9bab-b25d63d08833 req-7fe27c2d-f811-4495-9bab-b25d63d08833 ] Request (ServerTagsTestJSON:setUpClass): 202 POST http://10.180.1.21/compute/v2.1/servers 1.052s
2025-12-12 05:32:34.404 66518 INFO tempest.lib.common.rest_client [req-8e37886c-012a-43a0-8ae8-d250c98ae7b6 req-8e37886c-012a-43a0-8ae8-d250c98ae7b6 ] Request (ServerActionsTestOtherB:setUpClass): 200 GET http://10.180.1.21/compute/v2.1/servers/20d8e473-504c-49ff-b844-d103f3c0b99c 0.654s
2025-12-12 05:32:34.478 66560 INFO tempest.lib.common.rest_client [req-43ecd124-1120-4288-985d-2832fd4b5401 req-43ecd124-1120-4288-985d-2832fd4b5401 ] Request (ImagesOneServerNegativeTestJSON:tearDown): 200 GET http://10.180.1.21/compute/v2.1/servers/845376eb-1590-41a6-b2a2-4acfb8b1db66 0.664s
2025-12-12 05:32:34.482 66538 INFO tempest.lib.common.rest_client [req-302fcb0b-c94b-4ba9-851e-cc890f733f36 req-302fcb0b-c94b-4ba9-851e-cc890f733f36 ] Request (ServerShowV247Test:test_update_rebuild_list_server): 200 GET http://10.180.1.21/compute/v2.1/servers/096de4a3-d374-451b-b553-8564ab18bacf 0.542s
2025-12-12 05:32:34.488 66560 INFO tempest.common.waiters [-] State transition "ACTIVE/image_pending_upload" ==> "ACTIVE/image_uploading" after 2 second wait
2025-12-12 05:32:34.564 66526 INFO tempest.lib.common.rest_client [req-f2c249ca-42fa-4e41-931d-d8ec3fe5fd9d req-f2c249ca-42fa-4e41-931d-d8ec3fe5fd9d ] Request (ServersTestManualDisk:tearDownClass): 200 GET http://10.180.1.21/compute/v2.1/servers/eebd8dda-64fe-40b3-835c-bd3110b785cb 0.466s
2025-12-12 05:32:34.628 66564 INFO tempest.lib.common.rest_client [req-303b22f3-49ff-4a41-bf08-e48b3004b53a req-303b22f3-49ff-4a41-bf08-e48b3004b53a ] Request (ServerActionsTestOtherA:test_rebuild_server_in_stop_state): 200 GET http://10.180.1.21/compute/v2.1/servers/ee31b73e-0752-47d4-81d9-a9a3cc690fc6 0.664s
2025-12-12 05:32:34.680 66558 INFO tempest.lib.common.rest_client [req-1d790efe-32f8-4f35-b3c7-8cb82d2a962f req-1d790efe-32f8-4f35-b3c7-8cb82d2a962f ] Request (ServerRescueNegativeTestJSON:setUpClass): 200 GET http://10.180.1.21/compute/v2.1/servers/7bb3abe4-f2cd-47ac-8130-9b7643b10e35 0.550s
2025-12-12 05:32:34.688 66572 INFO tempest.lib.common.rest_client [req-48c2bbc2-1cf0-42d5-b439-0b1b0b057297 req-48c2bbc2-1cf0-42d5-b439-0b1b0b057297 ] Request (ServerMetadataNegativeTestJSON:setUpClass): 200 GET http://10.180.1.21/compute/v2.1/servers/e3ad9828-d662-470b-8663-0f0f21cb1560 0.528s
2025-12-12 05:32:34.756 66566 INFO tempest.lib.common.rest_client [req-bd3dc38b-85f3-4cd9-bbbe-01b62754696e req-bd3dc38b-85f3-4cd9-bbbe-01b62754696e ] Request (ServersAdminTestJSON:tearDownClass): 200 GET http://10.180.1.21/compute/v2.1/servers/35d45597-f88c-4983-b3c0-b8d1047a8221 0.546s
2025-12-12 05:32:34.766 66516 INFO tempest.lib.common.rest_client [req-2e015969-d9c3-417d-97bc-4e5ca00fc923 req-2e015969-d9c3-417d-97bc-4e5ca00fc923 ] Request (ServersV294TestFqdnHostnames:tearDownClass): 200 GET http://10.180.1.21/compute/v2.1/servers/fe6f544a-9e76-48ee-8542-6d5aa957726c 0.527s
2025-12-12 05:32:34.816 66548 INFO tempest.lib.common.rest_client [req-71582377-3a26-458f-b73f-40be87fe795b req-71582377-3a26-458f-b73f-40be87fe795b ] Request (ImagesOneServerTestJSON:setUpClass): 200 GET http://10.180.1.21/compute/v2.1/servers/8ba090c9-98f7-47ff-870f-8db0ca0c0450 0.542s
2025-12-12 05:32:34.867 66520 INFO tempest.lib.common.rest_client [req-f009ae7d-9b6b-46f8-97c4-49be146b4b8f req-f009ae7d-9b6b-46f8-97c4-49be146b4b8f ] Request (ServerTagsTestJSON:setUpClass): 200 GET http://10.180.1.21/compute/v2.1/servers/8d2ffc88-266a-4611-b65a-642b2dfea361 0.532s
2025-12-12 05:32:34.927 66552 INFO tempest.lib.common.rest_client [req-0ad1c5db-1a93-4f83-98aa-1c006fefafb0 req-0ad1c5db-1a93-4f83-98aa-1c006fefafb0 ] Request (ServersNegativeTestJSON:setUpClass): 200 GET http://10.180.1.21/compute/v2.1/servers/eab42e05-71ff-4488-8d0b-0623a74245bb 0.578s
2025-12-12 05:32:34.930 66514 INFO tempest.lib.common.rest_client [req-af8b68b7-0941-4423-b817-93ece63a9386 req-af8b68b7-0941-4423-b817-93ece63a9386 ] Request (AttachVolumeTestJSON:test_attach_detach_volume): 200 GET http://10.180.1.21/volume/v3/volumes/808aefad-34dc-4fac-9a32-bed96e5b8470 0.041s
2025-12-12 05:32:34.938 66514 INFO tempest.common.waiters [-] Attachment 3f5b6d4a-d7b6-4f1c-813f-e25552b0f27a created for volume 808aefad-34dc-4fac-9a32-bed96e5b8470 to server 55cddf83-144b-497e-be3a-a6af7ba63a36 after waiting for 7.938227 seconds
2025-12-12 05:32:34.972 66514 INFO tempest.lib.common.rest_client [req-5ed51d3b-6a78-4107-8658-1d1255c3afca req-5ed51d3b-6a78-4107-8658-1d1255c3afca ] Request (AttachVolumeTestJSON:test_attach_detach_volume): 200 GET http://10.180.1.21/volume/v3/volumes/808aefad-34dc-4fac-9a32-bed96e5b8470 0.033s
2025-12-12 05:32:34.982 66514 INFO tempest.common.waiters [-] volume 808aefad-34dc-4fac-9a32-bed96e5b8470 reached in-use after waiting for 0.982129 seconds
2025-12-12 05:32:35.054 66536 INFO tempest.lib.common.rest_client [req-25509883-a13c-4442-bd50-354614bca511 req-25509883-a13c-4442-bd50-354614bca511 ] Request (MigrationsAdminTest:test_list_migrations_in_flavor_resize_situation): 200 GET http://10.180.1.21/compute/v2.1/servers/d397c29d-458d-4b02-be52-7ba3f3c7982a 0.647s
2025-12-12 05:32:35.061 66536 INFO tempest.common.waiters [-] State transition "VERIFY_RESIZE/None" ==> "ACTIVE/None" after 42 second wait
2025-12-12 05:32:35.147 66528 INFO tempest.lib.common.rest_client [req-2c3b4cb2-7155-4a1a-af99-cd74f6780bf7 req-2c3b4cb2-7155-4a1a-af99-cd74f6780bf7 ] Request (ServersListShow298Test:tearDownClass): 200 GET http://10.180.1.21/compute/v2.1/servers/fc7b738a-e346-4643-afba-5e662b33c4bb 0.699s
2025-12-12 05:32:35.172 66532 INFO tempest.lib.common.rest_client [req-21925153-50b7-4be4-b943-bc72a8c3b157 req-21925153-50b7-4be4-b943-bc72a8c3b157 ] Request (SecurityGroupsTestJSON:test_list_security_groups_by_server): 202 POST http://10.180.1.21/compute/v2.1/servers/07c3a962-b84b-4f9b-aa17-df3ed1a5cc62/action 0.848s
2025-12-12 05:32:35.205 66524 INFO tempest.lib.common.rest_client [req-196fb672-ab42-4122-bbe5-561699c76019 req-196fb672-ab42-4122-bbe5-561699c76019 ] Request (ServerDiskConfigTestJSON:test_rebuild_server_with_manual_disk_config): 200 GET http://10.180.1.21/compute/v2.1/servers/a0e8e895-3d29-40d1-94ba-0cb2334ff574 0.735s
2025-12-12 05:32:35.240 66530 INFO tempest.lib.common.rest_client [req-3418c5b1-d343-483c-a34a-b00297f6963d req-3418c5b1-d343-483c-a34a-b00297f6963d ] Request (TenantUsagesTestJSON:tearDownClass): 200 GET http://10.180.1.21/compute/v2.1/servers/b3303087-40d6-41fb-bc40-6f84f1bb5d1b 0.730s
2025-12-12 05:32:35.278 66512 INFO tempest.lib.common.rest_client [req-df001b0c-024f-458c-aa3a-29fba0afd52f req-df001b0c-024f-458c-aa3a-29fba0afd52f ] Request (ServersAdminNegativeTestJSON:tearDownClass): 200 GET http://10.180.1.21/compute/v2.1/servers/365da0f9-d2ee-488c-9439-ee82f87c651a 0.726s
2025-12-12 05:32:35.309 66540 INFO tempest.lib.common.rest_client [req-f0a68fbd-1a1d-45c9-9e03-011910a11a57 req-f0a68fbd-1a1d-45c9-9e03-011910a11a57 ] Request (InstanceActionsTestJSON:tearDownClass): 200 GET http://10.180.1.21/compute/v2.1/servers/7b6e7ec0-e963-4e9b-b4e9-2615f84870f3 0.706s
2025-12-12 05:32:35.334 66570 WARNING tempest.lib.common.ssh [-] Failed to establish authenticated ssh connection to cirros@10.180.180.188 ([Errno None] Unable to connect to port 22 on 10.180.180.188). Number attempts: 7. Retry after 8 seconds.: paramiko.ssh_exception.NoValidConnectionsError: [Errno None] Unable to connect to port 22 on 10.180.180.188
2025-12-12 05:32:35.338 66546 INFO paramiko.transport [-] Connected (version 2.0, client dropbear_2020.81)
2025-12-12 05:32:35.376 66550 INFO tempest.lib.common.rest_client [req-6ac28f6e-4430-4fb9-9047-246fb9f1f003 req-6ac28f6e-4430-4fb9-9047-246fb9f1f003 ] Request (DeleteServersTestJSON:test_delete_server_while_in_shelved_state): 200 GET http://10.180.1.21/compute/v2.1/servers/aff780bd-788f-4c3b-a942-69937a9e6519 0.581s
2025-12-12 05:32:35.444 66546 INFO paramiko.transport [-] Authentication (publickey) successful!
2025-12-12 05:32:35.445 66546 INFO tempest.lib.common.ssh [-] ssh connection to cirros@10.180.180.170 successfully created
2025-12-12 05:32:35.451 66546 INFO tempest.lib.common.ssh [-] Creating ssh connection to '10.180.180.170:22' as 'cirros' with public key authentication
2025-12-12 05:32:35.454 66546 INFO paramiko.transport [-] Connected (version 2.0, client dropbear_2020.81)
2025-12-12 05:32:35.463 66542 INFO tempest.lib.common.rest_client [req-3338c2d8-5d10-49f4-8d94-9d3689377869 req-3338c2d8-5d10-49f4-8d94-9d3689377869 ] Request (ServersTestMultiNic:_run_cleanups): 200 GET http://10.180.1.21/compute/v2.1/servers/972fe532-9ca9-453d-9653-e8d64d2ec0eb 0.657s
2025-12-12 05:32:35.467 66544 INFO tempest.lib.common.rest_client [req-bd8c746e-34c6-4177-bdc8-8fc232a3f4ae req-bd8c746e-34c6-4177-bdc8-8fc232a3f4ae ] Request (ServersWithSpecificFlavorTestJSON:test_verify_created_server_ephemeral_disk): 200 GET http://10.180.1.21/compute/v2.1/servers/c596648c-1729-47c1-8d78-9f535fd6c9ad 0.724s
2025-12-12 05:32:35.474 66544 INFO tempest.common.waiters [-] State transition "BUILD/spawning" ==> "ACTIVE/None" after 60 second wait
2025-12-12 05:32:35.513 66546 INFO paramiko.transport [-] Authentication (publickey) successful!
2025-12-12 05:32:35.514 66546 INFO tempest.lib.common.ssh [-] ssh connection to cirros@10.180.180.170 successfully created
2025-12-12 05:32:35.520 66556 INFO tempest.lib.common.rest_client [req-6fc1d977-11d8-4910-a0ae-21a65e1a19e8 req-6fc1d977-11d8-4910-a0ae-21a65e1a19e8 ] Request (ServersTestJSON:test_create_server_specify_multibyte_character_name): 200 GET http://10.180.1.21/compute/v2.1/servers/8d299277-a1b2-44e4-ab3b-14c445cf9539 0.658s
2025-12-12 05:32:35.537 66562 INFO tempest.lib.common.rest_client [req-7aefeb99-65bb-482d-8760-53cf9f06f44b req-7aefeb99-65bb-482d-8760-53cf9f06f44b ] Request (VolumesAssistedSnapshotsTest:tearDownClass): 200 GET http://10.180.1.21/compute/v2.1/servers/eed2b239-fcf4-498d-86a0-079bc5b1d09b 0.651s
2025-12-12 05:32:35.571 66514 INFO tempest.lib.common.rest_client [req-6b0d083f-f58e-4431-b5b9-4177048243bb req-6b0d083f-f58e-4431-b5b9-4177048243bb ] Request (AttachVolumeTestJSON:test_attach_detach_volume): 202 POST http://10.180.1.21/compute/v2.1/servers/55cddf83-144b-497e-be3a-a6af7ba63a36/action 0.588s
2025-12-12 05:32:35.634 66536 INFO tempest.lib.common.rest_client [req-daaae6bb-fd9b-4d63-bfcf-3b79192cb498 req-daaae6bb-fd9b-4d63-bfcf-3b79192cb498 ] Request (MigrationsAdminTest:test_list_migrations_in_flavor_resize_situation): 200 GET http://10.180.1.21/compute/v2.1/servers/d397c29d-458d-4b02-be52-7ba3f3c7982a 0.572s
2025-12-12 05:32:35.671 66532 INFO tempest.lib.common.rest_client [req-60476ff4-50f7-400c-82e0-732edd431245 req-60476ff4-50f7-400c-82e0-732edd431245 ] Request (SecurityGroupsTestJSON:test_list_security_groups_by_server): 200 GET http://10.180.1.21/compute/v2.1/servers/07c3a962-b84b-4f9b-aa17-df3ed1a5cc62/os-security-groups 0.498s
2025-12-12 05:32:35.690 66518 INFO tempest.lib.common.rest_client [req-84a313c5-5cec-4316-b068-134073f4d170 req-84a313c5-5cec-4316-b068-134073f4d170 ] Request (ServerActionsTestOtherB:setUpClass): 200 GET http://10.180.1.21/compute/v2.1/servers/20d8e473-504c-49ff-b844-d103f3c0b99c 0.274s
2025-12-12 05:32:35.736 66544 INFO tempest.lib.common.rest_client [req-8a4ebff4-26a5-49b4-9f80-011614372b04 req-8a4ebff4-26a5-49b4-9f80-011614372b04 ] Request (ServersWithSpecificFlavorTestJSON:test_verify_created_server_ephemeral_disk): 200 GET http://10.180.1.21/compute/v2.1/servers/c596648c-1729-47c1-8d78-9f535fd6c9ad/os-interface 0.261s
2025-12-12 05:32:35.816 66560 INFO tempest.lib.common.rest_client [req-3ae0d17c-5d59-4f5c-80bc-f40df1dd2d99 req-3ae0d17c-5d59-4f5c-80bc-f40df1dd2d99 ] Request (ImagesOneServerNegativeTestJSON:tearDown): 200 GET http://10.180.1.21/compute/v2.1/servers/845376eb-1590-41a6-b2a2-4acfb8b1db66 0.326s
2025-12-12 05:32:35.844 66538 INFO tempest.lib.common.rest_client [req-dfe939ac-632f-4711-8150-d39fb7f2d783 req-dfe939ac-632f-4711-8150-d39fb7f2d783 ] Request (ServerShowV247Test:test_update_rebuild_list_server): 200 GET http://10.180.1.21/compute/v2.1/servers/096de4a3-d374-451b-b553-8564ab18bacf 0.353s
2025-12-12 05:32:35.892 66546 INFO tempest.lib.common.rest_client [req-dee379aa-eeed-4dbb-86fd-ea6c3835a0e5 req-dee379aa-eeed-4dbb-86fd-ea6c3835a0e5 ] Request (ServerActionsTestJSON:test_reboot_server_hard): 202 POST http://10.180.1.21/compute/v2.1/servers/4499b5d8-210c-412f-87c2-2a1cc940569e/action 0.369s
2025-12-12 05:32:35.968 66526 INFO tempest.lib.common.rest_client [req-798014b9-9b2d-45e0-8373-c09e577cf93b req-798014b9-9b2d-45e0-8373-c09e577cf93b ] Request (ServersTestManualDisk:tearDownClass): 200 GET http://10.180.1.21/compute/v2.1/servers/eebd8dda-64fe-40b3-835c-bd3110b785cb 0.390s
2025-12-12 05:32:35.992 66514 INFO tempest.lib.common.rest_client [req-32df6af2-ba06-470e-998b-c884d913d993 req-32df6af2-ba06-470e-998b-c884d913d993 ] Request (AttachVolumeTestJSON:test_attach_detach_volume): 200 GET http://10.180.1.21/compute/v2.1/servers/55cddf83-144b-497e-be3a-a6af7ba63a36 0.420s
2025-12-12 05:32:36.051 66536 INFO tempest.lib.common.rest_client [req-11de95cb-75f8-4f5d-a234-6bf1a7e95c42 req-11de95cb-75f8-4f5d-a234-6bf1a7e95c42 ] Request (MigrationsAdminTest:test_list_migrations_in_flavor_resize_situation): 200 POST http://10.180.1.21/compute/v2.1/os-keypairs 0.408s
2025-12-12 05:32:36.188 66536 INFO tempest.lib.common.rest_client [req-cd895afa-3abb-4444-8c3d-dabb4b16adf0 req-cd895afa-3abb-4444-8c3d-dabb4b16adf0 ] Request (MigrationsAdminTest:test_list_migrations_in_flavor_resize_situation): 201 POST http://10.180.1.21/networking/v2.0/security-groups 0.135s
2025-12-12 05:32:36.297 66532 INFO tempest.lib.common.rest_client [req-5ae290bc-8b09-4a91-8f95-293a96dfb971 req-5ae290bc-8b09-4a91-8f95-293a96dfb971 ] Request (SecurityGroupsTestJSON:test_security_group_create_get_delete): 200 POST http://10.180.1.21/compute/v2.1/os-security-groups 0.621s
2025-12-12 05:32:36.299 66544 INFO tempest.lib.common.rest_client [req-9b95d50d-6f72-4e74-b22d-c3f6831bc130 req-9b95d50d-6f72-4e74-b22d-c3f6831bc130 ] Request (ServersWithSpecificFlavorTestJSON:test_verify_created_server_ephemeral_disk): 200 PUT http://10.180.1.21/networking/v2.0/floatingips/a1f9364d-53dc-4ce2-9877-f42535bbdc0f 0.561s
