2025-12-12 05:29:22.501 66550 INFO tempest.lib.common.fixed_network [-] (DeleteServersTestJSON:test_delete_active_server) Found network {'id': 'a0eecc8b-aa26-428b-90bb-2adf026f3de2', 'name': 'tempest-DeleteServersTestJSON-571215833-network', 'tenant_id': '7a47b8dcdb904614b13fc6c64eb5f470', 'project_id': '7a47b8dcdb904614b13fc6c64eb5f470', 'admin_state_up': True, 'mtu': 8950, 'status': 'ACTIVE', 'subnets': [], 'shared': False, 'port_security_enabled': True, 'router:external': False, 'provider:network_type': 'vlan', 'provider:physical_network': 'default', 'provider:segmentation_id': 93, 'availability_zone_hints': [], 'availability_zones': [], 'ipv4_address_scope': None, 'ipv6_address_scope': None, 'description': '', 'tags': [], 'created_at': '2025-12-12T05:29:19Z', 'updated_at': '2025-12-12T05:29:19Z', 'revision_number': 1} available for tenant
2025-12-12 05:29:22.585 66528 INFO tempest.lib.common.rest_client [req-5a8a9ec9-0ee4-47ad-96e2-8dfac8fef94d req-5a8a9ec9-0ee4-47ad-96e2-8dfac8fef94d ] Request (ServerActionsV293TestJSON:setUpClass): 200 GET http://10.180.1.21/volume/v3/volumes/a90cb772-885d-4726-b964-213340c6c076 0.028s
2025-12-12 05:29:22.642 66526 INFO tempest.lib.common.rest_client [req-87c4c11c-8d25-4146-99a2-f2e9c1a805a4 req-87c4c11c-8d25-4146-99a2-f2e9c1a805a4 ] Request (SecurityGroupsNegativeTestJSON:setUpClass): 201 POST http://10.180.1.21/networking/v2.0/subnets 1.250s
2025-12-12 05:29:22.983 66556 INFO tempest.lib.common.rest_client [req-23407939-b36c-430b-b1e8-4d0ffd2a5a08 req-23407939-b36c-430b-b1e8-4d0ffd2a5a08 ] Request (FloatingIPsAssociationNegativeTestJSON:setUpClass): 200 GET http://10.180.1.21/compute/v2.1/servers/deb4f717-6aa4-48b9-a8a8-fe7b4bcaff9f 4.089s
2025-12-12 05:29:22.999 66556 INFO tempest.common.waiters [-] State transition "BUILD/spawning" ==> "ACTIVE/None" after 18 second wait
2025-12-12 05:29:23.003 66520 INFO tempest.lib.common.rest_client [req-753e5973-2fa9-47fe-8c8b-a8fe584bd804 req-753e5973-2fa9-47fe-8c8b-a8fe584bd804 ] Request (ServerExternalEventsTest:test_create_server_external_events): 200 GET http://10.180.1.21/compute/v2.1/servers/beb05c7e-027d-4425-a7e3-809869ea5426 3.333s
2025-12-12 05:29:23.010 66534 INFO tempest.lib.common.rest_client [req-c908e3fa-b3ac-406f-a370-432d49e55d5f req-c908e3fa-b3ac-406f-a370-432d49e55d5f ] Request (FlavorsAdminTestJSON:_run_cleanups): 202 DELETE http://10.180.1.21/compute/v2.1/flavors/1012470130 3.110s
2025-12-12 05:29:23.029 66560 INFO tempest.lib.common.rest_client [req-dc79a620-afc3-4e97-a177-2e2663bb4f5b req-dc79a620-afc3-4e97-a177-2e2663bb4f5b ] Request (ServicesAdminNegativeV253TestJSON:test_get_service_with_valid_service_and_invalid_host): 200 GET http://10.180.1.21/compute/v2.1/os-services?host=xxx&binary=nova-scheduler 3.107s
2025-12-12 05:29:23.043 66540 INFO tempest.lib.common.rest_client [req-db8d5f43-13e8-40da-9604-b8a602659722 req-db8d5f43-13e8-40da-9604-b8a602659722 ] Request (FlavorsAccessTestJSON:test_flavor_access_list_with_private_flavor): 200 GET http://10.180.1.21/compute/v2.1/flavors/1796487848/os-flavor-access 3.104s
2025-12-12 05:29:23.094 66544 INFO tempest.lib.common.rest_client [req-c8e509a5-2d12-4c93-b622-5ae455581673 req-c8e509a5-2d12-4c93-b622-5ae455581673 ] Request (ValidationResourcesFixture:setUp): 200 POST http://10.180.1.21/compute/v2.1/os-keypairs 3.131s
2025-12-12 05:29:23.127 66524 INFO tempest.lib.common.rest_client [req-57d85b7a-2c4a-4c1c-8605-7033fc98cbad req-57d85b7a-2c4a-4c1c-8605-7033fc98cbad ] Request (FlavorsAccessNegativeTestJSON:_run_cleanups): 202 DELETE http://10.180.1.21/compute/v2.1/flavors/559025231 3.131s
2025-12-12 05:29:23.140 66532 INFO tempest.lib.common.rest_client [req-7908343e-16cf-4978-9c53-010b9b965132 req-7908343e-16cf-4978-9c53-010b9b965132 ] Request (FlavorsExtraSpecsNegativeTestJSON:test_flavor_unset_nonexistent_key): 404 DELETE http://10.180.1.21/compute/v2.1/flavors/1576800270/os-extra_specs/hw:cpu_thread_policy 3.134s
2025-12-12 05:29:23.269 66516 INFO tempest.lib.common.rest_client [req-f7412ca7-904a-42bc-9c01-7e204a03fbfb req-f7412ca7-904a-42bc-9c01-7e204a03fbfb ] Request (QuotasAdminNegativeTest:_run_cleanups): 200 PUT http://10.180.1.21/compute/v2.1/os-quota-sets/6ae8cc69953e46c79e52b6da766c84b3 3.343s
2025-12-12 05:29:23.379 66554 INFO tempest.lib.common.rest_client [req-b4487e68-a90d-4387-be44-5fa8c700dfcc req-b4487e68-a90d-4387-be44-5fa8c700dfcc ] Request (HypervisorAdminNegativeTestJSON:tearDownClass): 200 GET http://10.180.1.21/networking/v2.0/security-groups?tenant_id=b9b8923a72c74090aec7f5c09e08dca2&name=default 1.559s
2025-12-12 05:29:23.433 66542 INFO tempest.lib.common.rest_client [req-c0cd76ea-fe92-4973-9529-60e1b8233f11 req-c0cd76ea-fe92-4973-9529-60e1b8233f11 ] Request (FloatingIPsTestJSON:tearDownClass): 200 PUT http://10.180.1.21/networking/v2.0/routers/d43dd49a-496a-4e76-85b3-0fa817dfbdf6/remove_router_interface 2.027s
2025-12-12 05:29:23.588 66544 INFO tempest.lib.common.rest_client [req-d1e4f93f-9396-41ef-9fa6-8098d1011ab9 req-d1e4f93f-9396-41ef-9fa6-8098d1011ab9 ] Request (ValidationResourcesFixture:setUp): 201 POST http://10.180.1.21/networking/v2.0/security-groups 0.493s
2025-12-12 05:29:23.618 66562 INFO tempest.lib.common.rest_client [req-baf4a67e-9210-4df2-8d01-1de4400b5d64 req-baf4a67e-9210-4df2-8d01-1de4400b5d64 ] Request (VolumesAssistedSnapshotsTest:test_volume_assisted_snapshot_create_delete): 200 GET http://10.180.1.21/compute/v2.1/servers/eed2b239-fcf4-498d-86a0-079bc5b1d09b 3.464s
2025-12-12 05:29:23.632 66528 INFO tempest.lib.common.rest_client [req-be308f87-6a9d-40f1-bbd8-9c4aac82f555 req-be308f87-6a9d-40f1-bbd8-9c4aac82f555 ] Request (ServerActionsV293TestJSON:setUpClass): 200 GET http://10.180.1.21/volume/v3/volumes/a90cb772-885d-4726-b964-213340c6c076 0.038s
2025-12-12 05:29:23.732 66554 INFO tempest.lib.common.rest_client [req-31a2de07-08f8-4354-a354-2e7e2d5914d5 req-31a2de07-08f8-4354-a354-2e7e2d5914d5 ] Request (HypervisorAdminNegativeTestJSON:tearDownClass): 204 DELETE http://10.180.1.21/networking/v2.0/security-groups/88d87848-fa76-4985-be13-337cd7e4c67b 0.353s
2025-12-12 05:29:23.811 66554 INFO tempest.lib.common.rest_client [req-a1e6cc40-3bf6-4c7a-abf3-5538ef2612d8 req-a1e6cc40-3bf6-4c7a-abf3-5538ef2612d8 ] Request (HypervisorAdminNegativeTestJSON:tearDownClass): 204 DELETE http://10.180.1.21/identity/v3/projects/b9b8923a72c74090aec7f5c09e08dca2 0.077s
2025-12-12 05:29:23.811 66554 INFO tempest.lib.common.dynamic_creds [-] Deleting project and security group for project: c63a65e78d364f798edf5a052c4cb36b
2025-12-12 05:29:24.490 66526 INFO tempest.lib.common.rest_client [req-2c2fb5e3-65a3-459f-9f25-0010552dd40d req-2c2fb5e3-65a3-459f-9f25-0010552dd40d ] Request (SecurityGroupsNegativeTestJSON:setUpClass): 201 POST http://10.180.1.21/networking/v2.0/routers 1.848s
2025-12-12 05:29:24.570 66542 INFO tempest.lib.common.rest_client [req-2ab35d96-9923-4813-9488-1a83eecb3cc8 req-2ab35d96-9923-4813-9488-1a83eecb3cc8 ] Request (FloatingIPsTestJSON:tearDownClass): 204 DELETE http://10.180.1.21/networking/v2.0/routers/d43dd49a-496a-4e76-85b3-0fa817dfbdf6 1.137s
2025-12-12 05:29:24.675 66544 INFO tempest.lib.common.rest_client [req-8dd7ca56-990b-48d4-9a71-261f25c309ca req-8dd7ca56-990b-48d4-9a71-261f25c309ca ] Request (ValidationResourcesFixture:setUp): 201 POST http://10.180.1.21/networking/v2.0/security-group-rules 1.086s
2025-12-12 05:29:24.677 66528 INFO tempest.lib.common.rest_client [req-66ffac58-b0db-486c-9b71-729676beea9f req-66ffac58-b0db-486c-9b71-729676beea9f ] Request (ServerActionsV293TestJSON:setUpClass): 200 GET http://10.180.1.21/volume/v3/volumes/a90cb772-885d-4726-b964-213340c6c076 0.036s
2025-12-12 05:29:24.713 66548 INFO tempest.lib.common.rest_client [req-77201ef7-31ba-4ab2-b68a-acf858d646c3 req-77201ef7-31ba-4ab2-b68a-acf858d646c3 ] Request (FloatingIPsAssociationTestJSON:setUpClass): 200 GET http://10.180.1.21/compute/v2.1/servers/9cd59963-3598-4e15-b83f-ef6f70265250 4.516s
2025-12-12 05:29:24.722 66548 INFO tempest.common.waiters [-] State transition "BUILD/spawning" ==> "ACTIVE/None" after 16 second wait
2025-12-12 05:29:24.730 66568 INFO tempest.lib.common.rest_client [req-8f8d120e-2ccf-400d-9e16-2c8a94ed20aa req-8f8d120e-2ccf-400d-9e16-2c8a94ed20aa ] Request (MultipleCreateTestJSON:test_multiple_create): 200 GET http://10.180.1.21/compute/v2.1/servers/d97a4cec-97ec-4ffc-aa54-93253a2c17de 4.260s
2025-12-12 05:29:24.885 66522 INFO tempest.lib.common.rest_client [req-00b7d40d-f58d-45e8-84a2-9769fdaf788e req-00b7d40d-f58d-45e8-84a2-9769fdaf788e ] Request (FlavorsV2NegativeTest:test_boot_with_low_ram): 200 GET http://10.180.1.21/compute/v2.1/flavors/42 4.011s
2025-12-12 05:29:24.888 66554 INFO tempest.lib.common.rest_client [req-31d3075c-b030-44ee-8996-fb9819d67d44 req-31d3075c-b030-44ee-8996-fb9819d67d44 ] Request (HypervisorAdminNegativeTestJSON:tearDownClass): 200 GET http://10.180.1.21/networking/v2.0/security-groups?tenant_id=c63a65e78d364f798edf5a052c4cb36b&name=default 1.077s
2025-12-12 05:29:24.891 66552 INFO tempest.lib.common.rest_client [req-e79a0cce-7386-42c2-885a-fa21daf31a26 req-e79a0cce-7386-42c2-885a-fa21daf31a26 ] Request (QuotasAdminTestV257:test_get_updated_quotas): 200 GET http://10.180.1.21/compute/v2.1/os-quota-sets/cb86f926aeee46d4b24369c8683f57c3/detail 4.175s
2025-12-12 05:29:24.927 66552 INFO tempest.lib.common.rest_client [req-8f41427a-c1a7-44cc-b090-ea8947972a9d req-8f41427a-c1a7-44cc-b090-ea8947972a9d ] Request (QuotasAdminTestV257:test_get_updated_quotas): 200 GET http://10.180.1.21/identity/v3/domains?name=Default 0.032s
2025-12-12 05:29:24.965 66552 INFO tempest.lib.common.rest_client [req-d3aa2c00-235d-4aa3-a59b-df55aef5cf3d req-d3aa2c00-235d-4aa3-a59b-df55aef5cf3d ] Request (QuotasAdminTestV257:test_get_updated_quotas): 201 POST http://10.180.1.21/identity/v3/users 0.037s
2025-12-12 05:29:24.989 66552 INFO tempest.lib.common.rest_client [req-bf16306e-f109-4b20-8452-1a0034040681 req-bf16306e-f109-4b20-8452-1a0034040681 ] Request (QuotasAdminTestV257:test_get_updated_quotas): 200 GET http://10.180.1.21/identity/v3/domains?name=Default 0.024s
2025-12-12 05:29:25.055 66542 INFO tempest.lib.common.rest_client [req-fe71bd95-ddc0-4507-82b2-c6aa94351a13 req-fe71bd95-ddc0-4507-82b2-c6aa94351a13 ] Request (FloatingIPsTestJSON:tearDownClass): 204 DELETE http://10.180.1.21/networking/v2.0/subnets/392040cf-742a-4598-a16a-d86f114ab745 0.484s
2025-12-12 05:29:25.150 66544 INFO tempest.lib.common.rest_client [req-88ea4862-bdd1-4ef0-8952-d5a66b98c911 req-88ea4862-bdd1-4ef0-8952-d5a66b98c911 ] Request (ValidationResourcesFixture:setUp): 201 POST http://10.180.1.21/networking/v2.0/security-group-rules 0.474s
2025-12-12 05:29:25.360 66522 INFO tempest.lib.common.rest_client [req-a5ef03e8-41c0-4f25-988c-00539d16fa5e req-a5ef03e8-41c0-4f25-988c-00539d16fa5e ] Request (FlavorsV2NegativeTest:test_boot_with_low_ram): 201 POST http://10.180.1.21/image/v2/images 0.468s
2025-12-12 05:29:25.714 66528 INFO tempest.lib.common.rest_client [req-fbb49314-9752-42e0-a94c-c23b8783c0a8 req-fbb49314-9752-42e0-a94c-c23b8783c0a8 ] Request (ServerActionsV293TestJSON:setUpClass): 200 GET http://10.180.1.21/volume/v3/volumes/a90cb772-885d-4726-b964-213340c6c076 0.027s
2025-12-12 05:29:25.843 66526 INFO tempest.lib.common.rest_client [req-13586db3-2612-42d6-9736-464efe776935 req-13586db3-2612-42d6-9736-464efe776935 ] Request (SecurityGroupsNegativeTestJSON:setUpClass): 200 PUT http://10.180.1.21/networking/v2.0/routers/ae298b28-53ed-4eb3-a590-a2c979573d0c/add_router_interface 1.352s
2025-12-12 05:29:25.843 66526 INFO tempest.lib.common.dynamic_creds [-] Created isolated network resources for: credentials: Credentials: {'domain_id': 'default', 'domain_name': 'Default', 'username': 'tempest-SecurityGroupsNegativeTestJSON-1849845425-project-member', 'project_domain_id': 'default', 'project_domain_name': 'Default', 'project_id': 'ff0e5b8459f14406b92d3dda90fa4ff8', 'project_name': 'tempest-SecurityGroupsNegativeTestJSON-1849845425', 'tenant_id': 'ff0e5b8459f14406b92d3dda90fa4ff8', 'tenant_name': 'tempest-SecurityGroupsNegativeTestJSON-1849845425', 'user_domain_id': 'default', 'user_domain_name': 'Default', 'user_id': '3b6dd38b2a4a48289557ce97a726c853', 'system': None}, Network: {'id': '72fa206a-737e-4f13-bc52-01fc0f38237a', 'name': 'tempest-SecurityGroupsNegativeTestJSON-1979668441-network', 'tenant_id': 'ff0e5b8459f14406b92d3dda90fa4ff8', 'project_id': 'ff0e5b8459f14406b92d3dda90fa4ff8', 'admin_state_up': True, 'mtu': 8950, 'status': 'ACTIVE', 'subnets': [], 'shared': False, 'port_security_enabled': True, 'router:external': False, 'provider:network_type': 'vlan', 'provider:physical_network': 'default', 'provider:segmentation_id': 485, 'availability_zone_hints': [], 'availability_zones': [], 'ipv4_address_scope': None, 'ipv6_address_scope': None, 'description': '', 'tags': [], 'created_at': '2025-12-12T05:29:21Z', 'updated_at': '2025-12-12T05:29:21Z', 'revision_number': 1}, Subnet: {'id': 'f7dbbefa-5067-415a-811c-781f564b95e8', 'name': 'tempest-SecurityGroupsNegativeTestJSON-1979668441-subnet', 'tenant_id': 'ff0e5b8459f14406b92d3dda90fa4ff8', 'network_id': '72fa206a-737e-4f13-bc52-01fc0f38237a', 'ip_version': 4, 'subnetpool_id': None, 'enable_dhcp': True, 'ipv6_ra_mode': None, 'ipv6_address_mode': None, 'gateway_ip': '192.168.128.1', 'cidr': '192.168.128.0/28', 'allocation_pools': [{'start': '192.168.128.2', 'end': '192.168.128.14'}], 'host_routes': [], 'dns_nameservers': [], 'description': '', 'router:external': False, 'service_types': [], 'tags': [], 'created_at': '2025-12-12T05:29:22Z', 'updated_at': '2025-12-12T05:29:22Z', 'revision_number': 0, 'project_id': 'ff0e5b8459f14406b92d3dda90fa4ff8'}, Router: {'id': 'ae298b28-53ed-4eb3-a590-a2c979573d0c', 'name': 'tempest-SecurityGroupsNegativeTestJSON-1979668441-router', 'tenant_id': 'ff0e5b8459f14406b92d3dda90fa4ff8', 'admin_state_up': True, 'status': 'ACTIVE', 'external_gateway_info': {'network_id': '44e020d6-a232-4906-befd-a11d3c74f470', 'external_fixed_ips': [{'subnet_id': 'd9e3fc27-e31b-4e5d-9bf1-1fe5d2c501f8', 'ip_address': '10.180.180.190'}], 'enable_snat': True}, 'description': '', 'availability_zones': [], 'distributed': False, 'ha': False, 'availability_zone_hints': [], 'routes': [], 'flavor_id': None, 'tags': [], 'created_at': '2025-12-12T05:29:23Z', 'updated_at': '2025-12-12T05:29:24Z', 'revision_number': 2, 'project_id': 'ff0e5b8459f14406b92d3dda90fa4ff8'}
2025-12-12 05:29:25.935 66526 INFO tempest.lib.common.rest_client [req-db8c7465-8c8f-4f04-a6e4-1c5f4ad0058f req-db8c7465-8c8f-4f04-a6e4-1c5f4ad0058f ] Request (SecurityGroupsNegativeTestJSON:setUpClass): 201 POST http://10.180.1.21/identity/v3/auth/tokens 0.084s
2025-12-12 05:29:25.952 66554 INFO tempest.lib.common.rest_client [req-26601018-2871-43ad-9e34-c947590f6d00 req-26601018-2871-43ad-9e34-c947590f6d00 ] Request (HypervisorAdminNegativeTestJSON:tearDownClass): 204 DELETE http://10.180.1.21/networking/v2.0/security-groups/a0a1e55f-e069-46ef-bc64-cb9c23c02995 1.064s
2025-12-12 05:29:26.033 66572 INFO tempest.lib.common.rest_client [req-a798b12b-1cd3-4ec0-94af-68a08274094f req-a798b12b-1cd3-4ec0-94af-68a08274094f ] Request (ListServersNegativeTestJSON:setUpClass): 200 GET http://10.180.1.21/compute/v2.1/servers/a83b42a1-e9e1-4974-abea-d2f0577939dc 4.788s
2025-12-12 05:29:26.041 66572 INFO tempest.common.waiters [-] State transition "BUILD/scheduling" ==> "BUILD/None" after 9 second wait
2025-12-12 05:29:26.060 66522 INFO tempest.lib.common.rest_client [req-c3d21279-c8ba-4757-8ef3-16dfcc42550e req-c3d21279-c8ba-4757-8ef3-16dfcc42550e ] Request (FlavorsV2NegativeTest:test_boot_with_low_ram): 204 PUT http://10.180.1.21/image/v2/images/d61dca62-aa54-4f73-8102-244decb26ac6/file 0.699s
2025-12-12 05:29:26.071 66554 INFO tempest.lib.common.rest_client [req-2df95555-9bae-46c6-960c-1508a9f01e4c req-2df95555-9bae-46c6-960c-1508a9f01e4c ] Request (HypervisorAdminNegativeTestJSON:tearDownClass): 204 DELETE http://10.180.1.21/identity/v3/projects/c63a65e78d364f798edf5a052c4cb36b 0.118s
2025-12-12 05:29:26.073 66554 INFO tempest.test [-] raised in LiveMigrationTest.setUpClass. Invoking tearDownClass.
2025-12-12 05:29:26.130 66522 INFO tempest.lib.common.rest_client [req-1417c678-60e5-416a-92b1-ea62ea2134e9 req-1417c678-60e5-416a-92b1-ea62ea2134e9 ] Request (FlavorsV2NegativeTest:test_boot_with_low_ram): 201 POST http://10.180.1.21/identity/v3/auth/tokens 0.066s
2025-12-12 05:29:26.132 66522 INFO tempest.lib.common.fixed_network [-] (FlavorsV2NegativeTest:test_boot_with_low_ram) Found network None available for tenant
2025-12-12 05:29:26.196 66536 INFO tempest.lib.common.rest_client [req-e1ce7fbb-a5c3-4fdc-9733-32adaa9dbcf9 req-e1ce7fbb-a5c3-4fdc-9733-32adaa9dbcf9 ] Request (KeyPairsV210TestJSON:test_admin_manage_keypairs_for_other_users): 201 POST http://10.180.1.21/compute/v2.1/os-keypairs 4.909s
2025-12-12 05:29:26.204 66554 INFO tempest.lib.common.rest_client [req-31428754-2a1c-49aa-9fd9-b00aa6ff573e req-31428754-2a1c-49aa-9fd9-b00aa6ff573e ] Request (ServersAdmin275Test:setUpClass): 201 POST http://10.180.1.21/identity/v3/auth/tokens 0.127s
2025-12-12 05:29:26.244 66554 INFO tempest.lib.common.rest_client [req-cfde542f-e557-4747-b7f8-f5e8b2c03c96 req-cfde542f-e557-4747-b7f8-f5e8b2c03c96 ] Request (ServersAdmin275Test:setUpClass): 201 POST http://10.180.1.21/identity/v3/auth/tokens 0.036s
2025-12-12 05:29:26.281 66554 INFO tempest.lib.common.rest_client [req-68e8d8cb-2cbf-450f-9dfb-c12358cd6126 req-68e8d8cb-2cbf-450f-9dfb-c12358cd6126 ] Request (ServersAdmin275Test:setUpClass): 200 GET http://10.180.1.21/identity/v3/domains?name=Default 0.036s
2025-12-12 05:29:26.314 66554 INFO tempest.lib.common.rest_client [req-35471a18-3b4f-4398-9018-da0b8f2351ba req-35471a18-3b4f-4398-9018-da0b8f2351ba ] Request (ServersAdmin275Test:setUpClass): 201 POST http://10.180.1.21/identity/v3/projects 0.032s
2025-12-12 05:29:26.370 66542 INFO tempest.lib.common.rest_client [req-7b52c282-b300-4877-ad59-c7bc212a5cfd req-7b52c282-b300-4877-ad59-c7bc212a5cfd ] Request (FloatingIPsTestJSON:tearDownClass): 204 DELETE http://10.180.1.21/networking/v2.0/networks/6ac9df6c-25c0-4c5c-b960-68076e880878 1.314s
2025-12-12 05:29:26.396 66554 INFO tempest.lib.common.rest_client [req-c04a26ba-c278-4918-9cb7-e0efc6085ed9 req-c04a26ba-c278-4918-9cb7-e0efc6085ed9 ] Request (ServersAdmin275Test:setUpClass): 201 POST http://10.180.1.21/identity/v3/users 0.081s
2025-12-12 05:29:26.420 66554 INFO tempest.lib.common.rest_client [req-5772c6cc-e076-40d9-9e68-68625a77031a req-5772c6cc-e076-40d9-9e68-68625a77031a ] Request (ServersAdmin275Test:setUpClass): 200 GET http://10.180.1.21/identity/v3/roles 0.024s
2025-12-12 05:29:26.438 66542 INFO tempest.lib.common.rest_client [req-e3013546-cfa8-472a-ae9f-ce2e4cb79bc2 req-e3013546-cfa8-472a-ae9f-ce2e4cb79bc2 ] Request (FloatingIPsTestJSON:tearDownClass): 204 DELETE http://10.180.1.21/identity/v3/users/38036efff1104b2ebbdc2b904d52cc7d 0.067s
2025-12-12 05:29:26.438 66542 INFO tempest.lib.common.dynamic_creds [-] Deleting project and security group for project: 73e477bf1b354bfe81f82aeb6992c772
2025-12-12 05:29:26.483 66554 INFO tempest.lib.common.rest_client [req-f490979f-dca9-40f0-9053-03d928895f10 req-f490979f-dca9-40f0-9053-03d928895f10 ] Request (ServersAdmin275Test:setUpClass): 204 PUT http://10.180.1.21/identity/v3/projects/bd3fd4d82a1e4e15a550ed17ca4ecb0d/users/e7bb87df81454a598bdc6041952b77b8/roles/4c93136beec94d32943a39313ba70f39 0.063s
2025-12-12 05:29:26.484 66554 INFO tempest.lib.common.dynamic_creds [-] Dynamic test user e7bb87df81454a598bdc6041952b77b8 is created with scope project and roles: ['member']
2025-12-12 05:29:26.484 66554 INFO tempest.lib.common.dynamic_creds [-] Acquired dynamic creds: credentials: Credentials: {'domain_id': 'default', 'domain_name': 'Default', 'username': 'tempest-ServersAdmin275Test-103718256-project-member', 'project_domain_id': 'default', 'project_domain_name': 'Default', 'project_id': 'bd3fd4d82a1e4e15a550ed17ca4ecb0d', 'project_name': 'tempest-ServersAdmin275Test-103718256', 'tenant_id': 'bd3fd4d82a1e4e15a550ed17ca4ecb0d', 'tenant_name': 'tempest-ServersAdmin275Test-103718256', 'user_domain_id': 'default', 'user_domain_name': 'Default', 'user_id': 'e7bb87df81454a598bdc6041952b77b8', 'system': None}, Network: None, Subnet: None, Router: None
2025-12-12 05:29:26.484 66554 INFO tempest.lib.common.dynamic_creds [-] Created isolated network resources for: credentials: Credentials: {'domain_id': 'default', 'domain_name': 'Default', 'username': 'tempest-ServersAdmin275Test-103718256-project-member', 'project_domain_id': 'default', 'project_domain_name': 'Default', 'project_id': 'bd3fd4d82a1e4e15a550ed17ca4ecb0d', 'project_name': 'tempest-ServersAdmin275Test-103718256', 'tenant_id': 'bd3fd4d82a1e4e15a550ed17ca4ecb0d', 'tenant_name': 'tempest-ServersAdmin275Test-103718256', 'user_domain_id': 'default', 'user_domain_name': 'Default', 'user_id': 'e7bb87df81454a598bdc6041952b77b8', 'system': None}, Network: None, Subnet: None, Router: None
2025-12-12 05:29:26.575 66554 INFO tempest.lib.common.rest_client [req-4c3b2c9e-4afa-4670-b017-6c4193fbf2a6 req-4c3b2c9e-4afa-4670-b017-6c4193fbf2a6 ] Request (ServersAdmin275Test:setUpClass): 201 POST http://10.180.1.21/identity/v3/auth/tokens 0.088s
2025-12-12 05:29:26.642 66554 INFO tempest.lib.common.rest_client [req-dce8892c-fd96-460d-a4b6-7a5cfff09962 req-dce8892c-fd96-460d-a4b6-7a5cfff09962 ] Request (ServersAdmin275Test:setUpClass): 201 POST http://10.180.1.21/identity/v3/projects 0.067s
2025-12-12 05:29:26.703 66554 INFO tempest.lib.common.rest_client [req-ac5b7971-2799-4699-a533-cb0768363896 req-ac5b7971-2799-4699-a533-cb0768363896 ] Request (ServersAdmin275Test:setUpClass): 201 POST http://10.180.1.21/identity/v3/users 0.059s
2025-12-12 05:29:26.728 66554 INFO tempest.lib.common.rest_client [req-0ae85f31-f14b-425c-8c65-92c938b96801 req-0ae85f31-f14b-425c-8c65-92c938b96801 ] Request (ServersAdmin275Test:setUpClass): 200 GET http://10.180.1.21/identity/v3/roles 0.025s
2025-12-12 05:29:26.761 66528 INFO tempest.lib.common.rest_client [req-cc5d9ab3-c09e-4190-b3be-ffd778677d09 req-cc5d9ab3-c09e-4190-b3be-ffd778677d09 ] Request (ServerActionsV293TestJSON:setUpClass): 200 GET http://10.180.1.21/volume/v3/volumes/a90cb772-885d-4726-b964-213340c6c076 0.034s
2025-12-12 05:29:26.761 66554 INFO tempest.lib.common.rest_client [req-76546be1-f0e8-49c7-9782-68edf610508a req-76546be1-f0e8-49c7-9782-68edf610508a ] Request (ServersAdmin275Test:setUpClass): 204 PUT http://10.180.1.21/identity/v3/projects/5f0b31666bee49c5a72e2cede319351d/users/8ca234699e5a405180326094341d2b14/roles/79e9914badbe49b09f811eeb56829841 0.032s
2025-12-12 05:29:26.807 66544 INFO tempest.lib.common.rest_client [req-bf0f063e-843c-4b4c-9f50-9678e1ad6c0d req-bf0f063e-843c-4b4c-9f50-9678e1ad6c0d ] Request (ValidationResourcesFixture:setUp): 201 POST http://10.180.1.21/networking/v2.0/floatingips 1.657s
2025-12-12 05:29:26.835 66554 INFO tempest.lib.common.rest_client [req-6d2be64b-0c6d-4e28-8e05-b6affcd01282 req-6d2be64b-0c6d-4e28-8e05-b6affcd01282 ] Request (ServersAdmin275Test:setUpClass): 200 GET http://10.180.1.21/identity/v3/roles 0.073s
2025-12-12 05:29:26.859 66554 INFO tempest.lib.common.rest_client [req-50f35c7a-b300-44ba-b51a-a8bc7c76053f req-50f35c7a-b300-44ba-b51a-a8bc7c76053f ] Request (ServersAdmin275Test:setUpClass): 204 PUT http://10.180.1.21/identity/v3/projects/5f0b31666bee49c5a72e2cede319351d/users/8ca234699e5a405180326094341d2b14/roles/79e9914badbe49b09f811eeb56829841 0.023s
2025-12-12 05:29:26.859 66554 INFO tempest.lib.common.dynamic_creds [-] Dynamic test user 8ca234699e5a405180326094341d2b14 is created with scope project and roles: ['admin']
2025-12-12 05:29:26.859 66554 INFO tempest.lib.common.dynamic_creds [-] Acquired dynamic creds: credentials: Credentials: {'domain_id': 'default', 'domain_name': 'Default', 'username': 'tempest-ServersAdmin275Test-1663198360-project-admin', 'project_domain_id': 'default', 'project_domain_name': 'Default', 'project_id': '5f0b31666bee49c5a72e2cede319351d', 'project_name': 'tempest-ServersAdmin275Test-1663198360', 'tenant_id': '5f0b31666bee49c5a72e2cede319351d', 'tenant_name': 'tempest-ServersAdmin275Test-1663198360', 'user_domain_id': 'default', 'user_domain_name': 'Default', 'user_id': '8ca234699e5a405180326094341d2b14', 'system': None}, Network: None, Subnet: None, Router: None
2025-12-12 05:29:26.859 66554 INFO tempest.lib.common.dynamic_creds [-] Created isolated network resources for: credentials: Credentials: {'domain_id': 'default', 'domain_name': 'Default', 'username': 'tempest-ServersAdmin275Test-1663198360-project-admin', 'project_domain_id': 'default', 'project_domain_name': 'Default', 'project_id': '5f0b31666bee49c5a72e2cede319351d', 'project_name': 'tempest-ServersAdmin275Test-1663198360', 'tenant_id': '5f0b31666bee49c5a72e2cede319351d', 'tenant_name': 'tempest-ServersAdmin275Test-1663198360', 'user_domain_id': 'default', 'user_domain_name': 'Default', 'user_id': '8ca234699e5a405180326094341d2b14', 'system': None}, Network: None, Subnet: None, Router: None
2025-12-12 05:29:26.866 66538 INFO tempest.lib.common.rest_client [req-7909fb1b-db82-4b9f-aa75-bcca89bab4fe req-7909fb1b-db82-4b9f-aa75-bcca89bab4fe ] Request (ServerDiagnosticsNegativeTest:test_get_server_diagnostics_by_non_admin): 200 GET http://10.180.1.21/compute/v2.1/servers/55c2e7ab-cb58-4235-9728-6b8313461301 5.981s
2025-12-12 05:29:26.882 66538 INFO tempest.common.waiters [-] State transition "BUILD/None" ==> "BUILD/spawning" after 11 second wait
2025-12-12 05:29:26.893 66544 INFO tempest.lib.common.rest_client [req-92ead6f4-bcc2-4fe8-a8bb-0c69b1445257 req-92ead6f4-bcc2-4fe8-a8bb-0c69b1445257 ] Request (ServersWithSpecificFlavorTestJSON:test_verify_created_server_ephemeral_disk): 201 POST http://10.180.1.21/identity/v3/auth/tokens 0.079s
2025-12-12 05:29:26.894 66544 INFO tempest.lib.common.fixed_network [-] (ServersWithSpecificFlavorTestJSON:test_verify_created_server_ephemeral_disk) Found network {'id': '1d79e5db-7d85-414a-a582-8bde66f8e43f', 'name': 'tempest-ServersWithSpecificFlavorTestJSON-1568894303-network', 'tenant_id': 'e96e00c5288e405c875e3db1d6e0e151', 'project_id': 'e96e00c5288e405c875e3db1d6e0e151', 'admin_state_up': True, 'mtu': 8950, 'status': 'ACTIVE', 'subnets': [], 'shared': False, 'port_security_enabled': True, 'router:external': False, 'provider:network_type': 'vlan', 'provider:physical_network': 'default', 'provider:segmentation_id': 829, 'availability_zone_hints': [], 'availability_zones': [], 'ipv4_address_scope': None, 'ipv6_address_scope': None, 'description': '', 'tags': [], 'created_at': '2025-12-12T05:28:50Z', 'updated_at': '2025-12-12T05:28:50Z', 'revision_number': 1} available for tenant
2025-12-12 05:29:26.900 66530 INFO tempest.lib.common.rest_client [req-9957ec6b-8c21-48f2-8a82-f3c955672752 req-9957ec6b-8c21-48f2-8a82-f3c955672752 ] Request (AggregatesAdminNegativeTestJSON:test_aggregate_add_non_exist_host): 200 POST http://10.180.1.21/compute/v2.1/os-aggregates 5.469s
2025-12-12 05:29:26.918 66546 INFO tempest.lib.common.rest_client [req-9ce7a7cd-3d9b-42d6-8497-0f69ecf4cbcb req-9ce7a7cd-3d9b-42d6-8497-0f69ecf4cbcb ] Request (HostsAdminNegativeTestJSON:test_startup_nonexistent_host): 404 GET http://10.180.1.21/compute/v2.1/os-hosts/nonexistent_hostname/startup 5.477s
2025-12-12 05:29:26.954 66542 INFO tempest.lib.common.rest_client [req-d4bd3780-9255-4186-ae36-a1180f339831 req-d4bd3780-9255-4186-ae36-a1180f339831 ] Request (FloatingIPsTestJSON:tearDownClass): 200 GET http://10.180.1.21/networking/v2.0/security-groups?tenant_id=73e477bf1b354bfe81f82aeb6992c772&name=default 0.515s
2025-12-12 05:29:26.967 66574 INFO tempest.lib.common.rest_client [req-b686c161-66a1-41c6-8c8c-2d95ec37e987 req-b686c161-66a1-41c6-8c8c-2d95ec37e987 ] Request (KeyPairsV22TestJSON:test_keypairs_create_list_delete): 201 POST http://10.180.1.21/compute/v2.1/os-keypairs 5.482s
2025-12-12 05:29:26.968 66554 INFO tempest.lib.common.rest_client [req-feae4b8e-8eda-43fe-8c64-b3467b852a01 req-feae4b8e-8eda-43fe-8c64-b3467b852a01 ] Request (ServersAdmin275Test:setUpClass): 201 POST http://10.180.1.21/identity/v3/auth/tokens 0.106s
2025-12-12 05:29:26.987 66512 INFO tempest.lib.common.rest_client [req-f796d1a9-fcd5-4d13-9fbe-5472b4d04163 req-f796d1a9-fcd5-4d13-9fbe-5472b4d04163 ] Request (ServersAdminNegativeTestJSON:setUpClass): 200 GET http://10.180.1.21/compute/v2.1/servers/365da0f9-d2ee-488c-9439-ee82f87c651a 5.589s
2025-12-12 05:29:27.032 66554 INFO tempest.lib.common.rest_client [req-49fdd892-1dd9-494f-ae9f-85008f2859e0 req-49fdd892-1dd9-494f-ae9f-85008f2859e0 ] Request (ServersAdmin275Test:test_rebuild_update_server_275): 201 POST http://10.180.1.21/identity/v3/auth/tokens 0.059s
2025-12-12 05:29:27.033 66554 INFO tempest.lib.common.fixed_network [-] (ServersAdmin275Test:test_rebuild_update_server_275) Found network None available for tenant
2025-12-12 05:29:27.101 66542 INFO tempest.lib.common.rest_client [req-c8036a7c-16f0-41fd-afb4-084fbe321681 req-c8036a7c-16f0-41fd-afb4-084fbe321681 ] Request (FloatingIPsTestJSON:tearDownClass): 204 DELETE http://10.180.1.21/networking/v2.0/security-groups/550bbc27-8316-42fa-a852-22979c48b9a5 0.147s
2025-12-12 05:29:27.144 66564 INFO tempest.lib.common.rest_client [req-6ae6562f-1706-4c76-8b99-8f94496a9869 req-6ae6562f-1706-4c76-8b99-8f94496a9869 ] Request (AZV2TestJSON:test_get_availability_zone_list_with_non_admin_user): 200 GET http://10.180.1.21/compute/v2.1/os-availability-zone 5.273s
2025-12-12 05:29:27.227 66542 INFO tempest.lib.common.rest_client [req-0388e2f3-3161-407c-b7d7-1e98b99fba29 req-0388e2f3-3161-407c-b7d7-1e98b99fba29 ] Request (FloatingIPsTestJSON:tearDownClass): 204 DELETE http://10.180.1.21/identity/v3/projects/73e477bf1b354bfe81f82aeb6992c772 0.124s
2025-12-12 05:29:27.247 66566 INFO tempest.lib.common.rest_client [req-adab6197-bc73-49c8-8849-a8cbcbd806f4 req-adab6197-bc73-49c8-8849-a8cbcbd806f4 ] Request (ServersAdminTestJSON:setUpClass): 200 GET http://10.180.1.21/compute/v2.1/servers/54b1ece1-3762-46cb-a32f-7e3cdd529cb4 5.510s
2025-12-12 05:29:27.258 66566 INFO tempest.common.waiters [-] State transition "BUILD/None" ==> "BUILD/spawning" after 12 second wait
2025-12-12 05:29:27.334 66542 INFO tempest.lib.common.rest_client [req-f39b6ae7-8a65-4636-af4c-a162a4263ad7 req-f39b6ae7-8a65-4636-af4c-a162a4263ad7 ] Request (ServersTestMultiNic:setUpClass): 201 POST http://10.180.1.21/identity/v3/auth/tokens 0.106s
2025-12-12 05:29:27.362 66564 INFO tempest.lib.common.rest_client [req-dd10117b-fe17-47f5-9a35-a75f3ee89d61 req-dd10117b-fe17-47f5-9a35-a75f3ee89d61 ] Request (AZV2TestJSON:tearDownClass): 204 DELETE http://10.180.1.21/identity/v3/users/151d2d21987743dfb75db20410113219 0.213s
2025-12-12 05:29:27.362 66564 INFO tempest.lib.common.dynamic_creds [-] Deleting project and security group for project: a8268961c33e4c77bd25aae4f9d74dc0
2025-12-12 05:29:27.411 66542 INFO tempest.lib.common.rest_client [req-09baa800-f12e-4ff9-a9d2-0968743dc772 req-09baa800-f12e-4ff9-a9d2-0968743dc772 ] Request (ServersTestMultiNic:setUpClass): 201 POST http://10.180.1.21/identity/v3/auth/tokens 0.074s
2025-12-12 05:29:27.441 66542 INFO tempest.lib.common.rest_client [req-3b9caa56-0dbe-47ff-a74b-c55e7cd07264 req-3b9caa56-0dbe-47ff-a74b-c55e7cd07264 ] Request (ServersTestMultiNic:setUpClass): 200 GET http://10.180.1.21/identity/v3/domains?name=Default 0.029s
2025-12-12 05:29:27.441 66564 INFO tempest.lib.common.rest_client [req-7e850409-8666-486b-9b7f-6829c2403b76 req-7e850409-8666-486b-9b7f-6829c2403b76 ] Request (AZV2TestJSON:tearDownClass): 201 POST http://10.180.1.21/identity/v3/auth/tokens 0.079s
2025-12-12 05:29:27.480 66542 INFO tempest.lib.common.rest_client [req-eb19010e-3e5b-4fb5-b77c-02931780cdd0 req-eb19010e-3e5b-4fb5-b77c-02931780cdd0 ] Request (ServersTestMultiNic:setUpClass): 201 POST http://10.180.1.21/identity/v3/projects 0.039s
2025-12-12 05:29:27.547 66542 INFO tempest.lib.common.rest_client [req-97593afa-f6d9-4648-b1bc-cdcec945c823 req-97593afa-f6d9-4648-b1bc-cdcec945c823 ] Request (ServersTestMultiNic:setUpClass): 201 POST http://10.180.1.21/identity/v3/users 0.066s
2025-12-12 05:29:27.572 66542 INFO tempest.lib.common.rest_client [req-fc647c0a-2728-4556-b7f8-9914e1bfd4bf req-fc647c0a-2728-4556-b7f8-9914e1bfd4bf ] Request (ServersTestMultiNic:setUpClass): 200 GET http://10.180.1.21/identity/v3/roles 0.023s
2025-12-12 05:29:27.607 66542 INFO tempest.lib.common.rest_client [req-4d508b68-a59b-47f0-ab86-41f3fd1d4bd8 req-4d508b68-a59b-47f0-ab86-41f3fd1d4bd8 ] Request (ServersTestMultiNic:setUpClass): 204 PUT http://10.180.1.21/identity/v3/projects/4345928757724cfc8c7587ee7a5179fc/users/8a371133ec6942eba384b19c67d33f03/roles/4c93136beec94d32943a39313ba70f39 0.034s
2025-12-12 05:29:27.608 66542 INFO tempest.lib.common.dynamic_creds [-] Dynamic test user 8a371133ec6942eba384b19c67d33f03 is created with scope project and roles: ['member']
2025-12-12 05:29:27.608 66542 INFO tempest.lib.common.dynamic_creds [-] Acquired dynamic creds: credentials: Credentials: {'domain_id': 'default', 'domain_name': 'Default', 'username': 'tempest-ServersTestMultiNic-549617316-project-member', 'project_domain_id': 'default', 'project_domain_name': 'Default', 'project_id': '4345928757724cfc8c7587ee7a5179fc', 'project_name': 'tempest-ServersTestMultiNic-549617316', 'tenant_id': '4345928757724cfc8c7587ee7a5179fc', 'tenant_name': 'tempest-ServersTestMultiNic-549617316', 'user_domain_id': 'default', 'user_domain_name': 'Default', 'user_id': '8a371133ec6942eba384b19c67d33f03', 'system': None}, Network: None, Subnet: None, Router: None
2025-12-12 05:29:27.668 66542 INFO tempest.lib.common.rest_client [req-1f3d5ca5-5753-435f-9e8e-a0e498a6e744 req-1f3d5ca5-5753-435f-9e8e-a0e498a6e744 ] Request (ServersTestMultiNic:setUpClass): 201 POST http://10.180.1.21/identity/v3/auth/tokens 0.060s
2025-12-12 05:29:27.802 66528 INFO tempest.lib.common.rest_client [req-fb0fe1ad-f168-4753-adb5-c4eb62d14424 req-fb0fe1ad-f168-4753-adb5-c4eb62d14424 ] Request (ServerActionsV293TestJSON:setUpClass): 200 GET http://10.180.1.21/volume/v3/volumes/a90cb772-885d-4726-b964-213340c6c076 0.032s
2025-12-12 05:29:27.984 66564 INFO tempest.lib.common.rest_client [req-dd005907-ba1b-4e38-9829-323e28d9f1b0 req-dd005907-ba1b-4e38-9829-323e28d9f1b0 ] Request (AZV2TestJSON:tearDownClass): 200 GET http://10.180.1.21/networking/v2.0/security-groups?tenant_id=a8268961c33e4c77bd25aae4f9d74dc0&name=default 0.542s
2025-12-12 05:29:28.287 66542 INFO tempest.lib.common.rest_client [req-dc08b5df-7b8e-46ec-a9fe-d136db59cc22 req-dc08b5df-7b8e-46ec-a9fe-d136db59cc22 ] Request (ServersTestMultiNic:setUpClass): 201 POST http://10.180.1.21/networking/v2.0/networks 0.619s
2025-12-12 05:29:28.837 66564 INFO tempest.lib.common.rest_client [req-f6143d8c-e9a4-46aa-a52d-67f4ee84e2af req-f6143d8c-e9a4-46aa-a52d-67f4ee84e2af ] Request (AZV2TestJSON:tearDownClass): 204 DELETE http://10.180.1.21/networking/v2.0/security-groups/d5f5731f-be0e-4ff5-86eb-b4f1f8b308c0 0.852s
2025-12-12 05:29:28.842 66528 INFO tempest.lib.common.rest_client [req-ee241f4e-af4f-42d1-b618-7bf5b6f1705b req-ee241f4e-af4f-42d1-b618-7bf5b6f1705b ] Request (ServerActionsV293TestJSON:setUpClass): 200 GET http://10.180.1.21/volume/v3/volumes/a90cb772-885d-4726-b964-213340c6c076 0.031s
2025-12-12 05:29:28.923 66564 INFO tempest.lib.common.rest_client [req-7db6e6e1-1043-4deb-b0d9-fb86202549a8 req-7db6e6e1-1043-4deb-b0d9-fb86202549a8 ] Request (AZV2TestJSON:tearDownClass): 204 DELETE http://10.180.1.21/identity/v3/projects/a8268961c33e4c77bd25aae4f9d74dc0 0.086s
2025-12-12 05:29:29.016 66564 INFO tempest.lib.common.rest_client [req-8b32f0ca-c980-4c21-a7fd-bdcd0250e657 req-8b32f0ca-c980-4c21-a7fd-bdcd0250e657 ] Request (ServerActionsTestOtherA:setUpClass): 201 POST http://10.180.1.21/identity/v3/auth/tokens 0.090s
2025-12-12 05:29:29.048 66564 INFO tempest.lib.common.rest_client [req-cca91fd5-abd7-4602-b3e1-31f6d3055b18 req-cca91fd5-abd7-4602-b3e1-31f6d3055b18 ] Request (ServerActionsTestOtherA:setUpClass): 201 POST http://10.180.1.21/identity/v3/auth/tokens 0.030s
2025-12-12 05:29:29.048 66542 INFO tempest.lib.common.rest_client [req-72cc1322-3b0f-4d73-9bb9-abe325f21c19 req-72cc1322-3b0f-4d73-9bb9-abe325f21c19 ] Request (ServersTestMultiNic:setUpClass): 201 POST http://10.180.1.21/networking/v2.0/subnets 0.760s
2025-12-12 05:29:29.071 66556 INFO tempest.lib.common.rest_client [req-d666294b-be0f-432c-9c72-4857a66ec615 req-d666294b-be0f-432c-9c72-4857a66ec615 ] Request (FloatingIPsAssociationNegativeTestJSON:test_associate_ip_to_server_with_floating_ip): 200 POST http://10.180.1.21/compute/v2.1/os-floating-ips 6.071s
2025-12-12 05:29:29.073 66564 INFO tempest.lib.common.rest_client [req-cc48edfd-1a9b-4d61-a34e-57ed815cecf0 req-cc48edfd-1a9b-4d61-a34e-57ed815cecf0 ] Request (ServerActionsTestOtherA:setUpClass): 200 GET http://10.180.1.21/identity/v3/domains?name=Default 0.024s
2025-12-12 05:29:29.098 66534 INFO tempest.lib.common.rest_client [req-5e8b4b26-befc-4168-ba84-301c8a1b668b req-5e8b4b26-befc-4168-ba84-301c8a1b668b ] Request (FlavorsAdminTestJSON:_run_cleanups): 200 GET http://10.180.1.21/compute/v2.1/flavors/detail 6.088s
2025-12-12 05:29:29.103 66564 INFO tempest.lib.common.rest_client [req-0f34798d-ca01-4ea9-bc7c-9ae442725724 req-0f34798d-ca01-4ea9-bc7c-9ae442725724 ] Request (ServerActionsTestOtherA:setUpClass): 201 POST http://10.180.1.21/identity/v3/projects 0.030s
2025-12-12 05:29:29.186 66564 INFO tempest.lib.common.rest_client [req-d9355617-5f3d-4b98-a267-21a2cc541194 req-d9355617-5f3d-4b98-a267-21a2cc541194 ] Request (ServerActionsTestOtherA:setUpClass): 201 POST http://10.180.1.21/identity/v3/users 0.082s
2025-12-12 05:29:29.206 66550 INFO tempest.lib.common.rest_client [req-19707231-d018-49d9-abcc-177b4480fd39 req-19707231-d018-49d9-abcc-177b4480fd39 ] Request (DeleteServersTestJSON:test_delete_active_server): 202 POST http://10.180.1.21/compute/v2.1/servers 6.704s
2025-12-12 05:29:29.207 66564 INFO tempest.lib.common.rest_client [req-46a1a83c-0509-447a-99ff-d4a0dadd21b9 req-46a1a83c-0509-447a-99ff-d4a0dadd21b9 ] Request (ServerActionsTestOtherA:setUpClass): 200 GET http://10.180.1.21/identity/v3/roles 0.020s
2025-12-12 05:29:29.225 66540 INFO tempest.lib.common.rest_client [req-f85b3b39-7c2d-416f-ad09-ceaff5ccb260 req-f85b3b39-7c2d-416f-ad09-ceaff5ccb260 ] Request (FlavorsAccessTestJSON:_run_cleanups): 202 DELETE http://10.180.1.21/compute/v2.1/flavors/1796487848 6.180s
2025-12-12 05:29:29.248 66564 INFO tempest.lib.common.rest_client [req-cab2289d-a039-4de5-a425-e4e63bb2213b req-cab2289d-a039-4de5-a425-e4e63bb2213b ] Request (ServerActionsTestOtherA:setUpClass): 204 PUT http://10.180.1.21/identity/v3/projects/6e2e57251e574d6a911e695aa10800e1/users/8d3c3dfb6ebf46e9b3d47b2fa5cf2401/roles/4c93136beec94d32943a39313ba70f39 0.041s
2025-12-12 05:29:29.249 66564 INFO tempest.lib.common.dynamic_creds [-] Dynamic test user 8d3c3dfb6ebf46e9b3d47b2fa5cf2401 is created with scope project and roles: ['member']
2025-12-12 05:29:29.249 66564 INFO tempest.lib.common.dynamic_creds [-] Acquired dynamic creds: credentials: Credentials: {'domain_id': 'default', 'domain_name': 'Default', 'username': 'tempest-ServerActionsTestOtherA-900333524-project-member', 'project_domain_id': 'default', 'project_domain_name': 'Default', 'project_id': '6e2e57251e574d6a911e695aa10800e1', 'project_name': 'tempest-ServerActionsTestOtherA-900333524', 'tenant_id': '6e2e57251e574d6a911e695aa10800e1', 'tenant_name': 'tempest-ServerActionsTestOtherA-900333524', 'user_domain_id': 'default', 'user_domain_name': 'Default', 'user_id': '8d3c3dfb6ebf46e9b3d47b2fa5cf2401', 'system': None}, Network: None, Subnet: None, Router: None
2025-12-12 05:29:29.261 66524 INFO tempest.lib.common.rest_client [req-8de12c54-d053-4def-9770-cb79c6859682 req-8de12c54-d053-4def-9770-cb79c6859682 ] Request (FlavorsAccessNegativeTestJSON:_run_cleanups): 200 GET http://10.180.1.21/compute/v2.1/flavors/detail 6.133s
2025-12-12 05:29:29.263 66532 INFO tempest.lib.common.rest_client [req-d0a743aa-83b3-4b56-a8dd-e24456dbfb72 req-d0a743aa-83b3-4b56-a8dd-e24456dbfb72 ] Request (FlavorsExtraSpecsNegativeTestJSON:test_flavor_update_mismatch_key): 400 PUT http://10.180.1.21/compute/v2.1/flavors/1576800270/os-extra_specs/hw:numa_nodes 6.120s
2025-12-12 05:29:29.283 66560 INFO tempest.lib.common.rest_client [req-bc1ecca6-853b-4b84-8d5c-a62942aac177 req-bc1ecca6-853b-4b84-8d5c-a62942aac177 ] Request (ServicesAdminNegativeV253TestJSON:test_list_services_with_non_admin_user): 403 GET http://10.180.1.21/compute/v2.1/os-services 6.251s
2025-12-12 05:29:29.319 66564 INFO tempest.lib.common.rest_client [req-35749a8e-0f26-4ef6-b2d4-11c16c3bb3fc req-35749a8e-0f26-4ef6-b2d4-11c16c3bb3fc ] Request (ServerActionsTestOtherA:setUpClass): 201 POST http://10.180.1.21/identity/v3/auth/tokens 0.070s
2025-12-12 05:29:29.388 66560 INFO tempest.lib.common.rest_client [req-63f44006-c2f5-4734-8dde-558f1546634e req-63f44006-c2f5-4734-8dde-558f1546634e ] Request (ServicesAdminNegativeV253TestJSON:tearDownClass): 204 DELETE http://10.180.1.21/identity/v3/users/5669ab7bf90c48d08eb102c9f8be2f44 0.102s
2025-12-12 05:29:29.456 66516 INFO tempest.lib.common.rest_client [req-99a34c6e-695b-4457-abf7-688d69fbb1e4 req-99a34c6e-695b-4457-abf7-688d69fbb1e4 ] Request (QuotasAdminNegativeTest:test_create_server_when_memory_quota_is_full): 200 GET http://10.180.1.21/compute/v2.1/os-quota-sets/6ae8cc69953e46c79e52b6da766c84b3 6.184s
2025-12-12 05:29:29.495 66560 INFO tempest.lib.common.rest_client [req-0972b3cd-2b7f-403d-8319-fcd4b77421ce req-0972b3cd-2b7f-403d-8319-fcd4b77421ce ] Request (ServicesAdminNegativeV253TestJSON:tearDownClass): 204 DELETE http://10.180.1.21/identity/v3/users/28e3da22505348c2a6f8eb69406dcd3c 0.107s
2025-12-12 05:29:29.496 66560 INFO tempest.lib.common.dynamic_creds [-] Deleting project and security group for project: f8dbdf521753403596353b730a93b7f3
2025-12-12 05:29:29.554 66560 INFO tempest.lib.common.rest_client [req-bedf6935-df69-40e0-8985-32e1015a13f9 req-bedf6935-df69-40e0-8985-32e1015a13f9 ] Request (ServicesAdminNegativeV253TestJSON:tearDownClass): 201 POST http://10.180.1.21/identity/v3/auth/tokens 0.058s
2025-12-12 05:29:29.892 66528 INFO tempest.lib.common.rest_client [req-6987e07c-c279-40fc-9558-2fc80633f631 req-6987e07c-c279-40fc-9558-2fc80633f631 ] Request (ServerActionsV293TestJSON:setUpClass): 200 GET http://10.180.1.21/volume/v3/volumes/a90cb772-885d-4726-b964-213340c6c076 0.035s
2025-12-12 05:29:29.920 66542 INFO tempest.lib.common.rest_client [req-1b46d7ed-74b2-4f8f-b946-123a9e6c1ae8 req-1b46d7ed-74b2-4f8f-b946-123a9e6c1ae8 ] Request (ServersTestMultiNic:setUpClass): 201 POST http://10.180.1.21/networking/v2.0/routers 0.870s
2025-12-12 05:29:30.291 66564 INFO tempest.lib.common.rest_client [req-6b6b7205-009d-4fc7-ba00-e69dfd68665e req-6b6b7205-009d-4fc7-ba00-e69dfd68665e ] Request (ServerActionsTestOtherA:setUpClass): 201 POST http://10.180.1.21/networking/v2.0/networks 0.971s
2025-12-12 05:29:30.314 66562 INFO tempest.lib.common.rest_client [req-a0d876d8-5a8e-4c10-8ef3-d39cba7f7f69 req-a0d876d8-5a8e-4c10-8ef3-d39cba7f7f69 ] Request (VolumesAssistedSnapshotsTest:test_volume_assisted_snapshot_create_delete): 200 GET http://10.180.1.21/compute/v2.1/servers/eed2b239-fcf4-498d-86a0-079bc5b1d09b 5.686s
2025-12-12 05:29:30.321 66562 INFO tempest.common.waiters [-] State transition "BUILD/scheduling" ==> "BUILD/None" after 13 second wait
2025-12-12 05:29:30.443 66560 INFO tempest.lib.common.rest_client [req-b9cc1505-18f3-4e8f-a0e5-dfdf953c682d req-b9cc1505-18f3-4e8f-a0e5-dfdf953c682d ] Request (ServicesAdminNegativeV253TestJSON:tearDownClass): 200 GET http://10.180.1.21/networking/v2.0/security-groups?tenant_id=f8dbdf521753403596353b730a93b7f3&name=default 0.888s
2025-12-12 05:29:30.753 66520 INFO tempest.lib.common.rest_client [req-32b3a590-e25b-47e8-8f67-087eeaa9b635 req-32b3a590-e25b-47e8-8f67-087eeaa9b635 ] Request (ServerExternalEventsTest:test_create_server_external_events): 200 GET http://10.180.1.21/compute/v2.1/servers/beb05c7e-027d-4425-a7e3-809869ea5426 6.741s
2025-12-12 05:29:30.767 66520 INFO tempest.common.waiters [-] State transition "BUILD/None" ==> "BUILD/spawning" after 14 second wait
2025-12-12 05:29:30.899 66564 INFO tempest.lib.common.rest_client [req-712d32c3-372a-47d4-9b81-1d5fd0e1d83e req-712d32c3-372a-47d4-9b81-1d5fd0e1d83e ] Request (ServerActionsTestOtherA:setUpClass): 201 POST http://10.180.1.21/networking/v2.0/subnets 0.607s
2025-12-12 05:29:30.936 66528 INFO tempest.lib.common.rest_client [req-f51f8a26-2083-445f-a749-3220bc5d6614 req-f51f8a26-2083-445f-a749-3220bc5d6614 ] Request (ServerActionsV293TestJSON:setUpClass): 200 GET http://10.180.1.21/volume/v3/volumes/a90cb772-885d-4726-b964-213340c6c076 0.036s
2025-12-12 05:29:30.963 66552 INFO tempest.lib.common.rest_client [req-22a863e5-334e-4951-904f-f346b01d3024 req-22a863e5-334e-4951-904f-f346b01d3024 ] Request (QuotasAdminTestV257:test_get_updated_quotas): 200 PUT http://10.180.1.21/compute/v2.1/os-quota-sets/cb86f926aeee46d4b24369c8683f57c3?user_id=915fbb29be6d492e897da9109ef4c5b5 5.973s
2025-12-12 05:29:31.056 66560 INFO tempest.lib.common.rest_client [req-3074b095-dc7d-430d-9d81-89924686373e req-3074b095-dc7d-430d-9d81-89924686373e ] Request (ServicesAdminNegativeV253TestJSON:tearDownClass): 204 DELETE http://10.180.1.21/networking/v2.0/security-groups/31bf4faa-8ec8-4c84-8c96-f908753b95a2 0.613s
2025-12-12 05:29:31.176 66560 INFO tempest.lib.common.rest_client [req-880dd99f-c80b-41f9-8ab8-5a6ca6b817e3 req-880dd99f-c80b-41f9-8ab8-5a6ca6b817e3 ] Request (ServicesAdminNegativeV253TestJSON:tearDownClass): 204 DELETE http://10.180.1.21/identity/v3/projects/f8dbdf521753403596353b730a93b7f3 0.119s
2025-12-12 05:29:31.176 66560 INFO tempest.lib.common.dynamic_creds [-] Deleting project and security group for project: 1c1cb928b769452ea0035c4d0c7fe27c
2025-12-12 05:29:31.371 66542 INFO tempest.lib.common.rest_client [req-d1181e8d-2d1f-426e-b9f4-392b3160a23e req-d1181e8d-2d1f-426e-b9f4-392b3160a23e ] Request (ServersTestMultiNic:setUpClass): 200 PUT http://10.180.1.21/networking/v2.0/routers/da963833-e499-4504-bd8f-8d16af1a4f98/add_router_interface 1.450s
2025-12-12 05:29:31.371 66542 INFO tempest.lib.common.dynamic_creds [-] Created isolated network resources for: credentials: Credentials: {'domain_id': 'default', 'domain_name': 'Default', 'username': 'tempest-ServersTestMultiNic-549617316-project-member', 'project_domain_id': 'default', 'project_domain_name': 'Default', 'project_id': '4345928757724cfc8c7587ee7a5179fc', 'project_name': 'tempest-ServersTestMultiNic-549617316', 'tenant_id': '4345928757724cfc8c7587ee7a5179fc', 'tenant_name': 'tempest-ServersTestMultiNic-549617316', 'user_domain_id': 'default', 'user_domain_name': 'Default', 'user_id': '8a371133ec6942eba384b19c67d33f03', 'system': None}, Network: {'id': '4f756c4c-1554-4c69-b841-c29f67535ce7', 'name': 'tempest-ServersTestMultiNic-2024374939-network', 'tenant_id': '4345928757724cfc8c7587ee7a5179fc', 'project_id': '4345928757724cfc8c7587ee7a5179fc', 'admin_state_up': True, 'mtu': 8950, 'status': 'ACTIVE', 'subnets': [], 'shared': False, 'port_security_enabled': True, 'router:external': False, 'provider:network_type': 'vlan', 'provider:physical_network': 'default', 'provider:segmentation_id': 213, 'availability_zone_hints': [], 'availability_zones': [], 'ipv4_address_scope': None, 'ipv6_address_scope': None, 'description': '', 'tags': [], 'created_at': '2025-12-12T05:29:28Z', 'updated_at': '2025-12-12T05:29:28Z', 'revision_number': 1}, Subnet: {'id': 'c92d4475-03cc-4d58-8fd2-bbd55a86b080', 'name': 'tempest-ServersTestMultiNic-2024374939-subnet', 'tenant_id': '4345928757724cfc8c7587ee7a5179fc', 'network_id': '4f756c4c-1554-4c69-b841-c29f67535ce7', 'ip_version': 4, 'subnetpool_id': None, 'enable_dhcp': True, 'ipv6_ra_mode': None, 'ipv6_address_mode': None, 'gateway_ip': '192.168.128.1', 'cidr': '192.168.128.0/28', 'allocation_pools': [{'start': '192.168.128.2', 'end': '192.168.128.14'}], 'host_routes': [], 'dns_nameservers': [], 'description': '', 'router:external': False, 'service_types': [], 'tags': [], 'created_at': '2025-12-12T05:29:28Z', 'updated_at': '2025-12-12T05:29:28Z', 'revision_number': 0, 'project_id': '4345928757724cfc8c7587ee7a5179fc'}, Router: {'id': 'da963833-e499-4504-bd8f-8d16af1a4f98', 'name': 'tempest-ServersTestMultiNic-2024374939-router', 'tenant_id': '4345928757724cfc8c7587ee7a5179fc', 'admin_state_up': True, 'status': 'ACTIVE', 'external_gateway_info': {'network_id': '44e020d6-a232-4906-befd-a11d3c74f470', 'external_fixed_ips': [{'subnet_id': 'd9e3fc27-e31b-4e5d-9bf1-1fe5d2c501f8', 'ip_address': '10.180.180.252'}], 'enable_snat': True}, 'description': '', 'availability_zones': [], 'distributed': False, 'ha': False, 'availability_zone_hints': [], 'routes': [], 'flavor_id': None, 'tags': [], 'created_at': '2025-12-12T05:29:29Z', 'updated_at': '2025-12-12T05:29:29Z', 'revision_number': 2, 'project_id': '4345928757724cfc8c7587ee7a5179fc'}
2025-12-12 05:29:31.468 66542 INFO tempest.lib.common.rest_client [req-5f5739ba-5984-4cf9-9293-fabe4b9c4ef9 req-5f5739ba-5984-4cf9-9293-fabe4b9c4ef9 ] Request (ServersTestMultiNic:setUpClass): 201 POST http://10.180.1.21/identity/v3/auth/tokens 0.091s
2025-12-12 05:29:31.949 66560 INFO tempest.lib.common.rest_client [req-33437907-62df-4482-8939-02a16c6564a8 req-33437907-62df-4482-8939-02a16c6564a8 ] Request (ServicesAdminNegativeV253TestJSON:tearDownClass): 200 GET http://10.180.1.21/networking/v2.0/security-groups?tenant_id=1c1cb928b769452ea0035c4d0c7fe27c&name=default 0.772s
2025-12-12 05:29:31.980 66528 INFO tempest.lib.common.rest_client [req-1196c444-b52d-4e64-8312-b1002170968b req-1196c444-b52d-4e64-8312-b1002170968b ] Request (ServerActionsV293TestJSON:setUpClass): 200 GET http://10.180.1.21/volume/v3/volumes/a90cb772-885d-4726-b964-213340c6c076 0.035s
