2025-12-12 05:29:12.620 66522 INFO tempest.lib.common.dynamic_creds [-] Acquired dynamic creds: credentials: Credentials: {'domain_id': 'default', 'domain_name': 'Default', 'username': 'tempest-InstanceUsageAuditLogNegativeTestJSON-897064627-project-admin', 'project_domain_id': 'default', 'project_domain_name': 'Default', 'project_id': 'af29a34b8fb549e9b0814be61732455b', 'project_name': 'tempest-InstanceUsageAuditLogNegativeTestJSON-897064627', 'tenant_id': 'af29a34b8fb549e9b0814be61732455b', 'tenant_name': 'tempest-InstanceUsageAuditLogNegativeTestJSON-897064627', 'user_domain_id': 'default', 'user_domain_name': 'Default', 'user_id': 'bb823a9cff8a49dfb845392c336026c9', 'system': None}, Network: None, Subnet: None, Router: None
2025-12-12 05:29:12.620 66522 INFO tempest.lib.common.dynamic_creds [-] Created isolated network resources for: credentials: Credentials: {'domain_id': 'default', 'domain_name': 'Default', 'username': 'tempest-InstanceUsageAuditLogNegativeTestJSON-897064627-project-admin', 'project_domain_id': 'default', 'project_domain_name': 'Default', 'project_id': 'af29a34b8fb549e9b0814be61732455b', 'project_name': 'tempest-InstanceUsageAuditLogNegativeTestJSON-897064627', 'tenant_id': 'af29a34b8fb549e9b0814be61732455b', 'tenant_name': 'tempest-InstanceUsageAuditLogNegativeTestJSON-897064627', 'user_domain_id': 'default', 'user_domain_name': 'Default', 'user_id': 'bb823a9cff8a49dfb845392c336026c9', 'system': None}, Network: None, Subnet: None, Router: None
2025-12-12 05:29:12.661 66514 INFO tempest.lib.common.rest_client [req-3adc0dc8-a797-47e8-a713-5e83bb170c07 req-3adc0dc8-a797-47e8-a713-5e83bb170c07 ] Request (ServicesAdminTestJSON:tearDownClass): 201 POST http://10.180.1.21/identity/v3/auth/tokens 0.064s
2025-12-12 05:29:12.732 66522 INFO tempest.lib.common.rest_client [req-f71e24c2-0d17-4d81-852a-070f3f3ec802 req-f71e24c2-0d17-4d81-852a-070f3f3ec802 ] Request (InstanceUsageAuditLogNegativeTestJSON:setUpClass): 201 POST http://10.180.1.21/identity/v3/auth/tokens 0.109s
2025-12-12 05:29:12.820 66562 INFO tempest.lib.common.rest_client [req-2906febf-5419-48d1-928b-9c2193e0d178 req-2906febf-5419-48d1-928b-9c2193e0d178 ] Request (VolumesAssistedSnapshotsTest:test_volume_assisted_snapshot_create_delete): 201 POST http://10.180.1.21/networking/v2.0/floatingips 0.683s
2025-12-12 05:29:12.911 66562 INFO tempest.lib.common.rest_client [req-8528b435-a870-4a84-ad0a-69484cf11b94 req-8528b435-a870-4a84-ad0a-69484cf11b94 ] Request (VolumesAssistedSnapshotsTest:test_volume_assisted_snapshot_create_delete): 201 POST http://10.180.1.21/identity/v3/auth/tokens 0.085s
2025-12-12 05:29:12.911 66562 INFO tempest.lib.common.fixed_network [-] (VolumesAssistedSnapshotsTest:test_volume_assisted_snapshot_create_delete) Found network {'id': '9c441e33-099a-4753-b005-acf2123eeeb7', 'name': 'tempest-VolumesAssistedSnapshotsTest-1682469284-network', 'tenant_id': '6346baa026704380a87241170c2547b9', 'project_id': '6346baa026704380a87241170c2547b9', 'admin_state_up': True, 'mtu': 8950, 'status': 'ACTIVE', 'subnets': [], 'shared': False, 'port_security_enabled': True, 'router:external': False, 'provider:network_type': 'vlan', 'provider:physical_network': 'default', 'provider:segmentation_id': 688, 'availability_zone_hints': [], 'availability_zones': [], 'ipv4_address_scope': None, 'ipv6_address_scope': None, 'description': '', 'tags': [], 'created_at': '2025-12-12T05:28:51Z', 'updated_at': '2025-12-12T05:28:51Z', 'revision_number': 1} available for tenant
2025-12-12 05:29:13.081 66514 INFO tempest.lib.common.rest_client [req-d543b795-9f84-439e-9354-23ca6cd8d5ad req-d543b795-9f84-439e-9354-23ca6cd8d5ad ] Request (ServicesAdminTestJSON:tearDownClass): 200 GET http://10.180.1.21/networking/v2.0/security-groups?tenant_id=e511ceef5f1249348129feaf09be6935&name=default 0.420s
2025-12-12 05:29:13.258 66566 INFO tempest.lib.common.rest_client [req-9f2771a0-e511-459e-8c72-9dfd8918bce2 req-9f2771a0-e511-459e-8c72-9dfd8918bce2 ] Request (ServersAdminTestJSON:setUpClass): 202 POST http://10.180.1.21/compute/v2.1/servers 5.957s
2025-12-12 05:29:13.267 66514 INFO tempest.lib.common.rest_client [req-084668a8-fe74-4a60-b09f-a7280b3ae6cc req-084668a8-fe74-4a60-b09f-a7280b3ae6cc ] Request (ServicesAdminTestJSON:tearDownClass): 204 DELETE http://10.180.1.21/networking/v2.0/security-groups/6fde4e40-d4ae-4a14-ae56-c6d305c872c6 0.185s
2025-12-12 05:29:13.342 66530 INFO tempest.lib.common.rest_client [req-a6e1166e-8f8b-470b-a658-26ec14ee8432 req-a6e1166e-8f8b-470b-a658-26ec14ee8432 ] Request (AggregatesAdminNegativeTestJSON:test_aggregate_add_existent_host): 409 POST http://10.180.1.21/compute/v2.1/os-aggregates/1/action 5.336s
2025-12-12 05:29:13.359 66574 INFO tempest.lib.common.rest_client [req-0678ff0b-0fcb-4ca9-b2cc-87768f9e7d1c req-0678ff0b-0fcb-4ca9-b2cc-87768f9e7d1c ] Request (KeyPairsV22TestJSON:_run_cleanups): 204 DELETE http://10.180.1.21/compute/v2.1/os-keypairs/tempest-keypair-357053715 5.338s
2025-12-12 05:29:13.372 66546 INFO tempest.lib.common.rest_client [req-55310bad-e5b5-402f-8c37-6655df498282 req-55310bad-e5b5-402f-8c37-6655df498282 ] Request (HostsAdminNegativeTestJSON:test_reboot_nonexistent_host): 404 GET http://10.180.1.21/compute/v2.1/os-hosts/nonexistent_hostname/reboot 5.341s
2025-12-12 05:29:13.379 66514 INFO tempest.lib.common.rest_client [req-8e845172-f342-4e46-90cc-92ae8daa75af req-8e845172-f342-4e46-90cc-92ae8daa75af ] Request (ServicesAdminTestJSON:tearDownClass): 204 DELETE http://10.180.1.21/identity/v3/projects/e511ceef5f1249348129feaf09be6935 0.111s
2025-12-12 05:29:13.379 66514 INFO tempest.lib.common.dynamic_creds [-] Deleting project and security group for project: 9f55623dd008433ca6680bd3bf1202f6
2025-12-12 05:29:13.529 66554 INFO tempest.lib.common.rest_client [req-a4f9fbbc-1bef-47ce-b291-61449f272e8b req-a4f9fbbc-1bef-47ce-b291-61449f272e8b ] Request (HypervisorAdminNegativeTestJSON:test_get_hypervisor_uptime_with_non_admin_user): 200 GET http://10.180.1.21/compute/v2.1/os-hypervisors 5.490s
2025-12-12 05:29:13.644 66542 INFO tempest.lib.common.rest_client [req-0aa01cdd-ccda-49bc-899f-3bc23d7674c2 req-0aa01cdd-ccda-49bc-899f-3bc23d7674c2 ] Request (FloatingIPsTestJSON:_run_cleanups): 202 DELETE http://10.180.1.21/compute/v2.1/os-floating-ips/659bb8ff-efa4-42be-8bb6-72767a1ec5ee 6.157s
2025-12-12 05:29:13.672 66552 INFO tempest.lib.common.rest_client [req-a5437e68-7428-4da4-9596-eb1ff4ddf296 req-a5437e68-7428-4da4-9596-eb1ff4ddf296 ] Request (FlavorMetadataValidation:_run_cleanups): 200 GET http://10.180.1.21/compute/v2.1/flavors/detail 5.269s
2025-12-12 05:29:13.691 66534 INFO tempest.lib.common.rest_client [req-b02d161e-857e-4301-be69-9fd6dda91ac1 req-b02d161e-857e-4301-be69-9fd6dda91ac1 ] Request (FlavorsAdminTestJSON:test_create_flavor_verify_entry_in_list_details): 200 POST http://10.180.1.21/compute/v2.1/flavors 5.249s
2025-12-12 05:29:13.739 66514 INFO tempest.lib.common.rest_client [req-bb5dc807-c0d5-4eee-8f8a-92c9e02459b8 req-bb5dc807-c0d5-4eee-8f8a-92c9e02459b8 ] Request (ServicesAdminTestJSON:tearDownClass): 200 GET http://10.180.1.21/networking/v2.0/security-groups?tenant_id=9f55623dd008433ca6680bd3bf1202f6&name=default 0.360s
2025-12-12 05:29:13.779 66540 INFO tempest.lib.common.rest_client [req-3f8c075f-eac2-4fe9-bd4f-cbebea633a68 req-3f8c075f-eac2-4fe9-bd4f-cbebea633a68 ] Request (FlavorsAccessTestJSON:test_flavor_access_add_remove): 200 POST http://10.180.1.21/compute/v2.1/flavors/394545409/action 5.176s
2025-12-12 05:29:13.805 66552 INFO tempest.lib.common.rest_client [req-58eeac55-f783-456f-ad19-4d543c1dcdf3 req-58eeac55-f783-456f-ad19-4d543c1dcdf3 ] Request (FlavorMetadataValidation:tearDownClass): 204 DELETE http://10.180.1.21/identity/v3/users/2564384169e84fb2af537d71694c76b2 0.119s
2025-12-12 05:29:13.922 66514 INFO tempest.lib.common.rest_client [req-f8d5c7f8-7c80-4f97-a793-f5a687228866 req-f8d5c7f8-7c80-4f97-a793-f5a687228866 ] Request (ServicesAdminTestJSON:tearDownClass): 204 DELETE http://10.180.1.21/networking/v2.0/security-groups/70fdf610-f9c4-41f9-ad0a-ba59301b71d0 0.183s
2025-12-12 05:29:13.966 66552 INFO tempest.lib.common.rest_client [req-db5a7194-cf60-498c-a9a5-236a1b1c3110 req-db5a7194-cf60-498c-a9a5-236a1b1c3110 ] Request (FlavorMetadataValidation:tearDownClass): 204 DELETE http://10.180.1.21/identity/v3/users/1c28d2ed7075451a8cd730d334f7a980 0.160s
2025-12-12 05:29:13.966 66552 INFO tempest.lib.common.dynamic_creds [-] Deleting project and security group for project: 1a69372049094d4bbcc1d43d41543393
2025-12-12 05:29:14.038 66552 INFO tempest.lib.common.rest_client [req-48bfcc3e-b73a-45a2-abd7-609b4b6ee83c req-48bfcc3e-b73a-45a2-abd7-609b4b6ee83c ] Request (FlavorMetadataValidation:tearDownClass): 201 POST http://10.180.1.21/identity/v3/auth/tokens 0.071s
2025-12-12 05:29:14.103 66514 INFO tempest.lib.common.rest_client [req-d327c783-3011-4681-91e9-737cf9fae259 req-d327c783-3011-4681-91e9-737cf9fae259 ] Request (ServicesAdminTestJSON:tearDownClass): 204 DELETE http://10.180.1.21/identity/v3/projects/9f55623dd008433ca6680bd3bf1202f6 0.180s
2025-12-12 05:29:14.164 66514 INFO tempest.lib.common.rest_client [req-b03b5cfc-5b0e-4948-a813-b81d4922be03 req-b03b5cfc-5b0e-4948-a813-b81d4922be03 ] Request (AbsoluteLimitsNegativeTestJSON:setUpClass): 201 POST http://10.180.1.21/identity/v3/auth/tokens 0.060s
2025-12-12 05:29:14.200 66514 INFO tempest.lib.common.rest_client [req-85c79832-ebca-41e7-bf0e-748fce607542 req-85c79832-ebca-41e7-bf0e-748fce607542 ] Request (AbsoluteLimitsNegativeTestJSON:setUpClass): 201 POST http://10.180.1.21/identity/v3/auth/tokens 0.032s
2025-12-12 05:29:14.231 66514 INFO tempest.lib.common.rest_client [req-f48d4852-db83-4eb3-96bf-cf42d8c9d580 req-f48d4852-db83-4eb3-96bf-cf42d8c9d580 ] Request (AbsoluteLimitsNegativeTestJSON:setUpClass): 200 GET http://10.180.1.21/identity/v3/domains?name=Default 0.030s
2025-12-12 05:29:14.262 66514 INFO tempest.lib.common.rest_client [req-d6e2843b-c16e-4d0a-96d0-a369471029d9 req-d6e2843b-c16e-4d0a-96d0-a369471029d9 ] Request (AbsoluteLimitsNegativeTestJSON:setUpClass): 201 POST http://10.180.1.21/identity/v3/projects 0.031s
2025-12-12 05:29:14.293 66552 INFO tempest.lib.common.rest_client [req-e7cd63fa-a831-429a-8d7c-c18e206d25a5 req-e7cd63fa-a831-429a-8d7c-c18e206d25a5 ] Request (FlavorMetadataValidation:tearDownClass): 200 GET http://10.180.1.21/networking/v2.0/security-groups?tenant_id=1a69372049094d4bbcc1d43d41543393&name=default 0.254s
2025-12-12 05:29:14.338 66514 INFO tempest.lib.common.rest_client [req-c7fecda4-b95d-45c2-a06c-5c7ab2a05b1a req-c7fecda4-b95d-45c2-a06c-5c7ab2a05b1a ] Request (AbsoluteLimitsNegativeTestJSON:setUpClass): 201 POST http://10.180.1.21/identity/v3/users 0.076s
2025-12-12 05:29:14.361 66514 INFO tempest.lib.common.rest_client [req-3c2ebc3f-a9f6-4466-bbf4-d874c76403f8 req-3c2ebc3f-a9f6-4466-bbf4-d874c76403f8 ] Request (AbsoluteLimitsNegativeTestJSON:setUpClass): 200 GET http://10.180.1.21/identity/v3/roles 0.022s
2025-12-12 05:29:14.387 66514 INFO tempest.lib.common.rest_client [req-640b2182-e1bb-4154-91b0-44b029ee63c3 req-640b2182-e1bb-4154-91b0-44b029ee63c3 ] Request (AbsoluteLimitsNegativeTestJSON:setUpClass): 204 PUT http://10.180.1.21/identity/v3/projects/1d9a23cf2f8148209460cd9d4a0a391a/users/0308d16881474bd4a73e70e54f7f974e/roles/4c93136beec94d32943a39313ba70f39 0.025s
2025-12-12 05:29:14.387 66514 INFO tempest.lib.common.dynamic_creds [-] Dynamic test user 0308d16881474bd4a73e70e54f7f974e is created with scope project and roles: ['member']
2025-12-12 05:29:14.387 66514 INFO tempest.lib.common.dynamic_creds [-] Acquired dynamic creds: credentials: Credentials: {'domain_id': 'default', 'domain_name': 'Default', 'username': 'tempest-AbsoluteLimitsNegativeTestJSON-228594341-project-member', 'project_domain_id': 'default', 'project_domain_name': 'Default', 'project_id': '1d9a23cf2f8148209460cd9d4a0a391a', 'project_name': 'tempest-AbsoluteLimitsNegativeTestJSON-228594341', 'tenant_id': '1d9a23cf2f8148209460cd9d4a0a391a', 'tenant_name': 'tempest-AbsoluteLimitsNegativeTestJSON-228594341', 'user_domain_id': 'default', 'user_domain_name': 'Default', 'user_id': '0308d16881474bd4a73e70e54f7f974e', 'system': None}, Network: None, Subnet: None, Router: None
2025-12-12 05:29:14.387 66514 INFO tempest.lib.common.dynamic_creds [-] Created isolated network resources for: credentials: Credentials: {'domain_id': 'default', 'domain_name': 'Default', 'username': 'tempest-AbsoluteLimitsNegativeTestJSON-228594341-project-member', 'project_domain_id': 'default', 'project_domain_name': 'Default', 'project_id': '1d9a23cf2f8148209460cd9d4a0a391a', 'project_name': 'tempest-AbsoluteLimitsNegativeTestJSON-228594341', 'tenant_id': '1d9a23cf2f8148209460cd9d4a0a391a', 'tenant_name': 'tempest-AbsoluteLimitsNegativeTestJSON-228594341', 'user_domain_id': 'default', 'user_domain_name': 'Default', 'user_id': '0308d16881474bd4a73e70e54f7f974e', 'system': None}, Network: None, Subnet: None, Router: None
2025-12-12 05:29:14.414 66552 INFO tempest.lib.common.rest_client [req-4dd7c41d-90f4-42ad-8e95-4aea43bc5a23 req-4dd7c41d-90f4-42ad-8e95-4aea43bc5a23 ] Request (FlavorMetadataValidation:tearDownClass): 204 DELETE http://10.180.1.21/networking/v2.0/security-groups/e74b2c4f-6c2e-4591-948d-e3dfb65a727c 0.120s
2025-12-12 05:29:14.483 66514 INFO tempest.lib.common.rest_client [req-fa9afef3-a484-4f3c-9118-53abe5286eeb req-fa9afef3-a484-4f3c-9118-53abe5286eeb ] Request (AbsoluteLimitsNegativeTestJSON:setUpClass): 201 POST http://10.180.1.21/identity/v3/auth/tokens 0.092s
2025-12-12 05:29:14.528 66552 INFO tempest.lib.common.rest_client [req-1424d805-1222-46b2-8067-2411fe1503d7 req-1424d805-1222-46b2-8067-2411fe1503d7 ] Request (FlavorMetadataValidation:tearDownClass): 204 DELETE http://10.180.1.21/identity/v3/projects/1a69372049094d4bbcc1d43d41543393 0.112s
2025-12-12 05:29:14.528 66552 INFO tempest.lib.common.dynamic_creds [-] Deleting project and security group for project: b735472e38844e7bab98d579e1661700
2025-12-12 05:29:14.550 66520 INFO tempest.lib.common.rest_client [req-66684fbb-226e-4dc6-ae99-0883be324597 req-66684fbb-226e-4dc6-ae99-0883be324597 ] Request (ServerExternalEventsTest:test_create_server_external_events): 202 POST http://10.180.1.21/compute/v2.1/servers 5.609s
2025-12-12 05:29:14.575 66568 INFO tempest.lib.common.rest_client [req-0a9cc9cf-e582-4699-8da3-a078186f912d req-0a9cc9cf-e582-4699-8da3-a078186f912d ] Request (MultipleCreateTestJSON:test_multiple_create): 202 POST http://10.180.1.21/compute/v2.1/servers 6.366s
2025-12-12 05:29:14.656 66552 INFO tempest.lib.common.rest_client [req-3f0ad5de-c20f-47bd-b23d-59c9d43e9651 req-3f0ad5de-c20f-47bd-b23d-59c9d43e9651 ] Request (FlavorMetadataValidation:tearDownClass): 200 GET http://10.180.1.21/networking/v2.0/security-groups?tenant_id=b735472e38844e7bab98d579e1661700&name=default 0.127s
2025-12-12 05:29:14.803 66552 INFO tempest.lib.common.rest_client [req-eed2aa5a-09d5-4411-bf43-f2752362b5d7 req-eed2aa5a-09d5-4411-bf43-f2752362b5d7 ] Request (FlavorMetadataValidation:tearDownClass): 204 DELETE http://10.180.1.21/networking/v2.0/security-groups/46cca7d9-2e60-49b0-9594-c317c78d2eab 0.147s
2025-12-12 05:29:14.809 66548 INFO tempest.lib.common.rest_client [req-7b0b70bc-3156-4277-8c7d-1952919473ec req-7b0b70bc-3156-4277-8c7d-1952919473ec ] Request (FloatingIPsAssociationTestJSON:setUpClass): 200 GET http://10.180.1.21/compute/v2.1/servers/9cd59963-3598-4e15-b83f-ef6f70265250 5.415s
2025-12-12 05:29:14.818 66548 INFO tempest.common.waiters [-] State transition "BUILD/networking" ==> "BUILD/spawning" after 6 second wait
2025-12-12 05:29:14.929 66550 INFO tempest.lib.common.rest_client [req-f60323c8-e9fc-414f-b719-c2a4fbc4e274 req-f60323c8-e9fc-414f-b719-c2a4fbc4e274 ] Request (HypervisorAdminNegativeUnderV252Test:test_show_servers_with_non_admin_user): 200 GET http://10.180.1.21/compute/v2.1/os-hypervisors 4.811s
2025-12-12 05:29:14.930 66552 INFO tempest.lib.common.rest_client [req-54a0436a-590c-4582-8433-ce8b7b07ee3c req-54a0436a-590c-4582-8433-ce8b7b07ee3c ] Request (FlavorMetadataValidation:tearDownClass): 204 DELETE http://10.180.1.21/identity/v3/projects/b735472e38844e7bab98d579e1661700 0.126s
2025-12-12 05:29:14.953 66560 INFO tempest.lib.common.rest_client [req-545257b3-489d-410b-9624-d4717b1caaee req-545257b3-489d-410b-9624-d4717b1caaee ] Request (ServicesAdminNegativeV253TestJSON:test_get_service_by_invalid_params): 200 GET http://10.180.1.21/compute/v2.1/os-services 4.816s
2025-12-12 05:29:14.985 66536 INFO tempest.lib.common.rest_client [req-0c44bed9-7d58-4c6a-826b-f92b3da0d016 req-0c44bed9-7d58-4c6a-826b-f92b3da0d016 ] Request (FlavorsV255TestJSON:test_crud_flavor): 200 GET http://10.180.1.21/compute/v2.1/flavors/detail 4.783s
2025-12-12 05:29:14.996 66544 INFO tempest.lib.common.rest_client [req-30b49d78-b3fb-429a-b5ff-1a3d5951c9fe req-30b49d78-b3fb-429a-b5ff-1a3d5951c9fe ] Request (ServersWithSpecificFlavorTestJSON:test_verify_created_server_ephemeral_disk): 200 GET http://10.180.1.21/compute/v2.1/flavors/42/os-extra_specs 4.694s
2025-12-12 05:29:15.004 66552 INFO tempest.lib.common.rest_client [req-9a5ee799-1e0d-46da-a658-f61ebd8f0176 req-9a5ee799-1e0d-46da-a658-f61ebd8f0176 ] Request (QuotasAdminTestV257:setUpClass): 201 POST http://10.180.1.21/identity/v3/auth/tokens 0.073s
2025-12-12 05:29:15.040 66552 INFO tempest.lib.common.rest_client [req-b616701e-058d-4c29-ac5a-83647a8316d7 req-b616701e-058d-4c29-ac5a-83647a8316d7 ] Request (QuotasAdminTestV257:setUpClass): 201 POST http://10.180.1.21/identity/v3/auth/tokens 0.031s
2025-12-12 05:29:15.068 66552 INFO tempest.lib.common.rest_client [req-1192a82f-6950-4851-986e-dd5137aa601b req-1192a82f-6950-4851-986e-dd5137aa601b ] Request (QuotasAdminTestV257:setUpClass): 200 GET http://10.180.1.21/identity/v3/domains?name=Default 0.026s
2025-12-12 05:29:15.097 66552 INFO tempest.lib.common.rest_client [req-630cd4c2-4686-4701-8f3b-3a819be83673 req-630cd4c2-4686-4701-8f3b-3a819be83673 ] Request (QuotasAdminTestV257:setUpClass): 201 POST http://10.180.1.21/identity/v3/projects 0.028s
2025-12-12 05:29:15.172 66572 INFO tempest.lib.common.rest_client [req-1ad0c764-ed41-439e-97f9-6c88b429d624 req-1ad0c764-ed41-439e-97f9-6c88b429d624 ] Request (ListServersNegativeTestJSON:setUpClass): 202 POST http://10.180.1.21/compute/v2.1/servers 5.864s
2025-12-12 05:29:15.190 66552 INFO tempest.lib.common.rest_client [req-ce6325cd-9240-4c69-9ab4-22f2f82c108c req-ce6325cd-9240-4c69-9ab4-22f2f82c108c ] Request (QuotasAdminTestV257:setUpClass): 201 POST http://10.180.1.21/identity/v3/users 0.092s
2025-12-12 05:29:15.193 66524 INFO tempest.lib.common.rest_client [req-e37e0a62-f655-43de-99c5-06f554521a9c req-e37e0a62-f655-43de-99c5-06f554521a9c ] Request (FlavorsAccessNegativeTestJSON:_run_cleanups): 200 POST http://10.180.1.21/compute/v2.1/flavors/1398586044/action 4.777s
2025-12-12 05:29:15.197 66564 INFO tempest.lib.common.rest_client [req-8a81efc5-cc1b-4fa1-a7b9-f4df7d74a429 req-8a81efc5-cc1b-4fa1-a7b9-f4df7d74a429 ] Request (ImagesDeleteNegativeTestJSON:test_delete_image_negative_image_id): 404 DELETE http://10.180.1.21/compute/v2.1/images/-1 4.716s
2025-12-12 05:29:15.205 66532 INFO tempest.lib.common.rest_client [req-368802c1-b3d7-4eed-8479-eee787e8444f req-368802c1-b3d7-4eed-8479-eee787e8444f ] Request (FlavorsExtraSpecsNegativeTestJSON:test_flavor_non_admin_set_keys): 403 POST http://10.180.1.21/compute/v2.1/flavors/1576800270/os-extra_specs 4.519s
2025-12-12 05:29:15.218 66552 INFO tempest.lib.common.rest_client [req-90d963c6-7a32-4d9d-a1fc-8787b57def58 req-90d963c6-7a32-4d9d-a1fc-8787b57def58 ] Request (QuotasAdminTestV257:setUpClass): 200 GET http://10.180.1.21/identity/v3/roles 0.027s
2025-12-12 05:29:15.257 66552 INFO tempest.lib.common.rest_client [req-a067ef29-d233-4580-94a8-ceb68e0a19f6 req-a067ef29-d233-4580-94a8-ceb68e0a19f6 ] Request (QuotasAdminTestV257:setUpClass): 204 PUT http://10.180.1.21/identity/v3/projects/5b0f326412154d23a68b429e1b9ac1a8/users/df37e614d8fa467e9acaf398ac26eadb/roles/4c93136beec94d32943a39313ba70f39 0.038s
2025-12-12 05:29:15.257 66552 INFO tempest.lib.common.dynamic_creds [-] Dynamic test user df37e614d8fa467e9acaf398ac26eadb is created with scope project and roles: ['member']
2025-12-12 05:29:15.257 66552 INFO tempest.lib.common.dynamic_creds [-] Acquired dynamic creds: credentials: Credentials: {'domain_id': 'default', 'domain_name': 'Default', 'username': 'tempest-QuotasAdminTestV257-533352118-project-member', 'project_domain_id': 'default', 'project_domain_name': 'Default', 'project_id': '5b0f326412154d23a68b429e1b9ac1a8', 'project_name': 'tempest-QuotasAdminTestV257-533352118', 'tenant_id': '5b0f326412154d23a68b429e1b9ac1a8', 'tenant_name': 'tempest-QuotasAdminTestV257-533352118', 'user_domain_id': 'default', 'user_domain_name': 'Default', 'user_id': 'df37e614d8fa467e9acaf398ac26eadb', 'system': None}, Network: None, Subnet: None, Router: None
2025-12-12 05:29:15.257 66552 INFO tempest.lib.common.dynamic_creds [-] Created isolated network resources for: credentials: Credentials: {'domain_id': 'default', 'domain_name': 'Default', 'username': 'tempest-QuotasAdminTestV257-533352118-project-member', 'project_domain_id': 'default', 'project_domain_name': 'Default', 'project_id': '5b0f326412154d23a68b429e1b9ac1a8', 'project_name': 'tempest-QuotasAdminTestV257-533352118', 'tenant_id': '5b0f326412154d23a68b429e1b9ac1a8', 'tenant_name': 'tempest-QuotasAdminTestV257-533352118', 'user_domain_id': 'default', 'user_domain_name': 'Default', 'user_id': 'df37e614d8fa467e9acaf398ac26eadb', 'system': None}, Network: None, Subnet: None, Router: None
2025-12-12 05:29:15.286 66558 INFO tempest.lib.common.rest_client [req-559d9a6e-a834-482e-ab54-bfe6fa55607a req-559d9a6e-a834-482e-ab54-bfe6fa55607a ] Request (ServerDiagnosticsV248Test:test_get_server_diagnostics): 200 GET http://10.180.1.21/compute/v2.1/servers/677265ce-c69e-492d-a143-42d2b8362bf7 4.173s
2025-12-12 05:29:15.297 66558 INFO tempest.common.waiters [-] State transition "BUILD/spawning" ==> "ACTIVE/None" after 13 second wait
2025-12-12 05:29:15.339 66552 INFO tempest.lib.common.rest_client [req-47920ee6-89e8-471d-8641-0beabe364f12 req-47920ee6-89e8-471d-8641-0beabe364f12 ] Request (QuotasAdminTestV257:setUpClass): 201 POST http://10.180.1.21/identity/v3/auth/tokens 0.078s
2025-12-12 05:29:15.377 66526 INFO tempest.lib.common.rest_client [req-d4eb2073-651d-4591-a14e-47de3febba74 req-d4eb2073-651d-4591-a14e-47de3febba74 ] Request (QuotasAdminTestJSON:test_update_all_quota_resources_for_tenant): 200 GET http://10.180.1.21/compute/v2.1/os-quota-sets/cbc9eb0226d94125a2f7b6231b702ce9/defaults 4.513s
2025-12-12 05:29:15.426 66552 INFO tempest.lib.common.rest_client [req-26ed46d5-0297-4b18-b310-23eaedd3b1f9 req-26ed46d5-0297-4b18-b310-23eaedd3b1f9 ] Request (QuotasAdminTestV257:setUpClass): 201 POST http://10.180.1.21/identity/v3/projects 0.087s
2025-12-12 05:29:15.561 66516 INFO tempest.lib.common.rest_client [req-8b9a0023-1b23-4a5f-b6b9-77ff2a03ca16 req-8b9a0023-1b23-4a5f-b6b9-77ff2a03ca16 ] Request (QuotasAdminNegativeTest:_run_cleanups): 200 PUT http://10.180.1.21/compute/v2.1/os-quota-sets/6ae8cc69953e46c79e52b6da766c84b3 4.132s
2025-12-12 05:29:15.575 66552 INFO tempest.lib.common.rest_client [req-fadd6e51-3826-4dce-8618-13c368e84b01 req-fadd6e51-3826-4dce-8618-13c368e84b01 ] Request (QuotasAdminTestV257:setUpClass): 201 POST http://10.180.1.21/identity/v3/users 0.148s
2025-12-12 05:29:15.578 66528 INFO tempest.lib.common.rest_client [req-d1f52e0c-c3e6-4ded-bd50-13d2a0417be3 req-d1f52e0c-c3e6-4ded-bd50-13d2a0417be3 ] Request (ServerActionsV293TestJSON:setUpClass): 201 POST http://10.180.1.21/compute/v2.1/os-keypairs 4.118s
2025-12-12 05:29:15.600 66552 INFO tempest.lib.common.rest_client [req-9e06cecc-8dd0-454b-9a61-35016e23edf5 req-9e06cecc-8dd0-454b-9a61-35016e23edf5 ] Request (QuotasAdminTestV257:setUpClass): 200 GET http://10.180.1.21/identity/v3/roles 0.024s
2025-12-12 05:29:15.628 66512 INFO tempest.lib.common.rest_client [req-53969bb7-b146-474f-85f3-78c41148f6a4 req-53969bb7-b146-474f-85f3-78c41148f6a4 ] Request (ServersAdminNegativeTestJSON:setUpClass): 200 GET http://10.180.1.21/compute/v2.1/servers/365da0f9-d2ee-488c-9439-ee82f87c651a 3.450s
2025-12-12 05:29:15.635 66552 INFO tempest.lib.common.rest_client [req-8b4b89cf-5374-4b6d-8729-beb5b2c62801 req-8b4b89cf-5374-4b6d-8729-beb5b2c62801 ] Request (QuotasAdminTestV257:setUpClass): 204 PUT http://10.180.1.21/identity/v3/projects/3f63cc6f6b4340598603f3983ec1bd16/users/def8dc79239942b7b05f24fb2279defb/roles/79e9914badbe49b09f811eeb56829841 0.034s
2025-12-12 05:29:15.644 66538 INFO tempest.lib.common.rest_client [req-0b518b35-cf1a-4a2e-ad5f-d20b8e492d9f req-0b518b35-cf1a-4a2e-ad5f-d20b8e492d9f ] Request (ServerDiagnosticsNegativeTest:test_get_server_diagnostics_by_non_admin): 200 GET http://10.180.1.21/compute/v2.1/servers/55c2e7ab-cb58-4235-9728-6b8313461301 3.208s
2025-12-12 05:29:15.693 66552 INFO tempest.lib.common.rest_client [req-5ec10023-c501-40cb-aedc-6567a5146c37 req-5ec10023-c501-40cb-aedc-6567a5146c37 ] Request (QuotasAdminTestV257:setUpClass): 200 GET http://10.180.1.21/identity/v3/roles 0.057s
2025-12-12 05:29:15.693 66528 INFO tempest.lib.common.rest_client [req-d7663e51-ba06-4914-807c-2b56e6d028d5 req-d7663e51-ba06-4914-807c-2b56e6d028d5 ] Request (ServerActionsV293TestJSON:setUpClass): 201 POST http://10.180.1.21/networking/v2.0/security-groups 0.112s
2025-12-12 05:29:15.713 66552 INFO tempest.lib.common.rest_client [req-ad0a55e1-17ce-49f8-9567-b4a5709dbda6 req-ad0a55e1-17ce-49f8-9567-b4a5709dbda6 ] Request (QuotasAdminTestV257:setUpClass): 204 PUT http://10.180.1.21/identity/v3/projects/3f63cc6f6b4340598603f3983ec1bd16/users/def8dc79239942b7b05f24fb2279defb/roles/79e9914badbe49b09f811eeb56829841 0.020s
2025-12-12 05:29:15.714 66552 INFO tempest.lib.common.dynamic_creds [-] Dynamic test user def8dc79239942b7b05f24fb2279defb is created with scope project and roles: ['admin']
2025-12-12 05:29:15.714 66552 INFO tempest.lib.common.dynamic_creds [-] Acquired dynamic creds: credentials: Credentials: {'domain_id': 'default', 'domain_name': 'Default', 'username': 'tempest-QuotasAdminTestV257-2129314774-project-admin', 'project_domain_id': 'default', 'project_domain_name': 'Default', 'project_id': '3f63cc6f6b4340598603f3983ec1bd16', 'project_name': 'tempest-QuotasAdminTestV257-2129314774', 'tenant_id': '3f63cc6f6b4340598603f3983ec1bd16', 'tenant_name': 'tempest-QuotasAdminTestV257-2129314774', 'user_domain_id': 'default', 'user_domain_name': 'Default', 'user_id': 'def8dc79239942b7b05f24fb2279defb', 'system': None}, Network: None, Subnet: None, Router: None
2025-12-12 05:29:15.714 66552 INFO tempest.lib.common.dynamic_creds [-] Created isolated network resources for: credentials: Credentials: {'domain_id': 'default', 'domain_name': 'Default', 'username': 'tempest-QuotasAdminTestV257-2129314774-project-admin', 'project_domain_id': 'default', 'project_domain_name': 'Default', 'project_id': '3f63cc6f6b4340598603f3983ec1bd16', 'project_name': 'tempest-QuotasAdminTestV257-2129314774', 'tenant_id': '3f63cc6f6b4340598603f3983ec1bd16', 'tenant_name': 'tempest-QuotasAdminTestV257-2129314774', 'user_domain_id': 'default', 'user_domain_name': 'Default', 'user_id': 'def8dc79239942b7b05f24fb2279defb', 'system': None}, Network: None, Subnet: None, Router: None
2025-12-12 05:29:15.729 66522 INFO tempest.lib.common.rest_client [req-85d73563-3a46-4185-9c1b-54c56a6e32aa req-85d73563-3a46-4185-9c1b-54c56a6e32aa ] Request (InstanceUsageAuditLogNegativeTestJSON:test_get_instance_usage_audit_logs_with_invalid_time): 400 GET http://10.180.1.21/compute/v2.1/os-instance_usage_audit_log/invalid_time 2.994s
2025-12-12 05:29:15.809 66528 INFO tempest.lib.common.rest_client [req-14d43540-52e3-46d0-aa54-f25a4a25391b req-14d43540-52e3-46d0-aa54-f25a4a25391b ] Request (ServerActionsV293TestJSON:setUpClass): 201 POST http://10.180.1.21/networking/v2.0/security-group-rules 0.116s
2025-12-12 05:29:15.810 66552 INFO tempest.lib.common.rest_client [req-fc4b13b7-2b1a-4506-9516-4bd1c13fc698 req-fc4b13b7-2b1a-4506-9516-4bd1c13fc698 ] Request (QuotasAdminTestV257:setUpClass): 201 POST http://10.180.1.21/identity/v3/auth/tokens 0.094s
2025-12-12 05:29:15.811 66552 WARNING tempest.lib.common.rest_client [-] Deprecated: "tenant_id" property is deprecated for removal, use "project_id" instead
2025-12-12 05:29:15.821 66556 INFO tempest.lib.common.rest_client [req-f94046fc-f02a-4503-bc1d-079759618a16 req-f94046fc-f02a-4503-bc1d-079759618a16 ] Request (FloatingIPsAssociationNegativeTestJSON:setUpClass): 200 GET http://10.180.1.21/compute/v2.1/servers/deb4f717-6aa4-48b9-a8a8-fe7b4bcaff9f 2.989s
2025-12-12 05:29:15.904 66566 INFO tempest.lib.common.rest_client [req-c4106723-37d4-4499-bf7b-89c2596405ff req-c4106723-37d4-4499-bf7b-89c2596405ff ] Request (ServersAdminTestJSON:setUpClass): 200 GET http://10.180.1.21/compute/v2.1/servers/54b1ece1-3762-46cb-a32f-7e3cdd529cb4 2.644s
2025-12-12 05:29:15.938 66528 INFO tempest.lib.common.rest_client [req-363719cc-bcd6-4026-879d-bbf7c6fdf0e4 req-363719cc-bcd6-4026-879d-bbf7c6fdf0e4 ] Request (ServerActionsV293TestJSON:setUpClass): 201 POST http://10.180.1.21/networking/v2.0/security-group-rules 0.128s
2025-12-12 05:29:16.213 66530 INFO tempest.lib.common.rest_client [req-b6f53377-e09b-4dce-902d-28d22c27abf0 req-b6f53377-e09b-4dce-902d-28d22c27abf0 ] Request (AggregatesAdminNegativeTestJSON:_run_cleanups): 200 POST http://10.180.1.21/compute/v2.1/os-aggregates/1/action 2.870s
2025-12-12 05:29:16.250 66574 INFO tempest.lib.common.rest_client [req-01e54a0b-01c1-4b35-854b-ed781ff8b7b1 req-01e54a0b-01c1-4b35-854b-ed781ff8b7b1 ] Request (KeyPairsV22TestJSON:test_keypair_create_delete): 201 POST http://10.180.1.21/compute/v2.1/os-keypairs 2.889s
2025-12-12 05:29:16.258 66546 INFO tempest.lib.common.rest_client [req-e5ab0beb-a9f8-4e98-801f-8c3798eb2cd3 req-e5ab0beb-a9f8-4e98-801f-8c3798eb2cd3 ] Request (HostsAdminNegativeTestJSON:test_show_host_detail_with_non_admin_user): 403 GET http://10.180.1.21/compute/v2.1/os-hosts/devstack 2.884s
2025-12-12 05:29:16.263 66554 INFO tempest.lib.common.rest_client [req-a9b5aa80-b6a6-4fc7-a525-3055669331de req-a9b5aa80-b6a6-4fc7-a525-3055669331de ] Request (HypervisorAdminNegativeTestJSON:test_get_hypervisor_uptime_with_non_admin_user): 403 GET http://10.180.1.21/compute/v2.1/os-hypervisors/1/uptime 2.732s
2025-12-12 05:29:16.345 66562 INFO tempest.lib.common.rest_client [req-b3543110-0ea4-4a0b-b649-941f17f13ff7 req-b3543110-0ea4-4a0b-b649-941f17f13ff7 ] Request (VolumesAssistedSnapshotsTest:test_volume_assisted_snapshot_create_delete): 202 POST http://10.180.1.21/compute/v2.1/servers 3.433s
2025-12-12 05:29:16.371 66534 INFO tempest.lib.common.rest_client [req-436a4fb9-855d-4ab7-b250-02a29cbfc76b req-436a4fb9-855d-4ab7-b250-02a29cbfc76b ] Request (FlavorsAdminTestJSON:test_create_flavor_verify_entry_in_list_details): 200 GET http://10.180.1.21/compute/v2.1/flavors/detail 2.678s
2025-12-12 05:29:16.378 66528 INFO tempest.lib.common.rest_client [req-2589ba37-d856-412f-a1e5-c4ae290229af req-2589ba37-d856-412f-a1e5-c4ae290229af ] Request (ServerActionsV293TestJSON:setUpClass): 201 POST http://10.180.1.21/networking/v2.0/floatingips 0.439s
2025-12-12 05:29:16.396 66540 INFO tempest.lib.common.rest_client [req-7ff10f61-64d1-4ca3-aad3-5ef6774d5a3c req-7ff10f61-64d1-4ca3-aad3-5ef6774d5a3c ] Request (FlavorsAccessTestJSON:test_flavor_access_add_remove): 200 GET http://10.180.1.21/compute/v2.1/flavors/detail 2.615s
2025-12-12 05:29:16.453 66528 INFO tempest.lib.common.rest_client [req-6c31e5b7-8e61-4057-8de3-5e2cb55f33b6 req-6c31e5b7-8e61-4057-8de3-5e2cb55f33b6 ] Request (ServerActionsV293TestJSON:setUpClass): 201 POST http://10.180.1.21/identity/v3/auth/tokens 0.072s
2025-12-12 05:29:16.453 66528 INFO tempest.lib.common.fixed_network [-] (ServerActionsV293TestJSON:setUpClass) Found network {'id': 'a94378b3-0802-4aae-89c8-ebd897ab83d4', 'name': 'tempest-ServerActionsV293TestJSON-1608114405-network', 'tenant_id': 'da13b00f31a7412da475002a1facef2d', 'project_id': 'da13b00f31a7412da475002a1facef2d', 'admin_state_up': True, 'mtu': 8950, 'status': 'ACTIVE', 'subnets': [], 'shared': False, 'port_security_enabled': True, 'router:external': False, 'provider:network_type': 'vlan', 'provider:physical_network': 'default', 'provider:segmentation_id': 415, 'availability_zone_hints': [], 'availability_zones': [], 'ipv4_address_scope': None, 'ipv6_address_scope': None, 'description': '', 'tags': [], 'created_at': '2025-12-12T05:29:06Z', 'updated_at': '2025-12-12T05:29:06Z', 'revision_number': 1} available for tenant
2025-12-12 05:29:16.462 66520 INFO tempest.lib.common.rest_client [req-dc1124ed-c005-46e6-9034-1155e53b0271 req-dc1124ed-c005-46e6-9034-1155e53b0271 ] Request (ServerExternalEventsTest:test_create_server_external_events): 200 GET http://10.180.1.21/compute/v2.1/servers/beb05c7e-027d-4425-a7e3-809869ea5426 1.909s
2025-12-12 05:29:16.574 66568 INFO tempest.lib.common.rest_client [req-25a04f0b-8338-4cdc-810b-4ff0d02fa747 req-25a04f0b-8338-4cdc-810b-4ff0d02fa747 ] Request (MultipleCreateTestJSON:test_multiple_create): 200 GET http://10.180.1.21/compute/v2.1/servers 1.997s
2025-12-12 05:29:16.630 66550 INFO tempest.lib.common.rest_client [req-bf5f4afe-c9b4-41aa-b126-ef9f4d8a2512 req-bf5f4afe-c9b4-41aa-b126-ef9f4d8a2512 ] Request (HypervisorAdminNegativeUnderV252Test:test_show_servers_with_non_admin_user): 403 GET http://10.180.1.21/compute/v2.1/os-hypervisors/1/servers 1.698s
2025-12-12 05:29:16.652 66560 INFO tempest.lib.common.rest_client [req-01947b72-5175-4218-9b03-b393d30398e6 req-01947b72-5175-4218-9b03-b393d30398e6 ] Request (ServicesAdminNegativeV253TestJSON:test_get_service_by_invalid_params): 200 GET http://10.180.1.21/compute/v2.1/os-services?xxx=nova-compute 1.696s
2025-12-12 05:29:16.673 66536 INFO tempest.lib.common.rest_client [req-e6666c1e-6575-4cd8-bd33-e3c999f1f3e5 req-e6666c1e-6575-4cd8-bd33-e3c999f1f3e5 ] Request (FlavorsV255TestJSON:test_crud_flavor): 200 GET http://10.180.1.21/compute/v2.1/flavors 1.678s
2025-12-12 05:29:16.696 66544 INFO tempest.lib.common.rest_client [req-9dbf0005-b165-4207-aa1b-a369ef022d11 req-9dbf0005-b165-4207-aa1b-a369ef022d11 ] Request (ServersWithSpecificFlavorTestJSON:test_verify_created_server_ephemeral_disk): 200 POST http://10.180.1.21/compute/v2.1/flavors/986669684/os-extra_specs 1.699s
2025-12-12 05:29:16.750 66572 INFO tempest.lib.common.rest_client [req-f345d128-023e-4148-a49e-5b47bf954f53 req-f345d128-023e-4148-a49e-5b47bf954f53 ] Request (ListServersNegativeTestJSON:setUpClass): 200 GET http://10.180.1.21/compute/v2.1/servers 1.575s
2025-12-12 05:29:16.769 66524 INFO tempest.lib.common.rest_client [req-c8fb3684-26f5-480c-8d13-34d4837fbd90 req-c8fb3684-26f5-480c-8d13-34d4837fbd90 ] Request (FlavorsAccessNegativeTestJSON:_run_cleanups): 202 DELETE http://10.180.1.21/compute/v2.1/flavors/1398586044 1.575s
2025-12-12 05:29:16.788 66564 INFO tempest.lib.common.rest_client [req-11dc3c17-e3a3-4593-a31f-47ad7f599191 req-11dc3c17-e3a3-4593-a31f-47ad7f599191 ] Request (ImagesDeleteNegativeTestJSON:test_delete_image_non_hex_string_id): 404 DELETE http://10.180.1.21/compute/v2.1/images/0d1ff0cb-ede6-485f-b2c8-50be801c8a1j 1.589s
2025-12-12 05:29:16.815 66532 INFO tempest.lib.common.rest_client [req-0af401b2-755c-485e-8078-0816341cccaf req-0af401b2-755c-485e-8078-0816341cccaf ] Request (FlavorsExtraSpecsNegativeTestJSON:test_flavor_non_admin_unset_keys): 200 POST http://10.180.1.21/compute/v2.1/flavors/1576800270/os-extra_specs 1.609s
2025-12-12 05:29:16.917 66542 INFO tempest.lib.common.rest_client [req-b152e182-e9c5-4486-94a6-e1d5b7d1e1d1 req-b152e182-e9c5-4486-94a6-e1d5b7d1e1d1 ] Request (FloatingIPsTestJSON:test_delete_floating_ip): 200 POST http://10.180.1.21/compute/v2.1/os-floating-ips 3.271s
2025-12-12 05:29:17.142 66528 INFO tempest.lib.common.rest_client [req-016c594b-f868-4f9a-b352-84cf9359c7f3 req-016c594b-f868-4f9a-b352-84cf9359c7f3 ] Request (ServerActionsV293TestJSON:setUpClass): 202 POST http://10.180.1.21/volume/v3/volumes 0.688s
2025-12-12 05:29:17.180 66526 INFO tempest.lib.common.rest_client [req-3838e1f1-f0c3-418c-b02b-0ad4514403d7 req-3838e1f1-f0c3-418c-b02b-0ad4514403d7 ] Request (QuotasAdminTestJSON:test_update_all_quota_resources_for_tenant): 200 PUT http://10.180.1.21/compute/v2.1/os-quota-sets/cbc9eb0226d94125a2f7b6231b702ce9 1.800s
2025-12-12 05:29:17.283 66516 INFO tempest.lib.common.rest_client [req-b06abded-5617-4222-bc9e-6dd07adcf80a req-b06abded-5617-4222-bc9e-6dd07adcf80a ] Request (QuotasAdminNegativeTest:test_create_server_when_instances_quota_is_full): 200 GET http://10.180.1.21/compute/v2.1/os-quota-sets/6ae8cc69953e46c79e52b6da766c84b3 1.714s
2025-12-12 05:29:17.353 66528 INFO tempest.lib.common.rest_client [req-37fd09fc-5d1c-43f1-80d8-bed00d31ef4f req-37fd09fc-5d1c-43f1-80d8-bed00d31ef4f ] Request (ServerActionsV293TestJSON:setUpClass): 200 GET http://10.180.1.21/volume/v3/volumes/a90cb772-885d-4726-b964-213340c6c076 0.201s
2025-12-12 05:29:17.369 66522 INFO tempest.lib.common.rest_client [req-8608a9a7-58b3-4be9-8727-93479de6aa22 req-8608a9a7-58b3-4be9-8727-93479de6aa22 ] Request (InstanceUsageAuditLogNegativeTestJSON:test_instance_usage_audit_logs_with_nonadmin_user): 403 GET http://10.180.1.21/compute/v2.1/os-instance_usage_audit_log 1.639s
2025-12-12 05:29:17.492 66558 INFO tempest.lib.common.rest_client [req-42380943-bbeb-4678-9062-1b83c73e2338 req-42380943-bbeb-4678-9062-1b83c73e2338 ] Request (ServerDiagnosticsV248Test:test_get_server_diagnostics): 200 GET http://10.180.1.21/compute/v2.1/servers/677265ce-c69e-492d-a143-42d2b8362bf7/diagnostics 2.194s
2025-12-12 05:29:17.508 66548 INFO tempest.lib.common.rest_client [req-16aaea09-e015-4d90-8eb5-09b8f5977b7e req-16aaea09-e015-4d90-8eb5-09b8f5977b7e ] Request (FloatingIPsAssociationTestJSON:setUpClass): 200 GET http://10.180.1.21/compute/v2.1/servers/9cd59963-3598-4e15-b83f-ef6f70265250 1.688s
2025-12-12 05:29:17.519 66530 INFO tempest.lib.common.rest_client [req-1d1a38f5-923f-4322-a697-33758bbefe84 req-1d1a38f5-923f-4322-a697-33758bbefe84 ] Request (AggregatesAdminNegativeTestJSON:_run_cleanups): 200 DELETE http://10.180.1.21/compute/v2.1/os-aggregates/1 1.303s
2025-12-12 05:29:17.526 66574 INFO tempest.lib.common.rest_client [req-90a856e1-b49d-4b93-9fc8-302680b8ee74 req-90a856e1-b49d-4b93-9fc8-302680b8ee74 ] Request (KeyPairsV22TestJSON:_run_cleanups): 204 DELETE http://10.180.1.21/compute/v2.1/os-keypairs/tempest-keypair-1552773034 1.274s
2025-12-12 05:29:17.531 66546 INFO tempest.lib.common.rest_client [req-51c3ff6d-1b06-4c2c-a2f9-592ba28de99b req-51c3ff6d-1b06-4c2c-a2f9-592ba28de99b ] Request (HostsAdminNegativeTestJSON:test_show_host_detail_with_nonexistent_hostname): 404 GET http://10.180.1.21/compute/v2.1/os-hosts/nonexistent_hostname 1.272s
2025-12-12 05:29:17.531 66554 INFO tempest.lib.common.rest_client [req-938161fe-071e-4f55-be20-e285b1f53261 req-938161fe-071e-4f55-be20-e285b1f53261 ] Request (HypervisorAdminNegativeTestJSON:test_get_nonexistent_hypervisor_uptime): 404 GET http://10.180.1.21/compute/v2.1/os-hypervisors/e1a4293f-dbae-4e1e-9843-4d72bf582ba1/uptime 1.267s
2025-12-12 05:29:17.553 66534 INFO tempest.lib.common.rest_client [req-bc0ff2d3-ac0b-495b-826a-86240a3dff32 req-bc0ff2d3-ac0b-495b-826a-86240a3dff32 ] Request (FlavorsAdminTestJSON:_run_cleanups): 202 DELETE http://10.180.1.21/compute/v2.1/flavors/591623591 1.176s
2025-12-12 05:29:17.568 66540 INFO tempest.lib.common.rest_client [req-bee5db23-bf56-4ebe-a33d-50de0340be5b req-bee5db23-bf56-4ebe-a33d-50de0340be5b ] Request (FlavorsAccessTestJSON:_run_cleanups): 202 DELETE http://10.180.1.21/compute/v2.1/flavors/394545409 1.167s
2025-12-12 05:29:17.593 66562 INFO tempest.lib.common.rest_client [req-6e7f739c-af8b-4cf4-b0c7-c72dc26a886b req-6e7f739c-af8b-4cf4-b0c7-c72dc26a886b ] Request (VolumesAssistedSnapshotsTest:test_volume_assisted_snapshot_create_delete): 200 GET http://10.180.1.21/compute/v2.1/servers/eed2b239-fcf4-498d-86a0-079bc5b1d09b 1.246s
2025-12-12 05:29:17.604 66550 INFO tempest.lib.common.rest_client [req-b2d43b97-da8d-4a36-bc1b-3dde6d149638 req-b2d43b97-da8d-4a36-bc1b-3dde6d149638 ] Request (HypervisorAdminNegativeUnderV252Test:test_show_servers_with_nonexistent_hypervisor): 404 GET http://10.180.1.21/compute/v2.1/os-hypervisors/e5452811-783a-4512-8285-ac6fa1e106e7/servers 0.973s
2025-12-12 05:29:17.623 66568 INFO tempest.lib.common.rest_client [req-b6c66cad-12d2-426e-9864-996b43e13aef req-b6c66cad-12d2-426e-9864-996b43e13aef ] Request (MultipleCreateTestJSON:test_multiple_create): 200 GET http://10.180.1.21/compute/v2.1/servers/d97a4cec-97ec-4ffc-aa54-93253a2c17de 1.047s
2025-12-12 05:29:17.687 66538 INFO tempest.lib.common.rest_client [req-cd94d9c0-56ab-4235-9ccb-8e5091ad29f0 req-cd94d9c0-56ab-4235-9ccb-8e5091ad29f0 ] Request (ServerDiagnosticsNegativeTest:test_get_server_diagnostics_by_non_admin): 200 GET http://10.180.1.21/compute/v2.1/servers/55c2e7ab-cb58-4235-9728-6b8313461301 1.033s
2025-12-12 05:29:17.710 66550 INFO tempest.lib.common.rest_client [req-e9923e02-ee61-47bc-b253-4efe4f68f3cc req-e9923e02-ee61-47bc-b253-4efe4f68f3cc ] Request (HypervisorAdminNegativeUnderV252Test:tearDownClass): 204 DELETE http://10.180.1.21/identity/v3/users/2e0a0c91057841d090c6d09cfc3f2054 0.104s
2025-12-12 05:29:17.712 66512 INFO tempest.lib.common.rest_client [req-66996239-10fe-4cc2-b190-55e61935c4aa req-66996239-10fe-4cc2-b190-55e61935c4aa ] Request (ServersAdminNegativeTestJSON:setUpClass): 200 GET http://10.180.1.21/compute/v2.1/servers/365da0f9-d2ee-488c-9439-ee82f87c651a 1.074s
2025-12-12 05:29:17.715 66560 INFO tempest.lib.common.rest_client [req-e727d11b-c754-4c36-ba3d-775339e55a2c req-e727d11b-c754-4c36-ba3d-775339e55a2c ] Request (ServicesAdminNegativeV253TestJSON:test_get_service_by_invalid_service_and_valid_host): 200 GET http://10.180.1.21/compute/v2.1/os-services 1.058s
2025-12-12 05:29:17.725 66512 INFO tempest.common.waiters [-] State transition "BUILD/None" ==> "BUILD/block_device_mapping" after 2 second wait
2025-12-12 05:29:17.726 66536 INFO tempest.lib.common.rest_client [req-ea3a0cbc-0a84-485d-b596-397672104b85 req-ea3a0cbc-0a84-485d-b596-397672104b85 ] Request (FlavorsV255TestJSON:_run_cleanups): 202 DELETE http://10.180.1.21/compute/v2.1/flavors/2087269725 1.048s
2025-12-12 05:29:17.729 66544 INFO tempest.lib.common.rest_client [req-151c150c-4f05-420f-bdce-407874986d29 req-151c150c-4f05-420f-bdce-407874986d29 ] Request (ServersWithSpecificFlavorTestJSON:test_verify_created_server_ephemeral_disk): 200 POST http://10.180.1.21/compute/v2.1/flavors 1.031s
2025-12-12 05:29:17.755 66524 INFO tempest.lib.common.rest_client [req-ae153bee-dcb4-49ff-8ca9-bf80a16550d0 req-ae153bee-dcb4-49ff-8ca9-bf80a16550d0 ] Request (FlavorsAccessNegativeTestJSON:_run_cleanups): 200 GET http://10.180.1.21/compute/v2.1/flavors/detail 0.986s
2025-12-12 05:29:17.767 66564 INFO tempest.lib.common.rest_client [req-c2895b8e-ce1f-4c2a-898d-8fa97ad5fdb5 req-c2895b8e-ce1f-4c2a-898d-8fa97ad5fdb5 ] Request (ImagesDeleteNegativeTestJSON:test_delete_image_with_id_over_character_limit): 404 DELETE http://10.180.1.21/compute/v2.1/images/6d7cb3ae-614e-4c0c-90d8-d831ea65d9061 0.978s
2025-12-12 05:29:17.773 66532 INFO tempest.lib.common.rest_client [req-56c32f67-a7d0-474c-a260-9f9bbf78f3ca req-56c32f67-a7d0-474c-a260-9f9bbf78f3ca ] Request (FlavorsExtraSpecsNegativeTestJSON:test_flavor_non_admin_unset_keys): 403 DELETE http://10.180.1.21/compute/v2.1/flavors/1576800270/os-extra_specs/hw:numa_nodes 0.956s
2025-12-12 05:29:17.779 66572 INFO tempest.lib.common.rest_client [req-cf52062d-4f8c-4a1f-b2d6-314e0e5398ab req-cf52062d-4f8c-4a1f-b2d6-314e0e5398ab ] Request (ListServersNegativeTestJSON:setUpClass): 200 GET http://10.180.1.21/compute/v2.1/servers/a83b42a1-e9e1-4974-abea-d2f0577939dc 1.027s
2025-12-12 05:29:17.838 66550 INFO tempest.lib.common.rest_client [req-bab2fd1c-1c61-4a9d-9eb2-dd66f4fa119a req-bab2fd1c-1c61-4a9d-9eb2-dd66f4fa119a ] Request (HypervisorAdminNegativeUnderV252Test:tearDownClass): 204 DELETE http://10.180.1.21/identity/v3/users/1e5293c1301b4da28aa851f9619fed93 0.127s
2025-12-12 05:29:17.838 66550 INFO tempest.lib.common.dynamic_creds [-] Deleting project and security group for project: b1769e1ee72d40e7b591b713272e8b5f
2025-12-12 05:29:17.863 66566 INFO tempest.lib.common.rest_client [req-a80048d9-3763-4603-9520-608803daea46 req-a80048d9-3763-4603-9520-608803daea46 ] Request (ServersAdminTestJSON:setUpClass): 200 GET http://10.180.1.21/compute/v2.1/servers/54b1ece1-3762-46cb-a32f-7e3cdd529cb4 0.949s
2025-12-12 05:29:17.884 66556 INFO tempest.lib.common.rest_client [req-fafaf664-00ef-4d9d-a89f-78f841307432 req-fafaf664-00ef-4d9d-a89f-78f841307432 ] Request (FloatingIPsAssociationNegativeTestJSON:setUpClass): 200 GET http://10.180.1.21/compute/v2.1/servers/deb4f717-6aa4-48b9-a8a8-fe7b4bcaff9f 1.053s
2025-12-12 05:29:17.911 66550 INFO tempest.lib.common.rest_client [req-8d2e71a3-145e-4760-8d7d-a2f25b3f144e req-8d2e71a3-145e-4760-8d7d-a2f25b3f144e ] Request (HypervisorAdminNegativeUnderV252Test:tearDownClass): 201 POST http://10.180.1.21/identity/v3/auth/tokens 0.072s
2025-12-12 05:29:18.138 66550 INFO tempest.lib.common.rest_client [req-e5840754-94e7-4a54-a730-67bbd2bc5803 req-e5840754-94e7-4a54-a730-67bbd2bc5803 ] Request (HypervisorAdminNegativeUnderV252Test:tearDownClass): 200 GET http://10.180.1.21/networking/v2.0/security-groups?tenant_id=b1769e1ee72d40e7b591b713272e8b5f&name=default 0.226s
2025-12-12 05:29:18.258 66526 INFO tempest.lib.common.rest_client [req-8a228c06-8ac3-49c2-ab12-67a249e51568 req-8a228c06-8ac3-49c2-ab12-67a249e51568 ] Request (QuotasAdminTestJSON:_run_cleanups): 200 PUT http://10.180.1.21/compute/v2.1/os-quota-sets/cbc9eb0226d94125a2f7b6231b702ce9 1.076s
2025-12-12 05:29:18.295 66550 INFO tempest.lib.common.rest_client [req-9ed43675-9900-4a8a-9d74-701ed0753865 req-9ed43675-9900-4a8a-9d74-701ed0753865 ] Request (HypervisorAdminNegativeUnderV252Test:tearDownClass): 204 DELETE http://10.180.1.21/networking/v2.0/security-groups/c94bb5ae-d283-4f6f-bb61-b2cbace5d269 0.157s
2025-12-12 05:29:18.367 66526 INFO tempest.lib.common.rest_client [req-e684ca02-ed18-4265-b547-43cb96a8c65e req-e684ca02-ed18-4265-b547-43cb96a8c65e ] Request (QuotasAdminTestJSON:tearDownClass): 204 DELETE http://10.180.1.21/identity/v3/users/04b04dc7da6442ca88caf011d95cfb5d 0.105s
2025-12-12 05:29:18.402 66528 INFO tempest.lib.common.rest_client [req-77fcd6b2-4f89-4ee2-ab05-b6f1559a60e3 req-77fcd6b2-4f89-4ee2-ab05-b6f1559a60e3 ] Request (ServerActionsV293TestJSON:setUpClass): 200 GET http://10.180.1.21/volume/v3/volumes/a90cb772-885d-4726-b964-213340c6c076 0.039s
2025-12-12 05:29:18.413 66552 INFO tempest.lib.common.rest_client [req-d8492e75-1b1c-4c74-a8a4-236eb650bf94 req-d8492e75-1b1c-4c74-a8a4-236eb650bf94 ] Request (QuotasAdminTestV257:test_get_updated_quotas): 200 GET http://10.180.1.21/identity/v3/domains?name=Default 0.139s
2025-12-12 05:29:18.524 66516 INFO tempest.lib.common.rest_client [req-ef1583ab-c726-4f71-b1d2-56b12f7d6c81 req-ef1583ab-c726-4f71-b1d2-56b12f7d6c81 ] Request (QuotasAdminNegativeTest:test_create_server_when_instances_quota_is_full): 200 PUT http://10.180.1.21/compute/v2.1/os-quota-sets/6ae8cc69953e46c79e52b6da766c84b3 1.238s
2025-12-12 05:29:18.530 66522 INFO tempest.lib.common.rest_client [req-b034ee27-a692-47e1-9e31-356869578d20 req-b034ee27-a692-47e1-9e31-356869578d20 ] Request (InstanceUsageAuditLogNegativeTestJSON:test_instance_usage_audit_logs_with_nonadmin_user): 403 GET http://10.180.1.21/compute/v2.1/os-instance_usage_audit_log/2025-12-12%2005%3A29%3A17 1.160s
2025-12-12 05:29:18.563 66550 INFO tempest.lib.common.rest_client [req-2c363184-4e69-43e9-9b62-219076ea6521 req-2c363184-4e69-43e9-9b62-219076ea6521 ] Request (HypervisorAdminNegativeUnderV252Test:tearDownClass): 204 DELETE http://10.180.1.21/identity/v3/projects/b1769e1ee72d40e7b591b713272e8b5f 0.267s
2025-12-12 05:29:18.563 66550 INFO tempest.lib.common.dynamic_creds [-] Deleting project and security group for project: a449c30f33a84bb1ade8420bdde013d6
2025-12-12 05:29:18.574 66526 INFO tempest.lib.common.rest_client [req-8a071fbf-600f-4a2e-8ee5-c27a10291251 req-8a071fbf-600f-4a2e-8ee5-c27a10291251 ] Request (QuotasAdminTestJSON:tearDownClass): 204 DELETE http://10.180.1.21/identity/v3/users/25d517386ef34076aaa78b95d3d7e07e 0.206s
2025-12-12 05:29:18.574 66526 INFO tempest.lib.common.dynamic_creds [-] Deleting project and security group for project: cbc9eb0226d94125a2f7b6231b702ce9
2025-12-12 05:29:18.603 66542 INFO tempest.lib.common.rest_client [req-65d59b28-5b89-4d9f-bc98-2b3e3e0425e2 req-65d59b28-5b89-4d9f-bc98-2b3e3e0425e2 ] Request (FloatingIPsTestJSON:test_delete_floating_ip): 202 DELETE http://10.180.1.21/compute/v2.1/os-floating-ips/87158573-2cfb-40ef-9f37-e586c141c915 1.683s
2025-12-12 05:29:18.625 66516 INFO tempest.lib.common.rest_client [req-6bf1110a-896f-4e1e-81e2-33f2a2e3016b req-6bf1110a-896f-4e1e-81e2-33f2a2e3016b ] Request (QuotasAdminNegativeTest:test_create_server_when_instances_quota_is_full): 201 POST http://10.180.1.21/identity/v3/auth/tokens 0.097s
2025-12-12 05:29:18.626 66516 INFO tempest.lib.common.fixed_network [-] (QuotasAdminNegativeTest:test_create_server_when_instances_quota_is_full) Found network None available for tenant
2025-12-12 05:29:18.631 66530 INFO tempest.lib.common.rest_client [req-7c74e9a2-db54-4fa2-9c79-37ddb90464ec req-7c74e9a2-db54-4fa2-9c79-37ddb90464ec ] Request (AggregatesAdminNegativeTestJSON:test_aggregate_add_host_as_user): 200 POST http://10.180.1.21/compute/v2.1/os-aggregates 1.106s
2025-12-12 05:29:18.657 66520 INFO tempest.lib.common.rest_client [req-eea5d3d9-381a-4395-8d8d-9dbb1a4507e9 req-eea5d3d9-381a-4395-8d8d-9dbb1a4507e9 ] Request (ServerExternalEventsTest:test_create_server_external_events): 200 GET http://10.180.1.21/compute/v2.1/servers/beb05c7e-027d-4425-a7e3-809869ea5426 1.182s
