2025-12-12 05:32:36.334 66564 INFO tempest.lib.common.rest_client [req-0f7e9c65-99a3-4dee-82ce-654a02b71970 req-0f7e9c65-99a3-4dee-82ce-654a02b71970 ] Request (ServerActionsTestOtherA:test_rebuild_server_in_stop_state): 200 GET http://10.180.1.21/compute/v2.1/servers/ee31b73e-0752-47d4-81d9-a9a3cc690fc6 0.695s
2025-12-12 05:32:36.404 66572 INFO tempest.lib.common.rest_client [req-f4468a8d-08d2-4177-8dc7-447666c3df4b req-f4468a8d-08d2-4177-8dc7-447666c3df4b ] Request (ServerMetadataNegativeTestJSON:setUpClass): 200 GET http://10.180.1.21/compute/v2.1/servers/e3ad9828-d662-470b-8663-0f0f21cb1560 0.708s
2025-12-12 05:32:36.407 66536 INFO tempest.lib.common.rest_client [req-4f164333-1b77-449d-b7b6-3b60e27421e3 req-4f164333-1b77-449d-b7b6-3b60e27421e3 ] Request (MigrationsAdminTest:test_list_migrations_in_flavor_resize_situation): 201 POST http://10.180.1.21/networking/v2.0/security-group-rules 0.218s
2025-12-12 05:32:36.444 66558 INFO tempest.lib.common.rest_client [req-1a81f290-6002-415e-b44b-35886aa1c2f7 req-1a81f290-6002-415e-b44b-35886aa1c2f7 ] Request (ServerRescueNegativeTestJSON:setUpClass): 200 GET http://10.180.1.21/compute/v2.1/servers/7bb3abe4-f2cd-47ac-8130-9b7643b10e35 0.754s
2025-12-12 05:32:36.498 66566 INFO tempest.lib.common.rest_client [req-3f73ec5d-aa52-490f-9bd1-8119ab161db2 req-3f73ec5d-aa52-490f-9bd1-8119ab161db2 ] Request (ServersAdminTestJSON:tearDownClass): 200 GET http://10.180.1.21/compute/v2.1/servers/35d45597-f88c-4983-b3c0-b8d1047a8221 0.728s
2025-12-12 05:32:36.520 66536 INFO tempest.lib.common.rest_client [req-15a9c8f0-981a-4612-a5b0-3023b9910b40 req-15a9c8f0-981a-4612-a5b0-3023b9910b40 ] Request (MigrationsAdminTest:test_list_migrations_in_flavor_resize_situation): 201 POST http://10.180.1.21/networking/v2.0/security-group-rules 0.112s
2025-12-12 05:32:36.533 66516 INFO tempest.lib.common.rest_client [req-532ee27c-ad4a-4d83-ab25-1fa13fdc24a5 req-532ee27c-ad4a-4d83-ab25-1fa13fdc24a5 ] Request (ServersV294TestFqdnHostnames:tearDownClass): 200 GET http://10.180.1.21/compute/v2.1/servers/fe6f544a-9e76-48ee-8542-6d5aa957726c 0.753s
2025-12-12 05:32:36.599 66548 INFO tempest.lib.common.rest_client [req-7731d29d-b649-4bbf-b74b-b4d78bbaad86 req-7731d29d-b649-4bbf-b74b-b4d78bbaad86 ] Request (ImagesOneServerTestJSON:setUpClass): 200 GET http://10.180.1.21/compute/v2.1/servers/8ba090c9-98f7-47ff-870f-8db0ca0c0450 0.773s
2025-12-12 05:32:36.613 66520 INFO tempest.lib.common.rest_client [req-076237cd-0043-463c-a488-7228e3ea05d6 req-076237cd-0043-463c-a488-7228e3ea05d6 ] Request (ServerTagsTestJSON:setUpClass): 200 GET http://10.180.1.21/compute/v2.1/servers/8d2ffc88-266a-4611-b65a-642b2dfea361 0.735s
2025-12-12 05:32:36.736 66552 INFO tempest.lib.common.rest_client [req-79717fa8-116b-49ec-9280-2c21a48f8e7d req-79717fa8-116b-49ec-9280-2c21a48f8e7d ] Request (ServersNegativeTestJSON:setUpClass): 200 GET http://10.180.1.21/compute/v2.1/servers/eab42e05-71ff-4488-8d0b-0623a74245bb 0.801s
2025-12-12 05:32:36.772 66546 INFO tempest.lib.common.rest_client [req-a97361d6-e405-4359-996e-a8ba5482790e req-a97361d6-e405-4359-996e-a8ba5482790e ] Request (ServerActionsTestJSON:test_reboot_server_hard): 200 GET http://10.180.1.21/compute/v2.1/servers/4499b5d8-210c-412f-87c2-2a1cc940569e 0.880s
2025-12-12 05:32:36.833 66528 INFO tempest.lib.common.rest_client [req-13fa7dc9-0f77-4990-b9ba-f93aacd600b3 req-13fa7dc9-0f77-4990-b9ba-f93aacd600b3 ] Request (ServersListShow298Test:tearDownClass): 200 GET http://10.180.1.21/compute/v2.1/servers/fc7b738a-e346-4643-afba-5e662b33c4bb 0.672s
2025-12-12 05:32:36.846 66524 INFO tempest.lib.common.rest_client [req-1e26e990-3b6b-4e36-ac1e-de16d8bbc0e4 req-1e26e990-3b6b-4e36-ac1e-de16d8bbc0e4 ] Request (ServerDiskConfigTestJSON:test_rebuild_server_with_manual_disk_config): 200 GET http://10.180.1.21/compute/v2.1/servers/a0e8e895-3d29-40d1-94ba-0cb2334ff574 0.632s
2025-12-12 05:32:36.921 66530 INFO tempest.lib.common.rest_client [req-2d16262b-19fa-4daf-afe5-2cbc5002ac8a req-2d16262b-19fa-4daf-afe5-2cbc5002ac8a ] Request (TenantUsagesTestJSON:tearDownClass): 200 GET http://10.180.1.21/compute/v2.1/servers/b3303087-40d6-41fb-bc40-6f84f1bb5d1b 0.674s
2025-12-12 05:32:36.935 66512 INFO tempest.lib.common.rest_client [req-f8b69a0b-6de6-4f76-b596-8e794f4f1452 req-f8b69a0b-6de6-4f76-b596-8e794f4f1452 ] Request (ServersAdminNegativeTestJSON:tearDownClass): 200 GET http://10.180.1.21/compute/v2.1/servers/365da0f9-d2ee-488c-9439-ee82f87c651a 0.643s
2025-12-12 05:32:36.971 66532 INFO tempest.lib.common.rest_client [req-63e7fe93-6319-4bee-a506-ab45094f7845 req-63e7fe93-6319-4bee-a506-ab45094f7845 ] Request (SecurityGroupsTestJSON:test_security_group_create_get_delete): 200 GET http://10.180.1.21/compute/v2.1/os-security-groups/6510b1e6-068f-4b91-8459-3faa795b8d0c 0.670s
2025-12-12 05:32:37.018 66536 INFO tempest.lib.common.rest_client [req-b4d3aac9-714e-4e19-8c97-8a45676eeb1d req-b4d3aac9-714e-4e19-8c97-8a45676eeb1d ] Request (MigrationsAdminTest:test_list_migrations_in_flavor_resize_situation): 201 POST http://10.180.1.21/networking/v2.0/floatingips 0.497s
2025-12-12 05:32:37.075 66544 INFO tempest.lib.common.rest_client [req-a3e0b9c1-7a07-45ba-8b77-3bcf3cab33c2 req-a3e0b9c1-7a07-45ba-8b77-3bcf3cab33c2 ] Request (ServersWithSpecificFlavorTestJSON:test_verify_created_server_ephemeral_disk): 200 GET http://10.180.1.21/compute/v2.1/servers/c596648c-1729-47c1-8d78-9f535fd6c9ad 0.775s
2025-12-12 05:32:37.086 66544 INFO tempest.lib.common.ssh [-] Creating ssh connection to '10.180.180.152:22' as 'cirros' with public key authentication
2025-12-12 05:32:37.090 66540 INFO tempest.lib.common.rest_client [req-682a65cd-05de-4d53-97d8-2882a6bf14e7 req-682a65cd-05de-4d53-97d8-2882a6bf14e7 ] Request (InstanceActionsTestJSON:tearDownClass): 200 GET http://10.180.1.21/compute/v2.1/servers/7b6e7ec0-e963-4e9b-b4e9-2615f84870f3 0.772s
2025-12-12 05:32:37.130 66550 INFO tempest.lib.common.rest_client [req-9486ec3f-daab-4917-ba65-7256e6e1a5e8 req-9486ec3f-daab-4917-ba65-7256e6e1a5e8 ] Request (DeleteServersTestJSON:test_delete_server_while_in_shelved_state): 200 GET http://10.180.1.21/compute/v2.1/servers/aff780bd-788f-4c3b-a942-69937a9e6519 0.743s
2025-12-12 05:32:37.165 66542 INFO tempest.lib.common.rest_client [req-35600a40-318c-466b-9c55-f4c33221c672 req-35600a40-318c-466b-9c55-f4c33221c672 ] Request (ServersTestMultiNic:_run_cleanups): 200 GET http://10.180.1.21/compute/v2.1/servers/972fe532-9ca9-453d-9653-e8d64d2ec0eb 0.692s
2025-12-12 05:32:37.196 66556 INFO tempest.lib.common.rest_client [req-57a6c73e-9ce1-416b-938e-2db917285148 req-57a6c73e-9ce1-416b-938e-2db917285148 ] Request (ServersTestJSON:test_create_server_specify_multibyte_character_name): 200 GET http://10.180.1.21/compute/v2.1/servers/8d299277-a1b2-44e4-ab3b-14c445cf9539 0.666s
2025-12-12 05:32:37.233 66562 INFO tempest.lib.common.rest_client [req-b06c38f6-0b76-4dc2-bfc3-f8e2f941cfe0 req-b06c38f6-0b76-4dc2-bfc3-f8e2f941cfe0 ] Request (VolumesAssistedSnapshotsTest:tearDownClass): 200 GET http://10.180.1.21/compute/v2.1/servers/eed2b239-fcf4-498d-86a0-079bc5b1d09b 0.688s
2025-12-12 05:32:37.258 66518 INFO tempest.lib.common.rest_client [req-3a959031-655d-4f6c-b584-2cdc163c0d2e req-3a959031-655d-4f6c-b584-2cdc163c0d2e ] Request (ServerActionsTestOtherB:setUpClass): 200 GET http://10.180.1.21/compute/v2.1/servers/20d8e473-504c-49ff-b844-d103f3c0b99c 0.558s
2025-12-12 05:32:37.266 66518 INFO tempest.common.waiters [-] State transition "BUILD/scheduling" ==> "BUILD/None" after 21 second wait
2025-12-12 05:32:37.336 66538 INFO tempest.lib.common.rest_client [req-98186857-aa15-45ad-a481-8f7370ceaa48 req-98186857-aa15-45ad-a481-8f7370ceaa48 ] Request (ServerShowV247Test:test_update_rebuild_list_server): 200 GET http://10.180.1.21/compute/v2.1/servers/096de4a3-d374-451b-b553-8564ab18bacf 0.480s
2025-12-12 05:32:37.362 66560 INFO tempest.lib.common.rest_client [req-fbb0fe36-ac7e-4018-996a-db44aac5db9a req-fbb0fe36-ac7e-4018-996a-db44aac5db9a ] Request (ImagesOneServerNegativeTestJSON:tearDown): 200 GET http://10.180.1.21/compute/v2.1/servers/845376eb-1590-41a6-b2a2-4acfb8b1db66 0.534s
2025-12-12 05:32:37.390 66526 INFO tempest.lib.common.rest_client [req-42330840-cb3c-4659-b52b-79c3769b0275 req-42330840-cb3c-4659-b52b-79c3769b0275 ] Request (ServersTestManualDisk:tearDownClass): 404 GET http://10.180.1.21/compute/v2.1/servers/eebd8dda-64fe-40b3-835c-bd3110b785cb 0.414s
2025-12-12 05:32:37.459 66532 INFO tempest.lib.common.rest_client [req-b38bfe5d-0a7a-4e04-8baa-236a11e42b97 req-b38bfe5d-0a7a-4e04-8baa-236a11e42b97 ] Request (SecurityGroupsTestJSON:test_security_group_create_get_delete): 202 DELETE http://10.180.1.21/compute/v2.1/os-security-groups/6510b1e6-068f-4b91-8459-3faa795b8d0c 0.484s
2025-12-12 05:32:37.479 66536 INFO tempest.lib.common.rest_client [req-0c38e422-c45d-48b2-a677-36f0641c48e8 req-0c38e422-c45d-48b2-a677-36f0641c48e8 ] Request (MigrationsAdminTest:test_list_migrations_in_flavor_resize_situation): 200 GET http://10.180.1.21/compute/v2.1/os-migrations 0.461s
2025-12-12 05:32:37.503 66514 INFO tempest.lib.common.rest_client [req-2d15d605-a9d5-43b2-8eeb-4ca2da5d673e req-2d15d605-a9d5-43b2-8eeb-4ca2da5d673e ] Request (AttachVolumeTestJSON:test_attach_detach_volume): 200 GET http://10.180.1.21/compute/v2.1/servers/55cddf83-144b-497e-be3a-a6af7ba63a36 0.503s
2025-12-12 05:32:37.523 66526 INFO tempest.lib.common.rest_client [req-e52b18ba-a63b-47f0-bdcd-cef76e2d39a7 req-e52b18ba-a63b-47f0-bdcd-cef76e2d39a7 ] Request (ServersTestManualDisk:tearDownClass): 202 DELETE http://10.180.1.21/compute/v2.1/os-keypairs/tempest-keypair-2123078123 0.133s
2025-12-12 05:32:37.641 66526 INFO tempest.lib.common.rest_client [req-07c3e317-007e-4605-adfc-d18ab079d034 req-07c3e317-007e-4605-adfc-d18ab079d034 ] Request (ServersTestManualDisk:tearDownClass): 204 DELETE http://10.180.1.21/networking/v2.0/security-groups/518e8a68-bdbb-4aac-a547-eb053738d9a5 0.117s
2025-12-12 05:32:37.656 66572 INFO tempest.lib.common.rest_client [req-3b789b13-229d-4660-a19d-f6ec878955a1 req-3b789b13-229d-4660-a19d-f6ec878955a1 ] Request (ServerMetadataNegativeTestJSON:setUpClass): 200 GET http://10.180.1.21/compute/v2.1/servers/e3ad9828-d662-470b-8663-0f0f21cb1560 0.240s
2025-12-12 05:32:37.719 66526 INFO tempest.lib.common.rest_client [req-f81502f1-2614-470d-980d-1361266e9758 req-f81502f1-2614-470d-980d-1361266e9758 ] Request (ServersTestManualDisk:tearDownClass): 404 GET http://10.180.1.21/networking/v2.0/security-groups/518e8a68-bdbb-4aac-a547-eb053738d9a5 0.078s
2025-12-12 05:32:38.015 66526 INFO tempest.lib.common.rest_client [req-749fa7c4-8802-44f4-bc1c-cc1aa0f8a7b1 req-749fa7c4-8802-44f4-bc1c-cc1aa0f8a7b1 ] Request (ServersTestManualDisk:tearDownClass): 204 DELETE http://10.180.1.21/networking/v2.0/floatingips/e8a35136-5f70-479e-a547-85a72973c07d 0.295s
2025-12-12 05:32:38.065 66558 INFO tempest.lib.common.rest_client [req-c3845785-fbca-4395-9621-9ee7aab3faf6 req-c3845785-fbca-4395-9621-9ee7aab3faf6 ] Request (ServerRescueNegativeTestJSON:setUpClass): 200 GET http://10.180.1.21/compute/v2.1/servers/7bb3abe4-f2cd-47ac-8130-9b7643b10e35 0.609s
2025-12-12 05:32:38.118 66564 INFO tempest.lib.common.rest_client [req-216a3cfc-dedf-416d-826f-7b3f80a58a50 req-216a3cfc-dedf-416d-826f-7b3f80a58a50 ] Request (ServerActionsTestOtherA:test_rebuild_server_in_stop_state): 200 GET http://10.180.1.21/compute/v2.1/servers/ee31b73e-0752-47d4-81d9-a9a3cc690fc6 0.775s
2025-12-12 05:32:38.125 66564 INFO tempest.common.waiters [-] State transition "REBUILD/rebuild_spawning" ==> "ACTIVE/None" after 10 second wait
2025-12-12 05:32:38.135 66536 INFO tempest.lib.common.rest_client [req-a5638baa-c212-400b-aba4-b00bb383abfe req-a5638baa-c212-400b-aba4-b00bb383abfe ] Request (MigrationsAdminTest:test_resize_server_revert_deleted_flavor): 200 GET http://10.180.1.21/compute/v2.1/flavors/42 0.651s
2025-12-12 05:32:38.155 66532 INFO tempest.lib.common.rest_client [req-bbab0592-4491-4e2c-9339-b4c96956d56f req-bbab0592-4491-4e2c-9339-b4c96956d56f ] Request (SecurityGroupsTestJSON:test_security_group_create_get_delete): 404 GET http://10.180.1.21/compute/v2.1/os-security-groups/6510b1e6-068f-4b91-8459-3faa795b8d0c 0.695s
2025-12-12 05:32:38.237 66566 INFO tempest.lib.common.rest_client [req-85986128-e8c9-4895-8f63-83f9f49b2dff req-85986128-e8c9-4895-8f63-83f9f49b2dff ] Request (ServersAdminTestJSON:tearDownClass): 200 GET http://10.180.1.21/compute/v2.1/servers/35d45597-f88c-4983-b3c0-b8d1047a8221 0.731s
2025-12-12 05:32:38.258 66516 INFO tempest.lib.common.rest_client [req-94978c05-38db-43a8-8d5f-b8c057b2b7bf req-94978c05-38db-43a8-8d5f-b8c057b2b7bf ] Request (ServersV294TestFqdnHostnames:tearDownClass): 200 GET http://10.180.1.21/compute/v2.1/servers/fe6f544a-9e76-48ee-8542-6d5aa957726c 0.708s
2025-12-12 05:32:38.304 66548 INFO tempest.lib.common.rest_client [req-5b699506-dfef-46f3-a572-baab08237a6b req-5b699506-dfef-46f3-a572-baab08237a6b ] Request (ImagesOneServerTestJSON:setUpClass): 200 GET http://10.180.1.21/compute/v2.1/servers/8ba090c9-98f7-47ff-870f-8db0ca0c0450 0.696s
2025-12-12 05:32:38.311 66548 INFO tempest.common.waiters [-] State transition "BUILD/scheduling" ==> "BUILD/None" after 16 second wait
2025-12-12 05:32:38.333 66520 INFO tempest.lib.common.rest_client [req-c4555e6b-dda2-428b-b803-efbdc76a795a req-c4555e6b-dda2-428b-b803-efbdc76a795a ] Request (ServerTagsTestJSON:setUpClass): 200 GET http://10.180.1.21/compute/v2.1/servers/8d2ffc88-266a-4611-b65a-642b2dfea361 0.707s
2025-12-12 05:32:38.380 66552 INFO tempest.lib.common.rest_client [req-6c7f2a6c-367b-40b1-ba04-04783a1ae524 req-6c7f2a6c-367b-40b1-ba04-04783a1ae524 ] Request (ServersNegativeTestJSON:setUpClass): 200 GET http://10.180.1.21/compute/v2.1/servers/eab42e05-71ff-4488-8d0b-0623a74245bb 0.635s
2025-12-12 05:32:38.484 66528 INFO tempest.lib.common.rest_client [req-75080cd1-2183-473e-95e6-8d1bf33cd2c3 req-75080cd1-2183-473e-95e6-8d1bf33cd2c3 ] Request (ServersListShow298Test:tearDownClass): 200 GET http://10.180.1.21/compute/v2.1/servers/fc7b738a-e346-4643-afba-5e662b33c4bb 0.638s
2025-12-12 05:32:38.507 66546 INFO tempest.lib.common.rest_client [req-f13ac3d1-dd06-4d32-ab7b-e1d225f43b65 req-f13ac3d1-dd06-4d32-ab7b-e1d225f43b65 ] Request (ServerActionsTestJSON:test_reboot_server_hard): 200 GET http://10.180.1.21/compute/v2.1/servers/4499b5d8-210c-412f-87c2-2a1cc940569e 0.726s
2025-12-12 05:32:38.553 66524 INFO tempest.lib.common.rest_client [req-20ed3e2a-759a-46aa-8b80-30458334e71b req-20ed3e2a-759a-46aa-8b80-30458334e71b ] Request (ServerDiskConfigTestJSON:test_rebuild_server_with_manual_disk_config): 200 GET http://10.180.1.21/compute/v2.1/servers/a0e8e895-3d29-40d1-94ba-0cb2334ff574 0.698s
2025-12-12 05:32:38.593 66530 INFO tempest.lib.common.rest_client [req-ad1f1077-bc83-497a-822d-f7ae4b6414f8 req-ad1f1077-bc83-497a-822d-f7ae4b6414f8 ] Request (TenantUsagesTestJSON:tearDownClass): 200 GET http://10.180.1.21/compute/v2.1/servers/b3303087-40d6-41fb-bc40-6f84f1bb5d1b 0.660s
2025-12-12 05:32:38.643 66512 INFO tempest.lib.common.rest_client [req-4af7fc7c-c515-45d0-909a-06e9afcd07af req-4af7fc7c-c515-45d0-909a-06e9afcd07af ] Request (ServersAdminNegativeTestJSON:tearDownClass): 200 GET http://10.180.1.21/compute/v2.1/servers/365da0f9-d2ee-488c-9439-ee82f87c651a 0.693s
2025-12-12 05:32:38.661 66536 INFO tempest.lib.common.rest_client [req-9cf93593-f5ef-49e6-90e1-b2848eeadfe5 req-9cf93593-f5ef-49e6-90e1-b2848eeadfe5 ] Request (MigrationsAdminTest:test_resize_server_revert_deleted_flavor): 200 POST http://10.180.1.21/compute/v2.1/flavors 0.523s
2025-12-12 05:32:38.703 66540 INFO tempest.lib.common.rest_client [req-1351b211-531e-4ca3-b8e1-4592b9624837 req-1351b211-531e-4ca3-b8e1-4592b9624837 ] Request (InstanceActionsTestJSON:tearDownClass): 200 GET http://10.180.1.21/compute/v2.1/servers/7b6e7ec0-e963-4e9b-b4e9-2615f84870f3 0.604s
2025-12-12 05:32:38.721 66550 INFO tempest.lib.common.rest_client [req-7f8d6b5b-8097-4d85-bb98-775e3cacb202 req-7f8d6b5b-8097-4d85-bb98-775e3cacb202 ] Request (DeleteServersTestJSON:test_delete_server_while_in_shelved_state): 200 GET http://10.180.1.21/compute/v2.1/servers/aff780bd-788f-4c3b-a942-69937a9e6519 0.577s
2025-12-12 05:32:38.828 66532 INFO tempest.lib.common.rest_client [req-3659c688-3196-4816-aeb9-55b71fcfce6b req-3659c688-3196-4816-aeb9-55b71fcfce6b ] Request (SecurityGroupsTestJSON:test_security_groups_create_list_delete): 200 POST http://10.180.1.21/compute/v2.1/os-security-groups 0.671s
2025-12-12 05:32:38.846 66542 INFO tempest.lib.common.rest_client [req-1481d468-9e44-47be-9386-7246a92119bd req-1481d468-9e44-47be-9386-7246a92119bd ] Request (ServersTestMultiNic:_run_cleanups): 200 GET http://10.180.1.21/compute/v2.1/servers/972fe532-9ca9-453d-9653-e8d64d2ec0eb 0.656s
2025-12-12 05:32:38.887 66556 INFO tempest.lib.common.rest_client [req-6addba6f-efed-4bb5-93f6-f5a7b35982ff req-6addba6f-efed-4bb5-93f6-f5a7b35982ff ] Request (ServersTestJSON:test_create_server_specify_multibyte_character_name): 200 GET http://10.180.1.21/compute/v2.1/servers/8d299277-a1b2-44e4-ab3b-14c445cf9539 0.677s
2025-12-12 05:32:38.897 66526 INFO tempest.lib.common.rest_client [req-2b9d433c-1efc-4adf-b4c8-ec1ffba3100c req-2b9d433c-1efc-4adf-b4c8-ec1ffba3100c ] Request (ServersTestManualDisk:tearDownClass): 200 PUT http://10.180.1.21/networking/v2.0/routers/c60ef021-04bc-439d-b00e-430c21c89756/remove_router_interface 0.882s
2025-12-12 05:32:38.897 66556 INFO tempest.common.waiters [-] State transition "BUILD/None" ==> "BUILD/networking" after 47 second wait
2025-12-12 05:32:38.911 66562 INFO tempest.lib.common.rest_client [req-3a6e8dee-60bc-4ebb-896e-fdcd4b937ca4 req-3a6e8dee-60bc-4ebb-896e-fdcd4b937ca4 ] Request (VolumesAssistedSnapshotsTest:tearDownClass): 200 GET http://10.180.1.21/compute/v2.1/servers/eed2b239-fcf4-498d-86a0-079bc5b1d09b 0.668s
2025-12-12 05:32:38.955 66518 INFO tempest.lib.common.rest_client [req-f3ce4d45-fc5a-4074-b3f0-3387b1d0a1a8 req-f3ce4d45-fc5a-4074-b3f0-3387b1d0a1a8 ] Request (ServerActionsTestOtherB:setUpClass): 200 GET http://10.180.1.21/compute/v2.1/servers/20d8e473-504c-49ff-b844-d103f3c0b99c 0.688s
2025-12-12 05:32:38.969 66538 INFO tempest.lib.common.rest_client [req-57f89940-fa8f-4463-8b72-b7f246d87579 req-57f89940-fa8f-4463-8b72-b7f246d87579 ] Request (ServerShowV247Test:test_update_rebuild_list_server): 200 GET http://10.180.1.21/compute/v2.1/servers/096de4a3-d374-451b-b553-8564ab18bacf 0.624s
2025-12-12 05:32:39.155 66560 INFO tempest.lib.common.rest_client [req-036c4166-3b8c-4643-888e-d9d794c4d291 req-036c4166-3b8c-4643-888e-d9d794c4d291 ] Request (ImagesOneServerNegativeTestJSON:tearDown): 200 GET http://10.180.1.21/compute/v2.1/servers/845376eb-1590-41a6-b2a2-4acfb8b1db66 0.782s
2025-12-12 05:32:39.165 66560 INFO tempest.common.waiters [-] State transition "ACTIVE/image_uploading" ==> "ACTIVE/None" after 7 second wait
2025-12-12 05:32:39.187 66514 INFO tempest.lib.common.rest_client [req-b30c691d-57fa-47ff-8c54-91b922b2acc4 req-b30c691d-57fa-47ff-8c54-91b922b2acc4 ] Request (AttachVolumeTestJSON:test_attach_detach_volume): 200 GET http://10.180.1.21/compute/v2.1/servers/55cddf83-144b-497e-be3a-a6af7ba63a36 0.674s
2025-12-12 05:32:39.197 66514 INFO tempest.common.waiters [-] State transition "ACTIVE/powering-off" ==> "SHUTOFF/None" after 4 second wait
2025-12-12 05:32:39.213 66536 INFO tempest.lib.common.rest_client [req-44ccbdae-73f0-4fa9-b898-02dee93db8f2 req-44ccbdae-73f0-4fa9-b898-02dee93db8f2 ] Request (MigrationsAdminTest:test_resize_server_revert_deleted_flavor): 200 GET http://10.180.1.21/compute/v2.1/flavors/42/os-extra_specs 0.546s
2025-12-12 05:32:39.247 66572 INFO tempest.lib.common.rest_client [req-2d454aa9-96eb-4385-954f-5ada9cad9ea8 req-2d454aa9-96eb-4385-954f-5ada9cad9ea8 ] Request (ServerMetadataNegativeTestJSON:setUpClass): 200 GET http://10.180.1.21/compute/v2.1/servers/e3ad9828-d662-470b-8663-0f0f21cb1560 0.581s
2025-12-12 05:32:39.297 66526 INFO tempest.lib.common.rest_client [req-eb12017c-669f-466a-92c2-e8ae18b077a5 req-eb12017c-669f-466a-92c2-e8ae18b077a5 ] Request (ServersTestManualDisk:tearDownClass): 204 DELETE http://10.180.1.21/networking/v2.0/routers/c60ef021-04bc-439d-b00e-430c21c89756 0.400s
2025-12-12 05:32:39.371 66532 INFO tempest.lib.common.rest_client [req-b7dbeb53-5539-4c37-91e0-1fde5a313008 req-b7dbeb53-5539-4c37-91e0-1fde5a313008 ] Request (SecurityGroupsTestJSON:test_security_groups_create_list_delete): 200 POST http://10.180.1.21/compute/v2.1/os-security-groups 0.540s
2025-12-12 05:32:39.599 66526 INFO tempest.lib.common.rest_client [req-857c1024-d673-46d0-8be0-7c4d07465a10 req-857c1024-d673-46d0-8be0-7c4d07465a10 ] Request (ServersTestManualDisk:tearDownClass): 204 DELETE http://10.180.1.21/networking/v2.0/subnets/ee8ae743-12fa-4b95-ba63-b6758388f0d1 0.301s
2025-12-12 05:32:39.670 66558 INFO tempest.lib.common.rest_client [req-4874fb5f-475a-49bc-a37d-66513b5b58b8 req-4874fb5f-475a-49bc-a37d-66513b5b58b8 ] Request (ServerRescueNegativeTestJSON:setUpClass): 200 GET http://10.180.1.21/compute/v2.1/servers/7bb3abe4-f2cd-47ac-8130-9b7643b10e35 0.595s
2025-12-12 05:32:39.717 66564 INFO tempest.lib.common.rest_client [req-d1c1e34d-82f0-4b3c-882b-15ec2a21b07e req-d1c1e34d-82f0-4b3c-882b-15ec2a21b07e ] Request (ServerActionsTestOtherA:test_rebuild_server_in_stop_state): 200 GET http://10.180.1.21/compute/v2.1/servers/ee31b73e-0752-47d4-81d9-a9a3cc690fc6 0.581s
2025-12-12 05:32:39.726 66564 INFO tempest.common.waiters [-] State transition "ACTIVE/None" ==> "ACTIVE/powering-off" after 11 second wait
2025-12-12 05:32:39.760 66560 INFO tempest.lib.common.rest_client [req-1467e2cb-5bcb-4504-b772-b18b98cd63e5 req-1467e2cb-5bcb-4504-b772-b18b98cd63e5 ] Request (ImagesOneServerNegativeTestJSON:_run_cleanups): 204 DELETE http://10.180.1.21/compute/v2.1/servers/845376eb-1590-41a6-b2a2-4acfb8b1db66 0.594s
2025-12-12 05:32:39.786 66514 INFO tempest.lib.common.rest_client [req-aeb3977c-5d53-4d04-8ecb-588cb0fd3ae7 req-aeb3977c-5d53-4d04-8ecb-588cb0fd3ae7 ] Request (AttachVolumeTestJSON:test_attach_detach_volume): 202 POST http://10.180.1.21/compute/v2.1/servers/55cddf83-144b-497e-be3a-a6af7ba63a36/action 0.588s
2025-12-12 05:32:39.788 66536 INFO tempest.lib.common.rest_client [req-613f1805-164f-4a00-8d55-d6ee13637c7b req-613f1805-164f-4a00-8d55-d6ee13637c7b ] Request (MigrationsAdminTest:test_resize_server_revert_deleted_flavor): 200 POST http://10.180.1.21/compute/v2.1/flavors/ec1730e7-4332-487a-8788-e58d7349a9db/os-extra_specs 0.574s
2025-12-12 05:32:39.872 66536 INFO tempest.lib.common.rest_client [req-99f64b8d-9df6-4838-a5cb-b1b859fffebf req-99f64b8d-9df6-4838-a5cb-b1b859fffebf ] Request (MigrationsAdminTest:test_resize_server_revert_deleted_flavor): 201 POST http://10.180.1.21/identity/v3/auth/tokens 0.079s
2025-12-12 05:32:39.873 66536 INFO tempest.lib.common.fixed_network [-] (MigrationsAdminTest:test_resize_server_revert_deleted_flavor) Found network None available for tenant
2025-12-12 05:32:39.915 66526 INFO tempest.lib.common.rest_client [req-483f9acf-31b1-4ee5-ab93-38430ccab5fd req-483f9acf-31b1-4ee5-ab93-38430ccab5fd ] Request (ServersTestManualDisk:tearDownClass): 204 DELETE http://10.180.1.21/networking/v2.0/networks/b19d218a-fb7b-4f62-a6dd-eb0d6d65442a 0.315s
2025-12-12 05:32:39.965 66566 INFO tempest.lib.common.rest_client [req-33f3d6b3-acc4-4937-876d-06322439cc85 req-33f3d6b3-acc4-4937-876d-06322439cc85 ] Request (ServersAdminTestJSON:tearDownClass): 200 GET http://10.180.1.21/compute/v2.1/servers/35d45597-f88c-4983-b3c0-b8d1047a8221 0.714s
2025-12-12 05:32:39.984 66516 INFO tempest.lib.common.rest_client [req-7552ea55-9a94-413d-b64a-27d500667ffc req-7552ea55-9a94-413d-b64a-27d500667ffc ] Request (ServersV294TestFqdnHostnames:tearDownClass): 200 GET http://10.180.1.21/compute/v2.1/servers/fe6f544a-9e76-48ee-8542-6d5aa957726c 0.708s
2025-12-12 05:32:39.996 66526 INFO tempest.lib.common.rest_client [req-3c444574-c9fc-4ed7-847c-d142653e214e req-3c444574-c9fc-4ed7-847c-d142653e214e ] Request (ServersTestManualDisk:tearDownClass): 204 DELETE http://10.180.1.21/identity/v3/users/c9a6ffebadad46e98c126e49061f1de5 0.081s
2025-12-12 05:32:39.997 66526 INFO tempest.lib.common.dynamic_creds [-] Deleting project and security group for project: 6caebc0f03f04639b4b9017cb1e91829
2025-12-12 05:32:40.037 66526 INFO tempest.lib.common.rest_client [req-e14e4f4e-ba52-417b-9f82-fb2f1805803c req-e14e4f4e-ba52-417b-9f82-fb2f1805803c ] Request (ServersTestManualDisk:tearDownClass): 200 GET http://10.180.1.21/networking/v2.0/security-groups?tenant_id=6caebc0f03f04639b4b9017cb1e91829&name=default 0.040s
2025-12-12 05:32:40.059 66548 INFO tempest.lib.common.rest_client [req-1114903a-f108-4340-860d-267a1c735ee4 req-1114903a-f108-4340-860d-267a1c735ee4 ] Request (ImagesOneServerTestJSON:setUpClass): 200 GET http://10.180.1.21/compute/v2.1/servers/8ba090c9-98f7-47ff-870f-8db0ca0c0450 0.746s
2025-12-12 05:32:40.092 66520 INFO tempest.lib.common.rest_client [req-6c0cb931-f85e-4cfb-ab6d-6f0579cd6bc8 req-6c0cb931-f85e-4cfb-ab6d-6f0579cd6bc8 ] Request (ServerTagsTestJSON:setUpClass): 200 GET http://10.180.1.21/compute/v2.1/servers/8d2ffc88-266a-4611-b65a-642b2dfea361 0.747s
2025-12-12 05:32:40.178 66526 INFO tempest.lib.common.rest_client [req-5c0a0185-ec14-4afb-9f4c-083c75299f9d req-5c0a0185-ec14-4afb-9f4c-083c75299f9d ] Request (ServersTestManualDisk:tearDownClass): 204 DELETE http://10.180.1.21/networking/v2.0/security-groups/d012b7b6-c244-4b05-93a5-9bac8912125a 0.140s
2025-12-12 05:32:40.199 66544 WARNING tempest.lib.common.ssh [-] Failed to establish authenticated ssh connection to cirros@10.180.180.152 ([Errno None] Unable to connect to port 22 on 10.180.180.152). Number attempts: 1. Retry after 2 seconds.: paramiko.ssh_exception.NoValidConnectionsError: [Errno None] Unable to connect to port 22 on 10.180.180.152
2025-12-12 05:32:40.281 66526 INFO tempest.lib.common.rest_client [req-e03cd154-1c0d-45d8-9a89-6a46644a1dc7 req-e03cd154-1c0d-45d8-9a89-6a46644a1dc7 ] Request (ServersTestManualDisk:tearDownClass): 204 DELETE http://10.180.1.21/identity/v3/projects/6caebc0f03f04639b4b9017cb1e91829 0.102s
2025-12-12 05:32:40.284 66532 INFO tempest.lib.common.rest_client [req-685efad7-4da3-4acb-8201-aa01adebd622 req-685efad7-4da3-4acb-8201-aa01adebd622 ] Request (SecurityGroupsTestJSON:test_security_groups_create_list_delete): 200 POST http://10.180.1.21/compute/v2.1/os-security-groups 0.909s
2025-12-12 05:32:40.346 66552 INFO tempest.lib.common.rest_client [req-c762d442-f02c-4473-ad30-e2d7cd73ca32 req-c762d442-f02c-4473-ad30-e2d7cd73ca32 ] Request (ServersNegativeTestJSON:setUpClass): 200 GET http://10.180.1.21/compute/v2.1/servers/eab42e05-71ff-4488-8d0b-0623a74245bb 0.957s
2025-12-12 05:32:40.367 66526 INFO tempest.lib.common.rest_client [req-51166ae3-3287-4ba4-9f92-a451ec40f806 req-51166ae3-3287-4ba4-9f92-a451ec40f806 ] Request (AttachVolumeNegativeTest:setUpClass): 201 POST http://10.180.1.21/identity/v3/auth/tokens 0.084s
2025-12-12 05:32:40.404 66526 INFO tempest.lib.common.rest_client [req-9060cf93-4ccf-42c0-8e4c-67f04812ac37 req-9060cf93-4ccf-42c0-8e4c-67f04812ac37 ] Request (AttachVolumeNegativeTest:setUpClass): 201 POST http://10.180.1.21/identity/v3/auth/tokens 0.034s
2025-12-12 05:32:40.418 66528 INFO tempest.lib.common.rest_client [req-46a76488-49e2-4708-b4cf-2ebc85041805 req-46a76488-49e2-4708-b4cf-2ebc85041805 ] Request (ServersListShow298Test:tearDownClass): 200 GET http://10.180.1.21/compute/v2.1/servers/fc7b738a-e346-4643-afba-5e662b33c4bb 0.923s
2025-12-12 05:32:40.439 66526 INFO tempest.lib.common.rest_client [req-716a248c-ae0d-4124-b220-4bcc9e1011f2 req-716a248c-ae0d-4124-b220-4bcc9e1011f2 ] Request (AttachVolumeNegativeTest:setUpClass): 200 GET http://10.180.1.21/identity/v3/domains?name=Default 0.033s
2025-12-12 05:32:40.473 66526 INFO tempest.lib.common.rest_client [req-f4a275a8-8cba-45f0-94ea-4a7db4d62cc0 req-f4a275a8-8cba-45f0-94ea-4a7db4d62cc0 ] Request (AttachVolumeNegativeTest:setUpClass): 201 POST http://10.180.1.21/identity/v3/projects 0.034s
2025-12-12 05:32:40.538 66546 INFO tempest.lib.common.rest_client [req-bcb5ff29-0351-49cd-adc6-e43730ae9b21 req-bcb5ff29-0351-49cd-adc6-e43730ae9b21 ] Request (ServerActionsTestJSON:test_reboot_server_hard): 200 GET http://10.180.1.21/compute/v2.1/servers/4499b5d8-210c-412f-87c2-2a1cc940569e 1.022s
2025-12-12 05:32:40.545 66546 INFO tempest.common.waiters [-] State transition "HARD_REBOOT/rebooting_hard" ==> "HARD_REBOOT/reboot_started_hard" after 4 second wait
2025-12-12 05:32:40.548 66526 INFO tempest.lib.common.rest_client [req-26e2c4b9-0710-4d4f-a799-0b6f70f3e6af req-26e2c4b9-0710-4d4f-a799-0b6f70f3e6af ] Request (AttachVolumeNegativeTest:setUpClass): 201 POST http://10.180.1.21/identity/v3/users 0.074s
2025-12-12 05:32:40.558 66524 INFO tempest.lib.common.rest_client [req-3ae8c427-e8c6-4200-b5c2-de2210a63a3f req-3ae8c427-e8c6-4200-b5c2-de2210a63a3f ] Request (ServerDiskConfigTestJSON:test_rebuild_server_with_manual_disk_config): 200 GET http://10.180.1.21/compute/v2.1/servers/a0e8e895-3d29-40d1-94ba-0cb2334ff574 0.997s
2025-12-12 05:32:40.584 66526 INFO tempest.lib.common.rest_client [req-2abf9436-f669-48fc-826f-46b17ba4f504 req-2abf9436-f669-48fc-826f-46b17ba4f504 ] Request (AttachVolumeNegativeTest:setUpClass): 200 GET http://10.180.1.21/identity/v3/roles 0.035s
2025-12-12 05:32:40.613 66526 INFO tempest.lib.common.rest_client [req-9e2ea571-0273-412d-bee5-3e89cfcc6bb2 req-9e2ea571-0273-412d-bee5-3e89cfcc6bb2 ] Request (AttachVolumeNegativeTest:setUpClass): 204 PUT http://10.180.1.21/identity/v3/projects/e7b0cc9d02c4428fa2efff9a28526b79/users/26950d34866049e197bf5153601471da/roles/4c93136beec94d32943a39313ba70f39 0.029s
2025-12-12 05:32:40.613 66526 INFO tempest.lib.common.dynamic_creds [-] Dynamic test user 26950d34866049e197bf5153601471da is created with scope project and roles: ['member']
2025-12-12 05:32:40.614 66526 INFO tempest.lib.common.dynamic_creds [-] Acquired dynamic creds: credentials: Credentials: {'domain_id': 'default', 'domain_name': 'Default', 'username': 'tempest-AttachVolumeNegativeTest-435537864-project-member', 'project_domain_id': 'default', 'project_domain_name': 'Default', 'project_id': 'e7b0cc9d02c4428fa2efff9a28526b79', 'project_name': 'tempest-AttachVolumeNegativeTest-435537864', 'tenant_id': 'e7b0cc9d02c4428fa2efff9a28526b79', 'tenant_name': 'tempest-AttachVolumeNegativeTest-435537864', 'user_domain_id': 'default', 'user_domain_name': 'Default', 'user_id': '26950d34866049e197bf5153601471da', 'system': None}, Network: None, Subnet: None, Router: None
2025-12-12 05:32:40.630 66530 INFO tempest.lib.common.rest_client [req-07d58bd0-9170-4194-ade2-c7ace85b96fd req-07d58bd0-9170-4194-ade2-c7ace85b96fd ] Request (TenantUsagesTestJSON:tearDownClass): 200 GET http://10.180.1.21/compute/v2.1/servers/b3303087-40d6-41fb-bc40-6f84f1bb5d1b 1.026s
2025-12-12 05:32:40.647 66512 INFO tempest.lib.common.rest_client [req-15b707f7-74bd-439f-a171-8ac46fd7ab21 req-15b707f7-74bd-439f-a171-8ac46fd7ab21 ] Request (ServersAdminNegativeTestJSON:tearDownClass): 200 GET http://10.180.1.21/compute/v2.1/servers/365da0f9-d2ee-488c-9439-ee82f87c651a 0.995s
2025-12-12 05:32:40.678 66526 INFO tempest.lib.common.rest_client [req-a8c0933f-87c0-4a09-a914-5630c44ea6c5 req-a8c0933f-87c0-4a09-a914-5630c44ea6c5 ] Request (AttachVolumeNegativeTest:setUpClass): 201 POST http://10.180.1.21/identity/v3/auth/tokens 0.064s
2025-12-12 05:32:40.693 66540 INFO tempest.lib.common.rest_client [req-ff440245-0c8c-4929-b8f0-334aa7fa7e3f req-ff440245-0c8c-4929-b8f0-334aa7fa7e3f ] Request (InstanceActionsTestJSON:tearDownClass): 200 GET http://10.180.1.21/compute/v2.1/servers/7b6e7ec0-e963-4e9b-b4e9-2615f84870f3 0.981s
2025-12-12 05:32:40.948 66526 INFO tempest.lib.common.rest_client [req-5f630bbd-3b69-4348-a633-5972a2715e55 req-5f630bbd-3b69-4348-a633-5972a2715e55 ] Request (AttachVolumeNegativeTest:setUpClass): 201 POST http://10.180.1.21/networking/v2.0/networks 0.270s
2025-12-12 05:32:40.974 66550 INFO tempest.lib.common.rest_client [req-f6bf8367-c692-443c-8df3-383f55fc56b3 req-f6bf8367-c692-443c-8df3-383f55fc56b3 ] Request (DeleteServersTestJSON:test_delete_server_while_in_shelved_state): 200 GET http://10.180.1.21/compute/v2.1/servers/aff780bd-788f-4c3b-a942-69937a9e6519 1.243s
2025-12-12 05:32:41.202 66526 INFO tempest.lib.common.rest_client [req-9c13a868-af5b-4a32-b2e8-10d784a4d329 req-9c13a868-af5b-4a32-b2e8-10d784a4d329 ] Request (AttachVolumeNegativeTest:setUpClass): 201 POST http://10.180.1.21/networking/v2.0/subnets 0.252s
2025-12-12 05:32:41.270 66560 INFO tempest.lib.common.rest_client [req-cafcfe03-9816-42a6-b9af-99521591e4a3 req-cafcfe03-9816-42a6-b9af-99521591e4a3 ] Request (ImagesOneServerNegativeTestJSON:_run_cleanups): 200 GET http://10.180.1.21/compute/v2.1/servers/845376eb-1590-41a6-b2a2-4acfb8b1db66 1.509s
2025-12-12 05:32:41.333 66514 INFO tempest.lib.common.rest_client [req-195c5a89-ad26-4f6d-9506-b919cf443eae req-195c5a89-ad26-4f6d-9506-b919cf443eae ] Request (AttachVolumeTestJSON:test_attach_detach_volume): 200 GET http://10.180.1.21/compute/v2.1/servers/55cddf83-144b-497e-be3a-a6af7ba63a36 1.547s
2025-12-12 05:32:41.369 66542 INFO tempest.lib.common.rest_client [req-5a824198-f9c0-4bfa-8cac-f5e47c8c82d7 req-5a824198-f9c0-4bfa-8cac-f5e47c8c82d7 ] Request (ServersTestMultiNic:_run_cleanups): 200 GET http://10.180.1.21/compute/v2.1/servers/972fe532-9ca9-453d-9653-e8d64d2ec0eb 1.515s
2025-12-12 05:32:41.548 66556 INFO tempest.lib.common.rest_client [req-e675a4b0-c6dd-4bd8-93dc-d5b36fd3e22b req-e675a4b0-c6dd-4bd8-93dc-d5b36fd3e22b ] Request (ServersTestJSON:test_create_server_specify_multibyte_character_name): 200 GET http://10.180.1.21/compute/v2.1/servers/8d299277-a1b2-44e4-ab3b-14c445cf9539 1.649s
2025-12-12 05:32:41.555 66556 INFO tempest.common.waiters [-] State transition "BUILD/networking" ==> "BUILD/spawning" after 50 second wait
2025-12-12 05:32:41.617 66562 INFO tempest.lib.common.rest_client [req-18fc6e98-d14d-4081-88a4-8549c7b80608 req-18fc6e98-d14d-4081-88a4-8549c7b80608 ] Request (VolumesAssistedSnapshotsTest:tearDownClass): 200 GET http://10.180.1.21/compute/v2.1/servers/eed2b239-fcf4-498d-86a0-079bc5b1d09b 1.698s
2025-12-12 05:32:41.669 66536 INFO tempest.lib.common.rest_client [req-08b1df5a-2cb6-4d77-9ec8-3fc2400a87ce req-08b1df5a-2cb6-4d77-9ec8-3fc2400a87ce ] Request (MigrationsAdminTest:test_resize_server_revert_deleted_flavor): 202 POST http://10.180.1.21/compute/v2.1/servers 1.796s
2025-12-12 05:32:41.677 66518 INFO tempest.lib.common.rest_client [req-77885c2c-4338-48d5-817f-104d525e43a1 req-77885c2c-4338-48d5-817f-104d525e43a1 ] Request (ServerActionsTestOtherB:setUpClass): 200 GET http://10.180.1.21/compute/v2.1/servers/20d8e473-504c-49ff-b844-d103f3c0b99c 1.712s
2025-12-12 05:32:41.730 66538 INFO tempest.lib.common.rest_client [req-b7056f37-0e20-4a1f-9014-dc7ebfecb96b req-b7056f37-0e20-4a1f-9014-dc7ebfecb96b ] Request (ServerShowV247Test:test_update_rebuild_list_server): 200 GET http://10.180.1.21/compute/v2.1/servers/096de4a3-d374-451b-b553-8564ab18bacf 1.747s
2025-12-12 05:32:41.749 66572 INFO tempest.lib.common.rest_client [req-6b7b5c77-db7e-41cc-b854-42f29a779d82 req-6b7b5c77-db7e-41cc-b854-42f29a779d82 ] Request (ServerMetadataNegativeTestJSON:setUpClass): 200 GET http://10.180.1.21/compute/v2.1/servers/e3ad9828-d662-470b-8663-0f0f21cb1560 1.488s
2025-12-12 05:32:41.911 66532 INFO tempest.lib.common.rest_client [req-a401575f-624c-48cc-aede-91a937064f92 req-a401575f-624c-48cc-aede-91a937064f92 ] Request (SecurityGroupsTestJSON:test_security_groups_create_list_delete): 200 GET http://10.180.1.21/compute/v2.1/os-security-groups 1.624s
2025-12-12 05:32:41.938 66558 INFO tempest.lib.common.rest_client [req-852aa444-69e4-4429-a5a2-cba5d246ada4 req-852aa444-69e4-4429-a5a2-cba5d246ada4 ] Request (ServerRescueNegativeTestJSON:setUpClass): 200 GET http://10.180.1.21/compute/v2.1/servers/7bb3abe4-f2cd-47ac-8130-9b7643b10e35 1.260s
2025-12-12 05:32:41.952 66558 INFO tempest.common.waiters [-] State transition "BUILD/spawning" ==> "ACTIVE/None" after 55 second wait
2025-12-12 05:32:42.025 66526 INFO tempest.lib.common.rest_client [req-715c08ab-9835-412a-b257-1ff767a6a08f req-715c08ab-9835-412a-b257-1ff767a6a08f ] Request (AttachVolumeNegativeTest:setUpClass): 201 POST http://10.180.1.21/networking/v2.0/routers 0.823s
2025-12-12 05:32:42.099 66566 INFO tempest.lib.common.rest_client [req-d94e2a0a-cb68-4bef-96b3-2b6e5cb9a7dd req-d94e2a0a-cb68-4bef-96b3-2b6e5cb9a7dd ] Request (ServersAdminTestJSON:tearDownClass): 200 GET http://10.180.1.21/compute/v2.1/servers/35d45597-f88c-4983-b3c0-b8d1047a8221 1.125s
2025-12-12 05:32:42.109 66564 INFO tempest.lib.common.rest_client [req-4528b51c-0f28-4801-b742-c00449e40be8 req-4528b51c-0f28-4801-b742-c00449e40be8 ] Request (ServerActionsTestOtherA:test_rebuild_server_in_stop_state): 200 GET http://10.180.1.21/compute/v2.1/servers/ee31b73e-0752-47d4-81d9-a9a3cc690fc6 1.382s
2025-12-12 05:32:42.121 66564 INFO tempest.common.waiters [-] State transition "ACTIVE/powering-off" ==> "SHUTOFF/None" after 14 second wait
2025-12-12 05:32:42.436 66516 INFO tempest.lib.common.rest_client [req-efbe2e9f-c7a7-4797-9214-170ca074ff43 req-efbe2e9f-c7a7-4797-9214-170ca074ff43 ] Request (ServersV294TestFqdnHostnames:tearDownClass): 200 GET http://10.180.1.21/compute/v2.1/servers/fe6f544a-9e76-48ee-8542-6d5aa957726c 1.435s
2025-12-12 05:32:42.442 66548 INFO tempest.lib.common.rest_client [req-65e6e92c-afdc-4701-91ea-87615457e5b5 req-65e6e92c-afdc-4701-91ea-87615457e5b5 ] Request (ImagesOneServerTestJSON:setUpClass): 200 GET http://10.180.1.21/compute/v2.1/servers/8ba090c9-98f7-47ff-870f-8db0ca0c0450 1.375s
2025-12-12 05:32:42.550 66520 INFO tempest.lib.common.rest_client [req-a7357514-009d-4840-bad4-247f53613dd1 req-a7357514-009d-4840-bad4-247f53613dd1 ] Request (ServerTagsTestJSON:setUpClass): 200 GET http://10.180.1.21/compute/v2.1/servers/8d2ffc88-266a-4611-b65a-642b2dfea361 1.449s
2025-12-12 05:32:42.607 66552 INFO tempest.lib.common.rest_client [req-9c7d125c-c543-41ad-ba00-36a37a0e6878 req-9c7d125c-c543-41ad-ba00-36a37a0e6878 ] Request (ServersNegativeTestJSON:setUpClass): 200 GET http://10.180.1.21/compute/v2.1/servers/eab42e05-71ff-4488-8d0b-0623a74245bb 1.251s
2025-12-12 05:32:42.654 66528 INFO tempest.lib.common.rest_client [req-8097a0c9-1db5-42ca-b912-4a391b261ce0 req-8097a0c9-1db5-42ca-b912-4a391b261ce0 ] Request (ServersListShow298Test:tearDownClass): 200 GET http://10.180.1.21/compute/v2.1/servers/fc7b738a-e346-4643-afba-5e662b33c4bb 1.222s
2025-12-12 05:32:42.798 66524 INFO tempest.lib.common.rest_client [req-79385c35-013a-4625-9307-2df35cbd1805 req-79385c35-013a-4625-9307-2df35cbd1805 ] Request (ServerDiskConfigTestJSON:test_rebuild_server_with_manual_disk_config): 200 GET http://10.180.1.21/compute/v2.1/servers/a0e8e895-3d29-40d1-94ba-0cb2334ff574 1.229s
2025-12-12 05:32:42.832 66546 INFO tempest.lib.common.rest_client [req-ece8e2d4-5c32-4ac1-a11b-5a23cca0619d req-ece8e2d4-5c32-4ac1-a11b-5a23cca0619d ] Request (ServerActionsTestJSON:test_reboot_server_hard): 200 GET http://10.180.1.21/compute/v2.1/servers/4499b5d8-210c-412f-87c2-2a1cc940569e 1.284s
2025-12-12 05:32:42.846 66546 INFO tempest.common.waiters [-] State transition "HARD_REBOOT/reboot_started_hard" ==> "ACTIVE/None" after 6 second wait
2025-12-12 05:32:42.847 66546 INFO tempest.lib.common.ssh [-] Creating ssh connection to '10.180.180.170:22' as 'cirros' with public key authentication
2025-12-12 05:32:42.885 66530 INFO tempest.lib.common.rest_client [req-6085ff27-06b3-4c7f-a14f-3c6125199791 req-6085ff27-06b3-4c7f-a14f-3c6125199791 ] Request (TenantUsagesTestJSON:tearDownClass): 200 GET http://10.180.1.21/compute/v2.1/servers/b3303087-40d6-41fb-bc40-6f84f1bb5d1b 1.242s
2025-12-12 05:32:42.899 66512 INFO tempest.lib.common.rest_client [req-1ccaff51-79c9-4f6a-9daf-18259d50f2b3 req-1ccaff51-79c9-4f6a-9daf-18259d50f2b3 ] Request (ServersAdminNegativeTestJSON:tearDownClass): 200 GET http://10.180.1.21/compute/v2.1/servers/365da0f9-d2ee-488c-9439-ee82f87c651a 1.239s
2025-12-12 05:32:42.939 66536 INFO tempest.lib.common.rest_client [req-7b20fec3-41af-491a-871e-0478ea796281 req-7b20fec3-41af-491a-871e-0478ea796281 ] Request (MigrationsAdminTest:test_resize_server_revert_deleted_flavor): 200 GET http://10.180.1.21/compute/v2.1/servers/7137135f-5b88-4c91-9f5f-56301a1a3c8d 1.268s
2025-12-12 05:32:42.968 66540 INFO tempest.lib.common.rest_client [req-92a5cdcf-6ccb-4d30-8269-37cfb96a1c1c req-92a5cdcf-6ccb-4d30-8269-37cfb96a1c1c ] Request (InstanceActionsTestJSON:tearDownClass): 200 GET http://10.180.1.21/compute/v2.1/servers/7b6e7ec0-e963-4e9b-b4e9-2615f84870f3 1.257s
2025-12-12 05:32:42.988 66526 INFO tempest.lib.common.rest_client [req-a8c37fd7-e90d-42df-8d4b-bee2b7c6db12 req-a8c37fd7-e90d-42df-8d4b-bee2b7c6db12 ] Request (AttachVolumeNegativeTest:setUpClass): 200 PUT http://10.180.1.21/networking/v2.0/routers/a9ab410a-1307-4008-8a5a-74d4e995a706/add_router_interface 0.961s
2025-12-12 05:32:42.988 66526 INFO tempest.lib.common.dynamic_creds [-] Created isolated network resources for: credentials: Credentials: {'domain_id': 'default', 'domain_name': 'Default', 'username': 'tempest-AttachVolumeNegativeTest-435537864-project-member', 'project_domain_id': 'default', 'project_domain_name': 'Default', 'project_id': 'e7b0cc9d02c4428fa2efff9a28526b79', 'project_name': 'tempest-AttachVolumeNegativeTest-435537864', 'tenant_id': 'e7b0cc9d02c4428fa2efff9a28526b79', 'tenant_name': 'tempest-AttachVolumeNegativeTest-435537864', 'user_domain_id': 'default', 'user_domain_name': 'Default', 'user_id': '26950d34866049e197bf5153601471da', 'system': None}, Network: {'id': 'a8660d8b-9c3d-4842-949d-b857c66887f3', 'name': 'tempest-AttachVolumeNegativeTest-1153681926-network', 'tenant_id': 'e7b0cc9d02c4428fa2efff9a28526b79', 'project_id': 'e7b0cc9d02c4428fa2efff9a28526b79', 'admin_state_up': True, 'mtu': 8950, 'status': 'ACTIVE', 'subnets': [], 'shared': False, 'port_security_enabled': True, 'router:external': False, 'provider:network_type': 'vlan', 'provider:physical_network': 'default', 'provider:segmentation_id': 584, 'availability_zone_hints': [], 'availability_zones': [], 'ipv4_address_scope': None, 'ipv6_address_scope': None, 'description': '', 'tags': [], 'created_at': '2025-12-12T05:32:40Z', 'updated_at': '2025-12-12T05:32:40Z', 'revision_number': 1}, Subnet: {'id': '0815f2e1-3f74-4d2a-9062-f060bec15928', 'name': 'tempest-AttachVolumeNegativeTest-1153681926-subnet', 'tenant_id': 'e7b0cc9d02c4428fa2efff9a28526b79', 'network_id': 'a8660d8b-9c3d-4842-949d-b857c66887f3', 'ip_version': 4, 'subnetpool_id': None, 'enable_dhcp': True, 'ipv6_ra_mode': None, 'ipv6_address_mode': None, 'gateway_ip': '192.168.128.1', 'cidr': '192.168.128.0/28', 'allocation_pools': [{'start': '192.168.128.2', 'end': '192.168.128.14'}], 'host_routes': [], 'dns_nameservers': [], 'description': '', 'router:external': False, 'service_types': [], 'tags': [], 'created_at': '2025-12-12T05:32:41Z', 'updated_at': '2025-12-12T05:32:41Z', 'revision_number': 0, 'project_id': 'e7b0cc9d02c4428fa2efff9a28526b79'}, Router: {'id': 'a9ab410a-1307-4008-8a5a-74d4e995a706', 'name': 'tempest-AttachVolumeNegativeTest-1153681926-router', 'tenant_id': 'e7b0cc9d02c4428fa2efff9a28526b79', 'admin_state_up': True, 'status': 'ACTIVE', 'external_gateway_info': {'network_id': '44e020d6-a232-4906-befd-a11d3c74f470', 'external_fixed_ips': [{'subnet_id': 'd9e3fc27-e31b-4e5d-9bf1-1fe5d2c501f8', 'ip_address': '10.180.180.212'}], 'enable_snat': True}, 'description': '', 'availability_zones': [], 'distributed': False, 'ha': False, 'availability_zone_hints': [], 'routes': [], 'flavor_id': None, 'tags': [], 'created_at': '2025-12-12T05:32:41Z', 'updated_at': '2025-12-12T05:32:41Z', 'revision_number': 2, 'project_id': 'e7b0cc9d02c4428fa2efff9a28526b79'}
2025-12-12 05:32:43.048 66558 INFO tempest.lib.common.rest_client [req-6ccdaf69-fc03-4856-8655-cf2d58f848be req-6ccdaf69-fc03-4856-8655-cf2d58f848be ] Request (ServerRescueNegativeTestJSON:setUpClass): 200 POST http://10.180.1.21/compute/v2.1/servers/7bb3abe4-f2cd-47ac-8130-9b7643b10e35/action 1.095s
2025-12-12 05:32:43.069 66532 INFO tempest.lib.common.rest_client [req-0a10010f-c1ce-4754-93d7-3578338be7fe req-0a10010f-c1ce-4754-93d7-3578338be7fe ] Request (SecurityGroupsTestJSON:test_security_groups_create_list_delete): 202 DELETE http://10.180.1.21/compute/v2.1/os-security-groups/ceec911d-2c86-49c4-9590-018c42511a83 1.154s
2025-12-12 05:32:43.087 66526 INFO tempest.lib.common.rest_client [req-bf3afdb1-9fe9-4458-bf87-be3a0ae2cb21 req-bf3afdb1-9fe9-4458-bf87-be3a0ae2cb21 ] Request (AttachVolumeNegativeTest:setUpClass): 201 POST http://10.180.1.21/identity/v3/auth/tokens 0.095s
2025-12-12 05:32:43.109 66550 INFO tempest.lib.common.rest_client [req-d37a58bd-0081-4830-bb5c-d39a6b318137 req-d37a58bd-0081-4830-bb5c-d39a6b318137 ] Request (DeleteServersTestJSON:test_delete_server_while_in_shelved_state): 200 GET http://10.180.1.21/compute/v2.1/servers/aff780bd-788f-4c3b-a942-69937a9e6519 1.123s
2025-12-12 05:32:43.163 66560 INFO tempest.lib.common.rest_client [req-8565b1b1-f1c1-48f6-940e-8fd3b6463f49 req-8565b1b1-f1c1-48f6-940e-8fd3b6463f49 ] Request (ImagesOneServerNegativeTestJSON:_run_cleanups): 200 GET http://10.180.1.21/compute/v2.1/servers/845376eb-1590-41a6-b2a2-4acfb8b1db66 0.882s
2025-12-12 05:32:43.178 66564 INFO tempest.lib.common.rest_client [req-beb806f7-dfa7-465a-98ee-71296f674018 req-beb806f7-dfa7-465a-98ee-71296f674018 ] Request (ServerActionsTestOtherA:test_rebuild_server_in_stop_state): 200 GET http://10.180.1.21/compute/v2.1/servers/ee31b73e-0752-47d4-81d9-a9a3cc690fc6 1.056s
2025-12-12 05:32:43.235 66542 INFO tempest.lib.common.rest_client [req-ab3050e4-2d60-44e6-a7b7-d0c6c836c0b5 req-ab3050e4-2d60-44e6-a7b7-d0c6c836c0b5 ] Request (ServersTestMultiNic:_run_cleanups): 200 GET http://10.180.1.21/compute/v2.1/servers/972fe532-9ca9-453d-9653-e8d64d2ec0eb 0.856s
2025-12-12 05:32:43.263 66514 INFO tempest.lib.common.rest_client [req-7a9aa084-0c98-4a75-acff-b461d2e69a95 req-7a9aa084-0c98-4a75-acff-b461d2e69a95 ] Request (AttachVolumeTestJSON:test_attach_detach_volume): 200 GET http://10.180.1.21/compute/v2.1/servers/55cddf83-144b-497e-be3a-a6af7ba63a36 0.918s
2025-12-12 05:32:43.270 66544 WARNING tempest.lib.common.ssh [-] Failed to establish authenticated ssh connection to cirros@10.180.180.152 ([Errno None] Unable to connect to port 22 on 10.180.180.152). Number attempts: 2. Retry after 3 seconds.: paramiko.ssh_exception.NoValidConnectionsError: [Errno None] Unable to connect to port 22 on 10.180.180.152
2025-12-12 05:32:43.335 66562 INFO tempest.lib.common.rest_client [req-7b9d8456-87da-48b1-9fb7-045e29facf5c req-7b9d8456-87da-48b1-9fb7-045e29facf5c ] Request (VolumesAssistedSnapshotsTest:tearDownClass): 200 GET http://10.180.1.21/compute/v2.1/servers/eed2b239-fcf4-498d-86a0-079bc5b1d09b 0.707s
2025-12-12 05:32:43.372 66556 INFO tempest.lib.common.rest_client [req-d4d5d7ab-bf92-4a5a-86b4-e2a6f10f1ff8 req-d4d5d7ab-bf92-4a5a-86b4-e2a6f10f1ff8 ] Request (ServersTestJSON:test_create_server_specify_multibyte_character_name): 200 GET http://10.180.1.21/compute/v2.1/servers/8d299277-a1b2-44e4-ab3b-14c445cf9539 0.815s
2025-12-12 05:32:43.415 66518 INFO tempest.lib.common.rest_client [req-ffb1e664-6a5d-40a8-ab62-1683b224f3c4 req-ffb1e664-6a5d-40a8-ab62-1683b224f3c4 ] Request (ServerActionsTestOtherB:setUpClass): 200 GET http://10.180.1.21/compute/v2.1/servers/20d8e473-504c-49ff-b844-d103f3c0b99c 0.730s
2025-12-12 05:32:43.449 66538 INFO tempest.lib.common.rest_client [req-a647de37-e270-421b-bc79-22d459311246 req-a647de37-e270-421b-bc79-22d459311246 ] Request (ServerShowV247Test:test_update_rebuild_list_server): 200 GET http://10.180.1.21/compute/v2.1/servers/096de4a3-d374-451b-b553-8564ab18bacf 0.710s
2025-12-12 05:32:43.474 66572 INFO tempest.lib.common.rest_client [req-18987dd8-8cb2-41ad-abe1-1d4dd8ec34b7 req-18987dd8-8cb2-41ad-abe1-1d4dd8ec34b7 ] Request (ServerMetadataNegativeTestJSON:setUpClass): 200 GET http://10.180.1.21/compute/v2.1/servers/e3ad9828-d662-470b-8663-0f0f21cb1560 0.716s
2025-12-12 05:32:43.502 66532 INFO tempest.lib.common.rest_client [req-841b7467-1181-4741-9692-599490643f39 req-841b7467-1181-4741-9692-599490643f39 ] Request (SecurityGroupsTestJSON:test_security_groups_create_list_delete): 404 GET http://10.180.1.21/compute/v2.1/os-security-groups/ceec911d-2c86-49c4-9590-018c42511a83 0.433s
2025-12-12 05:32:43.582 66558 INFO tempest.lib.common.rest_client [req-08587c07-f6a4-4af6-b8fd-32b465c6e6fa req-08587c07-f6a4-4af6-b8fd-32b465c6e6fa ] Request (ServerRescueNegativeTestJSON:setUpClass): 200 GET http://10.180.1.21/compute/v2.1/servers/7bb3abe4-f2cd-47ac-8130-9b7643b10e35 0.533s
2025-12-12 05:32:43.638 66526 INFO tempest.lib.common.rest_client [req-e0292694-6e29-4645-a070-7258d7930228 req-e0292694-6e29-4645-a070-7258d7930228 ] Request (ValidationResourcesFixture:setUp): 200 POST http://10.180.1.21/compute/v2.1/os-keypairs 0.549s
2025-12-12 05:32:43.661 66566 INFO tempest.lib.common.rest_client [req-162aa720-8642-48f4-a2a6-d3cc4a31782b req-162aa720-8642-48f4-a2a6-d3cc4a31782b ] Request (ServersAdminTestJSON:tearDownClass): 200 GET http://10.180.1.21/compute/v2.1/servers/35d45597-f88c-4983-b3c0-b8d1047a8221 0.552s
2025-12-12 05:32:43.734 66516 INFO tempest.lib.common.rest_client [req-659fd869-3736-4628-9ccf-ac7a0dc3a363 req-659fd869-3736-4628-9ccf-ac7a0dc3a363 ] Request (ServersV294TestFqdnHostnames:tearDownClass): 200 GET http://10.180.1.21/compute/v2.1/servers/fe6f544a-9e76-48ee-8542-6d5aa957726c 0.281s
2025-12-12 05:32:43.747 66526 INFO tempest.lib.common.rest_client [req-8ad2d7c4-7a6e-49af-b3f6-df03d16e4e81 req-8ad2d7c4-7a6e-49af-b3f6-df03d16e4e81 ] Request (ValidationResourcesFixture:setUp): 201 POST http://10.180.1.21/networking/v2.0/security-groups 0.108s
2025-12-12 05:32:43.759 66564 INFO tempest.lib.common.rest_client [req-7fd2a547-3708-47c8-ad03-5e0b829d8d09 req-7fd2a547-3708-47c8-ad03-5e0b829d8d09 ] Request (ServerActionsTestOtherA:tearDown): 200 GET http://10.180.1.21/compute/v2.1/servers/59d75724-d702-4329-bd07-2294ab7e08cf 0.573s
