2025-11-12 13:30:18.636 67743 INFO tempest.lib.common.dynamic_creds [-] Acquired dynamic creds: credentials: Credentials: {'domain_id': 'default', 'domain_name': 'Default', 'username': 'tempest-InstanceActionsTestJSON-373990733-project-member', 'project_domain_id': 'default', 'project_domain_name': 'Default', 'project_id': 'd50a4471bcca40b38dd2dc1ab2a37c7b', 'project_name': 'tempest-InstanceActionsTestJSON-373990733', 'tenant_id': 'd50a4471bcca40b38dd2dc1ab2a37c7b', 'tenant_name': 'tempest-InstanceActionsTestJSON-373990733', 'user_domain_id': 'default', 'user_domain_name': 'Default', 'user_id': '6c9528d9a1554276b6a6cd1316aa47f8', 'system': None}, Network: None, Subnet: None, Router: None
2025-11-12 13:30:18.683 67733 INFO tempest.lib.common.rest_client [req-353f5282-91e7-4c6d-9c81-32ad61a2ab43 req-353f5282-91e7-4c6d-9c81-32ad61a2ab43 ] Request (VolumesAssistedSnapshotsTest:_run_cleanups): 202 DELETE http://10.180.1.21/compute/v2.1/servers/b6222fa1-73ef-4df6-be75-a1daad920035/os-volume_attachments/417365a6-9f76-4930-80e8-8bc7af7ef79a 0.732s
2025-11-12 13:30:18.701 67743 INFO tempest.lib.common.rest_client [req-7d6c4b3a-51b3-40b0-a535-65b88544e6d8 req-7d6c4b3a-51b3-40b0-a535-65b88544e6d8 ] Request (InstanceActionsTestJSON:setUpClass): 201 POST http://10.180.1.21/identity/v3/auth/tokens 0.064s
2025-11-12 13:30:18.756 67739 INFO tempest.lib.common.rest_client [req-0697f686-0dce-429b-9bdf-9ef2dc384ea6 req-0697f686-0dce-429b-9bdf-9ef2dc384ea6 ] Request (ServerShowV247Test:test_update_rebuild_list_server): 200 GET http://10.180.1.21/compute/v2.1/servers/9d301d76-6e9d-406f-8eac-0dd910260c73 0.790s
2025-11-12 13:30:18.855 67750 INFO tempest.lib.common.rest_client [req-1be2bf72-aa04-4446-8456-2fb3fb56998c req-1be2bf72-aa04-4446-8456-2fb3fb56998c ] Request (InstanceActionsNegativeTestJSON:setUpClass): 200 GET http://10.180.1.21/compute/v2.1/servers/e9e1b705-cebe-400d-b971-34fe5b5d5271 0.864s
2025-11-12 13:30:18.864 67750 INFO tempest.common.waiters [-] State transition "BUILD/spawning" ==> "ACTIVE/None" after 41 second wait
2025-11-12 13:30:18.990 67743 INFO tempest.lib.common.rest_client [req-a7988ac4-1d25-4945-ba44-6d209f2dcef6 req-a7988ac4-1d25-4945-ba44-6d209f2dcef6 ] Request (InstanceActionsTestJSON:setUpClass): 201 POST http://10.180.1.21/networking/v2.0/networks 0.288s
2025-11-12 13:30:19.144 67743 INFO tempest.lib.common.rest_client [req-3cdce2b4-b227-4f95-a65c-04cafd06ab27 req-3cdce2b4-b227-4f95-a65c-04cafd06ab27 ] Request (InstanceActionsTestJSON:setUpClass): 201 POST http://10.180.1.21/networking/v2.0/subnets 0.154s
2025-11-12 13:30:19.956 67743 INFO tempest.lib.common.rest_client [req-9b2bee10-f089-4cf3-a64c-a84f94e96bce req-9b2bee10-f089-4cf3-a64c-a84f94e96bce ] Request (InstanceActionsTestJSON:setUpClass): 201 POST http://10.180.1.21/networking/v2.0/routers 0.811s
2025-11-12 13:30:19.973 67762 INFO paramiko.transport [-] Connected (version 2.0, client dropbear_2020.81)
2025-11-12 13:30:20.038 67762 INFO paramiko.transport [-] Authentication (publickey) successful!
2025-11-12 13:30:20.039 67762 INFO tempest.lib.common.ssh [-] ssh connection to cirros@10.180.180.210 successfully created
2025-11-12 13:30:20.892 67743 INFO tempest.lib.common.rest_client [req-18162b0a-31f8-48a9-9b41-a77041839fcf req-18162b0a-31f8-48a9-9b41-a77041839fcf ] Request (InstanceActionsTestJSON:setUpClass): 200 PUT http://10.180.1.21/networking/v2.0/routers/7c61a343-ea83-4d06-a57e-c2d984de51ce/add_router_interface 0.936s
2025-11-12 13:30:20.893 67743 INFO tempest.lib.common.dynamic_creds [-] Created isolated network resources for: credentials: Credentials: {'domain_id': 'default', 'domain_name': 'Default', 'username': 'tempest-InstanceActionsTestJSON-373990733-project-member', 'project_domain_id': 'default', 'project_domain_name': 'Default', 'project_id': 'd50a4471bcca40b38dd2dc1ab2a37c7b', 'project_name': 'tempest-InstanceActionsTestJSON-373990733', 'tenant_id': 'd50a4471bcca40b38dd2dc1ab2a37c7b', 'tenant_name': 'tempest-InstanceActionsTestJSON-373990733', 'user_domain_id': 'default', 'user_domain_name': 'Default', 'user_id': '6c9528d9a1554276b6a6cd1316aa47f8', 'system': None}, Network: {'id': '783af79b-055c-4e03-8273-2fbd30cba3c6', 'name': 'tempest-InstanceActionsTestJSON-364080894-network', 'tenant_id': 'd50a4471bcca40b38dd2dc1ab2a37c7b', 'project_id': 'd50a4471bcca40b38dd2dc1ab2a37c7b', 'admin_state_up': True, 'mtu': 8950, 'status': 'ACTIVE', 'subnets': [], 'shared': False, 'port_security_enabled': True, 'router:external': False, 'provider:network_type': 'vlan', 'provider:physical_network': 'default', 'provider:segmentation_id': 745, 'availability_zone_hints': [], 'availability_zones': [], 'ipv4_address_scope': None, 'ipv6_address_scope': None, 'description': '', 'tags': [], 'created_at': '2025-11-12T13:30:18Z', 'updated_at': '2025-11-12T13:30:18Z', 'revision_number': 1}, Subnet: {'id': '4bba7e70-fa58-4086-89f3-42197bf09e02', 'name': 'tempest-InstanceActionsTestJSON-364080894-subnet', 'tenant_id': 'd50a4471bcca40b38dd2dc1ab2a37c7b', 'network_id': '783af79b-055c-4e03-8273-2fbd30cba3c6', 'ip_version': 4, 'subnetpool_id': None, 'enable_dhcp': True, 'ipv6_ra_mode': None, 'ipv6_address_mode': None, 'gateway_ip': '192.168.128.1', 'cidr': '192.168.128.0/28', 'allocation_pools': [{'start': '192.168.128.2', 'end': '192.168.128.14'}], 'host_routes': [], 'dns_nameservers': [], 'description': '', 'router:external': False, 'service_types': [], 'tags': [], 'created_at': '2025-11-12T13:30:19Z', 'updated_at': '2025-11-12T13:30:19Z', 'revision_number': 0, 'project_id': 'd50a4471bcca40b38dd2dc1ab2a37c7b'}, Router: {'id': '7c61a343-ea83-4d06-a57e-c2d984de51ce', 'name': 'tempest-InstanceActionsTestJSON-364080894-router', 'tenant_id': 'd50a4471bcca40b38dd2dc1ab2a37c7b', 'admin_state_up': True, 'status': 'ACTIVE', 'external_gateway_info': {'network_id': '58e481a0-2d28-4288-a763-7675b5382b80', 'external_fixed_ips': [{'subnet_id': '99146c59-d9c4-428f-9ddb-266533d084e2', 'ip_address': '10.180.180.179'}], 'enable_snat': True}, 'description': '', 'availability_zones': [], 'distributed': False, 'ha': False, 'availability_zone_hints': [], 'routes': [], 'flavor_id': None, 'tags': [], 'created_at': '2025-11-12T13:30:19Z', 'updated_at': '2025-11-12T13:30:19Z', 'revision_number': 2, 'project_id': 'd50a4471bcca40b38dd2dc1ab2a37c7b'}
2025-11-12 13:30:20.981 67743 INFO tempest.lib.common.rest_client [req-f39cfb83-fa81-459f-89a9-98c0e945cece req-f39cfb83-fa81-459f-89a9-98c0e945cece ] Request (InstanceActionsTestJSON:setUpClass): 201 POST http://10.180.1.21/identity/v3/auth/tokens 0.085s
2025-11-12 13:30:21.015 67743 INFO tempest.lib.common.rest_client [req-00d8e436-085b-459e-b216-af0176fffad4 req-00d8e436-085b-459e-b216-af0176fffad4 ] Request (InstanceActionsTestJSON:setUpClass): 201 POST http://10.180.1.21/identity/v3/auth/tokens 0.030s
2025-11-12 13:30:21.015 67743 INFO tempest.lib.common.fixed_network [-] (InstanceActionsTestJSON:setUpClass) Found network {'id': '783af79b-055c-4e03-8273-2fbd30cba3c6', 'name': 'tempest-InstanceActionsTestJSON-364080894-network', 'tenant_id': 'd50a4471bcca40b38dd2dc1ab2a37c7b', 'project_id': 'd50a4471bcca40b38dd2dc1ab2a37c7b', 'admin_state_up': True, 'mtu': 8950, 'status': 'ACTIVE', 'subnets': [], 'shared': False, 'port_security_enabled': True, 'router:external': False, 'provider:network_type': 'vlan', 'provider:physical_network': 'default', 'provider:segmentation_id': 745, 'availability_zone_hints': [], 'availability_zones': [], 'ipv4_address_scope': None, 'ipv6_address_scope': None, 'description': '', 'tags': [], 'created_at': '2025-11-12T13:30:18Z', 'updated_at': '2025-11-12T13:30:18Z', 'revision_number': 1} available for tenant
2025-11-12 13:30:22.870 67747 INFO tempest.lib.common.rest_client [req-aa846bfb-3eba-474f-a4ca-e5533a902a41 req-aa846bfb-3eba-474f-a4ca-e5533a902a41 ] Request (ServerActionsTestOtherB:test_create_backup): 200 GET http://10.180.1.21/image/v2/images/c2345885-ed7a-40e8-8f76-5aa69585154c 4.273s
2025-11-12 13:30:22.901 67760 INFO tempest.lib.common.rest_client [req-91c38ab0-6cbb-4cac-a927-495a73103032 req-91c38ab0-6cbb-4cac-a927-495a73103032 ] Request (ListImageFiltersTestJSON:test_list_images_with_detail_filter_by_name): 200 GET http://10.180.1.21/compute/v2.1/images/detail?name=tempest-ListImageFiltersTestJSON-image-357607005 5.048s
2025-11-12 13:30:22.916 67747 INFO tempest.lib.common.rest_client [req-1ea3f295-3ee2-488b-925f-5312de17c360 req-1ea3f295-3ee2-488b-925f-5312de17c360 ] Request (ServerActionsTestOtherB:test_create_backup): 200 GET http://10.180.1.21/image/v2/images/c2345885-ed7a-40e8-8f76-5aa69585154c/tasks 0.045s
2025-11-12 13:30:22.926 67774 INFO tempest.lib.common.rest_client [req-514b23a3-e05a-449f-9638-c8957c703bcb req-514b23a3-e05a-449f-9638-c8957c703bcb ] Request (ImagesTestJSON:test_create_image_from_suspended_server): 200 GET http://10.180.1.21/compute/v2.1/images/b5e5e5c0-4469-4606-96b3-b76a7fd49691 4.896s
2025-11-12 13:30:22.975 67747 INFO tempest.lib.common.rest_client [req-7bd92e25-316a-45b2-b897-ac92479d03d0 req-7bd92e25-316a-45b2-b897-ac92479d03d0 ] Request (ServerActionsTestOtherB:test_create_backup): 200 GET http://10.180.1.21/image/v2/images?status=active&sort_key=created_at&sort_dir=asc&image_type=backup&backup_type=daily&instance_uuid=373d094b-7f70-4a27-bbad-580dd58f92b4 0.059s
2025-11-12 13:30:23.074 67751 INFO tempest.lib.common.rest_client [req-52531f21-2745-4691-8938-20f915580395 req-52531f21-2745-4691-8938-20f915580395 ] Request (MigrationsAdminTest:test_resize_server_revert_deleted_flavor): 200 GET http://10.180.1.21/compute/v2.1/servers/6ae35292-f392-4e21-af85-90828a50e622 4.965s
2025-11-12 13:30:23.094 67764 INFO tempest.lib.common.rest_client [req-bf7c1048-0d17-46f8-8477-42db4d267e7d req-bf7c1048-0d17-46f8-8477-42db4d267e7d ] Request (ServersAdminTestJSON:test_inject_network_info): 200 GET http://10.180.1.21/compute/v2.1/servers/dfc0c8a1-906d-40b3-b878-278873ddae6e 4.992s
2025-11-12 13:30:23.101 67764 INFO tempest.common.waiters [-] State transition "BUILD/spawning" ==> "ACTIVE/None" after 46 second wait
2025-11-12 13:30:23.134 67721 INFO tempest.lib.common.rest_client [req-71dea693-a71a-4d8d-9ba2-a01d04164f76 req-71dea693-a71a-4d8d-9ba2-a01d04164f76 ] Request (AttachInterfacesUnderV243Test:test_add_remove_fixed_ip): 200 GET http://10.180.1.21/compute/v2.1/servers/a490a81a-0cfc-4574-8d45-f63d036eb0af 4.967s
2025-11-12 13:30:23.215 67756 INFO tempest.lib.common.rest_client [req-994e020e-3190-4114-930b-94616bb1785f req-994e020e-3190-4114-930b-94616bb1785f ] Request (ServerExternalEventsTest:tearDownClass): 200 GET http://10.180.1.21/compute/v2.1/servers/b7fbb572-9690-46fd-a4ac-d73def7be6ee 4.900s
2025-11-12 13:30:23.247 67745 INFO tempest.lib.common.rest_client [req-405ddeb5-baa0-4d8a-87b6-632ac026e661 req-405ddeb5-baa0-4d8a-87b6-632ac026e661 ] Request (ServersTestJSON:setUpClass): 200 GET http://10.180.1.21/compute/v2.1/servers/eda40014-d39c-406e-a52c-d84b532fe82f 5.033s
2025-11-12 13:30:23.260 67745 INFO tempest.common.waiters [-] State transition "BUILD/None" ==> "BUILD/networking" after 45 second wait
2025-11-12 13:30:23.283 67766 INFO tempest.lib.common.rest_client [req-32313a9f-3fe2-4f09-b61f-bb3f42677fd1 req-32313a9f-3fe2-4f09-b61f-bb3f42677fd1 ] Request (ServerActionsTestOtherA:test_rebuild_server_in_stop_state): 200 GET http://10.180.1.21/compute/v2.1/servers/e295a63e-1e40-41be-8e84-885c61dc324f 4.863s
2025-11-12 13:30:23.364 67729 INFO tempest.lib.common.rest_client [req-1fe8d53b-8e0a-4d71-83d4-5b7ddac6755a req-1fe8d53b-8e0a-4d71-83d4-5b7ddac6755a ] Request (FloatingIPsAssociationTestJSON:setUpClass): 200 GET http://10.180.1.21/compute/v2.1/servers/46992d8c-6111-4870-a593-d6d9ea932244 4.932s
2025-11-12 13:30:23.383 67737 INFO tempest.lib.common.rest_client [req-079c4429-3674-431a-8d51-1e40b650b1c1 req-079c4429-3674-431a-8d51-1e40b650b1c1 ] Request (ImagesOneServerTestJSON:tearDownClass): 200 GET http://10.180.1.21/compute/v2.1/servers/374a9200-57bc-461d-8f2d-ff4c554d66bf 4.820s
2025-11-12 13:30:23.519 67777 INFO tempest.lib.common.rest_client [req-bb563d1c-41fe-450b-91df-d60545bc9b75 req-bb563d1c-41fe-450b-91df-d60545bc9b75 ] Request (ServerDiskConfigTestJSON:test_resize_server_from_auto_to_manual): 200 GET http://10.180.1.21/compute/v2.1/servers/4591053e-a5a0-4ee6-992f-14ff976a4dcf 4.881s
2025-11-12 13:30:23.526 67777 INFO tempest.common.waiters [-] State transition "BUILD/scheduling" ==> "BUILD/None" after 24 second wait
2025-11-12 13:30:23.548 67725 INFO tempest.lib.common.rest_client [req-3fb61d43-1eb5-49f6-b1a2-b7ee1e12599a req-3fb61d43-1eb5-49f6-b1a2-b7ee1e12599a ] Request (ServerRescueNegativeTestJSON:_run_cleanups): 200 GET http://10.180.1.21/compute/v2.1/servers/0343f53d-2d89-4e89-aead-50ab7c487c6a 4.983s
2025-11-12 13:30:23.557 67725 INFO tempest.common.waiters [-] State transition "RESCUE/unrescuing" ==> "ACTIVE/None" after 6 second wait
2025-11-12 13:30:23.577 67733 INFO tempest.lib.common.rest_client [req-0d231c16-4f7f-47d6-879f-8fb8c6846c94 req-0d231c16-4f7f-47d6-879f-8fb8c6846c94 ] Request (VolumesAssistedSnapshotsTest:_run_cleanups): 200 GET http://10.180.1.21/compute/v2.1/servers/b6222fa1-73ef-4df6-be75-a1daad920035/os-volume_attachments 4.894s
2025-11-12 13:30:23.589 67715 INFO tempest.lib.common.rest_client [req-9d0ccb7e-7550-45b7-9302-819ccaec64f8 req-9d0ccb7e-7550-45b7-9302-819ccaec64f8 ] Request (ServerMetadataTestJSON:tearDownClass): 200 GET http://10.180.1.21/compute/v2.1/servers/945ddb57-4462-42d6-80e3-5a1ed1f25eac 4.936s
2025-11-12 13:30:23.601 67727 INFO tempest.lib.common.rest_client [req-04e2dc86-5e9e-4742-aa82-5f09f9f218a7 req-04e2dc86-5e9e-4742-aa82-5f09f9f218a7 ] Request (DeleteServersAdminTestJSON:test_delete_server_while_in_error_state): 404 GET http://10.180.1.21/compute/v2.1/servers/a4afbc73-cd73-43f7-9cd6-171d26b62f73 4.880s
2025-11-12 13:30:23.623 67733 INFO tempest.lib.common.rest_client [req-1f555641-fd86-439a-a8a1-ffbe63e8f107 req-1f555641-fd86-439a-a8a1-ffbe63e8f107 ] Request (VolumesAssistedSnapshotsTest:_run_cleanups): 200 GET http://10.180.1.21/volume/v3/volumes/417365a6-9f76-4930-80e8-8bc7af7ef79a 0.043s
2025-11-12 13:30:23.630 67733 INFO tempest.common.waiters [-] volume 417365a6-9f76-4930-80e8-8bc7af7ef79a reached available after waiting for 0.630371 seconds
2025-11-12 13:30:23.655 67750 INFO tempest.lib.common.rest_client [req-018f41a7-a100-4093-9b6b-0eb21e966946 req-018f41a7-a100-4093-9b6b-0eb21e966946 ] Request (InstanceActionsNegativeTestJSON:test_get_instance_action_invalid_request): 404 GET http://10.180.1.21/compute/v2.1/servers/e9e1b705-cebe-400d-b971-34fe5b5d5271/os-instance-actions/999 4.789s
2025-11-12 13:30:23.664 67772 INFO tempest.lib.common.rest_client [req-60552d57-d62c-4032-a5bf-8371a8cbf0c6 req-60552d57-d62c-4032-a5bf-8371a8cbf0c6 ] Request (ServerShowV254Test:test_rebuild_server): 200 GET http://10.180.1.21/compute/v2.1/servers/71980c2c-069a-47e4-ba0e-c2b27e74cf17 4.862s
2025-11-12 13:30:23.676 67733 INFO tempest.lib.common.rest_client [req-049bc959-7812-4c50-9912-5654de00afc5 req-049bc959-7812-4c50-9912-5654de00afc5 ] Request (VolumesAssistedSnapshotsTest:_run_cleanups): 202 DELETE http://10.180.1.21/volume/v3/volumes/417365a6-9f76-4930-80e8-8bc7af7ef79a 0.046s
2025-11-12 13:30:23.706 67733 INFO tempest.lib.common.rest_client [req-44d7be5e-01cc-440b-b956-460c169fda9b req-44d7be5e-01cc-440b-b956-460c169fda9b ] Request (VolumesAssistedSnapshotsTest:_run_cleanups): 200 GET http://10.180.1.21/volume/v3/volumes/417365a6-9f76-4930-80e8-8bc7af7ef79a 0.029s
2025-11-12 13:30:23.710 67725 INFO tempest.lib.common.rest_client [req-4517252d-b638-4dd6-aec8-6f70546aabb9 req-4517252d-b638-4dd6-aec8-6f70546aabb9 ] Request (ServerRescueNegativeTestJSON:test_rescued_vm_detach_volume): 202 POST http://10.180.1.21/volume/v3/volumes 0.152s
2025-11-12 13:30:23.712 67778 INFO tempest.lib.common.rest_client [req-cf131b2f-1bcd-422d-8fdd-7217c7bbc6ce req-cf131b2f-1bcd-422d-8fdd-7217c7bbc6ce ] Request (ServerAddressesNegativeTestJSON:setUpClass): 200 GET http://10.180.1.21/compute/v2.1/servers/62b43bc3-f6f3-4080-aeb7-ee7c996527ee 4.616s
2025-11-12 13:30:23.741 67717 INFO tempest.lib.common.rest_client [req-363bca8d-b9fa-4b9b-99e9-e3751ca4fab5 req-363bca8d-b9fa-4b9b-99e9-e3751ca4fab5 ] Request (ServersTestFqdnHostnames:tearDownClass): 200 GET http://10.180.1.21/compute/v2.1/servers/cebdcf73-5634-455c-82fd-e359cd16aec4 4.420s
2025-11-12 13:30:23.742 67725 INFO tempest.lib.common.rest_client [req-7bcb2f23-8a1a-41b7-befd-a1cc79b5ff8a req-7bcb2f23-8a1a-41b7-befd-a1cc79b5ff8a ] Request (ServerRescueNegativeTestJSON:test_rescued_vm_detach_volume): 200 GET http://10.180.1.21/volume/v3/volumes/aede19ff-45d4-43d2-84a9-7161cc54e783 0.026s
2025-11-12 13:30:23.788 67719 INFO tempest.lib.common.rest_client [req-37e015a7-96b1-48da-98bf-03164627a6e0 req-37e015a7-96b1-48da-98bf-03164627a6e0 ] Request (ServerGroupTestJSON:_run_cleanups): 200 GET http://10.180.1.21/compute/v2.1/servers/1cca2462-6320-4fb0-a3fa-172d2412d5c8 4.456s
2025-11-12 13:30:23.799 67731 INFO tempest.lib.common.rest_client [req-eb879f54-5b1b-4ff0-a39a-17074cda30a9 req-eb879f54-5b1b-4ff0-a39a-17074cda30a9 ] Request (ServersAdminNegativeTestJSON:setUpClass): 200 GET http://10.180.1.21/compute/v2.1/servers/070ed664-fe2a-48a1-9449-b98387952fea 4.397s
2025-11-12 13:30:23.810 67731 INFO tempest.common.waiters [-] State transition "BUILD/scheduling" ==> "BUILD/None" after 22 second wait
2025-11-12 13:30:23.844 67723 INFO tempest.lib.common.rest_client [req-13f98ea9-007e-464e-bc60-d6b86ea0ec10 req-13f98ea9-007e-464e-bc60-d6b86ea0ec10 ] Request (SecurityGroupsTestJSON:test_list_security_groups_by_server): 200 GET http://10.180.1.21/compute/v2.1/servers/f4af42ea-80a3-463a-a4aa-71e252c76cae 4.427s
2025-11-12 13:30:23.858 67768 INFO tempest.lib.common.rest_client [req-bae41d66-8e14-45d0-8d00-a65e43881b60 req-bae41d66-8e14-45d0-8d00-a65e43881b60 ] Request (AttachInterfacesTestJSON:test_create_list_show_delete_interfaces_by_fixed_ip): 200 GET http://10.180.1.21/compute/v2.1/servers/f5d16fce-207b-43e5-8aa8-c5f750dd5549 4.365s
2025-11-12 13:30:23.914 67739 INFO tempest.lib.common.rest_client [req-3052f08c-21c9-4b81-a54e-0632faa61370 req-3052f08c-21c9-4b81-a54e-0632faa61370 ] Request (ServerShowV247Test:test_update_rebuild_list_server): 200 GET http://10.180.1.21/compute/v2.1/servers/9d301d76-6e9d-406f-8eac-0dd910260c73 4.148s
2025-11-12 13:30:23.931 67735 INFO tempest.lib.common.rest_client [req-d6452d88-6d84-4374-9ff7-4eb7ea71be95 req-d6452d88-6d84-4374-9ff7-4eb7ea71be95 ] Request (ServersListShow298Test:tearDownClass): 200 GET http://10.180.1.21/compute/v2.1/servers/438843f1-a351-489f-8fdf-6508ff4ef0f8 4.418s
2025-11-12 13:30:24.003 67762 INFO tempest.lib.common.rest_client [req-01251674-9122-43cf-aa18-4c8309e697ab req-01251674-9122-43cf-aa18-4c8309e697ab ] Request (ServersWithSpecificFlavorTestJSON:test_verify_created_server_ephemeral_disk): 204 DELETE http://10.180.1.21/compute/v2.1/servers/12619af9-3e3c-4c77-8a85-a50afe498605 3.958s
2025-11-12 13:30:24.074 67762 INFO tempest.lib.common.rest_client [req-5ea4ce84-7c4d-460d-9ffe-0a31981e2e13 req-5ea4ce84-7c4d-460d-9ffe-0a31981e2e13 ] Request (ServersWithSpecificFlavorTestJSON:test_verify_created_server_ephemeral_disk): 201 POST http://10.180.1.21/identity/v3/auth/tokens 0.067s
2025-11-12 13:30:24.074 67762 INFO tempest.lib.common.fixed_network [-] (ServersWithSpecificFlavorTestJSON:test_verify_created_server_ephemeral_disk) Found network {'id': 'd1f8607d-cced-42c8-a485-eb78cb589d95', 'name': 'tempest-ServersWithSpecificFlavorTestJSON-609829971-network', 'tenant_id': '4d47af4bc1324c1ab482cb8ff5a9492f', 'project_id': '4d47af4bc1324c1ab482cb8ff5a9492f', 'admin_state_up': True, 'mtu': 8950, 'status': 'ACTIVE', 'subnets': [], 'shared': False, 'port_security_enabled': True, 'router:external': False, 'provider:network_type': 'vlan', 'provider:physical_network': 'default', 'provider:segmentation_id': 937, 'availability_zone_hints': [], 'availability_zones': [], 'ipv4_address_scope': None, 'ipv6_address_scope': None, 'description': '', 'tags': [], 'created_at': '2025-11-12T13:27:47Z', 'updated_at': '2025-11-12T13:27:47Z', 'revision_number': 1} available for tenant
2025-11-12 13:30:24.082 67760 INFO tempest.lib.common.rest_client [req-f8c8ff25-ab2e-4766-856b-6def21f28eba req-f8c8ff25-ab2e-4766-856b-6def21f28eba ] Request (ListImageFiltersTestJSON:test_list_images_with_detail_filter_by_server_ref): 200 GET http://10.180.1.21/compute/v2.1/images/detail?server=http%3A%2F%2F10.180.1.21%2Fcompute%2Fv2.1%2Fservers%2Ffad92957-eb18-4d01-a70b-ed1c10033106 1.176s
2025-11-12 13:30:24.270 67747 INFO tempest.lib.common.rest_client [req-72bd4240-80ad-4d85-bcfa-f8d0ad730d8a req-72bd4240-80ad-4d85-bcfa-f8d0ad730d8a ] Request (ServerActionsTestOtherB:test_create_backup): 200 GET http://10.180.1.21/compute/v2.1/servers/373d094b-7f70-4a27-bbad-580dd58f92b4 1.294s
2025-11-12 13:30:24.384 67764 INFO tempest.lib.common.rest_client [req-fcb05c78-39ee-4637-aaf5-fdde58b74e4f req-fcb05c78-39ee-4637-aaf5-fdde58b74e4f ] Request (ServersAdminTestJSON:test_inject_network_info): 202 POST http://10.180.1.21/compute/v2.1/servers/dfc0c8a1-906d-40b3-b878-278873ddae6e/action 1.283s
2025-11-12 13:30:24.411 67727 INFO tempest.lib.common.rest_client [req-e638bb0b-ef0e-4b06-ab28-867a70c1dd40 req-e638bb0b-ef0e-4b06-ab28-867a70c1dd40 ] Request (DeleteServersAdminTestJSON:tearDownClass): 404 DELETE http://10.180.1.21/compute/v2.1/servers/a4afbc73-cd73-43f7-9cd6-171d26b62f73 0.807s
2025-11-12 13:30:24.424 67750 INFO tempest.lib.common.rest_client [req-0aa71902-e2cf-4dd1-954a-7cab94ebd036 req-0aa71902-e2cf-4dd1-954a-7cab94ebd036 ] Request (InstanceActionsNegativeTestJSON:test_list_instance_actions_non_existent_server): 404 GET http://10.180.1.21/compute/v2.1/servers/59f6a449-8602-4f84-a93d-71b47b12c51c/os-instance-actions 0.768s
2025-11-12 13:30:24.467 67774 INFO tempest.lib.common.rest_client [req-2d126c69-39a7-4024-9206-cd159fc69da1 req-2d126c69-39a7-4024-9206-cd159fc69da1 ] Request (ImagesTestJSON:test_create_image_from_suspended_server): 200 GET http://10.180.1.21/compute/v2.1/images/b5e5e5c0-4469-4606-96b3-b76a7fd49691 0.537s
2025-11-12 13:30:24.497 67743 INFO tempest.lib.common.rest_client [req-08082584-c286-4604-8f72-e14c342a85b2 req-08082584-c286-4604-8f72-e14c342a85b2 ] Request (InstanceActionsTestJSON:setUpClass): 202 POST http://10.180.1.21/compute/v2.1/servers 3.482s
2025-11-12 13:30:24.583 67751 INFO tempest.lib.common.rest_client [req-60cf2acb-16ff-4a85-83bd-0d7aa263b0c9 req-60cf2acb-16ff-4a85-83bd-0d7aa263b0c9 ] Request (MigrationsAdminTest:test_resize_server_revert_deleted_flavor): 200 GET http://10.180.1.21/compute/v2.1/servers/6ae35292-f392-4e21-af85-90828a50e622 0.499s
2025-11-12 13:30:24.624 67760 INFO tempest.lib.common.rest_client [req-a23c2e5b-d836-499d-9265-9804a0dae1fa req-a23c2e5b-d836-499d-9265-9804a0dae1fa ] Request (ListImageFiltersTestJSON:test_list_images_with_detail_filter_by_server_ref): 200 GET http://10.180.1.21/compute/v2.1/images/detail?server=http%3A%2F%2F10.180.1.21%2Fcompute%2Fservers%2Ffad92957-eb18-4d01-a70b-ed1c10033106 0.537s
2025-11-12 13:30:24.712 67721 INFO tempest.lib.common.rest_client [req-53a3a375-1f32-4189-af70-0e6167d46d0f req-53a3a375-1f32-4189-af70-0e6167d46d0f ] Request (AttachInterfacesUnderV243Test:test_add_remove_fixed_ip): 200 GET http://10.180.1.21/compute/v2.1/servers/a490a81a-0cfc-4574-8d45-f63d036eb0af 0.570s
2025-11-12 13:30:24.754 67733 INFO tempest.lib.common.rest_client [req-287e2200-7c42-47a4-9275-f0fd10e36877 req-287e2200-7c42-47a4-9275-f0fd10e36877 ] Request (VolumesAssistedSnapshotsTest:_run_cleanups): 200 GET http://10.180.1.21/volume/v3/volumes/417365a6-9f76-4930-80e8-8bc7af7ef79a 0.031s
2025-11-12 13:30:24.778 67725 INFO tempest.lib.common.rest_client [req-00b62470-ac8f-422d-8010-19bb437fe2a2 req-00b62470-ac8f-422d-8010-19bb437fe2a2 ] Request (ServerRescueNegativeTestJSON:test_rescued_vm_detach_volume): 200 GET http://10.180.1.21/volume/v3/volumes/aede19ff-45d4-43d2-84a9-7161cc54e783 0.029s
2025-11-12 13:30:24.784 67725 INFO tempest.common.waiters [-] volume aede19ff-45d4-43d2-84a9-7161cc54e783 reached available after waiting for 1.784947 seconds
2025-11-12 13:30:24.799 67756 INFO tempest.lib.common.rest_client [req-befeb92b-7cac-45d4-b93a-c60474c8304d req-befeb92b-7cac-45d4-b93a-c60474c8304d ] Request (ServerExternalEventsTest:tearDownClass): 200 GET http://10.180.1.21/compute/v2.1/servers/b7fbb572-9690-46fd-a4ac-d73def7be6ee 0.567s
2025-11-12 13:30:24.864 67762 INFO tempest.lib.common.rest_client [req-2d9b4ca9-97c3-446f-969b-3f9d3e310406 req-2d9b4ca9-97c3-446f-969b-3f9d3e310406 ] Request (ServersWithSpecificFlavorTestJSON:test_verify_created_server_ephemeral_disk): 202 POST http://10.180.1.21/compute/v2.1/servers 0.789s
2025-11-12 13:30:24.919 67745 INFO tempest.lib.common.rest_client [req-ce11bfec-dcf2-4fe7-92c3-3c7ffb7f9052 req-ce11bfec-dcf2-4fe7-92c3-3c7ffb7f9052 ] Request (ServersTestJSON:setUpClass): 200 GET http://10.180.1.21/compute/v2.1/servers/eda40014-d39c-406e-a52c-d84b532fe82f 0.657s
2025-11-12 13:30:24.925 67745 INFO tempest.common.waiters [-] State transition "BUILD/networking" ==> "BUILD/spawning" after 46 second wait
2025-11-12 13:30:24.932 67766 INFO tempest.lib.common.rest_client [req-6e64c459-d9d6-4eaf-8da1-d34d4e8aa0f6 req-6e64c459-d9d6-4eaf-8da1-d34d4e8aa0f6 ] Request (ServerActionsTestOtherA:test_rebuild_server_in_stop_state): 200 GET http://10.180.1.21/compute/v2.1/servers/e295a63e-1e40-41be-8e84-885c61dc324f 0.639s
2025-11-12 13:30:24.976 67729 INFO tempest.lib.common.rest_client [req-f3164f8d-a87f-4fdc-83b1-ba4133fb0a16 req-f3164f8d-a87f-4fdc-83b1-ba4133fb0a16 ] Request (FloatingIPsAssociationTestJSON:setUpClass): 200 GET http://10.180.1.21/compute/v2.1/servers/46992d8c-6111-4870-a593-d6d9ea932244 0.601s
2025-11-12 13:30:25.006 67764 INFO tempest.lib.common.rest_client [req-21525aac-3c28-4923-965c-4456c85f42f6 req-21525aac-3c28-4923-965c-4456c85f42f6 ] Request (ServersAdminTestJSON:test_list_servers_by_admin): 200 GET http://10.180.1.21/compute/v2.1/servers/detail 0.621s
2025-11-12 13:30:25.026 67727 INFO tempest.lib.common.rest_client [req-95ed8f97-3158-444e-a0ca-5d19f33c68f6 req-95ed8f97-3158-444e-a0ca-5d19f33c68f6 ] Request (DeleteServersAdminTestJSON:tearDownClass): 404 GET http://10.180.1.21/compute/v2.1/servers/a4afbc73-cd73-43f7-9cd6-171d26b62f73 0.615s
2025-11-12 13:30:25.048 67737 INFO tempest.lib.common.rest_client [req-5567c225-151f-497e-9c81-fb278a7fd771 req-5567c225-151f-497e-9c81-fb278a7fd771 ] Request (ImagesOneServerTestJSON:tearDownClass): 200 GET http://10.180.1.21/compute/v2.1/servers/374a9200-57bc-461d-8f2d-ff4c554d66bf 0.655s
2025-11-12 13:30:25.096 67743 INFO tempest.lib.common.rest_client [req-e2a86ac2-ceeb-4d1e-9907-cebbc51d6b78 req-e2a86ac2-ceeb-4d1e-9907-cebbc51d6b78 ] Request (InstanceActionsTestJSON:setUpClass): 200 GET http://10.180.1.21/compute/v2.1/servers/8eaad484-451e-4098-be79-63346e9bc601 0.596s
2025-11-12 13:30:25.136 67750 INFO tempest.lib.common.rest_client [req-0d26bc70-8a77-4499-87b9-a807415f10a7 req-0d26bc70-8a77-4499-87b9-a807415f10a7 ] Request (InstanceActionsNegativeTestJSON:tearDownClass): 204 DELETE http://10.180.1.21/compute/v2.1/servers/e9e1b705-cebe-400d-b971-34fe5b5d5271 0.709s
2025-11-12 13:30:25.164 67777 INFO tempest.lib.common.rest_client [req-856e930f-d748-401f-b741-ec2068c89ad8 req-856e930f-d748-401f-b741-ec2068c89ad8 ] Request (ServerDiskConfigTestJSON:test_resize_server_from_auto_to_manual): 200 GET http://10.180.1.21/compute/v2.1/servers/4591053e-a5a0-4ee6-992f-14ff976a4dcf 0.637s
2025-11-12 13:30:25.217 67715 INFO tempest.lib.common.rest_client [req-74598953-dbea-4299-88f9-659dadf07685 req-74598953-dbea-4299-88f9-659dadf07685 ] Request (ServerMetadataTestJSON:tearDownClass): 200 GET http://10.180.1.21/compute/v2.1/servers/945ddb57-4462-42d6-80e3-5a1ed1f25eac 0.617s
2025-11-12 13:30:25.249 67760 INFO tempest.lib.common.rest_client [req-47a86ae5-6032-4d69-bf98-0ccba481afe7 req-47a86ae5-6032-4d69-bf98-0ccba481afe7 ] Request (ListImageFiltersTestJSON:test_list_images_with_detail_filter_by_status): 200 GET http://10.180.1.21/compute/v2.1/images/detail?status=ACTIVE 0.620s
2025-11-12 13:30:25.281 67772 INFO tempest.lib.common.rest_client [req-b64eee6f-4450-4309-ac7b-5087d013e050 req-b64eee6f-4450-4309-ac7b-5087d013e050 ] Request (ServerShowV254Test:test_rebuild_server): 200 GET http://10.180.1.21/compute/v2.1/servers/71980c2c-069a-47e4-ba0e-c2b27e74cf17 0.606s
2025-11-12 13:30:25.316 67778 INFO tempest.lib.common.rest_client [req-c49852d5-7df4-46a3-bf55-65afffbdcf04 req-c49852d5-7df4-46a3-bf55-65afffbdcf04 ] Request (ServerAddressesNegativeTestJSON:setUpClass): 200 GET http://10.180.1.21/compute/v2.1/servers/62b43bc3-f6f3-4080-aeb7-ee7c996527ee 0.593s
2025-11-12 13:30:25.350 67717 INFO tempest.lib.common.rest_client [req-576df6da-7e82-47f6-b321-591f3611a46c req-576df6da-7e82-47f6-b321-591f3611a46c ] Request (ServersTestFqdnHostnames:tearDownClass): 200 GET http://10.180.1.21/compute/v2.1/servers/cebdcf73-5634-455c-82fd-e359cd16aec4 0.601s
2025-11-12 13:30:25.363 67725 INFO tempest.lib.common.rest_client [req-f99181b9-4d68-445d-8946-e6ae74969f61 req-f99181b9-4d68-445d-8946-e6ae74969f61 ] Request (ServerRescueNegativeTestJSON:test_rescued_vm_detach_volume): 200 POST http://10.180.1.21/compute/v2.1/os-keypairs 0.577s
2025-11-12 13:30:25.422 67719 INFO tempest.lib.common.rest_client [req-b60bbf33-7db1-4973-a626-0ca8e4a91e9f req-b60bbf33-7db1-4973-a626-0ca8e4a91e9f ] Request (ServerGroupTestJSON:_run_cleanups): 200 GET http://10.180.1.21/compute/v2.1/servers/1cca2462-6320-4fb0-a3fa-172d2412d5c8 0.626s
2025-11-12 13:30:25.440 67731 INFO tempest.lib.common.rest_client [req-381e849b-cf51-4493-b0f9-df7318780bb4 req-381e849b-cf51-4493-b0f9-df7318780bb4 ] Request (ServersAdminNegativeTestJSON:setUpClass): 200 GET http://10.180.1.21/compute/v2.1/servers/070ed664-fe2a-48a1-9449-b98387952fea 0.627s
2025-11-12 13:30:25.506 67762 INFO tempest.lib.common.rest_client [req-e3b81220-0e5e-4662-830c-a9b1b3a54593 req-e3b81220-0e5e-4662-830c-a9b1b3a54593 ] Request (ServersWithSpecificFlavorTestJSON:test_verify_created_server_ephemeral_disk): 200 GET http://10.180.1.21/compute/v2.1/servers/462abbd2-82c8-4aa5-8260-78f7dc8a470b 0.640s
2025-11-12 13:30:25.525 67723 INFO tempest.lib.common.rest_client [req-30c352bd-6f68-4fa0-ae41-d9ee41cb9b25 req-30c352bd-6f68-4fa0-ae41-d9ee41cb9b25 ] Request (SecurityGroupsTestJSON:test_list_security_groups_by_server): 200 GET http://10.180.1.21/compute/v2.1/servers/f4af42ea-80a3-463a-a4aa-71e252c76cae 0.671s
2025-11-12 13:30:25.537 67725 INFO tempest.lib.common.rest_client [req-0206912d-86dd-476a-abfd-79736bbd1537 req-0206912d-86dd-476a-abfd-79736bbd1537 ] Request (ServerRescueNegativeTestJSON:test_rescued_vm_detach_volume): 201 POST http://10.180.1.21/networking/v2.0/security-groups 0.173s
2025-11-12 13:30:25.573 67768 INFO tempest.lib.common.rest_client [req-2a794913-ff02-4a56-94ed-8989bc9a1309 req-2a794913-ff02-4a56-94ed-8989bc9a1309 ] Request (AttachInterfacesTestJSON:test_create_list_show_delete_interfaces_by_fixed_ip): 200 GET http://10.180.1.21/compute/v2.1/servers/f5d16fce-207b-43e5-8aa8-c5f750dd5549 0.706s
2025-11-12 13:30:25.636 67739 INFO tempest.lib.common.rest_client [req-15dd2797-11b3-4bf2-a6d1-73217d6449c9 req-15dd2797-11b3-4bf2-a6d1-73217d6449c9 ] Request (ServerShowV247Test:test_update_rebuild_list_server): 200 GET http://10.180.1.21/compute/v2.1/servers/9d301d76-6e9d-406f-8eac-0dd910260c73 0.710s
2025-11-12 13:30:25.646 67739 INFO tempest.common.waiters [-] State transition "BUILD/None" ==> "BUILD/networking" after 43 second wait
2025-11-12 13:30:25.653 67725 INFO tempest.lib.common.rest_client [req-a9e396d8-9b63-463b-923b-7ead507dbc08 req-a9e396d8-9b63-463b-923b-7ead507dbc08 ] Request (ServerRescueNegativeTestJSON:test_rescued_vm_detach_volume): 201 POST http://10.180.1.21/networking/v2.0/security-group-rules 0.115s
2025-11-12 13:30:25.661 67735 INFO tempest.lib.common.rest_client [req-ab4b4069-d22f-41fe-a14d-4f019a6748f5 req-ab4b4069-d22f-41fe-a14d-4f019a6748f5 ] Request (ServersListShow298Test:tearDownClass): 200 GET http://10.180.1.21/compute/v2.1/servers/438843f1-a351-489f-8fdf-6508ff4ef0f8 0.720s
2025-11-12 13:30:25.680 67727 INFO tempest.lib.common.rest_client [req-e212b001-2e0c-44fa-b74d-701ba8e83d22 req-e212b001-2e0c-44fa-b74d-701ba8e83d22 ] Request (DeleteServersAdminTestJSON:tearDownClass): 404 DELETE http://10.180.1.21/compute/v2.1/servers/d7074c64-6c96-4a5b-8ce5-d52f81f588f0 0.653s
2025-11-12 13:30:25.757 67725 INFO tempest.lib.common.rest_client [req-30df29ac-e5c5-4cbe-97ac-0a88a993cb65 req-30df29ac-e5c5-4cbe-97ac-0a88a993cb65 ] Request (ServerRescueNegativeTestJSON:test_rescued_vm_detach_volume): 201 POST http://10.180.1.21/networking/v2.0/security-group-rules 0.104s
2025-11-12 13:30:25.802 67733 INFO tempest.lib.common.rest_client [req-bc6cd240-716b-4569-96f5-89f762b40d6b req-bc6cd240-716b-4569-96f5-89f762b40d6b ] Request (VolumesAssistedSnapshotsTest:_run_cleanups): 200 GET http://10.180.1.21/volume/v3/volumes/417365a6-9f76-4930-80e8-8bc7af7ef79a 0.041s
2025-11-12 13:30:25.924 67750 INFO tempest.lib.common.rest_client [req-132a3bac-4c8e-4a27-b83c-156d602c817d req-132a3bac-4c8e-4a27-b83c-156d602c817d ] Request (InstanceActionsNegativeTestJSON:tearDownClass): 200 GET http://10.180.1.21/compute/v2.1/servers/e9e1b705-cebe-400d-b971-34fe5b5d5271 0.788s
2025-11-12 13:30:26.000 67760 INFO tempest.lib.common.rest_client [req-162c9728-56c9-40af-a665-e8a51d67cd71 req-162c9728-56c9-40af-a665-e8a51d67cd71 ] Request (ListImageFiltersTestJSON:test_list_images_with_detail_filter_by_type): 200 GET http://10.180.1.21/compute/v2.1/images/detail?type=snapshot 0.741s
2025-11-12 13:30:26.099 67764 INFO tempest.lib.common.rest_client [req-d1e8437b-f39a-49b5-baca-f7e8651c8be2 req-d1e8437b-f39a-49b5-baca-f7e8651c8be2 ] Request (ServersAdminTestJSON:test_list_servers_by_admin_with_all_tenants): 200 GET http://10.180.1.21/compute/v2.1/servers/detail?all_tenants= 1.085s
2025-11-12 13:30:26.136 67764 WARNING tempest.lib.common.rest_client [-] Deprecated: "tenant_id" property is deprecated for removal, use "project_id" instead
2025-11-12 13:30:26.227 67747 INFO tempest.lib.common.rest_client [req-97c54749-814e-4e9a-b9c3-9b1546f5c183 req-97c54749-814e-4e9a-b9c3-9b1546f5c183 ] Request (ServerActionsTestOtherB:test_create_backup): 200 GET http://10.180.1.21/compute/v2.1/servers/373d094b-7f70-4a27-bbad-580dd58f92b4 0.949s
2025-11-12 13:30:26.239 67747 INFO tempest.common.waiters [-] State transition "ACTIVE/image_uploading" ==> "ACTIVE/None" after 2 second wait
2025-11-12 13:30:26.272 67774 INFO tempest.lib.common.rest_client [req-c0093ca7-a439-44a4-8ad7-5d984274b3a7 req-c0093ca7-a439-44a4-8ad7-5d984274b3a7 ] Request (ImagesTestJSON:test_create_image_from_suspended_server): 200 GET http://10.180.1.21/compute/v2.1/images/b5e5e5c0-4469-4606-96b3-b76a7fd49691 0.801s
2025-11-12 13:30:26.318 67725 INFO tempest.lib.common.rest_client [req-28cd5726-58bf-4494-b3c2-d7bed15a5f2e req-28cd5726-58bf-4494-b3c2-d7bed15a5f2e ] Request (ServerRescueNegativeTestJSON:test_rescued_vm_detach_volume): 201 POST http://10.180.1.21/networking/v2.0/floatingips 0.560s
2025-11-12 13:30:26.352 67751 INFO tempest.lib.common.rest_client [req-5db5adf2-5cd8-49e1-9e1c-6bf93b9d5ab3 req-5db5adf2-5cd8-49e1-9e1c-6bf93b9d5ab3 ] Request (MigrationsAdminTest:test_resize_server_revert_deleted_flavor): 200 GET http://10.180.1.21/compute/v2.1/servers/6ae35292-f392-4e21-af85-90828a50e622 0.759s
2025-11-12 13:30:26.387 67727 INFO tempest.lib.common.rest_client [req-cdc865e2-540d-4119-a78d-e7388203e49e req-cdc865e2-540d-4119-a78d-e7388203e49e ] Request (DeleteServersAdminTestJSON:tearDownClass): 404 GET http://10.180.1.21/compute/v2.1/servers/d7074c64-6c96-4a5b-8ce5-d52f81f588f0 0.707s
2025-11-12 13:30:26.403 67725 INFO tempest.lib.common.rest_client [req-cac2ab68-3b33-409e-bf74-bc1471397499 req-cac2ab68-3b33-409e-bf74-bc1471397499 ] Request (ServerRescueNegativeTestJSON:test_rescued_vm_detach_volume): 201 POST http://10.180.1.21/identity/v3/auth/tokens 0.078s
2025-11-12 13:30:26.405 67725 INFO tempest.lib.common.fixed_network [-] (ServerRescueNegativeTestJSON:test_rescued_vm_detach_volume) Found network {'id': 'b099a84d-9c93-41f2-979f-5aeb20a8798a', 'name': 'tempest-ServerRescueNegativeTestJSON-606046157-network', 'tenant_id': 'f33001abffaa4860a53b42b02d93c25d', 'project_id': 'f33001abffaa4860a53b42b02d93c25d', 'admin_state_up': True, 'mtu': 8950, 'status': 'ACTIVE', 'subnets': [], 'shared': False, 'port_security_enabled': True, 'router:external': False, 'provider:network_type': 'vlan', 'provider:physical_network': 'default', 'provider:segmentation_id': 471, 'availability_zone_hints': [], 'availability_zones': [], 'ipv4_address_scope': None, 'ipv6_address_scope': None, 'description': '', 'tags': [], 'created_at': '2025-11-12T13:28:58Z', 'updated_at': '2025-11-12T13:28:58Z', 'revision_number': 1} available for tenant
2025-11-12 13:30:26.442 67721 INFO tempest.lib.common.rest_client [req-6b1a6f75-542e-49c2-b202-725cdc1fb97b req-6b1a6f75-542e-49c2-b202-725cdc1fb97b ] Request (AttachInterfacesUnderV243Test:test_add_remove_fixed_ip): 200 GET http://10.180.1.21/compute/v2.1/servers/a490a81a-0cfc-4574-8d45-f63d036eb0af 0.721s
2025-11-12 13:30:26.469 67756 INFO tempest.lib.common.rest_client [req-481b7d76-c3fb-4ace-b92d-3ab4d3c98904 req-481b7d76-c3fb-4ace-b92d-3ab4d3c98904 ] Request (ServerExternalEventsTest:tearDownClass): 200 GET http://10.180.1.21/compute/v2.1/servers/b7fbb572-9690-46fd-a4ac-d73def7be6ee 0.663s
2025-11-12 13:30:26.479 67727 INFO tempest.lib.common.rest_client [req-841741d4-414b-43d6-b2c4-e79d96e904bc req-841741d4-414b-43d6-b2c4-e79d96e904bc ] Request (DeleteServersAdminTestJSON:tearDownClass): 204 DELETE http://10.180.1.21/identity/v3/users/bd3a3c3e22f5477b926b255368a45570 0.091s
2025-11-12 13:30:26.536 67766 INFO tempest.lib.common.rest_client [req-d9accef4-1cca-45a4-9369-6476c3ff7708 req-d9accef4-1cca-45a4-9369-6476c3ff7708 ] Request (ServerActionsTestOtherA:test_rebuild_server_in_stop_state): 200 GET http://10.180.1.21/compute/v2.1/servers/e295a63e-1e40-41be-8e84-885c61dc324f 0.594s
2025-11-12 13:30:26.564 67745 INFO tempest.lib.common.rest_client [req-ed8151e6-6854-4e23-b1d0-161dddb653f4 req-ed8151e6-6854-4e23-b1d0-161dddb653f4 ] Request (ServersTestJSON:setUpClass): 200 GET http://10.180.1.21/compute/v2.1/servers/eda40014-d39c-406e-a52c-d84b532fe82f 0.637s
2025-11-12 13:30:26.598 67727 INFO tempest.lib.common.rest_client [req-c6270183-ed1a-4a9c-a454-ded90f713a39 req-c6270183-ed1a-4a9c-a454-ded90f713a39 ] Request (DeleteServersAdminTestJSON:tearDownClass): 204 DELETE http://10.180.1.21/identity/v3/users/8268437d59204ef5acd6c8a27aafb31d 0.118s
2025-11-12 13:30:26.598 67727 INFO tempest.lib.common.dynamic_creds [-] Deleting project and security group for project: 824b6e362549417a8bd80d0d5a0ab381
2025-11-12 13:30:26.599 67729 INFO tempest.lib.common.rest_client [req-c9499c22-c743-43f7-9ab6-00fbb72aeab2 req-c9499c22-c743-43f7-9ab6-00fbb72aeab2 ] Request (FloatingIPsAssociationTestJSON:setUpClass): 200 GET http://10.180.1.21/compute/v2.1/servers/46992d8c-6111-4870-a593-d6d9ea932244 0.611s
2025-11-12 13:30:26.614 67760 INFO tempest.lib.common.rest_client [req-c6a80deb-82a3-46a2-8583-ab90d8bf0f94 req-c6a80deb-82a3-46a2-8583-ab90d8bf0f94 ] Request (ListImageFiltersTestJSON:test_list_images_with_detail_filter_by_type): 200 GET http://10.180.1.21/compute/v2.1/images/bde47c64-df56-48cd-aab6-5deb99b79f0b 0.609s
2025-11-12 13:30:26.667 67737 INFO tempest.lib.common.rest_client [req-a9f93d50-6c23-4948-9a0b-4f81e87871c0 req-a9f93d50-6c23-4948-9a0b-4f81e87871c0 ] Request (ImagesOneServerTestJSON:tearDownClass): 200 GET http://10.180.1.21/compute/v2.1/servers/374a9200-57bc-461d-8f2d-ff4c554d66bf 0.609s
2025-11-12 13:30:26.668 67727 INFO tempest.lib.common.rest_client [req-5a12a04e-5598-408a-a475-66346bc9c1d4 req-5a12a04e-5598-408a-a475-66346bc9c1d4 ] Request (DeleteServersAdminTestJSON:tearDownClass): 201 POST http://10.180.1.21/identity/v3/auth/tokens 0.069s
2025-11-12 13:30:26.685 67743 INFO tempest.lib.common.rest_client [req-5d34b115-12a6-4386-be8b-2f87006904a9 req-5d34b115-12a6-4386-be8b-2f87006904a9 ] Request (InstanceActionsTestJSON:setUpClass): 200 GET http://10.180.1.21/compute/v2.1/servers/8eaad484-451e-4098-be79-63346e9bc601 0.577s
2025-11-12 13:30:26.744 67764 INFO tempest.lib.common.rest_client [req-c9cc9e54-6bc4-4fc9-80b7-f16b7ece93a5 req-c9cc9e54-6bc4-4fc9-80b7-f16b7ece93a5 ] Request (ServersAdminTestJSON:test_list_servers_by_admin_with_specified_tenant): 200 GET http://10.180.1.21/compute/v2.1/servers/detail?tenant_id=9935fc4faa504c51b523ec4a317c111c 0.608s
2025-11-12 13:30:26.829 67733 INFO tempest.lib.common.rest_client [req-6bbd9fb2-81bf-4570-a724-b4c69e399db9 req-6bbd9fb2-81bf-4570-a724-b4c69e399db9 ] Request (VolumesAssistedSnapshotsTest:_run_cleanups): 404 GET http://10.180.1.21/volume/v3/volumes/417365a6-9f76-4930-80e8-8bc7af7ef79a 0.018s
2025-11-12 13:30:26.879 67727 INFO tempest.lib.common.rest_client [req-d0dbdf36-3b38-4cc4-ba8c-45c5fb05d53b req-d0dbdf36-3b38-4cc4-ba8c-45c5fb05d53b ] Request (DeleteServersAdminTestJSON:tearDownClass): 200 GET http://10.180.1.21/networking/v2.0/security-groups?tenant_id=824b6e362549417a8bd80d0d5a0ab381&name=default 0.210s
2025-11-12 13:30:26.903 67777 INFO tempest.lib.common.rest_client [req-d30d9608-f419-44d3-9b4b-3f9bba671901 req-d30d9608-f419-44d3-9b4b-3f9bba671901 ] Request (ServerDiskConfigTestJSON:test_resize_server_from_auto_to_manual): 200 GET http://10.180.1.21/compute/v2.1/servers/4591053e-a5a0-4ee6-992f-14ff976a4dcf 0.729s
2025-11-12 13:30:26.923 67715 INFO tempest.lib.common.rest_client [req-f0671961-e7fb-4f98-84ba-2ec67f29a098 req-f0671961-e7fb-4f98-84ba-2ec67f29a098 ] Request (ServerMetadataTestJSON:tearDownClass): 200 GET http://10.180.1.21/compute/v2.1/servers/945ddb57-4462-42d6-80e3-5a1ed1f25eac 0.697s
2025-11-12 13:30:26.976 67774 INFO tempest.lib.common.rest_client [req-df7d2981-d6c1-48b0-a0f5-59fe77b46fdc req-df7d2981-d6c1-48b0-a0f5-59fe77b46fdc ] Request (ImagesTestJSON:test_create_image_from_suspended_server): 200 GET http://10.180.1.21/compute/v2.1/images/b5e5e5c0-4469-4606-96b3-b76a7fd49691 0.695s
2025-11-12 13:30:27.012 67774 INFO tempest.lib.common.rest_client [req-6e683c94-deab-40b4-b0ae-bd330196fcc4 req-6e683c94-deab-40b4-b0ae-bd330196fcc4 ] Request (ImagesTestJSON:test_create_image_from_suspended_server): 200 GET http://10.180.1.21/image/v2/images/b5e5e5c0-4469-4606-96b3-b76a7fd49691/tasks 0.028s
2025-11-12 13:30:27.016 67727 INFO tempest.lib.common.rest_client [req-94752165-cc48-48e1-bb5d-286c05fdd1ba req-94752165-cc48-48e1-bb5d-286c05fdd1ba ] Request (DeleteServersAdminTestJSON:tearDownClass): 204 DELETE http://10.180.1.21/networking/v2.0/security-groups/6d1bc109-4dd4-4015-98b1-abe1ac0dd523 0.137s
2025-11-12 13:30:27.052 67772 INFO tempest.lib.common.rest_client [req-49f0c53f-35bd-4ed9-b408-28f221fc1f5c req-49f0c53f-35bd-4ed9-b408-28f221fc1f5c ] Request (ServerShowV254Test:test_rebuild_server): 200 GET http://10.180.1.21/compute/v2.1/servers/71980c2c-069a-47e4-ba0e-c2b27e74cf17 0.760s
2025-11-12 13:30:27.109 67778 INFO tempest.lib.common.rest_client [req-da359798-1250-4961-afc5-87c185e2e3b4 req-da359798-1250-4961-afc5-87c185e2e3b4 ] Request (ServerAddressesNegativeTestJSON:setUpClass): 200 GET http://10.180.1.21/compute/v2.1/servers/62b43bc3-f6f3-4080-aeb7-ee7c996527ee 0.784s
2025-11-12 13:30:27.113 67727 INFO tempest.lib.common.rest_client [req-ba7907e6-a8d6-4dbc-9971-6549d638294e req-ba7907e6-a8d6-4dbc-9971-6549d638294e ] Request (DeleteServersAdminTestJSON:tearDownClass): 204 DELETE http://10.180.1.21/identity/v3/projects/824b6e362549417a8bd80d0d5a0ab381 0.096s
2025-11-12 13:30:27.113 67727 INFO tempest.lib.common.dynamic_creds [-] Deleting project and security group for project: 769b5ba3e6244afe948d8306e9889dba
2025-11-12 13:30:27.150 67727 INFO tempest.lib.common.rest_client [req-ab142b07-1dbc-4aef-9cbd-7bf7dccb2d7c req-ab142b07-1dbc-4aef-9cbd-7bf7dccb2d7c ] Request (DeleteServersAdminTestJSON:tearDownClass): 200 GET http://10.180.1.21/networking/v2.0/security-groups?tenant_id=769b5ba3e6244afe948d8306e9889dba&name=default 0.037s
2025-11-12 13:30:27.199 67717 INFO tempest.lib.common.rest_client [req-c5b4dfb4-7a0d-49bf-9afc-85562303d918 req-c5b4dfb4-7a0d-49bf-9afc-85562303d918 ] Request (ServersTestFqdnHostnames:tearDownClass): 200 GET http://10.180.1.21/compute/v2.1/servers/cebdcf73-5634-455c-82fd-e359cd16aec4 0.841s
2025-11-12 13:30:27.291 67727 INFO tempest.lib.common.rest_client [req-d7053fd5-ba53-4edb-be89-d8d6e82ec6d3 req-d7053fd5-ba53-4edb-be89-d8d6e82ec6d3 ] Request (DeleteServersAdminTestJSON:tearDownClass): 204 DELETE http://10.180.1.21/networking/v2.0/security-groups/377a7306-03cc-4abd-839e-3101d2d30df9 0.140s
2025-11-12 13:30:27.406 67727 INFO tempest.lib.common.rest_client [req-f4df350d-3123-4503-b375-3a71bb32840c req-f4df350d-3123-4503-b375-3a71bb32840c ] Request (DeleteServersAdminTestJSON:tearDownClass): 204 DELETE http://10.180.1.21/identity/v3/projects/769b5ba3e6244afe948d8306e9889dba 0.114s
2025-11-12 13:30:27.407 67727 INFO tempest.test [-] raised in UpdateMultiattachVolumeNegativeTest.setUpClass. Invoking tearDownClass.
2025-11-12 13:30:27.499 67727 INFO tempest.lib.common.rest_client [req-d43398e6-cec8-4bc4-89b9-a149d68fd742 req-d43398e6-cec8-4bc4-89b9-a149d68fd742 ] Request (SecurityGroupRulesNegativeTestJSON:setUpClass): 201 POST http://10.180.1.21/identity/v3/auth/tokens 0.088s
2025-11-12 13:30:27.509 67747 INFO tempest.lib.common.rest_client [req-3ef49603-a6d7-4a71-9db6-0c8d4e450cde req-3ef49603-a6d7-4a71-9db6-0c8d4e450cde ] Request (ServerActionsTestOtherB:test_create_backup): 202 POST http://10.180.1.21/compute/v2.1/servers/373d094b-7f70-4a27-bbad-580dd58f92b4/action 1.269s
2025-11-12 13:30:27.532 67727 INFO tempest.lib.common.rest_client [req-112ff482-7672-4a50-84fd-2edb2def58a3 req-112ff482-7672-4a50-84fd-2edb2def58a3 ] Request (SecurityGroupRulesNegativeTestJSON:setUpClass): 201 POST http://10.180.1.21/identity/v3/auth/tokens 0.031s
2025-11-12 13:30:27.534 67747 INFO tempest.lib.common.rest_client [req-8cd07125-e128-408c-bacc-47311c3028a8 req-8cd07125-e128-408c-bacc-47311c3028a8 ] Request (ServerActionsTestOtherB:test_create_backup): 200 GET http://10.180.1.21/image/v2/images/f874f071-2a41-4288-8b17-ce3c75c92505/tasks 0.024s
2025-11-12 13:30:27.557 67727 INFO tempest.lib.common.rest_client [req-7f8011ff-da4b-4ab9-a60b-a001278641dd req-7f8011ff-da4b-4ab9-a60b-a001278641dd ] Request (SecurityGroupRulesNegativeTestJSON:setUpClass): 200 GET http://10.180.1.21/identity/v3/domains?name=Default 0.024s
2025-11-12 13:30:27.584 67719 INFO tempest.lib.common.rest_client [req-c16237c4-ec55-4d8a-a596-5519212c75fc req-c16237c4-ec55-4d8a-a596-5519212c75fc ] Request (ServerGroupTestJSON:_run_cleanups): 200 GET http://10.180.1.21/compute/v2.1/servers/1cca2462-6320-4fb0-a3fa-172d2412d5c8 1.155s
2025-11-12 13:30:27.594 67727 INFO tempest.lib.common.rest_client [req-488cce1d-c01b-4fe5-a3df-f815e23fb890 req-488cce1d-c01b-4fe5-a3df-f815e23fb890 ] Request (SecurityGroupRulesNegativeTestJSON:setUpClass): 201 POST http://10.180.1.21/identity/v3/projects 0.036s
2025-11-12 13:30:27.645 67731 INFO tempest.lib.common.rest_client [req-4e25b54c-508c-4371-8ac3-689758593db6 req-4e25b54c-508c-4371-8ac3-689758593db6 ] Request (ServersAdminNegativeTestJSON:setUpClass): 200 GET http://10.180.1.21/compute/v2.1/servers/070ed664-fe2a-48a1-9449-b98387952fea 1.193s
2025-11-12 13:30:27.659 67725 INFO tempest.lib.common.rest_client [req-eb5cff9c-bd36-41ac-ba42-5de40dd76aed req-eb5cff9c-bd36-41ac-ba42-5de40dd76aed ] Request (ServerRescueNegativeTestJSON:test_rescued_vm_detach_volume): 202 POST http://10.180.1.21/compute/v2.1/servers 1.252s
2025-11-12 13:30:27.663 67727 INFO tempest.lib.common.rest_client [req-1122b16c-6828-4321-9678-db327121b6c0 req-1122b16c-6828-4321-9678-db327121b6c0 ] Request (SecurityGroupRulesNegativeTestJSON:setUpClass): 201 POST http://10.180.1.21/identity/v3/users 0.068s
2025-11-12 13:30:27.691 67727 INFO tempest.lib.common.rest_client [req-18681d49-3db7-46e8-a6d3-17f99b108463 req-18681d49-3db7-46e8-a6d3-17f99b108463 ] Request (SecurityGroupRulesNegativeTestJSON:setUpClass): 200 GET http://10.180.1.21/identity/v3/roles 0.027s
2025-11-12 13:30:27.723 67727 INFO tempest.lib.common.rest_client [req-b089d9fe-42c3-466c-a950-309648cabfe1 req-b089d9fe-42c3-466c-a950-309648cabfe1 ] Request (SecurityGroupRulesNegativeTestJSON:setUpClass): 204 PUT http://10.180.1.21/identity/v3/projects/65f44796aea447deb1b5b145e0df48b6/users/64a54ba4bce045f4ba970a4019d0b9fc/roles/292c9de72d40405aa65c05695061aac0 0.032s
2025-11-12 13:30:27.724 67727 INFO tempest.lib.common.dynamic_creds [-] Dynamic test user 64a54ba4bce045f4ba970a4019d0b9fc is created with scope project and roles: ['member']
2025-11-12 13:30:27.724 67727 INFO tempest.lib.common.dynamic_creds [-] Acquired dynamic creds: credentials: Credentials: {'domain_id': 'default', 'domain_name': 'Default', 'username': 'tempest-SecurityGroupRulesNegativeTestJSON-1030882102-project-member', 'project_domain_id': 'default', 'project_domain_name': 'Default', 'project_id': '65f44796aea447deb1b5b145e0df48b6', 'project_name': 'tempest-SecurityGroupRulesNegativeTestJSON-1030882102', 'tenant_id': '65f44796aea447deb1b5b145e0df48b6', 'tenant_name': 'tempest-SecurityGroupRulesNegativeTestJSON-1030882102', 'user_domain_id': 'default', 'user_domain_name': 'Default', 'user_id': '64a54ba4bce045f4ba970a4019d0b9fc', 'system': None}, Network: None, Subnet: None, Router: None
2025-11-12 13:30:27.728 67762 INFO tempest.lib.common.rest_client [req-ec18a467-93ff-47a5-b06a-2629d1e0e72a req-ec18a467-93ff-47a5-b06a-2629d1e0e72a ] Request (ServersWithSpecificFlavorTestJSON:test_verify_created_server_ephemeral_disk): 200 GET http://10.180.1.21/compute/v2.1/servers/462abbd2-82c8-4aa5-8260-78f7dc8a470b 1.213s
