2025-11-12 13:29:06.906 67770 INFO tempest.lib.common.rest_client [req-5377deea-6173-441a-9e0e-c6615a471fbb req-5377deea-6173-441a-9e0e-c6615a471fbb ] Request (VolumesTestJSON:tearDownClass): 200 GET http://10.180.1.21/volume/v3/volumes/9bcb9f5d-7c74-4124-8994-bf6fbcf71773 0.039s
2025-11-12 13:29:06.982 67751 INFO tempest.lib.common.rest_client [req-b1df8e7f-7b88-4766-a4ad-9d7a838998ec req-b1df8e7f-7b88-4766-a4ad-9d7a838998ec ] Request (MigrationsAdminTest:test_list_migrations_in_flavor_resize_situation): 200 GET http://10.180.1.21/compute/v2.1/servers/b4650cd3-7430-46e0-a0ed-56500eda66c5 2.573s
2025-11-12 13:29:06.994 67751 INFO tempest.common.waiters [-] State transition "RESIZE/resize_migrating" ==> "RESIZE/resize_migrated" after 16 second wait
2025-11-12 13:29:07.024 67774 INFO tempest.lib.common.rest_client [req-bd297977-dd2a-453f-8662-b476edb8c042 req-bd297977-dd2a-453f-8662-b476edb8c042 ] Request (ImagesTestJSON:test_create_image_from_stopped_server): 200 GET http://10.180.1.21/compute/v2.1/images/1f7f82b6-d6a0-4450-bda2-541c75ab2c21 2.565s
2025-11-12 13:29:07.286 67715 INFO tempest.lib.common.rest_client [req-2eafa3d2-729d-4faa-9100-cdeeae9f128c req-2eafa3d2-729d-4faa-9100-cdeeae9f128c ] Request (ServerMetadataTestJSON:setUpClass): 200 GET http://10.180.1.21/compute/v2.1/servers/945ddb57-4462-42d6-80e3-5a1ed1f25eac 2.745s
2025-11-12 13:29:07.297 67715 INFO tempest.common.waiters [-] State transition "BUILD/None" ==> "BUILD/block_device_mapping" after 11 second wait
2025-11-12 13:29:07.374 67717 INFO tempest.lib.common.rest_client [req-c5832efb-be47-4df7-981a-60e1ef60c72c req-c5832efb-be47-4df7-981a-60e1ef60c72c ] Request (ServersTestFqdnHostnames:test_create_server_with_fqdn_name): 200 GET http://10.180.1.21/compute/v2.1/servers/cebdcf73-5634-455c-82fd-e359cd16aec4/os-interface 2.818s
2025-11-12 13:29:07.858 67717 INFO tempest.lib.common.rest_client [req-927222b7-c77e-4896-b47a-d60ce93739e4 req-927222b7-c77e-4896-b47a-d60ce93739e4 ] Request (ServersTestFqdnHostnames:test_create_server_with_fqdn_name): 200 PUT http://10.180.1.21/networking/v2.0/floatingips/79fab9e5-a19a-4e2b-8e20-3a02f2b030a9 0.482s
2025-11-12 13:29:07.859 67717 INFO tempest.lib.common.ssh [-] Creating ssh connection to '10.180.180.187:22' as 'cirros' with public key authentication
2025-11-12 13:29:07.908 67725 INFO tempest.lib.common.rest_client [req-86c8b438-4706-4077-a72c-f3d448f3afd1 req-86c8b438-4706-4077-a72c-f3d448f3afd1 ] Request (ServerRescueNegativeTestJSON:setUpClass): 200 GET http://10.180.1.21/compute/v2.1/servers/0343f53d-2d89-4e89-aead-50ab7c487c6a 3.260s
2025-11-12 13:29:07.936 67770 INFO tempest.lib.common.rest_client [req-fe64bd7c-7118-4e5f-833b-e96746325c8f req-fe64bd7c-7118-4e5f-833b-e96746325c8f ] Request (VolumesTestJSON:tearDownClass): 404 GET http://10.180.1.21/volume/v3/volumes/9bcb9f5d-7c74-4124-8994-bf6fbcf71773 0.022s
2025-11-12 13:29:07.993 67725 INFO tempest.lib.common.rest_client [req-598688f7-f954-459f-9d7a-204d5dfe7b26 req-598688f7-f954-459f-9d7a-204d5dfe7b26 ] Request (ServerRescueNegativeTestJSON:setUpClass): 201 POST http://10.180.1.21/identity/v3/auth/tokens 0.069s
2025-11-12 13:29:07.994 67725 INFO tempest.lib.common.fixed_network [-] (ServerRescueNegativeTestJSON:setUpClass) Found network {'id': 'b099a84d-9c93-41f2-979f-5aeb20a8798a', 'name': 'tempest-ServerRescueNegativeTestJSON-606046157-network', 'tenant_id': 'f33001abffaa4860a53b42b02d93c25d', 'project_id': 'f33001abffaa4860a53b42b02d93c25d', 'admin_state_up': True, 'mtu': 8950, 'status': 'ACTIVE', 'subnets': [], 'shared': False, 'port_security_enabled': True, 'router:external': False, 'provider:network_type': 'vlan', 'provider:physical_network': 'default', 'provider:segmentation_id': 471, 'availability_zone_hints': [], 'availability_zones': [], 'ipv4_address_scope': None, 'ipv6_address_scope': None, 'description': '', 'tags': [], 'created_at': '2025-11-12T13:28:58Z', 'updated_at': '2025-11-12T13:28:58Z', 'revision_number': 1} available for tenant
2025-11-12 13:29:08.000 67770 INFO tempest.lib.common.rest_client [req-2a07fff4-bc1e-43a0-b5b5-33e6b70b759b req-2a07fff4-bc1e-43a0-b5b5-33e6b70b759b ] Request (VolumesTestJSON:tearDownClass): 202 DELETE http://10.180.1.21/volume/v3/volumes/d2f040cf-3fb3-493b-b05b-26fc2c154a70 0.063s
2025-11-12 13:29:08.030 67770 INFO tempest.lib.common.rest_client [req-d193aaba-036d-4ba7-8199-d2a2e3003017 req-d193aaba-036d-4ba7-8199-d2a2e3003017 ] Request (VolumesTestJSON:tearDownClass): 200 GET http://10.180.1.21/volume/v3/volumes/d2f040cf-3fb3-493b-b05b-26fc2c154a70 0.029s
2025-11-12 13:29:08.218 67758 INFO tempest.lib.common.rest_client [req-bc80571e-1e2f-4a05-93cb-41d9d4e518dc req-bc80571e-1e2f-4a05-93cb-41d9d4e518dc ] Request (VolumesGetTestJSON:test_volume_create_get_delete): 200 POST http://10.180.1.21/compute/v2.1/os-volumes 3.491s
2025-11-12 13:29:08.462 67762 INFO tempest.lib.common.rest_client [req-11772135-9e85-4915-a14f-4170a26cd959 req-11772135-9e85-4915-a14f-4170a26cd959 ] Request (ServersWithSpecificFlavorTestJSON:test_verify_created_server_ephemeral_disk): 200 GET http://10.180.1.21/compute/v2.1/servers/12619af9-3e3c-4c77-8a85-a50afe498605 3.272s
2025-11-12 13:29:08.475 67762 INFO tempest.lib.common.ssh [-] Creating ssh connection to '10.180.180.210:22' as 'cirros' with public key authentication
2025-11-12 13:29:08.615 67723 INFO tempest.lib.common.rest_client [req-3e20aedf-e291-41cb-9f5a-b4cb749a9f0d req-3e20aedf-e291-41cb-9f5a-b4cb749a9f0d ] Request (ServerDiagnosticsTest:tearDownClass): 200 GET http://10.180.1.21/compute/v2.1/servers/a7ea27d3-f50b-4f97-a345-0129e2fefee9 3.397s
2025-11-12 13:29:08.623 67723 INFO tempest.common.waiters [-] State transition "ACTIVE/deleting" ==> "DELETED/None" after 4 second wait
2025-11-12 13:29:08.740 67737 INFO tempest.lib.common.rest_client [req-a2b7fdbc-cb0e-4de9-96e6-a4dcf91cb23e req-a2b7fdbc-cb0e-4de9-96e6-a4dcf91cb23e ] Request (ImagesOneServerTestJSON:test_create_delete_image): 204 DELETE http://10.180.1.21/compute/v2.1/images/88175357-b706-40b9-a920-effab17d9454 3.484s
2025-11-12 13:29:08.771 67721 INFO tempest.lib.common.rest_client [req-134db3f0-298b-4142-bef5-f4c5c80f71b9 req-134db3f0-298b-4142-bef5-f4c5c80f71b9 ] Request (FlavorsAccessNegativeTestJSON:_run_cleanups): 200 GET http://10.180.1.21/compute/v2.1/flavors/detail 3.498s
2025-11-12 13:29:08.864 67735 INFO tempest.lib.common.rest_client [req-7c8969ce-5362-4c93-b4f3-5f6154f11957 req-7c8969ce-5362-4c93-b4f3-5f6154f11957 ] Request (FloatingIPsTestJSON:test_delete_floating_ip): 404 GET http://10.180.1.21/compute/v2.1/os-floating-ips/98b2d958-707f-40a0-a859-a659d0838272 3.520s
2025-11-12 13:29:08.923 67756 INFO tempest.lib.common.rest_client [req-a5320a16-3551-4d6f-8ab6-e914ca73c797 req-a5320a16-3551-4d6f-8ab6-e914ca73c797 ] Request (QuotaClassesAdmin257Test:_run_cleanups): 200 PUT http://10.180.1.21/compute/v2.1/os-quota-class-sets/default 3.465s
2025-11-12 13:29:09.032 67766 INFO tempest.lib.common.rest_client [req-bcc3efe7-a1c7-4871-ab4e-1fc5ae825ef7 req-bcc3efe7-a1c7-4871-ab4e-1fc5ae825ef7 ] Request (ServerActionsTestOtherA:setUpClass): 200 GET http://10.180.1.21/compute/v2.1/servers/29c5434b-b550-4fb4-93a0-614720091e49/os-interface 3.467s
2025-11-12 13:29:09.048 67739 INFO tempest.lib.common.rest_client [req-233b2486-4eee-4ef9-83c1-abd770292088 req-233b2486-4eee-4ef9-83c1-abd770292088 ] Request (HypervisorAdminNegativeUnderV252Test:test_show_servers_with_nonexistent_hypervisor): 404 GET http://10.180.1.21/compute/v2.1/os-hypervisors/80733f58-87c9-4fd7-815d-08961817d607/servers 3.479s
2025-11-12 13:29:09.058 67770 INFO tempest.lib.common.rest_client [req-c332e874-54d7-4a6c-9d3e-cc42c9229adc req-c332e874-54d7-4a6c-9d3e-cc42c9229adc ] Request (VolumesTestJSON:tearDownClass): 404 GET http://10.180.1.21/volume/v3/volumes/d2f040cf-3fb3-493b-b05b-26fc2c154a70 0.016s
2025-11-12 13:29:09.069 67756 INFO tempest.lib.common.rest_client [req-656364d2-d70b-4b3c-86da-69ce1ecfc7ee req-656364d2-d70b-4b3c-86da-69ce1ecfc7ee ] Request (QuotaClassesAdmin257Test:tearDownClass): 204 DELETE http://10.180.1.21/identity/v3/users/5b70a7d408d54d79b6d01ca00452d3e1 0.143s
2025-11-12 13:29:09.101 67778 INFO tempest.lib.common.rest_client [req-019aaf6c-edaa-432e-b979-8f3688d9fc72 req-019aaf6c-edaa-432e-b979-8f3688d9fc72 ] Request (KeyPairsV2TestJSON:test_get_keypair_detail): 200 GET http://10.180.1.21/compute/v2.1/os-keypairs/tempest-keypair-1198205674 3.281s
2025-11-12 13:29:09.108 67770 INFO tempest.lib.common.rest_client [req-5a9a8c45-1fb0-4d4b-9e27-e9475aa46f9f req-5a9a8c45-1fb0-4d4b-9e27-e9475aa46f9f ] Request (VolumesTestJSON:tearDownClass): 202 DELETE http://10.180.1.21/volume/v3/volumes/6be5d296-e65c-4f93-be3d-bfdfbb9ac52d 0.050s
2025-11-12 13:29:09.153 67770 INFO tempest.lib.common.rest_client [req-eb2cd51a-22f4-405e-9e1d-b83b2b704e84 req-eb2cd51a-22f4-405e-9e1d-b83b2b704e84 ] Request (VolumesTestJSON:tearDownClass): 200 GET http://10.180.1.21/volume/v3/volumes/6be5d296-e65c-4f93-be3d-bfdfbb9ac52d 0.045s
2025-11-12 13:29:09.226 67739 INFO tempest.lib.common.rest_client [req-c22f3859-11d6-4cdc-8f5b-bdc29b0a732f req-c22f3859-11d6-4cdc-8f5b-bdc29b0a732f ] Request (HypervisorAdminNegativeUnderV252Test:tearDownClass): 204 DELETE http://10.180.1.21/identity/v3/users/3055969bde2541f88bc5192d6bb2f14d 0.175s
2025-11-12 13:29:09.244 67756 INFO tempest.lib.common.rest_client [req-5641c662-6ce0-43b2-909e-10b76092580c req-5641c662-6ce0-43b2-909e-10b76092580c ] Request (QuotaClassesAdmin257Test:tearDownClass): 204 DELETE http://10.180.1.21/identity/v3/users/9205dd767537437abebc47364ee80b20 0.174s
2025-11-12 13:29:09.244 67756 INFO tempest.lib.common.dynamic_creds [-] Deleting project and security group for project: faaa09bbed784f419f7660b933181bd8
2025-11-12 13:29:09.328 67756 INFO tempest.lib.common.rest_client [req-caa857f5-aa81-44bf-9ab2-35282708daa4 req-caa857f5-aa81-44bf-9ab2-35282708daa4 ] Request (QuotaClassesAdmin257Test:tearDownClass): 201 POST http://10.180.1.21/identity/v3/auth/tokens 0.083s
2025-11-12 13:29:09.423 67739 INFO tempest.lib.common.rest_client [req-938d0369-1445-4fce-8506-045097631cab req-938d0369-1445-4fce-8506-045097631cab ] Request (HypervisorAdminNegativeUnderV252Test:tearDownClass): 204 DELETE http://10.180.1.21/identity/v3/users/d4ac3ab02bad43f4a6169bcaafcb9912 0.194s
2025-11-12 13:29:09.424 67739 INFO tempest.lib.common.dynamic_creds [-] Deleting project and security group for project: 37c28dc28eba4a58aa5197d9d2ccefed
2025-11-12 13:29:09.486 67739 INFO tempest.lib.common.rest_client [req-cd7c8c6d-7834-486f-9d7b-82813459bf42 req-cd7c8c6d-7834-486f-9d7b-82813459bf42 ] Request (HypervisorAdminNegativeUnderV252Test:tearDownClass): 201 POST http://10.180.1.21/identity/v3/auth/tokens 0.062s
2025-11-12 13:29:09.682 67766 INFO tempest.lib.common.rest_client [req-cb858140-9716-47ce-b5d0-aa9435f2c3f4 req-cb858140-9716-47ce-b5d0-aa9435f2c3f4 ] Request (ServerActionsTestOtherA:setUpClass): 200 PUT http://10.180.1.21/networking/v2.0/floatingips/f2c184fb-c92d-4526-b2c2-ed36d8191b3a 0.648s
2025-11-12 13:29:09.684 67766 INFO tempest.lib.common.ssh [-] Creating ssh connection to '10.180.180.135:22' as 'cirros' with public key authentication
2025-11-12 13:29:09.925 67756 INFO tempest.lib.common.rest_client [req-50023ca2-b9fa-4461-9a47-45610964de6c req-50023ca2-b9fa-4461-9a47-45610964de6c ] Request (QuotaClassesAdmin257Test:tearDownClass): 200 GET http://10.180.1.21/networking/v2.0/security-groups?tenant_id=faaa09bbed784f419f7660b933181bd8&name=default 0.596s
2025-11-12 13:29:10.050 67739 INFO tempest.lib.common.rest_client [req-bbe21603-1122-4510-b999-4b29f5600941 req-bbe21603-1122-4510-b999-4b29f5600941 ] Request (HypervisorAdminNegativeUnderV252Test:tearDownClass): 200 GET http://10.180.1.21/networking/v2.0/security-groups?tenant_id=37c28dc28eba4a58aa5197d9d2ccefed&name=default 0.564s
2025-11-12 13:29:10.162 67729 INFO tempest.lib.common.rest_client [req-0d7d563f-847c-4848-9e21-7bf7845d7397 req-0d7d563f-847c-4848-9e21-7bf7845d7397 ] Request (VolumesAdminNegativeTest:test_update_attached_volume_with_nonexistent_volume_in_uri): 200 GET http://10.180.1.21/compute/v2.1/servers/0c86c9cb-cb05-492a-8212-d0c850cd1219 4.175s
2025-11-12 13:29:10.175 67729 INFO tempest.common.waiters [-] State transition "BUILD/None" ==> "BUILD/networking" after 13 second wait
2025-11-12 13:29:10.183 67770 INFO tempest.lib.common.rest_client [req-5ff752a8-dcaf-49ea-9b1b-ea214d030c06 req-5ff752a8-dcaf-49ea-9b1b-ea214d030c06 ] Request (VolumesTestJSON:tearDownClass): 404 GET http://10.180.1.21/volume/v3/volumes/6be5d296-e65c-4f93-be3d-bfdfbb9ac52d 0.022s
2025-11-12 13:29:10.208 67760 INFO tempest.lib.common.rest_client [req-30d8d610-54ef-48a4-a7ed-2b57c7585a21 req-30d8d610-54ef-48a4-a7ed-2b57c7585a21 ] Request (ListImageFiltersTestJSON:setUpClass): 200 GET http://10.180.1.21/compute/v2.1/images/c07b3fa1-0d5d-4e63-93fc-91121c3df0b5 4.104s
2025-11-12 13:29:10.286 67770 INFO tempest.lib.common.rest_client [req-a776dc3f-3aeb-4f2f-b63f-a234619643bd req-a776dc3f-3aeb-4f2f-b63f-a234619643bd ] Request (VolumesTestJSON:tearDownClass): 204 DELETE http://10.180.1.21/identity/v3/users/902714f76e5c48cea4dae98988d69282 0.102s
2025-11-12 13:29:10.286 67770 INFO tempest.lib.common.dynamic_creds [-] Deleting project and security group for project: 883dcb57ec7c4e9ab367834c16381941
2025-11-12 13:29:10.300 67756 INFO tempest.lib.common.rest_client [req-5c882563-0523-4225-ad58-4dadb3f22fa3 req-5c882563-0523-4225-ad58-4dadb3f22fa3 ] Request (QuotaClassesAdmin257Test:tearDownClass): 204 DELETE http://10.180.1.21/networking/v2.0/security-groups/75f9bdb7-e715-406e-beb7-d88bcd466faa 0.375s
2025-11-12 13:29:10.352 67770 INFO tempest.lib.common.rest_client [req-0ca31e11-b82e-45b3-ac19-fd8d066295cb req-0ca31e11-b82e-45b3-ac19-fd8d066295cb ] Request (VolumesTestJSON:tearDownClass): 201 POST http://10.180.1.21/identity/v3/auth/tokens 0.066s
2025-11-12 13:29:10.388 67739 INFO tempest.lib.common.rest_client [req-fde614fd-bc7b-4e09-878c-eaa25c5bb932 req-fde614fd-bc7b-4e09-878c-eaa25c5bb932 ] Request (HypervisorAdminNegativeUnderV252Test:tearDownClass): 204 DELETE http://10.180.1.21/networking/v2.0/security-groups/042e020c-50aa-4e9d-abdf-beedd2daa5d3 0.338s
2025-11-12 13:29:10.418 67756 INFO tempest.lib.common.rest_client [req-916c9241-9ddb-4c5d-89b6-e8618409b7fe req-916c9241-9ddb-4c5d-89b6-e8618409b7fe ] Request (QuotaClassesAdmin257Test:tearDownClass): 204 DELETE http://10.180.1.21/identity/v3/projects/faaa09bbed784f419f7660b933181bd8 0.117s
2025-11-12 13:29:10.418 67756 INFO tempest.lib.common.dynamic_creds [-] Deleting project and security group for project: d1dae9ea8c78472d83031acb763130fb
2025-11-12 13:29:10.498 67739 INFO tempest.lib.common.rest_client [req-f5dd300c-8bc2-42fd-bc93-31a878db66d6 req-f5dd300c-8bc2-42fd-bc93-31a878db66d6 ] Request (HypervisorAdminNegativeUnderV252Test:tearDownClass): 204 DELETE http://10.180.1.21/identity/v3/projects/37c28dc28eba4a58aa5197d9d2ccefed 0.109s
2025-11-12 13:29:10.498 67739 INFO tempest.lib.common.dynamic_creds [-] Deleting project and security group for project: 128df0922c0340ccb1e31466e8bf82dc
2025-11-12 13:29:10.521 67772 INFO tempest.lib.common.rest_client [req-94613baf-d8ed-4a3d-9b3f-f7b672f280b7 req-94613baf-d8ed-4a3d-9b3f-f7b672f280b7 ] Request (ServersAaction247Test:test_create_backup): 200 GET http://10.180.1.21/compute/v2.1/servers/f00dcdb0-e93b-42d1-bdc9-fd5d0cd1d54b 4.271s
2025-11-12 13:29:10.531 67772 INFO tempest.common.waiters [-] State transition "BUILD/spawning" ==> "ACTIVE/None" after 17 second wait
2025-11-12 13:29:10.651 67747 WARNING tempest.lib.common.ssh [-] Failed to establish authenticated ssh connection to cirros@10.180.180.155 ([Errno None] Unable to connect to port 22 on 10.180.180.155). Number attempts: 1. Retry after 2 seconds.: paramiko.ssh_exception.NoValidConnectionsError: [Errno None] Unable to connect to port 22 on 10.180.180.155
2025-11-12 13:29:10.775 67770 INFO tempest.lib.common.rest_client [req-15ad5a9b-d0c4-4fde-9864-373092a57f22 req-15ad5a9b-d0c4-4fde-9864-373092a57f22 ] Request (VolumesTestJSON:tearDownClass): 200 GET http://10.180.1.21/networking/v2.0/security-groups?tenant_id=883dcb57ec7c4e9ab367834c16381941&name=default 0.422s
2025-11-12 13:29:10.898 67756 INFO tempest.lib.common.rest_client [req-33f1726a-4732-4fae-b0bc-fb38d3604a24 req-33f1726a-4732-4fae-b0bc-fb38d3604a24 ] Request (QuotaClassesAdmin257Test:tearDownClass): 200 GET http://10.180.1.21/networking/v2.0/security-groups?tenant_id=d1dae9ea8c78472d83031acb763130fb&name=default 0.480s
2025-11-12 13:29:11.023 67739 INFO tempest.lib.common.rest_client [req-d3131b18-9fce-4ba1-bb3d-f127d3bf4c55 req-d3131b18-9fce-4ba1-bb3d-f127d3bf4c55 ] Request (HypervisorAdminNegativeUnderV252Test:tearDownClass): 200 GET http://10.180.1.21/networking/v2.0/security-groups?tenant_id=128df0922c0340ccb1e31466e8bf82dc&name=default 0.524s
2025-11-12 13:29:11.050 67770 INFO tempest.lib.common.rest_client [req-200bb025-db26-4e7e-a9f2-6278bea4cc24 req-200bb025-db26-4e7e-a9f2-6278bea4cc24 ] Request (VolumesTestJSON:tearDownClass): 204 DELETE http://10.180.1.21/networking/v2.0/security-groups/ad639eb8-a9f9-4e4d-b13a-205eb634ff14 0.275s
2025-11-12 13:29:11.132 67770 INFO tempest.lib.common.rest_client [req-6fcbe998-a11b-4091-bdef-e9427b4890ed req-6fcbe998-a11b-4091-bdef-e9427b4890ed ] Request (VolumesTestJSON:tearDownClass): 204 DELETE http://10.180.1.21/identity/v3/projects/883dcb57ec7c4e9ab367834c16381941 0.081s
2025-11-12 13:29:11.175 67756 INFO tempest.lib.common.rest_client [req-bd3e950b-1278-411d-a870-66daf23119de req-bd3e950b-1278-411d-a870-66daf23119de ] Request (QuotaClassesAdmin257Test:tearDownClass): 204 DELETE http://10.180.1.21/networking/v2.0/security-groups/63d9a1a5-581a-44ab-8b50-53471db4213c 0.276s
2025-11-12 13:29:11.317 67739 INFO tempest.lib.common.rest_client [req-a4cb42c7-7217-47c0-bb01-e96dc1d2ec7e req-a4cb42c7-7217-47c0-bb01-e96dc1d2ec7e ] Request (HypervisorAdminNegativeUnderV252Test:tearDownClass): 204 DELETE http://10.180.1.21/networking/v2.0/security-groups/e746566b-c746-41aa-8292-b31114d6d924 0.290s
2025-11-12 13:29:11.356 67756 INFO tempest.lib.common.rest_client [req-9f76db3b-6350-4dd9-bf43-6a6e9bec36e4 req-9f76db3b-6350-4dd9-bf43-6a6e9bec36e4 ] Request (QuotaClassesAdmin257Test:tearDownClass): 204 DELETE http://10.180.1.21/identity/v3/projects/d1dae9ea8c78472d83031acb763130fb 0.181s
2025-11-12 13:29:11.393 67756 INFO tempest.lib.common.rest_client [req-9a775cb2-ac9b-4fe7-9e13-6e2544b57ea2 req-9a775cb2-ac9b-4fe7-9e13-6e2544b57ea2 ] Request (ServerExternalEventsTest:setUpClass): 201 POST http://10.180.1.21/identity/v3/auth/tokens 0.034s
2025-11-12 13:29:11.432 67739 INFO tempest.lib.common.rest_client [req-6739025f-9db5-41d7-a09e-eca709397473 req-6739025f-9db5-41d7-a09e-eca709397473 ] Request (HypervisorAdminNegativeUnderV252Test:tearDownClass): 204 DELETE http://10.180.1.21/identity/v3/projects/128df0922c0340ccb1e31466e8bf82dc 0.115s
2025-11-12 13:29:11.470 67756 INFO tempest.lib.common.rest_client [req-a805df3a-66e8-4abc-b605-75aba8d18259 req-a805df3a-66e8-4abc-b605-75aba8d18259 ] Request (ServerExternalEventsTest:setUpClass): 201 POST http://10.180.1.21/identity/v3/auth/tokens 0.074s
2025-11-12 13:29:11.494 67756 INFO tempest.lib.common.rest_client [req-f2f20fe5-fd44-405a-ada8-445d57011708 req-f2f20fe5-fd44-405a-ada8-445d57011708 ] Request (ServerExternalEventsTest:setUpClass): 200 GET http://10.180.1.21/identity/v3/domains?name=Default 0.024s
2025-11-12 13:29:11.500 67739 INFO tempest.lib.common.rest_client [req-75186c8f-c65f-4917-907c-0197bf34260a req-75186c8f-c65f-4917-907c-0197bf34260a ] Request (ImagesMetadataNegativeTestJSON:setUpClass): 201 POST http://10.180.1.21/identity/v3/auth/tokens 0.065s
2025-11-12 13:29:11.530 67756 INFO tempest.lib.common.rest_client [req-5ab77187-5a64-4037-b387-04cc5c05be05 req-5ab77187-5a64-4037-b387-04cc5c05be05 ] Request (ServerExternalEventsTest:setUpClass): 201 POST http://10.180.1.21/identity/v3/projects 0.035s
2025-11-12 13:29:11.566 67762 WARNING tempest.lib.common.ssh [-] Failed to establish authenticated ssh connection to cirros@10.180.180.210 ([Errno None] Unable to connect to port 22 on 10.180.180.210). Number attempts: 1. Retry after 2 seconds.: paramiko.ssh_exception.NoValidConnectionsError: [Errno None] Unable to connect to port 22 on 10.180.180.210
2025-11-12 13:29:11.581 67739 INFO tempest.lib.common.rest_client [req-2aebc452-0404-4188-b6c2-f113f8f0831f req-2aebc452-0404-4188-b6c2-f113f8f0831f ] Request (ImagesMetadataNegativeTestJSON:setUpClass): 201 POST http://10.180.1.21/identity/v3/auth/tokens 0.076s
2025-11-12 13:29:11.605 67756 INFO tempest.lib.common.rest_client [req-c76e3106-806b-4407-b588-b31a89584f2e req-c76e3106-806b-4407-b588-b31a89584f2e ] Request (ServerExternalEventsTest:setUpClass): 201 POST http://10.180.1.21/identity/v3/users 0.074s
2025-11-12 13:29:11.611 67739 INFO tempest.lib.common.rest_client [req-9eb0a396-1839-4c20-b6c7-5787c7e3a9eb req-9eb0a396-1839-4c20-b6c7-5787c7e3a9eb ] Request (ImagesMetadataNegativeTestJSON:setUpClass): 200 GET http://10.180.1.21/identity/v3/domains?name=Default 0.030s
2025-11-12 13:29:11.633 67756 INFO tempest.lib.common.rest_client [req-661242f2-a2ad-4304-9157-3da95fd08049 req-661242f2-a2ad-4304-9157-3da95fd08049 ] Request (ServerExternalEventsTest:setUpClass): 200 GET http://10.180.1.21/identity/v3/roles 0.027s
2025-11-12 13:29:11.643 67739 INFO tempest.lib.common.rest_client [req-1e85b7ca-6710-413a-b880-50e32e37acfa req-1e85b7ca-6710-413a-b880-50e32e37acfa ] Request (ImagesMetadataNegativeTestJSON:setUpClass): 201 POST http://10.180.1.21/identity/v3/projects 0.031s
2025-11-12 13:29:11.709 67756 INFO tempest.lib.common.rest_client [req-6707a0dc-2829-4e50-b9af-27f0e80bff60 req-6707a0dc-2829-4e50-b9af-27f0e80bff60 ] Request (ServerExternalEventsTest:setUpClass): 204 PUT http://10.180.1.21/identity/v3/projects/a9c154437b3a4fd5b6132e492da12aba/users/f5d2bde116f3488c85ff49cddda6970a/roles/292c9de72d40405aa65c05695061aac0 0.075s
2025-11-12 13:29:11.709 67756 INFO tempest.lib.common.dynamic_creds [-] Dynamic test user f5d2bde116f3488c85ff49cddda6970a is created with scope project and roles: ['member']
2025-11-12 13:29:11.710 67756 INFO tempest.lib.common.dynamic_creds [-] Acquired dynamic creds: credentials: Credentials: {'domain_id': 'default', 'domain_name': 'Default', 'username': 'tempest-ServerExternalEventsTest-347413456-project-member', 'project_domain_id': 'default', 'project_domain_name': 'Default', 'project_id': 'a9c154437b3a4fd5b6132e492da12aba', 'project_name': 'tempest-ServerExternalEventsTest-347413456', 'tenant_id': 'a9c154437b3a4fd5b6132e492da12aba', 'tenant_name': 'tempest-ServerExternalEventsTest-347413456', 'user_domain_id': 'default', 'user_domain_name': 'Default', 'user_id': 'f5d2bde116f3488c85ff49cddda6970a', 'system': None}, Network: None, Subnet: None, Router: None
2025-11-12 13:29:11.710 67756 INFO tempest.lib.common.dynamic_creds [-] Created isolated network resources for: credentials: Credentials: {'domain_id': 'default', 'domain_name': 'Default', 'username': 'tempest-ServerExternalEventsTest-347413456-project-member', 'project_domain_id': 'default', 'project_domain_name': 'Default', 'project_id': 'a9c154437b3a4fd5b6132e492da12aba', 'project_name': 'tempest-ServerExternalEventsTest-347413456', 'tenant_id': 'a9c154437b3a4fd5b6132e492da12aba', 'tenant_name': 'tempest-ServerExternalEventsTest-347413456', 'user_domain_id': 'default', 'user_domain_name': 'Default', 'user_id': 'f5d2bde116f3488c85ff49cddda6970a', 'system': None}, Network: None, Subnet: None, Router: None
2025-11-12 13:29:11.711 67739 INFO tempest.lib.common.rest_client [req-5b768e27-041f-4b67-9084-d1829af9d83e req-5b768e27-041f-4b67-9084-d1829af9d83e ] Request (ImagesMetadataNegativeTestJSON:setUpClass): 201 POST http://10.180.1.21/identity/v3/users 0.067s
2025-11-12 13:29:11.770 67753 INFO tempest.lib.common.rest_client [req-4a08d4dc-6345-4325-9394-8548a91a724e req-4a08d4dc-6345-4325-9394-8548a91a724e ] Request (FloatingIPDetailsTestJSON:tearDownClass): 202 DELETE http://10.180.1.21/compute/v2.1/os-floating-ips/87873a54-7840-4b4c-984b-f149f617186d 5.406s
2025-11-12 13:29:11.785 67739 INFO tempest.lib.common.rest_client [req-0c17cfb4-c9ee-45df-839d-33c58fb58ca7 req-0c17cfb4-c9ee-45df-839d-33c58fb58ca7 ] Request (ImagesMetadataNegativeTestJSON:setUpClass): 200 GET http://10.180.1.21/identity/v3/roles 0.074s
2025-11-12 13:29:11.818 67756 INFO tempest.lib.common.rest_client [req-ce02bb07-e642-4631-bf5f-f2aea4200030 req-ce02bb07-e642-4631-bf5f-f2aea4200030 ] Request (ServerExternalEventsTest:setUpClass): 201 POST http://10.180.1.21/identity/v3/auth/tokens 0.104s
2025-11-12 13:29:11.823 67739 INFO tempest.lib.common.rest_client [req-9b015479-018e-4400-bf01-bd42242b47ea req-9b015479-018e-4400-bf01-bd42242b47ea ] Request (ImagesMetadataNegativeTestJSON:setUpClass): 204 PUT http://10.180.1.21/identity/v3/projects/c6e31bd92aa94bfda1ade3779c24351a/users/bd10fbec0e63453793e40927c06e0c8f/roles/292c9de72d40405aa65c05695061aac0 0.038s
2025-11-12 13:29:11.826 67739 INFO tempest.lib.common.dynamic_creds [-] Dynamic test user bd10fbec0e63453793e40927c06e0c8f is created with scope project and roles: ['member']
2025-11-12 13:29:11.827 67739 INFO tempest.lib.common.dynamic_creds [-] Acquired dynamic creds: credentials: Credentials: {'domain_id': 'default', 'domain_name': 'Default', 'username': 'tempest-ImagesMetadataNegativeTestJSON-658080684-project-member', 'project_domain_id': 'default', 'project_domain_name': 'Default', 'project_id': 'c6e31bd92aa94bfda1ade3779c24351a', 'project_name': 'tempest-ImagesMetadataNegativeTestJSON-658080684', 'tenant_id': 'c6e31bd92aa94bfda1ade3779c24351a', 'tenant_name': 'tempest-ImagesMetadataNegativeTestJSON-658080684', 'user_domain_id': 'default', 'user_domain_name': 'Default', 'user_id': 'bd10fbec0e63453793e40927c06e0c8f', 'system': None}, Network: None, Subnet: None, Router: None
2025-11-12 13:29:11.827 67739 INFO tempest.lib.common.dynamic_creds [-] Created isolated network resources for: credentials: Credentials: {'domain_id': 'default', 'domain_name': 'Default', 'username': 'tempest-ImagesMetadataNegativeTestJSON-658080684-project-member', 'project_domain_id': 'default', 'project_domain_name': 'Default', 'project_id': 'c6e31bd92aa94bfda1ade3779c24351a', 'project_name': 'tempest-ImagesMetadataNegativeTestJSON-658080684', 'tenant_id': 'c6e31bd92aa94bfda1ade3779c24351a', 'tenant_name': 'tempest-ImagesMetadataNegativeTestJSON-658080684', 'user_domain_id': 'default', 'user_domain_name': 'Default', 'user_id': 'bd10fbec0e63453793e40927c06e0c8f', 'system': None}, Network: None, Subnet: None, Router: None
2025-11-12 13:29:11.868 67768 INFO tempest.lib.common.rest_client [req-8fe8eac6-491a-4dbd-a88d-eb5735713564 req-8fe8eac6-491a-4dbd-a88d-eb5735713564 ] Request (ServerDiagnosticsNegativeTest:tearDownClass): 200 GET http://10.180.1.21/compute/v2.1/servers/1db38f12-ac4d-40ce-b946-bf0c00deffcd 5.420s
2025-11-12 13:29:11.876 67733 WARNING tempest.lib.common.ssh [-] Failed to establish authenticated ssh connection to cirros@10.180.180.226 ([Errno None] Unable to connect to port 22 on 10.180.180.226). Number attempts: 4. Retry after 5 seconds.: paramiko.ssh_exception.NoValidConnectionsError: [Errno None] Unable to connect to port 22 on 10.180.180.226
2025-11-12 13:29:11.881 67768 INFO tempest.common.waiters [-] State transition "ACTIVE/deleting" ==> "DELETED/None" after 6 second wait
2025-11-12 13:29:11.890 67719 INFO tempest.lib.common.rest_client [req-8a4ccf7a-04e3-4bf1-9c58-75bbbdc5e58d req-8a4ccf7a-04e3-4bf1-9c58-75bbbdc5e58d ] Request (ServerGroupTestJSON:test_create_delete_multiple_server_groups_with_same_name_policy): 200 GET http://10.180.1.21/compute/v2.1/os-server-groups 5.414s
2025-11-12 13:29:11.895 67756 INFO tempest.lib.common.rest_client [req-44645007-92df-40ab-9af6-e9bafffa0ea3 req-44645007-92df-40ab-9af6-e9bafffa0ea3 ] Request (ServerExternalEventsTest:setUpClass): 201 POST http://10.180.1.21/identity/v3/projects 0.076s
2025-11-12 13:29:11.914 67739 INFO tempest.lib.common.rest_client [req-7a99f486-5cd1-4178-8f92-d22affef2894 req-7a99f486-5cd1-4178-8f92-d22affef2894 ] Request (ImagesMetadataNegativeTestJSON:setUpClass): 201 POST http://10.180.1.21/identity/v3/auth/tokens 0.082s
2025-11-12 13:29:11.958 67756 INFO tempest.lib.common.rest_client [req-f5c5355c-549c-4ffd-aa96-0ad2dc9b6921 req-f5c5355c-549c-4ffd-aa96-0ad2dc9b6921 ] Request (ServerExternalEventsTest:setUpClass): 201 POST http://10.180.1.21/identity/v3/users 0.063s
2025-11-12 13:29:11.959 67717 WARNING tempest.lib.common.ssh [-] Failed to establish authenticated ssh connection to cirros@10.180.180.187 ([Errno None] Unable to connect to port 22 on 10.180.180.187). Number attempts: 1. Retry after 2 seconds.: paramiko.ssh_exception.NoValidConnectionsError: [Errno None] Unable to connect to port 22 on 10.180.180.187
2025-11-12 13:29:11.981 67756 INFO tempest.lib.common.rest_client [req-c1881b7f-d339-40f4-a31b-650ec2d9a04a req-c1881b7f-d339-40f4-a31b-650ec2d9a04a ] Request (ServerExternalEventsTest:setUpClass): 200 GET http://10.180.1.21/identity/v3/roles 0.022s
2025-11-12 13:29:11.998 67743 INFO tempest.lib.common.rest_client [req-65bf91eb-cd41-48e3-8e3d-1bff00d19aad req-65bf91eb-cd41-48e3-8e3d-1bff00d19aad ] Request (ServersAdmin275Test:_run_cleanups): 200 GET http://10.180.1.21/compute/v2.1/servers/f087dae1-79be-405c-b3a7-3e31ea16b27f 5.468s
2025-11-12 13:29:12.031 67756 INFO tempest.lib.common.rest_client [req-b190ad22-d3b6-4884-872b-3153f1ace6cd req-b190ad22-d3b6-4884-872b-3153f1ace6cd ] Request (ServerExternalEventsTest:setUpClass): 204 PUT http://10.180.1.21/identity/v3/projects/bbefc763a0fa4bafbb0660f08fe07992/users/fbc11be9b4594483946d23020ba110c0/roles/b59b600eb96f4268a0e41fc122b87a21 0.050s
2025-11-12 13:29:12.105 67756 INFO tempest.lib.common.rest_client [req-0a5cfe12-5f88-41c6-8d50-04491d66e1ee req-0a5cfe12-5f88-41c6-8d50-04491d66e1ee ] Request (ServerExternalEventsTest:setUpClass): 200 GET http://10.180.1.21/identity/v3/roles 0.073s
2025-11-12 13:29:12.131 67756 INFO tempest.lib.common.rest_client [req-bfdfed98-4300-42cc-ae82-a40dd16c3d99 req-bfdfed98-4300-42cc-ae82-a40dd16c3d99 ] Request (ServerExternalEventsTest:setUpClass): 204 PUT http://10.180.1.21/identity/v3/projects/bbefc763a0fa4bafbb0660f08fe07992/users/fbc11be9b4594483946d23020ba110c0/roles/b59b600eb96f4268a0e41fc122b87a21 0.025s
2025-11-12 13:29:12.131 67756 INFO tempest.lib.common.dynamic_creds [-] Dynamic test user fbc11be9b4594483946d23020ba110c0 is created with scope project and roles: ['admin']
2025-11-12 13:29:12.131 67756 INFO tempest.lib.common.dynamic_creds [-] Acquired dynamic creds: credentials: Credentials: {'domain_id': 'default', 'domain_name': 'Default', 'username': 'tempest-ServerExternalEventsTest-2033477624-project-admin', 'project_domain_id': 'default', 'project_domain_name': 'Default', 'project_id': 'bbefc763a0fa4bafbb0660f08fe07992', 'project_name': 'tempest-ServerExternalEventsTest-2033477624', 'tenant_id': 'bbefc763a0fa4bafbb0660f08fe07992', 'tenant_name': 'tempest-ServerExternalEventsTest-2033477624', 'user_domain_id': 'default', 'user_domain_name': 'Default', 'user_id': 'fbc11be9b4594483946d23020ba110c0', 'system': None}, Network: None, Subnet: None, Router: None
2025-11-12 13:29:12.131 67756 INFO tempest.lib.common.dynamic_creds [-] Created isolated network resources for: credentials: Credentials: {'domain_id': 'default', 'domain_name': 'Default', 'username': 'tempest-ServerExternalEventsTest-2033477624-project-admin', 'project_domain_id': 'default', 'project_domain_name': 'Default', 'project_id': 'bbefc763a0fa4bafbb0660f08fe07992', 'project_name': 'tempest-ServerExternalEventsTest-2033477624', 'tenant_id': 'bbefc763a0fa4bafbb0660f08fe07992', 'tenant_name': 'tempest-ServerExternalEventsTest-2033477624', 'user_domain_id': 'default', 'user_domain_name': 'Default', 'user_id': 'fbc11be9b4594483946d23020ba110c0', 'system': None}, Network: None, Subnet: None, Router: None
2025-11-12 13:29:12.174 67727 INFO tempest.lib.common.rest_client [req-7ff99d80-7df6-4840-8334-afdda9b0fc27 req-7ff99d80-7df6-4840-8334-afdda9b0fc27 ] Request (DeleteServersAdminTestJSON:test_delete_server_while_in_error_state): 200 GET http://10.180.1.21/compute/v2.1/servers/a4afbc73-cd73-43f7-9cd6-171d26b62f73 5.641s
2025-11-12 13:29:12.183 67727 INFO tempest.common.waiters [-] State transition "BUILD/None" ==> "BUILD/networking" after 15 second wait
2025-11-12 13:29:12.258 67741 INFO tempest.lib.common.rest_client [req-8fc6619f-c975-4c50-9d4c-16e52d9c8386 req-8fc6619f-c975-4c50-9d4c-16e52d9c8386 ] Request (ImagesNegativeTestJSON:test_create_image_from_deleted_server): 200 GET http://10.180.1.21/compute/v2.1/servers/eafc0be4-0041-4738-85b0-93456edee804 5.656s
2025-11-12 13:29:12.273 67731 INFO tempest.lib.common.rest_client [req-69bc8b3b-ae55-4d3f-a66e-371e85d4a215 req-69bc8b3b-ae55-4d3f-a66e-371e85d4a215 ] Request (FlavorsAdminTestJSON:test_create_server_with_non_public_flavor): 200 POST http://10.180.1.21/compute/v2.1/flavors 5.527s
2025-11-12 13:29:12.288 67756 INFO tempest.lib.common.rest_client [req-a9ca73a1-8c90-454b-804e-c42c4c242744 req-a9ca73a1-8c90-454b-804e-c42c4c242744 ] Request (ServerExternalEventsTest:setUpClass): 201 POST http://10.180.1.21/identity/v3/auth/tokens 0.154s
2025-11-12 13:29:12.354 67756 INFO tempest.lib.common.rest_client [req-b4663589-c4bf-4f8d-90b0-4fae5b4e7a19 req-b4663589-c4bf-4f8d-90b0-4fae5b4e7a19 ] Request (ServerExternalEventsTest:setUpClass): 201 POST http://10.180.1.21/identity/v3/projects 0.064s
2025-11-12 13:29:12.355 67745 INFO tempest.lib.common.rest_client [req-962896d4-d582-438f-9146-46ba97603d34 req-962896d4-d582-438f-9146-46ba97603d34 ] Request (ServerDiagnosticsV248Test:tearDownClass): 200 GET http://10.180.1.21/compute/v2.1/servers/a3c4bc46-55b6-4523-8cc0-c282b5fadf0e 4.894s
2025-11-12 13:29:12.438 67756 INFO tempest.lib.common.rest_client [req-6e0bfd6c-5619-4948-a1e7-3d66a53e7cb3 req-6e0bfd6c-5619-4948-a1e7-3d66a53e7cb3 ] Request (ServerExternalEventsTest:setUpClass): 201 POST http://10.180.1.21/identity/v3/users 0.084s
2025-11-12 13:29:12.468 67756 INFO tempest.lib.common.rest_client [req-13f2662a-8742-4b5a-a981-a62c82c185db req-13f2662a-8742-4b5a-a981-a62c82c185db ] Request (ServerExternalEventsTest:setUpClass): 200 GET http://10.180.1.21/identity/v3/roles 0.029s
2025-11-12 13:29:12.506 67756 INFO tempest.lib.common.rest_client [req-a3d81fda-0050-47f7-ad84-0902049fb3e4 req-a3d81fda-0050-47f7-ad84-0902049fb3e4 ] Request (ServerExternalEventsTest:setUpClass): 204 PUT http://10.180.1.21/identity/v3/projects/f0c48bee334f490bbe3cef2e0f8650e4/users/37d314b492fb4ed18418b798d1209d0b/roles/b59b600eb96f4268a0e41fc122b87a21 0.037s
2025-11-12 13:29:12.505 67764 INFO tempest.lib.common.rest_client [req-19973066-d03f-44a7-8818-51245aa96c47 req-19973066-d03f-44a7-8818-51245aa96c47 ] Request (ServersAdminTestJSON:test_create_server_with_scheduling_hint): 200 GET http://10.180.1.21/compute/v2.1/servers/3816169f-4590-41a8-acfb-86119750e520 4.882s
2025-11-12 13:29:12.584 67756 INFO tempest.lib.common.rest_client [req-5a606531-9484-49dc-80de-4b6d447ee97a req-5a606531-9484-49dc-80de-4b6d447ee97a ] Request (ServerExternalEventsTest:setUpClass): 200 GET http://10.180.1.21/identity/v3/roles 0.077s
2025-11-12 13:29:12.614 67777 INFO tempest.lib.common.rest_client [req-5cad5d61-cd75-4ae3-8e4b-d2d8928fe864 req-5cad5d61-cd75-4ae3-8e4b-d2d8928fe864 ] Request (ServerDiskConfigTestJSON:test_rebuild_server_with_manual_disk_config): 200 GET http://10.180.1.21/compute/v2.1/servers/22c098f5-d860-4210-967a-ffde23c4e29f 4.895s
2025-11-12 13:29:12.615 67756 INFO tempest.lib.common.rest_client [req-4faed0af-dcde-4fd2-9e62-6a1785f746be req-4faed0af-dcde-4fd2-9e62-6a1785f746be ] Request (ServerExternalEventsTest:setUpClass): 204 PUT http://10.180.1.21/identity/v3/projects/f0c48bee334f490bbe3cef2e0f8650e4/users/37d314b492fb4ed18418b798d1209d0b/roles/a80317c3142b4527813fe310c77678a3 0.031s
2025-11-12 13:29:12.615 67756 INFO tempest.lib.common.dynamic_creds [-] Dynamic test user 37d314b492fb4ed18418b798d1209d0b is created with scope project and roles: ['admin', 'service']
2025-11-12 13:29:12.616 67756 INFO tempest.lib.common.dynamic_creds [-] Acquired dynamic creds: credentials: Credentials: {'domain_id': 'default', 'domain_name': 'Default', 'username': 'tempest-ServerExternalEventsTest-87524497-project', 'project_domain_id': 'default', 'project_domain_name': 'Default', 'project_id': 'f0c48bee334f490bbe3cef2e0f8650e4', 'project_name': 'tempest-ServerExternalEventsTest-87524497', 'tenant_id': 'f0c48bee334f490bbe3cef2e0f8650e4', 'tenant_name': 'tempest-ServerExternalEventsTest-87524497', 'user_domain_id': 'default', 'user_domain_name': 'Default', 'user_id': '37d314b492fb4ed18418b798d1209d0b', 'system': None}, Network: None, Subnet: None, Router: None
2025-11-12 13:29:12.616 67756 INFO tempest.lib.common.dynamic_creds [-] Created isolated network resources for: credentials: Credentials: {'domain_id': 'default', 'domain_name': 'Default', 'username': 'tempest-ServerExternalEventsTest-87524497-project', 'project_domain_id': 'default', 'project_domain_name': 'Default', 'project_id': 'f0c48bee334f490bbe3cef2e0f8650e4', 'project_name': 'tempest-ServerExternalEventsTest-87524497', 'tenant_id': 'f0c48bee334f490bbe3cef2e0f8650e4', 'tenant_name': 'tempest-ServerExternalEventsTest-87524497', 'user_domain_id': 'default', 'user_domain_name': 'Default', 'user_id': '37d314b492fb4ed18418b798d1209d0b', 'system': None}, Network: None, Subnet: None, Router: None
2025-11-12 13:29:12.708 67750 INFO tempest.lib.common.rest_client [req-3fcf84f3-bf0d-425b-82e5-603904d08acc req-3fcf84f3-bf0d-425b-82e5-603904d08acc ] Request (SecurityGroupsTestAdminJSON:test_list_security_groups_list_all_tenants_filter): 200 GET http://10.180.1.21/compute/v2.1/os-security-groups?all_tenants=true 8.920s
2025-11-12 13:29:12.725 67756 INFO tempest.lib.common.rest_client [req-cba3f9cc-ce98-43d0-ae74-d3d68cd9b4d2 req-cba3f9cc-ce98-43d0-ae74-d3d68cd9b4d2 ] Request (ServerExternalEventsTest:setUpClass): 201 POST http://10.180.1.21/identity/v3/auth/tokens 0.104s
2025-11-12 13:29:12.826 67756 INFO tempest.lib.common.rest_client [req-53e0049c-4dac-4ed7-8ded-a6831765dce4 req-53e0049c-4dac-4ed7-8ded-a6831765dce4 ] Request (ServerExternalEventsTest:test_create_server_external_events): 201 POST http://10.180.1.21/identity/v3/auth/tokens 0.094s
2025-11-12 13:29:12.827 67756 INFO tempest.lib.common.fixed_network [-] (ServerExternalEventsTest:test_create_server_external_events) Found network None available for tenant
2025-11-12 13:29:12.953 67751 INFO tempest.lib.common.rest_client [req-83882801-a51e-4955-980c-fc629a39f07c req-83882801-a51e-4955-980c-fc629a39f07c ] Request (MigrationsAdminTest:test_list_migrations_in_flavor_resize_situation): 200 GET http://10.180.1.21/compute/v2.1/servers/b4650cd3-7430-46e0-a0ed-56500eda66c5 4.957s
2025-11-12 13:29:12.962 67751 INFO tempest.common.waiters [-] State transition "RESIZE/resize_migrated" ==> "RESIZE/resize_finish" after 22 second wait
2025-11-12 13:29:13.009 67774 INFO tempest.lib.common.rest_client [req-ab4f2201-5b20-4018-ac8f-fccd5f0a303e req-ab4f2201-5b20-4018-ac8f-fccd5f0a303e ] Request (ImagesTestJSON:test_create_image_from_stopped_server): 200 GET http://10.180.1.21/compute/v2.1/images/1f7f82b6-d6a0-4450-bda2-541c75ab2c21 4.977s
2025-11-12 13:29:13.055 67758 INFO tempest.lib.common.rest_client [req-323c8c40-52f4-409a-9161-e5dca3518833 req-323c8c40-52f4-409a-9161-e5dca3518833 ] Request (VolumesGetTestJSON:test_volume_create_get_delete): 200 GET http://10.180.1.21/compute/v2.1/os-volumes/99e426db-3191-4543-8a0b-07b2ddb7b504 4.833s
2025-11-12 13:29:13.058 67758 INFO tempest.common.waiters [-] volume 99e426db-3191-4543-8a0b-07b2ddb7b504 reached available after waiting for 0.058109 seconds
2025-11-12 13:29:13.298 67715 INFO tempest.lib.common.rest_client [req-2e0fa051-8719-4781-abb4-05f0f6a475d2 req-2e0fa051-8719-4781-abb4-05f0f6a475d2 ] Request (ServerMetadataTestJSON:setUpClass): 200 GET http://10.180.1.21/compute/v2.1/servers/945ddb57-4462-42d6-80e3-5a1ed1f25eac 5.000s
2025-11-12 13:29:13.307 67715 INFO tempest.common.waiters [-] State transition "BUILD/block_device_mapping" ==> "BUILD/spawning" after 17 second wait
2025-11-12 13:29:13.324 67737 INFO tempest.lib.common.rest_client [req-a2528307-702d-4139-b516-9cbc6ef44c0d req-a2528307-702d-4139-b516-9cbc6ef44c0d ] Request (ImagesOneServerTestJSON:test_create_delete_image): 404 GET http://10.180.1.21/compute/v2.1/images/88175357-b706-40b9-a920-effab17d9454 4.583s
2025-11-12 13:29:13.343 67725 INFO tempest.lib.common.rest_client [req-d7acbc92-f686-4a17-8f94-8b04929b5ac9 req-d7acbc92-f686-4a17-8f94-8b04929b5ac9 ] Request (ServerRescueNegativeTestJSON:setUpClass): 202 POST http://10.180.1.21/compute/v2.1/servers 5.348s
2025-11-12 13:29:13.344 67721 INFO tempest.lib.common.rest_client [req-a44fecbf-e129-47d7-99de-af025ff6b3d8 req-a44fecbf-e129-47d7-99de-af025ff6b3d8 ] Request (FlavorsAccessNegativeTestJSON:test_remove_flavor_access_not_found): 200 POST http://10.180.1.21/compute/v2.1/flavors 4.566s
2025-11-12 13:29:13.368 67778 INFO tempest.lib.common.rest_client [req-37711eb9-4385-4d79-9415-9d5cc635482a req-37711eb9-4385-4d79-9415-9d5cc635482a ] Request (KeyPairsV2TestJSON:_run_cleanups): 202 DELETE http://10.180.1.21/compute/v2.1/os-keypairs/tempest-keypair-1198205674 4.265s
2025-11-12 13:29:13.378 67735 INFO tempest.lib.common.rest_client [req-3f82c558-21ea-49d0-99f5-c5d585cca965 req-3f82c558-21ea-49d0-99f5-c5d585cca965 ] Request (FloatingIPsTestJSON:_run_cleanups): 404 DELETE http://10.180.1.21/compute/v2.1/os-floating-ips/98b2d958-707f-40a0-a859-a659d0838272 4.513s
2025-11-12 13:29:13.604 67747 WARNING tempest.lib.common.ssh [-] Failed to establish authenticated ssh connection to cirros@10.180.180.155 ([Errno None] Unable to connect to port 22 on 10.180.180.155). Number attempts: 2. Retry after 3 seconds.: paramiko.ssh_exception.NoValidConnectionsError: [Errno None] Unable to connect to port 22 on 10.180.180.155
2025-11-12 13:29:13.799 67766 WARNING tempest.lib.common.ssh [-] Failed to establish authenticated ssh connection to cirros@10.180.180.135 ([Errno None] Unable to connect to port 22 on 10.180.180.135). Number attempts: 1. Retry after 2 seconds.: paramiko.ssh_exception.NoValidConnectionsError: [Errno None] Unable to connect to port 22 on 10.180.180.135
2025-11-12 13:29:13.910 67772 INFO tempest.lib.common.rest_client [req-e6c837a0-986d-4d56-8744-41f3f47e76f9 req-e6c837a0-986d-4d56-8744-41f3f47e76f9 ] Request (ServersAaction247Test:test_create_backup): 202 POST http://10.180.1.21/compute/v2.1/servers/f00dcdb0-e93b-42d1-bdc9-fd5d0cd1d54b/action 3.378s
2025-11-12 13:29:14.280 67723 INFO tempest.lib.common.rest_client [req-7b1d5975-24cf-473f-a289-4bff75005153 req-7b1d5975-24cf-473f-a289-4bff75005153 ] Request (ServerDiagnosticsTest:tearDownClass): 200 GET http://10.180.1.21/compute/v2.1/servers/a7ea27d3-f50b-4f97-a345-0129e2fefee9 4.655s
2025-11-12 13:29:14.327 67760 INFO tempest.lib.common.rest_client [req-6a225684-3fe7-4362-bcf9-b15cf80da261 req-6a225684-3fe7-4362-bcf9-b15cf80da261 ] Request (ListImageFiltersTestJSON:setUpClass): 200 GET http://10.180.1.21/compute/v2.1/images/c07b3fa1-0d5d-4e63-93fc-91121c3df0b5 3.114s
2025-11-12 13:29:14.416 67735 INFO tempest.lib.common.rest_client [req-51903dae-9a10-4ec7-a70a-19000693ed9c req-51903dae-9a10-4ec7-a70a-19000693ed9c ] Request (FloatingIPsTestJSON:tearDownClass): 200 PUT http://10.180.1.21/networking/v2.0/routers/2042bd3f-75ce-4af1-96e3-b904f1809113/remove_router_interface 1.033s
2025-11-12 13:29:14.479 67729 INFO tempest.lib.common.rest_client [req-bdacc6bd-0707-4318-aa5a-997b3dad322c req-bdacc6bd-0707-4318-aa5a-997b3dad322c ] Request (VolumesAdminNegativeTest:test_update_attached_volume_with_nonexistent_volume_in_uri): 200 GET http://10.180.1.21/compute/v2.1/servers/0c86c9cb-cb05-492a-8212-d0c850cd1219 3.302s
2025-11-12 13:29:14.487 67729 INFO tempest.common.waiters [-] State transition "BUILD/networking" ==> "BUILD/spawning" after 17 second wait
2025-11-12 13:29:14.544 67719 INFO tempest.lib.common.rest_client [req-08b41e1d-86c5-4b3d-ac87-5a7ee3379b0a req-08b41e1d-86c5-4b3d-ac87-5a7ee3379b0a ] Request (ServerGroupTestJSON:test_create_delete_server_group_with_affinity_policy): 200 POST http://10.180.1.21/compute/v2.1/os-server-groups 2.651s
2025-11-12 13:29:14.627 67762 WARNING tempest.lib.common.ssh [-] Failed to establish authenticated ssh connection to cirros@10.180.180.210 ([Errno None] Unable to connect to port 22 on 10.180.180.210). Number attempts: 2. Retry after 3 seconds.: paramiko.ssh_exception.NoValidConnectionsError: [Errno None] Unable to connect to port 22 on 10.180.180.210
2025-11-12 13:29:14.695 67739 INFO tempest.lib.common.rest_client [req-318c52ff-477c-40a3-91c2-5ef7d7090b6c req-318c52ff-477c-40a3-91c2-5ef7d7090b6c ] Request (ImagesMetadataNegativeTestJSON:test_delete_nonexistent_image_metadata_item): 404 DELETE http://10.180.1.21/compute/v2.1/images/9172902f-8526-4eca-953f-7cfd7f823595/metadata/os_distro 2.780s
2025-11-12 13:29:14.711 67731 INFO tempest.lib.common.rest_client [req-858c4daf-92d9-489a-8a68-878f15221f88 req-858c4daf-92d9-489a-8a68-878f15221f88 ] Request (FlavorsAdminTestJSON:test_create_server_with_non_public_flavor): 400 POST http://10.180.1.21/compute/v2.1/servers 2.435s
2025-11-12 13:29:14.893 67735 INFO tempest.lib.common.rest_client [req-75dbf3b3-9239-4ca6-a48e-450df32acb1b req-75dbf3b3-9239-4ca6-a48e-450df32acb1b ] Request (FloatingIPsTestJSON:tearDownClass): 204 DELETE http://10.180.1.21/networking/v2.0/routers/2042bd3f-75ce-4af1-96e3-b904f1809113 0.476s
2025-11-12 13:29:15.123 67753 INFO tempest.lib.common.rest_client [req-6416cb43-bf3e-45a1-a472-456e8fd60e92 req-6416cb43-bf3e-45a1-a472-456e8fd60e92 ] Request (FloatingIPDetailsTestJSON:tearDownClass): 202 DELETE http://10.180.1.21/compute/v2.1/os-floating-ips/10f8850c-f285-497b-8d13-0944cbb9334a 3.353s
2025-11-12 13:29:15.453 67735 INFO tempest.lib.common.rest_client [req-350b40da-b25a-455e-af28-253851839ba1 req-350b40da-b25a-455e-af28-253851839ba1 ] Request (FloatingIPsTestJSON:tearDownClass): 204 DELETE http://10.180.1.21/networking/v2.0/subnets/e2651fe2-6513-41eb-9453-55fc9b2b9b80 0.560s
2025-11-12 13:29:15.521 67750 INFO tempest.lib.common.rest_client [req-ac170346-b35e-4ad2-94b8-b498d6a5df70 req-ac170346-b35e-4ad2-94b8-b498d6a5df70 ] Request (SecurityGroupsTestAdminJSON:test_list_security_groups_list_all_tenants_filter): 200 GET http://10.180.1.21/compute/v2.1/os-security-groups?all_tenants=true 2.802s
2025-11-12 13:29:16.140 67753 INFO tempest.lib.common.rest_client [req-c0603960-23ee-44e4-8a2a-55118095eec2 req-c0603960-23ee-44e4-8a2a-55118095eec2 ] Request (FloatingIPDetailsTestJSON:tearDownClass): 200 PUT http://10.180.1.21/networking/v2.0/routers/291dde24-407f-42ed-a19c-8620c594bcfd/remove_router_interface 1.016s
2025-11-12 13:29:16.451 67735 INFO tempest.lib.common.rest_client [req-314f3900-b058-4369-86cf-50a440fe297e req-314f3900-b058-4369-86cf-50a440fe297e ] Request (FloatingIPsTestJSON:tearDownClass): 204 DELETE http://10.180.1.21/networking/v2.0/networks/15e1f4a5-d37e-426a-83b0-9f97902888b9 0.997s
2025-11-12 13:29:16.597 67768 INFO tempest.lib.common.rest_client [req-1cd4eb4a-bd42-4eba-82b1-5c0e0240ff8e req-1cd4eb4a-bd42-4eba-82b1-5c0e0240ff8e ] Request (ServerDiagnosticsNegativeTest:tearDownClass): 200 GET http://10.180.1.21/compute/v2.1/servers/1db38f12-ac4d-40ce-b946-bf0c00deffcd 3.715s
2025-11-12 13:29:16.624 67735 INFO tempest.lib.common.rest_client [req-281910f2-f968-45b6-905b-3a0467740f5f req-281910f2-f968-45b6-905b-3a0467740f5f ] Request (FloatingIPsTestJSON:tearDownClass): 204 DELETE http://10.180.1.21/identity/v3/users/1d51701de3d040c491cbdc6a88ac391a 0.172s
2025-11-12 13:29:16.624 67735 INFO tempest.lib.common.dynamic_creds [-] Deleting project and security group for project: 25ba1b769e0540c8a9bdfb41fc2fe46f
2025-11-12 13:29:16.648 67774 INFO tempest.lib.common.rest_client [req-96deb0b8-ea6b-4464-ba50-003c72abae60 req-96deb0b8-ea6b-4464-ba50-003c72abae60 ] Request (ImagesTestJSON:test_create_image_from_stopped_server): 200 GET http://10.180.1.21/compute/v2.1/images/1f7f82b6-d6a0-4450-bda2-541c75ab2c21 3.635s
2025-11-12 13:29:16.689 67774 INFO tempest.lib.common.rest_client [req-f1f78d2f-c47b-427f-b037-662426e2af61 req-f1f78d2f-c47b-427f-b037-662426e2af61 ] Request (ImagesTestJSON:test_create_image_from_stopped_server): 200 GET http://10.180.1.21/image/v2/images/1f7f82b6-d6a0-4450-bda2-541c75ab2c21/tasks 0.036s
2025-11-12 13:29:16.869 67766 WARNING tempest.lib.common.ssh [-] Failed to establish authenticated ssh connection to cirros@10.180.180.135 ([Errno None] Unable to connect to port 22 on 10.180.180.135). Number attempts: 2. Retry after 3 seconds.: paramiko.ssh_exception.NoValidConnectionsError: [Errno None] Unable to connect to port 22 on 10.180.180.135
2025-11-12 13:29:17.076 67753 INFO tempest.lib.common.rest_client [req-0fe7cb47-7c8e-4b42-bce0-d05b1ac71d63 req-0fe7cb47-7c8e-4b42-bce0-d05b1ac71d63 ] Request (FloatingIPDetailsTestJSON:tearDownClass): 204 DELETE http://10.180.1.21/networking/v2.0/routers/291dde24-407f-42ed-a19c-8620c594bcfd 0.935s
2025-11-12 13:29:17.243 67735 INFO tempest.lib.common.rest_client [req-83f27e7f-a8f5-47f2-83ce-b8522b5717ed req-83f27e7f-a8f5-47f2-83ce-b8522b5717ed ] Request (FloatingIPsTestJSON:tearDownClass): 200 GET http://10.180.1.21/networking/v2.0/security-groups?tenant_id=25ba1b769e0540c8a9bdfb41fc2fe46f&name=default 0.618s
2025-11-12 13:29:17.271 67743 INFO tempest.lib.common.rest_client [req-5ac660bf-565e-4977-9e68-ecb25a435a06 req-5ac660bf-565e-4977-9e68-ecb25a435a06 ] Request (ServersAdmin275Test:_run_cleanups): 200 GET http://10.180.1.21/compute/v2.1/servers/f087dae1-79be-405c-b3a7-3e31ea16b27f 4.250s
