2025-11-12 13:29:28.068 67751 INFO tempest.lib.common.rest_client [req-b5a8510d-b7cc-4fea-941f-8f596f6eb0f7 req-b5a8510d-b7cc-4fea-941f-8f596f6eb0f7 ] Request (MigrationsAdminTest:test_list_migrations_in_flavor_resize_situation): 200 GET http://10.180.1.21/compute/v2.1/servers/b4650cd3-7430-46e0-a0ed-56500eda66c5 4.126s
2025-11-12 13:29:28.091 67731 INFO tempest.lib.common.rest_client [req-e45b9d32-5091-4fdf-a160-15039ba33c6a req-e45b9d32-5091-4fdf-a160-15039ba33c6a ] Request (FlavorsAdminTestJSON:test_is_public_string_variations): 200 GET http://10.180.1.21/compute/v2.1/flavors/detail?is_public=no 4.017s
2025-11-12 13:29:28.092 67735 INFO tempest.lib.common.rest_client [req-112212fc-4b48-41ea-8380-c66f2a9d0a60 req-112212fc-4b48-41ea-8380-c66f2a9d0a60 ] Request (ServersListShow298Test:test_list_show_update_rebuild_server_298): 200 GET http://10.180.1.21/compute/v2.1/servers/438843f1-a351-489f-8fdf-6508ff4ef0f8 4.083s
2025-11-12 13:29:28.120 67723 INFO tempest.lib.common.rest_client [req-ef3242a2-6bdb-4398-9d26-3ad763bad0ca req-ef3242a2-6bdb-4398-9d26-3ad763bad0ca ] Request (ServerDiagnosticsTest:tearDownClass): 404 GET http://10.180.1.21/compute/v2.1/servers/a7ea27d3-f50b-4f97-a345-0129e2fefee9 4.031s
2025-11-12 13:29:28.176 67741 INFO tempest.lib.common.rest_client [req-9154a8f8-df56-4aa9-87fa-6b940322fadd req-9154a8f8-df56-4aa9-87fa-6b940322fadd ] Request (ImagesNegativeTestJSON:tearDownClass): 204 DELETE http://10.180.1.21/identity/v3/users/8e65133a655f4122a27bc62635e0f86a 0.163s
2025-11-12 13:29:28.176 67741 INFO tempest.lib.common.dynamic_creds [-] Deleting project and security group for project: 6e692c4af42347348833a2dd10dd10d7
2025-11-12 13:29:28.301 67723 INFO tempest.lib.common.rest_client [req-67b87a89-7ba1-41db-9821-bf8780e477e6 req-67b87a89-7ba1-41db-9821-bf8780e477e6 ] Request (ServerDiagnosticsTest:tearDownClass): 204 DELETE http://10.180.1.21/identity/v3/users/0065987a4f274d10a52a453e06504114 0.180s
2025-11-12 13:29:28.470 67723 INFO tempest.lib.common.rest_client [req-4fcc05f5-6d15-4244-8191-d5fefcf245f9 req-4fcc05f5-6d15-4244-8191-d5fefcf245f9 ] Request (ServerDiagnosticsTest:tearDownClass): 204 DELETE http://10.180.1.21/identity/v3/users/b52e737c522a4aef84ffd12b8e456a2d 0.169s
2025-11-12 13:29:28.470 67723 INFO tempest.lib.common.dynamic_creds [-] Deleting project and security group for project: 7434a54b3be341198803f1457e6700e9
2025-11-12 13:29:28.540 67723 INFO tempest.lib.common.rest_client [req-8e9fda2f-45cc-4dd7-9cc0-678ba9e56f04 req-8e9fda2f-45cc-4dd7-9cc0-678ba9e56f04 ] Request (ServerDiagnosticsTest:tearDownClass): 201 POST http://10.180.1.21/identity/v3/auth/tokens 0.070s
2025-11-12 13:29:28.676 67717 WARNING tempest.lib.common.ssh [-] Failed to establish authenticated ssh connection to cirros@10.180.180.187 ([Errno None] Unable to connect to port 22 on 10.180.180.187). Number attempts: 4. Retry after 5 seconds.: paramiko.ssh_exception.NoValidConnectionsError: [Errno None] Unable to connect to port 22 on 10.180.180.187
2025-11-12 13:29:28.836 67762 WARNING tempest.lib.common.ssh [-] Failed to establish authenticated ssh connection to cirros@10.180.180.210 ([Errno None] Unable to connect to port 22 on 10.180.180.210). Number attempts: 4. Retry after 5 seconds.: paramiko.ssh_exception.NoValidConnectionsError: [Errno None] Unable to connect to port 22 on 10.180.180.210
2025-11-12 13:29:28.899 67745 INFO tempest.lib.common.rest_client [req-7784fa37-81a4-4fba-a3a9-92fbfd14d1cb req-7784fa37-81a4-4fba-a3a9-92fbfd14d1cb ] Request (ServersTestJSON:setUpClass): 200 PUT http://10.180.1.21/networking/v2.0/routers/39b08afb-bdaa-47dc-9cf9-d860c0d3ae49/add_router_interface 1.300s
2025-11-12 13:29:28.899 67745 INFO tempest.lib.common.dynamic_creds [-] Created isolated network resources for: credentials: Credentials: {'domain_id': 'default', 'domain_name': 'Default', 'username': 'tempest-ServersTestJSON-2076141200-project-member', 'project_domain_id': 'default', 'project_domain_name': 'Default', 'project_id': 'df50643a8844473997241e6dc3483ae3', 'project_name': 'tempest-ServersTestJSON-2076141200', 'tenant_id': 'df50643a8844473997241e6dc3483ae3', 'tenant_name': 'tempest-ServersTestJSON-2076141200', 'user_domain_id': 'default', 'user_domain_name': 'Default', 'user_id': '9979b519b2a049489b2d3443010d0bfe', 'system': None}, Network: {'id': '49167ec2-88fc-4ef7-81d4-e684604e7958', 'name': 'tempest-ServersTestJSON-290775511-network', 'tenant_id': 'df50643a8844473997241e6dc3483ae3', 'project_id': 'df50643a8844473997241e6dc3483ae3', 'admin_state_up': True, 'mtu': 8950, 'status': 'ACTIVE', 'subnets': [], 'shared': False, 'port_security_enabled': True, 'router:external': False, 'provider:network_type': 'vlan', 'provider:physical_network': 'default', 'provider:segmentation_id': 660, 'availability_zone_hints': [], 'availability_zones': [], 'ipv4_address_scope': None, 'ipv6_address_scope': None, 'description': '', 'tags': [], 'created_at': '2025-11-12T13:29:25Z', 'updated_at': '2025-11-12T13:29:25Z', 'revision_number': 1}, Subnet: {'id': '0d1d5ec7-a644-4a06-ab78-b0e91a54cdaf', 'name': 'tempest-ServersTestJSON-290775511-subnet', 'tenant_id': 'df50643a8844473997241e6dc3483ae3', 'network_id': '49167ec2-88fc-4ef7-81d4-e684604e7958', 'ip_version': 4, 'subnetpool_id': None, 'enable_dhcp': True, 'ipv6_ra_mode': None, 'ipv6_address_mode': None, 'gateway_ip': '192.168.128.1', 'cidr': '192.168.128.0/28', 'allocation_pools': [{'start': '192.168.128.2', 'end': '192.168.128.14'}], 'host_routes': [], 'dns_nameservers': [], 'description': '', 'router:external': False, 'service_types': [], 'tags': [], 'created_at': '2025-11-12T13:29:26Z', 'updated_at': '2025-11-12T13:29:26Z', 'revision_number': 0, 'project_id': 'df50643a8844473997241e6dc3483ae3'}, Router: {'id': '39b08afb-bdaa-47dc-9cf9-d860c0d3ae49', 'name': 'tempest-ServersTestJSON-290775511-router', 'tenant_id': 'df50643a8844473997241e6dc3483ae3', 'admin_state_up': True, 'status': 'ACTIVE', 'external_gateway_info': {'network_id': '58e481a0-2d28-4288-a763-7675b5382b80', 'external_fixed_ips': [{'subnet_id': '99146c59-d9c4-428f-9ddb-266533d084e2', 'ip_address': '10.180.180.181'}], 'enable_snat': True}, 'description': '', 'availability_zones': [], 'distributed': False, 'ha': False, 'availability_zone_hints': [], 'routes': [], 'flavor_id': None, 'tags': [], 'created_at': '2025-11-12T13:29:26Z', 'updated_at': '2025-11-12T13:29:27Z', 'revision_number': 2, 'project_id': 'df50643a8844473997241e6dc3483ae3'}
2025-11-12 13:29:28.982 67750 INFO tempest.lib.common.rest_client [req-09b9c53c-c485-4067-aed3-b88b128a381b req-09b9c53c-c485-4067-aed3-b88b128a381b ] Request (InstanceActionsNegativeTestJSON:setUpClass): 200 PUT http://10.180.1.21/networking/v2.0/routers/63fc5b75-d276-4bdd-9495-430559bbe7e3/add_router_interface 1.089s
2025-11-12 13:29:28.982 67750 INFO tempest.lib.common.dynamic_creds [-] Created isolated network resources for: credentials: Credentials: {'domain_id': 'default', 'domain_name': 'Default', 'username': 'tempest-InstanceActionsNegativeTestJSON-2131774207-project-member', 'project_domain_id': 'default', 'project_domain_name': 'Default', 'project_id': '7163d79df04b494196dda31056ea356b', 'project_name': 'tempest-InstanceActionsNegativeTestJSON-2131774207', 'tenant_id': '7163d79df04b494196dda31056ea356b', 'tenant_name': 'tempest-InstanceActionsNegativeTestJSON-2131774207', 'user_domain_id': 'default', 'user_domain_name': 'Default', 'user_id': '17d5345058584d33a116c27a213936d8', 'system': None}, Network: {'id': 'a668d325-fa77-482d-8d98-cf750ac27770', 'name': 'tempest-InstanceActionsNegativeTestJSON-79541307-network', 'tenant_id': '7163d79df04b494196dda31056ea356b', 'project_id': '7163d79df04b494196dda31056ea356b', 'admin_state_up': True, 'mtu': 8950, 'status': 'ACTIVE', 'subnets': [], 'shared': False, 'port_security_enabled': True, 'router:external': False, 'provider:network_type': 'vlan', 'provider:physical_network': 'default', 'provider:segmentation_id': 801, 'availability_zone_hints': [], 'availability_zones': [], 'ipv4_address_scope': None, 'ipv6_address_scope': None, 'description': '', 'tags': [], 'created_at': '2025-11-12T13:29:25Z', 'updated_at': '2025-11-12T13:29:25Z', 'revision_number': 1}, Subnet: {'id': 'c321be0e-ebf7-4319-8710-26aa008a835c', 'name': 'tempest-InstanceActionsNegativeTestJSON-79541307-subnet', 'tenant_id': '7163d79df04b494196dda31056ea356b', 'network_id': 'a668d325-fa77-482d-8d98-cf750ac27770', 'ip_version': 4, 'subnetpool_id': None, 'enable_dhcp': True, 'ipv6_ra_mode': None, 'ipv6_address_mode': None, 'gateway_ip': '192.168.128.1', 'cidr': '192.168.128.0/28', 'allocation_pools': [{'start': '192.168.128.2', 'end': '192.168.128.14'}], 'host_routes': [], 'dns_nameservers': [], 'description': '', 'router:external': False, 'service_types': [], 'tags': [], 'created_at': '2025-11-12T13:29:26Z', 'updated_at': '2025-11-12T13:29:26Z', 'revision_number': 0, 'project_id': '7163d79df04b494196dda31056ea356b'}, Router: {'id': '63fc5b75-d276-4bdd-9495-430559bbe7e3', 'name': 'tempest-InstanceActionsNegativeTestJSON-79541307-router', 'tenant_id': '7163d79df04b494196dda31056ea356b', 'admin_state_up': True, 'status': 'ACTIVE', 'external_gateway_info': {'network_id': '58e481a0-2d28-4288-a763-7675b5382b80', 'external_fixed_ips': [{'subnet_id': '99146c59-d9c4-428f-9ddb-266533d084e2', 'ip_address': '10.180.180.190'}], 'enable_snat': True}, 'description': '', 'availability_zones': [], 'distributed': False, 'ha': False, 'availability_zone_hints': [], 'routes': [], 'flavor_id': None, 'tags': [], 'created_at': '2025-11-12T13:29:27Z', 'updated_at': '2025-11-12T13:29:27Z', 'revision_number': 2, 'project_id': '7163d79df04b494196dda31056ea356b'}
2025-11-12 13:29:29.006 67745 INFO tempest.lib.common.rest_client [req-ef758b5a-f207-4837-b58f-072822b919af req-ef758b5a-f207-4837-b58f-072822b919af ] Request (ServersTestJSON:setUpClass): 201 POST http://10.180.1.21/identity/v3/auth/tokens 0.103s
2025-11-12 13:29:29.007 67741 INFO tempest.lib.common.rest_client [req-3d1d93c9-260b-440b-be02-7a9a3f7c9a31 req-3d1d93c9-260b-440b-be02-7a9a3f7c9a31 ] Request (ImagesNegativeTestJSON:tearDownClass): 200 GET http://10.180.1.21/networking/v2.0/security-groups?tenant_id=6e692c4af42347348833a2dd10dd10d7&name=default 0.830s
2025-11-12 13:29:29.042 67743 INFO tempest.lib.common.rest_client [req-ae05cb0d-38a6-47b6-aefd-4ff1961c7a58 req-ae05cb0d-38a6-47b6-aefd-4ff1961c7a58 ] Request (ServersAdmin275Test:tearDownClass): 200 GET http://10.180.1.21/compute/v2.1/servers/f087dae1-79be-405c-b3a7-3e31ea16b27f 4.829s
2025-11-12 13:29:29.054 67743 INFO tempest.common.waiters [-] State transition "ACTIVE/deleting" ==> "DELETED/None" after 8 second wait
2025-11-12 13:29:29.068 67750 INFO tempest.lib.common.rest_client [req-eba40d63-6036-4071-b07f-a6bb5fc6c7d5 req-eba40d63-6036-4071-b07f-a6bb5fc6c7d5 ] Request (InstanceActionsNegativeTestJSON:setUpClass): 201 POST http://10.180.1.21/identity/v3/auth/tokens 0.082s
2025-11-12 13:29:29.110 67750 INFO tempest.lib.common.rest_client [req-a3a81d3e-0113-4d7a-a89a-8c24a1a6cc11 req-a3a81d3e-0113-4d7a-a89a-8c24a1a6cc11 ] Request (InstanceActionsNegativeTestJSON:setUpClass): 201 POST http://10.180.1.21/identity/v3/auth/tokens 0.038s
2025-11-12 13:29:29.110 67750 INFO tempest.lib.common.fixed_network [-] (InstanceActionsNegativeTestJSON:setUpClass) Found network {'id': 'a668d325-fa77-482d-8d98-cf750ac27770', 'name': 'tempest-InstanceActionsNegativeTestJSON-79541307-network', 'tenant_id': '7163d79df04b494196dda31056ea356b', 'project_id': '7163d79df04b494196dda31056ea356b', 'admin_state_up': True, 'mtu': 8950, 'status': 'ACTIVE', 'subnets': [], 'shared': False, 'port_security_enabled': True, 'router:external': False, 'provider:network_type': 'vlan', 'provider:physical_network': 'default', 'provider:segmentation_id': 801, 'availability_zone_hints': [], 'availability_zones': [], 'ipv4_address_scope': None, 'ipv6_address_scope': None, 'description': '', 'tags': [], 'created_at': '2025-11-12T13:29:25Z', 'updated_at': '2025-11-12T13:29:25Z', 'revision_number': 1} available for tenant
2025-11-12 13:29:29.132 67723 INFO tempest.lib.common.rest_client [req-426ff041-7980-42fb-a928-de06bb27c9a7 req-426ff041-7980-42fb-a928-de06bb27c9a7 ] Request (ServerDiagnosticsTest:tearDownClass): 200 GET http://10.180.1.21/networking/v2.0/security-groups?tenant_id=7434a54b3be341198803f1457e6700e9&name=default 0.591s
2025-11-12 13:29:29.140 67715 INFO tempest.lib.common.rest_client [req-7b042574-ec1f-4ee1-a07e-4c2cb4531811 req-7b042574-ec1f-4ee1-a07e-4c2cb4531811 ] Request (ServerMetadataTestJSON:setUp): 200 PUT http://10.180.1.21/compute/v2.1/servers/945ddb57-4462-42d6-80e3-5a1ed1f25eac/metadata 4.793s
2025-11-12 13:29:29.188 67747 WARNING tempest.lib.common.ssh [-] Failed to establish authenticated ssh connection to cirros@10.180.180.155 ([Errno None] Unable to connect to port 22 on 10.180.180.155). Number attempts: 5. Retry after 6 seconds.: paramiko.ssh_exception.NoValidConnectionsError: [Errno None] Unable to connect to port 22 on 10.180.180.155
2025-11-12 13:29:29.289 67764 INFO tempest.lib.common.rest_client [req-091d9ca1-8fed-4392-bbc5-223771bf0b1f req-091d9ca1-8fed-4392-bbc5-223771bf0b1f ] Request (ServersAdminTestJSON:test_create_server_with_scheduling_hint): 200 GET http://10.180.1.21/compute/v2.1/servers/3816169f-4590-41a8-acfb-86119750e520 5.191s
2025-11-12 13:29:29.296 67741 INFO tempest.lib.common.rest_client [req-c2d00f3a-cd96-4348-93ce-d46652a22384 req-c2d00f3a-cd96-4348-93ce-d46652a22384 ] Request (ImagesNegativeTestJSON:tearDownClass): 204 DELETE http://10.180.1.21/networking/v2.0/security-groups/3c229907-23f1-4550-822e-a1036fb15a5b 0.289s
2025-11-12 13:29:29.304 67778 INFO tempest.lib.common.rest_client [req-f517684e-8648-479f-b59c-86c0cd21d1c9 req-f517684e-8648-479f-b59c-86c0cd21d1c9 ] Request (KeyPairsV2TestJSON:test_keypairs_create_list_delete): 200 GET http://10.180.1.21/compute/v2.1/os-keypairs 4.902s
2025-11-12 13:29:29.307 67764 INFO tempest.common.waiters [-] State transition "BUILD/spawning" ==> "ACTIVE/None" after 31 second wait
2025-11-12 13:29:29.378 67774 INFO tempest.lib.common.rest_client [req-7958d2ed-dbea-4857-92a0-d16c8c2d1359 req-7958d2ed-dbea-4857-92a0-d16c8c2d1359 ] Request (ImagesTestJSON:test_create_image_from_suspended_server): 200 GET http://10.180.1.21/compute/v2.1/servers/4939bce7-786e-4332-bbb0-2c0f3ce70b62 5.015s
2025-11-12 13:29:29.389 67774 INFO tempest.common.waiters [-] State transition "BUILD/scheduling" ==> "BUILD/None" after 6 second wait
2025-11-12 13:29:29.458 67723 INFO tempest.lib.common.rest_client [req-652c98eb-c73d-4027-af54-d21fcb8bb737 req-652c98eb-c73d-4027-af54-d21fcb8bb737 ] Request (ServerDiagnosticsTest:tearDownClass): 204 DELETE http://10.180.1.21/networking/v2.0/security-groups/185d62e4-c1ad-4ee2-87b4-9074e4497f4e 0.325s
2025-11-12 13:29:29.470 67741 INFO tempest.lib.common.rest_client [req-5657f593-3784-4ce4-9b7b-637cf6a1966f req-5657f593-3784-4ce4-9b7b-637cf6a1966f ] Request (ImagesNegativeTestJSON:tearDownClass): 204 DELETE http://10.180.1.21/identity/v3/projects/6e692c4af42347348833a2dd10dd10d7 0.173s
2025-11-12 13:29:29.501 67764 INFO tempest.lib.common.rest_client [req-abe6871e-8fa9-4568-b1e0-2e6722a07aaf req-abe6871e-8fa9-4568-b1e0-2e6722a07aaf ] Request (ServersAdminTestJSON:test_inject_network_info): 201 POST http://10.180.1.21/identity/v3/auth/tokens 0.180s
2025-11-12 13:29:29.502 67764 INFO tempest.lib.common.fixed_network [-] (ServersAdminTestJSON:test_inject_network_info) Found network {'id': '3abead6d-0c5e-49d5-aa2a-9196b65093f0', 'name': 'tempest-ServersAdminTestJSON-1792618393-network', 'tenant_id': '9935fc4faa504c51b523ec4a317c111c', 'project_id': '9935fc4faa504c51b523ec4a317c111c', 'admin_state_up': True, 'mtu': 8950, 'status': 'ACTIVE', 'subnets': [], 'shared': False, 'port_security_enabled': True, 'router:external': False, 'provider:network_type': 'vlan', 'provider:physical_network': 'default', 'provider:segmentation_id': 367, 'availability_zone_hints': [], 'availability_zones': [], 'ipv4_address_scope': None, 'ipv6_address_scope': None, 'description': '', 'tags': [], 'created_at': '2025-11-12T13:27:47Z', 'updated_at': '2025-11-12T13:27:47Z', 'revision_number': 1} available for tenant
2025-11-12 13:29:29.528 67729 INFO tempest.lib.common.rest_client [req-0eb70635-74a3-40ba-82a2-b02c29f749be req-0eb70635-74a3-40ba-82a2-b02c29f749be ] Request (VolumesAdminNegativeTest:tearDownClass): 204 DELETE http://10.180.1.21/compute/v2.1/servers/0c86c9cb-cb05-492a-8212-d0c850cd1219 4.745s
2025-11-12 13:29:29.545 67741 INFO tempest.lib.common.rest_client [req-0cd6a90a-2610-46e8-9c13-5b2fbb816db0 req-0cd6a90a-2610-46e8-9c13-5b2fbb816db0 ] Request (AbsoluteLimitsTestJSON:setUpClass): 201 POST http://10.180.1.21/identity/v3/auth/tokens 0.073s
2025-11-12 13:29:29.608 67760 INFO tempest.lib.common.rest_client [req-df16c18f-0650-4f21-aa19-fec08f12ec17 req-df16c18f-0650-4f21-aa19-fec08f12ec17 ] Request (ListImageFiltersTestJSON:setUpClass): 200 GET http://10.180.1.21/compute/v2.1/servers/bad6a2fb-c1e5-4c03-9002-2b25074bed65 4.564s
2025-11-12 13:29:29.627 67760 INFO tempest.common.waiters [-] State transition "ACTIVE/image_uploading" ==> "ACTIVE/None" after 5 second wait
2025-11-12 13:29:29.642 67723 INFO tempest.lib.common.rest_client [req-520b236a-1fe8-4000-bd2a-4d216e39e55c req-520b236a-1fe8-4000-bd2a-4d216e39e55c ] Request (ServerDiagnosticsTest:tearDownClass): 204 DELETE http://10.180.1.21/identity/v3/projects/7434a54b3be341198803f1457e6700e9 0.183s
2025-11-12 13:29:29.642 67723 INFO tempest.lib.common.dynamic_creds [-] Deleting project and security group for project: f52fafdfeb3f49fe884d7229670bea00
2025-11-12 13:29:29.668 67756 INFO tempest.lib.common.rest_client [req-31b23e06-5f13-4520-841a-b1ee59af0d7e req-31b23e06-5f13-4520-841a-b1ee59af0d7e ] Request (ServerExternalEventsTest:test_create_server_external_events): 200 GET http://10.180.1.21/compute/v2.1/servers/b7fbb572-9690-46fd-a4ac-d73def7be6ee 4.395s
2025-11-12 13:29:29.711 67741 INFO tempest.lib.common.rest_client [req-9e3dcdd6-d870-49d5-b507-95ff175b5d26 req-9e3dcdd6-d870-49d5-b507-95ff175b5d26 ] Request (AbsoluteLimitsTestJSON:setUpClass): 201 POST http://10.180.1.21/identity/v3/auth/tokens 0.164s
2025-11-12 13:29:29.733 67719 INFO tempest.lib.common.rest_client [req-dee43466-016d-4856-a72a-0eb062f3f5ee req-dee43466-016d-4856-a72a-0eb062f3f5ee ] Request (ServerGroupTestJSON:test_create_server_with_scheduler_hint_group): 200 GET http://10.180.1.21/compute/v2.1/servers/1cca2462-6320-4fb0-a3fa-172d2412d5c8 4.304s
2025-11-12 13:29:29.760 67741 INFO tempest.lib.common.rest_client [req-9f2c6b2a-9da6-4fc6-8a62-11fb5aed2bc5 req-9f2c6b2a-9da6-4fc6-8a62-11fb5aed2bc5 ] Request (AbsoluteLimitsTestJSON:setUpClass): 200 GET http://10.180.1.21/identity/v3/domains?name=Default 0.048s
2025-11-12 13:29:29.789 67723 INFO tempest.lib.common.rest_client [req-d0298c92-244d-4b78-9857-dab7e4418672 req-d0298c92-244d-4b78-9857-dab7e4418672 ] Request (ServerDiagnosticsTest:tearDownClass): 200 GET http://10.180.1.21/networking/v2.0/security-groups?tenant_id=f52fafdfeb3f49fe884d7229670bea00&name=default 0.147s
2025-11-12 13:29:29.814 67741 INFO tempest.lib.common.rest_client [req-2306d9b4-a399-404a-93f4-2e9a10423b9a req-2306d9b4-a399-404a-93f4-2e9a10423b9a ] Request (AbsoluteLimitsTestJSON:setUpClass): 201 POST http://10.180.1.21/identity/v3/projects 0.053s
2025-11-12 13:29:29.821 67768 INFO tempest.lib.common.rest_client [req-e4398523-2826-4288-80e8-56f8948f6d2c req-e4398523-2826-4288-80e8-56f8948f6d2c ] Request (ServerDiagnosticsNegativeTest:tearDownClass): 200 GET http://10.180.1.21/compute/v2.1/servers/1db38f12-ac4d-40ce-b946-bf0c00deffcd 4.101s
2025-11-12 13:29:29.908 67739 INFO tempest.lib.common.rest_client [req-7bf543a2-1186-4823-b6f5-348462bdb569 req-7bf543a2-1186-4823-b6f5-348462bdb569 ] Request (ServerShowV247Test:test_show_server): 202 POST http://10.180.1.21/compute/v2.1/servers 4.637s
2025-11-12 13:29:29.917 67741 INFO tempest.lib.common.rest_client [req-57bd06e1-cf15-4d7f-b8b9-1229a41ebeed req-57bd06e1-cf15-4d7f-b8b9-1229a41ebeed ] Request (AbsoluteLimitsTestJSON:setUpClass): 201 POST http://10.180.1.21/identity/v3/users 0.103s
2025-11-12 13:29:29.960 67741 INFO tempest.lib.common.rest_client [req-0d6eed03-c2a9-497a-bb18-afb79a8150c9 req-0d6eed03-c2a9-497a-bb18-afb79a8150c9 ] Request (AbsoluteLimitsTestJSON:setUpClass): 200 GET http://10.180.1.21/identity/v3/roles 0.042s
2025-11-12 13:29:29.968 67737 INFO tempest.lib.common.rest_client [req-98abdc8e-48ee-48c8-a291-353842cee8d0 req-98abdc8e-48ee-48c8-a291-353842cee8d0 ] Request (ImagesOneServerTestJSON:test_create_image_specify_multibyte_character_image_name): 200 GET http://10.180.1.21/compute/v2.1/images/a5052046-9271-431b-9410-7802de5bb146 4.132s
2025-11-12 13:29:29.974 67723 INFO tempest.lib.common.rest_client [req-9117aa6e-c5fa-4138-a1c5-4f0180deb42c req-9117aa6e-c5fa-4138-a1c5-4f0180deb42c ] Request (ServerDiagnosticsTest:tearDownClass): 204 DELETE http://10.180.1.21/networking/v2.0/security-groups/75eb7ca7-19ca-42d1-80df-dff1baee0c42 0.184s
2025-11-12 13:29:29.995 67721 INFO tempest.lib.common.rest_client [req-a1f3c7f0-aee1-488f-88d6-b823cffbc86c req-a1f3c7f0-aee1-488f-88d6-b823cffbc86c ] Request (TenantUsagesNegativeTestJSON:test_list_usage_all_tenants_with_non_admin_user): 403 GET http://10.180.1.21/compute/v2.1/os-simple-tenant-usage?start=2025-11-11T13%3A29%3A22.927070&end=2025-11-13T13%3A29%3A22.927070&detailed=1 4.240s
2025-11-12 13:29:30.003 67741 INFO tempest.lib.common.rest_client [req-3a861a20-6fef-4de2-b0d3-05054618da93 req-3a861a20-6fef-4de2-b0d3-05054618da93 ] Request (AbsoluteLimitsTestJSON:setUpClass): 204 PUT http://10.180.1.21/identity/v3/projects/3efa59c36aa242c683c8b471f088a634/users/9769167ecdf343648ed67dbe7a40ca67/roles/292c9de72d40405aa65c05695061aac0 0.043s
2025-11-12 13:29:30.003 67741 INFO tempest.lib.common.dynamic_creds [-] Dynamic test user 9769167ecdf343648ed67dbe7a40ca67 is created with scope project and roles: ['member']
2025-11-12 13:29:30.004 67741 INFO tempest.lib.common.dynamic_creds [-] Acquired dynamic creds: credentials: Credentials: {'domain_id': 'default', 'domain_name': 'Default', 'username': 'tempest-AbsoluteLimitsTestJSON-10411351-project-member', 'project_domain_id': 'default', 'project_domain_name': 'Default', 'project_id': '3efa59c36aa242c683c8b471f088a634', 'project_name': 'tempest-AbsoluteLimitsTestJSON-10411351', 'tenant_id': '3efa59c36aa242c683c8b471f088a634', 'tenant_name': 'tempest-AbsoluteLimitsTestJSON-10411351', 'user_domain_id': 'default', 'user_domain_name': 'Default', 'user_id': '9769167ecdf343648ed67dbe7a40ca67', 'system': None}, Network: None, Subnet: None, Router: None
2025-11-12 13:29:30.004 67741 INFO tempest.lib.common.dynamic_creds [-] Created isolated network resources for: credentials: Credentials: {'domain_id': 'default', 'domain_name': 'Default', 'username': 'tempest-AbsoluteLimitsTestJSON-10411351-project-member', 'project_domain_id': 'default', 'project_domain_name': 'Default', 'project_id': '3efa59c36aa242c683c8b471f088a634', 'project_name': 'tempest-AbsoluteLimitsTestJSON-10411351', 'tenant_id': '3efa59c36aa242c683c8b471f088a634', 'tenant_name': 'tempest-AbsoluteLimitsTestJSON-10411351', 'user_domain_id': 'default', 'user_domain_name': 'Default', 'user_id': '9769167ecdf343648ed67dbe7a40ca67', 'system': None}, Network: None, Subnet: None, Router: None
2025-11-12 13:29:30.082 67725 INFO tempest.lib.common.rest_client [req-8368d50f-7c5e-4527-b316-8f34afbca20d req-8368d50f-7c5e-4527-b316-8f34afbca20d ] Request (ServerRescueNegativeTestJSON:setUpClass): 200 GET http://10.180.1.21/compute/v2.1/servers/87fa1bae-8ad0-435d-8618-7f55659a54ed 2.616s
2025-11-12 13:29:30.106 67772 INFO tempest.lib.common.rest_client [req-f0a13aac-5ed9-4545-85b9-c3a914eff47e req-f0a13aac-5ed9-4545-85b9-c3a914eff47e ] Request (ServersAaction247Test:tearDownClass): 200 GET http://10.180.1.21/compute/v2.1/servers/f00dcdb0-e93b-42d1-bdc9-fd5d0cd1d54b 3.352s
2025-11-12 13:29:30.235 67721 INFO tempest.lib.common.rest_client [req-76c90b75-9de6-439f-b70e-8d18cfc38a57 req-76c90b75-9de6-439f-b70e-8d18cfc38a57 ] Request (TenantUsagesNegativeTestJSON:tearDownClass): 204 DELETE http://10.180.1.21/identity/v3/users/7441108adb984a439ac07b964adc40d3 0.237s
2025-11-12 13:29:30.236 67727 INFO tempest.lib.common.rest_client [req-6a66ee0d-0342-4d49-97af-98bab1adcd4e req-6a66ee0d-0342-4d49-97af-98bab1adcd4e ] Request (DeleteServersAdminTestJSON:test_delete_server_while_in_error_state): 202 POST http://10.180.1.21/compute/v2.1/servers/a4afbc73-cd73-43f7-9cd6-171d26b62f73/action 2.576s
2025-11-12 13:29:30.238 67723 INFO tempest.lib.common.rest_client [req-17b16a50-47ee-44a8-97ba-35d40cd4e0c3 req-17b16a50-47ee-44a8-97ba-35d40cd4e0c3 ] Request (ServerDiagnosticsTest:tearDownClass): 204 DELETE http://10.180.1.21/identity/v3/projects/f52fafdfeb3f49fe884d7229670bea00 0.263s
2025-11-12 13:29:30.253 67731 INFO tempest.lib.common.rest_client [req-8c54ac1f-e540-4132-ab9c-cb329187a033 req-8c54ac1f-e540-4132-ab9c-cb329187a033 ] Request (FlavorsAdminTestJSON:test_is_public_string_variations): 200 GET http://10.180.1.21/compute/v2.1/flavors/detail?is_public=0 2.158s
2025-11-12 13:29:30.320 67741 INFO tempest.lib.common.rest_client [req-3645e3f5-9dcd-4154-964f-c4e181fcf6fb req-3645e3f5-9dcd-4154-964f-c4e181fcf6fb ] Request (AbsoluteLimitsTestJSON:setUpClass): 201 POST http://10.180.1.21/identity/v3/auth/tokens 0.307s
2025-11-12 13:29:30.354 67777 INFO tempest.lib.common.rest_client [req-eb45501b-0f9d-44d0-aadf-6560dbe396ad req-eb45501b-0f9d-44d0-aadf-6560dbe396ad ] Request (ServerDiskConfigTestJSON:test_rebuild_server_with_manual_disk_config): 200 GET http://10.180.1.21/compute/v2.1/servers/22c098f5-d860-4210-967a-ffde23c4e29f 2.416s
2025-11-12 13:29:30.405 67723 INFO tempest.lib.common.rest_client [req-d6b473f5-dd53-4963-8a77-c0145b03acdb req-d6b473f5-dd53-4963-8a77-c0145b03acdb ] Request (SecurityGroupsTestJSON:setUpClass): 201 POST http://10.180.1.21/identity/v3/auth/tokens 0.165s
2025-11-12 13:29:30.440 67721 INFO tempest.lib.common.rest_client [req-a1884451-8fd9-4314-a27f-799e6bb6cfed req-a1884451-8fd9-4314-a27f-799e6bb6cfed ] Request (TenantUsagesNegativeTestJSON:tearDownClass): 204 DELETE http://10.180.1.21/identity/v3/users/291ae97cf1be4784839f27546cca5a45 0.204s
2025-11-12 13:29:30.440 67721 INFO tempest.lib.common.dynamic_creds [-] Deleting project and security group for project: b59f441de121432d879f2abb49ac163b
2025-11-12 13:29:30.511 67723 INFO tempest.lib.common.rest_client [req-4d368b14-f34d-4e90-b499-60f2ef7f8680 req-4d368b14-f34d-4e90-b499-60f2ef7f8680 ] Request (SecurityGroupsTestJSON:setUpClass): 201 POST http://10.180.1.21/identity/v3/auth/tokens 0.103s
2025-11-12 13:29:30.516 67751 INFO tempest.lib.common.rest_client [req-11cb69b7-6ecd-4616-872c-f8e4d8e81e8f req-11cb69b7-6ecd-4616-872c-f8e4d8e81e8f ] Request (MigrationsAdminTest:test_list_migrations_in_flavor_resize_situation): 200 GET http://10.180.1.21/compute/v2.1/servers/b4650cd3-7430-46e0-a0ed-56500eda66c5 1.436s
2025-11-12 13:29:30.541 67721 INFO tempest.lib.common.rest_client [req-87c41e68-2c18-4634-961d-e7cc68fb0ec5 req-87c41e68-2c18-4634-961d-e7cc68fb0ec5 ] Request (TenantUsagesNegativeTestJSON:tearDownClass): 201 POST http://10.180.1.21/identity/v3/auth/tokens 0.101s
2025-11-12 13:29:30.572 67723 INFO tempest.lib.common.rest_client [req-ef3dcbdb-a205-4f6a-b87b-5f00ce7c033b req-ef3dcbdb-a205-4f6a-b87b-5f00ce7c033b ] Request (SecurityGroupsTestJSON:setUpClass): 200 GET http://10.180.1.21/identity/v3/domains?name=Default 0.061s
2025-11-12 13:29:30.669 67723 INFO tempest.lib.common.rest_client [req-aa39fd3b-baa5-4ca0-80de-3ddef7b70883 req-aa39fd3b-baa5-4ca0-80de-3ddef7b70883 ] Request (SecurityGroupsTestJSON:setUpClass): 201 POST http://10.180.1.21/identity/v3/projects 0.095s
2025-11-12 13:29:30.678 67745 INFO tempest.lib.common.rest_client [req-1fed8d62-0b3d-4762-b63a-1fd5999603a3 req-1fed8d62-0b3d-4762-b63a-1fd5999603a3 ] Request (ServersTestJSON:setUpClass): 200 POST http://10.180.1.21/compute/v2.1/os-keypairs 1.670s
2025-11-12 13:29:30.871 67723 INFO tempest.lib.common.rest_client [req-4494f7d8-90d7-450b-a7ec-4e606d68707b req-4494f7d8-90d7-450b-a7ec-4e606d68707b ] Request (SecurityGroupsTestJSON:setUpClass): 201 POST http://10.180.1.21/identity/v3/users 0.201s
2025-11-12 13:29:30.903 67723 INFO tempest.lib.common.rest_client [req-0df810a6-bbd5-44cc-8aea-fb12f785435f req-0df810a6-bbd5-44cc-8aea-fb12f785435f ] Request (SecurityGroupsTestJSON:setUpClass): 200 GET http://10.180.1.21/identity/v3/roles 0.032s
2025-11-12 13:29:30.956 67723 INFO tempest.lib.common.rest_client [req-c9abdc54-7011-41e2-a58a-0c82ab7bdd90 req-c9abdc54-7011-41e2-a58a-0c82ab7bdd90 ] Request (SecurityGroupsTestJSON:setUpClass): 204 PUT http://10.180.1.21/identity/v3/projects/623f2d2ad39645758bc1b91303e6bac8/users/7b515f18b38543bc8487b9b8316ff71c/roles/292c9de72d40405aa65c05695061aac0 0.052s
2025-11-12 13:29:30.956 67723 INFO tempest.lib.common.dynamic_creds [-] Dynamic test user 7b515f18b38543bc8487b9b8316ff71c is created with scope project and roles: ['member']
2025-11-12 13:29:30.956 67723 INFO tempest.lib.common.dynamic_creds [-] Acquired dynamic creds: credentials: Credentials: {'domain_id': 'default', 'domain_name': 'Default', 'username': 'tempest-SecurityGroupsTestJSON-1148146069-project-member', 'project_domain_id': 'default', 'project_domain_name': 'Default', 'project_id': '623f2d2ad39645758bc1b91303e6bac8', 'project_name': 'tempest-SecurityGroupsTestJSON-1148146069', 'tenant_id': '623f2d2ad39645758bc1b91303e6bac8', 'tenant_name': 'tempest-SecurityGroupsTestJSON-1148146069', 'user_domain_id': 'default', 'user_domain_name': 'Default', 'user_id': '7b515f18b38543bc8487b9b8316ff71c', 'system': None}, Network: None, Subnet: None, Router: None
2025-11-12 13:29:30.997 67721 INFO tempest.lib.common.rest_client [req-21137920-0722-42f3-af0b-9bf2965d693e req-21137920-0722-42f3-af0b-9bf2965d693e ] Request (TenantUsagesNegativeTestJSON:tearDownClass): 200 GET http://10.180.1.21/networking/v2.0/security-groups?tenant_id=b59f441de121432d879f2abb49ac163b&name=default 0.455s
2025-11-12 13:29:31.026 67723 INFO tempest.lib.common.rest_client [req-8b3f7882-2878-461e-9e4f-e8ea813612b8 req-8b3f7882-2878-461e-9e4f-e8ea813612b8 ] Request (SecurityGroupsTestJSON:setUpClass): 201 POST http://10.180.1.21/identity/v3/auth/tokens 0.070s
2025-11-12 13:29:31.076 67766 WARNING tempest.lib.common.ssh [-] Failed to establish authenticated ssh connection to cirros@10.180.180.135 ([Errno None] Unable to connect to port 22 on 10.180.180.135). Number attempts: 4. Retry after 5 seconds.: paramiko.ssh_exception.NoValidConnectionsError: [Errno None] Unable to connect to port 22 on 10.180.180.135
2025-11-12 13:29:31.109 67745 INFO tempest.lib.common.rest_client [req-49c26cf7-0215-4e63-8d36-d120f8b5b468 req-49c26cf7-0215-4e63-8d36-d120f8b5b468 ] Request (ServersTestJSON:setUpClass): 201 POST http://10.180.1.21/networking/v2.0/security-groups 0.429s
2025-11-12 13:29:31.190 67735 INFO tempest.lib.common.rest_client [req-fda39ddc-31fc-42f8-a22f-ff8f82881c13 req-fda39ddc-31fc-42f8-a22f-ff8f82881c13 ] Request (ServersListShow298Test:test_list_show_update_rebuild_server_298): 200 GET http://10.180.1.21/compute/v2.1/servers/438843f1-a351-489f-8fdf-6508ff4ef0f8 2.076s
2025-11-12 13:29:31.240 67715 INFO tempest.lib.common.rest_client [req-d5f43ae5-1035-41a9-a252-d993d789adb2 req-d5f43ae5-1035-41a9-a252-d993d789adb2 ] Request (ServerMetadataTestJSON:test_get_server_metadata_item): 200 GET http://10.180.1.21/compute/v2.1/servers/945ddb57-4462-42d6-80e3-5a1ed1f25eac/metadata/key2 2.099s
2025-11-12 13:29:31.268 67778 INFO tempest.lib.common.rest_client [req-5ec088dc-06af-44db-8f8f-362488badc14 req-5ec088dc-06af-44db-8f8f-362488badc14 ] Request (KeyPairsV2TestJSON:_run_cleanups): 202 DELETE http://10.180.1.21/compute/v2.1/os-keypairs/tempest-KeyPairsV2TestJSON-keypair-505704681 1.954s
2025-11-12 13:29:31.324 67721 INFO tempest.lib.common.rest_client [req-dfef4bba-003c-4d6c-9f32-3020cf153207 req-dfef4bba-003c-4d6c-9f32-3020cf153207 ] Request (TenantUsagesNegativeTestJSON:tearDownClass): 204 DELETE http://10.180.1.21/networking/v2.0/security-groups/10c596df-1518-4cb3-92e8-78699cb869e9 0.327s
2025-11-12 13:29:31.413 67721 INFO tempest.lib.common.rest_client [req-32aea28c-cb32-4eac-8bc1-c0f7e0edb2e0 req-32aea28c-cb32-4eac-8bc1-c0f7e0edb2e0 ] Request (TenantUsagesNegativeTestJSON:tearDownClass): 204 DELETE http://10.180.1.21/identity/v3/projects/b59f441de121432d879f2abb49ac163b 0.088s
2025-11-12 13:29:31.414 67721 INFO tempest.lib.common.dynamic_creds [-] Deleting project and security group for project: e2cd87457c234d3e8fd46b527cb3f3f7
2025-11-12 13:29:31.693 67723 INFO tempest.lib.common.rest_client [req-9e10859e-0344-478c-962c-cffe9a0afd6c req-9e10859e-0344-478c-962c-cffe9a0afd6c ] Request (SecurityGroupsTestJSON:setUpClass): 201 POST http://10.180.1.21/networking/v2.0/networks 0.666s
2025-11-12 13:29:31.779 67745 INFO tempest.lib.common.rest_client [req-059942d2-995a-4131-94ed-f734d820acd5 req-059942d2-995a-4131-94ed-f734d820acd5 ] Request (ServersTestJSON:setUpClass): 201 POST http://10.180.1.21/networking/v2.0/security-group-rules 0.670s
2025-11-12 13:29:31.921 67721 INFO tempest.lib.common.rest_client [req-45d6c3b1-e7e1-4779-8527-80147053089e req-45d6c3b1-e7e1-4779-8527-80147053089e ] Request (TenantUsagesNegativeTestJSON:tearDownClass): 200 GET http://10.180.1.21/networking/v2.0/security-groups?tenant_id=e2cd87457c234d3e8fd46b527cb3f3f7&name=default 0.506s
2025-11-12 13:29:32.181 67723 INFO tempest.lib.common.rest_client [req-d7350730-e0e4-4233-b030-195ea6ee0760 req-d7350730-e0e4-4233-b030-195ea6ee0760 ] Request (SecurityGroupsTestJSON:setUpClass): 201 POST http://10.180.1.21/networking/v2.0/subnets 0.488s
2025-11-12 13:29:32.373 67745 INFO tempest.lib.common.rest_client [req-befe1a85-4dba-4e56-afa1-d8b9252f8f37 req-befe1a85-4dba-4e56-afa1-d8b9252f8f37 ] Request (ServersTestJSON:setUpClass): 201 POST http://10.180.1.21/networking/v2.0/security-group-rules 0.593s
2025-11-12 13:29:32.515 67721 INFO tempest.lib.common.rest_client [req-d13f60f5-fda4-4d91-8be4-b974cfcf6e70 req-d13f60f5-fda4-4d91-8be4-b974cfcf6e70 ] Request (TenantUsagesNegativeTestJSON:tearDownClass): 204 DELETE http://10.180.1.21/networking/v2.0/security-groups/e06ca738-954c-431f-8e0f-1f2719ffa609 0.594s
2025-11-12 13:29:32.613 67721 INFO tempest.lib.common.rest_client [req-e2bfce19-c3ec-46f3-a297-e0c4d4a612cf req-e2bfce19-c3ec-46f3-a297-e0c4d4a612cf ] Request (TenantUsagesNegativeTestJSON:tearDownClass): 204 DELETE http://10.180.1.21/identity/v3/projects/e2cd87457c234d3e8fd46b527cb3f3f7 0.097s
2025-11-12 13:29:32.614 67721 INFO tempest.test [-] raised in TestVolumeSwap.setUpClass. Invoking tearDownClass.
2025-11-12 13:29:32.715 67721 INFO tempest.lib.common.rest_client [req-99dd12af-e920-4971-aa2e-83353bebcfb0 req-99dd12af-e920-4971-aa2e-83353bebcfb0 ] Request (AttachInterfacesUnderV243Test:setUpClass): 201 POST http://10.180.1.21/identity/v3/auth/tokens 0.096s
2025-11-12 13:29:32.754 67721 INFO tempest.lib.common.rest_client [req-36399cf5-7900-473a-8ae1-1a2dcf9ff79c req-36399cf5-7900-473a-8ae1-1a2dcf9ff79c ] Request (AttachInterfacesUnderV243Test:setUpClass): 201 POST http://10.180.1.21/identity/v3/auth/tokens 0.037s
2025-11-12 13:29:32.785 67721 INFO tempest.lib.common.rest_client [req-7cd48393-578c-42e6-b625-32bb81b09ec8 req-7cd48393-578c-42e6-b625-32bb81b09ec8 ] Request (AttachInterfacesUnderV243Test:setUpClass): 200 GET http://10.180.1.21/identity/v3/domains?name=Default 0.030s
2025-11-12 13:29:32.830 67721 INFO tempest.lib.common.rest_client [req-e82f534f-41b8-48db-bd47-848687c3854e req-e82f534f-41b8-48db-bd47-848687c3854e ] Request (AttachInterfacesUnderV243Test:setUpClass): 201 POST http://10.180.1.21/identity/v3/projects 0.044s
2025-11-12 13:29:32.903 67721 INFO tempest.lib.common.rest_client [req-8e1c580f-6aa1-40e7-a9ca-7bb4ca71c9e6 req-8e1c580f-6aa1-40e7-a9ca-7bb4ca71c9e6 ] Request (AttachInterfacesUnderV243Test:setUpClass): 201 POST http://10.180.1.21/identity/v3/users 0.073s
2025-11-12 13:29:32.931 67721 INFO tempest.lib.common.rest_client [req-a35908fe-6112-47c2-8d99-258675573ab9 req-a35908fe-6112-47c2-8d99-258675573ab9 ] Request (AttachInterfacesUnderV243Test:setUpClass): 200 GET http://10.180.1.21/identity/v3/roles 0.027s
2025-11-12 13:29:32.972 67721 INFO tempest.lib.common.rest_client [req-d55c0322-77ea-4f1a-822b-9a66688bea68 req-d55c0322-77ea-4f1a-822b-9a66688bea68 ] Request (AttachInterfacesUnderV243Test:setUpClass): 204 PUT http://10.180.1.21/identity/v3/projects/281d52da724d4f06a0e259f45b48c90a/users/1822bc335a784aea8b72d92666e21574/roles/292c9de72d40405aa65c05695061aac0 0.040s
2025-11-12 13:29:32.972 67721 INFO tempest.lib.common.dynamic_creds [-] Dynamic test user 1822bc335a784aea8b72d92666e21574 is created with scope project and roles: ['member']
2025-11-12 13:29:32.973 67721 INFO tempest.lib.common.dynamic_creds [-] Acquired dynamic creds: credentials: Credentials: {'domain_id': 'default', 'domain_name': 'Default', 'username': 'tempest-AttachInterfacesUnderV243Test-1437578253-project-member', 'project_domain_id': 'default', 'project_domain_name': 'Default', 'project_id': '281d52da724d4f06a0e259f45b48c90a', 'project_name': 'tempest-AttachInterfacesUnderV243Test-1437578253', 'tenant_id': '281d52da724d4f06a0e259f45b48c90a', 'tenant_name': 'tempest-AttachInterfacesUnderV243Test-1437578253', 'user_domain_id': 'default', 'user_domain_name': 'Default', 'user_id': '1822bc335a784aea8b72d92666e21574', 'system': None}, Network: None, Subnet: None, Router: None
2025-11-12 13:29:33.051 67721 INFO tempest.lib.common.rest_client [req-eca51eab-ac16-4e06-b4fd-85eb4842d436 req-eca51eab-ac16-4e06-b4fd-85eb4842d436 ] Request (AttachInterfacesUnderV243Test:setUpClass): 201 POST http://10.180.1.21/identity/v3/auth/tokens 0.078s
2025-11-12 13:29:33.324 67745 INFO tempest.lib.common.rest_client [req-3bd89f91-3972-411b-9deb-09c3b26610ed req-3bd89f91-3972-411b-9deb-09c3b26610ed ] Request (ServersTestJSON:setUpClass): 201 POST http://10.180.1.21/networking/v2.0/floatingips 0.950s
2025-11-12 13:29:33.324 67723 INFO tempest.lib.common.rest_client [req-0567e088-745a-431a-ab3e-57c7003768d0 req-0567e088-745a-431a-ab3e-57c7003768d0 ] Request (SecurityGroupsTestJSON:setUpClass): 201 POST http://10.180.1.21/networking/v2.0/routers 1.142s
2025-11-12 13:29:33.430 67745 INFO tempest.lib.common.rest_client [req-b62ff23f-7c44-4140-af43-7536ac451aae req-b62ff23f-7c44-4140-af43-7536ac451aae ] Request (ServersTestJSON:setUpClass): 201 POST http://10.180.1.21/identity/v3/auth/tokens 0.103s
2025-11-12 13:29:33.430 67745 INFO tempest.lib.common.fixed_network [-] (ServersTestJSON:setUpClass) Found network {'id': '49167ec2-88fc-4ef7-81d4-e684604e7958', 'name': 'tempest-ServersTestJSON-290775511-network', 'tenant_id': 'df50643a8844473997241e6dc3483ae3', 'project_id': 'df50643a8844473997241e6dc3483ae3', 'admin_state_up': True, 'mtu': 8950, 'status': 'ACTIVE', 'subnets': [], 'shared': False, 'port_security_enabled': True, 'router:external': False, 'provider:network_type': 'vlan', 'provider:physical_network': 'default', 'provider:segmentation_id': 660, 'availability_zone_hints': [], 'availability_zones': [], 'ipv4_address_scope': None, 'ipv6_address_scope': None, 'description': '', 'tags': [], 'created_at': '2025-11-12T13:29:25Z', 'updated_at': '2025-11-12T13:29:25Z', 'revision_number': 1} available for tenant
2025-11-12 13:29:33.645 67721 INFO tempest.lib.common.rest_client [req-f290cf08-1815-4dd5-87a6-f43ce43811bf req-f290cf08-1815-4dd5-87a6-f43ce43811bf ] Request (AttachInterfacesUnderV243Test:setUpClass): 201 POST http://10.180.1.21/networking/v2.0/networks 0.593s
2025-11-12 13:29:33.798 67750 INFO tempest.lib.common.rest_client [req-f0ce7443-e556-481b-a49b-64d4bd868701 req-f0ce7443-e556-481b-a49b-64d4bd868701 ] Request (InstanceActionsNegativeTestJSON:setUpClass): 202 POST http://10.180.1.21/compute/v2.1/servers 4.687s
2025-11-12 13:29:33.991 67721 INFO tempest.lib.common.rest_client [req-3fa0cdce-dc35-4157-8478-a5a1de6e1eed req-3fa0cdce-dc35-4157-8478-a5a1de6e1eed ] Request (AttachInterfacesUnderV243Test:setUpClass): 201 POST http://10.180.1.21/networking/v2.0/subnets 0.345s
2025-11-12 13:29:34.133 67764 INFO tempest.lib.common.rest_client [req-33117400-c3ad-44c9-8ce2-d72cd0a9564b req-33117400-c3ad-44c9-8ce2-d72cd0a9564b ] Request (ServersAdminTestJSON:test_inject_network_info): 202 POST http://10.180.1.21/compute/v2.1/servers 4.631s
2025-11-12 13:29:34.155 67729 INFO tempest.lib.common.rest_client [req-0f6773ec-4ea3-4caa-941c-adf1c99f9916 req-0f6773ec-4ea3-4caa-941c-adf1c99f9916 ] Request (VolumesAdminNegativeTest:tearDownClass): 200 GET http://10.180.1.21/compute/v2.1/servers/0c86c9cb-cb05-492a-8212-d0c850cd1219 4.627s
2025-11-12 13:29:34.186 67717 WARNING tempest.lib.common.ssh [-] Failed to establish authenticated ssh connection to cirros@10.180.180.187 ([Errno None] Unable to connect to port 22 on 10.180.180.187). Number attempts: 5. Retry after 6 seconds.: paramiko.ssh_exception.NoValidConnectionsError: [Errno None] Unable to connect to port 22 on 10.180.180.187
2025-11-12 13:29:34.471 67733 WARNING tempest.lib.common.ssh [-] Failed to establish authenticated ssh connection to cirros@10.180.180.226 ([Errno None] Unable to connect to port 22 on 10.180.180.226). Number attempts: 7. Retry after 8 seconds.: paramiko.ssh_exception.NoValidConnectionsError: [Errno None] Unable to connect to port 22 on 10.180.180.226
2025-11-12 13:29:34.673 67723 INFO tempest.lib.common.rest_client [req-a6b6750a-6f6b-49aa-b09c-79c9cb37e5ac req-a6b6750a-6f6b-49aa-b09c-79c9cb37e5ac ] Request (SecurityGroupsTestJSON:setUpClass): 200 PUT http://10.180.1.21/networking/v2.0/routers/938510bb-f25d-448d-9a76-4360f0a9b3e0/add_router_interface 1.347s
2025-11-12 13:29:34.673 67723 INFO tempest.lib.common.dynamic_creds [-] Created isolated network resources for: credentials: Credentials: {'domain_id': 'default', 'domain_name': 'Default', 'username': 'tempest-SecurityGroupsTestJSON-1148146069-project-member', 'project_domain_id': 'default', 'project_domain_name': 'Default', 'project_id': '623f2d2ad39645758bc1b91303e6bac8', 'project_name': 'tempest-SecurityGroupsTestJSON-1148146069', 'tenant_id': '623f2d2ad39645758bc1b91303e6bac8', 'tenant_name': 'tempest-SecurityGroupsTestJSON-1148146069', 'user_domain_id': 'default', 'user_domain_name': 'Default', 'user_id': '7b515f18b38543bc8487b9b8316ff71c', 'system': None}, Network: {'id': '55b41449-6c28-4c93-b789-294b05491165', 'name': 'tempest-SecurityGroupsTestJSON-1158572436-network', 'tenant_id': '623f2d2ad39645758bc1b91303e6bac8', 'project_id': '623f2d2ad39645758bc1b91303e6bac8', 'admin_state_up': True, 'mtu': 8950, 'status': 'ACTIVE', 'subnets': [], 'shared': False, 'port_security_enabled': True, 'router:external': False, 'provider:network_type': 'vlan', 'provider:physical_network': 'default', 'provider:segmentation_id': 546, 'availability_zone_hints': [], 'availability_zones': [], 'ipv4_address_scope': None, 'ipv6_address_scope': None, 'description': '', 'tags': [], 'created_at': '2025-11-12T13:29:31Z', 'updated_at': '2025-11-12T13:29:31Z', 'revision_number': 1}, Subnet: {'id': '75c0541b-27c5-489a-896e-f98f9105eb1d', 'name': 'tempest-SecurityGroupsTestJSON-1158572436-subnet', 'tenant_id': '623f2d2ad39645758bc1b91303e6bac8', 'network_id': '55b41449-6c28-4c93-b789-294b05491165', 'ip_version': 4, 'subnetpool_id': None, 'enable_dhcp': True, 'ipv6_ra_mode': None, 'ipv6_address_mode': None, 'gateway_ip': '192.168.128.1', 'cidr': '192.168.128.0/28', 'allocation_pools': [{'start': '192.168.128.2', 'end': '192.168.128.14'}], 'host_routes': [], 'dns_nameservers': [], 'description': '', 'router:external': False, 'service_types': [], 'tags': [], 'created_at': '2025-11-12T13:29:31Z', 'updated_at': '2025-11-12T13:29:31Z', 'revision_number': 0, 'project_id': '623f2d2ad39645758bc1b91303e6bac8'}, Router: {'id': '938510bb-f25d-448d-9a76-4360f0a9b3e0', 'name': 'tempest-SecurityGroupsTestJSON-1158572436-router', 'tenant_id': '623f2d2ad39645758bc1b91303e6bac8', 'admin_state_up': True, 'status': 'ACTIVE', 'external_gateway_info': {'network_id': '58e481a0-2d28-4288-a763-7675b5382b80', 'external_fixed_ips': [{'subnet_id': '99146c59-d9c4-428f-9ddb-266533d084e2', 'ip_address': '10.180.180.145'}], 'enable_snat': True}, 'description': '', 'availability_zones': [], 'distributed': False, 'ha': False, 'availability_zone_hints': [], 'routes': [], 'flavor_id': None, 'tags': [], 'created_at': '2025-11-12T13:29:32Z', 'updated_at': '2025-11-12T13:29:32Z', 'revision_number': 2, 'project_id': '623f2d2ad39645758bc1b91303e6bac8'}
2025-11-12 13:29:34.725 67760 INFO tempest.lib.common.rest_client [req-fd52aeea-92d3-4bd4-b14a-d3c0a0d454ff req-fd52aeea-92d3-4bd4-b14a-d3c0a0d454ff ] Request (ListImageFiltersTestJSON:setUpClass): 202 POST http://10.180.1.21/compute/v2.1/servers/fad92957-eb18-4d01-a70b-ed1c10033106/action 5.097s
2025-11-12 13:29:34.741 67739 INFO tempest.lib.common.rest_client [req-8bb8b2d7-e2f7-43cb-bcc1-32ab41358d68 req-8bb8b2d7-e2f7-43cb-bcc1-32ab41358d68 ] Request (ServerShowV247Test:test_show_server): 200 GET http://10.180.1.21/compute/v2.1/servers/09fc36e7-d59c-45b1-8455-fe4057b23d08 4.830s
2025-11-12 13:29:34.806 67723 INFO tempest.lib.common.rest_client [req-a4b05a8a-fe7f-4476-9d16-51d1061031ae req-a4b05a8a-fe7f-4476-9d16-51d1061031ae ] Request (SecurityGroupsTestJSON:setUpClass): 201 POST http://10.180.1.21/identity/v3/auth/tokens 0.130s
2025-11-12 13:29:34.847 67739 INFO tempest.lib.common.rest_client [req-fbf2861d-eba2-4a67-80c6-2becabb66eda req-fbf2861d-eba2-4a67-80c6-2becabb66eda ] Request (ServerShowV247Test:test_update_rebuild_list_server): 201 POST http://10.180.1.21/identity/v3/auth/tokens 0.086s
2025-11-12 13:29:34.847 67739 INFO tempest.lib.common.fixed_network [-] (ServerShowV247Test:test_update_rebuild_list_server) Found network None available for tenant
2025-11-12 13:29:34.963 67743 INFO tempest.lib.common.rest_client [req-52bb4aeb-6f4a-4f86-a088-1ad1347ec497 req-52bb4aeb-6f4a-4f86-a088-1ad1347ec497 ] Request (ServersAdmin275Test:tearDownClass): 200 GET http://10.180.1.21/compute/v2.1/servers/f087dae1-79be-405c-b3a7-3e31ea16b27f 4.908s
2025-11-12 13:29:34.995 67731 INFO tempest.lib.common.rest_client [req-58d764b9-adfb-4ac4-bb59-dd923f4c9b6e req-58d764b9-adfb-4ac4-bb59-dd923f4c9b6e ] Request (FlavorsAdminTestJSON:test_is_public_string_variations): 200 GET http://10.180.1.21/compute/v2.1/flavors/detail?is_public=t 4.738s
2025-11-12 13:29:35.019 67721 INFO tempest.lib.common.rest_client [req-0acfa7fc-4c8c-4320-ac67-21b068bcda9d req-0acfa7fc-4c8c-4320-ac67-21b068bcda9d ] Request (AttachInterfacesUnderV243Test:setUpClass): 201 POST http://10.180.1.21/networking/v2.0/routers 1.028s
2025-11-12 13:29:35.098 67727 INFO tempest.lib.common.rest_client [req-c129486d-366a-41f8-9388-96aef47300ce req-c129486d-366a-41f8-9388-96aef47300ce ] Request (DeleteServersAdminTestJSON:test_delete_server_while_in_error_state): 200 GET http://10.180.1.21/compute/v2.1/servers/a4afbc73-cd73-43f7-9cd6-171d26b62f73 4.862s
2025-11-12 13:29:35.117 67741 INFO tempest.lib.common.rest_client [req-9d1d786a-9482-48d5-ae4f-3b872d28f233 req-9d1d786a-9482-48d5-ae4f-3b872d28f233 ] Request (AbsoluteLimitsTestJSON:test_absLimits_get): 200 GET http://10.180.1.21/compute/v2.1/limits 4.796s
2025-11-12 13:29:35.232 67741 INFO tempest.lib.common.rest_client [req-4daa2b4e-2086-4f34-b5d1-8eb5a6621e90 req-4daa2b4e-2086-4f34-b5d1-8eb5a6621e90 ] Request (AbsoluteLimitsTestJSON:tearDownClass): 204 DELETE http://10.180.1.21/identity/v3/users/9769167ecdf343648ed67dbe7a40ca67 0.109s
2025-11-12 13:29:35.233 67741 INFO tempest.lib.common.dynamic_creds [-] Deleting project and security group for project: 3efa59c36aa242c683c8b471f088a634
2025-11-12 13:29:35.326 67741 INFO tempest.lib.common.rest_client [req-b4226cad-8e20-459d-8cdc-b04a64cb9b21 req-b4226cad-8e20-459d-8cdc-b04a64cb9b21 ] Request (AbsoluteLimitsTestJSON:tearDownClass): 201 POST http://10.180.1.21/identity/v3/auth/tokens 0.093s
2025-11-12 13:29:35.403 67774 INFO tempest.lib.common.rest_client [req-cabb562a-afc6-467e-8629-18da107f5a46 req-cabb562a-afc6-467e-8629-18da107f5a46 ] Request (ImagesTestJSON:test_create_image_from_suspended_server): 200 GET http://10.180.1.21/compute/v2.1/servers/4939bce7-786e-4332-bbb0-2c0f3ce70b62 5.013s
2025-11-12 13:29:35.461 67756 INFO tempest.lib.common.rest_client [req-241e4a4e-bdcf-41b9-be43-10b3fc0ba126 req-241e4a4e-bdcf-41b9-be43-10b3fc0ba126 ] Request (ServerExternalEventsTest:test_create_server_external_events): 200 GET http://10.180.1.21/compute/v2.1/servers/b7fbb572-9690-46fd-a4ac-d73def7be6ee 4.781s
2025-11-12 13:29:35.484 67768 INFO tempest.lib.common.rest_client [req-7fcc521c-5d20-413f-ab6a-297a4e214d26 req-7fcc521c-5d20-413f-ab6a-297a4e214d26 ] Request (ServerDiagnosticsNegativeTest:tearDownClass): 404 GET http://10.180.1.21/compute/v2.1/servers/1db38f12-ac4d-40ce-b946-bf0c00deffcd 4.653s
2025-11-12 13:29:35.530 67737 INFO tempest.lib.common.rest_client [req-bd927182-1f40-4fdd-9f63-3a5fd43dc0a4 req-bd927182-1f40-4fdd-9f63-3a5fd43dc0a4 ] Request (ImagesOneServerTestJSON:test_create_image_specify_multibyte_character_image_name): 200 GET http://10.180.1.21/compute/v2.1/images/a5052046-9271-431b-9410-7802de5bb146 4.554s
2025-11-12 13:29:35.578 67768 INFO tempest.lib.common.rest_client [req-b0d31a06-bc81-4f6b-bef9-60d4a6badc3a req-b0d31a06-bc81-4f6b-bef9-60d4a6badc3a ] Request (ServerDiagnosticsNegativeTest:tearDownClass): 204 DELETE http://10.180.1.21/identity/v3/users/88421a1d749448e29d3eaaf618806c1b 0.094s
2025-11-12 13:29:35.654 67741 INFO tempest.lib.common.rest_client [req-2bb0b35c-71d0-46ba-940e-02245ea16545 req-2bb0b35c-71d0-46ba-940e-02245ea16545 ] Request (AbsoluteLimitsTestJSON:tearDownClass): 200 GET http://10.180.1.21/networking/v2.0/security-groups?tenant_id=3efa59c36aa242c683c8b471f088a634&name=default 0.327s
