2025-11-12 13:29:35.691 67768 INFO tempest.lib.common.rest_client [req-beed4a97-6a7b-4fe9-b9c3-4d0c535c35d7 req-beed4a97-6a7b-4fe9-b9c3-4d0c535c35d7 ] Request (ServerDiagnosticsNegativeTest:tearDownClass): 204 DELETE http://10.180.1.21/identity/v3/users/b9def872235c44d282d253fedbdf73fb 0.112s
2025-11-12 13:29:35.691 67768 INFO tempest.lib.common.dynamic_creds [-] Deleting project and security group for project: ced7fdd8f1f1431ea4909133c719fc6a
2025-11-12 13:29:35.697 67747 WARNING tempest.lib.common.ssh [-] Failed to establish authenticated ssh connection to cirros@10.180.180.155 ([Errno None] Unable to connect to port 22 on 10.180.180.155). Number attempts: 6. Retry after 7 seconds.: paramiko.ssh_exception.NoValidConnectionsError: [Errno None] Unable to connect to port 22 on 10.180.180.155
2025-11-12 13:29:35.777 67768 INFO tempest.lib.common.rest_client [req-d71f5fac-1d15-4fdf-9068-d221551b5199 req-d71f5fac-1d15-4fdf-9068-d221551b5199 ] Request (ServerDiagnosticsNegativeTest:tearDownClass): 201 POST http://10.180.1.21/identity/v3/auth/tokens 0.086s
2025-11-12 13:29:36.181 67721 INFO tempest.lib.common.rest_client [req-f2e280c7-4d0c-49cd-9675-fa0c3d1ea5f1 req-f2e280c7-4d0c-49cd-9675-fa0c3d1ea5f1 ] Request (AttachInterfacesUnderV243Test:setUpClass): 200 PUT http://10.180.1.21/networking/v2.0/routers/d42cd9e6-ad51-4066-88b2-7e30012a55e0/add_router_interface 1.160s
2025-11-12 13:29:36.181 67721 INFO tempest.lib.common.dynamic_creds [-] Created isolated network resources for: credentials: Credentials: {'domain_id': 'default', 'domain_name': 'Default', 'username': 'tempest-AttachInterfacesUnderV243Test-1437578253-project-member', 'project_domain_id': 'default', 'project_domain_name': 'Default', 'project_id': '281d52da724d4f06a0e259f45b48c90a', 'project_name': 'tempest-AttachInterfacesUnderV243Test-1437578253', 'tenant_id': '281d52da724d4f06a0e259f45b48c90a', 'tenant_name': 'tempest-AttachInterfacesUnderV243Test-1437578253', 'user_domain_id': 'default', 'user_domain_name': 'Default', 'user_id': '1822bc335a784aea8b72d92666e21574', 'system': None}, Network: {'id': 'b1c93bd8-3abb-45d4-99e0-eed0275efd65', 'name': 'tempest-AttachInterfacesUnderV243Test-1210194969-network', 'tenant_id': '281d52da724d4f06a0e259f45b48c90a', 'project_id': '281d52da724d4f06a0e259f45b48c90a', 'admin_state_up': True, 'mtu': 8950, 'status': 'ACTIVE', 'subnets': [], 'shared': False, 'port_security_enabled': True, 'router:external': False, 'provider:network_type': 'vlan', 'provider:physical_network': 'default', 'provider:segmentation_id': 212, 'availability_zone_hints': [], 'availability_zones': [], 'ipv4_address_scope': None, 'ipv6_address_scope': None, 'description': '', 'tags': [], 'created_at': '2025-11-12T13:29:33Z', 'updated_at': '2025-11-12T13:29:33Z', 'revision_number': 1}, Subnet: {'id': 'fd5df101-7288-47ae-b503-16014e396653', 'name': 'tempest-AttachInterfacesUnderV243Test-1210194969-subnet', 'tenant_id': '281d52da724d4f06a0e259f45b48c90a', 'network_id': 'b1c93bd8-3abb-45d4-99e0-eed0275efd65', 'ip_version': 4, 'subnetpool_id': None, 'enable_dhcp': True, 'ipv6_ra_mode': None, 'ipv6_address_mode': None, 'gateway_ip': '192.168.128.1', 'cidr': '192.168.128.0/28', 'allocation_pools': [{'start': '192.168.128.2', 'end': '192.168.128.14'}], 'host_routes': [], 'dns_nameservers': [], 'description': '', 'router:external': False, 'service_types': [], 'tags': [], 'created_at': '2025-11-12T13:29:33Z', 'updated_at': '2025-11-12T13:29:33Z', 'revision_number': 0, 'project_id': '281d52da724d4f06a0e259f45b48c90a'}, Router: {'id': 'd42cd9e6-ad51-4066-88b2-7e30012a55e0', 'name': 'tempest-AttachInterfacesUnderV243Test-1210194969-router', 'tenant_id': '281d52da724d4f06a0e259f45b48c90a', 'admin_state_up': True, 'status': 'ACTIVE', 'external_gateway_info': {'network_id': '58e481a0-2d28-4288-a763-7675b5382b80', 'external_fixed_ips': [{'subnet_id': '99146c59-d9c4-428f-9ddb-266533d084e2', 'ip_address': '10.180.180.222'}], 'enable_snat': True}, 'description': '', 'availability_zones': [], 'distributed': False, 'ha': False, 'availability_zone_hints': [], 'routes': [], 'flavor_id': None, 'tags': [], 'created_at': '2025-11-12T13:29:34Z', 'updated_at': '2025-11-12T13:29:34Z', 'revision_number': 2, 'project_id': '281d52da724d4f06a0e259f45b48c90a'}
2025-11-12 13:29:36.209 67719 INFO tempest.lib.common.rest_client [req-6c2879bf-6f27-4d2b-8e88-c0c3d0511864 req-6c2879bf-6f27-4d2b-8e88-c0c3d0511864 ] Request (ServerGroupTestJSON:test_create_server_with_scheduler_hint_group): 200 GET http://10.180.1.21/compute/v2.1/servers/1cca2462-6320-4fb0-a3fa-172d2412d5c8 5.459s
2025-11-12 13:29:36.302 67721 INFO tempest.lib.common.rest_client [req-0f50ae52-cade-4784-8a2b-944b3920942f req-0f50ae52-cade-4784-8a2b-944b3920942f ] Request (AttachInterfacesUnderV243Test:setUpClass): 201 POST http://10.180.1.21/identity/v3/auth/tokens 0.115s
2025-11-12 13:29:36.396 67741 INFO tempest.lib.common.rest_client [req-5e22271e-77bb-49b7-86e5-d1b5fb93f712 req-5e22271e-77bb-49b7-86e5-d1b5fb93f712 ] Request (AbsoluteLimitsTestJSON:tearDownClass): 204 DELETE http://10.180.1.21/networking/v2.0/security-groups/adc614f3-ac0a-4691-b9f1-93e8d94bd311 0.741s
2025-11-12 13:29:36.484 67741 INFO tempest.lib.common.rest_client [req-1cbb1e38-84ca-408f-bde5-9757fc73f8a9 req-1cbb1e38-84ca-408f-bde5-9757fc73f8a9 ] Request (AbsoluteLimitsTestJSON:tearDownClass): 204 DELETE http://10.180.1.21/identity/v3/projects/3efa59c36aa242c683c8b471f088a634 0.088s
2025-11-12 13:29:36.548 67741 INFO tempest.lib.common.rest_client [req-8a47d024-bae5-4700-b981-c77cbffcfa4f req-8a47d024-bae5-4700-b981-c77cbffcfa4f ] Request (MultipleCreateNegativeTestJSON:setUpClass): 201 POST http://10.180.1.21/identity/v3/auth/tokens 0.062s
2025-11-12 13:29:36.582 67766 WARNING tempest.lib.common.ssh [-] Failed to establish authenticated ssh connection to cirros@10.180.180.135 ([Errno None] Unable to connect to port 22 on 10.180.180.135). Number attempts: 5. Retry after 6 seconds.: paramiko.ssh_exception.NoValidConnectionsError: [Errno None] Unable to connect to port 22 on 10.180.180.135
2025-11-12 13:29:36.598 67741 INFO tempest.lib.common.rest_client [req-12a8c5ce-dded-4537-9908-f1869bd002fc req-12a8c5ce-dded-4537-9908-f1869bd002fc ] Request (MultipleCreateNegativeTestJSON:setUpClass): 201 POST http://10.180.1.21/identity/v3/auth/tokens 0.046s
2025-11-12 13:29:36.629 67741 INFO tempest.lib.common.rest_client [req-6d1620e5-a2ca-414d-ba0d-ba6168718bfc req-6d1620e5-a2ca-414d-ba0d-ba6168718bfc ] Request (MultipleCreateNegativeTestJSON:setUpClass): 200 GET http://10.180.1.21/identity/v3/domains?name=Default 0.031s
2025-11-12 13:29:36.662 67741 INFO tempest.lib.common.rest_client [req-068362a1-29c7-46e9-ab58-971eb53ac58c req-068362a1-29c7-46e9-ab58-971eb53ac58c ] Request (MultipleCreateNegativeTestJSON:setUpClass): 201 POST http://10.180.1.21/identity/v3/projects 0.033s
2025-11-12 13:29:36.683 67768 INFO tempest.lib.common.rest_client [req-7722efe5-4b75-4ecf-a241-10e0961b6108 req-7722efe5-4b75-4ecf-a241-10e0961b6108 ] Request (ServerDiagnosticsNegativeTest:tearDownClass): 200 GET http://10.180.1.21/networking/v2.0/security-groups?tenant_id=ced7fdd8f1f1431ea4909133c719fc6a&name=default 0.905s
2025-11-12 13:29:36.731 67741 INFO tempest.lib.common.rest_client [req-986d8212-c3fb-499c-a699-7c70e113ec73 req-986d8212-c3fb-499c-a699-7c70e113ec73 ] Request (MultipleCreateNegativeTestJSON:setUpClass): 201 POST http://10.180.1.21/identity/v3/users 0.068s
2025-11-12 13:29:36.744 67772 INFO tempest.lib.common.rest_client [req-69ec9a37-2dde-44cc-9bf6-d0b24e5d79a2 req-69ec9a37-2dde-44cc-9bf6-d0b24e5d79a2 ] Request (ServersAaction247Test:tearDownClass): 200 GET http://10.180.1.21/compute/v2.1/servers/f00dcdb0-e93b-42d1-bdc9-fd5d0cd1d54b 5.623s
2025-11-12 13:29:36.757 67741 INFO tempest.lib.common.rest_client [req-517d6971-87a7-42e9-a335-44423228f939 req-517d6971-87a7-42e9-a335-44423228f939 ] Request (MultipleCreateNegativeTestJSON:setUpClass): 200 GET http://10.180.1.21/identity/v3/roles 0.026s
2025-11-12 13:29:36.793 67741 INFO tempest.lib.common.rest_client [req-7464080c-9138-4a76-bcb6-e50d6377befa req-7464080c-9138-4a76-bcb6-e50d6377befa ] Request (MultipleCreateNegativeTestJSON:setUpClass): 204 PUT http://10.180.1.21/identity/v3/projects/dcfafffffdd64d9681a0b8b6684bf39f/users/021195cdc30f4935972dc8a45500141b/roles/292c9de72d40405aa65c05695061aac0 0.035s
2025-11-12 13:29:36.793 67741 INFO tempest.lib.common.dynamic_creds [-] Dynamic test user 021195cdc30f4935972dc8a45500141b is created with scope project and roles: ['member']
2025-11-12 13:29:36.793 67741 INFO tempest.lib.common.dynamic_creds [-] Acquired dynamic creds: credentials: Credentials: {'domain_id': 'default', 'domain_name': 'Default', 'username': 'tempest-MultipleCreateNegativeTestJSON-1984621682-project-member', 'project_domain_id': 'default', 'project_domain_name': 'Default', 'project_id': 'dcfafffffdd64d9681a0b8b6684bf39f', 'project_name': 'tempest-MultipleCreateNegativeTestJSON-1984621682', 'tenant_id': 'dcfafffffdd64d9681a0b8b6684bf39f', 'tenant_name': 'tempest-MultipleCreateNegativeTestJSON-1984621682', 'user_domain_id': 'default', 'user_domain_name': 'Default', 'user_id': '021195cdc30f4935972dc8a45500141b', 'system': None}, Network: None, Subnet: None, Router: None
2025-11-12 13:29:36.793 67741 INFO tempest.lib.common.dynamic_creds [-] Created isolated network resources for: credentials: Credentials: {'domain_id': 'default', 'domain_name': 'Default', 'username': 'tempest-MultipleCreateNegativeTestJSON-1984621682-project-member', 'project_domain_id': 'default', 'project_domain_name': 'Default', 'project_id': 'dcfafffffdd64d9681a0b8b6684bf39f', 'project_name': 'tempest-MultipleCreateNegativeTestJSON-1984621682', 'tenant_id': 'dcfafffffdd64d9681a0b8b6684bf39f', 'tenant_name': 'tempest-MultipleCreateNegativeTestJSON-1984621682', 'user_domain_id': 'default', 'user_domain_name': 'Default', 'user_id': '021195cdc30f4935972dc8a45500141b', 'system': None}, Network: None, Subnet: None, Router: None
2025-11-12 13:29:36.808 67725 INFO tempest.lib.common.rest_client [req-9d0832ff-fd87-4616-9c38-99cca4f91330 req-9d0832ff-fd87-4616-9c38-99cca4f91330 ] Request (ServerRescueNegativeTestJSON:setUpClass): 200 GET http://10.180.1.21/compute/v2.1/servers/87fa1bae-8ad0-435d-8618-7f55659a54ed 5.714s
2025-11-12 13:29:36.814 67725 INFO tempest.common.waiters [-] State transition "BUILD/None" ==> "BUILD/block_device_mapping" after 19 second wait
2025-11-12 13:29:36.829 67778 INFO tempest.lib.common.rest_client [req-3d7b7c6c-2356-442a-9a47-7aacedfe79c0 req-3d7b7c6c-2356-442a-9a47-7aacedfe79c0 ] Request (KeyPairsV2TestJSON:_run_cleanups): 202 DELETE http://10.180.1.21/compute/v2.1/os-keypairs/tempest-KeyPairsV2TestJSON-keypair-1673170763 5.561s
2025-11-12 13:29:36.842 67715 INFO tempest.lib.common.rest_client [req-7e35a407-454a-4468-97a4-832dfb3a93b0 req-7e35a407-454a-4468-97a4-832dfb3a93b0 ] Request (ServerMetadataTestJSON:setUp): 200 PUT http://10.180.1.21/compute/v2.1/servers/945ddb57-4462-42d6-80e3-5a1ed1f25eac/metadata 5.599s
2025-11-12 13:29:36.884 67768 INFO tempest.lib.common.rest_client [req-b0109393-51b0-40a5-812b-7d862a95a076 req-b0109393-51b0-40a5-812b-7d862a95a076 ] Request (ServerDiagnosticsNegativeTest:tearDownClass): 204 DELETE http://10.180.1.21/networking/v2.0/security-groups/9f5c2c92-76c8-4bb4-8a99-0a475a4e128f 0.201s
2025-11-12 13:29:36.889 67741 INFO tempest.lib.common.rest_client [req-d4a83e5d-5fc1-49a8-a490-9481d20cfcff req-d4a83e5d-5fc1-49a8-a490-9481d20cfcff ] Request (MultipleCreateNegativeTestJSON:setUpClass): 201 POST http://10.180.1.21/identity/v3/auth/tokens 0.091s
2025-11-12 13:29:36.921 67741 INFO tempest.lib.common.rest_client [req-169b083f-10be-40ba-a21d-32fb46f2190a req-169b083f-10be-40ba-a21d-32fb46f2190a ] Request (MultipleCreateNegativeTestJSON:test_max_count_less_than_min_count): 201 POST http://10.180.1.21/identity/v3/auth/tokens 0.026s
2025-11-12 13:29:36.922 67741 INFO tempest.lib.common.fixed_network [-] (MultipleCreateNegativeTestJSON:test_max_count_less_than_min_count) Found network None available for tenant
2025-11-12 13:29:36.983 67768 INFO tempest.lib.common.rest_client [req-825d5303-fe18-42be-915d-923823f79343 req-825d5303-fe18-42be-915d-923823f79343 ] Request (ServerDiagnosticsNegativeTest:tearDownClass): 204 DELETE http://10.180.1.21/identity/v3/projects/ced7fdd8f1f1431ea4909133c719fc6a 0.098s
2025-11-12 13:29:36.983 67768 INFO tempest.lib.common.dynamic_creds [-] Deleting project and security group for project: f7cc57519d93450dabb04da330850ce7
2025-11-12 13:29:37.128 67768 INFO tempest.lib.common.rest_client [req-d948a211-277e-4afb-91cf-9c5bf444cd6c req-d948a211-277e-4afb-91cf-9c5bf444cd6c ] Request (ServerDiagnosticsNegativeTest:tearDownClass): 200 GET http://10.180.1.21/networking/v2.0/security-groups?tenant_id=f7cc57519d93450dabb04da330850ce7&name=default 0.144s
2025-11-12 13:29:37.164 67777 INFO tempest.lib.common.rest_client [req-b702bcfa-a24f-4449-b991-a017d7a4daa7 req-b702bcfa-a24f-4449-b991-a017d7a4daa7 ] Request (ServerDiskConfigTestJSON:test_rebuild_server_with_manual_disk_config): 200 GET http://10.180.1.21/compute/v2.1/servers/22c098f5-d860-4210-967a-ffde23c4e29f 5.799s
2025-11-12 13:29:37.173 67777 INFO tempest.common.waiters [-] State transition "BUILD/spawning" ==> "ACTIVE/None" after 34 second wait
2025-11-12 13:29:37.187 67751 INFO tempest.lib.common.rest_client [req-89bfb058-ec2d-462d-bcf1-d04b87828fee req-89bfb058-ec2d-462d-bcf1-d04b87828fee ] Request (MigrationsAdminTest:test_list_migrations_in_flavor_resize_situation): 200 GET http://10.180.1.21/compute/v2.1/servers/b4650cd3-7430-46e0-a0ed-56500eda66c5 5.660s
2025-11-12 13:29:37.304 67768 INFO tempest.lib.common.rest_client [req-be9cf5f9-d85a-47ac-87ac-848eb6bd0d95 req-be9cf5f9-d85a-47ac-87ac-848eb6bd0d95 ] Request (ServerDiagnosticsNegativeTest:tearDownClass): 204 DELETE http://10.180.1.21/networking/v2.0/security-groups/158f927e-6118-478d-9789-63923237d30a 0.175s
2025-11-12 13:29:37.315 67735 INFO tempest.lib.common.rest_client [req-5aa27052-ccce-48a5-9f9f-c6443985e005 req-5aa27052-ccce-48a5-9f9f-c6443985e005 ] Request (ServersListShow298Test:test_list_show_update_rebuild_server_298): 200 GET http://10.180.1.21/compute/v2.1/servers/438843f1-a351-489f-8fdf-6508ff4ef0f8 5.107s
2025-11-12 13:29:37.390 67750 INFO tempest.lib.common.rest_client [req-7e324cac-c00f-4a56-83b4-2c44f3bb5700 req-7e324cac-c00f-4a56-83b4-2c44f3bb5700 ] Request (InstanceActionsNegativeTestJSON:setUpClass): 200 GET http://10.180.1.21/compute/v2.1/servers/e9e1b705-cebe-400d-b971-34fe5b5d5271 3.590s
2025-11-12 13:29:37.412 67762 WARNING tempest.lib.common.ssh [-] Failed to establish authenticated ssh connection to cirros@10.180.180.210 ([Errno None] Unable to connect to port 22 on 10.180.180.210). Number attempts: 5. Retry after 6 seconds.: paramiko.ssh_exception.NoValidConnectionsError: [Errno None] Unable to connect to port 22 on 10.180.180.210
2025-11-12 13:29:37.438 67768 INFO tempest.lib.common.rest_client [req-48f713cf-bbae-40bf-9ce7-5350d7728ea3 req-48f713cf-bbae-40bf-9ce7-5350d7728ea3 ] Request (ServerDiagnosticsNegativeTest:tearDownClass): 204 DELETE http://10.180.1.21/identity/v3/projects/f7cc57519d93450dabb04da330850ce7 0.134s
2025-11-12 13:29:37.482 67764 INFO tempest.lib.common.rest_client [req-ec8c65b0-ca6a-466c-b97c-aef745495ab0 req-ec8c65b0-ca6a-466c-b97c-aef745495ab0 ] Request (ServersAdminTestJSON:test_inject_network_info): 200 GET http://10.180.1.21/compute/v2.1/servers/dfc0c8a1-906d-40b3-b878-278873ddae6e 3.347s
2025-11-12 13:29:37.502 67768 INFO tempest.lib.common.rest_client [req-a4c1bb76-3f61-487f-a82c-496af20211cb req-a4c1bb76-3f61-487f-a82c-496af20211cb ] Request (AttachInterfacesTestJSON:setUpClass): 201 POST http://10.180.1.21/identity/v3/auth/tokens 0.062s
2025-11-12 13:29:37.522 67760 INFO tempest.lib.common.rest_client [req-ed1e74c2-7b48-4e9c-89cd-bc02ed566f27 req-ed1e74c2-7b48-4e9c-89cd-bc02ed566f27 ] Request (ListImageFiltersTestJSON:setUpClass): 200 GET http://10.180.1.21/compute/v2.1/images/59124dd8-984c-4e4e-bd2f-af44a4e47f41 2.795s
2025-11-12 13:29:37.537 67768 INFO tempest.lib.common.rest_client [req-79646251-f488-436d-be8f-41ddf8572c78 req-79646251-f488-436d-be8f-41ddf8572c78 ] Request (AttachInterfacesTestJSON:setUpClass): 201 POST http://10.180.1.21/identity/v3/auth/tokens 0.032s
2025-11-12 13:29:37.562 67768 INFO tempest.lib.common.rest_client [req-45a79b43-0e25-4ced-9f52-8020a0582e01 req-45a79b43-0e25-4ced-9f52-8020a0582e01 ] Request (AttachInterfacesTestJSON:setUpClass): 200 GET http://10.180.1.21/identity/v3/domains?name=Default 0.025s
2025-11-12 13:29:37.591 67768 INFO tempest.lib.common.rest_client [req-d3812d04-dcca-4f26-a78e-a899f2a6b935 req-d3812d04-dcca-4f26-a78e-a899f2a6b935 ] Request (AttachInterfacesTestJSON:setUpClass): 201 POST http://10.180.1.21/identity/v3/projects 0.029s
2025-11-12 13:29:37.646 67768 INFO tempest.lib.common.rest_client [req-4965161e-897c-47ce-a767-2c15693dcd7f req-4965161e-897c-47ce-a767-2c15693dcd7f ] Request (AttachInterfacesTestJSON:setUpClass): 201 POST http://10.180.1.21/identity/v3/users 0.053s
2025-11-12 13:29:37.649 67745 INFO tempest.lib.common.rest_client [req-305d29c7-2fba-40ef-822f-2a65519e9626 req-305d29c7-2fba-40ef-822f-2a65519e9626 ] Request (ServersTestJSON:setUpClass): 202 POST http://10.180.1.21/compute/v2.1/servers 4.217s
2025-11-12 13:29:37.670 67768 INFO tempest.lib.common.rest_client [req-36105f7f-b127-4aaa-a2d2-1f78402080f4 req-36105f7f-b127-4aaa-a2d2-1f78402080f4 ] Request (AttachInterfacesTestJSON:setUpClass): 200 GET http://10.180.1.21/identity/v3/roles 0.024s
2025-11-12 13:29:37.711 67768 INFO tempest.lib.common.rest_client [req-92d776ae-edc9-4be6-8b53-48dc2b1f2b8e req-92d776ae-edc9-4be6-8b53-48dc2b1f2b8e ] Request (AttachInterfacesTestJSON:setUpClass): 204 PUT http://10.180.1.21/identity/v3/projects/110bc47ffbd14ebbba4d7a0b41ede441/users/7d9770017bb84813bc2958ebad3e4818/roles/292c9de72d40405aa65c05695061aac0 0.041s
2025-11-12 13:29:37.711 67768 INFO tempest.lib.common.dynamic_creds [-] Dynamic test user 7d9770017bb84813bc2958ebad3e4818 is created with scope project and roles: ['member']
2025-11-12 13:29:37.712 67768 INFO tempest.lib.common.dynamic_creds [-] Acquired dynamic creds: credentials: Credentials: {'domain_id': 'default', 'domain_name': 'Default', 'username': 'tempest-AttachInterfacesTestJSON-1278998888-project-member', 'project_domain_id': 'default', 'project_domain_name': 'Default', 'project_id': '110bc47ffbd14ebbba4d7a0b41ede441', 'project_name': 'tempest-AttachInterfacesTestJSON-1278998888', 'tenant_id': '110bc47ffbd14ebbba4d7a0b41ede441', 'tenant_name': 'tempest-AttachInterfacesTestJSON-1278998888', 'user_domain_id': 'default', 'user_domain_name': 'Default', 'user_id': '7d9770017bb84813bc2958ebad3e4818', 'system': None}, Network: None, Subnet: None, Router: None
2025-11-12 13:29:37.733 67723 INFO tempest.lib.common.rest_client [req-ff779bde-ec2c-4108-b061-4d5e4583fd2e req-ff779bde-ec2c-4108-b061-4d5e4583fd2e ] Request (SecurityGroupsTestJSON:test_list_security_groups_by_server): 200 POST http://10.180.1.21/compute/v2.1/os-security-groups 2.926s
2025-11-12 13:29:37.760 67739 INFO tempest.lib.common.rest_client [req-5a764971-4157-4ce3-8c36-7d3652aa22fb req-5a764971-4157-4ce3-8c36-7d3652aa22fb ] Request (ServerShowV247Test:test_update_rebuild_list_server): 202 POST http://10.180.1.21/compute/v2.1/servers 2.912s
2025-11-12 13:29:37.763 67731 INFO tempest.lib.common.rest_client [req-beeb22cd-14df-4674-b013-6e1a4c56f5a2 req-beeb22cd-14df-4674-b013-6e1a4c56f5a2 ] Request (FlavorsAdminTestJSON:test_is_public_string_variations): 200 GET http://10.180.1.21/compute/v2.1/flavors/detail?is_public=true 2.762s
2025-11-12 13:29:37.779 67768 INFO tempest.lib.common.rest_client [req-f163595f-b4ef-4fe6-9f4c-cf1186cdc5f0 req-f163595f-b4ef-4fe6-9f4c-cf1186cdc5f0 ] Request (AttachInterfacesTestJSON:setUpClass): 201 POST http://10.180.1.21/identity/v3/auth/tokens 0.067s
2025-11-12 13:29:37.886 67729 INFO tempest.lib.common.rest_client [req-af95f621-1225-4b71-ae44-cfe3582d8757 req-af95f621-1225-4b71-ae44-cfe3582d8757 ] Request (VolumesAdminNegativeTest:tearDownClass): 200 GET http://10.180.1.21/compute/v2.1/servers/0c86c9cb-cb05-492a-8212-d0c850cd1219 2.722s
2025-11-12 13:29:37.899 67729 INFO tempest.common.waiters [-] State transition "ACTIVE/deleting" ==> "DELETED/None" after 3 second wait
2025-11-12 13:29:37.901 67727 INFO tempest.lib.common.rest_client [req-cc28fe9d-5193-4b26-9c72-2b7d4b40ced9 req-cc28fe9d-5193-4b26-9c72-2b7d4b40ced9 ] Request (DeleteServersAdminTestJSON:test_delete_server_while_in_error_state): 204 DELETE http://10.180.1.21/compute/v2.1/servers/a4afbc73-cd73-43f7-9cd6-171d26b62f73 2.793s
2025-11-12 13:29:37.952 67737 INFO tempest.lib.common.rest_client [req-ffb08ebb-742e-40c9-8305-3abd57ddf4e6 req-ffb08ebb-742e-40c9-8305-3abd57ddf4e6 ] Request (ImagesOneServerTestJSON:test_create_image_specify_multibyte_character_image_name): 200 GET http://10.180.1.21/compute/v2.1/images/a5052046-9271-431b-9410-7802de5bb146 2.418s
2025-11-12 13:29:38.015 67743 INFO tempest.lib.common.rest_client [req-352a9b62-469b-4c54-b955-b6b4d1adaa42 req-352a9b62-469b-4c54-b955-b6b4d1adaa42 ] Request (ServersAdmin275Test:tearDownClass): 200 GET http://10.180.1.21/compute/v2.1/servers/f087dae1-79be-405c-b3a7-3e31ea16b27f 2.036s
2025-11-12 13:29:38.079 67774 INFO tempest.lib.common.rest_client [req-74f9f216-5c50-45bc-b5ab-74571ac728a8 req-74f9f216-5c50-45bc-b5ab-74571ac728a8 ] Request (ImagesTestJSON:test_create_image_from_suspended_server): 200 GET http://10.180.1.21/compute/v2.1/servers/4939bce7-786e-4332-bbb0-2c0f3ce70b62 1.667s
2025-11-12 13:29:38.153 67756 INFO tempest.lib.common.rest_client [req-1edd572c-6298-4b1e-a1fc-c16af3547033 req-1edd572c-6298-4b1e-a1fc-c16af3547033 ] Request (ServerExternalEventsTest:test_create_server_external_events): 200 GET http://10.180.1.21/compute/v2.1/servers/b7fbb572-9690-46fd-a4ac-d73def7be6ee 1.683s
2025-11-12 13:29:38.157 67721 INFO tempest.lib.common.rest_client [req-4831112c-76c4-4488-a59a-b4bb8cb5a601 req-4831112c-76c4-4488-a59a-b4bb8cb5a601 ] Request (ValidationResourcesFixture:setUp): 200 POST http://10.180.1.21/compute/v2.1/os-keypairs 1.852s
2025-11-12 13:29:38.164 67756 INFO tempest.common.waiters [-] State transition "BUILD/None" ==> "BUILD/networking" after 20 second wait
2025-11-12 13:29:38.179 67778 INFO tempest.lib.common.rest_client [req-b5c00b29-87bf-40d1-9fa5-e8d46f367f33 req-b5c00b29-87bf-40d1-9fa5-e8d46f367f33 ] Request (KeyPairsV2TestJSON:_run_cleanups): 202 DELETE http://10.180.1.21/compute/v2.1/os-keypairs/tempest-KeyPairsV2TestJSON-keypair-490185042 1.349s
2025-11-12 13:29:38.187 67768 INFO tempest.lib.common.rest_client [req-3f42ca55-a3e6-49cd-9b9f-7db9cff55a93 req-3f42ca55-a3e6-49cd-9b9f-7db9cff55a93 ] Request (AttachInterfacesTestJSON:setUpClass): 201 POST http://10.180.1.21/networking/v2.0/networks 0.407s
2025-11-12 13:29:38.193 67715 INFO tempest.lib.common.rest_client [req-18c7ab90-b1f9-45f2-abc5-05ad5264df07 req-18c7ab90-b1f9-45f2-abc5-05ad5264df07 ] Request (ServerMetadataTestJSON:test_list_server_metadata): 200 GET http://10.180.1.21/compute/v2.1/servers/945ddb57-4462-42d6-80e3-5a1ed1f25eac/metadata 1.350s
2025-11-12 13:29:38.316 67741 INFO tempest.lib.common.rest_client [req-cb6dd66d-ffdb-4d73-8d2c-1f0b48ba4947 req-cb6dd66d-ffdb-4d73-8d2c-1f0b48ba4947 ] Request (MultipleCreateNegativeTestJSON:test_max_count_less_than_min_count): 400 POST http://10.180.1.21/compute/v2.1/servers 1.393s
2025-11-12 13:29:38.370 67778 INFO tempest.lib.common.rest_client [req-abf18985-e29d-4717-997f-c3185bd639ba req-abf18985-e29d-4717-997f-c3185bd639ba ] Request (KeyPairsV2TestJSON:tearDownClass): 204 DELETE http://10.180.1.21/identity/v3/users/6e4f60be6eb74921b926a92d71461a8e 0.189s
2025-11-12 13:29:38.371 67778 INFO tempest.lib.common.dynamic_creds [-] Deleting project and security group for project: b03f65050f494d60b1ee162805e1d598
2025-11-12 13:29:38.395 67721 INFO tempest.lib.common.rest_client [req-5eab8b78-5ff3-4ce1-bbd5-8c832bff0146 req-5eab8b78-5ff3-4ce1-bbd5-8c832bff0146 ] Request (ValidationResourcesFixture:setUp): 201 POST http://10.180.1.21/networking/v2.0/security-groups 0.237s
2025-11-12 13:29:38.436 67741 INFO tempest.lib.common.rest_client [req-ffd6d5ae-7720-4476-981f-03bb7db10c4b req-ffd6d5ae-7720-4476-981f-03bb7db10c4b ] Request (MultipleCreateNegativeTestJSON:test_max_count_less_than_one): 201 POST http://10.180.1.21/identity/v3/auth/tokens 0.112s
2025-11-12 13:29:38.437 67741 INFO tempest.lib.common.fixed_network [-] (MultipleCreateNegativeTestJSON:test_max_count_less_than_one) Found network None available for tenant
2025-11-12 13:29:38.467 67778 INFO tempest.lib.common.rest_client [req-6404a919-3ad6-4602-9bde-24286ff01a4a req-6404a919-3ad6-4602-9bde-24286ff01a4a ] Request (KeyPairsV2TestJSON:tearDownClass): 201 POST http://10.180.1.21/identity/v3/auth/tokens 0.096s
2025-11-12 13:29:38.515 67768 INFO tempest.lib.common.rest_client [req-ae1536c7-c15f-4b44-97de-7e9f330cc6ba req-ae1536c7-c15f-4b44-97de-7e9f330cc6ba ] Request (AttachInterfacesTestJSON:setUpClass): 201 POST http://10.180.1.21/networking/v2.0/subnets 0.327s
2025-11-12 13:29:38.516 67719 INFO tempest.lib.common.rest_client [req-458fc4ea-e08a-4673-a55c-86fa2b4cc000 req-458fc4ea-e08a-4673-a55c-86fa2b4cc000 ] Request (ServerGroupTestJSON:test_create_server_with_scheduler_hint_group): 200 GET http://10.180.1.21/compute/v2.1/servers/1cca2462-6320-4fb0-a3fa-172d2412d5c8 1.299s
2025-11-12 13:29:38.565 67777 INFO tempest.lib.common.rest_client [req-f1873a41-bb42-47c7-b9e1-8382d9c0bdbd req-f1873a41-bb42-47c7-b9e1-8382d9c0bdbd ] Request (ServerDiskConfigTestJSON:test_rebuild_server_with_manual_disk_config): 200 GET http://10.180.1.21/compute/v2.1/servers/22c098f5-d860-4210-967a-ffde23c4e29f 1.391s
2025-11-12 13:29:38.623 67721 INFO tempest.lib.common.rest_client [req-8b1387f3-4a1e-416d-b254-69a61be19acb req-8b1387f3-4a1e-416d-b254-69a61be19acb ] Request (ValidationResourcesFixture:setUp): 201 POST http://10.180.1.21/networking/v2.0/security-group-rules 0.227s
2025-11-12 13:29:38.754 67778 INFO tempest.lib.common.rest_client [req-5441d4cf-1de1-442b-b0be-e4dca900ea64 req-5441d4cf-1de1-442b-b0be-e4dca900ea64 ] Request (KeyPairsV2TestJSON:tearDownClass): 200 GET http://10.180.1.21/networking/v2.0/security-groups?tenant_id=b03f65050f494d60b1ee162805e1d598&name=default 0.287s
2025-11-12 13:29:38.837 67745 INFO tempest.lib.common.rest_client [req-4c393918-fb01-42f4-8919-72c0c55e0a1d req-4c393918-fb01-42f4-8919-72c0c55e0a1d ] Request (ServersTestJSON:setUpClass): 200 GET http://10.180.1.21/compute/v2.1/servers/eda40014-d39c-406e-a52c-d84b532fe82f 1.186s
2025-11-12 13:29:38.940 67723 INFO tempest.lib.common.rest_client [req-2e92b08b-5890-425f-8eac-c1cdf8725d09 req-2e92b08b-5890-425f-8eac-c1cdf8725d09 ] Request (SecurityGroupsTestJSON:test_list_security_groups_by_server): 200 POST http://10.180.1.21/compute/v2.1/os-security-groups 1.204s
2025-11-12 13:29:39.008 67739 INFO tempest.lib.common.rest_client [req-3aa0d125-cd7b-470b-99ef-9ad5f5a4b8be req-3aa0d125-cd7b-470b-99ef-9ad5f5a4b8be ] Request (ServerShowV247Test:test_update_rebuild_list_server): 200 PUT http://10.180.1.21/compute/v2.1/servers/9d301d76-6e9d-406f-8eac-0dd910260c73 1.245s
2025-11-12 13:29:39.043 67731 INFO tempest.lib.common.rest_client [req-5ba62775-e705-4518-a368-b0273a55adb6 req-5ba62775-e705-4518-a368-b0273a55adb6 ] Request (FlavorsAdminTestJSON:test_is_public_string_variations): 200 GET http://10.180.1.21/compute/v2.1/flavors/detail?is_public=yes 1.268s
2025-11-12 13:29:39.043 67723 INFO tempest.lib.common.rest_client [req-0001ee05-a073-44aa-b23d-9cc89d2231dc req-0001ee05-a073-44aa-b23d-9cc89d2231dc ] Request (SecurityGroupsTestJSON:test_list_security_groups_by_server): 201 POST http://10.180.1.21/identity/v3/auth/tokens 0.095s
2025-11-12 13:29:39.044 67723 INFO tempest.lib.common.fixed_network [-] (SecurityGroupsTestJSON:test_list_security_groups_by_server) Found network {'id': '55b41449-6c28-4c93-b789-294b05491165', 'name': 'tempest-SecurityGroupsTestJSON-1158572436-network', 'tenant_id': '623f2d2ad39645758bc1b91303e6bac8', 'project_id': '623f2d2ad39645758bc1b91303e6bac8', 'admin_state_up': True, 'mtu': 8950, 'status': 'ACTIVE', 'subnets': [], 'shared': False, 'port_security_enabled': True, 'router:external': False, 'provider:network_type': 'vlan', 'provider:physical_network': 'default', 'provider:segmentation_id': 546, 'availability_zone_hints': [], 'availability_zones': [], 'ipv4_address_scope': None, 'ipv6_address_scope': None, 'description': '', 'tags': [], 'created_at': '2025-11-12T13:29:31Z', 'updated_at': '2025-11-12T13:29:31Z', 'revision_number': 1} available for tenant
2025-11-12 13:29:39.082 67721 INFO tempest.lib.common.rest_client [req-2e8a6ad3-b954-4b08-a017-11f993b378b0 req-2e8a6ad3-b954-4b08-a017-11f993b378b0 ] Request (ValidationResourcesFixture:setUp): 201 POST http://10.180.1.21/networking/v2.0/security-group-rules 0.458s
2025-11-12 13:29:39.219 67778 INFO tempest.lib.common.rest_client [req-440d33a5-7557-4e49-9cfa-8bfbd3138433 req-440d33a5-7557-4e49-9cfa-8bfbd3138433 ] Request (KeyPairsV2TestJSON:tearDownClass): 204 DELETE http://10.180.1.21/networking/v2.0/security-groups/7bd60bc1-2064-4165-974f-2e5680b51075 0.464s
2025-11-12 13:29:39.318 67778 INFO tempest.lib.common.rest_client [req-d8f1affe-d13c-4fa2-a50c-56478b458be9 req-d8f1affe-d13c-4fa2-a50c-56478b458be9 ] Request (KeyPairsV2TestJSON:tearDownClass): 204 DELETE http://10.180.1.21/identity/v3/projects/b03f65050f494d60b1ee162805e1d598 0.098s
2025-11-12 13:29:39.412 67778 INFO tempest.lib.common.rest_client [req-896e8b13-0870-444c-99e7-52397de28e67 req-896e8b13-0870-444c-99e7-52397de28e67 ] Request (ServerAddressesNegativeTestJSON:setUpClass): 201 POST http://10.180.1.21/identity/v3/auth/tokens 0.092s
2025-11-12 13:29:39.454 67778 INFO tempest.lib.common.rest_client [req-814a922c-bba1-4c5c-b720-31797abe1021 req-814a922c-bba1-4c5c-b720-31797abe1021 ] Request (ServerAddressesNegativeTestJSON:setUpClass): 201 POST http://10.180.1.21/identity/v3/auth/tokens 0.036s
2025-11-12 13:29:39.493 67778 INFO tempest.lib.common.rest_client [req-31f96ebb-9278-4944-a555-fdf14391d43f req-31f96ebb-9278-4944-a555-fdf14391d43f ] Request (ServerAddressesNegativeTestJSON:setUpClass): 200 GET http://10.180.1.21/identity/v3/domains?name=Default 0.039s
2025-11-12 13:29:39.545 67778 INFO tempest.lib.common.rest_client [req-9c772ddc-9bee-4ab3-972a-cdf898d11b93 req-9c772ddc-9bee-4ab3-972a-cdf898d11b93 ] Request (ServerAddressesNegativeTestJSON:setUpClass): 201 POST http://10.180.1.21/identity/v3/projects 0.052s
2025-11-12 13:29:39.593 67768 INFO tempest.lib.common.rest_client [req-ac28ec1b-82d4-45a7-9009-1300116f224d req-ac28ec1b-82d4-45a7-9009-1300116f224d ] Request (AttachInterfacesTestJSON:setUpClass): 201 POST http://10.180.1.21/networking/v2.0/routers 1.077s
2025-11-12 13:29:39.623 67778 INFO tempest.lib.common.rest_client [req-68e95d2e-aeed-4aca-a11e-98c7d73b92ae req-68e95d2e-aeed-4aca-a11e-98c7d73b92ae ] Request (ServerAddressesNegativeTestJSON:setUpClass): 201 POST http://10.180.1.21/identity/v3/users 0.076s
2025-11-12 13:29:39.628 67772 INFO tempest.lib.common.rest_client [req-85caa2da-c75c-410f-8560-dfdbb8f37d5f req-85caa2da-c75c-410f-8560-dfdbb8f37d5f ] Request (ServersAaction247Test:tearDownClass): 200 GET http://10.180.1.21/compute/v2.1/servers/f00dcdb0-e93b-42d1-bdc9-fd5d0cd1d54b 1.874s
2025-11-12 13:29:39.657 67778 INFO tempest.lib.common.rest_client [req-86686aae-7134-40c7-b68b-4941ee898a90 req-86686aae-7134-40c7-b68b-4941ee898a90 ] Request (ServerAddressesNegativeTestJSON:setUpClass): 200 GET http://10.180.1.21/identity/v3/roles 0.034s
2025-11-12 13:29:39.691 67778 INFO tempest.lib.common.rest_client [req-da5a119a-c692-4c98-a7bc-29e8fd937a90 req-da5a119a-c692-4c98-a7bc-29e8fd937a90 ] Request (ServerAddressesNegativeTestJSON:setUpClass): 204 PUT http://10.180.1.21/identity/v3/projects/a19fa8307ef84aac98f55e39e6ebaaf0/users/164c7a916263490d96d96f31d2b4de4e/roles/292c9de72d40405aa65c05695061aac0 0.033s
2025-11-12 13:29:39.691 67778 INFO tempest.lib.common.dynamic_creds [-] Dynamic test user 164c7a916263490d96d96f31d2b4de4e is created with scope project and roles: ['member']
2025-11-12 13:29:39.691 67778 INFO tempest.lib.common.dynamic_creds [-] Acquired dynamic creds: credentials: Credentials: {'domain_id': 'default', 'domain_name': 'Default', 'username': 'tempest-ServerAddressesNegativeTestJSON-494791728-project-member', 'project_domain_id': 'default', 'project_domain_name': 'Default', 'project_id': 'a19fa8307ef84aac98f55e39e6ebaaf0', 'project_name': 'tempest-ServerAddressesNegativeTestJSON-494791728', 'tenant_id': 'a19fa8307ef84aac98f55e39e6ebaaf0', 'tenant_name': 'tempest-ServerAddressesNegativeTestJSON-494791728', 'user_domain_id': 'default', 'user_domain_name': 'Default', 'user_id': '164c7a916263490d96d96f31d2b4de4e', 'system': None}, Network: None, Subnet: None, Router: None
2025-11-12 13:29:39.767 67778 INFO tempest.lib.common.rest_client [req-5a217e43-2813-4efd-bfbf-b5aac4fa39bd req-5a217e43-2813-4efd-bfbf-b5aac4fa39bd ] Request (ServerAddressesNegativeTestJSON:setUpClass): 201 POST http://10.180.1.21/identity/v3/auth/tokens 0.076s
2025-11-12 13:29:40.077 67721 INFO tempest.lib.common.rest_client [req-cb31b422-3e18-4fa6-a27f-f03cb1eb4765 req-cb31b422-3e18-4fa6-a27f-f03cb1eb4765 ] Request (ValidationResourcesFixture:setUp): 201 POST http://10.180.1.21/networking/v2.0/floatingips 0.994s
2025-11-12 13:29:40.148 67721 INFO tempest.lib.common.rest_client [req-6c5fdc92-9106-4e5f-a229-7060cc7d21ba req-6c5fdc92-9106-4e5f-a229-7060cc7d21ba ] Request (AttachInterfacesUnderV243Test:test_add_remove_fixed_ip): 201 POST http://10.180.1.21/identity/v3/auth/tokens 0.065s
2025-11-12 13:29:40.148 67721 INFO tempest.lib.common.fixed_network [-] (AttachInterfacesUnderV243Test:test_add_remove_fixed_ip) Found network {'id': 'b1c93bd8-3abb-45d4-99e0-eed0275efd65', 'name': 'tempest-AttachInterfacesUnderV243Test-1210194969-network', 'tenant_id': '281d52da724d4f06a0e259f45b48c90a', 'project_id': '281d52da724d4f06a0e259f45b48c90a', 'admin_state_up': True, 'mtu': 8950, 'status': 'ACTIVE', 'subnets': [], 'shared': False, 'port_security_enabled': True, 'router:external': False, 'provider:network_type': 'vlan', 'provider:physical_network': 'default', 'provider:segmentation_id': 212, 'availability_zone_hints': [], 'availability_zones': [], 'ipv4_address_scope': None, 'ipv6_address_scope': None, 'description': '', 'tags': [], 'created_at': '2025-11-12T13:29:33Z', 'updated_at': '2025-11-12T13:29:33Z', 'revision_number': 1} available for tenant
2025-11-12 13:29:40.426 67778 INFO tempest.lib.common.rest_client [req-453f3cf5-764f-47f6-9d8e-6baf63beb0f0 req-453f3cf5-764f-47f6-9d8e-6baf63beb0f0 ] Request (ServerAddressesNegativeTestJSON:setUpClass): 201 POST http://10.180.1.21/networking/v2.0/networks 0.658s
2025-11-12 13:29:40.694 67717 WARNING tempest.lib.common.ssh [-] Failed to establish authenticated ssh connection to cirros@10.180.180.187 ([Errno None] Unable to connect to port 22 on 10.180.180.187). Number attempts: 6. Retry after 7 seconds.: paramiko.ssh_exception.NoValidConnectionsError: [Errno None] Unable to connect to port 22 on 10.180.180.187
2025-11-12 13:29:40.736 67768 INFO tempest.lib.common.rest_client [req-5e4c7fff-9736-4b7c-afc4-62baf8b11271 req-5e4c7fff-9736-4b7c-afc4-62baf8b11271 ] Request (AttachInterfacesTestJSON:setUpClass): 200 PUT http://10.180.1.21/networking/v2.0/routers/703d86d9-a513-4866-b9d2-acb25193e076/add_router_interface 1.143s
2025-11-12 13:29:40.737 67768 INFO tempest.lib.common.dynamic_creds [-] Created isolated network resources for: credentials: Credentials: {'domain_id': 'default', 'domain_name': 'Default', 'username': 'tempest-AttachInterfacesTestJSON-1278998888-project-member', 'project_domain_id': 'default', 'project_domain_name': 'Default', 'project_id': '110bc47ffbd14ebbba4d7a0b41ede441', 'project_name': 'tempest-AttachInterfacesTestJSON-1278998888', 'tenant_id': '110bc47ffbd14ebbba4d7a0b41ede441', 'tenant_name': 'tempest-AttachInterfacesTestJSON-1278998888', 'user_domain_id': 'default', 'user_domain_name': 'Default', 'user_id': '7d9770017bb84813bc2958ebad3e4818', 'system': None}, Network: {'id': 'e0f29318-aece-4c8e-b922-8938bb0ff872', 'name': 'tempest-AttachInterfacesTestJSON-709297404-network', 'tenant_id': '110bc47ffbd14ebbba4d7a0b41ede441', 'project_id': '110bc47ffbd14ebbba4d7a0b41ede441', 'admin_state_up': True, 'mtu': 8950, 'status': 'ACTIVE', 'subnets': [], 'shared': False, 'port_security_enabled': True, 'router:external': False, 'provider:network_type': 'vlan', 'provider:physical_network': 'default', 'provider:segmentation_id': 739, 'availability_zone_hints': [], 'availability_zones': [], 'ipv4_address_scope': None, 'ipv6_address_scope': None, 'description': '', 'tags': [], 'created_at': '2025-11-12T13:29:38Z', 'updated_at': '2025-11-12T13:29:38Z', 'revision_number': 1}, Subnet: {'id': '0c0a9641-4e69-4147-9c96-4dddf105d441', 'name': 'tempest-AttachInterfacesTestJSON-709297404-subnet', 'tenant_id': '110bc47ffbd14ebbba4d7a0b41ede441', 'network_id': 'e0f29318-aece-4c8e-b922-8938bb0ff872', 'ip_version': 4, 'subnetpool_id': None, 'enable_dhcp': True, 'ipv6_ra_mode': None, 'ipv6_address_mode': None, 'gateway_ip': '192.168.128.1', 'cidr': '192.168.128.0/28', 'allocation_pools': [{'start': '192.168.128.2', 'end': '192.168.128.14'}], 'host_routes': [], 'dns_nameservers': [], 'description': '', 'router:external': False, 'service_types': [], 'tags': [], 'created_at': '2025-11-12T13:29:38Z', 'updated_at': '2025-11-12T13:29:38Z', 'revision_number': 0, 'project_id': '110bc47ffbd14ebbba4d7a0b41ede441'}, Router: {'id': '703d86d9-a513-4866-b9d2-acb25193e076', 'name': 'tempest-AttachInterfacesTestJSON-709297404-router', 'tenant_id': '110bc47ffbd14ebbba4d7a0b41ede441', 'admin_state_up': True, 'status': 'ACTIVE', 'external_gateway_info': {'network_id': '58e481a0-2d28-4288-a763-7675b5382b80', 'external_fixed_ips': [{'subnet_id': '99146c59-d9c4-428f-9ddb-266533d084e2', 'ip_address': '10.180.180.154'}], 'enable_snat': True}, 'description': '', 'availability_zones': [], 'distributed': False, 'ha': False, 'availability_zone_hints': [], 'routes': [], 'flavor_id': None, 'tags': [], 'created_at': '2025-11-12T13:29:38Z', 'updated_at': '2025-11-12T13:29:39Z', 'revision_number': 2, 'project_id': '110bc47ffbd14ebbba4d7a0b41ede441'}
2025-11-12 13:29:40.777 67725 INFO tempest.lib.common.rest_client [req-3a18ca56-1b28-460a-aa6d-7b02939d1575 req-3a18ca56-1b28-460a-aa6d-7b02939d1575 ] Request (ServerRescueNegativeTestJSON:setUpClass): 200 GET http://10.180.1.21/compute/v2.1/servers/87fa1bae-8ad0-435d-8618-7f55659a54ed 2.961s
2025-11-12 13:29:40.792 67725 INFO tempest.common.waiters [-] State transition "BUILD/block_device_mapping" ==> "BUILD/spawning" after 23 second wait
2025-11-12 13:29:40.829 67768 INFO tempest.lib.common.rest_client [req-84fc0bbc-67f9-4bd5-a42d-68b87213cef5 req-84fc0bbc-67f9-4bd5-a42d-68b87213cef5 ] Request (AttachInterfacesTestJSON:setUpClass): 201 POST http://10.180.1.21/identity/v3/auth/tokens 0.088s
2025-11-12 13:29:40.908 67727 INFO tempest.lib.common.rest_client [req-e7c3c0f9-6083-470b-bb9d-f0cfd8fc6bb3 req-e7c3c0f9-6083-470b-bb9d-f0cfd8fc6bb3 ] Request (DeleteServersAdminTestJSON:test_delete_server_while_in_error_state): 200 GET http://10.180.1.21/compute/v2.1/servers/a4afbc73-cd73-43f7-9cd6-171d26b62f73 3.006s
2025-11-12 13:29:40.984 67715 INFO tempest.lib.common.rest_client [req-2a5af863-11ab-4b23-9c27-d4bf24ab0fcb req-2a5af863-11ab-4b23-9c27-d4bf24ab0fcb ] Request (ServerMetadataTestJSON:setUp): 200 PUT http://10.180.1.21/compute/v2.1/servers/945ddb57-4462-42d6-80e3-5a1ed1f25eac/metadata 2.788s
2025-11-12 13:29:41.092 67778 INFO tempest.lib.common.rest_client [req-c3c6767a-96cf-49ec-ad1b-642bc35d84ae req-c3c6767a-96cf-49ec-ad1b-642bc35d84ae ] Request (ServerAddressesNegativeTestJSON:setUpClass): 201 POST http://10.180.1.21/networking/v2.0/subnets 0.665s
2025-11-12 13:29:42.038 67737 INFO tempest.lib.common.rest_client [req-6dc388be-e5b1-4f9e-8489-8beb72e5d74d req-6dc388be-e5b1-4f9e-8489-8beb72e5d74d ] Request (ImagesOneServerTestJSON:test_create_image_specify_multibyte_character_image_name): 200 GET http://10.180.1.21/compute/v2.1/servers/374a9200-57bc-461d-8f2d-ff4c554d66bf 4.082s
2025-11-12 13:29:42.066 67751 INFO tempest.lib.common.rest_client [req-6718f8dd-b76f-4b62-af75-2784b4773a8d req-6718f8dd-b76f-4b62-af75-2784b4773a8d ] Request (MigrationsAdminTest:test_list_migrations_in_flavor_resize_situation): 200 GET http://10.180.1.21/compute/v2.1/servers/b4650cd3-7430-46e0-a0ed-56500eda66c5 3.867s
2025-11-12 13:29:42.126 67735 INFO tempest.lib.common.rest_client [req-a19d71e1-d715-4c9a-b4e5-3a6bcf052972 req-a19d71e1-d715-4c9a-b4e5-3a6bcf052972 ] Request (ServersListShow298Test:test_list_show_update_rebuild_server_298): 200 GET http://10.180.1.21/compute/v2.1/servers/438843f1-a351-489f-8fdf-6508ff4ef0f8 3.799s
2025-11-12 13:29:42.132 67741 INFO tempest.lib.common.rest_client [req-a8e721fc-e17d-457e-b3a8-ca5e638ffbdc req-a8e721fc-e17d-457e-b3a8-ca5e638ffbdc ] Request (MultipleCreateNegativeTestJSON:test_max_count_less_than_one): 400 POST http://10.180.1.21/compute/v2.1/servers 3.695s
2025-11-12 13:29:42.141 67750 INFO tempest.lib.common.rest_client [req-cb6287f9-fc85-4c06-97cf-0450df2db7be req-cb6287f9-fc85-4c06-97cf-0450df2db7be ] Request (InstanceActionsNegativeTestJSON:setUpClass): 200 GET http://10.180.1.21/compute/v2.1/servers/e9e1b705-cebe-400d-b971-34fe5b5d5271 3.735s
2025-11-12 13:29:42.142 67735 INFO tempest.common.waiters [-] State transition "BUILD/None" ==> "BUILD/block_device_mapping" after 22 second wait
2025-11-12 13:29:42.190 67760 INFO tempest.lib.common.rest_client [req-f08d85c0-97a0-48cf-9d2f-00722ae6f90f req-f08d85c0-97a0-48cf-9d2f-00722ae6f90f ] Request (ListImageFiltersTestJSON:setUpClass): 200 GET http://10.180.1.21/compute/v2.1/images/59124dd8-984c-4e4e-bd2f-af44a4e47f41 3.663s
2025-11-12 13:29:42.190 67764 INFO tempest.lib.common.rest_client [req-c08eafbf-b577-41ea-9994-58f4c9cdad85 req-c08eafbf-b577-41ea-9994-58f4c9cdad85 ] Request (ServersAdminTestJSON:test_inject_network_info): 200 GET http://10.180.1.21/compute/v2.1/servers/dfc0c8a1-906d-40b3-b878-278873ddae6e 3.699s
2025-11-12 13:29:42.276 67741 INFO tempest.lib.common.rest_client [req-30474d4b-63ab-4f9b-98ac-a471d82ce6f0 req-30474d4b-63ab-4f9b-98ac-a471d82ce6f0 ] Request (MultipleCreateNegativeTestJSON:test_max_count_non_integer): 201 POST http://10.180.1.21/identity/v3/auth/tokens 0.139s
2025-11-12 13:29:42.276 67741 INFO tempest.lib.common.fixed_network [-] (MultipleCreateNegativeTestJSON:test_max_count_non_integer) Found network None available for tenant
2025-11-12 13:29:42.287 67777 INFO tempest.lib.common.rest_client [req-f3022656-d020-40a5-83a9-dd71b7e9b32d req-f3022656-d020-40a5-83a9-dd71b7e9b32d ] Request (ServerDiskConfigTestJSON:test_rebuild_server_with_manual_disk_config): 200 PUT http://10.180.1.21/compute/v2.1/servers/22c098f5-d860-4210-967a-ffde23c4e29f 3.715s
2025-11-12 13:29:42.326 67729 INFO tempest.lib.common.rest_client [req-e5099678-3fff-4b1b-9d57-d76d2709579f req-e5099678-3fff-4b1b-9d57-d76d2709579f ] Request (VolumesAdminNegativeTest:tearDownClass): 200 GET http://10.180.1.21/compute/v2.1/servers/0c86c9cb-cb05-492a-8212-d0c850cd1219 3.424s
2025-11-12 13:29:42.358 67739 INFO tempest.lib.common.rest_client [req-027a487c-3fa6-45e7-b2f4-a2580f0801ce req-027a487c-3fa6-45e7-b2f4-a2580f0801ce ] Request (ServerShowV247Test:test_update_rebuild_list_server): 200 GET http://10.180.1.21/compute/v2.1/servers/9d301d76-6e9d-406f-8eac-0dd910260c73 3.343s
2025-11-12 13:29:42.418 67743 INFO tempest.lib.common.rest_client [req-f5d533b6-ed36-4cdb-b05a-652a2ceb801b req-f5d533b6-ed36-4cdb-b05a-652a2ceb801b ] Request (ServersAdmin275Test:tearDownClass): 200 GET http://10.180.1.21/compute/v2.1/servers/f087dae1-79be-405c-b3a7-3e31ea16b27f 3.392s
2025-11-12 13:29:42.430 67778 INFO tempest.lib.common.rest_client [req-bec47243-e101-4262-8130-78fc4cb4ee9d req-bec47243-e101-4262-8130-78fc4cb4ee9d ] Request (ServerAddressesNegativeTestJSON:setUpClass): 201 POST http://10.180.1.21/networking/v2.0/routers 1.338s
2025-11-12 13:29:42.456 67731 INFO tempest.lib.common.rest_client [req-7d2dc171-a0c4-4bcb-8a8b-086cd1d06de5 req-7d2dc171-a0c4-4bcb-8a8b-086cd1d06de5 ] Request (FlavorsAdminTestJSON:test_is_public_string_variations): 200 GET http://10.180.1.21/compute/v2.1/flavors/detail?is_public=1 3.407s
2025-11-12 13:29:42.562 67774 INFO tempest.lib.common.rest_client [req-3041f69f-cedb-40fa-9d27-a59d60110a50 req-3041f69f-cedb-40fa-9d27-a59d60110a50 ] Request (ImagesTestJSON:test_create_image_from_suspended_server): 200 GET http://10.180.1.21/compute/v2.1/servers/4939bce7-786e-4332-bbb0-2c0f3ce70b62 3.472s
2025-11-12 13:29:42.734 67756 INFO tempest.lib.common.rest_client [req-b25072e2-d5c1-4757-8ddb-ead266d32a5d req-b25072e2-d5c1-4757-8ddb-ead266d32a5d ] Request (ServerExternalEventsTest:test_create_server_external_events): 200 GET http://10.180.1.21/compute/v2.1/servers/b7fbb572-9690-46fd-a4ac-d73def7be6ee 3.569s
2025-11-12 13:29:42.742 67756 INFO tempest.common.waiters [-] State transition "BUILD/networking" ==> "BUILD/spawning" after 24 second wait
2025-11-12 13:29:42.822 67719 INFO tempest.lib.common.rest_client [req-aeed9131-4eb5-4a2b-acca-4abd1f5d6e5d req-aeed9131-4eb5-4a2b-acca-4abd1f5d6e5d ] Request (ServerGroupTestJSON:test_create_server_with_scheduler_hint_group): 200 GET http://10.180.1.21/compute/v2.1/servers/1cca2462-6320-4fb0-a3fa-172d2412d5c8 3.297s
2025-11-12 13:29:42.884 67723 INFO tempest.lib.common.rest_client [req-0713cb7b-da26-49d5-bf92-3b370095b3c4 req-0713cb7b-da26-49d5-bf92-3b370095b3c4 ] Request (SecurityGroupsTestJSON:test_list_security_groups_by_server): 202 POST http://10.180.1.21/compute/v2.1/servers 3.839s
2025-11-12 13:29:42.896 67745 INFO tempest.lib.common.rest_client [req-0d0c1ce9-631a-4c4e-b578-d05597daefd8 req-0d0c1ce9-631a-4c4e-b578-d05597daefd8 ] Request (ServersTestJSON:setUpClass): 200 GET http://10.180.1.21/compute/v2.1/servers/eda40014-d39c-406e-a52c-d84b532fe82f 3.047s
2025-11-12 13:29:42.909 67745 INFO tempest.common.waiters [-] State transition "BUILD/scheduling" ==> "BUILD/None" after 4 second wait
2025-11-12 13:29:42.983 67733 WARNING tempest.lib.common.ssh [-] Failed to establish authenticated ssh connection to cirros@10.180.180.226 ([Errno None] Unable to connect to port 22 on 10.180.180.226). Number attempts: 8. Retry after 9 seconds.: paramiko.ssh_exception.NoValidConnectionsError: [Errno None] Unable to connect to port 22 on 10.180.180.226
2025-11-12 13:29:42.987 67772 INFO tempest.lib.common.rest_client [req-48d6d8fc-cafe-4782-934f-ed7081d947fd req-48d6d8fc-cafe-4782-934f-ed7081d947fd ] Request (ServersAaction247Test:tearDownClass): 200 GET http://10.180.1.21/compute/v2.1/servers/f00dcdb0-e93b-42d1-bdc9-fd5d0cd1d54b 2.348s
2025-11-12 13:29:43.092 67766 WARNING tempest.lib.common.ssh [-] Failed to establish authenticated ssh connection to cirros@10.180.180.135 ([Errno None] Unable to connect to port 22 on 10.180.180.135). Number attempts: 6. Retry after 7 seconds.: paramiko.ssh_exception.NoValidConnectionsError: [Errno None] Unable to connect to port 22 on 10.180.180.135
2025-11-12 13:29:43.144 67768 INFO tempest.lib.common.rest_client [req-a4b5caa0-a86c-45ee-a077-8832ac43f13e req-a4b5caa0-a86c-45ee-a077-8832ac43f13e ] Request (ValidationResourcesFixture:setUp): 200 POST http://10.180.1.21/compute/v2.1/os-keypairs 2.310s
2025-11-12 13:29:43.210 67747 INFO paramiko.transport [-] Connected (version 2.0, client dropbear_2020.81)
2025-11-12 13:29:43.278 67747 INFO paramiko.transport [-] Authentication (publickey) successful!
2025-11-12 13:29:43.279 67747 INFO tempest.lib.common.ssh [-] ssh connection to cirros@10.180.180.155 successfully created
2025-11-12 13:29:43.282 67715 INFO tempest.lib.common.rest_client [req-9343e6ed-00b1-40ab-a349-3b3f3afd0ff9 req-9343e6ed-00b1-40ab-a349-3b3f3afd0ff9 ] Request (ServerMetadataTestJSON:test_set_server_metadata): 200 PUT http://10.180.1.21/compute/v2.1/servers/945ddb57-4462-42d6-80e3-5a1ed1f25eac/metadata 2.297s
2025-11-12 13:29:43.382 67768 INFO tempest.lib.common.rest_client [req-3c504ec7-2202-44a6-96f6-e361256c7c3a req-3c504ec7-2202-44a6-96f6-e361256c7c3a ] Request (ValidationResourcesFixture:setUp): 201 POST http://10.180.1.21/networking/v2.0/security-groups 0.236s
2025-11-12 13:29:43.618 67778 INFO tempest.lib.common.rest_client [req-a8390e3b-47b8-4934-965f-d11fa489ffcc req-a8390e3b-47b8-4934-965f-d11fa489ffcc ] Request (ServerAddressesNegativeTestJSON:setUpClass): 200 PUT http://10.180.1.21/networking/v2.0/routers/5c3a9ee0-8a84-44e9-99f3-c03e0712e22d/add_router_interface 1.187s
