2025-11-12 13:30:48.709 67760 INFO tempest.lib.common.rest_client [req-877f6623-77d8-411d-91b6-03e74c45680f req-877f6623-77d8-411d-91b6-03e74c45680f ] Request (ListImageFiltersTestJSON:tearDownClass): 200 GET http://10.180.1.21/compute/v2.1/servers/fad92957-eb18-4d01-a70b-ed1c10033106 3.702s
2025-11-12 13:30:48.718 67760 INFO tempest.common.waiters [-] State transition "ACTIVE/deleting" ==> "DELETED/None" after 4 second wait
2025-11-12 13:30:48.720 67766 INFO tempest.lib.common.rest_client [req-f5c5f189-7aa4-4e51-ba66-91726a25270a req-f5c5f189-7aa4-4e51-ba66-91726a25270a ] Request (ServerActionsTestOtherA:test_rebuild_server_in_stop_state): 200 GET http://10.180.1.21/compute/v2.1/servers/e295a63e-1e40-41be-8e84-885c61dc324f 3.574s
2025-11-12 13:30:48.772 67745 WARNING tempest.lib.common.ssh [-] Failed to establish authenticated ssh connection to cirros@10.180.180.197 ([Errno None] Unable to connect to port 22 on 10.180.180.197). Number attempts: 2. Retry after 3 seconds.: paramiko.ssh_exception.NoValidConnectionsError: [Errno None] Unable to connect to port 22 on 10.180.180.197
2025-11-12 13:30:48.783 67729 INFO tempest.lib.common.rest_client [req-8f233bc8-c8ed-4cd8-ae8c-169e3dc963d7 req-8f233bc8-c8ed-4cd8-ae8c-169e3dc963d7 ] Request (FloatingIPsAssociationTestJSON:setUpClass): 200 GET http://10.180.1.21/compute/v2.1/servers/46992d8c-6111-4870-a593-d6d9ea932244 2.963s
2025-11-12 13:30:48.805 67725 INFO tempest.lib.common.rest_client [req-8eae9a45-5d98-466d-a987-cc5872effaed req-8eae9a45-5d98-466d-a987-cc5872effaed ] Request (ServerRescueNegativeTestJSON:test_rescued_vm_detach_volume): 200 GET http://10.180.1.21/compute/v2.1/servers/73bdfbcd-21b6-4c6f-98c0-b64b532cb8a2 2.412s
2025-11-12 13:30:48.815 67725 INFO tempest.common.waiters [-] State transition "BUILD/scheduling" ==> "BUILD/None" after 18 second wait
2025-11-12 13:30:48.948 67747 INFO tempest.lib.common.rest_client [req-fd51523f-ed39-49f4-89a8-5ffc1267a937 req-fd51523f-ed39-49f4-89a8-5ffc1267a937 ] Request (ServerActionsTestOtherB:test_create_backup): 200 GET http://10.180.1.21/compute/v2.1/servers/373d094b-7f70-4a27-bbad-580dd58f92b4 2.039s
2025-11-12 13:30:48.956 67739 INFO tempest.lib.common.rest_client [req-e910baa1-3b17-4ace-ac2b-1fe0be1b45db req-e910baa1-3b17-4ace-ac2b-1fe0be1b45db ] Request (ServerShowV247Test:test_update_rebuild_list_server): 200 GET http://10.180.1.21/compute/v2.1/servers/detail 2.196s
2025-11-12 13:30:48.959 67747 INFO tempest.common.waiters [-] State transition "ACTIVE/image_uploading" ==> "ACTIVE/None" after 19 second wait
2025-11-12 13:30:48.979 67747 INFO tempest.lib.common.rest_client [req-671a56c3-09cb-4097-9a69-8fe4b1bbf1f5 req-671a56c3-09cb-4097-9a69-8fe4b1bbf1f5 ] Request (ServerActionsTestOtherB:test_create_backup): 404 GET http://10.180.1.21/image/v2/images/99fcd258-385d-498a-a480-5cee93191f3a 0.019s
2025-11-12 13:30:49.019 67747 INFO tempest.lib.common.rest_client [req-164e1144-4ad6-4a91-b1d6-604ccffb3321 req-164e1144-4ad6-4a91-b1d6-604ccffb3321 ] Request (ServerActionsTestOtherB:test_create_backup): 200 GET http://10.180.1.21/image/v2/images?status=active&sort_key=created_at&sort_dir=asc&image_type=backup&backup_type=daily&instance_uuid=373d094b-7f70-4a27-bbad-580dd58f92b4 0.039s
2025-11-12 13:30:49.022 67743 INFO tempest.lib.common.rest_client [req-40e8c9e4-6144-4ea1-912c-045d86f1a20c req-40e8c9e4-6144-4ea1-912c-045d86f1a20c ] Request (InstanceActionsTestJSON:setUpClass): 200 GET http://10.180.1.21/compute/v2.1/servers/8eaad484-451e-4098-be79-63346e9bc601 2.092s
2025-11-12 13:30:49.044 67777 INFO tempest.lib.common.rest_client [req-81af8e7d-7d47-458a-9add-d851b852e732 req-81af8e7d-7d47-458a-9add-d851b852e732 ] Request (ServerDiskConfigTestJSON:test_resize_server_from_auto_to_manual): 200 GET http://10.180.1.21/compute/v2.1/servers/4591053e-a5a0-4ee6-992f-14ff976a4dcf 1.749s
2025-11-12 13:30:49.069 67778 INFO tempest.lib.common.rest_client [req-2e28a2ba-b64d-4c8e-8e89-6f2c826d019b req-2e28a2ba-b64d-4c8e-8e89-6f2c826d019b ] Request (ServerAddressesNegativeTestJSON:test_list_server_addresses_by_network_neg): 404 GET http://10.180.1.21/compute/v2.1/servers/62b43bc3-f6f3-4080-aeb7-ee7c996527ee/ips/invalid 1.519s
2025-11-12 13:30:49.113 67772 INFO tempest.lib.common.rest_client [req-8a4f3909-b229-4b25-b8be-3258f0a45f88 req-8a4f3909-b229-4b25-b8be-3258f0a45f88 ] Request (ServerShowV254Test:test_rebuild_server): 200 GET http://10.180.1.21/compute/v2.1/servers/71980c2c-069a-47e4-ba0e-c2b27e74cf17 1.784s
2025-11-12 13:30:49.123 67772 INFO tempest.common.waiters [-] State transition "BUILD/networking" ==> "BUILD/spawning" after 59 second wait
2025-11-12 13:30:49.137 67756 INFO tempest.lib.common.rest_client [req-d4ce0f79-c8dd-4eb6-9434-36b7c8bec0ce req-d4ce0f79-c8dd-4eb6-9434-36b7c8bec0ce ] Request (FlavorsV2TestJSON:test_list_flavors): 200 GET http://10.180.1.21/compute/v2.1/flavors 1.469s
2025-11-12 13:30:49.228 67717 INFO tempest.lib.common.rest_client [req-e9779682-6c81-46d2-8f24-c2327e941e06 req-e9779682-6c81-46d2-8f24-c2327e941e06 ] Request (ServerGroup264TestJSON:test_create_get_server_group): 200 POST http://10.180.1.21/compute/v2.1/os-server-groups 1.519s
2025-11-12 13:30:49.255 67721 INFO tempest.lib.common.rest_client [req-cf6369b4-10de-4d22-a3af-542f7127e675 req-cf6369b4-10de-4d22-a3af-542f7127e675 ] Request (AttachInterfacesUnderV243Test:test_add_remove_fixed_ip): 200 PUT http://10.180.1.21/networking/v2.0/floatingips/f95c6008-3b8e-4b43-8588-b8059be25fae 0.603s
2025-11-12 13:30:49.296 67774 INFO tempest.lib.common.rest_client [req-b84def90-e4b3-4458-8a6f-d4e24c02f193 req-b84def90-e4b3-4458-8a6f-d4e24c02f193 ] Request (ImagesTestJSON:test_create_server_from_snapshot): 200 GET http://10.180.1.21/compute/v2.1/servers/99fd2ced-7f36-4ab8-9c5e-0c370ea4db49 1.554s
2025-11-12 13:30:49.366 67715 INFO tempest.lib.common.rest_client [req-8c7b5284-f295-49ed-a384-6cd2f2b86cc2 req-8c7b5284-f295-49ed-a384-6cd2f2b86cc2 ] Request (ServerMetadataNegativeTestJSON:setUpClass): 200 GET http://10.180.1.21/compute/v2.1/servers/8e52b951-d663-4168-807f-fa925162084c 1.247s
2025-11-12 13:30:49.501 67735 INFO tempest.lib.common.rest_client [req-50f9afea-8c38-4326-8dd5-8119190cd084 req-50f9afea-8c38-4326-8dd5-8119190cd084 ] Request (ServersTestJSON:test_create_server_specify_multibyte_character_name): 202 POST http://10.180.1.21/compute/v2.1/servers 1.892s
2025-11-12 13:30:49.608 67733 INFO tempest.lib.common.rest_client [req-0da7f298-6e16-42be-9306-1853747dd080 req-0da7f298-6e16-42be-9306-1853747dd080 ] Request (VolumesAssistedSnapshotsTest:tearDownClass): 200 GET http://10.180.1.21/compute/v2.1/servers/b6222fa1-73ef-4df6-be75-a1daad920035 1.389s
2025-11-12 13:30:49.629 67719 INFO tempest.lib.common.rest_client [req-177f7d05-caa4-43c9-a648-4731775a8467 req-177f7d05-caa4-43c9-a648-4731775a8467 ] Request (ServerGroupTestJSON:_run_cleanups): 404 GET http://10.180.1.21/compute/v2.1/servers/1cca2462-6320-4fb0-a3fa-172d2412d5c8 1.390s
2025-11-12 13:30:49.766 67737 INFO tempest.lib.common.rest_client [req-d82d1a1d-699a-4b95-a4ef-054e4f13184d req-d82d1a1d-699a-4b95-a4ef-054e4f13184d ] Request (SecurityGroupRulesTestJSON:test_security_group_rules_create_with_optional_cidr): 200 POST http://10.180.1.21/compute/v2.1/os-security-group-rules 1.486s
2025-11-12 13:30:49.825 67723 INFO tempest.lib.common.rest_client [req-2a8bf0d2-24ff-4157-ad83-3d7226deede1 req-2a8bf0d2-24ff-4157-ad83-3d7226deede1 ] Request (SecurityGroupsTestJSON:test_list_security_groups_by_server): 202 POST http://10.180.1.21/compute/v2.1/servers/f4af42ea-80a3-463a-a4aa-71e252c76cae/action 1.662s
2025-11-12 13:30:49.867 67731 INFO tempest.lib.common.rest_client [req-7d2b366b-2552-4c9d-bc37-315268c8beb9 req-7d2b366b-2552-4c9d-bc37-315268c8beb9 ] Request (ServersAdminNegativeTestJSON:setUpClass): 200 GET http://10.180.1.21/compute/v2.1/servers/070ed664-fe2a-48a1-9449-b98387952fea 1.435s
2025-11-12 13:30:49.870 67727 INFO tempest.lib.common.rest_client [req-f22414da-a975-4fce-ac1c-6f22f5e04f2f req-f22414da-a975-4fce-ac1c-6f22f5e04f2f ] Request (SecurityGroupRulesNegativeTestJSON:test_create_security_group_rule_with_invalid_from_port): 400 POST http://10.180.1.21/compute/v2.1/os-security-group-rules 1.436s
2025-11-12 13:30:49.926 67762 INFO tempest.lib.common.rest_client [req-8fdfa73d-b35e-4f83-92ac-ffbcd0a4f9d6 req-8fdfa73d-b35e-4f83-92ac-ffbcd0a4f9d6 ] Request (ServersWithSpecificFlavorTestJSON:test_verify_created_server_ephemeral_disk): 200 GET http://10.180.1.21/compute/v2.1/servers/462abbd2-82c8-4aa5-8260-78f7dc8a470b 1.270s
2025-11-12 13:30:49.998 67764 INFO tempest.lib.common.rest_client [req-cc068367-5130-401e-b584-01609bd4cb85 req-cc068367-5130-401e-b584-01609bd4cb85 ] Request (ServersAdminTestJSON:test_list_servers_filter_by_exist_host): 200 GET http://10.180.1.21/compute/v2.1/servers/31e27aa6-8b41-4901-92f1-a347e13df0bd 1.408s
2025-11-12 13:30:50.019 67739 INFO tempest.lib.common.rest_client [req-d571283c-18f8-48b8-b432-0845391d6493 req-d571283c-18f8-48b8-b432-0845391d6493 ] Request (ServerShowV247Test:tearDownClass): 204 DELETE http://10.180.1.21/compute/v2.1/servers/9d301d76-6e9d-406f-8eac-0dd910260c73 1.047s
2025-11-12 13:30:50.024 67778 INFO tempest.lib.common.rest_client [req-b7a0f86b-fef5-4054-b157-d66faba3aa44 req-b7a0f86b-fef5-4054-b157-d66faba3aa44 ] Request (ServerAddressesNegativeTestJSON:test_list_server_addresses_invalid_server_id): 404 GET http://10.180.1.21/compute/v2.1/servers/999/ips 0.954s
2025-11-12 13:30:50.040 67756 INFO tempest.lib.common.rest_client [req-11c1bdec-1d80-44de-a72f-abff7259aca6 req-11c1bdec-1d80-44de-a72f-abff7259aca6 ] Request (FlavorsV2TestJSON:test_list_flavors): 200 GET http://10.180.1.21/compute/v2.1/flavors/42 0.899s
2025-11-12 13:30:50.054 67717 INFO tempest.lib.common.rest_client [req-c9a91991-7d43-4a8d-99d1-4adad417c43b req-c9a91991-7d43-4a8d-99d1-4adad417c43b ] Request (ServerGroup264TestJSON:test_create_get_server_group): 200 GET http://10.180.1.21/compute/v2.1/os-server-groups 0.824s
2025-11-12 13:30:50.203 67721 INFO tempest.lib.common.rest_client [req-72879e20-572f-4c80-8ead-f10c3a8d0e6b req-72879e20-572f-4c80-8ead-f10c3a8d0e6b ] Request (AttachInterfacesUnderV243Test:test_add_remove_fixed_ip): 200 GET http://10.180.1.21/compute/v2.1/servers/a490a81a-0cfc-4574-8d45-f63d036eb0af 0.947s
2025-11-12 13:30:50.204 67747 INFO tempest.lib.common.rest_client [req-c1fbd8d4-880e-4a9a-a420-c2336487041c req-c1fbd8d4-880e-4a9a-a420-c2336487041c ] Request (ServerActionsTestOtherB:tearDown): 200 GET http://10.180.1.21/compute/v2.1/servers/373d094b-7f70-4a27-bbad-580dd58f92b4 1.185s
2025-11-12 13:30:50.216 67721 INFO tempest.lib.common.ssh [-] Creating ssh connection to '10.180.180.221:22' as 'cirros' with public key authentication
2025-11-12 13:30:50.277 67735 INFO tempest.lib.common.rest_client [req-6b4cc82b-6e2e-4496-a4b5-5e950d794679 req-6b4cc82b-6e2e-4496-a4b5-5e950d794679 ] Request (ServersTestJSON:test_create_server_specify_multibyte_character_name): 200 GET http://10.180.1.21/compute/v2.1/servers/19df5b9a-7ebb-4223-92fe-2b4380a3b8ea 0.774s
2025-11-12 13:30:50.344 67768 INFO tempest.lib.common.rest_client [req-1a3670e1-7333-4132-8713-eb5eb8b1952d req-1a3670e1-7333-4132-8713-eb5eb8b1952d ] Request (AttachInterfacesTestJSON:test_create_list_show_delete_interfaces_by_fixed_ip): 200 GET http://10.180.1.21/compute/v2.1/servers/f5d16fce-207b-43e5-8aa8-c5f750dd5549 0.934s
2025-11-12 13:30:50.368 67750 INFO tempest.lib.common.rest_client [req-bd801bb8-99ff-40f4-8997-2d1180cdc441 req-bd801bb8-99ff-40f4-8997-2d1180cdc441 ] Request (InstanceActionsNegativeTestJSON:tearDownClass): 200 GET http://10.180.1.21/compute/v2.1/servers/e9e1b705-cebe-400d-b971-34fe5b5d5271 0.854s
2025-11-12 13:30:50.375 67747 INFO tempest.lib.common.rest_client [req-cf3593af-b38c-4f85-975f-119608d93151 req-cf3593af-b38c-4f85-975f-119608d93151 ] Request (ServerActionsTestOtherB:_run_cleanups): 204 DELETE http://10.180.1.21/image/v2/images/f874f071-2a41-4288-8b17-ce3c75c92505 0.155s
2025-11-12 13:30:50.396 67719 INFO tempest.lib.common.rest_client [req-9d72f321-bd6e-47d5-a356-308c5b03ad64 req-9d72f321-bd6e-47d5-a356-308c5b03ad64 ] Request (ServerGroupTestJSON:test_list_server_groups): 200 GET http://10.180.1.21/compute/v2.1/os-server-groups 0.765s
2025-11-12 13:30:50.476 67747 INFO tempest.lib.common.rest_client [req-79cfaa9f-87e7-48e5-b131-a08adfe18267 req-79cfaa9f-87e7-48e5-b131-a08adfe18267 ] Request (ServerActionsTestOtherB:_run_cleanups): 204 DELETE http://10.180.1.21/image/v2/images/c2345885-ed7a-40e8-8f76-5aa69585154c 0.100s
2025-11-12 13:30:50.505 67760 INFO tempest.lib.common.rest_client [req-d14c31be-e5df-4245-9e1a-c4813f8b59ae req-d14c31be-e5df-4245-9e1a-c4813f8b59ae ] Request (ListImageFiltersTestJSON:tearDownClass): 200 GET http://10.180.1.21/compute/v2.1/servers/fad92957-eb18-4d01-a70b-ed1c10033106 0.785s
2025-11-12 13:30:50.533 67751 INFO tempest.lib.common.rest_client [req-188dca36-8c20-4547-b3ac-0a09c620bed8 req-188dca36-8c20-4547-b3ac-0a09c620bed8 ] Request (MigrationsAdminTest:test_resize_server_revert_deleted_flavor): 200 GET http://10.180.1.21/compute/v2.1/servers/6ae35292-f392-4e21-af85-90828a50e622 0.895s
2025-11-12 13:30:50.566 67766 INFO tempest.lib.common.rest_client [req-0daa188c-c1c0-4a9d-8b06-eda8248efcf2 req-0daa188c-c1c0-4a9d-8b06-eda8248efcf2 ] Request (ServerActionsTestOtherA:test_rebuild_server_in_stop_state): 200 GET http://10.180.1.21/compute/v2.1/servers/e295a63e-1e40-41be-8e84-885c61dc324f 0.835s
2025-11-12 13:30:50.626 67729 INFO tempest.lib.common.rest_client [req-b2dc8fb5-762f-4304-ae6e-ad6459cab0b1 req-b2dc8fb5-762f-4304-ae6e-ad6459cab0b1 ] Request (FloatingIPsAssociationTestJSON:setUpClass): 200 GET http://10.180.1.21/compute/v2.1/servers/46992d8c-6111-4870-a593-d6d9ea932244 0.831s
2025-11-12 13:30:50.680 67725 INFO tempest.lib.common.rest_client [req-8718eded-c216-4782-922a-8f84ee49646b req-8718eded-c216-4782-922a-8f84ee49646b ] Request (ServerRescueNegativeTestJSON:test_rescued_vm_detach_volume): 200 GET http://10.180.1.21/compute/v2.1/servers/73bdfbcd-21b6-4c6f-98c0-b64b532cb8a2 0.864s
2025-11-12 13:30:50.698 67737 INFO tempest.lib.common.rest_client [req-020d6344-07bf-4af1-a14f-a25d495f1128 req-020d6344-07bf-4af1-a14f-a25d495f1128 ] Request (SecurityGroupRulesTestJSON:test_security_group_rules_create_with_optional_group_id): 200 POST http://10.180.1.21/compute/v2.1/os-security-groups 0.927s
2025-11-12 13:30:50.704 67727 INFO tempest.lib.common.rest_client [req-59098277-5a90-4bd9-813e-444b5c0e29a5 req-59098277-5a90-4bd9-813e-444b5c0e29a5 ] Request (SecurityGroupRulesNegativeTestJSON:test_create_security_group_rule_with_invalid_id): 400 POST http://10.180.1.21/compute/v2.1/os-security-group-rules 0.831s
2025-11-12 13:30:50.782 67723 INFO tempest.lib.common.rest_client [req-2507b040-3bca-4d0e-b910-d1d9d074b50f req-2507b040-3bca-4d0e-b910-d1d9d074b50f ] Request (SecurityGroupsTestJSON:test_list_security_groups_by_server): 200 GET http://10.180.1.21/compute/v2.1/servers/f4af42ea-80a3-463a-a4aa-71e252c76cae/os-security-groups 0.957s
2025-11-12 13:30:50.814 67764 INFO tempest.lib.common.rest_client [req-5588819c-fa4f-46ef-85fb-721dc4b89076 req-5588819c-fa4f-46ef-85fb-721dc4b89076 ] Request (ServersAdminTestJSON:test_list_servers_filter_by_exist_host): 200 GET http://10.180.1.21/compute/v2.1/servers?host=cpu-1&all_tenants=1 0.808s
2025-11-12 13:30:50.848 67739 INFO tempest.lib.common.rest_client [req-98d18c45-076f-4b3f-96ae-a9d12e3984c6 req-98d18c45-076f-4b3f-96ae-a9d12e3984c6 ] Request (ServerShowV247Test:tearDownClass): 200 GET http://10.180.1.21/compute/v2.1/servers/9d301d76-6e9d-406f-8eac-0dd910260c73 0.829s
2025-11-12 13:30:50.891 67778 INFO tempest.lib.common.rest_client [req-823ca88f-3a9f-4ea7-bade-1dc0224b99c2 req-823ca88f-3a9f-4ea7-bade-1dc0224b99c2 ] Request (ServerAddressesNegativeTestJSON:tearDownClass): 204 DELETE http://10.180.1.21/compute/v2.1/servers/62b43bc3-f6f3-4080-aeb7-ee7c996527ee 0.865s
2025-11-12 13:30:50.900 67743 INFO tempest.lib.common.rest_client [req-805ea0ff-5b34-472b-8b13-6f0898021919 req-805ea0ff-5b34-472b-8b13-6f0898021919 ] Request (InstanceActionsTestJSON:setUpClass): 200 GET http://10.180.1.21/compute/v2.1/servers/8eaad484-451e-4098-be79-63346e9bc601 0.871s
2025-11-12 13:30:50.908 67756 INFO tempest.lib.common.rest_client [req-a8681709-70a5-4147-a4da-e38214d94569 req-a8681709-70a5-4147-a4da-e38214d94569 ] Request (FlavorsV2TestJSON:test_list_flavors_detailed_filter_by_min_disk): 200 GET http://10.180.1.21/compute/v2.1/flavors/42 0.864s
2025-11-12 13:30:50.922 67717 INFO tempest.lib.common.rest_client [req-592ab10d-46e2-4034-88e7-003a7c3066d4 req-592ab10d-46e2-4034-88e7-003a7c3066d4 ] Request (ServerGroup264TestJSON:test_create_get_server_group): 200 GET http://10.180.1.21/compute/v2.1/os-server-groups/c780b019-0de0-4931-9437-dce23b3e13df 0.866s
2025-11-12 13:30:50.953 67777 INFO tempest.lib.common.rest_client [req-57c5a795-38a0-48f4-8ebd-428152aeb017 req-57c5a795-38a0-48f4-8ebd-428152aeb017 ] Request (ServerDiskConfigTestJSON:test_resize_server_from_auto_to_manual): 200 GET http://10.180.1.21/compute/v2.1/servers/4591053e-a5a0-4ee6-992f-14ff976a4dcf 0.896s
2025-11-12 13:30:50.981 67772 INFO tempest.lib.common.rest_client [req-68428a44-0895-4446-8d51-b48f6a241396 req-68428a44-0895-4446-8d51-b48f6a241396 ] Request (ServerShowV254Test:test_rebuild_server): 200 GET http://10.180.1.21/compute/v2.1/servers/71980c2c-069a-47e4-ba0e-c2b27e74cf17 0.855s
2025-11-12 13:30:51.015 67774 INFO tempest.lib.common.rest_client [req-1db66b31-147a-42d3-aac4-667b117d7887 req-1db66b31-147a-42d3-aac4-667b117d7887 ] Request (ImagesTestJSON:test_create_server_from_snapshot): 200 GET http://10.180.1.21/compute/v2.1/servers/99fd2ced-7f36-4ab8-9c5e-0c370ea4db49 0.705s
2025-11-12 13:30:51.039 67719 INFO tempest.lib.common.rest_client [req-56db38ed-3be8-4aab-8200-d72e6916ceb7 req-56db38ed-3be8-4aab-8200-d72e6916ceb7 ] Request (ServerGroupTestJSON:test_show_server_group): 200 GET http://10.180.1.21/compute/v2.1/os-server-groups/f188ccd1-4c7d-460a-adf6-379af4fa414f 0.640s
2025-11-12 13:30:51.045 67715 INFO tempest.lib.common.rest_client [req-9c44d597-5ee1-484a-be76-ea4b3cea2f8c req-9c44d597-5ee1-484a-be76-ea4b3cea2f8c ] Request (ServerMetadataNegativeTestJSON:setUpClass): 200 GET http://10.180.1.21/compute/v2.1/servers/8e52b951-d663-4168-807f-fa925162084c 0.669s
2025-11-12 13:30:51.107 67733 INFO tempest.lib.common.rest_client [req-ead3e951-fe48-4e17-9a26-3d0cd9424205 req-ead3e951-fe48-4e17-9a26-3d0cd9424205 ] Request (VolumesAssistedSnapshotsTest:tearDownClass): 200 GET http://10.180.1.21/compute/v2.1/servers/b6222fa1-73ef-4df6-be75-a1daad920035 0.487s
2025-11-12 13:30:51.133 67747 INFO tempest.lib.common.rest_client [req-4f41dcfd-9cc9-4bcb-98ed-4d82d99c3f1c req-4f41dcfd-9cc9-4bcb-98ed-4d82d99c3f1c ] Request (ServerActionsTestOtherB:setUp): 200 GET http://10.180.1.21/compute/v2.1/servers/373d094b-7f70-4a27-bbad-580dd58f92b4 0.655s
2025-11-12 13:30:51.234 67737 INFO tempest.lib.common.rest_client [req-17321797-3d6a-4123-8bbe-2cb7a3d1721e req-17321797-3d6a-4123-8bbe-2cb7a3d1721e ] Request (SecurityGroupRulesTestJSON:test_security_group_rules_create_with_optional_group_id): 200 POST http://10.180.1.21/compute/v2.1/os-security-groups 0.531s
2025-11-12 13:30:51.304 67727 INFO tempest.lib.common.rest_client [req-45a7f52a-a0b8-4c0e-80d1-fbaca3ec1b5c req-45a7f52a-a0b8-4c0e-80d1-fbaca3ec1b5c ] Request (SecurityGroupRulesNegativeTestJSON:test_create_security_group_rule_with_invalid_ip_protocol): 200 POST http://10.180.1.21/compute/v2.1/os-security-groups 0.599s
2025-11-12 13:30:51.369 67764 INFO tempest.lib.common.rest_client [req-7aa902c2-c0ea-4d3c-aab2-0b6b8cf214df req-7aa902c2-c0ea-4d3c-aab2-0b6b8cf214df ] Request (ServersAdminTestJSON:test_list_servers_filter_by_exist_host): 200 GET http://10.180.1.21/compute/v2.1/servers?host=nonexistent_host&all_tenants=1 0.550s
2025-11-12 13:30:51.442 67723 INFO tempest.lib.common.rest_client [req-b9bde3f2-d752-4706-bfc2-14bdf727b652 req-b9bde3f2-d752-4706-bfc2-14bdf727b652 ] Request (SecurityGroupsTestJSON:test_security_group_create_get_delete): 200 POST http://10.180.1.21/compute/v2.1/os-security-groups 0.653s
2025-11-12 13:30:51.449 67731 INFO tempest.lib.common.rest_client [req-c2786470-ec50-436d-91e0-e5fe9505f66b req-c2786470-ec50-436d-91e0-e5fe9505f66b ] Request (ServersAdminNegativeTestJSON:setUpClass): 200 GET http://10.180.1.21/compute/v2.1/servers/070ed664-fe2a-48a1-9449-b98387952fea 0.573s
2025-11-12 13:30:51.478 67756 INFO tempest.lib.common.rest_client [req-7f887615-fc57-45f1-aa9d-f39591279e43 req-7f887615-fc57-45f1-aa9d-f39591279e43 ] Request (FlavorsV2TestJSON:test_list_flavors_detailed_filter_by_min_disk): 200 GET http://10.180.1.21/compute/v2.1/flavors/detail?minDisk=2 0.568s
2025-11-12 13:30:51.508 67717 INFO tempest.lib.common.rest_client [req-f5991c9c-afac-4032-b474-0aae5019c72b req-f5991c9c-afac-4032-b474-0aae5019c72b ] Request (ServerGroup264TestJSON:_run_cleanups): 204 DELETE http://10.180.1.21/compute/v2.1/os-server-groups/c780b019-0de0-4931-9437-dce23b3e13df 0.583s
2025-11-12 13:30:51.586 67762 INFO tempest.lib.common.rest_client [req-97073b8a-0e09-440d-b01a-ff37cd4e269e req-97073b8a-0e09-440d-b01a-ff37cd4e269e ] Request (ServersWithSpecificFlavorTestJSON:test_verify_created_server_ephemeral_disk): 200 GET http://10.180.1.21/compute/v2.1/servers/462abbd2-82c8-4aa5-8260-78f7dc8a470b 0.653s
2025-11-12 13:30:51.600 67778 INFO tempest.lib.common.rest_client [req-8f0e831e-ccfb-434a-a679-e913bb1d11ee req-8f0e831e-ccfb-434a-a679-e913bb1d11ee ] Request (ServerAddressesNegativeTestJSON:tearDownClass): 200 GET http://10.180.1.21/compute/v2.1/servers/62b43bc3-f6f3-4080-aeb7-ee7c996527ee 0.709s
2025-11-12 13:30:51.609 67719 INFO tempest.lib.common.rest_client [req-11f29836-ae33-4fa4-89fe-a2a0706bad12 req-11f29836-ae33-4fa4-89fe-a2a0706bad12 ] Request (ServerGroupTestJSON:tearDownClass): 404 DELETE http://10.180.1.21/compute/v2.1/servers/1cca2462-6320-4fb0-a3fa-172d2412d5c8 0.566s
2025-11-12 13:30:51.729 67747 INFO tempest.lib.common.rest_client [req-0f4db105-ac91-43e4-b7ec-eaca2e2ee91c req-0f4db105-ac91-43e4-b7ec-eaca2e2ee91c ] Request (ServerActionsTestOtherB:tearDown): 200 GET http://10.180.1.21/compute/v2.1/servers/373d094b-7f70-4a27-bbad-580dd58f92b4 0.588s
2025-11-12 13:30:51.798 67735 INFO tempest.lib.common.rest_client [req-f43714a6-4b0f-43ff-bc74-200f547b49d6 req-f43714a6-4b0f-43ff-bc74-200f547b49d6 ] Request (ServersTestJSON:test_create_server_specify_multibyte_character_name): 200 GET http://10.180.1.21/compute/v2.1/servers/19df5b9a-7ebb-4223-92fe-2b4380a3b8ea 0.513s
2025-11-12 13:30:51.838 67737 INFO tempest.lib.common.rest_client [req-13d252c2-d240-49e5-89db-624973dc816a req-13d252c2-d240-49e5-89db-624973dc816a ] Request (SecurityGroupRulesTestJSON:test_security_group_rules_create_with_optional_group_id): 200 POST http://10.180.1.21/compute/v2.1/os-security-group-rules 0.601s
2025-11-12 13:30:51.840 67737 WARNING tempest.lib.common.rest_client [-] Deprecated: "tenant_id" property is deprecated for removal, use "project_id" instead
2025-11-12 13:30:51.857 67727 INFO tempest.lib.common.rest_client [req-0a9ae839-02f8-4303-86cb-b7a13937e0a0 req-0a9ae839-02f8-4303-86cb-b7a13937e0a0 ] Request (SecurityGroupRulesNegativeTestJSON:test_create_security_group_rule_with_invalid_ip_protocol): 400 POST http://10.180.1.21/compute/v2.1/os-security-group-rules 0.549s
2025-11-12 13:30:51.918 67764 INFO tempest.lib.common.rest_client [req-1a3f7833-383d-483b-9325-525fb2f235bb req-1a3f7833-383d-483b-9325-525fb2f235bb ] Request (ServersAdminTestJSON:test_rebuild_server_in_error_state): 202 POST http://10.180.1.21/compute/v2.1/servers/31e27aa6-8b41-4901-92f1-a347e13df0bd/action 0.545s
2025-11-12 13:30:51.990 67768 INFO tempest.lib.common.rest_client [req-896a307b-1180-4951-b501-021f2dd8ecb7 req-896a307b-1180-4951-b501-021f2dd8ecb7 ] Request (AttachInterfacesTestJSON:test_create_list_show_delete_interfaces_by_fixed_ip): 200 GET http://10.180.1.21/compute/v2.1/servers/f5d16fce-207b-43e5-8aa8-c5f750dd5549 0.637s
2025-11-12 13:30:52.011 67750 INFO tempest.lib.common.rest_client [req-42ecc90d-eb69-4622-a13a-1158b4351de1 req-42ecc90d-eb69-4622-a13a-1158b4351de1 ] Request (InstanceActionsNegativeTestJSON:tearDownClass): 200 GET http://10.180.1.21/compute/v2.1/servers/e9e1b705-cebe-400d-b971-34fe5b5d5271 0.632s
2025-11-12 13:30:52.021 67723 INFO tempest.lib.common.rest_client [req-a66e887b-74d5-4323-a343-73687887cc9b req-a66e887b-74d5-4323-a343-73687887cc9b ] Request (SecurityGroupsTestJSON:test_security_group_create_get_delete): 200 GET http://10.180.1.21/compute/v2.1/os-security-groups/2b771534-b3a2-4993-93aa-859c06543a8f 0.573s
2025-11-12 13:30:52.026 67756 INFO tempest.lib.common.rest_client [req-53ccf7b0-4f36-4125-87de-574c965075af req-53ccf7b0-4f36-4125-87de-574c965075af ] Request (FlavorsV2TestJSON:test_list_flavors_detailed_filter_by_min_ram): 200 GET http://10.180.1.21/compute/v2.1/flavors/42 0.543s
2025-11-12 13:30:52.031 67717 INFO tempest.lib.common.rest_client [req-c62c856b-3456-401f-a13b-ba5e944c473f req-c62c856b-3456-401f-a13b-ba5e944c473f ] Request (ServerGroup264TestJSON:tearDownClass): 404 DELETE http://10.180.1.21/compute/v2.1/os-server-groups/c780b019-0de0-4931-9437-dce23b3e13df 0.522s
2025-11-12 13:30:52.253 67760 INFO tempest.lib.common.rest_client [req-6e7e6c9a-b896-4b1b-8ec7-6fda76746426 req-6e7e6c9a-b896-4b1b-8ec7-6fda76746426 ] Request (ListImageFiltersTestJSON:tearDownClass): 200 GET http://10.180.1.21/compute/v2.1/servers/fad92957-eb18-4d01-a70b-ed1c10033106 0.732s
2025-11-12 13:30:52.757 67717 INFO tempest.lib.common.rest_client [req-fcc8fc00-1eb4-47ec-bd84-8a73f04dc760 req-fcc8fc00-1eb4-47ec-bd84-8a73f04dc760 ] Request (ServerGroup264TestJSON:tearDownClass): 200 PUT http://10.180.1.21/networking/v2.0/routers/e4bebe95-ae81-4f3b-92de-81912564b5f3/remove_router_interface 0.725s
2025-11-12 13:30:52.810 67751 INFO tempest.lib.common.rest_client [req-047b63d0-d871-4a5a-a659-2434bc42d0d4 req-047b63d0-d871-4a5a-a659-2434bc42d0d4 ] Request (MigrationsAdminTest:test_resize_server_revert_deleted_flavor): 200 GET http://10.180.1.21/compute/v2.1/servers/6ae35292-f392-4e21-af85-90828a50e622 1.268s
2025-11-12 13:30:52.829 67766 INFO tempest.lib.common.rest_client [req-c3fe3044-c93b-4f62-b96e-9a452e955e3e req-c3fe3044-c93b-4f62-b96e-9a452e955e3e ] Request (ServerActionsTestOtherA:test_rebuild_server_in_stop_state): 200 GET http://10.180.1.21/compute/v2.1/servers/e295a63e-1e40-41be-8e84-885c61dc324f 1.255s
2025-11-12 13:30:52.837 67719 INFO tempest.lib.common.rest_client [req-49575a77-66a8-41b5-a72d-293844358bc2 req-49575a77-66a8-41b5-a72d-293844358bc2 ] Request (ServerGroupTestJSON:tearDownClass): 404 GET http://10.180.1.21/compute/v2.1/servers/1cca2462-6320-4fb0-a3fa-172d2412d5c8 1.227s
2025-11-12 13:30:53.270 67717 INFO tempest.lib.common.rest_client [req-071651ed-a388-4baf-9f73-f927d091d570 req-071651ed-a388-4baf-9f73-f927d091d570 ] Request (ServerGroup264TestJSON:tearDownClass): 204 DELETE http://10.180.1.21/networking/v2.0/routers/e4bebe95-ae81-4f3b-92de-81912564b5f3 0.512s
2025-11-12 13:30:53.298 67725 INFO tempest.lib.common.rest_client [req-4bc2a48c-37de-45b8-a468-4cd1dd28db34 req-4bc2a48c-37de-45b8-a468-4cd1dd28db34 ] Request (ServerRescueNegativeTestJSON:test_rescued_vm_detach_volume): 200 GET http://10.180.1.21/compute/v2.1/servers/73bdfbcd-21b6-4c6f-98c0-b64b532cb8a2 1.610s
2025-11-12 13:30:53.325 67721 WARNING tempest.lib.common.ssh [-] Failed to establish authenticated ssh connection to cirros@10.180.180.221 ([Errno None] Unable to connect to port 22 on 10.180.180.221). Number attempts: 1. Retry after 2 seconds.: paramiko.ssh_exception.NoValidConnectionsError: [Errno None] Unable to connect to port 22 on 10.180.180.221
2025-11-12 13:30:53.374 67729 INFO tempest.lib.common.rest_client [req-7c79b40e-0d9c-43a8-bcff-d44e168c52e8 req-7c79b40e-0d9c-43a8-bcff-d44e168c52e8 ] Request (FloatingIPsAssociationTestJSON:setUpClass): 200 GET http://10.180.1.21/compute/v2.1/servers/46992d8c-6111-4870-a593-d6d9ea932244 1.734s
2025-11-12 13:30:53.482 67717 INFO tempest.lib.common.rest_client [req-e63f2d5a-1f51-4209-b5a5-f526ad4d0f58 req-e63f2d5a-1f51-4209-b5a5-f526ad4d0f58 ] Request (ServerGroup264TestJSON:tearDownClass): 204 DELETE http://10.180.1.21/networking/v2.0/subnets/39caedb9-0a02-47a0-9a75-7822847fa1f6 0.211s
2025-11-12 13:30:53.659 67737 INFO tempest.lib.common.rest_client [req-78552596-8a2c-42d8-a7a7-7d63375179cc req-78552596-8a2c-42d8-a7a7-7d63375179cc ] Request (SecurityGroupRulesTestJSON:test_security_group_rules_delete_when_peer_group_deleted): 200 POST http://10.180.1.21/compute/v2.1/os-security-groups 1.816s
2025-11-12 13:30:53.771 67717 INFO tempest.lib.common.rest_client [req-967d3fdb-e1ae-4324-8e50-287eb1b1ca6c req-967d3fdb-e1ae-4324-8e50-287eb1b1ca6c ] Request (ServerGroup264TestJSON:tearDownClass): 204 DELETE http://10.180.1.21/networking/v2.0/networks/1ef127b8-59b1-4981-acea-312d32e54119 0.289s
2025-11-12 13:30:53.812 67747 INFO tempest.lib.common.rest_client [req-aa00815a-9e35-436b-943b-60b51d9aa1fd req-aa00815a-9e35-436b-943b-60b51d9aa1fd ] Request (ServerActionsTestOtherB:setUp): 200 GET http://10.180.1.21/compute/v2.1/servers/373d094b-7f70-4a27-bbad-580dd58f92b4 2.072s
2025-11-12 13:30:53.828 67739 INFO tempest.lib.common.rest_client [req-50f57f3c-c597-451b-b4b3-feb11d03ed49 req-50f57f3c-c597-451b-b4b3-feb11d03ed49 ] Request (ServerShowV247Test:tearDownClass): 200 GET http://10.180.1.21/compute/v2.1/servers/9d301d76-6e9d-406f-8eac-0dd910260c73 1.970s
2025-11-12 13:30:53.892 67743 INFO tempest.lib.common.rest_client [req-0c7e5e6f-7ad8-4c2f-8bbb-8d8d9c58c4a7 req-0c7e5e6f-7ad8-4c2f-8bbb-8d8d9c58c4a7 ] Request (InstanceActionsTestJSON:setUpClass): 200 GET http://10.180.1.21/compute/v2.1/servers/8eaad484-451e-4098-be79-63346e9bc601 1.982s
2025-11-12 13:30:53.924 67717 INFO tempest.lib.common.rest_client [req-e447d870-654f-4782-8399-52f85608a18b req-e447d870-654f-4782-8399-52f85608a18b ] Request (ServerGroup264TestJSON:tearDownClass): 204 DELETE http://10.180.1.21/identity/v3/users/1f7075d1f30e4b158d76bc662fdce316 0.153s
2025-11-12 13:30:53.925 67717 INFO tempest.lib.common.dynamic_creds [-] Deleting project and security group for project: 54fa4fdc2a4e477990637f88008aa9d1
2025-11-12 13:30:53.952 67727 INFO tempest.lib.common.rest_client [req-314cf2d8-4c80-4b70-bc97-844dd10de8c9 req-314cf2d8-4c80-4b70-bc97-844dd10de8c9 ] Request (SecurityGroupRulesNegativeTestJSON:test_create_security_group_rule_with_invalid_port_range): 200 POST http://10.180.1.21/compute/v2.1/os-security-groups 2.093s
2025-11-12 13:30:53.983 67717 INFO tempest.lib.common.rest_client [req-d0bbbe7a-b7d6-4de4-bbf5-30d2a33a3f3a req-d0bbbe7a-b7d6-4de4-bbf5-30d2a33a3f3a ] Request (ServerGroup264TestJSON:tearDownClass): 200 GET http://10.180.1.21/networking/v2.0/security-groups?tenant_id=54fa4fdc2a4e477990637f88008aa9d1&name=default 0.057s
2025-11-12 13:30:54.088 67764 INFO tempest.lib.common.rest_client [req-69d37c05-4bc9-4615-aeab-c80931833d25 req-69d37c05-4bc9-4615-aeab-c80931833d25 ] Request (ServersAdminTestJSON:test_rebuild_server_in_error_state): 202 POST http://10.180.1.21/compute/v2.1/servers/31e27aa6-8b41-4901-92f1-a347e13df0bd/action 2.169s
2025-11-12 13:30:54.127 67717 INFO tempest.lib.common.rest_client [req-d7170475-a061-4cad-9c13-5c6886755faa req-d7170475-a061-4cad-9c13-5c6886755faa ] Request (ServerGroup264TestJSON:tearDownClass): 204 DELETE http://10.180.1.21/networking/v2.0/security-groups/c9988f92-4e5b-4ef4-b7ab-527f020152e9 0.144s
2025-11-12 13:30:54.159 67777 INFO tempest.lib.common.rest_client [req-76941b47-a751-4417-843c-d6127a0c708d req-76941b47-a751-4417-843c-d6127a0c708d ] Request (ServerDiskConfigTestJSON:test_resize_server_from_auto_to_manual): 200 GET http://10.180.1.21/compute/v2.1/servers/4591053e-a5a0-4ee6-992f-14ff976a4dcf 2.197s
2025-11-12 13:30:54.167 67777 INFO tempest.common.waiters [-] State transition "BUILD/None" ==> "BUILD/spawning" after 55 second wait
2025-11-12 13:30:54.194 67772 INFO tempest.lib.common.rest_client [req-c937bbe9-dac0-425a-a039-a17d8e45de17 req-c937bbe9-dac0-425a-a039-a17d8e45de17 ] Request (ServerShowV254Test:test_rebuild_server): 200 GET http://10.180.1.21/compute/v2.1/servers/71980c2c-069a-47e4-ba0e-c2b27e74cf17 2.203s
2025-11-12 13:30:54.236 67717 INFO tempest.lib.common.rest_client [req-394fec37-6d09-473f-a75e-bf4279e50775 req-394fec37-6d09-473f-a75e-bf4279e50775 ] Request (ServerGroup264TestJSON:tearDownClass): 204 DELETE http://10.180.1.21/identity/v3/projects/54fa4fdc2a4e477990637f88008aa9d1 0.109s
2025-11-12 13:30:54.324 67717 INFO tempest.lib.common.rest_client [req-9b73841c-3455-4921-8d69-f92f3fd7895d req-9b73841c-3455-4921-8d69-f92f3fd7895d ] Request (AttachVolumeNegativeTest:setUpClass): 201 POST http://10.180.1.21/identity/v3/auth/tokens 0.086s
2025-11-12 13:30:54.357 67723 INFO tempest.lib.common.rest_client [req-a2cb7e25-f504-4487-af4d-e41705520d5d req-a2cb7e25-f504-4487-af4d-e41705520d5d ] Request (SecurityGroupsTestJSON:test_security_group_create_get_delete): 202 DELETE http://10.180.1.21/compute/v2.1/os-security-groups/2b771534-b3a2-4993-93aa-859c06543a8f 2.334s
2025-11-12 13:30:54.368 67717 INFO tempest.lib.common.rest_client [req-eadb3a08-4593-4df5-b182-72cca8f65f1b req-eadb3a08-4593-4df5-b182-72cca8f65f1b ] Request (AttachVolumeNegativeTest:setUpClass): 201 POST http://10.180.1.21/identity/v3/auth/tokens 0.042s
2025-11-12 13:30:54.384 67774 INFO tempest.lib.common.rest_client [req-9ee46915-10d1-42db-b510-97b83850f0cb req-9ee46915-10d1-42db-b510-97b83850f0cb ] Request (ImagesTestJSON:test_create_server_from_snapshot): 200 GET http://10.180.1.21/compute/v2.1/servers/99fd2ced-7f36-4ab8-9c5e-0c370ea4db49 2.358s
2025-11-12 13:30:54.387 67756 INFO tempest.lib.common.rest_client [req-a362b031-fc1d-461b-9549-e1cb491c1ad6 req-a362b031-fc1d-461b-9549-e1cb491c1ad6 ] Request (FlavorsV2TestJSON:test_list_flavors_detailed_filter_by_min_ram): 200 GET http://10.180.1.21/compute/v2.1/flavors/detail?minRam=193 2.358s
2025-11-12 13:30:54.417 67717 INFO tempest.lib.common.rest_client [req-36350c7c-e525-4c94-a185-f579eb1d3d0b req-36350c7c-e525-4c94-a185-f579eb1d3d0b ] Request (AttachVolumeNegativeTest:setUpClass): 200 GET http://10.180.1.21/identity/v3/domains?name=Default 0.048s
2025-11-12 13:30:54.457 67715 INFO tempest.lib.common.rest_client [req-d37c8cd5-865b-4fc6-8489-c749e16036da req-d37c8cd5-865b-4fc6-8489-c749e16036da ] Request (ServerMetadataNegativeTestJSON:setUpClass): 200 GET http://10.180.1.21/compute/v2.1/servers/8e52b951-d663-4168-807f-fa925162084c 2.404s
2025-11-12 13:30:54.465 67717 INFO tempest.lib.common.rest_client [req-0a698123-c605-4055-ab4f-fc174a7277cd req-0a698123-c605-4055-ab4f-fc174a7277cd ] Request (AttachVolumeNegativeTest:setUpClass): 201 POST http://10.180.1.21/identity/v3/projects 0.048s
2025-11-12 13:30:54.507 67733 INFO tempest.lib.common.rest_client [req-3b14f3f3-6631-4194-bb28-cd62a4878293 req-3b14f3f3-6631-4194-bb28-cd62a4878293 ] Request (VolumesAssistedSnapshotsTest:tearDownClass): 200 GET http://10.180.1.21/compute/v2.1/servers/b6222fa1-73ef-4df6-be75-a1daad920035 2.392s
2025-11-12 13:30:54.507 67731 INFO tempest.lib.common.rest_client [req-2cdc4ec7-faeb-4796-b30d-c3552368462d req-2cdc4ec7-faeb-4796-b30d-c3552368462d ] Request (ServersAdminNegativeTestJSON:setUpClass): 200 GET http://10.180.1.21/compute/v2.1/servers/070ed664-fe2a-48a1-9449-b98387952fea 2.046s
2025-11-12 13:30:54.523 67731 INFO tempest.common.waiters [-] State transition "BUILD/None" ==> "BUILD/networking" after 53 second wait
2025-11-12 13:30:54.548 67717 INFO tempest.lib.common.rest_client [req-a05ad22b-1ba2-4079-81c9-b9fa1924443c req-a05ad22b-1ba2-4079-81c9-b9fa1924443c ] Request (AttachVolumeNegativeTest:setUpClass): 201 POST http://10.180.1.21/identity/v3/users 0.082s
2025-11-12 13:30:54.568 67762 INFO tempest.lib.common.rest_client [req-4fee84b4-d740-4864-b972-6df8ace78a1e req-4fee84b4-d740-4864-b972-6df8ace78a1e ] Request (ServersWithSpecificFlavorTestJSON:test_verify_created_server_ephemeral_disk): 200 GET http://10.180.1.21/compute/v2.1/servers/462abbd2-82c8-4aa5-8260-78f7dc8a470b 1.974s
2025-11-12 13:30:54.578 67717 INFO tempest.lib.common.rest_client [req-04d81655-825a-40a1-9fa6-c1d557e41a00 req-04d81655-825a-40a1-9fa6-c1d557e41a00 ] Request (AttachVolumeNegativeTest:setUpClass): 200 GET http://10.180.1.21/identity/v3/roles 0.029s
2025-11-12 13:30:54.586 67778 INFO tempest.lib.common.rest_client [req-7ad49a61-5d5d-4590-b8b6-3460a7059a67 req-7ad49a61-5d5d-4590-b8b6-3460a7059a67 ] Request (ServerAddressesNegativeTestJSON:tearDownClass): 200 GET http://10.180.1.21/compute/v2.1/servers/62b43bc3-f6f3-4080-aeb7-ee7c996527ee 1.974s
2025-11-12 13:30:54.597 67719 INFO tempest.lib.common.rest_client [req-e6d66f10-4d0b-4b56-9b08-64cd4a70b27d req-e6d66f10-4d0b-4b56-9b08-64cd4a70b27d ] Request (ServerGroupTestJSON:tearDownClass): 404 DELETE http://10.180.1.21/compute/v2.1/os-server-groups/ea3c573a-c931-4aaf-8f6d-cd81f6c04775 1.758s
2025-11-12 13:30:54.613 67717 INFO tempest.lib.common.rest_client [req-87eddd6e-d016-40a0-841f-c167ae3f4b58 req-87eddd6e-d016-40a0-841f-c167ae3f4b58 ] Request (AttachVolumeNegativeTest:setUpClass): 204 PUT http://10.180.1.21/identity/v3/projects/40aa8ac13d5845eab156cdaab5f545bf/users/d9a7e0de10c6448dbaf060a04f195a15/roles/292c9de72d40405aa65c05695061aac0 0.034s
2025-11-12 13:30:54.614 67717 INFO tempest.lib.common.dynamic_creds [-] Dynamic test user d9a7e0de10c6448dbaf060a04f195a15 is created with scope project and roles: ['member']
2025-11-12 13:30:54.614 67717 INFO tempest.lib.common.dynamic_creds [-] Acquired dynamic creds: credentials: Credentials: {'domain_id': 'default', 'domain_name': 'Default', 'username': 'tempest-AttachVolumeNegativeTest-503832005-project-member', 'project_domain_id': 'default', 'project_domain_name': 'Default', 'project_id': '40aa8ac13d5845eab156cdaab5f545bf', 'project_name': 'tempest-AttachVolumeNegativeTest-503832005', 'tenant_id': '40aa8ac13d5845eab156cdaab5f545bf', 'tenant_name': 'tempest-AttachVolumeNegativeTest-503832005', 'user_domain_id': 'default', 'user_domain_name': 'Default', 'user_id': 'd9a7e0de10c6448dbaf060a04f195a15', 'system': None}, Network: None, Subnet: None, Router: None
2025-11-12 13:30:54.628 67735 INFO tempest.lib.common.rest_client [req-ab16cc80-976f-49c5-833f-7c0ff1502157 req-ab16cc80-976f-49c5-833f-7c0ff1502157 ] Request (ServersTestJSON:test_create_server_specify_multibyte_character_name): 200 GET http://10.180.1.21/compute/v2.1/servers/19df5b9a-7ebb-4223-92fe-2b4380a3b8ea 1.822s
2025-11-12 13:30:54.685 67717 INFO tempest.lib.common.rest_client [req-734cb58f-b6b8-4e44-91d6-34175f71c58a req-734cb58f-b6b8-4e44-91d6-34175f71c58a ] Request (AttachVolumeNegativeTest:setUpClass): 201 POST http://10.180.1.21/identity/v3/auth/tokens 0.071s
2025-11-12 13:30:54.740 67750 INFO tempest.lib.common.rest_client [req-b34071d4-1b8b-4efe-988b-d99225469c87 req-b34071d4-1b8b-4efe-988b-d99225469c87 ] Request (InstanceActionsNegativeTestJSON:tearDownClass): 200 GET http://10.180.1.21/compute/v2.1/servers/e9e1b705-cebe-400d-b971-34fe5b5d5271 1.718s
2025-11-12 13:30:55.002 67717 INFO tempest.lib.common.rest_client [req-1047212c-ef22-4797-a0f0-867053153526 req-1047212c-ef22-4797-a0f0-867053153526 ] Request (AttachVolumeNegativeTest:setUpClass): 201 POST http://10.180.1.21/networking/v2.0/networks 0.316s
2025-11-12 13:30:55.044 67768 INFO tempest.lib.common.rest_client [req-17fff896-9e3c-48ad-a65d-b2373931446c req-17fff896-9e3c-48ad-a65d-b2373931446c ] Request (AttachInterfacesTestJSON:test_create_list_show_delete_interfaces_by_fixed_ip): 200 GET http://10.180.1.21/compute/v2.1/servers/f5d16fce-207b-43e5-8aa8-c5f750dd5549 2.044s
2025-11-12 13:30:55.061 67760 INFO tempest.lib.common.rest_client [req-607937b5-91b9-4213-90a7-5b1f45252700 req-607937b5-91b9-4213-90a7-5b1f45252700 ] Request (ListImageFiltersTestJSON:tearDownClass): 200 GET http://10.180.1.21/compute/v2.1/servers/fad92957-eb18-4d01-a70b-ed1c10033106 1.799s
2025-11-12 13:30:55.146 67747 INFO tempest.lib.common.rest_client [req-a1477e67-a9f4-4bd1-8510-ca5004aff431 req-a1477e67-a9f4-4bd1-8510-ca5004aff431 ] Request (ServerActionsTestOtherB:test_resize_server_confirm_from_stopped): 202 POST http://10.180.1.21/compute/v2.1/servers/373d094b-7f70-4a27-bbad-580dd58f92b4/action 1.324s
2025-11-12 13:30:55.217 67737 INFO tempest.lib.common.rest_client [req-a88660fc-5e0d-4ad3-970a-8d709ed67613 req-a88660fc-5e0d-4ad3-970a-8d709ed67613 ] Request (SecurityGroupRulesTestJSON:test_security_group_rules_delete_when_peer_group_deleted): 200 POST http://10.180.1.21/compute/v2.1/os-security-groups 1.553s
2025-11-12 13:30:55.260 67717 INFO tempest.lib.common.rest_client [req-96b19fa1-3df1-44bd-a1af-b762ef03953b req-96b19fa1-3df1-44bd-a1af-b762ef03953b ] Request (AttachVolumeNegativeTest:setUpClass): 201 POST http://10.180.1.21/networking/v2.0/subnets 0.257s
2025-11-12 13:30:55.338 67766 INFO tempest.lib.common.rest_client [req-f1f75110-9cc6-4324-b098-ab495da049c0 req-f1f75110-9cc6-4324-b098-ab495da049c0 ] Request (ServerActionsTestOtherA:test_rebuild_server_in_stop_state): 200 GET http://10.180.1.21/compute/v2.1/servers/e295a63e-1e40-41be-8e84-885c61dc324f 1.500s
2025-11-12 13:30:55.364 67745 WARNING tempest.lib.common.ssh [-] Failed to establish authenticated ssh connection to cirros@10.180.180.197 ([Errno None] Unable to connect to port 22 on 10.180.180.197). Number attempts: 3. Retry after 4 seconds.: paramiko.ssh_exception.NoValidConnectionsError: [Errno None] Unable to connect to port 22 on 10.180.180.197
2025-11-12 13:30:56.017 67717 INFO tempest.lib.common.rest_client [req-5b74dea6-fc06-4224-80d2-ba4ffeb13a66 req-5b74dea6-fc06-4224-80d2-ba4ffeb13a66 ] Request (AttachVolumeNegativeTest:setUpClass): 201 POST http://10.180.1.21/networking/v2.0/routers 0.757s
2025-11-12 13:30:56.073 67751 INFO tempest.lib.common.rest_client [req-a55f99b3-1af9-4e37-a56e-21ce41d239c1 req-a55f99b3-1af9-4e37-a56e-21ce41d239c1 ] Request (MigrationsAdminTest:test_resize_server_revert_deleted_flavor): 200 GET http://10.180.1.21/compute/v2.1/servers/6ae35292-f392-4e21-af85-90828a50e622 2.251s
2025-11-12 13:30:56.089 67727 INFO tempest.lib.common.rest_client [req-0e245ac2-9f16-4132-8d63-92fb61633ef7 req-0e245ac2-9f16-4132-8d63-92fb61633ef7 ] Request (SecurityGroupRulesNegativeTestJSON:test_create_security_group_rule_with_invalid_port_range): 400 POST http://10.180.1.21/compute/v2.1/os-security-group-rules 2.134s
2025-11-12 13:30:56.387 67721 WARNING tempest.lib.common.ssh [-] Failed to establish authenticated ssh connection to cirros@10.180.180.221 ([Errno None] Unable to connect to port 22 on 10.180.180.221). Number attempts: 2. Retry after 3 seconds.: paramiko.ssh_exception.NoValidConnectionsError: [Errno None] Unable to connect to port 22 on 10.180.180.221
2025-11-12 13:30:56.989 67717 INFO tempest.lib.common.rest_client [req-1a3b9f75-7bc7-44f9-af5d-0143393a707b req-1a3b9f75-7bc7-44f9-af5d-0143393a707b ] Request (AttachVolumeNegativeTest:setUpClass): 200 PUT http://10.180.1.21/networking/v2.0/routers/38113281-935c-4409-8b6e-3a7607ee52e8/add_router_interface 0.971s
2025-11-12 13:30:56.989 67717 INFO tempest.lib.common.dynamic_creds [-] Created isolated network resources for: credentials: Credentials: {'domain_id': 'default', 'domain_name': 'Default', 'username': 'tempest-AttachVolumeNegativeTest-503832005-project-member', 'project_domain_id': 'default', 'project_domain_name': 'Default', 'project_id': '40aa8ac13d5845eab156cdaab5f545bf', 'project_name': 'tempest-AttachVolumeNegativeTest-503832005', 'tenant_id': '40aa8ac13d5845eab156cdaab5f545bf', 'tenant_name': 'tempest-AttachVolumeNegativeTest-503832005', 'user_domain_id': 'default', 'user_domain_name': 'Default', 'user_id': 'd9a7e0de10c6448dbaf060a04f195a15', 'system': None}, Network: {'id': '599edff5-f40a-4a4c-bf2e-ed813d3f41cf', 'name': 'tempest-AttachVolumeNegativeTest-727195900-network', 'tenant_id': '40aa8ac13d5845eab156cdaab5f545bf', 'project_id': '40aa8ac13d5845eab156cdaab5f545bf', 'admin_state_up': True, 'mtu': 8950, 'status': 'ACTIVE', 'subnets': [], 'shared': False, 'port_security_enabled': True, 'router:external': False, 'provider:network_type': 'vlan', 'provider:physical_network': 'default', 'provider:segmentation_id': 141, 'availability_zone_hints': [], 'availability_zones': [], 'ipv4_address_scope': None, 'ipv6_address_scope': None, 'description': '', 'tags': [], 'created_at': '2025-11-12T13:30:54Z', 'updated_at': '2025-11-12T13:30:54Z', 'revision_number': 1}, Subnet: {'id': 'd3e40702-c34e-4319-bd15-6f813a8e56cf', 'name': 'tempest-AttachVolumeNegativeTest-727195900-subnet', 'tenant_id': '40aa8ac13d5845eab156cdaab5f545bf', 'network_id': '599edff5-f40a-4a4c-bf2e-ed813d3f41cf', 'ip_version': 4, 'subnetpool_id': None, 'enable_dhcp': True, 'ipv6_ra_mode': None, 'ipv6_address_mode': None, 'gateway_ip': '192.168.128.1', 'cidr': '192.168.128.0/28', 'allocation_pools': [{'start': '192.168.128.2', 'end': '192.168.128.14'}], 'host_routes': [], 'dns_nameservers': [], 'description': '', 'router:external': False, 'service_types': [], 'tags': [], 'created_at': '2025-11-12T13:30:55Z', 'updated_at': '2025-11-12T13:30:55Z', 'revision_number': 0, 'project_id': '40aa8ac13d5845eab156cdaab5f545bf'}, Router: {'id': '38113281-935c-4409-8b6e-3a7607ee52e8', 'name': 'tempest-AttachVolumeNegativeTest-727195900-router', 'tenant_id': '40aa8ac13d5845eab156cdaab5f545bf', 'admin_state_up': True, 'status': 'ACTIVE', 'external_gateway_info': {'network_id': '58e481a0-2d28-4288-a763-7675b5382b80', 'external_fixed_ips': [{'subnet_id': '99146c59-d9c4-428f-9ddb-266533d084e2', 'ip_address': '10.180.180.159'}], 'enable_snat': True}, 'description': '', 'availability_zones': [], 'distributed': False, 'ha': False, 'availability_zone_hints': [], 'routes': [], 'flavor_id': None, 'tags': [], 'created_at': '2025-11-12T13:30:55Z', 'updated_at': '2025-11-12T13:30:55Z', 'revision_number': 2, 'project_id': '40aa8ac13d5845eab156cdaab5f545bf'}
2025-11-12 13:30:56.998 67725 INFO tempest.lib.common.rest_client [req-4633bd9a-f686-4618-bb01-bdbb6733f99b req-4633bd9a-f686-4618-bb01-bdbb6733f99b ] Request (ServerRescueNegativeTestJSON:test_rescued_vm_detach_volume): 200 GET http://10.180.1.21/compute/v2.1/servers/73bdfbcd-21b6-4c6f-98c0-b64b532cb8a2 2.692s
2025-11-12 13:30:57.028 67764 INFO tempest.lib.common.rest_client [req-17b0bc7a-811d-4034-9b11-ddb363aa6bb8 req-17b0bc7a-811d-4034-9b11-ddb363aa6bb8 ] Request (ServersAdminTestJSON:test_rebuild_server_in_error_state): 200 GET http://10.180.1.21/compute/v2.1/servers/31e27aa6-8b41-4901-92f1-a347e13df0bd 2.932s
2025-11-12 13:30:57.031 67723 INFO tempest.lib.common.rest_client [req-c839d3f1-d8c1-4285-bb55-1bebc1fe7f78 req-c839d3f1-d8c1-4285-bb55-1bebc1fe7f78 ] Request (SecurityGroupsTestJSON:test_security_group_create_get_delete): 404 GET http://10.180.1.21/compute/v2.1/os-security-groups/2b771534-b3a2-4993-93aa-859c06543a8f 2.673s
2025-11-12 13:30:57.050 67756 INFO tempest.lib.common.rest_client [req-3d20bc7a-68ae-4798-b8ce-b45dbe852723 req-3d20bc7a-68ae-4798-b8ce-b45dbe852723 ] Request (FlavorsV2TestJSON:test_list_flavors_detailed_limit_results): 200 GET http://10.180.1.21/compute/v2.1/flavors/detail?limit=1 2.655s
2025-11-12 13:30:57.087 67729 INFO tempest.lib.common.rest_client [req-6b951cec-2c02-4e51-8a63-ef8b66d53ead req-6b951cec-2c02-4e51-8a63-ef8b66d53ead ] Request (FloatingIPsAssociationTestJSON:setUpClass): 200 GET http://10.180.1.21/compute/v2.1/servers/46992d8c-6111-4870-a593-d6d9ea932244 2.705s
2025-11-12 13:30:57.098 67719 INFO tempest.lib.common.rest_client [req-73678637-461b-4511-b28b-25c79011d81e req-73678637-461b-4511-b28b-25c79011d81e ] Request (ServerGroupTestJSON:tearDownClass): 404 DELETE http://10.180.1.21/compute/v2.1/os-server-groups/50ec9618-ed5c-4028-80f9-914f667b6b18 2.500s
2025-11-12 13:30:57.101 67717 INFO tempest.lib.common.rest_client [req-340fb006-af92-4cc8-ac78-5d62f4a1d693 req-340fb006-af92-4cc8-ac78-5d62f4a1d693 ] Request (AttachVolumeNegativeTest:setUpClass): 201 POST http://10.180.1.21/identity/v3/auth/tokens 0.107s
2025-11-12 13:30:57.155 67739 INFO tempest.lib.common.rest_client [req-c60249c8-7b51-43cf-8058-040daebd6ebe req-c60249c8-7b51-43cf-8058-040daebd6ebe ] Request (ServerShowV247Test:tearDownClass): 200 GET http://10.180.1.21/compute/v2.1/servers/9d301d76-6e9d-406f-8eac-0dd910260c73 2.315s
2025-11-12 13:30:57.157 67743 INFO tempest.lib.common.rest_client [req-8fe4ddaa-d8d0-41a0-a053-9eda96884336 req-8fe4ddaa-d8d0-41a0-a053-9eda96884336 ] Request (InstanceActionsTestJSON:setUpClass): 200 GET http://10.180.1.21/compute/v2.1/servers/8eaad484-451e-4098-be79-63346e9bc601 2.255s
2025-11-12 13:30:57.165 67739 INFO tempest.common.waiters [-] State transition "ACTIVE/deleting" ==> "DELETED/None" after 7 second wait
2025-11-12 13:30:57.257 67777 INFO tempest.lib.common.rest_client [req-5d91ea5f-df0d-4de1-b3c0-ec220f8a6183 req-5d91ea5f-df0d-4de1-b3c0-ec220f8a6183 ] Request (ServerDiskConfigTestJSON:test_resize_server_from_auto_to_manual): 200 GET http://10.180.1.21/compute/v2.1/servers/4591053e-a5a0-4ee6-992f-14ff976a4dcf 2.088s
2025-11-12 13:30:57.310 67747 INFO tempest.lib.common.rest_client [req-f92993fe-c5da-4955-85a0-b74809d0c7e7 req-f92993fe-c5da-4955-85a0-b74809d0c7e7 ] Request (ServerActionsTestOtherB:test_resize_server_confirm_from_stopped): 200 GET http://10.180.1.21/compute/v2.1/servers/373d094b-7f70-4a27-bbad-580dd58f92b4 2.163s
2025-11-12 13:30:57.332 67772 INFO tempest.lib.common.rest_client [req-d07e1cc9-5082-4bd2-b4f2-f843bbbee986 req-d07e1cc9-5082-4bd2-b4f2-f843bbbee986 ] Request (ServerShowV254Test:test_rebuild_server): 200 GET http://10.180.1.21/compute/v2.1/servers/71980c2c-069a-47e4-ba0e-c2b27e74cf17 2.126s
2025-11-12 13:30:57.383 67774 INFO tempest.lib.common.rest_client [req-d8e853dd-4fc9-4389-9d9f-85913d2c6970 req-d8e853dd-4fc9-4389-9d9f-85913d2c6970 ] Request (ImagesTestJSON:test_create_server_from_snapshot): 200 GET http://10.180.1.21/compute/v2.1/servers/99fd2ced-7f36-4ab8-9c5e-0c370ea4db49 1.990s
