2025-11-12 13:31:06.020 67719 INFO tempest.lib.common.rest_client [req-f8c09b6e-0189-4a04-8b47-346f544cf376 req-f8c09b6e-0189-4a04-8b47-346f544cf376 ] Request (ExtensionsTest:tearDownClass): 201 POST http://10.180.1.21/identity/v3/auth/tokens 0.076s
2025-11-12 13:31:06.022 67764 INFO tempest.lib.common.rest_client [req-6a5f7c23-5f2d-461c-bc1a-ed6d95965a36 req-6a5f7c23-5f2d-461c-bc1a-ed6d95965a36 ] Request (ServersAdminTestJSON:test_rebuild_server_in_error_state): 200 GET http://10.180.1.21/compute/v2.1/servers/31e27aa6-8b41-4901-92f1-a347e13df0bd 2.177s
2025-11-12 13:31:06.031 67764 INFO tempest.common.waiters [-] State transition "REBUILD/rebuild_spawning" ==> "ACTIVE/None" after 9 second wait
2025-11-12 13:31:06.224 67719 INFO tempest.lib.common.rest_client [req-e913cacd-f67a-44d9-a934-a66b955ae85b req-e913cacd-f67a-44d9-a934-a66b955ae85b ] Request (ExtensionsTest:tearDownClass): 200 GET http://10.180.1.21/networking/v2.0/security-groups?tenant_id=f22600af28854fd9aacdf5228d9f5ee9&name=default 0.203s
2025-11-12 13:31:06.277 67733 INFO tempest.lib.common.rest_client [req-65d0b802-b221-4df4-8e1d-c78155dfd2bd req-65d0b802-b221-4df4-8e1d-c78155dfd2bd ] Request (VolumesAssistedSnapshotsTest:tearDownClass): 204 DELETE http://10.180.1.21/networking/v2.0/networks/0743c55e-4553-4e58-8842-4b8cb5f1d2d0 0.308s
2025-11-12 13:31:06.283 67774 INFO tempest.lib.common.rest_client [req-7e93cb1d-c48f-4587-983a-6af623f85005 req-7e93cb1d-c48f-4587-983a-6af623f85005 ] Request (ImagesTestJSON:test_create_server_from_snapshot): 200 GET http://10.180.1.21/compute/v2.1/servers/99fd2ced-7f36-4ab8-9c5e-0c370ea4db49 2.343s
2025-11-12 13:31:06.387 67751 INFO tempest.lib.common.rest_client [req-f6e4474c-6e6a-43b5-a18a-ae82bd9e48b7 req-f6e4474c-6e6a-43b5-a18a-ae82bd9e48b7 ] Request (MigrationsAdminTest:test_resize_server_revert_deleted_flavor): 200 GET http://10.180.1.21/compute/v2.1/servers/6ae35292-f392-4e21-af85-90828a50e622 2.464s
2025-11-12 13:31:06.425 67719 INFO tempest.lib.common.rest_client [req-9b19f566-d45f-4d09-b5bd-67215f656360 req-9b19f566-d45f-4d09-b5bd-67215f656360 ] Request (ExtensionsTest:tearDownClass): 204 DELETE http://10.180.1.21/networking/v2.0/security-groups/7bda0212-3f51-4144-ab53-76377afee9d9 0.200s
2025-11-12 13:31:06.513 67719 INFO tempest.lib.common.rest_client [req-7ff3b017-e735-4df2-8e87-e11e93ef4959 req-7ff3b017-e735-4df2-8e87-e11e93ef4959 ] Request (ExtensionsTest:tearDownClass): 204 DELETE http://10.180.1.21/identity/v3/projects/f22600af28854fd9aacdf5228d9f5ee9 0.087s
2025-11-12 13:31:06.887 67750 INFO tempest.lib.common.rest_client [req-75c865ab-2da2-4335-a887-75cc3ddd536b req-75c865ab-2da2-4335-a887-75cc3ddd536b ] Request (ServersListShow2100Test:test_list_show_rebuild_update_server_2100): 200 GET http://10.180.1.21/compute/v2.1/servers/9238499e-9cc2-4821-8d6c-ded4a753353b 2.887s
2025-11-12 13:31:06.917 67777 INFO tempest.lib.common.rest_client [req-137ce021-8149-49b8-bc96-713e7fd830af req-137ce021-8149-49b8-bc96-713e7fd830af ] Request (ServerDiskConfigTestJSON:test_resize_server_from_auto_to_manual): 200 GET http://10.180.1.21/compute/v2.1/servers/4591053e-a5a0-4ee6-992f-14ff976a4dcf 2.941s
2025-11-12 13:31:06.924 67777 INFO tempest.common.waiters [-] State transition "BUILD/spawning" ==> "ACTIVE/None" after 67 second wait
2025-11-12 13:31:07.136 67733 INFO tempest.lib.common.rest_client [req-8ee92d6d-4179-429d-856d-41bf7c53d687 req-8ee92d6d-4179-429d-856d-41bf7c53d687 ] Request (VolumesAssistedSnapshotsTest:tearDownClass): 200 PUT http://10.180.1.21/networking/v2.0/routers/30949745-791e-4b27-ae97-fb2898627b1d/remove_router_interface 0.859s
2025-11-12 13:31:07.162 67715 INFO tempest.lib.common.rest_client [req-3ed24e5d-f5ad-4d90-b707-1a4ec5888956 req-3ed24e5d-f5ad-4d90-b707-1a4ec5888956 ] Request (ServerMetadataNegativeTestJSON:setUpClass): 200 GET http://10.180.1.21/compute/v2.1/servers/8e52b951-d663-4168-807f-fa925162084c 3.151s
2025-11-12 13:31:07.198 67762 INFO tempest.lib.common.rest_client [req-4b6a7e13-1ed5-4325-a605-d8aa8fe8e4db req-4b6a7e13-1ed5-4325-a605-d8aa8fe8e4db ] Request (ServersWithSpecificFlavorTestJSON:test_verify_created_server_ephemeral_disk): 200 GET http://10.180.1.21/compute/v2.1/servers/462abbd2-82c8-4aa5-8260-78f7dc8a470b 3.113s
2025-11-12 13:31:07.395 67768 WARNING tempest.lib.common.ssh [-] Failed to establish authenticated ssh connection to cirros@10.180.180.168 ([Errno None] Unable to connect to port 22 on 10.180.180.168). Number attempts: 2. Retry after 3 seconds.: paramiko.ssh_exception.NoValidConnectionsError: [Errno None] Unable to connect to port 22 on 10.180.180.168
2025-11-12 13:31:07.588 67733 INFO tempest.lib.common.rest_client [req-6ddf7c71-7e29-41d4-9550-3c180d771228 req-6ddf7c71-7e29-41d4-9550-3c180d771228 ] Request (VolumesAssistedSnapshotsTest:tearDownClass): 204 DELETE http://10.180.1.21/networking/v2.0/routers/30949745-791e-4b27-ae97-fb2898627b1d 0.452s
2025-11-12 13:31:07.638 67735 INFO tempest.lib.common.rest_client [req-afc65c2e-2649-41bf-8e28-69d260b71364 req-afc65c2e-2649-41bf-8e28-69d260b71364 ] Request (ServersTestJSON:test_create_server_specify_multibyte_character_name): 200 GET http://10.180.1.21/compute/v2.1/servers/19df5b9a-7ebb-4223-92fe-2b4380a3b8ea 3.536s
2025-11-12 13:31:07.656 67778 INFO tempest.lib.common.rest_client [req-e5e02b81-bc45-435b-afac-53f8e76f7ed4 req-e5e02b81-bc45-435b-afac-53f8e76f7ed4 ] Request (ServerAddressesNegativeTestJSON:tearDownClass): 200 GET http://10.180.1.21/compute/v2.1/servers/62b43bc3-f6f3-4080-aeb7-ee7c996527ee 3.476s
2025-11-12 13:31:07.757 67733 INFO tempest.lib.common.rest_client [req-9838e096-d832-444a-98e9-4a403392103c req-9838e096-d832-444a-98e9-4a403392103c ] Request (VolumesAssistedSnapshotsTest:tearDownClass): 204 DELETE http://10.180.1.21/networking/v2.0/subnets/8da0762e-b265-416a-8eb7-dda08dcd4c2a 0.168s
2025-11-12 13:31:07.837 67760 INFO tempest.lib.common.rest_client [req-69906d6b-5f78-443e-a636-23f52ad1183e req-69906d6b-5f78-443e-a636-23f52ad1183e ] Request (ListImageFiltersTestJSON:tearDownClass): 200 GET http://10.180.1.21/compute/v2.1/servers/fad92957-eb18-4d01-a70b-ed1c10033106 3.594s
2025-11-12 13:31:08.080 67733 INFO tempest.lib.common.rest_client [req-d4ca62e0-42e5-474a-9435-89a184663e3f req-d4ca62e0-42e5-474a-9435-89a184663e3f ] Request (VolumesAssistedSnapshotsTest:tearDownClass): 204 DELETE http://10.180.1.21/networking/v2.0/networks/efd3e643-6382-4509-b5e6-8e0afdf6fe39 0.323s
2025-11-12 13:31:08.177 67731 INFO tempest.lib.common.rest_client [req-7e79c98e-fddb-4df2-9594-2646a40e4fbd req-7e79c98e-fddb-4df2-9594-2646a40e4fbd ] Request (ServersAdminNegativeTestJSON:setUpClass): 200 GET http://10.180.1.21/compute/v2.1/servers/070ed664-fe2a-48a1-9449-b98387952fea 3.917s
2025-11-12 13:31:08.184 67731 INFO tempest.common.waiters [-] State transition "BUILD/spawning" ==> "ACTIVE/None" after 67 second wait
2025-11-12 13:31:08.679 67766 INFO tempest.lib.common.rest_client [req-f6ccf5d7-6237-491b-87c2-9eb3d1f69851 req-f6ccf5d7-6237-491b-87c2-9eb3d1f69851 ] Request (ServerActionsTestOtherA:test_rebuild_server_in_stop_state): 200 GET http://10.180.1.21/compute/v2.1/servers/e295a63e-1e40-41be-8e84-885c61dc324f 4.376s
2025-11-12 13:31:08.686 67766 INFO tempest.common.waiters [-] State transition "BUILD/networking" ==> "BUILD/spawning" after 63 second wait
2025-11-12 13:31:08.699 67747 INFO tempest.lib.common.rest_client [req-65c59353-3fb9-40f3-b838-48114e2003d8 req-65c59353-3fb9-40f3-b838-48114e2003d8 ] Request (ServerActionsTestOtherB:test_resize_server_confirm_from_stopped): 200 GET http://10.180.1.21/compute/v2.1/servers/373d094b-7f70-4a27-bbad-580dd58f92b4 4.270s
2025-11-12 13:31:08.719 67756 INFO tempest.lib.common.rest_client [req-70fe59d7-4120-4f45-9a59-339199b0dcad req-70fe59d7-4120-4f45-9a59-339199b0dcad ] Request (FlavorsV2TestJSON:test_list_flavors_limit_results): 200 GET http://10.180.1.21/compute/v2.1/flavors?limit=1 4.147s
2025-11-12 13:31:08.732 67737 INFO tempest.lib.common.rest_client [req-02f52b2d-aac1-4d83-9cc2-99978dd5fd6f req-02f52b2d-aac1-4d83-9cc2-99978dd5fd6f ] Request (SecurityGroupRulesTestJSON:test_security_group_rules_list): 200 GET http://10.180.1.21/compute/v2.1/os-security-groups/f9bd0a9a-b8b9-4dbf-9fc6-8870f13d4c76 4.182s
2025-11-12 13:31:08.788 67717 INFO tempest.lib.common.rest_client [req-e783eb3a-38a9-45bf-a4c7-860efac4b888 req-e783eb3a-38a9-45bf-a4c7-860efac4b888 ] Request (AttachVolumeNegativeTest:test_attach_attached_volume_to_different_server): 200 GET http://10.180.1.21/compute/v2.1/servers/ffbb7c4c-9718-4080-aa56-95ddebdbe978 4.136s
2025-11-12 13:31:08.795 67717 INFO tempest.common.waiters [-] State transition "BUILD/scheduling" ==> "BUILD/None" after 5 second wait
2025-11-12 13:31:08.799 67725 INFO tempest.lib.common.rest_client [req-0d85ba64-d8c6-4fc6-8842-7ed8b972facd req-0d85ba64-d8c6-4fc6-8842-7ed8b972facd ] Request (ServerRescueNegativeTestJSON:test_rescued_vm_detach_volume): 200 GET http://10.180.1.21/compute/v2.1/servers/73bdfbcd-21b6-4c6f-98c0-b64b532cb8a2 3.509s
2025-11-12 13:31:08.931 67727 INFO tempest.lib.common.rest_client [req-efb922ce-e777-4b0e-a497-86b8004858fc req-efb922ce-e777-4b0e-a497-86b8004858fc ] Request (SecurityGroupRulesNegativeTestJSON:tearDownClass): 202 DELETE http://10.180.1.21/compute/v2.1/os-security-groups/e1d01e39-4d4e-448f-8d2f-175c508611de 3.233s
2025-11-12 13:31:08.990 67723 INFO tempest.lib.common.rest_client [req-cc5b3580-d3e4-496c-9f65-11daf8d2b5dc req-cc5b3580-d3e4-496c-9f65-11daf8d2b5dc ] Request (SecurityGroupsTestJSON:test_security_groups_create_list_delete): 202 DELETE http://10.180.1.21/compute/v2.1/os-security-groups/d522e87f-e032-4fbb-ade1-58b95571d907 3.173s
2025-11-12 13:31:08.997 67733 INFO tempest.lib.common.rest_client [req-075a2524-2545-496f-b03f-0627e9172039 req-075a2524-2545-496f-b03f-0627e9172039 ] Request (VolumesAssistedSnapshotsTest:tearDownClass): 200 PUT http://10.180.1.21/networking/v2.0/routers/698e5f36-93f9-4c86-8cc8-b502d17e52dd/remove_router_interface 0.916s
2025-11-12 13:31:09.102 67764 INFO tempest.lib.common.rest_client [req-c796b09f-c8ff-4d0a-a791-bf64fb12aa3b req-c796b09f-c8ff-4d0a-a791-bf64fb12aa3b ] Request (ServersAdminTestJSON:test_rebuild_server_in_error_state): 200 GET http://10.180.1.21/compute/v2.1/servers/31e27aa6-8b41-4901-92f1-a347e13df0bd 3.071s
2025-11-12 13:31:09.124 67729 INFO tempest.lib.common.rest_client [req-7ff6ba38-9cd6-4fdf-90a9-3fa6cd767097 req-7ff6ba38-9cd6-4fdf-90a9-3fa6cd767097 ] Request (FloatingIPsAssociationTestJSON:setUpClass): 200 GET http://10.180.1.21/compute/v2.1/servers/46992d8c-6111-4870-a593-d6d9ea932244 2.749s
2025-11-12 13:31:09.131 67729 INFO tempest.common.waiters [-] State transition "BUILD/None" ==> "BUILD/spawning" after 54 second wait
2025-11-12 13:31:09.163 67772 INFO tempest.lib.common.rest_client [req-edfcb26a-333a-43e8-928e-6e65643b4f10 req-edfcb26a-333a-43e8-928e-6e65643b4f10 ] Request (ServerShowV254Test:test_rebuild_server): 200 GET http://10.180.1.21/compute/v2.1/servers/71980c2c-069a-47e4-ba0e-c2b27e74cf17 2.434s
2025-11-12 13:31:09.177 67772 INFO tempest.common.waiters [-] State transition "REBUILD/rebuilding" ==> "REBUILD/rebuild_spawning" after 4 second wait
2025-11-12 13:31:09.188 67743 INFO tempest.lib.common.rest_client [req-eec563e0-767c-4300-ab68-964720680f5b req-eec563e0-767c-4300-ab68-964720680f5b ] Request (InstanceActionsTestJSON:setUpClass): 200 GET http://10.180.1.21/compute/v2.1/servers/8eaad484-451e-4098-be79-63346e9bc601 2.337s
2025-11-12 13:31:09.263 67739 INFO tempest.lib.common.rest_client [req-e1531265-d2eb-4609-896b-b22e94086afe req-e1531265-d2eb-4609-896b-b22e94086afe ] Request (ServerShowV247Test:tearDownClass): 200 GET http://10.180.1.21/compute/v2.1/servers/9d301d76-6e9d-406f-8eac-0dd910260c73 2.254s
2025-11-12 13:31:09.314 67777 INFO tempest.lib.common.rest_client [req-5d4083e7-fd1e-4caa-8019-40f3823e3405 req-5d4083e7-fd1e-4caa-8019-40f3823e3405 ] Request (ServerDiskConfigTestJSON:test_resize_server_from_auto_to_manual): 200 GET http://10.180.1.21/compute/v2.1/servers/4591053e-a5a0-4ee6-992f-14ff976a4dcf 2.390s
2025-11-12 13:31:09.345 67774 INFO tempest.lib.common.rest_client [req-fa6d027d-8d30-4114-bdd9-8d0d2a76daa8 req-fa6d027d-8d30-4114-bdd9-8d0d2a76daa8 ] Request (ImagesTestJSON:test_create_server_from_snapshot): 200 GET http://10.180.1.21/compute/v2.1/servers/99fd2ced-7f36-4ab8-9c5e-0c370ea4db49 2.051s
2025-11-12 13:31:09.419 67750 INFO tempest.lib.common.rest_client [req-8860cad9-3c05-4658-a87d-79deed280024 req-8860cad9-3c05-4658-a87d-79deed280024 ] Request (ServersListShow2100Test:test_list_show_rebuild_update_server_2100): 200 GET http://10.180.1.21/compute/v2.1/servers/9238499e-9cc2-4821-8d6c-ded4a753353b 1.515s
2025-11-12 13:31:09.430 67733 INFO tempest.lib.common.rest_client [req-0226f196-4082-4aef-a15e-498ec1106b2f req-0226f196-4082-4aef-a15e-498ec1106b2f ] Request (VolumesAssistedSnapshotsTest:tearDownClass): 204 DELETE http://10.180.1.21/networking/v2.0/routers/698e5f36-93f9-4c86-8cc8-b502d17e52dd 0.433s
2025-11-12 13:31:09.431 67750 INFO tempest.common.waiters [-] State transition "BUILD/scheduling" ==> "BUILD/None" after 3 second wait
2025-11-12 13:31:09.450 67751 INFO tempest.lib.common.rest_client [req-42a12930-4cb0-42ad-8c92-e857ae68b092 req-42a12930-4cb0-42ad-8c92-e857ae68b092 ] Request (MigrationsAdminTest:test_resize_server_revert_deleted_flavor): 200 GET http://10.180.1.21/compute/v2.1/servers/6ae35292-f392-4e21-af85-90828a50e622 2.053s
2025-11-12 13:31:09.483 67715 INFO tempest.lib.common.rest_client [req-21917077-1ec0-457e-88e4-c8e6065f25fc req-21917077-1ec0-457e-88e4-c8e6065f25fc ] Request (ServerMetadataNegativeTestJSON:setUpClass): 200 GET http://10.180.1.21/compute/v2.1/servers/8e52b951-d663-4168-807f-fa925162084c 1.312s
2025-11-12 13:31:09.559 67762 INFO tempest.lib.common.rest_client [req-10e5d61c-0381-41d2-b630-c1727571d6e6 req-10e5d61c-0381-41d2-b630-c1727571d6e6 ] Request (ServersWithSpecificFlavorTestJSON:test_verify_created_server_ephemeral_disk): 200 GET http://10.180.1.21/compute/v2.1/servers/462abbd2-82c8-4aa5-8260-78f7dc8a470b 1.354s
2025-11-12 13:31:09.573 67721 WARNING tempest.lib.common.ssh [-] Failed to establish authenticated ssh connection to cirros@10.180.180.221 ([Errno None] Unable to connect to port 22 on 10.180.180.221). Number attempts: 4. Retry after 5 seconds.: paramiko.ssh_exception.NoValidConnectionsError: [Errno None] Unable to connect to port 22 on 10.180.180.221
2025-11-12 13:31:09.587 67733 INFO tempest.lib.common.rest_client [req-f9e20788-bd19-40f9-9fd0-32efa14290c5 req-f9e20788-bd19-40f9-9fd0-32efa14290c5 ] Request (VolumesAssistedSnapshotsTest:tearDownClass): 204 DELETE http://10.180.1.21/networking/v2.0/subnets/b519a25a-1876-4069-9049-7637e905dd7b 0.156s
2025-11-12 13:31:09.636 67731 INFO tempest.lib.common.rest_client [req-68f6156b-f880-4d81-bd3c-c18bfbc81b0c req-68f6156b-f880-4d81-bd3c-c18bfbc81b0c ] Request (ServersAdminNegativeTestJSON:test_migrate_non_existent_server): 404 POST http://10.180.1.21/compute/v2.1/servers/96f84dbf-4c3c-4b02-8f2e-9f7d39c7ff22/action 1.451s
2025-11-12 13:31:09.639 67735 INFO tempest.lib.common.rest_client [req-f63d58b1-dd7a-46a8-83fd-829fa056a43e req-f63d58b1-dd7a-46a8-83fd-829fa056a43e ] Request (ServersTestJSON:test_create_server_specify_multibyte_character_name): 200 GET http://10.180.1.21/compute/v2.1/servers/19df5b9a-7ebb-4223-92fe-2b4380a3b8ea 0.993s
2025-11-12 13:31:09.658 67756 INFO tempest.lib.common.rest_client [req-1696c3e4-25fd-41be-826a-c89148e0731a req-1696c3e4-25fd-41be-826a-c89148e0731a ] Request (FlavorsV2TestJSON:test_list_flavors_using_marker): 200 GET http://10.180.1.21/compute/v2.1/flavors/42 0.936s
2025-11-12 13:31:09.708 67731 INFO tempest.lib.common.rest_client [req-17e625c0-cb1b-4a9f-b9cb-d8ef8b4786de req-17e625c0-cb1b-4a9f-b9cb-d8ef8b4786de ] Request (ServersAdminNegativeTestJSON:test_migrate_server_invalid_state): 201 POST http://10.180.1.21/identity/v3/auth/tokens 0.067s
2025-11-12 13:31:09.709 67731 INFO tempest.lib.common.fixed_network [-] (ServersAdminNegativeTestJSON:test_migrate_server_invalid_state) Found network None available for tenant
2025-11-12 13:31:09.750 67778 INFO tempest.lib.common.rest_client [req-4532ab4a-0c1b-470b-9742-453a6e1c1ad2 req-4532ab4a-0c1b-470b-9742-453a6e1c1ad2 ] Request (ServerAddressesNegativeTestJSON:tearDownClass): 200 GET http://10.180.1.21/compute/v2.1/servers/62b43bc3-f6f3-4080-aeb7-ee7c996527ee 1.080s
2025-11-12 13:31:09.863 67737 INFO tempest.lib.common.rest_client [req-c9bbee44-8d50-437d-ad71-6d2ab45278b5 req-c9bbee44-8d50-437d-ad71-6d2ab45278b5 ] Request (SecurityGroupRulesTestJSON:_run_cleanups): 202 DELETE http://10.180.1.21/compute/v2.1/os-security-group-rules/2d3b4b0a-e4a2-47d3-a3ef-116680f7b099 1.128s
2025-11-12 13:31:09.887 67760 INFO tempest.lib.common.rest_client [req-d19ec500-1cce-43df-8a6b-53213e4975a4 req-d19ec500-1cce-43df-8a6b-53213e4975a4 ] Request (ListImageFiltersTestJSON:tearDownClass): 200 GET http://10.180.1.21/compute/v2.1/servers/fad92957-eb18-4d01-a70b-ed1c10033106 1.041s
2025-11-12 13:31:09.889 67733 INFO tempest.lib.common.rest_client [req-cc528f0d-5254-48ab-a0c8-200493b354d2 req-cc528f0d-5254-48ab-a0c8-200493b354d2 ] Request (VolumesAssistedSnapshotsTest:tearDownClass): 204 DELETE http://10.180.1.21/networking/v2.0/networks/e4e9fd40-f193-4bb3-a05a-bc15f8d2a173 0.300s
2025-11-12 13:31:09.927 67723 INFO tempest.lib.common.rest_client [req-32095256-1426-4693-b44d-bad3a5cbc2ac req-32095256-1426-4693-b44d-bad3a5cbc2ac ] Request (SecurityGroupsTestJSON:test_security_groups_create_list_delete): 404 GET http://10.180.1.21/compute/v2.1/os-security-groups/d522e87f-e032-4fbb-ade1-58b95571d907 0.936s
2025-11-12 13:31:10.021 67727 INFO tempest.lib.common.rest_client [req-6fc9113c-f123-4c18-abc4-30aeeb540a15 req-6fc9113c-f123-4c18-abc4-30aeeb540a15 ] Request (SecurityGroupRulesNegativeTestJSON:tearDownClass): 202 DELETE http://10.180.1.21/compute/v2.1/os-security-groups/d4930361-05a9-488e-8f82-4614c4aa70b2 1.090s
2025-11-12 13:31:10.027 67733 INFO tempest.lib.common.rest_client [req-654874f7-c908-43d9-90d0-422fa22162ed req-654874f7-c908-43d9-90d0-422fa22162ed ] Request (VolumesAssistedSnapshotsTest:tearDownClass): 204 DELETE http://10.180.1.21/identity/v3/users/79ce36aa5b344944915c991e3917ba87 0.138s
2025-11-12 13:31:10.095 67777 INFO tempest.lib.common.rest_client [req-ad13af17-1373-4b5f-bec5-938069c10ea2 req-ad13af17-1373-4b5f-bec5-938069c10ea2 ] Request (ServerDiskConfigTestJSON:test_resize_server_from_auto_to_manual): 200 PUT http://10.180.1.21/compute/v2.1/servers/4591053e-a5a0-4ee6-992f-14ff976a4dcf 0.771s
2025-11-12 13:31:10.116 67756 INFO tempest.lib.common.rest_client [req-c1f70867-74d1-42a7-b24b-75c76cfeb22c req-c1f70867-74d1-42a7-b24b-75c76cfeb22c ] Request (FlavorsV2TestJSON:test_list_flavors_using_marker): 200 GET http://10.180.1.21/compute/v2.1/flavors?marker=42 0.456s
2025-11-12 13:31:10.120 67764 INFO tempest.lib.common.rest_client [req-634cdfaa-d338-4c26-98a9-dab82d95b7a6 req-634cdfaa-d338-4c26-98a9-dab82d95b7a6 ] Request (ServersAdminTestJSON:_run_cleanups): 202 POST http://10.180.1.21/compute/v2.1/servers/31e27aa6-8b41-4901-92f1-a347e13df0bd/action 1.006s
2025-11-12 13:31:10.146 67733 INFO tempest.lib.common.rest_client [req-7f1c6175-9adc-44ed-9983-87fe49db1710 req-7f1c6175-9adc-44ed-9983-87fe49db1710 ] Request (VolumesAssistedSnapshotsTest:tearDownClass): 204 DELETE http://10.180.1.21/identity/v3/users/3a26a9fc84824c37b33566a84851aeb2 0.118s
2025-11-12 13:31:10.232 67766 INFO tempest.lib.common.rest_client [req-8e4c0f70-1c2d-4849-bdfb-e168b2f4fb1c req-8e4c0f70-1c2d-4849-bdfb-e168b2f4fb1c ] Request (ServerActionsTestOtherA:test_rebuild_server_in_stop_state): 200 GET http://10.180.1.21/compute/v2.1/servers/e295a63e-1e40-41be-8e84-885c61dc324f 0.545s
2025-11-12 13:31:10.250 67733 INFO tempest.lib.common.rest_client [req-48cfc021-3798-4d2a-a6ab-1fdfe31da36c req-48cfc021-3798-4d2a-a6ab-1fdfe31da36c ] Request (VolumesAssistedSnapshotsTest:tearDownClass): 204 DELETE http://10.180.1.21/identity/v3/users/a47f3ee07d684545837e404e01e8e6db 0.104s
2025-11-12 13:31:10.251 67733 INFO tempest.lib.common.dynamic_creds [-] Deleting project and security group for project: 236465718bac4ab5b70d25e5be88b34d
2025-11-12 13:31:10.475 67731 INFO tempest.lib.common.rest_client [req-735e3df9-aae9-4e8a-a58d-aad7ed2a6ab3 req-735e3df9-aae9-4e8a-a58d-aad7ed2a6ab3 ] Request (ServersAdminNegativeTestJSON:test_migrate_server_invalid_state): 202 POST http://10.180.1.21/compute/v2.1/servers 0.765s
2025-11-12 13:31:10.559 67747 INFO tempest.lib.common.rest_client [req-a35d0624-79bc-4a18-90c2-1ea3f8db8497 req-a35d0624-79bc-4a18-90c2-1ea3f8db8497 ] Request (ServerActionsTestOtherB:test_resize_server_confirm_from_stopped): 200 GET http://10.180.1.21/compute/v2.1/servers/373d094b-7f70-4a27-bbad-580dd58f92b4 0.849s
2025-11-12 13:31:10.576 67717 INFO tempest.lib.common.rest_client [req-c0563711-f11a-4308-9f7d-c0d5aa1c9f63 req-c0563711-f11a-4308-9f7d-c0d5aa1c9f63 ] Request (AttachVolumeNegativeTest:test_attach_attached_volume_to_different_server): 200 GET http://10.180.1.21/compute/v2.1/servers/ffbb7c4c-9718-4080-aa56-95ddebdbe978 0.780s
2025-11-12 13:31:10.634 67725 INFO tempest.lib.common.rest_client [req-8bd0a9eb-5c48-4875-8411-3bf120711a6e req-8bd0a9eb-5c48-4875-8411-3bf120711a6e ] Request (ServerRescueNegativeTestJSON:test_rescued_vm_detach_volume): 200 GET http://10.180.1.21/compute/v2.1/servers/73bdfbcd-21b6-4c6f-98c0-b64b532cb8a2 0.826s
2025-11-12 13:31:10.728 67733 INFO tempest.lib.common.rest_client [req-e5f7ce24-4c2c-4a08-8541-d9391a6eaa87 req-e5f7ce24-4c2c-4a08-8541-d9391a6eaa87 ] Request (VolumesAssistedSnapshotsTest:tearDownClass): 200 GET http://10.180.1.21/networking/v2.0/security-groups?tenant_id=236465718bac4ab5b70d25e5be88b34d&name=default 0.477s
2025-11-12 13:31:10.733 67737 INFO tempest.lib.common.rest_client [req-3e077b5a-8177-4a6e-8ed9-57df867594c6 req-3e077b5a-8177-4a6e-8ed9-57df867594c6 ] Request (SecurityGroupRulesTestJSON:tearDownClass): 202 DELETE http://10.180.1.21/compute/v2.1/os-security-groups/f9bd0a9a-b8b9-4dbf-9fc6-8870f13d4c76 0.869s
2025-11-12 13:31:10.832 67733 INFO tempest.lib.common.rest_client [req-85ed2a1c-c015-4d79-ac79-89e70528735d req-85ed2a1c-c015-4d79-ac79-89e70528735d ] Request (VolumesAssistedSnapshotsTest:tearDownClass): 204 DELETE http://10.180.1.21/networking/v2.0/security-groups/b0862d6f-4d7f-45ac-9be6-dbea85bde60a 0.104s
2025-11-12 13:31:10.860 67723 INFO tempest.lib.common.rest_client [req-968ca9da-d866-4a1d-a82d-1e63cd5b72d8 req-968ca9da-d866-4a1d-a82d-1e63cd5b72d8 ] Request (SecurityGroupsTestJSON:test_security_groups_create_list_delete): 202 DELETE http://10.180.1.21/compute/v2.1/os-security-groups/454f9adc-6371-49ec-99c7-2cf834593947 0.933s
2025-11-12 13:31:10.921 67727 INFO tempest.lib.common.rest_client [req-7cd7bb08-c2a7-41ad-92c3-b0c2e0a804b6 req-7cd7bb08-c2a7-41ad-92c3-b0c2e0a804b6 ] Request (SecurityGroupRulesNegativeTestJSON:tearDownClass): 202 DELETE http://10.180.1.21/compute/v2.1/os-security-groups/3e02c119-7cc9-4231-b18e-e68efd30e00d 0.899s
2025-11-12 13:31:10.952 67756 INFO tempest.lib.common.rest_client [req-b5d8a241-f551-4dce-b27c-00e8e905e36c req-b5d8a241-f551-4dce-b27c-00e8e905e36c ] Request (FlavorsV2TestJSON:test_list_flavors_with_detail): 200 GET http://10.180.1.21/compute/v2.1/flavors/detail 0.832s
2025-11-12 13:31:10.984 67733 INFO tempest.lib.common.rest_client [req-b42e7426-73bc-452c-83eb-32c1b6b09844 req-b42e7426-73bc-452c-83eb-32c1b6b09844 ] Request (VolumesAssistedSnapshotsTest:tearDownClass): 204 DELETE http://10.180.1.21/identity/v3/projects/236465718bac4ab5b70d25e5be88b34d 0.151s
2025-11-12 13:31:10.984 67733 INFO tempest.lib.common.dynamic_creds [-] Deleting project and security group for project: 0ec64b3ae3ed4315994d1aaf98cc2c65
2025-11-12 13:31:11.017 67777 INFO tempest.lib.common.rest_client [req-4c47d963-1d77-44f4-83fd-b1fe2922f517 req-4c47d963-1d77-44f4-83fd-b1fe2922f517 ] Request (ServerDiskConfigTestJSON:test_resize_server_from_auto_to_manual): 200 GET http://10.180.1.21/compute/v2.1/servers/4591053e-a5a0-4ee6-992f-14ff976a4dcf 0.915s
2025-11-12 13:31:11.034 67733 INFO tempest.lib.common.rest_client [req-ba00bfb3-a3a5-4eae-855b-9826ea6a0d42 req-ba00bfb3-a3a5-4eae-855b-9826ea6a0d42 ] Request (VolumesAssistedSnapshotsTest:tearDownClass): 200 GET http://10.180.1.21/networking/v2.0/security-groups?tenant_id=0ec64b3ae3ed4315994d1aaf98cc2c65&name=default 0.050s
2025-11-12 13:31:11.304 67733 INFO tempest.lib.common.rest_client [req-b92f39a4-5031-49c3-b241-b238ab8c6d8a req-b92f39a4-5031-49c3-b241-b238ab8c6d8a ] Request (VolumesAssistedSnapshotsTest:tearDownClass): 204 DELETE http://10.180.1.21/networking/v2.0/security-groups/e7671e80-032f-4ac9-95de-6fdc730b67da 0.269s
2025-11-12 13:31:11.384 67764 INFO tempest.lib.common.rest_client [req-a80d1f22-4cd5-42fb-99b3-450c65b58407 req-a80d1f22-4cd5-42fb-99b3-450c65b58407 ] Request (ServersAdminTestJSON:_run_cleanups): 200 GET http://10.180.1.21/compute/v2.1/servers/31e27aa6-8b41-4901-92f1-a347e13df0bd 1.256s
2025-11-12 13:31:11.469 67733 INFO tempest.lib.common.rest_client [req-17f0cb83-44c2-42d9-8f0d-3a018a799c57 req-17f0cb83-44c2-42d9-8f0d-3a018a799c57 ] Request (VolumesAssistedSnapshotsTest:tearDownClass): 204 DELETE http://10.180.1.21/identity/v3/projects/0ec64b3ae3ed4315994d1aaf98cc2c65 0.164s
2025-11-12 13:31:11.469 67733 INFO tempest.lib.common.dynamic_creds [-] Deleting project and security group for project: 300582e0ff7f4ad7852160d2678070a7
2025-11-12 13:31:11.813 67729 INFO tempest.lib.common.rest_client [req-2cd8a034-ebb3-43a2-92de-1dc5155c0593 req-2cd8a034-ebb3-43a2-92de-1dc5155c0593 ] Request (FloatingIPsAssociationTestJSON:setUpClass): 200 GET http://10.180.1.21/compute/v2.1/servers/46992d8c-6111-4870-a593-d6d9ea932244 1.681s
2025-11-12 13:31:11.829 67772 INFO tempest.lib.common.rest_client [req-612dbf75-73a2-4c18-9a27-cce27380dcc7 req-612dbf75-73a2-4c18-9a27-cce27380dcc7 ] Request (ServerShowV254Test:test_rebuild_server): 200 GET http://10.180.1.21/compute/v2.1/servers/71980c2c-069a-47e4-ba0e-c2b27e74cf17 1.650s
2025-11-12 13:31:11.841 67727 INFO tempest.lib.common.rest_client [req-d1a4ad80-3b34-408a-bc1d-c5904f90326c req-d1a4ad80-3b34-408a-bc1d-c5904f90326c ] Request (SecurityGroupRulesNegativeTestJSON:tearDownClass): 200 PUT http://10.180.1.21/networking/v2.0/routers/5f9c9079-4343-4b9c-bbb3-7794b7d8a61c/remove_router_interface 0.919s
2025-11-12 13:31:11.855 67733 INFO tempest.lib.common.rest_client [req-02f17b1b-76e7-4d96-b949-575186cb5551 req-02f17b1b-76e7-4d96-b949-575186cb5551 ] Request (VolumesAssistedSnapshotsTest:tearDownClass): 200 GET http://10.180.1.21/networking/v2.0/security-groups?tenant_id=300582e0ff7f4ad7852160d2678070a7&name=default 0.386s
2025-11-12 13:31:11.884 67745 WARNING tempest.lib.common.ssh [-] Failed to establish authenticated ssh connection to cirros@10.180.180.197 ([Errno None] Unable to connect to port 22 on 10.180.180.197). Number attempts: 6. Retry after 7 seconds.: paramiko.ssh_exception.NoValidConnectionsError: [Errno None] Unable to connect to port 22 on 10.180.180.197
2025-11-12 13:31:12.322 67727 INFO tempest.lib.common.rest_client [req-32dcf1f2-751a-420e-b702-1ffcc46165ae req-32dcf1f2-751a-420e-b702-1ffcc46165ae ] Request (SecurityGroupRulesNegativeTestJSON:tearDownClass): 204 DELETE http://10.180.1.21/networking/v2.0/routers/5f9c9079-4343-4b9c-bbb3-7794b7d8a61c 0.481s
2025-11-12 13:31:12.459 67733 INFO tempest.lib.common.rest_client [req-30f0560b-bec1-44f3-a95b-d1ad061fca69 req-30f0560b-bec1-44f3-a95b-d1ad061fca69 ] Request (VolumesAssistedSnapshotsTest:tearDownClass): 204 DELETE http://10.180.1.21/networking/v2.0/security-groups/c9d9326a-b36c-4d84-a57d-8ce9b206ab46 0.603s
2025-11-12 13:31:12.487 67739 INFO tempest.lib.common.rest_client [req-9b919b5d-746c-4dfa-a1b0-1b9448ed54bc req-9b919b5d-746c-4dfa-a1b0-1b9448ed54bc ] Request (ServerShowV247Test:tearDownClass): 200 GET http://10.180.1.21/compute/v2.1/servers/9d301d76-6e9d-406f-8eac-0dd910260c73 2.212s
2025-11-12 13:31:12.587 67733 INFO tempest.lib.common.rest_client [req-58be9bd6-b348-43d3-a94f-9353f76ed3f5 req-58be9bd6-b348-43d3-a94f-9353f76ed3f5 ] Request (VolumesAssistedSnapshotsTest:tearDownClass): 204 DELETE http://10.180.1.21/identity/v3/projects/300582e0ff7f4ad7852160d2678070a7 0.127s
2025-11-12 13:31:12.626 67727 INFO tempest.lib.common.rest_client [req-8fcde9b6-19e4-4632-9364-83f0ef34c7ef req-8fcde9b6-19e4-4632-9364-83f0ef34c7ef ] Request (SecurityGroupRulesNegativeTestJSON:tearDownClass): 204 DELETE http://10.180.1.21/networking/v2.0/subnets/90249401-7f1b-4e57-a3fd-4685a0ea4bc2 0.304s
2025-11-12 13:31:12.660 67743 INFO tempest.lib.common.rest_client [req-ad4bdc4d-44de-467e-829a-d44795a0e2df req-ad4bdc4d-44de-467e-829a-d44795a0e2df ] Request (InstanceActionsTestJSON:setUpClass): 200 GET http://10.180.1.21/compute/v2.1/servers/8eaad484-451e-4098-be79-63346e9bc601 2.459s
2025-11-12 13:31:12.667 67743 INFO tempest.common.waiters [-] State transition "BUILD/None" ==> "BUILD/block_device_mapping" after 47 second wait
2025-11-12 13:31:12.668 67733 INFO tempest.lib.common.rest_client [req-e807f153-8b44-427e-909f-1db60b95330c req-e807f153-8b44-427e-909f-1db60b95330c ] Request (AZAdminV2TestJSON:setUpClass): 201 POST http://10.180.1.21/identity/v3/auth/tokens 0.079s
2025-11-12 13:31:12.678 67774 INFO tempest.lib.common.rest_client [req-46584867-98d5-49ff-8275-6db90950e071 req-46584867-98d5-49ff-8275-6db90950e071 ] Request (ImagesTestJSON:test_create_server_from_snapshot): 200 GET http://10.180.1.21/compute/v2.1/servers/99fd2ced-7f36-4ab8-9c5e-0c370ea4db49 2.325s
2025-11-12 13:31:12.707 67733 INFO tempest.lib.common.rest_client [req-283cac84-c500-41e8-b20a-2905959302d8 req-283cac84-c500-41e8-b20a-2905959302d8 ] Request (AZAdminV2TestJSON:setUpClass): 201 POST http://10.180.1.21/identity/v3/auth/tokens 0.036s
2025-11-12 13:31:12.731 67733 INFO tempest.lib.common.rest_client [req-c9f6235f-e80a-461a-b6cb-4cd9a012fdf9 req-c9f6235f-e80a-461a-b6cb-4cd9a012fdf9 ] Request (AZAdminV2TestJSON:setUpClass): 200 GET http://10.180.1.21/identity/v3/domains?name=Default 0.024s
2025-11-12 13:31:12.758 67733 INFO tempest.lib.common.rest_client [req-24757a01-9591-45be-b2b0-eb60644f7c5f req-24757a01-9591-45be-b2b0-eb60644f7c5f ] Request (AZAdminV2TestJSON:setUpClass): 201 POST http://10.180.1.21/identity/v3/projects 0.027s
2025-11-12 13:31:12.815 67733 INFO tempest.lib.common.rest_client [req-31e7b03f-4813-47af-a46a-0fe3460fe7ab req-31e7b03f-4813-47af-a46a-0fe3460fe7ab ] Request (AZAdminV2TestJSON:setUpClass): 201 POST http://10.180.1.21/identity/v3/users 0.056s
2025-11-12 13:31:12.843 67733 INFO tempest.lib.common.rest_client [req-9faa50a5-a07e-445d-ab9a-85cb80293d00 req-9faa50a5-a07e-445d-ab9a-85cb80293d00 ] Request (AZAdminV2TestJSON:setUpClass): 200 GET http://10.180.1.21/identity/v3/roles 0.027s
2025-11-12 13:31:12.880 67733 INFO tempest.lib.common.rest_client [req-f4f778d4-4928-4de4-9fcb-70b90f20b243 req-f4f778d4-4928-4de4-9fcb-70b90f20b243 ] Request (AZAdminV2TestJSON:setUpClass): 204 PUT http://10.180.1.21/identity/v3/projects/a762c76e3fa541db84a7a3eb97e86cff/users/a018b78c9983402b8f82992f1be0e191/roles/292c9de72d40405aa65c05695061aac0 0.036s
2025-11-12 13:31:12.880 67733 INFO tempest.lib.common.dynamic_creds [-] Dynamic test user a018b78c9983402b8f82992f1be0e191 is created with scope project and roles: ['member']
2025-11-12 13:31:12.880 67733 INFO tempest.lib.common.dynamic_creds [-] Acquired dynamic creds: credentials: Credentials: {'domain_id': 'default', 'domain_name': 'Default', 'username': 'tempest-AZAdminV2TestJSON-477368663-project-member', 'project_domain_id': 'default', 'project_domain_name': 'Default', 'project_id': 'a762c76e3fa541db84a7a3eb97e86cff', 'project_name': 'tempest-AZAdminV2TestJSON-477368663', 'tenant_id': 'a762c76e3fa541db84a7a3eb97e86cff', 'tenant_name': 'tempest-AZAdminV2TestJSON-477368663', 'user_domain_id': 'default', 'user_domain_name': 'Default', 'user_id': 'a018b78c9983402b8f82992f1be0e191', 'system': None}, Network: None, Subnet: None, Router: None
2025-11-12 13:31:12.880 67733 INFO tempest.lib.common.dynamic_creds [-] Created isolated network resources for: credentials: Credentials: {'domain_id': 'default', 'domain_name': 'Default', 'username': 'tempest-AZAdminV2TestJSON-477368663-project-member', 'project_domain_id': 'default', 'project_domain_name': 'Default', 'project_id': 'a762c76e3fa541db84a7a3eb97e86cff', 'project_name': 'tempest-AZAdminV2TestJSON-477368663', 'tenant_id': 'a762c76e3fa541db84a7a3eb97e86cff', 'tenant_name': 'tempest-AZAdminV2TestJSON-477368663', 'user_domain_id': 'default', 'user_domain_name': 'Default', 'user_id': 'a018b78c9983402b8f82992f1be0e191', 'system': None}, Network: None, Subnet: None, Router: None
2025-11-12 13:31:12.962 67733 INFO tempest.lib.common.rest_client [req-b295009b-20c8-42f3-bb19-ac25941aa9a7 req-b295009b-20c8-42f3-bb19-ac25941aa9a7 ] Request (AZAdminV2TestJSON:setUpClass): 201 POST http://10.180.1.21/identity/v3/auth/tokens 0.078s
2025-11-12 13:31:13.020 67727 INFO tempest.lib.common.rest_client [req-2bc8cde0-0e20-408c-af30-6fa389cd2bb5 req-2bc8cde0-0e20-408c-af30-6fa389cd2bb5 ] Request (SecurityGroupRulesNegativeTestJSON:tearDownClass): 204 DELETE http://10.180.1.21/networking/v2.0/networks/bb134416-8d72-4498-82d7-17684deebc2a 0.393s
2025-11-12 13:31:13.046 67733 INFO tempest.lib.common.rest_client [req-f0787629-493b-4055-80dc-0df67686df99 req-f0787629-493b-4055-80dc-0df67686df99 ] Request (AZAdminV2TestJSON:setUpClass): 201 POST http://10.180.1.21/identity/v3/projects 0.083s
2025-11-12 13:31:13.049 67750 INFO tempest.lib.common.rest_client [req-18f0f505-4c1d-426c-b747-a161564a0412 req-18f0f505-4c1d-426c-b747-a161564a0412 ] Request (ServersListShow2100Test:test_list_show_rebuild_update_server_2100): 200 GET http://10.180.1.21/compute/v2.1/servers/9238499e-9cc2-4821-8d6c-ded4a753353b 2.615s
2025-11-12 13:31:13.093 67727 INFO tempest.lib.common.rest_client [req-24c386f6-ac21-4822-bd8c-e3920a3f90c7 req-24c386f6-ac21-4822-bd8c-e3920a3f90c7 ] Request (SecurityGroupRulesNegativeTestJSON:tearDownClass): 204 DELETE http://10.180.1.21/identity/v3/users/64a54ba4bce045f4ba970a4019d0b9fc 0.071s
2025-11-12 13:31:13.093 67727 INFO tempest.lib.common.dynamic_creds [-] Deleting project and security group for project: 65f44796aea447deb1b5b145e0df48b6
2025-11-12 13:31:13.126 67731 INFO tempest.lib.common.rest_client [req-f14d1e64-de7d-4110-a5d8-ef2aeade18a3 req-f14d1e64-de7d-4110-a5d8-ef2aeade18a3 ] Request (ServersAdminNegativeTestJSON:test_migrate_server_invalid_state): 200 GET http://10.180.1.21/compute/v2.1/servers/19fda7ad-5e49-41ea-8d49-5b63663084f7 2.647s
2025-11-12 13:31:13.131 67733 INFO tempest.lib.common.rest_client [req-e6e87e6d-c254-4381-b65c-d1282981cc97 req-e6e87e6d-c254-4381-b65c-d1282981cc97 ] Request (AZAdminV2TestJSON:setUpClass): 201 POST http://10.180.1.21/identity/v3/users 0.085s
2025-11-12 13:31:13.146 67727 INFO tempest.lib.common.rest_client [req-6165a419-275c-48a3-9579-d84ca2f3a380 req-6165a419-275c-48a3-9579-d84ca2f3a380 ] Request (SecurityGroupRulesNegativeTestJSON:tearDownClass): 200 GET http://10.180.1.21/networking/v2.0/security-groups?tenant_id=65f44796aea447deb1b5b145e0df48b6&name=default 0.053s
2025-11-12 13:31:13.181 67751 INFO tempest.lib.common.rest_client [req-93040f7c-90ab-4534-a956-721996d4da36 req-93040f7c-90ab-4534-a956-721996d4da36 ] Request (MigrationsAdminTest:test_resize_server_revert_deleted_flavor): 200 GET http://10.180.1.21/compute/v2.1/servers/6ae35292-f392-4e21-af85-90828a50e622 2.722s
2025-11-12 13:31:13.202 67733 INFO tempest.lib.common.rest_client [req-1046fcc0-b59b-42fb-85a0-f1d7ee6219bd req-1046fcc0-b59b-42fb-85a0-f1d7ee6219bd ] Request (AZAdminV2TestJSON:setUpClass): 200 GET http://10.180.1.21/identity/v3/roles 0.070s
2025-11-12 13:31:13.238 67733 INFO tempest.lib.common.rest_client [req-17a91503-717c-43ac-8390-7843a475537e req-17a91503-717c-43ac-8390-7843a475537e ] Request (AZAdminV2TestJSON:setUpClass): 204 PUT http://10.180.1.21/identity/v3/projects/84521d0e42c94fe485cee6cfbb9497e0/users/92a7ab93c49c4735b40c1a66f5f4aa7c/roles/b59b600eb96f4268a0e41fc122b87a21 0.035s
2025-11-12 13:31:13.271 67727 INFO tempest.lib.common.rest_client [req-92f2d652-dfb5-47ae-b67c-50ce3f91acbe req-92f2d652-dfb5-47ae-b67c-50ce3f91acbe ] Request (SecurityGroupRulesNegativeTestJSON:tearDownClass): 204 DELETE http://10.180.1.21/networking/v2.0/security-groups/5a3acd4e-ac62-4ac1-9164-3d4cd2c6910c 0.125s
2025-11-12 13:31:13.311 67715 INFO tempest.lib.common.rest_client [req-129bd8a9-dffd-4e49-892b-88908bd3e0c5 req-129bd8a9-dffd-4e49-892b-88908bd3e0c5 ] Request (ServerMetadataNegativeTestJSON:setUpClass): 200 GET http://10.180.1.21/compute/v2.1/servers/8e52b951-d663-4168-807f-fa925162084c 2.818s
2025-11-12 13:31:13.312 67762 INFO tempest.lib.common.rest_client [req-4fb29302-fee7-4148-8b8f-fbfd84dc0305 req-4fb29302-fee7-4148-8b8f-fbfd84dc0305 ] Request (ServersWithSpecificFlavorTestJSON:test_verify_created_server_ephemeral_disk): 200 GET http://10.180.1.21/compute/v2.1/servers/462abbd2-82c8-4aa5-8260-78f7dc8a470b 2.742s
2025-11-12 13:31:13.334 67737 INFO tempest.lib.common.rest_client [req-6e1cf9e3-9128-4a41-8d2d-7bc4cd40b566 req-6e1cf9e3-9128-4a41-8d2d-7bc4cd40b566 ] Request (SecurityGroupRulesTestJSON:tearDownClass): 404 DELETE http://10.180.1.21/compute/v2.1/os-security-groups/b2831dbc-a835-46b4-9524-1774b099612c 2.600s
2025-11-12 13:31:13.334 67733 INFO tempest.lib.common.rest_client [req-8dad00f7-87b2-44b2-82a3-361acd74f3c0 req-8dad00f7-87b2-44b2-82a3-361acd74f3c0 ] Request (AZAdminV2TestJSON:setUpClass): 200 GET http://10.180.1.21/identity/v3/roles 0.095s
2025-11-12 13:31:13.367 67733 INFO tempest.lib.common.rest_client [req-9e4f2da8-b13b-4efa-88dc-ceb16566ba90 req-9e4f2da8-b13b-4efa-88dc-ceb16566ba90 ] Request (AZAdminV2TestJSON:setUpClass): 204 PUT http://10.180.1.21/identity/v3/projects/84521d0e42c94fe485cee6cfbb9497e0/users/92a7ab93c49c4735b40c1a66f5f4aa7c/roles/b59b600eb96f4268a0e41fc122b87a21 0.031s
2025-11-12 13:31:13.368 67733 INFO tempest.lib.common.dynamic_creds [-] Dynamic test user 92a7ab93c49c4735b40c1a66f5f4aa7c is created with scope project and roles: ['admin']
2025-11-12 13:31:13.369 67733 INFO tempest.lib.common.dynamic_creds [-] Acquired dynamic creds: credentials: Credentials: {'domain_id': 'default', 'domain_name': 'Default', 'username': 'tempest-AZAdminV2TestJSON-1678149978-project-admin', 'project_domain_id': 'default', 'project_domain_name': 'Default', 'project_id': '84521d0e42c94fe485cee6cfbb9497e0', 'project_name': 'tempest-AZAdminV2TestJSON-1678149978', 'tenant_id': '84521d0e42c94fe485cee6cfbb9497e0', 'tenant_name': 'tempest-AZAdminV2TestJSON-1678149978', 'user_domain_id': 'default', 'user_domain_name': 'Default', 'user_id': '92a7ab93c49c4735b40c1a66f5f4aa7c', 'system': None}, Network: None, Subnet: None, Router: None
2025-11-12 13:31:13.369 67733 INFO tempest.lib.common.dynamic_creds [-] Created isolated network resources for: credentials: Credentials: {'domain_id': 'default', 'domain_name': 'Default', 'username': 'tempest-AZAdminV2TestJSON-1678149978-project-admin', 'project_domain_id': 'default', 'project_domain_name': 'Default', 'project_id': '84521d0e42c94fe485cee6cfbb9497e0', 'project_name': 'tempest-AZAdminV2TestJSON-1678149978', 'tenant_id': '84521d0e42c94fe485cee6cfbb9497e0', 'tenant_name': 'tempest-AZAdminV2TestJSON-1678149978', 'user_domain_id': 'default', 'user_domain_name': 'Default', 'user_id': '92a7ab93c49c4735b40c1a66f5f4aa7c', 'system': None}, Network: None, Subnet: None, Router: None
2025-11-12 13:31:13.402 67735 INFO tempest.lib.common.rest_client [req-f391f02d-6e47-4f3a-a676-c51a3eca96d0 req-f391f02d-6e47-4f3a-a676-c51a3eca96d0 ] Request (ServersTestJSON:test_create_server_specify_multibyte_character_name): 200 GET http://10.180.1.21/compute/v2.1/servers/19df5b9a-7ebb-4223-92fe-2b4380a3b8ea 2.754s
2025-11-12 13:31:13.455 67727 INFO tempest.lib.common.rest_client [req-86465535-06ae-41f8-a13b-80044ced9589 req-86465535-06ae-41f8-a13b-80044ced9589 ] Request (SecurityGroupRulesNegativeTestJSON:tearDownClass): 204 DELETE http://10.180.1.21/identity/v3/projects/65f44796aea447deb1b5b145e0df48b6 0.183s
2025-11-12 13:31:13.458 67778 INFO tempest.lib.common.rest_client [req-ed43fa18-d375-400a-a979-f0110c055230 req-ed43fa18-d375-400a-a979-f0110c055230 ] Request (ServerAddressesNegativeTestJSON:tearDownClass): 200 GET http://10.180.1.21/compute/v2.1/servers/62b43bc3-f6f3-4080-aeb7-ee7c996527ee 2.699s
2025-11-12 13:31:13.477 67723 INFO tempest.lib.common.rest_client [req-876c77dd-5477-4329-ada8-0ff75d7087f2 req-876c77dd-5477-4329-ada8-0ff75d7087f2 ] Request (SecurityGroupsTestJSON:test_security_groups_create_list_delete): 404 GET http://10.180.1.21/compute/v2.1/os-security-groups/454f9adc-6371-49ec-99c7-2cf834593947 2.616s
2025-11-12 13:31:13.483 67760 INFO tempest.lib.common.rest_client [req-75ed6f77-042f-40f8-9012-6e194c04034f req-75ed6f77-042f-40f8-9012-6e194c04034f ] Request (ListImageFiltersTestJSON:tearDownClass): 404 GET http://10.180.1.21/compute/v2.1/servers/fad92957-eb18-4d01-a70b-ed1c10033106 2.587s
2025-11-12 13:31:13.497 67756 INFO tempest.lib.common.rest_client [req-974462e0-ac5c-4b11-a96c-12da5914ce76 req-974462e0-ac5c-4b11-a96c-12da5914ce76 ] Request (FlavorsV2TestJSON:test_list_flavors_with_detail): 200 GET http://10.180.1.21/compute/v2.1/flavors/42 2.537s
2025-11-12 13:31:13.502 67733 INFO tempest.lib.common.rest_client [req-b4ca1e56-6532-49b5-bf8c-3758c9812206 req-b4ca1e56-6532-49b5-bf8c-3758c9812206 ] Request (AZAdminV2TestJSON:setUpClass): 201 POST http://10.180.1.21/identity/v3/auth/tokens 0.129s
2025-11-12 13:31:13.549 67727 INFO tempest.lib.common.rest_client [req-c02060f1-f378-467d-b91a-eabcae9decbd req-c02060f1-f378-467d-b91a-eabcae9decbd ] Request (ServerActionsTestJSON:setUpClass): 201 POST http://10.180.1.21/identity/v3/auth/tokens 0.091s
2025-11-12 13:31:13.593 67727 INFO tempest.lib.common.rest_client [req-982812c5-c2ae-479e-a8c2-be60157ec9fd req-982812c5-c2ae-479e-a8c2-be60157ec9fd ] Request (ServerActionsTestJSON:setUpClass): 201 POST http://10.180.1.21/identity/v3/auth/tokens 0.038s
2025-11-12 13:31:13.621 67727 INFO tempest.lib.common.rest_client [req-f82ad78d-1668-4aef-9f43-a8e6a2fd10d1 req-f82ad78d-1668-4aef-9f43-a8e6a2fd10d1 ] Request (ServerActionsTestJSON:setUpClass): 200 GET http://10.180.1.21/identity/v3/domains?name=Default 0.028s
2025-11-12 13:31:13.670 67756 INFO tempest.lib.common.rest_client [req-81657c57-c693-4ee1-ac74-78f6709346f4 req-81657c57-c693-4ee1-ac74-78f6709346f4 ] Request (FlavorsV2TestJSON:tearDownClass): 204 DELETE http://10.180.1.21/identity/v3/users/6ddb3876c74346d191cbcb8ea5f7acfb 0.156s
2025-11-12 13:31:13.670 67756 INFO tempest.lib.common.dynamic_creds [-] Deleting project and security group for project: f8a3ad6295d84b61a211a712b7d0602d
2025-11-12 13:31:13.719 67727 INFO tempest.lib.common.rest_client [req-8f5423a2-b1f5-4a40-a8b7-18e5dcfb61e4 req-8f5423a2-b1f5-4a40-a8b7-18e5dcfb61e4 ] Request (ServerActionsTestJSON:setUpClass): 201 POST http://10.180.1.21/identity/v3/projects 0.097s
2025-11-12 13:31:13.739 67766 INFO tempest.lib.common.rest_client [req-be20c8d6-6c31-45b2-af82-fea66b604cbf req-be20c8d6-6c31-45b2-af82-fea66b604cbf ] Request (ServerActionsTestOtherA:test_rebuild_server_in_stop_state): 200 GET http://10.180.1.21/compute/v2.1/servers/e295a63e-1e40-41be-8e84-885c61dc324f 2.498s
2025-11-12 13:31:13.745 67777 INFO tempest.lib.common.rest_client [req-3ec7187a-47a8-4e6e-b58a-a2f5d645f648 req-3ec7187a-47a8-4e6e-b58a-a2f5d645f648 ] Request (ServerDiskConfigTestJSON:test_resize_server_from_auto_to_manual): 200 GET http://10.180.1.21/compute/v2.1/servers/4591053e-a5a0-4ee6-992f-14ff976a4dcf 2.714s
2025-11-12 13:31:13.760 67756 INFO tempest.lib.common.rest_client [req-4fbe4697-7539-45ba-a39f-086452e3a16a req-4fbe4697-7539-45ba-a39f-086452e3a16a ] Request (FlavorsV2TestJSON:tearDownClass): 201 POST http://10.180.1.21/identity/v3/auth/tokens 0.090s
2025-11-12 13:31:13.795 67727 INFO tempest.lib.common.rest_client [req-2b18446b-5b75-4806-a8f2-839fde2e940a req-2b18446b-5b75-4806-a8f2-839fde2e940a ] Request (ServerActionsTestJSON:setUpClass): 201 POST http://10.180.1.21/identity/v3/users 0.076s
2025-11-12 13:31:13.818 67727 INFO tempest.lib.common.rest_client [req-87de2d36-4c7c-4c34-a9e2-8bcdf299e08f req-87de2d36-4c7c-4c34-a9e2-8bcdf299e08f ] Request (ServerActionsTestJSON:setUpClass): 200 GET http://10.180.1.21/identity/v3/roles 0.023s
2025-11-12 13:31:13.849 67727 INFO tempest.lib.common.rest_client [req-6a37acdc-721f-4b1a-abac-37e688d2eeeb req-6a37acdc-721f-4b1a-abac-37e688d2eeeb ] Request (ServerActionsTestJSON:setUpClass): 204 PUT http://10.180.1.21/identity/v3/projects/2a9a08de7a69407a89dc08f07ec69aad/users/0ddfe21030f94052a50e8cf4d272f59d/roles/292c9de72d40405aa65c05695061aac0 0.030s
2025-11-12 13:31:13.849 67727 INFO tempest.lib.common.dynamic_creds [-] Dynamic test user 0ddfe21030f94052a50e8cf4d272f59d is created with scope project and roles: ['member']
2025-11-12 13:31:13.849 67727 INFO tempest.lib.common.dynamic_creds [-] Acquired dynamic creds: credentials: Credentials: {'domain_id': 'default', 'domain_name': 'Default', 'username': 'tempest-ServerActionsTestJSON-939340692-project-member', 'project_domain_id': 'default', 'project_domain_name': 'Default', 'project_id': '2a9a08de7a69407a89dc08f07ec69aad', 'project_name': 'tempest-ServerActionsTestJSON-939340692', 'tenant_id': '2a9a08de7a69407a89dc08f07ec69aad', 'tenant_name': 'tempest-ServerActionsTestJSON-939340692', 'user_domain_id': 'default', 'user_domain_name': 'Default', 'user_id': '0ddfe21030f94052a50e8cf4d272f59d', 'system': None}, Network: None, Subnet: None, Router: None
2025-11-12 13:31:13.861 67717 INFO tempest.lib.common.rest_client [req-09130570-4e5f-4ce2-b0e4-e87829b6733b req-09130570-4e5f-4ce2-b0e4-e87829b6733b ] Request (AttachVolumeNegativeTest:test_attach_attached_volume_to_different_server): 200 GET http://10.180.1.21/compute/v2.1/servers/ffbb7c4c-9718-4080-aa56-95ddebdbe978 2.275s
2025-11-12 13:31:13.916 67747 INFO tempest.lib.common.rest_client [req-e38d814e-068b-4733-80e7-aa93ac3821f0 req-e38d814e-068b-4733-80e7-aa93ac3821f0 ] Request (ServerActionsTestOtherB:test_resize_server_confirm_from_stopped): 200 GET http://10.180.1.21/compute/v2.1/servers/373d094b-7f70-4a27-bbad-580dd58f92b4 2.347s
2025-11-12 13:31:13.926 67725 INFO tempest.lib.common.rest_client [req-f50270b3-ef5a-4956-bde1-30fef3faa77d req-f50270b3-ef5a-4956-bde1-30fef3faa77d ] Request (ServerRescueNegativeTestJSON:test_rescued_vm_detach_volume): 200 GET http://10.180.1.21/compute/v2.1/servers/73bdfbcd-21b6-4c6f-98c0-b64b532cb8a2 2.284s
2025-11-12 13:31:13.936 67727 INFO tempest.lib.common.rest_client [req-8455519c-19c9-4913-b070-3b8b759fe136 req-8455519c-19c9-4913-b070-3b8b759fe136 ] Request (ServerActionsTestJSON:setUpClass): 201 POST http://10.180.1.21/identity/v3/auth/tokens 0.086s
2025-11-12 13:31:13.982 67756 INFO tempest.lib.common.rest_client [req-339d1919-e24e-4de2-b3e1-b2e65acf3002 req-339d1919-e24e-4de2-b3e1-b2e65acf3002 ] Request (FlavorsV2TestJSON:tearDownClass): 200 GET http://10.180.1.21/networking/v2.0/security-groups?tenant_id=f8a3ad6295d84b61a211a712b7d0602d&name=default 0.221s
2025-11-12 13:31:13.988 67768 WARNING tempest.lib.common.ssh [-] Failed to establish authenticated ssh connection to cirros@10.180.180.168 ([Errno None] Unable to connect to port 22 on 10.180.180.168). Number attempts: 3. Retry after 4 seconds.: paramiko.ssh_exception.NoValidConnectionsError: [Errno None] Unable to connect to port 22 on 10.180.180.168
2025-11-12 13:31:14.204 67727 INFO tempest.lib.common.rest_client [req-07bcd3c7-d8ba-408a-bd2c-d92f4915bb63 req-07bcd3c7-d8ba-408a-bd2c-d92f4915bb63 ] Request (ServerActionsTestJSON:setUpClass): 201 POST http://10.180.1.21/networking/v2.0/networks 0.267s
2025-11-12 13:31:14.233 67756 INFO tempest.lib.common.rest_client [req-b7dded93-cacb-41f2-8cfa-0da29345994c req-b7dded93-cacb-41f2-8cfa-0da29345994c ] Request (FlavorsV2TestJSON:tearDownClass): 204 DELETE http://10.180.1.21/networking/v2.0/security-groups/17630e13-a021-4d72-9968-67b55da9627e 0.250s
2025-11-12 13:31:14.242 67764 INFO tempest.lib.common.rest_client [req-f608fa6d-ef54-4fc4-84e4-68bc6b3ea288 req-f608fa6d-ef54-4fc4-84e4-68bc6b3ea288 ] Request (ServersAdminTestJSON:_run_cleanups): 200 GET http://10.180.1.21/compute/v2.1/servers/31e27aa6-8b41-4901-92f1-a347e13df0bd 1.846s
2025-11-12 13:31:14.257 67764 INFO tempest.common.waiters [-] State transition "REBUILD/rebuilding" ==> "REBUILD/rebuild_spawning" after 3 second wait
2025-11-12 13:31:14.276 67729 INFO tempest.lib.common.rest_client [req-37677530-dc7a-4680-9233-71dd6c73c4c6 req-37677530-dc7a-4680-9233-71dd6c73c4c6 ] Request (FloatingIPsAssociationTestJSON:setUpClass): 200 GET http://10.180.1.21/compute/v2.1/servers/46992d8c-6111-4870-a593-d6d9ea932244 1.454s
2025-11-12 13:31:14.340 67756 INFO tempest.lib.common.rest_client [req-d0dee3f7-d265-4b45-bf51-73d420475867 req-d0dee3f7-d265-4b45-bf51-73d420475867 ] Request (FlavorsV2TestJSON:tearDownClass): 204 DELETE http://10.180.1.21/identity/v3/projects/f8a3ad6295d84b61a211a712b7d0602d 0.107s
2025-11-12 13:31:14.361 67772 INFO tempest.lib.common.rest_client [req-a2135d53-1d86-41c1-a2a2-42a93d34c034 req-a2135d53-1d86-41c1-a2a2-42a93d34c034 ] Request (ServerShowV254Test:test_rebuild_server): 200 GET http://10.180.1.21/compute/v2.1/servers/71980c2c-069a-47e4-ba0e-c2b27e74cf17 1.522s
2025-11-12 13:31:14.441 67756 INFO tempest.lib.common.rest_client [req-3ab90697-7f43-46dc-b931-34bae6ee032a req-3ab90697-7f43-46dc-b931-34bae6ee032a ] Request (ImagesOneServerNegativeTestJSON:setUpClass): 201 POST http://10.180.1.21/identity/v3/auth/tokens 0.099s
2025-11-12 13:31:14.447 67737 INFO tempest.lib.common.rest_client [req-8d249d08-4b23-49a1-88c2-b92e90e82904 req-8d249d08-4b23-49a1-88c2-b92e90e82904 ] Request (SecurityGroupRulesTestJSON:tearDownClass): 202 DELETE http://10.180.1.21/compute/v2.1/os-security-groups/568bc09e-91cc-4f16-ad67-06fe010ccb52 1.112s
