2025-12-09 05:52:35.675 67007 INFO tempest.lib.common.rest_client [req-ee3b4b29-a162-4f84-b33e-10c1d34d5baa req-ee3b4b29-a162-4f84-b33e-10c1d34d5baa ] Request (ServersAaction247Test:tearDownClass): 200 GET http://10.180.1.21/compute/v2.1/servers/b3c0381e-7c88-4ade-82a7-a6b0069af672 0.940s
2025-12-09 05:52:35.695 67027 INFO tempest.lib.common.rest_client [req-6bef214b-43b7-4e31-8921-936f336f8945 req-6bef214b-43b7-4e31-8921-936f336f8945 ] Request (FloatingIPsAssociationTestJSON:setUpClass): 200 GET http://10.180.1.21/compute/v2.1/servers/42f28db5-736d-4eed-a142-1c049c7ff340 0.932s
2025-12-09 05:52:35.751 67035 INFO tempest.lib.common.rest_client [req-ab04a242-b838-4984-a214-004319ff10aa req-ab04a242-b838-4984-a214-004319ff10aa ] Request (ServerDiskConfigTestJSON:setUpClass): 201 POST http://10.180.1.21/identity/v3/auth/tokens 0.100s
2025-12-09 05:52:35.785 67015 INFO tempest.lib.common.rest_client [req-b5ef2a07-fae0-4512-97e2-be7054876d33 req-b5ef2a07-fae0-4512-97e2-be7054876d33 ] Request (ServerActionsTestOtherB:setUpClass): 200 GET http://10.180.1.21/compute/v2.1/servers/88687214-6ddb-40a4-9a91-5bb3107189e8 1.006s
2025-12-09 05:52:35.793 67015 INFO tempest.common.waiters [-] State transition "BUILD/scheduling" ==> "BUILD/None" after 2 second wait
2025-12-09 05:52:35.808 67035 INFO tempest.lib.common.rest_client [req-6d09334d-b21d-400f-bf6c-724d378dfe53 req-6d09334d-b21d-400f-bf6c-724d378dfe53 ] Request (ServerDiskConfigTestJSON:test_rebuild_server_with_auto_disk_config): 201 POST http://10.180.1.21/identity/v3/auth/tokens 0.052s
2025-12-09 05:52:35.809 67035 INFO tempest.lib.common.fixed_network [-] (ServerDiskConfigTestJSON:test_rebuild_server_with_auto_disk_config) Found network {'id': '69c7bc4d-b73e-4ec9-ab52-2fc4f9f13801', 'name': 'tempest-ServerDiskConfigTestJSON-1850979292-network', 'tenant_id': '81bcbda576424a6eb55f341ce2f05543', 'project_id': '81bcbda576424a6eb55f341ce2f05543', 'admin_state_up': True, 'mtu': 8950, 'status': 'ACTIVE', 'subnets': [], 'shared': False, 'port_security_enabled': True, 'router:external': False, 'provider:network_type': 'vlan', 'provider:physical_network': 'default', 'provider:segmentation_id': 74, 'availability_zone_hints': [], 'availability_zones': [], 'ipv4_address_scope': None, 'ipv6_address_scope': None, 'description': '', 'tags': [], 'created_at': '2025-12-09T05:52:33Z', 'updated_at': '2025-12-09T05:52:33Z', 'revision_number': 1} available for tenant
2025-12-09 05:52:35.816 67021 INFO tempest.lib.common.rest_client [req-f35b27c9-58d7-4247-b831-33380a2d59a9 req-f35b27c9-58d7-4247-b831-33380a2d59a9 ] Request (ServersTestJSON:tearDownClass): 200 GET http://10.180.1.21/compute/v2.1/servers/3d106ca9-04e6-461f-9402-2f56b7cbf5ca 0.962s
2025-12-09 05:52:35.864 66995 INFO tempest.lib.common.rest_client [req-1139e481-be49-4aff-875f-60c38146646d req-1139e481-be49-4aff-875f-60c38146646d ] Request (ImagesOneServerTestJSON:test_create_image_specify_multibyte_character_image_name): 200 GET http://10.180.1.21/compute/v2.1/images/f2c1477b-f11f-4884-93b2-cba531f18d84 0.468s
2025-12-09 05:52:35.867 67019 INFO tempest.lib.common.rest_client [req-ad16661a-d859-47a3-b71b-c6aa879ddad6 req-ad16661a-d859-47a3-b71b-c6aa879ddad6 ] Request (ServerTagsTestJSON:test_update_all_tags): 201 PUT http://10.180.1.21/compute/v2.1/servers/44f6e754-9fe0-4253-bfdb-f476f00701d6/tags/tempest-tag-993505572 1.000s
2025-12-09 05:52:35.871 66997 INFO tempest.lib.common.rest_client [req-d59ad611-88b4-4208-9dd7-c90608f1ff07 req-d59ad611-88b4-4208-9dd7-c90608f1ff07 ] Request (VolumesAssistedSnapshotsTest:tearDownClass): 204 DELETE http://10.180.1.21/networking/v2.0/floatingips/17da94e3-7d49-489b-befc-7f8f82c191d1 0.301s
2025-12-09 05:52:35.891 66997 INFO tempest.lib.common.rest_client [req-ba3e3e8e-19e7-4308-8135-514f28aa96b7 req-ba3e3e8e-19e7-4308-8135-514f28aa96b7 ] Request (VolumesAssistedSnapshotsTest:tearDownClass): 404 DELETE http://10.180.1.21/volume/v3/volumes/c119fcfb-39bc-4f9b-b72d-035ca42b431e 0.018s
2025-12-09 05:52:35.909 66997 INFO tempest.lib.common.rest_client [req-6aa06324-5acd-4e79-b1f0-ef143c7b4d4a req-6aa06324-5acd-4e79-b1f0-ef143c7b4d4a ] Request (VolumesAssistedSnapshotsTest:tearDownClass): 404 GET http://10.180.1.21/volume/v3/volumes/c119fcfb-39bc-4f9b-b72d-035ca42b431e 0.018s
2025-12-09 05:52:36.603 67051 INFO tempest.lib.common.rest_client [req-04b516f3-d920-435f-9dc0-35abffac7aac req-04b516f3-d920-435f-9dc0-35abffac7aac ] Request (ServersAdminTestJSON:test_inject_network_info): 200 GET http://10.180.1.21/compute/v2.1/servers/d7d8f523-5cc6-41ca-8164-43d3dab37473 0.978s
2025-12-09 05:52:36.628 67043 INFO paramiko.transport [-] Connected (version 2.0, client dropbear_2020.81)
2025-12-09 05:52:36.658 67048 INFO tempest.lib.common.rest_client [req-b2afe321-6b2e-46b9-93b4-6ac021cb53ec req-b2afe321-6b2e-46b9-93b4-6ac021cb53ec ] Request (ImagesOneServerNegativeTestJSON:tearDown): 200 GET http://10.180.1.21/compute/v2.1/servers/e2cfdb53-4820-48e2-af6b-8aac4477f021 1.005s
2025-12-09 05:52:36.740 67043 INFO paramiko.transport [-] Authentication (publickey) successful!
2025-12-09 05:52:36.741 67043 INFO tempest.lib.common.ssh [-] ssh connection to cirros@10.180.180.199 successfully created
2025-12-09 05:52:36.756 66997 INFO tempest.lib.common.rest_client [req-8c927273-1361-424f-84aa-5c5b5d5b2e3e req-8c927273-1361-424f-84aa-5c5b5d5b2e3e ] Request (VolumesAssistedSnapshotsTest:tearDownClass): 200 PUT http://10.180.1.21/networking/v2.0/routers/25d92838-d26b-4803-8b87-1dc7de4be6fa/remove_router_interface 0.846s
2025-12-09 05:52:36.768 67041 INFO tempest.lib.common.rest_client [req-712d7ed9-e777-49e1-8e30-87eda038912f req-712d7ed9-e777-49e1-8e30-87eda038912f ] Request (ServerShowV254Test:test_rebuild_server): 200 GET http://10.180.1.21/compute/v2.1/servers/4dd886aa-4641-4835-a295-b6ed7c73055c 1.050s
2025-12-09 05:52:36.789 67033 INFO tempest.lib.common.rest_client [req-3717dcab-c520-4fb9-bf09-8b008e229992 req-3717dcab-c520-4fb9-bf09-8b008e229992 ] Request (AttachInterfacesTestJSON:_run_cleanups): 200 GET http://10.180.1.21/compute/v2.1/servers/13154080-ccc0-4eff-a859-70a2b122c54a 1.009s
2025-12-09 05:52:36.843 67017 INFO tempest.lib.common.rest_client [req-de7f5e7c-c95f-458e-92a3-026c358d4eae req-de7f5e7c-c95f-458e-92a3-026c358d4eae ] Request (ImagesTestJSON:test_create_image_from_stopped_server): 200 GET http://10.180.1.21/compute/v2.1/images/b8baf541-b7e0-4ec2-8261-88271a57a091 1.023s
2025-12-09 05:52:37.341 66997 INFO tempest.lib.common.rest_client [req-7b8f4d68-819d-4c70-adef-5e27c6602a37 req-7b8f4d68-819d-4c70-adef-5e27c6602a37 ] Request (VolumesAssistedSnapshotsTest:tearDownClass): 204 DELETE http://10.180.1.21/networking/v2.0/routers/25d92838-d26b-4803-8b87-1dc7de4be6fa 0.584s
2025-12-09 05:52:37.580 67003 INFO tempest.lib.common.rest_client [req-58dfdd4f-a511-450f-a3d1-ef79caae92fb req-58dfdd4f-a511-450f-a3d1-ef79caae92fb ] Request (ServersNegativeTestMultiTenantJSON:tearDownClass): 200 GET http://10.180.1.21/compute/v2.1/servers/aa1ef8bf-eb26-495c-baba-790aa20c1d1f 1.734s
2025-12-09 05:52:37.686 67019 INFO tempest.lib.common.rest_client [req-38a573b3-2c04-4201-9606-eb64b514f22b req-38a573b3-2c04-4201-9606-eb64b514f22b ] Request (ServerTagsTestJSON:test_update_all_tags): 201 PUT http://10.180.1.21/compute/v2.1/servers/44f6e754-9fe0-4253-bfdb-f476f00701d6/tags/tempest-tag-967366264 1.819s
2025-12-09 05:52:37.726 66997 INFO tempest.lib.common.rest_client [req-48ed61ae-a9e2-4933-b88b-e325939370da req-48ed61ae-a9e2-4933-b88b-e325939370da ] Request (VolumesAssistedSnapshotsTest:tearDownClass): 204 DELETE http://10.180.1.21/networking/v2.0/subnets/a79696bf-4cf6-4fee-91de-0af77c1b0b7b 0.385s
2025-12-09 05:52:37.732 67032 INFO tempest.lib.common.rest_client [req-d4453fbe-00d4-4179-bbf4-e122bf7b0e7f req-d4453fbe-00d4-4179-bbf4-e122bf7b0e7f ] Request (AttachInterfacesUnderV243Test:test_add_remove_fixed_ip): 200 GET http://10.180.1.21/compute/v2.1/servers/ec451d9e-f2ac-4849-8b2a-2a7446522364/ips 1.859s
2025-12-09 05:52:37.798 66999 INFO tempest.lib.common.rest_client [req-0bfb79e7-1af7-4795-854e-ba1323b9f8ee req-0bfb79e7-1af7-4795-854e-ba1323b9f8ee ] Request (ServersNegativeTestJSON:setUpClass): 200 GET http://10.180.1.21/compute/v2.1/servers/b929f132-cc06-464b-8a54-030792dfc9ab 1.835s
2025-12-09 05:52:37.888 67037 INFO tempest.lib.common.rest_client [req-0bb0d658-91d5-4cf2-9ac1-54f97249fcb2 req-0bb0d658-91d5-4cf2-9ac1-54f97249fcb2 ] Request (DeleteServersTestJSON:test_delete_server_while_in_attached_volume): 200 GET http://10.180.1.21/compute/v2.1/servers/ca06d714-e273-46c7-b964-a0ea198db8ed 1.793s
2025-12-09 05:52:37.942 67035 INFO tempest.lib.common.rest_client [req-fbb96d0b-a5d5-4159-9252-0e36b247e80d req-fbb96d0b-a5d5-4159-9252-0e36b247e80d ] Request (ServerDiskConfigTestJSON:test_rebuild_server_with_auto_disk_config): 202 POST http://10.180.1.21/compute/v2.1/servers 2.131s
2025-12-09 05:52:38.039 67045 INFO tempest.lib.common.rest_client [req-7934a3e7-24a8-4d87-9717-17b4a851b96b req-7934a3e7-24a8-4d87-9717-17b4a851b96b ] Request (MigrationsAdminTest:test_resize_server_revert_deleted_flavor): 200 GET http://10.180.1.21/compute/v2.1/servers/040e7e89-2168-429f-94af-aa1e850297f4 1.911s
2025-12-09 05:52:38.044 66997 INFO tempest.lib.common.rest_client [req-baafa672-8714-4674-bcac-37e7fc0441c5 req-baafa672-8714-4674-bcac-37e7fc0441c5 ] Request (VolumesAssistedSnapshotsTest:tearDownClass): 204 DELETE http://10.180.1.21/networking/v2.0/networks/9ec3c828-9550-4017-b0f0-b34ddbc2d4ce 0.317s
2025-12-09 05:52:38.049 67005 INFO tempest.lib.common.rest_client [req-cc407adc-3834-43c6-925c-480df8defa40 req-cc407adc-3834-43c6-925c-480df8defa40 ] Request (AttachInterfacesV270Test:tearDownClass): 200 GET http://10.180.1.21/compute/v2.1/servers/22efcc62-79a6-47e5-9a71-36cf6d6f7540 1.591s
2025-12-09 05:52:38.112 67053 WARNING tempest.lib.common.ssh [-] Failed to establish authenticated ssh connection to cirros@10.180.180.254 ([Errno None] Unable to connect to port 22 on 10.180.180.254). Number attempts: 5. Retry after 6 seconds.: paramiko.ssh_exception.NoValidConnectionsError: [Errno None] Unable to connect to port 22 on 10.180.180.254
2025-12-09 05:52:38.134 67056 INFO tempest.lib.common.rest_client [req-6ccceb3b-61bd-489f-abbc-a0dd76400b86 req-6ccceb3b-61bd-489f-abbc-a0dd76400b86 ] Request (ServerActionsTestOtherA:_run_cleanups): 200 GET http://10.180.1.21/compute/v2.1/servers/a8198ced-d298-4ff8-9409-5768dfc36463 1.554s
2025-12-09 05:52:38.145 67023 INFO tempest.lib.common.rest_client [req-468de932-621c-4d57-95b5-89ae4143464a req-468de932-621c-4d57-95b5-89ae4143464a ] Request (InstanceActionsTestJSON:tearDownClass): 200 GET http://10.180.1.21/compute/v2.1/servers/561e23a3-62cd-41bd-8a36-38b0890410a8 1.585s
2025-12-09 05:52:38.199 67027 INFO tempest.lib.common.rest_client [req-813df66f-0fd8-4fb6-be45-cb6257383a06 req-813df66f-0fd8-4fb6-be45-cb6257383a06 ] Request (FloatingIPsAssociationTestJSON:setUpClass): 200 GET http://10.180.1.21/compute/v2.1/servers/42f28db5-736d-4eed-a142-1c049c7ff340 1.492s
2025-12-09 05:52:38.219 67007 INFO tempest.lib.common.rest_client [req-49770536-a7d7-48ed-a578-848b11490250 req-49770536-a7d7-48ed-a578-848b11490250 ] Request (ServersAaction247Test:tearDownClass): 200 GET http://10.180.1.21/compute/v2.1/servers/b3c0381e-7c88-4ade-82a7-a6b0069af672 1.528s
2025-12-09 05:52:38.239 67043 INFO tempest.lib.common.rest_client [req-dd4ae290-06df-4fe9-af65-fe82caa79a60 req-dd4ae290-06df-4fe9-af65-fe82caa79a60 ] Request (AttachVolumeShelveTestJSON:test_attach_volume_shelved_or_offload_server): 200 GET http://10.180.1.21/compute/v2.1/servers/642b2be2-b040-4c7b-a8c1-22c870fa6aea/ips 1.498s
2025-12-09 05:52:38.286 67015 INFO tempest.lib.common.rest_client [req-bee391a5-6ae3-4d11-af0d-83aa4004584f req-bee391a5-6ae3-4d11-af0d-83aa4004584f ] Request (ServerActionsTestOtherB:setUpClass): 200 GET http://10.180.1.21/compute/v2.1/servers/88687214-6ddb-40a4-9a91-5bb3107189e8 1.491s
2025-12-09 05:52:38.317 67021 INFO tempest.lib.common.rest_client [req-4d67e793-a8fd-47de-a81b-dd49ed86b92a req-4d67e793-a8fd-47de-a81b-dd49ed86b92a ] Request (ServersTestJSON:tearDownClass): 200 GET http://10.180.1.21/compute/v2.1/servers/3d106ca9-04e6-461f-9402-2f56b7cbf5ca 1.493s
2025-12-09 05:52:38.355 66995 INFO tempest.lib.common.rest_client [req-370f9bc1-6bdc-49ca-aac3-a5851db1537b req-370f9bc1-6bdc-49ca-aac3-a5851db1537b ] Request (ImagesOneServerTestJSON:test_create_image_specify_multibyte_character_image_name): 200 GET http://10.180.1.21/compute/v2.1/images/f2c1477b-f11f-4884-93b2-cba531f18d84 1.485s
2025-12-09 05:52:38.474 67043 INFO tempest.lib.common.rest_client [req-f6fb9bbf-95fd-4cdc-a111-fb6806a2baac req-f6fb9bbf-95fd-4cdc-a111-fb6806a2baac ] Request (AttachVolumeShelveTestJSON:test_attach_volume_shelved_or_offload_server): 202 POST http://10.180.1.21/volume/v3/volumes 0.231s
2025-12-09 05:52:38.519 67043 INFO tempest.lib.common.rest_client [req-fc948011-c7a5-4e6b-9c71-ef35b1ba9b0a req-fc948011-c7a5-4e6b-9c71-ef35b1ba9b0a ] Request (AttachVolumeShelveTestJSON:test_attach_volume_shelved_or_offload_server): 200 GET http://10.180.1.21/volume/v3/volumes/fee9368c-6f70-4bb4-9d13-372a8056e03b 0.038s
2025-12-09 05:52:38.704 67051 INFO tempest.lib.common.rest_client [req-e192bebf-fbb7-4ff0-898b-19faacb08d0e req-e192bebf-fbb7-4ff0-898b-19faacb08d0e ] Request (ServersAdminTestJSON:test_inject_network_info): 200 GET http://10.180.1.21/compute/v2.1/servers/d7d8f523-5cc6-41ca-8164-43d3dab37473 1.089s
2025-12-09 05:52:38.732 67048 INFO tempest.lib.common.rest_client [req-4f05d495-ec92-4abe-bb3b-773c316281d8 req-4f05d495-ec92-4abe-bb3b-773c316281d8 ] Request (ImagesOneServerNegativeTestJSON:tearDown): 200 GET http://10.180.1.21/compute/v2.1/servers/e2cfdb53-4820-48e2-af6b-8aac4477f021 1.060s
2025-12-09 05:52:38.743 67048 INFO tempest.common.waiters [-] State transition "ACTIVE/image_pending_upload" ==> "ACTIVE/image_uploading" after 4 second wait
2025-12-09 05:52:38.772 67019 INFO tempest.lib.common.rest_client [req-9c979c9a-a8fd-4b4a-8204-a324b740696b req-9c979c9a-a8fd-4b4a-8204-a324b740696b ] Request (ServerTagsTestJSON:test_update_all_tags): 200 PUT http://10.180.1.21/compute/v2.1/servers/44f6e754-9fe0-4253-bfdb-f476f00701d6/tags 1.084s
2025-12-09 05:52:38.805 67041 INFO tempest.lib.common.rest_client [req-5bb7dd11-9e22-4184-895d-66af4ee6228f req-5bb7dd11-9e22-4184-895d-66af4ee6228f ] Request (ServerShowV254Test:test_rebuild_server): 200 GET http://10.180.1.21/compute/v2.1/servers/4dd886aa-4641-4835-a295-b6ed7c73055c 1.021s
2025-12-09 05:52:38.849 67017 INFO tempest.lib.common.rest_client [req-341861c8-ceb6-4af1-8432-a5ba967f6e48 req-341861c8-ceb6-4af1-8432-a5ba967f6e48 ] Request (ImagesTestJSON:test_create_image_from_stopped_server): 200 GET http://10.180.1.21/compute/v2.1/images/b8baf541-b7e0-4ec2-8261-88271a57a091 0.999s
2025-12-09 05:52:38.861 67033 INFO tempest.lib.common.rest_client [req-8ea37ded-f9f5-49fe-bbaa-794040015c36 req-8ea37ded-f9f5-49fe-bbaa-794040015c36 ] Request (AttachInterfacesTestJSON:_run_cleanups): 200 GET http://10.180.1.21/compute/v2.1/servers/13154080-ccc0-4eff-a859-70a2b122c54a 1.062s
2025-12-09 05:52:38.919 67035 INFO tempest.lib.common.rest_client [req-192cee6f-86ab-4656-bd7a-bceaf5286faf req-192cee6f-86ab-4656-bd7a-bceaf5286faf ] Request (ServerDiskConfigTestJSON:test_rebuild_server_with_auto_disk_config): 200 GET http://10.180.1.21/compute/v2.1/servers/d8ca2fb0-195f-41ff-84ae-3826d0249313 0.974s
2025-12-09 05:52:38.932 67003 INFO tempest.lib.common.rest_client [req-1910c3bd-2aa0-43ae-b52f-132615d52917 req-1910c3bd-2aa0-43ae-b52f-132615d52917 ] Request (ServersNegativeTestMultiTenantJSON:tearDownClass): 200 GET http://10.180.1.21/compute/v2.1/servers/aa1ef8bf-eb26-495c-baba-790aa20c1d1f 0.341s
2025-12-09 05:52:38.946 67032 INFO tempest.lib.common.rest_client [req-8e1c97d3-3192-4215-88e8-b96effbad664 req-8e1c97d3-3192-4215-88e8-b96effbad664 ] Request (AttachInterfacesUnderV243Test:test_add_remove_fixed_ip): 200 GET http://10.180.1.21/compute/v2.1/servers/ec451d9e-f2ac-4849-8b2a-2a7446522364/ips 0.209s
2025-12-09 05:52:38.954 67019 INFO tempest.lib.common.rest_client [req-c59e9555-98ba-42d4-90ea-0609a76de063 req-c59e9555-98ba-42d4-90ea-0609a76de063 ] Request (ServerTagsTestJSON:test_update_all_tags): 200 GET http://10.180.1.21/compute/v2.1/servers/44f6e754-9fe0-4253-bfdb-f476f00701d6/tags 0.181s
2025-12-09 05:52:38.977 67037 INFO tempest.lib.common.rest_client [req-248733c3-aa24-41bd-a81a-e6d760de98c5 req-248733c3-aa24-41bd-a81a-e6d760de98c5 ] Request (DeleteServersTestJSON:test_delete_server_while_in_attached_volume): 404 GET http://10.180.1.21/compute/v2.1/servers/ca06d714-e273-46c7-b964-a0ea198db8ed 0.077s
2025-12-09 05:52:38.997 66997 INFO tempest.lib.common.rest_client [req-77f0141c-62b2-4cba-9d3f-b4ed47c9e6fa req-77f0141c-62b2-4cba-9d3f-b4ed47c9e6fa ] Request (VolumesAssistedSnapshotsTest:tearDownClass): 200 PUT http://10.180.1.21/networking/v2.0/routers/8b5e16ec-d031-4682-805d-d02cebe253f5/remove_router_interface 0.953s
2025-12-09 05:52:39.002 66999 INFO tempest.lib.common.rest_client [req-ab48c23c-ef5d-4de6-9d31-95d4e46940ad req-ab48c23c-ef5d-4de6-9d31-95d4e46940ad ] Request (ServersNegativeTestJSON:setUpClass): 200 GET http://10.180.1.21/compute/v2.1/servers/b929f132-cc06-464b-8a54-030792dfc9ab 0.192s
2025-12-09 05:52:39.015 67037 INFO tempest.lib.common.rest_client [req-d8bb9541-6f0a-4020-a457-3fc859fa603e req-d8bb9541-6f0a-4020-a457-3fc859fa603e ] Request (DeleteServersTestJSON:test_delete_server_while_in_attached_volume): 200 GET http://10.180.1.21/volume/v3/volumes/443709ff-7c73-4e46-bd5b-26eeb3578acc 0.038s
2025-12-09 05:52:39.023 67037 INFO tempest.common.waiters [-] volume 443709ff-7c73-4e46-bd5b-26eeb3578acc reached available after waiting for 0.023565 seconds
2025-12-09 05:52:39.055 67037 INFO tempest.lib.common.rest_client [req-98360a94-dde0-431a-8c2c-37439cb3c1c1 req-98360a94-dde0-431a-8c2c-37439cb3c1c1 ] Request (DeleteServersTestJSON:_run_cleanups): 200 GET http://10.180.1.21/volume/v3/volumes/443709ff-7c73-4e46-bd5b-26eeb3578acc 0.031s
2025-12-09 05:52:39.058 67019 INFO tempest.lib.common.rest_client [req-669c968c-b75c-481d-8884-4d65b14f68ed req-669c968c-b75c-481d-8884-4d65b14f68ed ] Request (ServerTagsTestJSON:_run_cleanups): 204 DELETE http://10.180.1.21/compute/v2.1/servers/44f6e754-9fe0-4253-bfdb-f476f00701d6/tags 0.102s
2025-12-09 05:52:39.196 67032 INFO tempest.lib.common.rest_client [req-a254a744-4831-4905-a824-37a73c94fd0f req-a254a744-4831-4905-a824-37a73c94fd0f ] Request (AttachInterfacesUnderV243Test:test_add_remove_fixed_ip): 200 GET http://10.180.1.21/compute/v2.1/servers/ec451d9e-f2ac-4849-8b2a-2a7446522364 0.248s
2025-12-09 05:52:39.222 67045 INFO tempest.lib.common.rest_client [req-b662d8b6-8056-43ac-aa0c-bf00cf4aa56d req-b662d8b6-8056-43ac-aa0c-bf00cf4aa56d ] Request (MigrationsAdminTest:test_resize_server_revert_deleted_flavor): 200 GET http://10.180.1.21/compute/v2.1/servers/040e7e89-2168-429f-94af-aa1e850297f4 0.168s
2025-12-09 05:52:39.251 67037 INFO tempest.lib.common.rest_client [req-a15799c7-16a8-4591-acc4-ee5db58191e7 req-a15799c7-16a8-4591-acc4-ee5db58191e7 ] Request (DeleteServersTestJSON:_run_cleanups): 404 GET http://10.180.1.21/compute/v2.1/servers/ca06d714-e273-46c7-b964-a0ea198db8ed/os-volume_attachments 0.187s
2025-12-09 05:52:39.290 67037 INFO tempest.lib.common.rest_client [req-e7808434-6e62-40b4-8cfb-10cb04ccdb13 req-e7808434-6e62-40b4-8cfb-10cb04ccdb13 ] Request (DeleteServersTestJSON:_run_cleanups): 200 GET http://10.180.1.21/volume/v3/volumes/443709ff-7c73-4e46-bd5b-26eeb3578acc 0.039s
2025-12-09 05:52:39.297 67005 INFO tempest.lib.common.rest_client [req-1edb8d33-9bd1-4deb-91e7-3af2a38994c9 req-1edb8d33-9bd1-4deb-91e7-3af2a38994c9 ] Request (AttachInterfacesV270Test:tearDownClass): 200 GET http://10.180.1.21/compute/v2.1/servers/22efcc62-79a6-47e5-9a71-36cf6d6f7540 0.236s
2025-12-09 05:52:39.298 67037 INFO tempest.common.waiters [-] volume 443709ff-7c73-4e46-bd5b-26eeb3578acc reached available after waiting for 0.298275 seconds
2025-12-09 05:52:39.395 67019 INFO tempest.lib.common.rest_client [req-aad8d4b8-bfaa-403c-99fa-45fa05f6b49f req-aad8d4b8-bfaa-403c-99fa-45fa05f6b49f ] Request (ServerTagsTestJSON:tearDownClass): 204 DELETE http://10.180.1.21/compute/v2.1/servers/44f6e754-9fe0-4253-bfdb-f476f00701d6 0.330s
2025-12-09 05:52:39.423 67037 INFO tempest.lib.common.rest_client [req-ca3e56fb-83ea-4595-b75a-33edfb60cca3 req-ca3e56fb-83ea-4595-b75a-33edfb60cca3 ] Request (DeleteServersTestJSON:test_delete_server_while_in_building_state): 201 POST http://10.180.1.21/identity/v3/auth/tokens 0.119s
2025-12-09 05:52:39.423 67037 INFO tempest.lib.common.fixed_network [-] (DeleteServersTestJSON:test_delete_server_while_in_building_state) Found network {'id': '387aea6a-5361-4a69-9b87-f9537ce2d151', 'name': 'tempest-DeleteServersTestJSON-1770152369-network', 'tenant_id': '0009476bcaab4e97a27c053892f76c5c', 'project_id': '0009476bcaab4e97a27c053892f76c5c', 'admin_state_up': True, 'mtu': 8950, 'status': 'ACTIVE', 'subnets': [], 'shared': False, 'port_security_enabled': True, 'router:external': False, 'provider:network_type': 'vlan', 'provider:physical_network': 'default', 'provider:segmentation_id': 327, 'availability_zone_hints': [], 'availability_zones': [], 'ipv4_address_scope': None, 'ipv6_address_scope': None, 'description': '', 'tags': [], 'created_at': '2025-12-09T05:50:19Z', 'updated_at': '2025-12-09T05:50:19Z', 'revision_number': 1} available for tenant
2025-12-09 05:52:39.473 67056 INFO tempest.lib.common.rest_client [req-f5dfb1a7-7d90-4921-b7af-11387f8a79bd req-f5dfb1a7-7d90-4921-b7af-11387f8a79bd ] Request (ServerActionsTestOtherA:_run_cleanups): 200 GET http://10.180.1.21/compute/v2.1/servers/a8198ced-d298-4ff8-9409-5768dfc36463 0.325s
2025-12-09 05:52:39.522 67023 INFO tempest.lib.common.rest_client [req-7c6c67a1-4446-4208-b93e-6bcf602fb07c req-7c6c67a1-4446-4208-b93e-6bcf602fb07c ] Request (InstanceActionsTestJSON:tearDownClass): 200 GET http://10.180.1.21/compute/v2.1/servers/561e23a3-62cd-41bd-8a36-38b0890410a8 0.367s
2025-12-09 05:52:39.534 66997 INFO tempest.lib.common.rest_client [req-044d6182-2834-42a5-9c6d-b26324ca9fcc req-044d6182-2834-42a5-9c6d-b26324ca9fcc ] Request (VolumesAssistedSnapshotsTest:tearDownClass): 204 DELETE http://10.180.1.21/networking/v2.0/routers/8b5e16ec-d031-4682-805d-d02cebe253f5 0.537s
2025-12-09 05:52:39.563 67027 INFO tempest.lib.common.rest_client [req-13dccf57-0f96-493b-b749-113f29e5eea1 req-13dccf57-0f96-493b-b749-113f29e5eea1 ] Request (FloatingIPsAssociationTestJSON:setUpClass): 200 GET http://10.180.1.21/compute/v2.1/servers/42f28db5-736d-4eed-a142-1c049c7ff340 0.356s
2025-12-09 05:52:39.564 67032 INFO tempest.lib.common.rest_client [req-763f9a6d-f7d5-4cb3-8ea5-f03c27ccdce1 req-763f9a6d-f7d5-4cb3-8ea5-f03c27ccdce1 ] Request (AttachInterfacesUnderV243Test:test_add_remove_fixed_ip): 202 POST http://10.180.1.21/compute/v2.1/servers/ec451d9e-f2ac-4849-8b2a-2a7446522364/action 0.353s
2025-12-09 05:52:39.575 67043 INFO tempest.lib.common.rest_client [req-39f4ef36-3848-4569-a377-60c416638da8 req-39f4ef36-3848-4569-a377-60c416638da8 ] Request (AttachVolumeShelveTestJSON:test_attach_volume_shelved_or_offload_server): 200 GET http://10.180.1.21/volume/v3/volumes/fee9368c-6f70-4bb4-9d13-372a8056e03b 0.047s
2025-12-09 05:52:39.585 67043 INFO tempest.common.waiters [-] volume fee9368c-6f70-4bb4-9d13-372a8056e03b reached available after waiting for 1.585532 seconds
2025-12-09 05:52:39.586 67043 INFO tempest.lib.common.ssh [-] Creating ssh connection to '10.180.180.199:22' as 'cirros' with public key authentication
2025-12-09 05:52:39.590 67043 INFO paramiko.transport [-] Connected (version 2.0, client dropbear_2020.81)
2025-12-09 05:52:39.673 67007 INFO tempest.lib.common.rest_client [req-ead0ea45-ec26-4271-b824-5c6157e4abfe req-ead0ea45-ec26-4271-b824-5c6157e4abfe ] Request (ServersAaction247Test:tearDownClass): 200 GET http://10.180.1.21/compute/v2.1/servers/b3c0381e-7c88-4ade-82a7-a6b0069af672 0.439s
2025-12-09 05:52:39.684 67015 INFO tempest.lib.common.rest_client [req-3200f394-fd8f-4d90-8d77-2b901f0efd97 req-3200f394-fd8f-4d90-8d77-2b901f0efd97 ] Request (ServerActionsTestOtherB:setUpClass): 200 GET http://10.180.1.21/compute/v2.1/servers/88687214-6ddb-40a4-9a91-5bb3107189e8 0.387s
2025-12-09 05:52:39.702 67043 INFO paramiko.transport [-] Authentication (publickey) successful!
2025-12-09 05:52:39.702 67043 INFO tempest.lib.common.ssh [-] ssh connection to cirros@10.180.180.199 successfully created
2025-12-09 05:52:39.709 67043 INFO tempest.lib.common.ssh [-] Creating ssh connection to '10.180.180.199:22' as 'cirros' with public key authentication
2025-12-09 05:52:39.712 67043 INFO paramiko.transport [-] Connected (version 2.0, client dropbear_2020.81)
2025-12-09 05:52:39.757 66995 INFO tempest.lib.common.rest_client [req-df0ae397-66f1-4a60-894b-76f4086c65ad req-df0ae397-66f1-4a60-894b-76f4086c65ad ] Request (ImagesOneServerTestJSON:test_create_image_specify_multibyte_character_image_name): 200 GET http://10.180.1.21/compute/v2.1/images/f2c1477b-f11f-4884-93b2-cba531f18d84 0.394s
2025-12-09 05:52:39.773 66997 INFO tempest.lib.common.rest_client [req-38d09cc7-dd4b-4548-bc7d-e2a9f4ec5b30 req-38d09cc7-dd4b-4548-bc7d-e2a9f4ec5b30 ] Request (VolumesAssistedSnapshotsTest:tearDownClass): 204 DELETE http://10.180.1.21/networking/v2.0/subnets/9a3734d2-bfd6-46f4-b386-973d9258aae2 0.237s
2025-12-09 05:52:39.776 67043 INFO paramiko.transport [-] Authentication (publickey) successful!
2025-12-09 05:52:39.778 67043 INFO tempest.lib.common.ssh [-] ssh connection to cirros@10.180.180.199 successfully created
2025-12-09 05:52:39.815 67021 INFO tempest.lib.common.rest_client [req-ecb5cf9d-4dce-44d2-883a-1ee88a4ca051 req-ecb5cf9d-4dce-44d2-883a-1ee88a4ca051 ] Request (ServersTestJSON:tearDownClass): 200 GET http://10.180.1.21/compute/v2.1/servers/3d106ca9-04e6-461f-9402-2f56b7cbf5ca 0.486s
2025-12-09 05:52:40.033 67019 INFO tempest.lib.common.rest_client [req-363f3dab-f069-4864-bb3b-6f14d63a7a6e req-363f3dab-f069-4864-bb3b-6f14d63a7a6e ] Request (ServerTagsTestJSON:tearDownClass): 200 GET http://10.180.1.21/compute/v2.1/servers/44f6e754-9fe0-4253-bfdb-f476f00701d6 0.635s
2025-12-09 05:52:40.079 67032 INFO tempest.lib.common.rest_client [req-3cbf3b32-34f0-4738-8539-611b7ad8986a req-3cbf3b32-34f0-4738-8539-611b7ad8986a ] Request (AttachInterfacesUnderV243Test:test_add_remove_fixed_ip): 200 GET http://10.180.1.21/compute/v2.1/servers/ec451d9e-f2ac-4849-8b2a-2a7446522364/ips 0.514s
2025-12-09 05:52:40.138 66997 INFO tempest.lib.common.rest_client [req-e6aeac09-4f9f-4420-a2b7-5cc3e226468c req-e6aeac09-4f9f-4420-a2b7-5cc3e226468c ] Request (VolumesAssistedSnapshotsTest:tearDownClass): 204 DELETE http://10.180.1.21/networking/v2.0/networks/b0c8d2f9-1cdd-4aef-9507-2888af0683be 0.365s
2025-12-09 05:52:40.283 67051 INFO tempest.lib.common.rest_client [req-55b77c7e-c2ae-4527-b6ff-fc3553d08273 req-55b77c7e-c2ae-4527-b6ff-fc3553d08273 ] Request (ServersAdminTestJSON:test_inject_network_info): 200 GET http://10.180.1.21/compute/v2.1/servers/d7d8f523-5cc6-41ca-8164-43d3dab37473 0.569s
2025-12-09 05:52:40.419 67037 INFO tempest.lib.common.rest_client [req-c068b03c-526e-4c06-a4ac-5910518bd82c req-c068b03c-526e-4c06-a4ac-5910518bd82c ] Request (DeleteServersTestJSON:test_delete_server_while_in_building_state): 202 POST http://10.180.1.21/compute/v2.1/servers 0.995s
2025-12-09 05:52:40.444 67048 INFO tempest.lib.common.rest_client [req-da2437cd-40d2-410d-b208-93e1db1c57bd req-da2437cd-40d2-410d-b208-93e1db1c57bd ] Request (ImagesOneServerNegativeTestJSON:tearDown): 200 GET http://10.180.1.21/compute/v2.1/servers/e2cfdb53-4820-48e2-af6b-8aac4477f021 0.700s
2025-12-09 05:52:40.455 67048 INFO tempest.common.waiters [-] State transition "ACTIVE/image_uploading" ==> "ACTIVE/None" after 6 second wait
2025-12-09 05:52:40.538 67041 INFO tempest.lib.common.rest_client [req-1e4bba65-f206-4f39-b2ed-eac09f933483 req-1e4bba65-f206-4f39-b2ed-eac09f933483 ] Request (ServerShowV254Test:test_rebuild_server): 200 GET http://10.180.1.21/compute/v2.1/servers/4dd886aa-4641-4835-a295-b6ed7c73055c 0.717s
2025-12-09 05:52:40.861 67029 INFO paramiko.transport [-] Connected (version 2.0, client dropbear_2020.81)
2025-12-09 05:52:40.970 67029 INFO paramiko.transport [-] Authentication (publickey) successful!
2025-12-09 05:52:40.971 67029 INFO tempest.lib.common.ssh [-] ssh connection to cirros@10.180.180.200 successfully created
2025-12-09 05:52:41.008 67043 INFO tempest.lib.common.rest_client [req-51427071-d498-4df4-968b-9d017878d710 req-51427071-d498-4df4-968b-9d017878d710 ] Request (AttachVolumeShelveTestJSON:test_attach_volume_shelved_or_offload_server): 202 POST http://10.180.1.21/compute/v2.1/servers/642b2be2-b040-4c7b-a8c1-22c870fa6aea/action 1.230s
2025-12-09 05:52:41.010 67017 INFO tempest.lib.common.rest_client [req-1eb06a45-fbf4-45ca-8eff-881f0c80e793 req-1eb06a45-fbf4-45ca-8eff-881f0c80e793 ] Request (ImagesTestJSON:test_create_image_from_stopped_server): 200 GET http://10.180.1.21/compute/v2.1/images/b8baf541-b7e0-4ec2-8261-88271a57a091 1.156s
2025-12-09 05:52:41.122 67035 INFO tempest.lib.common.rest_client [req-7a02780d-329f-4ea8-979b-9a47b9c426da req-7a02780d-329f-4ea8-979b-9a47b9c426da ] Request (ServerDiskConfigTestJSON:test_rebuild_server_with_auto_disk_config): 200 GET http://10.180.1.21/compute/v2.1/servers/d8ca2fb0-195f-41ff-84ae-3826d0249313 1.196s
2025-12-09 05:52:41.128 66997 INFO tempest.lib.common.rest_client [req-8e15c67b-f08a-48a3-bdc8-957d3d5a21d3 req-8e15c67b-f08a-48a3-bdc8-957d3d5a21d3 ] Request (VolumesAssistedSnapshotsTest:tearDownClass): 200 PUT http://10.180.1.21/networking/v2.0/routers/2f50fbeb-2cbc-4fc5-aa64-ce6ee12727e5/remove_router_interface 0.989s
2025-12-09 05:52:41.137 67035 INFO tempest.common.waiters [-] State transition "BUILD/scheduling" ==> "BUILD/None" after 3 second wait
2025-12-09 05:52:41.147 67033 INFO tempest.lib.common.rest_client [req-d4b9ab62-020a-4999-85cf-f6330a41b389 req-d4b9ab62-020a-4999-85cf-f6330a41b389 ] Request (AttachInterfacesTestJSON:_run_cleanups): 200 GET http://10.180.1.21/compute/v2.1/servers/13154080-ccc0-4eff-a859-70a2b122c54a 1.277s
2025-12-09 05:52:41.200 67003 INFO tempest.lib.common.rest_client [req-17caa7f8-4284-4ac5-90bd-f7942bdaf30e req-17caa7f8-4284-4ac5-90bd-f7942bdaf30e ] Request (ServersNegativeTestMultiTenantJSON:tearDownClass): 200 GET http://10.180.1.21/compute/v2.1/servers/aa1ef8bf-eb26-495c-baba-790aa20c1d1f 1.258s
2025-12-09 05:52:41.215 67003 INFO tempest.common.waiters [-] State transition "ACTIVE/deleting" ==> "DELETED/None" after 7 second wait
2025-12-09 05:52:41.216 66999 INFO tempest.lib.common.rest_client [req-885bdb5b-e6ce-4ef5-80b4-4f487f340bd8 req-885bdb5b-e6ce-4ef5-80b4-4f487f340bd8 ] Request (ServersNegativeTestJSON:setUpClass): 200 GET http://10.180.1.21/compute/v2.1/servers/b929f132-cc06-464b-8a54-030792dfc9ab 1.204s
2025-12-09 05:52:41.287 67001 WARNING tempest.lib.common.ssh [-] Failed to establish authenticated ssh connection to cirros@10.180.180.138 ([Errno None] Unable to connect to port 22 on 10.180.180.138). Number attempts: 5. Retry after 6 seconds.: paramiko.ssh_exception.NoValidConnectionsError: [Errno None] Unable to connect to port 22 on 10.180.180.138
2025-12-09 05:52:41.352 67005 INFO tempest.lib.common.rest_client [req-e6b02a58-5a4d-404b-8232-74369655cdbe req-e6b02a58-5a4d-404b-8232-74369655cdbe ] Request (AttachInterfacesV270Test:tearDownClass): 200 GET http://10.180.1.21/compute/v2.1/servers/22efcc62-79a6-47e5-9a71-36cf6d6f7540 1.042s
2025-12-09 05:52:41.385 67045 INFO tempest.lib.common.rest_client [req-64a559c1-82d4-4251-9469-fddb77dce0b7 req-64a559c1-82d4-4251-9469-fddb77dce0b7 ] Request (MigrationsAdminTest:test_resize_server_revert_deleted_flavor): 200 GET http://10.180.1.21/compute/v2.1/servers/040e7e89-2168-429f-94af-aa1e850297f4 1.155s
2025-12-09 05:52:41.400 67045 INFO tempest.common.waiters [-] State transition "RESIZE/resize_prep" ==> "RESIZE/resize_migrating" after 27 second wait
2025-12-09 05:52:41.423 67037 INFO tempest.lib.common.rest_client [req-f12cc7c5-411f-4398-87a0-596b7532288a req-f12cc7c5-411f-4398-87a0-596b7532288a ] Request (DeleteServersTestJSON:test_delete_server_while_in_building_state): 200 GET http://10.180.1.21/compute/v2.1/servers/f423483d-476b-4699-8623-d123717e4712 1.001s
2025-12-09 05:52:41.488 67048 INFO tempest.lib.common.rest_client [req-bf857a85-6600-447b-abcb-db0b0f820c7c req-bf857a85-6600-447b-abcb-db0b0f820c7c ] Request (ImagesOneServerNegativeTestJSON:_run_cleanups): 204 DELETE http://10.180.1.21/compute/v2.1/servers/e2cfdb53-4820-48e2-af6b-8aac4477f021 1.032s
2025-12-09 05:52:41.506 67056 INFO tempest.lib.common.rest_client [req-ce75a911-3db8-4349-be89-d7dc82cea24f req-ce75a911-3db8-4349-be89-d7dc82cea24f ] Request (ServerActionsTestOtherA:_run_cleanups): 200 GET http://10.180.1.21/compute/v2.1/servers/a8198ced-d298-4ff8-9409-5768dfc36463 1.016s
2025-12-09 05:52:41.556 67023 INFO tempest.lib.common.rest_client [req-e69d5e7e-7a52-4734-9d5a-34e056da4b14 req-e69d5e7e-7a52-4734-9d5a-34e056da4b14 ] Request (InstanceActionsTestJSON:tearDownClass): 200 GET http://10.180.1.21/compute/v2.1/servers/561e23a3-62cd-41bd-8a36-38b0890410a8 1.024s
2025-12-09 05:52:41.576 67027 INFO tempest.lib.common.rest_client [req-e334a373-b5ca-451f-b85d-6cef058f9920 req-e334a373-b5ca-451f-b85d-6cef058f9920 ] Request (FloatingIPsAssociationTestJSON:setUpClass): 200 GET http://10.180.1.21/compute/v2.1/servers/42f28db5-736d-4eed-a142-1c049c7ff340 1.002s
2025-12-09 05:52:41.641 66997 INFO tempest.lib.common.rest_client [req-6d99282a-aacb-45e2-88ea-1d13bb2181d6 req-6d99282a-aacb-45e2-88ea-1d13bb2181d6 ] Request (VolumesAssistedSnapshotsTest:tearDownClass): 204 DELETE http://10.180.1.21/networking/v2.0/routers/2f50fbeb-2cbc-4fc5-aa64-ce6ee12727e5 0.512s
2025-12-09 05:52:41.674 67007 INFO tempest.lib.common.rest_client [req-af10a7c2-071d-4308-bd01-48e329ce59a6 req-af10a7c2-071d-4308-bd01-48e329ce59a6 ] Request (ServersAaction247Test:tearDownClass): 200 GET http://10.180.1.21/compute/v2.1/servers/b3c0381e-7c88-4ade-82a7-a6b0069af672 0.984s
2025-12-09 05:52:41.685 67007 INFO tempest.common.waiters [-] State transition "ACTIVE/deleting" ==> "DELETED/None" after 6 second wait
2025-12-09 05:52:41.738 67015 INFO tempest.lib.common.rest_client [req-dc7830aa-49fd-4504-92ed-386492341a10 req-dc7830aa-49fd-4504-92ed-386492341a10 ] Request (ServerActionsTestOtherB:setUpClass): 200 GET http://10.180.1.21/compute/v2.1/servers/88687214-6ddb-40a4-9a91-5bb3107189e8 1.034s
2025-12-09 05:52:41.902 66997 INFO tempest.lib.common.rest_client [req-a7079925-56ac-453d-8722-94f962c2b263 req-a7079925-56ac-453d-8722-94f962c2b263 ] Request (VolumesAssistedSnapshotsTest:tearDownClass): 204 DELETE http://10.180.1.21/networking/v2.0/subnets/c548b9ab-a353-4780-a61a-7532e338a2ab 0.260s
2025-12-09 05:52:41.982 67021 INFO tempest.lib.common.rest_client [req-da490843-d740-4542-bab2-dd278b4fa6ed req-da490843-d740-4542-bab2-dd278b4fa6ed ] Request (ServersTestJSON:tearDownClass): 200 GET http://10.180.1.21/compute/v2.1/servers/3d106ca9-04e6-461f-9402-2f56b7cbf5ca 1.154s
2025-12-09 05:52:42.022 67029 INFO tempest.lib.common.rest_client [req-7d4598f8-447b-455a-954a-6db9e71c9478 req-7d4598f8-447b-455a-954a-6db9e71c9478 ] Request (AttachVolumeTestJSON:test_attach_detach_volume): 200 GET http://10.180.1.21/compute/v2.1/servers/e10cfbde-8643-4f95-a6b4-8252f81f18b8/ips 1.051s
2025-12-09 05:52:42.025 67029 INFO tempest.lib.common.ssh [-] Creating ssh connection to '10.180.180.200:22' as 'cirros' with public key authentication
2025-12-09 05:52:42.028 67029 INFO paramiko.transport [-] Connected (version 2.0, client dropbear_2020.81)
2025-12-09 05:52:42.131 67029 INFO paramiko.transport [-] Authentication (publickey) successful!
2025-12-09 05:52:42.131 67029 INFO tempest.lib.common.ssh [-] ssh connection to cirros@10.180.180.200 successfully created
2025-12-09 05:52:42.131 67029 INFO tempest.lib.common.ssh [-] Creating ssh connection to '10.180.180.200:22' as 'cirros' with public key authentication
2025-12-09 05:52:42.134 67029 INFO paramiko.transport [-] Connected (version 2.0, client dropbear_2020.81)
2025-12-09 05:52:42.192 67029 INFO paramiko.transport [-] Authentication (publickey) successful!
2025-12-09 05:52:42.192 67029 INFO tempest.lib.common.ssh [-] ssh connection to cirros@10.180.180.200 successfully created
2025-12-09 05:52:42.244 66997 INFO tempest.lib.common.rest_client [req-153dcf00-90fa-4646-8a4d-13b8a2fa95e1 req-153dcf00-90fa-4646-8a4d-13b8a2fa95e1 ] Request (VolumesAssistedSnapshotsTest:tearDownClass): 204 DELETE http://10.180.1.21/networking/v2.0/networks/f4c1d821-ac0e-4d08-bd7a-dfabac599e0d 0.341s
2025-12-09 05:52:42.288 67043 INFO tempest.lib.common.rest_client [req-6edd7a3b-4146-4efa-a8d7-6a38c65f55f2 req-6edd7a3b-4146-4efa-a8d7-6a38c65f55f2 ] Request (AttachVolumeShelveTestJSON:test_attach_volume_shelved_or_offload_server): 200 GET http://10.180.1.21/compute/v2.1/servers/642b2be2-b040-4c7b-a8c1-22c870fa6aea 1.279s
2025-12-09 05:52:42.359 66997 INFO tempest.lib.common.rest_client [req-a17eacd7-ed3b-4b15-ba8a-10ccdbdbced0 req-a17eacd7-ed3b-4b15-ba8a-10ccdbdbced0 ] Request (VolumesAssistedSnapshotsTest:tearDownClass): 204 DELETE http://10.180.1.21/identity/v3/users/d4f8d7b35e904c19ae11dcf9e1462ae5 0.115s
2025-12-09 05:52:42.389 67019 INFO tempest.lib.common.rest_client [req-58a5744f-8827-43e3-b112-cbc375df3e8a req-58a5744f-8827-43e3-b112-cbc375df3e8a ] Request (ServerTagsTestJSON:tearDownClass): 200 GET http://10.180.1.21/compute/v2.1/servers/44f6e754-9fe0-4253-bfdb-f476f00701d6 1.346s
2025-12-09 05:52:42.421 67029 INFO tempest.lib.common.rest_client [req-ea9b08cf-07ba-4d93-86e7-64a49ecd5dfa req-ea9b08cf-07ba-4d93-86e7-64a49ecd5dfa ] Request (AttachVolumeTestJSON:test_attach_detach_volume): 202 POST http://10.180.1.21/volume/v3/volumes 0.222s
2025-12-09 05:52:42.433 67032 INFO tempest.lib.common.rest_client [req-6df1df5e-e4ed-4d78-9d1c-8ac9d142f777 req-6df1df5e-e4ed-4d78-9d1c-8ac9d142f777 ] Request (AttachInterfacesUnderV243Test:test_add_remove_fixed_ip): 200 GET http://10.180.1.21/compute/v2.1/servers/ec451d9e-f2ac-4849-8b2a-2a7446522364/ips 1.351s
2025-12-09 05:52:42.465 67029 INFO tempest.lib.common.rest_client [req-2199d1e4-5f93-48f3-bf0c-11ed1eeef5ab req-2199d1e4-5f93-48f3-bf0c-11ed1eeef5ab ] Request (AttachVolumeTestJSON:test_attach_detach_volume): 200 GET http://10.180.1.21/volume/v3/volumes/94e93902-0546-4259-ad2d-f32ec0371616 0.038s
2025-12-09 05:52:42.527 66997 INFO tempest.lib.common.rest_client [req-82630a00-7506-48c8-8199-76efb2942f9f req-82630a00-7506-48c8-8199-76efb2942f9f ] Request (VolumesAssistedSnapshotsTest:tearDownClass): 204 DELETE http://10.180.1.21/identity/v3/users/b78cf8ecedf64c6e85b8926678505242 0.167s
2025-12-09 05:52:42.627 67051 INFO tempest.lib.common.rest_client [req-ad66a092-9986-4be0-a33f-2fece909ce2d req-ad66a092-9986-4be0-a33f-2fece909ce2d ] Request (ServersAdminTestJSON:test_inject_network_info): 200 GET http://10.180.1.21/compute/v2.1/servers/d7d8f523-5cc6-41ca-8164-43d3dab37473 1.330s
2025-12-09 05:52:42.636 67051 INFO tempest.common.waiters [-] State transition "BUILD/spawning" ==> "ACTIVE/None" after 32 second wait
2025-12-09 05:52:42.707 66997 INFO tempest.lib.common.rest_client [req-5369245d-804a-4ff7-9b0f-f52a9832a8ce req-5369245d-804a-4ff7-9b0f-f52a9832a8ce ] Request (VolumesAssistedSnapshotsTest:tearDownClass): 204 DELETE http://10.180.1.21/identity/v3/users/45d15e368c724d529bab550f24a975cc 0.179s
2025-12-09 05:52:42.707 66997 INFO tempest.lib.common.dynamic_creds [-] Deleting project and security group for project: d5069bd0d1be4524b710dac57c96ff78
2025-12-09 05:52:42.747 66997 INFO tempest.lib.common.rest_client [req-3d0c3226-307a-465e-a709-73eaafb54bcf req-3d0c3226-307a-465e-a709-73eaafb54bcf ] Request (VolumesAssistedSnapshotsTest:tearDownClass): 200 GET http://10.180.1.21/networking/v2.0/security-groups?tenant_id=d5069bd0d1be4524b710dac57c96ff78&name=default 0.039s
2025-12-09 05:52:42.849 66997 INFO tempest.lib.common.rest_client [req-734b1c25-a833-4083-b4ca-201f417683ef req-734b1c25-a833-4083-b4ca-201f417683ef ] Request (VolumesAssistedSnapshotsTest:tearDownClass): 204 DELETE http://10.180.1.21/networking/v2.0/security-groups/c2039768-d2b6-435b-bf0b-e2dfd93f9ada 0.101s
2025-12-09 05:52:42.924 67037 INFO tempest.lib.common.rest_client [req-1d503e98-ca70-46b7-aa46-4dddc196c7d8 req-1d503e98-ca70-46b7-aa46-4dddc196c7d8 ] Request (DeleteServersTestJSON:test_delete_server_while_in_building_state): 204 DELETE http://10.180.1.21/compute/v2.1/servers/f423483d-476b-4699-8623-d123717e4712 1.494s
2025-12-09 05:52:42.980 66997 INFO tempest.lib.common.rest_client [req-4bbb830d-1c7d-441e-abab-0835dd078385 req-4bbb830d-1c7d-441e-abab-0835dd078385 ] Request (VolumesAssistedSnapshotsTest:tearDownClass): 204 DELETE http://10.180.1.21/identity/v3/projects/d5069bd0d1be4524b710dac57c96ff78 0.130s
2025-12-09 05:52:42.980 66997 INFO tempest.lib.common.dynamic_creds [-] Deleting project and security group for project: ab3899922aff4d0f836a4d95dc0518ef
2025-12-09 05:52:43.016 66997 INFO tempest.lib.common.rest_client [req-5c4f4f36-0552-4068-b937-d2a3fc5993b9 req-5c4f4f36-0552-4068-b937-d2a3fc5993b9 ] Request (VolumesAssistedSnapshotsTest:tearDownClass): 200 GET http://10.180.1.21/networking/v2.0/security-groups?tenant_id=ab3899922aff4d0f836a4d95dc0518ef&name=default 0.035s
2025-12-09 05:52:43.039 67048 INFO tempest.lib.common.rest_client [req-ca0f14a7-d1fb-4292-aaf9-3e33d8e57979 req-ca0f14a7-d1fb-4292-aaf9-3e33d8e57979 ] Request (ImagesOneServerNegativeTestJSON:_run_cleanups): 200 GET http://10.180.1.21/compute/v2.1/servers/e2cfdb53-4820-48e2-af6b-8aac4477f021 1.551s
2025-12-09 05:52:43.102 67041 INFO tempest.lib.common.rest_client [req-c2e501bd-604e-401c-9546-5f9fa924238c req-c2e501bd-604e-401c-9546-5f9fa924238c ] Request (ServerShowV254Test:test_rebuild_server): 200 GET http://10.180.1.21/compute/v2.1/servers/4dd886aa-4641-4835-a295-b6ed7c73055c 1.547s
2025-12-09 05:52:43.124 66997 INFO tempest.lib.common.rest_client [req-c7e6cd1c-0942-40c2-a2ba-162ef7ee9d9d req-c7e6cd1c-0942-40c2-a2ba-162ef7ee9d9d ] Request (VolumesAssistedSnapshotsTest:tearDownClass): 204 DELETE http://10.180.1.21/networking/v2.0/security-groups/217b2112-3f43-4ab2-9e59-d63378a83735 0.107s
2025-12-09 05:52:43.236 66997 INFO tempest.lib.common.rest_client [req-dd54984d-9d55-4ba4-8286-a0a32957e690 req-dd54984d-9d55-4ba4-8286-a0a32957e690 ] Request (VolumesAssistedSnapshotsTest:tearDownClass): 204 DELETE http://10.180.1.21/identity/v3/projects/ab3899922aff4d0f836a4d95dc0518ef 0.111s
2025-12-09 05:52:43.236 66997 INFO tempest.lib.common.dynamic_creds [-] Deleting project and security group for project: ffb6832f20514482b69392c17408475f
2025-12-09 05:52:43.268 66997 INFO tempest.lib.common.rest_client [req-1095b7ed-8002-47b2-82ac-134d76300023 req-1095b7ed-8002-47b2-82ac-134d76300023 ] Request (VolumesAssistedSnapshotsTest:tearDownClass): 200 GET http://10.180.1.21/networking/v2.0/security-groups?tenant_id=ffb6832f20514482b69392c17408475f&name=default 0.032s
2025-12-09 05:52:43.364 66997 INFO tempest.lib.common.rest_client [req-0d6f7099-4559-4af5-b1dd-c53d37add8d5 req-0d6f7099-4559-4af5-b1dd-c53d37add8d5 ] Request (VolumesAssistedSnapshotsTest:tearDownClass): 204 DELETE http://10.180.1.21/networking/v2.0/security-groups/d5488f7b-2bec-45a9-8077-5a13c2ce9bdb 0.096s
2025-12-09 05:52:43.479 66997 INFO tempest.lib.common.rest_client [req-de68fd61-582e-46b5-b560-85fad22f1b3b req-de68fd61-582e-46b5-b560-85fad22f1b3b ] Request (VolumesAssistedSnapshotsTest:tearDownClass): 204 DELETE http://10.180.1.21/identity/v3/projects/ffb6832f20514482b69392c17408475f 0.114s
2025-12-09 05:52:43.508 67029 INFO tempest.lib.common.rest_client [req-a1e5e7e4-bcad-4b15-87a5-001d65d70eda req-a1e5e7e4-bcad-4b15-87a5-001d65d70eda ] Request (AttachVolumeTestJSON:test_attach_detach_volume): 200 GET http://10.180.1.21/volume/v3/volumes/94e93902-0546-4259-ad2d-f32ec0371616 0.035s
2025-12-09 05:52:43.516 67029 INFO tempest.common.waiters [-] volume 94e93902-0546-4259-ad2d-f32ec0371616 reached available after waiting for 1.516415 seconds
2025-12-09 05:52:43.550 66997 INFO tempest.lib.common.rest_client [req-d6312a07-876b-4617-b215-8dd9861999dd req-d6312a07-876b-4617-b215-8dd9861999dd ] Request (ListImageFiltersTestJSON:setUpClass): 201 POST http://10.180.1.21/identity/v3/auth/tokens 0.068s
2025-12-09 05:52:43.598 66997 INFO tempest.lib.common.rest_client [req-97feed94-0df6-4545-8af2-10a86528553e req-97feed94-0df6-4545-8af2-10a86528553e ] Request (ListImageFiltersTestJSON:setUpClass): 201 POST http://10.180.1.21/identity/v3/auth/tokens 0.045s
2025-12-09 05:52:43.627 66997 INFO tempest.lib.common.rest_client [req-18fe31df-f9fe-4d0f-b1ed-775ee0c0345f req-18fe31df-f9fe-4d0f-b1ed-775ee0c0345f ] Request (ListImageFiltersTestJSON:setUpClass): 200 GET http://10.180.1.21/identity/v3/domains?name=Default 0.029s
2025-12-09 05:52:43.660 66997 INFO tempest.lib.common.rest_client [req-d427c9b6-543e-41b6-8c2d-be1751394248 req-d427c9b6-543e-41b6-8c2d-be1751394248 ] Request (ListImageFiltersTestJSON:setUpClass): 201 POST http://10.180.1.21/identity/v3/projects 0.032s
2025-12-09 05:52:43.729 66997 INFO tempest.lib.common.rest_client [req-d183a6d6-6b59-40ed-b5ba-8bc232fa0f58 req-d183a6d6-6b59-40ed-b5ba-8bc232fa0f58 ] Request (ListImageFiltersTestJSON:setUpClass): 201 POST http://10.180.1.21/identity/v3/users 0.069s
2025-12-09 05:52:43.752 66997 INFO tempest.lib.common.rest_client [req-d677e5ff-32b6-4d54-beca-038119ce7473 req-d677e5ff-32b6-4d54-beca-038119ce7473 ] Request (ListImageFiltersTestJSON:setUpClass): 200 GET http://10.180.1.21/identity/v3/roles 0.022s
2025-12-09 05:52:43.780 66997 INFO tempest.lib.common.rest_client [req-576299d4-1431-44ce-a9da-bd90910a8c23 req-576299d4-1431-44ce-a9da-bd90910a8c23 ] Request (ListImageFiltersTestJSON:setUpClass): 204 PUT http://10.180.1.21/identity/v3/projects/77558bf4e4104ea3873669ea080d4768/users/b946220314d847fb96e8804cb0ab0631/roles/3d08b420081c48909e87ffc0ce5c811d 0.028s
2025-12-09 05:52:43.781 66997 INFO tempest.lib.common.dynamic_creds [-] Dynamic test user b946220314d847fb96e8804cb0ab0631 is created with scope project and roles: ['member']
2025-12-09 05:52:43.781 66997 INFO tempest.lib.common.dynamic_creds [-] Acquired dynamic creds: credentials: Credentials: {'domain_id': 'default', 'domain_name': 'Default', 'username': 'tempest-ListImageFiltersTestJSON-672920454-project-member', 'project_domain_id': 'default', 'project_domain_name': 'Default', 'project_id': '77558bf4e4104ea3873669ea080d4768', 'project_name': 'tempest-ListImageFiltersTestJSON-672920454', 'tenant_id': '77558bf4e4104ea3873669ea080d4768', 'tenant_name': 'tempest-ListImageFiltersTestJSON-672920454', 'user_domain_id': 'default', 'user_domain_name': 'Default', 'user_id': 'b946220314d847fb96e8804cb0ab0631', 'system': None}, Network: None, Subnet: None, Router: None
2025-12-09 05:52:43.781 66997 INFO tempest.lib.common.dynamic_creds [-] Created isolated network resources for: credentials: Credentials: {'domain_id': 'default', 'domain_name': 'Default', 'username': 'tempest-ListImageFiltersTestJSON-672920454-project-member', 'project_domain_id': 'default', 'project_domain_name': 'Default', 'project_id': '77558bf4e4104ea3873669ea080d4768', 'project_name': 'tempest-ListImageFiltersTestJSON-672920454', 'tenant_id': '77558bf4e4104ea3873669ea080d4768', 'tenant_name': 'tempest-ListImageFiltersTestJSON-672920454', 'user_domain_id': 'default', 'user_domain_name': 'Default', 'user_id': 'b946220314d847fb96e8804cb0ab0631', 'system': None}, Network: None, Subnet: None, Router: None
2025-12-09 05:52:43.865 66997 INFO tempest.lib.common.rest_client [req-7bfc262d-148c-48e1-909f-648902f61549 req-7bfc262d-148c-48e1-909f-648902f61549 ] Request (ListImageFiltersTestJSON:setUpClass): 201 POST http://10.180.1.21/identity/v3/auth/tokens 0.081s
2025-12-09 05:52:44.617 67053 WARNING tempest.lib.common.ssh [-] Failed to establish authenticated ssh connection to cirros@10.180.180.254 ([Errno None] Unable to connect to port 22 on 10.180.180.254). Number attempts: 6. Retry after 7 seconds.: paramiko.ssh_exception.NoValidConnectionsError: [Errno None] Unable to connect to port 22 on 10.180.180.254
2025-12-09 05:52:47.401 66997 INFO tempest.lib.common.rest_client [req-1aa476c0-e311-46e1-acb3-4a28a1b4f081 req-1aa476c0-e311-46e1-acb3-4a28a1b4f081 ] Request (ListImageFiltersTestJSON:setUpClass): 201 POST http://10.180.1.21/image/v2/images 3.534s
2025-12-09 05:52:47.429 66995 INFO tempest.lib.common.rest_client [req-aaf7a553-6b18-43cd-a66a-8ce52367f002 req-aaf7a553-6b18-43cd-a66a-8ce52367f002 ] Request (ImagesOneServerTestJSON:test_create_image_specify_multibyte_character_image_name): 200 GET http://10.180.1.21/compute/v2.1/images/f2c1477b-f11f-4884-93b2-cba531f18d84 6.667s
2025-12-09 05:52:47.434 67017 INFO tempest.lib.common.rest_client [req-196fd692-6db2-455f-a739-9ce454413986 req-196fd692-6db2-455f-a739-9ce454413986 ] Request (ImagesTestJSON:test_create_image_from_stopped_server): 200 GET http://10.180.1.21/compute/v2.1/images/b8baf541-b7e0-4ec2-8261-88271a57a091 5.419s
2025-12-09 05:52:47.500 67035 INFO tempest.lib.common.rest_client [req-9ed4c657-2852-4732-9127-2b1cc69b7c0a req-9ed4c657-2852-4732-9127-2b1cc69b7c0a ] Request (ServerDiskConfigTestJSON:test_rebuild_server_with_auto_disk_config): 200 GET http://10.180.1.21/compute/v2.1/servers/d8ca2fb0-195f-41ff-84ae-3826d0249313 5.362s
2025-12-09 05:52:47.523 67033 INFO tempest.lib.common.rest_client [req-a13b2c6c-9684-442f-824e-df20850d9fb5 req-a13b2c6c-9684-442f-824e-df20850d9fb5 ] Request (AttachInterfacesTestJSON:_run_cleanups): 200 GET http://10.180.1.21/compute/v2.1/servers/13154080-ccc0-4eff-a859-70a2b122c54a 5.362s
2025-12-09 05:52:47.574 67003 INFO tempest.lib.common.rest_client [req-91071968-c01f-46ea-abb6-1bd88d1700af req-91071968-c01f-46ea-abb6-1bd88d1700af ] Request (ServersNegativeTestMultiTenantJSON:tearDownClass): 200 GET http://10.180.1.21/compute/v2.1/servers/aa1ef8bf-eb26-495c-baba-790aa20c1d1f 5.356s
