2025-12-09 05:50:32.611 67037 INFO tempest.lib.common.rest_client [req-1065291f-461d-4938-bebe-6e823c118331 req-1065291f-461d-4938-bebe-6e823c118331 ] Request (DeleteServersTestJSON:test_delete_active_server): 200 GET http://10.180.1.21/compute/v2.1/servers/24562543-5e5b-4352-a01f-b0fdf68310a8 2.880s
2025-12-09 05:50:32.651 67053 INFO tempest.lib.common.rest_client [req-c2d64efa-26c5-49fe-a100-0955c7042d24 req-c2d64efa-26c5-49fe-a100-0955c7042d24 ] Request (DeleteServersAdminTestJSON:test_delete_server_while_in_error_state): 200 GET http://10.180.1.21/compute/v2.1/servers/32d0e278-375b-4b5d-906d-f618f5726ef4 2.879s
2025-12-09 05:50:32.692 67019 INFO tempest.lib.common.rest_client [req-47026a6f-b4e2-4aba-b9aa-0667df58f8a7 req-47026a6f-b4e2-4aba-b9aa-0667df58f8a7 ] Request (FlavorsV261TestJSON:tearDownClass): 204 DELETE http://10.180.1.21/networking/v2.0/security-groups/7f18a1a9-c348-4459-a37e-34d145bd1de6 0.101s
2025-12-09 05:50:32.696 67003 INFO tempest.lib.common.rest_client [req-a36ee62b-14d2-4800-9d09-cb805e36b7eb req-a36ee62b-14d2-4800-9d09-cb805e36b7eb ] Request (ImagesMetadataNegativeTestJSON:setUpClass): 204 PUT http://10.180.1.21/identity/v3/projects/fe4a055f2ae34956a836addd0cb7be84/users/fa0a965522a748799c372eba13e822d3/roles/3d08b420081c48909e87ffc0ce5c811d 0.274s
2025-12-09 05:50:32.696 67003 INFO tempest.lib.common.dynamic_creds [-] Dynamic test user fa0a965522a748799c372eba13e822d3 is created with scope project and roles: ['member']
2025-12-09 05:50:32.696 67003 INFO tempest.lib.common.dynamic_creds [-] Acquired dynamic creds: credentials: Credentials: {'domain_id': 'default', 'domain_name': 'Default', 'username': 'tempest-ImagesMetadataNegativeTestJSON-736745199-project-member', 'project_domain_id': 'default', 'project_domain_name': 'Default', 'project_id': 'fe4a055f2ae34956a836addd0cb7be84', 'project_name': 'tempest-ImagesMetadataNegativeTestJSON-736745199', 'tenant_id': 'fe4a055f2ae34956a836addd0cb7be84', 'tenant_name': 'tempest-ImagesMetadataNegativeTestJSON-736745199', 'user_domain_id': 'default', 'user_domain_name': 'Default', 'user_id': 'fa0a965522a748799c372eba13e822d3', 'system': None}, Network: None, Subnet: None, Router: None
2025-12-09 05:50:32.696 67003 INFO tempest.lib.common.dynamic_creds [-] Created isolated network resources for: credentials: Credentials: {'domain_id': 'default', 'domain_name': 'Default', 'username': 'tempest-ImagesMetadataNegativeTestJSON-736745199-project-member', 'project_domain_id': 'default', 'project_domain_name': 'Default', 'project_id': 'fe4a055f2ae34956a836addd0cb7be84', 'project_name': 'tempest-ImagesMetadataNegativeTestJSON-736745199', 'tenant_id': 'fe4a055f2ae34956a836addd0cb7be84', 'tenant_name': 'tempest-ImagesMetadataNegativeTestJSON-736745199', 'user_domain_id': 'default', 'user_domain_name': 'Default', 'user_id': 'fa0a965522a748799c372eba13e822d3', 'system': None}, Network: None, Subnet: None, Router: None
2025-12-09 05:50:32.705 67029 INFO tempest.lib.common.rest_client [req-10b1a2cc-0cda-4703-8477-47b5e04948b0 req-10b1a2cc-0cda-4703-8477-47b5e04948b0 ] Request (ServicesAdminNegativeV253TestJSON:tearDownClass): 204 DELETE http://10.180.1.21/identity/v3/projects/a699836518844a389b7f1fa087d3f390 0.286s
2025-12-09 05:50:32.705 67029 INFO tempest.lib.common.dynamic_creds [-] Deleting project and security group for project: 925bda1d3519426db85f5a2ce1819786
2025-12-09 05:50:32.724 67023 INFO tempest.lib.common.rest_client [req-4b0a8c54-b72d-469b-affa-9348b048c998 req-4b0a8c54-b72d-469b-affa-9348b048c998 ] Request (VolumesAdminNegativeTest:test_update_attached_volume_with_nonexistent_volume_in_uri): 200 GET http://10.180.1.21/volume/v3/volumes/9e183369-2111-471d-b368-d77b07a45095 0.032s
2025-12-09 05:50:32.726 67043 INFO tempest.lib.common.rest_client [req-b819c1bf-288a-4553-b82a-1552258bf58d req-b819c1bf-288a-4553-b82a-1552258bf58d ] Request (ServerDiagnosticsV248Test:tearDownClass): 200 GET http://10.180.1.21/compute/v2.1/servers/c639e568-6e30-4207-b385-212fe64771d0 2.941s
2025-12-09 05:50:32.731 67023 INFO tempest.common.waiters [-] volume 9e183369-2111-471d-b368-d77b07a45095 reached available after waiting for 1.731585 seconds
2025-12-09 05:50:32.739 67043 INFO tempest.common.waiters [-] State transition "ACTIVE/deleting" ==> "DELETED/None" after 4 second wait
2025-12-09 05:50:32.768 67021 INFO tempest.lib.common.rest_client [req-32a72af6-6133-45c6-8320-9d37e1a38ef8 req-32a72af6-6133-45c6-8320-9d37e1a38ef8 ] Request (ServersTestJSON:setUpClass): 200 GET http://10.180.1.21/identity/v3/roles 0.287s
2025-12-09 05:50:32.791 67035 INFO tempest.lib.common.rest_client [req-058d935b-fb20-456e-9c19-8925bc96bb4d req-058d935b-fb20-456e-9c19-8925bc96bb4d ] Request (QuotasAdminTestV236:setUpClass): 201 POST http://10.180.1.21/identity/v3/auth/tokens 0.302s
2025-12-09 05:50:32.793 67033 INFO tempest.lib.common.rest_client [req-ea56156b-7edd-43da-aaae-03c73a311ac3 req-ea56156b-7edd-43da-aaae-03c73a311ac3 ] Request (AttachInterfacesTestJSON:test_create_list_show_delete_interfaces_by_fixed_ip): 200 GET http://10.180.1.21/compute/v2.1/servers/13154080-ccc0-4eff-a859-70a2b122c54a 2.636s
2025-12-09 05:50:32.808 67005 INFO tempest.lib.common.rest_client [req-e7fa9773-40fe-4950-9a80-faabf59a5d59 req-e7fa9773-40fe-4950-9a80-faabf59a5d59 ] Request (HostsAdminNegativeTestJSON:test_show_host_detail_with_nonexistent_hostname): 404 GET http://10.180.1.21/compute/v2.1/os-hosts/nonexistent_hostname 2.629s
2025-12-09 05:50:32.812 67039 INFO tempest.lib.common.rest_client [req-23976ac8-1843-4d7d-b198-e70c3cd352a1 req-23976ac8-1843-4d7d-b198-e70c3cd352a1 ] Request (ServerDiagnosticsTest:setUpClass): 201 POST http://10.180.1.21/identity/v3/projects 0.231s
2025-12-09 05:50:32.815 67048 INFO tempest.lib.common.rest_client [req-83ab90c5-2a8e-4cd2-8376-a7c3ee193bd2 req-83ab90c5-2a8e-4cd2-8376-a7c3ee193bd2 ] Request (ImagesOneServerNegativeTestJSON:test_create_image_specify_invalid_metadata): 400 POST http://10.180.1.21/compute/v2.1/servers/5adb8222-c02a-471b-8ef4-91e21af1669d/action 2.157s
2025-12-09 05:50:32.844 67029 INFO tempest.lib.common.rest_client [req-9d3ad1f9-f791-4c83-8fe5-36b547040162 req-9d3ad1f9-f791-4c83-8fe5-36b547040162 ] Request (ServicesAdminNegativeV253TestJSON:tearDownClass): 200 GET http://10.180.1.21/networking/v2.0/security-groups?tenant_id=925bda1d3519426db85f5a2ce1819786&name=default 0.138s
2025-12-09 05:50:32.867 66999 INFO tempest.lib.common.rest_client [req-d5a9ac8f-f494-448a-8b4e-1a36bcf34fd3 req-d5a9ac8f-f494-448a-8b4e-1a36bcf34fd3 ] Request (ImagesNegativeTestJSON:test_create_image_from_deleted_server): 201 POST http://10.180.1.21/identity/v3/auth/tokens 0.259s
2025-12-09 05:50:32.867 66999 INFO tempest.lib.common.fixed_network [-] (ImagesNegativeTestJSON:test_create_image_from_deleted_server) Found network {'id': '044a3927-6fde-4b4c-ad1d-1cbfb3a0a805', 'name': 'tempest-ImagesNegativeTestJSON-992406778-network', 'tenant_id': 'b27440ee577e4e4dbbbe652b3245198d', 'project_id': 'b27440ee577e4e4dbbbe652b3245198d', 'admin_state_up': True, 'mtu': 8950, 'status': 'ACTIVE', 'subnets': [], 'shared': False, 'port_security_enabled': True, 'router:external': False, 'provider:network_type': 'vlan', 'provider:physical_network': 'default', 'provider:segmentation_id': 245, 'availability_zone_hints': [], 'availability_zones': [], 'ipv4_address_scope': None, 'ipv6_address_scope': None, 'description': '', 'tags': [], 'created_at': '2025-12-09T05:50:29Z', 'updated_at': '2025-12-09T05:50:29Z', 'revision_number': 1} available for tenant
2025-12-09 05:50:32.870 67027 INFO tempest.lib.common.rest_client [req-de402f79-bfdd-4138-9c42-f74a3471fd24 req-de402f79-bfdd-4138-9c42-f74a3471fd24 ] Request (FlavorsAdminTestJSON:_run_cleanups): 202 DELETE http://10.180.1.21/compute/v2.1/flavors/5423225f-720d-40ab-a2f1-fddef8c22bc9 1.978s
2025-12-09 05:50:32.894 67013 INFO tempest.lib.common.rest_client [req-7ccbcf6b-9a0d-488b-ad45-6a226ec342fa req-7ccbcf6b-9a0d-488b-ad45-6a226ec342fa ] Request (FlavorsV2TestJSON:test_list_flavors_filter_by_min_disk): 200 GET http://10.180.1.21/compute/v2.1/flavors?minDisk=2 1.987s
2025-12-09 05:50:32.907 67051 INFO tempest.lib.common.rest_client [req-a7afe673-8214-4ff9-b109-6e6712412eb6 req-a7afe673-8214-4ff9-b109-6e6712412eb6 ] Request (FlavorsExtraSpecsTestJSON:test_flavor_set_get_update_show_unset_keys): 200 GET http://10.180.1.21/compute/v2.1/flavors/737787429/os-extra_specs 1.804s
2025-12-09 05:50:32.932 67019 INFO tempest.lib.common.rest_client [req-8a9d92f7-952f-4f7c-b2a2-6147e7b9fad2 req-8a9d92f7-952f-4f7c-b2a2-6147e7b9fad2 ] Request (FlavorsV261TestJSON:tearDownClass): 204 DELETE http://10.180.1.21/identity/v3/projects/d20b05c1e3b74a229561812c059c5bc4 0.239s
2025-12-09 05:50:32.945 67029 INFO tempest.lib.common.rest_client [req-2fcd6803-246a-46e9-9e5b-e791c3d0f7e8 req-2fcd6803-246a-46e9-9e5b-e791c3d0f7e8 ] Request (ServicesAdminNegativeV253TestJSON:tearDownClass): 204 DELETE http://10.180.1.21/networking/v2.0/security-groups/301617d8-737a-412b-bb88-0d7218923dd6 0.101s
2025-12-09 05:50:32.955 67003 INFO tempest.lib.common.rest_client [req-72b96da7-9b08-46ac-9b88-593c374b5edb req-72b96da7-9b08-46ac-9b88-593c374b5edb ] Request (ImagesMetadataNegativeTestJSON:setUpClass): 201 POST http://10.180.1.21/identity/v3/auth/tokens 0.254s
2025-12-09 05:50:33.025 67021 INFO tempest.lib.common.rest_client [req-87219baf-8150-408d-9b46-b6f5c8daccab req-87219baf-8150-408d-9b46-b6f5c8daccab ] Request (ServersTestJSON:setUpClass): 204 PUT http://10.180.1.21/identity/v3/projects/7722bd06aa47453297f6579496670267/users/1172355165314eeaae40b0c7bc7fa7f8/roles/3d08b420081c48909e87ffc0ce5c811d 0.256s
2025-12-09 05:50:33.025 67021 INFO tempest.lib.common.dynamic_creds [-] Dynamic test user 1172355165314eeaae40b0c7bc7fa7f8 is created with scope project and roles: ['member']
2025-12-09 05:50:33.025 67021 INFO tempest.lib.common.dynamic_creds [-] Acquired dynamic creds: credentials: Credentials: {'domain_id': 'default', 'domain_name': 'Default', 'username': 'tempest-ServersTestJSON-1603909815-project-member', 'project_domain_id': 'default', 'project_domain_name': 'Default', 'project_id': '7722bd06aa47453297f6579496670267', 'project_name': 'tempest-ServersTestJSON-1603909815', 'tenant_id': '7722bd06aa47453297f6579496670267', 'tenant_name': 'tempest-ServersTestJSON-1603909815', 'user_domain_id': 'default', 'user_domain_name': 'Default', 'user_id': '1172355165314eeaae40b0c7bc7fa7f8', 'system': None}, Network: None, Subnet: None, Router: None
2025-12-09 05:50:33.039 67039 INFO tempest.lib.common.rest_client [req-e7cd03cd-98bd-40c3-a6ce-230c76c69a9c req-e7cd03cd-98bd-40c3-a6ce-230c76c69a9c ] Request (ServerDiagnosticsTest:setUpClass): 201 POST http://10.180.1.21/identity/v3/users 0.226s
2025-12-09 05:50:33.069 67049 INFO tempest.lib.common.rest_client [req-65b079a5-b3e8-4806-be6c-9c4ed4e38f30 req-65b079a5-b3e8-4806-be6c-9c4ed4e38f30 ] Request (SecurityGroupRulesNegativeTestJSON:test_create_security_group_rule_with_invalid_to_port): 200 POST http://10.180.1.21/compute/v2.1/os-security-groups 1.708s
2025-12-09 05:50:33.086 67009 INFO tempest.lib.common.rest_client [req-15520d86-21c6-464c-aa4b-6bd3e146b046 req-15520d86-21c6-464c-aa4b-6bd3e146b046 ] Request (FlavorsAccessNegativeTestJSON:test_flavor_non_admin_remove): 200 POST http://10.180.1.21/compute/v2.1/flavors 1.686s
2025-12-09 05:50:33.093 67019 INFO tempest.lib.common.rest_client [req-8979cc08-82e4-44a6-a215-232ea02697d0 req-8979cc08-82e4-44a6-a215-232ea02697d0 ] Request (HostsAdminTestJSON:setUpClass): 201 POST http://10.180.1.21/identity/v3/auth/tokens 0.158s
2025-12-09 05:50:33.096 66997 WARNING tempest.lib.common.ssh [-] Failed to establish authenticated ssh connection to cirros@10.180.180.133 ([Errno None] Unable to connect to port 22 on 10.180.180.133). Number attempts: 2. Retry after 3 seconds.: paramiko.ssh_exception.NoValidConnectionsError: [Errno None] Unable to connect to port 22 on 10.180.180.133
2025-12-09 05:50:33.113 67007 INFO tempest.lib.common.rest_client [req-48440d04-76ae-47cd-ab81-b2297af99814 req-48440d04-76ae-47cd-ab81-b2297af99814 ] Request (AggregatesAdminNegativeTestJSON:test_aggregate_create_with_existent_aggregate_name): 200 POST http://10.180.1.21/compute/v2.1/os-aggregates 1.714s
2025-12-09 05:50:33.120 67011 INFO tempest.lib.common.rest_client [req-77da06a3-ed93-4b1a-9d83-32de1d8eab18 req-77da06a3-ed93-4b1a-9d83-32de1d8eab18 ] Request (MultipleCreateNegativeTestJSON:test_max_count_non_integer): 400 POST http://10.180.1.21/compute/v2.1/servers 1.447s
2025-12-09 05:50:33.127 67021 INFO tempest.lib.common.rest_client [req-498ec2e8-cc98-42de-818a-264e850566a5 req-498ec2e8-cc98-42de-818a-264e850566a5 ] Request (ServersTestJSON:setUpClass): 201 POST http://10.180.1.21/identity/v3/auth/tokens 0.102s
2025-12-09 05:50:33.183 67029 INFO tempest.lib.common.rest_client [req-73484d27-6f5e-4533-a4d6-15c88a4820de req-73484d27-6f5e-4533-a4d6-15c88a4820de ] Request (ServicesAdminNegativeV253TestJSON:tearDownClass): 204 DELETE http://10.180.1.21/identity/v3/projects/925bda1d3519426db85f5a2ce1819786 0.237s
2025-12-09 05:50:33.191 67039 INFO tempest.lib.common.rest_client [req-94748648-446b-455a-8707-194ffbdfdfcc req-94748648-446b-455a-8707-194ffbdfdfcc ] Request (ServerDiagnosticsTest:setUpClass): 200 GET http://10.180.1.21/identity/v3/roles 0.151s
2025-12-09 05:50:33.210 67019 INFO tempest.lib.common.rest_client [req-ddc6ae6c-88da-4ccc-b8cd-7de20d71ca6a req-ddc6ae6c-88da-4ccc-b8cd-7de20d71ca6a ] Request (HostsAdminTestJSON:setUpClass): 201 POST http://10.180.1.21/identity/v3/auth/tokens 0.112s
2025-12-09 05:50:33.248 66995 INFO tempest.lib.common.rest_client [req-388b063a-f68c-4f7e-b92e-92d21b041988 req-388b063a-f68c-4f7e-b92e-92d21b041988 ] Request (FloatingIPsAssociationNegativeTestJSON:_run_cleanups): 202 DELETE http://10.180.1.21/compute/v2.1/os-floating-ips/815fabe9-eb3e-4399-ab71-367ccf88b730 3.076s
2025-12-09 05:50:33.252 67011 INFO tempest.lib.common.rest_client [req-b038f22a-c9aa-44ef-a532-882ef889d9bf req-b038f22a-c9aa-44ef-a532-882ef889d9bf ] Request (MultipleCreateNegativeTestJSON:test_min_count_less_than_one): 201 POST http://10.180.1.21/identity/v3/auth/tokens 0.129s
2025-12-09 05:50:33.253 67011 INFO tempest.lib.common.fixed_network [-] (MultipleCreateNegativeTestJSON:test_min_count_less_than_one) Found network None available for tenant
2025-12-09 05:50:33.284 67029 INFO tempest.lib.common.rest_client [req-fe485bfa-070d-4136-94d7-a272269b5a02 req-fe485bfa-070d-4136-94d7-a272269b5a02 ] Request (ListImageFiltersNegativeTestJSON:setUpClass): 201 POST http://10.180.1.21/identity/v3/auth/tokens 0.099s
2025-12-09 05:50:33.301 67039 INFO tempest.lib.common.rest_client [req-848c5e62-6744-4d53-9c53-680bc5dd3fa1 req-848c5e62-6744-4d53-9c53-680bc5dd3fa1 ] Request (ServerDiagnosticsTest:setUpClass): 204 PUT http://10.180.1.21/identity/v3/projects/c646c1220b554fff9de77e1626373759/users/9ae67091c06c4f2abd3ce3952a5e7d48/roles/a25797d827ef471b87e351ad249aa208 0.109s
2025-12-09 05:50:33.313 67019 INFO tempest.lib.common.rest_client [req-7013a9af-2262-494e-9106-9ae04fd4c330 req-7013a9af-2262-494e-9106-9ae04fd4c330 ] Request (HostsAdminTestJSON:setUpClass): 200 GET http://10.180.1.21/identity/v3/domains?name=Default 0.103s
2025-12-09 05:50:33.355 67041 INFO tempest.lib.common.rest_client [req-ff7dc0f4-0572-4372-babb-c80bd5147ef1 req-ff7dc0f4-0572-4372-babb-c80bd5147ef1 ] Request (ServersAdminNegativeTestJSON:test_migrate_server_invalid_state): 200 GET http://10.180.1.21/compute/v2.1/servers/5da4e41d-c9db-461a-a130-01beffabd63d 1.478s
2025-12-09 05:50:33.372 67039 INFO tempest.lib.common.rest_client [req-1559cce7-79f0-4164-8c75-de9f57a995bc req-1559cce7-79f0-4164-8c75-de9f57a995bc ] Request (ServerDiagnosticsTest:setUpClass): 200 GET http://10.180.1.21/identity/v3/roles 0.070s
2025-12-09 05:50:33.372 67029 INFO tempest.lib.common.rest_client [req-7916df17-cc89-41ab-9386-ba084bf0f68e req-7916df17-cc89-41ab-9386-ba084bf0f68e ] Request (ListImageFiltersNegativeTestJSON:setUpClass): 201 POST http://10.180.1.21/identity/v3/auth/tokens 0.081s
2025-12-09 05:50:33.409 67026 INFO tempest.lib.common.rest_client [req-42f66bb2-fad3-4f28-9227-101eb1cdb6f0 req-42f66bb2-fad3-4f28-9227-101eb1cdb6f0 ] Request (ImagesMetadataTestJSON:test_set_image_metadata_item): 200 GET http://10.180.1.21/compute/v2.1/images/d91f9397-690d-4ed2-91cf-0d6a349a94c6/metadata 1.124s
2025-12-09 05:50:33.418 67019 INFO tempest.lib.common.rest_client [req-f8c3d1e6-7abb-40c3-bf63-f7694c821118 req-f8c3d1e6-7abb-40c3-bf63-f7694c821118 ] Request (HostsAdminTestJSON:setUpClass): 201 POST http://10.180.1.21/identity/v3/projects 0.104s
2025-12-09 05:50:33.466 67039 INFO tempest.lib.common.rest_client [req-030fbc11-58e7-4b31-a2da-d19387b74156 req-030fbc11-58e7-4b31-a2da-d19387b74156 ] Request (ServerDiagnosticsTest:setUpClass): 204 PUT http://10.180.1.21/identity/v3/projects/c646c1220b554fff9de77e1626373759/users/9ae67091c06c4f2abd3ce3952a5e7d48/roles/a25797d827ef471b87e351ad249aa208 0.094s
2025-12-09 05:50:33.467 67039 INFO tempest.lib.common.dynamic_creds [-] Dynamic test user 9ae67091c06c4f2abd3ce3952a5e7d48 is created with scope project and roles: ['admin']
2025-12-09 05:50:33.467 67039 INFO tempest.lib.common.dynamic_creds [-] Acquired dynamic creds: credentials: Credentials: {'domain_id': 'default', 'domain_name': 'Default', 'username': 'tempest-ServerDiagnosticsTest-2133529414-project-admin', 'project_domain_id': 'default', 'project_domain_name': 'Default', 'project_id': 'c646c1220b554fff9de77e1626373759', 'project_name': 'tempest-ServerDiagnosticsTest-2133529414', 'tenant_id': 'c646c1220b554fff9de77e1626373759', 'tenant_name': 'tempest-ServerDiagnosticsTest-2133529414', 'user_domain_id': 'default', 'user_domain_name': 'Default', 'user_id': '9ae67091c06c4f2abd3ce3952a5e7d48', 'system': None}, Network: None, Subnet: None, Router: None
2025-12-09 05:50:33.467 67039 INFO tempest.lib.common.dynamic_creds [-] Created isolated network resources for: credentials: Credentials: {'domain_id': 'default', 'domain_name': 'Default', 'username': 'tempest-ServerDiagnosticsTest-2133529414-project-admin', 'project_domain_id': 'default', 'project_domain_name': 'Default', 'project_id': 'c646c1220b554fff9de77e1626373759', 'project_name': 'tempest-ServerDiagnosticsTest-2133529414', 'tenant_id': 'c646c1220b554fff9de77e1626373759', 'tenant_name': 'tempest-ServerDiagnosticsTest-2133529414', 'user_domain_id': 'default', 'user_domain_name': 'Default', 'user_id': '9ae67091c06c4f2abd3ce3952a5e7d48', 'system': None}, Network: None, Subnet: None, Router: None
2025-12-09 05:50:33.481 67021 INFO tempest.lib.common.rest_client [req-48d3afab-93f5-493f-8dc5-cd4ff64aafbc req-48d3afab-93f5-493f-8dc5-cd4ff64aafbc ] Request (ServersTestJSON:setUpClass): 201 POST http://10.180.1.21/networking/v2.0/networks 0.352s
2025-12-09 05:50:33.558 67029 INFO tempest.lib.common.rest_client [req-a1a14833-e47b-4ee6-b0f1-f65e0eadfc43 req-a1a14833-e47b-4ee6-b0f1-f65e0eadfc43 ] Request (ListImageFiltersNegativeTestJSON:setUpClass): 200 GET http://10.180.1.21/identity/v3/domains?name=Default 0.185s
2025-12-09 05:50:33.568 67017 INFO tempest.lib.common.rest_client [req-89896075-acaa-4ebe-bf5a-ddb3c2e2847f req-89896075-acaa-4ebe-bf5a-ddb3c2e2847f ] Request (QuotasAdminTestV257:test_get_updated_quotas): 200 GET http://10.180.1.21/compute/v2.1/os-quota-sets/e449bbc120e048edaf391e37fc584687/detail 1.539s
2025-12-09 05:50:33.582 67005 INFO tempest.lib.common.rest_client [req-5674f8fd-eb61-47f1-bd92-2ced946d7ddf req-5674f8fd-eb61-47f1-bd92-2ced946d7ddf ] Request (HostsAdminNegativeTestJSON:test_shutdown_host_with_non_admin_user): 403 GET http://10.180.1.21/compute/v2.1/os-hosts/devstack/shutdown 0.773s
2025-12-09 05:50:33.583 67019 INFO tempest.lib.common.rest_client [req-960c29cb-0a53-43fe-a06e-4d310a7da916 req-960c29cb-0a53-43fe-a06e-4d310a7da916 ] Request (HostsAdminTestJSON:setUpClass): 201 POST http://10.180.1.21/identity/v3/users 0.164s
2025-12-09 05:50:33.702 67039 INFO tempest.lib.common.rest_client [req-b44731da-c389-42ab-bf9a-a7b331f8a50b req-b44731da-c389-42ab-bf9a-a7b331f8a50b ] Request (ServerDiagnosticsTest:setUpClass): 201 POST http://10.180.1.21/identity/v3/auth/tokens 0.231s
2025-12-09 05:50:33.723 67017 INFO tempest.lib.common.rest_client [req-abfb640e-a4b7-4cd1-8bf3-31f8745db142 req-abfb640e-a4b7-4cd1-8bf3-31f8745db142 ] Request (QuotasAdminTestV257:test_get_updated_quotas): 200 GET http://10.180.1.21/identity/v3/domains?name=Default 0.147s
2025-12-09 05:50:33.731 67029 INFO tempest.lib.common.rest_client [req-f5e4bbcc-22cc-43f4-8ada-9b8ea382a55f req-f5e4bbcc-22cc-43f4-8ada-9b8ea382a55f ] Request (ListImageFiltersNegativeTestJSON:setUpClass): 201 POST http://10.180.1.21/identity/v3/projects 0.172s
2025-12-09 05:50:33.745 67021 INFO tempest.lib.common.rest_client [req-f97a1e3e-7e1e-48f0-ac17-4c909ae63b6b req-f97a1e3e-7e1e-48f0-ac17-4c909ae63b6b ] Request (ServersTestJSON:setUpClass): 201 POST http://10.180.1.21/networking/v2.0/subnets 0.263s
2025-12-09 05:50:33.755 67023 INFO tempest.lib.common.rest_client [req-95b551e1-6e03-4686-9127-37b34271d94f req-95b551e1-6e03-4686-9127-37b34271d94f ] Request (VolumesAdminNegativeTest:test_update_attached_volume_with_nonexistent_volume_in_uri): 404 PUT http://10.180.1.21/compute/v2.1/servers/614fc13d-0178-4d56-bc8a-1d3d6d2aa4e6/os-volume_attachments/437453e5-95c7-4690-861e-3c71cc65d9b6 1.024s
2025-12-09 05:50:33.784 67019 INFO tempest.lib.common.rest_client [req-beb4bbef-0d86-4654-bb25-ee1227b696dd req-beb4bbef-0d86-4654-bb25-ee1227b696dd ] Request (HostsAdminTestJSON:setUpClass): 200 GET http://10.180.1.21/identity/v3/roles 0.201s
2025-12-09 05:50:33.804 67039 INFO tempest.lib.common.rest_client [req-5d665f71-0164-422c-bc31-0bf06689d122 req-5d665f71-0164-422c-bc31-0bf06689d122 ] Request (ServerDiagnosticsTest:test_get_server_diagnostics): 201 POST http://10.180.1.21/identity/v3/auth/tokens 0.097s
2025-12-09 05:50:33.805 67039 INFO tempest.lib.common.fixed_network [-] (ServerDiagnosticsTest:test_get_server_diagnostics) Found network None available for tenant
2025-12-09 05:50:33.822 67023 INFO tempest.lib.common.rest_client [req-1aecf1b3-dac9-4f26-ba68-5b7ce43d81a1 req-1aecf1b3-dac9-4f26-ba68-5b7ce43d81a1 ] Request (VolumesAdminNegativeTest:tearDownClass): 202 DELETE http://10.180.1.21/volume/v3/volumes/9e183369-2111-471d-b368-d77b07a45095 0.064s
2025-12-09 05:50:33.850 67029 INFO tempest.lib.common.rest_client [req-d35e02e6-cde0-42dd-855b-137dc79bdf81 req-d35e02e6-cde0-42dd-855b-137dc79bdf81 ] Request (ListImageFiltersNegativeTestJSON:setUpClass): 201 POST http://10.180.1.21/identity/v3/users 0.118s
2025-12-09 05:50:33.854 67017 INFO tempest.lib.common.rest_client [req-2cb5af64-c4bf-480f-8ad6-db8d2b07fbeb req-2cb5af64-c4bf-480f-8ad6-db8d2b07fbeb ] Request (QuotasAdminTestV257:test_get_updated_quotas): 201 POST http://10.180.1.21/identity/v3/users 0.130s
2025-12-09 05:50:33.859 67023 INFO tempest.lib.common.rest_client [req-fa4c2080-0555-43f8-9d57-82831725bd85 req-fa4c2080-0555-43f8-9d57-82831725bd85 ] Request (VolumesAdminNegativeTest:tearDownClass): 200 GET http://10.180.1.21/volume/v3/volumes/9e183369-2111-471d-b368-d77b07a45095 0.037s
2025-12-09 05:50:33.890 67019 INFO tempest.lib.common.rest_client [req-90116871-b115-4a5c-b2f8-dda0fa1cff2b req-90116871-b115-4a5c-b2f8-dda0fa1cff2b ] Request (HostsAdminTestJSON:setUpClass): 204 PUT http://10.180.1.21/identity/v3/projects/6e5702fdf1704e0d95bd9d0b3988225d/users/f2e41970d0544b4f94e0b3fc364d5c5d/roles/3d08b420081c48909e87ffc0ce5c811d 0.105s
2025-12-09 05:50:33.890 67019 INFO tempest.lib.common.dynamic_creds [-] Dynamic test user f2e41970d0544b4f94e0b3fc364d5c5d is created with scope project and roles: ['member']
2025-12-09 05:50:33.890 67019 INFO tempest.lib.common.dynamic_creds [-] Acquired dynamic creds: credentials: Credentials: {'domain_id': 'default', 'domain_name': 'Default', 'username': 'tempest-HostsAdminTestJSON-279960004-project-member', 'project_domain_id': 'default', 'project_domain_name': 'Default', 'project_id': '6e5702fdf1704e0d95bd9d0b3988225d', 'project_name': 'tempest-HostsAdminTestJSON-279960004', 'tenant_id': '6e5702fdf1704e0d95bd9d0b3988225d', 'tenant_name': 'tempest-HostsAdminTestJSON-279960004', 'user_domain_id': 'default', 'user_domain_name': 'Default', 'user_id': 'f2e41970d0544b4f94e0b3fc364d5c5d', 'system': None}, Network: None, Subnet: None, Router: None
2025-12-09 05:50:33.890 67019 INFO tempest.lib.common.dynamic_creds [-] Created isolated network resources for: credentials: Credentials: {'domain_id': 'default', 'domain_name': 'Default', 'username': 'tempest-HostsAdminTestJSON-279960004-project-member', 'project_domain_id': 'default', 'project_domain_name': 'Default', 'project_id': '6e5702fdf1704e0d95bd9d0b3988225d', 'project_name': 'tempest-HostsAdminTestJSON-279960004', 'tenant_id': '6e5702fdf1704e0d95bd9d0b3988225d', 'tenant_name': 'tempest-HostsAdminTestJSON-279960004', 'user_domain_id': 'default', 'user_domain_name': 'Default', 'user_id': 'f2e41970d0544b4f94e0b3fc364d5c5d', 'system': None}, Network: None, Subnet: None, Router: None
2025-12-09 05:50:33.955 67029 INFO tempest.lib.common.rest_client [req-5a3238c7-b541-48e2-8780-2cec70221425 req-5a3238c7-b541-48e2-8780-2cec70221425 ] Request (ListImageFiltersNegativeTestJSON:setUpClass): 200 GET http://10.180.1.21/identity/v3/roles 0.105s
2025-12-09 05:50:34.121 67019 INFO tempest.lib.common.rest_client [req-855114de-a7b7-43af-b4c1-869b1e917ff0 req-855114de-a7b7-43af-b4c1-869b1e917ff0 ] Request (HostsAdminTestJSON:setUpClass): 201 POST http://10.180.1.21/identity/v3/auth/tokens 0.226s
2025-12-09 05:50:34.157 67017 INFO tempest.lib.common.rest_client [req-be7c3f3d-aa85-481e-8f0d-6c964a50418f req-be7c3f3d-aa85-481e-8f0d-6c964a50418f ] Request (QuotasAdminTestV257:test_get_updated_quotas): 200 GET http://10.180.1.21/identity/v3/domains?name=Default 0.302s
2025-12-09 05:50:34.160 67029 INFO tempest.lib.common.rest_client [req-997d45b6-d79b-43f0-a491-37462f25461e req-997d45b6-d79b-43f0-a491-37462f25461e ] Request (ListImageFiltersNegativeTestJSON:setUpClass): 204 PUT http://10.180.1.21/identity/v3/projects/7b753321fedf4e6c9c84515d0c81d9c6/users/78b03cccee184842bbc3ae9c568e6ce6/roles/3d08b420081c48909e87ffc0ce5c811d 0.204s
2025-12-09 05:50:34.160 67029 INFO tempest.lib.common.dynamic_creds [-] Dynamic test user 78b03cccee184842bbc3ae9c568e6ce6 is created with scope project and roles: ['member']
2025-12-09 05:50:34.160 67029 INFO tempest.lib.common.dynamic_creds [-] Acquired dynamic creds: credentials: Credentials: {'domain_id': 'default', 'domain_name': 'Default', 'username': 'tempest-ListImageFiltersNegativeTestJSON-903726094-project-member', 'project_domain_id': 'default', 'project_domain_name': 'Default', 'project_id': '7b753321fedf4e6c9c84515d0c81d9c6', 'project_name': 'tempest-ListImageFiltersNegativeTestJSON-903726094', 'tenant_id': '7b753321fedf4e6c9c84515d0c81d9c6', 'tenant_name': 'tempest-ListImageFiltersNegativeTestJSON-903726094', 'user_domain_id': 'default', 'user_domain_name': 'Default', 'user_id': '78b03cccee184842bbc3ae9c568e6ce6', 'system': None}, Network: None, Subnet: None, Router: None
2025-12-09 05:50:34.160 67029 INFO tempest.lib.common.dynamic_creds [-] Created isolated network resources for: credentials: Credentials: {'domain_id': 'default', 'domain_name': 'Default', 'username': 'tempest-ListImageFiltersNegativeTestJSON-903726094-project-member', 'project_domain_id': 'default', 'project_domain_name': 'Default', 'project_id': '7b753321fedf4e6c9c84515d0c81d9c6', 'project_name': 'tempest-ListImageFiltersNegativeTestJSON-903726094', 'tenant_id': '7b753321fedf4e6c9c84515d0c81d9c6', 'tenant_name': 'tempest-ListImageFiltersNegativeTestJSON-903726094', 'user_domain_id': 'default', 'user_domain_name': 'Default', 'user_id': '78b03cccee184842bbc3ae9c568e6ce6', 'system': None}, Network: None, Subnet: None, Router: None
2025-12-09 05:50:34.203 67048 INFO tempest.lib.common.rest_client [req-7a973bf0-8073-4100-a977-daf95a7d0350 req-7a973bf0-8073-4100-a977-daf95a7d0350 ] Request (ImagesOneServerNegativeTestJSON:tearDown): 200 GET http://10.180.1.21/compute/v2.1/servers/5adb8222-c02a-471b-8ef4-91e21af1669d 1.388s
2025-12-09 05:50:34.225 67019 INFO tempest.lib.common.rest_client [req-0e8ef026-f9c7-4a8f-9af0-90bd43b08dcd req-0e8ef026-f9c7-4a8f-9af0-90bd43b08dcd ] Request (HostsAdminTestJSON:setUpClass): 201 POST http://10.180.1.21/identity/v3/projects 0.104s
2025-12-09 05:50:34.249 67027 INFO tempest.lib.common.rest_client [req-7a5215df-b046-4faf-b8fc-376636f132d9 req-7a5215df-b046-4faf-b8fc-376636f132d9 ] Request (FlavorsAdminTestJSON:_run_cleanups): 200 GET http://10.180.1.21/compute/v2.1/flavors/detail 1.379s
2025-12-09 05:50:34.250 67029 INFO tempest.lib.common.rest_client [req-85212a9d-2b04-4fc1-ba98-90c2fee2e554 req-85212a9d-2b04-4fc1-ba98-90c2fee2e554 ] Request (ListImageFiltersNegativeTestJSON:setUpClass): 201 POST http://10.180.1.21/identity/v3/auth/tokens 0.086s
2025-12-09 05:50:34.265 67013 INFO tempest.lib.common.rest_client [req-e820b47f-7557-47a1-95bb-57216e27c86c req-e820b47f-7557-47a1-95bb-57216e27c86c ] Request (FlavorsV2TestJSON:test_list_flavors_filter_by_min_ram): 200 GET http://10.180.1.21/compute/v2.1/flavors/42 1.367s
2025-12-09 05:50:34.284 67019 INFO tempest.lib.common.rest_client [req-e52f2a40-cfef-4273-b347-027f07090f86 req-e52f2a40-cfef-4273-b347-027f07090f86 ] Request (HostsAdminTestJSON:setUpClass): 201 POST http://10.180.1.21/identity/v3/users 0.059s
2025-12-09 05:50:34.289 67051 INFO tempest.lib.common.rest_client [req-868951fd-2b62-47c7-a4c5-8578ce152200 req-868951fd-2b62-47c7-a4c5-8578ce152200 ] Request (FlavorsExtraSpecsTestJSON:tearDownClass): 202 DELETE http://10.180.1.21/compute/v2.1/flavors/737787429 1.379s
2025-12-09 05:50:34.308 67019 INFO tempest.lib.common.rest_client [req-2d0242bc-aaee-4747-8e94-27eb656f6dd1 req-2d0242bc-aaee-4747-8e94-27eb656f6dd1 ] Request (HostsAdminTestJSON:setUpClass): 200 GET http://10.180.1.21/identity/v3/roles 0.023s
2025-12-09 05:50:34.341 67019 INFO tempest.lib.common.rest_client [req-49fd8126-9dac-4c73-aa90-a792d1385221 req-49fd8126-9dac-4c73-aa90-a792d1385221 ] Request (HostsAdminTestJSON:setUpClass): 204 PUT http://10.180.1.21/identity/v3/projects/65006dfb50e74e5c9e77400080eaba9e/users/8052ba5d226c4b3da09ae1abc71481c6/roles/a25797d827ef471b87e351ad249aa208 0.032s
2025-12-09 05:50:34.393 67019 INFO tempest.lib.common.rest_client [req-c96d2eb1-b940-42f0-9b33-b471ea593341 req-c96d2eb1-b940-42f0-9b33-b471ea593341 ] Request (HostsAdminTestJSON:setUpClass): 200 GET http://10.180.1.21/identity/v3/roles 0.052s
2025-12-09 05:50:34.402 67003 INFO tempest.lib.common.rest_client [req-e210e774-fcb5-4b63-9337-57060245ca12 req-e210e774-fcb5-4b63-9337-57060245ca12 ] Request (ImagesMetadataNegativeTestJSON:test_delete_nonexistent_image_metadata_item): 404 DELETE http://10.180.1.21/compute/v2.1/images/696d8e2f-31b8-442a-9489-b284cb8a9c8f/metadata/os_distro 1.445s
2025-12-09 05:50:34.411 67019 INFO tempest.lib.common.rest_client [req-0c86d2df-d688-4d3d-a33f-ca535e4a1956 req-0c86d2df-d688-4d3d-a33f-ca535e4a1956 ] Request (HostsAdminTestJSON:setUpClass): 204 PUT http://10.180.1.21/identity/v3/projects/65006dfb50e74e5c9e77400080eaba9e/users/8052ba5d226c4b3da09ae1abc71481c6/roles/a25797d827ef471b87e351ad249aa208 0.018s
2025-12-09 05:50:34.411 67019 INFO tempest.lib.common.dynamic_creds [-] Dynamic test user 8052ba5d226c4b3da09ae1abc71481c6 is created with scope project and roles: ['admin']
2025-12-09 05:50:34.412 67019 INFO tempest.lib.common.dynamic_creds [-] Acquired dynamic creds: credentials: Credentials: {'domain_id': 'default', 'domain_name': 'Default', 'username': 'tempest-HostsAdminTestJSON-1872472130-project-admin', 'project_domain_id': 'default', 'project_domain_name': 'Default', 'project_id': '65006dfb50e74e5c9e77400080eaba9e', 'project_name': 'tempest-HostsAdminTestJSON-1872472130', 'tenant_id': '65006dfb50e74e5c9e77400080eaba9e', 'tenant_name': 'tempest-HostsAdminTestJSON-1872472130', 'user_domain_id': 'default', 'user_domain_name': 'Default', 'user_id': '8052ba5d226c4b3da09ae1abc71481c6', 'system': None}, Network: None, Subnet: None, Router: None
2025-12-09 05:50:34.412 67019 INFO tempest.lib.common.dynamic_creds [-] Created isolated network resources for: credentials: Credentials: {'domain_id': 'default', 'domain_name': 'Default', 'username': 'tempest-HostsAdminTestJSON-1872472130-project-admin', 'project_domain_id': 'default', 'project_domain_name': 'Default', 'project_id': '65006dfb50e74e5c9e77400080eaba9e', 'project_name': 'tempest-HostsAdminTestJSON-1872472130', 'tenant_id': '65006dfb50e74e5c9e77400080eaba9e', 'tenant_name': 'tempest-HostsAdminTestJSON-1872472130', 'user_domain_id': 'default', 'user_domain_name': 'Default', 'user_id': '8052ba5d226c4b3da09ae1abc71481c6', 'system': None}, Network: None, Subnet: None, Router: None
2025-12-09 05:50:34.498 67019 INFO tempest.lib.common.rest_client [req-41a86f94-7a9c-4d16-9036-28ed6ab4dd64 req-41a86f94-7a9c-4d16-9036-28ed6ab4dd64 ] Request (HostsAdminTestJSON:setUpClass): 201 POST http://10.180.1.21/identity/v3/auth/tokens 0.083s
2025-12-09 05:50:34.684 67021 INFO tempest.lib.common.rest_client [req-7d1c6541-9279-4627-899b-79345142d2ff req-7d1c6541-9279-4627-899b-79345142d2ff ] Request (ServersTestJSON:setUpClass): 201 POST http://10.180.1.21/networking/v2.0/routers 0.938s
2025-12-09 05:50:34.837 67049 INFO tempest.lib.common.rest_client [req-525ed8ee-8487-44f9-b3a2-4397753c6ae7 req-525ed8ee-8487-44f9-b3a2-4397753c6ae7 ] Request (SecurityGroupRulesNegativeTestJSON:test_create_security_group_rule_with_invalid_to_port): 400 POST http://10.180.1.21/compute/v2.1/os-security-group-rules 1.765s
2025-12-09 05:50:34.891 67023 INFO tempest.lib.common.rest_client [req-bd9207ea-f812-426a-a5c3-76af6f177ee1 req-bd9207ea-f812-426a-a5c3-76af6f177ee1 ] Request (VolumesAdminNegativeTest:tearDownClass): 404 GET http://10.180.1.21/volume/v3/volumes/9e183369-2111-471d-b368-d77b07a45095 0.021s
2025-12-09 05:50:34.898 67056 WARNING tempest.lib.common.ssh [-] Failed to establish authenticated ssh connection to cirros@10.180.180.184 ([Errno None] Unable to connect to port 22 on 10.180.180.184). Number attempts: 2. Retry after 3 seconds.: paramiko.ssh_exception.NoValidConnectionsError: [Errno None] Unable to connect to port 22 on 10.180.180.184
2025-12-09 05:50:34.984 67009 INFO tempest.lib.common.rest_client [req-56508877-4466-4f5a-9522-70b1ebe02fba req-56508877-4466-4f5a-9522-70b1ebe02fba ] Request (FlavorsAccessNegativeTestJSON:test_flavor_non_admin_remove): 200 POST http://10.180.1.21/compute/v2.1/flavors/321627204/action 1.895s
2025-12-09 05:50:34.997 67007 INFO tempest.lib.common.rest_client [req-9006327f-c4f6-41bd-b980-dfaabf1274af req-9006327f-c4f6-41bd-b980-dfaabf1274af ] Request (AggregatesAdminNegativeTestJSON:test_aggregate_create_with_existent_aggregate_name): 409 POST http://10.180.1.21/compute/v2.1/os-aggregates 1.882s
2025-12-09 05:50:35.656 67021 INFO tempest.lib.common.rest_client [req-f3f68752-6e2b-4a40-9b46-ba8949be3d23 req-f3f68752-6e2b-4a40-9b46-ba8949be3d23 ] Request (ServersTestJSON:setUpClass): 200 PUT http://10.180.1.21/networking/v2.0/routers/6165a402-d38b-4d4d-a71b-6050e5ca8ccd/add_router_interface 0.971s
2025-12-09 05:50:35.656 67021 INFO tempest.lib.common.dynamic_creds [-] Created isolated network resources for: credentials: Credentials: {'domain_id': 'default', 'domain_name': 'Default', 'username': 'tempest-ServersTestJSON-1603909815-project-member', 'project_domain_id': 'default', 'project_domain_name': 'Default', 'project_id': '7722bd06aa47453297f6579496670267', 'project_name': 'tempest-ServersTestJSON-1603909815', 'tenant_id': '7722bd06aa47453297f6579496670267', 'tenant_name': 'tempest-ServersTestJSON-1603909815', 'user_domain_id': 'default', 'user_domain_name': 'Default', 'user_id': '1172355165314eeaae40b0c7bc7fa7f8', 'system': None}, Network: {'id': 'be73f673-e311-4243-8b9a-8bad09ccbc3d', 'name': 'tempest-ServersTestJSON-3922899-network', 'tenant_id': '7722bd06aa47453297f6579496670267', 'project_id': '7722bd06aa47453297f6579496670267', 'admin_state_up': True, 'mtu': 8950, 'status': 'ACTIVE', 'subnets': [], 'shared': False, 'port_security_enabled': True, 'router:external': False, 'provider:network_type': 'vlan', 'provider:physical_network': 'default', 'provider:segmentation_id': 432, 'availability_zone_hints': [], 'availability_zones': [], 'ipv4_address_scope': None, 'ipv6_address_scope': None, 'description': '', 'tags': [], 'created_at': '2025-12-09T05:50:33Z', 'updated_at': '2025-12-09T05:50:33Z', 'revision_number': 1}, Subnet: {'id': 'f51ad924-97fa-4335-9213-93193fae3e52', 'name': 'tempest-ServersTestJSON-3922899-subnet', 'tenant_id': '7722bd06aa47453297f6579496670267', 'network_id': 'be73f673-e311-4243-8b9a-8bad09ccbc3d', 'ip_version': 4, 'subnetpool_id': None, 'enable_dhcp': True, 'ipv6_ra_mode': None, 'ipv6_address_mode': None, 'gateway_ip': '192.168.128.1', 'cidr': '192.168.128.0/28', 'allocation_pools': [{'start': '192.168.128.2', 'end': '192.168.128.14'}], 'host_routes': [], 'dns_nameservers': [], 'description': '', 'router:external': False, 'service_types': [], 'tags': [], 'created_at': '2025-12-09T05:50:33Z', 'updated_at': '2025-12-09T05:50:33Z', 'revision_number': 0, 'project_id': '7722bd06aa47453297f6579496670267'}, Router: {'id': '6165a402-d38b-4d4d-a71b-6050e5ca8ccd', 'name': 'tempest-ServersTestJSON-3922899-router', 'tenant_id': '7722bd06aa47453297f6579496670267', 'admin_state_up': True, 'status': 'ACTIVE', 'external_gateway_info': {'network_id': '376373dd-edfa-49bc-b36e-386a3803609e', 'external_fixed_ips': [{'subnet_id': '5f6e2ffe-ccce-44a1-afb2-28cbb3f0c9df', 'ip_address': '10.180.180.219'}], 'enable_snat': True}, 'description': '', 'availability_zones': [], 'distributed': False, 'ha': False, 'availability_zone_hints': [], 'routes': [], 'flavor_id': None, 'tags': [], 'created_at': '2025-12-09T05:50:33Z', 'updated_at': '2025-12-09T05:50:34Z', 'revision_number': 2, 'project_id': '7722bd06aa47453297f6579496670267'}
2025-12-09 05:50:35.660 67015 WARNING tempest.lib.common.ssh [-] Failed to establish authenticated ssh connection to cirros@10.180.180.136 ([Errno None] Unable to connect to port 22 on 10.180.180.136). Number attempts: 1. Retry after 2 seconds.: paramiko.ssh_exception.NoValidConnectionsError: [Errno None] Unable to connect to port 22 on 10.180.180.136
2025-12-09 05:50:35.750 67021 INFO tempest.lib.common.rest_client [req-b25397df-eec9-43e0-9ffc-acbd7ddca2fe req-b25397df-eec9-43e0-9ffc-acbd7ddca2fe ] Request (ServersTestJSON:setUpClass): 201 POST http://10.180.1.21/identity/v3/auth/tokens 0.089s
2025-12-09 05:50:36.126 66999 INFO tempest.lib.common.rest_client [req-0ce42fa5-6826-4618-aa6f-feb62b752f86 req-0ce42fa5-6826-4618-aa6f-feb62b752f86 ] Request (ImagesNegativeTestJSON:test_create_image_from_deleted_server): 202 POST http://10.180.1.21/compute/v2.1/servers 3.258s
2025-12-09 05:50:36.129 67011 INFO tempest.lib.common.rest_client [req-5e2b7e8f-be57-4f90-b517-34a0aa8ea949 req-5e2b7e8f-be57-4f90-b517-34a0aa8ea949 ] Request (MultipleCreateNegativeTestJSON:test_min_count_less_than_one): 400 POST http://10.180.1.21/compute/v2.1/servers 2.876s
2025-12-09 05:50:36.217 67011 INFO tempest.lib.common.rest_client [req-5c1d0e44-4003-49f5-ad41-1d7fa1e264cf req-5c1d0e44-4003-49f5-ad41-1d7fa1e264cf ] Request (MultipleCreateNegativeTestJSON:test_min_count_non_integer): 201 POST http://10.180.1.21/identity/v3/auth/tokens 0.083s
2025-12-09 05:50:36.218 67011 INFO tempest.lib.common.fixed_network [-] (MultipleCreateNegativeTestJSON:test_min_count_non_integer) Found network None available for tenant
2025-12-09 05:50:36.375 67001 INFO tempest.lib.common.rest_client [req-1b28b89c-3fed-4036-ba9c-2da49a060dc7 req-1b28b89c-3fed-4036-ba9c-2da49a060dc7 ] Request (ServersWithSpecificFlavorTestJSON:test_verify_created_server_ephemeral_disk): 200 GET http://10.180.1.21/compute/v2.1/servers/5457a4bf-bc48-4eb5-8ef5-543adf41df01 3.054s
2025-12-09 05:50:36.384 67001 INFO tempest.common.waiters [-] State transition "BUILD/spawning" ==> "ACTIVE/None" after 21 second wait
2025-12-09 05:50:36.645 67026 INFO tempest.lib.common.rest_client [req-c2ecf734-5073-4c96-b015-5b7c9a5587db req-c2ecf734-5073-4c96-b015-5b7c9a5587db ] Request (ImagesMetadataTestJSON:setUp): 200 PUT http://10.180.1.21/compute/v2.1/images/d91f9397-690d-4ed2-91cf-0d6a349a94c6/metadata 3.233s
2025-12-09 05:50:36.963 67045 INFO tempest.lib.common.rest_client [req-2310f6a0-c7f2-4da1-9eb7-294ad085abff req-2310f6a0-c7f2-4da1-9eb7-294ad085abff ] Request (MigrationsAdminTest:test_list_migrations_in_flavor_resize_situation): 200 GET http://10.180.1.21/compute/v2.1/servers/00df3357-2c65-47bc-8be5-84e6559a024b 3.435s
2025-12-09 05:50:36.973 67005 INFO tempest.lib.common.rest_client [req-51afdea7-af9d-4523-8bd1-4a55f874787b req-51afdea7-af9d-4523-8bd1-4a55f874787b ] Request (HostsAdminNegativeTestJSON:test_shutdown_nonexistent_host): 404 GET http://10.180.1.21/compute/v2.1/os-hosts/nonexistent_hostname/shutdown 3.389s
2025-12-09 05:50:36.976 67045 INFO tempest.common.waiters [-] State transition "RESIZE/resize_prep" ==> "RESIZE/resize_migrating" after 8 second wait
2025-12-09 05:50:37.245 67037 INFO tempest.lib.common.rest_client [req-7c1b5853-22f0-4650-aa9c-d0352678f3ae req-7c1b5853-22f0-4650-aa9c-d0352678f3ae ] Request (DeleteServersTestJSON:test_delete_active_server): 200 GET http://10.180.1.21/compute/v2.1/servers/24562543-5e5b-4352-a01f-b0fdf68310a8 3.625s
2025-12-09 05:50:37.253 67037 INFO tempest.common.waiters [-] State transition "BUILD/None" ==> "BUILD/spawning" after 9 second wait
2025-12-09 05:50:37.493 67053 INFO tempest.lib.common.rest_client [req-5689db68-e39c-41ca-8e31-3a0d2857602a req-5689db68-e39c-41ca-8e31-3a0d2857602a ] Request (DeleteServersAdminTestJSON:test_delete_server_while_in_error_state): 200 GET http://10.180.1.21/compute/v2.1/servers/32d0e278-375b-4b5d-906d-f618f5726ef4 3.832s
2025-12-09 05:50:37.503 67053 INFO tempest.common.waiters [-] State transition "BUILD/None" ==> "BUILD/spawning" after 9 second wait
2025-12-09 05:50:37.642 66995 INFO tempest.lib.common.rest_client [req-ba2825ef-d168-4271-b832-23c8750b5e11 req-ba2825ef-d168-4271-b832-23c8750b5e11 ] Request (FloatingIPsAssociationNegativeTestJSON:_run_cleanups): 202 POST http://10.180.1.21/compute/v2.1/servers/318682ef-fbe6-4026-b37e-582d09785eab/action 4.393s
2025-12-09 05:50:37.692 67043 INFO tempest.lib.common.rest_client [req-c8692b9e-478f-4130-9f45-1f8a39db7fd0 req-c8692b9e-478f-4130-9f45-1f8a39db7fd0 ] Request (ServerDiagnosticsV248Test:tearDownClass): 200 GET http://10.180.1.21/compute/v2.1/servers/c639e568-6e30-4207-b385-212fe64771d0 3.952s
2025-12-09 05:50:37.701 67033 INFO tempest.lib.common.rest_client [req-861d5018-c254-4d09-9174-f02ff7ebd1e6 req-861d5018-c254-4d09-9174-f02ff7ebd1e6 ] Request (AttachInterfacesTestJSON:test_create_list_show_delete_interfaces_by_fixed_ip): 200 GET http://10.180.1.21/compute/v2.1/servers/13154080-ccc0-4eff-a859-70a2b122c54a 3.896s
2025-12-09 05:50:37.823 67017 INFO tempest.lib.common.rest_client [req-be7b4e33-cf6d-4c89-bb45-506afbd7dead req-be7b4e33-cf6d-4c89-bb45-506afbd7dead ] Request (QuotasAdminTestV257:test_get_updated_quotas): 200 PUT http://10.180.1.21/compute/v2.1/os-quota-sets/e449bbc120e048edaf391e37fc584687?user_id=91ca1a1a5e724418a28883146367e5a3 3.666s
2025-12-09 05:50:37.945 67048 INFO tempest.lib.common.rest_client [req-010d9cfd-4bb4-49d4-975e-e1c53749f6db req-010d9cfd-4bb4-49d4-975e-e1c53749f6db ] Request (ImagesOneServerNegativeTestJSON:setUp): 200 GET http://10.180.1.21/compute/v2.1/servers/5adb8222-c02a-471b-8ef4-91e21af1669d 3.730s
2025-12-09 05:50:38.028 67029 INFO tempest.lib.common.rest_client [req-6528c0e4-e2d3-443b-af3a-3828b4e79c2d req-6528c0e4-e2d3-443b-af3a-3828b4e79c2d ] Request (ListImageFiltersNegativeTestJSON:test_get_nonexistent_image): 404 GET http://10.180.1.21/compute/v2.1/images/7661daba-9562-4454-a204-b1a9b9458c52 3.776s
2025-12-09 05:50:38.032 67039 INFO tempest.lib.common.rest_client [req-cc5b74ac-3ecf-4a31-8001-fcd39897156a req-cc5b74ac-3ecf-4a31-8001-fcd39897156a ] Request (ServerDiagnosticsTest:test_get_server_diagnostics): 202 POST http://10.180.1.21/compute/v2.1/servers 4.226s
2025-12-09 05:50:38.046 67027 INFO tempest.lib.common.rest_client [req-979c73e1-3d2e-42ea-a8ec-cd88b702596a req-979c73e1-3d2e-42ea-a8ec-cd88b702596a ] Request (FlavorsAdminTestJSON:test_create_list_flavor_without_extra_data): 200 POST http://10.180.1.21/compute/v2.1/flavors 3.787s
2025-12-09 05:50:38.054 67013 INFO tempest.lib.common.rest_client [req-db7961e6-a20e-4f8b-adf6-cc7752c18742 req-db7961e6-a20e-4f8b-adf6-cc7752c18742 ] Request (FlavorsV2TestJSON:test_list_flavors_filter_by_min_ram): 200 GET http://10.180.1.21/compute/v2.1/flavors?minRam=193 3.783s
2025-12-09 05:50:38.070 67051 INFO tempest.lib.common.rest_client [req-d35bb8a3-b874-4bf7-810b-a9056e10a579 req-d35bb8a3-b874-4bf7-810b-a9056e10a579 ] Request (FlavorsExtraSpecsTestJSON:tearDownClass): 200 GET http://10.180.1.21/compute/v2.1/flavors/detail 3.780s
2025-12-09 05:50:38.093 67003 INFO tempest.lib.common.rest_client [req-4364ae8d-5e12-45c0-a2ef-971da74a9c74 req-4364ae8d-5e12-45c0-a2ef-971da74a9c74 ] Request (ImagesMetadataNegativeTestJSON:test_get_nonexistent_image_metadata_item): 404 GET http://10.180.1.21/compute/v2.1/images/c1adc414-214f-4431-a61e-dbd0c5e68a5a/metadata/os_version 3.690s
2025-12-09 05:50:38.190 67041 INFO tempest.lib.common.rest_client [req-a1d63647-a80d-46d1-9a7d-d96619213605 req-a1d63647-a80d-46d1-9a7d-d96619213605 ] Request (ServersAdminNegativeTestJSON:test_migrate_server_invalid_state): 200 GET http://10.180.1.21/compute/v2.1/servers/5da4e41d-c9db-461a-a130-01beffabd63d 3.825s
2025-12-09 05:50:38.201 67041 INFO tempest.common.waiters [-] State transition "BUILD/spawning" ==> "ACTIVE/None" after 21 second wait
2025-12-09 05:50:38.209 67029 INFO tempest.lib.common.rest_client [req-f1356bd0-8d14-4468-9107-19a174e9a468 req-f1356bd0-8d14-4468-9107-19a174e9a468 ] Request (ListImageFiltersNegativeTestJSON:tearDownClass): 204 DELETE http://10.180.1.21/identity/v3/users/78b03cccee184842bbc3ae9c568e6ce6 0.178s
2025-12-09 05:50:38.209 67051 INFO tempest.lib.common.rest_client [req-b6f564c1-ade9-4544-bde6-7c52166c3e0c req-b6f564c1-ade9-4544-bde6-7c52166c3e0c ] Request (FlavorsExtraSpecsTestJSON:tearDownClass): 204 DELETE http://10.180.1.21/identity/v3/users/4407eb2a0de54a8594ef7e5bdb3b12a4 0.132s
2025-12-09 05:50:38.209 67029 INFO tempest.lib.common.dynamic_creds [-] Deleting project and security group for project: 7b753321fedf4e6c9c84515d0c81d9c6
2025-12-09 05:50:38.209 67049 INFO tempest.lib.common.rest_client [req-8cd2b844-277b-463d-acd5-9335197f3ecd req-8cd2b844-277b-463d-acd5-9335197f3ecd ] Request (SecurityGroupRulesNegativeTestJSON:test_create_security_group_rule_with_non_existent_id): 404 POST http://10.180.1.21/compute/v2.1/os-security-group-rules 3.370s
2025-12-09 05:50:38.279 67029 INFO tempest.lib.common.rest_client [req-c39a66d5-4f95-4761-b46a-dfd04a9b2c2a req-c39a66d5-4f95-4761-b46a-dfd04a9b2c2a ] Request (ListImageFiltersNegativeTestJSON:tearDownClass): 201 POST http://10.180.1.21/identity/v3/auth/tokens 0.069s
2025-12-09 05:50:38.302 67023 INFO tempest.lib.common.rest_client [req-baf9f61e-a43b-417e-997e-daea77affd47 req-baf9f61e-a43b-417e-997e-daea77affd47 ] Request (VolumesAdminNegativeTest:tearDownClass): 204 DELETE http://10.180.1.21/compute/v2.1/servers/614fc13d-0178-4d56-bc8a-1d3d6d2aa4e6 3.410s
2025-12-09 05:50:38.314 67009 INFO tempest.lib.common.rest_client [req-842cf0d7-11ed-4659-839f-cf83d56413ac req-842cf0d7-11ed-4659-839f-cf83d56413ac ] Request (FlavorsAccessNegativeTestJSON:test_flavor_non_admin_remove): 403 POST http://10.180.1.21/compute/v2.1/flavors/321627204/action 3.329s
2025-12-09 05:50:38.336 67007 INFO tempest.lib.common.rest_client [req-e5d4516f-233d-478c-9e30-ee0eece44178 req-e5d4516f-233d-478c-9e30-ee0eece44178 ] Request (AggregatesAdminNegativeTestJSON:_run_cleanups): 200 DELETE http://10.180.1.21/compute/v2.1/os-aggregates/4 3.338s
2025-12-09 05:50:38.363 67051 INFO tempest.lib.common.rest_client [req-e56f807b-ef4e-4270-9d8a-baef786e116e req-e56f807b-ef4e-4270-9d8a-baef786e116e ] Request (FlavorsExtraSpecsTestJSON:tearDownClass): 204 DELETE http://10.180.1.21/identity/v3/users/72e3e10096b24970969e9c2ed655a9a7 0.153s
2025-12-09 05:50:38.363 67051 INFO tempest.lib.common.dynamic_creds [-] Deleting project and security group for project: 5240d836e8914c9cba2b2d3c27daec63
2025-12-09 05:50:38.395 67019 INFO tempest.lib.common.rest_client [req-c3e37fc4-83b2-429f-8f2f-7ea5b922c7ab req-c3e37fc4-83b2-429f-8f2f-7ea5b922c7ab ] Request (HostsAdminTestJSON:test_list_hosts): 200 GET http://10.180.1.21/compute/v2.1/os-hosts 3.895s
2025-12-09 05:50:38.403 67056 WARNING tempest.lib.common.ssh [-] Failed to establish authenticated ssh connection to cirros@10.180.180.184 ([Errno None] Unable to connect to port 22 on 10.180.180.184). Number attempts: 3. Retry after 4 seconds.: paramiko.ssh_exception.NoValidConnectionsError: [Errno None] Unable to connect to port 22 on 10.180.180.184
2025-12-09 05:50:38.510 66999 INFO tempest.lib.common.rest_client [req-630767ae-e96d-4f72-a93e-4a0506b50d24 req-630767ae-e96d-4f72-a93e-4a0506b50d24 ] Request (ImagesNegativeTestJSON:test_create_image_from_deleted_server): 200 GET http://10.180.1.21/compute/v2.1/servers/6921d629-0942-43f2-b7a0-267c2d7af8a6 2.382s
2025-12-09 05:50:38.517 67051 INFO tempest.lib.common.rest_client [req-137617e9-703e-4da0-8fa0-c2aabee9995d req-137617e9-703e-4da0-8fa0-c2aabee9995d ] Request (FlavorsExtraSpecsTestJSON:tearDownClass): 201 POST http://10.180.1.21/identity/v3/auth/tokens 0.153s
2025-12-09 05:50:38.519 67011 INFO tempest.lib.common.rest_client [req-eae3d828-594a-414d-b9fa-312b8221c262 req-eae3d828-594a-414d-b9fa-312b8221c262 ] Request (MultipleCreateNegativeTestJSON:test_min_count_non_integer): 400 POST http://10.180.1.21/compute/v2.1/servers 2.300s
