2025-12-09 05:52:21.176 67021 INFO tempest.lib.common.rest_client [req-98fc89b4-eea2-47b4-b250-d017c478bd4b req-98fc89b4-eea2-47b4-b250-d017c478bd4b ] Request (ServersTestJSON:test_list_servers_with_detail): 200 GET http://10.180.1.21/compute/v2.1/servers/detail 1.080s
2025-12-09 05:52:21.198 67056 INFO tempest.lib.common.rest_client [req-be7845a4-bd11-4ab1-b623-c36c58ce4038 req-be7845a4-bd11-4ab1-b623-c36c58ce4038 ] Request (ServerActionsTestOtherA:_run_cleanups): 204 DELETE http://10.180.1.21/compute/v2.1/servers/a8198ced-d298-4ff8-9409-5768dfc36463 0.947s
2025-12-09 05:52:21.213 67027 INFO tempest.lib.common.rest_client [req-c08860cb-e6ed-4469-803b-b357ed4bf04d req-c08860cb-e6ed-4469-803b-b357ed4bf04d ] Request (HypervisorAdminNegativeTestJSON:tearDownClass): 204 DELETE http://10.180.1.21/identity/v3/projects/58b15d7b49504fa29dfa6a1fdfe2ce20 0.077s
2025-12-09 05:52:21.213 67027 INFO tempest.lib.common.dynamic_creds [-] Deleting project and security group for project: 90433f57fa5a44f69b8308e8a29dbf5e
2025-12-09 05:52:21.417 67015 INFO tempest.lib.common.rest_client [req-e1f042e8-6b0d-4a03-8792-92bcf7de1360 req-e1f042e8-6b0d-4a03-8792-92bcf7de1360 ] Request (ServersTestBootFromVolume:tearDownClass): 204 DELETE http://10.180.1.21/networking/v2.0/floatingips/ec2b3ec1-4521-4985-8614-bbbd69bf2dd3 0.375s
2025-12-09 05:52:21.459 67027 INFO tempest.lib.common.rest_client [req-73d5f076-f99b-4339-b428-e9d201db0fe9 req-73d5f076-f99b-4339-b428-e9d201db0fe9 ] Request (HypervisorAdminNegativeTestJSON:tearDownClass): 200 GET http://10.180.1.21/networking/v2.0/security-groups?tenant_id=90433f57fa5a44f69b8308e8a29dbf5e&name=default 0.246s
2025-12-09 05:52:21.483 66997 INFO tempest.lib.common.rest_client [req-fe6c5289-0dd2-4eb7-9185-283aa91ad8d9 req-fe6c5289-0dd2-4eb7-9185-283aa91ad8d9 ] Request (VolumesAssistedSnapshotsTest:tearDownClass): 200 GET http://10.180.1.21/compute/v2.1/servers/ad36398b-c24e-41db-bc8e-6e81f89cba3a 1.097s
2025-12-09 05:52:21.532 67045 INFO tempest.lib.common.rest_client [req-5bc4e4e4-a574-4167-a4ba-20969ed4f04a req-5bc4e4e4-a574-4167-a4ba-20969ed4f04a ] Request (MigrationsAdminTest:test_resize_server_revert_deleted_flavor): 200 GET http://10.180.1.21/compute/v2.1/servers/040e7e89-2168-429f-94af-aa1e850297f4 1.207s
2025-12-09 05:52:21.651 67027 INFO tempest.lib.common.rest_client [req-fb495be6-64b1-43fc-89d6-3ae94254d760 req-fb495be6-64b1-43fc-89d6-3ae94254d760 ] Request (HypervisorAdminNegativeTestJSON:tearDownClass): 204 DELETE http://10.180.1.21/networking/v2.0/security-groups/d8919d87-b83c-46b6-9fbe-007b7bf77f58 0.191s
2025-12-09 05:52:21.791 67007 INFO tempest.lib.common.rest_client [req-af098ffa-0d7d-4560-bb7a-47b86112da47 req-af098ffa-0d7d-4560-bb7a-47b86112da47 ] Request (ServersAaction247Test:test_create_backup): 200 GET http://10.180.1.21/compute/v2.1/servers/b3c0381e-7c88-4ade-82a7-a6b0069af672 1.345s
2025-12-09 05:52:21.800 67027 INFO tempest.lib.common.rest_client [req-06d9e32c-be49-4ae7-9841-995b2b2fa9f4 req-06d9e32c-be49-4ae7-9841-995b2b2fa9f4 ] Request (HypervisorAdminNegativeTestJSON:tearDownClass): 204 DELETE http://10.180.1.21/identity/v3/projects/90433f57fa5a44f69b8308e8a29dbf5e 0.148s
2025-12-09 05:52:21.854 67011 INFO tempest.lib.common.rest_client [req-b49837a5-1e2a-457c-9b55-2532ee2a56b0 req-b49837a5-1e2a-457c-9b55-2532ee2a56b0 ] Request (VolumesGetTestJSON:test_volume_create_get_delete): 200 GET http://10.180.1.21/compute/v2.1/os-volumes/09d38070-afd1-4b64-a014-83ea44e4b7fe 1.238s
2025-12-09 05:52:21.906 67027 INFO tempest.lib.common.rest_client [req-f01e8a29-0cb8-4a96-b26c-5f5e28fcb40f req-f01e8a29-0cb8-4a96-b26c-5f5e28fcb40f ] Request (FloatingIPsAssociationTestJSON:setUpClass): 201 POST http://10.180.1.21/identity/v3/auth/tokens 0.102s
2025-12-09 05:52:21.958 67027 INFO tempest.lib.common.rest_client [req-a97ed948-a35f-49d8-a9a3-20e96ad5a1ca req-a97ed948-a35f-49d8-a9a3-20e96ad5a1ca ] Request (FloatingIPsAssociationTestJSON:setUpClass): 201 POST http://10.180.1.21/identity/v3/auth/tokens 0.049s
2025-12-09 05:52:21.988 67027 INFO tempest.lib.common.rest_client [req-d99ea097-3018-4d98-8a24-6168dd21d788 req-d99ea097-3018-4d98-8a24-6168dd21d788 ] Request (FloatingIPsAssociationTestJSON:setUpClass): 200 GET http://10.180.1.21/identity/v3/domains?name=Default 0.030s
2025-12-09 05:52:22.033 67027 INFO tempest.lib.common.rest_client [req-7f934622-3939-4b24-87d2-3aefbd97e73a req-7f934622-3939-4b24-87d2-3aefbd97e73a ] Request (FloatingIPsAssociationTestJSON:setUpClass): 201 POST http://10.180.1.21/identity/v3/projects 0.044s
2025-12-09 05:52:22.085 67033 INFO tempest.lib.common.rest_client [req-dab1d279-47ce-4354-af0b-faea5ee5cd89 req-dab1d279-47ce-4354-af0b-faea5ee5cd89 ] Request (AttachInterfacesTestJSON:test_create_list_show_delete_interfaces_by_fixed_ip): 200 GET http://10.180.1.21/compute/v2.1/servers/13154080-ccc0-4eff-a859-70a2b122c54a/os-interface 1.575s
2025-12-09 05:52:22.120 67027 INFO tempest.lib.common.rest_client [req-a345b858-59be-4958-bb94-85cddac8244b req-a345b858-59be-4958-bb94-85cddac8244b ] Request (FloatingIPsAssociationTestJSON:setUpClass): 201 POST http://10.180.1.21/identity/v3/users 0.087s
2025-12-09 05:52:22.153 67027 INFO tempest.lib.common.rest_client [req-4d36154d-312c-44c9-8364-cbf7aa466668 req-4d36154d-312c-44c9-8364-cbf7aa466668 ] Request (FloatingIPsAssociationTestJSON:setUpClass): 200 GET http://10.180.1.21/identity/v3/roles 0.032s
2025-12-09 05:52:22.193 67027 INFO tempest.lib.common.rest_client [req-786f8d42-0a65-4a52-91e5-b12b3300a24e req-786f8d42-0a65-4a52-91e5-b12b3300a24e ] Request (FloatingIPsAssociationTestJSON:setUpClass): 204 PUT http://10.180.1.21/identity/v3/projects/40abadc3ed2b4bb1a19df639ff13fd37/users/dfa7d1eede904a698ad1318d86f25c0b/roles/3d08b420081c48909e87ffc0ce5c811d 0.039s
2025-12-09 05:52:22.194 67027 INFO tempest.lib.common.dynamic_creds [-] Dynamic test user dfa7d1eede904a698ad1318d86f25c0b is created with scope project and roles: ['member']
2025-12-09 05:52:22.194 67027 INFO tempest.lib.common.dynamic_creds [-] Acquired dynamic creds: credentials: Credentials: {'domain_id': 'default', 'domain_name': 'Default', 'username': 'tempest-FloatingIPsAssociationTestJSON-222767104-project-member', 'project_domain_id': 'default', 'project_domain_name': 'Default', 'project_id': '40abadc3ed2b4bb1a19df639ff13fd37', 'project_name': 'tempest-FloatingIPsAssociationTestJSON-222767104', 'tenant_id': '40abadc3ed2b4bb1a19df639ff13fd37', 'tenant_name': 'tempest-FloatingIPsAssociationTestJSON-222767104', 'user_domain_id': 'default', 'user_domain_name': 'Default', 'user_id': 'dfa7d1eede904a698ad1318d86f25c0b', 'system': None}, Network: None, Subnet: None, Router: None
2025-12-09 05:52:22.216 67041 INFO tempest.lib.common.rest_client [req-f3c1e403-bb5f-4984-9dd3-080a0b84925b req-f3c1e403-bb5f-4984-9dd3-080a0b84925b ] Request (ServicesAdminNegativeTestJSON:test_list_services_with_non_admin_user): 403 GET http://10.180.1.21/compute/v2.1/os-services 1.556s
2025-12-09 05:52:22.302 67027 INFO tempest.lib.common.rest_client [req-6d2a4493-b9c3-4c41-9e81-5c7a1afed319 req-6d2a4493-b9c3-4c41-9e81-5c7a1afed319 ] Request (FloatingIPsAssociationTestJSON:setUpClass): 201 POST http://10.180.1.21/identity/v3/auth/tokens 0.107s
2025-12-09 05:52:22.378 67041 INFO tempest.lib.common.rest_client [req-b806669f-41eb-4384-b316-835878c6a637 req-b806669f-41eb-4384-b316-835878c6a637 ] Request (ServicesAdminNegativeTestJSON:tearDownClass): 204 DELETE http://10.180.1.21/identity/v3/users/9d470bbc20f24bea9a8c511bf0e8453a 0.159s
2025-12-09 05:52:22.480 67048 INFO tempest.lib.common.rest_client [req-a2e0fb2c-ee44-4479-878d-5b818efea702 req-a2e0fb2c-ee44-4479-878d-5b818efea702 ] Request (ImagesOneServerNegativeTestJSON:_run_cleanups): 200 GET http://10.180.1.21/compute/v2.1/servers/e2cfdb53-4820-48e2-af6b-8aac4477f021 1.822s
2025-12-09 05:52:22.497 67019 INFO tempest.lib.common.rest_client [req-b208be25-5a50-4f74-b424-6d4d0822ea4b req-b208be25-5a50-4f74-b424-6d4d0822ea4b ] Request (ServerTagsTestJSON:test_create_delete_tag): 200 GET http://10.180.1.21/compute/v2.1/servers/44f6e754-9fe0-4253-bfdb-f476f00701d6/tags 1.762s
2025-12-09 05:52:22.509 67015 INFO tempest.lib.common.rest_client [req-cc90b615-8f18-49c6-ae95-b93d91331637 req-cc90b615-8f18-49c6-ae95-b93d91331637 ] Request (ServersTestBootFromVolume:tearDownClass): 200 PUT http://10.180.1.21/networking/v2.0/routers/f602d5f6-3161-4341-8c1f-7645408a3fd4/remove_router_interface 1.092s
2025-12-09 05:52:22.513 67041 INFO tempest.lib.common.rest_client [req-e1d61497-4784-4caf-a2cb-28cd06176691 req-e1d61497-4784-4caf-a2cb-28cd06176691 ] Request (ServicesAdminNegativeTestJSON:tearDownClass): 204 DELETE http://10.180.1.21/identity/v3/users/b66a5f61512b401db8a66ff97a04472c 0.135s
2025-12-09 05:52:22.514 67041 INFO tempest.lib.common.dynamic_creds [-] Deleting project and security group for project: 5003c44ce78b43c3807fc75fc141e623
2025-12-09 05:52:22.615 67041 INFO tempest.lib.common.rest_client [req-32843edf-58b0-4492-b67b-840e018f0eab req-32843edf-58b0-4492-b67b-840e018f0eab ] Request (ServicesAdminNegativeTestJSON:tearDownClass): 201 POST http://10.180.1.21/identity/v3/auth/tokens 0.101s
2025-12-09 05:52:22.908 67027 INFO tempest.lib.common.rest_client [req-42ed4344-c793-4bae-b5e2-14e232d48d35 req-42ed4344-c793-4bae-b5e2-14e232d48d35 ] Request (FloatingIPsAssociationTestJSON:setUpClass): 201 POST http://10.180.1.21/networking/v2.0/networks 0.606s
2025-12-09 05:52:23.150 67015 INFO tempest.lib.common.rest_client [req-5dcab471-ddeb-4557-824d-11745ea7e651 req-5dcab471-ddeb-4557-824d-11745ea7e651 ] Request (ServersTestBootFromVolume:tearDownClass): 204 DELETE http://10.180.1.21/networking/v2.0/routers/f602d5f6-3161-4341-8c1f-7645408a3fd4 0.640s
2025-12-09 05:52:23.166 67041 INFO tempest.lib.common.rest_client [req-2959041a-7203-479a-a07a-2ae08c1c49a2 req-2959041a-7203-479a-a07a-2ae08c1c49a2 ] Request (ServicesAdminNegativeTestJSON:tearDownClass): 200 GET http://10.180.1.21/networking/v2.0/security-groups?tenant_id=5003c44ce78b43c3807fc75fc141e623&name=default 0.550s
2025-12-09 05:52:23.311 67005 INFO tempest.lib.common.rest_client [req-839c2f15-78c3-46d3-8f49-54bd4bbd480e req-839c2f15-78c3-46d3-8f49-54bd4bbd480e ] Request (AttachInterfacesV270Test:tearDownClass): 200 GET http://10.180.1.21/compute/v2.1/servers/22efcc62-79a6-47e5-9a71-36cf6d6f7540 2.518s
2025-12-09 05:52:23.327 67027 INFO tempest.lib.common.rest_client [req-449a29f9-2f0f-430f-bdf4-bb2ce45ba9d9 req-449a29f9-2f0f-430f-bdf4-bb2ce45ba9d9 ] Request (FloatingIPsAssociationTestJSON:setUpClass): 201 POST http://10.180.1.21/networking/v2.0/subnets 0.419s
2025-12-09 05:52:23.370 66995 INFO tempest.lib.common.rest_client [req-e5e8edf6-0031-4e0a-b735-c1254a79623c req-e5e8edf6-0031-4e0a-b735-c1254a79623c ] Request (ImagesOneServerTestJSON:test_create_delete_image): 200 GET http://10.180.1.21/compute/v2.1/images/38498d2c-3ff3-471e-8c79-96dc99664e38 2.233s
2025-12-09 05:52:23.436 67041 INFO tempest.lib.common.rest_client [req-0686ebca-aff8-4d4d-bc42-1fdc1a3dc4b2 req-0686ebca-aff8-4d4d-bc42-1fdc1a3dc4b2 ] Request (ServicesAdminNegativeTestJSON:tearDownClass): 204 DELETE http://10.180.1.21/networking/v2.0/security-groups/3552a133-e429-4fce-b5c5-e8d6e855b478 0.270s
2025-12-09 05:52:23.480 67015 INFO tempest.lib.common.rest_client [req-013ba408-dd1f-4f57-a070-47715e1036ad req-013ba408-dd1f-4f57-a070-47715e1036ad ] Request (ServersTestBootFromVolume:tearDownClass): 204 DELETE http://10.180.1.21/networking/v2.0/subnets/4a70cb21-4b63-4f78-8ee0-83bf1573be9c 0.330s
2025-12-09 05:52:23.516 67041 INFO tempest.lib.common.rest_client [req-4993abc8-2f26-418d-836d-2a0204726e88 req-4993abc8-2f26-418d-836d-2a0204726e88 ] Request (ServicesAdminNegativeTestJSON:tearDownClass): 204 DELETE http://10.180.1.21/identity/v3/projects/5003c44ce78b43c3807fc75fc141e623 0.079s
2025-12-09 05:52:23.516 67041 INFO tempest.lib.common.dynamic_creds [-] Deleting project and security group for project: f33c343cd1734ede8d8830e70d3e1567
2025-12-09 05:52:23.559 67053 WARNING tempest.lib.common.ssh [-] Failed to establish authenticated ssh connection to cirros@10.180.180.254 ([Errno None] Unable to connect to port 22 on 10.180.180.254). Number attempts: 2. Retry after 3 seconds.: paramiko.ssh_exception.NoValidConnectionsError: [Errno None] Unable to connect to port 22 on 10.180.180.254
2025-12-09 05:52:23.999 67037 INFO tempest.lib.common.rest_client [req-91aad84a-d5a6-4806-9619-939bc5b9a7d0 req-91aad84a-d5a6-4806-9619-939bc5b9a7d0 ] Request (DeleteServersTestJSON:test_delete_server_while_in_attached_volume): 200 GET http://10.180.1.21/compute/v2.1/servers/ca06d714-e273-46c7-b964-a0ea198db8ed 2.824s
2025-12-09 05:52:24.015 67021 INFO tempest.lib.common.rest_client [req-d76a7951-4bee-4154-95fa-50744859e2b5 req-d76a7951-4bee-4154-95fa-50744859e2b5 ] Request (ServersTestJSON:test_verify_created_server_vcpus): 200 GET http://10.180.1.21/compute/v2.1/flavors/42 2.826s
2025-12-09 05:52:24.018 67021 INFO tempest.lib.common.ssh [-] Creating ssh connection to '10.180.180.210:22' as 'cirros' with public key authentication
2025-12-09 05:52:24.031 67021 INFO paramiko.transport [-] Connected (version 2.0, client dropbear_2020.81)
2025-12-09 05:52:24.129 67021 INFO paramiko.transport [-] Authentication (publickey) successful!
2025-12-09 05:52:24.129 67021 INFO tempest.lib.common.ssh [-] ssh connection to cirros@10.180.180.210 successfully created
2025-12-09 05:52:24.136 66999 INFO tempest.lib.common.rest_client [req-2a2b1945-28f7-4fe0-b8bb-023f14f60c89 req-2a2b1945-28f7-4fe0-b8bb-023f14f60c89 ] Request (ServersNegativeTestJSON:setUpClass): 202 POST http://10.180.1.21/compute/v2.1/servers 3.425s
2025-12-09 05:52:24.247 67027 INFO tempest.lib.common.rest_client [req-68a09867-e7b0-4d97-8d82-2e83c51a7843 req-68a09867-e7b0-4d97-8d82-2e83c51a7843 ] Request (FloatingIPsAssociationTestJSON:setUpClass): 201 POST http://10.180.1.21/networking/v2.0/routers 0.919s
2025-12-09 05:52:24.315 67015 INFO tempest.lib.common.rest_client [req-ed97860f-2bc4-4a39-b4e2-0b36f8fcdf4d req-ed97860f-2bc4-4a39-b4e2-0b36f8fcdf4d ] Request (ServersTestBootFromVolume:tearDownClass): 204 DELETE http://10.180.1.21/networking/v2.0/networks/c7a26e28-5c6c-4df7-b0d7-d197f19a4252 0.834s
2025-12-09 05:52:24.410 67041 INFO tempest.lib.common.rest_client [req-ab2e94a4-ea97-429e-8533-f3ad103a9bbd req-ab2e94a4-ea97-429e-8533-f3ad103a9bbd ] Request (ServicesAdminNegativeTestJSON:tearDownClass): 200 GET http://10.180.1.21/networking/v2.0/security-groups?tenant_id=f33c343cd1734ede8d8830e70d3e1567&name=default 0.894s
2025-12-09 05:52:24.416 67056 INFO tempest.lib.common.rest_client [req-87b0c9a1-6367-4142-b900-2d4a85811423 req-87b0c9a1-6367-4142-b900-2d4a85811423 ] Request (ServerActionsTestOtherA:_run_cleanups): 200 GET http://10.180.1.21/compute/v2.1/servers/a8198ced-d298-4ff8-9409-5768dfc36463 3.217s
2025-12-09 05:52:24.435 67023 INFO tempest.lib.common.rest_client [req-63806e58-ff4b-4af6-9aa4-d8b168059667 req-63806e58-ff4b-4af6-9aa4-d8b168059667 ] Request (InstanceActionsTestJSON:tearDownClass): 200 GET http://10.180.1.21/compute/v2.1/servers/561e23a3-62cd-41bd-8a36-38b0890410a8 3.137s
2025-12-09 05:52:24.444 67023 INFO tempest.common.waiters [-] State transition "ACTIVE/deleting" ==> "DELETED/None" after 4 second wait
2025-12-09 05:52:24.508 67015 INFO tempest.lib.common.rest_client [req-08f63fd6-87e3-438a-8a7c-97d6e8be4d25 req-08f63fd6-87e3-438a-8a7c-97d6e8be4d25 ] Request (ServersTestBootFromVolume:tearDownClass): 204 DELETE http://10.180.1.21/identity/v3/users/a02b6b2e1b3b45a6b45bc108f14863b5 0.193s
2025-12-09 05:52:24.509 67015 INFO tempest.lib.common.dynamic_creds [-] Deleting project and security group for project: 14ab55d8fa004300a421fe104891ed66
2025-12-09 05:52:24.805 67041 INFO tempest.lib.common.rest_client [req-a37caf96-7092-4cd5-b1b8-145576d4392f req-a37caf96-7092-4cd5-b1b8-145576d4392f ] Request (ServicesAdminNegativeTestJSON:tearDownClass): 204 DELETE http://10.180.1.21/networking/v2.0/security-groups/80cf077f-3918-4b4e-ab80-b018d44dde7b 0.395s
2025-12-09 05:52:24.835 67035 INFO tempest.lib.common.rest_client [req-f7affd26-3259-4dea-953d-70355302bf3e req-f7affd26-3259-4dea-953d-70355302bf3e ] Request (ServersAdmin275Test:tearDownClass): 200 GET http://10.180.1.21/compute/v2.1/servers/3c8ef49c-6f77-43f4-9a1a-b993d9e201cb 3.511s
2025-12-09 05:52:24.844 67049 INFO tempest.lib.common.rest_client [req-36512977-2cb0-4ce3-9893-4fd7887d4ce0 req-36512977-2cb0-4ce3-9893-4fd7887d4ce0 ] Request (InstanceActionsNegativeTestJSON:tearDownClass): 200 GET http://10.180.1.21/compute/v2.1/servers/43a7d10a-4b30-4325-b520-e1e16ee55c74 3.485s
2025-12-09 05:52:24.871 67015 INFO tempest.lib.common.rest_client [req-60034573-02a6-4708-b321-a7dd2d9cc9d5 req-60034573-02a6-4708-b321-a7dd2d9cc9d5 ] Request (ServersTestBootFromVolume:tearDownClass): 200 GET http://10.180.1.21/networking/v2.0/security-groups?tenant_id=14ab55d8fa004300a421fe104891ed66&name=default 0.362s
2025-12-09 05:52:24.966 67041 INFO tempest.lib.common.rest_client [req-d5318b07-bd61-4632-8510-3a087c8093b7 req-d5318b07-bd61-4632-8510-3a087c8093b7 ] Request (ServicesAdminNegativeTestJSON:tearDownClass): 204 DELETE http://10.180.1.21/identity/v3/projects/f33c343cd1734ede8d8830e70d3e1567 0.161s
2025-12-09 05:52:24.978 67015 INFO tempest.lib.common.rest_client [req-963241ec-dab0-458e-befd-f4449b536295 req-963241ec-dab0-458e-befd-f4449b536295 ] Request (ServersTestBootFromVolume:tearDownClass): 204 DELETE http://10.180.1.21/networking/v2.0/security-groups/be5a73f1-d790-4007-90d8-2b394dc74d36 0.106s
2025-12-09 05:52:25.065 67041 INFO tempest.lib.common.rest_client [req-aa16002e-5824-49bb-8835-05f5ff2fd841 req-aa16002e-5824-49bb-8835-05f5ff2fd841 ] Request (ServerShowV254Test:setUpClass): 201 POST http://10.180.1.21/identity/v3/auth/tokens 0.097s
2025-12-09 05:52:25.079 67051 INFO tempest.lib.common.rest_client [req-c1f57709-3afa-4ca1-a6b1-dd36d0c14b02 req-c1f57709-3afa-4ca1-a6b1-dd36d0c14b02 ] Request (ServersAdminTestJSON:test_inject_network_info): 200 GET http://10.180.1.21/compute/v2.1/servers/d7d8f523-5cc6-41ca-8164-43d3dab37473 3.692s
2025-12-09 05:52:25.087 67015 INFO tempest.lib.common.rest_client [req-8d6e4bb4-e724-4921-b23a-50b182e862e7 req-8d6e4bb4-e724-4921-b23a-50b182e862e7 ] Request (ServersTestBootFromVolume:tearDownClass): 204 DELETE http://10.180.1.21/identity/v3/projects/14ab55d8fa004300a421fe104891ed66 0.109s
2025-12-09 05:52:25.088 67015 INFO tempest.test [-] raised in NoVNCConsoleTestJSON.setUpClass. Invoking tearDownClass.
2025-12-09 05:52:25.095 67001 WARNING tempest.lib.common.ssh [-] Failed to establish authenticated ssh connection to cirros@10.180.180.138 ([Errno None] Unable to connect to port 22 on 10.180.180.138). Number attempts: 3. Retry after 4 seconds.: paramiko.ssh_exception.NoValidConnectionsError: [Errno None] Unable to connect to port 22 on 10.180.180.138
2025-12-09 05:52:25.107 67003 INFO tempest.lib.common.rest_client [req-740364ed-6600-4b23-b1db-3bb26115aea6 req-740364ed-6600-4b23-b1db-3bb26115aea6 ] Request (ServersNegativeTestMultiTenantJSON:setUpClass): 200 GET http://10.180.1.21/compute/v2.1/servers/aa1ef8bf-eb26-495c-baba-790aa20c1d1f 3.523s
2025-12-09 05:52:25.149 67011 INFO tempest.lib.common.rest_client [req-944672d6-3af6-4183-b0fe-df511c9490d3 req-944672d6-3af6-4183-b0fe-df511c9490d3 ] Request (VolumesGetTestJSON:tearDownClass): 202 DELETE http://10.180.1.21/compute/v2.1/os-volumes/09d38070-afd1-4b64-a014-83ea44e4b7fe 3.286s
2025-12-09 05:52:25.164 67015 INFO tempest.lib.common.rest_client [req-85d34f6d-8b17-4444-ab9b-24cb72574c82 req-85d34f6d-8b17-4444-ab9b-24cb72574c82 ] Request (ServerActionsTestOtherB:setUpClass): 201 POST http://10.180.1.21/identity/v3/auth/tokens 0.075s
2025-12-09 05:52:25.188 67041 INFO tempest.lib.common.rest_client [req-f44d9072-bd0e-4801-bb17-b658a60eca1e req-f44d9072-bd0e-4801-bb17-b658a60eca1e ] Request (ServerShowV254Test:setUpClass): 201 POST http://10.180.1.21/identity/v3/auth/tokens 0.120s
2025-12-09 05:52:25.215 67015 INFO tempest.lib.common.rest_client [req-8ee8797d-feab-4f4c-b0cf-39e30d8e4132 req-8ee8797d-feab-4f4c-b0cf-39e30d8e4132 ] Request (ServerActionsTestOtherB:setUpClass): 201 POST http://10.180.1.21/identity/v3/auth/tokens 0.044s
2025-12-09 05:52:25.220 67041 INFO tempest.lib.common.rest_client [req-a90ee41e-5c66-4db0-b6f3-e9f82d184571 req-a90ee41e-5c66-4db0-b6f3-e9f82d184571 ] Request (ServerShowV254Test:setUpClass): 200 GET http://10.180.1.21/identity/v3/domains?name=Default 0.031s
2025-12-09 05:52:25.247 67015 INFO tempest.lib.common.rest_client [req-bf9f605d-9c6b-4dbb-89ed-ded2a4191c2d req-bf9f605d-9c6b-4dbb-89ed-ded2a4191c2d ] Request (ServerActionsTestOtherB:setUpClass): 200 GET http://10.180.1.21/identity/v3/domains?name=Default 0.030s
2025-12-09 05:52:25.254 67041 INFO tempest.lib.common.rest_client [req-5e181034-2f6c-4ad4-8e9b-8dce3c53a3f0 req-5e181034-2f6c-4ad4-8e9b-8dce3c53a3f0 ] Request (ServerShowV254Test:setUpClass): 201 POST http://10.180.1.21/identity/v3/projects 0.033s
2025-12-09 05:52:25.283 67017 INFO tempest.lib.common.rest_client [req-6b30ce6c-7c2d-4aa0-b1e5-c07b5fee97d8 req-6b30ce6c-7c2d-4aa0-b1e5-c07b5fee97d8 ] Request (ImagesTestJSON:test_create_image_from_stopped_server): 200 GET http://10.180.1.21/compute/v2.1/servers/21f9dcb7-8777-49e9-a5e2-e7894ddc929d 3.163s
2025-12-09 05:52:25.293 66997 INFO tempest.lib.common.rest_client [req-f36696a8-feb2-45b8-a04b-be86e3691668 req-f36696a8-feb2-45b8-a04b-be86e3691668 ] Request (VolumesAssistedSnapshotsTest:tearDownClass): 200 GET http://10.180.1.21/compute/v2.1/servers/ad36398b-c24e-41db-bc8e-6e81f89cba3a 2.802s
2025-12-09 05:52:25.312 67015 INFO tempest.lib.common.rest_client [req-d3d0c0db-01bd-4ed7-bf9c-71edbded49f4 req-d3d0c0db-01bd-4ed7-bf9c-71edbded49f4 ] Request (ServerActionsTestOtherB:setUpClass): 201 POST http://10.180.1.21/identity/v3/projects 0.063s
2025-12-09 05:52:25.327 67041 INFO tempest.lib.common.rest_client [req-a7fcb093-90fd-4e74-8fa8-990b573b7786 req-a7fcb093-90fd-4e74-8fa8-990b573b7786 ] Request (ServerShowV254Test:setUpClass): 201 POST http://10.180.1.21/identity/v3/users 0.073s
2025-12-09 05:52:25.378 67019 INFO tempest.lib.common.rest_client [req-c3beae85-a290-469e-b0d5-3f3ee521e103 req-c3beae85-a290-469e-b0d5-3f3ee521e103 ] Request (ServerTagsTestJSON:test_create_delete_tag): 201 PUT http://10.180.1.21/compute/v2.1/servers/44f6e754-9fe0-4253-bfdb-f476f00701d6/tags/tempest-tag-2073768587 2.879s
2025-12-09 05:52:25.390 67015 INFO tempest.lib.common.rest_client [req-c13631c1-6f2b-4b69-9b01-d88bc60f1674 req-c13631c1-6f2b-4b69-9b01-d88bc60f1674 ] Request (ServerActionsTestOtherB:setUpClass): 201 POST http://10.180.1.21/identity/v3/users 0.078s
2025-12-09 05:52:25.403 67041 INFO tempest.lib.common.rest_client [req-296fbca0-a366-4a2e-810d-6472def2b7e7 req-296fbca0-a366-4a2e-810d-6472def2b7e7 ] Request (ServerShowV254Test:setUpClass): 200 GET http://10.180.1.21/identity/v3/roles 0.075s
2025-12-09 05:52:25.418 67015 INFO tempest.lib.common.rest_client [req-745eb944-c0b4-48e3-9b95-f55a8101fe12 req-745eb944-c0b4-48e3-9b95-f55a8101fe12 ] Request (ServerActionsTestOtherB:setUpClass): 200 GET http://10.180.1.21/identity/v3/roles 0.027s
2025-12-09 05:52:25.443 67007 INFO tempest.lib.common.rest_client [req-24109363-bd38-496f-9af1-a29f10737eb5 req-24109363-bd38-496f-9af1-a29f10737eb5 ] Request (ServersAaction247Test:test_create_backup): 200 GET http://10.180.1.21/compute/v2.1/servers/b3c0381e-7c88-4ade-82a7-a6b0069af672 2.636s
2025-12-09 05:52:25.443 67041 INFO tempest.lib.common.rest_client [req-65fafd00-0ee0-449f-9579-f8ea191d7226 req-65fafd00-0ee0-449f-9579-f8ea191d7226 ] Request (ServerShowV254Test:setUpClass): 204 PUT http://10.180.1.21/identity/v3/projects/59a9a2d1fb5e454489818fab0f2bebb0/users/71fc38afff5a4a3cb3954f7484599e63/roles/3d08b420081c48909e87ffc0ce5c811d 0.040s
2025-12-09 05:52:25.443 67041 INFO tempest.lib.common.dynamic_creds [-] Dynamic test user 71fc38afff5a4a3cb3954f7484599e63 is created with scope project and roles: ['member']
2025-12-09 05:52:25.444 67041 INFO tempest.lib.common.dynamic_creds [-] Acquired dynamic creds: credentials: Credentials: {'domain_id': 'default', 'domain_name': 'Default', 'username': 'tempest-ServerShowV254Test-142912871-project-member', 'project_domain_id': 'default', 'project_domain_name': 'Default', 'project_id': '59a9a2d1fb5e454489818fab0f2bebb0', 'project_name': 'tempest-ServerShowV254Test-142912871', 'tenant_id': '59a9a2d1fb5e454489818fab0f2bebb0', 'tenant_name': 'tempest-ServerShowV254Test-142912871', 'user_domain_id': 'default', 'user_domain_name': 'Default', 'user_id': '71fc38afff5a4a3cb3954f7484599e63', 'system': None}, Network: None, Subnet: None, Router: None
2025-12-09 05:52:25.444 67041 INFO tempest.lib.common.dynamic_creds [-] Created isolated network resources for: credentials: Credentials: {'domain_id': 'default', 'domain_name': 'Default', 'username': 'tempest-ServerShowV254Test-142912871-project-member', 'project_domain_id': 'default', 'project_domain_name': 'Default', 'project_id': '59a9a2d1fb5e454489818fab0f2bebb0', 'project_name': 'tempest-ServerShowV254Test-142912871', 'tenant_id': '59a9a2d1fb5e454489818fab0f2bebb0', 'tenant_name': 'tempest-ServerShowV254Test-142912871', 'user_domain_id': 'default', 'user_domain_name': 'Default', 'user_id': '71fc38afff5a4a3cb3954f7484599e63', 'system': None}, Network: None, Subnet: None, Router: None
2025-12-09 05:52:25.450 67015 INFO tempest.lib.common.rest_client [req-d5fb2d7a-8f4f-4d10-95d1-70df34a86f6d req-d5fb2d7a-8f4f-4d10-95d1-70df34a86f6d ] Request (ServerActionsTestOtherB:setUpClass): 204 PUT http://10.180.1.21/identity/v3/projects/29961368a9ce4f8eb6b26ce3c3231ab3/users/5668340d2b9c47deb735699a870b15d7/roles/3d08b420081c48909e87ffc0ce5c811d 0.031s
2025-12-09 05:52:25.450 67015 INFO tempest.lib.common.dynamic_creds [-] Dynamic test user 5668340d2b9c47deb735699a870b15d7 is created with scope project and roles: ['member']
2025-12-09 05:52:25.450 67015 INFO tempest.lib.common.dynamic_creds [-] Acquired dynamic creds: credentials: Credentials: {'domain_id': 'default', 'domain_name': 'Default', 'username': 'tempest-ServerActionsTestOtherB-852466792-project-member', 'project_domain_id': 'default', 'project_domain_name': 'Default', 'project_id': '29961368a9ce4f8eb6b26ce3c3231ab3', 'project_name': 'tempest-ServerActionsTestOtherB-852466792', 'tenant_id': '29961368a9ce4f8eb6b26ce3c3231ab3', 'tenant_name': 'tempest-ServerActionsTestOtherB-852466792', 'user_domain_id': 'default', 'user_domain_name': 'Default', 'user_id': '5668340d2b9c47deb735699a870b15d7', 'system': None}, Network: None, Subnet: None, Router: None
2025-12-09 05:52:25.457 67007 INFO tempest.common.waiters [-] State transition "BUILD/None" ==> "BUILD/spawning" after 16 second wait
2025-12-09 05:52:25.478 67027 INFO tempest.lib.common.rest_client [req-4b1699a4-52d2-46c8-8127-02918faa3283 req-4b1699a4-52d2-46c8-8127-02918faa3283 ] Request (FloatingIPsAssociationTestJSON:setUpClass): 200 PUT http://10.180.1.21/networking/v2.0/routers/72debfa8-4815-440c-bceb-d8e617910215/add_router_interface 1.231s
2025-12-09 05:52:25.478 67027 INFO tempest.lib.common.dynamic_creds [-] Created isolated network resources for: credentials: Credentials: {'domain_id': 'default', 'domain_name': 'Default', 'username': 'tempest-FloatingIPsAssociationTestJSON-222767104-project-member', 'project_domain_id': 'default', 'project_domain_name': 'Default', 'project_id': '40abadc3ed2b4bb1a19df639ff13fd37', 'project_name': 'tempest-FloatingIPsAssociationTestJSON-222767104', 'tenant_id': '40abadc3ed2b4bb1a19df639ff13fd37', 'tenant_name': 'tempest-FloatingIPsAssociationTestJSON-222767104', 'user_domain_id': 'default', 'user_domain_name': 'Default', 'user_id': 'dfa7d1eede904a698ad1318d86f25c0b', 'system': None}, Network: {'id': '131a7665-140a-48ca-bceb-8341f743be15', 'name': 'tempest-FloatingIPsAssociationTestJSON-860828588-network', 'tenant_id': '40abadc3ed2b4bb1a19df639ff13fd37', 'project_id': '40abadc3ed2b4bb1a19df639ff13fd37', 'admin_state_up': True, 'mtu': 8950, 'status': 'ACTIVE', 'subnets': [], 'shared': False, 'port_security_enabled': True, 'router:external': False, 'provider:network_type': 'vlan', 'provider:physical_network': 'default', 'provider:segmentation_id': 900, 'availability_zone_hints': [], 'availability_zones': [], 'ipv4_address_scope': None, 'ipv6_address_scope': None, 'description': '', 'tags': [], 'created_at': '2025-12-09T05:52:22Z', 'updated_at': '2025-12-09T05:52:22Z', 'revision_number': 1}, Subnet: {'id': 'bbdb3aaa-160f-47bb-b5ca-e3dfbf37340e', 'name': 'tempest-FloatingIPsAssociationTestJSON-860828588-subnet', 'tenant_id': '40abadc3ed2b4bb1a19df639ff13fd37', 'network_id': '131a7665-140a-48ca-bceb-8341f743be15', 'ip_version': 4, 'subnetpool_id': None, 'enable_dhcp': True, 'ipv6_ra_mode': None, 'ipv6_address_mode': None, 'gateway_ip': '192.168.128.1', 'cidr': '192.168.128.0/28', 'allocation_pools': [{'start': '192.168.128.2', 'end': '192.168.128.14'}], 'host_routes': [], 'dns_nameservers': [], 'description': '', 'router:external': False, 'service_types': [], 'tags': [], 'created_at': '2025-12-09T05:52:23Z', 'updated_at': '2025-12-09T05:52:23Z', 'revision_number': 0, 'project_id': '40abadc3ed2b4bb1a19df639ff13fd37'}, Router: {'id': '72debfa8-4815-440c-bceb-d8e617910215', 'name': 'tempest-FloatingIPsAssociationTestJSON-860828588-router', 'tenant_id': '40abadc3ed2b4bb1a19df639ff13fd37', 'admin_state_up': True, 'status': 'ACTIVE', 'external_gateway_info': {'network_id': '376373dd-edfa-49bc-b36e-386a3803609e', 'external_fixed_ips': [{'subnet_id': '5f6e2ffe-ccce-44a1-afb2-28cbb3f0c9df', 'ip_address': '10.180.180.155'}], 'enable_snat': True}, 'description': '', 'availability_zones': [], 'distributed': False, 'ha': False, 'availability_zone_hints': [], 'routes': [], 'flavor_id': None, 'tags': [], 'created_at': '2025-12-09T05:52:23Z', 'updated_at': '2025-12-09T05:52:23Z', 'revision_number': 2, 'project_id': '40abadc3ed2b4bb1a19df639ff13fd37'}
2025-12-09 05:52:25.489 67045 INFO tempest.lib.common.rest_client [req-6f913eb5-d5bd-44a2-abf4-0ea54f835a8f req-6f913eb5-d5bd-44a2-abf4-0ea54f835a8f ] Request (MigrationsAdminTest:test_resize_server_revert_deleted_flavor): 200 GET http://10.180.1.21/compute/v2.1/servers/040e7e89-2168-429f-94af-aa1e850297f4 2.948s
2025-12-09 05:52:25.527 67015 INFO tempest.lib.common.rest_client [req-c802bf9c-b86e-4829-9e1f-7f58a2cf302a req-c802bf9c-b86e-4829-9e1f-7f58a2cf302a ] Request (ServerActionsTestOtherB:setUpClass): 201 POST http://10.180.1.21/identity/v3/auth/tokens 0.076s
2025-12-09 05:52:25.531 66995 INFO tempest.lib.common.rest_client [req-dcd1d8ba-d9e0-4592-9b4b-579506a67e25 req-dcd1d8ba-d9e0-4592-9b4b-579506a67e25 ] Request (ImagesOneServerTestJSON:test_create_delete_image): 200 GET http://10.180.1.21/compute/v2.1/images/38498d2c-3ff3-471e-8c79-96dc99664e38 2.157s
2025-12-09 05:52:25.562 67041 INFO tempest.lib.common.rest_client [req-7e3aae2f-80ae-4574-a4cc-4ceec58ae5d7 req-7e3aae2f-80ae-4574-a4cc-4ceec58ae5d7 ] Request (ServerShowV254Test:setUpClass): 201 POST http://10.180.1.21/identity/v3/auth/tokens 0.111s
2025-12-09 05:52:25.576 67033 INFO tempest.lib.common.rest_client [req-ae990c6b-4a05-4e89-9365-520468dfc8f0 req-ae990c6b-4a05-4e89-9365-520468dfc8f0 ] Request (AttachInterfacesTestJSON:test_create_list_show_delete_interfaces_by_fixed_ip): 200 GET http://10.180.1.21/compute/v2.1/servers/13154080-ccc0-4eff-a859-70a2b122c54a/os-interface 2.486s
2025-12-09 05:52:25.642 67027 INFO tempest.lib.common.rest_client [req-aea2d9df-c88b-4597-a222-6a272bbda6ec req-aea2d9df-c88b-4597-a222-6a272bbda6ec ] Request (FloatingIPsAssociationTestJSON:setUpClass): 201 POST http://10.180.1.21/identity/v3/auth/tokens 0.158s
2025-12-09 05:52:25.679 67041 INFO tempest.lib.common.rest_client [req-438b12cd-2133-4c39-998b-ec18cba5458e req-438b12cd-2133-4c39-998b-ec18cba5458e ] Request (ServerShowV254Test:test_rebuild_server): 201 POST http://10.180.1.21/identity/v3/auth/tokens 0.113s
2025-12-09 05:52:25.680 67041 INFO tempest.lib.common.fixed_network [-] (ServerShowV254Test:test_rebuild_server) Found network None available for tenant
2025-12-09 05:52:25.699 67033 INFO tempest.lib.common.rest_client [req-ac6efe18-32e9-4f69-aa37-c268d67d4323 req-ac6efe18-32e9-4f69-aa37-c268d67d4323 ] Request (AttachInterfacesTestJSON:_run_cleanups): 404 DELETE http://10.180.1.21/networking/v2.0/ports/4302f59f-76e7-44bb-9bfc-c0effe0413e5 0.119s
2025-12-09 05:52:25.702 67027 INFO tempest.lib.common.rest_client [req-30fac75f-d78c-4bfa-8c33-374a25aebf83 req-30fac75f-d78c-4bfa-8c33-374a25aebf83 ] Request (FloatingIPsAssociationTestJSON:setUpClass): 201 POST http://10.180.1.21/identity/v3/auth/tokens 0.052s
2025-12-09 05:52:25.702 67027 INFO tempest.lib.common.fixed_network [-] (FloatingIPsAssociationTestJSON:setUpClass) Found network {'id': '131a7665-140a-48ca-bceb-8341f743be15', 'name': 'tempest-FloatingIPsAssociationTestJSON-860828588-network', 'tenant_id': '40abadc3ed2b4bb1a19df639ff13fd37', 'project_id': '40abadc3ed2b4bb1a19df639ff13fd37', 'admin_state_up': True, 'mtu': 8950, 'status': 'ACTIVE', 'subnets': [], 'shared': False, 'port_security_enabled': True, 'router:external': False, 'provider:network_type': 'vlan', 'provider:physical_network': 'default', 'provider:segmentation_id': 900, 'availability_zone_hints': [], 'availability_zones': [], 'ipv4_address_scope': None, 'ipv6_address_scope': None, 'description': '', 'tags': [], 'created_at': '2025-12-09T05:52:22Z', 'updated_at': '2025-12-09T05:52:22Z', 'revision_number': 1} available for tenant
2025-12-09 05:52:25.810 66999 INFO tempest.lib.common.rest_client [req-db48fb55-b7ab-4f93-b209-132724ca0be7 req-db48fb55-b7ab-4f93-b209-132724ca0be7 ] Request (ServersNegativeTestJSON:setUpClass): 200 GET http://10.180.1.21/compute/v2.1/servers/b929f132-cc06-464b-8a54-030792dfc9ab 1.672s
2025-12-09 05:52:25.907 67021 INFO tempest.lib.common.rest_client [req-947a795d-b606-4815-b8de-cef1f7f1026b req-947a795d-b606-4815-b8de-cef1f7f1026b ] Request (ServersTestJSON:tearDownClass): 204 DELETE http://10.180.1.21/compute/v2.1/servers/3d106ca9-04e6-461f-9402-2f56b7cbf5ca 1.766s
2025-12-09 05:52:25.918 67048 INFO tempest.lib.common.rest_client [req-40af55a8-3665-47fb-a6b7-f78893355fb0 req-40af55a8-3665-47fb-a6b7-f78893355fb0 ] Request (ImagesOneServerNegativeTestJSON:_run_cleanups): 200 GET http://10.180.1.21/compute/v2.1/servers/e2cfdb53-4820-48e2-af6b-8aac4477f021 2.428s
2025-12-09 05:52:25.942 67015 INFO tempest.lib.common.rest_client [req-c5d0c733-b297-4e76-898f-428dcfceb943 req-c5d0c733-b297-4e76-898f-428dcfceb943 ] Request (ServerActionsTestOtherB:setUpClass): 201 POST http://10.180.1.21/networking/v2.0/networks 0.415s
2025-12-09 05:52:25.990 67037 INFO tempest.lib.common.rest_client [req-f912ce58-8690-4441-a17c-ea323715aa31 req-f912ce58-8690-4441-a17c-ea323715aa31 ] Request (DeleteServersTestJSON:test_delete_server_while_in_attached_volume): 200 GET http://10.180.1.21/compute/v2.1/servers/ca06d714-e273-46c7-b964-a0ea198db8ed 0.982s
2025-12-09 05:52:26.008 67005 INFO tempest.lib.common.rest_client [req-fbbf527d-375d-4a79-8434-71f5cfc1c297 req-fbbf527d-375d-4a79-8434-71f5cfc1c297 ] Request (AttachInterfacesV270Test:tearDownClass): 200 GET http://10.180.1.21/compute/v2.1/servers/22efcc62-79a6-47e5-9a71-36cf6d6f7540 1.678s
2025-12-09 05:52:26.020 67005 INFO tempest.common.waiters [-] State transition "ACTIVE/deleting" ==> "DELETED/None" after 3 second wait
2025-12-09 05:52:26.021 67011 INFO tempest.lib.common.rest_client [req-1700da22-55b3-4790-b7fa-6256570433b3 req-1700da22-55b3-4790-b7fa-6256570433b3 ] Request (VolumesGetTestJSON:tearDownClass): 404 GET http://10.180.1.21/compute/v2.1/os-volumes/09d38070-afd1-4b64-a014-83ea44e4b7fe 0.871s
2025-12-09 05:52:26.024 67019 INFO tempest.lib.common.rest_client [req-c0567afb-10f8-4064-90e8-b16a6b32b146 req-c0567afb-10f8-4064-90e8-b16a6b32b146 ] Request (ServerTagsTestJSON:test_create_delete_tag): 200 GET http://10.180.1.21/compute/v2.1/servers/44f6e754-9fe0-4253-bfdb-f476f00701d6/tags 0.645s
2025-12-09 05:52:26.113 67043 WARNING tempest.lib.common.ssh [-] Failed to establish authenticated ssh connection to cirros@10.180.180.199 ([Errno None] Unable to connect to port 22 on 10.180.180.199). Number attempts: 9. Retry after 10 seconds.: paramiko.ssh_exception.NoValidConnectionsError: [Errno None] Unable to connect to port 22 on 10.180.180.199
2025-12-09 05:52:26.126 67056 INFO tempest.lib.common.rest_client [req-0c5a6532-f896-4d35-962f-d5954162316c req-0c5a6532-f896-4d35-962f-d5954162316c ] Request (ServerActionsTestOtherA:_run_cleanups): 200 GET http://10.180.1.21/compute/v2.1/servers/a8198ced-d298-4ff8-9409-5768dfc36463 0.699s
2025-12-09 05:52:26.134 67056 INFO tempest.common.waiters [-] State transition "SHUTOFF/deleting" ==> "DELETED/None" after 2 second wait
2025-12-09 05:52:26.140 67023 INFO tempest.lib.common.rest_client [req-ad7efd4c-d998-4868-8a3e-63c6ffd0763f req-ad7efd4c-d998-4868-8a3e-63c6ffd0763f ] Request (InstanceActionsTestJSON:tearDownClass): 200 GET http://10.180.1.21/compute/v2.1/servers/561e23a3-62cd-41bd-8a36-38b0890410a8 0.694s
2025-12-09 05:52:26.142 67015 INFO tempest.lib.common.rest_client [req-b235e570-b08e-4788-90a9-85f11bedb0e6 req-b235e570-b08e-4788-90a9-85f11bedb0e6 ] Request (ServerActionsTestOtherB:setUpClass): 201 POST http://10.180.1.21/networking/v2.0/subnets 0.199s
2025-12-09 05:52:26.148 67011 INFO tempest.lib.common.rest_client [req-60449164-78b6-4cd5-8e1a-fc26b62caf71 req-60449164-78b6-4cd5-8e1a-fc26b62caf71 ] Request (VolumesGetTestJSON:tearDownClass): 204 DELETE http://10.180.1.21/identity/v3/users/5eb9da8f74db40d3b0c5a301de6bd910 0.125s
2025-12-09 05:52:26.148 67011 INFO tempest.lib.common.dynamic_creds [-] Deleting project and security group for project: 3f31eed5e8144916bd20142a4756e7b8
2025-12-09 05:52:26.215 67011 INFO tempest.lib.common.rest_client [req-d71c7e74-b889-4b57-836f-130daa1213b5 req-d71c7e74-b889-4b57-836f-130daa1213b5 ] Request (VolumesGetTestJSON:tearDownClass): 201 POST http://10.180.1.21/identity/v3/auth/tokens 0.066s
2025-12-09 05:52:26.464 67041 INFO tempest.lib.common.rest_client [req-edeabfc6-341b-4872-a3e6-598c22fea678 req-edeabfc6-341b-4872-a3e6-598c22fea678 ] Request (ServerShowV254Test:test_rebuild_server): 202 POST http://10.180.1.21/compute/v2.1/servers 0.784s
2025-12-09 05:52:26.560 67011 INFO tempest.lib.common.rest_client [req-6afb6d3e-e961-4fb8-b6b7-3c643372ccdb req-6afb6d3e-e961-4fb8-b6b7-3c643372ccdb ] Request (VolumesGetTestJSON:tearDownClass): 200 GET http://10.180.1.21/networking/v2.0/security-groups?tenant_id=3f31eed5e8144916bd20142a4756e7b8&name=default 0.344s
2025-12-09 05:52:26.610 67033 INFO tempest.lib.common.rest_client [req-94addfa3-5e92-48f2-9118-1df690f63b82 req-94addfa3-5e92-48f2-9118-1df690f63b82 ] Request (AttachInterfacesTestJSON:_run_cleanups): 204 DELETE http://10.180.1.21/compute/v2.1/servers/13154080-ccc0-4eff-a859-70a2b122c54a 0.910s
2025-12-09 05:52:26.673 66995 INFO tempest.lib.common.rest_client [req-fc0a58e1-e9be-4f92-9ea3-b5f99aebd0ea req-fc0a58e1-e9be-4f92-9ea3-b5f99aebd0ea ] Request (ImagesOneServerTestJSON:test_create_delete_image): 200 GET http://10.180.1.21/compute/v2.1/servers/39cf0ad0-a10a-4b93-b7b8-f6276ebe8de7 1.137s
2025-12-09 05:52:26.773 67011 INFO tempest.lib.common.rest_client [req-85544e22-e009-47ad-abda-2716b7df957d req-85544e22-e009-47ad-abda-2716b7df957d ] Request (VolumesGetTestJSON:tearDownClass): 204 DELETE http://10.180.1.21/networking/v2.0/security-groups/4e928636-cb2a-404a-92a7-976ea2abbb7c 0.212s
2025-12-09 05:52:26.810 67035 INFO tempest.lib.common.rest_client [req-1eee68be-e696-440c-8511-e06d64b35277 req-1eee68be-e696-440c-8511-e06d64b35277 ] Request (ServersAdmin275Test:tearDownClass): 200 GET http://10.180.1.21/compute/v2.1/servers/3c8ef49c-6f77-43f4-9a1a-b993d9e201cb 0.965s
2025-12-09 05:52:26.835 67049 INFO tempest.lib.common.rest_client [req-441c93db-5994-4d70-9ae1-18ae9ccf8dcb req-441c93db-5994-4d70-9ae1-18ae9ccf8dcb ] Request (InstanceActionsNegativeTestJSON:tearDownClass): 404 GET http://10.180.1.21/compute/v2.1/servers/43a7d10a-4b30-4325-b520-e1e16ee55c74 0.980s
2025-12-09 05:52:26.853 67011 INFO tempest.lib.common.rest_client [req-bce436e4-45ff-4f3f-899d-49569965ef7e req-bce436e4-45ff-4f3f-899d-49569965ef7e ] Request (VolumesGetTestJSON:tearDownClass): 204 DELETE http://10.180.1.21/identity/v3/projects/3f31eed5e8144916bd20142a4756e7b8 0.079s
2025-12-09 05:52:27.061 67015 INFO tempest.lib.common.rest_client [req-7a6898b1-9068-45a9-8f39-f481757a7cb0 req-7a6898b1-9068-45a9-8f39-f481757a7cb0 ] Request (ServerActionsTestOtherB:setUpClass): 201 POST http://10.180.1.21/networking/v2.0/routers 0.918s
2025-12-09 05:52:27.700 67049 INFO tempest.lib.common.rest_client [req-fbe11e34-4162-4bb3-a1f4-56397aa80d93 req-fbe11e34-4162-4bb3-a1f4-56397aa80d93 ] Request (InstanceActionsNegativeTestJSON:tearDownClass): 200 PUT http://10.180.1.21/networking/v2.0/routers/a2c645d8-88fa-4caf-8430-25eb19fdc659/remove_router_interface 0.865s
2025-12-09 05:52:27.835 67021 INFO tempest.lib.common.rest_client [req-cc30ccd3-190a-4ae8-8a60-3b04d45dcdef req-cc30ccd3-190a-4ae8-8a60-3b04d45dcdef ] Request (ServersTestJSON:tearDownClass): 200 GET http://10.180.1.21/compute/v2.1/servers/3d106ca9-04e6-461f-9402-2f56b7cbf5ca 1.927s
2025-12-09 05:52:27.910 67019 INFO tempest.lib.common.rest_client [req-4e371fad-2b48-4fe5-80cb-36e41b5ba98c req-4e371fad-2b48-4fe5-80cb-36e41b5ba98c ] Request (ServerTagsTestJSON:test_create_delete_tag): 204 DELETE http://10.180.1.21/compute/v2.1/servers/44f6e754-9fe0-4253-bfdb-f476f00701d6/tags/tempest-tag-2073768587 1.885s
2025-12-09 05:52:28.104 67053 WARNING tempest.lib.common.ssh [-] Failed to establish authenticated ssh connection to cirros@10.180.180.254 ([Errno None] Unable to connect to port 22 on 10.180.180.254). Number attempts: 3. Retry after 4 seconds.: paramiko.ssh_exception.NoValidConnectionsError: [Errno None] Unable to connect to port 22 on 10.180.180.254
2025-12-09 05:52:28.172 67015 INFO tempest.lib.common.rest_client [req-ab05ac18-07a5-4e2d-83fd-581cb4888dd1 req-ab05ac18-07a5-4e2d-83fd-581cb4888dd1 ] Request (ServerActionsTestOtherB:setUpClass): 200 PUT http://10.180.1.21/networking/v2.0/routers/8febbe81-dfef-4c07-8dd3-381763f9d020/add_router_interface 1.111s
2025-12-09 05:52:28.173 67015 INFO tempest.lib.common.dynamic_creds [-] Created isolated network resources for: credentials: Credentials: {'domain_id': 'default', 'domain_name': 'Default', 'username': 'tempest-ServerActionsTestOtherB-852466792-project-member', 'project_domain_id': 'default', 'project_domain_name': 'Default', 'project_id': '29961368a9ce4f8eb6b26ce3c3231ab3', 'project_name': 'tempest-ServerActionsTestOtherB-852466792', 'tenant_id': '29961368a9ce4f8eb6b26ce3c3231ab3', 'tenant_name': 'tempest-ServerActionsTestOtherB-852466792', 'user_domain_id': 'default', 'user_domain_name': 'Default', 'user_id': '5668340d2b9c47deb735699a870b15d7', 'system': None}, Network: {'id': '78c7d6d1-8df5-4d8a-8e95-01fb7b236d30', 'name': 'tempest-ServerActionsTestOtherB-919392307-network', 'tenant_id': '29961368a9ce4f8eb6b26ce3c3231ab3', 'project_id': '29961368a9ce4f8eb6b26ce3c3231ab3', 'admin_state_up': True, 'mtu': 8950, 'status': 'ACTIVE', 'subnets': [], 'shared': False, 'port_security_enabled': True, 'router:external': False, 'provider:network_type': 'vlan', 'provider:physical_network': 'default', 'provider:segmentation_id': 373, 'availability_zone_hints': [], 'availability_zones': [], 'ipv4_address_scope': None, 'ipv6_address_scope': None, 'description': '', 'tags': [], 'created_at': '2025-12-09T05:52:25Z', 'updated_at': '2025-12-09T05:52:25Z', 'revision_number': 1}, Subnet: {'id': '99bbf874-906d-47da-b77b-db2aa86ba7aa', 'name': 'tempest-ServerActionsTestOtherB-919392307-subnet', 'tenant_id': '29961368a9ce4f8eb6b26ce3c3231ab3', 'network_id': '78c7d6d1-8df5-4d8a-8e95-01fb7b236d30', 'ip_version': 4, 'subnetpool_id': None, 'enable_dhcp': True, 'ipv6_ra_mode': None, 'ipv6_address_mode': None, 'gateway_ip': '192.168.128.1', 'cidr': '192.168.128.0/28', 'allocation_pools': [{'start': '192.168.128.2', 'end': '192.168.128.14'}], 'host_routes': [], 'dns_nameservers': [], 'description': '', 'router:external': False, 'service_types': [], 'tags': [], 'created_at': '2025-12-09T05:52:26Z', 'updated_at': '2025-12-09T05:52:26Z', 'revision_number': 0, 'project_id': '29961368a9ce4f8eb6b26ce3c3231ab3'}, Router: {'id': '8febbe81-dfef-4c07-8dd3-381763f9d020', 'name': 'tempest-ServerActionsTestOtherB-919392307-router', 'tenant_id': '29961368a9ce4f8eb6b26ce3c3231ab3', 'admin_state_up': True, 'status': 'ACTIVE', 'external_gateway_info': {'network_id': '376373dd-edfa-49bc-b36e-386a3803609e', 'external_fixed_ips': [{'subnet_id': '5f6e2ffe-ccce-44a1-afb2-28cbb3f0c9df', 'ip_address': '10.180.180.227'}], 'enable_snat': True}, 'description': '', 'availability_zones': [], 'distributed': False, 'ha': False, 'availability_zone_hints': [], 'routes': [], 'flavor_id': None, 'tags': [], 'created_at': '2025-12-09T05:52:26Z', 'updated_at': '2025-12-09T05:52:26Z', 'revision_number': 2, 'project_id': '29961368a9ce4f8eb6b26ce3c3231ab3'}
2025-12-09 05:52:28.241 67051 INFO tempest.lib.common.rest_client [req-4c3357a0-ba7c-4b34-96f2-221912a2149d req-4c3357a0-ba7c-4b34-96f2-221912a2149d ] Request (ServersAdminTestJSON:test_inject_network_info): 200 GET http://10.180.1.21/compute/v2.1/servers/d7d8f523-5cc6-41ca-8164-43d3dab37473 2.148s
2025-12-09 05:52:28.253 67049 INFO tempest.lib.common.rest_client [req-eea35057-52d1-4d5d-be2a-a78e2d9ddc39 req-eea35057-52d1-4d5d-be2a-a78e2d9ddc39 ] Request (InstanceActionsNegativeTestJSON:tearDownClass): 204 DELETE http://10.180.1.21/networking/v2.0/routers/a2c645d8-88fa-4caf-8430-25eb19fdc659 0.552s
2025-12-09 05:52:28.287 67015 INFO tempest.lib.common.rest_client [req-506defb2-6a69-4e2e-a92a-66fe6132162b req-506defb2-6a69-4e2e-a92a-66fe6132162b ] Request (ServerActionsTestOtherB:setUpClass): 201 POST http://10.180.1.21/identity/v3/auth/tokens 0.111s
2025-12-09 05:52:28.398 67027 INFO tempest.lib.common.rest_client [req-35c9feae-f475-40fd-9cdd-c17f5ed993ac req-35c9feae-f475-40fd-9cdd-c17f5ed993ac ] Request (FloatingIPsAssociationTestJSON:setUpClass): 202 POST http://10.180.1.21/compute/v2.1/servers 2.695s
2025-12-09 05:52:28.460 67049 INFO tempest.lib.common.rest_client [req-a857e4aa-680b-43a3-8e7f-d4e4ac8ef70c req-a857e4aa-680b-43a3-8e7f-d4e4ac8ef70c ] Request (InstanceActionsNegativeTestJSON:tearDownClass): 204 DELETE http://10.180.1.21/networking/v2.0/subnets/142d9da0-8d12-449d-bea5-23a0fde28de3 0.206s
2025-12-09 05:52:28.954 67049 INFO tempest.lib.common.rest_client [req-1808a3d8-1057-4970-9542-a72abe5c749c req-1808a3d8-1057-4970-9542-a72abe5c749c ] Request (InstanceActionsNegativeTestJSON:tearDownClass): 204 DELETE http://10.180.1.21/networking/v2.0/networks/5cbfcbda-e8ef-4b8e-b3a0-db1ef6662cd7 0.493s
2025-12-09 05:52:28.965 67003 INFO tempest.lib.common.rest_client [req-21df2c39-86c5-48fd-9a1e-4b8205aab9cf req-21df2c39-86c5-48fd-9a1e-4b8205aab9cf ] Request (ServersNegativeTestMultiTenantJSON:setUpClass): 200 GET http://10.180.1.21/compute/v2.1/servers/aa1ef8bf-eb26-495c-baba-790aa20c1d1f 2.849s
2025-12-09 05:52:28.975 67003 INFO tempest.common.waiters [-] State transition "BUILD/spawning" ==> "ACTIVE/None" after 33 second wait
2025-12-09 05:52:28.996 67017 INFO tempest.lib.common.rest_client [req-60dd3fa8-64a1-49cb-b6a6-c49d20d0542b req-60dd3fa8-64a1-49cb-b6a6-c49d20d0542b ] Request (ImagesTestJSON:test_create_image_from_stopped_server): 200 GET http://10.180.1.21/compute/v2.1/servers/21f9dcb7-8777-49e9-a5e2-e7894ddc929d 2.703s
2025-12-09 05:52:29.008 67017 INFO tempest.common.waiters [-] State transition "BUILD/spawning" ==> "ACTIVE/None" after 34 second wait
2025-12-09 05:52:29.136 67049 INFO tempest.lib.common.rest_client [req-e66c1d97-ddeb-4df6-ba69-ecbe54b8843f req-e66c1d97-ddeb-4df6-ba69-ecbe54b8843f ] Request (InstanceActionsNegativeTestJSON:tearDownClass): 204 DELETE http://10.180.1.21/identity/v3/users/e7ada3c4dd984e3dafe6c2feccf7a008 0.182s
2025-12-09 05:52:29.137 67049 INFO tempest.lib.common.dynamic_creds [-] Deleting project and security group for project: d036630354954730a3d823f11e865de1
2025-12-09 05:52:29.342 67029 WARNING tempest.lib.common.ssh [-] Failed to establish authenticated ssh connection to cirros@10.180.180.200 ([Errno None] Unable to connect to port 22 on 10.180.180.200). Number attempts: 10. Retry after 11 seconds.: paramiko.ssh_exception.NoValidConnectionsError: [Errno None] Unable to connect to port 22 on 10.180.180.200
2025-12-09 05:52:29.451 66997 INFO tempest.lib.common.rest_client [req-3cfecf9a-d386-4524-9581-29221a1db678 req-3cfecf9a-d386-4524-9581-29221a1db678 ] Request (VolumesAssistedSnapshotsTest:tearDownClass): 200 GET http://10.180.1.21/compute/v2.1/servers/ad36398b-c24e-41db-bc8e-6e81f89cba3a 3.146s
2025-12-09 05:52:29.484 67007 INFO tempest.lib.common.rest_client [req-d55a3620-f36c-4118-80db-fd29f3678aa3 req-d55a3620-f36c-4118-80db-fd29f3678aa3 ] Request (ServersAaction247Test:test_create_backup): 200 GET http://10.180.1.21/compute/v2.1/servers/b3c0381e-7c88-4ade-82a7-a6b0069af672 3.024s
2025-12-09 05:52:29.503 67049 INFO tempest.lib.common.rest_client [req-4aa848ea-2330-4273-86e4-74189b590588 req-4aa848ea-2330-4273-86e4-74189b590588 ] Request (InstanceActionsNegativeTestJSON:tearDownClass): 200 GET http://10.180.1.21/networking/v2.0/security-groups?tenant_id=d036630354954730a3d823f11e865de1&name=default 0.365s
2025-12-09 05:52:29.621 67041 INFO tempest.lib.common.rest_client [req-2cff3bb2-c99d-4cc1-883a-a049295b52b6 req-2cff3bb2-c99d-4cc1-883a-a049295b52b6 ] Request (ServerShowV254Test:test_rebuild_server): 200 GET http://10.180.1.21/compute/v2.1/servers/4dd886aa-4641-4835-a295-b6ed7c73055c 3.153s
2025-12-09 05:52:29.730 67049 INFO tempest.lib.common.rest_client [req-8f0ac0e2-4a00-4c32-bfd9-a5ca587be13b req-8f0ac0e2-4a00-4c32-bfd9-a5ca587be13b ] Request (InstanceActionsNegativeTestJSON:tearDownClass): 204 DELETE http://10.180.1.21/networking/v2.0/security-groups/e59325a2-1990-4da2-b057-e1f490f4ee5a 0.226s
