2025-11-23 02:32:33.310 66303 INFO tempest.lib.common.rest_client [req-f7dabd2e-a4c9-4151-97b6-7c456cc1e880 req-f7dabd2e-a4c9-4151-97b6-7c456cc1e880 ] Request (ServerActionsV293TestJSON:setUpClass): 200 GET http://10.180.1.21/compute/v2.1/servers/96bd9040-0414-4c8e-8852-6d88ed438e28 1.062s
2025-11-23 02:32:33.326 66267 INFO tempest.lib.common.rest_client [req-3bda6f8b-a360-4b33-9e46-bf330b4de61d req-3bda6f8b-a360-4b33-9e46-bf330b4de61d ] Request (ServersListShow2100Test:tearDownClass): 200 GET http://10.180.1.21/compute/v2.1/servers/8641f59e-fddb-4da6-9bc6-f10f9ca2c2e0 1.142s
2025-11-23 02:32:33.529 66309 INFO tempest.lib.common.rest_client [req-00eb4a1e-0126-4257-8c6c-ad6cce02d4ef req-00eb4a1e-0126-4257-8c6c-ad6cce02d4ef ] Request (InstanceActionsTestJSON:setUpClass): 200 GET http://10.180.1.21/compute/v2.1/servers/38a37ae2-bdd2-4eda-a6d1-b4ecf433f554 1.275s
2025-11-23 02:32:33.537 66309 INFO tempest.common.waiters [-] State transition "BUILD/None" ==> "BUILD/block_device_mapping" after 36 second wait
2025-11-23 02:32:33.550 66298 INFO tempest.lib.common.rest_client [req-76423fe4-035c-44fe-bccf-3e9b65be610b req-76423fe4-035c-44fe-bccf-3e9b65be610b ] Request (VolumesAssistedSnapshotsTest:tearDownClass): 200 GET http://10.180.1.21/compute/v2.1/servers/bc63a698-14d4-43c3-b8cf-7d12a2c96dd4 1.253s
2025-11-23 02:32:33.604 66327 INFO tempest.lib.common.rest_client [req-6d271ef1-3a25-4f6e-bea1-1a5a5378ab67 req-6d271ef1-3a25-4f6e-bea1-1a5a5378ab67 ] Request (ServersTestJSON:test_create_server_with_ipv6_addr_only): 200 GET http://10.180.1.21/compute/v2.1/servers/4311b3e0-e32e-4ed8-ada5-70332a144ae2 1.113s
2025-11-23 02:32:33.620 66265 INFO tempest.lib.common.rest_client [req-5ce9063c-9bc2-4db0-81b6-2467d29cf1ec req-5ce9063c-9bc2-4db0-81b6-2467d29cf1ec ] Request (SecurityGroupsTestJSON:test_list_security_groups_by_server): 200 GET http://10.180.1.21/compute/v2.1/servers/a4266d21-78af-452f-b273-413bd46ae3fa 1.045s
2025-11-23 02:32:33.682 66291 INFO tempest.lib.common.rest_client [req-2710f659-63dd-4b53-8d0a-4523a96517d5 req-2710f659-63dd-4b53-8d0a-4523a96517d5 ] Request (ServerTagsTestJSON:setUpClass): 200 GET http://10.180.1.21/compute/v2.1/servers/16a40b00-60eb-41ed-aa5d-de7a34018408 1.043s
2025-11-23 02:32:33.683 66279 INFO tempest.lib.common.rest_client [req-ebbd8e7d-7a3d-46b0-bdcc-b12a64026451 req-ebbd8e7d-7a3d-46b0-bdcc-b12a64026451 ] Request (ListImageFiltersTestJSON:test_list_images_filter_by_server_ref): 200 GET http://10.180.1.21/compute/v2.1/images?server=http%3A%2F%2F10.180.1.21%2Fcompute%2Fservers%2F02606008-c5e6-4e8e-9249-071a06041be7 0.967s
2025-11-23 02:32:33.819 66269 INFO tempest.lib.common.rest_client [req-9777eaff-86e1-4b90-9fca-13ebd379fad4 req-9777eaff-86e1-4b90-9fca-13ebd379fad4 ] Request (ListServerFiltersTestJSON:test_list_servers_filter_by_shutoff_status): 200 GET http://10.180.1.21/compute/v2.1/servers/21a3555e-f674-45a2-be18-4943fda6f538 0.973s
2025-11-23 02:32:33.839 66281 INFO tempest.lib.common.rest_client [req-5141e713-6f51-483a-9752-3bc055f5eb5c req-5141e713-6f51-483a-9752-3bc055f5eb5c ] Request (MigrationsAdminTest:test_list_migrations_in_flavor_resize_situation): 200 GET http://10.180.1.21/compute/v2.1/servers/4074eea6-87dd-4d44-aeeb-6645391a66a6 1.008s
2025-11-23 02:32:33.853 66317 INFO tempest.lib.common.rest_client [req-f5bab5fb-975d-4f74-8eb1-4fcc6cb3e1a2 req-f5bab5fb-975d-4f74-8eb1-4fcc6cb3e1a2 ] Request (ImagesTestJSON:test_create_image_from_suspended_server): 200 GET http://10.180.1.21/compute/v2.1/images/ed2c2227-bf5a-4785-8add-b70566698ea5 1.006s
2025-11-23 02:32:33.894 66293 INFO tempest.lib.common.rest_client [req-1a380583-6bd4-40c4-8c3d-65f5d5a20201 req-1a380583-6bd4-40c4-8c3d-65f5d5a20201 ] Request (ServersAdminTestJSON:test_create_server_with_scheduling_hint): 200 GET http://10.180.1.21/compute/v2.1/servers/5bf65948-ad97-49b3-a422-3f47b0c27e64 1.009s
2025-11-23 02:32:33.913 66324 INFO tempest.lib.common.rest_client [req-dc9bf00d-1aca-4962-a989-f2daae29e8b3 req-dc9bf00d-1aca-4962-a989-f2daae29e8b3 ] Request (ServersTestJSON:setUpClass): 200 GET http://10.180.1.21/compute/v2.1/servers/f157c5b8-6b38-4254-b622-67c89535cb5d 1.014s
2025-11-23 02:32:34.406 66325 INFO tempest.lib.common.rest_client [req-d125d0df-4452-4ccb-b23d-65ba49d5c849 req-d125d0df-4452-4ccb-b23d-65ba49d5c849 ] Request (ServerAddressesTestJSON:setUpClass): 202 POST http://10.180.1.21/compute/v2.1/servers 1.343s
2025-11-23 02:32:34.424 66315 INFO tempest.lib.common.rest_client [req-0121d660-3d23-4062-8b53-f95375ad2e40 req-0121d660-3d23-4062-8b53-f95375ad2e40 ] Request (ServerRescueNegativeTestJSON:_run_cleanups): 200 GET http://10.180.1.21/compute/v2.1/servers/e093a5c6-5c83-417c-ad67-fa05cf1ff5b4 1.405s
2025-11-23 02:32:34.459 66319 INFO tempest.lib.common.rest_client [req-ae8f0748-a9b0-4b7c-8633-855cc3c8267a req-ae8f0748-a9b0-4b7c-8633-855cc3c8267a ] Request (ServerMetadataTestJSON:test_list_server_metadata): 200 GET http://10.180.1.21/compute/v2.1/servers/d63392a7-912e-4222-89f2-d68cad5295b3/metadata 1.325s
2025-11-23 02:32:34.471 66283 INFO tempest.lib.common.rest_client [req-623a93ed-beb3-497f-b401-c32e0488d484 req-623a93ed-beb3-497f-b401-c32e0488d484 ] Request (ServersWithSpecificFlavorTestJSON:test_verify_created_server_ephemeral_disk): 200 GET http://10.180.1.21/compute/v2.1/servers/926f97a5-060c-47a3-944c-b0eb4d6634f4 1.407s
2025-11-23 02:32:34.483 66287 INFO tempest.lib.common.rest_client [req-7a99c2ad-755f-40c9-8071-2b630c9284bf req-7a99c2ad-755f-40c9-8071-2b630c9284bf ] Request (ServersAdminNegativeTestJSON:_run_cleanups): 200 GET http://10.180.1.21/compute/v2.1/flavors/detail 1.316s
2025-11-23 02:32:34.537 66277 INFO tempest.lib.common.rest_client [req-b564c177-d778-4ec9-8e3c-840beb89e971 req-b564c177-d778-4ec9-8e3c-840beb89e971 ] Request (ServerShowV247Test:tearDownClass): 200 GET http://10.180.1.21/compute/v2.1/servers/ce52bfd8-189b-4781-ba5b-fc60b5031aac 1.340s
2025-11-23 02:32:34.587 66273 INFO tempest.lib.common.rest_client [req-4d0d2000-2f8a-4869-89a1-7badf217bc3d req-4d0d2000-2f8a-4869-89a1-7badf217bc3d ] Request (DeleteServersAdminTestJSON:test_admin_delete_servers_of_others): 200 GET http://10.180.1.21/compute/v2.1/servers/f2b3d5af-2828-4a91-a9e4-f0aabaa137e3 1.363s
2025-11-23 02:32:34.590 66321 INFO tempest.lib.common.rest_client [req-caa6cddf-770b-4df7-9cdb-134ac68a696f req-caa6cddf-770b-4df7-9cdb-134ac68a696f ] Request (InstanceActionsV221TestJSON:test_get_list_deleted_instance_actions): 200 GET http://10.180.1.21/compute/v2.1/servers/d4145611-a776-4ccb-b985-9836c29cfa0a 0.921s
2025-11-23 02:32:34.640 66305 INFO tempest.lib.common.rest_client [req-599a5302-7c03-43f9-993e-a193a5ffd969 req-599a5302-7c03-43f9-993e-a193a5ffd969 ] Request (MultipleCreateTestJSON:test_multiple_create_with_reservation_return): 200 GET http://10.180.1.21/compute/v2.1/servers/0ecf65cb-f96c-4727-bc6a-d745d073f8d2 0.680s
2025-11-23 02:32:34.661 66279 INFO tempest.lib.common.rest_client [req-b15917e7-119d-411a-91b9-78963f8c45e3 req-b15917e7-119d-411a-91b9-78963f8c45e3 ] Request (ListImageFiltersTestJSON:test_list_images_filter_by_status): 200 GET http://10.180.1.21/compute/v2.1/images?status=ACTIVE 0.975s
2025-11-23 02:32:34.695 66299 INFO tempest.lib.common.rest_client [req-1cf93a98-4a6d-40d4-afa0-76577566a95f req-1cf93a98-4a6d-40d4-afa0-76577566a95f ] Request (FloatingIPsAssociationTestJSON:tearDownClass): 200 GET http://10.180.1.21/compute/v2.1/servers/45ddc69f-3db1-48ed-bb59-28343cef9ca8 0.721s
2025-11-23 02:32:34.714 66275 INFO tempest.lib.common.rest_client [req-c0463c5e-adf9-43bc-80b1-7cc5dea9942d req-c0463c5e-adf9-43bc-80b1-7cc5dea9942d ] Request (ServersNegativeTestJSON:setUpClass): 200 GET http://10.180.1.21/compute/v2.1/servers/52e75acd-27b4-4dc3-a3c1-c8b8dd1ac36a 0.663s
2025-11-23 02:32:34.775 66311 INFO tempest.lib.common.rest_client [req-a55f78dc-2c62-428d-9076-21befec50d96 req-a55f78dc-2c62-428d-9076-21befec50d96 ] Request (ImagesOneServerNegativeTestJSON:_run_cleanups): 200 GET http://10.180.1.21/compute/v2.1/servers/348b7c06-1185-49a2-9669-9e9883363ab0 0.533s
2025-11-23 02:32:34.783 66303 INFO tempest.lib.common.rest_client [req-d7f25190-047b-43c6-8716-ebaf18211554 req-d7f25190-047b-43c6-8716-ebaf18211554 ] Request (ServerActionsV293TestJSON:setUpClass): 200 GET http://10.180.1.21/compute/v2.1/servers/96bd9040-0414-4c8e-8852-6d88ed438e28 0.460s
2025-11-23 02:32:34.839 66325 INFO tempest.lib.common.rest_client [req-261b5ab4-781e-4004-a4f1-6cd5fca32fff req-261b5ab4-781e-4004-a4f1-6cd5fca32fff ] Request (ServerAddressesTestJSON:setUpClass): 200 GET http://10.180.1.21/compute/v2.1/servers/7467af98-aaa8-4e40-9055-09d166cf08e9 0.430s
2025-11-23 02:32:34.877 66267 INFO tempest.lib.common.rest_client [req-65f89619-069f-4457-8412-91e2bfc7a4fb req-65f89619-069f-4457-8412-91e2bfc7a4fb ] Request (ServersListShow2100Test:tearDownClass): 200 GET http://10.180.1.21/compute/v2.1/servers/8641f59e-fddb-4da6-9bc6-f10f9ca2c2e0 0.533s
2025-11-23 02:32:34.909 66319 INFO tempest.lib.common.rest_client [req-268ccc86-f0d6-4ec3-be03-42158db7546d req-268ccc86-f0d6-4ec3-be03-42158db7546d ] Request (ServerMetadataTestJSON:setUp): 200 PUT http://10.180.1.21/compute/v2.1/servers/d63392a7-912e-4222-89f2-d68cad5295b3/metadata 0.448s
2025-11-23 02:32:34.975 66287 INFO tempest.lib.common.rest_client [req-8cbbcc65-f46e-43dd-aa32-cd2e816e4a7a req-8cbbcc65-f46e-43dd-aa32-cd2e816e4a7a ] Request (ServersAdminNegativeTestJSON:test_resize_server_using_overlimit_vcpus): 200 GET http://10.180.1.21/compute/v2.1/os-quota-sets/0e6ea4210f7f4c1c87b1f3f2012266c5 0.484s
2025-11-23 02:32:35.030 66309 INFO tempest.lib.common.rest_client [req-535d0b08-f23d-46c7-b297-d205d9993581 req-535d0b08-f23d-46c7-b297-d205d9993581 ] Request (InstanceActionsTestJSON:setUpClass): 200 GET http://10.180.1.21/compute/v2.1/servers/38a37ae2-bdd2-4eda-a6d1-b4ecf433f554 0.492s
2025-11-23 02:32:35.041 66309 INFO tempest.common.waiters [-] State transition "BUILD/block_device_mapping" ==> "BUILD/spawning" after 38 second wait
2025-11-23 02:32:35.099 66327 INFO tempest.lib.common.rest_client [req-157678f1-83d0-4d35-b17e-1d1fc6832d91 req-157678f1-83d0-4d35-b17e-1d1fc6832d91 ] Request (ServersTestJSON:test_create_server_with_ipv6_addr_only): 200 GET http://10.180.1.21/compute/v2.1/servers/4311b3e0-e32e-4ed8-ada5-70332a144ae2 0.486s
2025-11-23 02:32:35.145 66298 INFO tempest.lib.common.rest_client [req-883bebce-08c3-4f97-ab0d-c7245057cfbf req-883bebce-08c3-4f97-ab0d-c7245057cfbf ] Request (VolumesAssistedSnapshotsTest:tearDownClass): 200 GET http://10.180.1.21/compute/v2.1/servers/bc63a698-14d4-43c3-b8cf-7d12a2c96dd4 0.579s
2025-11-23 02:32:35.150 66265 INFO tempest.lib.common.rest_client [req-27295a08-463d-4c07-b6a6-5f9c77885220 req-27295a08-463d-4c07-b6a6-5f9c77885220 ] Request (SecurityGroupsTestJSON:test_list_security_groups_by_server): 200 GET http://10.180.1.21/compute/v2.1/servers/a4266d21-78af-452f-b273-413bd46ae3fa 0.514s
2025-11-23 02:32:35.198 66279 INFO tempest.lib.common.rest_client [req-f7d5152a-2e6f-4be3-b74e-d63fa44e5bb4 req-f7d5152a-2e6f-4be3-b74e-d63fa44e5bb4 ] Request (ListImageFiltersTestJSON:test_list_images_filter_by_type): 200 GET http://10.180.1.21/compute/v2.1/images?type=snapshot 0.532s
2025-11-23 02:32:35.199 66291 INFO tempest.lib.common.rest_client [req-a8f04bea-9f4d-494c-9b84-b6846f13e28f req-a8f04bea-9f4d-494c-9b84-b6846f13e28f ] Request (ServerTagsTestJSON:setUpClass): 200 GET http://10.180.1.21/compute/v2.1/servers/16a40b00-60eb-41ed-aa5d-de7a34018408 0.507s
2025-11-23 02:32:35.334 66281 INFO tempest.lib.common.rest_client [req-9d1934ee-d2aa-45fc-bc1d-96401edd54a3 req-9d1934ee-d2aa-45fc-bc1d-96401edd54a3 ] Request (MigrationsAdminTest:test_list_migrations_in_flavor_resize_situation): 200 GET http://10.180.1.21/compute/v2.1/servers/4074eea6-87dd-4d44-aeeb-6645391a66a6 0.486s
2025-11-23 02:32:35.374 66317 INFO tempest.lib.common.rest_client [req-81314495-ec70-48aa-915a-5a3a1beeeac1 req-81314495-ec70-48aa-915a-5a3a1beeeac1 ] Request (ImagesTestJSON:test_create_image_from_suspended_server): 200 GET http://10.180.1.21/compute/v2.1/images/ed2c2227-bf5a-4785-8add-b70566698ea5 0.517s
2025-11-23 02:32:35.391 66269 INFO tempest.lib.common.rest_client [req-69bdd596-1536-4630-aef4-affdbf3341c2 req-69bdd596-1536-4630-aef4-affdbf3341c2 ] Request (ListServerFiltersTestJSON:test_list_servers_filter_by_shutoff_status): 200 GET http://10.180.1.21/compute/v2.1/servers/21a3555e-f674-45a2-be18-4943fda6f538 0.564s
2025-11-23 02:32:35.398 66269 INFO tempest.common.waiters [-] State transition "SHUTOFF/powering-on" ==> "ACTIVE/None" after 6 second wait
2025-11-23 02:32:35.454 66293 INFO tempest.lib.common.rest_client [req-d01efdc2-54e1-4dc8-b651-54177d481738 req-d01efdc2-54e1-4dc8-b651-54177d481738 ] Request (ServersAdminTestJSON:test_create_server_with_scheduling_hint): 200 GET http://10.180.1.21/compute/v2.1/servers/5bf65948-ad97-49b3-a422-3f47b0c27e64 0.550s
2025-11-23 02:32:35.466 66293 INFO tempest.common.waiters [-] State transition "BUILD/None" ==> "BUILD/networking" after 34 second wait
2025-11-23 02:32:35.470 66319 INFO tempest.lib.common.rest_client [req-1e5bc6c6-0fce-445f-b017-206a2eae7b55 req-1e5bc6c6-0fce-445f-b017-206a2eae7b55 ] Request (ServerMetadataTestJSON:test_set_server_metadata): 200 PUT http://10.180.1.21/compute/v2.1/servers/d63392a7-912e-4222-89f2-d68cad5295b3/metadata 0.559s
2025-11-23 02:32:35.485 66287 INFO tempest.lib.common.rest_client [req-34e4246e-8e13-425e-993d-dea504b84e97 req-34e4246e-8e13-425e-993d-dea504b84e97 ] Request (ServersAdminNegativeTestJSON:test_resize_server_using_overlimit_vcpus): 200 POST http://10.180.1.21/compute/v2.1/flavors 0.508s
2025-11-23 02:32:35.536 66324 INFO tempest.lib.common.rest_client [req-ef9296e2-5cb2-4c05-8f1e-bc11313bd437 req-ef9296e2-5cb2-4c05-8f1e-bc11313bd437 ] Request (ServersTestJSON:setUpClass): 200 GET http://10.180.1.21/compute/v2.1/servers/f157c5b8-6b38-4254-b622-67c89535cb5d 0.612s
2025-11-23 02:32:35.544 66279 INFO tempest.lib.common.rest_client [req-ce515438-0605-426a-97fb-49e511d6cb10 req-ce515438-0605-426a-97fb-49e511d6cb10 ] Request (ListImageFiltersTestJSON:test_list_images_limit_results): 200 GET http://10.180.1.21/compute/v2.1/images?limit=1 0.342s
2025-11-23 02:32:35.547 66269 INFO tempest.lib.common.rest_client [req-004ad38e-88d8-4bb6-81d9-4a4accb20405 req-004ad38e-88d8-4bb6-81d9-4a4accb20405 ] Request (ListServerFiltersTestJSON:test_list_servers_filter_by_zero_limit): 200 GET http://10.180.1.21/compute/v2.1/servers?limit=0 0.148s
2025-11-23 02:32:35.585 66319 INFO tempest.lib.common.rest_client [req-78ca21b5-6d1f-4070-9119-0c34b3a5426d req-78ca21b5-6d1f-4070-9119-0c34b3a5426d ] Request (ServerMetadataTestJSON:test_set_server_metadata): 200 GET http://10.180.1.21/compute/v2.1/servers/d63392a7-912e-4222-89f2-d68cad5295b3/metadata 0.112s
2025-11-23 02:32:35.644 66283 INFO tempest.lib.common.rest_client [req-e3e3849b-d5c0-47ea-a921-3f486ec5ed35 req-e3e3849b-d5c0-47ea-a921-3f486ec5ed35 ] Request (ServersWithSpecificFlavorTestJSON:test_verify_created_server_ephemeral_disk): 200 GET http://10.180.1.21/compute/v2.1/servers/926f97a5-060c-47a3-944c-b0eb4d6634f4 0.163s
2025-11-23 02:32:35.665 66315 INFO tempest.lib.common.rest_client [req-4f1ac187-e989-43ac-87c6-d86bf9b1b3b2 req-4f1ac187-e989-43ac-87c6-d86bf9b1b3b2 ] Request (ServerRescueNegativeTestJSON:_run_cleanups): 200 GET http://10.180.1.21/compute/v2.1/servers/e093a5c6-5c83-417c-ad67-fa05cf1ff5b4 0.232s
2025-11-23 02:32:35.674 66315 INFO tempest.common.waiters [-] State transition "RESCUE/unrescuing" ==> "ACTIVE/None" after 5 second wait
2025-11-23 02:32:35.751 66277 INFO tempest.lib.common.rest_client [req-b2d66bd2-d70f-4750-b82c-5fb069c1c097 req-b2d66bd2-d70f-4750-b82c-5fb069c1c097 ] Request (ServerShowV247Test:tearDownClass): 200 GET http://10.180.1.21/compute/v2.1/servers/ce52bfd8-189b-4781-ba5b-fc60b5031aac 0.204s
2025-11-23 02:32:35.773 66287 INFO tempest.lib.common.rest_client [req-73f65061-5acd-44ef-af99-16b84c18a5af req-73f65061-5acd-44ef-af99-16b84c18a5af ] Request (ServersAdminNegativeTestJSON:test_resize_server_using_overlimit_vcpus): 403 POST http://10.180.1.21/compute/v2.1/servers/7809e2bb-082c-4319-92ac-8ed5902e167b/action 0.285s
2025-11-23 02:32:35.774 66289 WARNING tempest.lib.common.ssh [-] Failed to establish authenticated ssh connection to cirros@10.180.180.158 ([Errno None] Unable to connect to port 22 on 10.180.180.158). Number attempts: 4. Retry after 5 seconds.: paramiko.ssh_exception.NoValidConnectionsError: [Errno None] Unable to connect to port 22 on 10.180.180.158
2025-11-23 02:32:35.859 66279 INFO tempest.lib.common.rest_client [req-0ccf976d-5968-41e6-8e32-eb1f7df706d0 req-0ccf976d-5968-41e6-8e32-eb1f7df706d0 ] Request (ListImageFiltersTestJSON:test_list_images_with_detail_filter_by_changes_since): 200 GET http://10.180.1.21/compute/v2.1/images/detail?changes-since=2025-11-23T02%3A29%3A49Z 0.311s
2025-11-23 02:32:35.919 66315 INFO tempest.lib.common.rest_client [req-05ebeeaf-2448-43ca-94d1-bde030b278d4 req-05ebeeaf-2448-43ca-94d1-bde030b278d4 ] Request (ServerRescueNegativeTestJSON:test_rescued_vm_detach_volume): 202 POST http://10.180.1.21/volume/v3/volumes 0.242s
2025-11-23 02:32:35.969 66315 INFO tempest.lib.common.rest_client [req-128dea7c-01c1-40d9-89ba-f0e035556158 req-128dea7c-01c1-40d9-89ba-f0e035556158 ] Request (ServerRescueNegativeTestJSON:test_rescued_vm_detach_volume): 200 GET http://10.180.1.21/volume/v3/volumes/1671a8c2-8370-4da3-8b02-4cbccc9d4fce 0.040s
2025-11-23 02:32:35.973 66269 INFO tempest.lib.common.rest_client [req-1fdce316-33d2-44cb-af94-94f298f36ad3 req-1fdce316-33d2-44cb-af94-94f298f36ad3 ] Request (ListServerFiltersTestJSON:test_list_servers_filtered_by_ip): 200 GET http://10.180.1.21/compute/v2.1/servers/21a3555e-f674-45a2-be18-4943fda6f538 0.421s
2025-11-23 02:32:35.986 66319 INFO tempest.lib.common.rest_client [req-1a310539-cfc2-49c1-a78b-e1117ecbaae8 req-1a310539-cfc2-49c1-a78b-e1117ecbaae8 ] Request (ServerMetadataTestJSON:setUp): 200 PUT http://10.180.1.21/compute/v2.1/servers/d63392a7-912e-4222-89f2-d68cad5295b3/metadata 0.399s
2025-11-23 02:32:36.248 66273 INFO tempest.lib.common.rest_client [req-aaf94697-0ca4-47f9-962a-6b667b34d0a1 req-aaf94697-0ca4-47f9-962a-6b667b34d0a1 ] Request (DeleteServersAdminTestJSON:test_admin_delete_servers_of_others): 200 GET http://10.180.1.21/compute/v2.1/servers/f2b3d5af-2828-4a91-a9e4-f0aabaa137e3 0.653s
2025-11-23 02:32:36.267 66321 INFO tempest.lib.common.rest_client [req-a7101c2b-58b3-49e6-b683-b0bfbb689cc3 req-a7101c2b-58b3-49e6-b683-b0bfbb689cc3 ] Request (InstanceActionsV221TestJSON:test_get_list_deleted_instance_actions): 200 GET http://10.180.1.21/compute/v2.1/servers/d4145611-a776-4ccb-b985-9836c29cfa0a 0.668s
2025-11-23 02:32:36.330 66305 INFO tempest.lib.common.rest_client [req-68bb79bf-247f-4536-9f62-5d09bb69e96b req-68bb79bf-247f-4536-9f62-5d09bb69e96b ] Request (MultipleCreateTestJSON:test_multiple_create_with_reservation_return): 200 GET http://10.180.1.21/compute/v2.1/servers/0ecf65cb-f96c-4727-bc6a-d745d073f8d2 0.683s
2025-11-23 02:32:36.379 66299 INFO tempest.lib.common.rest_client [req-589aecc1-b97b-465c-a304-f5e175e92d96 req-589aecc1-b97b-465c-a304-f5e175e92d96 ] Request (FloatingIPsAssociationTestJSON:tearDownClass): 200 GET http://10.180.1.21/compute/v2.1/servers/45ddc69f-3db1-48ed-bb59-28343cef9ca8 0.672s
2025-11-23 02:32:36.399 66287 INFO tempest.lib.common.rest_client [req-4855d6ea-7be0-4d3d-8d2f-dcd7a154f235 req-4855d6ea-7be0-4d3d-8d2f-dcd7a154f235 ] Request (ServersAdminNegativeTestJSON:_run_cleanups): 202 DELETE http://10.180.1.21/compute/v2.1/flavors/1608592486 0.625s
2025-11-23 02:32:36.403 66275 INFO tempest.lib.common.rest_client [req-c65ac3b7-d2a2-4302-a387-56628c10cecf req-c65ac3b7-d2a2-4302-a387-56628c10cecf ] Request (ServersNegativeTestJSON:setUpClass): 200 GET http://10.180.1.21/compute/v2.1/servers/52e75acd-27b4-4dc3-a3c1-c8b8dd1ac36a 0.681s
2025-11-23 02:32:36.467 66311 INFO tempest.lib.common.rest_client [req-7538f4eb-93ed-49a1-bcd3-c7e3cb285dc8 req-7538f4eb-93ed-49a1-bcd3-c7e3cb285dc8 ] Request (ImagesOneServerNegativeTestJSON:_run_cleanups): 200 GET http://10.180.1.21/compute/v2.1/servers/348b7c06-1185-49a2-9669-9e9883363ab0 0.683s
2025-11-23 02:32:36.490 66303 INFO tempest.lib.common.rest_client [req-c5a24461-c426-4070-93df-be0ee1d809fc req-c5a24461-c426-4070-93df-be0ee1d809fc ] Request (ServerActionsV293TestJSON:setUpClass): 200 GET http://10.180.1.21/compute/v2.1/servers/96bd9040-0414-4c8e-8852-6d88ed438e28 0.694s
2025-11-23 02:32:36.548 66325 INFO tempest.lib.common.rest_client [req-e74fb49e-2a31-4d04-891d-8711fb6a0601 req-e74fb49e-2a31-4d04-891d-8711fb6a0601 ] Request (ServerAddressesTestJSON:setUpClass): 200 GET http://10.180.1.21/compute/v2.1/servers/7467af98-aaa8-4e40-9055-09d166cf08e9 0.699s
2025-11-23 02:32:36.560 66279 INFO tempest.lib.common.rest_client [req-52546a58-d18c-4454-a733-28b46ea96624 req-52546a58-d18c-4454-a733-28b46ea96624 ] Request (ListImageFiltersTestJSON:test_list_images_with_detail_filter_by_name): 200 GET http://10.180.1.21/compute/v2.1/images/detail?name=tempest-ListImageFiltersTestJSON-image-1520403730 0.688s
2025-11-23 02:32:36.640 66267 INFO tempest.lib.common.rest_client [req-92f8636e-27e8-4c0c-83aa-412484327ecd req-92f8636e-27e8-4c0c-83aa-412484327ecd ] Request (ServersListShow2100Test:tearDownClass): 200 GET http://10.180.1.21/compute/v2.1/servers/8641f59e-fddb-4da6-9bc6-f10f9ca2c2e0 0.749s
2025-11-23 02:32:36.709 66269 INFO tempest.lib.common.rest_client [req-61273961-be67-4cd6-807d-facfb31845de req-61273961-be67-4cd6-807d-facfb31845de ] Request (ListServerFiltersTestJSON:test_list_servers_filtered_by_ip): 200 GET http://10.180.1.21/compute/v2.1/servers/231650f2-77a2-4dd7-a246-a75091c6d1c0 0.725s
2025-11-23 02:32:36.722 66319 INFO tempest.lib.common.rest_client [req-c0cb5d73-304a-49ed-bf01-db23b6366fa1 req-c0cb5d73-304a-49ed-bf01-db23b6366fa1 ] Request (ServerMetadataTestJSON:test_set_server_metadata_item): 200 PUT http://10.180.1.21/compute/v2.1/servers/d63392a7-912e-4222-89f2-d68cad5295b3/metadata/nova 0.734s
2025-11-23 02:32:36.817 66327 INFO tempest.lib.common.rest_client [req-4c61322f-afa1-4f92-890d-a496f5739f36 req-4c61322f-afa1-4f92-890d-a496f5739f36 ] Request (ServersTestJSON:test_create_server_with_ipv6_addr_only): 200 GET http://10.180.1.21/compute/v2.1/servers/4311b3e0-e32e-4ed8-ada5-70332a144ae2 0.710s
2025-11-23 02:32:36.837 66309 INFO tempest.lib.common.rest_client [req-826e8836-cf3f-49e3-8e0b-ccb129815b81 req-826e8836-cf3f-49e3-8e0b-ccb129815b81 ] Request (InstanceActionsTestJSON:setUpClass): 200 GET http://10.180.1.21/compute/v2.1/servers/38a37ae2-bdd2-4eda-a6d1-b4ecf433f554 0.793s
2025-11-23 02:32:36.872 66298 INFO tempest.lib.common.rest_client [req-93d5d76f-05fb-420f-8523-9d0dadfe3f65 req-93d5d76f-05fb-420f-8523-9d0dadfe3f65 ] Request (VolumesAssistedSnapshotsTest:tearDownClass): 200 GET http://10.180.1.21/compute/v2.1/servers/bc63a698-14d4-43c3-b8cf-7d12a2c96dd4 0.715s
2025-11-23 02:32:36.884 66265 INFO tempest.lib.common.rest_client [req-8974162e-11a2-470b-a102-6a15b2d1eb5d req-8974162e-11a2-470b-a102-6a15b2d1eb5d ] Request (SecurityGroupsTestJSON:test_list_security_groups_by_server): 200 GET http://10.180.1.21/compute/v2.1/servers/a4266d21-78af-452f-b273-413bd46ae3fa 0.726s
2025-11-23 02:32:36.919 66291 INFO tempest.lib.common.rest_client [req-805242fa-02ae-4962-818f-934154986d63 req-805242fa-02ae-4962-818f-934154986d63 ] Request (ServerTagsTestJSON:setUpClass): 200 GET http://10.180.1.21/compute/v2.1/servers/16a40b00-60eb-41ed-aa5d-de7a34018408 0.708s
2025-11-23 02:32:36.955 66317 INFO tempest.lib.common.rest_client [req-f437a0a2-9168-47a5-a514-4cd27f7224cf req-f437a0a2-9168-47a5-a514-4cd27f7224cf ] Request (ImagesTestJSON:test_create_image_from_suspended_server): 200 GET http://10.180.1.21/compute/v2.1/images/ed2c2227-bf5a-4785-8add-b70566698ea5 0.578s
2025-11-23 02:32:36.977 66287 INFO tempest.lib.common.rest_client [req-cddcb686-06ad-41f4-974b-7fbacf95e6ad req-cddcb686-06ad-41f4-974b-7fbacf95e6ad ] Request (ServersAdminNegativeTestJSON:_run_cleanups): 200 GET http://10.180.1.21/compute/v2.1/flavors/detail 0.578s
2025-11-23 02:32:37.016 66315 INFO tempest.lib.common.rest_client [req-59b8330b-48a3-4252-beca-300817a5dd82 req-59b8330b-48a3-4252-beca-300817a5dd82 ] Request (ServerRescueNegativeTestJSON:test_rescued_vm_detach_volume): 200 GET http://10.180.1.21/volume/v3/volumes/1671a8c2-8370-4da3-8b02-4cbccc9d4fce 0.037s
2025-11-23 02:32:37.018 66281 INFO tempest.lib.common.rest_client [req-d5736c5b-f7d9-4170-8e71-a42b91201959 req-d5736c5b-f7d9-4170-8e71-a42b91201959 ] Request (MigrationsAdminTest:test_list_migrations_in_flavor_resize_situation): 200 GET http://10.180.1.21/compute/v2.1/servers/4074eea6-87dd-4d44-aeeb-6645391a66a6 0.673s
2025-11-23 02:32:37.022 66315 INFO tempest.common.waiters [-] volume 1671a8c2-8370-4da3-8b02-4cbccc9d4fce reached available after waiting for 2.022284 seconds
2025-11-23 02:32:37.090 66324 INFO tempest.lib.common.rest_client [req-ed57903c-38fb-434e-b4d8-aecd09110469 req-ed57903c-38fb-434e-b4d8-aecd09110469 ] Request (ServersTestJSON:setUpClass): 200 GET http://10.180.1.21/compute/v2.1/servers/f157c5b8-6b38-4254-b622-67c89535cb5d 0.547s
2025-11-23 02:32:37.112 66293 INFO tempest.lib.common.rest_client [req-b9695d8f-d4cc-4235-929e-3ea9720e802e req-b9695d8f-d4cc-4235-929e-3ea9720e802e ] Request (ServersAdminTestJSON:test_create_server_with_scheduling_hint): 200 GET http://10.180.1.21/compute/v2.1/servers/5bf65948-ad97-49b3-a422-3f47b0c27e64 0.642s
2025-11-23 02:32:37.121 66293 INFO tempest.common.waiters [-] State transition "BUILD/networking" ==> "BUILD/spawning" after 36 second wait
2025-11-23 02:32:37.128 66279 INFO tempest.lib.common.rest_client [req-789b5f62-4c55-4939-9e00-2ace2562394c req-789b5f62-4c55-4939-9e00-2ace2562394c ] Request (ListImageFiltersTestJSON:test_list_images_with_detail_filter_by_server_ref): 200 GET http://10.180.1.21/compute/v2.1/images/detail?server=http%3A%2F%2F10.180.1.21%2Fcompute%2Fv2.1%2Fservers%2F02606008-c5e6-4e8e-9249-071a06041be7 0.559s
2025-11-23 02:32:37.161 66283 INFO tempest.lib.common.rest_client [req-f3a94aa1-6e88-470a-8be3-9a626d9f4228 req-f3a94aa1-6e88-470a-8be3-9a626d9f4228 ] Request (ServersWithSpecificFlavorTestJSON:test_verify_created_server_ephemeral_disk): 200 GET http://10.180.1.21/compute/v2.1/servers/926f97a5-060c-47a3-944c-b0eb4d6634f4 0.509s
2025-11-23 02:32:37.185 66319 INFO tempest.lib.common.rest_client [req-af456829-14db-4872-a664-93a9d036443d req-af456829-14db-4872-a664-93a9d036443d ] Request (ServerMetadataTestJSON:test_set_server_metadata_item): 200 GET http://10.180.1.21/compute/v2.1/servers/d63392a7-912e-4222-89f2-d68cad5295b3/metadata 0.462s
2025-11-23 02:32:37.232 66269 INFO tempest.lib.common.rest_client [req-a1069224-1b2b-4a3b-ab74-5fc4287bdb00 req-a1069224-1b2b-4a3b-ab74-5fc4287bdb00 ] Request (ListServerFiltersTestJSON:test_list_servers_filtered_by_ip): 200 GET http://10.180.1.21/compute/v2.1/servers/9e8c6014-c496-4086-a84c-25ac0460c7d7 0.514s
2025-11-23 02:32:37.261 66287 INFO tempest.lib.common.rest_client [req-1b853f7f-b529-4f25-99ab-536c892897c1 req-1b853f7f-b529-4f25-99ab-536c892897c1 ] Request (ServersAdminNegativeTestJSON:test_restore_server_invalid_state): 409 POST http://10.180.1.21/compute/v2.1/servers/7809e2bb-082c-4319-92ac-8ed5902e167b/action 0.273s
2025-11-23 02:32:37.283 66277 INFO tempest.lib.common.rest_client [req-9f603425-f790-4b12-9385-62bf95505743 req-9f603425-f790-4b12-9385-62bf95505743 ] Request (ServerShowV247Test:tearDownClass): 200 GET http://10.180.1.21/compute/v2.1/servers/ce52bfd8-189b-4781-ba5b-fc60b5031aac 0.518s
2025-11-23 02:32:37.310 66315 INFO tempest.lib.common.rest_client [req-8dc8fce8-8496-4238-a3cc-93ab1337dc70 req-8dc8fce8-8496-4238-a3cc-93ab1337dc70 ] Request (ServerRescueNegativeTestJSON:test_rescued_vm_detach_volume): 200 POST http://10.180.1.21/compute/v2.1/os-keypairs 0.287s
2025-11-23 02:32:37.333 66279 INFO tempest.lib.common.rest_client [req-693cb4da-c994-46a4-807e-fe12762f3c72 req-693cb4da-c994-46a4-807e-fe12762f3c72 ] Request (ListImageFiltersTestJSON:test_list_images_with_detail_filter_by_server_ref): 200 GET http://10.180.1.21/compute/v2.1/images/detail?server=http%3A%2F%2F10.180.1.21%2Fcompute%2Fservers%2F02606008-c5e6-4e8e-9249-071a06041be7 0.201s
2025-11-23 02:32:37.395 66319 INFO tempest.lib.common.rest_client [req-e94ab019-db12-44d8-811e-0685a52f0f43 req-e94ab019-db12-44d8-811e-0685a52f0f43 ] Request (ServerMetadataTestJSON:setUp): 200 PUT http://10.180.1.21/compute/v2.1/servers/d63392a7-912e-4222-89f2-d68cad5295b3/metadata 0.208s
2025-11-23 02:32:37.450 66315 INFO tempest.lib.common.rest_client [req-82fa63a2-ebc4-4755-a8e0-59d2878817dc req-82fa63a2-ebc4-4755-a8e0-59d2878817dc ] Request (ServerRescueNegativeTestJSON:test_rescued_vm_detach_volume): 201 POST http://10.180.1.21/networking/v2.0/security-groups 0.138s
2025-11-23 02:32:37.484 66273 INFO tempest.lib.common.rest_client [req-c56cc394-e433-48b0-aa8e-0fc1c30e21be req-c56cc394-e433-48b0-aa8e-0fc1c30e21be ] Request (DeleteServersAdminTestJSON:test_admin_delete_servers_of_others): 200 GET http://10.180.1.21/compute/v2.1/servers/f2b3d5af-2828-4a91-a9e4-f0aabaa137e3 0.224s
2025-11-23 02:32:37.498 66273 INFO tempest.common.waiters [-] State transition "ACTIVE/deleting" ==> "DELETED/None" after 3 second wait
2025-11-23 02:32:37.562 66287 INFO tempest.lib.common.rest_client [req-2d936a59-f924-4fc0-97a8-8aac92b3438e req-2d936a59-f924-4fc0-97a8-8aac92b3438e ] Request (ServersAdminNegativeTestJSON:tearDownClass): 204 DELETE http://10.180.1.21/compute/v2.1/servers/cdd5e911-df6c-49ae-9908-cc947b5abc5d 0.299s
2025-11-23 02:32:37.563 66315 INFO tempest.lib.common.rest_client [req-054481b5-a67c-4112-9b41-c50c8fa9335d req-054481b5-a67c-4112-9b41-c50c8fa9335d ] Request (ServerRescueNegativeTestJSON:test_rescued_vm_detach_volume): 201 POST http://10.180.1.21/networking/v2.0/security-group-rules 0.112s
2025-11-23 02:32:37.706 66269 INFO tempest.lib.common.rest_client [req-c569f733-992e-46ad-81a3-2eee85c3e868 req-c569f733-992e-46ad-81a3-2eee85c3e868 ] Request (ListServerFiltersTestJSON:test_list_servers_filtered_by_ip): 200 GET http://10.180.1.21/compute/v2.1/servers?ip=192.168.128.11 0.466s
2025-11-23 02:32:37.708 66315 INFO tempest.lib.common.rest_client [req-340dc225-68c1-4e69-8716-b0c12e60a046 req-340dc225-68c1-4e69-8716-b0c12e60a046 ] Request (ServerRescueNegativeTestJSON:test_rescued_vm_detach_volume): 201 POST http://10.180.1.21/networking/v2.0/security-group-rules 0.145s
2025-11-23 02:32:37.736 66321 INFO tempest.lib.common.rest_client [req-0302dcee-21a8-433e-bff4-0b1ecfc1cb93 req-0302dcee-21a8-433e-bff4-0b1ecfc1cb93 ] Request (InstanceActionsV221TestJSON:test_get_list_deleted_instance_actions): 200 GET http://10.180.1.21/compute/v2.1/servers/d4145611-a776-4ccb-b985-9836c29cfa0a 0.452s
2025-11-23 02:32:37.792 66279 INFO tempest.lib.common.rest_client [req-fb54f2e9-2ce1-4cab-8ce4-f339d8430639 req-fb54f2e9-2ce1-4cab-8ce4-f339d8430639 ] Request (ListImageFiltersTestJSON:test_list_images_with_detail_filter_by_status): 200 GET http://10.180.1.21/compute/v2.1/images/detail?status=ACTIVE 0.454s
2025-11-23 02:32:38.108 66305 INFO tempest.lib.common.rest_client [req-d7def9f0-e550-458b-9d7d-557514be113b req-d7def9f0-e550-458b-9d7d-557514be113b ] Request (MultipleCreateTestJSON:test_multiple_create_with_reservation_return): 200 GET http://10.180.1.21/compute/v2.1/servers/0ecf65cb-f96c-4727-bc6a-d745d073f8d2 0.768s
2025-11-23 02:32:38.128 66299 INFO tempest.lib.common.rest_client [req-a3a0e6ec-97fd-485c-ae94-4643629d531b req-a3a0e6ec-97fd-485c-ae94-4643629d531b ] Request (FloatingIPsAssociationTestJSON:tearDownClass): 200 GET http://10.180.1.21/compute/v2.1/servers/45ddc69f-3db1-48ed-bb59-28343cef9ca8 0.740s
2025-11-23 02:32:38.176 66319 INFO tempest.lib.common.rest_client [req-6a88f746-c27e-468e-8471-e43dead6f30b req-6a88f746-c27e-468e-8471-e43dead6f30b ] Request (ServerMetadataTestJSON:test_update_metadata_empty_body): 200 POST http://10.180.1.21/compute/v2.1/servers/d63392a7-912e-4222-89f2-d68cad5295b3/metadata 0.780s
2025-11-23 02:32:38.192 66315 INFO tempest.lib.common.rest_client [req-10a394d1-f429-4454-bdb7-172dff55c028 req-10a394d1-f429-4454-bdb7-172dff55c028 ] Request (ServerRescueNegativeTestJSON:test_rescued_vm_detach_volume): 201 POST http://10.180.1.21/networking/v2.0/floatingips 0.483s
2025-11-23 02:32:38.205 66275 INFO tempest.lib.common.rest_client [req-1b40dd7e-08f6-458c-a6f5-6372c7cc2761 req-1b40dd7e-08f6-458c-a6f5-6372c7cc2761 ] Request (ServersNegativeTestJSON:setUpClass): 200 GET http://10.180.1.21/compute/v2.1/servers/52e75acd-27b4-4dc3-a3c1-c8b8dd1ac36a 0.791s
2025-11-23 02:32:38.234 66311 INFO tempest.lib.common.rest_client [req-de9f9617-5666-4199-95a9-363cf3263f48 req-de9f9617-5666-4199-95a9-363cf3263f48 ] Request (ImagesOneServerNegativeTestJSON:_run_cleanups): 200 GET http://10.180.1.21/compute/v2.1/servers/348b7c06-1185-49a2-9669-9e9883363ab0 0.757s
2025-11-23 02:32:38.236 66285 WARNING tempest.lib.common.ssh [-] Failed to establish authenticated ssh connection to cirros@10.180.180.194 ([Errno None] Unable to connect to port 22 on 10.180.180.194). Number attempts: 8. Retry after 9 seconds.: paramiko.ssh_exception.NoValidConnectionsError: [Errno None] Unable to connect to port 22 on 10.180.180.194
2025-11-23 02:32:38.277 66315 INFO tempest.lib.common.rest_client [req-978391ef-b6f9-4641-b093-eae8e48aac36 req-978391ef-b6f9-4641-b093-eae8e48aac36 ] Request (ServerRescueNegativeTestJSON:test_rescued_vm_detach_volume): 201 POST http://10.180.1.21/identity/v3/auth/tokens 0.082s
2025-11-23 02:32:38.278 66315 INFO tempest.lib.common.fixed_network [-] (ServerRescueNegativeTestJSON:test_rescued_vm_detach_volume) Found network {'id': '39ec216b-c518-480f-8e87-666616c3b75f', 'name': 'tempest-ServerRescueNegativeTestJSON-909000101-network', 'tenant_id': '594615cf796a48c18fe09f8acfacb5fa', 'project_id': '594615cf796a48c18fe09f8acfacb5fa', 'admin_state_up': True, 'mtu': 8950, 'status': 'ACTIVE', 'subnets': [], 'shared': False, 'port_security_enabled': True, 'router:external': False, 'provider:network_type': 'vlan', 'provider:physical_network': 'default', 'provider:segmentation_id': 300, 'availability_zone_hints': [], 'availability_zones': [], 'ipv4_address_scope': None, 'ipv6_address_scope': None, 'description': '', 'tags': [], 'created_at': '2025-11-23T02:30:41Z', 'updated_at': '2025-11-23T02:30:41Z', 'revision_number': 1} available for tenant
2025-11-23 02:32:38.284 66303 INFO tempest.lib.common.rest_client [req-08f23fad-356e-4fd7-8f87-8a41bd39fb63 req-08f23fad-356e-4fd7-8f87-8a41bd39fb63 ] Request (ServerActionsV293TestJSON:setUpClass): 200 GET http://10.180.1.21/compute/v2.1/servers/96bd9040-0414-4c8e-8852-6d88ed438e28 0.778s
2025-11-23 02:32:38.292 66325 INFO tempest.lib.common.rest_client [req-8354472f-77c8-4ec6-aca0-9b310b611e0a req-8354472f-77c8-4ec6-aca0-9b310b611e0a ] Request (ServerAddressesTestJSON:setUpClass): 200 GET http://10.180.1.21/compute/v2.1/servers/7467af98-aaa8-4e40-9055-09d166cf08e9 0.733s
2025-11-23 02:32:38.389 66267 INFO tempest.lib.common.rest_client [req-9620a78e-b1e3-459c-829c-ef2532225dce req-9620a78e-b1e3-459c-829c-ef2532225dce ] Request (ServersListShow2100Test:tearDownClass): 200 GET http://10.180.1.21/compute/v2.1/servers/8641f59e-fddb-4da6-9bc6-f10f9ca2c2e0 0.735s
2025-11-23 02:32:38.421 66287 INFO tempest.lib.common.rest_client [req-80ecad08-744f-4d63-b255-422db6760181 req-80ecad08-744f-4d63-b255-422db6760181 ] Request (ServersAdminNegativeTestJSON:tearDownClass): 200 GET http://10.180.1.21/compute/v2.1/servers/cdd5e911-df6c-49ae-9908-cc947b5abc5d 0.858s
2025-11-23 02:32:38.491 66279 INFO tempest.lib.common.rest_client [req-32c42d48-3de3-47d9-b985-69ad37d83f8b req-32c42d48-3de3-47d9-b985-69ad37d83f8b ] Request (ListImageFiltersTestJSON:test_list_images_with_detail_filter_by_type): 200 GET http://10.180.1.21/compute/v2.1/images/detail?type=snapshot 0.690s
2025-11-23 02:32:38.508 66269 INFO tempest.lib.common.rest_client [req-b605556d-923b-4cc5-ab8a-6982aabb050c req-b605556d-923b-4cc5-ab8a-6982aabb050c ] Request (ListServerFiltersTestJSON:test_list_servers_filtered_by_ip_regex): 200 GET http://10.180.1.21/compute/v2.1/servers/21a3555e-f674-45a2-be18-4943fda6f538 0.798s
2025-11-23 02:32:38.539 66327 INFO tempest.lib.common.rest_client [req-5361dfd3-6efd-4da7-967b-9258de8d387a req-5361dfd3-6efd-4da7-967b-9258de8d387a ] Request (ServersTestJSON:test_create_server_with_ipv6_addr_only): 200 GET http://10.180.1.21/compute/v2.1/servers/4311b3e0-e32e-4ed8-ada5-70332a144ae2 0.710s
2025-11-23 02:32:38.595 66298 INFO tempest.lib.common.rest_client [req-09d5b596-532d-4c97-a430-1e60397de5b3 req-09d5b596-532d-4c97-a430-1e60397de5b3 ] Request (VolumesAssistedSnapshotsTest:tearDownClass): 200 GET http://10.180.1.21/compute/v2.1/servers/bc63a698-14d4-43c3-b8cf-7d12a2c96dd4 0.714s
2025-11-23 02:32:38.603 66298 INFO tempest.common.waiters [-] State transition "ACTIVE/deleting" ==> "DELETED/None" after 5 second wait
2025-11-23 02:32:38.635 66309 INFO tempest.lib.common.rest_client [req-6603cbf1-90dd-44a0-9d13-7d4013ffb67f req-6603cbf1-90dd-44a0-9d13-7d4013ffb67f ] Request (InstanceActionsTestJSON:setUpClass): 200 GET http://10.180.1.21/compute/v2.1/servers/38a37ae2-bdd2-4eda-a6d1-b4ecf433f554 0.791s
2025-11-23 02:32:38.644 66265 INFO tempest.lib.common.rest_client [req-124a038d-04b6-4fc9-91ed-1c318ea54b97 req-124a038d-04b6-4fc9-91ed-1c318ea54b97 ] Request (SecurityGroupsTestJSON:test_list_security_groups_by_server): 200 GET http://10.180.1.21/compute/v2.1/servers/a4266d21-78af-452f-b273-413bd46ae3fa 0.752s
2025-11-23 02:32:38.684 66317 INFO tempest.lib.common.rest_client [req-c40b28d3-f468-4d28-aa8f-bcff6cfa8d15 req-c40b28d3-f468-4d28-aa8f-bcff6cfa8d15 ] Request (ImagesTestJSON:test_create_image_from_suspended_server): 200 GET http://10.180.1.21/compute/v2.1/images/ed2c2227-bf5a-4785-8add-b70566698ea5 0.725s
2025-11-23 02:32:38.692 66291 INFO tempest.lib.common.rest_client [req-c392764d-2a5a-4512-86ef-11e73dd8a489 req-c392764d-2a5a-4512-86ef-11e73dd8a489 ] Request (ServerTagsTestJSON:setUpClass): 200 GET http://10.180.1.21/compute/v2.1/servers/16a40b00-60eb-41ed-aa5d-de7a34018408 0.764s
2025-11-23 02:32:38.752 66324 INFO tempest.lib.common.rest_client [req-2888a65c-4679-40df-aa11-33f373441221 req-2888a65c-4679-40df-aa11-33f373441221 ] Request (ServersTestJSON:setUpClass): 200 GET http://10.180.1.21/compute/v2.1/servers/f157c5b8-6b38-4254-b622-67c89535cb5d 0.654s
2025-11-23 02:32:38.804 66281 INFO tempest.lib.common.rest_client [req-e542a4fa-15bd-47be-8657-51808ba5f3bf req-e542a4fa-15bd-47be-8657-51808ba5f3bf ] Request (MigrationsAdminTest:test_list_migrations_in_flavor_resize_situation): 200 GET http://10.180.1.21/compute/v2.1/servers/4074eea6-87dd-4d44-aeeb-6645391a66a6 0.778s
2025-11-23 02:32:38.849 66293 INFO tempest.lib.common.rest_client [req-4712e448-f794-4ff9-b0d4-3c1dba83edaf req-4712e448-f794-4ff9-b0d4-3c1dba83edaf ] Request (ServersAdminTestJSON:test_create_server_with_scheduling_hint): 200 GET http://10.180.1.21/compute/v2.1/servers/5bf65948-ad97-49b3-a422-3f47b0c27e64 0.727s
2025-11-23 02:32:38.852 66283 INFO tempest.lib.common.rest_client [req-6ca62ded-e3da-45b3-b89c-25b9908eae65 req-6ca62ded-e3da-45b3-b89c-25b9908eae65 ] Request (ServersWithSpecificFlavorTestJSON:test_verify_created_server_ephemeral_disk): 200 GET http://10.180.1.21/compute/v2.1/servers/926f97a5-060c-47a3-944c-b0eb4d6634f4 0.684s
2025-11-23 02:32:38.876 66319 INFO tempest.lib.common.rest_client [req-6a963148-81a2-4387-ac57-4aeb947f9949 req-6a963148-81a2-4387-ac57-4aeb947f9949 ] Request (ServerMetadataTestJSON:test_update_metadata_empty_body): 200 GET http://10.180.1.21/compute/v2.1/servers/d63392a7-912e-4222-89f2-d68cad5295b3/metadata 0.699s
2025-11-23 02:32:38.943 66277 INFO tempest.lib.common.rest_client [req-23570715-83b8-4572-bac4-97816e1632c6 req-23570715-83b8-4572-bac4-97816e1632c6 ] Request (ServerShowV247Test:tearDownClass): 200 GET http://10.180.1.21/compute/v2.1/servers/ce52bfd8-189b-4781-ba5b-fc60b5031aac 0.650s
2025-11-23 02:32:38.982 66279 INFO tempest.lib.common.rest_client [req-8a221eb6-72e8-47a5-b740-17e88df78f2c req-8a221eb6-72e8-47a5-b740-17e88df78f2c ] Request (ListImageFiltersTestJSON:test_list_images_with_detail_filter_by_type): 200 GET http://10.180.1.21/compute/v2.1/images/8de605b4-43c1-4fef-bbdb-bde3cb7cd1b9 0.487s
2025-11-23 02:32:39.039 66273 INFO tempest.lib.common.rest_client [req-ef19234c-3acb-42f3-afbc-34b70f8e3a95 req-ef19234c-3acb-42f3-afbc-34b70f8e3a95 ] Request (DeleteServersAdminTestJSON:test_admin_delete_servers_of_others): 200 GET http://10.180.1.21/compute/v2.1/servers/f2b3d5af-2828-4a91-a9e4-f0aabaa137e3 0.539s
2025-11-23 02:32:39.167 66269 INFO tempest.lib.common.rest_client [req-4d502afc-1969-4a61-8170-e837e6b6d969 req-4d502afc-1969-4a61-8170-e837e6b6d969 ] Request (ListServerFiltersTestJSON:test_list_servers_filtered_by_ip_regex): 200 GET http://10.180.1.21/compute/v2.1/servers/231650f2-77a2-4dd7-a246-a75091c6d1c0 0.652s
2025-11-23 02:32:39.232 66315 INFO tempest.lib.common.rest_client [req-4ac02ff7-4858-4782-9f15-5f4e40dea823 req-4ac02ff7-4858-4782-9f15-5f4e40dea823 ] Request (ServerRescueNegativeTestJSON:test_rescued_vm_detach_volume): 202 POST http://10.180.1.21/compute/v2.1/servers 0.953s
2025-11-23 02:32:39.264 66321 INFO tempest.lib.common.rest_client [req-067b0a67-dbe1-4253-822c-ba84b549f524 req-067b0a67-dbe1-4253-822c-ba84b549f524 ] Request (InstanceActionsV221TestJSON:test_get_list_deleted_instance_actions): 200 GET http://10.180.1.21/compute/v2.1/servers/d4145611-a776-4ccb-b985-9836c29cfa0a 0.518s
2025-11-23 02:32:39.318 66279 INFO tempest.lib.common.rest_client [req-12d428ab-41eb-4baa-b08e-9adf8b4956db req-12d428ab-41eb-4baa-b08e-9adf8b4956db ] Request (ListImageFiltersTestJSON:test_list_images_with_detail_limit_results): 200 GET http://10.180.1.21/compute/v2.1/images/detail?limit=1 0.332s
2025-11-23 02:32:39.343 66319 INFO tempest.lib.common.rest_client [req-8f74e5e5-93ae-4a8a-9ecc-ea62ee16a780 req-8f74e5e5-93ae-4a8a-9ecc-ea62ee16a780 ] Request (ServerMetadataTestJSON:setUp): 200 PUT http://10.180.1.21/compute/v2.1/servers/d63392a7-912e-4222-89f2-d68cad5295b3/metadata 0.465s
2025-11-23 02:32:39.386 66305 INFO tempest.lib.common.rest_client [req-12e217d4-59c5-4ab7-965e-961d89c155bb req-12e217d4-59c5-4ab7-965e-961d89c155bb ] Request (MultipleCreateTestJSON:test_multiple_create_with_reservation_return): 200 GET http://10.180.1.21/compute/v2.1/servers/0ecf65cb-f96c-4727-bc6a-d745d073f8d2 0.270s
2025-11-23 02:32:39.409 66299 INFO tempest.lib.common.rest_client [req-79f4343e-c5b0-418c-8d91-dd6e64dab947 req-79f4343e-c5b0-418c-8d91-dd6e64dab947 ] Request (FloatingIPsAssociationTestJSON:tearDownClass): 200 GET http://10.180.1.21/compute/v2.1/servers/45ddc69f-3db1-48ed-bb59-28343cef9ca8 0.271s
2025-11-23 02:32:39.466 66275 INFO tempest.lib.common.rest_client [req-27774fa1-561f-4101-b109-3663103a5966 req-27774fa1-561f-4101-b109-3663103a5966 ] Request (ServersNegativeTestJSON:setUpClass): 200 GET http://10.180.1.21/compute/v2.1/servers/52e75acd-27b4-4dc3-a3c1-c8b8dd1ac36a 0.251s
2025-11-23 02:32:39.493 66269 INFO tempest.lib.common.rest_client [req-3c331e5f-2f29-452b-96fc-df30c9492211 req-3c331e5f-2f29-452b-96fc-df30c9492211 ] Request (ListServerFiltersTestJSON:test_list_servers_filtered_by_ip_regex): 200 GET http://10.180.1.21/compute/v2.1/servers/9e8c6014-c496-4086-a84c-25ac0460c7d7 0.315s
2025-11-23 02:32:39.504 66315 INFO tempest.lib.common.rest_client [req-e808aae1-19e0-4aa8-a63f-cab90163a4a7 req-e808aae1-19e0-4aa8-a63f-cab90163a4a7 ] Request (ServerRescueNegativeTestJSON:test_rescued_vm_detach_volume): 200 GET http://10.180.1.21/compute/v2.1/servers/c0771b1c-6f43-4d9a-8a77-69e05643663f 0.270s
2025-11-23 02:32:39.551 66311 INFO tempest.lib.common.rest_client [req-e0d92ff9-221c-4d83-9371-0961b44d58f4 req-e0d92ff9-221c-4d83-9371-0961b44d58f4 ] Request (ImagesOneServerNegativeTestJSON:_run_cleanups): 200 GET http://10.180.1.21/compute/v2.1/servers/348b7c06-1185-49a2-9669-9e9883363ab0 0.303s
2025-11-23 02:32:39.562 66303 INFO tempest.lib.common.rest_client [req-abc462fa-a04e-485f-a414-4ea5edd298c9 req-abc462fa-a04e-485f-a414-4ea5edd298c9 ] Request (ServerActionsV293TestJSON:setUpClass): 200 GET http://10.180.1.21/compute/v2.1/servers/96bd9040-0414-4c8e-8852-6d88ed438e28 0.267s
2025-11-23 02:32:39.602 66325 INFO tempest.lib.common.rest_client [req-4468426e-ee0d-446b-8205-927fc0d1d4c0 req-4468426e-ee0d-446b-8205-927fc0d1d4c0 ] Request (ServerAddressesTestJSON:setUpClass): 200 GET http://10.180.1.21/compute/v2.1/servers/7467af98-aaa8-4e40-9055-09d166cf08e9 0.302s
2025-11-23 02:32:39.652 66279 INFO tempest.lib.common.rest_client [req-2d65bc1d-f55c-4e63-81a1-55eb3ca46a32 req-2d65bc1d-f55c-4e63-81a1-55eb3ca46a32 ] Request (ListImageFiltersTestJSON:tearDownClass): 204 DELETE http://10.180.1.21/compute/v2.1/images/50424f96-8d19-47f7-adf6-86332fdb545b 0.328s
2025-11-23 02:32:39.655 66319 INFO tempest.lib.common.rest_client [req-f35cddb7-9242-4627-b1a4-43d50d5fc916 req-f35cddb7-9242-4627-b1a4-43d50d5fc916 ] Request (ServerMetadataTestJSON:test_update_server_metadata): 200 POST http://10.180.1.21/compute/v2.1/servers/d63392a7-912e-4222-89f2-d68cad5295b3/metadata 0.311s
2025-11-23 02:32:39.673 66267 INFO tempest.lib.common.rest_client [req-b65c5848-8a66-4fc7-82f4-90d7e0ccd0a9 req-b65c5848-8a66-4fc7-82f4-90d7e0ccd0a9 ] Request (ServersListShow2100Test:tearDownClass): 404 GET http://10.180.1.21/compute/v2.1/servers/8641f59e-fddb-4da6-9bc6-f10f9ca2c2e0 0.265s
2025-11-23 02:32:39.711 66287 INFO tempest.lib.common.rest_client [req-30d7a353-d1b9-4cee-97e8-ae854e9e9869 req-30d7a353-d1b9-4cee-97e8-ae854e9e9869 ] Request (ServersAdminNegativeTestJSON:tearDownClass): 200 GET http://10.180.1.21/compute/v2.1/servers/cdd5e911-df6c-49ae-9908-cc947b5abc5d 0.281s
2025-11-23 02:32:39.759 66267 INFO tempest.lib.common.rest_client [req-04b206b8-1923-44cd-a9f4-913f80af4243 req-04b206b8-1923-44cd-a9f4-913f80af4243 ] Request (ServersListShow2100Test:tearDownClass): 204 DELETE http://10.180.1.21/identity/v3/users/7235c8cda6b5411195937853c5cab719 0.085s
2025-11-23 02:32:39.759 66267 INFO tempest.lib.common.dynamic_creds [-] Deleting project and security group for project: 5d084cbf198947628a658931306306c1
2025-11-23 02:32:39.760 66327 INFO tempest.lib.common.rest_client [req-5929409d-5abb-429a-916b-aa98b365d923 req-5929409d-5abb-429a-916b-aa98b365d923 ] Request (ServersTestJSON:test_create_server_with_ipv6_addr_only): 200 GET http://10.180.1.21/compute/v2.1/servers/4311b3e0-e32e-4ed8-ada5-70332a144ae2 0.213s
2025-11-23 02:32:39.820 66298 INFO tempest.lib.common.rest_client [req-f5a41a4a-d60e-4e55-ad3c-c1861691cedb req-f5a41a4a-d60e-4e55-ad3c-c1861691cedb ] Request (VolumesAssistedSnapshotsTest:tearDownClass): 200 GET http://10.180.1.21/compute/v2.1/servers/bc63a698-14d4-43c3-b8cf-7d12a2c96dd4 0.215s
2025-11-23 02:32:39.829 66267 INFO tempest.lib.common.rest_client [req-deaa0445-5a2c-4007-b7e9-46ab8572fa08 req-deaa0445-5a2c-4007-b7e9-46ab8572fa08 ] Request (ServersListShow2100Test:tearDownClass): 201 POST http://10.180.1.21/identity/v3/auth/tokens 0.069s
2025-11-23 02:32:39.851 66269 INFO tempest.lib.common.rest_client [req-969db562-0708-4dac-9604-b8f5499ba4aa req-969db562-0708-4dac-9604-b8f5499ba4aa ] Request (ListServerFiltersTestJSON:test_list_servers_filtered_by_ip_regex): 200 GET http://10.180.1.21/compute/v2.1/servers/detail 0.349s
2025-11-23 02:32:39.909 66265 INFO tempest.lib.common.rest_client [req-eb2e75d2-4083-4178-94a3-7c36aca977ea req-eb2e75d2-4083-4178-94a3-7c36aca977ea ] Request (SecurityGroupsTestJSON:test_list_security_groups_by_server): 200 GET http://10.180.1.21/compute/v2.1/servers/a4266d21-78af-452f-b273-413bd46ae3fa 0.257s
2025-11-23 02:32:39.944 66309 INFO tempest.lib.common.rest_client [req-03d7b8de-a8d1-47d4-9cf0-585ad1165b36 req-03d7b8de-a8d1-47d4-9cf0-585ad1165b36 ] Request (InstanceActionsTestJSON:setUpClass): 200 GET http://10.180.1.21/compute/v2.1/servers/38a37ae2-bdd2-4eda-a6d1-b4ecf433f554 0.301s
2025-11-23 02:32:39.981 66319 INFO tempest.lib.common.rest_client [req-13c27384-4f94-4b1f-a24d-2ed947ca4018 req-13c27384-4f94-4b1f-a24d-2ed947ca4018 ] Request (ServerMetadataTestJSON:test_update_server_metadata): 200 GET http://10.180.1.21/compute/v2.1/servers/d63392a7-912e-4222-89f2-d68cad5295b3/metadata 0.325s
2025-11-23 02:32:40.024 66317 INFO tempest.lib.common.rest_client [req-d19f7c77-c23e-441a-bc4e-c571d8d3f355 req-d19f7c77-c23e-441a-bc4e-c571d8d3f355 ] Request (ImagesTestJSON:test_create_image_from_suspended_server): 200 GET http://10.180.1.21/compute/v2.1/images/ed2c2227-bf5a-4785-8add-b70566698ea5 0.336s
2025-11-23 02:32:40.029 66267 INFO tempest.lib.common.rest_client [req-be93108c-235e-49e8-b87a-c3cab115eb49 req-be93108c-235e-49e8-b87a-c3cab115eb49 ] Request (ServersListShow2100Test:tearDownClass): 200 GET http://10.180.1.21/networking/v2.0/security-groups?tenant_id=5d084cbf198947628a658931306306c1&name=default 0.200s
2025-11-23 02:32:40.037 66279 INFO tempest.lib.common.rest_client [req-4c4f4518-4ddc-4e1a-86bc-0602c7817652 req-4c4f4518-4ddc-4e1a-86bc-0602c7817652 ] Request (ListImageFiltersTestJSON:tearDownClass): 204 DELETE http://10.180.1.21/compute/v2.1/images/08ff786f-0aeb-4550-9146-3e78f18c8d5b 0.384s
2025-11-23 02:32:40.084 66291 INFO tempest.lib.common.rest_client [req-e74b7cb7-d0c6-4fc3-b12c-bcc3d542862e req-e74b7cb7-d0c6-4fc3-b12c-bcc3d542862e ] Request (ServerTagsTestJSON:setUpClass): 200 GET http://10.180.1.21/compute/v2.1/servers/16a40b00-60eb-41ed-aa5d-de7a34018408 0.379s
2025-11-23 02:32:40.096 66324 INFO tempest.lib.common.rest_client [req-ec8497b7-5ea7-4e41-bd0d-db25f3a987fe req-ec8497b7-5ea7-4e41-bd0d-db25f3a987fe ] Request (ServersTestJSON:setUpClass): 200 GET http://10.180.1.21/compute/v2.1/servers/f157c5b8-6b38-4254-b622-67c89535cb5d 0.335s
