2025-11-23 02:32:47.770 66303 INFO tempest.lib.common.rest_client [req-5e5c062f-653e-4914-8546-2ab5741851e5 req-5e5c062f-653e-4914-8546-2ab5741851e5 ] Request (ServerActionsV293TestJSON:setUpClass): 200 GET http://10.180.1.21/compute/v2.1/servers/96bd9040-0414-4c8e-8852-6d88ed438e28 0.070s
2025-11-23 02:32:47.789 66289 WARNING tempest.lib.common.ssh [-] Failed to establish authenticated ssh connection to cirros@10.180.180.158 ([Errno None] Unable to connect to port 22 on 10.180.180.158). Number attempts: 6. Retry after 7 seconds.: paramiko.ssh_exception.NoValidConnectionsError: [Errno None] Unable to connect to port 22 on 10.180.180.158
2025-11-23 02:32:47.832 66327 INFO tempest.lib.common.rest_client [req-46128f73-fa83-465a-8d44-024423a09789 req-46128f73-fa83-465a-8d44-024423a09789 ] Request (ServersTestJSON:test_create_server_with_ipv6_addr_only): 200 GET http://10.180.1.21/compute/v2.1/servers/4311b3e0-e32e-4ed8-ada5-70332a144ae2 0.058s
2025-11-23 02:32:47.868 66287 INFO tempest.lib.common.rest_client [req-a0f24356-dafb-4a3b-bdf6-fedf9fb6148c req-a0f24356-dafb-4a3b-bdf6-fedf9fb6148c ] Request (ServersAdminNegativeTestJSON:tearDownClass): 200 GET http://10.180.1.21/compute/v2.1/servers/cdd5e911-df6c-49ae-9908-cc947b5abc5d 0.064s
2025-11-23 02:32:47.973 66298 INFO tempest.lib.common.rest_client [req-74b914a7-a78e-4a9b-a735-82376b9bdcdd req-74b914a7-a78e-4a9b-a735-82376b9bdcdd ] Request (VolumesAssistedSnapshotsTest:tearDownClass): 200 GET http://10.180.1.21/compute/v2.1/servers/bc63a698-14d4-43c3-b8cf-7d12a2c96dd4 0.064s
2025-11-23 02:32:48.010 66317 INFO tempest.lib.common.rest_client [req-b6e547ed-7e11-4ea0-a904-c577c65ffe8f req-b6e547ed-7e11-4ea0-a904-c577c65ffe8f ] Request (ImagesTestJSON:test_create_image_from_suspended_server): 200 GET http://10.180.1.21/compute/v2.1/images/ed2c2227-bf5a-4785-8add-b70566698ea5 0.068s
2025-11-23 02:32:48.059 66265 INFO tempest.lib.common.rest_client [req-f06aeaf2-4560-4dcf-a0c2-4e68914d4735 req-f06aeaf2-4560-4dcf-a0c2-4e68914d4735 ] Request (SecurityGroupsTestJSON:test_list_security_groups_by_server): 200 GET http://10.180.1.21/compute/v2.1/servers/a4266d21-78af-452f-b273-413bd46ae3fa 0.121s
2025-11-23 02:32:48.066 66293 INFO tempest.lib.common.rest_client [req-15762b68-b467-4dad-a210-06ab151cb78e req-15762b68-b467-4dad-a210-06ab151cb78e ] Request (ServersAdminTestJSON:test_inject_network_info): 200 GET http://10.180.1.21/compute/v2.1/servers/387f62a8-a753-4465-a5cc-38423951f89a 0.071s
2025-11-23 02:32:48.096 66317 INFO tempest.lib.common.rest_client [req-5d452c66-7279-4fed-959d-7097c45f715d req-5d452c66-7279-4fed-959d-7097c45f715d ] Request (ImagesTestJSON:test_create_image_from_suspended_server): 200 GET http://10.180.1.21/compute/v2.1/images/ed2c2227-bf5a-4785-8add-b70566698ea5 0.082s
2025-11-23 02:32:48.121 66317 INFO tempest.lib.common.rest_client [req-e6993885-1ae1-473d-b956-b7a4fe5aef94 req-e6993885-1ae1-473d-b956-b7a4fe5aef94 ] Request (ImagesTestJSON:test_create_image_from_suspended_server): 200 GET http://10.180.1.21/image/v2/images/ed2c2227-bf5a-4785-8add-b70566698ea5/tasks 0.021s
2025-11-23 02:32:48.123 66291 INFO tempest.lib.common.rest_client [req-046e098f-c6dd-42cb-9a16-bed813083b01 req-046e098f-c6dd-42cb-9a16-bed813083b01 ] Request (ServerTagsTestJSON:setUpClass): 200 GET http://10.180.1.21/compute/v2.1/servers/16a40b00-60eb-41ed-aa5d-de7a34018408 0.076s
2025-11-23 02:32:48.149 66324 INFO tempest.lib.common.rest_client [req-893b49d5-6a0f-4050-96a1-6ccc92e5c63d req-893b49d5-6a0f-4050-96a1-6ccc92e5c63d ] Request (ServersTestJSON:setUpClass): 200 GET http://10.180.1.21/compute/v2.1/servers/f157c5b8-6b38-4254-b622-67c89535cb5d 0.087s
2025-11-23 02:32:48.182 66279 INFO tempest.lib.common.rest_client [req-f6109349-3385-4c43-a280-49f2dc991d84 req-f6109349-3385-4c43-a280-49f2dc991d84 ] Request (ListImageFiltersTestJSON:tearDownClass): 200 GET http://10.180.1.21/compute/v2.1/servers/02606008-c5e6-4e8e-9249-071a06041be7 0.061s
2025-11-23 02:32:48.239 66283 INFO tempest.lib.common.rest_client [req-0cf9082f-b06d-469c-8904-ac80380d23a6 req-0cf9082f-b06d-469c-8904-ac80380d23a6 ] Request (ServersWithSpecificFlavorTestJSON:test_verify_created_server_ephemeral_disk): 200 GET http://10.180.1.21/compute/v2.1/servers/926f97a5-060c-47a3-944c-b0eb4d6634f4 0.056s
2025-11-23 02:32:48.257 66317 INFO tempest.lib.common.rest_client [req-04d5141a-33d0-4bc6-a23d-ea8011ae0325 req-04d5141a-33d0-4bc6-a23d-ea8011ae0325 ] Request (ImagesTestJSON:_run_cleanups): 204 DELETE http://10.180.1.21/compute/v2.1/images/ed2c2227-bf5a-4785-8add-b70566698ea5 0.135s
2025-11-23 02:32:48.351 66277 INFO tempest.lib.common.rest_client [req-f2e8d60e-0126-4eda-b8bd-71a7a49a5095 req-f2e8d60e-0126-4eda-b8bd-71a7a49a5095 ] Request (ServerShowV247Test:tearDownClass): 200 GET http://10.180.1.21/compute/v2.1/servers/ce52bfd8-189b-4781-ba5b-fc60b5031aac 0.095s
2025-11-23 02:32:48.376 66281 INFO tempest.lib.common.rest_client [req-783311e7-f635-4ec2-98f8-b1d578a6b475 req-783311e7-f635-4ec2-98f8-b1d578a6b475 ] Request (MigrationsAdminTest:test_list_migrations_in_flavor_resize_situation): 200 GET http://10.180.1.21/compute/v2.1/servers/4074eea6-87dd-4d44-aeeb-6645391a66a6 0.168s
2025-11-23 02:32:48.452 66273 INFO tempest.lib.common.rest_client [req-ba543b2c-25d0-408f-bb8a-a01ee6e6944e req-ba543b2c-25d0-408f-bb8a-a01ee6e6944e ] Request (DeleteServersAdminTestJSON:test_admin_delete_servers_of_others): 200 GET http://10.180.1.21/compute/v2.1/servers/f2b3d5af-2828-4a91-a9e4-f0aabaa137e3 0.173s
2025-11-23 02:32:48.462 66317 INFO tempest.lib.common.rest_client [req-216a6829-4fc1-4c69-9764-d6b678bb096f req-216a6829-4fc1-4c69-9764-d6b678bb096f ] Request (ImagesTestJSON:_run_cleanups): 204 DELETE http://10.180.1.21/compute/v2.1/servers/f03bd2e8-79af-4c3e-bcc5-855fb090aa54 0.204s
2025-11-23 02:32:48.507 66305 INFO tempest.lib.common.rest_client [req-99f592b1-2bb7-4e3b-ac93-957c726c2bd4 req-99f592b1-2bb7-4e3b-ac93-957c726c2bd4 ] Request (MultipleCreateTestJSON:test_multiple_create_with_reservation_return): 200 GET http://10.180.1.21/compute/v2.1/servers/0ecf65cb-f96c-4727-bc6a-d745d073f8d2 0.166s
2025-11-23 02:32:48.517 66275 INFO tempest.lib.common.rest_client [req-cc0cff92-cc09-4c2a-b40f-76f44921b06d req-cc0cff92-cc09-4c2a-b40f-76f44921b06d ] Request (ServersNegativeTestJSON:setUpClass): 200 GET http://10.180.1.21/compute/v2.1/servers/52e75acd-27b4-4dc3-a3c1-c8b8dd1ac36a 0.128s
2025-11-23 02:32:48.543 66317 INFO tempest.lib.common.rest_client [req-548c7361-e663-491e-a852-053a4fcc0b06 req-548c7361-e663-491e-a852-053a4fcc0b06 ] Request (ImagesTestJSON:test_create_server_from_snapshot): 201 POST http://10.180.1.21/identity/v3/auth/tokens 0.075s
2025-11-23 02:32:48.544 66317 INFO tempest.lib.common.fixed_network [-] (ImagesTestJSON:test_create_server_from_snapshot) Found network {'id': 'd11b359a-b805-4135-a591-5759bff15fbb', 'name': 'tempest-ImagesTestJSON-744750382-network', 'tenant_id': '1863444f70fe4c9eb8d30606e81b61f6', 'project_id': '1863444f70fe4c9eb8d30606e81b61f6', 'admin_state_up': True, 'mtu': 8950, 'status': 'ACTIVE', 'subnets': [], 'shared': False, 'port_security_enabled': True, 'router:external': False, 'provider:network_type': 'vlan', 'provider:physical_network': 'default', 'provider:segmentation_id': 188, 'availability_zone_hints': [], 'availability_zones': [], 'ipv4_address_scope': None, 'ipv6_address_scope': None, 'description': '', 'tags': [], 'created_at': '2025-11-23T02:30:24Z', 'updated_at': '2025-11-23T02:30:24Z', 'revision_number': 1} available for tenant
2025-11-23 02:32:48.574 66315 INFO tempest.lib.common.rest_client [req-424c7a82-4057-49c9-9857-48fc0c62b956 req-424c7a82-4057-49c9-9857-48fc0c62b956 ] Request (ServerRescueNegativeTestJSON:test_rescued_vm_detach_volume): 200 GET http://10.180.1.21/compute/v2.1/servers/c0771b1c-6f43-4d9a-8a77-69e05643663f 0.111s
2025-11-23 02:32:48.632 66299 INFO tempest.lib.common.rest_client [req-ece0ccfc-9be5-485c-b18c-a085174e76e4 req-ece0ccfc-9be5-485c-b18c-a085174e76e4 ] Request (FloatingIPsAssociationTestJSON:tearDownClass): 200 GET http://10.180.1.21/compute/v2.1/servers/45ddc69f-3db1-48ed-bb59-28343cef9ca8 0.105s
2025-11-23 02:32:48.649 66321 INFO tempest.lib.common.rest_client [req-006e42d7-a11b-4379-8b26-bfd4f33c5c53 req-006e42d7-a11b-4379-8b26-bfd4f33c5c53 ] Request (InstanceActionsV221TestJSON:test_get_list_deleted_instance_actions): 200 GET http://10.180.1.21/compute/v2.1/servers/d4145611-a776-4ccb-b985-9836c29cfa0a 0.200s
2025-11-23 02:32:48.741 66309 INFO tempest.lib.common.rest_client [req-ecf6eedd-4194-4eef-b3ed-2f2ebd1d32df req-ecf6eedd-4194-4eef-b3ed-2f2ebd1d32df ] Request (InstanceActionsTestJSON:tearDownClass): 200 GET http://10.180.1.21/compute/v2.1/servers/38a37ae2-bdd2-4eda-a6d1-b4ecf433f554 0.185s
2025-11-23 02:32:48.798 66269 INFO tempest.lib.common.rest_client [req-58983713-33f4-4f04-b5fd-34fa51ff562e req-58983713-33f4-4f04-b5fd-34fa51ff562e ] Request (ListServerFiltersTestJSON:tearDownClass): 200 GET http://10.180.1.21/compute/v2.1/servers/9e8c6014-c496-4086-a84c-25ac0460c7d7 0.209s
2025-11-23 02:32:48.858 66319 INFO tempest.lib.common.rest_client [req-83d8f44b-4765-40ea-842b-9dab8c279f56 req-83d8f44b-4765-40ea-842b-9dab8c279f56 ] Request (ServerMetadataTestJSON:tearDownClass): 200 GET http://10.180.1.21/compute/v2.1/servers/d63392a7-912e-4222-89f2-d68cad5295b3 0.238s
2025-11-23 02:32:48.917 66311 INFO tempest.lib.common.rest_client [req-436cd40a-6351-45d8-bc3b-c1d9885e0ef5 req-436cd40a-6351-45d8-bc3b-c1d9885e0ef5 ] Request (ImagesOneServerNegativeTestJSON:_run_cleanups): 200 GET http://10.180.1.21/compute/v2.1/servers/348b7c06-1185-49a2-9669-9e9883363ab0 0.277s
2025-11-23 02:32:48.947 66317 INFO tempest.lib.common.rest_client [req-f99209e6-5050-4094-abdf-11782e2cd1c3 req-f99209e6-5050-4094-abdf-11782e2cd1c3 ] Request (ImagesTestJSON:test_create_server_from_snapshot): 202 POST http://10.180.1.21/compute/v2.1/servers 0.402s
2025-11-23 02:32:48.977 66325 INFO tempest.lib.common.rest_client [req-1f989b8c-914c-4068-90a7-cdd6c3893e6b req-1f989b8c-914c-4068-90a7-cdd6c3893e6b ] Request (ServerAddressesTestJSON:setUpClass): 200 GET http://10.180.1.21/compute/v2.1/servers/7467af98-aaa8-4e40-9055-09d166cf08e9 0.301s
2025-11-23 02:32:49.011 66303 INFO tempest.lib.common.rest_client [req-7c9f240c-3ea4-44d7-8b84-b0a7804d5502 req-7c9f240c-3ea4-44d7-8b84-b0a7804d5502 ] Request (ServerActionsV293TestJSON:setUpClass): 200 GET http://10.180.1.21/compute/v2.1/servers/96bd9040-0414-4c8e-8852-6d88ed438e28 0.230s
2025-11-23 02:32:49.042 66327 INFO tempest.lib.common.rest_client [req-6ed27359-4a68-48a1-897b-3a1c98de1405 req-6ed27359-4a68-48a1-897b-3a1c98de1405 ] Request (ServersTestJSON:test_create_server_with_ipv6_addr_only): 200 GET http://10.180.1.21/compute/v2.1/servers/4311b3e0-e32e-4ed8-ada5-70332a144ae2 0.201s
2025-11-23 02:32:49.075 66287 INFO tempest.lib.common.rest_client [req-763ae804-1402-428d-82b4-2dee854a614e req-763ae804-1402-428d-82b4-2dee854a614e ] Request (ServersAdminNegativeTestJSON:tearDownClass): 200 GET http://10.180.1.21/compute/v2.1/servers/cdd5e911-df6c-49ae-9908-cc947b5abc5d 0.200s
2025-11-23 02:32:49.082 66317 INFO tempest.lib.common.rest_client [req-bbcc8ed5-9906-419a-b374-0191f7978152 req-bbcc8ed5-9906-419a-b374-0191f7978152 ] Request (ImagesTestJSON:test_create_server_from_snapshot): 200 GET http://10.180.1.21/compute/v2.1/servers/ed1a7e14-faf5-4023-8654-d91dfd790abd 0.133s
2025-11-23 02:32:49.137 66298 INFO tempest.lib.common.rest_client [req-a8289970-2786-4dbd-a8b3-7128e6820fd1 req-a8289970-2786-4dbd-a8b3-7128e6820fd1 ] Request (VolumesAssistedSnapshotsTest:tearDownClass): 200 GET http://10.180.1.21/compute/v2.1/servers/bc63a698-14d4-43c3-b8cf-7d12a2c96dd4 0.154s
2025-11-23 02:32:49.192 66293 INFO tempest.lib.common.rest_client [req-395f0733-5955-4496-80b5-1d82fa083929 req-395f0733-5955-4496-80b5-1d82fa083929 ] Request (ServersAdminTestJSON:test_inject_network_info): 200 GET http://10.180.1.21/compute/v2.1/servers/387f62a8-a753-4465-a5cc-38423951f89a 0.118s
2025-11-23 02:32:49.193 66265 INFO tempest.lib.common.rest_client [req-702c5e05-33f5-47ab-9c40-bfc06e5f6a63 req-702c5e05-33f5-47ab-9c40-bfc06e5f6a63 ] Request (SecurityGroupsTestJSON:test_list_security_groups_by_server): 200 GET http://10.180.1.21/compute/v2.1/servers/a4266d21-78af-452f-b273-413bd46ae3fa 0.126s
2025-11-23 02:32:49.266 66324 INFO tempest.lib.common.rest_client [req-ed442ff3-4aa8-4457-a291-032467060d7f req-ed442ff3-4aa8-4457-a291-032467060d7f ] Request (ServersTestJSON:setUpClass): 200 GET http://10.180.1.21/compute/v2.1/servers/f157c5b8-6b38-4254-b622-67c89535cb5d 0.106s
2025-11-23 02:32:49.269 66291 INFO tempest.lib.common.rest_client [req-f0fc22e1-fa7e-48b4-b14d-58d7ea09e8cb req-f0fc22e1-fa7e-48b4-b14d-58d7ea09e8cb ] Request (ServerTagsTestJSON:setUpClass): 200 GET http://10.180.1.21/compute/v2.1/servers/16a40b00-60eb-41ed-aa5d-de7a34018408 0.137s
2025-11-23 02:32:49.325 66283 INFO tempest.lib.common.rest_client [req-f0029ebf-1e8c-4cf7-8dfd-74538d703690 req-f0029ebf-1e8c-4cf7-8dfd-74538d703690 ] Request (ServersWithSpecificFlavorTestJSON:test_verify_created_server_ephemeral_disk): 200 GET http://10.180.1.21/compute/v2.1/servers/926f97a5-060c-47a3-944c-b0eb4d6634f4 0.077s
2025-11-23 02:32:49.338 66279 INFO tempest.lib.common.rest_client [req-83461313-c8a5-4149-a6a4-5f39555cb356 req-83461313-c8a5-4149-a6a4-5f39555cb356 ] Request (ListImageFiltersTestJSON:tearDownClass): 200 GET http://10.180.1.21/compute/v2.1/servers/02606008-c5e6-4e8e-9249-071a06041be7 0.148s
2025-11-23 02:32:49.445 66277 INFO tempest.lib.common.rest_client [req-d5433061-527c-44ce-8a15-659ea9933cb1 req-d5433061-527c-44ce-8a15-659ea9933cb1 ] Request (ServerShowV247Test:tearDownClass): 200 GET http://10.180.1.21/compute/v2.1/servers/ce52bfd8-189b-4781-ba5b-fc60b5031aac 0.083s
2025-11-23 02:32:49.528 66273 INFO tempest.lib.common.rest_client [req-46120651-ee55-4684-815b-56f2829f4452 req-46120651-ee55-4684-815b-56f2829f4452 ] Request (DeleteServersAdminTestJSON:test_admin_delete_servers_of_others): 200 GET http://10.180.1.21/compute/v2.1/servers/f2b3d5af-2828-4a91-a9e4-f0aabaa137e3 0.068s
2025-11-23 02:32:49.568 66281 INFO tempest.lib.common.rest_client [req-30fb1525-ac12-497e-a3e9-86ed2e052db5 req-30fb1525-ac12-497e-a3e9-86ed2e052db5 ] Request (MigrationsAdminTest:test_list_migrations_in_flavor_resize_situation): 200 GET http://10.180.1.21/compute/v2.1/servers/4074eea6-87dd-4d44-aeeb-6645391a66a6 0.183s
2025-11-23 02:32:49.606 66305 INFO tempest.lib.common.rest_client [req-5490799f-0322-433c-861b-3efa64018bef req-5490799f-0322-433c-861b-3efa64018bef ] Request (MultipleCreateTestJSON:test_multiple_create_with_reservation_return): 200 GET http://10.180.1.21/compute/v2.1/servers/0ecf65cb-f96c-4727-bc6a-d745d073f8d2 0.091s
2025-11-23 02:32:49.651 66275 INFO tempest.lib.common.rest_client [req-f1f9fee8-bf1c-4a0a-8cc2-290629d84336 req-f1f9fee8-bf1c-4a0a-8cc2-290629d84336 ] Request (ServersNegativeTestJSON:setUpClass): 200 GET http://10.180.1.21/compute/v2.1/servers/52e75acd-27b4-4dc3-a3c1-c8b8dd1ac36a 0.123s
2025-11-23 02:32:49.668 66315 INFO tempest.lib.common.rest_client [req-a134cfde-440f-436c-8888-66fb5fc68c22 req-a134cfde-440f-436c-8888-66fb5fc68c22 ] Request (ServerRescueNegativeTestJSON:test_rescued_vm_detach_volume): 200 GET http://10.180.1.21/compute/v2.1/servers/c0771b1c-6f43-4d9a-8a77-69e05643663f 0.084s
2025-11-23 02:32:49.732 66299 INFO tempest.lib.common.rest_client [req-d9cf37e5-68b3-4681-809b-7969b25aaa5b req-d9cf37e5-68b3-4681-809b-7969b25aaa5b ] Request (FloatingIPsAssociationTestJSON:tearDownClass): 200 GET http://10.180.1.21/compute/v2.1/servers/45ddc69f-3db1-48ed-bb59-28343cef9ca8 0.088s
2025-11-23 02:32:49.764 66321 INFO tempest.lib.common.rest_client [req-2da307b1-610b-4b10-981b-8a5de1f31ec9 req-2da307b1-610b-4b10-981b-8a5de1f31ec9 ] Request (InstanceActionsV221TestJSON:test_get_list_deleted_instance_actions): 200 GET http://10.180.1.21/compute/v2.1/servers/d4145611-a776-4ccb-b985-9836c29cfa0a 0.105s
2025-11-23 02:32:49.819 66307 WARNING tempest.lib.common.ssh [-] Failed to establish authenticated ssh connection to cirros@10.180.180.199 ([Errno None] Unable to connect to port 22 on 10.180.180.199). Number attempts: 6. Retry after 7 seconds.: paramiko.ssh_exception.NoValidConnectionsError: [Errno None] Unable to connect to port 22 on 10.180.180.199
2025-11-23 02:32:49.848 66309 INFO tempest.lib.common.rest_client [req-ff6d2c3b-f255-4925-8294-ad3f4d846908 req-ff6d2c3b-f255-4925-8294-ad3f4d846908 ] Request (InstanceActionsTestJSON:tearDownClass): 200 GET http://10.180.1.21/compute/v2.1/servers/38a37ae2-bdd2-4eda-a6d1-b4ecf433f554 0.097s
2025-11-23 02:32:49.871 66269 INFO tempest.lib.common.rest_client [req-8dca7cf0-6e53-491c-a5b9-1ded14db8ba4 req-8dca7cf0-6e53-491c-a5b9-1ded14db8ba4 ] Request (ListServerFiltersTestJSON:tearDownClass): 200 GET http://10.180.1.21/compute/v2.1/servers/9e8c6014-c496-4086-a84c-25ac0460c7d7 0.065s
2025-11-23 02:32:49.927 66319 INFO tempest.lib.common.rest_client [req-ea3ddca7-fda2-4f42-a8ec-d6a5bd22306a req-ea3ddca7-fda2-4f42-a8ec-d6a5bd22306a ] Request (ServerMetadataTestJSON:tearDownClass): 200 GET http://10.180.1.21/compute/v2.1/servers/d63392a7-912e-4222-89f2-d68cad5295b3 0.061s
2025-11-23 02:32:49.982 66311 INFO tempest.lib.common.rest_client [req-f7b56bb5-3fc2-4ff3-8b81-f981032384d3 req-f7b56bb5-3fc2-4ff3-8b81-f981032384d3 ] Request (ImagesOneServerNegativeTestJSON:_run_cleanups): 200 GET http://10.180.1.21/compute/v2.1/servers/348b7c06-1185-49a2-9669-9e9883363ab0 0.056s
2025-11-23 02:32:50.047 66325 INFO tempest.lib.common.rest_client [req-a163fd18-2288-47ea-ab9d-d9a46e4ae88e req-a163fd18-2288-47ea-ab9d-d9a46e4ae88e ] Request (ServerAddressesTestJSON:setUpClass): 200 GET http://10.180.1.21/compute/v2.1/servers/7467af98-aaa8-4e40-9055-09d166cf08e9 0.061s
2025-11-23 02:32:50.088 66303 INFO tempest.lib.common.rest_client [req-1e3d91f9-095d-4f5d-a68e-cd4d27b69bae req-1e3d91f9-095d-4f5d-a68e-cd4d27b69bae ] Request (ServerActionsV293TestJSON:setUpClass): 200 GET http://10.180.1.21/compute/v2.1/servers/96bd9040-0414-4c8e-8852-6d88ed438e28 0.065s
2025-11-23 02:32:50.102 66327 INFO tempest.lib.common.rest_client [req-dfc2c928-c6d9-47b3-b70e-58200caf25ff req-dfc2c928-c6d9-47b3-b70e-58200caf25ff ] Request (ServersTestJSON:test_create_server_with_ipv6_addr_only): 200 GET http://10.180.1.21/compute/v2.1/servers/4311b3e0-e32e-4ed8-ada5-70332a144ae2 0.053s
2025-11-23 02:32:50.197 66287 INFO tempest.lib.common.rest_client [req-517da1f7-a283-46a9-83a7-112b43bf5e4d req-517da1f7-a283-46a9-83a7-112b43bf5e4d ] Request (ServersAdminNegativeTestJSON:tearDownClass): 200 GET http://10.180.1.21/compute/v2.1/servers/cdd5e911-df6c-49ae-9908-cc947b5abc5d 0.113s
2025-11-23 02:32:50.211 66317 INFO tempest.lib.common.rest_client [req-f631a0d9-01b9-493a-bca2-bf6f533c630e req-f631a0d9-01b9-493a-bca2-bf6f533c630e ] Request (ImagesTestJSON:test_create_server_from_snapshot): 200 GET http://10.180.1.21/compute/v2.1/servers/ed1a7e14-faf5-4023-8654-d91dfd790abd 0.119s
2025-11-23 02:32:50.323 66293 INFO tempest.lib.common.rest_client [req-38e15ceb-0525-43f3-b15c-58c4650a7977 req-38e15ceb-0525-43f3-b15c-58c4650a7977 ] Request (ServersAdminTestJSON:test_inject_network_info): 200 GET http://10.180.1.21/compute/v2.1/servers/387f62a8-a753-4465-a5cc-38423951f89a 0.123s
2025-11-23 02:32:50.336 66298 INFO tempest.lib.common.rest_client [req-ebf7b5c5-4296-45e1-8e07-d3d234aca9ff req-ebf7b5c5-4296-45e1-8e07-d3d234aca9ff ] Request (VolumesAssistedSnapshotsTest:tearDownClass): 200 GET http://10.180.1.21/compute/v2.1/servers/bc63a698-14d4-43c3-b8cf-7d12a2c96dd4 0.191s
2025-11-23 02:32:50.426 66324 INFO tempest.lib.common.rest_client [req-ad7a77e3-c6b9-43ca-ba70-ef7819b42c8c req-ad7a77e3-c6b9-43ca-ba70-ef7819b42c8c ] Request (ServersTestJSON:setUpClass): 200 GET http://10.180.1.21/compute/v2.1/servers/f157c5b8-6b38-4254-b622-67c89535cb5d 0.152s
2025-11-23 02:32:50.457 66265 INFO tempest.lib.common.rest_client [req-a9918268-517a-4366-a859-8af8fa7ab647 req-a9918268-517a-4366-a859-8af8fa7ab647 ] Request (SecurityGroupsTestJSON:test_list_security_groups_by_server): 200 GET http://10.180.1.21/compute/v2.1/servers/a4266d21-78af-452f-b273-413bd46ae3fa 0.252s
2025-11-23 02:32:50.484 66291 INFO tempest.lib.common.rest_client [req-d9fa5369-edfd-4d99-a8fa-5b4bdb6f42e0 req-d9fa5369-edfd-4d99-a8fa-5b4bdb6f42e0 ] Request (ServerTagsTestJSON:setUpClass): 200 GET http://10.180.1.21/compute/v2.1/servers/16a40b00-60eb-41ed-aa5d-de7a34018408 0.202s
2025-11-23 02:32:50.527 66283 INFO tempest.lib.common.rest_client [req-343d1e01-5343-4617-9214-45d00aad7728 req-343d1e01-5343-4617-9214-45d00aad7728 ] Request (ServersWithSpecificFlavorTestJSON:test_verify_created_server_ephemeral_disk): 200 GET http://10.180.1.21/compute/v2.1/servers/926f97a5-060c-47a3-944c-b0eb4d6634f4 0.194s
2025-11-23 02:32:50.549 66279 INFO tempest.lib.common.rest_client [req-45af0c9b-67f5-4cbb-aa07-4f401d7f3bc4 req-45af0c9b-67f5-4cbb-aa07-4f401d7f3bc4 ] Request (ListImageFiltersTestJSON:tearDownClass): 200 GET http://10.180.1.21/compute/v2.1/servers/02606008-c5e6-4e8e-9249-071a06041be7 0.203s
2025-11-23 02:32:50.595 66277 INFO tempest.lib.common.rest_client [req-8c05ad9f-29da-426b-938d-5b5c0d6d13f0 req-8c05ad9f-29da-426b-938d-5b5c0d6d13f0 ] Request (ServerShowV247Test:tearDownClass): 200 GET http://10.180.1.21/compute/v2.1/servers/ce52bfd8-189b-4781-ba5b-fc60b5031aac 0.139s
2025-11-23 02:32:50.638 66273 INFO tempest.lib.common.rest_client [req-ea52b7fa-7975-4b6e-94bd-76ba14d08f80 req-ea52b7fa-7975-4b6e-94bd-76ba14d08f80 ] Request (DeleteServersAdminTestJSON:test_admin_delete_servers_of_others): 200 GET http://10.180.1.21/compute/v2.1/servers/f2b3d5af-2828-4a91-a9e4-f0aabaa137e3 0.101s
2025-11-23 02:32:50.692 66305 INFO tempest.lib.common.rest_client [req-ef3ccf1b-0187-4462-ab79-752a4850d365 req-ef3ccf1b-0187-4462-ab79-752a4850d365 ] Request (MultipleCreateTestJSON:test_multiple_create_with_reservation_return): 200 GET http://10.180.1.21/compute/v2.1/servers/0ecf65cb-f96c-4727-bc6a-d745d073f8d2 0.074s
2025-11-23 02:32:50.704 66281 INFO tempest.lib.common.rest_client [req-3d1f7328-d14b-4627-aba8-1902f954810c req-3d1f7328-d14b-4627-aba8-1902f954810c ] Request (MigrationsAdminTest:test_list_migrations_in_flavor_resize_situation): 200 GET http://10.180.1.21/compute/v2.1/servers/4074eea6-87dd-4d44-aeeb-6645391a66a6 0.127s
2025-11-23 02:32:50.744 66275 INFO tempest.lib.common.rest_client [req-fd7dc39d-5bdd-470d-8095-612fab6431c6 req-fd7dc39d-5bdd-470d-8095-612fab6431c6 ] Request (ServersNegativeTestJSON:setUpClass): 200 GET http://10.180.1.21/compute/v2.1/servers/52e75acd-27b4-4dc3-a3c1-c8b8dd1ac36a 0.086s
2025-11-23 02:32:50.756 66315 INFO tempest.lib.common.rest_client [req-fe6b502c-98fe-4db7-9b9d-4935147e67c7 req-fe6b502c-98fe-4db7-9b9d-4935147e67c7 ] Request (ServerRescueNegativeTestJSON:test_rescued_vm_detach_volume): 200 GET http://10.180.1.21/compute/v2.1/servers/c0771b1c-6f43-4d9a-8a77-69e05643663f 0.076s
2025-11-23 02:32:50.765 66299 INFO tempest.lib.common.rest_client [req-8ab346a2-a83c-402b-b637-de77716edc93 req-8ab346a2-a83c-402b-b637-de77716edc93 ] Request (FloatingIPsAssociationTestJSON:tearDownClass): 404 GET http://10.180.1.21/compute/v2.1/servers/45ddc69f-3db1-48ed-bb59-28343cef9ca8 0.025s
2025-11-23 02:32:50.879 66321 INFO tempest.lib.common.rest_client [req-7ed3876c-570a-4650-a19e-e7a2753415a7 req-7ed3876c-570a-4650-a19e-e7a2753415a7 ] Request (InstanceActionsV221TestJSON:test_get_list_deleted_instance_actions): 200 GET http://10.180.1.21/compute/v2.1/servers/d4145611-a776-4ccb-b985-9836c29cfa0a 0.105s
2025-11-23 02:32:50.931 66309 INFO tempest.lib.common.rest_client [req-2070ba25-7240-4faf-897e-7815c9af564d req-2070ba25-7240-4faf-897e-7815c9af564d ] Request (InstanceActionsTestJSON:tearDownClass): 200 GET http://10.180.1.21/compute/v2.1/servers/38a37ae2-bdd2-4eda-a6d1-b4ecf433f554 0.075s
2025-11-23 02:32:50.990 66269 INFO tempest.lib.common.rest_client [req-9b618556-efb6-49e8-9b48-62a251a90d96 req-9b618556-efb6-49e8-9b48-62a251a90d96 ] Request (ListServerFiltersTestJSON:tearDownClass): 200 GET http://10.180.1.21/compute/v2.1/servers/9e8c6014-c496-4086-a84c-25ac0460c7d7 0.110s
2025-11-23 02:32:51.074 66319 INFO tempest.lib.common.rest_client [req-29d37371-2506-4e18-8698-043b2ec8890e req-29d37371-2506-4e18-8698-043b2ec8890e ] Request (ServerMetadataTestJSON:tearDownClass): 200 GET http://10.180.1.21/compute/v2.1/servers/d63392a7-912e-4222-89f2-d68cad5295b3 0.140s
2025-11-23 02:32:51.113 66299 INFO tempest.lib.common.rest_client [req-c2b2aca1-b7be-4c64-a19c-00657c87108d req-c2b2aca1-b7be-4c64-a19c-00657c87108d ] Request (FloatingIPsAssociationTestJSON:tearDownClass): 202 DELETE http://10.180.1.21/compute/v2.1/os-floating-ips/ec8c0e5f-7552-47a4-86ae-ec03609961d3 0.347s
2025-11-23 02:32:51.124 66311 INFO tempest.lib.common.rest_client [req-38141b88-6afb-40e6-bb6c-4d11bb30ad78 req-38141b88-6afb-40e6-bb6c-4d11bb30ad78 ] Request (ImagesOneServerNegativeTestJSON:_run_cleanups): 200 GET http://10.180.1.21/compute/v2.1/servers/348b7c06-1185-49a2-9669-9e9883363ab0 0.135s
2025-11-23 02:32:51.160 66325 INFO tempest.lib.common.rest_client [req-131ee579-b9cb-43e2-a0ab-cefd140526ba req-131ee579-b9cb-43e2-a0ab-cefd140526ba ] Request (ServerAddressesTestJSON:setUpClass): 200 GET http://10.180.1.21/compute/v2.1/servers/7467af98-aaa8-4e40-9055-09d166cf08e9 0.102s
2025-11-23 02:32:51.174 66303 INFO tempest.lib.common.rest_client [req-1bbb0189-44b3-4dba-86b5-b0042f6ce400 req-1bbb0189-44b3-4dba-86b5-b0042f6ce400 ] Request (ServerActionsV293TestJSON:setUpClass): 200 GET http://10.180.1.21/compute/v2.1/servers/96bd9040-0414-4c8e-8852-6d88ed438e28 0.073s
2025-11-23 02:32:51.212 66327 INFO tempest.lib.common.rest_client [req-e5ca643a-ff80-484c-9ee4-a273cd273597 req-e5ca643a-ff80-484c-9ee4-a273cd273597 ] Request (ServersTestJSON:test_create_server_with_ipv6_addr_only): 200 GET http://10.180.1.21/compute/v2.1/servers/4311b3e0-e32e-4ed8-ada5-70332a144ae2 0.102s
2025-11-23 02:32:51.253 66299 INFO tempest.lib.common.rest_client [req-2c1985d3-3c16-42a3-b105-b0c2fd7e636f req-2c1985d3-3c16-42a3-b105-b0c2fd7e636f ] Request (FloatingIPsAssociationTestJSON:tearDownClass): 204 DELETE http://10.180.1.21/compute/v2.1/servers/a43f081b-8e85-4b8b-b880-7db2e0f9d802 0.139s
2025-11-23 02:32:51.294 66287 INFO tempest.lib.common.rest_client [req-a239d9d6-6038-4c63-a47a-64f7a9764272 req-a239d9d6-6038-4c63-a47a-64f7a9764272 ] Request (ServersAdminNegativeTestJSON:tearDownClass): 200 GET http://10.180.1.21/compute/v2.1/servers/cdd5e911-df6c-49ae-9908-cc947b5abc5d 0.087s
2025-11-23 02:32:51.312 66317 INFO tempest.lib.common.rest_client [req-d20b3853-0c4c-4469-9423-13de9180eced req-d20b3853-0c4c-4469-9423-13de9180eced ] Request (ImagesTestJSON:test_create_server_from_snapshot): 200 GET http://10.180.1.21/compute/v2.1/servers/ed1a7e14-faf5-4023-8654-d91dfd790abd 0.093s
2025-11-23 02:32:51.398 66293 INFO tempest.lib.common.rest_client [req-27246aec-1c00-4c87-9093-cd7cf599c232 req-27246aec-1c00-4c87-9093-cd7cf599c232 ] Request (ServersAdminTestJSON:test_inject_network_info): 200 GET http://10.180.1.21/compute/v2.1/servers/387f62a8-a753-4465-a5cc-38423951f89a 0.064s
2025-11-23 02:32:51.457 66299 INFO tempest.lib.common.rest_client [req-01d1c239-83c8-48e9-b4d2-e77833428f7b req-01d1c239-83c8-48e9-b4d2-e77833428f7b ] Request (FloatingIPsAssociationTestJSON:tearDownClass): 200 GET http://10.180.1.21/compute/v2.1/servers/a43f081b-8e85-4b8b-b880-7db2e0f9d802 0.204s
2025-11-23 02:32:51.465 66298 INFO tempest.lib.common.rest_client [req-4a98f33b-e023-4a0c-833b-23657053d9fa req-4a98f33b-e023-4a0c-833b-23657053d9fa ] Request (VolumesAssistedSnapshotsTest:tearDownClass): 200 GET http://10.180.1.21/compute/v2.1/servers/bc63a698-14d4-43c3-b8cf-7d12a2c96dd4 0.120s
2025-11-23 02:32:51.514 66324 INFO tempest.lib.common.rest_client [req-bc40728c-a604-461a-bf71-914da5013eac req-bc40728c-a604-461a-bf71-914da5013eac ] Request (ServersTestJSON:setUpClass): 200 GET http://10.180.1.21/compute/v2.1/servers/f157c5b8-6b38-4254-b622-67c89535cb5d 0.074s
2025-11-23 02:32:51.568 66291 INFO tempest.lib.common.rest_client [req-f482feb4-7b42-4d8a-9b1f-ede49d58ce6f req-f482feb4-7b42-4d8a-9b1f-ede49d58ce6f ] Request (ServerTagsTestJSON:setUpClass): 200 GET http://10.180.1.21/compute/v2.1/servers/16a40b00-60eb-41ed-aa5d-de7a34018408 0.074s
2025-11-23 02:32:51.596 66265 INFO tempest.lib.common.rest_client [req-d23bf359-8fb6-4bd1-9298-c923cce1f5ca req-d23bf359-8fb6-4bd1-9298-c923cce1f5ca ] Request (SecurityGroupsTestJSON:test_list_security_groups_by_server): 200 GET http://10.180.1.21/compute/v2.1/servers/a4266d21-78af-452f-b273-413bd46ae3fa 0.131s
2025-11-23 02:32:51.627 66283 INFO tempest.lib.common.rest_client [req-3da35482-60b2-4e88-aad9-d5e21a4261a2 req-3da35482-60b2-4e88-aad9-d5e21a4261a2 ] Request (ServersWithSpecificFlavorTestJSON:test_verify_created_server_ephemeral_disk): 200 GET http://10.180.1.21/compute/v2.1/servers/926f97a5-060c-47a3-944c-b0eb4d6634f4 0.092s
2025-11-23 02:32:51.668 66279 INFO tempest.lib.common.rest_client [req-e6a891b9-ba0c-4f69-a1dd-24adcb90c7fe req-e6a891b9-ba0c-4f69-a1dd-24adcb90c7fe ] Request (ListImageFiltersTestJSON:tearDownClass): 200 GET http://10.180.1.21/compute/v2.1/servers/02606008-c5e6-4e8e-9249-071a06041be7 0.111s
2025-11-23 02:32:51.690 66277 INFO tempest.lib.common.rest_client [req-baa1e771-72fd-4c65-ba90-82ddd1d82418 req-baa1e771-72fd-4c65-ba90-82ddd1d82418 ] Request (ServerShowV247Test:tearDownClass): 200 GET http://10.180.1.21/compute/v2.1/servers/ce52bfd8-189b-4781-ba5b-fc60b5031aac 0.082s
2025-11-23 02:32:51.733 66273 INFO tempest.lib.common.rest_client [req-62d5ec21-a0c1-4b22-b717-ae66fe20957a req-62d5ec21-a0c1-4b22-b717-ae66fe20957a ] Request (DeleteServersAdminTestJSON:test_admin_delete_servers_of_others): 200 GET http://10.180.1.21/compute/v2.1/servers/f2b3d5af-2828-4a91-a9e4-f0aabaa137e3 0.087s
2025-11-23 02:32:51.754 66305 INFO tempest.lib.common.rest_client [req-901d72dd-4b66-4789-b2cc-55caf32c6f95 req-901d72dd-4b66-4789-b2cc-55caf32c6f95 ] Request (MultipleCreateTestJSON:test_multiple_create_with_reservation_return): 200 GET http://10.180.1.21/compute/v2.1/servers/0ecf65cb-f96c-4727-bc6a-d745d073f8d2 0.052s
2025-11-23 02:32:51.808 66275 INFO tempest.lib.common.rest_client [req-c22d173b-d9a1-4ef0-bd01-09b2b19ac0b0 req-c22d173b-d9a1-4ef0-bd01-09b2b19ac0b0 ] Request (ServersNegativeTestJSON:setUpClass): 200 GET http://10.180.1.21/compute/v2.1/servers/52e75acd-27b4-4dc3-a3c1-c8b8dd1ac36a 0.055s
2025-11-23 02:32:51.854 66315 INFO tempest.lib.common.rest_client [req-85afdb2c-78b5-4efe-8a7b-60d6e5855050 req-85afdb2c-78b5-4efe-8a7b-60d6e5855050 ] Request (ServerRescueNegativeTestJSON:test_rescued_vm_detach_volume): 200 GET http://10.180.1.21/compute/v2.1/servers/c0771b1c-6f43-4d9a-8a77-69e05643663f 0.091s
2025-11-23 02:32:51.857 66281 INFO tempest.lib.common.rest_client [req-81aeb21b-3279-4cb0-aa64-d95274bf313a req-81aeb21b-3279-4cb0-aa64-d95274bf313a ] Request (MigrationsAdminTest:test_list_migrations_in_flavor_resize_situation): 200 GET http://10.180.1.21/compute/v2.1/servers/4074eea6-87dd-4d44-aeeb-6645391a66a6 0.143s
2025-11-23 02:32:51.866 66281 INFO tempest.common.waiters [-] State transition "RESIZE/resize_prep" ==> "RESIZE/resize_migrating" after 42 second wait
2025-11-23 02:32:51.984 66321 INFO tempest.lib.common.rest_client [req-936f1698-1d2b-48b9-b7c3-2e086e6cc2c5 req-936f1698-1d2b-48b9-b7c3-2e086e6cc2c5 ] Request (InstanceActionsV221TestJSON:test_get_list_deleted_instance_actions): 200 GET http://10.180.1.21/compute/v2.1/servers/d4145611-a776-4ccb-b985-9836c29cfa0a 0.095s
2025-11-23 02:32:51.996 66309 INFO tempest.lib.common.rest_client [req-22922d0e-c006-4df3-9dd5-e11e3782a899 req-22922d0e-c006-4df3-9dd5-e11e3782a899 ] Request (InstanceActionsTestJSON:tearDownClass): 200 GET http://10.180.1.21/compute/v2.1/servers/38a37ae2-bdd2-4eda-a6d1-b4ecf433f554 0.056s
2025-11-23 02:32:52.004 66309 INFO tempest.common.waiters [-] State transition "ACTIVE/deleting" ==> "DELETED/None" after 5 second wait
2025-11-23 02:32:52.062 66269 INFO tempest.lib.common.rest_client [req-97a5cdf4-65a3-42ea-a0a7-0937b247400b req-97a5cdf4-65a3-42ea-a0a7-0937b247400b ] Request (ListServerFiltersTestJSON:tearDownClass): 200 GET http://10.180.1.21/compute/v2.1/servers/9e8c6014-c496-4086-a84c-25ac0460c7d7 0.063s
2025-11-23 02:32:52.140 66319 INFO tempest.lib.common.rest_client [req-da395748-8cb8-473e-ab02-3400dbf8ed71 req-da395748-8cb8-473e-ab02-3400dbf8ed71 ] Request (ServerMetadataTestJSON:tearDownClass): 200 GET http://10.180.1.21/compute/v2.1/servers/d63392a7-912e-4222-89f2-d68cad5295b3 0.057s
2025-11-23 02:32:52.181 66311 INFO tempest.lib.common.rest_client [req-75a82f2c-6061-40a5-9d9f-37de6f57d85a req-75a82f2c-6061-40a5-9d9f-37de6f57d85a ] Request (ImagesOneServerNegativeTestJSON:_run_cleanups): 200 GET http://10.180.1.21/compute/v2.1/servers/348b7c06-1185-49a2-9669-9e9883363ab0 0.049s
2025-11-23 02:32:52.221 66325 INFO tempest.lib.common.rest_client [req-5b8a9cf3-c3e6-40c2-b9db-266fb8ea7f39 req-5b8a9cf3-c3e6-40c2-b9db-266fb8ea7f39 ] Request (ServerAddressesTestJSON:setUpClass): 200 GET http://10.180.1.21/compute/v2.1/servers/7467af98-aaa8-4e40-9055-09d166cf08e9 0.053s
2025-11-23 02:32:52.257 66303 INFO tempest.lib.common.rest_client [req-e07e5eb5-bd26-4183-afdb-5dd0e1bc95ac req-e07e5eb5-bd26-4183-afdb-5dd0e1bc95ac ] Request (ServerActionsV293TestJSON:setUpClass): 200 GET http://10.180.1.21/compute/v2.1/servers/96bd9040-0414-4c8e-8852-6d88ed438e28 0.073s
2025-11-23 02:32:52.295 66327 INFO tempest.lib.common.rest_client [req-8e3d5974-42e7-4159-bb23-6b5a4b243a49 req-8e3d5974-42e7-4159-bb23-6b5a4b243a49 ] Request (ServersTestJSON:test_create_server_with_ipv6_addr_only): 200 GET http://10.180.1.21/compute/v2.1/servers/4311b3e0-e32e-4ed8-ada5-70332a144ae2 0.075s
2025-11-23 02:32:52.375 66317 INFO tempest.lib.common.rest_client [req-1a4d5ea9-150d-47a0-9f73-836fe0ef767f req-1a4d5ea9-150d-47a0-9f73-836fe0ef767f ] Request (ImagesTestJSON:test_create_server_from_snapshot): 200 GET http://10.180.1.21/compute/v2.1/servers/ed1a7e14-faf5-4023-8654-d91dfd790abd 0.054s
2025-11-23 02:32:52.394 66287 INFO tempest.lib.common.rest_client [req-609311e7-e606-46d3-99b8-c28180f19dfc req-609311e7-e606-46d3-99b8-c28180f19dfc ] Request (ServersAdminNegativeTestJSON:tearDownClass): 200 GET http://10.180.1.21/compute/v2.1/servers/cdd5e911-df6c-49ae-9908-cc947b5abc5d 0.091s
2025-11-23 02:32:52.464 66293 INFO tempest.lib.common.rest_client [req-b709b301-2d47-4299-ae47-955c359bb7ac req-b709b301-2d47-4299-ae47-955c359bb7ac ] Request (ServersAdminTestJSON:test_inject_network_info): 200 GET http://10.180.1.21/compute/v2.1/servers/387f62a8-a753-4465-a5cc-38423951f89a 0.055s
2025-11-23 02:32:52.531 66298 INFO tempest.lib.common.rest_client [req-3f7f62e5-0000-4aba-ab75-7ef2ecb0069d req-3f7f62e5-0000-4aba-ab75-7ef2ecb0069d ] Request (VolumesAssistedSnapshotsTest:tearDownClass): 200 GET http://10.180.1.21/compute/v2.1/servers/bc63a698-14d4-43c3-b8cf-7d12a2c96dd4 0.058s
2025-11-23 02:32:52.585 66324 INFO tempest.lib.common.rest_client [req-4bc494a4-c4b9-4eaa-b50a-6f6f6ece119f req-4bc494a4-c4b9-4eaa-b50a-6f6f6ece119f ] Request (ServersTestJSON:setUpClass): 200 GET http://10.180.1.21/compute/v2.1/servers/f157c5b8-6b38-4254-b622-67c89535cb5d 0.063s
2025-11-23 02:32:52.604 66299 INFO tempest.lib.common.rest_client [req-53944e58-4797-4694-8555-be4bf0f3e5d2 req-53944e58-4797-4694-8555-be4bf0f3e5d2 ] Request (FloatingIPsAssociationTestJSON:tearDownClass): 200 GET http://10.180.1.21/compute/v2.1/servers/a43f081b-8e85-4b8b-b880-7db2e0f9d802 0.139s
2025-11-23 02:32:52.649 66291 INFO tempest.lib.common.rest_client [req-cad97893-946b-414a-9a05-b571fafed5ac req-cad97893-946b-414a-9a05-b571fafed5ac ] Request (ServerTagsTestJSON:setUpClass): 200 GET http://10.180.1.21/compute/v2.1/servers/16a40b00-60eb-41ed-aa5d-de7a34018408 0.070s
2025-11-23 02:32:52.706 66265 INFO tempest.lib.common.rest_client [req-926bff78-65e7-473a-aa5b-a7a6f494a34d req-926bff78-65e7-473a-aa5b-a7a6f494a34d ] Request (SecurityGroupsTestJSON:test_list_security_groups_by_server): 200 GET http://10.180.1.21/compute/v2.1/servers/a4266d21-78af-452f-b273-413bd46ae3fa 0.102s
2025-11-23 02:32:52.709 66283 INFO tempest.lib.common.rest_client [req-bf8ddb7b-cc89-45b2-a2d6-0e9222bc1dbb req-bf8ddb7b-cc89-45b2-a2d6-0e9222bc1dbb ] Request (ServersWithSpecificFlavorTestJSON:test_verify_created_server_ephemeral_disk): 200 GET http://10.180.1.21/compute/v2.1/servers/926f97a5-060c-47a3-944c-b0eb4d6634f4 0.072s
2025-11-23 02:32:52.770 66279 INFO tempest.lib.common.rest_client [req-0f881f83-43e3-4e5b-992c-1aaec8977dfe req-0f881f83-43e3-4e5b-992c-1aaec8977dfe ] Request (ListImageFiltersTestJSON:tearDownClass): 200 GET http://10.180.1.21/compute/v2.1/servers/02606008-c5e6-4e8e-9249-071a06041be7 0.094s
2025-11-23 02:32:52.770 66277 INFO tempest.lib.common.rest_client [req-562176fd-cf7d-4d19-b7be-840a744ded89 req-562176fd-cf7d-4d19-b7be-840a744ded89 ] Request (ServerShowV247Test:tearDownClass): 200 GET http://10.180.1.21/compute/v2.1/servers/ce52bfd8-189b-4781-ba5b-fc60b5031aac 0.071s
2025-11-23 02:32:52.826 66305 INFO tempest.lib.common.rest_client [req-7b2a2e25-28aa-4d08-a2cc-d851c0b86267 req-7b2a2e25-28aa-4d08-a2cc-d851c0b86267 ] Request (MultipleCreateTestJSON:test_multiple_create_with_reservation_return): 200 GET http://10.180.1.21/compute/v2.1/servers/0ecf65cb-f96c-4727-bc6a-d745d073f8d2 0.063s
2025-11-23 02:32:52.837 66273 INFO tempest.lib.common.rest_client [req-e5832d20-6a42-4f3c-bf1b-64f7df933b92 req-e5832d20-6a42-4f3c-bf1b-64f7df933b92 ] Request (DeleteServersAdminTestJSON:test_admin_delete_servers_of_others): 200 GET http://10.180.1.21/compute/v2.1/servers/f2b3d5af-2828-4a91-a9e4-f0aabaa137e3 0.096s
2025-11-23 02:32:52.883 66275 INFO tempest.lib.common.rest_client [req-2e5f75d0-0956-462a-b87b-e56f7dbe54ad req-2e5f75d0-0956-462a-b87b-e56f7dbe54ad ] Request (ServersNegativeTestJSON:setUpClass): 200 GET http://10.180.1.21/compute/v2.1/servers/52e75acd-27b4-4dc3-a3c1-c8b8dd1ac36a 0.067s
2025-11-23 02:32:52.918 66315 INFO tempest.lib.common.rest_client [req-2106735c-b584-4076-b66e-6f9a9ca860ea req-2106735c-b584-4076-b66e-6f9a9ca860ea ] Request (ServerRescueNegativeTestJSON:test_rescued_vm_detach_volume): 200 GET http://10.180.1.21/compute/v2.1/servers/c0771b1c-6f43-4d9a-8a77-69e05643663f 0.056s
2025-11-23 02:32:53.010 66281 INFO tempest.lib.common.rest_client [req-d82270b0-0ae1-43a9-8ac3-667aeb67f5ae req-d82270b0-0ae1-43a9-8ac3-667aeb67f5ae ] Request (MigrationsAdminTest:test_list_migrations_in_flavor_resize_situation): 200 GET http://10.180.1.21/compute/v2.1/servers/4074eea6-87dd-4d44-aeeb-6645391a66a6 0.143s
2025-11-23 02:32:53.073 66309 INFO tempest.lib.common.rest_client [req-aceea146-ca18-440f-9a08-dcdaa31a84c5 req-aceea146-ca18-440f-9a08-dcdaa31a84c5 ] Request (InstanceActionsTestJSON:tearDownClass): 200 GET http://10.180.1.21/compute/v2.1/servers/38a37ae2-bdd2-4eda-a6d1-b4ecf433f554 0.068s
2025-11-23 02:32:53.100 66321 INFO tempest.lib.common.rest_client [req-dd63f1b2-f223-4404-846b-851beefea2d1 req-dd63f1b2-f223-4404-846b-851beefea2d1 ] Request (InstanceActionsV221TestJSON:test_get_list_deleted_instance_actions): 200 GET http://10.180.1.21/compute/v2.1/servers/d4145611-a776-4ccb-b985-9836c29cfa0a 0.108s
2025-11-23 02:32:53.109 66321 INFO tempest.common.waiters [-] State transition "BUILD/spawning" ==> "ACTIVE/None" after 52 second wait
2025-11-23 02:32:53.134 66269 INFO tempest.lib.common.rest_client [req-73dcb0d5-1784-4164-a79c-5fc3e650fd81 req-73dcb0d5-1784-4164-a79c-5fc3e650fd81 ] Request (ListServerFiltersTestJSON:tearDownClass): 200 GET http://10.180.1.21/compute/v2.1/servers/9e8c6014-c496-4086-a84c-25ac0460c7d7 0.063s
2025-11-23 02:32:53.193 66321 INFO tempest.lib.common.rest_client [req-5be6696f-888f-4b80-84a7-1ec9371565b4 req-5be6696f-888f-4b80-84a7-1ec9371565b4 ] Request (InstanceActionsV221TestJSON:test_get_list_deleted_instance_actions): 204 DELETE http://10.180.1.21/compute/v2.1/servers/d4145611-a776-4ccb-b985-9836c29cfa0a 0.083s
2025-11-23 02:32:53.207 66319 INFO tempest.lib.common.rest_client [req-f37e2ed7-67d0-4324-a745-0c97fb6c6008 req-f37e2ed7-67d0-4324-a745-0c97fb6c6008 ] Request (ServerMetadataTestJSON:tearDownClass): 200 GET http://10.180.1.21/compute/v2.1/servers/d63392a7-912e-4222-89f2-d68cad5295b3 0.059s
2025-11-23 02:32:53.260 66311 INFO tempest.lib.common.rest_client [req-a151644e-4b0d-4dfb-bccd-d2a5d7d980da req-a151644e-4b0d-4dfb-bccd-d2a5d7d980da ] Request (ImagesOneServerNegativeTestJSON:_run_cleanups): 200 GET http://10.180.1.21/compute/v2.1/servers/348b7c06-1185-49a2-9669-9e9883363ab0 0.071s
2025-11-23 02:32:53.321 66325 INFO tempest.lib.common.rest_client [req-698b9872-e518-43c5-8a01-cb57e897c64f req-698b9872-e518-43c5-8a01-cb57e897c64f ] Request (ServerAddressesTestJSON:setUpClass): 200 GET http://10.180.1.21/compute/v2.1/servers/7467af98-aaa8-4e40-9055-09d166cf08e9 0.091s
2025-11-23 02:32:53.330 66321 INFO tempest.lib.common.rest_client [req-ac516ff1-54de-4d03-a1ee-c91b3ea6f811 req-ac516ff1-54de-4d03-a1ee-c91b3ea6f811 ] Request (InstanceActionsV221TestJSON:test_get_list_deleted_instance_actions): 200 GET http://10.180.1.21/compute/v2.1/servers/d4145611-a776-4ccb-b985-9836c29cfa0a 0.136s
2025-11-23 02:32:53.376 66303 INFO tempest.lib.common.rest_client [req-5b676dc6-715d-4e79-96ad-3c5d6f637bc5 req-5b676dc6-715d-4e79-96ad-3c5d6f637bc5 ] Request (ServerActionsV293TestJSON:setUpClass): 200 GET http://10.180.1.21/compute/v2.1/servers/96bd9040-0414-4c8e-8852-6d88ed438e28 0.108s
2025-11-23 02:32:53.385 66327 INFO tempest.lib.common.rest_client [req-8e67bef8-30e3-4c9d-96cd-860b5d9aad17 req-8e67bef8-30e3-4c9d-96cd-860b5d9aad17 ] Request (ServersTestJSON:test_create_server_with_ipv6_addr_only): 200 GET http://10.180.1.21/compute/v2.1/servers/4311b3e0-e32e-4ed8-ada5-70332a144ae2 0.078s
2025-11-23 02:32:53.437 66317 INFO tempest.lib.common.rest_client [req-5f104f52-e62f-4ffb-96a7-537ad7ea78e1 req-5f104f52-e62f-4ffb-96a7-537ad7ea78e1 ] Request (ImagesTestJSON:test_create_server_from_snapshot): 200 GET http://10.180.1.21/compute/v2.1/servers/ed1a7e14-faf5-4023-8654-d91dfd790abd 0.055s
2025-11-23 02:32:53.482 66287 INFO tempest.lib.common.rest_client [req-645706b1-eaa8-4e78-965c-f632f38bdec9 req-645706b1-eaa8-4e78-965c-f632f38bdec9 ] Request (ServersAdminNegativeTestJSON:tearDownClass): 200 GET http://10.180.1.21/compute/v2.1/servers/cdd5e911-df6c-49ae-9908-cc947b5abc5d 0.080s
2025-11-23 02:32:53.793 66293 INFO tempest.lib.common.rest_client [req-5560a3e5-7440-4d4b-a71f-e235796db664 req-5560a3e5-7440-4d4b-a71f-e235796db664 ] Request (ServersAdminTestJSON:test_inject_network_info): 200 GET http://10.180.1.21/compute/v2.1/servers/387f62a8-a753-4465-a5cc-38423951f89a 0.321s
2025-11-23 02:32:53.804 66298 INFO tempest.lib.common.rest_client [req-6bd090dd-4686-4c70-906c-6098ff1edc9e req-6bd090dd-4686-4c70-906c-6098ff1edc9e ] Request (VolumesAssistedSnapshotsTest:tearDownClass): 200 GET http://10.180.1.21/compute/v2.1/servers/bc63a698-14d4-43c3-b8cf-7d12a2c96dd4 0.264s
2025-11-23 02:32:53.873 66324 INFO tempest.lib.common.rest_client [req-be29e2a0-7710-40e7-8d16-b875dd185ed5 req-be29e2a0-7710-40e7-8d16-b875dd185ed5 ] Request (ServersTestJSON:setUpClass): 200 GET http://10.180.1.21/compute/v2.1/servers/f157c5b8-6b38-4254-b622-67c89535cb5d 0.280s
2025-11-23 02:32:53.894 66299 INFO tempest.lib.common.rest_client [req-23e411cd-d642-4aa9-a4ac-085b8c29459a req-23e411cd-d642-4aa9-a4ac-085b8c29459a ] Request (FloatingIPsAssociationTestJSON:tearDownClass): 200 GET http://10.180.1.21/compute/v2.1/servers/a43f081b-8e85-4b8b-b880-7db2e0f9d802 0.281s
2025-11-23 02:32:53.933 66291 INFO tempest.lib.common.rest_client [req-a34b4f09-618b-456e-930f-3f29712cff3c req-a34b4f09-618b-456e-930f-3f29712cff3c ] Request (ServerTagsTestJSON:setUpClass): 200 GET http://10.180.1.21/compute/v2.1/servers/16a40b00-60eb-41ed-aa5d-de7a34018408 0.274s
2025-11-23 02:32:53.942 66291 INFO tempest.common.waiters [-] State transition "BUILD/None" ==> "BUILD/block_device_mapping" after 48 second wait
2025-11-23 02:32:54.018 66283 INFO tempest.lib.common.rest_client [req-4d7c8c3f-2dcc-44e1-8d63-f598d9e3e7ae req-4d7c8c3f-2dcc-44e1-8d63-f598d9e3e7ae ] Request (ServersWithSpecificFlavorTestJSON:test_verify_created_server_ephemeral_disk): 200 GET http://10.180.1.21/compute/v2.1/servers/926f97a5-060c-47a3-944c-b0eb4d6634f4 0.299s
2025-11-23 02:32:54.048 66265 INFO tempest.lib.common.rest_client [req-e9572b70-dd80-459c-a2cc-93882b71b92a req-e9572b70-dd80-459c-a2cc-93882b71b92a ] Request (SecurityGroupsTestJSON:test_list_security_groups_by_server): 200 GET http://10.180.1.21/compute/v2.1/servers/a4266d21-78af-452f-b273-413bd46ae3fa 0.334s
2025-11-23 02:32:54.101 66279 INFO tempest.lib.common.rest_client [req-5e4309a8-e9aa-41a3-a5bc-0ad2e1783065 req-5e4309a8-e9aa-41a3-a5bc-0ad2e1783065 ] Request (ListImageFiltersTestJSON:tearDownClass): 200 GET http://10.180.1.21/compute/v2.1/servers/02606008-c5e6-4e8e-9249-071a06041be7 0.324s
2025-11-23 02:32:54.113 66277 INFO tempest.lib.common.rest_client [req-bc3f2498-6306-4546-b855-6be11380ef80 req-bc3f2498-6306-4546-b855-6be11380ef80 ] Request (ServerShowV247Test:tearDownClass): 200 GET http://10.180.1.21/compute/v2.1/servers/ce52bfd8-189b-4781-ba5b-fc60b5031aac 0.327s
2025-11-23 02:32:54.151 66305 INFO tempest.lib.common.rest_client [req-b3e8a0cf-bfb8-43f0-8bfe-22ab2952e6c0 req-b3e8a0cf-bfb8-43f0-8bfe-22ab2952e6c0 ] Request (MultipleCreateTestJSON:test_multiple_create_with_reservation_return): 200 GET http://10.180.1.21/compute/v2.1/servers/0ecf65cb-f96c-4727-bc6a-d745d073f8d2 0.315s
2025-11-23 02:32:54.167 66273 INFO tempest.lib.common.rest_client [req-749d514d-1e3a-4b29-8293-876cd0fbcc02 req-749d514d-1e3a-4b29-8293-876cd0fbcc02 ] Request (DeleteServersAdminTestJSON:test_admin_delete_servers_of_others): 200 GET http://10.180.1.21/compute/v2.1/servers/f2b3d5af-2828-4a91-a9e4-f0aabaa137e3 0.320s
2025-11-23 02:32:54.203 66275 INFO tempest.lib.common.rest_client [req-7bfb0f62-abf1-4c79-905d-77bd2cad2bac req-7bfb0f62-abf1-4c79-905d-77bd2cad2bac ] Request (ServersNegativeTestJSON:setUpClass): 200 GET http://10.180.1.21/compute/v2.1/servers/52e75acd-27b4-4dc3-a3c1-c8b8dd1ac36a 0.313s
2025-11-23 02:32:54.239 66315 INFO tempest.lib.common.rest_client [req-bfd9d6d3-78c8-44b0-8636-0418f5bfc384 req-bfd9d6d3-78c8-44b0-8636-0418f5bfc384 ] Request (ServerRescueNegativeTestJSON:test_rescued_vm_detach_volume): 200 GET http://10.180.1.21/compute/v2.1/servers/c0771b1c-6f43-4d9a-8a77-69e05643663f 0.312s
2025-11-23 02:32:54.326 66309 INFO tempest.lib.common.rest_client [req-073d73ad-c3e1-4d15-aa6b-c66773b8d184 req-073d73ad-c3e1-4d15-aa6b-c66773b8d184 ] Request (InstanceActionsTestJSON:tearDownClass): 200 GET http://10.180.1.21/compute/v2.1/servers/38a37ae2-bdd2-4eda-a6d1-b4ecf433f554 0.241s
2025-11-23 02:32:54.368 66281 INFO tempest.lib.common.rest_client [req-345d9cbf-4595-4461-8b2e-d12cec083955 req-345d9cbf-4595-4461-8b2e-d12cec083955 ] Request (MigrationsAdminTest:test_list_migrations_in_flavor_resize_situation): 200 GET http://10.180.1.21/compute/v2.1/servers/4074eea6-87dd-4d44-aeeb-6645391a66a6 0.349s
2025-11-23 02:32:54.419 66269 INFO tempest.lib.common.rest_client [req-3072d7ca-1a15-46e5-8c97-c1bc1756ddd8 req-3072d7ca-1a15-46e5-8c97-c1bc1756ddd8 ] Request (ListServerFiltersTestJSON:tearDownClass): 200 GET http://10.180.1.21/compute/v2.1/servers/9e8c6014-c496-4086-a84c-25ac0460c7d7 0.277s
2025-11-23 02:32:54.445 66319 INFO tempest.lib.common.rest_client [req-e2bf336d-ff74-4718-b4d8-dfb4d423c0df req-e2bf336d-ff74-4718-b4d8-dfb4d423c0df ] Request (ServerMetadataTestJSON:tearDownClass): 200 GET http://10.180.1.21/compute/v2.1/servers/d63392a7-912e-4222-89f2-d68cad5295b3 0.227s
2025-11-23 02:32:54.487 66311 INFO tempest.lib.common.rest_client [req-c294698d-dd14-4eeb-9306-bde8bae4db4c req-c294698d-dd14-4eeb-9306-bde8bae4db4c ] Request (ImagesOneServerNegativeTestJSON:_run_cleanups): 200 GET http://10.180.1.21/compute/v2.1/servers/348b7c06-1185-49a2-9669-9e9883363ab0 0.218s
2025-11-23 02:32:54.619 66321 INFO tempest.lib.common.rest_client [req-a4aecb66-d147-4646-8012-179ef1cd5fef req-a4aecb66-d147-4646-8012-179ef1cd5fef ] Request (InstanceActionsV221TestJSON:test_get_list_deleted_instance_actions): 200 GET http://10.180.1.21/compute/v2.1/servers/d4145611-a776-4ccb-b985-9836c29cfa0a 0.279s
2025-11-23 02:32:54.693 66303 INFO tempest.lib.common.rest_client [req-6e05dd62-3c2b-4829-9bfc-c5a41e59d15f req-6e05dd62-3c2b-4829-9bfc-c5a41e59d15f ] Request (ServerActionsV293TestJSON:setUpClass): 200 GET http://10.180.1.21/compute/v2.1/servers/96bd9040-0414-4c8e-8852-6d88ed438e28 0.307s
2025-11-23 02:32:54.752 66327 INFO tempest.lib.common.rest_client [req-4bd843ab-f36d-438e-af76-f90fc518520b req-4bd843ab-f36d-438e-af76-f90fc518520b ] Request (ServersTestJSON:test_create_server_with_ipv6_addr_only): 200 GET http://10.180.1.21/compute/v2.1/servers/4311b3e0-e32e-4ed8-ada5-70332a144ae2 0.358s
2025-11-23 02:32:54.776 66325 INFO tempest.lib.common.rest_client [req-1f766fb7-ff30-4fb5-b561-07d559aa0c1a req-1f766fb7-ff30-4fb5-b561-07d559aa0c1a ] Request (ServerAddressesTestJSON:setUpClass): 200 GET http://10.180.1.21/compute/v2.1/servers/7467af98-aaa8-4e40-9055-09d166cf08e9 0.446s
2025-11-23 02:32:54.801 66317 INFO tempest.lib.common.rest_client [req-08f75cd8-5e94-4478-9efd-e5f2a7e360e3 req-08f75cd8-5e94-4478-9efd-e5f2a7e360e3 ] Request (ImagesTestJSON:test_create_server_from_snapshot): 200 GET http://10.180.1.21/compute/v2.1/servers/ed1a7e14-faf5-4023-8654-d91dfd790abd 0.355s
2025-11-23 02:32:54.836 66287 INFO tempest.lib.common.rest_client [req-7b588206-6322-499f-9042-538671fcd58e req-7b588206-6322-499f-9042-538671fcd58e ] Request (ServersAdminNegativeTestJSON:tearDownClass): 200 GET http://10.180.1.21/compute/v2.1/servers/cdd5e911-df6c-49ae-9908-cc947b5abc5d 0.344s
