2025-11-23 02:30:49.760 66305 INFO tempest.lib.common.rest_client [req-5d0bccd8-93d5-4736-9570-87df2e4e97b0 req-5d0bccd8-93d5-4736-9570-87df2e4e97b0 ] Request (MultipleCreateTestJSON:setUpClass): 201 POST http://10.180.1.21/identity/v3/users 0.068s
2025-11-23 02:30:49.803 66307 INFO tempest.lib.common.rest_client [req-ed8a0ec9-72b7-497b-a212-ab4bd18d831d req-ed8a0ec9-72b7-497b-a212-ab4bd18d831d ] Request (HypervisorAdminNegativeUnderV252Test:tearDownClass): 204 DELETE http://10.180.1.21/identity/v3/projects/17659bc71e524ab2b40e2bf94e7d4900 0.115s
2025-11-23 02:30:49.803 66307 INFO tempest.lib.common.dynamic_creds [-] Deleting project and security group for project: db5848387289435ea729986c0312d754
2025-11-23 02:30:49.855 66305 INFO tempest.lib.common.rest_client [req-7d8434a8-abcd-420c-abae-c5996124fe79 req-7d8434a8-abcd-420c-abae-c5996124fe79 ] Request (MultipleCreateTestJSON:setUpClass): 200 GET http://10.180.1.21/identity/v3/roles 0.094s
2025-11-23 02:30:49.886 66305 INFO tempest.lib.common.rest_client [req-a215cd94-b0dd-4b03-9ffa-7e08d1b4991c req-a215cd94-b0dd-4b03-9ffa-7e08d1b4991c ] Request (MultipleCreateTestJSON:setUpClass): 204 PUT http://10.180.1.21/identity/v3/projects/712c6221f10341ccba8e6d8f7c923cce/users/b8d02f664b6d45628f429ae1b106255b/roles/3bcbe2d7d8d64e769ddba4e6b4b2728d 0.030s
2025-11-23 02:30:49.886 66305 INFO tempest.lib.common.dynamic_creds [-] Dynamic test user b8d02f664b6d45628f429ae1b106255b is created with scope project and roles: ['member']
2025-11-23 02:30:49.887 66305 INFO tempest.lib.common.dynamic_creds [-] Acquired dynamic creds: credentials: Credentials: {'domain_id': 'default', 'domain_name': 'Default', 'username': 'tempest-MultipleCreateTestJSON-783540863-project-member', 'project_domain_id': 'default', 'project_domain_name': 'Default', 'project_id': '712c6221f10341ccba8e6d8f7c923cce', 'project_name': 'tempest-MultipleCreateTestJSON-783540863', 'tenant_id': '712c6221f10341ccba8e6d8f7c923cce', 'tenant_name': 'tempest-MultipleCreateTestJSON-783540863', 'user_domain_id': 'default', 'user_domain_name': 'Default', 'user_id': 'b8d02f664b6d45628f429ae1b106255b', 'system': None}, Network: None, Subnet: None, Router: None
2025-11-23 02:30:49.889 66277 INFO tempest.lib.common.rest_client [req-d4ed6ba5-cf67-4f94-941b-3e55480cc37f req-d4ed6ba5-cf67-4f94-941b-3e55480cc37f ] Request (AttachInterfacesV270Test:tearDownClass): 204 DELETE http://10.180.1.21/networking/v2.0/networks/6938e576-c835-48b4-9d97-ab8cb7644dfa 0.385s
2025-11-23 02:30:49.949 66305 INFO tempest.lib.common.rest_client [req-d5ecb54a-1862-4d84-bced-09dc6a0efbe1 req-d5ecb54a-1862-4d84-bced-09dc6a0efbe1 ] Request (MultipleCreateTestJSON:setUpClass): 201 POST http://10.180.1.21/identity/v3/auth/tokens 0.062s
2025-11-23 02:30:49.966 66281 INFO tempest.lib.common.rest_client [req-d62652f5-7675-4cd9-bae0-90eecc82f6c9 req-d62652f5-7675-4cd9-bae0-90eecc82f6c9 ] Request (HypervisorAdminNegativeTestJSON:tearDownClass): 200 GET http://10.180.1.21/networking/v2.0/security-groups?tenant_id=3fa798c6e7734849b65e13b1577fbbfc&name=default 0.410s
2025-11-23 02:30:50.011 66285 INFO tempest.lib.common.rest_client [req-a91fcf98-5985-41c9-ace1-0be41eb217a9 req-a91fcf98-5985-41c9-ace1-0be41eb217a9 ] Request (ServersTestFqdnHostnames:test_create_server_with_fqdn_name): 201 POST http://10.180.1.21/networking/v2.0/security-group-rules 0.417s
2025-11-23 02:30:50.023 66277 INFO tempest.lib.common.rest_client [req-1f818f1c-8921-49ed-a7c7-e93e422fa119 req-1f818f1c-8921-49ed-a7c7-e93e422fa119 ] Request (AttachInterfacesV270Test:tearDownClass): 204 DELETE http://10.180.1.21/identity/v3/users/0dcf66dc7db7417cba46f9691d07939e 0.132s
2025-11-23 02:30:50.023 66277 INFO tempest.lib.common.dynamic_creds [-] Deleting project and security group for project: 1943be9014d54d769928d4901c122e71
2025-11-23 02:30:50.133 66307 INFO tempest.lib.common.rest_client [req-90a9edae-f62f-48a7-a879-3b379b51a646 req-90a9edae-f62f-48a7-a879-3b379b51a646 ] Request (HypervisorAdminNegativeUnderV252Test:tearDownClass): 200 GET http://10.180.1.21/networking/v2.0/security-groups?tenant_id=db5848387289435ea729986c0312d754&name=default 0.329s
2025-11-23 02:30:50.265 66281 INFO tempest.lib.common.rest_client [req-6003b787-b6ef-4faa-b75c-e46c95fda38a req-6003b787-b6ef-4faa-b75c-e46c95fda38a ] Request (HypervisorAdminNegativeTestJSON:tearDownClass): 204 DELETE http://10.180.1.21/networking/v2.0/security-groups/c39e4133-02d5-4972-9d21-c9eced3f8864 0.299s
2025-11-23 02:30:50.341 66281 INFO tempest.lib.common.rest_client [req-0fbf4b4b-0e58-4ed2-b45f-78ee407340a2 req-0fbf4b4b-0e58-4ed2-b45f-78ee407340a2 ] Request (HypervisorAdminNegativeTestJSON:tearDownClass): 204 DELETE http://10.180.1.21/identity/v3/projects/3fa798c6e7734849b65e13b1577fbbfc 0.075s
2025-11-23 02:30:50.341 66281 INFO tempest.lib.common.dynamic_creds [-] Deleting project and security group for project: 2e79a1e3db3947afbdb86b38f245b011
2025-11-23 02:30:50.425 66285 INFO tempest.lib.common.rest_client [req-95c37f40-9f92-490f-a7d5-9c2a65d463d4 req-95c37f40-9f92-490f-a7d5-9c2a65d463d4 ] Request (ServersTestFqdnHostnames:test_create_server_with_fqdn_name): 201 POST http://10.180.1.21/networking/v2.0/security-group-rules 0.413s
2025-11-23 02:30:50.450 66305 INFO tempest.lib.common.rest_client [req-8f34e9dd-90c1-47c4-a0f2-e3ddc0b9ac58 req-8f34e9dd-90c1-47c4-a0f2-e3ddc0b9ac58 ] Request (MultipleCreateTestJSON:setUpClass): 201 POST http://10.180.1.21/networking/v2.0/networks 0.501s
2025-11-23 02:30:50.452 66277 INFO tempest.lib.common.rest_client [req-5925c172-5615-4795-8b2c-b03c4893d47f req-5925c172-5615-4795-8b2c-b03c4893d47f ] Request (AttachInterfacesV270Test:tearDownClass): 200 GET http://10.180.1.21/networking/v2.0/security-groups?tenant_id=1943be9014d54d769928d4901c122e71&name=default 0.429s
2025-11-23 02:30:50.551 66307 INFO tempest.lib.common.rest_client [req-5817860a-0261-429f-ba9b-58af70ad960a req-5817860a-0261-429f-ba9b-58af70ad960a ] Request (HypervisorAdminNegativeUnderV252Test:tearDownClass): 204 DELETE http://10.180.1.21/networking/v2.0/security-groups/687d5539-9074-4e16-935e-0cbd62ef9efa 0.417s
2025-11-23 02:30:50.626 66281 INFO tempest.lib.common.rest_client [req-6565d314-cd62-4e53-8515-3e624db218cc req-6565d314-cd62-4e53-8515-3e624db218cc ] Request (HypervisorAdminNegativeTestJSON:tearDownClass): 200 GET http://10.180.1.21/networking/v2.0/security-groups?tenant_id=2e79a1e3db3947afbdb86b38f245b011&name=default 0.285s
2025-11-23 02:30:50.637 66303 WARNING tempest.lib.common.ssh [-] Failed to establish authenticated ssh connection to cirros@10.180.180.168 ([Errno None] Unable to connect to port 22 on 10.180.180.168). Number attempts: 4. Retry after 5 seconds.: paramiko.ssh_exception.NoValidConnectionsError: [Errno None] Unable to connect to port 22 on 10.180.180.168
2025-11-23 02:30:50.704 66307 INFO tempest.lib.common.rest_client [req-1719a2bf-b034-4c2d-8d76-efefe837542c req-1719a2bf-b034-4c2d-8d76-efefe837542c ] Request (HypervisorAdminNegativeUnderV252Test:tearDownClass): 204 DELETE http://10.180.1.21/identity/v3/projects/db5848387289435ea729986c0312d754 0.153s
2025-11-23 02:30:50.771 66307 INFO tempest.lib.common.rest_client [req-94e98fd6-aae3-4aad-8bc6-cb327b16ad0e req-94e98fd6-aae3-4aad-8bc6-cb327b16ad0e ] Request (AttachInterfacesTestJSON:setUpClass): 201 POST http://10.180.1.21/identity/v3/auth/tokens 0.065s
2025-11-23 02:30:50.805 66305 INFO tempest.lib.common.rest_client [req-82517899-0e23-49f2-8c1d-330b61d8b8dc req-82517899-0e23-49f2-8c1d-330b61d8b8dc ] Request (MultipleCreateTestJSON:setUpClass): 201 POST http://10.180.1.21/networking/v2.0/subnets 0.353s
2025-11-23 02:30:50.815 66307 INFO tempest.lib.common.rest_client [req-7d0e76f9-bd79-4595-b260-a5b2211fdd4f req-7d0e76f9-bd79-4595-b260-a5b2211fdd4f ] Request (AttachInterfacesTestJSON:setUpClass): 201 POST http://10.180.1.21/identity/v3/auth/tokens 0.038s
2025-11-23 02:30:50.842 66307 INFO tempest.lib.common.rest_client [req-12913b17-3536-4baa-871e-fe648bb8b66a req-12913b17-3536-4baa-871e-fe648bb8b66a ] Request (AttachInterfacesTestJSON:setUpClass): 200 GET http://10.180.1.21/identity/v3/domains?name=Default 0.027s
2025-11-23 02:30:50.879 66307 INFO tempest.lib.common.rest_client [req-82907505-8b56-44a8-8632-fc7087f0c134 req-82907505-8b56-44a8-8632-fc7087f0c134 ] Request (AttachInterfacesTestJSON:setUpClass): 201 POST http://10.180.1.21/identity/v3/projects 0.036s
2025-11-23 02:30:50.890 66277 INFO tempest.lib.common.rest_client [req-76e499e1-c635-408e-ae5b-5d5ba9552f42 req-76e499e1-c635-408e-ae5b-5d5ba9552f42 ] Request (AttachInterfacesV270Test:tearDownClass): 204 DELETE http://10.180.1.21/networking/v2.0/security-groups/3d394350-9b64-4069-ac81-ee882e32df7d 0.437s
2025-11-23 02:30:50.961 66289 INFO tempest.lib.common.rest_client [req-748d8ce5-6cac-4a7e-a3ed-e3705e45c98a req-748d8ce5-6cac-4a7e-a3ed-e3705e45c98a ] Request (AbsoluteLimitsNegativeTestJSON:test_max_metadata_exceed_limit): 403 POST http://10.180.1.21/compute/v2.1/servers 4.673s
2025-11-23 02:30:50.994 66307 INFO tempest.lib.common.rest_client [req-47f36138-91d8-4414-8e41-bb8faa046033 req-47f36138-91d8-4414-8e41-bb8faa046033 ] Request (AttachInterfacesTestJSON:setUpClass): 201 POST http://10.180.1.21/identity/v3/users 0.114s
2025-11-23 02:30:51.080 66277 INFO tempest.lib.common.rest_client [req-b9a43ebd-3da7-4843-a01d-5391d20e7e77 req-b9a43ebd-3da7-4843-a01d-5391d20e7e77 ] Request (AttachInterfacesV270Test:tearDownClass): 204 DELETE http://10.180.1.21/identity/v3/projects/1943be9014d54d769928d4901c122e71 0.189s
2025-11-23 02:30:51.088 66285 INFO tempest.lib.common.rest_client [req-12907484-cf50-447c-a0ea-5fb82483cc22 req-12907484-cf50-447c-a0ea-5fb82483cc22 ] Request (ServersTestFqdnHostnames:test_create_server_with_fqdn_name): 201 POST http://10.180.1.21/networking/v2.0/floatingips 0.662s
2025-11-23 02:30:51.102 66289 INFO tempest.lib.common.rest_client [req-a2ac1ef1-ee06-48c9-a530-35e7e943e097 req-a2ac1ef1-ee06-48c9-a530-35e7e943e097 ] Request (AbsoluteLimitsNegativeTestJSON:tearDownClass): 204 DELETE http://10.180.1.21/identity/v3/users/656dc01d8e994a7baee57fe651e7a4df 0.133s
2025-11-23 02:30:51.102 66289 INFO tempest.lib.common.dynamic_creds [-] Deleting project and security group for project: f339c697e453465abc339a4c17a19fc1
2025-11-23 02:30:51.145 66315 INFO tempest.lib.common.rest_client [req-4dabdc84-76a5-475f-bd55-b9c3b2342b0f req-4dabdc84-76a5-475f-bd55-b9c3b2342b0f ] Request (ServerRescueNegativeTestJSON:setUpClass): 202 POST http://10.180.1.21/compute/v2.1/servers 6.227s
2025-11-23 02:30:51.154 66281 INFO tempest.lib.common.rest_client [req-c3f30ac7-1a48-4d3c-a142-0d39bc564956 req-c3f30ac7-1a48-4d3c-a142-0d39bc564956 ] Request (HypervisorAdminNegativeTestJSON:tearDownClass): 204 DELETE http://10.180.1.21/networking/v2.0/security-groups/5348f496-e6dc-4ed8-9358-c8d3a1936094 0.527s
2025-11-23 02:30:51.203 66277 INFO tempest.lib.common.rest_client [req-80244571-755a-4201-9a3a-9a3094c52659 req-80244571-755a-4201-9a3a-9a3094c52659 ] Request (ServerShowV247Test:setUpClass): 201 POST http://10.180.1.21/identity/v3/auth/tokens 0.119s
2025-11-23 02:30:51.208 66313 INFO tempest.lib.common.rest_client [req-21c4c1c8-f213-45d9-afaf-af7335ab03ba req-21c4c1c8-f213-45d9-afaf-af7335ab03ba ] Request (InstanceActionsNegativeTestJSON:tearDownClass): 200 GET http://10.180.1.21/compute/v2.1/servers/68fcd0c4-09d6-4f7f-9fca-7556421251e7 4.855s
2025-11-23 02:30:51.231 66324 INFO tempest.lib.common.rest_client [req-2b101818-e715-404f-943d-163aa895d644 req-2b101818-e715-404f-943d-163aa895d644 ] Request (FlavorsAdminTestJSON:_run_cleanups): 202 DELETE http://10.180.1.21/compute/v2.1/flavors/1810137709 4.748s
2025-11-23 02:30:51.244 66301 INFO tempest.lib.common.rest_client [req-1ae71f85-83d0-4254-a8b2-b45bda0952b9 req-1ae71f85-83d0-4254-a8b2-b45bda0952b9 ] Request (ImagesOneServerTestJSON:test_create_delete_image): 200 GET http://10.180.1.21/compute/v2.1/flavors/42 4.703s
2025-11-23 02:30:51.269 66307 INFO tempest.lib.common.rest_client [req-dd522664-d24e-4341-9ae0-60ef02df6209 req-dd522664-d24e-4341-9ae0-60ef02df6209 ] Request (AttachInterfacesTestJSON:setUpClass): 200 GET http://10.180.1.21/identity/v3/roles 0.273s
2025-11-23 02:30:51.278 66285 INFO tempest.lib.common.rest_client [req-9e2a7e56-08b3-43ac-9918-1787f4cff75e req-9e2a7e56-08b3-43ac-9918-1787f4cff75e ] Request (ServersTestFqdnHostnames:test_create_server_with_fqdn_name): 201 POST http://10.180.1.21/identity/v3/auth/tokens 0.184s
2025-11-23 02:30:51.278 66285 INFO tempest.lib.common.fixed_network [-] (ServersTestFqdnHostnames:test_create_server_with_fqdn_name) Found network {'id': '290054b9-997f-4e8d-aa15-34ed2a3a904a', 'name': 'tempest-ServersTestFqdnHostnames-1119404035-network', 'tenant_id': 'cb7e480e75e645d58dd983c7a14344c2', 'project_id': 'cb7e480e75e645d58dd983c7a14344c2', 'admin_state_up': True, 'mtu': 8950, 'status': 'ACTIVE', 'subnets': [], 'shared': False, 'port_security_enabled': True, 'router:external': False, 'provider:network_type': 'vlan', 'provider:physical_network': 'default', 'provider:segmentation_id': 570, 'availability_zone_hints': [], 'availability_zones': [], 'ipv4_address_scope': None, 'ipv6_address_scope': None, 'description': '', 'tags': [], 'created_at': '2025-11-23T02:30:40Z', 'updated_at': '2025-11-23T02:30:40Z', 'revision_number': 1} available for tenant
2025-11-23 02:30:51.308 66289 INFO tempest.lib.common.rest_client [req-afbffca0-7d3b-4804-ba12-5c467256d724 req-afbffca0-7d3b-4804-ba12-5c467256d724 ] Request (AbsoluteLimitsNegativeTestJSON:tearDownClass): 201 POST http://10.180.1.21/identity/v3/auth/tokens 0.205s
2025-11-23 02:30:51.367 66281 INFO tempest.lib.common.rest_client [req-4d7ecf5b-6167-4384-bcb4-4214e43ba93d req-4d7ecf5b-6167-4384-bcb4-4214e43ba93d ] Request (HypervisorAdminNegativeTestJSON:tearDownClass): 204 DELETE http://10.180.1.21/identity/v3/projects/2e79a1e3db3947afbdb86b38f245b011 0.212s
2025-11-23 02:30:51.379 66277 INFO tempest.lib.common.rest_client [req-0c6c7d8d-0fcd-4568-b820-6aeed29f1f8e req-0c6c7d8d-0fcd-4568-b820-6aeed29f1f8e ] Request (ServerShowV247Test:setUpClass): 201 POST http://10.180.1.21/identity/v3/auth/tokens 0.170s
2025-11-23 02:30:51.404 66281 INFO tempest.lib.common.rest_client [req-428e0c83-982c-4be8-b08b-78dea16f2edf req-428e0c83-982c-4be8-b08b-78dea16f2edf ] Request (MigrationsAdminTest:setUpClass): 201 POST http://10.180.1.21/identity/v3/auth/tokens 0.035s
2025-11-23 02:30:51.426 66277 INFO tempest.lib.common.rest_client [req-0f00751b-ebdf-4653-91fc-f78fa3cbf0e8 req-0f00751b-ebdf-4653-91fc-f78fa3cbf0e8 ] Request (ServerShowV247Test:setUpClass): 200 GET http://10.180.1.21/identity/v3/domains?name=Default 0.046s
2025-11-23 02:30:51.435 66307 INFO tempest.lib.common.rest_client [req-f2d81b68-879f-4293-a7c0-abfee305ad6c req-f2d81b68-879f-4293-a7c0-abfee305ad6c ] Request (AttachInterfacesTestJSON:setUpClass): 204 PUT http://10.180.1.21/identity/v3/projects/898fe4960df6416e8ba5813bf774f36f/users/8e614ff2a9a44a15830d75e98c3296b8/roles/3bcbe2d7d8d64e769ddba4e6b4b2728d 0.165s
2025-11-23 02:30:51.435 66307 INFO tempest.lib.common.dynamic_creds [-] Dynamic test user 8e614ff2a9a44a15830d75e98c3296b8 is created with scope project and roles: ['member']
2025-11-23 02:30:51.435 66307 INFO tempest.lib.common.dynamic_creds [-] Acquired dynamic creds: credentials: Credentials: {'domain_id': 'default', 'domain_name': 'Default', 'username': 'tempest-AttachInterfacesTestJSON-1137117109-project-member', 'project_domain_id': 'default', 'project_domain_name': 'Default', 'project_id': '898fe4960df6416e8ba5813bf774f36f', 'project_name': 'tempest-AttachInterfacesTestJSON-1137117109', 'tenant_id': '898fe4960df6416e8ba5813bf774f36f', 'tenant_name': 'tempest-AttachInterfacesTestJSON-1137117109', 'user_domain_id': 'default', 'user_domain_name': 'Default', 'user_id': '8e614ff2a9a44a15830d75e98c3296b8', 'system': None}, Network: None, Subnet: None, Router: None
2025-11-23 02:30:51.488 66281 INFO tempest.lib.common.rest_client [req-22228c42-d149-4c1c-86b9-5ff47c37a23e req-22228c42-d149-4c1c-86b9-5ff47c37a23e ] Request (MigrationsAdminTest:setUpClass): 201 POST http://10.180.1.21/identity/v3/auth/tokens 0.080s
2025-11-23 02:30:51.503 66277 INFO tempest.lib.common.rest_client [req-4ab5f709-b80c-4b4d-bfb4-c367228a6be2 req-4ab5f709-b80c-4b4d-bfb4-c367228a6be2 ] Request (ServerShowV247Test:setUpClass): 201 POST http://10.180.1.21/identity/v3/projects 0.076s
2025-11-23 02:30:51.543 66307 INFO tempest.lib.common.rest_client [req-099e6cd3-dbbb-41a7-b64e-806b667c138b req-099e6cd3-dbbb-41a7-b64e-806b667c138b ] Request (AttachInterfacesTestJSON:setUpClass): 201 POST http://10.180.1.21/identity/v3/auth/tokens 0.107s
2025-11-23 02:30:51.559 66281 INFO tempest.lib.common.rest_client [req-e65c3399-7e3d-4920-beee-c639bc63920f req-e65c3399-7e3d-4920-beee-c639bc63920f ] Request (MigrationsAdminTest:setUpClass): 200 GET http://10.180.1.21/identity/v3/domains?name=Default 0.071s
2025-11-23 02:30:51.572 66277 INFO tempest.lib.common.rest_client [req-3d5222ea-8ad2-4989-9f6b-2f7d16b1e7ba req-3d5222ea-8ad2-4989-9f6b-2f7d16b1e7ba ] Request (ServerShowV247Test:setUpClass): 201 POST http://10.180.1.21/identity/v3/users 0.067s
2025-11-23 02:30:51.589 66281 INFO tempest.lib.common.rest_client [req-56dba590-71fc-4cbd-b46c-7963c1d68f14 req-56dba590-71fc-4cbd-b46c-7963c1d68f14 ] Request (MigrationsAdminTest:setUpClass): 201 POST http://10.180.1.21/identity/v3/projects 0.029s
2025-11-23 02:30:51.591 66277 INFO tempest.lib.common.rest_client [req-d93e75ed-24f1-445f-8371-205a47f501f6 req-d93e75ed-24f1-445f-8371-205a47f501f6 ] Request (ServerShowV247Test:setUpClass): 200 GET http://10.180.1.21/identity/v3/roles 0.019s
2025-11-23 02:30:51.650 66281 INFO tempest.lib.common.rest_client [req-360b17bf-6127-4b15-ab8e-411fd7936090 req-360b17bf-6127-4b15-ab8e-411fd7936090 ] Request (MigrationsAdminTest:setUpClass): 201 POST http://10.180.1.21/identity/v3/users 0.060s
2025-11-23 02:30:51.653 66277 INFO tempest.lib.common.rest_client [req-d154725c-a202-4166-9caf-8c91d5c50486 req-d154725c-a202-4166-9caf-8c91d5c50486 ] Request (ServerShowV247Test:setUpClass): 204 PUT http://10.180.1.21/identity/v3/projects/66a25bc343c34846b412ac2987785128/users/c3e548de651f49c7927121f938baabc8/roles/3bcbe2d7d8d64e769ddba4e6b4b2728d 0.061s
2025-11-23 02:30:51.653 66277 INFO tempest.lib.common.dynamic_creds [-] Dynamic test user c3e548de651f49c7927121f938baabc8 is created with scope project and roles: ['member']
2025-11-23 02:30:51.653 66277 INFO tempest.lib.common.dynamic_creds [-] Acquired dynamic creds: credentials: Credentials: {'domain_id': 'default', 'domain_name': 'Default', 'username': 'tempest-ServerShowV247Test-1724767262-project-member', 'project_domain_id': 'default', 'project_domain_name': 'Default', 'project_id': '66a25bc343c34846b412ac2987785128', 'project_name': 'tempest-ServerShowV247Test-1724767262', 'tenant_id': '66a25bc343c34846b412ac2987785128', 'tenant_name': 'tempest-ServerShowV247Test-1724767262', 'user_domain_id': 'default', 'user_domain_name': 'Default', 'user_id': 'c3e548de651f49c7927121f938baabc8', 'system': None}, Network: None, Subnet: None, Router: None
2025-11-23 02:30:51.654 66277 INFO tempest.lib.common.dynamic_creds [-] Created isolated network resources for: credentials: Credentials: {'domain_id': 'default', 'domain_name': 'Default', 'username': 'tempest-ServerShowV247Test-1724767262-project-member', 'project_domain_id': 'default', 'project_domain_name': 'Default', 'project_id': '66a25bc343c34846b412ac2987785128', 'project_name': 'tempest-ServerShowV247Test-1724767262', 'tenant_id': '66a25bc343c34846b412ac2987785128', 'tenant_name': 'tempest-ServerShowV247Test-1724767262', 'user_domain_id': 'default', 'user_domain_name': 'Default', 'user_id': 'c3e548de651f49c7927121f938baabc8', 'system': None}, Network: None, Subnet: None, Router: None
2025-11-23 02:30:51.707 66281 INFO tempest.lib.common.rest_client [req-834e5b2c-9e98-4c73-91ac-b85638febb03 req-834e5b2c-9e98-4c73-91ac-b85638febb03 ] Request (MigrationsAdminTest:setUpClass): 200 GET http://10.180.1.21/identity/v3/roles 0.056s
2025-11-23 02:30:51.738 66277 INFO tempest.lib.common.rest_client [req-bca7820b-5850-419d-ae65-246ca8158377 req-bca7820b-5850-419d-ae65-246ca8158377 ] Request (ServerShowV247Test:setUpClass): 201 POST http://10.180.1.21/identity/v3/auth/tokens 0.081s
2025-11-23 02:30:51.749 66281 INFO tempest.lib.common.rest_client [req-2858b338-2023-4e27-83ee-c4d9905bc4e1 req-2858b338-2023-4e27-83ee-c4d9905bc4e1 ] Request (MigrationsAdminTest:setUpClass): 204 PUT http://10.180.1.21/identity/v3/projects/feb494131fab45fba353f6650d06877e/users/04b81f2d8d87410f9dd987d876212761/roles/3bcbe2d7d8d64e769ddba4e6b4b2728d 0.042s
2025-11-23 02:30:51.749 66281 INFO tempest.lib.common.dynamic_creds [-] Dynamic test user 04b81f2d8d87410f9dd987d876212761 is created with scope project and roles: ['member']
2025-11-23 02:30:51.750 66281 INFO tempest.lib.common.dynamic_creds [-] Acquired dynamic creds: credentials: Credentials: {'domain_id': 'default', 'domain_name': 'Default', 'username': 'tempest-MigrationsAdminTest-853670982-project-member', 'project_domain_id': 'default', 'project_domain_name': 'Default', 'project_id': 'feb494131fab45fba353f6650d06877e', 'project_name': 'tempest-MigrationsAdminTest-853670982', 'tenant_id': 'feb494131fab45fba353f6650d06877e', 'tenant_name': 'tempest-MigrationsAdminTest-853670982', 'user_domain_id': 'default', 'user_domain_name': 'Default', 'user_id': '04b81f2d8d87410f9dd987d876212761', 'system': None}, Network: None, Subnet: None, Router: None
2025-11-23 02:30:51.750 66281 INFO tempest.lib.common.dynamic_creds [-] Created isolated network resources for: credentials: Credentials: {'domain_id': 'default', 'domain_name': 'Default', 'username': 'tempest-MigrationsAdminTest-853670982-project-member', 'project_domain_id': 'default', 'project_domain_name': 'Default', 'project_id': 'feb494131fab45fba353f6650d06877e', 'project_name': 'tempest-MigrationsAdminTest-853670982', 'tenant_id': 'feb494131fab45fba353f6650d06877e', 'tenant_name': 'tempest-MigrationsAdminTest-853670982', 'user_domain_id': 'default', 'user_domain_name': 'Default', 'user_id': '04b81f2d8d87410f9dd987d876212761', 'system': None}, Network: None, Subnet: None, Router: None
2025-11-23 02:30:51.817 66277 INFO tempest.lib.common.rest_client [req-d4e5eb84-9d68-455d-b8aa-6784d76e3b66 req-d4e5eb84-9d68-455d-b8aa-6784d76e3b66 ] Request (ServerShowV247Test:setUpClass): 200 GET http://10.180.1.21/identity/v3/projects/66a25bc343c34846b412ac2987785128 0.078s
2025-11-23 02:30:51.817 66277 INFO tempest.lib.common.dynamic_creds [-] Using the existing project 66a25bc343c34846b412ac2987785128 for scope project and roles: ['reader']
2025-11-23 02:30:51.834 66281 INFO tempest.lib.common.rest_client [req-ec17963e-6034-4232-af43-0c3d53596ba2 req-ec17963e-6034-4232-af43-0c3d53596ba2 ] Request (MigrationsAdminTest:setUpClass): 201 POST http://10.180.1.21/identity/v3/auth/tokens 0.082s
2025-11-23 02:30:51.857 66277 INFO tempest.lib.common.rest_client [req-95322e4a-59b6-46a4-b778-be597ed149c4 req-95322e4a-59b6-46a4-b778-be597ed149c4 ] Request (ServerShowV247Test:setUpClass): 201 POST http://10.180.1.21/identity/v3/users 0.040s
2025-11-23 02:30:51.889 66281 INFO tempest.lib.common.rest_client [req-0999f5b1-3057-42c5-b518-49f294eb4323 req-0999f5b1-3057-42c5-b518-49f294eb4323 ] Request (MigrationsAdminTest:setUpClass): 201 POST http://10.180.1.21/identity/v3/projects 0.054s
2025-11-23 02:30:51.897 66277 INFO tempest.lib.common.rest_client [req-bfd5a46d-ecce-4c3b-aa3b-cb0779c4e7e8 req-bfd5a46d-ecce-4c3b-aa3b-cb0779c4e7e8 ] Request (ServerShowV247Test:setUpClass): 200 GET http://10.180.1.21/identity/v3/roles 0.039s
2025-11-23 02:30:51.951 66305 INFO tempest.lib.common.rest_client [req-30cc16f2-91f5-4e09-a5b1-50a21d90dc87 req-30cc16f2-91f5-4e09-a5b1-50a21d90dc87 ] Request (MultipleCreateTestJSON:setUpClass): 201 POST http://10.180.1.21/networking/v2.0/routers 1.146s
2025-11-23 02:30:51.953 66281 INFO tempest.lib.common.rest_client [req-ef77ec72-06d9-475a-a536-cae6c957c08f req-ef77ec72-06d9-475a-a536-cae6c957c08f ] Request (MigrationsAdminTest:setUpClass): 201 POST http://10.180.1.21/identity/v3/users 0.063s
2025-11-23 02:30:51.958 66277 INFO tempest.lib.common.rest_client [req-28a0af61-46d6-4924-94fd-e3d0b4c0ccc7 req-28a0af61-46d6-4924-94fd-e3d0b4c0ccc7 ] Request (ServerShowV247Test:setUpClass): 204 PUT http://10.180.1.21/identity/v3/projects/66a25bc343c34846b412ac2987785128/users/71e39c9a73754025922d0ed16c0c755d/roles/9763a1aeb3304adcaf3047ac6cf40052 0.060s
2025-11-23 02:30:51.958 66277 INFO tempest.lib.common.dynamic_creds [-] Dynamic test user 71e39c9a73754025922d0ed16c0c755d is created with scope project and roles: ['reader']
2025-11-23 02:30:51.959 66277 INFO tempest.lib.common.dynamic_creds [-] Acquired dynamic creds: credentials: Credentials: {'domain_id': 'default', 'domain_name': 'Default', 'username': 'tempest-ServerShowV247Test-1724767262-project-reader', 'project_domain_id': 'default', 'project_domain_name': 'Default', 'project_id': '66a25bc343c34846b412ac2987785128', 'project_name': 'tempest-ServerShowV247Test-1724767262', 'tenant_id': '66a25bc343c34846b412ac2987785128', 'tenant_name': 'tempest-ServerShowV247Test-1724767262', 'user_domain_id': 'default', 'user_domain_name': 'Default', 'user_id': '71e39c9a73754025922d0ed16c0c755d', 'system': None}, Network: None, Subnet: None, Router: None
2025-11-23 02:30:51.959 66277 INFO tempest.lib.common.dynamic_creds [-] Network resources are not created for requested scope: project and credentials: Credentials: {'domain_id': 'default', 'domain_name': 'Default', 'username': 'tempest-ServerShowV247Test-1724767262-project-reader', 'project_domain_id': 'default', 'project_domain_name': 'Default', 'project_id': '66a25bc343c34846b412ac2987785128', 'project_name': 'tempest-ServerShowV247Test-1724767262', 'tenant_id': '66a25bc343c34846b412ac2987785128', 'tenant_name': 'tempest-ServerShowV247Test-1724767262', 'user_domain_id': 'default', 'user_domain_name': 'Default', 'user_id': '71e39c9a73754025922d0ed16c0c755d', 'system': None}, Network: None, Subnet: None, Router: None
2025-11-23 02:30:52.008 66281 INFO tempest.lib.common.rest_client [req-a227ba06-c1e4-4d26-84aa-ad5d57cbd6ed req-a227ba06-c1e4-4d26-84aa-ad5d57cbd6ed ] Request (MigrationsAdminTest:setUpClass): 200 GET http://10.180.1.21/identity/v3/roles 0.055s
2025-11-23 02:30:52.021 66289 INFO tempest.lib.common.rest_client [req-404f19e3-0f00-48e2-9ea4-aa45ac098327 req-404f19e3-0f00-48e2-9ea4-aa45ac098327 ] Request (AbsoluteLimitsNegativeTestJSON:tearDownClass): 200 GET http://10.180.1.21/networking/v2.0/security-groups?tenant_id=f339c697e453465abc339a4c17a19fc1&name=default 0.711s
2025-11-23 02:30:52.060 66281 INFO tempest.lib.common.rest_client [req-996c5c1d-7672-4127-9b4f-026278d178ec req-996c5c1d-7672-4127-9b4f-026278d178ec ] Request (MigrationsAdminTest:setUpClass): 204 PUT http://10.180.1.21/identity/v3/projects/4cb6ffc37c9f40409a7a406b91553777/users/9006cf06d04448b195dda14c7c5d76dd/roles/20f4b028dc4f42099d34eb7c8179f9bc 0.050s
2025-11-23 02:30:52.076 66277 INFO tempest.lib.common.rest_client [req-d7d32aad-0a48-42e4-a780-9749cf9aeb3e req-d7d32aad-0a48-42e4-a780-9749cf9aeb3e ] Request (ServerShowV247Test:setUpClass): 201 POST http://10.180.1.21/identity/v3/auth/tokens 0.114s
2025-11-23 02:30:52.123 66281 INFO tempest.lib.common.rest_client [req-25312a26-e7ca-4f00-b173-2a5a1f85f0c7 req-25312a26-e7ca-4f00-b173-2a5a1f85f0c7 ] Request (MigrationsAdminTest:setUpClass): 200 GET http://10.180.1.21/identity/v3/roles 0.063s
2025-11-23 02:30:52.156 66277 INFO tempest.lib.common.rest_client [req-4a2a8832-620d-4279-bce6-6ddfd6b53759 req-4a2a8832-620d-4279-bce6-6ddfd6b53759 ] Request (ServerShowV247Test:test_show_server): 201 POST http://10.180.1.21/identity/v3/auth/tokens 0.075s
2025-11-23 02:30:52.156 66277 INFO tempest.lib.common.fixed_network [-] (ServerShowV247Test:test_show_server) Found network None available for tenant
2025-11-23 02:30:52.157 66281 INFO tempest.lib.common.rest_client [req-8db864c1-2d0d-4731-bf4a-9134d3fe4fbf req-8db864c1-2d0d-4731-bf4a-9134d3fe4fbf ] Request (MigrationsAdminTest:setUpClass): 204 PUT http://10.180.1.21/identity/v3/projects/4cb6ffc37c9f40409a7a406b91553777/users/9006cf06d04448b195dda14c7c5d76dd/roles/20f4b028dc4f42099d34eb7c8179f9bc 0.033s
2025-11-23 02:30:52.157 66281 INFO tempest.lib.common.dynamic_creds [-] Dynamic test user 9006cf06d04448b195dda14c7c5d76dd is created with scope project and roles: ['admin']
2025-11-23 02:30:52.157 66281 INFO tempest.lib.common.dynamic_creds [-] Acquired dynamic creds: credentials: Credentials: {'domain_id': 'default', 'domain_name': 'Default', 'username': 'tempest-MigrationsAdminTest-6652091-project-admin', 'project_domain_id': 'default', 'project_domain_name': 'Default', 'project_id': '4cb6ffc37c9f40409a7a406b91553777', 'project_name': 'tempest-MigrationsAdminTest-6652091', 'tenant_id': '4cb6ffc37c9f40409a7a406b91553777', 'tenant_name': 'tempest-MigrationsAdminTest-6652091', 'user_domain_id': 'default', 'user_domain_name': 'Default', 'user_id': '9006cf06d04448b195dda14c7c5d76dd', 'system': None}, Network: None, Subnet: None, Router: None
2025-11-23 02:30:52.157 66281 INFO tempest.lib.common.dynamic_creds [-] Created isolated network resources for: credentials: Credentials: {'domain_id': 'default', 'domain_name': 'Default', 'username': 'tempest-MigrationsAdminTest-6652091-project-admin', 'project_domain_id': 'default', 'project_domain_name': 'Default', 'project_id': '4cb6ffc37c9f40409a7a406b91553777', 'project_name': 'tempest-MigrationsAdminTest-6652091', 'tenant_id': '4cb6ffc37c9f40409a7a406b91553777', 'tenant_name': 'tempest-MigrationsAdminTest-6652091', 'user_domain_id': 'default', 'user_domain_name': 'Default', 'user_id': '9006cf06d04448b195dda14c7c5d76dd', 'system': None}, Network: None, Subnet: None, Router: None
2025-11-23 02:30:52.308 66281 INFO tempest.lib.common.rest_client [req-67f196d0-9292-4f52-a7b6-e4c764d4eafc req-67f196d0-9292-4f52-a7b6-e4c764d4eafc ] Request (MigrationsAdminTest:setUpClass): 201 POST http://10.180.1.21/identity/v3/auth/tokens 0.148s
2025-11-23 02:30:52.315 66307 INFO tempest.lib.common.rest_client [req-c2c0deb6-3c9b-4051-a22b-7289d37b5196 req-c2c0deb6-3c9b-4051-a22b-7289d37b5196 ] Request (AttachInterfacesTestJSON:setUpClass): 201 POST http://10.180.1.21/networking/v2.0/networks 0.772s
2025-11-23 02:30:52.378 66281 INFO tempest.lib.common.rest_client [req-31e5b95d-8c41-4da4-bd03-7a2841c4d384 req-31e5b95d-8c41-4da4-bd03-7a2841c4d384 ] Request (MigrationsAdminTest:setUpClass): 200 GET http://10.180.1.21/identity/v3/projects/feb494131fab45fba353f6650d06877e 0.070s
2025-11-23 02:30:52.379 66281 INFO tempest.lib.common.dynamic_creds [-] Using the existing project feb494131fab45fba353f6650d06877e for scope project and roles: ['manager']
2025-11-23 02:30:52.420 66281 INFO tempest.lib.common.rest_client [req-52a20fa9-e7e1-40b0-8359-784237978dc3 req-52a20fa9-e7e1-40b0-8359-784237978dc3 ] Request (MigrationsAdminTest:setUpClass): 201 POST http://10.180.1.21/identity/v3/users 0.040s
2025-11-23 02:30:52.448 66281 INFO tempest.lib.common.rest_client [req-9d441022-6490-4f1d-9454-70fba9028d20 req-9d441022-6490-4f1d-9454-70fba9028d20 ] Request (MigrationsAdminTest:setUpClass): 200 GET http://10.180.1.21/identity/v3/roles 0.027s
2025-11-23 02:30:52.454 66319 INFO tempest.lib.common.rest_client [req-649bac1b-1df1-4322-a8fa-60f12efce8ec req-649bac1b-1df1-4322-a8fa-60f12efce8ec ] Request (SecurityGroupRulesTestJSON:test_security_group_rules_list): 200 POST http://10.180.1.21/compute/v2.1/os-security-group-rules 5.842s
2025-11-23 02:30:52.485 66281 INFO tempest.lib.common.rest_client [req-d569e341-dde2-4523-a53d-d595a050d61c req-d569e341-dde2-4523-a53d-d595a050d61c ] Request (MigrationsAdminTest:setUpClass): 204 PUT http://10.180.1.21/identity/v3/projects/feb494131fab45fba353f6650d06877e/users/d1a8ea54eff54dcea3c955cce399d654/roles/00a9f54b3a1b4269894dba02877b368c 0.036s
2025-11-23 02:30:52.485 66281 INFO tempest.lib.common.dynamic_creds [-] Dynamic test user d1a8ea54eff54dcea3c955cce399d654 is created with scope project and roles: ['manager']
2025-11-23 02:30:52.485 66281 INFO tempest.lib.common.dynamic_creds [-] Acquired dynamic creds: credentials: Credentials: {'domain_id': 'default', 'domain_name': 'Default', 'username': 'tempest-MigrationsAdminTest-853670982-project-manager', 'project_domain_id': 'default', 'project_domain_name': 'Default', 'project_id': 'feb494131fab45fba353f6650d06877e', 'project_name': 'tempest-MigrationsAdminTest-853670982', 'tenant_id': 'feb494131fab45fba353f6650d06877e', 'tenant_name': 'tempest-MigrationsAdminTest-853670982', 'user_domain_id': 'default', 'user_domain_name': 'Default', 'user_id': 'd1a8ea54eff54dcea3c955cce399d654', 'system': None}, Network: None, Subnet: None, Router: None
2025-11-23 02:30:52.485 66281 INFO tempest.lib.common.dynamic_creds [-] Network resources are not created for requested scope: project and credentials: Credentials: {'domain_id': 'default', 'domain_name': 'Default', 'username': 'tempest-MigrationsAdminTest-853670982-project-manager', 'project_domain_id': 'default', 'project_domain_name': 'Default', 'project_id': 'feb494131fab45fba353f6650d06877e', 'project_name': 'tempest-MigrationsAdminTest-853670982', 'tenant_id': 'feb494131fab45fba353f6650d06877e', 'tenant_name': 'tempest-MigrationsAdminTest-853670982', 'user_domain_id': 'default', 'user_domain_name': 'Default', 'user_id': 'd1a8ea54eff54dcea3c955cce399d654', 'system': None}, Network: None, Subnet: None, Router: None
2025-11-23 02:30:52.561 66281 INFO tempest.lib.common.rest_client [req-71f3564f-47b2-49a5-b234-6dc68a8b8747 req-71f3564f-47b2-49a5-b234-6dc68a8b8747 ] Request (MigrationsAdminTest:setUpClass): 201 POST http://10.180.1.21/identity/v3/auth/tokens 0.071s
2025-11-23 02:30:52.561 66281 INFO tempest.api.compute.admin.test_migrations [-] Using project manager for migrating servers, project manager user id: d1a8ea54eff54dcea3c955cce399d654
2025-11-23 02:30:53.337 66305 INFO tempest.lib.common.rest_client [req-e934283c-ee8e-4de4-b46d-a3c73c832993 req-e934283c-ee8e-4de4-b46d-a3c73c832993 ] Request (MultipleCreateTestJSON:setUpClass): 200 PUT http://10.180.1.21/networking/v2.0/routers/19dc608c-294d-4b07-a24f-90c081712130/add_router_interface 1.385s
2025-11-23 02:30:53.338 66305 INFO tempest.lib.common.dynamic_creds [-] Created isolated network resources for: credentials: Credentials: {'domain_id': 'default', 'domain_name': 'Default', 'username': 'tempest-MultipleCreateTestJSON-783540863-project-member', 'project_domain_id': 'default', 'project_domain_name': 'Default', 'project_id': '712c6221f10341ccba8e6d8f7c923cce', 'project_name': 'tempest-MultipleCreateTestJSON-783540863', 'tenant_id': '712c6221f10341ccba8e6d8f7c923cce', 'tenant_name': 'tempest-MultipleCreateTestJSON-783540863', 'user_domain_id': 'default', 'user_domain_name': 'Default', 'user_id': 'b8d02f664b6d45628f429ae1b106255b', 'system': None}, Network: {'id': '04085b1f-6dde-4d50-909f-cc74b9abbc48', 'name': 'tempest-MultipleCreateTestJSON-849912597-network', 'tenant_id': '712c6221f10341ccba8e6d8f7c923cce', 'project_id': '712c6221f10341ccba8e6d8f7c923cce', 'admin_state_up': True, 'mtu': 8950, 'status': 'ACTIVE', 'subnets': [], 'shared': False, 'port_security_enabled': True, 'router:external': False, 'provider:network_type': 'vlan', 'provider:physical_network': 'default', 'provider:segmentation_id': 939, 'availability_zone_hints': [], 'availability_zones': [], 'ipv4_address_scope': None, 'ipv6_address_scope': None, 'description': '', 'tags': [], 'created_at': '2025-11-23T02:30:50Z', 'updated_at': '2025-11-23T02:30:50Z', 'revision_number': 1}, Subnet: {'id': '10d8cd9b-70df-432f-a6c7-b9c955f6e7e6', 'name': 'tempest-MultipleCreateTestJSON-849912597-subnet', 'tenant_id': '712c6221f10341ccba8e6d8f7c923cce', 'network_id': '04085b1f-6dde-4d50-909f-cc74b9abbc48', 'ip_version': 4, 'subnetpool_id': None, 'enable_dhcp': True, 'ipv6_ra_mode': None, 'ipv6_address_mode': None, 'gateway_ip': '192.168.128.1', 'cidr': '192.168.128.0/28', 'allocation_pools': [{'start': '192.168.128.2', 'end': '192.168.128.14'}], 'host_routes': [], 'dns_nameservers': [], 'description': '', 'router:external': False, 'service_types': [], 'tags': [], 'created_at': '2025-11-23T02:30:50Z', 'updated_at': '2025-11-23T02:30:50Z', 'revision_number': 0, 'project_id': '712c6221f10341ccba8e6d8f7c923cce'}, Router: {'id': '19dc608c-294d-4b07-a24f-90c081712130', 'name': 'tempest-MultipleCreateTestJSON-849912597-router', 'tenant_id': '712c6221f10341ccba8e6d8f7c923cce', 'admin_state_up': True, 'status': 'ACTIVE', 'external_gateway_info': {'network_id': 'b0105b3f-5810-4413-8c7f-cadff6d0d2d0', 'external_fixed_ips': [{'subnet_id': '740df678-9822-4d67-9fda-52e2c353c18f', 'ip_address': '10.180.180.247'}], 'enable_snat': True}, 'description': '', 'availability_zones': [], 'distributed': False, 'ha': False, 'availability_zone_hints': [], 'routes': [], 'flavor_id': None, 'tags': [], 'created_at': '2025-11-23T02:30:51Z', 'updated_at': '2025-11-23T02:30:51Z', 'revision_number': 2, 'project_id': '712c6221f10341ccba8e6d8f7c923cce'}
2025-11-23 02:30:53.419 66289 INFO tempest.lib.common.rest_client [req-f88887d0-1e10-450b-84cc-ef8c8ba7921e req-f88887d0-1e10-450b-84cc-ef8c8ba7921e ] Request (AbsoluteLimitsNegativeTestJSON:tearDownClass): 204 DELETE http://10.180.1.21/networking/v2.0/security-groups/7dbf97c5-a56f-4f7f-98e5-a2914dd68b90 1.398s
2025-11-23 02:30:53.421 66305 INFO tempest.lib.common.rest_client [req-0d127e84-8e62-4783-8ab0-a28bd8295460 req-0d127e84-8e62-4783-8ab0-a28bd8295460 ] Request (MultipleCreateTestJSON:setUpClass): 201 POST http://10.180.1.21/identity/v3/auth/tokens 0.079s
2025-11-23 02:30:53.454 66305 INFO tempest.lib.common.rest_client [req-98530e34-23a3-4e91-8944-d529053aa525 req-98530e34-23a3-4e91-8944-d529053aa525 ] Request (MultipleCreateTestJSON:test_multiple_create): 201 POST http://10.180.1.21/identity/v3/auth/tokens 0.029s
2025-11-23 02:30:53.454 66305 INFO tempest.lib.common.fixed_network [-] (MultipleCreateTestJSON:test_multiple_create) Found network {'id': '04085b1f-6dde-4d50-909f-cc74b9abbc48', 'name': 'tempest-MultipleCreateTestJSON-849912597-network', 'tenant_id': '712c6221f10341ccba8e6d8f7c923cce', 'project_id': '712c6221f10341ccba8e6d8f7c923cce', 'admin_state_up': True, 'mtu': 8950, 'status': 'ACTIVE', 'subnets': [], 'shared': False, 'port_security_enabled': True, 'router:external': False, 'provider:network_type': 'vlan', 'provider:physical_network': 'default', 'provider:segmentation_id': 939, 'availability_zone_hints': [], 'availability_zones': [], 'ipv4_address_scope': None, 'ipv6_address_scope': None, 'description': '', 'tags': [], 'created_at': '2025-11-23T02:30:50Z', 'updated_at': '2025-11-23T02:30:50Z', 'revision_number': 1} available for tenant
2025-11-23 02:30:53.540 66289 INFO tempest.lib.common.rest_client [req-7e895349-0aab-4a50-b2f7-fed9621fe7b3 req-7e895349-0aab-4a50-b2f7-fed9621fe7b3 ] Request (AbsoluteLimitsNegativeTestJSON:tearDownClass): 204 DELETE http://10.180.1.21/identity/v3/projects/f339c697e453465abc339a4c17a19fc1 0.120s
2025-11-23 02:30:53.590 66307 INFO tempest.lib.common.rest_client [req-5a55ffa6-14bc-4cde-a96d-9a4c9926789e req-5a55ffa6-14bc-4cde-a96d-9a4c9926789e ] Request (AttachInterfacesTestJSON:setUpClass): 201 POST http://10.180.1.21/networking/v2.0/subnets 1.274s
2025-11-23 02:30:53.623 66289 INFO tempest.lib.common.rest_client [req-25b74b60-f93a-48e3-99c0-9fce54bd88ae req-25b74b60-f93a-48e3-99c0-9fce54bd88ae ] Request (SecurityGroupsNegativeTestJSON:setUpClass): 201 POST http://10.180.1.21/identity/v3/auth/tokens 0.081s
2025-11-23 02:30:53.655 66289 INFO tempest.lib.common.rest_client [req-4e32a6d2-05a4-4a88-aaa2-701467337a2b req-4e32a6d2-05a4-4a88-aaa2-701467337a2b ] Request (SecurityGroupsNegativeTestJSON:setUpClass): 201 POST http://10.180.1.21/identity/v3/auth/tokens 0.030s
2025-11-23 02:30:53.684 66289 INFO tempest.lib.common.rest_client [req-704ecc5f-cb39-4b48-b7fa-10660ec3428e req-704ecc5f-cb39-4b48-b7fa-10660ec3428e ] Request (SecurityGroupsNegativeTestJSON:setUpClass): 200 GET http://10.180.1.21/identity/v3/domains?name=Default 0.028s
2025-11-23 02:30:53.718 66289 INFO tempest.lib.common.rest_client [req-556c7653-8791-4b15-b6b8-b2bc1711857c req-556c7653-8791-4b15-b6b8-b2bc1711857c ] Request (SecurityGroupsNegativeTestJSON:setUpClass): 201 POST http://10.180.1.21/identity/v3/projects 0.034s
2025-11-23 02:30:53.819 66289 INFO tempest.lib.common.rest_client [req-b6e55999-837b-478e-8c87-22468e1417b6 req-b6e55999-837b-478e-8c87-22468e1417b6 ] Request (SecurityGroupsNegativeTestJSON:setUpClass): 201 POST http://10.180.1.21/identity/v3/users 0.100s
2025-11-23 02:30:53.846 66289 INFO tempest.lib.common.rest_client [req-edf3f4a0-8ab6-438f-b7e9-24eeb66280cb req-edf3f4a0-8ab6-438f-b7e9-24eeb66280cb ] Request (SecurityGroupsNegativeTestJSON:setUpClass): 200 GET http://10.180.1.21/identity/v3/roles 0.026s
2025-11-23 02:30:53.885 66289 INFO tempest.lib.common.rest_client [req-37589774-61c5-4d56-b632-3f2f0c137e02 req-37589774-61c5-4d56-b632-3f2f0c137e02 ] Request (SecurityGroupsNegativeTestJSON:setUpClass): 204 PUT http://10.180.1.21/identity/v3/projects/2e66c4bed72240f19af5839102c0d928/users/f8d8085211d94cb2a1d1eb08ad7329c1/roles/3bcbe2d7d8d64e769ddba4e6b4b2728d 0.039s
2025-11-23 02:30:53.885 66289 INFO tempest.lib.common.dynamic_creds [-] Dynamic test user f8d8085211d94cb2a1d1eb08ad7329c1 is created with scope project and roles: ['member']
2025-11-23 02:30:53.886 66289 INFO tempest.lib.common.dynamic_creds [-] Acquired dynamic creds: credentials: Credentials: {'domain_id': 'default', 'domain_name': 'Default', 'username': 'tempest-SecurityGroupsNegativeTestJSON-961579612-project-member', 'project_domain_id': 'default', 'project_domain_name': 'Default', 'project_id': '2e66c4bed72240f19af5839102c0d928', 'project_name': 'tempest-SecurityGroupsNegativeTestJSON-961579612', 'tenant_id': '2e66c4bed72240f19af5839102c0d928', 'tenant_name': 'tempest-SecurityGroupsNegativeTestJSON-961579612', 'user_domain_id': 'default', 'user_domain_name': 'Default', 'user_id': 'f8d8085211d94cb2a1d1eb08ad7329c1', 'system': None}, Network: None, Subnet: None, Router: None
2025-11-23 02:30:53.958 66289 INFO tempest.lib.common.rest_client [req-c9cc5c26-094d-470b-83d7-fac1565d15e5 req-c9cc5c26-094d-470b-83d7-fac1565d15e5 ] Request (SecurityGroupsNegativeTestJSON:setUpClass): 201 POST http://10.180.1.21/identity/v3/auth/tokens 0.072s
2025-11-23 02:30:54.424 66307 INFO tempest.lib.common.rest_client [req-4a04beb7-1c03-4a58-b64d-88efb48573a4 req-4a04beb7-1c03-4a58-b64d-88efb48573a4 ] Request (AttachInterfacesTestJSON:setUpClass): 201 POST http://10.180.1.21/networking/v2.0/routers 0.834s
2025-11-23 02:30:54.566 66289 INFO tempest.lib.common.rest_client [req-eae2e060-68a3-4c7f-8092-cb8051ef7a50 req-eae2e060-68a3-4c7f-8092-cb8051ef7a50 ] Request (SecurityGroupsNegativeTestJSON:setUpClass): 201 POST http://10.180.1.21/networking/v2.0/networks 0.608s
2025-11-23 02:30:54.900 66299 INFO tempest.lib.common.rest_client [req-8ed726ce-7e42-45eb-bd40-7130946730d5 req-8ed726ce-7e42-45eb-bd40-7130946730d5 ] Request (FloatingIPsAssociationTestJSON:setUpClass): 200 POST http://10.180.1.21/compute/v2.1/os-floating-ips 8.081s
2025-11-23 02:30:54.923 66271 INFO tempest.lib.common.rest_client [req-d2c7a3fc-5d16-4ceb-ba9d-2eb2c98b137b req-d2c7a3fc-5d16-4ceb-ba9d-2eb2c98b137b ] Request (FlavorsAccessNegativeTestJSON:_run_cleanups): 202 DELETE http://10.180.1.21/compute/v2.1/flavors/986077009 7.995s
2025-11-23 02:30:55.005 66299 INFO tempest.lib.common.rest_client [req-55ed2531-f09d-4218-99ac-0ee6ca83ab99 req-55ed2531-f09d-4218-99ac-0ee6ca83ab99 ] Request (FloatingIPsAssociationTestJSON:test_associate_already_associated_floating_ip): 201 POST http://10.180.1.21/identity/v3/auth/tokens 0.093s
2025-11-23 02:30:55.006 66299 INFO tempest.lib.common.fixed_network [-] (FloatingIPsAssociationTestJSON:test_associate_already_associated_floating_ip) Found network {'id': 'd8a0791c-4e8e-4d02-8d83-ecd0b57bac46', 'name': 'tempest-FloatingIPsAssociationTestJSON-1529585150-network', 'tenant_id': '4a227845d5954463a23e811edf1ad239', 'project_id': '4a227845d5954463a23e811edf1ad239', 'admin_state_up': True, 'mtu': 8950, 'status': 'ACTIVE', 'subnets': [], 'shared': False, 'port_security_enabled': True, 'router:external': False, 'provider:network_type': 'vlan', 'provider:physical_network': 'default', 'provider:segmentation_id': 482, 'availability_zone_hints': [], 'availability_zones': [], 'ipv4_address_scope': None, 'ipv6_address_scope': None, 'description': '', 'tags': [], 'created_at': '2025-11-23T02:30:06Z', 'updated_at': '2025-11-23T02:30:06Z', 'revision_number': 1} available for tenant
2025-11-23 02:30:55.084 66289 INFO tempest.lib.common.rest_client [req-94a223b0-0c4c-44d2-bd88-3243a7ceafdd req-94a223b0-0c4c-44d2-bd88-3243a7ceafdd ] Request (SecurityGroupsNegativeTestJSON:setUpClass): 201 POST http://10.180.1.21/networking/v2.0/subnets 0.517s
2025-11-23 02:30:55.654 66307 INFO tempest.lib.common.rest_client [req-e0e6ede2-3c59-4209-bab8-2173da12dfc5 req-e0e6ede2-3c59-4209-bab8-2173da12dfc5 ] Request (AttachInterfacesTestJSON:setUpClass): 200 PUT http://10.180.1.21/networking/v2.0/routers/4a1e8065-804f-4308-8bf6-eb8496cb7ccb/add_router_interface 1.229s
2025-11-23 02:30:55.655 66307 INFO tempest.lib.common.dynamic_creds [-] Created isolated network resources for: credentials: Credentials: {'domain_id': 'default', 'domain_name': 'Default', 'username': 'tempest-AttachInterfacesTestJSON-1137117109-project-member', 'project_domain_id': 'default', 'project_domain_name': 'Default', 'project_id': '898fe4960df6416e8ba5813bf774f36f', 'project_name': 'tempest-AttachInterfacesTestJSON-1137117109', 'tenant_id': '898fe4960df6416e8ba5813bf774f36f', 'tenant_name': 'tempest-AttachInterfacesTestJSON-1137117109', 'user_domain_id': 'default', 'user_domain_name': 'Default', 'user_id': '8e614ff2a9a44a15830d75e98c3296b8', 'system': None}, Network: {'id': '48a31388-ccf4-410a-9560-6f94748ad89e', 'name': 'tempest-AttachInterfacesTestJSON-2089182138-network', 'tenant_id': '898fe4960df6416e8ba5813bf774f36f', 'project_id': '898fe4960df6416e8ba5813bf774f36f', 'admin_state_up': True, 'mtu': 8950, 'status': 'ACTIVE', 'subnets': [], 'shared': False, 'port_security_enabled': True, 'router:external': False, 'provider:network_type': 'vlan', 'provider:physical_network': 'default', 'provider:segmentation_id': 821, 'availability_zone_hints': [], 'availability_zones': [], 'ipv4_address_scope': None, 'ipv6_address_scope': None, 'description': '', 'tags': [], 'created_at': '2025-11-23T02:30:52Z', 'updated_at': '2025-11-23T02:30:52Z', 'revision_number': 1}, Subnet: {'id': 'c9d3f972-dd35-42b2-bbc5-0632dbc7ed35', 'name': 'tempest-AttachInterfacesTestJSON-2089182138-subnet', 'tenant_id': '898fe4960df6416e8ba5813bf774f36f', 'network_id': '48a31388-ccf4-410a-9560-6f94748ad89e', 'ip_version': 4, 'subnetpool_id': None, 'enable_dhcp': True, 'ipv6_ra_mode': None, 'ipv6_address_mode': None, 'gateway_ip': '192.168.128.1', 'cidr': '192.168.128.0/28', 'allocation_pools': [{'start': '192.168.128.2', 'end': '192.168.128.14'}], 'host_routes': [], 'dns_nameservers': [], 'description': '', 'router:external': False, 'service_types': [], 'tags': [], 'created_at': '2025-11-23T02:30:53Z', 'updated_at': '2025-11-23T02:30:53Z', 'revision_number': 0, 'project_id': '898fe4960df6416e8ba5813bf774f36f'}, Router: {'id': '4a1e8065-804f-4308-8bf6-eb8496cb7ccb', 'name': 'tempest-AttachInterfacesTestJSON-2089182138-router', 'tenant_id': '898fe4960df6416e8ba5813bf774f36f', 'admin_state_up': True, 'status': 'ACTIVE', 'external_gateway_info': {'network_id': 'b0105b3f-5810-4413-8c7f-cadff6d0d2d0', 'external_fixed_ips': [{'subnet_id': '740df678-9822-4d67-9fda-52e2c353c18f', 'ip_address': '10.180.180.244'}], 'enable_snat': True}, 'description': '', 'availability_zones': [], 'distributed': False, 'ha': False, 'availability_zone_hints': [], 'routes': [], 'flavor_id': None, 'tags': [], 'created_at': '2025-11-23T02:30:53Z', 'updated_at': '2025-11-23T02:30:54Z', 'revision_number': 2, 'project_id': '898fe4960df6416e8ba5813bf774f36f'}
2025-11-23 02:30:55.752 66307 INFO tempest.lib.common.rest_client [req-1ab2ae83-ea25-4f07-99bc-ce11a4a3aa49 req-1ab2ae83-ea25-4f07-99bc-ce11a4a3aa49 ] Request (AttachInterfacesTestJSON:setUpClass): 201 POST http://10.180.1.21/identity/v3/auth/tokens 0.093s
2025-11-23 02:30:56.144 66303 WARNING tempest.lib.common.ssh [-] Failed to establish authenticated ssh connection to cirros@10.180.180.168 ([Errno None] Unable to connect to port 22 on 10.180.180.168). Number attempts: 5. Retry after 6 seconds.: paramiko.ssh_exception.NoValidConnectionsError: [Errno None] Unable to connect to port 22 on 10.180.180.168
2025-11-23 02:30:56.433 66289 INFO tempest.lib.common.rest_client [req-8af0fa22-d70c-4f4d-b4c9-2772630205e8 req-8af0fa22-d70c-4f4d-b4c9-2772630205e8 ] Request (SecurityGroupsNegativeTestJSON:setUpClass): 201 POST http://10.180.1.21/networking/v2.0/routers 1.348s
2025-11-23 02:30:56.535 66265 INFO tempest.lib.common.rest_client [req-60a389fa-0d74-4751-b185-7d0e487b4508 req-60a389fa-0d74-4751-b185-7d0e487b4508 ] Request (ImagesNegativeTestJSON:test_create_image_from_deleted_server): 200 GET http://10.180.1.21/compute/v2.1/servers/3deaa2a4-6997-497d-af00-1d9af5bbe34e 9.506s
2025-11-23 02:30:56.544 66265 INFO tempest.common.waiters [-] State transition "BUILD/spawning" ==> "ACTIVE/None" after 22 second wait
2025-11-23 02:30:56.553 66309 INFO tempest.lib.common.rest_client [req-36125734-5799-4f29-b0b5-521648815d4b req-36125734-5799-4f29-b0b5-521648815d4b ] Request (FlavorsV2TestJSON:test_list_flavors): 200 GET http://10.180.1.21/compute/v2.1/flavors/42 9.485s
