2025-11-23 02:32:54.865 66293 INFO tempest.lib.common.rest_client [req-3359601e-dc34-466a-9975-b98dca14e147 req-3359601e-dc34-466a-9975-b98dca14e147 ] Request (ServersAdminTestJSON:test_inject_network_info): 200 GET http://10.180.1.21/compute/v2.1/servers/387f62a8-a753-4465-a5cc-38423951f89a 0.059s
2025-11-23 02:32:54.895 66298 INFO tempest.lib.common.rest_client [req-cc94a376-b5fc-474a-bad7-e467fad6d7b7 req-cc94a376-b5fc-474a-bad7-e467fad6d7b7 ] Request (VolumesAssistedSnapshotsTest:tearDownClass): 200 GET http://10.180.1.21/compute/v2.1/servers/bc63a698-14d4-43c3-b8cf-7d12a2c96dd4 0.082s
2025-11-23 02:32:54.942 66324 INFO tempest.lib.common.rest_client [req-b544f8c9-9191-4e11-af45-8dae7d1768e0 req-b544f8c9-9191-4e11-af45-8dae7d1768e0 ] Request (ServersTestJSON:setUpClass): 200 GET http://10.180.1.21/compute/v2.1/servers/f157c5b8-6b38-4254-b622-67c89535cb5d 0.061s
2025-11-23 02:32:54.970 66299 INFO tempest.lib.common.rest_client [req-6c99a73f-1c05-45d3-b50d-ed61e4f9caf8 req-6c99a73f-1c05-45d3-b50d-ed61e4f9caf8 ] Request (FloatingIPsAssociationTestJSON:tearDownClass): 200 GET http://10.180.1.21/compute/v2.1/servers/a43f081b-8e85-4b8b-b880-7db2e0f9d802 0.064s
2025-11-23 02:32:54.976 66299 INFO tempest.common.waiters [-] State transition "ACTIVE/deleting" ==> "DELETED/None" after 3 second wait
2025-11-23 02:32:55.044 66291 INFO tempest.lib.common.rest_client [req-cf0f1de6-fdcb-4123-a8ff-f36d8b6d5310 req-cf0f1de6-fdcb-4123-a8ff-f36d8b6d5310 ] Request (ServerTagsTestJSON:setUpClass): 200 GET http://10.180.1.21/compute/v2.1/servers/16a40b00-60eb-41ed-aa5d-de7a34018408 0.101s
2025-11-23 02:32:55.053 66291 INFO tempest.common.waiters [-] State transition "BUILD/block_device_mapping" ==> "BUILD/spawning" after 50 second wait
2025-11-23 02:32:55.077 66283 INFO tempest.lib.common.rest_client [req-6f3976db-a9d5-46af-8582-eb1ec02b5013 req-6f3976db-a9d5-46af-8582-eb1ec02b5013 ] Request (ServersWithSpecificFlavorTestJSON:test_verify_created_server_ephemeral_disk): 200 GET http://10.180.1.21/compute/v2.1/servers/926f97a5-060c-47a3-944c-b0eb4d6634f4 0.049s
2025-11-23 02:32:55.157 66265 INFO tempest.lib.common.rest_client [req-acd4ada7-7bdc-4d11-9c99-373a25bb6abd req-acd4ada7-7bdc-4d11-9c99-373a25bb6abd ] Request (SecurityGroupsTestJSON:test_list_security_groups_by_server): 200 GET http://10.180.1.21/compute/v2.1/servers/a4266d21-78af-452f-b273-413bd46ae3fa 0.101s
2025-11-23 02:32:55.173 66279 INFO tempest.lib.common.rest_client [req-352f0707-6369-47fc-9e25-2e3bc2570cd8 req-352f0707-6369-47fc-9e25-2e3bc2570cd8 ] Request (ListImageFiltersTestJSON:tearDownClass): 200 GET http://10.180.1.21/compute/v2.1/servers/02606008-c5e6-4e8e-9249-071a06041be7 0.063s
2025-11-23 02:32:55.230 66277 INFO tempest.lib.common.rest_client [req-45f5cc66-dce9-49a3-b847-00303e233e08 req-45f5cc66-dce9-49a3-b847-00303e233e08 ] Request (ServerShowV247Test:tearDownClass): 200 GET http://10.180.1.21/compute/v2.1/servers/ce52bfd8-189b-4781-ba5b-fc60b5031aac 0.107s
2025-11-23 02:32:55.240 66305 INFO tempest.lib.common.rest_client [req-b7c62207-2426-4a19-a182-75cff95fdade req-b7c62207-2426-4a19-a182-75cff95fdade ] Request (MultipleCreateTestJSON:test_multiple_create_with_reservation_return): 200 GET http://10.180.1.21/compute/v2.1/servers/0ecf65cb-f96c-4727-bc6a-d745d073f8d2 0.076s
2025-11-23 02:32:55.296 66275 INFO tempest.lib.common.rest_client [req-e2afd5de-eba9-43bd-b038-e6b98c5bc6ff req-e2afd5de-eba9-43bd-b038-e6b98c5bc6ff ] Request (ServersNegativeTestJSON:setUpClass): 200 GET http://10.180.1.21/compute/v2.1/servers/52e75acd-27b4-4dc3-a3c1-c8b8dd1ac36a 0.084s
2025-11-23 02:32:55.300 66289 INFO paramiko.transport [-] Connected (version 2.0, client dropbear_2020.81)
2025-11-23 02:32:55.309 66273 INFO tempest.lib.common.rest_client [req-862b3048-a580-4f91-b055-aa429cff586f req-862b3048-a580-4f91-b055-aa429cff586f ] Request (DeleteServersAdminTestJSON:test_admin_delete_servers_of_others): 200 GET http://10.180.1.21/compute/v2.1/servers/f2b3d5af-2828-4a91-a9e4-f0aabaa137e3 0.133s
2025-11-23 02:32:55.346 66315 INFO tempest.lib.common.rest_client [req-8fa6380e-e3e1-4b22-b23e-33c91390b3c2 req-8fa6380e-e3e1-4b22-b23e-33c91390b3c2 ] Request (ServerRescueNegativeTestJSON:test_rescued_vm_detach_volume): 200 GET http://10.180.1.21/compute/v2.1/servers/c0771b1c-6f43-4d9a-8a77-69e05643663f 0.095s
2025-11-23 02:32:55.403 66289 INFO paramiko.transport [-] Authentication (publickey) successful!
2025-11-23 02:32:55.403 66309 INFO tempest.lib.common.rest_client [req-68d73a57-bd22-40e7-8415-f9892b1e41a8 req-68d73a57-bd22-40e7-8415-f9892b1e41a8 ] Request (InstanceActionsTestJSON:tearDownClass): 200 GET http://10.180.1.21/compute/v2.1/servers/38a37ae2-bdd2-4eda-a6d1-b4ecf433f554 0.067s
2025-11-23 02:32:55.406 66289 INFO tempest.lib.common.ssh [-] ssh connection to cirros@10.180.180.158 successfully created
2025-11-23 02:32:55.756 66281 INFO tempest.lib.common.rest_client [req-94e00631-05b3-4bdf-b60f-0c3cb2ca045f req-94e00631-05b3-4bdf-b60f-0c3cb2ca045f ] Request (MigrationsAdminTest:test_list_migrations_in_flavor_resize_situation): 200 GET http://10.180.1.21/compute/v2.1/servers/4074eea6-87dd-4d44-aeeb-6645391a66a6 0.379s
2025-11-23 02:32:55.759 66289 INFO tempest.lib.common.rest_client [req-5b06f605-970d-4a75-ab02-05a8c074c3b6 req-5b06f605-970d-4a75-ab02-05a8c074c3b6 ] Request (ServerActionsTestOtherB:setUp): 200 GET http://10.180.1.21/compute/v2.1/servers/34ae5112-bf1c-42b1-8af5-131df2398467 0.351s
2025-11-23 02:32:55.814 66269 INFO tempest.lib.common.rest_client [req-62469a40-a090-44e1-96ca-84fda93336db req-62469a40-a090-44e1-96ca-84fda93336db ] Request (ListServerFiltersTestJSON:tearDownClass): 200 GET http://10.180.1.21/compute/v2.1/servers/9e8c6014-c496-4086-a84c-25ac0460c7d7 0.381s
2025-11-23 02:32:55.816 66319 INFO tempest.lib.common.rest_client [req-b898f8ad-38a5-45e0-955e-f240c6b11e24 req-b898f8ad-38a5-45e0-955e-f240c6b11e24 ] Request (ServerMetadataTestJSON:tearDownClass): 200 GET http://10.180.1.21/compute/v2.1/servers/d63392a7-912e-4222-89f2-d68cad5295b3 0.361s
2025-11-23 02:32:55.865 66311 INFO tempest.lib.common.rest_client [req-84a05913-2994-45eb-a2d3-c56a0677971d req-84a05913-2994-45eb-a2d3-c56a0677971d ] Request (ImagesOneServerNegativeTestJSON:_run_cleanups): 200 GET http://10.180.1.21/compute/v2.1/servers/348b7c06-1185-49a2-9669-9e9883363ab0 0.370s
2025-11-23 02:32:55.872 66311 INFO tempest.common.waiters [-] State transition "BUILD/None" ==> "BUILD/networking" after 47 second wait
2025-11-23 02:32:55.882 66321 INFO tempest.lib.common.rest_client [req-0ce21fb8-b3a7-4eef-8cdc-12766324216a req-0ce21fb8-b3a7-4eef-8cdc-12766324216a ] Request (InstanceActionsV221TestJSON:test_get_list_deleted_instance_actions): 200 GET http://10.180.1.21/compute/v2.1/servers/d4145611-a776-4ccb-b985-9836c29cfa0a 0.247s
2025-11-23 02:32:55.916 66303 INFO tempest.lib.common.rest_client [req-f9d9aef4-a00a-4f4d-8c3d-417edd74a566 req-f9d9aef4-a00a-4f4d-8c3d-417edd74a566 ] Request (ServerActionsV293TestJSON:setUpClass): 200 GET http://10.180.1.21/compute/v2.1/servers/96bd9040-0414-4c8e-8852-6d88ed438e28 0.213s
2025-11-23 02:32:55.931 66327 INFO tempest.lib.common.rest_client [req-458a2be9-8318-481f-85b8-20f1eab9f217 req-458a2be9-8318-481f-85b8-20f1eab9f217 ] Request (ServersTestJSON:test_create_server_with_ipv6_addr_only): 200 GET http://10.180.1.21/compute/v2.1/servers/4311b3e0-e32e-4ed8-ada5-70332a144ae2 0.171s
2025-11-23 02:32:55.980 66325 INFO tempest.lib.common.rest_client [req-96531959-870c-4b72-911f-8bfa2c9aea38 req-96531959-870c-4b72-911f-8bfa2c9aea38 ] Request (ServerAddressesTestJSON:setUpClass): 200 GET http://10.180.1.21/compute/v2.1/servers/7467af98-aaa8-4e40-9055-09d166cf08e9 0.195s
2025-11-23 02:32:56.027 66317 INFO tempest.lib.common.rest_client [req-dc8f9fe4-2dbc-49c3-9b00-39b4811bb121 req-dc8f9fe4-2dbc-49c3-9b00-39b4811bb121 ] Request (ImagesTestJSON:test_create_server_from_snapshot): 200 GET http://10.180.1.21/compute/v2.1/servers/ed1a7e14-faf5-4023-8654-d91dfd790abd 0.218s
2025-11-23 02:32:56.081 66287 INFO tempest.lib.common.rest_client [req-47421e1c-a97f-4e13-81c4-39c248dec288 req-47421e1c-a97f-4e13-81c4-39c248dec288 ] Request (ServersAdminNegativeTestJSON:tearDownClass): 200 GET http://10.180.1.21/compute/v2.1/servers/cdd5e911-df6c-49ae-9908-cc947b5abc5d 0.236s
2025-11-23 02:32:56.126 66293 INFO tempest.lib.common.rest_client [req-ffa47d07-d505-4230-b9da-14902f9f49df req-ffa47d07-d505-4230-b9da-14902f9f49df ] Request (ServersAdminTestJSON:test_inject_network_info): 200 GET http://10.180.1.21/compute/v2.1/servers/387f62a8-a753-4465-a5cc-38423951f89a 0.253s
2025-11-23 02:32:56.182 66298 INFO tempest.lib.common.rest_client [req-4f2442f8-108b-46c8-8f15-270dc35e4339 req-4f2442f8-108b-46c8-8f15-270dc35e4339 ] Request (VolumesAssistedSnapshotsTest:tearDownClass): 200 GET http://10.180.1.21/compute/v2.1/servers/bc63a698-14d4-43c3-b8cf-7d12a2c96dd4 0.279s
2025-11-23 02:32:56.243 66324 INFO tempest.lib.common.rest_client [req-bbf4d12a-dd50-488e-8292-b4d1de801e6e req-bbf4d12a-dd50-488e-8292-b4d1de801e6e ] Request (ServersTestJSON:setUpClass): 200 GET http://10.180.1.21/compute/v2.1/servers/f157c5b8-6b38-4254-b622-67c89535cb5d 0.293s
2025-11-23 02:32:56.256 66324 INFO tempest.common.waiters [-] State transition "BUILD/scheduling" ==> "BUILD/None" after 25 second wait
2025-11-23 02:32:56.318 66299 INFO tempest.lib.common.rest_client [req-7869e61d-6b51-436c-9f4b-36caa0ba41de req-7869e61d-6b51-436c-9f4b-36caa0ba41de ] Request (FloatingIPsAssociationTestJSON:tearDownClass): 200 GET http://10.180.1.21/compute/v2.1/servers/a43f081b-8e85-4b8b-b880-7db2e0f9d802 0.341s
2025-11-23 02:32:56.360 66289 INFO tempest.lib.common.rest_client [req-57cce77a-6e80-4b84-aa9e-d0faaee0b1ff req-57cce77a-6e80-4b84-aa9e-d0faaee0b1ff ] Request (ServerActionsTestOtherB:test_create_backup): 202 POST http://10.180.1.21/compute/v2.1/servers/34ae5112-bf1c-42b1-8af5-131df2398467/action 0.594s
2025-11-23 02:32:56.374 66289 INFO tempest.lib.common.rest_client [req-5325bada-419c-4675-bde0-d3585f090322 req-5325bada-419c-4675-bde0-d3585f090322 ] Request (ServerActionsTestOtherB:test_create_backup): 200 GET http://10.180.1.21/image/v2/images/cd6efe5a-1488-4f53-8e4c-effb1c961e5c 0.013s
2025-11-23 02:32:56.466 66283 INFO tempest.lib.common.rest_client [req-0ebb27f6-4273-4350-99fc-65ea4ab04e6d req-0ebb27f6-4273-4350-99fc-65ea4ab04e6d ] Request (ServersWithSpecificFlavorTestJSON:test_verify_created_server_ephemeral_disk): 200 GET http://10.180.1.21/compute/v2.1/servers/926f97a5-060c-47a3-944c-b0eb4d6634f4 0.381s
2025-11-23 02:32:56.530 66291 INFO tempest.lib.common.rest_client [req-bfb3a2ce-fd47-45c3-84fc-ec350209350f req-bfb3a2ce-fd47-45c3-84fc-ec350209350f ] Request (ServerTagsTestJSON:setUpClass): 200 GET http://10.180.1.21/compute/v2.1/servers/16a40b00-60eb-41ed-aa5d-de7a34018408 0.476s
2025-11-23 02:32:56.596 66265 INFO tempest.lib.common.rest_client [req-90052532-2a32-4c5e-ab55-dca5c299a567 req-90052532-2a32-4c5e-ab55-dca5c299a567 ] Request (SecurityGroupsTestJSON:test_list_security_groups_by_server): 200 GET http://10.180.1.21/compute/v2.1/servers/a4266d21-78af-452f-b273-413bd46ae3fa 0.432s
2025-11-23 02:32:56.629 66279 INFO tempest.lib.common.rest_client [req-5f00bbd7-f25a-4d29-bfc7-07f96d60abb2 req-5f00bbd7-f25a-4d29-bfc7-07f96d60abb2 ] Request (ListImageFiltersTestJSON:tearDownClass): 200 GET http://10.180.1.21/compute/v2.1/servers/02606008-c5e6-4e8e-9249-071a06041be7 0.447s
2025-11-23 02:32:56.665 66277 INFO tempest.lib.common.rest_client [req-ab4b8f05-06ce-483f-a551-67336e9fc621 req-ab4b8f05-06ce-483f-a551-67336e9fc621 ] Request (ServerShowV247Test:tearDownClass): 200 GET http://10.180.1.21/compute/v2.1/servers/ce52bfd8-189b-4781-ba5b-fc60b5031aac 0.421s
2025-11-23 02:32:56.678 66305 INFO tempest.lib.common.rest_client [req-64c99081-e2f5-42ba-97b1-4f429000a034 req-64c99081-e2f5-42ba-97b1-4f429000a034 ] Request (MultipleCreateTestJSON:test_multiple_create_with_reservation_return): 200 GET http://10.180.1.21/compute/v2.1/servers/0ecf65cb-f96c-4727-bc6a-d745d073f8d2 0.428s
2025-11-23 02:32:56.725 66275 INFO tempest.lib.common.rest_client [req-e2781354-2503-49af-bb30-96f43e5ea77b req-e2781354-2503-49af-bb30-96f43e5ea77b ] Request (ServersNegativeTestJSON:setUpClass): 200 GET http://10.180.1.21/compute/v2.1/servers/52e75acd-27b4-4dc3-a3c1-c8b8dd1ac36a 0.421s
2025-11-23 02:32:56.756 66273 INFO tempest.lib.common.rest_client [req-a75fb6df-77c8-41c7-9f24-d6131f17f3ee req-a75fb6df-77c8-41c7-9f24-d6131f17f3ee ] Request (DeleteServersAdminTestJSON:test_admin_delete_servers_of_others): 200 GET http://10.180.1.21/compute/v2.1/servers/f2b3d5af-2828-4a91-a9e4-f0aabaa137e3 0.439s
2025-11-23 02:32:56.792 66315 INFO tempest.lib.common.rest_client [req-d0fb1882-b1ff-4ce2-be5c-3b40c344efcc req-d0fb1882-b1ff-4ce2-be5c-3b40c344efcc ] Request (ServerRescueNegativeTestJSON:test_rescued_vm_detach_volume): 200 GET http://10.180.1.21/compute/v2.1/servers/c0771b1c-6f43-4d9a-8a77-69e05643663f 0.438s
2025-11-23 02:32:56.825 66309 INFO tempest.lib.common.rest_client [req-03195504-7cec-49c0-a875-63c4431bead0 req-03195504-7cec-49c0-a875-63c4431bead0 ] Request (InstanceActionsTestJSON:tearDownClass): 200 GET http://10.180.1.21/compute/v2.1/servers/38a37ae2-bdd2-4eda-a6d1-b4ecf433f554 0.413s
2025-11-23 02:32:56.940 66269 INFO tempest.lib.common.rest_client [req-5ef48d4a-ccc4-4776-9d95-77aa0f7f2a43 req-5ef48d4a-ccc4-4776-9d95-77aa0f7f2a43 ] Request (ListServerFiltersTestJSON:tearDownClass): 200 GET http://10.180.1.21/compute/v2.1/servers/9e8c6014-c496-4086-a84c-25ac0460c7d7 0.117s
2025-11-23 02:32:56.963 66281 INFO tempest.lib.common.rest_client [req-c9117ec8-896f-425d-961c-91445f0bfae2 req-c9117ec8-896f-425d-961c-91445f0bfae2 ] Request (MigrationsAdminTest:test_list_migrations_in_flavor_resize_situation): 200 GET http://10.180.1.21/compute/v2.1/servers/4074eea6-87dd-4d44-aeeb-6645391a66a6 0.199s
2025-11-23 02:32:57.004 66319 INFO tempest.lib.common.rest_client [req-350facb3-d115-498f-9bdb-1c5299d4ed86 req-350facb3-d115-498f-9bdb-1c5299d4ed86 ] Request (ServerMetadataTestJSON:tearDownClass): 200 GET http://10.180.1.21/compute/v2.1/servers/d63392a7-912e-4222-89f2-d68cad5295b3 0.179s
2025-11-23 02:32:57.149 66321 INFO tempest.lib.common.rest_client [req-bf34e9f7-2c53-4672-abe1-339a5f9314ff req-bf34e9f7-2c53-4672-abe1-339a5f9314ff ] Request (InstanceActionsV221TestJSON:test_get_list_deleted_instance_actions): 200 GET http://10.180.1.21/compute/v2.1/servers/d4145611-a776-4ccb-b985-9836c29cfa0a 0.258s
2025-11-23 02:32:57.157 66321 INFO tempest.common.waiters [-] State transition "ACTIVE/deleting" ==> "DELETED/None" after 4 second wait
2025-11-23 02:32:57.170 66311 INFO tempest.lib.common.rest_client [req-46d81ab6-bdfd-4bda-977a-0e18cc02b062 req-46d81ab6-bdfd-4bda-977a-0e18cc02b062 ] Request (ImagesOneServerNegativeTestJSON:_run_cleanups): 200 GET http://10.180.1.21/compute/v2.1/servers/348b7c06-1185-49a2-9669-9e9883363ab0 0.294s
2025-11-23 02:32:57.176 66311 INFO tempest.common.waiters [-] State transition "BUILD/networking" ==> "BUILD/block_device_mapping" after 49 second wait
2025-11-23 02:32:57.208 66303 INFO tempest.lib.common.rest_client [req-3dd9d93c-5f1e-459a-9022-4a46e3db2bb1 req-3dd9d93c-5f1e-459a-9022-4a46e3db2bb1 ] Request (ServerActionsV293TestJSON:setUpClass): 200 GET http://10.180.1.21/compute/v2.1/servers/96bd9040-0414-4c8e-8852-6d88ed438e28 0.282s
2025-11-23 02:32:57.217 66327 INFO tempest.lib.common.rest_client [req-c42e928b-3125-472f-bd86-864b9554695d req-c42e928b-3125-472f-bd86-864b9554695d ] Request (ServersTestJSON:test_create_server_with_ipv6_addr_only): 200 GET http://10.180.1.21/compute/v2.1/servers/4311b3e0-e32e-4ed8-ada5-70332a144ae2 0.278s
2025-11-23 02:32:57.269 66325 INFO tempest.lib.common.rest_client [req-07b47191-487c-4580-a667-ec31199b1b45 req-07b47191-487c-4580-a667-ec31199b1b45 ] Request (ServerAddressesTestJSON:setUpClass): 200 GET http://10.180.1.21/compute/v2.1/servers/7467af98-aaa8-4e40-9055-09d166cf08e9 0.281s
2025-11-23 02:32:57.287 66317 INFO tempest.lib.common.rest_client [req-e78297eb-08db-4520-80b9-05284241f1fb req-e78297eb-08db-4520-80b9-05284241f1fb ] Request (ImagesTestJSON:test_create_server_from_snapshot): 200 GET http://10.180.1.21/compute/v2.1/servers/ed1a7e14-faf5-4023-8654-d91dfd790abd 0.249s
2025-11-23 02:32:57.348 66287 INFO tempest.lib.common.rest_client [req-22a27456-21c4-4688-8d01-ee6487193dba req-22a27456-21c4-4688-8d01-ee6487193dba ] Request (ServersAdminNegativeTestJSON:tearDownClass): 200 GET http://10.180.1.21/compute/v2.1/servers/cdd5e911-df6c-49ae-9908-cc947b5abc5d 0.258s
2025-11-23 02:32:57.363 66293 INFO tempest.lib.common.rest_client [req-8096bdaf-a133-406f-abe3-68681603f0dd req-8096bdaf-a133-406f-abe3-68681603f0dd ] Request (ServersAdminTestJSON:test_inject_network_info): 200 GET http://10.180.1.21/compute/v2.1/servers/387f62a8-a753-4465-a5cc-38423951f89a 0.229s
2025-11-23 02:32:57.402 66289 INFO tempest.lib.common.rest_client [req-c6171c2c-d77b-4187-8927-4417a8926d15 req-c6171c2c-d77b-4187-8927-4417a8926d15 ] Request (ServerActionsTestOtherB:test_create_backup): 200 GET http://10.180.1.21/image/v2/images/cd6efe5a-1488-4f53-8e4c-effb1c961e5c 0.026s
2025-11-23 02:32:57.423 66298 INFO tempest.lib.common.rest_client [req-998052c9-f6d8-4496-94ca-6339dfc34909 req-998052c9-f6d8-4496-94ca-6339dfc34909 ] Request (VolumesAssistedSnapshotsTest:tearDownClass): 200 GET http://10.180.1.21/compute/v2.1/servers/bc63a698-14d4-43c3-b8cf-7d12a2c96dd4 0.232s
2025-11-23 02:32:57.437 66324 INFO tempest.lib.common.rest_client [req-ea810607-9390-4115-8460-60545e7fbf61 req-ea810607-9390-4115-8460-60545e7fbf61 ] Request (ServersTestJSON:setUpClass): 200 GET http://10.180.1.21/compute/v2.1/servers/f157c5b8-6b38-4254-b622-67c89535cb5d 0.180s
2025-11-23 02:32:57.486 66299 INFO tempest.lib.common.rest_client [req-792baddc-3ffc-435a-98ca-864c8c4e59ae req-792baddc-3ffc-435a-98ca-864c8c4e59ae ] Request (FloatingIPsAssociationTestJSON:tearDownClass): 200 GET http://10.180.1.21/compute/v2.1/servers/a43f081b-8e85-4b8b-b880-7db2e0f9d802 0.160s
2025-11-23 02:32:57.531 66283 INFO tempest.lib.common.rest_client [req-ff2f62c8-e45d-4b87-8188-f61052e652bc req-ff2f62c8-e45d-4b87-8188-f61052e652bc ] Request (ServersWithSpecificFlavorTestJSON:test_verify_created_server_ephemeral_disk): 200 GET http://10.180.1.21/compute/v2.1/servers/926f97a5-060c-47a3-944c-b0eb4d6634f4 0.058s
2025-11-23 02:32:57.702 66291 INFO tempest.lib.common.rest_client [req-b74e9105-e3f3-4ced-a898-4f8c69aef0c7 req-b74e9105-e3f3-4ced-a898-4f8c69aef0c7 ] Request (ServerTagsTestJSON:setUpClass): 200 GET http://10.180.1.21/compute/v2.1/servers/16a40b00-60eb-41ed-aa5d-de7a34018408 0.157s
2025-11-23 02:32:57.773 66265 INFO tempest.lib.common.rest_client [req-c48ec0f1-a335-4c74-9398-101a0b9df270 req-c48ec0f1-a335-4c74-9398-101a0b9df270 ] Request (SecurityGroupsTestJSON:test_list_security_groups_by_server): 200 GET http://10.180.1.21/compute/v2.1/servers/a4266d21-78af-452f-b273-413bd46ae3fa 0.168s
2025-11-23 02:32:57.783 66265 INFO tempest.common.waiters [-] State transition "BUILD/spawning" ==> "ACTIVE/None" after 52 second wait
2025-11-23 02:32:57.793 66279 INFO tempest.lib.common.rest_client [req-6faa1353-9954-41e4-9ecd-a7f5cd12e90f req-6faa1353-9954-41e4-9ecd-a7f5cd12e90f ] Request (ListImageFiltersTestJSON:tearDownClass): 200 GET http://10.180.1.21/compute/v2.1/servers/02606008-c5e6-4e8e-9249-071a06041be7 0.154s
2025-11-23 02:32:57.869 66277 INFO tempest.lib.common.rest_client [req-0b6c68b4-9e57-403d-ad11-786edf3923e3 req-0b6c68b4-9e57-403d-ad11-786edf3923e3 ] Request (ServerShowV247Test:tearDownClass): 200 GET http://10.180.1.21/compute/v2.1/servers/ce52bfd8-189b-4781-ba5b-fc60b5031aac 0.192s
2025-11-23 02:32:57.882 66305 INFO tempest.lib.common.rest_client [req-f0efbd61-f9c1-4a05-9288-4f8ee867512d req-f0efbd61-f9c1-4a05-9288-4f8ee867512d ] Request (MultipleCreateTestJSON:test_multiple_create_with_reservation_return): 200 GET http://10.180.1.21/compute/v2.1/servers/0ecf65cb-f96c-4727-bc6a-d745d073f8d2 0.195s
2025-11-23 02:32:57.945 66275 INFO tempest.lib.common.rest_client [req-25c81b51-3a6b-4359-9d7c-1d018825ff19 req-25c81b51-3a6b-4359-9d7c-1d018825ff19 ] Request (ServersNegativeTestJSON:setUpClass): 200 GET http://10.180.1.21/compute/v2.1/servers/52e75acd-27b4-4dc3-a3c1-c8b8dd1ac36a 0.207s
2025-11-23 02:32:57.960 66273 INFO tempest.lib.common.rest_client [req-a368cb30-9c33-4e8c-aff7-8cb344b57703 req-a368cb30-9c33-4e8c-aff7-8cb344b57703 ] Request (DeleteServersAdminTestJSON:test_admin_delete_servers_of_others): 200 GET http://10.180.1.21/compute/v2.1/servers/f2b3d5af-2828-4a91-a9e4-f0aabaa137e3 0.192s
2025-11-23 02:32:58.041 66315 INFO tempest.lib.common.rest_client [req-bdbb19e2-25c7-4b59-9299-92fced2a6ea0 req-bdbb19e2-25c7-4b59-9299-92fced2a6ea0 ] Request (ServerRescueNegativeTestJSON:test_rescued_vm_detach_volume): 200 GET http://10.180.1.21/compute/v2.1/servers/c0771b1c-6f43-4d9a-8a77-69e05643663f 0.236s
2025-11-23 02:32:58.242 66309 INFO tempest.lib.common.rest_client [req-b4ec6de5-3f4b-4c28-944e-0a53bf2ca21e req-b4ec6de5-3f4b-4c28-944e-0a53bf2ca21e ] Request (InstanceActionsTestJSON:tearDownClass): 200 GET http://10.180.1.21/compute/v2.1/servers/38a37ae2-bdd2-4eda-a6d1-b4ecf433f554 0.406s
2025-11-23 02:32:58.261 66285 WARNING tempest.lib.common.ssh [-] Failed to establish authenticated ssh connection to cirros@10.180.180.194 ([Errno None] Unable to connect to port 22 on 10.180.180.194). Number attempts: 10. Retry after 11 seconds.: paramiko.ssh_exception.NoValidConnectionsError: [Errno None] Unable to connect to port 22 on 10.180.180.194
2025-11-23 02:32:58.327 66269 INFO tempest.lib.common.rest_client [req-a6f7a436-c31c-4361-887c-bc3bf710d58f req-a6f7a436-c31c-4361-887c-bc3bf710d58f ] Request (ListServerFiltersTestJSON:tearDownClass): 200 GET http://10.180.1.21/compute/v2.1/servers/9e8c6014-c496-4086-a84c-25ac0460c7d7 0.379s
2025-11-23 02:32:58.355 66265 INFO tempest.lib.common.rest_client [req-d9c72d4a-65a8-4727-8715-e287d3260e38 req-d9c72d4a-65a8-4727-8715-e287d3260e38 ] Request (SecurityGroupsTestJSON:test_list_security_groups_by_server): 202 POST http://10.180.1.21/compute/v2.1/servers/a4266d21-78af-452f-b273-413bd46ae3fa/action 0.569s
2025-11-23 02:32:58.409 66319 INFO tempest.lib.common.rest_client [req-6d16bcf6-d71a-4ac7-841a-499ff8b0f430 req-6d16bcf6-d71a-4ac7-841a-499ff8b0f430 ] Request (ServerMetadataTestJSON:tearDownClass): 200 GET http://10.180.1.21/compute/v2.1/servers/d63392a7-912e-4222-89f2-d68cad5295b3 0.395s
2025-11-23 02:32:58.426 66289 INFO tempest.lib.common.rest_client [req-f5e895ab-e2cc-4e6c-8ac7-19e7caf50b49 req-f5e895ab-e2cc-4e6c-8ac7-19e7caf50b49 ] Request (ServerActionsTestOtherB:test_create_backup): 200 GET http://10.180.1.21/image/v2/images/cd6efe5a-1488-4f53-8e4c-effb1c961e5c 0.022s
2025-11-23 02:32:58.494 66281 INFO tempest.lib.common.rest_client [req-dd69ceb7-7123-439a-927e-3dc26de9a787 req-dd69ceb7-7123-439a-927e-3dc26de9a787 ] Request (MigrationsAdminTest:test_list_migrations_in_flavor_resize_situation): 200 GET http://10.180.1.21/compute/v2.1/servers/4074eea6-87dd-4d44-aeeb-6645391a66a6 0.520s
2025-11-23 02:32:58.502 66281 INFO tempest.common.waiters [-] State transition "RESIZE/resize_migrating" ==> "RESIZE/resize_migrated" after 49 second wait
2025-11-23 02:32:58.511 66321 INFO tempest.lib.common.rest_client [req-75a78987-62c9-46e8-86b8-a0beb0fb7400 req-75a78987-62c9-46e8-86b8-a0beb0fb7400 ] Request (InstanceActionsV221TestJSON:test_get_list_deleted_instance_actions): 200 GET http://10.180.1.21/compute/v2.1/servers/d4145611-a776-4ccb-b985-9836c29cfa0a 0.353s
2025-11-23 02:32:58.585 66303 INFO tempest.lib.common.rest_client [req-e3da0d85-02a0-4ad4-aab8-d10148533a67 req-e3da0d85-02a0-4ad4-aab8-d10148533a67 ] Request (ServerActionsV293TestJSON:setUpClass): 200 GET http://10.180.1.21/compute/v2.1/servers/96bd9040-0414-4c8e-8852-6d88ed438e28 0.364s
2025-11-23 02:32:58.612 66311 INFO tempest.lib.common.rest_client [req-63233f0a-c300-49d9-aca9-6eca85522ac2 req-63233f0a-c300-49d9-aca9-6eca85522ac2 ] Request (ImagesOneServerNegativeTestJSON:_run_cleanups): 200 GET http://10.180.1.21/compute/v2.1/servers/348b7c06-1185-49a2-9669-9e9883363ab0 0.434s
2025-11-23 02:32:58.619 66311 INFO tempest.common.waiters [-] State transition "BUILD/block_device_mapping" ==> "BUILD/spawning" after 50 second wait
2025-11-23 02:32:58.637 66327 INFO tempest.lib.common.rest_client [req-b1296b85-c673-406d-9b5a-3ee51b0b6ae9 req-b1296b85-c673-406d-9b5a-3ee51b0b6ae9 ] Request (ServersTestJSON:test_create_server_with_ipv6_addr_only): 200 GET http://10.180.1.21/compute/v2.1/servers/4311b3e0-e32e-4ed8-ada5-70332a144ae2 0.411s
2025-11-23 02:32:58.660 66325 INFO tempest.lib.common.rest_client [req-6a2cfa1c-7886-4e76-bded-3696c6988945 req-6a2cfa1c-7886-4e76-bded-3696c6988945 ] Request (ServerAddressesTestJSON:setUpClass): 200 GET http://10.180.1.21/compute/v2.1/servers/7467af98-aaa8-4e40-9055-09d166cf08e9 0.379s
2025-11-23 02:32:58.667 66325 INFO tempest.common.waiters [-] State transition "BUILD/scheduling" ==> "BUILD/None" after 24 second wait
2025-11-23 02:32:58.686 66317 INFO tempest.lib.common.rest_client [req-7fcbc17c-ba07-4d5d-a1f4-1e49aa189d77 req-7fcbc17c-ba07-4d5d-a1f4-1e49aa189d77 ] Request (ImagesTestJSON:test_create_server_from_snapshot): 200 GET http://10.180.1.21/compute/v2.1/servers/ed1a7e14-faf5-4023-8654-d91dfd790abd 0.390s
2025-11-23 02:32:58.742 66287 INFO tempest.lib.common.rest_client [req-d6ceeff7-64c9-4b4b-a2a0-36e7a75511d9 req-d6ceeff7-64c9-4b4b-a2a0-36e7a75511d9 ] Request (ServersAdminNegativeTestJSON:tearDownClass): 200 GET http://10.180.1.21/compute/v2.1/servers/cdd5e911-df6c-49ae-9908-cc947b5abc5d 0.385s
2025-11-23 02:32:58.794 66293 INFO tempest.lib.common.rest_client [req-1088f1e5-82b0-49a6-a0e6-d3da7717b55f req-1088f1e5-82b0-49a6-a0e6-d3da7717b55f ] Request (ServersAdminTestJSON:test_inject_network_info): 200 GET http://10.180.1.21/compute/v2.1/servers/387f62a8-a753-4465-a5cc-38423951f89a 0.422s
2025-11-23 02:32:58.860 66298 INFO tempest.lib.common.rest_client [req-9f971fbc-7649-48a4-a62a-050543bc3312 req-9f971fbc-7649-48a4-a62a-050543bc3312 ] Request (VolumesAssistedSnapshotsTest:tearDownClass): 200 GET http://10.180.1.21/compute/v2.1/servers/bc63a698-14d4-43c3-b8cf-7d12a2c96dd4 0.429s
2025-11-23 02:32:58.916 66324 INFO tempest.lib.common.rest_client [req-b105c90d-5cf7-4a7d-a423-f7b6e5ed2eef req-b105c90d-5cf7-4a7d-a423-f7b6e5ed2eef ] Request (ServersTestJSON:setUpClass): 200 GET http://10.180.1.21/compute/v2.1/servers/f157c5b8-6b38-4254-b622-67c89535cb5d 0.470s
2025-11-23 02:32:58.985 66299 INFO tempest.lib.common.rest_client [req-3c84f2f2-a5a9-498c-9276-919af48e4df2 req-3c84f2f2-a5a9-498c-9276-919af48e4df2 ] Request (FloatingIPsAssociationTestJSON:tearDownClass): 200 GET http://10.180.1.21/compute/v2.1/servers/a43f081b-8e85-4b8b-b880-7db2e0f9d802 0.491s
2025-11-23 02:32:59.041 66283 INFO tempest.lib.common.rest_client [req-f13780f6-b1f3-4490-86b3-6ba4169b1124 req-f13780f6-b1f3-4490-86b3-6ba4169b1124 ] Request (ServersWithSpecificFlavorTestJSON:test_verify_created_server_ephemeral_disk): 200 GET http://10.180.1.21/compute/v2.1/servers/926f97a5-060c-47a3-944c-b0eb4d6634f4 0.501s
2025-11-23 02:32:59.076 66265 INFO tempest.lib.common.rest_client [req-64a43712-7e45-41ac-816b-b2d7ca188f77 req-64a43712-7e45-41ac-816b-b2d7ca188f77 ] Request (SecurityGroupsTestJSON:test_list_security_groups_by_server): 202 POST http://10.180.1.21/compute/v2.1/servers/a4266d21-78af-452f-b273-413bd46ae3fa/action 0.721s
2025-11-23 02:32:59.141 66291 INFO tempest.lib.common.rest_client [req-c62aa5aa-3ff8-4f94-91d5-5dabd43f14a6 req-c62aa5aa-3ff8-4f94-91d5-5dabd43f14a6 ] Request (ServerTagsTestJSON:setUpClass): 200 GET http://10.180.1.21/compute/v2.1/servers/16a40b00-60eb-41ed-aa5d-de7a34018408 0.429s
2025-11-23 02:32:59.153 66279 INFO tempest.lib.common.rest_client [req-73823cc6-bac5-48d8-a780-7b4ab003e2cc req-73823cc6-bac5-48d8-a780-7b4ab003e2cc ] Request (ListImageFiltersTestJSON:tearDownClass): 200 GET http://10.180.1.21/compute/v2.1/servers/02606008-c5e6-4e8e-9249-071a06041be7 0.349s
2025-11-23 02:32:59.201 66277 INFO tempest.lib.common.rest_client [req-87a23b37-20d1-4193-80cf-7296d5b57f55 req-87a23b37-20d1-4193-80cf-7296d5b57f55 ] Request (ServerShowV247Test:tearDownClass): 200 GET http://10.180.1.21/compute/v2.1/servers/ce52bfd8-189b-4781-ba5b-fc60b5031aac 0.321s
2025-11-23 02:32:59.206 66305 INFO tempest.lib.common.rest_client [req-6dc8a1f8-3d82-470f-9a1d-1348d0e84c2e req-6dc8a1f8-3d82-470f-9a1d-1348d0e84c2e ] Request (MultipleCreateTestJSON:test_multiple_create_with_reservation_return): 200 GET http://10.180.1.21/compute/v2.1/servers/0ecf65cb-f96c-4727-bc6a-d745d073f8d2 0.313s
2025-11-23 02:32:59.295 66275 INFO tempest.lib.common.rest_client [req-6486a776-bf2c-4c59-80c1-e994215981e0 req-6486a776-bf2c-4c59-80c1-e994215981e0 ] Request (ServersNegativeTestJSON:setUpClass): 200 GET http://10.180.1.21/compute/v2.1/servers/52e75acd-27b4-4dc3-a3c1-c8b8dd1ac36a 0.338s
2025-11-23 02:32:59.308 66273 INFO tempest.lib.common.rest_client [req-106fbf5e-7eed-45cc-a41c-2a698a4dd49e req-106fbf5e-7eed-45cc-a41c-2a698a4dd49e ] Request (DeleteServersAdminTestJSON:test_admin_delete_servers_of_others): 200 GET http://10.180.1.21/compute/v2.1/servers/f2b3d5af-2828-4a91-a9e4-f0aabaa137e3 0.333s
2025-11-23 02:32:59.395 66315 INFO tempest.lib.common.rest_client [req-f2bc1987-5fa2-4129-a21e-64d0f56f12eb req-f2bc1987-5fa2-4129-a21e-64d0f56f12eb ] Request (ServerRescueNegativeTestJSON:test_rescued_vm_detach_volume): 200 GET http://10.180.1.21/compute/v2.1/servers/c0771b1c-6f43-4d9a-8a77-69e05643663f 0.344s
2025-11-23 02:32:59.447 66289 INFO tempest.lib.common.rest_client [req-44f4848f-e160-400b-82a4-51f8942a1fc7 req-44f4848f-e160-400b-82a4-51f8942a1fc7 ] Request (ServerActionsTestOtherB:test_create_backup): 200 GET http://10.180.1.21/image/v2/images/cd6efe5a-1488-4f53-8e4c-effb1c961e5c 0.019s
2025-11-23 02:32:59.503 66265 INFO tempest.lib.common.rest_client [req-b140515c-cdc3-4cec-b438-af888fc3dbb8 req-b140515c-cdc3-4cec-b438-af888fc3dbb8 ] Request (SecurityGroupsTestJSON:test_list_security_groups_by_server): 200 GET http://10.180.1.21/compute/v2.1/servers/a4266d21-78af-452f-b273-413bd46ae3fa/os-security-groups 0.426s
2025-11-23 02:32:59.522 66309 INFO tempest.lib.common.rest_client [req-a33f80e0-cc8c-43f2-8ebd-2a7fbd1325f7 req-a33f80e0-cc8c-43f2-8ebd-2a7fbd1325f7 ] Request (InstanceActionsTestJSON:tearDownClass): 200 GET http://10.180.1.21/compute/v2.1/servers/38a37ae2-bdd2-4eda-a6d1-b4ecf433f554 0.270s
2025-11-23 02:32:59.579 66269 INFO tempest.lib.common.rest_client [req-6f5c699c-6eaa-4b16-be02-125247ddb893 req-6f5c699c-6eaa-4b16-be02-125247ddb893 ] Request (ListServerFiltersTestJSON:tearDownClass): 200 GET http://10.180.1.21/compute/v2.1/servers/9e8c6014-c496-4086-a84c-25ac0460c7d7 0.243s
2025-11-23 02:32:59.621 66319 INFO tempest.lib.common.rest_client [req-d322f679-1ed4-4c27-92e0-d1c87a37e74d req-d322f679-1ed4-4c27-92e0-d1c87a37e74d ] Request (ServerMetadataTestJSON:tearDownClass): 200 GET http://10.180.1.21/compute/v2.1/servers/d63392a7-912e-4222-89f2-d68cad5295b3 0.204s
2025-11-23 02:32:59.706 66281 INFO tempest.lib.common.rest_client [req-27a73fec-7001-4bd4-9cdd-2c1f563f1bad req-27a73fec-7001-4bd4-9cdd-2c1f563f1bad ] Request (MigrationsAdminTest:test_list_migrations_in_flavor_resize_situation): 200 GET http://10.180.1.21/compute/v2.1/servers/4074eea6-87dd-4d44-aeeb-6645391a66a6 0.203s
2025-11-23 02:32:59.768 66265 INFO tempest.lib.common.rest_client [req-529b9976-aced-454f-a43c-c9ad0e3dfbc0 req-529b9976-aced-454f-a43c-c9ad0e3dfbc0 ] Request (SecurityGroupsTestJSON:test_security_group_create_get_delete): 200 POST http://10.180.1.21/compute/v2.1/os-security-groups 0.256s
2025-11-23 02:32:59.772 66321 INFO tempest.lib.common.rest_client [req-3d168a79-7d9d-4808-91f3-96cedd0f8a82 req-3d168a79-7d9d-4808-91f3-96cedd0f8a82 ] Request (InstanceActionsV221TestJSON:test_get_list_deleted_instance_actions): 200 GET http://10.180.1.21/compute/v2.1/servers/d4145611-a776-4ccb-b985-9836c29cfa0a 0.248s
2025-11-23 02:32:59.829 66303 INFO tempest.lib.common.rest_client [req-3a6e4c1c-f3e1-48a1-815d-ae6999a7465c req-3a6e4c1c-f3e1-48a1-815d-ae6999a7465c ] Request (ServerActionsV293TestJSON:setUpClass): 200 GET http://10.180.1.21/compute/v2.1/servers/96bd9040-0414-4c8e-8852-6d88ed438e28 0.231s
2025-11-23 02:32:59.871 66311 INFO tempest.lib.common.rest_client [req-198bd091-6f19-4189-8c21-92ae912d7eff req-198bd091-6f19-4189-8c21-92ae912d7eff ] Request (ImagesOneServerNegativeTestJSON:_run_cleanups): 200 GET http://10.180.1.21/compute/v2.1/servers/348b7c06-1185-49a2-9669-9e9883363ab0 0.251s
2025-11-23 02:32:59.879 66327 INFO tempest.lib.common.rest_client [req-bcb6edf1-c325-4338-a690-5a31b174d3c0 req-bcb6edf1-c325-4338-a690-5a31b174d3c0 ] Request (ServersTestJSON:test_create_server_with_ipv6_addr_only): 200 GET http://10.180.1.21/compute/v2.1/servers/4311b3e0-e32e-4ed8-ada5-70332a144ae2 0.234s
2025-11-23 02:32:59.918 66325 INFO tempest.lib.common.rest_client [req-d790249b-e7a7-4bb9-960d-9c6aed841601 req-d790249b-e7a7-4bb9-960d-9c6aed841601 ] Request (ServerAddressesTestJSON:setUpClass): 200 GET http://10.180.1.21/compute/v2.1/servers/7467af98-aaa8-4e40-9055-09d166cf08e9 0.250s
2025-11-23 02:32:59.930 66317 INFO tempest.lib.common.rest_client [req-d6f603fd-19be-4115-a912-e5ad45a85b3c req-d6f603fd-19be-4115-a912-e5ad45a85b3c ] Request (ImagesTestJSON:test_create_server_from_snapshot): 200 GET http://10.180.1.21/compute/v2.1/servers/ed1a7e14-faf5-4023-8654-d91dfd790abd 0.236s
2025-11-23 02:32:59.961 66265 INFO tempest.lib.common.rest_client [req-9d1af014-4eb6-4e19-9609-13d7faab65d4 req-9d1af014-4eb6-4e19-9609-13d7faab65d4 ] Request (SecurityGroupsTestJSON:test_security_group_create_get_delete): 200 GET http://10.180.1.21/compute/v2.1/os-security-groups/b0b147a4-d02a-40a2-8020-b0b574c2546c 0.190s
2025-11-23 02:32:59.974 66287 INFO tempest.lib.common.rest_client [req-3f49a086-1653-4a57-a2ea-c69f6ec8e156 req-3f49a086-1653-4a57-a2ea-c69f6ec8e156 ] Request (ServersAdminNegativeTestJSON:tearDownClass): 200 GET http://10.180.1.21/compute/v2.1/servers/cdd5e911-df6c-49ae-9908-cc947b5abc5d 0.223s
2025-11-23 02:33:00.019 66293 INFO tempest.lib.common.rest_client [req-48bdbe8e-dcf4-4919-b2a2-bbf49b47660d req-48bdbe8e-dcf4-4919-b2a2-bbf49b47660d ] Request (ServersAdminTestJSON:test_inject_network_info): 200 GET http://10.180.1.21/compute/v2.1/servers/387f62a8-a753-4465-a5cc-38423951f89a 0.217s
2025-11-23 02:33:00.041 66298 INFO tempest.lib.common.rest_client [req-ecb12b19-5d0e-4543-b69f-2c80ffa956ab req-ecb12b19-5d0e-4543-b69f-2c80ffa956ab ] Request (VolumesAssistedSnapshotsTest:tearDownClass): 200 GET http://10.180.1.21/compute/v2.1/servers/bc63a698-14d4-43c3-b8cf-7d12a2c96dd4 0.173s
2025-11-23 02:33:00.077 66324 INFO tempest.lib.common.rest_client [req-903c3404-90a3-4570-850c-0c35c066021d req-903c3404-90a3-4570-850c-0c35c066021d ] Request (ServersTestJSON:setUpClass): 200 GET http://10.180.1.21/compute/v2.1/servers/f157c5b8-6b38-4254-b622-67c89535cb5d 0.153s
2025-11-23 02:33:00.168 66265 INFO tempest.lib.common.rest_client [req-67fa9e93-2fff-4aab-924e-8244c5a5dd88 req-67fa9e93-2fff-4aab-924e-8244c5a5dd88 ] Request (SecurityGroupsTestJSON:test_security_group_create_get_delete): 202 DELETE http://10.180.1.21/compute/v2.1/os-security-groups/b0b147a4-d02a-40a2-8020-b0b574c2546c 0.204s
2025-11-23 02:33:00.173 66299 INFO tempest.lib.common.rest_client [req-8f8e7173-9583-41d9-ba56-e1f0908c3df7 req-8f8e7173-9583-41d9-ba56-e1f0908c3df7 ] Request (FloatingIPsAssociationTestJSON:tearDownClass): 200 GET http://10.180.1.21/compute/v2.1/servers/a43f081b-8e85-4b8b-b880-7db2e0f9d802 0.180s
2025-11-23 02:33:00.231 66283 INFO tempest.lib.common.rest_client [req-a74bff58-059a-4e52-acc9-64264daf8842 req-a74bff58-059a-4e52-acc9-64264daf8842 ] Request (ServersWithSpecificFlavorTestJSON:test_verify_created_server_ephemeral_disk): 200 GET http://10.180.1.21/compute/v2.1/servers/926f97a5-060c-47a3-944c-b0eb4d6634f4 0.177s
2025-11-23 02:33:00.367 66279 INFO tempest.lib.common.rest_client [req-b6398a3f-bfbc-480b-b378-0f01ccb5c539 req-b6398a3f-bfbc-480b-b378-0f01ccb5c539 ] Request (ListImageFiltersTestJSON:tearDownClass): 200 GET http://10.180.1.21/compute/v2.1/servers/02606008-c5e6-4e8e-9249-071a06041be7 0.206s
2025-11-23 02:33:00.379 66307 WARNING tempest.lib.common.ssh [-] Failed to establish authenticated ssh connection to cirros@10.180.180.199 ([Errno None] Unable to connect to port 22 on 10.180.180.199). Number attempts: 7. Retry after 8 seconds.: paramiko.ssh_exception.NoValidConnectionsError: [Errno None] Unable to connect to port 22 on 10.180.180.199
2025-11-23 02:33:00.401 66291 INFO tempest.lib.common.rest_client [req-7eed6423-3143-46ad-b603-a470ffb46887 req-7eed6423-3143-46ad-b603-a470ffb46887 ] Request (ServerTagsTestJSON:setUpClass): 200 GET http://10.180.1.21/compute/v2.1/servers/16a40b00-60eb-41ed-aa5d-de7a34018408 0.249s
2025-11-23 02:33:00.405 66265 INFO tempest.lib.common.rest_client [req-b516f427-1e09-49cd-b6f0-32a8867fa95d req-b516f427-1e09-49cd-b6f0-32a8867fa95d ] Request (SecurityGroupsTestJSON:test_security_group_create_get_delete): 404 GET http://10.180.1.21/compute/v2.1/os-security-groups/b0b147a4-d02a-40a2-8020-b0b574c2546c 0.236s
2025-11-23 02:33:00.471 66289 INFO tempest.lib.common.rest_client [req-9ea97410-f2e4-443e-8c0d-53377037adfa req-9ea97410-f2e4-443e-8c0d-53377037adfa ] Request (ServerActionsTestOtherB:test_create_backup): 200 GET http://10.180.1.21/image/v2/images/cd6efe5a-1488-4f53-8e4c-effb1c961e5c 0.023s
2025-11-23 02:33:00.476 66305 INFO tempest.lib.common.rest_client [req-efdb73b2-72b8-4a57-87a4-f2ae07f82448 req-efdb73b2-72b8-4a57-87a4-f2ae07f82448 ] Request (MultipleCreateTestJSON:test_multiple_create_with_reservation_return): 200 GET http://10.180.1.21/compute/v2.1/servers/0ecf65cb-f96c-4727-bc6a-d745d073f8d2 0.261s
2025-11-23 02:33:00.500 66277 INFO tempest.lib.common.rest_client [req-3d9fccae-a881-449f-ab55-98dc50720a26 req-3d9fccae-a881-449f-ab55-98dc50720a26 ] Request (ServerShowV247Test:tearDownClass): 200 GET http://10.180.1.21/compute/v2.1/servers/ce52bfd8-189b-4781-ba5b-fc60b5031aac 0.287s
2025-11-23 02:33:00.596 66273 INFO tempest.lib.common.rest_client [req-4a1401e5-39b6-418a-953d-094fd7831765 req-4a1401e5-39b6-418a-953d-094fd7831765 ] Request (DeleteServersAdminTestJSON:test_admin_delete_servers_of_others): 200 GET http://10.180.1.21/compute/v2.1/servers/f2b3d5af-2828-4a91-a9e4-f0aabaa137e3 0.276s
2025-11-23 02:33:00.630 66275 INFO tempest.lib.common.rest_client [req-1d5f5b45-00c0-4b6e-bc29-6589c9afb41f req-1d5f5b45-00c0-4b6e-bc29-6589c9afb41f ] Request (ServersNegativeTestJSON:setUpClass): 200 GET http://10.180.1.21/compute/v2.1/servers/52e75acd-27b4-4dc3-a3c1-c8b8dd1ac36a 0.327s
2025-11-23 02:33:00.643 66275 INFO tempest.common.waiters [-] State transition "BUILD/None" ==> "BUILD/networking" after 50 second wait
2025-11-23 02:33:00.740 66265 INFO tempest.lib.common.rest_client [req-12754904-a4d1-40b7-812d-e424e87c6e11 req-12754904-a4d1-40b7-812d-e424e87c6e11 ] Request (SecurityGroupsTestJSON:test_security_groups_create_list_delete): 200 POST http://10.180.1.21/compute/v2.1/os-security-groups 0.333s
2025-11-23 02:33:00.762 66315 INFO tempest.lib.common.rest_client [req-40fdadce-876f-4694-837d-9e79e04f578f req-40fdadce-876f-4694-837d-9e79e04f578f ] Request (ServerRescueNegativeTestJSON:test_rescued_vm_detach_volume): 200 GET http://10.180.1.21/compute/v2.1/servers/c0771b1c-6f43-4d9a-8a77-69e05643663f 0.355s
2025-11-23 02:33:00.836 66309 INFO tempest.lib.common.rest_client [req-8236b51c-967a-47c0-97b3-ca6411f6d3f9 req-8236b51c-967a-47c0-97b3-ca6411f6d3f9 ] Request (InstanceActionsTestJSON:tearDownClass): 200 GET http://10.180.1.21/compute/v2.1/servers/38a37ae2-bdd2-4eda-a6d1-b4ecf433f554 0.301s
2025-11-23 02:33:00.854 66269 INFO tempest.lib.common.rest_client [req-29da436e-afdd-40e3-a5f3-66bea51e434e req-29da436e-afdd-40e3-a5f3-66bea51e434e ] Request (ListServerFiltersTestJSON:tearDownClass): 200 GET http://10.180.1.21/compute/v2.1/servers/9e8c6014-c496-4086-a84c-25ac0460c7d7 0.264s
2025-11-23 02:33:00.907 66319 INFO tempest.lib.common.rest_client [req-666e37fc-683f-4685-a53d-2629385b9998 req-666e37fc-683f-4685-a53d-2629385b9998 ] Request (ServerMetadataTestJSON:tearDownClass): 200 GET http://10.180.1.21/compute/v2.1/servers/d63392a7-912e-4222-89f2-d68cad5295b3 0.277s
2025-11-23 02:33:01.024 66265 INFO tempest.lib.common.rest_client [req-e0f20696-8234-4b6f-b2dd-f8fcbace1231 req-e0f20696-8234-4b6f-b2dd-f8fcbace1231 ] Request (SecurityGroupsTestJSON:test_security_groups_create_list_delete): 200 POST http://10.180.1.21/compute/v2.1/os-security-groups 0.281s
2025-11-23 02:33:01.056 66281 INFO tempest.lib.common.rest_client [req-12892abc-5bcf-4714-967e-df5fb3422411 req-12892abc-5bcf-4714-967e-df5fb3422411 ] Request (MigrationsAdminTest:test_list_migrations_in_flavor_resize_situation): 200 GET http://10.180.1.21/compute/v2.1/servers/4074eea6-87dd-4d44-aeeb-6645391a66a6 0.342s
2025-11-23 02:33:01.063 66281 INFO tempest.common.waiters [-] State transition "RESIZE/resize_migrated" ==> "RESIZE/resize_finish" after 52 second wait
2025-11-23 02:33:01.091 66321 INFO tempest.lib.common.rest_client [req-d29297bf-3d06-40ee-81ff-92c50675a84a req-d29297bf-3d06-40ee-81ff-92c50675a84a ] Request (InstanceActionsV221TestJSON:test_get_list_deleted_instance_actions): 200 GET http://10.180.1.21/compute/v2.1/servers/d4145611-a776-4ccb-b985-9836c29cfa0a 0.310s
2025-11-23 02:33:01.129 66303 INFO tempest.lib.common.rest_client [req-b0bfe097-c4ca-4106-b3c2-e5f34747c1a7 req-b0bfe097-c4ca-4106-b3c2-e5f34747c1a7 ] Request (ServerActionsV293TestJSON:setUpClass): 200 GET http://10.180.1.21/compute/v2.1/servers/96bd9040-0414-4c8e-8852-6d88ed438e28 0.290s
2025-11-23 02:33:01.181 66327 INFO tempest.lib.common.rest_client [req-bc026a5b-532d-440d-973b-78bb531e9c58 req-bc026a5b-532d-440d-973b-78bb531e9c58 ] Request (ServersTestJSON:test_create_server_with_ipv6_addr_only): 200 GET http://10.180.1.21/compute/v2.1/servers/4311b3e0-e32e-4ed8-ada5-70332a144ae2 0.294s
2025-11-23 02:33:01.204 66311 INFO tempest.lib.common.rest_client [req-0db9124d-a150-40fb-8ac0-093ade5d9c28 req-0db9124d-a150-40fb-8ac0-093ade5d9c28 ] Request (ImagesOneServerNegativeTestJSON:_run_cleanups): 200 GET http://10.180.1.21/compute/v2.1/servers/348b7c06-1185-49a2-9669-9e9883363ab0 0.325s
2025-11-23 02:33:01.235 66325 INFO tempest.lib.common.rest_client [req-253c90a8-b79c-498b-998e-25d8d4fb7f8d req-253c90a8-b79c-498b-998e-25d8d4fb7f8d ] Request (ServerAddressesTestJSON:setUpClass): 200 GET http://10.180.1.21/compute/v2.1/servers/7467af98-aaa8-4e40-9055-09d166cf08e9 0.308s
2025-11-23 02:33:01.267 66317 INFO tempest.lib.common.rest_client [req-ac33457e-e397-4c4c-8ecd-47248098569c req-ac33457e-e397-4c4c-8ecd-47248098569c ] Request (ImagesTestJSON:test_create_server_from_snapshot): 200 GET http://10.180.1.21/compute/v2.1/servers/ed1a7e14-faf5-4023-8654-d91dfd790abd 0.329s
2025-11-23 02:33:01.377 66265 INFO tempest.lib.common.rest_client [req-413be618-c844-4662-9cd4-a01a966e0b4b req-413be618-c844-4662-9cd4-a01a966e0b4b ] Request (SecurityGroupsTestJSON:test_security_groups_create_list_delete): 200 POST http://10.180.1.21/compute/v2.1/os-security-groups 0.350s
2025-11-23 02:33:01.398 66287 INFO tempest.lib.common.rest_client [req-9eabe8b0-157f-4279-8875-94fab7f78d2e req-9eabe8b0-157f-4279-8875-94fab7f78d2e ] Request (ServersAdminNegativeTestJSON:tearDownClass): 200 GET http://10.180.1.21/compute/v2.1/servers/cdd5e911-df6c-49ae-9908-cc947b5abc5d 0.414s
2025-11-23 02:33:01.446 66293 INFO tempest.lib.common.rest_client [req-2ee9ef1b-621c-4711-a6d8-9cc15c94d462 req-2ee9ef1b-621c-4711-a6d8-9cc15c94d462 ] Request (ServersAdminTestJSON:test_inject_network_info): 200 GET http://10.180.1.21/compute/v2.1/servers/387f62a8-a753-4465-a5cc-38423951f89a 0.417s
2025-11-23 02:33:01.496 66289 INFO tempest.lib.common.rest_client [req-03248dab-bcfe-4a2b-82ee-07caf3b59f33 req-03248dab-bcfe-4a2b-82ee-07caf3b59f33 ] Request (ServerActionsTestOtherB:test_create_backup): 200 GET http://10.180.1.21/image/v2/images/cd6efe5a-1488-4f53-8e4c-effb1c961e5c 0.023s
2025-11-23 02:33:01.545 66298 INFO tempest.lib.common.rest_client [req-99d72eeb-e999-4ee3-be08-8e342cf3eee0 req-99d72eeb-e999-4ee3-be08-8e342cf3eee0 ] Request (VolumesAssistedSnapshotsTest:tearDownClass): 200 GET http://10.180.1.21/compute/v2.1/servers/bc63a698-14d4-43c3-b8cf-7d12a2c96dd4 0.492s
2025-11-23 02:33:01.562 66324 INFO tempest.lib.common.rest_client [req-87b8cdbc-cdde-4cbb-90ae-4d8deee54e60 req-87b8cdbc-cdde-4cbb-90ae-4d8deee54e60 ] Request (ServersTestJSON:setUpClass): 200 GET http://10.180.1.21/compute/v2.1/servers/f157c5b8-6b38-4254-b622-67c89535cb5d 0.477s
2025-11-23 02:33:01.623 66283 INFO tempest.lib.common.rest_client [req-ab76ba5b-c619-4334-b887-94ac4ec97758 req-ab76ba5b-c619-4334-b887-94ac4ec97758 ] Request (ServersWithSpecificFlavorTestJSON:test_verify_created_server_ephemeral_disk): 200 GET http://10.180.1.21/compute/v2.1/servers/926f97a5-060c-47a3-944c-b0eb4d6634f4 0.383s
2025-11-23 02:33:01.670 66299 INFO tempest.lib.common.rest_client [req-e34800a2-aff9-43f3-894d-df94eed0f6c2 req-e34800a2-aff9-43f3-894d-df94eed0f6c2 ] Request (FloatingIPsAssociationTestJSON:tearDownClass): 200 GET http://10.180.1.21/compute/v2.1/servers/a43f081b-8e85-4b8b-b880-7db2e0f9d802 0.489s
2025-11-23 02:33:01.719 66279 INFO tempest.lib.common.rest_client [req-c59dbb73-28e7-4fdb-accf-96acd040243f req-c59dbb73-28e7-4fdb-accf-96acd040243f ] Request (ListImageFiltersTestJSON:tearDownClass): 200 GET http://10.180.1.21/compute/v2.1/servers/02606008-c5e6-4e8e-9249-071a06041be7 0.339s
2025-11-23 02:33:01.872 66265 INFO tempest.lib.common.rest_client [req-e6640f65-42b3-48c0-a66b-499e1fcbf66e req-e6640f65-42b3-48c0-a66b-499e1fcbf66e ] Request (SecurityGroupsTestJSON:test_security_groups_create_list_delete): 200 GET http://10.180.1.21/compute/v2.1/os-security-groups 0.491s
2025-11-23 02:33:01.905 66291 INFO tempest.lib.common.rest_client [req-3a8b4c2c-84bd-4c15-bd57-5835cc2deb17 req-3a8b4c2c-84bd-4c15-bd57-5835cc2deb17 ] Request (ServerTagsTestJSON:setUpClass): 200 GET http://10.180.1.21/compute/v2.1/servers/16a40b00-60eb-41ed-aa5d-de7a34018408 0.493s
2025-11-23 02:33:01.927 66305 INFO tempest.lib.common.rest_client [req-309b19d8-ca37-498f-85e1-801c2293dc23 req-309b19d8-ca37-498f-85e1-801c2293dc23 ] Request (MultipleCreateTestJSON:test_multiple_create_with_reservation_return): 200 GET http://10.180.1.21/compute/v2.1/servers/0ecf65cb-f96c-4727-bc6a-d745d073f8d2 0.442s
2025-11-23 02:33:01.971 66277 INFO tempest.lib.common.rest_client [req-4e30ddbe-e846-484c-bf1d-a8fba4a24a14 req-4e30ddbe-e846-484c-bf1d-a8fba4a24a14 ] Request (ServerShowV247Test:tearDownClass): 200 GET http://10.180.1.21/compute/v2.1/servers/ce52bfd8-189b-4781-ba5b-fc60b5031aac 0.459s
2025-11-23 02:33:01.995 66273 INFO tempest.lib.common.rest_client [req-82ec601d-35c0-487d-af38-94294337f2f5 req-82ec601d-35c0-487d-af38-94294337f2f5 ] Request (DeleteServersAdminTestJSON:test_admin_delete_servers_of_others): 200 GET http://10.180.1.21/compute/v2.1/servers/f2b3d5af-2828-4a91-a9e4-f0aabaa137e3 0.390s
2025-11-23 02:33:02.072 66315 INFO tempest.lib.common.rest_client [req-f57cfe3d-7a23-4a41-bd76-0f4cbf3187c2 req-f57cfe3d-7a23-4a41-bd76-0f4cbf3187c2 ] Request (ServerRescueNegativeTestJSON:test_rescued_vm_detach_volume): 200 GET http://10.180.1.21/compute/v2.1/servers/c0771b1c-6f43-4d9a-8a77-69e05643663f 0.300s
2025-11-23 02:33:02.091 66275 INFO tempest.lib.common.rest_client [req-2964e02f-7d48-4195-8882-8c9ef6a17375 req-2964e02f-7d48-4195-8882-8c9ef6a17375 ] Request (ServersNegativeTestJSON:setUpClass): 200 GET http://10.180.1.21/compute/v2.1/servers/52e75acd-27b4-4dc3-a3c1-c8b8dd1ac36a 0.447s
2025-11-23 02:33:02.098 66275 INFO tempest.common.waiters [-] State transition "BUILD/networking" ==> "BUILD/spawning" after 52 second wait
2025-11-23 02:33:02.167 66269 INFO tempest.lib.common.rest_client [req-7140f909-fe54-49fe-a270-c0a97f7649ad req-7140f909-fe54-49fe-a270-c0a97f7649ad ] Request (ListServerFiltersTestJSON:tearDownClass): 200 GET http://10.180.1.21/compute/v2.1/servers/9e8c6014-c496-4086-a84c-25ac0460c7d7 0.304s
2025-11-23 02:33:02.168 66309 INFO tempest.lib.common.rest_client [req-62767a80-62c5-4534-b4a9-77b6d310da94 req-62767a80-62c5-4534-b4a9-77b6d310da94 ] Request (InstanceActionsTestJSON:tearDownClass): 200 GET http://10.180.1.21/compute/v2.1/servers/38a37ae2-bdd2-4eda-a6d1-b4ecf433f554 0.320s
2025-11-23 02:33:02.221 66319 INFO tempest.lib.common.rest_client [req-e9366522-0cb5-4dd7-8398-2d209223302e req-e9366522-0cb5-4dd7-8398-2d209223302e ] Request (ServerMetadataTestJSON:tearDownClass): 200 GET http://10.180.1.21/compute/v2.1/servers/d63392a7-912e-4222-89f2-d68cad5295b3 0.306s
2025-11-23 02:33:02.282 66265 INFO tempest.lib.common.rest_client [req-113ce8c9-d8c0-4511-bac6-285fc743f9ee req-113ce8c9-d8c0-4511-bac6-285fc743f9ee ] Request (SecurityGroupsTestJSON:test_security_groups_create_list_delete): 202 DELETE http://10.180.1.21/compute/v2.1/os-security-groups/01481d85-657a-4d0d-9062-c83a35898fbb 0.407s
2025-11-23 02:33:02.344 66321 INFO tempest.lib.common.rest_client [req-81dfceed-629e-403f-a3bd-7b627439c105 req-81dfceed-629e-403f-a3bd-7b627439c105 ] Request (InstanceActionsV221TestJSON:test_get_list_deleted_instance_actions): 200 GET http://10.180.1.21/compute/v2.1/servers/d4145611-a776-4ccb-b985-9836c29cfa0a 0.240s
2025-11-23 02:33:02.360 66281 INFO tempest.lib.common.rest_client [req-bbb33ba7-a15c-400d-b39d-445b79346b36 req-bbb33ba7-a15c-400d-b39d-445b79346b36 ] Request (MigrationsAdminTest:test_list_migrations_in_flavor_resize_situation): 200 GET http://10.180.1.21/compute/v2.1/servers/4074eea6-87dd-4d44-aeeb-6645391a66a6 0.296s
2025-11-23 02:33:02.411 66303 INFO tempest.lib.common.rest_client [req-23d98b63-6e35-4856-8256-26c336324269 req-23d98b63-6e35-4856-8256-26c336324269 ] Request (ServerActionsV293TestJSON:setUpClass): 200 GET http://10.180.1.21/compute/v2.1/servers/96bd9040-0414-4c8e-8852-6d88ed438e28 0.271s
