2025-11-23 02:32:27.774 66324 INFO tempest.lib.common.dynamic_creds [-] Created isolated network resources for: credentials: Credentials: {'domain_id': 'default', 'domain_name': 'Default', 'username': 'tempest-ServersTestJSON-1417021719-project-member', 'project_domain_id': 'default', 'project_domain_name': 'Default', 'project_id': '1b9aa06d19304531b92e057ff144b324', 'project_name': 'tempest-ServersTestJSON-1417021719', 'tenant_id': '1b9aa06d19304531b92e057ff144b324', 'tenant_name': 'tempest-ServersTestJSON-1417021719', 'user_domain_id': 'default', 'user_domain_name': 'Default', 'user_id': 'e8dd73d74f5b43b2bd5b2a7c439d3f23', 'system': None}, Network: {'id': 'ea580c99-7318-4782-bbed-9ccde54d49f0', 'name': 'tempest-ServersTestJSON-1368587884-network', 'tenant_id': '1b9aa06d19304531b92e057ff144b324', 'project_id': '1b9aa06d19304531b92e057ff144b324', 'admin_state_up': True, 'mtu': 8950, 'status': 'ACTIVE', 'subnets': [], 'shared': False, 'port_security_enabled': True, 'router:external': False, 'provider:network_type': 'vlan', 'provider:physical_network': 'default', 'provider:segmentation_id': 833, 'availability_zone_hints': [], 'availability_zones': [], 'ipv4_address_scope': None, 'ipv6_address_scope': None, 'description': '', 'tags': [], 'created_at': '2025-11-23T02:32:25Z', 'updated_at': '2025-11-23T02:32:25Z', 'revision_number': 1}, Subnet: {'id': '5ed5db2e-68ec-479b-ae1c-bc74d48f1d1b', 'name': 'tempest-ServersTestJSON-1368587884-subnet', 'tenant_id': '1b9aa06d19304531b92e057ff144b324', 'network_id': 'ea580c99-7318-4782-bbed-9ccde54d49f0', 'ip_version': 4, 'subnetpool_id': None, 'enable_dhcp': True, 'ipv6_ra_mode': None, 'ipv6_address_mode': None, 'gateway_ip': '192.168.128.1', 'cidr': '192.168.128.0/28', 'allocation_pools': [{'start': '192.168.128.2', 'end': '192.168.128.14'}], 'host_routes': [], 'dns_nameservers': [], 'description': '', 'router:external': False, 'service_types': [], 'tags': [], 'created_at': '2025-11-23T02:32:25Z', 'updated_at': '2025-11-23T02:32:25Z', 'revision_number': 0, 'project_id': '1b9aa06d19304531b92e057ff144b324'}, Router: {'id': '3f95d87d-ff93-486f-9979-69fa1e7ad2c8', 'name': 'tempest-ServersTestJSON-1368587884-router', 'tenant_id': '1b9aa06d19304531b92e057ff144b324', 'admin_state_up': True, 'status': 'ACTIVE', 'external_gateway_info': {'network_id': 'b0105b3f-5810-4413-8c7f-cadff6d0d2d0', 'external_fixed_ips': [{'subnet_id': '740df678-9822-4d67-9fda-52e2c353c18f', 'ip_address': '10.180.180.128'}], 'enable_snat': True}, 'description': '', 'availability_zones': [], 'distributed': False, 'ha': False, 'availability_zone_hints': [], 'routes': [], 'flavor_id': None, 'tags': [], 'created_at': '2025-11-23T02:32:25Z', 'updated_at': '2025-11-23T02:32:26Z', 'revision_number': 2, 'project_id': '1b9aa06d19304531b92e057ff144b324'}
2025-11-23 02:32:27.834 66269 INFO tempest.lib.common.rest_client [req-0c7d3419-a3c3-477d-9dbb-b31caf6de0c8 req-0c7d3419-a3c3-477d-9dbb-b31caf6de0c8 ] Request (ListServerFiltersTestJSON:test_list_servers_filter_by_shutoff_status): 200 GET http://10.180.1.21/compute/v2.1/servers/21a3555e-f674-45a2-be18-4943fda6f538 2.071s
2025-11-23 02:32:27.843 66269 INFO tempest.common.waiters [-] State transition "ACTIVE/powering-off" ==> "SHUTOFF/None" after 3 second wait
2025-11-23 02:32:27.864 66317 INFO tempest.lib.common.rest_client [req-c6c1c7c0-94d0-4d69-b861-9add563d7f07 req-c6c1c7c0-94d0-4d69-b861-9add563d7f07 ] Request (ImagesTestJSON:test_create_image_from_suspended_server): 200 GET http://10.180.1.21/compute/v2.1/servers/f03bd2e8-79af-4c3e-bcc5-855fb090aa54 2.063s
2025-11-23 02:32:27.871 66317 INFO tempest.common.waiters [-] State transition "BUILD/spawning" ==> "ACTIVE/None" after 47 second wait
2025-11-23 02:32:27.894 66324 INFO tempest.lib.common.rest_client [req-4113a1e1-1b2d-4b8a-afbf-d7ff256f946e req-4113a1e1-1b2d-4b8a-afbf-d7ff256f946e ] Request (ServersTestJSON:setUpClass): 201 POST http://10.180.1.21/identity/v3/auth/tokens 0.116s
2025-11-23 02:32:27.899 66271 INFO tempest.lib.common.rest_client [req-6b8d5559-4039-4070-96c3-9ac205427233 req-6b8d5559-4039-4070-96c3-9ac205427233 ] Request (SecurityGroupRulesNegativeTestJSON:tearDownClass): 204 DELETE http://10.180.1.21/networking/v2.0/security-groups/22d64da4-a835-4467-baf0-fcb254b640c2 0.215s
2025-11-23 02:32:27.908 66265 INFO tempest.lib.common.rest_client [req-d7304314-865e-4edf-96b2-f2f9ef2f94e1 req-d7304314-865e-4edf-96b2-f2f9ef2f94e1 ] Request (SecurityGroupsTestJSON:test_list_security_groups_by_server): 200 GET http://10.180.1.21/compute/v2.1/servers/a4266d21-78af-452f-b273-413bd46ae3fa 2.078s
2025-11-23 02:32:27.936 66305 INFO tempest.lib.common.rest_client [req-fc10cc90-b525-4c8e-aff2-a4ba0f83feb2 req-fc10cc90-b525-4c8e-aff2-a4ba0f83feb2 ] Request (MultipleCreateTestJSON:_run_cleanups): 200 GET http://10.180.1.21/compute/v2.1/servers/76ff4abe-3a38-4252-b05b-84aa9ae6d3c3 2.055s
2025-11-23 02:32:27.970 66291 INFO tempest.lib.common.rest_client [req-659563e4-f4e3-42fe-ab13-2b9cb6c8f767 req-659563e4-f4e3-42fe-ab13-2b9cb6c8f767 ] Request (ServerTagsTestJSON:setUpClass): 200 GET http://10.180.1.21/compute/v2.1/servers/16a40b00-60eb-41ed-aa5d-de7a34018408 2.077s
2025-11-23 02:32:28.021 66271 INFO tempest.lib.common.rest_client [req-2136042d-e3e4-4fa3-91e7-81a245d86b0d req-2136042d-e3e4-4fa3-91e7-81a245d86b0d ] Request (SecurityGroupRulesNegativeTestJSON:tearDownClass): 204 DELETE http://10.180.1.21/identity/v3/projects/9970cf65b9f94bd3bab5dddc9d106faf 0.120s
2025-11-23 02:32:28.022 66271 INFO tempest.test [-] raised in NoVNCConsoleTestJSON.setUpClass. Invoking tearDownClass.
2025-11-23 02:32:28.085 66301 INFO tempest.lib.common.rest_client [req-68e18124-13bb-451e-be66-9d3261c82dd1 req-68e18124-13bb-451e-be66-9d3261c82dd1 ] Request (QuotasTestJSON:test_get_default_quotas): 200 GET http://10.180.1.21/compute/v2.1/os-quota-sets/9f363705b05944f7b6eb2504b9a5f22a/defaults 2.181s
2025-11-23 02:32:28.100 66281 INFO tempest.lib.common.rest_client [req-37e5ffce-c04b-42d4-a546-de926655259b req-37e5ffce-c04b-42d4-a546-de926655259b ] Request (MigrationsAdminTest:test_list_migrations_in_flavor_resize_situation): 200 GET http://10.180.1.21/compute/v2.1/servers/4074eea6-87dd-4d44-aeeb-6645391a66a6 2.050s
2025-11-23 02:32:28.144 66298 INFO tempest.lib.common.rest_client [req-b968c741-62ac-4570-a433-a23fd7283024 req-b968c741-62ac-4570-a433-a23fd7283024 ] Request (VolumesAssistedSnapshotsTest:_run_cleanups): 200 GET http://10.180.1.21/compute/v2.1/servers/bc63a698-14d4-43c3-b8cf-7d12a2c96dd4/os-volume_attachments 2.070s
2025-11-23 02:32:28.184 66298 INFO tempest.lib.common.rest_client [req-f402dc13-4dc7-4296-a098-bbd93eb7e108 req-f402dc13-4dc7-4296-a098-bbd93eb7e108 ] Request (VolumesAssistedSnapshotsTest:_run_cleanups): 200 GET http://10.180.1.21/volume/v3/volumes/48704986-868b-4616-a8f6-4d3f7ece02c0 0.038s
2025-11-23 02:32:28.191 66298 INFO tempest.common.waiters [-] volume 48704986-868b-4616-a8f6-4d3f7ece02c0 reached available after waiting for 0.190988 seconds
2025-11-23 02:32:28.215 66293 INFO tempest.lib.common.rest_client [req-116113b6-2868-480d-a4dc-103f4ba70b22 req-116113b6-2868-480d-a4dc-103f4ba70b22 ] Request (ServersAdminTestJSON:test_create_server_with_scheduling_hint): 200 GET http://10.180.1.21/compute/v2.1/servers/5bf65948-ad97-49b3-a422-3f47b0c27e64 2.080s
2025-11-23 02:32:28.218 66273 INFO tempest.lib.common.rest_client [req-32894404-9c93-4aa9-af4c-18813dedc460 req-32894404-9c93-4aa9-af4c-18813dedc460 ] Request (DeleteServersAdminTestJSON:test_admin_delete_servers_of_others): 200 GET http://10.180.1.21/compute/v2.1/servers/f2b3d5af-2828-4a91-a9e4-f0aabaa137e3 2.147s
2025-11-23 02:32:28.252 66298 INFO tempest.lib.common.rest_client [req-f8bc9c7e-2173-4f6b-bfaf-a1c5e410bb7f req-f8bc9c7e-2173-4f6b-bfaf-a1c5e410bb7f ] Request (VolumesAssistedSnapshotsTest:_run_cleanups): 202 DELETE http://10.180.1.21/volume/v3/volumes/48704986-868b-4616-a8f6-4d3f7ece02c0 0.061s
2025-11-23 02:32:28.295 66298 INFO tempest.lib.common.rest_client [req-89dcc432-e066-4fcf-859b-162ded0398c6 req-89dcc432-e066-4fcf-859b-162ded0398c6 ] Request (VolumesAssistedSnapshotsTest:_run_cleanups): 200 GET http://10.180.1.21/volume/v3/volumes/48704986-868b-4616-a8f6-4d3f7ece02c0 0.042s
2025-11-23 02:32:28.374 66319 INFO tempest.lib.common.rest_client [req-fc8eb4fe-a260-41c7-8ae3-ee5927bf7357 req-fc8eb4fe-a260-41c7-8ae3-ee5927bf7357 ] Request (ServerMetadataTestJSON:setUpClass): 200 GET http://10.180.1.21/compute/v2.1/servers/d63392a7-912e-4222-89f2-d68cad5295b3 2.149s
2025-11-23 02:32:28.383 66319 INFO tempest.common.waiters [-] State transition "BUILD/spawning" ==> "ACTIVE/None" after 54 second wait
2025-11-23 02:32:28.411 66315 INFO tempest.lib.common.rest_client [req-2803040a-7007-4521-b70a-b564526a1e32 req-2803040a-7007-4521-b70a-b564526a1e32 ] Request (ServerRescueNegativeTestJSON:test_rescued_vm_attach_volume): 200 GET http://10.180.1.21/compute/v2.1/servers/e093a5c6-5c83-417c-ad67-fa05cf1ff5b4 1.851s
2025-11-23 02:32:28.418 66315 INFO tempest.common.waiters [-] State transition "ACTIVE/rescuing" ==> "RESCUE/None" after 11 second wait
2025-11-23 02:32:28.426 66325 INFO tempest.lib.common.rest_client [req-c591057d-663f-4802-af00-7b152e8194a6 req-c591057d-663f-4802-af00-7b152e8194a6 ] Request (KeyPairsV22TestJSON:test_keypairsv22_create_list_show_with_type): 200 GET http://10.180.1.21/compute/v2.1/os-keypairs/tempest-keypair-1311243099 1.394s
2025-11-23 02:32:28.449 66283 INFO tempest.lib.common.rest_client [req-ab2a6d4c-9b92-43c2-a6fb-d47a19dd3dd7 req-ab2a6d4c-9b92-43c2-a6fb-d47a19dd3dd7 ] Request (ServersWithSpecificFlavorTestJSON:test_verify_created_server_ephemeral_disk): 200 GET http://10.180.1.21/compute/v2.1/servers/926f97a5-060c-47a3-944c-b0eb4d6634f4 1.661s
2025-11-23 02:32:28.467 66279 INFO tempest.lib.common.rest_client [req-6bd2b58c-46d7-4213-a9d8-db2465991cfb req-6bd2b58c-46d7-4213-a9d8-db2465991cfb ] Request (ListImageFiltersTestJSON:setUpClass): 200 GET http://10.180.1.21/compute/v2.1/images/50424f96-8d19-47f7-adf6-86332fdb545b 1.379s
2025-11-23 02:32:28.522 66277 INFO tempest.lib.common.rest_client [req-763509b4-5cfe-4754-8cc6-ff898d253896 req-763509b4-5cfe-4754-8cc6-ff898d253896 ] Request (ServerShowV247Test:tearDownClass): 200 GET http://10.180.1.21/compute/v2.1/servers/ce52bfd8-189b-4781-ba5b-fc60b5031aac 0.893s
2025-11-23 02:32:28.526 66321 INFO tempest.lib.common.rest_client [req-55e377ea-5308-4eda-9077-1eca5529d3e6 req-55e377ea-5308-4eda-9077-1eca5529d3e6 ] Request (InstanceActionsV221TestJSON:test_get_list_deleted_instance_actions): 200 GET http://10.180.1.21/compute/v2.1/servers/d4145611-a776-4ccb-b985-9836c29cfa0a 0.887s
2025-11-23 02:32:28.531 66277 INFO tempest.common.waiters [-] State transition "ACTIVE/deleting" ==> "DELETED/None" after 5 second wait
2025-11-23 02:32:28.610 66317 INFO tempest.lib.common.rest_client [req-c02a92f4-7716-472d-913e-084337764f3d req-c02a92f4-7716-472d-913e-084337764f3d ] Request (ImagesTestJSON:test_create_image_from_suspended_server): 202 POST http://10.180.1.21/compute/v2.1/servers/f03bd2e8-79af-4c3e-bcc5-855fb090aa54/action 0.739s
2025-11-23 02:32:28.624 66269 INFO tempest.lib.common.rest_client [req-61d9ff50-792b-468a-b3a5-9f0247707a14 req-61d9ff50-792b-468a-b3a5-9f0247707a14 ] Request (ListServerFiltersTestJSON:test_list_servers_filter_by_shutoff_status): 200 GET http://10.180.1.21/compute/v2.1/servers?status=shutoff 0.780s
2025-11-23 02:32:28.721 66301 INFO tempest.lib.common.rest_client [req-29c2fad0-8b5a-4e66-9564-86564f358199 req-29c2fad0-8b5a-4e66-9564-86564f358199 ] Request (QuotasTestJSON:test_get_quotas): 200 GET http://10.180.1.21/compute/v2.1/os-quota-sets/9f363705b05944f7b6eb2504b9a5f22a 0.633s
2025-11-23 02:32:28.764 66324 INFO tempest.lib.common.rest_client [req-2aaf3df4-225a-4d80-8b06-62fc4661fe5a req-2aaf3df4-225a-4d80-8b06-62fc4661fe5a ] Request (ServersTestJSON:setUpClass): 200 POST http://10.180.1.21/compute/v2.1/os-keypairs 0.868s
2025-11-23 02:32:28.785 66299 INFO tempest.lib.common.rest_client [req-204004bf-17fc-428a-8164-f1de9a8fc431 req-204004bf-17fc-428a-8164-f1de9a8fc431 ] Request (FloatingIPsAssociationTestJSON:tearDownClass): 200 GET http://10.180.1.21/compute/v2.1/servers/45ddc69f-3db1-48ed-bb59-28343cef9ca8 0.627s
2025-11-23 02:32:28.859 66275 INFO tempest.lib.common.rest_client [req-764ffa5f-3e32-41c3-9491-68af26eb612e req-764ffa5f-3e32-41c3-9491-68af26eb612e ] Request (ServersNegativeTestJSON:setUpClass): 200 GET http://10.180.1.21/compute/v2.1/servers/52e75acd-27b4-4dc3-a3c1-c8b8dd1ac36a 0.515s
2025-11-23 02:32:28.875 66267 INFO tempest.lib.common.rest_client [req-f7758723-f8eb-44b0-86c7-d7d20b200930 req-f7758723-f8eb-44b0-86c7-d7d20b200930 ] Request (ServersListShow2100Test:tearDownClass): 200 GET http://10.180.1.21/compute/v2.1/servers/8641f59e-fddb-4da6-9bc6-f10f9ca2c2e0 0.536s
2025-11-23 02:32:28.904 66315 INFO tempest.lib.common.rest_client [req-8d9b5c11-27ba-4b35-aad7-703c6b7bb1b5 req-8d9b5c11-27ba-4b35-aad7-703c6b7bb1b5 ] Request (ServerRescueNegativeTestJSON:test_rescued_vm_attach_volume): 409 POST http://10.180.1.21/compute/v2.1/servers/e093a5c6-5c83-417c-ad67-fa05cf1ff5b4/os-volume_attachments 0.485s
2025-11-23 02:32:28.906 66324 INFO tempest.lib.common.rest_client [req-6d0d36f6-0e5c-49c8-ab43-cf9acb5704f9 req-6d0d36f6-0e5c-49c8-ab43-cf9acb5704f9 ] Request (ServersTestJSON:setUpClass): 201 POST http://10.180.1.21/networking/v2.0/security-groups 0.141s
2025-11-23 02:32:28.916 66325 INFO tempest.lib.common.rest_client [req-8647ce74-78dd-4387-b9b7-3caf786718b2 req-8647ce74-78dd-4387-b9b7-3caf786718b2 ] Request (KeyPairsV22TestJSON:test_keypairsv22_create_list_show_with_type): 200 GET http://10.180.1.21/compute/v2.1/os-keypairs 0.487s
2025-11-23 02:32:28.935 66319 INFO tempest.lib.common.rest_client [req-f7be49e2-3844-4198-b2a2-ac483b5afde4 req-f7be49e2-3844-4198-b2a2-ac483b5afde4 ] Request (ServerMetadataTestJSON:setUp): 200 PUT http://10.180.1.21/compute/v2.1/servers/d63392a7-912e-4222-89f2-d68cad5295b3/metadata 0.550s
2025-11-23 02:32:29.009 66324 INFO tempest.lib.common.rest_client [req-1b973855-24c2-4736-9e2f-b79ff2340b06 req-1b973855-24c2-4736-9e2f-b79ff2340b06 ] Request (ServersTestJSON:setUpClass): 201 POST http://10.180.1.21/networking/v2.0/security-group-rules 0.102s
2025-11-23 02:32:29.016 66311 INFO tempest.lib.common.rest_client [req-45fce07c-8409-4ec1-b409-d9dbc0c72c86 req-45fce07c-8409-4ec1-b409-d9dbc0c72c86 ] Request (ImagesOneServerNegativeTestJSON:_run_cleanups): 200 GET http://10.180.1.21/compute/v2.1/servers/348b7c06-1185-49a2-9669-9e9883363ab0 0.472s
2025-11-23 02:32:29.047 66279 INFO tempest.lib.common.rest_client [req-e2cc81cc-e683-4f31-bab3-ab387490bb32 req-e2cc81cc-e683-4f31-bab3-ab387490bb32 ] Request (ListImageFiltersTestJSON:setUpClass): 200 GET http://10.180.1.21/compute/v2.1/servers/9c68f66d-59fe-405b-bba5-6ffa8c8dab39 0.576s
2025-11-23 02:32:29.087 66303 INFO tempest.lib.common.rest_client [req-a07a5fa7-92f4-46d7-aaa7-72c7ba14bde9 req-a07a5fa7-92f4-46d7-aaa7-72c7ba14bde9 ] Request (ServerActionsV293TestJSON:setUpClass): 200 GET http://10.180.1.21/compute/v2.1/servers/96bd9040-0414-4c8e-8852-6d88ed438e28 0.513s
2025-11-23 02:32:29.096 66303 INFO tempest.common.waiters [-] State transition "BUILD/scheduling" ==> "BUILD/None" after 8 second wait
2025-11-23 02:32:29.110 66324 INFO tempest.lib.common.rest_client [req-5daf0293-0472-48ca-8b96-81d3419b328f req-5daf0293-0472-48ca-8b96-81d3419b328f ] Request (ServersTestJSON:setUpClass): 201 POST http://10.180.1.21/networking/v2.0/security-group-rules 0.100s
2025-11-23 02:32:29.163 66309 INFO tempest.lib.common.rest_client [req-d10707e7-61ab-4507-95ba-8faf34e7225a req-d10707e7-61ab-4507-95ba-8faf34e7225a ] Request (InstanceActionsTestJSON:setUpClass): 200 GET http://10.180.1.21/compute/v2.1/servers/38a37ae2-bdd2-4eda-a6d1-b4ecf433f554 0.550s
2025-11-23 02:32:29.197 66317 INFO tempest.lib.common.rest_client [req-ddf3ee5d-0ee5-4420-9182-1084bb2e7c40 req-ddf3ee5d-0ee5-4420-9182-1084bb2e7c40 ] Request (ImagesTestJSON:test_create_image_from_suspended_server): 200 GET http://10.180.1.21/compute/v2.1/servers/f03bd2e8-79af-4c3e-bcc5-855fb090aa54 0.586s
2025-11-23 02:32:29.229 66269 INFO tempest.lib.common.rest_client [req-33cb46fe-5780-4e07-92bc-1a0d95338bc5 req-33cb46fe-5780-4e07-92bc-1a0d95338bc5 ] Request (ListServerFiltersTestJSON:test_list_servers_filter_by_shutoff_status): 202 POST http://10.180.1.21/compute/v2.1/servers/21a3555e-f674-45a2-be18-4943fda6f538/action 0.601s
2025-11-23 02:32:29.270 66327 INFO tempest.lib.common.rest_client [req-0b3ed7be-2d67-4729-bd8b-13543c154354 req-0b3ed7be-2d67-4729-bd8b-13543c154354 ] Request (ServersTestJSON:test_create_server_with_ipv6_addr_only): 200 GET http://10.180.1.21/compute/v2.1/servers/4311b3e0-e32e-4ed8-ada5-70332a144ae2 0.638s
2025-11-23 02:32:29.292 66301 INFO tempest.lib.common.rest_client [req-e3203087-6f5a-4af4-8bac-26b1e38e36a0 req-e3203087-6f5a-4af4-8bac-26b1e38e36a0 ] Request (QuotasTestJSON:test_get_quotas): 200 GET http://10.180.1.21/compute/v2.1/os-quota-sets/9f363705b05944f7b6eb2504b9a5f22a?user_id=6e32a4bb2d6143e688bf4125b442db14 0.568s
2025-11-23 02:32:29.317 66325 INFO tempest.lib.common.rest_client [req-32f6d8d6-0318-4317-b9cb-29d76bd9c71a req-32f6d8d6-0318-4317-b9cb-29d76bd9c71a ] Request (KeyPairsV22TestJSON:_run_cleanups): 204 DELETE http://10.180.1.21/compute/v2.1/os-keypairs/tempest-keypair-1311243099 0.399s
2025-11-23 02:32:29.357 66298 INFO tempest.lib.common.rest_client [req-848b309c-510f-41b1-9068-6a0b22356200 req-848b309c-510f-41b1-9068-6a0b22356200 ] Request (VolumesAssistedSnapshotsTest:_run_cleanups): 200 GET http://10.180.1.21/volume/v3/volumes/48704986-868b-4616-a8f6-4d3f7ece02c0 0.050s
2025-11-23 02:32:29.366 66315 INFO tempest.lib.common.rest_client [req-8211de86-132a-474d-98ce-e6e98509eec3 req-8211de86-132a-474d-98ce-e6e98509eec3 ] Request (ServerRescueNegativeTestJSON:_run_cleanups): 202 POST http://10.180.1.21/compute/v2.1/servers/e093a5c6-5c83-417c-ad67-fa05cf1ff5b4/action 0.461s
2025-11-23 02:32:29.393 66265 INFO tempest.lib.common.rest_client [req-bf5a3626-68a7-465a-b420-a9a7924c81af req-bf5a3626-68a7-465a-b420-a9a7924c81af ] Request (SecurityGroupsTestJSON:test_list_security_groups_by_server): 200 GET http://10.180.1.21/compute/v2.1/servers/a4266d21-78af-452f-b273-413bd46ae3fa 0.474s
2025-11-23 02:32:29.413 66319 INFO tempest.lib.common.rest_client [req-5911ee46-e8c3-4045-8f53-69bf434dcdbd req-5911ee46-e8c3-4045-8f53-69bf434dcdbd ] Request (ServerMetadataTestJSON:test_delete_server_metadata_item): 204 DELETE http://10.180.1.21/compute/v2.1/servers/d63392a7-912e-4222-89f2-d68cad5295b3/metadata/key1 0.477s
2025-11-23 02:32:29.425 66305 INFO tempest.lib.common.rest_client [req-6ba4ca37-d93b-48da-afc9-7d2f467c83ca req-6ba4ca37-d93b-48da-afc9-7d2f467c83ca ] Request (MultipleCreateTestJSON:_run_cleanups): 404 GET http://10.180.1.21/compute/v2.1/servers/76ff4abe-3a38-4252-b05b-84aa9ae6d3c3 0.478s
2025-11-23 02:32:29.464 66301 INFO tempest.lib.common.rest_client [req-98f9de95-7e2b-42b2-9937-60bc45bb6115 req-98f9de95-7e2b-42b2-9937-60bc45bb6115 ] Request (QuotasTestJSON:tearDownClass): 204 DELETE http://10.180.1.21/identity/v3/users/6e32a4bb2d6143e688bf4125b442db14 0.161s
2025-11-23 02:32:29.465 66301 INFO tempest.lib.common.dynamic_creds [-] Deleting project and security group for project: 9f363705b05944f7b6eb2504b9a5f22a
2025-11-23 02:32:29.476 66325 INFO tempest.lib.common.rest_client [req-326078af-b9d9-4a7a-8865-2b9e2f0a3eda req-326078af-b9d9-4a7a-8865-2b9e2f0a3eda ] Request (KeyPairsV22TestJSON:tearDownClass): 204 DELETE http://10.180.1.21/identity/v3/users/b9d7dcd8a91e45819978cc465f2f7804 0.151s
2025-11-23 02:32:29.476 66325 INFO tempest.lib.common.dynamic_creds [-] Deleting project and security group for project: d92d27082a7448dba8e27608f21ccc55
2025-11-23 02:32:29.509 66279 INFO tempest.lib.common.rest_client [req-7d1eaa1d-f6e9-4cb9-8965-4dee0828d6e6 req-7d1eaa1d-f6e9-4cb9-8965-4dee0828d6e6 ] Request (ListImageFiltersTestJSON:test_list_images_filter_by_changes_since): 200 GET http://10.180.1.21/compute/v2.1/images?changes-since=2025-11-23T02%3A30%3A05Z 0.453s
2025-11-23 02:32:29.512 66291 INFO tempest.lib.common.rest_client [req-fcd3c102-2261-4e8c-ad4a-ecd952b04df3 req-fcd3c102-2261-4e8c-ad4a-ecd952b04df3 ] Request (ServerTagsTestJSON:setUpClass): 200 GET http://10.180.1.21/compute/v2.1/servers/16a40b00-60eb-41ed-aa5d-de7a34018408 0.532s
2025-11-23 02:32:29.537 66305 INFO tempest.lib.common.rest_client [req-496754ef-cb64-4086-990b-5127a76a5aa8 req-496754ef-cb64-4086-990b-5127a76a5aa8 ] Request (MultipleCreateTestJSON:test_multiple_create_with_reservation_return): 201 POST http://10.180.1.21/identity/v3/auth/tokens 0.107s
2025-11-23 02:32:29.538 66305 INFO tempest.lib.common.fixed_network [-] (MultipleCreateTestJSON:test_multiple_create_with_reservation_return) Found network {'id': '04085b1f-6dde-4d50-909f-cc74b9abbc48', 'name': 'tempest-MultipleCreateTestJSON-849912597-network', 'tenant_id': '712c6221f10341ccba8e6d8f7c923cce', 'project_id': '712c6221f10341ccba8e6d8f7c923cce', 'admin_state_up': True, 'mtu': 8950, 'status': 'ACTIVE', 'subnets': [], 'shared': False, 'port_security_enabled': True, 'router:external': False, 'provider:network_type': 'vlan', 'provider:physical_network': 'default', 'provider:segmentation_id': 939, 'availability_zone_hints': [], 'availability_zones': [], 'ipv4_address_scope': None, 'ipv6_address_scope': None, 'description': '', 'tags': [], 'created_at': '2025-11-23T02:30:50Z', 'updated_at': '2025-11-23T02:30:50Z', 'revision_number': 1} available for tenant
2025-11-23 02:32:29.562 66325 INFO tempest.lib.common.rest_client [req-17ad2cbc-3424-42f5-a2ad-b0b39d0f66bf req-17ad2cbc-3424-42f5-a2ad-b0b39d0f66bf ] Request (KeyPairsV22TestJSON:tearDownClass): 201 POST http://10.180.1.21/identity/v3/auth/tokens 0.085s
2025-11-23 02:32:29.565 66301 INFO tempest.lib.common.rest_client [req-a0580aa4-ca56-4165-8618-67271a6a3fd6 req-a0580aa4-ca56-4165-8618-67271a6a3fd6 ] Request (QuotasTestJSON:tearDownClass): 201 POST http://10.180.1.21/identity/v3/auth/tokens 0.100s
2025-11-23 02:32:29.671 66324 INFO tempest.lib.common.rest_client [req-75c0aa63-23b8-496b-8be8-f8c557abd493 req-75c0aa63-23b8-496b-8be8-f8c557abd493 ] Request (ServersTestJSON:setUpClass): 201 POST http://10.180.1.21/networking/v2.0/floatingips 0.561s
2025-11-23 02:32:29.757 66324 INFO tempest.lib.common.rest_client [req-0f26a2a0-6716-4eb9-867e-5805ce997910 req-0f26a2a0-6716-4eb9-867e-5805ce997910 ] Request (ServersTestJSON:setUpClass): 201 POST http://10.180.1.21/identity/v3/auth/tokens 0.083s
2025-11-23 02:32:29.758 66324 INFO tempest.lib.common.fixed_network [-] (ServersTestJSON:setUpClass) Found network {'id': 'ea580c99-7318-4782-bbed-9ccde54d49f0', 'name': 'tempest-ServersTestJSON-1368587884-network', 'tenant_id': '1b9aa06d19304531b92e057ff144b324', 'project_id': '1b9aa06d19304531b92e057ff144b324', 'admin_state_up': True, 'mtu': 8950, 'status': 'ACTIVE', 'subnets': [], 'shared': False, 'port_security_enabled': True, 'router:external': False, 'provider:network_type': 'vlan', 'provider:physical_network': 'default', 'provider:segmentation_id': 833, 'availability_zone_hints': [], 'availability_zones': [], 'ipv4_address_scope': None, 'ipv6_address_scope': None, 'description': '', 'tags': [], 'created_at': '2025-11-23T02:32:25Z', 'updated_at': '2025-11-23T02:32:25Z', 'revision_number': 1} available for tenant
2025-11-23 02:32:29.827 66325 INFO tempest.lib.common.rest_client [req-810f8128-00ac-4cba-a18f-dce2505503c8 req-810f8128-00ac-4cba-a18f-dce2505503c8 ] Request (KeyPairsV22TestJSON:tearDownClass): 200 GET http://10.180.1.21/networking/v2.0/security-groups?tenant_id=d92d27082a7448dba8e27608f21ccc55&name=default 0.265s
2025-11-23 02:32:29.846 66301 INFO tempest.lib.common.rest_client [req-a35f4232-ea96-4602-97f7-b8d6c8570ddc req-a35f4232-ea96-4602-97f7-b8d6c8570ddc ] Request (QuotasTestJSON:tearDownClass): 200 GET http://10.180.1.21/networking/v2.0/security-groups?tenant_id=9f363705b05944f7b6eb2504b9a5f22a&name=default 0.281s
2025-11-23 02:32:29.859 66281 INFO tempest.lib.common.rest_client [req-19346416-7013-4a60-ac08-6a7b221a6e3f req-19346416-7013-4a60-ac08-6a7b221a6e3f ] Request (MigrationsAdminTest:test_list_migrations_in_flavor_resize_situation): 200 GET http://10.180.1.21/compute/v2.1/servers/4074eea6-87dd-4d44-aeeb-6645391a66a6 0.751s
2025-11-23 02:32:29.894 66269 INFO tempest.lib.common.rest_client [req-d6bca5f1-d862-4c8e-8293-9c5fa6eee3b7 req-d6bca5f1-d862-4c8e-8293-9c5fa6eee3b7 ] Request (ListServerFiltersTestJSON:test_list_servers_filter_by_shutoff_status): 200 GET http://10.180.1.21/compute/v2.1/servers/21a3555e-f674-45a2-be18-4943fda6f538 0.664s
2025-11-23 02:32:29.953 66325 INFO tempest.lib.common.rest_client [req-8da45f82-b095-49f5-9180-22191c451a1c req-8da45f82-b095-49f5-9180-22191c451a1c ] Request (KeyPairsV22TestJSON:tearDownClass): 204 DELETE http://10.180.1.21/networking/v2.0/security-groups/7ca1fa16-1369-404e-a821-b543b626346a 0.125s
2025-11-23 02:32:29.981 66293 INFO tempest.lib.common.rest_client [req-89ae2b69-416a-4eee-a066-45963b6b364a req-89ae2b69-416a-4eee-a066-45963b6b364a ] Request (ServersAdminTestJSON:test_create_server_with_scheduling_hint): 200 GET http://10.180.1.21/compute/v2.1/servers/5bf65948-ad97-49b3-a422-3f47b0c27e64 0.749s
2025-11-23 02:32:29.992 66301 INFO tempest.lib.common.rest_client [req-3bca6b82-7a5a-477c-9e7a-894a081cd3da req-3bca6b82-7a5a-477c-9e7a-894a081cd3da ] Request (QuotasTestJSON:tearDownClass): 204 DELETE http://10.180.1.21/networking/v2.0/security-groups/b4aa6448-cd0c-4d87-9b5b-76d706620508 0.145s
2025-11-23 02:32:30.035 66325 INFO tempest.lib.common.rest_client [req-bf4c89d4-522e-42f6-a416-9288153f113c req-bf4c89d4-522e-42f6-a416-9288153f113c ] Request (KeyPairsV22TestJSON:tearDownClass): 204 DELETE http://10.180.1.21/identity/v3/projects/d92d27082a7448dba8e27608f21ccc55 0.082s
2025-11-23 02:32:30.083 66273 INFO tempest.lib.common.rest_client [req-1487d0c3-d35f-4707-b148-9e71677cc05e req-1487d0c3-d35f-4707-b148-9e71677cc05e ] Request (DeleteServersAdminTestJSON:test_admin_delete_servers_of_others): 200 GET http://10.180.1.21/compute/v2.1/servers/f2b3d5af-2828-4a91-a9e4-f0aabaa137e3 0.851s
2025-11-23 02:32:30.123 66301 INFO tempest.lib.common.rest_client [req-04e95913-6cc5-44d7-a808-4c653f2354f6 req-04e95913-6cc5-44d7-a808-4c653f2354f6 ] Request (QuotasTestJSON:tearDownClass): 204 DELETE http://10.180.1.21/identity/v3/projects/9f363705b05944f7b6eb2504b9a5f22a 0.131s
2025-11-23 02:32:30.192 66325 INFO tempest.lib.common.rest_client [req-36c931e5-b2ff-4fb9-be51-b959bbbe60e0 req-36c931e5-b2ff-4fb9-be51-b959bbbe60e0 ] Request (ServerAddressesTestJSON:setUpClass): 201 POST http://10.180.1.21/identity/v3/auth/tokens 0.154s
2025-11-23 02:32:30.202 66287 INFO tempest.lib.common.rest_client [req-0eed12ae-6772-4f1d-b9eb-ac135da6d584 req-0eed12ae-6772-4f1d-b9eb-ac135da6d584 ] Request (ServersAdminNegativeTestJSON:test_resize_server_using_overlimit_ram): 200 GET http://10.180.1.21/compute/v2.1/os-quota-sets/0e6ea4210f7f4c1c87b1f3f2012266c5 0.857s
2025-11-23 02:32:30.224 66315 INFO tempest.lib.common.rest_client [req-83046266-4f18-4776-87be-677fccc57a30 req-83046266-4f18-4776-87be-677fccc57a30 ] Request (ServerRescueNegativeTestJSON:_run_cleanups): 200 GET http://10.180.1.21/compute/v2.1/servers/e093a5c6-5c83-417c-ad67-fa05cf1ff5b4 0.858s
2025-11-23 02:32:30.233 66325 INFO tempest.lib.common.rest_client [req-64d2a1ba-a0e6-470f-be1b-bcf87f0b4b93 req-64d2a1ba-a0e6-470f-be1b-bcf87f0b4b93 ] Request (ServerAddressesTestJSON:setUpClass): 201 POST http://10.180.1.21/identity/v3/auth/tokens 0.039s
2025-11-23 02:32:30.271 66319 INFO tempest.lib.common.rest_client [req-209eb2c2-3601-4d4b-8a24-2b697503fa88 req-209eb2c2-3601-4d4b-8a24-2b697503fa88 ] Request (ServerMetadataTestJSON:test_delete_server_metadata_item): 200 GET http://10.180.1.21/compute/v2.1/servers/d63392a7-912e-4222-89f2-d68cad5295b3/metadata 0.857s
2025-11-23 02:32:30.281 66325 INFO tempest.lib.common.rest_client [req-efaea545-1eee-49e5-b1df-4252e43fb499 req-efaea545-1eee-49e5-b1df-4252e43fb499 ] Request (ServerAddressesTestJSON:setUpClass): 200 GET http://10.180.1.21/identity/v3/domains?name=Default 0.047s
2025-11-23 02:32:30.293 66283 INFO tempest.lib.common.rest_client [req-d14e0ab0-01e2-45c5-bc3d-1ef87ac0fc53 req-d14e0ab0-01e2-45c5-bc3d-1ef87ac0fc53 ] Request (ServersWithSpecificFlavorTestJSON:test_verify_created_server_ephemeral_disk): 200 GET http://10.180.1.21/compute/v2.1/servers/926f97a5-060c-47a3-944c-b0eb4d6634f4 0.836s
2025-11-23 02:32:30.305 66283 INFO tempest.common.waiters [-] State transition "BUILD/scheduling" ==> "BUILD/None" after 7 second wait
2025-11-23 02:32:30.317 66325 INFO tempest.lib.common.rest_client [req-ff3f2275-cb36-45c2-ba5f-37f4f7b99c92 req-ff3f2275-cb36-45c2-ba5f-37f4f7b99c92 ] Request (ServerAddressesTestJSON:setUpClass): 201 POST http://10.180.1.21/identity/v3/projects 0.036s
2025-11-23 02:32:30.341 66279 INFO tempest.lib.common.rest_client [req-bdc6f453-5b00-47b3-a610-a56e6a5be900 req-bdc6f453-5b00-47b3-a610-a56e6a5be900 ] Request (ListImageFiltersTestJSON:test_list_images_filter_by_name): 200 GET http://10.180.1.21/compute/v2.1/images?name=tempest-ListImageFiltersTestJSON-image-1520403730 0.827s
2025-11-23 02:32:30.393 66277 INFO tempest.lib.common.rest_client [req-5146f546-7150-41f6-bbfc-4bdd514de327 req-5146f546-7150-41f6-bbfc-4bdd514de327 ] Request (ServerShowV247Test:tearDownClass): 200 GET http://10.180.1.21/compute/v2.1/servers/ce52bfd8-189b-4781-ba5b-fc60b5031aac 0.861s
2025-11-23 02:32:30.409 66298 INFO tempest.lib.common.rest_client [req-3d47606b-8937-47bf-9557-2ce06347504d req-3d47606b-8937-47bf-9557-2ce06347504d ] Request (VolumesAssistedSnapshotsTest:_run_cleanups): 200 GET http://10.180.1.21/volume/v3/volumes/48704986-868b-4616-a8f6-4d3f7ece02c0 0.044s
2025-11-23 02:32:30.423 66321 INFO tempest.lib.common.rest_client [req-cf72c185-ed1f-4b30-8f9a-4db3f1c28ceb req-cf72c185-ed1f-4b30-8f9a-4db3f1c28ceb ] Request (InstanceActionsV221TestJSON:test_get_list_deleted_instance_actions): 200 GET http://10.180.1.21/compute/v2.1/servers/d4145611-a776-4ccb-b985-9836c29cfa0a 0.888s
2025-11-23 02:32:30.434 66325 INFO tempest.lib.common.rest_client [req-2999efb4-9ec4-47b6-866d-fae902418c86 req-2999efb4-9ec4-47b6-866d-fae902418c86 ] Request (ServerAddressesTestJSON:setUpClass): 201 POST http://10.180.1.21/identity/v3/users 0.116s
2025-11-23 02:32:30.467 66325 INFO tempest.lib.common.rest_client [req-1e885755-8289-479c-b282-f77e0d18be27 req-1e885755-8289-479c-b282-f77e0d18be27 ] Request (ServerAddressesTestJSON:setUpClass): 200 GET http://10.180.1.21/identity/v3/roles 0.033s
2025-11-23 02:32:30.507 66325 INFO tempest.lib.common.rest_client [req-5a15ee03-e776-4521-9bfe-241a6af4bd5d req-5a15ee03-e776-4521-9bfe-241a6af4bd5d ] Request (ServerAddressesTestJSON:setUpClass): 204 PUT http://10.180.1.21/identity/v3/projects/bf98e136c42f42908395d30263c9f140/users/e73ca5e08c42409597825731d24ca950/roles/3bcbe2d7d8d64e769ddba4e6b4b2728d 0.039s
2025-11-23 02:32:30.507 66325 INFO tempest.lib.common.dynamic_creds [-] Dynamic test user e73ca5e08c42409597825731d24ca950 is created with scope project and roles: ['member']
2025-11-23 02:32:30.507 66325 INFO tempest.lib.common.dynamic_creds [-] Acquired dynamic creds: credentials: Credentials: {'domain_id': 'default', 'domain_name': 'Default', 'username': 'tempest-ServerAddressesTestJSON-768157022-project-member', 'project_domain_id': 'default', 'project_domain_name': 'Default', 'project_id': 'bf98e136c42f42908395d30263c9f140', 'project_name': 'tempest-ServerAddressesTestJSON-768157022', 'tenant_id': 'bf98e136c42f42908395d30263c9f140', 'tenant_name': 'tempest-ServerAddressesTestJSON-768157022', 'user_domain_id': 'default', 'user_domain_name': 'Default', 'user_id': 'e73ca5e08c42409597825731d24ca950', 'system': None}, Network: None, Subnet: None, Router: None
2025-11-23 02:32:30.563 66325 INFO tempest.lib.common.rest_client [req-2bb9e870-0533-439d-8c54-830fb3668fbc req-2bb9e870-0533-439d-8c54-830fb3668fbc ] Request (ServerAddressesTestJSON:setUpClass): 201 POST http://10.180.1.21/identity/v3/auth/tokens 0.056s
2025-11-23 02:32:30.860 66325 INFO tempest.lib.common.rest_client [req-66543744-984e-40d8-b2b3-3a601036c27c req-66543744-984e-40d8-b2b3-3a601036c27c ] Request (ServerAddressesTestJSON:setUpClass): 201 POST http://10.180.1.21/networking/v2.0/networks 0.297s
2025-11-23 02:32:30.870 66305 INFO tempest.lib.common.rest_client [req-69fc3f70-02f4-4220-bb52-db6eea2aecbb req-69fc3f70-02f4-4220-bb52-db6eea2aecbb ] Request (MultipleCreateTestJSON:test_multiple_create_with_reservation_return): 202 POST http://10.180.1.21/compute/v2.1/servers 1.331s
2025-11-23 02:32:30.940 66299 INFO tempest.lib.common.rest_client [req-1509c639-a39e-4e22-9a53-4d6386101ffc req-1509c639-a39e-4e22-9a53-4d6386101ffc ] Request (FloatingIPsAssociationTestJSON:tearDownClass): 200 GET http://10.180.1.21/compute/v2.1/servers/45ddc69f-3db1-48ed-bb59-28343cef9ca8 1.146s
2025-11-23 02:32:31.027 66275 INFO tempest.lib.common.rest_client [req-de065580-1a75-4b01-bea7-ddc49d277aba req-de065580-1a75-4b01-bea7-ddc49d277aba ] Request (ServersNegativeTestJSON:setUpClass): 200 GET http://10.180.1.21/compute/v2.1/servers/52e75acd-27b4-4dc3-a3c1-c8b8dd1ac36a 1.160s
2025-11-23 02:32:31.037 66324 INFO tempest.lib.common.rest_client [req-f3c7cbea-8c54-46ec-bf7f-d887a9198d0a req-f3c7cbea-8c54-46ec-bf7f-d887a9198d0a ] Request (ServersTestJSON:setUpClass): 202 POST http://10.180.1.21/compute/v2.1/servers 1.278s
2025-11-23 02:32:31.097 66325 INFO tempest.lib.common.rest_client [req-3d977411-6dd3-46f3-bbc0-e9d193d00067 req-3d977411-6dd3-46f3-bbc0-e9d193d00067 ] Request (ServerAddressesTestJSON:setUpClass): 201 POST http://10.180.1.21/networking/v2.0/subnets 0.236s
2025-11-23 02:32:31.139 66311 INFO tempest.lib.common.rest_client [req-febf0579-1d09-4947-b240-e657c21d0a62 req-febf0579-1d09-4947-b240-e657c21d0a62 ] Request (ImagesOneServerNegativeTestJSON:_run_cleanups): 200 GET http://10.180.1.21/compute/v2.1/servers/348b7c06-1185-49a2-9669-9e9883363ab0 1.111s
2025-11-23 02:32:31.170 66267 INFO tempest.lib.common.rest_client [req-d3445cec-de46-43f0-b23b-618225620d55 req-d3445cec-de46-43f0-b23b-618225620d55 ] Request (ServersListShow2100Test:tearDownClass): 200 GET http://10.180.1.21/compute/v2.1/servers/8641f59e-fddb-4da6-9bc6-f10f9ca2c2e0 1.277s
2025-11-23 02:32:31.236 66303 INFO tempest.lib.common.rest_client [req-5900299b-74b3-4659-9869-f163d07ac0bb req-5900299b-74b3-4659-9869-f163d07ac0bb ] Request (ServerActionsV293TestJSON:setUpClass): 200 GET http://10.180.1.21/compute/v2.1/servers/96bd9040-0414-4c8e-8852-6d88ed438e28 1.138s
2025-11-23 02:32:31.244 66309 INFO tempest.lib.common.rest_client [req-8ea6e946-ceae-407c-8cfb-65ac9a11eb64 req-8ea6e946-ceae-407c-8cfb-65ac9a11eb64 ] Request (InstanceActionsTestJSON:setUpClass): 200 GET http://10.180.1.21/compute/v2.1/servers/38a37ae2-bdd2-4eda-a6d1-b4ecf433f554 1.070s
2025-11-23 02:32:31.266 66287 INFO tempest.lib.common.rest_client [req-51035e83-e763-45ca-bb46-1e6e2557d72a req-51035e83-e763-45ca-bb46-1e6e2557d72a ] Request (ServersAdminNegativeTestJSON:test_resize_server_using_overlimit_ram): 200 POST http://10.180.1.21/compute/v2.1/flavors 1.059s
2025-11-23 02:32:31.267 66289 WARNING tempest.lib.common.ssh [-] Failed to establish authenticated ssh connection to cirros@10.180.180.158 ([Errno None] Unable to connect to port 22 on 10.180.180.158). Number attempts: 3. Retry after 4 seconds.: paramiko.ssh_exception.NoValidConnectionsError: [Errno None] Unable to connect to port 22 on 10.180.180.158
2025-11-23 02:32:31.372 66319 INFO tempest.lib.common.rest_client [req-aa645d72-78b7-419e-9f6a-5c5af45e3108 req-aa645d72-78b7-419e-9f6a-5c5af45e3108 ] Request (ServerMetadataTestJSON:setUp): 200 PUT http://10.180.1.21/compute/v2.1/servers/d63392a7-912e-4222-89f2-d68cad5295b3/metadata 1.099s
2025-11-23 02:32:31.437 66298 INFO tempest.lib.common.rest_client [req-2378fa90-e0fa-4d33-a68e-373c7b821703 req-2378fa90-e0fa-4d33-a68e-373c7b821703 ] Request (VolumesAssistedSnapshotsTest:_run_cleanups): 404 GET http://10.180.1.21/volume/v3/volumes/48704986-868b-4616-a8f6-4d3f7ece02c0 0.016s
2025-11-23 02:32:31.447 66317 INFO tempest.lib.common.rest_client [req-4603b378-5b63-4153-9abe-cc1ea7a8b684 req-4603b378-5b63-4153-9abe-cc1ea7a8b684 ] Request (ImagesTestJSON:test_create_image_from_suspended_server): 200 GET http://10.180.1.21/compute/v2.1/servers/f03bd2e8-79af-4c3e-bcc5-855fb090aa54 1.238s
2025-11-23 02:32:31.456 66317 INFO tempest.common.waiters [-] State transition "ACTIVE/suspending" ==> "SUSPENDED/None" after 2 second wait
2025-11-23 02:32:31.480 66327 INFO tempest.lib.common.rest_client [req-15f0d09a-ae19-4720-8d79-a7c029ae58f6 req-15f0d09a-ae19-4720-8d79-a7c029ae58f6 ] Request (ServersTestJSON:test_create_server_with_ipv6_addr_only): 200 GET http://10.180.1.21/compute/v2.1/servers/4311b3e0-e32e-4ed8-ada5-70332a144ae2 1.200s
2025-11-23 02:32:31.520 66279 INFO tempest.lib.common.rest_client [req-b027044b-47c6-4e04-8831-da1ab8971e55 req-b027044b-47c6-4e04-8831-da1ab8971e55 ] Request (ListImageFiltersTestJSON:test_list_images_filter_by_server_id): 200 GET http://10.180.1.21/compute/v2.1/images?server=9c68f66d-59fe-405b-bba5-6ffa8c8dab39 1.174s
2025-11-23 02:32:31.566 66265 INFO tempest.lib.common.rest_client [req-f794f836-0c15-4952-910a-6a1817495026 req-f794f836-0c15-4952-910a-6a1817495026 ] Request (SecurityGroupsTestJSON:test_list_security_groups_by_server): 200 GET http://10.180.1.21/compute/v2.1/servers/a4266d21-78af-452f-b273-413bd46ae3fa 1.163s
2025-11-23 02:32:31.622 66305 INFO tempest.lib.common.rest_client [req-deaa67ea-b294-45cc-8c0f-dbc437f75568 req-deaa67ea-b294-45cc-8c0f-dbc437f75568 ] Request (MultipleCreateTestJSON:test_multiple_create_with_reservation_return): 200 GET http://10.180.1.21/compute/v2.1/servers 0.752s
2025-11-23 02:32:31.628 66291 INFO tempest.lib.common.rest_client [req-fde95301-71ac-4c20-b057-9f0fd20c0c43 req-fde95301-71ac-4c20-b057-9f0fd20c0c43 ] Request (ServerTagsTestJSON:setUpClass): 200 GET http://10.180.1.21/compute/v2.1/servers/16a40b00-60eb-41ed-aa5d-de7a34018408 1.103s
2025-11-23 02:32:31.646 66307 WARNING tempest.lib.common.ssh [-] Failed to establish authenticated ssh connection to cirros@10.180.180.199 ([Errno None] Unable to connect to port 22 on 10.180.180.199). Number attempts: 4. Retry after 5 seconds.: paramiko.ssh_exception.NoValidConnectionsError: [Errno None] Unable to connect to port 22 on 10.180.180.199
2025-11-23 02:32:31.823 66281 INFO tempest.lib.common.rest_client [req-4230ce18-b98d-4056-ad83-b0ef70cb1107 req-4230ce18-b98d-4056-ad83-b0ef70cb1107 ] Request (MigrationsAdminTest:test_list_migrations_in_flavor_resize_situation): 200 GET http://10.180.1.21/compute/v2.1/servers/4074eea6-87dd-4d44-aeeb-6645391a66a6 0.953s
2025-11-23 02:32:31.838 66269 INFO tempest.lib.common.rest_client [req-4e02daa3-ba41-4f00-931c-8a837b3569ce req-4e02daa3-ba41-4f00-931c-8a837b3569ce ] Request (ListServerFiltersTestJSON:test_list_servers_filter_by_shutoff_status): 200 GET http://10.180.1.21/compute/v2.1/servers/21a3555e-f674-45a2-be18-4943fda6f538 0.936s
2025-11-23 02:32:31.877 66293 INFO tempest.lib.common.rest_client [req-c671c121-da4d-4065-9b20-2b9da95a8b07 req-c671c121-da4d-4065-9b20-2b9da95a8b07 ] Request (ServersAdminTestJSON:test_create_server_with_scheduling_hint): 200 GET http://10.180.1.21/compute/v2.1/servers/5bf65948-ad97-49b3-a422-3f47b0c27e64 0.886s
2025-11-23 02:32:31.890 66324 INFO tempest.lib.common.rest_client [req-e103624b-7720-4cbb-9e54-478ecb3fc297 req-e103624b-7720-4cbb-9e54-478ecb3fc297 ] Request (ServersTestJSON:setUpClass): 200 GET http://10.180.1.21/compute/v2.1/servers/f157c5b8-6b38-4254-b622-67c89535cb5d 0.851s
2025-11-23 02:32:31.923 66325 INFO tempest.lib.common.rest_client [req-d7483334-eaec-420a-9836-679d0893f31d req-d7483334-eaec-420a-9836-679d0893f31d ] Request (ServerAddressesTestJSON:setUpClass): 201 POST http://10.180.1.21/networking/v2.0/routers 0.825s
2025-11-23 02:32:31.985 66273 INFO tempest.lib.common.rest_client [req-37f16efd-b57c-430d-92e1-a4dc18695b1e req-37f16efd-b57c-430d-92e1-a4dc18695b1e ] Request (DeleteServersAdminTestJSON:test_admin_delete_servers_of_others): 200 GET http://10.180.1.21/compute/v2.1/servers/f2b3d5af-2828-4a91-a9e4-f0aabaa137e3 0.890s
2025-11-23 02:32:31.993 66273 INFO tempest.common.waiters [-] State transition "BUILD/spawning" ==> "ACTIVE/None" after 44 second wait
2025-11-23 02:32:32.008 66315 INFO tempest.lib.common.rest_client [req-bfabd0e9-a995-4c73-bed2-db7f03a884b8 req-bfabd0e9-a995-4c73-bed2-db7f03a884b8 ] Request (ServerRescueNegativeTestJSON:_run_cleanups): 200 GET http://10.180.1.21/compute/v2.1/servers/e093a5c6-5c83-417c-ad67-fa05cf1ff5b4 0.769s
2025-11-23 02:32:32.054 66283 INFO tempest.lib.common.rest_client [req-e69d620b-d7fd-46ce-9117-e8f38886bb2e req-e69d620b-d7fd-46ce-9117-e8f38886bb2e ] Request (ServersWithSpecificFlavorTestJSON:test_verify_created_server_ephemeral_disk): 200 GET http://10.180.1.21/compute/v2.1/servers/926f97a5-060c-47a3-944c-b0eb4d6634f4 0.748s
2025-11-23 02:32:32.082 66319 INFO tempest.lib.common.rest_client [req-15dcfd84-c5b9-4e1c-9e03-6905a23e584f req-15dcfd84-c5b9-4e1c-9e03-6905a23e584f ] Request (ServerMetadataTestJSON:test_get_server_metadata_item): 200 GET http://10.180.1.21/compute/v2.1/servers/d63392a7-912e-4222-89f2-d68cad5295b3/metadata/key2 0.708s
2025-11-23 02:32:32.144 66287 INFO tempest.lib.common.rest_client [req-ba829331-b8ab-445f-8c56-ff529d0e1770 req-ba829331-b8ab-445f-8c56-ff529d0e1770 ] Request (ServersAdminNegativeTestJSON:test_resize_server_using_overlimit_ram): 403 POST http://10.180.1.21/compute/v2.1/servers/7809e2bb-082c-4319-92ac-8ed5902e167b/action 0.872s
2025-11-23 02:32:32.185 66277 INFO tempest.lib.common.rest_client [req-2679c0fd-15a8-448a-b696-0408ccdbcd44 req-2679c0fd-15a8-448a-b696-0408ccdbcd44 ] Request (ServerShowV247Test:tearDownClass): 200 GET http://10.180.1.21/compute/v2.1/servers/ce52bfd8-189b-4781-ba5b-fc60b5031aac 0.776s
2025-11-23 02:32:32.297 66298 INFO tempest.lib.common.rest_client [req-65c4d666-dfae-41ac-b4a1-6d1752f17b90 req-65c4d666-dfae-41ac-b4a1-6d1752f17b90 ] Request (VolumesAssistedSnapshotsTest:tearDownClass): 204 DELETE http://10.180.1.21/compute/v2.1/servers/bc63a698-14d4-43c3-b8cf-7d12a2c96dd4 0.854s
2025-11-23 02:32:32.659 66321 INFO tempest.lib.common.rest_client [req-ac2c3be7-d785-4e4f-9b11-b57d6e26e6e3 req-ac2c3be7-d785-4e4f-9b11-b57d6e26e6e3 ] Request (InstanceActionsV221TestJSON:test_get_list_deleted_instance_actions): 200 GET http://10.180.1.21/compute/v2.1/servers/d4145611-a776-4ccb-b985-9836c29cfa0a 1.223s
2025-11-23 02:32:32.714 66279 INFO tempest.lib.common.rest_client [req-17996778-360b-4895-853d-912a97d695fa req-17996778-360b-4895-853d-912a97d695fa ] Request (ListImageFiltersTestJSON:test_list_images_filter_by_server_ref): 200 GET http://10.180.1.21/compute/v2.1/images?server=http%3A%2F%2F10.180.1.21%2Fcompute%2Fv2.1%2Fservers%2F02606008-c5e6-4e8e-9249-071a06041be7 1.190s
2025-11-23 02:32:32.846 66317 INFO tempest.lib.common.rest_client [req-a93ed430-ea68-446f-8f3b-0285013a21e1 req-a93ed430-ea68-446f-8f3b-0285013a21e1 ] Request (ImagesTestJSON:test_create_image_from_suspended_server): 202 POST http://10.180.1.21/compute/v2.1/servers/f03bd2e8-79af-4c3e-bcc5-855fb090aa54/action 1.389s
2025-11-23 02:32:32.914 66325 INFO tempest.lib.common.rest_client [req-f2e06656-5413-4d02-a990-98d8e21e1543 req-f2e06656-5413-4d02-a990-98d8e21e1543 ] Request (ServerAddressesTestJSON:setUpClass): 200 PUT http://10.180.1.21/networking/v2.0/routers/8669cca0-b2ef-47bd-b0c7-3aaa24959806/add_router_interface 0.991s
2025-11-23 02:32:32.915 66325 INFO tempest.lib.common.dynamic_creds [-] Created isolated network resources for: credentials: Credentials: {'domain_id': 'default', 'domain_name': 'Default', 'username': 'tempest-ServerAddressesTestJSON-768157022-project-member', 'project_domain_id': 'default', 'project_domain_name': 'Default', 'project_id': 'bf98e136c42f42908395d30263c9f140', 'project_name': 'tempest-ServerAddressesTestJSON-768157022', 'tenant_id': 'bf98e136c42f42908395d30263c9f140', 'tenant_name': 'tempest-ServerAddressesTestJSON-768157022', 'user_domain_id': 'default', 'user_domain_name': 'Default', 'user_id': 'e73ca5e08c42409597825731d24ca950', 'system': None}, Network: {'id': '7330bfe2-61ab-4274-b204-8c9aab4dd6aa', 'name': 'tempest-ServerAddressesTestJSON-180216124-network', 'tenant_id': 'bf98e136c42f42908395d30263c9f140', 'project_id': 'bf98e136c42f42908395d30263c9f140', 'admin_state_up': True, 'mtu': 8950, 'status': 'ACTIVE', 'subnets': [], 'shared': False, 'port_security_enabled': True, 'router:external': False, 'provider:network_type': 'vlan', 'provider:physical_network': 'default', 'provider:segmentation_id': 259, 'availability_zone_hints': [], 'availability_zones': [], 'ipv4_address_scope': None, 'ipv6_address_scope': None, 'description': '', 'tags': [], 'created_at': '2025-11-23T02:32:30Z', 'updated_at': '2025-11-23T02:32:30Z', 'revision_number': 1}, Subnet: {'id': '2ca0b065-6561-49df-ad36-99f3d7451859', 'name': 'tempest-ServerAddressesTestJSON-180216124-subnet', 'tenant_id': 'bf98e136c42f42908395d30263c9f140', 'network_id': '7330bfe2-61ab-4274-b204-8c9aab4dd6aa', 'ip_version': 4, 'subnetpool_id': None, 'enable_dhcp': True, 'ipv6_ra_mode': None, 'ipv6_address_mode': None, 'gateway_ip': '192.168.128.1', 'cidr': '192.168.128.0/28', 'allocation_pools': [{'start': '192.168.128.2', 'end': '192.168.128.14'}], 'host_routes': [], 'dns_nameservers': [], 'description': '', 'router:external': False, 'service_types': [], 'tags': [], 'created_at': '2025-11-23T02:32:30Z', 'updated_at': '2025-11-23T02:32:30Z', 'revision_number': 0, 'project_id': 'bf98e136c42f42908395d30263c9f140'}, Router: {'id': '8669cca0-b2ef-47bd-b0c7-3aaa24959806', 'name': 'tempest-ServerAddressesTestJSON-180216124-router', 'tenant_id': 'bf98e136c42f42908395d30263c9f140', 'admin_state_up': True, 'status': 'ACTIVE', 'external_gateway_info': {'network_id': 'b0105b3f-5810-4413-8c7f-cadff6d0d2d0', 'external_fixed_ips': [{'subnet_id': '740df678-9822-4d67-9fda-52e2c353c18f', 'ip_address': '10.180.180.181'}], 'enable_snat': True}, 'description': '', 'availability_zones': [], 'distributed': False, 'ha': False, 'availability_zone_hints': [], 'routes': [], 'flavor_id': None, 'tags': [], 'created_at': '2025-11-23T02:32:31Z', 'updated_at': '2025-11-23T02:32:31Z', 'revision_number': 2, 'project_id': 'bf98e136c42f42908395d30263c9f140'}
2025-11-23 02:32:32.950 66305 INFO tempest.lib.common.rest_client [req-a32fdfb9-2080-4640-9853-dcd57edcef52 req-a32fdfb9-2080-4640-9853-dcd57edcef52 ] Request (MultipleCreateTestJSON:test_multiple_create_with_reservation_return): 200 GET http://10.180.1.21/compute/v2.1/servers/0ecf65cb-f96c-4727-bc6a-d745d073f8d2 1.326s
2025-11-23 02:32:32.965 66299 INFO tempest.lib.common.rest_client [req-da68fe83-525e-4d07-acea-4ce4b8cdf5c2 req-da68fe83-525e-4d07-acea-4ce4b8cdf5c2 ] Request (FloatingIPsAssociationTestJSON:tearDownClass): 200 GET http://10.180.1.21/compute/v2.1/servers/45ddc69f-3db1-48ed-bb59-28343cef9ca8 1.016s
2025-11-23 02:32:33.023 66325 INFO tempest.lib.common.rest_client [req-1ff8facd-077e-49ff-900a-364e206b1ee5 req-1ff8facd-077e-49ff-900a-364e206b1ee5 ] Request (ServerAddressesTestJSON:setUpClass): 201 POST http://10.180.1.21/identity/v3/auth/tokens 0.101s
2025-11-23 02:32:33.042 66275 INFO tempest.lib.common.rest_client [req-a51bb5ea-d2f5-4676-b1fe-eee92c1279cd req-a51bb5ea-d2f5-4676-b1fe-eee92c1279cd ] Request (ServersNegativeTestJSON:setUpClass): 200 GET http://10.180.1.21/compute/v2.1/servers/52e75acd-27b4-4dc3-a3c1-c8b8dd1ac36a 1.001s
2025-11-23 02:32:33.062 66325 INFO tempest.lib.common.rest_client [req-7962f4af-33ba-4260-9758-9513b812458b req-7962f4af-33ba-4260-9758-9513b812458b ] Request (ServerAddressesTestJSON:setUpClass): 201 POST http://10.180.1.21/identity/v3/auth/tokens 0.034s
2025-11-23 02:32:33.062 66325 INFO tempest.lib.common.fixed_network [-] (ServerAddressesTestJSON:setUpClass) Found network {'id': '7330bfe2-61ab-4274-b204-8c9aab4dd6aa', 'name': 'tempest-ServerAddressesTestJSON-180216124-network', 'tenant_id': 'bf98e136c42f42908395d30263c9f140', 'project_id': 'bf98e136c42f42908395d30263c9f140', 'admin_state_up': True, 'mtu': 8950, 'status': 'ACTIVE', 'subnets': [], 'shared': False, 'port_security_enabled': True, 'router:external': False, 'provider:network_type': 'vlan', 'provider:physical_network': 'default', 'provider:segmentation_id': 259, 'availability_zone_hints': [], 'availability_zones': [], 'ipv4_address_scope': None, 'ipv6_address_scope': None, 'description': '', 'tags': [], 'created_at': '2025-11-23T02:32:30Z', 'updated_at': '2025-11-23T02:32:30Z', 'revision_number': 1} available for tenant
2025-11-23 02:32:33.133 66319 INFO tempest.lib.common.rest_client [req-e417b7af-44ef-4114-8be7-e7bf7be4acae req-e417b7af-44ef-4114-8be7-e7bf7be4acae ] Request (ServerMetadataTestJSON:setUp): 200 PUT http://10.180.1.21/compute/v2.1/servers/d63392a7-912e-4222-89f2-d68cad5295b3/metadata 1.049s
2025-11-23 02:32:33.166 66287 INFO tempest.lib.common.rest_client [req-78e913cd-20bd-40b2-a85c-a3b4008ac31f req-78e913cd-20bd-40b2-a85c-a3b4008ac31f ] Request (ServersAdminNegativeTestJSON:_run_cleanups): 202 DELETE http://10.180.1.21/compute/v2.1/flavors/241095325 1.021s
2025-11-23 02:32:33.223 66273 INFO tempest.lib.common.rest_client [req-d918f2f7-7235-4e3e-aa95-2c4a43c29e7c req-d918f2f7-7235-4e3e-aa95-2c4a43c29e7c ] Request (DeleteServersAdminTestJSON:test_admin_delete_servers_of_others): 204 DELETE http://10.180.1.21/compute/v2.1/servers/f2b3d5af-2828-4a91-a9e4-f0aabaa137e3 1.228s
2025-11-23 02:32:33.234 66311 INFO tempest.lib.common.rest_client [req-fe7a0cde-7ba7-4d0c-a0f2-bb736fb76d1f req-fe7a0cde-7ba7-4d0c-a0f2-bb736fb76d1f ] Request (ImagesOneServerNegativeTestJSON:_run_cleanups): 200 GET http://10.180.1.21/compute/v2.1/servers/348b7c06-1185-49a2-9669-9e9883363ab0 1.084s
