2025-11-23 02:30:28.350 66275 INFO tempest.lib.common.dynamic_creds [-] Acquired dynamic creds: credentials: Credentials: {'domain_id': 'default', 'domain_name': 'Default', 'username': 'tempest-ServerDiagnosticsV248Test-890131228-project-admin', 'project_domain_id': 'default', 'project_domain_name': 'Default', 'project_id': '124ec30c1384436984d2278ce12238b8', 'project_name': 'tempest-ServerDiagnosticsV248Test-890131228', 'tenant_id': '124ec30c1384436984d2278ce12238b8', 'tenant_name': 'tempest-ServerDiagnosticsV248Test-890131228', 'user_domain_id': 'default', 'user_domain_name': 'Default', 'user_id': '73d7afb1cbb9415089fa421a112d7198', 'system': None}, Network: None, Subnet: None, Router: None
2025-11-23 02:30:28.351 66275 INFO tempest.lib.common.dynamic_creds [-] Created isolated network resources for: credentials: Credentials: {'domain_id': 'default', 'domain_name': 'Default', 'username': 'tempest-ServerDiagnosticsV248Test-890131228-project-admin', 'project_domain_id': 'default', 'project_domain_name': 'Default', 'project_id': '124ec30c1384436984d2278ce12238b8', 'project_name': 'tempest-ServerDiagnosticsV248Test-890131228', 'tenant_id': '124ec30c1384436984d2278ce12238b8', 'tenant_name': 'tempest-ServerDiagnosticsV248Test-890131228', 'user_domain_id': 'default', 'user_domain_name': 'Default', 'user_id': '73d7afb1cbb9415089fa421a112d7198', 'system': None}, Network: None, Subnet: None, Router: None
2025-11-23 02:30:28.457 66275 INFO tempest.lib.common.rest_client [req-750f7f98-ebbe-44c0-90ee-42713c84b5e2 req-750f7f98-ebbe-44c0-90ee-42713c84b5e2 ] Request (ServerDiagnosticsV248Test:setUpClass): 201 POST http://10.180.1.21/identity/v3/auth/tokens 0.103s
2025-11-23 02:30:28.521 66275 INFO tempest.lib.common.rest_client [req-b24244d6-2532-478f-9fd7-65d2f0e772d8 req-b24244d6-2532-478f-9fd7-65d2f0e772d8 ] Request (ServerDiagnosticsV248Test:test_get_server_diagnostics): 201 POST http://10.180.1.21/identity/v3/auth/tokens 0.059s
2025-11-23 02:30:28.521 66275 INFO tempest.lib.common.fixed_network [-] (ServerDiagnosticsV248Test:test_get_server_diagnostics) Found network None available for tenant
2025-11-23 02:30:28.714 66317 INFO tempest.lib.common.rest_client [req-9c20ed5d-0f55-4003-aa97-0f082baa3bcd req-9c20ed5d-0f55-4003-aa97-0f082baa3bcd ] Request (ImagesTestJSON:setUpClass): 200 PUT http://10.180.1.21/networking/v2.0/routers/3d994aa6-7116-41ef-adcd-1c85e0609fab/add_router_interface 1.136s
2025-11-23 02:30:28.714 66317 INFO tempest.lib.common.dynamic_creds [-] Created isolated network resources for: credentials: Credentials: {'domain_id': 'default', 'domain_name': 'Default', 'username': 'tempest-ImagesTestJSON-1400319718-project-member', 'project_domain_id': 'default', 'project_domain_name': 'Default', 'project_id': '1863444f70fe4c9eb8d30606e81b61f6', 'project_name': 'tempest-ImagesTestJSON-1400319718', 'tenant_id': '1863444f70fe4c9eb8d30606e81b61f6', 'tenant_name': 'tempest-ImagesTestJSON-1400319718', 'user_domain_id': 'default', 'user_domain_name': 'Default', 'user_id': 'bd472c34e78e4ae49a32755bac86c348', 'system': None}, Network: {'id': 'd11b359a-b805-4135-a591-5759bff15fbb', 'name': 'tempest-ImagesTestJSON-744750382-network', 'tenant_id': '1863444f70fe4c9eb8d30606e81b61f6', 'project_id': '1863444f70fe4c9eb8d30606e81b61f6', 'admin_state_up': True, 'mtu': 8950, 'status': 'ACTIVE', 'subnets': [], 'shared': False, 'port_security_enabled': True, 'router:external': False, 'provider:network_type': 'vlan', 'provider:physical_network': 'default', 'provider:segmentation_id': 188, 'availability_zone_hints': [], 'availability_zones': [], 'ipv4_address_scope': None, 'ipv6_address_scope': None, 'description': '', 'tags': [], 'created_at': '2025-11-23T02:30:24Z', 'updated_at': '2025-11-23T02:30:24Z', 'revision_number': 1}, Subnet: {'id': '598be0a9-0010-4b41-b35f-d82dc0e00b20', 'name': 'tempest-ImagesTestJSON-744750382-subnet', 'tenant_id': '1863444f70fe4c9eb8d30606e81b61f6', 'network_id': 'd11b359a-b805-4135-a591-5759bff15fbb', 'ip_version': 4, 'subnetpool_id': None, 'enable_dhcp': True, 'ipv6_ra_mode': None, 'ipv6_address_mode': None, 'gateway_ip': '192.168.128.1', 'cidr': '192.168.128.0/28', 'allocation_pools': [{'start': '192.168.128.2', 'end': '192.168.128.14'}], 'host_routes': [], 'dns_nameservers': [], 'description': '', 'router:external': False, 'service_types': [], 'tags': [], 'created_at': '2025-11-23T02:30:26Z', 'updated_at': '2025-11-23T02:30:26Z', 'revision_number': 0, 'project_id': '1863444f70fe4c9eb8d30606e81b61f6'}, Router: {'id': '3d994aa6-7116-41ef-adcd-1c85e0609fab', 'name': 'tempest-ImagesTestJSON-744750382-router', 'tenant_id': '1863444f70fe4c9eb8d30606e81b61f6', 'admin_state_up': True, 'status': 'ACTIVE', 'external_gateway_info': {'network_id': 'b0105b3f-5810-4413-8c7f-cadff6d0d2d0', 'external_fixed_ips': [{'subnet_id': '740df678-9822-4d67-9fda-52e2c353c18f', 'ip_address': '10.180.180.152'}], 'enable_snat': True}, 'description': '', 'availability_zones': [], 'distributed': False, 'ha': False, 'availability_zone_hints': [], 'routes': [], 'flavor_id': None, 'tags': [], 'created_at': '2025-11-23T02:30:26Z', 'updated_at': '2025-11-23T02:30:27Z', 'revision_number': 2, 'project_id': '1863444f70fe4c9eb8d30606e81b61f6'}
2025-11-23 02:30:28.788 66313 INFO tempest.lib.common.rest_client [req-596987ac-ef21-47c9-b177-9ed240501696 req-596987ac-ef21-47c9-b177-9ed240501696 ] Request (InstanceActionsNegativeTestJSON:setUpClass): 200 GET http://10.180.1.21/compute/v2.1/servers/68fcd0c4-09d6-4f7f-9fca-7556421251e7 8.038s
2025-11-23 02:30:28.798 66317 INFO tempest.lib.common.rest_client [req-6b2cc4ca-0d74-499d-be08-d6ce2eae9f60 req-6b2cc4ca-0d74-499d-be08-d6ce2eae9f60 ] Request (ImagesTestJSON:setUpClass): 201 POST http://10.180.1.21/identity/v3/auth/tokens 0.079s
2025-11-23 02:30:28.823 66303 INFO tempest.lib.common.rest_client [req-73830ac6-0e22-4c07-bdd9-fe903dfa7ea3 req-73830ac6-0e22-4c07-bdd9-fe903dfa7ea3 ] Request (ServersTestBootFromVolume:setUpClass): 200 GET http://10.180.1.21/compute/v2.1/servers/8db0c746-a5f0-47cc-993d-eac47d231bd5 8.108s
2025-11-23 02:30:28.830 66303 INFO tempest.common.waiters [-] State transition "BUILD/spawning" ==> "ACTIVE/None" after 21 second wait
2025-11-23 02:30:28.843 66317 INFO tempest.lib.common.rest_client [req-e0ca65ef-a688-4e86-afe2-e6aec1863387 req-e0ca65ef-a688-4e86-afe2-e6aec1863387 ] Request (ImagesTestJSON:test_create_image_from_stopped_server): 201 POST http://10.180.1.21/identity/v3/auth/tokens 0.041s
2025-11-23 02:30:28.843 66317 INFO tempest.lib.common.fixed_network [-] (ImagesTestJSON:test_create_image_from_stopped_server) Found network {'id': 'd11b359a-b805-4135-a591-5759bff15fbb', 'name': 'tempest-ImagesTestJSON-744750382-network', 'tenant_id': '1863444f70fe4c9eb8d30606e81b61f6', 'project_id': '1863444f70fe4c9eb8d30606e81b61f6', 'admin_state_up': True, 'mtu': 8950, 'status': 'ACTIVE', 'subnets': [], 'shared': False, 'port_security_enabled': True, 'router:external': False, 'provider:network_type': 'vlan', 'provider:physical_network': 'default', 'provider:segmentation_id': 188, 'availability_zone_hints': [], 'availability_zones': [], 'ipv4_address_scope': None, 'ipv6_address_scope': None, 'description': '', 'tags': [], 'created_at': '2025-11-23T02:30:24Z', 'updated_at': '2025-11-23T02:30:24Z', 'revision_number': 1} available for tenant
2025-11-23 02:30:28.982 66319 INFO tempest.lib.common.rest_client [req-4bc6ac03-57e4-4854-99ad-9aae6aa0ffe4 req-4bc6ac03-57e4-4854-99ad-9aae6aa0ffe4 ] Request (SecurityGroupRulesTestJSON:test_security_group_rules_delete_when_peer_group_deleted): 200 POST http://10.180.1.21/compute/v2.1/os-security-groups 8.185s
2025-11-23 02:30:29.081 66287 INFO tempest.lib.common.rest_client [req-bd58df6c-535c-4dfb-89cb-1350dac53047 req-bd58df6c-535c-4dfb-89cb-1350dac53047 ] Request (ServerDiagnosticsNegativeTest:tearDownClass): 200 GET http://10.180.1.21/compute/v2.1/servers/db652336-6899-42d1-87e1-208efeceb348 7.257s
2025-11-23 02:30:29.093 66287 INFO tempest.common.waiters [-] State transition "ACTIVE/deleting" ==> "DELETED/None" after 9 second wait
2025-11-23 02:30:29.121 66299 INFO tempest.lib.common.rest_client [req-2898560b-5b3d-494d-bce3-df521e71f9cc req-2898560b-5b3d-494d-bce3-df521e71f9cc ] Request (FloatingIPsAssociationTestJSON:setUpClass): 200 GET http://10.180.1.21/compute/v2.1/servers/a43f081b-8e85-4b8b-b880-7db2e0f9d802 7.978s
2025-11-23 02:30:29.126 66301 INFO tempest.lib.common.rest_client [req-524060a2-45bc-410c-b1d9-91791155d6c7 req-524060a2-45bc-410c-b1d9-91791155d6c7 ] Request (ImagesOneServerTestJSON:test_create_delete_image): 200 GET http://10.180.1.21/compute/v2.1/images/35fb51df-fb96-4e3b-8c92-e23f827ba519 7.244s
2025-11-23 02:30:29.130 66299 INFO tempest.common.waiters [-] State transition "BUILD/networking" ==> "BUILD/spawning" after 15 second wait
2025-11-23 02:30:29.219 66309 INFO tempest.lib.common.rest_client [req-d3aa01f1-3293-4733-86ec-09a528147f10 req-d3aa01f1-3293-4733-86ec-09a528147f10 ] Request (ServerDiagnosticsTest:tearDownClass): 200 GET http://10.180.1.21/compute/v2.1/servers/f05fe1ac-1c22-4fb5-85ca-3f20accaf3de 6.788s
2025-11-23 02:30:29.231 66309 INFO tempest.common.waiters [-] State transition "ACTIVE/deleting" ==> "DELETED/None" after 8 second wait
2025-11-23 02:30:29.282 66295 INFO tempest.lib.common.rest_client [req-522e4d7a-5269-4af9-916c-59f139fcd134 req-522e4d7a-5269-4af9-916c-59f139fcd134 ] Request (FlavorsExtraSpecsTestJSON:tearDownClass): 200 GET http://10.180.1.21/compute/v2.1/flavors/detail 5.508s
2025-11-23 02:30:29.390 66281 INFO tempest.lib.common.rest_client [req-c240383f-d1c1-4360-8bd5-c25e15ac3973 req-c240383f-d1c1-4360-8bd5-c25e15ac3973 ] Request (HypervisorAdminNegativeTestJSON:test_get_hypervisor_uptime_with_non_admin_user): 200 GET http://10.180.1.21/compute/v2.1/os-hypervisors 5.604s
2025-11-23 02:30:29.401 66273 INFO tempest.lib.common.rest_client [req-24a255c0-9ebb-4dd4-9ea8-38cfeea66ec1 req-24a255c0-9ebb-4dd4-9ea8-38cfeea66ec1 ] Request (AggregatesAdminNegativeTestJSON:test_aggregate_create_as_user): 403 POST http://10.180.1.21/compute/v2.1/os-aggregates 5.615s
2025-11-23 02:30:29.423 66295 INFO tempest.lib.common.rest_client [req-31eb7cc5-39f2-4532-8465-54450780621d req-31eb7cc5-39f2-4532-8465-54450780621d ] Request (FlavorsExtraSpecsTestJSON:tearDownClass): 204 DELETE http://10.180.1.21/identity/v3/users/49b9afb63b9644ce895560c8fbd0388f 0.135s
2025-11-23 02:30:29.426 66324 INFO tempest.lib.common.rest_client [req-e5bf5f62-4c07-4dcc-bab7-b802f80cb4a7 req-e5bf5f62-4c07-4dcc-bab7-b802f80cb4a7 ] Request (FlavorsAdminTestJSON:_run_cleanups): 202 DELETE http://10.180.1.21/compute/v2.1/flavors/202b4c86-985b-4aef-9bb3-dfffa0c16def 5.615s
2025-11-23 02:30:29.564 66295 INFO tempest.lib.common.rest_client [req-9db57140-4655-4df5-9390-e931775f3a82 req-9db57140-4655-4df5-9390-e931775f3a82 ] Request (FlavorsExtraSpecsTestJSON:tearDownClass): 204 DELETE http://10.180.1.21/identity/v3/users/8c864f26f5ad40999f552c1ec02fc09b 0.140s
2025-11-23 02:30:29.564 66295 INFO tempest.lib.common.dynamic_creds [-] Deleting project and security group for project: ffd311a421ff4e9680f0c57db4b27ca4
2025-11-23 02:30:29.635 66295 INFO tempest.lib.common.rest_client [req-bbc5d087-e20c-4ab8-b074-de7ccdda809e req-bbc5d087-e20c-4ab8-b074-de7ccdda809e ] Request (FlavorsExtraSpecsTestJSON:tearDownClass): 201 POST http://10.180.1.21/identity/v3/auth/tokens 0.071s
2025-11-23 02:30:29.847 66295 INFO tempest.lib.common.rest_client [req-2173037c-8b20-484d-97ff-a79a2f28127b req-2173037c-8b20-484d-97ff-a79a2f28127b ] Request (FlavorsExtraSpecsTestJSON:tearDownClass): 200 GET http://10.180.1.21/networking/v2.0/security-groups?tenant_id=ffd311a421ff4e9680f0c57db4b27ca4&name=default 0.212s
2025-11-23 02:30:29.984 66265 INFO tempest.lib.common.rest_client [req-2ee535bf-36ba-4f03-9357-b79546c7f977 req-2ee535bf-36ba-4f03-9357-b79546c7f977 ] Request (ImagesNegativeTestJSON:test_create_image_from_deleted_server): 202 POST http://10.180.1.21/compute/v2.1/servers 7.088s
2025-11-23 02:30:30.003 66269 INFO tempest.lib.common.rest_client [req-f2bdbf65-1a36-4332-8e39-27e66be9b97b req-f2bdbf65-1a36-4332-8e39-27e66be9b97b ] Request (KeyPairsV2TestJSON:_run_cleanups): 202 DELETE http://10.180.1.21/compute/v2.1/os-keypairs/tempest-KeyPairsV2TestJSON-keypair-1410221862 4.936s
2025-11-23 02:30:30.045 66267 INFO tempest.lib.common.rest_client [req-47c2eb17-6eba-4d33-af26-ca1c0da7a479 req-47c2eb17-6eba-4d33-af26-ca1c0da7a479 ] Request (ImagesMetadataTestJSON:test_set_image_metadata_item): 200 GET http://10.180.1.21/compute/v2.1/images/23e62caa-48dc-4772-9a83-1fb8f5cf6bcd/metadata 4.705s
2025-11-23 02:30:30.177 66295 INFO tempest.lib.common.rest_client [req-b87a786b-d40b-4b9f-acea-df1837966a83 req-b87a786b-d40b-4b9f-acea-df1837966a83 ] Request (FlavorsExtraSpecsTestJSON:tearDownClass): 204 DELETE http://10.180.1.21/networking/v2.0/security-groups/c503e34e-a0cc-4f62-a888-2ab135cdc55e 0.329s
2025-11-23 02:30:30.285 66295 INFO tempest.lib.common.rest_client [req-a7ae0c07-79c8-4785-87c4-3e64dd258517 req-a7ae0c07-79c8-4785-87c4-3e64dd258517 ] Request (FlavorsExtraSpecsTestJSON:tearDownClass): 204 DELETE http://10.180.1.21/identity/v3/projects/ffd311a421ff4e9680f0c57db4b27ca4 0.108s
2025-11-23 02:30:30.286 66295 INFO tempest.lib.common.dynamic_creds [-] Deleting project and security group for project: c2185b23ff0445429550b968c21453ab
2025-11-23 02:30:30.537 66295 INFO tempest.lib.common.rest_client [req-f244cba3-7b1e-42bc-90ce-16c21899d6de req-f244cba3-7b1e-42bc-90ce-16c21899d6de ] Request (FlavorsExtraSpecsTestJSON:tearDownClass): 200 GET http://10.180.1.21/networking/v2.0/security-groups?tenant_id=c2185b23ff0445429550b968c21453ab&name=default 0.251s
2025-11-23 02:30:30.856 66283 INFO tempest.lib.common.rest_client [req-f6729f43-a327-4b86-9c0b-b897b5ef2d55 req-f6729f43-a327-4b86-9c0b-b897b5ef2d55 ] Request (ServersWithSpecificFlavorTestJSON:test_verify_created_server_ephemeral_disk): 200 GET http://10.180.1.21/compute/v2.1/servers/fcedef5a-09ee-4ba6-a765-e6f18745ff93 4.797s
2025-11-23 02:30:30.986 66295 INFO tempest.lib.common.rest_client [req-e0e5dbb6-92de-425f-a1c2-118f67634b9b req-e0e5dbb6-92de-425f-a1c2-118f67634b9b ] Request (FlavorsExtraSpecsTestJSON:tearDownClass): 204 DELETE http://10.180.1.21/networking/v2.0/security-groups/c7f36484-f965-46a5-8658-960366065f13 0.447s
2025-11-23 02:30:31.198 66295 INFO tempest.lib.common.rest_client [req-a47630e4-04ce-4ec3-8b18-81f08324a63f req-a47630e4-04ce-4ec3-8b18-81f08324a63f ] Request (FlavorsExtraSpecsTestJSON:tearDownClass): 204 DELETE http://10.180.1.21/identity/v3/projects/c2185b23ff0445429550b968c21453ab 0.212s
2025-11-23 02:30:31.245 66285 INFO tempest.lib.common.rest_client [req-1e32e542-193a-4e0e-be86-bb8af57e0647 req-1e32e542-193a-4e0e-be86-bb8af57e0647 ] Request (FloatingIPsNegativeTestJSON:setUpClass): 200 GET http://10.180.1.21/compute/v2.1/os-floating-ips 5.095s
2025-11-23 02:30:31.280 66271 INFO tempest.lib.common.rest_client [req-199aa8cb-4fa3-4ad0-b1b3-594d38e23b0c req-199aa8cb-4fa3-4ad0-b1b3-594d38e23b0c ] Request (FlavorsAccessNegativeTestJSON:_run_cleanups): 200 GET http://10.180.1.21/compute/v2.1/flavors/detail 4.576s
2025-11-23 02:30:31.309 66295 INFO tempest.lib.common.rest_client [req-94e409a1-134e-4114-a8f9-5f071e36f650 req-94e409a1-134e-4114-a8f9-5f071e36f650 ] Request (HostsAdminNegativeTestJSON:setUpClass): 201 POST http://10.180.1.21/identity/v3/auth/tokens 0.106s
2025-11-23 02:30:31.364 66295 INFO tempest.lib.common.rest_client [req-87d2cb93-dd6e-4489-b373-4dad9cf86d52 req-87d2cb93-dd6e-4489-b373-4dad9cf86d52 ] Request (HostsAdminNegativeTestJSON:setUpClass): 201 POST http://10.180.1.21/identity/v3/auth/tokens 0.050s
2025-11-23 02:30:31.404 66295 INFO tempest.lib.common.rest_client [req-06c90006-bb60-41ba-89df-6f43dbd29acf req-06c90006-bb60-41ba-89df-6f43dbd29acf ] Request (HostsAdminNegativeTestJSON:setUpClass): 200 GET http://10.180.1.21/identity/v3/domains?name=Default 0.040s
2025-11-23 02:30:31.444 66295 INFO tempest.lib.common.rest_client [req-49c9edf3-fcef-45c0-98ba-895b6ef9cf6d req-49c9edf3-fcef-45c0-98ba-895b6ef9cf6d ] Request (HostsAdminNegativeTestJSON:setUpClass): 201 POST http://10.180.1.21/identity/v3/projects 0.039s
2025-11-23 02:30:31.541 66295 INFO tempest.lib.common.rest_client [req-77a6b88c-1aef-4562-b9f7-26d708c251ab req-77a6b88c-1aef-4562-b9f7-26d708c251ab ] Request (HostsAdminNegativeTestJSON:setUpClass): 201 POST http://10.180.1.21/identity/v3/users 0.097s
2025-11-23 02:30:31.574 66295 INFO tempest.lib.common.rest_client [req-934fcad8-3c4a-4baa-949a-8af3821e11f4 req-934fcad8-3c4a-4baa-949a-8af3821e11f4 ] Request (HostsAdminNegativeTestJSON:setUpClass): 200 GET http://10.180.1.21/identity/v3/roles 0.032s
2025-11-23 02:30:31.610 66295 INFO tempest.lib.common.rest_client [req-077ccdcf-1a3a-45f1-9268-c1589ae1faf4 req-077ccdcf-1a3a-45f1-9268-c1589ae1faf4 ] Request (HostsAdminNegativeTestJSON:setUpClass): 204 PUT http://10.180.1.21/identity/v3/projects/9b9b9c504204486aaf44ab5406874630/users/f2bcd0f06c2c42398c6bb3eb1af21612/roles/3bcbe2d7d8d64e769ddba4e6b4b2728d 0.035s
2025-11-23 02:30:31.610 66295 INFO tempest.lib.common.dynamic_creds [-] Dynamic test user f2bcd0f06c2c42398c6bb3eb1af21612 is created with scope project and roles: ['member']
2025-11-23 02:30:31.610 66295 INFO tempest.lib.common.dynamic_creds [-] Acquired dynamic creds: credentials: Credentials: {'domain_id': 'default', 'domain_name': 'Default', 'username': 'tempest-HostsAdminNegativeTestJSON-461099576-project-member', 'project_domain_id': 'default', 'project_domain_name': 'Default', 'project_id': '9b9b9c504204486aaf44ab5406874630', 'project_name': 'tempest-HostsAdminNegativeTestJSON-461099576', 'tenant_id': '9b9b9c504204486aaf44ab5406874630', 'tenant_name': 'tempest-HostsAdminNegativeTestJSON-461099576', 'user_domain_id': 'default', 'user_domain_name': 'Default', 'user_id': 'f2bcd0f06c2c42398c6bb3eb1af21612', 'system': None}, Network: None, Subnet: None, Router: None
2025-11-23 02:30:31.611 66295 INFO tempest.lib.common.dynamic_creds [-] Created isolated network resources for: credentials: Credentials: {'domain_id': 'default', 'domain_name': 'Default', 'username': 'tempest-HostsAdminNegativeTestJSON-461099576-project-member', 'project_domain_id': 'default', 'project_domain_name': 'Default', 'project_id': '9b9b9c504204486aaf44ab5406874630', 'project_name': 'tempest-HostsAdminNegativeTestJSON-461099576', 'tenant_id': '9b9b9c504204486aaf44ab5406874630', 'tenant_name': 'tempest-HostsAdminNegativeTestJSON-461099576', 'user_domain_id': 'default', 'user_domain_name': 'Default', 'user_id': 'f2bcd0f06c2c42398c6bb3eb1af21612', 'system': None}, Network: None, Subnet: None, Router: None
2025-11-23 02:30:31.702 66295 INFO tempest.lib.common.rest_client [req-91bd46ae-9ee7-443e-85d1-223855624a29 req-91bd46ae-9ee7-443e-85d1-223855624a29 ] Request (HostsAdminNegativeTestJSON:setUpClass): 201 POST http://10.180.1.21/identity/v3/auth/tokens 0.086s
2025-11-23 02:30:31.776 66295 INFO tempest.lib.common.rest_client [req-c0f99c8c-59ba-436f-9d1f-920aef08ca8d req-c0f99c8c-59ba-436f-9d1f-920aef08ca8d ] Request (HostsAdminNegativeTestJSON:setUpClass): 201 POST http://10.180.1.21/identity/v3/projects 0.073s
2025-11-23 02:30:31.847 66295 INFO tempest.lib.common.rest_client [req-bcace23d-915d-406a-8cdf-22491c49da0a req-bcace23d-915d-406a-8cdf-22491c49da0a ] Request (HostsAdminNegativeTestJSON:setUpClass): 201 POST http://10.180.1.21/identity/v3/users 0.070s
2025-11-23 02:30:31.871 66295 INFO tempest.lib.common.rest_client [req-4bdc30dc-6fef-4156-8959-277d6841addd req-4bdc30dc-6fef-4156-8959-277d6841addd ] Request (HostsAdminNegativeTestJSON:setUpClass): 200 GET http://10.180.1.21/identity/v3/roles 0.023s
2025-11-23 02:30:31.877 66325 INFO tempest.lib.common.rest_client [req-16b380c3-8cc0-4fc9-8864-67fef6590a6a req-16b380c3-8cc0-4fc9-8864-67fef6590a6a ] Request (FloatingIPsAssociationNegativeTestJSON:test_associate_ip_to_server_with_floating_ip): 202 POST http://10.180.1.21/compute/v2.1/servers/c1ac78e7-48e5-4c65-b3d4-689e45cdd5b2/action 7.164s
2025-11-23 02:30:31.907 66295 INFO tempest.lib.common.rest_client [req-950fc6dd-2508-463b-af5f-4682cffcf9e5 req-950fc6dd-2508-463b-af5f-4682cffcf9e5 ] Request (HostsAdminNegativeTestJSON:setUpClass): 204 PUT http://10.180.1.21/identity/v3/projects/abc2ccc5ab18495aac5a8b4a8e04c1bf/users/b5d6825a04d440bf8dbbc951bc174d65/roles/20f4b028dc4f42099d34eb7c8179f9bc 0.035s
2025-11-23 02:30:31.942 66321 INFO tempest.lib.common.rest_client [req-b3c748b3-c429-4aa2-9eac-99e8b8643593 req-b3c748b3-c429-4aa2-9eac-99e8b8643593 ] Request (ServersAdmin275Test:test_rebuild_update_server_275): 200 GET http://10.180.1.21/compute/v2.1/servers/def36ac7-09ed-4d5a-bfae-e8f4c7648251 4.684s
2025-11-23 02:30:31.953 66321 INFO tempest.common.waiters [-] State transition "BUILD/networking" ==> "BUILD/spawning" after 5 second wait
2025-11-23 02:30:31.970 66295 INFO tempest.lib.common.rest_client [req-dadcb1fe-5071-4e1d-a40d-9ecf5d3f9ae4 req-dadcb1fe-5071-4e1d-a40d-9ecf5d3f9ae4 ] Request (HostsAdminNegativeTestJSON:setUpClass): 200 GET http://10.180.1.21/identity/v3/roles 0.062s
2025-11-23 02:30:31.989 66295 INFO tempest.lib.common.rest_client [req-1f40f588-eef7-4c6e-a5d3-9c7531faa7ea req-1f40f588-eef7-4c6e-a5d3-9c7531faa7ea ] Request (HostsAdminNegativeTestJSON:setUpClass): 204 PUT http://10.180.1.21/identity/v3/projects/abc2ccc5ab18495aac5a8b4a8e04c1bf/users/b5d6825a04d440bf8dbbc951bc174d65/roles/20f4b028dc4f42099d34eb7c8179f9bc 0.019s
2025-11-23 02:30:31.990 66295 INFO tempest.lib.common.dynamic_creds [-] Dynamic test user b5d6825a04d440bf8dbbc951bc174d65 is created with scope project and roles: ['admin']
2025-11-23 02:30:31.990 66295 INFO tempest.lib.common.dynamic_creds [-] Acquired dynamic creds: credentials: Credentials: {'domain_id': 'default', 'domain_name': 'Default', 'username': 'tempest-HostsAdminNegativeTestJSON-575549432-project-admin', 'project_domain_id': 'default', 'project_domain_name': 'Default', 'project_id': 'abc2ccc5ab18495aac5a8b4a8e04c1bf', 'project_name': 'tempest-HostsAdminNegativeTestJSON-575549432', 'tenant_id': 'abc2ccc5ab18495aac5a8b4a8e04c1bf', 'tenant_name': 'tempest-HostsAdminNegativeTestJSON-575549432', 'user_domain_id': 'default', 'user_domain_name': 'Default', 'user_id': 'b5d6825a04d440bf8dbbc951bc174d65', 'system': None}, Network: None, Subnet: None, Router: None
2025-11-23 02:30:31.990 66295 INFO tempest.lib.common.dynamic_creds [-] Created isolated network resources for: credentials: Credentials: {'domain_id': 'default', 'domain_name': 'Default', 'username': 'tempest-HostsAdminNegativeTestJSON-575549432-project-admin', 'project_domain_id': 'default', 'project_domain_name': 'Default', 'project_id': 'abc2ccc5ab18495aac5a8b4a8e04c1bf', 'project_name': 'tempest-HostsAdminNegativeTestJSON-575549432', 'tenant_id': 'abc2ccc5ab18495aac5a8b4a8e04c1bf', 'tenant_name': 'tempest-HostsAdminNegativeTestJSON-575549432', 'user_domain_id': 'default', 'user_domain_name': 'Default', 'user_id': 'b5d6825a04d440bf8dbbc951bc174d65', 'system': None}, Network: None, Subnet: None, Router: None
2025-11-23 02:30:32.078 66311 INFO tempest.lib.common.rest_client [req-4ede60b8-59e9-4fd4-ae7c-af3a24e35c4e req-4ede60b8-59e9-4fd4-ae7c-af3a24e35c4e ] Request (ImagesOneServerNegativeTestJSON:setUp): 200 GET http://10.180.1.21/compute/v2.1/servers/03dd0469-93eb-4be4-94b7-5679028ec9f4 4.691s
2025-11-23 02:30:32.098 66295 INFO tempest.lib.common.rest_client [req-c781e04e-4ca6-4b41-9a13-d65e31005b33 req-c781e04e-4ca6-4b41-9a13-d65e31005b33 ] Request (HostsAdminNegativeTestJSON:setUpClass): 201 POST http://10.180.1.21/identity/v3/auth/tokens 0.105s
2025-11-23 02:30:32.233 66298 INFO tempest.lib.common.rest_client [req-fc046542-2821-4d09-ac0f-4906bfd47884 req-fc046542-2821-4d09-ac0f-4906bfd47884 ] Request (VolumesAssistedSnapshotsTest:test_volume_assisted_snapshot_create_delete): 200 GET http://10.180.1.21/compute/v2.1/servers/bc63a698-14d4-43c3-b8cf-7d12a2c96dd4/os-interface 4.751s
2025-11-23 02:30:32.324 66305 INFO tempest.lib.common.rest_client [req-c98f474b-3473-4a93-96a7-d64a4dfa13e5 req-c98f474b-3473-4a93-96a7-d64a4dfa13e5 ] Request (TenantUsagesTestJSON:tearDownClass): 204 DELETE http://10.180.1.21/compute/v2.1/servers/e336a01a-9fdd-44f9-ac2f-f1a1bd94674e 4.781s
2025-11-23 02:30:32.776 66298 INFO tempest.lib.common.rest_client [req-4a3a1cbc-d565-4140-be24-1855ec8a7e41 req-4a3a1cbc-d565-4140-be24-1855ec8a7e41 ] Request (VolumesAssistedSnapshotsTest:test_volume_assisted_snapshot_create_delete): 200 PUT http://10.180.1.21/networking/v2.0/floatingips/30fd3edb-09ea-47b3-a26f-f31980627bef 0.540s
2025-11-23 02:30:32.777 66298 INFO tempest.lib.common.ssh [-] Creating ssh connection to '10.180.180.246:22' as 'cirros' with public key authentication
2025-11-23 02:30:32.797 66279 INFO tempest.lib.common.rest_client [req-24c2e121-7ad3-4276-b1b8-65ccb5f38447 req-24c2e121-7ad3-4276-b1b8-65ccb5f38447 ] Request (ListImageFiltersTestJSON:setUpClass): 200 GET http://10.180.1.21/compute/v2.1/servers/02606008-c5e6-4e8e-9249-071a06041be7 5.098s
2025-11-23 02:30:32.804 66279 INFO tempest.common.waiters [-] State transition "BUILD/None" ==> "BUILD/spawning" after 6 second wait
2025-11-23 02:30:32.914 66307 INFO tempest.lib.common.rest_client [req-a261866a-0c8c-4624-a0cb-efecd40dab53 req-a261866a-0c8c-4624-a0cb-efecd40dab53 ] Request (HypervisorAdminNegativeUnderV252Test:test_search_hypervisor_with_non_admin_user): 403 GET http://10.180.1.21/compute/v2.1/os-hypervisors/domain-c8.fc996f14-c53b-4953-92e3-bdfa48f5cc28/search 5.167s
2025-11-23 02:30:32.994 66315 INFO tempest.lib.common.rest_client [req-438bcaf6-ca8d-4393-92bd-e734c3cb442b req-438bcaf6-ca8d-4393-92bd-e734c3cb442b ] Request (QuotasAdminTestJSON:test_update_all_quota_resources_for_tenant): 200 GET http://10.180.1.21/compute/v2.1/os-quota-sets/fff1dd5016d04d18b0f481285fe0e0b1/defaults 5.007s
2025-11-23 02:30:33.050 66293 INFO tempest.lib.common.rest_client [req-e89f0240-852c-43e4-bd9f-0a93cd46cb51 req-e89f0240-852c-43e4-bd9f-0a93cd46cb51 ] Request (ServerExternalEventsTest:tearDownClass): 200 GET http://10.180.1.21/compute/v2.1/servers/6840c414-4be0-4093-b36a-13d9229bc130 4.941s
2025-11-23 02:30:33.239 66275 INFO tempest.lib.common.rest_client [req-303edd4f-3c9e-43d1-95e6-692c534b0725 req-303edd4f-3c9e-43d1-95e6-692c534b0725 ] Request (ServerDiagnosticsV248Test:test_get_server_diagnostics): 202 POST http://10.180.1.21/compute/v2.1/servers 4.717s
2025-11-23 02:30:33.315 66303 INFO tempest.lib.common.rest_client [req-1b1db5dd-916c-46d9-bb81-36a230922a51 req-1b1db5dd-916c-46d9-bb81-36a230922a51 ] Request (ServersTestBootFromVolume:setUpClass): 200 GET http://10.180.1.21/compute/v2.1/servers/8db0c746-a5f0-47cc-993d-eac47d231bd5/os-interface 4.484s
2025-11-23 02:30:33.755 66317 INFO tempest.lib.common.rest_client [req-2f9974a5-5d82-4791-9066-27e569fb4a61 req-2f9974a5-5d82-4791-9066-27e569fb4a61 ] Request (ImagesTestJSON:test_create_image_from_stopped_server): 202 POST http://10.180.1.21/compute/v2.1/servers 4.911s
2025-11-23 02:30:33.904 66303 INFO tempest.lib.common.rest_client [req-d51d818a-94fc-4b51-aa77-703470865fb4 req-d51d818a-94fc-4b51-aa77-703470865fb4 ] Request (ServersTestBootFromVolume:setUpClass): 200 PUT http://10.180.1.21/networking/v2.0/floatingips/53b2064d-f2d1-4c9c-a57e-def0d9767ffe 0.587s
2025-11-23 02:30:34.067 66319 INFO tempest.lib.common.rest_client [req-ec6075bb-8f05-491c-bba6-0e3d5391ca26 req-ec6075bb-8f05-491c-bba6-0e3d5391ca26 ] Request (SecurityGroupRulesTestJSON:test_security_group_rules_delete_when_peer_group_deleted): 200 POST http://10.180.1.21/compute/v2.1/os-security-group-rules 5.080s
2025-11-23 02:30:34.076 66281 INFO tempest.lib.common.rest_client [req-8eaf0846-41ef-4742-a155-935144401625 req-8eaf0846-41ef-4742-a155-935144401625 ] Request (HypervisorAdminNegativeTestJSON:test_get_hypervisor_uptime_with_non_admin_user): 403 GET http://10.180.1.21/compute/v2.1/os-hypervisors/1/uptime 4.684s
2025-11-23 02:30:34.100 66273 INFO tempest.lib.common.rest_client [req-d523e632-5cad-4232-81d3-426458c2f312 req-d523e632-5cad-4232-81d3-426458c2f312 ] Request (AggregatesAdminNegativeTestJSON:test_aggregate_create_with_existent_aggregate_name): 200 POST http://10.180.1.21/compute/v2.1/os-aggregates 4.698s
2025-11-23 02:30:34.130 66324 INFO tempest.lib.common.rest_client [req-03ed6083-7c55-4134-a03d-0d709e299852 req-03ed6083-7c55-4134-a03d-0d709e299852 ] Request (FlavorsAdminTestJSON:_run_cleanups): 200 GET http://10.180.1.21/compute/v2.1/flavors/detail 4.703s
2025-11-23 02:30:34.279 66313 INFO tempest.lib.common.rest_client [req-4dd1d9ce-2316-449a-a3d2-e57364b0b3ae req-4dd1d9ce-2316-449a-a3d2-e57364b0b3ae ] Request (InstanceActionsNegativeTestJSON:setUpClass): 200 GET http://10.180.1.21/compute/v2.1/servers/68fcd0c4-09d6-4f7f-9fca-7556421251e7 4.482s
2025-11-23 02:30:34.287 66313 INFO tempest.common.waiters [-] State transition "BUILD/spawning" ==> "ACTIVE/None" after 20 second wait
2025-11-23 02:30:34.339 66265 INFO tempest.lib.common.rest_client [req-4ad28579-06d3-4b39-8348-91b290da157d req-4ad28579-06d3-4b39-8348-91b290da157d ] Request (ImagesNegativeTestJSON:test_create_image_from_deleted_server): 200 GET http://10.180.1.21/compute/v2.1/servers/3deaa2a4-6997-497d-af00-1d9af5bbe34e 4.351s
2025-11-23 02:30:34.352 66269 INFO tempest.lib.common.rest_client [req-fb8e01c1-5fa4-48b9-be06-e55591c34c51 req-fb8e01c1-5fa4-48b9-be06-e55591c34c51 ] Request (KeyPairsV2TestJSON:_run_cleanups): 202 DELETE http://10.180.1.21/compute/v2.1/os-keypairs/tempest-KeyPairsV2TestJSON-keypair-1288240540 4.349s
2025-11-23 02:30:34.357 66277 INFO tempest.lib.common.rest_client [req-2e9e7587-2505-4ec5-b29d-cd369991a723 req-2e9e7587-2505-4ec5-b29d-cd369991a723 ] Request (AttachInterfacesV270Test:test_create_get_list_interfaces): 400 POST http://10.180.1.21/compute/v2.1/servers/5d233f78-160e-4c9a-a2a8-42ad5fc277ed/os-interface 7.410s
2025-11-23 02:30:34.378 66287 INFO tempest.lib.common.rest_client [req-2a41228b-3f7c-4ea4-8efb-a38e53d59ef0 req-2a41228b-3f7c-4ea4-8efb-a38e53d59ef0 ] Request (ServerDiagnosticsNegativeTest:tearDownClass): 404 GET http://10.180.1.21/compute/v2.1/servers/db652336-6899-42d1-87e1-208efeceb348 4.284s
2025-11-23 02:30:34.425 66301 INFO tempest.lib.common.rest_client [req-530f6811-7302-4da7-bd65-19f1bda4ab4d req-530f6811-7302-4da7-bd65-19f1bda4ab4d ] Request (ImagesOneServerTestJSON:test_create_delete_image): 200 GET http://10.180.1.21/compute/v2.1/images/35fb51df-fb96-4e3b-8c92-e23f827ba519 4.294s
2025-11-23 02:30:34.546 66287 INFO tempest.lib.common.rest_client [req-8e7ad5b0-b7db-4451-995f-81913471ce40 req-8e7ad5b0-b7db-4451-995f-81913471ce40 ] Request (ServerDiagnosticsNegativeTest:tearDownClass): 204 DELETE http://10.180.1.21/identity/v3/users/e4a6475cfbc04f47b09d827f35098667 0.168s
2025-11-23 02:30:34.584 66267 INFO tempest.lib.common.rest_client [req-6a9aff09-2748-4156-a4f7-c24bf4d03888 req-6a9aff09-2748-4156-a4f7-c24bf4d03888 ] Request (ImagesMetadataTestJSON:setUp): 200 PUT http://10.180.1.21/compute/v2.1/images/23e62caa-48dc-4772-9a83-1fb8f5cf6bcd/metadata 4.537s
2025-11-23 02:30:34.606 66309 INFO tempest.lib.common.rest_client [req-5bca09c8-513d-42d0-a378-d9cc5a116a36 req-5bca09c8-513d-42d0-a378-d9cc5a116a36 ] Request (ServerDiagnosticsTest:tearDownClass): 404 GET http://10.180.1.21/compute/v2.1/servers/f05fe1ac-1c22-4fb5-85ca-3f20accaf3de 4.374s
2025-11-23 02:30:34.606 66299 INFO tempest.lib.common.rest_client [req-7358eaa7-6805-43de-8e7a-62226c02e0a7 req-7358eaa7-6805-43de-8e7a-62226c02e0a7 ] Request (FloatingIPsAssociationTestJSON:setUpClass): 200 GET http://10.180.1.21/compute/v2.1/servers/a43f081b-8e85-4b8b-b880-7db2e0f9d802 4.475s
2025-11-23 02:30:34.631 66285 INFO tempest.lib.common.rest_client [req-b8b5fc4b-fb5b-4572-9454-094e550d8a3b req-b8b5fc4b-fb5b-4572-9454-094e550d8a3b ] Request (FloatingIPsNegativeTestJSON:test_allocate_floating_ip_from_nonexistent_pool): 404 POST http://10.180.1.21/compute/v2.1/os-floating-ips 3.384s
2025-11-23 02:30:34.651 66271 INFO tempest.lib.common.rest_client [req-03c3ab9c-a980-45f5-8bde-87016cc6f21f req-03c3ab9c-a980-45f5-8bde-87016cc6f21f ] Request (FlavorsAccessNegativeTestJSON:test_flavor_non_admin_remove): 200 POST http://10.180.1.21/compute/v2.1/flavors 3.362s
2025-11-23 02:30:34.662 66287 INFO tempest.lib.common.rest_client [req-fd3f0c40-f67a-4b8e-b3f9-7c9ea6060039 req-fd3f0c40-f67a-4b8e-b3f9-7c9ea6060039 ] Request (ServerDiagnosticsNegativeTest:tearDownClass): 204 DELETE http://10.180.1.21/identity/v3/users/3b02d1d60c494340873388dc6e315410 0.114s
2025-11-23 02:30:34.662 66287 INFO tempest.lib.common.dynamic_creds [-] Deleting project and security group for project: d5f8dcb48d534abea475da08cf11237f
2025-11-23 02:30:34.725 66309 INFO tempest.lib.common.rest_client [req-d55fa428-9ee5-436e-ac77-4e52a08c6af4 req-d55fa428-9ee5-436e-ac77-4e52a08c6af4 ] Request (ServerDiagnosticsTest:tearDownClass): 204 DELETE http://10.180.1.21/identity/v3/users/e4f85782dd6c47dbb858b71045c3b2bc 0.118s
2025-11-23 02:30:34.730 66287 INFO tempest.lib.common.rest_client [req-1de4bc66-a95f-4335-aec5-09e57dae4e8e req-1de4bc66-a95f-4335-aec5-09e57dae4e8e ] Request (ServerDiagnosticsNegativeTest:tearDownClass): 201 POST http://10.180.1.21/identity/v3/auth/tokens 0.068s
2025-11-23 02:30:34.830 66309 INFO tempest.lib.common.rest_client [req-c67af692-ff42-49a2-a0b0-bcf8104c7106 req-c67af692-ff42-49a2-a0b0-bcf8104c7106 ] Request (ServerDiagnosticsTest:tearDownClass): 204 DELETE http://10.180.1.21/identity/v3/users/9a451eb0c64f462abf01535efd06e748 0.105s
2025-11-23 02:30:34.831 66309 INFO tempest.lib.common.dynamic_creds [-] Deleting project and security group for project: a55a5837ab6843dab79d55bc54bcf5c9
2025-11-23 02:30:34.889 66309 INFO tempest.lib.common.rest_client [req-9ffa182f-4124-40a0-82bf-ca28ccc25be5 req-9ffa182f-4124-40a0-82bf-ca28ccc25be5 ] Request (ServerDiagnosticsTest:tearDownClass): 201 POST http://10.180.1.21/identity/v3/auth/tokens 0.058s
2025-11-23 02:30:35.147 66287 INFO tempest.lib.common.rest_client [req-719dbb3b-f272-42b2-8d99-1bbcbed4bc3f req-719dbb3b-f272-42b2-8d99-1bbcbed4bc3f ] Request (ServerDiagnosticsNegativeTest:tearDownClass): 200 GET http://10.180.1.21/networking/v2.0/security-groups?tenant_id=d5f8dcb48d534abea475da08cf11237f&name=default 0.416s
2025-11-23 02:30:35.199 66283 INFO tempest.lib.common.rest_client [req-01989fae-8b04-45be-a5b6-6c0279ac0eda req-01989fae-8b04-45be-a5b6-6c0279ac0eda ] Request (ServersWithSpecificFlavorTestJSON:test_verify_created_server_ephemeral_disk): 200 GET http://10.180.1.21/compute/v2.1/servers/fcedef5a-09ee-4ba6-a765-e6f18745ff93 3.330s
2025-11-23 02:30:35.205 66311 INFO tempest.lib.common.rest_client [req-9f3fb63a-9356-4f48-b0fe-8d26810e7dc5 req-9f3fb63a-9356-4f48-b0fe-8d26810e7dc5 ] Request (ImagesOneServerNegativeTestJSON:test_create_image_specify_metadata_over_limits): 400 POST http://10.180.1.21/compute/v2.1/servers/03dd0469-93eb-4be4-94b7-5679028ec9f4/action 3.117s
2025-11-23 02:30:35.223 66309 INFO tempest.lib.common.rest_client [req-85b2f8e5-d52e-41db-b635-60b4eae281ea req-85b2f8e5-d52e-41db-b635-60b4eae281ea ] Request (ServerDiagnosticsTest:tearDownClass): 200 GET http://10.180.1.21/networking/v2.0/security-groups?tenant_id=a55a5837ab6843dab79d55bc54bcf5c9&name=default 0.333s
2025-11-23 02:30:35.287 66287 INFO tempest.lib.common.rest_client [req-b8970562-f7fa-4cbf-b94e-eb7dd5c4d750 req-b8970562-f7fa-4cbf-b94e-eb7dd5c4d750 ] Request (ServerDiagnosticsNegativeTest:tearDownClass): 204 DELETE http://10.180.1.21/networking/v2.0/security-groups/9b92f2fb-2bfd-44a3-8ccf-89b2dae2ed12 0.139s
2025-11-23 02:30:35.368 66295 INFO tempest.lib.common.rest_client [req-5f27b18f-2642-4341-941b-f772dd1e7a83 req-5f27b18f-2642-4341-941b-f772dd1e7a83 ] Request (HostsAdminNegativeTestJSON:setUpClass): 200 GET http://10.180.1.21/compute/v2.1/os-hosts 3.266s
2025-11-23 02:30:35.370 66287 INFO tempest.lib.common.rest_client [req-b29cc805-c534-4fd6-b1e4-18b91901337f req-b29cc805-c534-4fd6-b1e4-18b91901337f ] Request (ServerDiagnosticsNegativeTest:tearDownClass): 204 DELETE http://10.180.1.21/identity/v3/projects/d5f8dcb48d534abea475da08cf11237f 0.083s
2025-11-23 02:30:35.371 66287 INFO tempest.lib.common.dynamic_creds [-] Deleting project and security group for project: 66aa87c045c1435a81f0c03173e14254
2025-11-23 02:30:35.376 66309 INFO tempest.lib.common.rest_client [req-935571dd-af4a-4074-9ca7-2130310dc370 req-935571dd-af4a-4074-9ca7-2130310dc370 ] Request (ServerDiagnosticsTest:tearDownClass): 204 DELETE http://10.180.1.21/networking/v2.0/security-groups/34f60b0c-f626-44a7-9259-66d2ed7f9b29 0.153s
2025-11-23 02:30:35.427 66325 INFO tempest.lib.common.rest_client [req-e40bb189-0a42-440d-ae1c-d68602cfb239 req-e40bb189-0a42-440d-ae1c-d68602cfb239 ] Request (FloatingIPsAssociationNegativeTestJSON:test_associate_ip_to_server_with_floating_ip): 200 POST http://10.180.1.21/compute/v2.1/os-floating-ips 3.549s
2025-11-23 02:30:35.445 66307 INFO tempest.lib.common.rest_client [req-59549fe4-e2d6-4e16-94a9-06be4edb78ba req-59549fe4-e2d6-4e16-94a9-06be4edb78ba ] Request (HypervisorAdminNegativeUnderV252Test:test_search_nonexistent_hypervisor): 404 GET http://10.180.1.21/compute/v2.1/os-hypervisors/nonexistent_hypervisor_name/search 2.529s
2025-11-23 02:30:35.455 66287 INFO tempest.lib.common.rest_client [req-c5e48d28-1a36-42f0-999c-a765f94de52f req-c5e48d28-1a36-42f0-999c-a765f94de52f ] Request (ServerDiagnosticsNegativeTest:tearDownClass): 200 GET http://10.180.1.21/networking/v2.0/security-groups?tenant_id=66aa87c045c1435a81f0c03173e14254&name=default 0.083s
2025-11-23 02:30:35.481 66305 INFO tempest.lib.common.rest_client [req-213066c1-ed8f-49d3-91af-4e2009511517 req-213066c1-ed8f-49d3-91af-4e2009511517 ] Request (TenantUsagesTestJSON:tearDownClass): 200 GET http://10.180.1.21/compute/v2.1/servers/e336a01a-9fdd-44f9-ac2f-f1a1bd94674e 3.156s
2025-11-23 02:30:35.503 66309 INFO tempest.lib.common.rest_client [req-f6794f8b-f84a-46b2-ad8c-6a66cc341a39 req-f6794f8b-f84a-46b2-ad8c-6a66cc341a39 ] Request (ServerDiagnosticsTest:tearDownClass): 204 DELETE http://10.180.1.21/identity/v3/projects/a55a5837ab6843dab79d55bc54bcf5c9 0.126s
2025-11-23 02:30:35.503 66309 INFO tempest.lib.common.dynamic_creds [-] Deleting project and security group for project: 504136ebe02c4595bd26b416c0f970c8
2025-11-23 02:30:35.551 66321 INFO tempest.lib.common.rest_client [req-b931dea0-2e98-4776-ad28-5a946030ce5d req-b931dea0-2e98-4776-ad28-5a946030ce5d ] Request (ServersAdmin275Test:test_rebuild_update_server_275): 200 GET http://10.180.1.21/compute/v2.1/servers/def36ac7-09ed-4d5a-bfae-e8f4c7648251 2.597s
2025-11-23 02:30:35.563 66321 INFO tempest.common.waiters [-] State transition "BUILD/spawning" ==> "ACTIVE/None" after 9 second wait
2025-11-23 02:30:35.579 66287 INFO tempest.lib.common.rest_client [req-95c7f41e-6120-4caa-b1cd-3c4f371980bc req-95c7f41e-6120-4caa-b1cd-3c4f371980bc ] Request (ServerDiagnosticsNegativeTest:tearDownClass): 204 DELETE http://10.180.1.21/networking/v2.0/security-groups/d7ff8893-3cbe-4b2f-9d02-fbd88ed173d5 0.124s
2025-11-23 02:30:35.679 66287 INFO tempest.lib.common.rest_client [req-40ad2ee2-767e-467f-92f1-a24355146a53 req-40ad2ee2-767e-467f-92f1-a24355146a53 ] Request (ServerDiagnosticsNegativeTest:tearDownClass): 204 DELETE http://10.180.1.21/identity/v3/projects/66aa87c045c1435a81f0c03173e14254 0.099s
2025-11-23 02:30:35.686 66309 INFO tempest.lib.common.rest_client [req-9d9e6ed3-46f4-4a6c-8de2-2c863efca46e req-9d9e6ed3-46f4-4a6c-8de2-2c863efca46e ] Request (ServerDiagnosticsTest:tearDownClass): 200 GET http://10.180.1.21/networking/v2.0/security-groups?tenant_id=504136ebe02c4595bd26b416c0f970c8&name=default 0.182s
2025-11-23 02:30:35.714 66315 INFO tempest.lib.common.rest_client [req-26206fb5-b03b-43c7-a135-7af0a0a06620 req-26206fb5-b03b-43c7-a135-7af0a0a06620 ] Request (QuotasAdminTestJSON:test_update_all_quota_resources_for_tenant): 200 PUT http://10.180.1.21/compute/v2.1/os-quota-sets/fff1dd5016d04d18b0f481285fe0e0b1 2.717s
2025-11-23 02:30:35.723 66275 INFO tempest.lib.common.rest_client [req-e7310587-efcf-425d-a457-024a6861beb5 req-e7310587-efcf-425d-a457-024a6861beb5 ] Request (ServerDiagnosticsV248Test:test_get_server_diagnostics): 200 GET http://10.180.1.21/compute/v2.1/servers/ea9e9c9f-1067-4412-b18f-4544f0113c1a 2.482s
2025-11-23 02:30:35.762 66287 INFO tempest.lib.common.rest_client [req-4ab75971-fc4e-45a0-8216-402e0cd9979a req-4ab75971-fc4e-45a0-8216-402e0cd9979a ] Request (ServersAdminNegativeTestJSON:setUpClass): 201 POST http://10.180.1.21/identity/v3/auth/tokens 0.081s
2025-11-23 02:30:35.801 66287 INFO tempest.lib.common.rest_client [req-baa2701d-c13a-4207-ae78-b1d9d4c183cc req-baa2701d-c13a-4207-ae78-b1d9d4c183cc ] Request (ServersAdminNegativeTestJSON:setUpClass): 201 POST http://10.180.1.21/identity/v3/auth/tokens 0.036s
2025-11-23 02:30:35.810 66317 INFO tempest.lib.common.rest_client [req-c87b368c-caae-4e65-b155-6d755846680f req-c87b368c-caae-4e65-b155-6d755846680f ] Request (ImagesTestJSON:test_create_image_from_stopped_server): 200 GET http://10.180.1.21/compute/v2.1/servers/dd008592-b034-41bd-9e64-de2c7f357f2a 2.052s
2025-11-23 02:30:35.815 66309 INFO tempest.lib.common.rest_client [req-da976b85-6941-472d-bdd0-6c565b95e707 req-da976b85-6941-472d-bdd0-6c565b95e707 ] Request (ServerDiagnosticsTest:tearDownClass): 204 DELETE http://10.180.1.21/networking/v2.0/security-groups/f4c55fa0-f494-4f8c-bd6c-43f4dd41e656 0.129s
2025-11-23 02:30:35.836 66287 INFO tempest.lib.common.rest_client [req-2c128e62-fb8f-44b6-9b67-ae70497e0db4 req-2c128e62-fb8f-44b6-9b67-ae70497e0db4 ] Request (ServersAdminNegativeTestJSON:setUpClass): 200 GET http://10.180.1.21/identity/v3/domains?name=Default 0.034s
2025-11-23 02:30:35.880 66279 INFO tempest.lib.common.rest_client [req-9b7792ec-b3c7-49d3-b390-cb8dc2ef1aa4 req-9b7792ec-b3c7-49d3-b390-cb8dc2ef1aa4 ] Request (ListImageFiltersTestJSON:setUpClass): 200 GET http://10.180.1.21/compute/v2.1/servers/02606008-c5e6-4e8e-9249-071a06041be7 2.075s
2025-11-23 02:30:35.886 66287 INFO tempest.lib.common.rest_client [req-b542a8b9-35ad-4ca9-a203-4577ce365f11 req-b542a8b9-35ad-4ca9-a203-4577ce365f11 ] Request (ServersAdminNegativeTestJSON:setUpClass): 201 POST http://10.180.1.21/identity/v3/projects 0.048s
2025-11-23 02:30:35.903 66309 INFO tempest.lib.common.rest_client [req-46cc4974-c903-450c-b3d6-cc54ad8f29f4 req-46cc4974-c903-450c-b3d6-cc54ad8f29f4 ] Request (ServerDiagnosticsTest:tearDownClass): 204 DELETE http://10.180.1.21/identity/v3/projects/504136ebe02c4595bd26b416c0f970c8 0.086s
2025-11-23 02:30:35.908 66293 INFO tempest.lib.common.rest_client [req-e51944f3-6ef2-482a-9a8d-4d2d5c79d501 req-e51944f3-6ef2-482a-9a8d-4d2d5c79d501 ] Request (ServerExternalEventsTest:tearDownClass): 404 GET http://10.180.1.21/compute/v2.1/servers/6840c414-4be0-4093-b36a-13d9229bc130 1.849s
2025-11-23 02:30:35.971 66303 INFO tempest.lib.common.rest_client [req-d7941daa-f5aa-496a-ab8d-86703bcc19a2 req-d7941daa-f5aa-496a-ab8d-86703bcc19a2 ] Request (ServersTestBootFromVolume:setUpClass): 200 GET http://10.180.1.21/compute/v2.1/servers/8db0c746-a5f0-47cc-993d-eac47d231bd5 2.066s
2025-11-23 02:30:35.971 66287 INFO tempest.lib.common.rest_client [req-0489bbf7-dc3f-4baf-afeb-d4d5aaf9fd3e req-0489bbf7-dc3f-4baf-afeb-d4d5aaf9fd3e ] Request (ServersAdminNegativeTestJSON:setUpClass): 201 POST http://10.180.1.21/identity/v3/users 0.084s
2025-11-23 02:30:35.975 66309 INFO tempest.lib.common.rest_client [req-adc43808-2d05-48a7-aa4f-30ac6c198a83 req-adc43808-2d05-48a7-aa4f-30ac6c198a83 ] Request (FlavorsV2TestJSON:setUpClass): 201 POST http://10.180.1.21/identity/v3/auth/tokens 0.070s
2025-11-23 02:30:35.975 66281 INFO tempest.lib.common.rest_client [req-4bd118b8-9a69-4ac7-9696-283b3a102656 req-4bd118b8-9a69-4ac7-9696-283b3a102656 ] Request (HypervisorAdminNegativeTestJSON:test_get_nonexistent_hypervisor_uptime): 404 GET http://10.180.1.21/compute/v2.1/os-hypervisors/51e52398-bf8c-4251-86ae-1f062966a1e0/uptime 1.897s
2025-11-23 02:30:35.980 66303 INFO tempest.lib.common.ssh [-] Creating ssh connection to '10.180.180.168:22' as 'cirros' with public key authentication
2025-11-23 02:30:35.993 66273 INFO tempest.lib.common.rest_client [req-76dbae61-81cb-4a3c-b826-b7a3c198b711 req-76dbae61-81cb-4a3c-b826-b7a3c198b711 ] Request (AggregatesAdminNegativeTestJSON:test_aggregate_create_with_existent_aggregate_name): 409 POST http://10.180.1.21/compute/v2.1/os-aggregates 1.889s
2025-11-23 02:30:36.000 66287 INFO tempest.lib.common.rest_client [req-9398d435-94eb-4ce6-ba2b-180545bde481 req-9398d435-94eb-4ce6-ba2b-180545bde481 ] Request (ServersAdminNegativeTestJSON:setUpClass): 200 GET http://10.180.1.21/identity/v3/roles 0.028s
2025-11-23 02:30:36.009 66324 INFO tempest.lib.common.rest_client [req-dbb45b79-6c41-40b0-b4f2-8f15372fab18 req-dbb45b79-6c41-40b0-b4f2-8f15372fab18 ] Request (FlavorsAdminTestJSON:test_create_list_flavor_without_extra_data): 200 POST http://10.180.1.21/compute/v2.1/flavors 1.871s
2025-11-23 02:30:36.039 66313 INFO tempest.lib.common.rest_client [req-3f8a0ecf-db50-44cb-804b-340fbd369453 req-3f8a0ecf-db50-44cb-804b-340fbd369453 ] Request (InstanceActionsNegativeTestJSON:test_get_instance_action_invalid_request): 404 GET http://10.180.1.21/compute/v2.1/servers/68fcd0c4-09d6-4f7f-9fca-7556421251e7/os-instance-actions/999 1.751s
2025-11-23 02:30:36.050 66293 INFO tempest.lib.common.rest_client [req-afaed7da-a672-4d57-b648-498847270f7f req-afaed7da-a672-4d57-b648-498847270f7f ] Request (ServerExternalEventsTest:tearDownClass): 204 DELETE http://10.180.1.21/identity/v3/users/6201ce86e6814e42befe8eb325a18d2e 0.141s
2025-11-23 02:30:36.059 66269 INFO tempest.lib.common.rest_client [req-1ee37202-ca29-4040-955c-4d24f3fe0620 req-1ee37202-ca29-4040-955c-4d24f3fe0620 ] Request (KeyPairsV2TestJSON:_run_cleanups): 202 DELETE http://10.180.1.21/compute/v2.1/os-keypairs/tempest-KeyPairsV2TestJSON-keypair-803171515 1.706s
2025-11-23 02:30:36.064 66319 INFO tempest.lib.common.rest_client [req-5e2720bb-c909-49a0-b714-959e0a4293a3 req-5e2720bb-c909-49a0-b714-959e0a4293a3 ] Request (SecurityGroupRulesTestJSON:test_security_group_rules_delete_when_peer_group_deleted): 202 DELETE http://10.180.1.21/compute/v2.1/os-security-groups/3b114ac2-4071-496f-96a9-2a3da039bb5f 1.995s
2025-11-23 02:30:36.080 66309 INFO tempest.lib.common.rest_client [req-af0ed175-6480-41a7-94ad-d4dfc20398d0 req-af0ed175-6480-41a7-94ad-d4dfc20398d0 ] Request (FlavorsV2TestJSON:setUpClass): 201 POST http://10.180.1.21/identity/v3/auth/tokens 0.103s
2025-11-23 02:30:36.126 66301 INFO tempest.lib.common.rest_client [req-cdad2c76-0225-4c20-bb5a-4edfd90cf388 req-cdad2c76-0225-4c20-bb5a-4edfd90cf388 ] Request (ImagesOneServerTestJSON:test_create_delete_image): 200 GET http://10.180.1.21/compute/v2.1/images/35fb51df-fb96-4e3b-8c92-e23f827ba519 1.696s
2025-11-23 02:30:36.159 66287 INFO tempest.lib.common.rest_client [req-b6fb77b2-2906-4ef1-94ad-e0216cbbd454 req-b6fb77b2-2906-4ef1-94ad-e0216cbbd454 ] Request (ServersAdminNegativeTestJSON:setUpClass): 204 PUT http://10.180.1.21/identity/v3/projects/407bb28128274374a516eb49726be6a0/users/5d0f5bfc9da04546a5487f38c8326eea/roles/3bcbe2d7d8d64e769ddba4e6b4b2728d 0.158s
2025-11-23 02:30:36.159 66287 INFO tempest.lib.common.dynamic_creds [-] Dynamic test user 5d0f5bfc9da04546a5487f38c8326eea is created with scope project and roles: ['member']
2025-11-23 02:30:36.159 66287 INFO tempest.lib.common.dynamic_creds [-] Acquired dynamic creds: credentials: Credentials: {'domain_id': 'default', 'domain_name': 'Default', 'username': 'tempest-ServersAdminNegativeTestJSON-1095359830-project-member', 'project_domain_id': 'default', 'project_domain_name': 'Default', 'project_id': '407bb28128274374a516eb49726be6a0', 'project_name': 'tempest-ServersAdminNegativeTestJSON-1095359830', 'tenant_id': '407bb28128274374a516eb49726be6a0', 'tenant_name': 'tempest-ServersAdminNegativeTestJSON-1095359830', 'user_domain_id': 'default', 'user_domain_name': 'Default', 'user_id': '5d0f5bfc9da04546a5487f38c8326eea', 'system': None}, Network: None, Subnet: None, Router: None
2025-11-23 02:30:36.160 66287 INFO tempest.lib.common.dynamic_creds [-] Created isolated network resources for: credentials: Credentials: {'domain_id': 'default', 'domain_name': 'Default', 'username': 'tempest-ServersAdminNegativeTestJSON-1095359830-project-member', 'project_domain_id': 'default', 'project_domain_name': 'Default', 'project_id': '407bb28128274374a516eb49726be6a0', 'project_name': 'tempest-ServersAdminNegativeTestJSON-1095359830', 'tenant_id': '407bb28128274374a516eb49726be6a0', 'tenant_name': 'tempest-ServersAdminNegativeTestJSON-1095359830', 'user_domain_id': 'default', 'user_domain_name': 'Default', 'user_id': '5d0f5bfc9da04546a5487f38c8326eea', 'system': None}, Network: None, Subnet: None, Router: None
2025-11-23 02:30:36.201 66277 INFO tempest.lib.common.rest_client [req-d0267a01-3314-4db9-875d-6c96ea4b5f80 req-d0267a01-3314-4db9-875d-6c96ea4b5f80 ] Request (AttachInterfacesV270Test:tearDownClass): 204 DELETE http://10.180.1.21/compute/v2.1/servers/5d233f78-160e-4c9a-a2a8-42ad5fc277ed 1.841s
2025-11-23 02:30:36.236 66285 INFO tempest.lib.common.rest_client [req-a75daa18-60ae-4d2d-8bac-eb414b933ccf req-a75daa18-60ae-4d2d-8bac-eb414b933ccf ] Request (FloatingIPsNegativeTestJSON:test_delete_nonexistent_floating_ip): 404 DELETE http://10.180.1.21/compute/v2.1/os-floating-ips/7dee2ca6-cb55-475a-a2d8-cd432eebb941 1.601s
2025-11-23 02:30:36.244 66293 INFO tempest.lib.common.rest_client [req-ff22bef9-2e07-441c-af34-10284b72e6cb req-ff22bef9-2e07-441c-af34-10284b72e6cb ] Request (ServerExternalEventsTest:tearDownClass): 204 DELETE http://10.180.1.21/identity/v3/users/6469394f8b1b4e80810b84261f337016 0.193s
2025-11-23 02:30:36.311 66269 INFO tempest.lib.common.rest_client [req-5146f67a-232c-4191-b625-4dd622ab804b req-5146f67a-232c-4191-b625-4dd622ab804b ] Request (KeyPairsV2TestJSON:tearDownClass): 204 DELETE http://10.180.1.21/identity/v3/users/adfb20d313e4427cac6c15c24bea7262 0.250s
