2025-11-23 02:31:35.664 66317 INFO tempest.lib.common.fixed_network [-] (ImagesTestJSON:test_create_image_from_suspended_server) Found network {'id': 'd11b359a-b805-4135-a591-5759bff15fbb', 'name': 'tempest-ImagesTestJSON-744750382-network', 'tenant_id': '1863444f70fe4c9eb8d30606e81b61f6', 'project_id': '1863444f70fe4c9eb8d30606e81b61f6', 'admin_state_up': True, 'mtu': 8950, 'status': 'ACTIVE', 'subnets': [], 'shared': False, 'port_security_enabled': True, 'router:external': False, 'provider:network_type': 'vlan', 'provider:physical_network': 'default', 'provider:segmentation_id': 188, 'availability_zone_hints': [], 'availability_zones': [], 'ipv4_address_scope': None, 'ipv6_address_scope': None, 'description': '', 'tags': [], 'created_at': '2025-11-23T02:30:24Z', 'updated_at': '2025-11-23T02:30:24Z', 'revision_number': 1} available for tenant
2025-11-23 02:31:35.682 66271 INFO tempest.lib.common.rest_client [req-82366d30-5005-42c7-b6ee-f217009751e7 req-82366d30-5005-42c7-b6ee-f217009751e7 ] Request (SecurityGroupRulesNegativeTestJSON:setUpClass): 201 POST http://10.180.1.21/networking/v2.0/routers 0.865s
2025-11-23 02:31:35.726 66273 INFO tempest.lib.common.rest_client [req-d97f8c49-61d1-4874-aa59-c78bfb8f7b5a req-d97f8c49-61d1-4874-aa59-c78bfb8f7b5a ] Request (AggregatesAdminNegativeTestJSON:tearDownClass): 204 DELETE http://10.180.1.21/identity/v3/users/d3260a83d604469dad3b127bb14f2f05 0.114s
2025-11-23 02:31:35.726 66273 INFO tempest.lib.common.dynamic_creds [-] Deleting project and security group for project: 3a2f724df5d04ccd86a573d4135c37cf
2025-11-23 02:31:35.805 66273 INFO tempest.lib.common.rest_client [req-1737b68b-2bb5-4844-a849-0eacf50a8c90 req-1737b68b-2bb5-4844-a849-0eacf50a8c90 ] Request (AggregatesAdminNegativeTestJSON:tearDownClass): 201 POST http://10.180.1.21/identity/v3/auth/tokens 0.078s
2025-11-23 02:31:36.534 66285 INFO tempest.lib.common.rest_client [req-e57b1ed0-975f-4a98-8cf6-a2262cf94b3b req-e57b1ed0-975f-4a98-8cf6-a2262cf94b3b ] Request (ServersTestFqdnHostnames:test_create_server_with_fqdn_name): 200 PUT http://10.180.1.21/networking/v2.0/floatingips/0abb14a2-d1c8-44c0-9317-c7470f966eb3 1.051s
2025-11-23 02:31:36.536 66285 INFO tempest.lib.common.ssh [-] Creating ssh connection to '10.180.180.194:22' as 'cirros' with public key authentication
2025-11-23 02:31:36.613 66299 INFO tempest.lib.common.rest_client [req-8fc34bad-c7f5-4a9e-82bd-e047d7046b5c req-8fc34bad-c7f5-4a9e-82bd-e047d7046b5c ] Request (FloatingIPsAssociationTestJSON:test_associate_already_associated_floating_ip): 200 GET http://10.180.1.21/compute/v2.1/servers/45ddc69f-3db1-48ed-bb59-28343cef9ca8 2.101s
2025-11-23 02:31:36.816 66273 INFO tempest.lib.common.rest_client [req-091da4f5-27d9-4970-ac60-3d7e4d4f728d req-091da4f5-27d9-4970-ac60-3d7e4d4f728d ] Request (AggregatesAdminNegativeTestJSON:tearDownClass): 200 GET http://10.180.1.21/networking/v2.0/security-groups?tenant_id=3a2f724df5d04ccd86a573d4135c37cf&name=default 1.011s
2025-11-23 02:31:36.850 66301 INFO tempest.lib.common.rest_client [req-b5b93577-61f4-4a35-ae7e-7b9baba908c7 req-b5b93577-61f4-4a35-ae7e-7b9baba908c7 ] Request (ImagesOneServerTestJSON:tearDownClass): 200 GET http://10.180.1.21/compute/v2.1/servers/b8b307b0-8613-42f8-8f40-7006ea046f66 2.260s
2025-11-23 02:31:36.857 66271 INFO tempest.lib.common.rest_client [req-24264635-4558-4825-b534-398db74192e0 req-24264635-4558-4825-b534-398db74192e0 ] Request (SecurityGroupRulesNegativeTestJSON:setUpClass): 200 PUT http://10.180.1.21/networking/v2.0/routers/37e0e7b3-d03b-43d9-a55d-7927b302536d/add_router_interface 1.174s
2025-11-23 02:31:36.857 66271 INFO tempest.lib.common.dynamic_creds [-] Created isolated network resources for: credentials: Credentials: {'domain_id': 'default', 'domain_name': 'Default', 'username': 'tempest-SecurityGroupRulesNegativeTestJSON-708416393-project-member', 'project_domain_id': 'default', 'project_domain_name': 'Default', 'project_id': '9970cf65b9f94bd3bab5dddc9d106faf', 'project_name': 'tempest-SecurityGroupRulesNegativeTestJSON-708416393', 'tenant_id': '9970cf65b9f94bd3bab5dddc9d106faf', 'tenant_name': 'tempest-SecurityGroupRulesNegativeTestJSON-708416393', 'user_domain_id': 'default', 'user_domain_name': 'Default', 'user_id': 'a4641041c18945c3adab86be000a2a8c', 'system': None}, Network: {'id': 'b8d60496-a314-4783-8e46-15959c0de5b0', 'name': 'tempest-SecurityGroupRulesNegativeTestJSON-989848914-network', 'tenant_id': '9970cf65b9f94bd3bab5dddc9d106faf', 'project_id': '9970cf65b9f94bd3bab5dddc9d106faf', 'admin_state_up': True, 'mtu': 8950, 'status': 'ACTIVE', 'subnets': [], 'shared': False, 'port_security_enabled': True, 'router:external': False, 'provider:network_type': 'vlan', 'provider:physical_network': 'default', 'provider:segmentation_id': 171, 'availability_zone_hints': [], 'availability_zones': [], 'ipv4_address_scope': None, 'ipv6_address_scope': None, 'description': '', 'tags': [], 'created_at': '2025-11-23T02:31:34Z', 'updated_at': '2025-11-23T02:31:34Z', 'revision_number': 1}, Subnet: {'id': 'd6a652cc-d828-4b3e-8301-7d1f79dca09e', 'name': 'tempest-SecurityGroupRulesNegativeTestJSON-989848914-subnet', 'tenant_id': '9970cf65b9f94bd3bab5dddc9d106faf', 'network_id': 'b8d60496-a314-4783-8e46-15959c0de5b0', 'ip_version': 4, 'subnetpool_id': None, 'enable_dhcp': True, 'ipv6_ra_mode': None, 'ipv6_address_mode': None, 'gateway_ip': '192.168.128.1', 'cidr': '192.168.128.0/28', 'allocation_pools': [{'start': '192.168.128.2', 'end': '192.168.128.14'}], 'host_routes': [], 'dns_nameservers': [], 'description': '', 'router:external': False, 'service_types': [], 'tags': [], 'created_at': '2025-11-23T02:31:34Z', 'updated_at': '2025-11-23T02:31:34Z', 'revision_number': 0, 'project_id': '9970cf65b9f94bd3bab5dddc9d106faf'}, Router: {'id': '37e0e7b3-d03b-43d9-a55d-7927b302536d', 'name': 'tempest-SecurityGroupRulesNegativeTestJSON-989848914-router', 'tenant_id': '9970cf65b9f94bd3bab5dddc9d106faf', 'admin_state_up': True, 'status': 'ACTIVE', 'external_gateway_info': {'network_id': 'b0105b3f-5810-4413-8c7f-cadff6d0d2d0', 'external_fixed_ips': [{'subnet_id': '740df678-9822-4d67-9fda-52e2c353c18f', 'ip_address': '10.180.180.195'}], 'enable_snat': True}, 'description': '', 'availability_zones': [], 'distributed': False, 'ha': False, 'availability_zone_hints': [], 'routes': [], 'flavor_id': None, 'tags': [], 'created_at': '2025-11-23T02:31:34Z', 'updated_at': '2025-11-23T02:31:35Z', 'revision_number': 2, 'project_id': '9970cf65b9f94bd3bab5dddc9d106faf'}
2025-11-23 02:31:36.881 66309 INFO tempest.lib.common.rest_client [req-a26aec89-1da2-4444-b2ec-6fc259a44385 req-a26aec89-1da2-4444-b2ec-6fc259a44385 ] Request (FlavorsV2TestJSON:test_list_flavors_with_detail): 200 GET http://10.180.1.21/compute/v2.1/flavors/detail 1.915s
2025-11-23 02:31:36.940 66271 INFO tempest.lib.common.rest_client [req-38782a5b-ef49-4c53-9914-fae0c605a552 req-38782a5b-ef49-4c53-9914-fae0c605a552 ] Request (SecurityGroupRulesNegativeTestJSON:setUpClass): 201 POST http://10.180.1.21/identity/v3/auth/tokens 0.080s
2025-11-23 02:31:36.986 66298 WARNING tempest.lib.common.ssh [-] Failed to establish authenticated ssh connection to cirros@10.180.180.246 ([Errno None] Unable to connect to port 22 on 10.180.180.246). Number attempts: 8. Retry after 9 seconds.: paramiko.ssh_exception.NoValidConnectionsError: [Errno None] Unable to connect to port 22 on 10.180.180.246
2025-11-23 02:31:37.040 66273 INFO tempest.lib.common.rest_client [req-1edb30d7-1a4c-40bc-86a3-9e30990f66d8 req-1edb30d7-1a4c-40bc-86a3-9e30990f66d8 ] Request (AggregatesAdminNegativeTestJSON:tearDownClass): 204 DELETE http://10.180.1.21/networking/v2.0/security-groups/3c16a8c8-062f-46b4-a8a3-d9950cf59907 0.223s
2025-11-23 02:31:37.123 66273 INFO tempest.lib.common.rest_client [req-e42dd7e9-1907-4770-8fda-7976d25eaefa req-e42dd7e9-1907-4770-8fda-7976d25eaefa ] Request (AggregatesAdminNegativeTestJSON:tearDownClass): 204 DELETE http://10.180.1.21/identity/v3/projects/3a2f724df5d04ccd86a573d4135c37cf 0.083s
2025-11-23 02:31:37.124 66273 INFO tempest.lib.common.dynamic_creds [-] Deleting project and security group for project: 44c5fd8efa654506a2f8fab84caedb73
2025-11-23 02:31:37.132 66293 INFO tempest.lib.common.rest_client [req-8933b3b6-925b-463b-9da4-cc7e1e063c8f req-8933b3b6-925b-463b-9da4-cc7e1e063c8f ] Request (ServersAdminTestJSON:setUpClass): 200 GET http://10.180.1.21/compute/v2.1/servers/da5ffc5a-a4ad-4549-b071-7ddbc7ec36e2 2.174s
2025-11-23 02:31:37.527 66275 INFO tempest.lib.common.rest_client [req-724c5c73-9da8-42b4-9341-d1321d676ffc req-724c5c73-9da8-42b4-9341-d1321d676ffc ] Request (ServerDiagnosticsV248Test:tearDownClass): 200 GET http://10.180.1.21/compute/v2.1/servers/ea9e9c9f-1067-4412-b18f-4544f0113c1a 2.229s
2025-11-23 02:31:37.531 66265 INFO tempest.lib.common.rest_client [req-39d28ef2-882b-49bc-8b7a-ea91b016013f req-39d28ef2-882b-49bc-8b7a-ea91b016013f ] Request (ImagesNegativeTestJSON:test_create_image_specify_uuid_37_characters_or_more): 404 POST http://10.180.1.21/compute/v2.1/servers/aaaaaaaaaaaaaaaaaaaaaaaaaaaaaaaaaaaaa/action 2.209s
2025-11-23 02:31:37.595 66291 INFO tempest.lib.common.rest_client [req-c045349e-b461-4a39-8110-638968cf3555 req-c045349e-b461-4a39-8110-638968cf3555 ] Request (FloatingIPDetailsTestJSON:test_list_floating_ips): 200 GET http://10.180.1.21/compute/v2.1/os-floating-ips 2.424s
2025-11-23 02:31:37.614 66273 INFO tempest.lib.common.rest_client [req-05655464-f7f0-4f28-a89b-2b5fedf3909e req-05655464-f7f0-4f28-a89b-2b5fedf3909e ] Request (AggregatesAdminNegativeTestJSON:tearDownClass): 200 GET http://10.180.1.21/networking/v2.0/security-groups?tenant_id=44c5fd8efa654506a2f8fab84caedb73&name=default 0.490s
2025-11-23 02:31:37.651 66267 INFO tempest.lib.common.rest_client [req-811aea1c-5b3b-47ac-89ca-a58c6f2d8925 req-811aea1c-5b3b-47ac-89ca-a58c6f2d8925 ] Request (ServersListShow2100Test:test_list_show_rebuild_update_server_2100): 200 GET http://10.180.1.21/compute/v2.1/servers/8641f59e-fddb-4da6-9bc6-f10f9ca2c2e0 2.208s
2025-11-23 02:31:37.680 66324 INFO tempest.lib.common.rest_client [req-1df76775-dc96-406d-a694-e556a719f3ef req-1df76775-dc96-406d-a694-e556a719f3ef ] Request (FlavorsAdminTestJSON:_run_cleanups): 202 DELETE http://10.180.1.21/compute/v2.1/flavors/1471485869 2.224s
2025-11-23 02:31:38.017 66273 INFO tempest.lib.common.rest_client [req-9ec33aa1-3e30-4b1d-8250-5cbd96eeacb2 req-9ec33aa1-3e30-4b1d-8250-5cbd96eeacb2 ] Request (AggregatesAdminNegativeTestJSON:tearDownClass): 204 DELETE http://10.180.1.21/networking/v2.0/security-groups/b3aa4e64-a9b3-4da5-a66c-982c6527ab80 0.402s
2025-11-23 02:31:38.050 66289 INFO tempest.lib.common.rest_client [req-0304606c-9a2a-4d82-9e4a-8ceb2604f540 req-0304606c-9a2a-4d82-9e4a-8ceb2604f540 ] Request (ServerActionsTestOtherB:setUpClass): 200 GET http://10.180.1.21/compute/v2.1/servers/34ae5112-bf1c-42b1-8af5-131df2398467 2.605s
2025-11-23 02:31:38.062 66289 INFO tempest.common.waiters [-] State transition "BUILD/scheduling" ==> "BUILD/None" after 6 second wait
2025-11-23 02:31:38.079 66295 INFO tempest.lib.common.rest_client [req-699a412a-065b-4c6f-bb33-2787e92d98de req-699a412a-065b-4c6f-bb33-2787e92d98de ] Request (ServicesAdminNegativeV253TestJSON:test_get_service_by_invalid_params): 200 GET http://10.180.1.21/compute/v2.1/os-services?xxx=nova-compute 2.606s
2025-11-23 02:31:38.125 66279 INFO tempest.lib.common.rest_client [req-fbb986ea-9333-4ad3-bba9-e6821de6ab9e req-fbb986ea-9333-4ad3-bba9-e6821de6ab9e ] Request (ListImageFiltersTestJSON:setUpClass): 200 GET http://10.180.1.21/compute/v2.1/images/08ff786f-0aeb-4550-9146-3e78f18c8d5b 2.615s
2025-11-23 02:31:38.152 66325 INFO tempest.lib.common.rest_client [req-9c8c02fa-654d-4805-bd8e-21c8523ece7d req-9c8c02fa-654d-4805-bd8e-21c8523ece7d ] Request (FloatingIPsAssociationNegativeTestJSON:tearDownClass): 200 GET http://10.180.1.21/compute/v2.1/servers/c1ac78e7-48e5-4c65-b3d4-689e45cdd5b2 2.685s
2025-11-23 02:31:38.184 66273 INFO tempest.lib.common.rest_client [req-cbb65a93-24db-4206-a988-0ac1d25ffcd8 req-cbb65a93-24db-4206-a988-0ac1d25ffcd8 ] Request (AggregatesAdminNegativeTestJSON:tearDownClass): 204 DELETE http://10.180.1.21/identity/v3/projects/44c5fd8efa654506a2f8fab84caedb73 0.166s
2025-11-23 02:31:38.226 66311 INFO tempest.lib.common.rest_client [req-e67ef3ac-1724-4093-8313-a0ecf5206499 req-e67ef3ac-1724-4093-8313-a0ecf5206499 ] Request (ImagesOneServerNegativeTestJSON:_run_cleanups): 200 GET http://10.180.1.21/compute/v2.1/servers/03dd0469-93eb-4be4-94b7-5679028ec9f4 2.652s
2025-11-23 02:31:38.282 66273 INFO tempest.lib.common.rest_client [req-0402ce3f-56ee-4bac-957e-054e465e22c1 req-0402ce3f-56ee-4bac-957e-054e465e22c1 ] Request (DeleteServersAdminTestJSON:setUpClass): 201 POST http://10.180.1.21/identity/v3/auth/tokens 0.096s
2025-11-23 02:31:38.328 66273 INFO tempest.lib.common.rest_client [req-8696ef5f-a743-40e4-90c5-3a7eaa25afd9 req-8696ef5f-a743-40e4-90c5-3a7eaa25afd9 ] Request (DeleteServersAdminTestJSON:setUpClass): 201 POST http://10.180.1.21/identity/v3/auth/tokens 0.041s
2025-11-23 02:31:38.333 66315 INFO tempest.lib.common.rest_client [req-03ac270b-f7d8-4e3b-964f-2c9a6178cfdb req-03ac270b-f7d8-4e3b-964f-2c9a6178cfdb ] Request (ServerRescueNegativeTestJSON:setUpClass): 200 GET http://10.180.1.21/compute/v2.1/servers/282bb6d5-fe3a-493b-a4cd-58f584b145ce 2.677s
2025-11-23 02:31:38.364 66269 INFO tempest.lib.common.rest_client [req-d4fac147-fd98-49e3-8217-1dcf6cdff4cf req-d4fac147-fd98-49e3-8217-1dcf6cdff4cf ] Request (ListServerFiltersTestJSON:setUpClass): 200 GET http://10.180.1.21/compute/v2.1/servers/9e8c6014-c496-4086-a84c-25ac0460c7d7 2.729s
2025-11-23 02:31:38.371 66269 INFO tempest.common.waiters [-] State transition "BUILD/None" ==> "BUILD/spawning" after 33 second wait
2025-11-23 02:31:38.378 66273 INFO tempest.lib.common.rest_client [req-b0d4c2f9-4404-4161-b27d-7367f3cdabb2 req-b0d4c2f9-4404-4161-b27d-7367f3cdabb2 ] Request (DeleteServersAdminTestJSON:setUpClass): 200 GET http://10.180.1.21/identity/v3/domains?name=Default 0.049s
2025-11-23 02:31:38.436 66273 INFO tempest.lib.common.rest_client [req-c64da5fd-0627-4755-8c4a-deeb3bce15a6 req-c64da5fd-0627-4755-8c4a-deeb3bce15a6 ] Request (DeleteServersAdminTestJSON:setUpClass): 201 POST http://10.180.1.21/identity/v3/projects 0.057s
2025-11-23 02:31:38.519 66327 INFO tempest.lib.common.rest_client [req-76916d9d-e169-441e-87d3-c82ff4344264 req-76916d9d-e169-441e-87d3-c82ff4344264 ] Request (ServersTestJSON:test_create_server_specify_multibyte_character_name): 200 GET http://10.180.1.21/compute/v2.1/servers/591addb4-2942-4f2d-976e-ba38f0246456 2.829s
2025-11-23 02:31:38.526 66273 INFO tempest.lib.common.rest_client [req-73fdfe96-942c-496e-924c-3b538f61cb12 req-73fdfe96-942c-496e-924c-3b538f61cb12 ] Request (DeleteServersAdminTestJSON:setUpClass): 201 POST http://10.180.1.21/identity/v3/users 0.089s
2025-11-23 02:31:38.529 66327 INFO tempest.common.waiters [-] State transition "BUILD/scheduling" ==> "BUILD/None" after 6 second wait
2025-11-23 02:31:38.554 66273 INFO tempest.lib.common.rest_client [req-c73fd21e-7219-4f41-8cf0-459fdc6401bd req-c73fd21e-7219-4f41-8cf0-459fdc6401bd ] Request (DeleteServersAdminTestJSON:setUpClass): 200 GET http://10.180.1.21/identity/v3/roles 0.027s
2025-11-23 02:31:38.595 66273 INFO tempest.lib.common.rest_client [req-04be87e8-da8b-4a09-b07a-890203b9b5cb req-04be87e8-da8b-4a09-b07a-890203b9b5cb ] Request (DeleteServersAdminTestJSON:setUpClass): 204 PUT http://10.180.1.21/identity/v3/projects/14b7a6e814b744c589e8d1d937685efd/users/2ed9ecc5ac2f41078bede0b8b98d7d96/roles/3bcbe2d7d8d64e769ddba4e6b4b2728d 0.040s
2025-11-23 02:31:38.595 66273 INFO tempest.lib.common.dynamic_creds [-] Dynamic test user 2ed9ecc5ac2f41078bede0b8b98d7d96 is created with scope project and roles: ['member']
2025-11-23 02:31:38.595 66273 INFO tempest.lib.common.dynamic_creds [-] Acquired dynamic creds: credentials: Credentials: {'domain_id': 'default', 'domain_name': 'Default', 'username': 'tempest-DeleteServersAdminTestJSON-1806531517-project-member', 'project_domain_id': 'default', 'project_domain_name': 'Default', 'project_id': '14b7a6e814b744c589e8d1d937685efd', 'project_name': 'tempest-DeleteServersAdminTestJSON-1806531517', 'tenant_id': '14b7a6e814b744c589e8d1d937685efd', 'tenant_name': 'tempest-DeleteServersAdminTestJSON-1806531517', 'user_domain_id': 'default', 'user_domain_name': 'Default', 'user_id': '2ed9ecc5ac2f41078bede0b8b98d7d96', 'system': None}, Network: None, Subnet: None, Router: None
2025-11-23 02:31:38.595 66273 INFO tempest.lib.common.dynamic_creds [-] Created isolated network resources for: credentials: Credentials: {'domain_id': 'default', 'domain_name': 'Default', 'username': 'tempest-DeleteServersAdminTestJSON-1806531517-project-member', 'project_domain_id': 'default', 'project_domain_name': 'Default', 'project_id': '14b7a6e814b744c589e8d1d937685efd', 'project_name': 'tempest-DeleteServersAdminTestJSON-1806531517', 'tenant_id': '14b7a6e814b744c589e8d1d937685efd', 'tenant_name': 'tempest-DeleteServersAdminTestJSON-1806531517', 'user_domain_id': 'default', 'user_domain_name': 'Default', 'user_id': '2ed9ecc5ac2f41078bede0b8b98d7d96', 'system': None}, Network: None, Subnet: None, Router: None
2025-11-23 02:31:38.674 66321 INFO tempest.lib.common.rest_client [req-c7eda7c6-74c4-4530-8520-f12d494648d7 req-c7eda7c6-74c4-4530-8520-f12d494648d7 ] Request (ServersAdmin275Test:tearDownClass): 200 GET http://10.180.1.21/compute/v2.1/servers/def36ac7-09ed-4d5a-bfae-e8f4c7648251 2.940s
2025-11-23 02:31:38.695 66273 INFO tempest.lib.common.rest_client [req-192c22ec-acf1-4871-91b4-0de9d6403d48 req-192c22ec-acf1-4871-91b4-0de9d6403d48 ] Request (DeleteServersAdminTestJSON:setUpClass): 201 POST http://10.180.1.21/identity/v3/auth/tokens 0.096s
2025-11-23 02:31:38.759 66277 INFO tempest.lib.common.rest_client [req-ebb9c104-7c4c-4959-884c-fe30ad3c7c0f req-ebb9c104-7c4c-4959-884c-fe30ad3c7c0f ] Request (ServerShowV247Test:test_update_rebuild_list_server): 200 GET http://10.180.1.21/compute/v2.1/servers/ce52bfd8-189b-4781-ba5b-fc60b5031aac 3.005s
2025-11-23 02:31:38.781 66273 INFO tempest.lib.common.rest_client [req-4557911e-44ee-4bf8-966a-b3a2ec9a9d71 req-4557911e-44ee-4bf8-966a-b3a2ec9a9d71 ] Request (DeleteServersAdminTestJSON:setUpClass): 201 POST http://10.180.1.21/identity/v3/projects 0.086s
2025-11-23 02:31:38.796 66317 INFO tempest.lib.common.rest_client [req-019b2e44-719f-4718-a10e-9cd543e5c6fe req-019b2e44-719f-4718-a10e-9cd543e5c6fe ] Request (ImagesTestJSON:test_create_image_from_suspended_server): 202 POST http://10.180.1.21/compute/v2.1/servers 3.131s
2025-11-23 02:31:38.843 66283 WARNING tempest.lib.common.ssh [-] Failed to establish authenticated ssh connection to cirros@10.180.180.169 ([Errno None] Unable to connect to port 22 on 10.180.180.169). Number attempts: 6. Retry after 7 seconds.: paramiko.ssh_exception.NoValidConnectionsError: [Errno None] Unable to connect to port 22 on 10.180.180.169
2025-11-23 02:31:38.848 66303 INFO tempest.lib.common.rest_client [req-4cc78544-6de0-4952-ad1e-afd9a13b84e3 req-4cc78544-6de0-4952-ad1e-afd9a13b84e3 ] Request (ServersTestBootFromVolume:tearDownClass): 200 GET http://10.180.1.21/compute/v2.1/servers/8db0c746-a5f0-47cc-993d-eac47d231bd5 3.006s
2025-11-23 02:31:38.872 66273 INFO tempest.lib.common.rest_client [req-d7d6197b-3117-4871-b115-cea67505a1fa req-d7d6197b-3117-4871-b115-cea67505a1fa ] Request (DeleteServersAdminTestJSON:setUpClass): 201 POST http://10.180.1.21/identity/v3/users 0.090s
2025-11-23 02:31:38.881 66319 INFO tempest.lib.common.rest_client [req-4e38cec8-dc48-4ea9-99ce-1e0e7eab1a7a req-4e38cec8-dc48-4ea9-99ce-1e0e7eab1a7a ] Request (ServerMetadataTestJSON:setUpClass): 200 GET http://10.180.1.21/compute/v2.1/servers/d63392a7-912e-4222-89f2-d68cad5295b3 2.970s
2025-11-23 02:31:38.903 66273 INFO tempest.lib.common.rest_client [req-3afbc688-6dde-4c13-afbd-9681023c284b req-3afbc688-6dde-4c13-afbd-9681023c284b ] Request (DeleteServersAdminTestJSON:setUpClass): 200 GET http://10.180.1.21/identity/v3/roles 0.031s
2025-11-23 02:31:38.974 66273 INFO tempest.lib.common.rest_client [req-ee7acbc6-ad03-4da1-9085-a9a689a90795 req-ee7acbc6-ad03-4da1-9085-a9a689a90795 ] Request (DeleteServersAdminTestJSON:setUpClass): 204 PUT http://10.180.1.21/identity/v3/projects/4b171905dcaf432ead84f7db23e94db4/users/29c5577436f941d2ae4f175e722f7175/roles/20f4b028dc4f42099d34eb7c8179f9bc 0.070s
2025-11-23 02:31:38.976 66287 INFO tempest.lib.common.rest_client [req-31d093ab-2670-493e-a7f0-3426ec0fdb3b req-31d093ab-2670-493e-a7f0-3426ec0fdb3b ] Request (ServersAdminNegativeTestJSON:test_migrate_server_invalid_state): 200 GET http://10.180.1.21/compute/v2.1/servers/cdd5e911-df6c-49ae-9908-cc947b5abc5d 2.728s
2025-11-23 02:31:39.000 66281 INFO tempest.lib.common.rest_client [req-ccc6b551-29bd-42c9-b7e1-2d7235f7f424 req-ccc6b551-29bd-42c9-b7e1-2d7235f7f424 ] Request (MigrationsAdminTest:test_list_migrations_in_flavor_resize_situation): 200 GET http://10.180.1.21/compute/v2.1/servers/4074eea6-87dd-4d44-aeeb-6645391a66a6 2.739s
2025-11-23 02:31:39.055 66273 INFO tempest.lib.common.rest_client [req-f077a188-6f14-482a-bd45-1068587fddfe req-f077a188-6f14-482a-bd45-1068587fddfe ] Request (DeleteServersAdminTestJSON:setUpClass): 200 GET http://10.180.1.21/identity/v3/roles 0.080s
2025-11-23 02:31:39.065 66307 INFO tempest.lib.common.rest_client [req-de1d2479-ba94-42ff-bec9-797011df3ecf req-de1d2479-ba94-42ff-bec9-797011df3ecf ] Request (AttachInterfacesTestJSON:test_create_list_show_delete_interfaces_by_fixed_ip): 200 GET http://10.180.1.21/compute/v2.1/servers/d1a24d5c-6459-4f56-a4a3-e8ae192decc4 2.747s
2025-11-23 02:31:39.085 66273 INFO tempest.lib.common.rest_client [req-50f773d8-eeb6-48a5-95d0-5549b65b09b9 req-50f773d8-eeb6-48a5-95d0-5549b65b09b9 ] Request (DeleteServersAdminTestJSON:setUpClass): 204 PUT http://10.180.1.21/identity/v3/projects/4b171905dcaf432ead84f7db23e94db4/users/29c5577436f941d2ae4f175e722f7175/roles/20f4b028dc4f42099d34eb7c8179f9bc 0.029s
2025-11-23 02:31:39.086 66273 INFO tempest.lib.common.dynamic_creds [-] Dynamic test user 29c5577436f941d2ae4f175e722f7175 is created with scope project and roles: ['admin']
2025-11-23 02:31:39.086 66273 INFO tempest.lib.common.dynamic_creds [-] Acquired dynamic creds: credentials: Credentials: {'domain_id': 'default', 'domain_name': 'Default', 'username': 'tempest-DeleteServersAdminTestJSON-997258250-project-admin', 'project_domain_id': 'default', 'project_domain_name': 'Default', 'project_id': '4b171905dcaf432ead84f7db23e94db4', 'project_name': 'tempest-DeleteServersAdminTestJSON-997258250', 'tenant_id': '4b171905dcaf432ead84f7db23e94db4', 'tenant_name': 'tempest-DeleteServersAdminTestJSON-997258250', 'user_domain_id': 'default', 'user_domain_name': 'Default', 'user_id': '29c5577436f941d2ae4f175e722f7175', 'system': None}, Network: None, Subnet: None, Router: None
2025-11-23 02:31:39.086 66273 INFO tempest.lib.common.dynamic_creds [-] Created isolated network resources for: credentials: Credentials: {'domain_id': 'default', 'domain_name': 'Default', 'username': 'tempest-DeleteServersAdminTestJSON-997258250-project-admin', 'project_domain_id': 'default', 'project_domain_name': 'Default', 'project_id': '4b171905dcaf432ead84f7db23e94db4', 'project_name': 'tempest-DeleteServersAdminTestJSON-997258250', 'tenant_id': '4b171905dcaf432ead84f7db23e94db4', 'tenant_name': 'tempest-DeleteServersAdminTestJSON-997258250', 'user_domain_id': 'default', 'user_domain_name': 'Default', 'user_id': '29c5577436f941d2ae4f175e722f7175', 'system': None}, Network: None, Subnet: None, Router: None
2025-11-23 02:31:39.090 66309 INFO tempest.lib.common.rest_client [req-22b191e6-ffd3-4e8b-aa02-d1971b9ed765 req-22b191e6-ffd3-4e8b-aa02-d1971b9ed765 ] Request (FlavorsV2TestJSON:test_list_flavors_with_detail): 200 GET http://10.180.1.21/compute/v2.1/flavors/42 2.198s
2025-11-23 02:31:39.198 66273 INFO tempest.lib.common.rest_client [req-828c8978-b5f7-4b7b-9133-77a9ca73ddd9 req-828c8978-b5f7-4b7b-9133-77a9ca73ddd9 ] Request (DeleteServersAdminTestJSON:setUpClass): 201 POST http://10.180.1.21/identity/v3/auth/tokens 0.105s
2025-11-23 02:31:39.222 66305 INFO tempest.lib.common.rest_client [req-000029db-d300-492b-bcf7-0fc3aed0aad6 req-000029db-d300-492b-bcf7-0fc3aed0aad6 ] Request (MultipleCreateTestJSON:test_multiple_create): 200 GET http://10.180.1.21/compute/v2.1/servers/76ff4abe-3a38-4252-b05b-84aa9ae6d3c3 2.812s
2025-11-23 02:31:39.235 66305 INFO tempest.common.waiters [-] State transition "BUILD/spawning" ==> "ACTIVE/None" after 33 second wait
2025-11-23 02:31:39.288 66265 INFO tempest.lib.common.rest_client [req-e1f8e80f-b860-4016-9e18-236c96af60ea req-e1f8e80f-b860-4016-9e18-236c96af60ea ] Request (ImagesNegativeTestJSON:tearDownClass): 404 DELETE http://10.180.1.21/compute/v2.1/servers/3deaa2a4-6997-497d-af00-1d9af5bbe34e 1.751s
2025-11-23 02:31:39.347 66309 INFO tempest.lib.common.rest_client [req-0ce0b8db-a5ce-421b-807c-19c5c4ad6768 req-0ce0b8db-a5ce-421b-807c-19c5c4ad6768 ] Request (FlavorsV2TestJSON:tearDownClass): 204 DELETE http://10.180.1.21/identity/v3/users/e34831fe475444fb852e7b90e385f9a0 0.253s
2025-11-23 02:31:39.347 66309 INFO tempest.lib.common.dynamic_creds [-] Deleting project and security group for project: f3046a798dd44d768c0c48e87eab0b26
2025-11-23 02:31:39.358 66273 INFO tempest.lib.common.rest_client [req-81a0b707-3192-4ebb-ba5b-c3240ab2a01a req-81a0b707-3192-4ebb-ba5b-c3240ab2a01a ] Request (DeleteServersAdminTestJSON:test_admin_delete_servers_of_others): 201 POST http://10.180.1.21/identity/v3/auth/tokens 0.155s
2025-11-23 02:31:39.358 66273 INFO tempest.lib.common.fixed_network [-] (DeleteServersAdminTestJSON:test_admin_delete_servers_of_others) Found network None available for tenant
2025-11-23 02:31:39.422 66309 INFO tempest.lib.common.rest_client [req-7803b521-645c-49e3-bef2-3736af008e9d req-7803b521-645c-49e3-bef2-3736af008e9d ] Request (FlavorsV2TestJSON:tearDownClass): 201 POST http://10.180.1.21/identity/v3/auth/tokens 0.074s
2025-11-23 02:31:39.437 66271 INFO tempest.lib.common.rest_client [req-c8b02c2d-9afc-4f22-8b32-f626fc1d21a2 req-c8b02c2d-9afc-4f22-8b32-f626fc1d21a2 ] Request (SecurityGroupRulesNegativeTestJSON:test_create_security_group_rule_duplicate): 200 POST http://10.180.1.21/compute/v2.1/os-security-groups 2.493s
2025-11-23 02:31:39.702 66309 INFO tempest.lib.common.rest_client [req-6f6c3535-92f0-4ea9-ac5d-4cb7c88dbc98 req-6f6c3535-92f0-4ea9-ac5d-4cb7c88dbc98 ] Request (FlavorsV2TestJSON:tearDownClass): 200 GET http://10.180.1.21/networking/v2.0/security-groups?tenant_id=f3046a798dd44d768c0c48e87eab0b26&name=default 0.279s
2025-11-23 02:31:39.704 66299 INFO tempest.lib.common.rest_client [req-c4ac9f40-cd14-42ce-b43e-dfd9f2b1aa51 req-c4ac9f40-cd14-42ce-b43e-dfd9f2b1aa51 ] Request (FloatingIPsAssociationTestJSON:test_associate_already_associated_floating_ip): 200 GET http://10.180.1.21/compute/v2.1/servers/45ddc69f-3db1-48ed-bb59-28343cef9ca8 2.081s
2025-11-23 02:31:39.719 66299 INFO tempest.common.waiters [-] State transition "BUILD/spawning" ==> "ACTIVE/None" after 35 second wait
2025-11-23 02:31:39.819 66309 INFO tempest.lib.common.rest_client [req-34c7632f-2fc0-4d42-9a35-a860970f0f13 req-34c7632f-2fc0-4d42-9a35-a860970f0f13 ] Request (FlavorsV2TestJSON:tearDownClass): 204 DELETE http://10.180.1.21/networking/v2.0/security-groups/3f7cff47-a965-4199-84f0-eceb6d38a705 0.117s
2025-11-23 02:31:39.916 66309 INFO tempest.lib.common.rest_client [req-acb42015-64b1-424c-bcf4-200e104ca2a4 req-acb42015-64b1-424c-bcf4-200e104ca2a4 ] Request (FlavorsV2TestJSON:tearDownClass): 204 DELETE http://10.180.1.21/identity/v3/projects/f3046a798dd44d768c0c48e87eab0b26 0.096s
2025-11-23 02:31:39.958 66267 INFO tempest.lib.common.rest_client [req-7f636316-7556-434b-813f-ad56987ce114 req-7f636316-7556-434b-813f-ad56987ce114 ] Request (ServersListShow2100Test:test_list_show_rebuild_update_server_2100): 202 POST http://10.180.1.21/compute/v2.1/servers/8641f59e-fddb-4da6-9bc6-f10f9ca2c2e0/action 2.287s
2025-11-23 02:31:39.986 66324 INFO tempest.lib.common.rest_client [req-460c48c9-f262-4b30-8dd0-5e7628772a30 req-460c48c9-f262-4b30-8dd0-5e7628772a30 ] Request (FlavorsAdminTestJSON:_run_cleanups): 200 GET http://10.180.1.21/compute/v2.1/flavors/detail 2.306s
2025-11-23 02:31:40.005 66291 INFO tempest.lib.common.rest_client [req-51194641-5942-470a-a8c2-5aea75b0e412 req-51194641-5942-470a-a8c2-5aea75b0e412 ] Request (FloatingIPDetailsTestJSON:tearDownClass): 202 DELETE http://10.180.1.21/compute/v2.1/os-floating-ips/aaa18f60-cad7-4406-a956-f38da8e61ac5 2.406s
2025-11-23 02:31:40.006 66309 INFO tempest.lib.common.rest_client [req-4845aacf-e2df-46f7-b119-38e78e28436d req-4845aacf-e2df-46f7-b119-38e78e28436d ] Request (InstanceActionsTestJSON:setUpClass): 201 POST http://10.180.1.21/identity/v3/auth/tokens 0.088s
2025-11-23 02:31:40.031 66295 INFO tempest.lib.common.rest_client [req-39907995-ca32-4670-b48c-c6ee3cb2bde2 req-39907995-ca32-4670-b48c-c6ee3cb2bde2 ] Request (ServicesAdminNegativeV253TestJSON:test_get_service_by_invalid_service_and_valid_host): 200 GET http://10.180.1.21/compute/v2.1/os-services 1.941s
2025-11-23 02:31:40.052 66309 INFO tempest.lib.common.rest_client [req-a927cbe4-9bf2-4eb5-9c9e-ce811e2658d1 req-a927cbe4-9bf2-4eb5-9c9e-ce811e2658d1 ] Request (InstanceActionsTestJSON:setUpClass): 201 POST http://10.180.1.21/identity/v3/auth/tokens 0.041s
2025-11-23 02:31:40.061 66301 INFO tempest.lib.common.rest_client [req-ac39ef2e-7b9c-44a5-98d9-40e0b2747657 req-ac39ef2e-7b9c-44a5-98d9-40e0b2747657 ] Request (ImagesOneServerTestJSON:tearDownClass): 200 GET http://10.180.1.21/compute/v2.1/servers/b8b307b0-8613-42f8-8f40-7006ea046f66 2.194s
2025-11-23 02:31:40.073 66301 INFO tempest.common.waiters [-] State transition "ACTIVE/deleting" ==> "DELETED/None" after 4 second wait
2025-11-23 02:31:40.081 66309 INFO tempest.lib.common.rest_client [req-71eb3043-9cad-46f3-9a6c-b311091401a4 req-71eb3043-9cad-46f3-9a6c-b311091401a4 ] Request (InstanceActionsTestJSON:setUpClass): 200 GET http://10.180.1.21/identity/v3/domains?name=Default 0.028s
2025-11-23 02:31:40.121 66309 INFO tempest.lib.common.rest_client [req-c9d813f6-4c5d-48a8-968b-18bae23fc700 req-c9d813f6-4c5d-48a8-968b-18bae23fc700 ] Request (InstanceActionsTestJSON:setUpClass): 201 POST http://10.180.1.21/identity/v3/projects 0.039s
2025-11-23 02:31:40.152 66275 INFO tempest.lib.common.rest_client [req-63c138d1-923a-478d-87d8-b5e0f6d6352d req-63c138d1-923a-478d-87d8-b5e0f6d6352d ] Request (ServerDiagnosticsV248Test:tearDownClass): 200 GET http://10.180.1.21/compute/v2.1/servers/ea9e9c9f-1067-4412-b18f-4544f0113c1a 1.611s
2025-11-23 02:31:40.222 66317 INFO tempest.lib.common.rest_client [req-29d2a87f-3f4d-4932-a157-1cfbc4dad069 req-29d2a87f-3f4d-4932-a157-1cfbc4dad069 ] Request (ImagesTestJSON:test_create_image_from_suspended_server): 200 GET http://10.180.1.21/compute/v2.1/servers/f03bd2e8-79af-4c3e-bcc5-855fb090aa54 1.424s
2025-11-23 02:31:40.238 66293 INFO tempest.lib.common.rest_client [req-2653f971-29e5-4912-a768-1fc25e0377bb req-2653f971-29e5-4912-a768-1fc25e0377bb ] Request (ServersAdminTestJSON:setUpClass): 200 GET http://10.180.1.21/compute/v2.1/servers/da5ffc5a-a4ad-4549-b071-7ddbc7ec36e2 2.095s
2025-11-23 02:31:40.240 66309 INFO tempest.lib.common.rest_client [req-cfec62ae-c9ec-4d2f-9485-0a63ccb3088f req-cfec62ae-c9ec-4d2f-9485-0a63ccb3088f ] Request (InstanceActionsTestJSON:setUpClass): 201 POST http://10.180.1.21/identity/v3/users 0.117s
2025-11-23 02:31:40.298 66309 INFO tempest.lib.common.rest_client [req-282a5038-2ee5-4140-8c75-8cd033dc6f44 req-282a5038-2ee5-4140-8c75-8cd033dc6f44 ] Request (InstanceActionsTestJSON:setUpClass): 200 GET http://10.180.1.21/identity/v3/roles 0.057s
2025-11-23 02:31:40.332 66279 INFO tempest.lib.common.rest_client [req-8f339e8a-fbf1-4fce-a1a3-7c2aafe5d5bb req-8f339e8a-fbf1-4fce-a1a3-7c2aafe5d5bb ] Request (ListImageFiltersTestJSON:setUpClass): 200 GET http://10.180.1.21/compute/v2.1/images/08ff786f-0aeb-4550-9146-3e78f18c8d5b 1.202s
2025-11-23 02:31:40.332 66289 INFO tempest.lib.common.rest_client [req-be319622-a673-49ba-9dbb-ff07dd77676c req-be319622-a673-49ba-9dbb-ff07dd77676c ] Request (ServerActionsTestOtherB:setUpClass): 200 GET http://10.180.1.21/compute/v2.1/servers/34ae5112-bf1c-42b1-8af5-131df2398467 1.267s
2025-11-23 02:31:40.343 66309 INFO tempest.lib.common.rest_client [req-e7bb18d9-1d59-49c3-9971-b3fd6e540116 req-e7bb18d9-1d59-49c3-9971-b3fd6e540116 ] Request (InstanceActionsTestJSON:setUpClass): 204 PUT http://10.180.1.21/identity/v3/projects/4c6e715499f4441c9731c8b66230650e/users/c459e79d0deb46a28262a6095b546fb0/roles/3bcbe2d7d8d64e769ddba4e6b4b2728d 0.044s
2025-11-23 02:31:40.344 66309 INFO tempest.lib.common.dynamic_creds [-] Dynamic test user c459e79d0deb46a28262a6095b546fb0 is created with scope project and roles: ['member']
2025-11-23 02:31:40.344 66309 INFO tempest.lib.common.dynamic_creds [-] Acquired dynamic creds: credentials: Credentials: {'domain_id': 'default', 'domain_name': 'Default', 'username': 'tempest-InstanceActionsTestJSON-1495746748-project-member', 'project_domain_id': 'default', 'project_domain_name': 'Default', 'project_id': '4c6e715499f4441c9731c8b66230650e', 'project_name': 'tempest-InstanceActionsTestJSON-1495746748', 'tenant_id': '4c6e715499f4441c9731c8b66230650e', 'tenant_name': 'tempest-InstanceActionsTestJSON-1495746748', 'user_domain_id': 'default', 'user_domain_name': 'Default', 'user_id': 'c459e79d0deb46a28262a6095b546fb0', 'system': None}, Network: None, Subnet: None, Router: None
2025-11-23 02:31:40.360 66325 INFO tempest.lib.common.rest_client [req-0bacff61-1ac4-4a5d-9dd4-b8c172e3dfd2 req-0bacff61-1ac4-4a5d-9dd4-b8c172e3dfd2 ] Request (FloatingIPsAssociationNegativeTestJSON:tearDownClass): 404 GET http://10.180.1.21/compute/v2.1/servers/c1ac78e7-48e5-4c65-b3d4-689e45cdd5b2 1.196s
2025-11-23 02:31:40.427 66311 INFO tempest.lib.common.rest_client [req-40aab9f6-a83c-497e-a987-bdc5bdcc08a6 req-40aab9f6-a83c-497e-a987-bdc5bdcc08a6 ] Request (ImagesOneServerNegativeTestJSON:_run_cleanups): 200 GET http://10.180.1.21/compute/v2.1/servers/03dd0469-93eb-4be4-94b7-5679028ec9f4 1.192s
2025-11-23 02:31:40.443 66309 INFO tempest.lib.common.rest_client [req-ae00f3c9-c35f-4802-b55e-8a0651f8159d req-ae00f3c9-c35f-4802-b55e-8a0651f8159d ] Request (InstanceActionsTestJSON:setUpClass): 201 POST http://10.180.1.21/identity/v3/auth/tokens 0.099s
2025-11-23 02:31:40.450 66265 INFO tempest.lib.common.rest_client [req-ec2d29e0-5db0-4bad-b842-a3892a220c39 req-ec2d29e0-5db0-4bad-b842-a3892a220c39 ] Request (ImagesNegativeTestJSON:tearDownClass): 404 GET http://10.180.1.21/compute/v2.1/servers/3deaa2a4-6997-497d-af00-1d9af5bbe34e 1.161s
2025-11-23 02:31:40.636 66285 WARNING tempest.lib.common.ssh [-] Failed to establish authenticated ssh connection to cirros@10.180.180.194 ([Errno None] Unable to connect to port 22 on 10.180.180.194). Number attempts: 1. Retry after 2 seconds.: paramiko.ssh_exception.NoValidConnectionsError: [Errno None] Unable to connect to port 22 on 10.180.180.194
2025-11-23 02:31:40.770 66309 INFO tempest.lib.common.rest_client [req-7f5bddbe-eb9a-40da-a423-dd11c484354b req-7f5bddbe-eb9a-40da-a423-dd11c484354b ] Request (InstanceActionsTestJSON:setUpClass): 201 POST http://10.180.1.21/networking/v2.0/networks 0.327s
2025-11-23 02:31:41.148 66325 INFO tempest.lib.common.rest_client [req-7524cd77-1e7d-4964-9cf2-0bfae32b987b req-7524cd77-1e7d-4964-9cf2-0bfae32b987b ] Request (FloatingIPsAssociationNegativeTestJSON:tearDownClass): 200 PUT http://10.180.1.21/networking/v2.0/routers/a6354bd1-11c7-4ac4-adde-c5b7a00bfe7e/remove_router_interface 0.787s
2025-11-23 02:31:41.194 66305 INFO tempest.lib.common.rest_client [req-cf9e8ac2-256a-4a25-9cb5-94533c93d90f req-cf9e8ac2-256a-4a25-9cb5-94533c93d90f ] Request (MultipleCreateTestJSON:test_multiple_create): 200 GET http://10.180.1.21/compute/v2.1/servers/dfa14e00-bacf-4c7b-a922-5d49fd391893 1.958s
2025-11-23 02:31:41.208 66315 INFO tempest.lib.common.rest_client [req-ca804da0-30a0-4742-933c-5620a05c09af req-ca804da0-30a0-4742-933c-5620a05c09af ] Request (ServerRescueNegativeTestJSON:setUpClass): 200 GET http://10.180.1.21/compute/v2.1/servers/282bb6d5-fe3a-493b-a4cd-58f584b145ce 1.864s
2025-11-23 02:31:41.455 66309 INFO tempest.lib.common.rest_client [req-3c042401-b408-4136-93e7-dc5c7c62108d req-3c042401-b408-4136-93e7-dc5c7c62108d ] Request (InstanceActionsTestJSON:setUpClass): 201 POST http://10.180.1.21/networking/v2.0/subnets 0.684s
2025-11-23 02:31:41.637 66265 INFO tempest.lib.common.rest_client [req-338103d2-f5a7-4273-ade2-c21eaf1e8a57 req-338103d2-f5a7-4273-ade2-c21eaf1e8a57 ] Request (ImagesNegativeTestJSON:tearDownClass): 200 PUT http://10.180.1.21/networking/v2.0/routers/69a1665e-43d7-4cf5-b4d1-0bafef439256/remove_router_interface 1.185s
2025-11-23 02:31:41.869 66325 INFO tempest.lib.common.rest_client [req-5bb8ad97-9a3e-4a71-98b8-871f0213acd4 req-5bb8ad97-9a3e-4a71-98b8-871f0213acd4 ] Request (FloatingIPsAssociationNegativeTestJSON:tearDownClass): 204 DELETE http://10.180.1.21/networking/v2.0/routers/a6354bd1-11c7-4ac4-adde-c5b7a00bfe7e 0.721s
2025-11-23 02:31:42.273 66265 INFO tempest.lib.common.rest_client [req-ad13e059-676c-4cb2-9e4e-e12cfbfe59c6 req-ad13e059-676c-4cb2-9e4e-e12cfbfe59c6 ] Request (ImagesNegativeTestJSON:tearDownClass): 204 DELETE http://10.180.1.21/networking/v2.0/routers/69a1665e-43d7-4cf5-b4d1-0bafef439256 0.635s
2025-11-23 02:31:42.341 66269 INFO tempest.lib.common.rest_client [req-8976a800-8dff-4d6f-952c-af74a7255e20 req-8976a800-8dff-4d6f-952c-af74a7255e20 ] Request (ListServerFiltersTestJSON:setUpClass): 200 GET http://10.180.1.21/compute/v2.1/servers/9e8c6014-c496-4086-a84c-25ac0460c7d7 2.969s
2025-11-23 02:31:42.491 66309 INFO tempest.lib.common.rest_client [req-f044b826-61f5-4a53-8c0d-9ce3ebf4b688 req-f044b826-61f5-4a53-8c0d-9ce3ebf4b688 ] Request (InstanceActionsTestJSON:setUpClass): 201 POST http://10.180.1.21/networking/v2.0/routers 1.035s
2025-11-23 02:31:42.512 66325 INFO tempest.lib.common.rest_client [req-1d2b9806-8bca-4904-9f56-64aa97271f02 req-1d2b9806-8bca-4904-9f56-64aa97271f02 ] Request (FloatingIPsAssociationNegativeTestJSON:tearDownClass): 204 DELETE http://10.180.1.21/networking/v2.0/subnets/1a7b2271-1796-402b-bf4a-3be2e311ecc7 0.642s
2025-11-23 02:31:42.646 66265 INFO tempest.lib.common.rest_client [req-ea062bc3-0194-4217-9ad9-4cfdc8e9e075 req-ea062bc3-0194-4217-9ad9-4cfdc8e9e075 ] Request (ImagesNegativeTestJSON:tearDownClass): 204 DELETE http://10.180.1.21/networking/v2.0/subnets/70d97398-0076-4a41-9447-a0794446e398 0.372s
2025-11-23 02:31:42.897 66325 INFO tempest.lib.common.rest_client [req-2e17b139-9d39-4111-a41f-f22136e086cb req-2e17b139-9d39-4111-a41f-f22136e086cb ] Request (FloatingIPsAssociationNegativeTestJSON:tearDownClass): 204 DELETE http://10.180.1.21/networking/v2.0/networks/2840c274-ff54-4caa-9241-8aecb4a6d8f0 0.385s
2025-11-23 02:31:43.016 66325 INFO tempest.lib.common.rest_client [req-88cc40cf-06cb-45da-9bd3-e0f5363d2463 req-88cc40cf-06cb-45da-9bd3-e0f5363d2463 ] Request (FloatingIPsAssociationNegativeTestJSON:tearDownClass): 204 DELETE http://10.180.1.21/identity/v3/users/750a3a12786542818a7676d290658cdd 0.118s
2025-11-23 02:31:43.016 66325 INFO tempest.lib.common.dynamic_creds [-] Deleting project and security group for project: a7da152ff8ef473f980a884a51c3812b
2025-11-23 02:31:43.109 66271 INFO tempest.lib.common.rest_client [req-4fd51402-e73a-4bb1-ab72-d5cb462bcd3b req-4fd51402-e73a-4bb1-ab72-d5cb462bcd3b ] Request (SecurityGroupRulesNegativeTestJSON:test_create_security_group_rule_duplicate): 200 POST http://10.180.1.21/compute/v2.1/os-security-group-rules 3.668s
2025-11-23 02:31:43.235 66273 INFO tempest.lib.common.rest_client [req-b1525121-0870-4f67-8f39-1a351c08271b req-b1525121-0870-4f67-8f39-1a351c08271b ] Request (DeleteServersAdminTestJSON:test_admin_delete_servers_of_others): 202 POST http://10.180.1.21/compute/v2.1/servers 3.876s
2025-11-23 02:31:43.472 66265 INFO tempest.lib.common.rest_client [req-aa9993b5-739b-4047-b747-475662293b06 req-aa9993b5-739b-4047-b747-475662293b06 ] Request (ImagesNegativeTestJSON:tearDownClass): 204 DELETE http://10.180.1.21/networking/v2.0/networks/7c4cf4e3-11e8-4639-a7f7-923681d43023 0.826s
2025-11-23 02:31:43.502 66325 INFO tempest.lib.common.rest_client [req-199edce4-61c8-416e-b515-ee0b33bc99e4 req-199edce4-61c8-416e-b515-ee0b33bc99e4 ] Request (FloatingIPsAssociationNegativeTestJSON:tearDownClass): 200 GET http://10.180.1.21/networking/v2.0/security-groups?tenant_id=a7da152ff8ef473f980a884a51c3812b&name=default 0.485s
2025-11-23 02:31:43.530 66327 INFO tempest.lib.common.rest_client [req-3cd1c78d-3a04-4b86-af87-604ccd0be7cb req-3cd1c78d-3a04-4b86-af87-604ccd0be7cb ] Request (ServersTestJSON:test_create_server_specify_multibyte_character_name): 200 GET http://10.180.1.21/compute/v2.1/servers/591addb4-2942-4f2d-976e-ba38f0246456 3.999s
2025-11-23 02:31:43.600 66321 INFO tempest.lib.common.rest_client [req-2e58e556-8cc9-4063-a00e-f73b919375b9 req-2e58e556-8cc9-4063-a00e-f73b919375b9 ] Request (ServersAdmin275Test:tearDownClass): 200 GET http://10.180.1.21/compute/v2.1/servers/def36ac7-09ed-4d5a-bfae-e8f4c7648251 3.910s
2025-11-23 02:31:43.612 66309 INFO tempest.lib.common.rest_client [req-df6641c5-e2f4-4664-bb6e-6c3ab3152946 req-df6641c5-e2f4-4664-bb6e-6c3ab3152946 ] Request (InstanceActionsTestJSON:setUpClass): 200 PUT http://10.180.1.21/networking/v2.0/routers/dd73e8b4-9350-464c-80a3-cedadc5e9b68/add_router_interface 1.120s
2025-11-23 02:31:43.612 66309 INFO tempest.lib.common.dynamic_creds [-] Created isolated network resources for: credentials: Credentials: {'domain_id': 'default', 'domain_name': 'Default', 'username': 'tempest-InstanceActionsTestJSON-1495746748-project-member', 'project_domain_id': 'default', 'project_domain_name': 'Default', 'project_id': '4c6e715499f4441c9731c8b66230650e', 'project_name': 'tempest-InstanceActionsTestJSON-1495746748', 'tenant_id': '4c6e715499f4441c9731c8b66230650e', 'tenant_name': 'tempest-InstanceActionsTestJSON-1495746748', 'user_domain_id': 'default', 'user_domain_name': 'Default', 'user_id': 'c459e79d0deb46a28262a6095b546fb0', 'system': None}, Network: {'id': 'b29b26b0-25ed-46d2-be74-58c3a7a96af3', 'name': 'tempest-InstanceActionsTestJSON-2019309083-network', 'tenant_id': '4c6e715499f4441c9731c8b66230650e', 'project_id': '4c6e715499f4441c9731c8b66230650e', 'admin_state_up': True, 'mtu': 8950, 'status': 'ACTIVE', 'subnets': [], 'shared': False, 'port_security_enabled': True, 'router:external': False, 'provider:network_type': 'vlan', 'provider:physical_network': 'default', 'provider:segmentation_id': 82, 'availability_zone_hints': [], 'availability_zones': [], 'ipv4_address_scope': None, 'ipv6_address_scope': None, 'description': '', 'tags': [], 'created_at': '2025-11-23T02:31:40Z', 'updated_at': '2025-11-23T02:31:40Z', 'revision_number': 1}, Subnet: {'id': '105714ac-8bc4-4b95-9976-0fa897a12f34', 'name': 'tempest-InstanceActionsTestJSON-2019309083-subnet', 'tenant_id': '4c6e715499f4441c9731c8b66230650e', 'network_id': 'b29b26b0-25ed-46d2-be74-58c3a7a96af3', 'ip_version': 4, 'subnetpool_id': None, 'enable_dhcp': True, 'ipv6_ra_mode': None, 'ipv6_address_mode': None, 'gateway_ip': '192.168.128.1', 'cidr': '192.168.128.0/28', 'allocation_pools': [{'start': '192.168.128.2', 'end': '192.168.128.14'}], 'host_routes': [], 'dns_nameservers': [], 'description': '', 'router:external': False, 'service_types': [], 'tags': [], 'created_at': '2025-11-23T02:31:41Z', 'updated_at': '2025-11-23T02:31:41Z', 'revision_number': 0, 'project_id': '4c6e715499f4441c9731c8b66230650e'}, Router: {'id': 'dd73e8b4-9350-464c-80a3-cedadc5e9b68', 'name': 'tempest-InstanceActionsTestJSON-2019309083-router', 'tenant_id': '4c6e715499f4441c9731c8b66230650e', 'admin_state_up': True, 'status': 'ACTIVE', 'external_gateway_info': {'network_id': 'b0105b3f-5810-4413-8c7f-cadff6d0d2d0', 'external_fixed_ips': [{'subnet_id': '740df678-9822-4d67-9fda-52e2c353c18f', 'ip_address': '10.180.180.151'}], 'enable_snat': True}, 'description': '', 'availability_zones': [], 'distributed': False, 'ha': False, 'availability_zone_hints': [], 'routes': [], 'flavor_id': None, 'tags': [], 'created_at': '2025-11-23T02:31:41Z', 'updated_at': '2025-11-23T02:31:42Z', 'revision_number': 2, 'project_id': '4c6e715499f4441c9731c8b66230650e'}
2025-11-23 02:31:43.643 66265 INFO tempest.lib.common.rest_client [req-e9a90cc2-7faf-4f4d-98e0-e63c48c9e628 req-e9a90cc2-7faf-4f4d-98e0-e63c48c9e628 ] Request (ImagesNegativeTestJSON:tearDownClass): 204 DELETE http://10.180.1.21/identity/v3/users/6fb1b9c0fb8e4bd2937df76ee43e574e 0.170s
2025-11-23 02:31:43.643 66265 INFO tempest.lib.common.dynamic_creds [-] Deleting project and security group for project: 53e5389ac9a94e56bf24866b22d91e23
2025-11-23 02:31:43.706 66285 WARNING tempest.lib.common.ssh [-] Failed to establish authenticated ssh connection to cirros@10.180.180.194 ([Errno None] Unable to connect to port 22 on 10.180.180.194). Number attempts: 2. Retry after 3 seconds.: paramiko.ssh_exception.NoValidConnectionsError: [Errno None] Unable to connect to port 22 on 10.180.180.194
2025-11-23 02:31:43.725 66325 INFO tempest.lib.common.rest_client [req-5c6b33e2-ae22-4098-bf46-75e5d9031a98 req-5c6b33e2-ae22-4098-bf46-75e5d9031a98 ] Request (FloatingIPsAssociationNegativeTestJSON:tearDownClass): 204 DELETE http://10.180.1.21/networking/v2.0/security-groups/ad683fe0-4d9c-4a46-8556-68f12a24168f 0.223s
2025-11-23 02:31:43.728 66309 INFO tempest.lib.common.rest_client [req-b07841e9-4c05-4ea1-9a72-fa66c6983c2f req-b07841e9-4c05-4ea1-9a72-fa66c6983c2f ] Request (InstanceActionsTestJSON:setUpClass): 201 POST http://10.180.1.21/identity/v3/auth/tokens 0.111s
2025-11-23 02:31:43.778 66309 INFO tempest.lib.common.rest_client [req-25299442-2aa5-4e20-b6bc-321f6328b55d req-25299442-2aa5-4e20-b6bc-321f6328b55d ] Request (InstanceActionsTestJSON:setUpClass): 201 POST http://10.180.1.21/identity/v3/auth/tokens 0.045s
2025-11-23 02:31:43.778 66309 INFO tempest.lib.common.fixed_network [-] (InstanceActionsTestJSON:setUpClass) Found network {'id': 'b29b26b0-25ed-46d2-be74-58c3a7a96af3', 'name': 'tempest-InstanceActionsTestJSON-2019309083-network', 'tenant_id': '4c6e715499f4441c9731c8b66230650e', 'project_id': '4c6e715499f4441c9731c8b66230650e', 'admin_state_up': True, 'mtu': 8950, 'status': 'ACTIVE', 'subnets': [], 'shared': False, 'port_security_enabled': True, 'router:external': False, 'provider:network_type': 'vlan', 'provider:physical_network': 'default', 'provider:segmentation_id': 82, 'availability_zone_hints': [], 'availability_zones': [], 'ipv4_address_scope': None, 'ipv6_address_scope': None, 'description': '', 'tags': [], 'created_at': '2025-11-23T02:31:40Z', 'updated_at': '2025-11-23T02:31:40Z', 'revision_number': 1} available for tenant
2025-11-23 02:31:43.812 66277 INFO tempest.lib.common.rest_client [req-83424ac0-0f53-4fdf-9ebc-8142da6ce0ea req-83424ac0-0f53-4fdf-9ebc-8142da6ce0ea ] Request (ServerShowV247Test:test_update_rebuild_list_server): 200 GET http://10.180.1.21/compute/v2.1/servers/ce52bfd8-189b-4781-ba5b-fc60b5031aac 4.040s
2025-11-23 02:31:43.828 66265 INFO tempest.lib.common.rest_client [req-94f2476d-92f4-4d37-9aae-f0d3ba29e910 req-94f2476d-92f4-4d37-9aae-f0d3ba29e910 ] Request (ImagesNegativeTestJSON:tearDownClass): 200 GET http://10.180.1.21/networking/v2.0/security-groups?tenant_id=53e5389ac9a94e56bf24866b22d91e23&name=default 0.184s
2025-11-23 02:31:43.847 66303 INFO tempest.lib.common.rest_client [req-67554576-cd1a-4160-a8f0-fe7dcfd30ea5 req-67554576-cd1a-4160-a8f0-fe7dcfd30ea5 ] Request (ServersTestBootFromVolume:tearDownClass): 404 GET http://10.180.1.21/compute/v2.1/servers/8db0c746-a5f0-47cc-993d-eac47d231bd5 3.980s
2025-11-23 02:31:43.909 66325 INFO tempest.lib.common.rest_client [req-6bb9b60b-7b24-4cf4-a003-151cba45f8fa req-6bb9b60b-7b24-4cf4-a003-151cba45f8fa ] Request (FloatingIPsAssociationNegativeTestJSON:tearDownClass): 204 DELETE http://10.180.1.21/identity/v3/projects/a7da152ff8ef473f980a884a51c3812b 0.183s
2025-11-23 02:31:43.999 66265 INFO tempest.lib.common.rest_client [req-f7bd6d76-5e16-4fac-987f-4666fe9e53a6 req-f7bd6d76-5e16-4fac-987f-4666fe9e53a6 ] Request (ImagesNegativeTestJSON:tearDownClass): 204 DELETE http://10.180.1.21/networking/v2.0/security-groups/215bd18b-48d5-42e8-9440-dc9e896c7ba2 0.171s
2025-11-23 02:31:44.002 66325 INFO tempest.lib.common.rest_client [req-93961c8b-5177-4e1d-9e91-e9a304f7291d req-93961c8b-5177-4e1d-9e91-e9a304f7291d ] Request (KeyPairsV22TestJSON:setUpClass): 201 POST http://10.180.1.21/identity/v3/auth/tokens 0.092s
2025-11-23 02:31:44.043 66325 INFO tempest.lib.common.rest_client [req-f7b44e45-52e5-44d8-a1a3-7973c900d54c req-f7b44e45-52e5-44d8-a1a3-7973c900d54c ] Request (KeyPairsV22TestJSON:setUpClass): 201 POST http://10.180.1.21/identity/v3/auth/tokens 0.037s
2025-11-23 02:31:44.077 66325 INFO tempest.lib.common.rest_client [req-46ee8ac6-574e-48f0-b5f9-c54f25f9fec4 req-46ee8ac6-574e-48f0-b5f9-c54f25f9fec4 ] Request (KeyPairsV22TestJSON:setUpClass): 200 GET http://10.180.1.21/identity/v3/domains?name=Default 0.034s
2025-11-23 02:31:44.137 66265 INFO tempest.lib.common.rest_client [req-827780a0-8607-4c8a-b0a4-99a7106b2111 req-827780a0-8607-4c8a-b0a4-99a7106b2111 ] Request (ImagesNegativeTestJSON:tearDownClass): 204 DELETE http://10.180.1.21/identity/v3/projects/53e5389ac9a94e56bf24866b22d91e23 0.137s
2025-11-23 02:31:44.161 66325 INFO tempest.lib.common.rest_client [req-9b151fe9-b410-4b34-b81d-aff808a18df0 req-9b151fe9-b410-4b34-b81d-aff808a18df0 ] Request (KeyPairsV22TestJSON:setUpClass): 201 POST http://10.180.1.21/identity/v3/projects 0.084s
2025-11-23 02:31:44.186 66319 INFO tempest.lib.common.rest_client [req-23566e3c-78ac-4745-9aac-6ac888386b13 req-23566e3c-78ac-4745-9aac-6ac888386b13 ] Request (ServerMetadataTestJSON:setUpClass): 200 GET http://10.180.1.21/compute/v2.1/servers/d63392a7-912e-4222-89f2-d68cad5295b3 4.294s
