2025-11-23 02:29:45.754 66275 INFO tempest.lib.common.rest_client [req-93581eba-0e32-4d9d-b16a-88d5d0a2ede2 req-93581eba-0e32-4d9d-b16a-88d5d0a2ede2 ] Request (SecurityGroupsTestAdminJSON:setUpClass): 200 GET http://10.180.1.21/identity/v3/roles 0.083s
2025-11-23 02:29:45.829 66307 INFO tempest.lib.common.rest_client [req-110441c6-e39f-448e-9f26-e899f672eaf8 req-110441c6-e39f-448e-9f26-e899f672eaf8 ] Request (FlavorsExtraSpecsNegativeTestJSON:test_flavor_get_nonexistent_key): 404 GET http://10.180.1.21/compute/v2.1/flavors/885890918/os-extra_specs/hw:cpu_thread_policy 4.572s
2025-11-23 02:29:45.852 66325 INFO tempest.lib.common.rest_client [req-a3fce2f5-e163-4ee9-9d73-a782cb21e2ec req-a3fce2f5-e163-4ee9-9d73-a782cb21e2ec ] Request (InstanceUsageAuditLogTestJSON:tearDownClass): 204 DELETE http://10.180.1.21/identity/v3/users/724fafb60cca47bfa08b8308d68e50a8 0.163s
2025-11-23 02:29:45.871 66317 INFO tempest.lib.common.rest_client [req-cc72b498-0699-43cf-b420-eadc93fd0505 req-cc72b498-0699-43cf-b420-eadc93fd0505 ] Request (FlavorsAccessTestJSON:setUpClass): 204 PUT http://10.180.1.21/identity/v3/projects/17803fd15dba4e4585cb942989edc840/users/a7548841d29b4a3f95c955d2ea09457c/roles/20f4b028dc4f42099d34eb7c8179f9bc 0.170s
2025-11-23 02:29:45.871 66317 INFO tempest.lib.common.dynamic_creds [-] Dynamic test user a7548841d29b4a3f95c955d2ea09457c is created with scope project and roles: ['admin']
2025-11-23 02:29:45.871 66317 INFO tempest.lib.common.dynamic_creds [-] Acquired dynamic creds: credentials: Credentials: {'domain_id': 'default', 'domain_name': 'Default', 'username': 'tempest-FlavorsAccessTestJSON-2000989088-project-admin', 'project_domain_id': 'default', 'project_domain_name': 'Default', 'project_id': '17803fd15dba4e4585cb942989edc840', 'project_name': 'tempest-FlavorsAccessTestJSON-2000989088', 'tenant_id': '17803fd15dba4e4585cb942989edc840', 'tenant_name': 'tempest-FlavorsAccessTestJSON-2000989088', 'user_domain_id': 'default', 'user_domain_name': 'Default', 'user_id': 'a7548841d29b4a3f95c955d2ea09457c', 'system': None}, Network: None, Subnet: None, Router: None
2025-11-23 02:29:45.871 66317 INFO tempest.lib.common.dynamic_creds [-] Created isolated network resources for: credentials: Credentials: {'domain_id': 'default', 'domain_name': 'Default', 'username': 'tempest-FlavorsAccessTestJSON-2000989088-project-admin', 'project_domain_id': 'default', 'project_domain_name': 'Default', 'project_id': '17803fd15dba4e4585cb942989edc840', 'project_name': 'tempest-FlavorsAccessTestJSON-2000989088', 'tenant_id': '17803fd15dba4e4585cb942989edc840', 'tenant_name': 'tempest-FlavorsAccessTestJSON-2000989088', 'user_domain_id': 'default', 'user_domain_name': 'Default', 'user_id': 'a7548841d29b4a3f95c955d2ea09457c', 'system': None}, Network: None, Subnet: None, Router: None
2025-11-23 02:29:45.952 66275 INFO tempest.lib.common.rest_client [req-07063371-e32f-42f7-9d69-734807fd4d5c req-07063371-e32f-42f7-9d69-734807fd4d5c ] Request (SecurityGroupsTestAdminJSON:setUpClass): 204 PUT http://10.180.1.21/identity/v3/projects/08ba16cad6e3417c88868872e6ed6e7f/users/a6de45d2b9bf4248805f4a47b5bd707a/roles/20f4b028dc4f42099d34eb7c8179f9bc 0.197s
2025-11-23 02:29:45.952 66275 INFO tempest.lib.common.dynamic_creds [-] Dynamic test user a6de45d2b9bf4248805f4a47b5bd707a is created with scope project and roles: ['admin']
2025-11-23 02:29:45.952 66275 INFO tempest.lib.common.dynamic_creds [-] Acquired dynamic creds: credentials: Credentials: {'domain_id': 'default', 'domain_name': 'Default', 'username': 'tempest-SecurityGroupsTestAdminJSON-1234858908-project-admin', 'project_domain_id': 'default', 'project_domain_name': 'Default', 'project_id': '08ba16cad6e3417c88868872e6ed6e7f', 'project_name': 'tempest-SecurityGroupsTestAdminJSON-1234858908', 'tenant_id': '08ba16cad6e3417c88868872e6ed6e7f', 'tenant_name': 'tempest-SecurityGroupsTestAdminJSON-1234858908', 'user_domain_id': 'default', 'user_domain_name': 'Default', 'user_id': 'a6de45d2b9bf4248805f4a47b5bd707a', 'system': None}, Network: None, Subnet: None, Router: None
2025-11-23 02:29:45.952 66275 INFO tempest.lib.common.dynamic_creds [-] Created isolated network resources for: credentials: Credentials: {'domain_id': 'default', 'domain_name': 'Default', 'username': 'tempest-SecurityGroupsTestAdminJSON-1234858908-project-admin', 'project_domain_id': 'default', 'project_domain_name': 'Default', 'project_id': '08ba16cad6e3417c88868872e6ed6e7f', 'project_name': 'tempest-SecurityGroupsTestAdminJSON-1234858908', 'tenant_id': '08ba16cad6e3417c88868872e6ed6e7f', 'tenant_name': 'tempest-SecurityGroupsTestAdminJSON-1234858908', 'user_domain_id': 'default', 'user_domain_name': 'Default', 'user_id': 'a6de45d2b9bf4248805f4a47b5bd707a', 'system': None}, Network: None, Subnet: None, Router: None
2025-11-23 02:29:45.984 66325 INFO tempest.lib.common.rest_client [req-94cd02d1-e92b-4119-8b80-5e91df4e48c0 req-94cd02d1-e92b-4119-8b80-5e91df4e48c0 ] Request (InstanceUsageAuditLogTestJSON:tearDownClass): 204 DELETE http://10.180.1.21/identity/v3/users/d6421b80215f44c782b3efc9c8886b92 0.131s
2025-11-23 02:29:45.984 66325 INFO tempest.lib.common.dynamic_creds [-] Deleting project and security group for project: a81b7a75ae3441d49f2fe359f83f3ace
2025-11-23 02:29:46.029 66317 INFO tempest.lib.common.rest_client [req-1d1f2f42-41e7-4fa1-b878-f22c5f7e5128 req-1d1f2f42-41e7-4fa1-b878-f22c5f7e5128 ] Request (FlavorsAccessTestJSON:setUpClass): 201 POST http://10.180.1.21/identity/v3/auth/tokens 0.155s
2025-11-23 02:29:46.030 66317 WARNING tempest.lib.common.rest_client [-] Deprecated: "tenant_id" property is deprecated for removal, use "project_id" instead
2025-11-23 02:29:46.101 66325 INFO tempest.lib.common.rest_client [req-21d053fa-5bc8-4f12-9bd3-bcc21f877c98 req-21d053fa-5bc8-4f12-9bd3-bcc21f877c98 ] Request (InstanceUsageAuditLogTestJSON:tearDownClass): 201 POST http://10.180.1.21/identity/v3/auth/tokens 0.116s
2025-11-23 02:29:46.106 66275 INFO tempest.lib.common.rest_client [req-4481a820-9da4-4ab6-abe7-a43d0bdb1339 req-4481a820-9da4-4ab6-abe7-a43d0bdb1339 ] Request (SecurityGroupsTestAdminJSON:setUpClass): 201 POST http://10.180.1.21/identity/v3/auth/tokens 0.150s
2025-11-23 02:29:46.250 66265 INFO tempest.lib.common.rest_client [req-d6c47406-0b6d-4281-a9d4-247a3c22cc92 req-d6c47406-0b6d-4281-a9d4-247a3c22cc92 ] Request (FloatingIPsTestJSON:setUpClass): 200 PUT http://10.180.1.21/networking/v2.0/routers/f4e05687-014e-4a43-b398-c0eaf21eb6b0/add_router_interface 1.028s
2025-11-23 02:29:46.250 66265 INFO tempest.lib.common.dynamic_creds [-] Created isolated network resources for: credentials: Credentials: {'domain_id': 'default', 'domain_name': 'Default', 'username': 'tempest-FloatingIPsTestJSON-50076411-project-member', 'project_domain_id': 'default', 'project_domain_name': 'Default', 'project_id': 'd2081434ef0f4fb2ac8bbcf6917c749b', 'project_name': 'tempest-FloatingIPsTestJSON-50076411', 'tenant_id': 'd2081434ef0f4fb2ac8bbcf6917c749b', 'tenant_name': 'tempest-FloatingIPsTestJSON-50076411', 'user_domain_id': 'default', 'user_domain_name': 'Default', 'user_id': '6af43ae0b4c549e9a8256a485d928c23', 'system': None}, Network: {'id': '80b9b618-8828-4008-a0f7-8527ce3543f3', 'name': 'tempest-FloatingIPsTestJSON-1163141940-network', 'tenant_id': 'd2081434ef0f4fb2ac8bbcf6917c749b', 'project_id': 'd2081434ef0f4fb2ac8bbcf6917c749b', 'admin_state_up': True, 'mtu': 8950, 'status': 'ACTIVE', 'subnets': [], 'shared': False, 'port_security_enabled': True, 'router:external': False, 'provider:network_type': 'vlan', 'provider:physical_network': 'default', 'provider:segmentation_id': 723, 'availability_zone_hints': [], 'availability_zones': [], 'ipv4_address_scope': None, 'ipv6_address_scope': None, 'description': '', 'tags': [], 'created_at': '2025-11-23T02:29:43Z', 'updated_at': '2025-11-23T02:29:43Z', 'revision_number': 1}, Subnet: {'id': 'ee2b7e7e-069c-42d3-8ff4-9632ff4d52c7', 'name': 'tempest-FloatingIPsTestJSON-1163141940-subnet', 'tenant_id': 'd2081434ef0f4fb2ac8bbcf6917c749b', 'network_id': '80b9b618-8828-4008-a0f7-8527ce3543f3', 'ip_version': 4, 'subnetpool_id': None, 'enable_dhcp': True, 'ipv6_ra_mode': None, 'ipv6_address_mode': None, 'gateway_ip': '192.168.128.1', 'cidr': '192.168.128.0/28', 'allocation_pools': [{'start': '192.168.128.2', 'end': '192.168.128.14'}], 'host_routes': [], 'dns_nameservers': [], 'description': '', 'router:external': False, 'service_types': [], 'tags': [], 'created_at': '2025-11-23T02:29:43Z', 'updated_at': '2025-11-23T02:29:43Z', 'revision_number': 0, 'project_id': 'd2081434ef0f4fb2ac8bbcf6917c749b'}, Router: {'id': 'f4e05687-014e-4a43-b398-c0eaf21eb6b0', 'name': 'tempest-FloatingIPsTestJSON-1163141940-router', 'tenant_id': 'd2081434ef0f4fb2ac8bbcf6917c749b', 'admin_state_up': True, 'status': 'ACTIVE', 'external_gateway_info': {'network_id': 'b0105b3f-5810-4413-8c7f-cadff6d0d2d0', 'external_fixed_ips': [{'subnet_id': '740df678-9822-4d67-9fda-52e2c353c18f', 'ip_address': '10.180.180.205'}], 'enable_snat': True}, 'description': '', 'availability_zones': [], 'distributed': False, 'ha': False, 'availability_zone_hints': [], 'routes': [], 'flavor_id': None, 'tags': [], 'created_at': '2025-11-23T02:29:43Z', 'updated_at': '2025-11-23T02:29:44Z', 'revision_number': 2, 'project_id': 'd2081434ef0f4fb2ac8bbcf6917c749b'}
2025-11-23 02:29:46.323 66319 INFO tempest.lib.common.rest_client [req-3eaa48b1-c8bd-4eed-b0a5-faee876532b0 req-3eaa48b1-c8bd-4eed-b0a5-faee876532b0 ] Request (NetworksTest:test_get_network): 200 GET http://10.180.1.21/compute/v2.1/os-networks/b0105b3f-5810-4413-8c7f-cadff6d0d2d0 5.036s
2025-11-23 02:29:46.329 66265 INFO tempest.lib.common.rest_client [req-50278baf-92c1-4224-99be-a3a52815a773 req-50278baf-92c1-4224-99be-a3a52815a773 ] Request (FloatingIPsTestJSON:setUpClass): 201 POST http://10.180.1.21/identity/v3/auth/tokens 0.075s
2025-11-23 02:29:46.514 66325 INFO tempest.lib.common.rest_client [req-185d6896-8bb4-4f53-8354-5e7162ecb519 req-185d6896-8bb4-4f53-8354-5e7162ecb519 ] Request (InstanceUsageAuditLogTestJSON:tearDownClass): 200 GET http://10.180.1.21/networking/v2.0/security-groups?tenant_id=a81b7a75ae3441d49f2fe359f83f3ace&name=default 0.412s
2025-11-23 02:29:46.546 66303 INFO tempest.lib.common.rest_client [req-a87c0509-5ff6-4ee4-8063-a35a2358faaf req-a87c0509-5ff6-4ee4-8063-a35a2358faaf ] Request (ServersTestBootFromVolume:setUpClass): 200 GET http://10.180.1.21/volume/v3/volumes/19f4e124-8ac6-4e2e-b6a1-108d7ce77fcf 0.158s
2025-11-23 02:29:46.568 66298 INFO tempest.lib.common.rest_client [req-cc83ae9d-1022-4b6e-8c83-0487e32e1284 req-cc83ae9d-1022-4b6e-8c83-0487e32e1284 ] Request (VolumesAssistedSnapshotsTest:setUpClass): 201 POST http://10.180.1.21/networking/v2.0/routers 0.946s
2025-11-23 02:29:46.703 66311 INFO tempest.lib.common.rest_client [req-b304d097-0c94-40fc-b877-aa016d383948 req-b304d097-0c94-40fc-b877-aa016d383948 ] Request (ImagesOneServerNegativeTestJSON:setUpClass): 202 POST http://10.180.1.21/compute/v2.1/servers 6.868s
2025-11-23 02:29:46.735 66325 INFO tempest.lib.common.rest_client [req-2e944aa3-5eef-4603-be85-d63f51827c5b req-2e944aa3-5eef-4603-be85-d63f51827c5b ] Request (InstanceUsageAuditLogTestJSON:tearDownClass): 204 DELETE http://10.180.1.21/networking/v2.0/security-groups/60b46be2-73fe-44cd-bd31-109410e4186b 0.221s
2025-11-23 02:29:46.830 66269 INFO tempest.lib.common.rest_client [req-ed48ef60-1ced-4db4-a22b-794e9f7087e4 req-ed48ef60-1ced-4db4-a22b-794e9f7087e4 ] Request (FlavorsV2NegativeTest:test_boot_with_low_ram): 400 POST http://10.180.1.21/compute/v2.1/servers 5.538s
2025-11-23 02:29:46.852 66325 INFO tempest.lib.common.rest_client [req-0855a80c-f2ff-4bc7-9f51-e91142c8783f req-0855a80c-f2ff-4bc7-9f51-e91142c8783f ] Request (InstanceUsageAuditLogTestJSON:tearDownClass): 204 DELETE http://10.180.1.21/identity/v3/projects/a81b7a75ae3441d49f2fe359f83f3ace 0.116s
2025-11-23 02:29:46.852 66325 INFO tempest.lib.common.dynamic_creds [-] Deleting project and security group for project: 07d1baa435b041ecb8b2d3265c95bdc6
2025-11-23 02:29:46.876 66279 INFO tempest.lib.common.rest_client [req-784e65df-ea7b-4aff-b111-9f87bd1121f7 req-784e65df-ea7b-4aff-b111-9f87bd1121f7 ] Request (HypervisorAdminV228Test:test_get_list_hypervisor_details): 200 GET http://10.180.1.21/compute/v2.1/os-hypervisors/1 5.439s
2025-11-23 02:29:46.929 66295 INFO tempest.lib.common.rest_client [req-0af21f14-9053-4d54-88a8-2e7d80fdf284 req-0af21f14-9053-4d54-88a8-2e7d80fdf284 ] Request (FlavorsExtraSpecsTestJSON:test_flavor_non_admin_get_all_keys): 200 POST http://10.180.1.21/compute/v2.1/flavors/1870613722/os-extra_specs 5.398s
2025-11-23 02:29:46.954 66269 INFO tempest.lib.common.rest_client [req-a5af6d23-55ea-48fd-b7d2-9043cac38476 req-a5af6d23-55ea-48fd-b7d2-9043cac38476 ] Request (FlavorsV2NegativeTest:_run_cleanups): 204 DELETE http://10.180.1.21/image/v2/images/32fe70dd-8c60-4839-b0e9-ae9215505407 0.123s
2025-11-23 02:29:46.988 66325 INFO tempest.lib.common.rest_client [req-646801b3-f2e0-4160-9e78-711f3e58e93b req-646801b3-f2e0-4160-9e78-711f3e58e93b ] Request (InstanceUsageAuditLogTestJSON:tearDownClass): 200 GET http://10.180.1.21/networking/v2.0/security-groups?tenant_id=07d1baa435b041ecb8b2d3265c95bdc6&name=default 0.136s
2025-11-23 02:29:47.077 66285 INFO tempest.lib.common.rest_client [req-958f2931-c833-4f57-b373-526e378cb46e req-958f2931-c833-4f57-b373-526e378cb46e ] Request (QuotasAdminTestV236:test_get_updated_quotas): 200 GET http://10.180.1.21/compute/v2.1/os-quota-sets/d88085ed71544cbd92317be9bda5e4ba/detail 5.204s
2025-11-23 02:29:47.099 66279 INFO tempest.lib.common.rest_client [req-5f1a3567-c669-4d30-935c-be50b3834688 req-5f1a3567-c669-4d30-935c-be50b3834688 ] Request (HypervisorAdminV228Test:tearDownClass): 204 DELETE http://10.180.1.21/identity/v3/users/c752364684b44577b1a0777556fa0d18 0.206s
2025-11-23 02:29:47.146 66325 INFO tempest.lib.common.rest_client [req-2c988967-57f6-4c07-8b75-a7262b4a6b81 req-2c988967-57f6-4c07-8b75-a7262b4a6b81 ] Request (InstanceUsageAuditLogTestJSON:tearDownClass): 204 DELETE http://10.180.1.21/networking/v2.0/security-groups/399a00fc-f44b-44b7-9f6d-cafad9f6a7be 0.157s
2025-11-23 02:29:47.197 66285 INFO tempest.lib.common.rest_client [req-e4837a81-9336-43d6-96e5-3c1cef80304c req-e4837a81-9336-43d6-96e5-3c1cef80304c ] Request (QuotasAdminTestV236:test_get_updated_quotas): 200 GET http://10.180.1.21/identity/v3/domains?name=Default 0.114s
2025-11-23 02:29:47.254 66269 INFO tempest.lib.common.rest_client [req-9bcf9e44-8474-4de5-982a-fb6db1614ee8 req-9bcf9e44-8474-4de5-982a-fb6db1614ee8 ] Request (FlavorsV2NegativeTest:tearDownClass): 204 DELETE http://10.180.1.21/identity/v3/users/ede34dc682364abbb980bd7b6f605f14 0.298s
2025-11-23 02:29:47.254 66269 INFO tempest.lib.common.dynamic_creds [-] Deleting project and security group for project: 9d5f9dbced2a4537a5e0fa656e214ad9
2025-11-23 02:29:47.379 66293 INFO tempest.lib.common.rest_client [req-78693570-570b-4884-ab71-996cf47c4142 req-78693570-570b-4884-ab71-996cf47c4142 ] Request (ServerExternalEventsTest:test_create_server_external_events): 202 POST http://10.180.1.21/compute/v2.1/servers 6.082s
2025-11-23 02:29:47.404 66279 INFO tempest.lib.common.rest_client [req-64d3f075-d90c-46ca-8ff1-fe1f8501c344 req-64d3f075-d90c-46ca-8ff1-fe1f8501c344 ] Request (HypervisorAdminV228Test:tearDownClass): 204 DELETE http://10.180.1.21/identity/v3/users/089c8bbfc62142699794ae453a1035c9 0.300s
2025-11-23 02:29:47.404 66279 INFO tempest.lib.common.dynamic_creds [-] Deleting project and security group for project: 2dde8879311e44b2809dcda840c0f326
2025-11-23 02:29:47.411 66325 INFO tempest.lib.common.rest_client [req-0a552c88-3ac0-4f72-af77-8d4d542d2c3f req-0a552c88-3ac0-4f72-af77-8d4d542d2c3f ] Request (InstanceUsageAuditLogTestJSON:tearDownClass): 204 DELETE http://10.180.1.21/identity/v3/projects/07d1baa435b041ecb8b2d3265c95bdc6 0.265s
2025-11-23 02:29:47.477 66269 INFO tempest.lib.common.rest_client [req-4dec24cc-88d9-415a-91c4-e66dbc166a7e req-4dec24cc-88d9-415a-91c4-e66dbc166a7e ] Request (FlavorsV2NegativeTest:tearDownClass): 201 POST http://10.180.1.21/identity/v3/auth/tokens 0.222s
2025-11-23 02:29:47.486 66285 INFO tempest.lib.common.rest_client [req-9cf2081a-1dc4-4fd5-900d-d9bd1e91f734 req-9cf2081a-1dc4-4fd5-900d-d9bd1e91f734 ] Request (QuotasAdminTestV236:test_get_updated_quotas): 201 POST http://10.180.1.21/identity/v3/users 0.288s
2025-11-23 02:29:47.512 66279 INFO tempest.lib.common.rest_client [req-c3fd723c-91cd-4e95-b7db-6e3d232919e5 req-c3fd723c-91cd-4e95-b7db-6e3d232919e5 ] Request (HypervisorAdminV228Test:tearDownClass): 201 POST http://10.180.1.21/identity/v3/auth/tokens 0.108s
2025-11-23 02:29:47.572 66325 INFO tempest.lib.common.rest_client [req-96c81466-a7a9-4fda-a86a-19fbe1ab71ab req-96c81466-a7a9-4fda-a86a-19fbe1ab71ab ] Request (FloatingIPsAssociationNegativeTestJSON:setUpClass): 201 POST http://10.180.1.21/identity/v3/auth/tokens 0.159s
2025-11-23 02:29:47.597 66303 INFO tempest.lib.common.rest_client [req-90033462-1948-4a92-b2a1-d8ba6b251d88 req-90033462-1948-4a92-b2a1-d8ba6b251d88 ] Request (ServersTestBootFromVolume:setUpClass): 200 GET http://10.180.1.21/volume/v3/volumes/19f4e124-8ac6-4e2e-b6a1-108d7ce77fcf 0.038s
2025-11-23 02:29:47.636 66291 INFO tempest.lib.common.rest_client [req-2dc383a2-39fe-44e9-aa2e-871b941962a5 req-2dc383a2-39fe-44e9-aa2e-871b941962a5 ] Request (FlavorsV255TestJSON:test_crud_flavor): 200 GET http://10.180.1.21/compute/v2.1/flavors/1977862640 5.496s
2025-11-23 02:29:47.658 66285 INFO tempest.lib.common.rest_client [req-52b323f6-e67f-4c84-b51e-f206b6cbd81c req-52b323f6-e67f-4c84-b51e-f206b6cbd81c ] Request (QuotasAdminTestV236:test_get_updated_quotas): 200 GET http://10.180.1.21/identity/v3/domains?name=Default 0.172s
2025-11-23 02:29:47.663 66325 INFO tempest.lib.common.rest_client [req-27940c30-1e61-4a82-80a1-f1182bbac17d req-27940c30-1e61-4a82-80a1-f1182bbac17d ] Request (FloatingIPsAssociationNegativeTestJSON:setUpClass): 201 POST http://10.180.1.21/identity/v3/auth/tokens 0.086s
2025-11-23 02:29:47.692 66325 INFO tempest.lib.common.rest_client [req-fb7094ba-58fb-4015-aed0-ba7bf20f6acb req-fb7094ba-58fb-4015-aed0-ba7bf20f6acb ] Request (FloatingIPsAssociationNegativeTestJSON:setUpClass): 200 GET http://10.180.1.21/identity/v3/domains?name=Default 0.029s
2025-11-23 02:29:47.722 66325 INFO tempest.lib.common.rest_client [req-38ab1320-1c56-488f-958b-8c7967e7ed13 req-38ab1320-1c56-488f-958b-8c7967e7ed13 ] Request (FloatingIPsAssociationNegativeTestJSON:setUpClass): 201 POST http://10.180.1.21/identity/v3/projects 0.029s
2025-11-23 02:29:47.770 66298 INFO tempest.lib.common.rest_client [req-946be774-0af2-496d-90f3-fb23af85aa91 req-946be774-0af2-496d-90f3-fb23af85aa91 ] Request (VolumesAssistedSnapshotsTest:setUpClass): 200 PUT http://10.180.1.21/networking/v2.0/routers/11d0925e-a532-46e7-8ffb-67e4c047574b/add_router_interface 1.201s
2025-11-23 02:29:47.770 66298 INFO tempest.lib.common.dynamic_creds [-] Created isolated network resources for: credentials: Credentials: {'domain_id': 'default', 'domain_name': 'Default', 'username': 'tempest-VolumesAssistedSnapshotsTest-2018400644-project', 'project_domain_id': 'default', 'project_domain_name': 'Default', 'project_id': '7338965e716a4f2e868eb6c08f78b38a', 'project_name': 'tempest-VolumesAssistedSnapshotsTest-2018400644', 'tenant_id': '7338965e716a4f2e868eb6c08f78b38a', 'tenant_name': 'tempest-VolumesAssistedSnapshotsTest-2018400644', 'user_domain_id': 'default', 'user_domain_name': 'Default', 'user_id': 'c64101331abf45458a829b927a539ee4', 'system': None}, Network: {'id': '84bfcecf-f573-4e74-87f6-acc4d55dc18e', 'name': 'tempest-VolumesAssistedSnapshotsTest-1789466765-network', 'tenant_id': '7338965e716a4f2e868eb6c08f78b38a', 'project_id': '7338965e716a4f2e868eb6c08f78b38a', 'admin_state_up': True, 'mtu': 8950, 'status': 'ACTIVE', 'subnets': [], 'shared': False, 'port_security_enabled': True, 'router:external': False, 'provider:network_type': 'vlan', 'provider:physical_network': 'default', 'provider:segmentation_id': 908, 'availability_zone_hints': [], 'availability_zones': [], 'ipv4_address_scope': None, 'ipv6_address_scope': None, 'description': '', 'tags': [], 'created_at': '2025-11-23T02:29:45Z', 'updated_at': '2025-11-23T02:29:45Z', 'revision_number': 1}, Subnet: {'id': 'd20b021b-236b-47e9-883e-2d41108c63ee', 'name': 'tempest-VolumesAssistedSnapshotsTest-1789466765-subnet', 'tenant_id': '7338965e716a4f2e868eb6c08f78b38a', 'network_id': '84bfcecf-f573-4e74-87f6-acc4d55dc18e', 'ip_version': 4, 'subnetpool_id': None, 'enable_dhcp': True, 'ipv6_ra_mode': None, 'ipv6_address_mode': None, 'gateway_ip': '192.168.128.1', 'cidr': '192.168.128.0/28', 'allocation_pools': [{'start': '192.168.128.2', 'end': '192.168.128.14'}], 'host_routes': [], 'dns_nameservers': [], 'description': '', 'router:external': False, 'service_types': [], 'tags': [], 'created_at': '2025-11-23T02:29:45Z', 'updated_at': '2025-11-23T02:29:45Z', 'revision_number': 0, 'project_id': '7338965e716a4f2e868eb6c08f78b38a'}, Router: {'id': '11d0925e-a532-46e7-8ffb-67e4c047574b', 'name': 'tempest-VolumesAssistedSnapshotsTest-1789466765-router', 'tenant_id': '7338965e716a4f2e868eb6c08f78b38a', 'admin_state_up': True, 'status': 'ACTIVE', 'external_gateway_info': {'network_id': 'b0105b3f-5810-4413-8c7f-cadff6d0d2d0', 'external_fixed_ips': [{'subnet_id': '740df678-9822-4d67-9fda-52e2c353c18f', 'ip_address': '10.180.180.207'}], 'enable_snat': True}, 'description': '', 'availability_zones': [], 'distributed': False, 'ha': False, 'availability_zone_hints': [], 'routes': [], 'flavor_id': None, 'tags': [], 'created_at': '2025-11-23T02:29:45Z', 'updated_at': '2025-11-23T02:29:46Z', 'revision_number': 2, 'project_id': '7338965e716a4f2e868eb6c08f78b38a'}
2025-11-23 02:29:47.785 66325 INFO tempest.lib.common.rest_client [req-cc4446df-94a6-4498-ac2e-29669dc99886 req-cc4446df-94a6-4498-ac2e-29669dc99886 ] Request (FloatingIPsAssociationNegativeTestJSON:setUpClass): 201 POST http://10.180.1.21/identity/v3/users 0.062s
2025-11-23 02:29:47.787 66269 INFO tempest.lib.common.rest_client [req-f285fd4d-a5aa-469b-92f4-e8485a1a224f req-f285fd4d-a5aa-469b-92f4-e8485a1a224f ] Request (FlavorsV2NegativeTest:tearDownClass): 200 GET http://10.180.1.21/networking/v2.0/security-groups?tenant_id=9d5f9dbced2a4537a5e0fa656e214ad9&name=default 0.310s
2025-11-23 02:29:47.902 66269 INFO tempest.lib.common.rest_client [req-ac1c4398-e562-4ad2-8af3-5633d6335947 req-ac1c4398-e562-4ad2-8af3-5633d6335947 ] Request (FlavorsV2NegativeTest:tearDownClass): 204 DELETE http://10.180.1.21/networking/v2.0/security-groups/475e1c6d-6a2b-440a-bf0b-3acd48db893b 0.114s
2025-11-23 02:29:47.904 66325 INFO tempest.lib.common.rest_client [req-49235671-0e90-45d8-9c52-be1c6f6c6806 req-49235671-0e90-45d8-9c52-be1c6f6c6806 ] Request (FloatingIPsAssociationNegativeTestJSON:setUpClass): 200 GET http://10.180.1.21/identity/v3/roles 0.118s
2025-11-23 02:29:47.906 66298 INFO tempest.lib.common.rest_client [req-6a462a59-2655-43b4-8873-2fa40dbb5989 req-6a462a59-2655-43b4-8873-2fa40dbb5989 ] Request (VolumesAssistedSnapshotsTest:setUpClass): 201 POST http://10.180.1.21/identity/v3/auth/tokens 0.129s
2025-11-23 02:29:47.933 66325 INFO tempest.lib.common.rest_client [req-8a8a8bab-e65b-48c8-b5c8-905303892fae req-8a8a8bab-e65b-48c8-b5c8-905303892fae ] Request (FloatingIPsAssociationNegativeTestJSON:setUpClass): 204 PUT http://10.180.1.21/identity/v3/projects/a7da152ff8ef473f980a884a51c3812b/users/750a3a12786542818a7676d290658cdd/roles/3bcbe2d7d8d64e769ddba4e6b4b2728d 0.029s
2025-11-23 02:29:47.933 66325 INFO tempest.lib.common.dynamic_creds [-] Dynamic test user 750a3a12786542818a7676d290658cdd is created with scope project and roles: ['member']
2025-11-23 02:29:47.934 66325 INFO tempest.lib.common.dynamic_creds [-] Acquired dynamic creds: credentials: Credentials: {'domain_id': 'default', 'domain_name': 'Default', 'username': 'tempest-FloatingIPsAssociationNegativeTestJSON-886118286-project-member', 'project_domain_id': 'default', 'project_domain_name': 'Default', 'project_id': 'a7da152ff8ef473f980a884a51c3812b', 'project_name': 'tempest-FloatingIPsAssociationNegativeTestJSON-886118286', 'tenant_id': 'a7da152ff8ef473f980a884a51c3812b', 'tenant_name': 'tempest-FloatingIPsAssociationNegativeTestJSON-886118286', 'user_domain_id': 'default', 'user_domain_name': 'Default', 'user_id': '750a3a12786542818a7676d290658cdd', 'system': None}, Network: None, Subnet: None, Router: None
2025-11-23 02:29:47.938 66279 INFO tempest.lib.common.rest_client [req-e9c825c0-a683-44c2-93f1-90d15ffe1727 req-e9c825c0-a683-44c2-93f1-90d15ffe1727 ] Request (HypervisorAdminV228Test:tearDownClass): 200 GET http://10.180.1.21/networking/v2.0/security-groups?tenant_id=2dde8879311e44b2809dcda840c0f326&name=default 0.425s
2025-11-23 02:29:47.954 66267 INFO tempest.lib.common.rest_client [req-577830ee-1805-4a1c-a00b-4ed0435fe952 req-577830ee-1805-4a1c-a00b-4ed0435fe952 ] Request (ImagesMetadataTestJSON:setUp): 200 PUT http://10.180.1.21/compute/v2.1/images/23e62caa-48dc-4772-9a83-1fb8f5cf6bcd/metadata 5.760s
2025-11-23 02:29:47.969 66273 INFO tempest.lib.common.rest_client [req-2af7241b-6826-4bc1-aefa-2658995188f8 req-2af7241b-6826-4bc1-aefa-2658995188f8 ] Request (AggregatesAdminNegativeTestJSON:test_aggregate_add_existent_host): 200 POST http://10.180.1.21/compute/v2.1/os-aggregates/1/action 6.012s
2025-11-23 02:29:47.982 66327 INFO tempest.lib.common.rest_client [req-56949043-5390-450f-9302-1455b4bce717 req-56949043-5390-450f-9302-1455b4bce717 ] Request (HypervisorAdminTestJSON:test_get_hypervisor_list_details): 200 GET http://10.180.1.21/compute/v2.1/os-hypervisors/detail 5.373s
2025-11-23 02:29:47.988 66269 INFO tempest.lib.common.rest_client [req-04ac777b-0a55-465c-9baf-28f5f99eca1c req-04ac777b-0a55-465c-9baf-28f5f99eca1c ] Request (FlavorsV2NegativeTest:tearDownClass): 204 DELETE http://10.180.1.21/identity/v3/projects/9d5f9dbced2a4537a5e0fa656e214ad9 0.085s
2025-11-23 02:29:48.042 66279 INFO tempest.lib.common.rest_client [req-3c5ea62a-06b9-4fa2-b01b-c679e680ba66 req-3c5ea62a-06b9-4fa2-b01b-c679e680ba66 ] Request (HypervisorAdminV228Test:tearDownClass): 204 DELETE http://10.180.1.21/networking/v2.0/security-groups/9884dd40-3d04-49c2-ad1d-90de74d6fb19 0.103s
2025-11-23 02:29:48.080 66321 INFO tempest.lib.common.rest_client [req-9b4c3235-b928-47ae-b4f5-08d59d8a873e req-9b4c3235-b928-47ae-b4f5-08d59d8a873e ] Request (FlavorMetadataValidation:test_flavor_update_with_custom_namespace): 200 POST http://10.180.1.21/compute/v2.1/flavors/536001925/os-extra_specs 5.286s
2025-11-23 02:29:48.093 66325 INFO tempest.lib.common.rest_client [req-470e1aed-27ff-4d8e-9b91-c43fafceab58 req-470e1aed-27ff-4d8e-9b91-c43fafceab58 ] Request (FloatingIPsAssociationNegativeTestJSON:setUpClass): 201 POST http://10.180.1.21/identity/v3/auth/tokens 0.159s
2025-11-23 02:29:48.135 66269 INFO tempest.lib.common.rest_client [req-ba7840ba-255b-43cd-b323-5420de86f05c req-ba7840ba-255b-43cd-b323-5420de86f05c ] Request (KeyPairsV2TestJSON:setUpClass): 201 POST http://10.180.1.21/identity/v3/auth/tokens 0.144s
2025-11-23 02:29:48.206 66313 INFO tempest.lib.common.rest_client [req-6c2c5a60-f6d6-42fc-aca2-a4186a7e1148 req-6c2c5a60-f6d6-42fc-aca2-a4186a7e1148 ] Request (FlavorsV261TestJSON:test_crud_flavor): 200 GET http://10.180.1.21/compute/v2.1/flavors/116338562 5.266s
2025-11-23 02:29:48.207 66279 INFO tempest.lib.common.rest_client [req-413489f3-1b5b-45f4-956d-d5ca5caa7dd6 req-413489f3-1b5b-45f4-956d-d5ca5caa7dd6 ] Request (HypervisorAdminV228Test:tearDownClass): 204 DELETE http://10.180.1.21/identity/v3/projects/2dde8879311e44b2809dcda840c0f326 0.165s
2025-11-23 02:29:48.208 66279 INFO tempest.lib.common.dynamic_creds [-] Deleting project and security group for project: 370400d26c944e83a7abf08c1b3a6f64
2025-11-23 02:29:48.308 66298 INFO tempest.lib.common.rest_client [req-6ca10dcc-e298-4b13-8b1c-cb6fc1e51461 req-6ca10dcc-e298-4b13-8b1c-cb6fc1e51461 ] Request (VolumesAssistedSnapshotsTest:test_volume_assisted_snapshot_create_delete): 202 POST http://10.180.1.21/volume/v3/volumes 0.399s
2025-11-23 02:29:48.334 66279 INFO tempest.lib.common.rest_client [req-99e7d1a3-0429-4f95-b4a2-9c665842c68f req-99e7d1a3-0429-4f95-b4a2-9c665842c68f ] Request (HypervisorAdminV228Test:tearDownClass): 200 GET http://10.180.1.21/networking/v2.0/security-groups?tenant_id=370400d26c944e83a7abf08c1b3a6f64&name=default 0.126s
2025-11-23 02:29:48.372 66269 INFO tempest.lib.common.rest_client [req-b6fc8cdc-665d-4dc8-800d-faa7d677fba8 req-b6fc8cdc-665d-4dc8-800d-faa7d677fba8 ] Request (KeyPairsV2TestJSON:setUpClass): 201 POST http://10.180.1.21/identity/v3/auth/tokens 0.235s
2025-11-23 02:29:48.378 66298 INFO tempest.lib.common.rest_client [req-a3c6c4af-1af4-4c8f-81db-69429af025c1 req-a3c6c4af-1af4-4c8f-81db-69429af025c1 ] Request (VolumesAssistedSnapshotsTest:test_volume_assisted_snapshot_create_delete): 200 GET http://10.180.1.21/volume/v3/volumes/48704986-868b-4616-a8f6-4d3f7ece02c0 0.059s
2025-11-23 02:29:48.414 66269 INFO tempest.lib.common.rest_client [req-df730493-7aeb-4411-8892-6b54a7e35766 req-df730493-7aeb-4411-8892-6b54a7e35766 ] Request (KeyPairsV2TestJSON:setUpClass): 200 GET http://10.180.1.21/identity/v3/domains?name=Default 0.041s
2025-11-23 02:29:48.425 66283 INFO tempest.lib.common.rest_client [req-5986f89a-ef37-4c01-94ab-e4b683e36339 req-5986f89a-ef37-4c01-94ab-e4b683e36339 ] Request (ServersWithSpecificFlavorTestJSON:test_verify_created_server_ephemeral_disk): 200 GET http://10.180.1.21/compute/v2.1/flavors/42 5.057s
2025-11-23 02:29:48.432 66279 INFO tempest.lib.common.rest_client [req-ec4cbdd0-09de-4748-9145-718c77798772 req-ec4cbdd0-09de-4748-9145-718c77798772 ] Request (HypervisorAdminV228Test:tearDownClass): 204 DELETE http://10.180.1.21/networking/v2.0/security-groups/8f329636-15f7-4aeb-b95f-4955ef3ede46 0.096s
2025-11-23 02:29:48.456 66269 INFO tempest.lib.common.rest_client [req-587ca874-9c9a-493a-b3c6-a718fd0df3d9 req-587ca874-9c9a-493a-b3c6-a718fd0df3d9 ] Request (KeyPairsV2TestJSON:setUpClass): 201 POST http://10.180.1.21/identity/v3/projects 0.041s
2025-11-23 02:29:48.523 66269 INFO tempest.lib.common.rest_client [req-663ef014-9577-4d97-a151-c08d3192d16a req-663ef014-9577-4d97-a151-c08d3192d16a ] Request (KeyPairsV2TestJSON:setUpClass): 201 POST http://10.180.1.21/identity/v3/users 0.067s
2025-11-23 02:29:48.548 66269 INFO tempest.lib.common.rest_client [req-5a98589f-21a4-4af4-8bda-17dcfa934341 req-5a98589f-21a4-4af4-8bda-17dcfa934341 ] Request (KeyPairsV2TestJSON:setUpClass): 200 GET http://10.180.1.21/identity/v3/roles 0.025s
2025-11-23 02:29:48.572 66301 INFO tempest.lib.common.rest_client [req-ecfa8525-9e9f-4631-a7f7-7de227a86c1a req-ecfa8525-9e9f-4631-a7f7-7de227a86c1a ] Request (ImagesOneServerTestJSON:setUpClass): 200 GET http://10.180.1.21/compute/v2.1/servers/b8b307b0-8613-42f8-8f40-7006ea046f66 4.400s
2025-11-23 02:29:48.578 66325 INFO tempest.lib.common.rest_client [req-8c0c331a-4147-4551-84c3-4c2184c53a09 req-8c0c331a-4147-4551-84c3-4c2184c53a09 ] Request (FloatingIPsAssociationNegativeTestJSON:setUpClass): 201 POST http://10.180.1.21/networking/v2.0/networks 0.485s
2025-11-23 02:29:48.585 66269 INFO tempest.lib.common.rest_client [req-07ac9edc-7fcd-4a7b-9e5e-88aa387fb308 req-07ac9edc-7fcd-4a7b-9e5e-88aa387fb308 ] Request (KeyPairsV2TestJSON:setUpClass): 204 PUT http://10.180.1.21/identity/v3/projects/7ca2e0a4b3e84896b5d2656a53675826/users/adfb20d313e4427cac6c15c24bea7262/roles/3bcbe2d7d8d64e769ddba4e6b4b2728d 0.036s
2025-11-23 02:29:48.585 66269 INFO tempest.lib.common.dynamic_creds [-] Dynamic test user adfb20d313e4427cac6c15c24bea7262 is created with scope project and roles: ['member']
2025-11-23 02:29:48.585 66269 INFO tempest.lib.common.dynamic_creds [-] Acquired dynamic creds: credentials: Credentials: {'domain_id': 'default', 'domain_name': 'Default', 'username': 'tempest-KeyPairsV2TestJSON-422048144-project-member', 'project_domain_id': 'default', 'project_domain_name': 'Default', 'project_id': '7ca2e0a4b3e84896b5d2656a53675826', 'project_name': 'tempest-KeyPairsV2TestJSON-422048144', 'tenant_id': '7ca2e0a4b3e84896b5d2656a53675826', 'tenant_name': 'tempest-KeyPairsV2TestJSON-422048144', 'user_domain_id': 'default', 'user_domain_name': 'Default', 'user_id': 'adfb20d313e4427cac6c15c24bea7262', 'system': None}, Network: None, Subnet: None, Router: None
2025-11-23 02:29:48.585 66269 INFO tempest.lib.common.dynamic_creds [-] Created isolated network resources for: credentials: Credentials: {'domain_id': 'default', 'domain_name': 'Default', 'username': 'tempest-KeyPairsV2TestJSON-422048144-project-member', 'project_domain_id': 'default', 'project_domain_name': 'Default', 'project_id': '7ca2e0a4b3e84896b5d2656a53675826', 'project_name': 'tempest-KeyPairsV2TestJSON-422048144', 'tenant_id': '7ca2e0a4b3e84896b5d2656a53675826', 'tenant_name': 'tempest-KeyPairsV2TestJSON-422048144', 'user_domain_id': 'default', 'user_domain_name': 'Default', 'user_id': 'adfb20d313e4427cac6c15c24bea7262', 'system': None}, Network: None, Subnet: None, Router: None
2025-11-23 02:29:48.599 66324 INFO tempest.lib.common.rest_client [req-02d093b8-6609-4a7b-8f2e-37c5dfd1c24e req-02d093b8-6609-4a7b-8f2e-37c5dfd1c24e ] Request (FlavorsAdminTestJSON:_run_cleanups): 200 GET http://10.180.1.21/compute/v2.1/flavors/detail 4.399s
2025-11-23 02:29:48.631 66279 INFO tempest.lib.common.rest_client [req-4d248799-83ee-44d0-b009-162cd3c5f356 req-4d248799-83ee-44d0-b009-162cd3c5f356 ] Request (HypervisorAdminV228Test:tearDownClass): 204 DELETE http://10.180.1.21/identity/v3/projects/370400d26c944e83a7abf08c1b3a6f64 0.199s
2025-11-23 02:29:48.641 66303 INFO tempest.lib.common.rest_client [req-c7031366-1342-402c-a8f6-792215e41b58 req-c7031366-1342-402c-a8f6-792215e41b58 ] Request (ServersTestBootFromVolume:setUpClass): 200 GET http://10.180.1.21/volume/v3/volumes/19f4e124-8ac6-4e2e-b6a1-108d7ce77fcf 0.034s
2025-11-23 02:29:48.666 66269 INFO tempest.lib.common.rest_client [req-6d7ade30-c32b-4e85-9bfb-fd2514876da0 req-6d7ade30-c32b-4e85-9bfb-fd2514876da0 ] Request (KeyPairsV2TestJSON:setUpClass): 201 POST http://10.180.1.21/identity/v3/auth/tokens 0.077s
2025-11-23 02:29:48.684 66287 INFO tempest.lib.common.rest_client [req-96291249-02ed-46ac-9f55-ca5cd6fbf319 req-96291249-02ed-46ac-9f55-ca5cd6fbf319 ] Request (ServerDiagnosticsNegativeTest:test_get_server_diagnostics_by_non_admin): 200 GET http://10.180.1.21/compute/v2.1/servers/db652336-6899-42d1-87e1-208efeceb348 4.293s
2025-11-23 02:29:48.694 66279 INFO tempest.lib.common.rest_client [req-5d9616b7-512b-4619-bfe6-343ee0f40bdb req-5d9616b7-512b-4619-bfe6-343ee0f40bdb ] Request (ListImageFiltersTestJSON:setUpClass): 201 POST http://10.180.1.21/identity/v3/auth/tokens 0.059s
2025-11-23 02:29:48.734 66279 INFO tempest.lib.common.rest_client [req-c2f63a05-32cd-4907-8df2-d89da1ea16ec req-c2f63a05-32cd-4907-8df2-d89da1ea16ec ] Request (ListImageFiltersTestJSON:setUpClass): 201 POST http://10.180.1.21/identity/v3/auth/tokens 0.036s
2025-11-23 02:29:48.754 66325 INFO tempest.lib.common.rest_client [req-4fb951ef-2412-4d0b-9b9f-edebc07b00ce req-4fb951ef-2412-4d0b-9b9f-edebc07b00ce ] Request (FloatingIPsAssociationNegativeTestJSON:setUpClass): 201 POST http://10.180.1.21/networking/v2.0/subnets 0.173s
2025-11-23 02:29:48.762 66279 INFO tempest.lib.common.rest_client [req-46d03d8c-d80a-4513-bb8e-1595d4b6f41b req-46d03d8c-d80a-4513-bb8e-1595d4b6f41b ] Request (ListImageFiltersTestJSON:setUpClass): 200 GET http://10.180.1.21/identity/v3/domains?name=Default 0.028s
2025-11-23 02:29:48.792 66305 INFO tempest.lib.common.rest_client [req-67823bcf-8b3f-4029-a0b8-240142ffd1cd req-67823bcf-8b3f-4029-a0b8-240142ffd1cd ] Request (TenantUsagesTestJSON:setUpClass): 202 POST http://10.180.1.21/compute/v2.1/servers 5.591s
2025-11-23 02:29:48.799 66279 INFO tempest.lib.common.rest_client [req-f754beb5-95e6-40e3-b862-b09a0c757fb2 req-f754beb5-95e6-40e3-b862-b09a0c757fb2 ] Request (ListImageFiltersTestJSON:setUpClass): 201 POST http://10.180.1.21/identity/v3/projects 0.036s
2025-11-23 02:29:48.820 66281 INFO tempest.lib.common.rest_client [req-0b0b20be-ae83-4fcc-802b-7d2b90401ffa req-0b0b20be-ae83-4fcc-802b-7d2b90401ffa ] Request (HostsAdminTestJSON:test_list_hosts_with_nonexistent_zone): 200 GET http://10.180.1.21/compute/v2.1/os-hosts?zone=xxx 3.407s
2025-11-23 02:29:48.872 66277 INFO tempest.lib.common.rest_client [req-b94c2188-18a1-499e-8aad-83363866517b req-b94c2188-18a1-499e-8aad-83363866517b ] Request (ListImagesTestJSON:test_list_images_with_detail): 200 GET http://10.180.1.21/compute/v2.1/images/detail 3.380s
2025-11-23 02:29:48.881 66279 INFO tempest.lib.common.rest_client [req-3ecf3933-3d09-4e03-a983-0aa1ec73dc13 req-3ecf3933-3d09-4e03-a983-0aa1ec73dc13 ] Request (ListImageFiltersTestJSON:setUpClass): 201 POST http://10.180.1.21/identity/v3/users 0.081s
2025-11-23 02:29:48.893 66299 INFO tempest.lib.common.rest_client [req-b59f99f0-9dfb-43a3-9f53-e87e690b1fe0 req-b59f99f0-9dfb-43a3-9f53-e87e690b1fe0 ] Request (KeyPairsV210TestJSON:test_admin_manage_keypairs_for_other_users): 200 GET http://10.180.1.21/compute/v2.1/os-keypairs/tempest-keypair-565941667?user_id=7caaecace6c141b2a775a384938f36f0 3.360s
2025-11-23 02:29:48.947 66277 INFO tempest.lib.common.rest_client [req-36ab18ad-1708-40f7-873b-264c384f0f32 req-36ab18ad-1708-40f7-873b-264c384f0f32 ] Request (ListImagesTestJSON:tearDownClass): 204 DELETE http://10.180.1.21/identity/v3/users/9f81e34954c94b0db11550cf4d350efe 0.070s
2025-11-23 02:29:48.948 66277 INFO tempest.lib.common.dynamic_creds [-] Deleting project and security group for project: 7faeb5908ea142938ae7b5c27b89c1ee
2025-11-23 02:29:48.988 66279 INFO tempest.lib.common.rest_client [req-6e68b3bf-6c06-4982-9e71-2746ea614615 req-6e68b3bf-6c06-4982-9e71-2746ea614615 ] Request (ListImageFiltersTestJSON:setUpClass): 200 GET http://10.180.1.21/identity/v3/roles 0.106s
2025-11-23 02:29:49.001 66309 INFO tempest.lib.common.rest_client [req-9e8216cb-151d-440e-9b3b-71319c3e2d21 req-9e8216cb-151d-440e-9b3b-71319c3e2d21 ] Request (ServerDiagnosticsTest:test_get_server_diagnostics): 200 GET http://10.180.1.21/compute/v2.1/servers/f05fe1ac-1c22-4fb5-85ca-3f20accaf3de 3.617s
2025-11-23 02:29:49.011 66307 INFO tempest.lib.common.rest_client [req-34585d23-3180-479d-ba6d-d47467cee1cf req-34585d23-3180-479d-ba6d-d47467cee1cf ] Request (FlavorsExtraSpecsNegativeTestJSON:test_flavor_non_admin_set_keys): 403 POST http://10.180.1.21/compute/v2.1/flavors/885890918/os-extra_specs 3.175s
2025-11-23 02:29:49.018 66277 INFO tempest.lib.common.rest_client [req-c92de9a1-0a6f-4633-bb5d-a43f567cfae4 req-c92de9a1-0a6f-4633-bb5d-a43f567cfae4 ] Request (ListImagesTestJSON:tearDownClass): 201 POST http://10.180.1.21/identity/v3/auth/tokens 0.070s
2025-11-23 02:29:49.051 66279 INFO tempest.lib.common.rest_client [req-9cd9ad42-93b8-42ed-a557-5d9695dc2a24 req-9cd9ad42-93b8-42ed-a557-5d9695dc2a24 ] Request (ListImageFiltersTestJSON:setUpClass): 204 PUT http://10.180.1.21/identity/v3/projects/587800eb58b84b8ca0ea38fd2182f744/users/126543529d0a4716ab39958fbbc72ec9/roles/3bcbe2d7d8d64e769ddba4e6b4b2728d 0.063s
2025-11-23 02:29:49.051 66279 INFO tempest.lib.common.dynamic_creds [-] Dynamic test user 126543529d0a4716ab39958fbbc72ec9 is created with scope project and roles: ['member']
2025-11-23 02:29:49.052 66279 INFO tempest.lib.common.dynamic_creds [-] Acquired dynamic creds: credentials: Credentials: {'domain_id': 'default', 'domain_name': 'Default', 'username': 'tempest-ListImageFiltersTestJSON-1289798639-project-member', 'project_domain_id': 'default', 'project_domain_name': 'Default', 'project_id': '587800eb58b84b8ca0ea38fd2182f744', 'project_name': 'tempest-ListImageFiltersTestJSON-1289798639', 'tenant_id': '587800eb58b84b8ca0ea38fd2182f744', 'tenant_name': 'tempest-ListImageFiltersTestJSON-1289798639', 'user_domain_id': 'default', 'user_domain_name': 'Default', 'user_id': '126543529d0a4716ab39958fbbc72ec9', 'system': None}, Network: None, Subnet: None, Router: None
2025-11-23 02:29:49.052 66279 INFO tempest.lib.common.dynamic_creds [-] Created isolated network resources for: credentials: Credentials: {'domain_id': 'default', 'domain_name': 'Default', 'username': 'tempest-ListImageFiltersTestJSON-1289798639-project-member', 'project_domain_id': 'default', 'project_domain_name': 'Default', 'project_id': '587800eb58b84b8ca0ea38fd2182f744', 'project_name': 'tempest-ListImageFiltersTestJSON-1289798639', 'tenant_id': '587800eb58b84b8ca0ea38fd2182f744', 'tenant_name': 'tempest-ListImageFiltersTestJSON-1289798639', 'user_domain_id': 'default', 'user_domain_name': 'Default', 'user_id': '126543529d0a4716ab39958fbbc72ec9', 'system': None}, Network: None, Subnet: None, Router: None
2025-11-23 02:29:49.161 66271 INFO tempest.lib.common.rest_client [req-ba81fb5b-1033-43fb-b808-d4acc5140127 req-ba81fb5b-1033-43fb-b808-d4acc5140127 ] Request (FlavorsAccessNegativeTestJSON:test_add_flavor_access_duplicate): 200 POST http://10.180.1.21/compute/v2.1/flavors/230225153/action 3.492s
2025-11-23 02:29:49.181 66317 INFO tempest.lib.common.rest_client [req-aab62616-6ed9-4038-8d14-bbc156ebde55 req-aab62616-6ed9-4038-8d14-bbc156ebde55 ] Request (FlavorsAccessTestJSON:test_flavor_access_add_remove): 200 POST http://10.180.1.21/compute/v2.1/flavors 3.150s
2025-11-23 02:29:49.222 66279 INFO tempest.lib.common.rest_client [req-4d2a1cf7-f7da-4f2f-9380-3d460b20ba3e req-4d2a1cf7-f7da-4f2f-9380-3d460b20ba3e ] Request (ListImageFiltersTestJSON:setUpClass): 201 POST http://10.180.1.21/identity/v3/auth/tokens 0.165s
2025-11-23 02:29:49.432 66298 INFO tempest.lib.common.rest_client [req-81663847-d4be-4047-8ae9-1b4c6b52796d req-81663847-d4be-4047-8ae9-1b4c6b52796d ] Request (VolumesAssistedSnapshotsTest:test_volume_assisted_snapshot_create_delete): 200 GET http://10.180.1.21/volume/v3/volumes/48704986-868b-4616-a8f6-4d3f7ece02c0 0.039s
2025-11-23 02:29:49.442 66298 INFO tempest.common.waiters [-] volume 48704986-868b-4616-a8f6-4d3f7ece02c0 reached available after waiting for 1.441958 seconds
2025-11-23 02:29:49.570 66325 INFO tempest.lib.common.rest_client [req-af3326a3-cad0-4b45-98bf-5f07e9e08341 req-af3326a3-cad0-4b45-98bf-5f07e9e08341 ] Request (FloatingIPsAssociationNegativeTestJSON:setUpClass): 201 POST http://10.180.1.21/networking/v2.0/routers 0.816s
2025-11-23 02:29:49.689 66279 INFO tempest.lib.common.rest_client [req-f0745f54-600f-44f3-a150-48ddd6a21a47 req-f0745f54-600f-44f3-a150-48ddd6a21a47 ] Request (ListImageFiltersTestJSON:setUpClass): 201 POST http://10.180.1.21/image/v2/images 0.466s
2025-11-23 02:29:49.693 66319 INFO tempest.lib.common.rest_client [req-f22cfcaa-9234-417e-b678-bae38dcca93d req-f22cfcaa-9234-417e-b678-bae38dcca93d ] Request (NetworksTest:test_list_all_networks): 200 GET http://10.180.1.21/compute/v2.1/os-networks 3.364s
2025-11-23 02:29:49.693 66277 INFO tempest.lib.common.rest_client [req-95fb80d7-e755-4cfd-8e62-938b805064a5 req-95fb80d7-e755-4cfd-8e62-938b805064a5 ] Request (ListImagesTestJSON:tearDownClass): 200 GET http://10.180.1.21/networking/v2.0/security-groups?tenant_id=7faeb5908ea142938ae7b5c27b89c1ee&name=default 0.674s
2025-11-23 02:29:49.732 66303 INFO tempest.lib.common.rest_client [req-03fa7a00-0182-4622-a69e-50bdc700d8fc req-03fa7a00-0182-4622-a69e-50bdc700d8fc ] Request (ServersTestBootFromVolume:setUpClass): 200 GET http://10.180.1.21/volume/v3/volumes/19f4e124-8ac6-4e2e-b6a1-108d7ce77fcf 0.081s
2025-11-23 02:29:49.804 66319 INFO tempest.lib.common.rest_client [req-70caa04b-6ded-4346-9b9c-509ee2a1c82d req-70caa04b-6ded-4346-9b9c-509ee2a1c82d ] Request (NetworksTest:tearDownClass): 204 DELETE http://10.180.1.21/identity/v3/users/e1eb317448c0472ba666f095ea739eb7 0.106s
2025-11-23 02:29:49.889 66275 INFO tempest.lib.common.rest_client [req-bc2d3468-1c28-4439-8a10-e89e0fe81e14 req-bc2d3468-1c28-4439-8a10-e89e0fe81e14 ] Request (SecurityGroupsTestAdminJSON:test_list_security_groups_list_all_tenants_filter): 200 POST http://10.180.1.21/compute/v2.1/os-security-groups 3.782s
2025-11-23 02:29:49.941 66319 INFO tempest.lib.common.rest_client [req-5c63e20e-cc3c-4106-958f-0659064e047f req-5c63e20e-cc3c-4106-958f-0659064e047f ] Request (NetworksTest:tearDownClass): 204 DELETE http://10.180.1.21/identity/v3/users/20b8a967abb64a65bdfc952f503bd6cb 0.136s
2025-11-23 02:29:49.942 66319 INFO tempest.lib.common.dynamic_creds [-] Deleting project and security group for project: dc12d731262e47cfb6c56016d8b6afa1
2025-11-23 02:29:49.978 66277 INFO tempest.lib.common.rest_client [req-5cb6f088-a760-4233-b947-86f80696cb43 req-5cb6f088-a760-4233-b947-86f80696cb43 ] Request (ListImagesTestJSON:tearDownClass): 204 DELETE http://10.180.1.21/networking/v2.0/security-groups/91732f70-5598-4fa8-9066-3ff765622b59 0.283s
2025-11-23 02:29:49.997 66319 INFO tempest.lib.common.rest_client [req-ab0283f2-a29d-458d-b85c-e2d57dba0c6a req-ab0283f2-a29d-458d-b85c-e2d57dba0c6a ] Request (NetworksTest:tearDownClass): 201 POST http://10.180.1.21/identity/v3/auth/tokens 0.055s
2025-11-23 02:29:50.100 66277 INFO tempest.lib.common.rest_client [req-97973885-84d5-42b1-aafa-d368dbc5621d req-97973885-84d5-42b1-aafa-d368dbc5621d ] Request (ListImagesTestJSON:tearDownClass): 204 DELETE http://10.180.1.21/identity/v3/projects/7faeb5908ea142938ae7b5c27b89c1ee 0.122s
2025-11-23 02:29:50.171 66277 INFO tempest.lib.common.rest_client [req-510ebda1-4f01-45fe-8614-8ab2f41961da req-510ebda1-4f01-45fe-8614-8ab2f41961da ] Request (AttachInterfacesV270Test:setUpClass): 201 POST http://10.180.1.21/identity/v3/auth/tokens 0.069s
2025-11-23 02:29:50.205 66277 INFO tempest.lib.common.rest_client [req-4a7ff2f8-f8d5-41c0-bbff-d3a8b28f534e req-4a7ff2f8-f8d5-41c0-bbff-d3a8b28f534e ] Request (AttachInterfacesV270Test:setUpClass): 201 POST http://10.180.1.21/identity/v3/auth/tokens 0.032s
2025-11-23 02:29:50.237 66277 INFO tempest.lib.common.rest_client [req-7633cd7e-6062-4bd9-945d-8f4ae2e966f1 req-7633cd7e-6062-4bd9-945d-8f4ae2e966f1 ] Request (AttachInterfacesV270Test:setUpClass): 200 GET http://10.180.1.21/identity/v3/domains?name=Default 0.027s
2025-11-23 02:29:50.277 66277 INFO tempest.lib.common.rest_client [req-d8a78439-0431-4d79-8561-583e2b83766b req-d8a78439-0431-4d79-8561-583e2b83766b ] Request (AttachInterfacesV270Test:setUpClass): 201 POST http://10.180.1.21/identity/v3/projects 0.040s
2025-11-23 02:29:50.338 66277 INFO tempest.lib.common.rest_client [req-6c90e07e-c06f-49f2-ad80-32966ebaba9b req-6c90e07e-c06f-49f2-ad80-32966ebaba9b ] Request (AttachInterfacesV270Test:setUpClass): 201 POST http://10.180.1.21/identity/v3/users 0.060s
2025-11-23 02:29:50.360 66277 INFO tempest.lib.common.rest_client [req-ef5b9782-fc74-435a-b14d-a70a78e1916e req-ef5b9782-fc74-435a-b14d-a70a78e1916e ] Request (AttachInterfacesV270Test:setUpClass): 200 GET http://10.180.1.21/identity/v3/roles 0.022s
2025-11-23 02:29:50.387 66277 INFO tempest.lib.common.rest_client [req-41035f0b-055a-45b0-9991-72af25be39cc req-41035f0b-055a-45b0-9991-72af25be39cc ] Request (AttachInterfacesV270Test:setUpClass): 204 PUT http://10.180.1.21/identity/v3/projects/1943be9014d54d769928d4901c122e71/users/0dcf66dc7db7417cba46f9691d07939e/roles/3bcbe2d7d8d64e769ddba4e6b4b2728d 0.026s
2025-11-23 02:29:50.387 66277 INFO tempest.lib.common.dynamic_creds [-] Dynamic test user 0dcf66dc7db7417cba46f9691d07939e is created with scope project and roles: ['member']
2025-11-23 02:29:50.388 66277 INFO tempest.lib.common.dynamic_creds [-] Acquired dynamic creds: credentials: Credentials: {'domain_id': 'default', 'domain_name': 'Default', 'username': 'tempest-AttachInterfacesV270Test-205971369-project-member', 'project_domain_id': 'default', 'project_domain_name': 'Default', 'project_id': '1943be9014d54d769928d4901c122e71', 'project_name': 'tempest-AttachInterfacesV270Test-205971369', 'tenant_id': '1943be9014d54d769928d4901c122e71', 'tenant_name': 'tempest-AttachInterfacesV270Test-205971369', 'user_domain_id': 'default', 'user_domain_name': 'Default', 'user_id': '0dcf66dc7db7417cba46f9691d07939e', 'system': None}, Network: None, Subnet: None, Router: None
2025-11-23 02:29:50.444 66277 INFO tempest.lib.common.rest_client [req-18219a93-71b0-439c-b491-4880380d8659 req-18219a93-71b0-439c-b491-4880380d8659 ] Request (AttachInterfacesV270Test:setUpClass): 201 POST http://10.180.1.21/identity/v3/auth/tokens 0.056s
2025-11-23 02:29:50.575 66325 INFO tempest.lib.common.rest_client [req-d5749082-2651-486c-95d1-b972fe18c0ab req-d5749082-2651-486c-95d1-b972fe18c0ab ] Request (FloatingIPsAssociationNegativeTestJSON:setUpClass): 200 PUT http://10.180.1.21/networking/v2.0/routers/a6354bd1-11c7-4ac4-adde-c5b7a00bfe7e/add_router_interface 1.004s
