2025-11-23 02:29:58.550 66285 INFO tempest.lib.common.dynamic_creds [-] Created isolated network resources for: credentials: Credentials: {'domain_id': 'default', 'domain_name': 'Default', 'username': 'tempest-ServicesAdminNegativeTestJSON-543425709-project-member', 'project_domain_id': 'default', 'project_domain_name': 'Default', 'project_id': 'de55065f187f43d585a9a0d7459fa1dd', 'project_name': 'tempest-ServicesAdminNegativeTestJSON-543425709', 'tenant_id': 'de55065f187f43d585a9a0d7459fa1dd', 'tenant_name': 'tempest-ServicesAdminNegativeTestJSON-543425709', 'user_domain_id': 'default', 'user_domain_name': 'Default', 'user_id': 'a2d18d8f6f794b94a1eca77d05738723', 'system': None}, Network: None, Subnet: None, Router: None
2025-11-23 02:29:58.637 66321 INFO tempest.lib.common.rest_client [req-dc9168c9-9f8e-470a-a516-645d0e720e58 req-dc9168c9-9f8e-470a-a516-645d0e720e58 ] Request (HypervisorAdminUnderV252Test:setUpClass): 204 PUT http://10.180.1.21/identity/v3/projects/6e722f1959fe4003b096dfa0486e522d/users/3c99a9d198ed4cedae40cfea49413b47/roles/3bcbe2d7d8d64e769ddba4e6b4b2728d 0.117s
2025-11-23 02:29:58.638 66321 INFO tempest.lib.common.dynamic_creds [-] Dynamic test user 3c99a9d198ed4cedae40cfea49413b47 is created with scope project and roles: ['member']
2025-11-23 02:29:58.638 66321 INFO tempest.lib.common.dynamic_creds [-] Acquired dynamic creds: credentials: Credentials: {'domain_id': 'default', 'domain_name': 'Default', 'username': 'tempest-HypervisorAdminUnderV252Test-1328235745-project-member', 'project_domain_id': 'default', 'project_domain_name': 'Default', 'project_id': '6e722f1959fe4003b096dfa0486e522d', 'project_name': 'tempest-HypervisorAdminUnderV252Test-1328235745', 'tenant_id': '6e722f1959fe4003b096dfa0486e522d', 'tenant_name': 'tempest-HypervisorAdminUnderV252Test-1328235745', 'user_domain_id': 'default', 'user_domain_name': 'Default', 'user_id': '3c99a9d198ed4cedae40cfea49413b47', 'system': None}, Network: None, Subnet: None, Router: None
2025-11-23 02:29:58.638 66321 INFO tempest.lib.common.dynamic_creds [-] Created isolated network resources for: credentials: Credentials: {'domain_id': 'default', 'domain_name': 'Default', 'username': 'tempest-HypervisorAdminUnderV252Test-1328235745-project-member', 'project_domain_id': 'default', 'project_domain_name': 'Default', 'project_id': '6e722f1959fe4003b096dfa0486e522d', 'project_name': 'tempest-HypervisorAdminUnderV252Test-1328235745', 'tenant_id': '6e722f1959fe4003b096dfa0486e522d', 'tenant_name': 'tempest-HypervisorAdminUnderV252Test-1328235745', 'user_domain_id': 'default', 'user_domain_name': 'Default', 'user_id': '3c99a9d198ed4cedae40cfea49413b47', 'system': None}, Network: None, Subnet: None, Router: None
2025-11-23 02:29:58.645 66285 INFO tempest.lib.common.rest_client [req-e05ac92d-196b-4543-891e-d81c167c5f3a req-e05ac92d-196b-4543-891e-d81c167c5f3a ] Request (ServicesAdminNegativeTestJSON:setUpClass): 201 POST http://10.180.1.21/identity/v3/auth/tokens 0.091s
2025-11-23 02:29:58.709 66285 INFO tempest.lib.common.rest_client [req-6a0e3cec-4a14-4eef-a276-43741f1131bb req-6a0e3cec-4a14-4eef-a276-43741f1131bb ] Request (ServicesAdminNegativeTestJSON:setUpClass): 201 POST http://10.180.1.21/identity/v3/projects 0.064s
2025-11-23 02:29:58.721 66321 INFO tempest.lib.common.rest_client [req-a68aa4c2-7e18-4c3b-98f5-3379dfb7206f req-a68aa4c2-7e18-4c3b-98f5-3379dfb7206f ] Request (HypervisorAdminUnderV252Test:setUpClass): 201 POST http://10.180.1.21/identity/v3/auth/tokens 0.080s
2025-11-23 02:29:58.765 66285 INFO tempest.lib.common.rest_client [req-a1624663-3743-4d4d-aad9-873623fe2ebb req-a1624663-3743-4d4d-aad9-873623fe2ebb ] Request (ServicesAdminNegativeTestJSON:setUpClass): 201 POST http://10.180.1.21/identity/v3/users 0.056s
2025-11-23 02:29:58.785 66321 INFO tempest.lib.common.rest_client [req-24f574da-a1fd-40fc-9ee2-92dc73cd0536 req-24f574da-a1fd-40fc-9ee2-92dc73cd0536 ] Request (HypervisorAdminUnderV252Test:setUpClass): 201 POST http://10.180.1.21/identity/v3/projects 0.064s
2025-11-23 02:29:58.787 66285 INFO tempest.lib.common.rest_client [req-4d9f02f6-0119-4d56-9dcb-33ad8da56a68 req-4d9f02f6-0119-4d56-9dcb-33ad8da56a68 ] Request (ServicesAdminNegativeTestJSON:setUpClass): 200 GET http://10.180.1.21/identity/v3/roles 0.021s
2025-11-23 02:29:58.838 66321 INFO tempest.lib.common.rest_client [req-287825d0-3c87-4771-aa95-e7719a273e54 req-287825d0-3c87-4771-aa95-e7719a273e54 ] Request (HypervisorAdminUnderV252Test:setUpClass): 201 POST http://10.180.1.21/identity/v3/users 0.052s
2025-11-23 02:29:58.850 66285 INFO tempest.lib.common.rest_client [req-b1c7446c-30f9-4085-905c-9614bb6a3edd req-b1c7446c-30f9-4085-905c-9614bb6a3edd ] Request (ServicesAdminNegativeTestJSON:setUpClass): 204 PUT http://10.180.1.21/identity/v3/projects/f0f1d779c5774157982b2a1545f45408/users/b8da3b9f6952407e84630d7ae99cf593/roles/20f4b028dc4f42099d34eb7c8179f9bc 0.062s
2025-11-23 02:29:58.859 66321 INFO tempest.lib.common.rest_client [req-8df4f247-9943-4efa-a9a7-798ba7f17b0c req-8df4f247-9943-4efa-a9a7-798ba7f17b0c ] Request (HypervisorAdminUnderV252Test:setUpClass): 200 GET http://10.180.1.21/identity/v3/roles 0.020s
2025-11-23 02:29:58.901 66285 INFO tempest.lib.common.rest_client [req-7b2c90df-4e60-46f6-9b04-67536c4059c4 req-7b2c90df-4e60-46f6-9b04-67536c4059c4 ] Request (ServicesAdminNegativeTestJSON:setUpClass): 200 GET http://10.180.1.21/identity/v3/roles 0.050s
2025-11-23 02:29:58.903 66275 INFO tempest.lib.common.rest_client [req-3ca85ee2-dfd5-434c-8987-dd2a26722bf3 req-3ca85ee2-dfd5-434c-8987-dd2a26722bf3 ] Request (SecurityGroupsTestAdminJSON:test_list_security_groups_list_all_tenants_filter): 200 POST http://10.180.1.21/compute/v2.1/os-security-groups 4.407s
2025-11-23 02:29:58.922 66285 INFO tempest.lib.common.rest_client [req-033eda20-22b6-492c-8d32-4a959439b079 req-033eda20-22b6-492c-8d32-4a959439b079 ] Request (ServicesAdminNegativeTestJSON:setUpClass): 204 PUT http://10.180.1.21/identity/v3/projects/f0f1d779c5774157982b2a1545f45408/users/b8da3b9f6952407e84630d7ae99cf593/roles/20f4b028dc4f42099d34eb7c8179f9bc 0.021s
2025-11-23 02:29:58.923 66285 INFO tempest.lib.common.dynamic_creds [-] Dynamic test user b8da3b9f6952407e84630d7ae99cf593 is created with scope project and roles: ['admin']
2025-11-23 02:29:58.923 66285 INFO tempest.lib.common.dynamic_creds [-] Acquired dynamic creds: credentials: Credentials: {'domain_id': 'default', 'domain_name': 'Default', 'username': 'tempest-ServicesAdminNegativeTestJSON-1788862645-project-admin', 'project_domain_id': 'default', 'project_domain_name': 'Default', 'project_id': 'f0f1d779c5774157982b2a1545f45408', 'project_name': 'tempest-ServicesAdminNegativeTestJSON-1788862645', 'tenant_id': 'f0f1d779c5774157982b2a1545f45408', 'tenant_name': 'tempest-ServicesAdminNegativeTestJSON-1788862645', 'user_domain_id': 'default', 'user_domain_name': 'Default', 'user_id': 'b8da3b9f6952407e84630d7ae99cf593', 'system': None}, Network: None, Subnet: None, Router: None
2025-11-23 02:29:58.923 66285 INFO tempest.lib.common.dynamic_creds [-] Created isolated network resources for: credentials: Credentials: {'domain_id': 'default', 'domain_name': 'Default', 'username': 'tempest-ServicesAdminNegativeTestJSON-1788862645-project-admin', 'project_domain_id': 'default', 'project_domain_name': 'Default', 'project_id': 'f0f1d779c5774157982b2a1545f45408', 'project_name': 'tempest-ServicesAdminNegativeTestJSON-1788862645', 'tenant_id': 'f0f1d779c5774157982b2a1545f45408', 'tenant_name': 'tempest-ServicesAdminNegativeTestJSON-1788862645', 'user_domain_id': 'default', 'user_domain_name': 'Default', 'user_id': 'b8da3b9f6952407e84630d7ae99cf593', 'system': None}, Network: None, Subnet: None, Router: None
2025-11-23 02:29:58.926 66295 INFO tempest.lib.common.rest_client [req-0771e47e-3e43-4ed5-92f8-1b51ca88a3ec req-0771e47e-3e43-4ed5-92f8-1b51ca88a3ec ] Request (FlavorsExtraSpecsTestJSON:test_flavor_non_admin_get_specific_key): 200 GET http://10.180.1.21/compute/v2.1/flavors/1870613722/os-extra_specs/hw:numa_nodes 4.385s
2025-11-23 02:29:58.958 66321 INFO tempest.lib.common.rest_client [req-5d00bf05-1bc7-46f6-b32b-d53da030dfb4 req-5d00bf05-1bc7-46f6-b32b-d53da030dfb4 ] Request (HypervisorAdminUnderV252Test:setUpClass): 204 PUT http://10.180.1.21/identity/v3/projects/e1211e69124642329fcfcf080c657719/users/aa70dd39d51c4be2981a356e5919ca2c/roles/20f4b028dc4f42099d34eb7c8179f9bc 0.098s
2025-11-23 02:29:58.976 66279 INFO tempest.lib.common.rest_client [req-fadca3e8-a584-4c4b-bef9-93121ffb801a req-fadca3e8-a584-4c4b-bef9-93121ffb801a ] Request (ListImageFiltersTestJSON:setUpClass): 200 GET http://10.180.1.21/compute/v2.1/images/bbb3afbd-9da8-497c-9f02-bd550f3f57ee 4.394s
2025-11-23 02:29:59.001 66291 INFO tempest.lib.common.rest_client [req-f1238f08-0f4b-4874-8591-a96fb6ddcca4 req-f1238f08-0f4b-4874-8591-a96fb6ddcca4 ] Request (FlavorsV255TestJSON:test_crud_flavor): 200 GET http://10.180.1.21/compute/v2.1/flavors 4.381s
2025-11-23 02:29:59.010 66321 INFO tempest.lib.common.rest_client [req-e6f99b6b-a878-4eea-8e54-274fea2a8e83 req-e6f99b6b-a878-4eea-8e54-274fea2a8e83 ] Request (HypervisorAdminUnderV252Test:setUpClass): 200 GET http://10.180.1.21/identity/v3/roles 0.051s
2025-11-23 02:29:59.028 66321 INFO tempest.lib.common.rest_client [req-1a283274-f312-4b86-b5a2-0a3852c9d606 req-1a283274-f312-4b86-b5a2-0a3852c9d606 ] Request (HypervisorAdminUnderV252Test:setUpClass): 204 PUT http://10.180.1.21/identity/v3/projects/e1211e69124642329fcfcf080c657719/users/aa70dd39d51c4be2981a356e5919ca2c/roles/20f4b028dc4f42099d34eb7c8179f9bc 0.018s
2025-11-23 02:29:59.029 66321 INFO tempest.lib.common.dynamic_creds [-] Dynamic test user aa70dd39d51c4be2981a356e5919ca2c is created with scope project and roles: ['admin']
2025-11-23 02:29:59.029 66321 INFO tempest.lib.common.dynamic_creds [-] Acquired dynamic creds: credentials: Credentials: {'domain_id': 'default', 'domain_name': 'Default', 'username': 'tempest-HypervisorAdminUnderV252Test-482046169-project-admin', 'project_domain_id': 'default', 'project_domain_name': 'Default', 'project_id': 'e1211e69124642329fcfcf080c657719', 'project_name': 'tempest-HypervisorAdminUnderV252Test-482046169', 'tenant_id': 'e1211e69124642329fcfcf080c657719', 'tenant_name': 'tempest-HypervisorAdminUnderV252Test-482046169', 'user_domain_id': 'default', 'user_domain_name': 'Default', 'user_id': 'aa70dd39d51c4be2981a356e5919ca2c', 'system': None}, Network: None, Subnet: None, Router: None
2025-11-23 02:29:59.029 66321 INFO tempest.lib.common.dynamic_creds [-] Created isolated network resources for: credentials: Credentials: {'domain_id': 'default', 'domain_name': 'Default', 'username': 'tempest-HypervisorAdminUnderV252Test-482046169-project-admin', 'project_domain_id': 'default', 'project_domain_name': 'Default', 'project_id': 'e1211e69124642329fcfcf080c657719', 'project_name': 'tempest-HypervisorAdminUnderV252Test-482046169', 'tenant_id': 'e1211e69124642329fcfcf080c657719', 'tenant_name': 'tempest-HypervisorAdminUnderV252Test-482046169', 'user_domain_id': 'default', 'user_domain_name': 'Default', 'user_id': 'aa70dd39d51c4be2981a356e5919ca2c', 'system': None}, Network: None, Subnet: None, Router: None
2025-11-23 02:29:59.031 66285 INFO tempest.lib.common.rest_client [req-94c39a52-2045-4df2-b968-be37e9a6f36b req-94c39a52-2045-4df2-b968-be37e9a6f36b ] Request (ServicesAdminNegativeTestJSON:setUpClass): 201 POST http://10.180.1.21/identity/v3/auth/tokens 0.106s
2025-11-23 02:29:59.120 66321 INFO tempest.lib.common.rest_client [req-55de3305-8228-4d54-9b20-c9d1d456af54 req-55de3305-8228-4d54-9b20-c9d1d456af54 ] Request (HypervisorAdminUnderV252Test:setUpClass): 201 POST http://10.180.1.21/identity/v3/auth/tokens 0.088s
2025-11-23 02:29:59.146 66303 INFO tempest.lib.common.rest_client [req-07c6edc3-f4f0-490d-ad18-a15f3a97bc8b req-07c6edc3-f4f0-490d-ad18-a15f3a97bc8b ] Request (ServersTestBootFromVolume:setUpClass): 200 GET http://10.180.1.21/volume/v3/volumes/19f4e124-8ac6-4e2e-b6a1-108d7ce77fcf 0.028s
2025-11-23 02:29:59.340 66279 INFO tempest.lib.common.rest_client [req-9b3e49d4-13b8-4e7a-b921-608cd9c6e4cd req-9b3e49d4-13b8-4e7a-b921-608cd9c6e4cd ] Request (ListImageFiltersTestJSON:setUpClass): 201 POST http://10.180.1.21/image/v2/images 0.357s
2025-11-23 02:29:59.501 66301 INFO tempest.lib.common.rest_client [req-577c0cf6-45db-4123-804f-75a0c98133e9 req-577c0cf6-45db-4123-804f-75a0c98133e9 ] Request (ImagesOneServerTestJSON:setUpClass): 200 GET http://10.180.1.21/compute/v2.1/servers/b8b307b0-8613-42f8-8f40-7006ea046f66 4.417s
2025-11-23 02:29:59.586 66277 INFO tempest.lib.common.rest_client [req-91e3da82-50cb-49ea-bd44-ba6e1df4fb98 req-91e3da82-50cb-49ea-bd44-ba6e1df4fb98 ] Request (AttachInterfacesV270Test:test_create_get_list_interfaces): 202 POST http://10.180.1.21/compute/v2.1/servers 5.949s
2025-11-23 02:29:59.670 66287 INFO tempest.lib.common.rest_client [req-6072517f-631d-4b10-a0b9-4fa3d6fc952e req-6072517f-631d-4b10-a0b9-4fa3d6fc952e ] Request (ServerDiagnosticsNegativeTest:test_get_server_diagnostics_by_non_admin): 200 GET http://10.180.1.21/compute/v2.1/servers/db652336-6899-42d1-87e1-208efeceb348 4.450s
2025-11-23 02:29:59.692 66309 INFO tempest.lib.common.rest_client [req-281f9684-89cf-43d3-84f2-477529cf4054 req-281f9684-89cf-43d3-84f2-477529cf4054 ] Request (ServerDiagnosticsTest:test_get_server_diagnostics): 200 GET http://10.180.1.21/compute/v2.1/servers/f05fe1ac-1c22-4fb5-85ca-3f20accaf3de 4.161s
2025-11-23 02:29:59.699 66309 INFO tempest.common.waiters [-] State transition "BUILD/block_device_mapping" ==> "BUILD/spawning" after 10 second wait
2025-11-23 02:29:59.844 66267 INFO tempest.lib.common.rest_client [req-7658621e-075e-45ae-a551-3dd6309298ff req-7658621e-075e-45ae-a551-3dd6309298ff ] Request (ImagesMetadataTestJSON:setUp): 200 PUT http://10.180.1.21/compute/v2.1/images/23e62caa-48dc-4772-9a83-1fb8f5cf6bcd/metadata 4.230s
2025-11-23 02:29:59.864 66273 INFO tempest.lib.common.rest_client [req-06db63dd-e780-4325-87d1-0446727a19cf req-06db63dd-e780-4325-87d1-0446727a19cf ] Request (AggregatesAdminNegativeTestJSON:_run_cleanups): 200 DELETE http://10.180.1.21/compute/v2.1/os-aggregates/1 4.103s
2025-11-23 02:29:59.881 66327 INFO tempest.lib.common.rest_client [req-3fc3bb83-2de1-47af-909e-9a8cf7d5d0ed req-3fc3bb83-2de1-47af-909e-9a8cf7d5d0ed ] Request (HypervisorAdminTestJSON:test_get_hypervisor_stats): 200 GET http://10.180.1.21/compute/v2.1/os-hypervisors/statistics 4.091s
2025-11-23 02:29:59.903 66313 INFO tempest.lib.common.rest_client [req-a7fda54b-c72b-48cc-9f7f-49cb8017a4de req-a7fda54b-c72b-48cc-9f7f-49cb8017a4de ] Request (FlavorsV261TestJSON:test_crud_flavor): 200 GET http://10.180.1.21/compute/v2.1/flavors 4.054s
2025-11-23 02:29:59.928 66283 INFO tempest.lib.common.rest_client [req-9a3841d3-ed8b-4eeb-8665-a683afea7923 req-9a3841d3-ed8b-4eeb-8665-a683afea7923 ] Request (ServersWithSpecificFlavorTestJSON:test_verify_created_server_ephemeral_disk): 200 POST http://10.180.1.21/compute/v2.1/flavors/153630571/os-extra_specs 4.074s
2025-11-23 02:29:59.942 66324 INFO tempest.lib.common.rest_client [req-8924beae-0ea0-47e0-b325-7d28364f8c89 req-8924beae-0ea0-47e0-b325-7d28364f8c89 ] Request (FlavorsAdminTestJSON:_run_cleanups): 202 DELETE http://10.180.1.21/compute/v2.1/flavors/1713915822 4.059s
2025-11-23 02:29:59.968 66269 INFO tempest.lib.common.rest_client [req-29386bb1-1e5a-45f0-a2e4-ba9ee3008de9 req-29386bb1-1e5a-45f0-a2e4-ba9ee3008de9 ] Request (KeyPairsV2TestJSON:_run_cleanups): 202 DELETE http://10.180.1.21/compute/v2.1/os-keypairs/tempest-keypair-181550580 4.079s
2025-11-23 02:30:00.026 66327 INFO tempest.lib.common.rest_client [req-e8f5068e-ce1e-49a8-bbb8-77dfbc0deaac req-e8f5068e-ce1e-49a8-bbb8-77dfbc0deaac ] Request (HypervisorAdminTestJSON:tearDownClass): 204 DELETE http://10.180.1.21/identity/v3/users/e396dc78bfec46dc91acd43ae9e8d405 0.142s
2025-11-23 02:30:00.030 66298 INFO tempest.lib.common.rest_client [req-459a4b79-d31d-4cea-a015-4024a6e8ad02 req-459a4b79-d31d-4cea-a015-4024a6e8ad02 ] Request (VolumesAssistedSnapshotsTest:test_volume_assisted_snapshot_create_delete): 202 POST http://10.180.1.21/compute/v2.1/servers 4.379s
2025-11-23 02:30:00.184 66327 INFO tempest.lib.common.rest_client [req-0ffb8c40-d50c-4ad2-8934-62c0668727a3 req-0ffb8c40-d50c-4ad2-8934-62c0668727a3 ] Request (HypervisorAdminTestJSON:tearDownClass): 204 DELETE http://10.180.1.21/identity/v3/users/750faee68ed743dfa92d2630fe7e7750 0.158s
2025-11-23 02:30:00.185 66327 INFO tempest.lib.common.dynamic_creds [-] Deleting project and security group for project: 06e94c921dfc490c9dc7bcdefd486d93
2025-11-23 02:30:00.213 66303 INFO tempest.lib.common.rest_client [req-7170c807-edc7-4ce4-8351-14c95df1f37a req-7170c807-edc7-4ce4-8351-14c95df1f37a ] Request (ServersTestBootFromVolume:setUpClass): 200 GET http://10.180.1.21/volume/v3/volumes/19f4e124-8ac6-4e2e-b6a1-108d7ce77fcf 0.060s
2025-11-23 02:30:00.294 66327 INFO tempest.lib.common.rest_client [req-a7659494-1199-48db-8375-6304fdbf989e req-a7659494-1199-48db-8375-6304fdbf989e ] Request (HypervisorAdminTestJSON:tearDownClass): 201 POST http://10.180.1.21/identity/v3/auth/tokens 0.108s
2025-11-23 02:30:00.358 66315 INFO tempest.lib.common.rest_client [req-09ab5ba1-df6a-4099-b6c0-98ea37850744 req-09ab5ba1-df6a-4099-b6c0-98ea37850744 ] Request (QuotasAdminTestJSON:test_delete_quota): 200 GET http://10.180.1.21/compute/v2.1/os-quota-sets/005a41b4cadf4f6d9050d665b55ce66c 4.364s
2025-11-23 02:30:00.567 66311 INFO tempest.lib.common.rest_client [req-a85ad7e5-0a26-4f79-809e-5621affc2164 req-a85ad7e5-0a26-4f79-809e-5621affc2164 ] Request (ImagesOneServerNegativeTestJSON:setUpClass): 200 GET http://10.180.1.21/compute/v2.1/servers/03dd0469-93eb-4be4-94b7-5679028ec9f4 4.184s
2025-11-23 02:30:00.576 66311 INFO tempest.common.waiters [-] State transition "BUILD/None" ==> "BUILD/spawning" after 10 second wait
2025-11-23 02:30:00.751 66319 INFO tempest.lib.common.rest_client [req-42944273-fe99-4fbb-b0fc-c30bf7a1a20a req-42944273-fe99-4fbb-b0fc-c30bf7a1a20a ] Request (SecurityGroupRulesTestJSON:test_security_group_rules_create): 200 POST http://10.180.1.21/compute/v2.1/os-security-groups 4.225s
2025-11-23 02:30:00.773 66299 INFO tempest.lib.common.rest_client [req-cdfa4374-eb43-46a3-9aa4-42fdb3c4933f req-cdfa4374-eb43-46a3-9aa4-42fdb3c4933f ] Request (KeyPairsV210TestJSON:_run_cleanups): 204 DELETE http://10.180.1.21/compute/v2.1/os-keypairs/tempest-KeyPairsV210TestJSON-keypair-1091751219 3.273s
2025-11-23 02:30:00.795 66327 INFO tempest.lib.common.rest_client [req-6b471234-351a-498e-ad02-a51e759cc6a2 req-6b471234-351a-498e-ad02-a51e759cc6a2 ] Request (HypervisorAdminTestJSON:tearDownClass): 200 GET http://10.180.1.21/networking/v2.0/security-groups?tenant_id=06e94c921dfc490c9dc7bcdefd486d93&name=default 0.501s
2025-11-23 02:30:00.802 66307 INFO tempest.lib.common.rest_client [req-8a15b146-e0db-49a5-b1e8-bc6157724b6e req-8a15b146-e0db-49a5-b1e8-bc6157724b6e ] Request (FlavorsExtraSpecsNegativeTestJSON:test_flavor_non_admin_update_specific_key): 200 POST http://10.180.1.21/compute/v2.1/flavors/885890918/os-extra_specs 3.298s
2025-11-23 02:30:00.908 66327 INFO tempest.lib.common.rest_client [req-9c9c56ec-1a6a-426c-9e50-7039409e14a8 req-9c9c56ec-1a6a-426c-9e50-7039409e14a8 ] Request (HypervisorAdminTestJSON:tearDownClass): 204 DELETE http://10.180.1.21/networking/v2.0/security-groups/be3890a3-a141-4cf7-9825-a394567611bf 0.112s
2025-11-23 02:30:00.985 66265 INFO tempest.lib.common.rest_client [req-2a4bbbdd-4ae7-4d73-8e03-9c4d493b67de req-2a4bbbdd-4ae7-4d73-8e03-9c4d493b67de ] Request (FloatingIPsTestJSON:test_allocate_floating_ip): 200 GET http://10.180.1.21/compute/v2.1/os-floating-ips 3.502s
2025-11-23 02:30:00.986 66327 INFO tempest.lib.common.rest_client [req-600b88fc-c49f-4daf-805a-d66e13ee03f3 req-600b88fc-c49f-4daf-805a-d66e13ee03f3 ] Request (HypervisorAdminTestJSON:tearDownClass): 204 DELETE http://10.180.1.21/identity/v3/projects/06e94c921dfc490c9dc7bcdefd486d93 0.078s
2025-11-23 02:30:00.987 66327 INFO tempest.lib.common.dynamic_creds [-] Deleting project and security group for project: 3bebcf06c26c41e7b43d016cd68c0df3
2025-11-23 02:30:00.987 66325 INFO tempest.lib.common.rest_client [req-277521ff-17d8-4483-8a3f-5e970a444bb5 req-277521ff-17d8-4483-8a3f-5e970a444bb5 ] Request (FloatingIPsAssociationNegativeTestJSON:setUpClass): 200 GET http://10.180.1.21/compute/v2.1/servers/c1ac78e7-48e5-4c65-b3d4-689e45cdd5b2 3.262s
2025-11-23 02:30:01.010 66271 INFO tempest.lib.common.rest_client [req-a976a5a0-20a6-4e8d-9a09-35e9a0fcea35 req-a976a5a0-20a6-4e8d-9a09-35e9a0fcea35 ] Request (FlavorsAccessNegativeTestJSON:_run_cleanups): 202 DELETE http://10.180.1.21/compute/v2.1/flavors/230225153 3.087s
2025-11-23 02:30:01.078 66279 INFO tempest.lib.common.rest_client [req-a245b6ba-d7f3-4105-8ab1-fcfb591993c6 req-a245b6ba-d7f3-4105-8ab1-fcfb591993c6 ] Request (ListImageFiltersTestJSON:setUpClass): 204 PUT http://10.180.1.21/image/v2/images/6ee23a51-4d7f-4454-aa7e-0b7b4122ef68/file 0.737s
2025-11-23 02:30:01.182 66327 INFO tempest.lib.common.rest_client [req-8d2db7b9-0012-40a2-94a8-af57b060d695 req-8d2db7b9-0012-40a2-94a8-af57b060d695 ] Request (HypervisorAdminTestJSON:tearDownClass): 200 GET http://10.180.1.21/networking/v2.0/security-groups?tenant_id=3bebcf06c26c41e7b43d016cd68c0df3&name=default 0.195s
2025-11-23 02:30:01.223 66317 INFO tempest.lib.common.rest_client [req-8934b097-1cfb-4800-a740-75c405ad331b req-8934b097-1cfb-4800-a740-75c405ad331b ] Request (FlavorsAccessTestJSON:test_flavor_access_add_remove): 200 POST http://10.180.1.21/compute/v2.1/flavors/705208646/action 3.255s
2025-11-23 02:30:01.257 66303 INFO tempest.lib.common.rest_client [req-f17931f1-9822-4957-a8b7-84673692b1ad req-f17931f1-9822-4957-a8b7-84673692b1ad ] Request (ServersTestBootFromVolume:setUpClass): 200 GET http://10.180.1.21/volume/v3/volumes/19f4e124-8ac6-4e2e-b6a1-108d7ce77fcf 0.032s
2025-11-23 02:30:01.263 66303 INFO tempest.common.waiters [-] volume 19f4e124-8ac6-4e2e-b6a1-108d7ce77fcf reached available after waiting for 20.263666 seconds
2025-11-23 02:30:01.368 66327 INFO tempest.lib.common.rest_client [req-35c437f3-583f-4c8f-91b2-2035f78a1088 req-35c437f3-583f-4c8f-91b2-2035f78a1088 ] Request (HypervisorAdminTestJSON:tearDownClass): 204 DELETE http://10.180.1.21/networking/v2.0/security-groups/787848fb-6b2c-403e-b6cb-c62b27550c01 0.185s
2025-11-23 02:30:01.464 66275 INFO tempest.lib.common.rest_client [req-cb0e4550-3a5f-4b96-959c-b5bfcb4feeb4 req-cb0e4550-3a5f-4b96-959c-b5bfcb4feeb4 ] Request (SecurityGroupsTestAdminJSON:test_list_security_groups_list_all_tenants_filter): 200 POST http://10.180.1.21/compute/v2.1/os-security-groups 2.558s
2025-11-23 02:30:01.472 66327 INFO tempest.lib.common.rest_client [req-eec854d7-0f7f-4668-9e9f-c6da98375b2e req-eec854d7-0f7f-4668-9e9f-c6da98375b2e ] Request (HypervisorAdminTestJSON:tearDownClass): 204 DELETE http://10.180.1.21/identity/v3/projects/3bebcf06c26c41e7b43d016cd68c0df3 0.103s
2025-11-23 02:30:01.488 66295 INFO tempest.lib.common.rest_client [req-252c3317-d5a9-42f2-b44c-aea3690a85ae req-252c3317-d5a9-42f2-b44c-aea3690a85ae ] Request (FlavorsExtraSpecsTestJSON:test_flavor_set_get_update_show_unset_keys): 200 POST http://10.180.1.21/compute/v2.1/flavors/1870613722/os-extra_specs 2.561s
2025-11-23 02:30:01.503 66291 INFO tempest.lib.common.rest_client [req-7f4d34c4-a395-4fe7-ae36-da82fbe994bd req-7f4d34c4-a395-4fe7-ae36-da82fbe994bd ] Request (FlavorsV255TestJSON:_run_cleanups): 202 DELETE http://10.180.1.21/compute/v2.1/flavors/1977862640 2.498s
2025-11-23 02:30:01.537 66327 INFO tempest.lib.common.rest_client [req-4d280cad-0f73-4950-aa8d-6656c620c271 req-4d280cad-0f73-4950-aa8d-6656c620c271 ] Request (QuotasAdminTestV257:setUpClass): 201 POST http://10.180.1.21/identity/v3/auth/tokens 0.063s
2025-11-23 02:30:01.551 66293 INFO tempest.lib.common.rest_client [req-93ab298e-6c08-4111-9e82-c584051034de req-93ab298e-6c08-4111-9e82-c584051034de ] Request (ServerExternalEventsTest:test_create_server_external_events): 200 GET http://10.180.1.21/compute/v2.1/servers/6840c414-4be0-4093-b36a-13d9229bc130 2.758s
2025-11-23 02:30:01.560 66293 INFO tempest.common.waiters [-] State transition "BUILD/networking" ==> "BUILD/spawning" after 10 second wait
2025-11-23 02:30:01.574 66327 INFO tempest.lib.common.rest_client [req-d4b5908f-844b-417c-92c4-431a4069ccef req-d4b5908f-844b-417c-92c4-431a4069ccef ] Request (QuotasAdminTestV257:setUpClass): 201 POST http://10.180.1.21/identity/v3/auth/tokens 0.033s
2025-11-23 02:30:01.637 66285 INFO tempest.lib.common.rest_client [req-064e0400-2a3c-4b56-86eb-cafc2813cc1e req-064e0400-2a3c-4b56-86eb-cafc2813cc1e ] Request (ServicesAdminNegativeTestJSON:test_get_service_by_invalid_params): 200 GET http://10.180.1.21/compute/v2.1/os-services 2.605s
2025-11-23 02:30:01.640 66327 INFO tempest.lib.common.rest_client [req-2eec95d9-381c-46ec-bfa6-dd0928659af8 req-2eec95d9-381c-46ec-bfa6-dd0928659af8 ] Request (QuotasAdminTestV257:setUpClass): 200 GET http://10.180.1.21/identity/v3/domains?name=Default 0.065s
2025-11-23 02:30:01.662 66321 INFO tempest.lib.common.rest_client [req-a458c5b0-5874-4b1e-943c-fa863b3aa96d req-a458c5b0-5874-4b1e-943c-fa863b3aa96d ] Request (HypervisorAdminUnderV252Test:test_get_hypervisor_show_servers): 200 GET http://10.180.1.21/compute/v2.1/os-hypervisors 2.541s
2025-11-23 02:30:01.671 66327 INFO tempest.lib.common.rest_client [req-70f983fb-ee58-4033-b569-ae1dad9ee818 req-70f983fb-ee58-4033-b569-ae1dad9ee818 ] Request (QuotasAdminTestV257:setUpClass): 201 POST http://10.180.1.21/identity/v3/projects 0.030s
2025-11-23 02:30:01.734 66327 INFO tempest.lib.common.rest_client [req-e0b7d84f-321a-4e0c-b007-fac7b92b1cef req-e0b7d84f-321a-4e0c-b007-fac7b92b1cef ] Request (QuotasAdminTestV257:setUpClass): 201 POST http://10.180.1.21/identity/v3/users 0.062s
2025-11-23 02:30:01.760 66327 INFO tempest.lib.common.rest_client [req-d7dfa738-4673-47b4-a5ae-8d0d937ac265 req-d7dfa738-4673-47b4-a5ae-8d0d937ac265 ] Request (QuotasAdminTestV257:setUpClass): 200 GET http://10.180.1.21/identity/v3/roles 0.025s
2025-11-23 02:30:01.795 66277 INFO tempest.lib.common.rest_client [req-635bf5e2-c6df-4319-9084-baf0a47be182 req-635bf5e2-c6df-4319-9084-baf0a47be182 ] Request (AttachInterfacesV270Test:test_create_get_list_interfaces): 200 GET http://10.180.1.21/compute/v2.1/servers/5d233f78-160e-4c9a-a2a8-42ad5fc277ed 2.207s
2025-11-23 02:30:01.797 66327 INFO tempest.lib.common.rest_client [req-28fde20b-b2bf-45f2-8edf-1a0304fc51dd req-28fde20b-b2bf-45f2-8edf-1a0304fc51dd ] Request (QuotasAdminTestV257:setUpClass): 204 PUT http://10.180.1.21/identity/v3/projects/741b72a9171446c08da182597dce0c7e/users/96ddeb15edd04beb9d1625f2b7bd0def/roles/3bcbe2d7d8d64e769ddba4e6b4b2728d 0.037s
2025-11-23 02:30:01.797 66327 INFO tempest.lib.common.dynamic_creds [-] Dynamic test user 96ddeb15edd04beb9d1625f2b7bd0def is created with scope project and roles: ['member']
2025-11-23 02:30:01.798 66327 INFO tempest.lib.common.dynamic_creds [-] Acquired dynamic creds: credentials: Credentials: {'domain_id': 'default', 'domain_name': 'Default', 'username': 'tempest-QuotasAdminTestV257-134229681-project-member', 'project_domain_id': 'default', 'project_domain_name': 'Default', 'project_id': '741b72a9171446c08da182597dce0c7e', 'project_name': 'tempest-QuotasAdminTestV257-134229681', 'tenant_id': '741b72a9171446c08da182597dce0c7e', 'tenant_name': 'tempest-QuotasAdminTestV257-134229681', 'user_domain_id': 'default', 'user_domain_name': 'Default', 'user_id': '96ddeb15edd04beb9d1625f2b7bd0def', 'system': None}, Network: None, Subnet: None, Router: None
2025-11-23 02:30:01.798 66327 INFO tempest.lib.common.dynamic_creds [-] Created isolated network resources for: credentials: Credentials: {'domain_id': 'default', 'domain_name': 'Default', 'username': 'tempest-QuotasAdminTestV257-134229681-project-member', 'project_domain_id': 'default', 'project_domain_name': 'Default', 'project_id': '741b72a9171446c08da182597dce0c7e', 'project_name': 'tempest-QuotasAdminTestV257-134229681', 'tenant_id': '741b72a9171446c08da182597dce0c7e', 'tenant_name': 'tempest-QuotasAdminTestV257-134229681', 'user_domain_id': 'default', 'user_domain_name': 'Default', 'user_id': '96ddeb15edd04beb9d1625f2b7bd0def', 'system': None}, Network: None, Subnet: None, Router: None
2025-11-23 02:30:01.817 66305 INFO tempest.lib.common.rest_client [req-9cb3e55d-a2a9-4c0f-9b18-9d7fba679073 req-9cb3e55d-a2a9-4c0f-9b18-9d7fba679073 ] Request (TenantUsagesTestJSON:setUpClass): 200 GET http://10.180.1.21/compute/v2.1/servers/e336a01a-9fdd-44f9-ac2f-f1a1bd94674e 2.578s
2025-11-23 02:30:01.824 66305 INFO tempest.common.waiters [-] State transition "BUILD/None" ==> "BUILD/spawning" after 9 second wait
2025-11-23 02:30:01.825 66267 INFO tempest.lib.common.rest_client [req-24c19f37-1d8a-46cc-a792-0e2bedf93a03 req-24c19f37-1d8a-46cc-a792-0e2bedf93a03 ] Request (ImagesMetadataTestJSON:test_get_image_metadata_item): 200 GET http://10.180.1.21/compute/v2.1/images/23e62caa-48dc-4772-9a83-1fb8f5cf6bcd/metadata/os_distro 1.981s
2025-11-23 02:30:01.845 66313 INFO tempest.lib.common.rest_client [req-f2bae7e7-a437-4c2d-bc2b-860d968f3496 req-f2bae7e7-a437-4c2d-bc2b-860d968f3496 ] Request (FlavorsV261TestJSON:_run_cleanups): 202 DELETE http://10.180.1.21/compute/v2.1/flavors/116338562 1.937s
2025-11-23 02:30:01.848 66273 INFO tempest.lib.common.rest_client [req-8a8d1127-9af1-4cc0-be5a-7c13f66f403a req-8a8d1127-9af1-4cc0-be5a-7c13f66f403a ] Request (AggregatesAdminNegativeTestJSON:test_aggregate_add_host_as_user): 200 POST http://10.180.1.21/compute/v2.1/os-aggregates 1.978s
2025-11-23 02:30:01.868 66283 INFO tempest.lib.common.rest_client [req-16ceaf45-778c-452f-86ee-9ba46f2c74f0 req-16ceaf45-778c-452f-86ee-9ba46f2c74f0 ] Request (ServersWithSpecificFlavorTestJSON:test_verify_created_server_ephemeral_disk): 200 POST http://10.180.1.21/compute/v2.1/flavors 1.939s
2025-11-23 02:30:01.874 66327 INFO tempest.lib.common.rest_client [req-7cca79bc-80e3-4a20-8df9-cc2708e5de54 req-7cca79bc-80e3-4a20-8df9-cc2708e5de54 ] Request (QuotasAdminTestV257:setUpClass): 201 POST http://10.180.1.21/identity/v3/auth/tokens 0.073s
2025-11-23 02:30:01.883 66281 INFO tempest.lib.common.rest_client [req-b1532226-35c7-44bd-a4c3-892012d11ebb req-b1532226-35c7-44bd-a4c3-892012d11ebb ] Request (HostsAdminTestJSON:test_list_hosts_with_zone): 200 GET http://10.180.1.21/compute/v2.1/os-hosts 1.964s
2025-11-23 02:30:01.895 66324 INFO tempest.lib.common.rest_client [req-abb462e5-b257-4e44-a578-bbf6b563d1af req-abb462e5-b257-4e44-a578-bbf6b563d1af ] Request (FlavorsAdminTestJSON:_run_cleanups): 200 GET http://10.180.1.21/compute/v2.1/flavors/detail 1.953s
2025-11-23 02:30:01.928 66269 INFO tempest.lib.common.rest_client [req-53d9d4d1-91a1-4f69-b515-cb830e3f88bb req-53d9d4d1-91a1-4f69-b515-cb830e3f88bb ] Request (KeyPairsV2TestJSON:test_keypair_create_delete): 200 POST http://10.180.1.21/compute/v2.1/os-keypairs 1.959s
2025-11-23 02:30:01.975 66327 INFO tempest.lib.common.rest_client [req-7a08c6e4-cf7c-40ed-8e12-8a5af921d2c9 req-7a08c6e4-cf7c-40ed-8e12-8a5af921d2c9 ] Request (QuotasAdminTestV257:setUpClass): 201 POST http://10.180.1.21/identity/v3/projects 0.100s
2025-11-23 02:30:02.037 66298 INFO tempest.lib.common.rest_client [req-4def3052-2b62-4241-bb5c-fc9bc5a3bc79 req-4def3052-2b62-4241-bb5c-fc9bc5a3bc79 ] Request (VolumesAssistedSnapshotsTest:test_volume_assisted_snapshot_create_delete): 200 GET http://10.180.1.21/compute/v2.1/servers/bc63a698-14d4-43c3-b8cf-7d12a2c96dd4 2.004s
2025-11-23 02:30:02.041 66327 INFO tempest.lib.common.rest_client [req-93461707-44c5-4e64-a0e2-14ef6c7e48e3 req-93461707-44c5-4e64-a0e2-14ef6c7e48e3 ] Request (QuotasAdminTestV257:setUpClass): 201 POST http://10.180.1.21/identity/v3/users 0.065s
2025-11-23 02:30:02.066 66327 INFO tempest.lib.common.rest_client [req-e4afb75b-83f6-4726-b87b-3e065137ebeb req-e4afb75b-83f6-4726-b87b-3e065137ebeb ] Request (QuotasAdminTestV257:setUpClass): 200 GET http://10.180.1.21/identity/v3/roles 0.025s
2025-11-23 02:30:02.114 66327 INFO tempest.lib.common.rest_client [req-2b4f805c-49c2-41d7-8378-b2765c5d501e req-2b4f805c-49c2-41d7-8378-b2765c5d501e ] Request (QuotasAdminTestV257:setUpClass): 204 PUT http://10.180.1.21/identity/v3/projects/6a43ea48c6974f9e8f7aa14ac1d0a7da/users/e3d306c925604de285051d417dffc2db/roles/20f4b028dc4f42099d34eb7c8179f9bc 0.047s
2025-11-23 02:30:02.157 66315 INFO tempest.lib.common.rest_client [req-bb07092a-471f-4fb7-a27c-a3e42da9dabf req-bb07092a-471f-4fb7-a27c-a3e42da9dabf ] Request (QuotasAdminTestJSON:test_delete_quota): 200 PUT http://10.180.1.21/compute/v2.1/os-quota-sets/005a41b4cadf4f6d9050d665b55ce66c 1.796s
2025-11-23 02:30:02.188 66327 INFO tempest.lib.common.rest_client [req-9103cfb7-499e-422a-bcfa-b0aece93e3ef req-9103cfb7-499e-422a-bcfa-b0aece93e3ef ] Request (QuotasAdminTestV257:setUpClass): 200 GET http://10.180.1.21/identity/v3/roles 0.074s
2025-11-23 02:30:02.207 66327 INFO tempest.lib.common.rest_client [req-3017e469-6473-4d26-a7f7-f0f8f963ddd3 req-3017e469-6473-4d26-a7f7-f0f8f963ddd3 ] Request (QuotasAdminTestV257:setUpClass): 204 PUT http://10.180.1.21/identity/v3/projects/6a43ea48c6974f9e8f7aa14ac1d0a7da/users/e3d306c925604de285051d417dffc2db/roles/20f4b028dc4f42099d34eb7c8179f9bc 0.019s
2025-11-23 02:30:02.207 66327 INFO tempest.lib.common.dynamic_creds [-] Dynamic test user e3d306c925604de285051d417dffc2db is created with scope project and roles: ['admin']
2025-11-23 02:30:02.208 66327 INFO tempest.lib.common.dynamic_creds [-] Acquired dynamic creds: credentials: Credentials: {'domain_id': 'default', 'domain_name': 'Default', 'username': 'tempest-QuotasAdminTestV257-796937371-project-admin', 'project_domain_id': 'default', 'project_domain_name': 'Default', 'project_id': '6a43ea48c6974f9e8f7aa14ac1d0a7da', 'project_name': 'tempest-QuotasAdminTestV257-796937371', 'tenant_id': '6a43ea48c6974f9e8f7aa14ac1d0a7da', 'tenant_name': 'tempest-QuotasAdminTestV257-796937371', 'user_domain_id': 'default', 'user_domain_name': 'Default', 'user_id': 'e3d306c925604de285051d417dffc2db', 'system': None}, Network: None, Subnet: None, Router: None
2025-11-23 02:30:02.208 66327 INFO tempest.lib.common.dynamic_creds [-] Created isolated network resources for: credentials: Credentials: {'domain_id': 'default', 'domain_name': 'Default', 'username': 'tempest-QuotasAdminTestV257-796937371-project-admin', 'project_domain_id': 'default', 'project_domain_name': 'Default', 'project_id': '6a43ea48c6974f9e8f7aa14ac1d0a7da', 'project_name': 'tempest-QuotasAdminTestV257-796937371', 'tenant_id': '6a43ea48c6974f9e8f7aa14ac1d0a7da', 'tenant_name': 'tempest-QuotasAdminTestV257-796937371', 'user_domain_id': 'default', 'user_domain_name': 'Default', 'user_id': 'e3d306c925604de285051d417dffc2db', 'system': None}, Network: None, Subnet: None, Router: None
2025-11-23 02:30:02.214 66301 INFO tempest.lib.common.rest_client [req-bea93964-19c1-41fe-8340-e984055e463e req-bea93964-19c1-41fe-8340-e984055e463e ] Request (ImagesOneServerTestJSON:setUpClass): 200 GET http://10.180.1.21/compute/v2.1/servers/b8b307b0-8613-42f8-8f40-7006ea046f66 1.704s
2025-11-23 02:30:02.276 66287 INFO tempest.lib.common.rest_client [req-43d2e7df-69f1-48a3-abb8-9e177e4f704b req-43d2e7df-69f1-48a3-abb8-9e177e4f704b ] Request (ServerDiagnosticsNegativeTest:test_get_server_diagnostics_by_non_admin): 200 GET http://10.180.1.21/compute/v2.1/servers/db652336-6899-42d1-87e1-208efeceb348 1.598s
2025-11-23 02:30:02.295 66327 INFO tempest.lib.common.rest_client [req-c05063ab-f14f-49bf-b039-989fc6c3b407 req-c05063ab-f14f-49bf-b039-989fc6c3b407 ] Request (QuotasAdminTestV257:setUpClass): 201 POST http://10.180.1.21/identity/v3/auth/tokens 0.084s
2025-11-23 02:30:02.295 66327 WARNING tempest.lib.common.rest_client [-] Deprecated: "tenant_id" property is deprecated for removal, use "project_id" instead
2025-11-23 02:30:02.347 66309 INFO tempest.lib.common.rest_client [req-0e4ac79c-4b58-4570-8048-f3b66db76603 req-0e4ac79c-4b58-4570-8048-f3b66db76603 ] Request (ServerDiagnosticsTest:test_get_server_diagnostics): 200 GET http://10.180.1.21/compute/v2.1/servers/f05fe1ac-1c22-4fb5-85ca-3f20accaf3de 1.648s
2025-11-23 02:30:02.365 66299 INFO tempest.lib.common.rest_client [req-39756af9-72a0-4877-b7ed-a4edd379f267 req-39756af9-72a0-4877-b7ed-a4edd379f267 ] Request (KeyPairsV210TestJSON:_run_cleanups): 204 DELETE http://10.180.1.21/compute/v2.1/os-keypairs/tempest-keypair-1337388642?user_id=7caaecace6c141b2a775a384938f36f0 1.591s
2025-11-23 02:30:02.371 66307 INFO tempest.lib.common.rest_client [req-827d56b7-0f1c-4574-9ce0-a4817b3b2cec req-827d56b7-0f1c-4574-9ce0-a4817b3b2cec ] Request (FlavorsExtraSpecsNegativeTestJSON:test_flavor_non_admin_update_specific_key): 403 PUT http://10.180.1.21/compute/v2.1/flavors/885890918/os-extra_specs/hw:numa_nodes 1.568s
2025-11-23 02:30:02.437 66319 INFO tempest.lib.common.rest_client [req-3779ea1d-c44e-44ee-97ff-5bacc99f20b6 req-3779ea1d-c44e-44ee-97ff-5bacc99f20b6 ] Request (SecurityGroupRulesTestJSON:test_security_group_rules_create): 200 POST http://10.180.1.21/compute/v2.1/os-security-group-rules 1.679s
2025-11-23 02:30:02.471 66271 INFO tempest.lib.common.rest_client [req-bda52ef5-0d0f-4e54-873a-50ceae2aa251 req-bda52ef5-0d0f-4e54-873a-50ceae2aa251 ] Request (FlavorsAccessNegativeTestJSON:_run_cleanups): 200 GET http://10.180.1.21/compute/v2.1/flavors/detail 1.460s
2025-11-23 02:30:02.509 66279 INFO tempest.lib.common.rest_client [req-3bda98dc-2109-43bc-bce2-86687ebe1f98 req-3bda98dc-2109-43bc-bce2-86687ebe1f98 ] Request (ListImageFiltersTestJSON:setUpClass): 200 GET http://10.180.1.21/compute/v2.1/images/6ee23a51-4d7f-4454-aa7e-0b7b4122ef68 1.431s
2025-11-23 02:30:02.540 66317 INFO tempest.lib.common.rest_client [req-15c8a47b-0f8d-472e-9c9b-95dc31b5da2e req-15c8a47b-0f8d-472e-9c9b-95dc31b5da2e ] Request (FlavorsAccessTestJSON:test_flavor_access_add_remove): 200 GET http://10.180.1.21/compute/v2.1/flavors/detail 1.316s
2025-11-23 02:30:03.168 66265 INFO tempest.lib.common.rest_client [req-bc741888-d882-482f-a17a-834cc9e09b7f req-bc741888-d882-482f-a17a-834cc9e09b7f ] Request (FloatingIPsTestJSON:_run_cleanups): 202 DELETE http://10.180.1.21/compute/v2.1/os-floating-ips/f6750336-0e52-4bec-baf3-59c7f02ab195 2.179s
2025-11-23 02:30:03.602 66303 INFO tempest.lib.common.rest_client [req-2fd3317c-35ff-4ac7-b138-ece6d99b0887 req-2fd3317c-35ff-4ac7-b138-ece6d99b0887 ] Request (ServersTestBootFromVolume:setUpClass): 202 POST http://10.180.1.21/compute/v2.1/servers 2.338s
2025-11-23 02:30:03.615 66295 INFO tempest.lib.common.rest_client [req-e956232a-c39b-4446-b496-6afece270b2f req-e956232a-c39b-4446-b496-6afece270b2f ] Request (FlavorsExtraSpecsTestJSON:test_flavor_set_get_update_show_unset_keys): 200 GET http://10.180.1.21/compute/v2.1/flavors/1870613722/os-extra_specs 2.126s
2025-11-23 02:30:03.641 66291 INFO tempest.lib.common.rest_client [req-80b6a43c-67ee-44ce-b537-255f217636d7 req-80b6a43c-67ee-44ce-b537-255f217636d7 ] Request (FlavorsV255TestJSON:_run_cleanups): 200 GET http://10.180.1.21/compute/v2.1/flavors/detail 2.137s
2025-11-23 02:30:03.779 66291 INFO tempest.lib.common.rest_client [req-c81f0a09-b97a-405f-b67b-fc7fdf85939e req-c81f0a09-b97a-405f-b67b-fc7fdf85939e ] Request (FlavorsV255TestJSON:tearDownClass): 204 DELETE http://10.180.1.21/identity/v3/users/405eadaa2a774a12b8be76b51604e31a 0.127s
2025-11-23 02:30:03.893 66291 INFO tempest.lib.common.rest_client [req-afce2ce2-3586-42b6-94eb-038201084cf8 req-afce2ce2-3586-42b6-94eb-038201084cf8 ] Request (FlavorsV255TestJSON:tearDownClass): 204 DELETE http://10.180.1.21/identity/v3/users/bfe2c29ea7184611b37ca9dc21c6a131 0.113s
2025-11-23 02:30:03.893 66291 INFO tempest.lib.common.dynamic_creds [-] Deleting project and security group for project: 9f43acf1e6da47908b10bedc9c2108da
2025-11-23 02:30:03.910 66311 INFO tempest.lib.common.rest_client [req-b63c34b4-ab42-433e-907a-82354011a1ed req-b63c34b4-ab42-433e-907a-82354011a1ed ] Request (ImagesOneServerNegativeTestJSON:setUpClass): 200 GET http://10.180.1.21/compute/v2.1/servers/03dd0469-93eb-4be4-94b7-5679028ec9f4 2.333s
2025-11-23 02:30:03.937 66285 INFO tempest.lib.common.rest_client [req-1acce9c7-1155-4554-be88-ac8ad0de1b38 req-1acce9c7-1155-4554-be88-ac8ad0de1b38 ] Request (ServicesAdminNegativeTestJSON:test_get_service_by_invalid_params): 200 GET http://10.180.1.21/compute/v2.1/os-services?xxx=nova-compute 2.296s
2025-11-23 02:30:03.978 66291 INFO tempest.lib.common.rest_client [req-c560c202-8691-4e95-82b4-39ee8807bdb8 req-c560c202-8691-4e95-82b4-39ee8807bdb8 ] Request (FlavorsV255TestJSON:tearDownClass): 201 POST http://10.180.1.21/identity/v3/auth/tokens 0.084s
2025-11-23 02:30:03.998 66321 INFO tempest.lib.common.rest_client [req-d48b1d7f-026c-45c7-8f03-86fb53af2568 req-d48b1d7f-026c-45c7-8f03-86fb53af2568 ] Request (HypervisorAdminUnderV252Test:test_get_hypervisor_show_servers): 200 GET http://10.180.1.21/compute/v2.1/os-hypervisors/domain-c8.fc996f14-c53b-4953-92e3-bdfa48f5cc28/servers 2.334s
2025-11-23 02:30:04.174 66267 INFO tempest.lib.common.rest_client [req-3622fa7a-03ae-42e1-80f6-d9c14f762102 req-3622fa7a-03ae-42e1-80f6-d9c14f762102 ] Request (ImagesMetadataTestJSON:setUp): 200 PUT http://10.180.1.21/compute/v2.1/images/23e62caa-48dc-4772-9a83-1fb8f5cf6bcd/metadata 2.347s
2025-11-23 02:30:04.202 66313 INFO tempest.lib.common.rest_client [req-f78f7630-0604-426a-96fa-55d19a4bf043 req-f78f7630-0604-426a-96fa-55d19a4bf043 ] Request (FlavorsV261TestJSON:_run_cleanups): 200 GET http://10.180.1.21/compute/v2.1/flavors/detail 2.357s
2025-11-23 02:30:04.252 66291 INFO tempest.lib.common.rest_client [req-e22b6bae-1b87-4d98-b224-37a2005db66e req-e22b6bae-1b87-4d98-b224-37a2005db66e ] Request (FlavorsV255TestJSON:tearDownClass): 200 GET http://10.180.1.21/networking/v2.0/security-groups?tenant_id=9f43acf1e6da47908b10bedc9c2108da&name=default 0.274s
2025-11-23 02:30:04.302 66313 INFO tempest.lib.common.rest_client [req-a866e8a5-ab3a-418f-b38b-4de541bdf8e2 req-a866e8a5-ab3a-418f-b38b-4de541bdf8e2 ] Request (FlavorsV261TestJSON:tearDownClass): 204 DELETE http://10.180.1.21/identity/v3/users/4f1803b08f3f4a9f9e3534db2a45113c 0.088s
2025-11-23 02:30:04.356 66273 INFO tempest.lib.common.rest_client [req-b255cbfe-c27e-49c8-bf24-1dbc8d118ba3 req-b255cbfe-c27e-49c8-bf24-1dbc8d118ba3 ] Request (AggregatesAdminNegativeTestJSON:test_aggregate_add_host_as_user): 403 POST http://10.180.1.21/compute/v2.1/os-aggregates/2/action 2.506s
2025-11-23 02:30:04.369 66283 INFO tempest.lib.common.rest_client [req-6be35e52-cc75-4db7-bcea-ce592a318b62 req-6be35e52-cc75-4db7-bcea-ce592a318b62 ] Request (ServersWithSpecificFlavorTestJSON:test_verify_created_server_ephemeral_disk): 200 GET http://10.180.1.21/compute/v2.1/flavors/42/os-extra_specs 2.498s
2025-11-23 02:30:04.385 66291 INFO tempest.lib.common.rest_client [req-bf20581b-089d-4d26-a082-f160f8e39caa req-bf20581b-089d-4d26-a082-f160f8e39caa ] Request (FlavorsV255TestJSON:tearDownClass): 204 DELETE http://10.180.1.21/networking/v2.0/security-groups/b7ca90bb-801c-4240-93a1-8a4b5c09db44 0.133s
2025-11-23 02:30:04.414 66281 INFO tempest.lib.common.rest_client [req-0ed5ac3a-6fea-403d-a710-5c02f6e8312d req-0ed5ac3a-6fea-403d-a710-5c02f6e8312d ] Request (HostsAdminTestJSON:test_list_hosts_with_zone): 200 GET http://10.180.1.21/compute/v2.1/os-hosts?zone=internal 2.529s
2025-11-23 02:30:04.436 66324 INFO tempest.lib.common.rest_client [req-b3c801a9-a467-43a6-b21a-160edaabd039 req-b3c801a9-a467-43a6-b21a-160edaabd039 ] Request (FlavorsAdminTestJSON:test_create_flavor_with_int_id): 200 POST http://10.180.1.21/compute/v2.1/flavors 2.534s
2025-11-23 02:30:04.447 66313 INFO tempest.lib.common.rest_client [req-13e193da-87ef-4439-b649-2fb4a20f9624 req-13e193da-87ef-4439-b649-2fb4a20f9624 ] Request (FlavorsV261TestJSON:tearDownClass): 204 DELETE http://10.180.1.21/identity/v3/users/e7f59641af454b80a3a2cfb205092b84 0.144s
2025-11-23 02:30:04.447 66313 INFO tempest.lib.common.dynamic_creds [-] Deleting project and security group for project: fe2dc267775144b3a294d11b9dd58bcb
2025-11-23 02:30:04.457 66269 INFO tempest.lib.common.rest_client [req-435bfb0e-e4d7-4c8d-8edc-b57c8165c35a req-435bfb0e-e4d7-4c8d-8edc-b57c8165c35a ] Request (KeyPairsV2TestJSON:_run_cleanups): 202 DELETE http://10.180.1.21/compute/v2.1/os-keypairs/tempest-keypair-573781410 2.526s
2025-11-23 02:30:04.512 66313 INFO tempest.lib.common.rest_client [req-841bca6b-a8f1-4ba3-8e5e-7564bc5b9bea req-841bca6b-a8f1-4ba3-8e5e-7564bc5b9bea ] Request (FlavorsV261TestJSON:tearDownClass): 201 POST http://10.180.1.21/identity/v3/auth/tokens 0.065s
2025-11-23 02:30:04.551 66291 INFO tempest.lib.common.rest_client [req-3e16fdb0-fcd7-4a71-b7fd-d658ccf5ea4d req-3e16fdb0-fcd7-4a71-b7fd-d658ccf5ea4d ] Request (FlavorsV255TestJSON:tearDownClass): 204 DELETE http://10.180.1.21/identity/v3/projects/9f43acf1e6da47908b10bedc9c2108da 0.166s
2025-11-23 02:30:04.552 66291 INFO tempest.lib.common.dynamic_creds [-] Deleting project and security group for project: 5b8d7c9e6f3e4da58ed653299c37b93f
2025-11-23 02:30:04.589 66325 INFO tempest.lib.common.rest_client [req-5c1bafdf-f44a-4eb5-a17e-d0dba7c9f379 req-5c1bafdf-f44a-4eb5-a17e-d0dba7c9f379 ] Request (FloatingIPsAssociationNegativeTestJSON:setUpClass): 200 GET http://10.180.1.21/compute/v2.1/servers/c1ac78e7-48e5-4c65-b3d4-689e45cdd5b2 2.583s
2025-11-23 02:30:04.597 66325 INFO tempest.common.waiters [-] State transition "BUILD/None" ==> "BUILD/spawning" after 3 second wait
2025-11-23 02:30:04.613 66315 INFO tempest.lib.common.rest_client [req-9230232a-f4ab-475e-a709-1aac3b025b3e req-9230232a-f4ab-475e-a709-1aac3b025b3e ] Request (QuotasAdminTestJSON:test_delete_quota): 202 DELETE http://10.180.1.21/compute/v2.1/os-quota-sets/005a41b4cadf4f6d9050d665b55ce66c 2.453s
2025-11-23 02:30:04.631 66299 INFO tempest.lib.common.rest_client [req-e6246f73-6b69-4dc6-af8a-783508dee61b req-e6246f73-6b69-4dc6-af8a-783508dee61b ] Request (KeyPairsV210TestJSON:_run_cleanups): 204 DELETE http://10.180.1.21/compute/v2.1/os-keypairs/tempest-keypair-565941667?user_id=7caaecace6c141b2a775a384938f36f0 2.266s
2025-11-23 02:30:04.645 66307 INFO tempest.lib.common.rest_client [req-c7797363-6ff5-480a-b0d2-3cbb25d8ec6f req-c7797363-6ff5-480a-b0d2-3cbb25d8ec6f ] Request (FlavorsExtraSpecsNegativeTestJSON:test_flavor_unset_nonexistent_key): 404 DELETE http://10.180.1.21/compute/v2.1/flavors/885890918/os-extra_specs/hw:cpu_thread_policy 2.272s
2025-11-23 02:30:04.723 66291 INFO tempest.lib.common.rest_client [req-f9b60f6d-1b51-4273-9bd2-d15ba5ef2879 req-f9b60f6d-1b51-4273-9bd2-d15ba5ef2879 ] Request (FlavorsV255TestJSON:tearDownClass): 200 GET http://10.180.1.21/networking/v2.0/security-groups?tenant_id=5b8d7c9e6f3e4da58ed653299c37b93f&name=default 0.171s
2025-11-23 02:30:04.730 66299 INFO tempest.lib.common.rest_client [req-2d514faa-7657-44e2-9c5a-5893263ddbe6 req-2d514faa-7657-44e2-9c5a-5893263ddbe6 ] Request (KeyPairsV210TestJSON:tearDownClass): 204 DELETE http://10.180.1.21/identity/v3/users/7caaecace6c141b2a775a384938f36f0 0.092s
2025-11-23 02:30:04.765 66313 INFO tempest.lib.common.rest_client [req-c2b5aa7d-acf9-41c7-8cb7-a228fbd39960 req-c2b5aa7d-acf9-41c7-8cb7-a228fbd39960 ] Request (FlavorsV261TestJSON:tearDownClass): 200 GET http://10.180.1.21/networking/v2.0/security-groups?tenant_id=fe2dc267775144b3a294d11b9dd58bcb&name=default 0.253s
2025-11-23 02:30:04.829 66299 INFO tempest.lib.common.rest_client [req-1100701b-efe3-496b-a2d0-452746b061fa req-1100701b-efe3-496b-a2d0-452746b061fa ] Request (KeyPairsV210TestJSON:tearDownClass): 204 DELETE http://10.180.1.21/identity/v3/users/0ed4447f4f2c4901954667cef8ec2e1d 0.098s
2025-11-23 02:30:04.829 66299 INFO tempest.lib.common.dynamic_creds [-] Deleting project and security group for project: 7721594227a0459fb4617bf7adc2785d
2025-11-23 02:30:04.860 66319 INFO tempest.lib.common.rest_client [req-1b889974-f856-41c2-85f4-15a788061524 req-1b889974-f856-41c2-85f4-15a788061524 ] Request (SecurityGroupRulesTestJSON:test_security_group_rules_create_with_optional_cidr): 200 POST http://10.180.1.21/compute/v2.1/os-security-groups 2.415s
2025-11-23 02:30:04.866 66291 INFO tempest.lib.common.rest_client [req-000ea421-d57d-45a5-802f-43df2ec28ec1 req-000ea421-d57d-45a5-802f-43df2ec28ec1 ] Request (FlavorsV255TestJSON:tearDownClass): 204 DELETE http://10.180.1.21/networking/v2.0/security-groups/5d16a857-1954-46b4-847d-11c951f3bdee 0.143s
2025-11-23 02:30:04.879 66271 INFO tempest.lib.common.rest_client [req-f47350ca-f3da-4e1f-8522-f7e95256f42f req-f47350ca-f3da-4e1f-8522-f7e95256f42f ] Request (FlavorsAccessNegativeTestJSON:test_flavor_access_list_with_public_flavor): 200 POST http://10.180.1.21/compute/v2.1/flavors 2.397s
2025-11-23 02:30:04.913 66299 INFO tempest.lib.common.rest_client [req-084df90f-ed99-4592-872a-76b437307c9e req-084df90f-ed99-4592-872a-76b437307c9e ] Request (KeyPairsV210TestJSON:tearDownClass): 201 POST http://10.180.1.21/identity/v3/auth/tokens 0.084s
2025-11-23 02:30:04.918 66279 INFO tempest.lib.common.rest_client [req-d2c3ac56-64d2-4f25-b788-41ac6294cc1e req-d2c3ac56-64d2-4f25-b788-41ac6294cc1e ] Request (ListImageFiltersTestJSON:setUpClass): 200 GET http://10.180.1.21/compute/v2.1/images/6ee23a51-4d7f-4454-aa7e-0b7b4122ef68 2.405s
2025-11-23 02:30:04.939 66317 INFO tempest.lib.common.rest_client [req-1fd4a305-a143-4dba-96d3-f1ecb7192b2f req-1fd4a305-a143-4dba-96d3-f1ecb7192b2f ] Request (FlavorsAccessTestJSON:_run_cleanups): 202 DELETE http://10.180.1.21/compute/v2.1/flavors/705208646 2.394s
2025-11-23 02:30:04.956 66313 INFO tempest.lib.common.rest_client [req-9826845f-e55b-4987-9091-227360672fb7 req-9826845f-e55b-4987-9091-227360672fb7 ] Request (FlavorsV261TestJSON:tearDownClass): 204 DELETE http://10.180.1.21/networking/v2.0/security-groups/b27a25ab-708c-4831-9cd5-39a451d889b1 0.190s
