2025-12-01 17:28:18.124 65966 INFO tempest.lib.common.rest_client [req-bbf9b675-72df-41fe-8fff-97cc4d4924e5 req-bbf9b675-72df-41fe-8fff-97cc4d4924e5 ] Request (NetworksTest:tearDownClass): 204 DELETE http://10.180.1.21/identity/v3/users/4705762168294047997a81ab45cf5168 0.144s
2025-12-01 17:28:18.197 65992 INFO tempest.lib.common.rest_client [req-ec021492-b5c3-449e-8e92-ba9a06f3345b req-ec021492-b5c3-449e-8e92-ba9a06f3345b ] Request (VolumesAdminNegativeTest:setUpClass): 201 POST http://10.180.1.21/networking/v2.0/routers 1.142s
2025-12-01 17:28:18.241 65966 INFO tempest.lib.common.rest_client [req-61e15bfd-0448-48d4-b9e1-fe040b2aecd1 req-61e15bfd-0448-48d4-b9e1-fe040b2aecd1 ] Request (NetworksTest:tearDownClass): 204 DELETE http://10.180.1.21/identity/v3/users/2b0a5de694864f4e931e21c409e11698 0.116s
2025-12-01 17:28:18.241 65966 INFO tempest.lib.common.dynamic_creds [-] Deleting project and security group for project: fd060c59863f437f80a2cba137dc070d
2025-12-01 17:28:18.304 66002 INFO tempest.lib.common.rest_client [req-65b6d6dc-6b3c-485b-a346-7d277a832867 req-65b6d6dc-6b3c-485b-a346-7d277a832867 ] Request (InstanceUsageAuditLogNegativeTestJSON:tearDownClass): 204 DELETE http://10.180.1.21/networking/v2.0/security-groups/977af767-624f-4332-94af-bd6c3f0974f5 0.469s
2025-12-01 17:28:18.322 65966 INFO tempest.lib.common.rest_client [req-dfb9d2f2-d0d9-42e5-87df-d0fa37a8db6d req-dfb9d2f2-d0d9-42e5-87df-d0fa37a8db6d ] Request (NetworksTest:tearDownClass): 201 POST http://10.180.1.21/identity/v3/auth/tokens 0.080s
2025-12-01 17:28:18.389 66002 INFO tempest.lib.common.rest_client [req-0880bd40-ce1f-444b-b13b-1c85cb555ff3 req-0880bd40-ce1f-444b-b13b-1c85cb555ff3 ] Request (InstanceUsageAuditLogNegativeTestJSON:tearDownClass): 204 DELETE http://10.180.1.21/identity/v3/projects/9d00c5888b8442f497ff227b1aef8ed5 0.084s
2025-12-01 17:28:18.390 66002 INFO tempest.lib.common.dynamic_creds [-] Deleting project and security group for project: 2a5fe5067b6241889f744615f8212abc
2025-12-01 17:28:18.442 65996 INFO tempest.lib.common.rest_client [req-00854645-3a27-4fe8-a183-7a15ce14b7ad req-00854645-3a27-4fe8-a183-7a15ce14b7ad ] Request (VolumesAssistedSnapshotsTest:test_volume_assisted_snapshot_create_delete): 201 POST http://10.180.1.21/networking/v2.0/security-groups 0.329s
2025-12-01 17:28:19.310 65992 INFO tempest.lib.common.rest_client [req-c47cfe3e-0ba4-403a-862a-f6e9936047d7 req-c47cfe3e-0ba4-403a-862a-f6e9936047d7 ] Request (VolumesAdminNegativeTest:setUpClass): 200 PUT http://10.180.1.21/networking/v2.0/routers/26c99d74-a737-4e9a-8588-0d16360ada24/add_router_interface 1.113s
2025-12-01 17:28:19.311 65992 INFO tempest.lib.common.dynamic_creds [-] Created isolated network resources for: credentials: Credentials: {'domain_id': 'default', 'domain_name': 'Default', 'username': 'tempest-VolumesAdminNegativeTest-1839535259-project-member', 'project_domain_id': 'default', 'project_domain_name': 'Default', 'project_id': '23af51ee2f39418bb4b62da4ecc4d582', 'project_name': 'tempest-VolumesAdminNegativeTest-1839535259', 'tenant_id': '23af51ee2f39418bb4b62da4ecc4d582', 'tenant_name': 'tempest-VolumesAdminNegativeTest-1839535259', 'user_domain_id': 'default', 'user_domain_name': 'Default', 'user_id': 'bb5f050ffa5644a8a2d1378348a8844b', 'system': None}, Network: {'id': '4fad8a3e-4fb1-4ca9-8a31-3e3c4334fde7', 'name': 'tempest-VolumesAdminNegativeTest-1872154527-network', 'tenant_id': '23af51ee2f39418bb4b62da4ecc4d582', 'project_id': '23af51ee2f39418bb4b62da4ecc4d582', 'admin_state_up': True, 'mtu': 8950, 'status': 'ACTIVE', 'subnets': [], 'shared': False, 'port_security_enabled': True, 'router:external': False, 'provider:network_type': 'vlan', 'provider:physical_network': 'default', 'provider:segmentation_id': 809, 'availability_zone_hints': [], 'availability_zones': [], 'ipv4_address_scope': None, 'ipv6_address_scope': None, 'description': '', 'tags': [], 'created_at': '2025-12-01T17:28:16Z', 'updated_at': '2025-12-01T17:28:16Z', 'revision_number': 1}, Subnet: {'id': '4ea6b066-945e-4348-832e-045754294043', 'name': 'tempest-VolumesAdminNegativeTest-1872154527-subnet', 'tenant_id': '23af51ee2f39418bb4b62da4ecc4d582', 'network_id': '4fad8a3e-4fb1-4ca9-8a31-3e3c4334fde7', 'ip_version': 4, 'subnetpool_id': None, 'enable_dhcp': True, 'ipv6_ra_mode': None, 'ipv6_address_mode': None, 'gateway_ip': '192.168.128.1', 'cidr': '192.168.128.0/28', 'allocation_pools': [{'start': '192.168.128.2', 'end': '192.168.128.14'}], 'host_routes': [], 'dns_nameservers': [], 'description': '', 'router:external': False, 'service_types': [], 'tags': [], 'created_at': '2025-12-01T17:28:16Z', 'updated_at': '2025-12-01T17:28:16Z', 'revision_number': 0, 'project_id': '23af51ee2f39418bb4b62da4ecc4d582'}, Router: {'id': '26c99d74-a737-4e9a-8588-0d16360ada24', 'name': 'tempest-VolumesAdminNegativeTest-1872154527-router', 'tenant_id': '23af51ee2f39418bb4b62da4ecc4d582', 'admin_state_up': True, 'status': 'ACTIVE', 'external_gateway_info': {'network_id': 'b4941b26-20ca-4b88-9943-6f09de6cdbd8', 'external_fixed_ips': [{'subnet_id': '6da59ae1-f7ef-4405-8fad-cd7b1bbe1155', 'ip_address': '10.180.180.139'}], 'enable_snat': True}, 'description': '', 'availability_zones': [], 'distributed': False, 'ha': False, 'availability_zone_hints': [], 'routes': [], 'flavor_id': None, 'tags': [], 'created_at': '2025-12-01T17:28:17Z', 'updated_at': '2025-12-01T17:28:17Z', 'revision_number': 2, 'project_id': '23af51ee2f39418bb4b62da4ecc4d582'}
2025-12-01 17:28:19.401 65992 INFO tempest.lib.common.rest_client [req-e1b191c5-f300-45d7-9d04-e4d75d5ea964 req-e1b191c5-f300-45d7-9d04-e4d75d5ea964 ] Request (VolumesAdminNegativeTest:setUpClass): 201 POST http://10.180.1.21/identity/v3/auth/tokens 0.087s
2025-12-01 17:28:19.470 65992 INFO tempest.lib.common.rest_client [req-572ff4cd-f9c7-40cd-9c5b-fc34d9f2399a req-572ff4cd-f9c7-40cd-9c5b-fc34d9f2399a ] Request (VolumesAdminNegativeTest:setUpClass): 201 POST http://10.180.1.21/identity/v3/projects 0.069s
2025-12-01 17:28:19.540 65992 INFO tempest.lib.common.rest_client [req-38491d9a-00da-48ed-8ca0-accb6160273a req-38491d9a-00da-48ed-8ca0-accb6160273a ] Request (VolumesAdminNegativeTest:setUpClass): 201 POST http://10.180.1.21/identity/v3/users 0.070s
2025-12-01 17:28:19.566 65992 INFO tempest.lib.common.rest_client [req-d9c7ec73-2d9d-4ee4-96e1-26c60609d4cb req-d9c7ec73-2d9d-4ee4-96e1-26c60609d4cb ] Request (VolumesAdminNegativeTest:setUpClass): 200 GET http://10.180.1.21/identity/v3/roles 0.025s
2025-12-01 17:28:19.607 65992 INFO tempest.lib.common.rest_client [req-660f5f6f-74f5-4552-965a-8c7ecaa285ac req-660f5f6f-74f5-4552-965a-8c7ecaa285ac ] Request (VolumesAdminNegativeTest:setUpClass): 204 PUT http://10.180.1.21/identity/v3/projects/9d6d0dd6d531437b8e9b4d5752eda9cc/users/73db4a5624c346e4a55b8453a78cc3bc/roles/e6c8c4a4266245fdae6e1dff641b9068 0.040s
2025-12-01 17:28:19.628 65966 INFO tempest.lib.common.rest_client [req-e10fbbbb-6e90-44d1-8429-9ff62c2467c7 req-e10fbbbb-6e90-44d1-8429-9ff62c2467c7 ] Request (NetworksTest:tearDownClass): 200 GET http://10.180.1.21/networking/v2.0/security-groups?tenant_id=fd060c59863f437f80a2cba137dc070d&name=default 1.306s
2025-12-01 17:28:19.669 65992 INFO tempest.lib.common.rest_client [req-5d5790a9-8393-4036-b4fe-201dde0cd3e8 req-5d5790a9-8393-4036-b4fe-201dde0cd3e8 ] Request (VolumesAdminNegativeTest:setUpClass): 200 GET http://10.180.1.21/identity/v3/roles 0.062s
2025-12-01 17:28:19.675 66010 INFO tempest.lib.common.rest_client [req-1dfc4008-6db3-4b91-a601-c02aa53c6a70 req-1dfc4008-6db3-4b91-a601-c02aa53c6a70 ] Request (InstanceActionsV221TestJSON:test_get_list_deleted_instance_actions): 200 GET http://10.180.1.21/compute/v2.1/servers/0baab4a4-5b9e-4c44-9bd8-d7fb66f9d32f 4.193s
2025-12-01 17:28:19.695 65992 INFO tempest.lib.common.rest_client [req-e7388a2a-67d4-46b5-ab02-47a780d48db1 req-e7388a2a-67d4-46b5-ab02-47a780d48db1 ] Request (VolumesAdminNegativeTest:setUpClass): 204 PUT http://10.180.1.21/identity/v3/projects/9d6d0dd6d531437b8e9b4d5752eda9cc/users/73db4a5624c346e4a55b8453a78cc3bc/roles/e6c8c4a4266245fdae6e1dff641b9068 0.025s
2025-12-01 17:28:19.696 65992 INFO tempest.lib.common.dynamic_creds [-] Dynamic test user 73db4a5624c346e4a55b8453a78cc3bc is created with scope project and roles: ['admin']
2025-12-01 17:28:19.696 65992 INFO tempest.lib.common.dynamic_creds [-] Acquired dynamic creds: credentials: Credentials: {'domain_id': 'default', 'domain_name': 'Default', 'username': 'tempest-VolumesAdminNegativeTest-2144402679-project-admin', 'project_domain_id': 'default', 'project_domain_name': 'Default', 'project_id': '9d6d0dd6d531437b8e9b4d5752eda9cc', 'project_name': 'tempest-VolumesAdminNegativeTest-2144402679', 'tenant_id': '9d6d0dd6d531437b8e9b4d5752eda9cc', 'tenant_name': 'tempest-VolumesAdminNegativeTest-2144402679', 'user_domain_id': 'default', 'user_domain_name': 'Default', 'user_id': '73db4a5624c346e4a55b8453a78cc3bc', 'system': None}, Network: None, Subnet: None, Router: None
2025-12-01 17:28:19.757 66002 INFO tempest.lib.common.rest_client [req-5479be08-6373-4356-8a23-8aad636a6564 req-5479be08-6373-4356-8a23-8aad636a6564 ] Request (InstanceUsageAuditLogNegativeTestJSON:tearDownClass): 200 GET http://10.180.1.21/networking/v2.0/security-groups?tenant_id=2a5fe5067b6241889f744615f8212abc&name=default 1.367s
2025-12-01 17:28:19.770 65996 INFO tempest.lib.common.rest_client [req-a29a5f4e-ef50-4e4d-8095-3480b4231ecb req-a29a5f4e-ef50-4e4d-8095-3480b4231ecb ] Request (VolumesAssistedSnapshotsTest:test_volume_assisted_snapshot_create_delete): 201 POST http://10.180.1.21/networking/v2.0/security-group-rules 1.327s
2025-12-01 17:28:19.856 65966 INFO tempest.lib.common.rest_client [req-ec61d411-4d51-4862-a31c-5c616c912f2a req-ec61d411-4d51-4862-a31c-5c616c912f2a ] Request (NetworksTest:tearDownClass): 204 DELETE http://10.180.1.21/networking/v2.0/security-groups/2916ef56-dfb5-4885-ac25-75db69413fae 0.228s
2025-12-01 17:28:19.899 65990 INFO tempest.lib.common.rest_client [req-a6fc96b2-97c6-44c1-9c7c-cf31bd2b4926 req-a6fc96b2-97c6-44c1-9c7c-cf31bd2b4926 ] Request (ServerDiagnosticsV248Test:test_get_server_diagnostics): 200 GET http://10.180.1.21/compute/v2.1/servers/0871af5e-d276-45d5-94c1-0f349ca8c8ff 3.844s
2025-12-01 17:28:19.908 65990 INFO tempest.common.waiters [-] State transition "BUILD/spawning" ==> "ACTIVE/None" after 13 second wait
2025-12-01 17:28:20.016 66002 INFO tempest.lib.common.rest_client [req-9dc8c541-8555-4222-8e82-00377b6a3933 req-9dc8c541-8555-4222-8e82-00377b6a3933 ] Request (InstanceUsageAuditLogNegativeTestJSON:tearDownClass): 204 DELETE http://10.180.1.21/networking/v2.0/security-groups/0b9d07e8-1d19-4235-833b-bd15cb718db8 0.259s
2025-12-01 17:28:20.030 65966 INFO tempest.lib.common.rest_client [req-ef18293d-2f8b-4436-b9df-81864d8e578c req-ef18293d-2f8b-4436-b9df-81864d8e578c ] Request (NetworksTest:tearDownClass): 204 DELETE http://10.180.1.21/identity/v3/projects/fd060c59863f437f80a2cba137dc070d 0.173s
2025-12-01 17:28:20.030 65966 INFO tempest.lib.common.dynamic_creds [-] Deleting project and security group for project: 92cd390d0ed4424998da19e9235d8881
2025-12-01 17:28:20.057 65992 INFO tempest.lib.common.rest_client [req-696911da-26c4-4527-8030-f46216a2121e req-696911da-26c4-4527-8030-f46216a2121e ] Request (VolumesAdminNegativeTest:setUpClass): 201 POST http://10.180.1.21/networking/v2.0/networks 0.360s
2025-12-01 17:28:20.144 66002 INFO tempest.lib.common.rest_client [req-bf4b70cc-6134-4b7e-a5aa-715c6bad68d3 req-bf4b70cc-6134-4b7e-a5aa-715c6bad68d3 ] Request (InstanceUsageAuditLogNegativeTestJSON:tearDownClass): 204 DELETE http://10.180.1.21/identity/v3/projects/2a5fe5067b6241889f744615f8212abc 0.127s
2025-12-01 17:28:20.145 66002 INFO tempest.test [-] raised in LiveMigrationManagerWorkflowTest.setUpClass. Invoking tearDownClass.
2025-12-01 17:28:20.170 65996 INFO tempest.lib.common.rest_client [req-53588580-0fc5-4284-91b6-c152adc2e009 req-53588580-0fc5-4284-91b6-c152adc2e009 ] Request (VolumesAssistedSnapshotsTest:test_volume_assisted_snapshot_create_delete): 201 POST http://10.180.1.21/networking/v2.0/security-group-rules 0.399s
2025-12-01 17:28:20.252 66002 INFO tempest.lib.common.rest_client [req-374491a1-320b-48e4-9558-fa35f0f821a9 req-374491a1-320b-48e4-9558-fa35f0f821a9 ] Request (ServersTestMultiNic:setUpClass): 201 POST http://10.180.1.21/identity/v3/auth/tokens 0.099s
2025-12-01 17:28:20.303 66002 INFO tempest.lib.common.rest_client [req-3af09259-0fcd-4cf3-9848-7d84eabe3b69 req-3af09259-0fcd-4cf3-9848-7d84eabe3b69 ] Request (ServersTestMultiNic:setUpClass): 201 POST http://10.180.1.21/identity/v3/auth/tokens 0.046s
2025-12-01 17:28:20.333 66002 INFO tempest.lib.common.rest_client [req-c0c5ae72-07df-4f30-bcab-6c4204d9edae req-c0c5ae72-07df-4f30-bcab-6c4204d9edae ] Request (ServersTestMultiNic:setUpClass): 200 GET http://10.180.1.21/identity/v3/domains?name=Default 0.030s
2025-12-01 17:28:20.371 66002 INFO tempest.lib.common.rest_client [req-f45fd66c-93ab-4156-94ff-9cda8449666f req-f45fd66c-93ab-4156-94ff-9cda8449666f ] Request (ServersTestMultiNic:setUpClass): 201 POST http://10.180.1.21/identity/v3/projects 0.037s
2025-12-01 17:28:20.377 65966 INFO tempest.lib.common.rest_client [req-9f366ab9-c82b-4425-af42-ccdddd16119a req-9f366ab9-c82b-4425-af42-ccdddd16119a ] Request (NetworksTest:tearDownClass): 200 GET http://10.180.1.21/networking/v2.0/security-groups?tenant_id=92cd390d0ed4424998da19e9235d8881&name=default 0.346s
2025-12-01 17:28:20.452 66002 INFO tempest.lib.common.rest_client [req-3d569858-b950-4226-b1f0-103aadba9f37 req-3d569858-b950-4226-b1f0-103aadba9f37 ] Request (ServersTestMultiNic:setUpClass): 201 POST http://10.180.1.21/identity/v3/users 0.080s
2025-12-01 17:28:20.479 66002 INFO tempest.lib.common.rest_client [req-d52ee9b6-02ec-4b3f-bce9-6bd8eece65dd req-d52ee9b6-02ec-4b3f-bce9-6bd8eece65dd ] Request (ServersTestMultiNic:setUpClass): 200 GET http://10.180.1.21/identity/v3/roles 0.027s
2025-12-01 17:28:20.506 66002 INFO tempest.lib.common.rest_client [req-65af8635-e1ab-43f0-a873-0d0cb6e62d20 req-65af8635-e1ab-43f0-a873-0d0cb6e62d20 ] Request (ServersTestMultiNic:setUpClass): 204 PUT http://10.180.1.21/identity/v3/projects/e0a298e8a5af4cdeb1345dfb3edbbc9e/users/897f7aa5403242a893fc1f38c33ecbd1/roles/10aa5acdba0142158a95d429b89a9b83 0.026s
2025-12-01 17:28:20.506 66002 INFO tempest.lib.common.dynamic_creds [-] Dynamic test user 897f7aa5403242a893fc1f38c33ecbd1 is created with scope project and roles: ['member']
2025-12-01 17:28:20.507 66002 INFO tempest.lib.common.dynamic_creds [-] Acquired dynamic creds: credentials: Credentials: {'domain_id': 'default', 'domain_name': 'Default', 'username': 'tempest-ServersTestMultiNic-1757410650-project-member', 'project_domain_id': 'default', 'project_domain_name': 'Default', 'project_id': 'e0a298e8a5af4cdeb1345dfb3edbbc9e', 'project_name': 'tempest-ServersTestMultiNic-1757410650', 'tenant_id': 'e0a298e8a5af4cdeb1345dfb3edbbc9e', 'tenant_name': 'tempest-ServersTestMultiNic-1757410650', 'user_domain_id': 'default', 'user_domain_name': 'Default', 'user_id': '897f7aa5403242a893fc1f38c33ecbd1', 'system': None}, Network: None, Subnet: None, Router: None
2025-12-01 17:28:20.530 65992 INFO tempest.lib.common.rest_client [req-335599d6-a78c-45e3-8700-cc57e3c1f271 req-335599d6-a78c-45e3-8700-cc57e3c1f271 ] Request (VolumesAdminNegativeTest:setUpClass): 201 POST http://10.180.1.21/networking/v2.0/subnets 0.472s
2025-12-01 17:28:20.564 66002 INFO tempest.lib.common.rest_client [req-89155954-f074-4aeb-bfc1-8b9a4846bbdd req-89155954-f074-4aeb-bfc1-8b9a4846bbdd ] Request (ServersTestMultiNic:setUpClass): 201 POST http://10.180.1.21/identity/v3/auth/tokens 0.057s
2025-12-01 17:28:20.956 65996 INFO tempest.lib.common.rest_client [req-e97383b0-a9fd-44af-8ef8-04ffe7bb7368 req-e97383b0-a9fd-44af-8ef8-04ffe7bb7368 ] Request (VolumesAssistedSnapshotsTest:test_volume_assisted_snapshot_create_delete): 201 POST http://10.180.1.21/networking/v2.0/floatingips 0.786s
2025-12-01 17:28:21.038 65996 INFO tempest.lib.common.rest_client [req-60ddd0fa-bebb-4177-afd5-7e911fc2a929 req-60ddd0fa-bebb-4177-afd5-7e911fc2a929 ] Request (VolumesAssistedSnapshotsTest:test_volume_assisted_snapshot_create_delete): 201 POST http://10.180.1.21/identity/v3/auth/tokens 0.079s
2025-12-01 17:28:21.038 65996 INFO tempest.lib.common.fixed_network [-] (VolumesAssistedSnapshotsTest:test_volume_assisted_snapshot_create_delete) Found network {'id': '1a809d39-cb53-4b8b-838c-35faea10c570', 'name': 'tempest-VolumesAssistedSnapshotsTest-240159691-network', 'tenant_id': 'dc1945fc99e44263b044888f368a5464', 'project_id': 'dc1945fc99e44263b044888f368a5464', 'admin_state_up': True, 'mtu': 8950, 'status': 'ACTIVE', 'subnets': [], 'shared': False, 'port_security_enabled': True, 'router:external': False, 'provider:network_type': 'vlan', 'provider:physical_network': 'default', 'provider:segmentation_id': 94, 'availability_zone_hints': [], 'availability_zones': [], 'ipv4_address_scope': None, 'ipv6_address_scope': None, 'description': '', 'tags': [], 'created_at': '2025-12-01T17:27:59Z', 'updated_at': '2025-12-01T17:27:59Z', 'revision_number': 1} available for tenant
2025-12-01 17:28:21.057 65966 INFO tempest.lib.common.rest_client [req-dc1a5092-152d-40af-972c-6a0567694129 req-dc1a5092-152d-40af-972c-6a0567694129 ] Request (NetworksTest:tearDownClass): 204 DELETE http://10.180.1.21/networking/v2.0/security-groups/3f2aacd9-1ef1-4d82-aa5d-7898e2b3590b 0.679s
2025-12-01 17:28:21.168 65966 INFO tempest.lib.common.rest_client [req-157bc334-89d9-44f0-9268-9acf4343056b req-157bc334-89d9-44f0-9268-9acf4343056b ] Request (NetworksTest:tearDownClass): 204 DELETE http://10.180.1.21/identity/v3/projects/92cd390d0ed4424998da19e9235d8881 0.110s
2025-12-01 17:28:21.169 65966 INFO tempest.test [-] raised in SpiceDirectConsoleTestJSON.setUpClass. Invoking tearDownClass.
2025-12-01 17:28:21.272 65966 INFO tempest.lib.common.rest_client [req-0513c253-812e-4e4e-97a8-09265904ab2e req-0513c253-812e-4e4e-97a8-09265904ab2e ] Request (ImagesMetadataTestJSON:setUpClass): 201 POST http://10.180.1.21/identity/v3/auth/tokens 0.101s
2025-12-01 17:28:21.316 65966 INFO tempest.lib.common.rest_client [req-0dc132b6-f279-4041-95a5-9e45cc2609f4 req-0dc132b6-f279-4041-95a5-9e45cc2609f4 ] Request (ImagesMetadataTestJSON:setUpClass): 201 POST http://10.180.1.21/identity/v3/auth/tokens 0.039s
2025-12-01 17:28:21.348 65966 INFO tempest.lib.common.rest_client [req-ca55788b-606b-4261-9f43-683195fa9068 req-ca55788b-606b-4261-9f43-683195fa9068 ] Request (ImagesMetadataTestJSON:setUpClass): 200 GET http://10.180.1.21/identity/v3/domains?name=Default 0.031s
2025-12-01 17:28:21.383 65966 INFO tempest.lib.common.rest_client [req-8a04bf94-2c17-4f44-947b-9e4163361f51 req-8a04bf94-2c17-4f44-947b-9e4163361f51 ] Request (ImagesMetadataTestJSON:setUpClass): 201 POST http://10.180.1.21/identity/v3/projects 0.034s
2025-12-01 17:28:21.446 65966 INFO tempest.lib.common.rest_client [req-9beee953-bf65-4c99-b75e-74d8e03dfe20 req-9beee953-bf65-4c99-b75e-74d8e03dfe20 ] Request (ImagesMetadataTestJSON:setUpClass): 201 POST http://10.180.1.21/identity/v3/users 0.063s
2025-12-01 17:28:21.469 65966 INFO tempest.lib.common.rest_client [req-84fcf574-7a06-4db0-916e-003b2ed06c12 req-84fcf574-7a06-4db0-916e-003b2ed06c12 ] Request (ImagesMetadataTestJSON:setUpClass): 200 GET http://10.180.1.21/identity/v3/roles 0.022s
2025-12-01 17:28:21.499 65966 INFO tempest.lib.common.rest_client [req-2b6b7a5c-f228-40c8-9721-3729d7edc3be req-2b6b7a5c-f228-40c8-9721-3729d7edc3be ] Request (ImagesMetadataTestJSON:setUpClass): 204 PUT http://10.180.1.21/identity/v3/projects/224804c8b2294abe870760ebe0ef8500/users/3e3b37c8a38f4cdcbfb659f3b52f26c1/roles/10aa5acdba0142158a95d429b89a9b83 0.030s
2025-12-01 17:28:21.500 65966 INFO tempest.lib.common.dynamic_creds [-] Dynamic test user 3e3b37c8a38f4cdcbfb659f3b52f26c1 is created with scope project and roles: ['member']
2025-12-01 17:28:21.500 65966 INFO tempest.lib.common.dynamic_creds [-] Acquired dynamic creds: credentials: Credentials: {'domain_id': 'default', 'domain_name': 'Default', 'username': 'tempest-ImagesMetadataTestJSON-748546914-project-member', 'project_domain_id': 'default', 'project_domain_name': 'Default', 'project_id': '224804c8b2294abe870760ebe0ef8500', 'project_name': 'tempest-ImagesMetadataTestJSON-748546914', 'tenant_id': '224804c8b2294abe870760ebe0ef8500', 'tenant_name': 'tempest-ImagesMetadataTestJSON-748546914', 'user_domain_id': 'default', 'user_domain_name': 'Default', 'user_id': '3e3b37c8a38f4cdcbfb659f3b52f26c1', 'system': None}, Network: None, Subnet: None, Router: None
2025-12-01 17:28:21.500 65966 INFO tempest.lib.common.dynamic_creds [-] Created isolated network resources for: credentials: Credentials: {'domain_id': 'default', 'domain_name': 'Default', 'username': 'tempest-ImagesMetadataTestJSON-748546914-project-member', 'project_domain_id': 'default', 'project_domain_name': 'Default', 'project_id': '224804c8b2294abe870760ebe0ef8500', 'project_name': 'tempest-ImagesMetadataTestJSON-748546914', 'tenant_id': '224804c8b2294abe870760ebe0ef8500', 'tenant_name': 'tempest-ImagesMetadataTestJSON-748546914', 'user_domain_id': 'default', 'user_domain_name': 'Default', 'user_id': '3e3b37c8a38f4cdcbfb659f3b52f26c1', 'system': None}, Network: None, Subnet: None, Router: None
2025-12-01 17:28:21.577 65966 INFO tempest.lib.common.rest_client [req-662aa8e9-df98-4ae9-98a0-00a96ea14be7 req-662aa8e9-df98-4ae9-98a0-00a96ea14be7 ] Request (ImagesMetadataTestJSON:setUpClass): 201 POST http://10.180.1.21/identity/v3/auth/tokens 0.074s
2025-12-01 17:28:21.701 65992 INFO tempest.lib.common.rest_client [req-0c04f2c5-095f-4d66-817d-4157353deca0 req-0c04f2c5-095f-4d66-817d-4157353deca0 ] Request (VolumesAdminNegativeTest:setUpClass): 201 POST http://10.180.1.21/networking/v2.0/routers 1.170s
2025-12-01 17:28:21.828 65964 INFO tempest.lib.common.rest_client [req-8bb71864-e399-4a1a-a03c-4db3034d8480 req-8bb71864-e399-4a1a-a03c-4db3034d8480 ] Request (ServersAdminTestJSON:setUpClass): 202 POST http://10.180.1.21/compute/v2.1/servers 5.894s
2025-12-01 17:28:21.962 65994 INFO tempest.lib.common.rest_client [req-23c47ae6-a5e9-4be3-a274-35081d704620 req-23c47ae6-a5e9-4be3-a274-35081d704620 ] Request (FlavorsAdminTestJSON:test_create_flavor_using_string_ram): 200 POST http://10.180.1.21/compute/v2.1/flavors 5.710s
2025-12-01 17:28:22.002 65966 INFO tempest.lib.common.rest_client [req-f7efaf37-bf97-4c2f-82e1-617e64d58e19 req-f7efaf37-bf97-4c2f-82e1-617e64d58e19 ] Request (ImagesMetadataTestJSON:setUpClass): 201 POST http://10.180.1.21/image/v2/images 0.423s
2025-12-01 17:28:22.069 66002 INFO tempest.lib.common.rest_client [req-58de3087-c359-4453-8287-3a4e7d45c2b1 req-58de3087-c359-4453-8287-3a4e7d45c2b1 ] Request (ServersTestMultiNic:setUpClass): 201 POST http://10.180.1.21/networking/v2.0/networks 1.504s
2025-12-01 17:28:22.597 66004 INFO tempest.lib.common.rest_client [req-9e3f6ebb-d6ee-40a0-a3ef-eeb6b172f697 req-9e3f6ebb-d6ee-40a0-a3ef-eeb6b172f697 ] Request (DeleteServersTestJSON:test_delete_active_server): 200 GET http://10.180.1.21/compute/v2.1/servers/751ca4e6-c03a-4a8e-9873-508c935ab9d9 6.189s
2025-12-01 17:28:22.618 65968 INFO tempest.lib.common.rest_client [req-7868f90a-1c26-4501-8c9a-221a187b7429 req-7868f90a-1c26-4501-8c9a-221a187b7429 ] Request (HypervisorAdminUnderV252Test:test_search_hypervisor): 200 GET http://10.180.1.21/compute/v2.1/os-hypervisors 6.158s
2025-12-01 17:28:22.662 65966 INFO tempest.lib.common.rest_client [req-ea98ae84-9509-4720-8e18-6f0e2658474e req-ea98ae84-9509-4720-8e18-6f0e2658474e ] Request (ImagesMetadataTestJSON:setUpClass): 204 PUT http://10.180.1.21/image/v2/images/07a193e3-000e-4fc1-afe6-fefee2fbdc96/file 0.660s
2025-12-01 17:28:22.703 65980 INFO tempest.lib.common.rest_client [req-78d15568-5010-48f5-9a0e-2cda4134a5d4 req-78d15568-5010-48f5-9a0e-2cda4134a5d4 ] Request (FlavorsAccessNegativeTestJSON:test_add_flavor_access_duplicate): 409 POST http://10.180.1.21/compute/v2.1/flavors/469099752/action 6.055s
2025-12-01 17:28:22.759 66002 INFO tempest.lib.common.rest_client [req-79c3af99-138b-45eb-8c98-c13144206487 req-79c3af99-138b-45eb-8c98-c13144206487 ] Request (ServersTestMultiNic:setUpClass): 201 POST http://10.180.1.21/networking/v2.0/subnets 0.689s
2025-12-01 17:28:22.836 65986 INFO tempest.lib.common.rest_client [req-c53cbd54-4f3f-4bbd-b26d-40a5f86cd104 req-c53cbd54-4f3f-4bbd-b26d-40a5f86cd104 ] Request (FloatingIPDetailsTestJSON:setUpClass): 200 POST http://10.180.1.21/compute/v2.1/os-floating-ips 6.630s
2025-12-01 17:28:22.902 65998 INFO tempest.lib.common.rest_client [req-ebbc9aa0-0359-4e16-97c9-1dd333c502a0 req-ebbc9aa0-0359-4e16-97c9-1dd333c502a0 ] Request (MigrationsAdminTest:test_list_migrations_in_flavor_resize_situation): 200 GET http://10.180.1.21/compute/v2.1/servers/5f2e5c76-14df-4e86-bbd0-2dc3a366cc6e 6.037s
2025-12-01 17:28:22.903 65992 INFO tempest.lib.common.rest_client [req-78ccd1ed-5b78-4cef-901f-775d1af11ca9 req-78ccd1ed-5b78-4cef-901f-775d1af11ca9 ] Request (VolumesAdminNegativeTest:setUpClass): 200 PUT http://10.180.1.21/networking/v2.0/routers/fdea59cf-d599-40c3-955c-01df5752765b/add_router_interface 1.202s
2025-12-01 17:28:22.904 65992 INFO tempest.lib.common.dynamic_creds [-] Created isolated network resources for: credentials: Credentials: {'domain_id': 'default', 'domain_name': 'Default', 'username': 'tempest-VolumesAdminNegativeTest-2144402679-project-admin', 'project_domain_id': 'default', 'project_domain_name': 'Default', 'project_id': '9d6d0dd6d531437b8e9b4d5752eda9cc', 'project_name': 'tempest-VolumesAdminNegativeTest-2144402679', 'tenant_id': '9d6d0dd6d531437b8e9b4d5752eda9cc', 'tenant_name': 'tempest-VolumesAdminNegativeTest-2144402679', 'user_domain_id': 'default', 'user_domain_name': 'Default', 'user_id': '73db4a5624c346e4a55b8453a78cc3bc', 'system': None}, Network: {'id': '2b7bb7fb-8e19-47bc-b8ff-1168c7e0ed4f', 'name': 'tempest-VolumesAdminNegativeTest-412570825-network', 'tenant_id': '9d6d0dd6d531437b8e9b4d5752eda9cc', 'project_id': '9d6d0dd6d531437b8e9b4d5752eda9cc', 'admin_state_up': True, 'mtu': 8950, 'status': 'ACTIVE', 'subnets': [], 'shared': False, 'port_security_enabled': True, 'router:external': False, 'provider:network_type': 'vlan', 'provider:physical_network': 'default', 'provider:segmentation_id': 990, 'availability_zone_hints': [], 'availability_zones': [], 'ipv4_address_scope': None, 'ipv6_address_scope': None, 'description': '', 'tags': [], 'created_at': '2025-12-01T17:28:19Z', 'updated_at': '2025-12-01T17:28:19Z', 'revision_number': 1}, Subnet: {'id': '4c02c12e-081c-4365-934f-814c7c6183f8', 'name': 'tempest-VolumesAdminNegativeTest-412570825-subnet', 'tenant_id': '9d6d0dd6d531437b8e9b4d5752eda9cc', 'network_id': '2b7bb7fb-8e19-47bc-b8ff-1168c7e0ed4f', 'ip_version': 4, 'subnetpool_id': None, 'enable_dhcp': True, 'ipv6_ra_mode': None, 'ipv6_address_mode': None, 'gateway_ip': '192.168.128.1', 'cidr': '192.168.128.0/28', 'allocation_pools': [{'start': '192.168.128.2', 'end': '192.168.128.14'}], 'host_routes': [], 'dns_nameservers': [], 'description': '', 'router:external': False, 'service_types': [], 'tags': [], 'created_at': '2025-12-01T17:28:20Z', 'updated_at': '2025-12-01T17:28:20Z', 'revision_number': 0, 'project_id': '9d6d0dd6d531437b8e9b4d5752eda9cc'}, Router: {'id': 'fdea59cf-d599-40c3-955c-01df5752765b', 'name': 'tempest-VolumesAdminNegativeTest-412570825-router', 'tenant_id': '9d6d0dd6d531437b8e9b4d5752eda9cc', 'admin_state_up': True, 'status': 'ACTIVE', 'external_gateway_info': {'network_id': 'b4941b26-20ca-4b88-9943-6f09de6cdbd8', 'external_fixed_ips': [{'subnet_id': '6da59ae1-f7ef-4405-8fad-cd7b1bbe1155', 'ip_address': '10.180.180.228'}], 'enable_snat': True}, 'description': '', 'availability_zones': [], 'distributed': False, 'ha': False, 'availability_zone_hints': [], 'routes': [], 'flavor_id': None, 'tags': [], 'created_at': '2025-12-01T17:28:21Z', 'updated_at': '2025-12-01T17:28:21Z', 'revision_number': 2, 'project_id': '9d6d0dd6d531437b8e9b4d5752eda9cc'}
2025-12-01 17:28:22.920 66012 INFO tempest.lib.common.rest_client [req-4e353d5f-0384-4e47-98d0-c447fda9910e req-4e353d5f-0384-4e47-98d0-c447fda9910e ] Request (FlavorsV261TestJSON:_run_cleanups): 202 DELETE http://10.180.1.21/compute/v2.1/flavors/87793664 5.837s
2025-12-01 17:28:22.946 65960 INFO tempest.lib.common.rest_client [req-2ce2ba63-81f4-4a20-8bcd-c4e670ec19a3 req-2ce2ba63-81f4-4a20-8bcd-c4e670ec19a3 ] Request (FlavorsV2TestJSON:test_list_flavors_detailed_filter_by_min_disk): 200 GET http://10.180.1.21/compute/v2.1/flavors/detail?minDisk=2 5.851s
2025-12-01 17:28:22.969 65954 INFO tempest.lib.common.rest_client [req-56605a84-8d63-437e-96f0-148033d0d8ed req-56605a84-8d63-437e-96f0-148033d0d8ed ] Request (HypervisorAdminNegativeTestJSON:test_get_hypervisor_uptime_with_non_admin_user): 200 GET http://10.180.1.21/compute/v2.1/os-hypervisors 6.096s
2025-12-01 17:28:22.992 65974 INFO tempest.lib.common.rest_client [req-89e204f0-d49e-4211-a46a-5740a133b29e req-89e204f0-d49e-4211-a46a-5740a133b29e ] Request (QuotaClassesAdmin257Test:_run_cleanups): 200 PUT http://10.180.1.21/compute/v2.1/os-quota-class-sets/default 5.879s
2025-12-01 17:28:23.028 65992 INFO tempest.lib.common.rest_client [req-74f3394e-175c-45bd-90e5-c53a90330153 req-74f3394e-175c-45bd-90e5-c53a90330153 ] Request (VolumesAdminNegativeTest:setUpClass): 201 POST http://10.180.1.21/identity/v3/auth/tokens 0.121s
2025-12-01 17:28:23.036 65956 INFO tempest.lib.common.rest_client [req-766d63d2-7c43-429e-ab2c-ddf5a76f6c8e req-766d63d2-7c43-429e-ab2c-ddf5a76f6c8e ] Request (KeyPairsV210TestJSON:test_admin_manage_keypairs_for_other_users): 201 POST http://10.180.1.21/compute/v2.1/os-keypairs 5.904s
2025-12-01 17:28:23.067 65970 INFO tempest.lib.common.rest_client [req-72d3425c-a582-4874-b94c-fa8107f16397 req-72d3425c-a582-4874-b94c-fa8107f16397 ] Request (FlavorsV255TestJSON:test_crud_flavor): 200 GET http://10.180.1.21/compute/v2.1/flavors/detail 5.915s
2025-12-01 17:28:23.094 65962 INFO tempest.lib.common.rest_client [req-fcd40ebd-1964-4704-8abe-0d79fe21224d req-fcd40ebd-1964-4704-8abe-0d79fe21224d ] Request (HypervisorAdminTestJSON:test_get_hypervisor_show_details): 200 GET http://10.180.1.21/compute/v2.1/os-hypervisors/1 5.836s
2025-12-01 17:28:23.118 65974 INFO tempest.lib.common.rest_client [req-744eaa16-8c91-43fb-abad-2e7303c2d133 req-744eaa16-8c91-43fb-abad-2e7303c2d133 ] Request (QuotaClassesAdmin257Test:tearDownClass): 204 DELETE http://10.180.1.21/identity/v3/users/d4730e01eee145cca659faed0ffc596e 0.114s
2025-12-01 17:28:23.150 66000 INFO tempest.lib.common.rest_client [req-16dce896-b440-48d5-9b41-33a5f2ee1a30 req-16dce896-b440-48d5-9b41-33a5f2ee1a30 ] Request (QuotasAdminTestJSON:test_delete_quota): 200 GET http://10.180.1.21/identity/v3/domains?name=Default 0.133s
2025-12-01 17:28:23.186 65992 INFO tempest.lib.common.rest_client [req-bbade2f9-805a-454d-bc5f-9fd72959670b req-bbade2f9-805a-454d-bc5f-9fd72959670b ] Request (VolumesAdminNegativeTest:setUpClass): 201 POST http://10.180.1.21/identity/v3/projects 0.157s
2025-12-01 17:28:23.265 66000 INFO tempest.lib.common.rest_client [req-8c631bc3-b943-40dc-b133-7421d8bef627 req-8c631bc3-b943-40dc-b133-7421d8bef627 ] Request (QuotasAdminTestJSON:test_delete_quota): 201 POST http://10.180.1.21/identity/v3/projects 0.114s
2025-12-01 17:28:23.291 65974 INFO tempest.lib.common.rest_client [req-d33cfc7e-b6a9-4fc9-af37-768afb4a715f req-d33cfc7e-b6a9-4fc9-af37-768afb4a715f ] Request (QuotaClassesAdmin257Test:tearDownClass): 204 DELETE http://10.180.1.21/identity/v3/users/b226b788ead34de9b2917aecf64c5c2e 0.172s
2025-12-01 17:28:23.291 65974 INFO tempest.lib.common.dynamic_creds [-] Deleting project and security group for project: d00d2b1bc0494db7a4fb4714c8c60a4e
2025-12-01 17:28:23.345 66000 INFO tempest.lib.common.rest_client [req-d36abfb6-9a24-47b6-a98c-2f288ad8bd06 req-d36abfb6-9a24-47b6-a98c-2f288ad8bd06 ] Request (QuotasAdminTestJSON:test_delete_quota): 200 GET http://10.180.1.21/identity/v3/domains?name=Default 0.079s
2025-12-01 17:28:23.351 65992 INFO tempest.lib.common.rest_client [req-a5f98d41-0e49-457f-907c-48de03b70ce4 req-a5f98d41-0e49-457f-907c-48de03b70ce4 ] Request (VolumesAdminNegativeTest:setUpClass): 201 POST http://10.180.1.21/identity/v3/users 0.164s
2025-12-01 17:28:23.377 65974 INFO tempest.lib.common.rest_client [req-16cfe506-dc0e-4dc4-bd11-837ad0b1fb18 req-16cfe506-dc0e-4dc4-bd11-837ad0b1fb18 ] Request (QuotaClassesAdmin257Test:tearDownClass): 201 POST http://10.180.1.21/identity/v3/auth/tokens 0.085s
2025-12-01 17:28:23.379 65992 INFO tempest.lib.common.rest_client [req-b75129ae-30f4-40d1-b475-ee8c24c364b6 req-b75129ae-30f4-40d1-b475-ee8c24c364b6 ] Request (VolumesAdminNegativeTest:setUpClass): 200 GET http://10.180.1.21/identity/v3/roles 0.027s
2025-12-01 17:28:23.406 65992 INFO tempest.lib.common.rest_client [req-c961a918-e44f-4dd3-8cb1-d842097a0653 req-c961a918-e44f-4dd3-8cb1-d842097a0653 ] Request (VolumesAdminNegativeTest:setUpClass): 204 PUT http://10.180.1.21/identity/v3/projects/1ccc7af4af4142a3b15fe4c6ae271f8c/users/f29ecf4a537b4cc5b60b97d2555257f6/roles/70e34babcc614f91a3b4f69cc77ca0c9 0.026s
2025-12-01 17:28:23.474 65992 INFO tempest.lib.common.rest_client [req-5c8d9c7a-bf3d-40b6-bc8d-e7c676e5e1ee req-5c8d9c7a-bf3d-40b6-bc8d-e7c676e5e1ee ] Request (VolumesAdminNegativeTest:setUpClass): 200 GET http://10.180.1.21/identity/v3/roles 0.068s
2025-12-01 17:28:23.522 65992 INFO tempest.lib.common.rest_client [req-d9701764-2b40-41a9-988e-8a5140173d4b req-d9701764-2b40-41a9-988e-8a5140173d4b ] Request (VolumesAdminNegativeTest:setUpClass): 204 PUT http://10.180.1.21/identity/v3/projects/1ccc7af4af4142a3b15fe4c6ae271f8c/users/f29ecf4a537b4cc5b60b97d2555257f6/roles/e6c8c4a4266245fdae6e1dff641b9068 0.047s
2025-12-01 17:28:23.522 65992 INFO tempest.lib.common.dynamic_creds [-] Dynamic test user f29ecf4a537b4cc5b60b97d2555257f6 is created with scope project and roles: ['service', 'admin']
2025-12-01 17:28:23.522 65992 INFO tempest.lib.common.dynamic_creds [-] Acquired dynamic creds: credentials: Credentials: {'domain_id': 'default', 'domain_name': 'Default', 'username': 'tempest-VolumesAdminNegativeTest-2082618246-project', 'project_domain_id': 'default', 'project_domain_name': 'Default', 'project_id': '1ccc7af4af4142a3b15fe4c6ae271f8c', 'project_name': 'tempest-VolumesAdminNegativeTest-2082618246', 'tenant_id': '1ccc7af4af4142a3b15fe4c6ae271f8c', 'tenant_name': 'tempest-VolumesAdminNegativeTest-2082618246', 'user_domain_id': 'default', 'user_domain_name': 'Default', 'user_id': 'f29ecf4a537b4cc5b60b97d2555257f6', 'system': None}, Network: None, Subnet: None, Router: None
2025-12-01 17:28:23.552 66006 INFO tempest.lib.common.rest_client [req-f6ad4410-07fd-41c3-949a-b5558c7ec3ea req-f6ad4410-07fd-41c3-949a-b5558c7ec3ea ] Request (SecurityGroupsTestAdminJSON:test_list_security_groups_list_all_tenants_filter): 200 POST http://10.180.1.21/compute/v2.1/os-security-groups 6.435s
2025-12-01 17:28:23.667 66002 INFO tempest.lib.common.rest_client [req-3293ff51-d5ae-470b-a90d-a8ad3ad27686 req-3293ff51-d5ae-470b-a90d-a8ad3ad27686 ] Request (ServersTestMultiNic:setUpClass): 201 POST http://10.180.1.21/networking/v2.0/routers 0.907s
2025-12-01 17:28:23.878 65974 INFO tempest.lib.common.rest_client [req-d2437ce6-91aa-414a-87eb-735e4fc6c1d5 req-d2437ce6-91aa-414a-87eb-735e4fc6c1d5 ] Request (QuotaClassesAdmin257Test:tearDownClass): 200 GET http://10.180.1.21/networking/v2.0/security-groups?tenant_id=d00d2b1bc0494db7a4fb4714c8c60a4e&name=default 0.500s
2025-12-01 17:28:24.089 65992 INFO tempest.lib.common.rest_client [req-67cc07a5-2734-48a6-940d-c22385375f9d req-67cc07a5-2734-48a6-940d-c22385375f9d ] Request (VolumesAdminNegativeTest:setUpClass): 201 POST http://10.180.1.21/networking/v2.0/networks 0.567s
2025-12-01 17:28:24.235 65958 INFO tempest.lib.common.rest_client [req-c115f86b-fd19-4b1f-b2b5-88fe961184ec req-c115f86b-fd19-4b1f-b2b5-88fe961184ec ] Request (DeleteServersAdminTestJSON:test_admin_delete_servers_of_others): 200 GET http://10.180.1.21/compute/v2.1/servers/633058ef-87e1-4f7d-97ee-f5d476fd9c4b 6.902s
2025-12-01 17:28:24.245 65958 INFO tempest.common.waiters [-] State transition "BUILD/None" ==> "BUILD/spawning" after 8 second wait
2025-12-01 17:28:24.260 65952 INFO tempest.lib.common.rest_client [req-6324d040-6817-4414-afac-3378452e7813 req-6324d040-6817-4414-afac-3378452e7813 ] Request (FlavorsExtraSpecsTestJSON:test_flavor_non_admin_get_specific_key): 200 POST http://10.180.1.21/compute/v2.1/flavors/1206194273/os-extra_specs 6.837s
2025-12-01 17:28:24.280 66008 INFO tempest.lib.common.rest_client [req-f04eaf55-b57e-4db2-b44f-e5974edd5261 req-f04eaf55-b57e-4db2-b44f-e5974edd5261 ] Request (ServicesAdminNegativeV253TestJSON:test_get_service_by_invalid_params): 200 GET http://10.180.1.21/compute/v2.1/os-services 6.839s
2025-12-01 17:28:24.350 65976 INFO tempest.lib.common.rest_client [req-a1546c77-257b-4774-aacd-979c90636fc8 req-a1546c77-257b-4774-aacd-979c90636fc8 ] Request (AggregatesAdminNegativeTestJSON:test_aggregate_add_existent_host): 409 POST http://10.180.1.21/compute/v2.1/os-aggregates/1/action 6.705s
2025-12-01 17:28:25.024 66002 INFO tempest.lib.common.rest_client [req-b440efaf-431b-4b01-8dd7-b8938fd22f06 req-b440efaf-431b-4b01-8dd7-b8938fd22f06 ] Request (ServersTestMultiNic:setUpClass): 200 PUT http://10.180.1.21/networking/v2.0/routers/fc23d0de-711e-443f-9d16-cc361730717d/add_router_interface 1.357s
2025-12-01 17:28:25.024 66002 INFO tempest.lib.common.dynamic_creds [-] Created isolated network resources for: credentials: Credentials: {'domain_id': 'default', 'domain_name': 'Default', 'username': 'tempest-ServersTestMultiNic-1757410650-project-member', 'project_domain_id': 'default', 'project_domain_name': 'Default', 'project_id': 'e0a298e8a5af4cdeb1345dfb3edbbc9e', 'project_name': 'tempest-ServersTestMultiNic-1757410650', 'tenant_id': 'e0a298e8a5af4cdeb1345dfb3edbbc9e', 'tenant_name': 'tempest-ServersTestMultiNic-1757410650', 'user_domain_id': 'default', 'user_domain_name': 'Default', 'user_id': '897f7aa5403242a893fc1f38c33ecbd1', 'system': None}, Network: {'id': '7cfdd373-0183-4d51-b4d5-c921bba4b98b', 'name': 'tempest-ServersTestMultiNic-1406786548-network', 'tenant_id': 'e0a298e8a5af4cdeb1345dfb3edbbc9e', 'project_id': 'e0a298e8a5af4cdeb1345dfb3edbbc9e', 'admin_state_up': True, 'mtu': 8950, 'status': 'ACTIVE', 'subnets': [], 'shared': False, 'port_security_enabled': True, 'router:external': False, 'provider:network_type': 'vlan', 'provider:physical_network': 'default', 'provider:segmentation_id': 948, 'availability_zone_hints': [], 'availability_zones': [], 'ipv4_address_scope': None, 'ipv6_address_scope': None, 'description': '', 'tags': [], 'created_at': '2025-12-01T17:28:21Z', 'updated_at': '2025-12-01T17:28:21Z', 'revision_number': 1}, Subnet: {'id': '31332762-3123-4f90-90ab-335f1c2f0ca4', 'name': 'tempest-ServersTestMultiNic-1406786548-subnet', 'tenant_id': 'e0a298e8a5af4cdeb1345dfb3edbbc9e', 'network_id': '7cfdd373-0183-4d51-b4d5-c921bba4b98b', 'ip_version': 4, 'subnetpool_id': None, 'enable_dhcp': True, 'ipv6_ra_mode': None, 'ipv6_address_mode': None, 'gateway_ip': '192.168.128.1', 'cidr': '192.168.128.0/28', 'allocation_pools': [{'start': '192.168.128.2', 'end': '192.168.128.14'}], 'host_routes': [], 'dns_nameservers': [], 'description': '', 'router:external': False, 'service_types': [], 'tags': [], 'created_at': '2025-12-01T17:28:22Z', 'updated_at': '2025-12-01T17:28:22Z', 'revision_number': 0, 'project_id': 'e0a298e8a5af4cdeb1345dfb3edbbc9e'}, Router: {'id': 'fc23d0de-711e-443f-9d16-cc361730717d', 'name': 'tempest-ServersTestMultiNic-1406786548-router', 'tenant_id': 'e0a298e8a5af4cdeb1345dfb3edbbc9e', 'admin_state_up': True, 'status': 'ACTIVE', 'external_gateway_info': {'network_id': 'b4941b26-20ca-4b88-9943-6f09de6cdbd8', 'external_fixed_ips': [{'subnet_id': '6da59ae1-f7ef-4405-8fad-cd7b1bbe1155', 'ip_address': '10.180.180.149'}], 'enable_snat': True}, 'description': '', 'availability_zones': [], 'distributed': False, 'ha': False, 'availability_zone_hints': [], 'routes': [], 'flavor_id': None, 'tags': [], 'created_at': '2025-12-01T17:28:22Z', 'updated_at': '2025-12-01T17:28:23Z', 'revision_number': 2, 'project_id': 'e0a298e8a5af4cdeb1345dfb3edbbc9e'}
2025-12-01 17:28:25.124 66002 INFO tempest.lib.common.rest_client [req-339676e4-13a5-446d-bc9a-f8e442e1d25c req-339676e4-13a5-446d-bc9a-f8e442e1d25c ] Request (ServersTestMultiNic:setUpClass): 201 POST http://10.180.1.21/identity/v3/auth/tokens 0.095s
2025-12-01 17:28:25.141 65974 INFO tempest.lib.common.rest_client [req-0c51752f-9b66-4d26-b9eb-228f34bb7a12 req-0c51752f-9b66-4d26-b9eb-228f34bb7a12 ] Request (QuotaClassesAdmin257Test:tearDownClass): 204 DELETE http://10.180.1.21/networking/v2.0/security-groups/17a4aeb6-bb08-4720-831e-1c8c0814318b 1.262s
2025-12-01 17:28:25.214 65974 INFO tempest.lib.common.rest_client [req-6d589d7b-11a9-43aa-8505-79b71e54ac30 req-6d589d7b-11a9-43aa-8505-79b71e54ac30 ] Request (QuotaClassesAdmin257Test:tearDownClass): 204 DELETE http://10.180.1.21/identity/v3/projects/d00d2b1bc0494db7a4fb4714c8c60a4e 0.073s
2025-12-01 17:28:25.214 65974 INFO tempest.lib.common.dynamic_creds [-] Deleting project and security group for project: 2440545d951f4225b5dd649f8245003e
2025-12-01 17:28:25.318 65972 INFO tempest.lib.common.rest_client [req-aced6ad9-a6ff-45f2-9f69-36e4f059ccb6 req-aced6ad9-a6ff-45f2-9f69-36e4f059ccb6 ] Request (FloatingIPsAssociationNegativeTestJSON:setUpClass): 200 GET http://10.180.1.21/compute/v2.1/servers/dfc48bcd-01b1-479f-902f-319b8b674189 7.925s
2025-12-01 17:28:25.324 65992 INFO tempest.lib.common.rest_client [req-6b50886e-402c-4351-9dde-89fd69a79f8d req-6b50886e-402c-4351-9dde-89fd69a79f8d ] Request (VolumesAdminNegativeTest:setUpClass): 201 POST http://10.180.1.21/networking/v2.0/subnets 1.234s
2025-12-01 17:28:25.326 65972 INFO tempest.common.waiters [-] State transition "BUILD/None" ==> "BUILD/spawning" after 9 second wait
2025-12-01 17:28:25.332 65984 INFO tempest.lib.common.rest_client [req-d1f683fa-9f45-45e6-aaee-8e2c497be4e8 req-d1f683fa-9f45-45e6-aaee-8e2c497be4e8 ] Request (ServersWithSpecificFlavorTestJSON:test_verify_created_server_ephemeral_disk): 200 GET http://10.180.1.21/compute/v2.1/flavors/42/os-extra_specs 7.497s
2025-12-01 17:28:25.347 65978 INFO tempest.lib.common.rest_client [req-ca878f0f-f2cf-4cbe-b1a9-56dae8487377 req-ca878f0f-f2cf-4cbe-b1a9-56dae8487377 ] Request (HypervisorAdminNegativeUnderV252Test:test_search_nonexistent_hypervisor): 404 GET http://10.180.1.21/compute/v2.1/os-hypervisors/nonexistent_hypervisor_name/search 7.437s
2025-12-01 17:28:25.522 66002 INFO tempest.lib.common.rest_client [req-313b452a-95bb-4212-bae8-3f2c1b7da0f3 req-313b452a-95bb-4212-bae8-3f2c1b7da0f3 ] Request (ServersTestMultiNic:test_verify_duplicate_network_nics): 201 POST http://10.180.1.21/networking/v2.0/networks 0.396s
2025-12-01 17:28:25.606 65974 INFO tempest.lib.common.rest_client [req-c3d6d4c4-1ed2-4aa3-b33f-aa60ec2ca5c9 req-c3d6d4c4-1ed2-4aa3-b33f-aa60ec2ca5c9 ] Request (QuotaClassesAdmin257Test:tearDownClass): 200 GET http://10.180.1.21/networking/v2.0/security-groups?tenant_id=2440545d951f4225b5dd649f8245003e&name=default 0.391s
2025-12-01 17:28:25.680 65982 INFO tempest.lib.common.rest_client [req-4abd54c7-5777-49f2-8af5-011153049805 req-4abd54c7-5777-49f2-8af5-011153049805 ] Request (TenantUsagesTestJSON:setUpClass): 200 GET http://10.180.1.21/compute/v2.1/servers/8183c8bd-330d-495c-a007-06ddf9da2cee 7.915s
2025-12-01 17:28:25.687 65982 INFO tempest.common.waiters [-] State transition "BUILD/None" ==> "BUILD/spawning" after 9 second wait
2025-12-01 17:28:25.920 66002 INFO tempest.lib.common.rest_client [req-55d81ac6-936b-446b-a3a7-6559914f55e0 req-55d81ac6-936b-446b-a3a7-6559914f55e0 ] Request (ServersTestMultiNic:test_verify_duplicate_network_nics): 201 POST http://10.180.1.21/networking/v2.0/subnets 0.398s
2025-12-01 17:28:26.014 65974 INFO tempest.lib.common.rest_client [req-6909af8d-4566-4cc6-8e45-99dd4eadb6fb req-6909af8d-4566-4cc6-8e45-99dd4eadb6fb ] Request (QuotaClassesAdmin257Test:tearDownClass): 204 DELETE http://10.180.1.21/networking/v2.0/security-groups/694dd70d-0cb0-48bc-9848-b0901c2415ef 0.407s
2025-12-01 17:28:26.139 65974 INFO tempest.lib.common.rest_client [req-8ef38f17-78f6-4762-86f5-80ae3ba94f02 req-8ef38f17-78f6-4762-86f5-80ae3ba94f02 ] Request (QuotaClassesAdmin257Test:tearDownClass): 204 DELETE http://10.180.1.21/identity/v3/projects/2440545d951f4225b5dd649f8245003e 0.125s
2025-12-01 17:28:26.213 65974 INFO tempest.lib.common.rest_client [req-489aea1e-51de-403a-9b9f-7d5bfe5aa8d6 req-489aea1e-51de-403a-9b9f-7d5bfe5aa8d6 ] Request (ImagesNegativeTestJSON:setUpClass): 201 POST http://10.180.1.21/identity/v3/auth/tokens 0.071s
2025-12-01 17:28:26.250 65974 INFO tempest.lib.common.rest_client [req-3ffb7757-3d8b-4147-8210-ea0b97c86e3f req-3ffb7757-3d8b-4147-8210-ea0b97c86e3f ] Request (ImagesNegativeTestJSON:setUpClass): 201 POST http://10.180.1.21/identity/v3/auth/tokens 0.032s
2025-12-01 17:28:26.279 65974 INFO tempest.lib.common.rest_client [req-60e0ae60-7b27-4a9d-b653-fa5310911fe8 req-60e0ae60-7b27-4a9d-b653-fa5310911fe8 ] Request (ImagesNegativeTestJSON:setUpClass): 200 GET http://10.180.1.21/identity/v3/domains?name=Default 0.029s
2025-12-01 17:28:26.315 65974 INFO tempest.lib.common.rest_client [req-af3c3d0e-c56f-45a8-96a9-f653f5ab630b req-af3c3d0e-c56f-45a8-96a9-f653f5ab630b ] Request (ImagesNegativeTestJSON:setUpClass): 201 POST http://10.180.1.21/identity/v3/projects 0.035s
2025-12-01 17:28:26.342 65992 INFO tempest.lib.common.rest_client [req-e31943fd-44d8-43a0-8829-bc83561ea1b4 req-e31943fd-44d8-43a0-8829-bc83561ea1b4 ] Request (VolumesAdminNegativeTest:setUpClass): 201 POST http://10.180.1.21/networking/v2.0/routers 1.018s
2025-12-01 17:28:26.385 66014 INFO tempest.lib.common.rest_client [req-6d9df836-4746-4a32-bcbe-65894dac617b req-6d9df836-4746-4a32-bcbe-65894dac617b ] Request (FloatingIPsAssociationTestJSON:setUpClass): 200 GET http://10.180.1.21/compute/v2.1/servers/b6e32576-8ac6-4f16-b004-833275685aa5 8.139s
2025-12-01 17:28:26.393 65974 INFO tempest.lib.common.rest_client [req-87e05434-d078-45b6-af33-caea05d488e6 req-87e05434-d078-45b6-af33-caea05d488e6 ] Request (ImagesNegativeTestJSON:setUpClass): 201 POST http://10.180.1.21/identity/v3/users 0.077s
2025-12-01 17:28:26.397 66014 INFO tempest.common.waiters [-] State transition "BUILD/None" ==> "BUILD/spawning" after 9 second wait
2025-12-01 17:28:26.424 65974 INFO tempest.lib.common.rest_client [req-6eb72e68-a8d9-465c-bc3e-a5b3ab67de2b req-6eb72e68-a8d9-465c-bc3e-a5b3ab67de2b ] Request (ImagesNegativeTestJSON:setUpClass): 200 GET http://10.180.1.21/identity/v3/roles 0.030s
2025-12-01 17:28:26.457 65990 INFO tempest.lib.common.rest_client [req-911ebb7a-39e9-4b82-8c4a-3531ddcfbadb req-911ebb7a-39e9-4b82-8c4a-3531ddcfbadb ] Request (ServerDiagnosticsV248Test:test_get_server_diagnostics): 200 GET http://10.180.1.21/compute/v2.1/servers/0871af5e-d276-45d5-94c1-0f349ca8c8ff/diagnostics 6.546s
2025-12-01 17:28:26.465 65974 INFO tempest.lib.common.rest_client [req-91e3d662-07c0-42ce-9238-569185bb0c7b req-91e3d662-07c0-42ce-9238-569185bb0c7b ] Request (ImagesNegativeTestJSON:setUpClass): 204 PUT http://10.180.1.21/identity/v3/projects/475d6745e663498ca1300c49770802cc/users/a02f1d91dec747d4bd7569a9247d93b5/roles/10aa5acdba0142158a95d429b89a9b83 0.041s
2025-12-01 17:28:26.465 65974 INFO tempest.lib.common.dynamic_creds [-] Dynamic test user a02f1d91dec747d4bd7569a9247d93b5 is created with scope project and roles: ['member']
2025-12-01 17:28:26.466 65974 INFO tempest.lib.common.dynamic_creds [-] Acquired dynamic creds: credentials: Credentials: {'domain_id': 'default', 'domain_name': 'Default', 'username': 'tempest-ImagesNegativeTestJSON-1282805780-project-member', 'project_domain_id': 'default', 'project_domain_name': 'Default', 'project_id': '475d6745e663498ca1300c49770802cc', 'project_name': 'tempest-ImagesNegativeTestJSON-1282805780', 'tenant_id': '475d6745e663498ca1300c49770802cc', 'tenant_name': 'tempest-ImagesNegativeTestJSON-1282805780', 'user_domain_id': 'default', 'user_domain_name': 'Default', 'user_id': 'a02f1d91dec747d4bd7569a9247d93b5', 'system': None}, Network: None, Subnet: None, Router: None
2025-12-01 17:28:26.519 66002 INFO tempest.lib.common.rest_client [req-d3aea67e-fcac-46ae-9cfa-21a69ea56bcb req-d3aea67e-fcac-46ae-9cfa-21a69ea56bcb ] Request (ServersTestMultiNic:test_verify_duplicate_network_nics): 201 POST http://10.180.1.21/networking/v2.0/networks 0.599s
2025-12-01 17:28:26.535 65974 INFO tempest.lib.common.rest_client [req-3cde5016-d1f4-4d6d-ae32-056b70d52c52 req-3cde5016-d1f4-4d6d-ae32-056b70d52c52 ] Request (ImagesNegativeTestJSON:setUpClass): 201 POST http://10.180.1.21/identity/v3/auth/tokens 0.069s
2025-12-01 17:28:27.468 65992 INFO tempest.lib.common.rest_client [req-4841d78b-4343-496c-8e46-ec1e10285456 req-4841d78b-4343-496c-8e46-ec1e10285456 ] Request (VolumesAdminNegativeTest:setUpClass): 200 PUT http://10.180.1.21/networking/v2.0/routers/cb107289-0c40-4a8d-8768-9eab771aeb47/add_router_interface 1.125s
