2025-12-01 17:28:38.789 66012 INFO tempest.lib.common.rest_client [req-8aea15b3-8301-4384-b1b9-43e80269cfcf req-8aea15b3-8301-4384-b1b9-43e80269cfcf ] Request (ServerActionsTestOtherA:setUpClass): 201 POST http://10.180.1.21/identity/v3/auth/tokens 0.118s
2025-12-01 17:28:38.905 65982 INFO tempest.lib.common.rest_client [req-0e3a93cd-0e1c-4d5e-899b-0902270d3f93 req-0e3a93cd-0e1c-4d5e-899b-0902270d3f93 ] Request (TenantUsagesTestJSON:setUpClass): 200 GET http://10.180.1.21/compute/v2.1/servers/8183c8bd-330d-495c-a007-06ddf9da2cee 12.216s
2025-12-01 17:28:38.916 65982 INFO tempest.common.waiters [-] State transition "BUILD/spawning" ==> "ACTIVE/None" after 22 second wait
2025-12-01 17:28:39.226 66014 INFO tempest.lib.common.rest_client [req-3b2d4859-c3a7-48f4-a613-30ac7e1fcc15 req-3b2d4859-c3a7-48f4-a613-30ac7e1fcc15 ] Request (FloatingIPsAssociationTestJSON:setUpClass): 200 GET http://10.180.1.21/compute/v2.1/servers/b6e32576-8ac6-4f16-b004-833275685aa5 11.827s
2025-12-01 17:28:39.822 65992 INFO tempest.lib.common.rest_client [req-a45f087f-4a5c-4337-9e96-d76c52ea698c req-a45f087f-4a5c-4337-9e96-d76c52ea698c ] Request (VolumesAdminNegativeTest:test_update_attached_volume_with_nonexistent_volume_in_uri): 202 POST http://10.180.1.21/compute/v2.1/servers 12.180s
2025-12-01 17:28:40.643 66002 INFO tempest.lib.common.rest_client [req-9d2222e3-654c-4d10-bf15-32bda56ae8ef req-9d2222e3-654c-4d10-bf15-32bda56ae8ef ] Request (ServersTestMultiNic:test_verify_duplicate_network_nics): 202 POST http://10.180.1.21/compute/v2.1/servers 12.836s
2025-12-01 17:28:40.791 66010 INFO tempest.lib.common.rest_client [req-791f5a78-12b1-437f-8a24-75b538f3dab6 req-791f5a78-12b1-437f-8a24-75b538f3dab6 ] Request (InstanceActionsV221TestJSON:test_get_list_deleted_instance_actions): 204 DELETE http://10.180.1.21/compute/v2.1/servers/0baab4a4-5b9e-4c44-9bd8-d7fb66f9d32f 12.756s
2025-12-01 17:28:40.818 65994 INFO tempest.lib.common.rest_client [req-da319bd4-5faa-42fe-b5a3-236ad0621bc8 req-da319bd4-5faa-42fe-b5a3-236ad0621bc8 ] Request (FlavorsAdminTestJSON:_run_cleanups): 200 GET http://10.180.1.21/compute/v2.1/flavors/detail 12.637s
2025-12-01 17:28:41.081 65966 INFO tempest.lib.common.rest_client [req-c83d2aa3-7d43-46fc-8024-42ec48f5ea78 req-c83d2aa3-7d43-46fc-8024-42ec48f5ea78 ] Request (ImagesMetadataTestJSON:setUp): 200 PUT http://10.180.1.21/compute/v2.1/images/07a193e3-000e-4fc1-afe6-fefee2fbdc96/metadata 12.824s
2025-12-01 17:28:41.099 65980 INFO tempest.lib.common.rest_client [req-2b28fa24-0f7a-4daa-a169-daa5f5ba0882 req-2b28fa24-0f7a-4daa-a169-daa5f5ba0882 ] Request (FlavorsAccessNegativeTestJSON:_run_cleanups): 202 DELETE http://10.180.1.21/compute/v2.1/flavors/469099752 12.629s
2025-12-01 17:28:41.207 66006 INFO tempest.lib.common.rest_client [req-7c74dfd8-a83d-4f70-a753-a0e4d95310ab req-7c74dfd8-a83d-4f70-a753-a0e4d95310ab ] Request (SecurityGroupsTestAdminJSON:test_list_security_groups_list_all_tenants_filter): 200 GET http://10.180.1.21/compute/v2.1/os-security-groups?all_tenants=true 17.651s
2025-12-01 17:28:41.242 65964 INFO tempest.lib.common.rest_client [req-918bcb35-1c5c-4a8e-ab3a-a05aad54c271 req-918bcb35-1c5c-4a8e-ab3a-a05aad54c271 ] Request (ServersAdminTestJSON:setUpClass): 200 GET http://10.180.1.21/compute/v2.1/servers/e208bce9-8305-4182-b3bb-248bcce96f3f 12.079s
2025-12-01 17:28:41.250 65964 INFO tempest.common.waiters [-] State transition "BUILD/None" ==> "BUILD/spawning" after 13 second wait
2025-12-01 17:28:41.309 65960 INFO tempest.lib.common.rest_client [req-0c8b88b1-9599-4224-9e29-fc76051e1f6f req-0c8b88b1-9599-4224-9e29-fc76051e1f6f ] Request (FlavorsV2TestJSON:test_list_flavors_detailed_filter_by_min_ram): 200 GET http://10.180.1.21/compute/v2.1/flavors/detail?minRam=193 10.836s
2025-12-01 17:28:41.314 65954 INFO tempest.lib.common.rest_client [req-aec4b04b-833f-4b6b-a4bc-383012706ab2 req-aec4b04b-833f-4b6b-a4bc-383012706ab2 ] Request (HypervisorAdminNegativeTestJSON:test_get_nonexistent_hypervisor_uptime): 404 GET http://10.180.1.21/compute/v2.1/os-hypervisors/d42f4f5c-cd0d-47b5-9d3a-cda514f25188/uptime 10.832s
2025-12-01 17:28:41.331 65956 INFO tempest.lib.common.rest_client [req-aab8bac0-b9ea-4373-8c33-34607c853a4e req-aab8bac0-b9ea-4373-8c33-34607c853a4e ] Request (KeyPairsV210TestJSON:_run_cleanups): 204 DELETE http://10.180.1.21/compute/v2.1/os-keypairs/tempest-KeyPairsV210TestJSON-keypair-1310120953 10.831s
2025-12-01 17:28:41.345 65970 INFO tempest.lib.common.rest_client [req-988ccb87-56a2-490c-b1c8-0c5dd2d5bdea req-988ccb87-56a2-490c-b1c8-0c5dd2d5bdea ] Request (FlavorsV255TestJSON:_run_cleanups): 202 DELETE http://10.180.1.21/compute/v2.1/flavors/416296946 10.822s
2025-12-01 17:28:41.354 65996 INFO tempest.lib.common.rest_client [req-6d2f79e2-7100-4b18-9708-3e812e37a75d req-6d2f79e2-7100-4b18-9708-3e812e37a75d ] Request (VolumesAssistedSnapshotsTest:test_volume_assisted_snapshot_create_delete): 200 GET http://10.180.1.21/compute/v2.1/servers/42a3cdbd-b7a1-4c2a-aa4f-d1676e8e2076 10.923s
2025-12-01 17:28:41.481 66000 INFO tempest.lib.common.rest_client [req-32564e48-a587-4bd3-baad-8975cbcc0c39 req-32564e48-a587-4bd3-baad-8975cbcc0c39 ] Request (QuotasAdminTestJSON:test_delete_quota): 200 PUT http://10.180.1.21/compute/v2.1/os-quota-sets/67f2b22090c648f8a7ea4651ae66b099 10.476s
2025-12-01 17:28:41.776 65974 INFO tempest.lib.common.rest_client [req-e74f4c88-d26d-4b29-b6d5-b5770fbeec3e req-e74f4c88-d26d-4b29-b6d5-b5770fbeec3e ] Request (ImagesNegativeTestJSON:test_create_image_from_deleted_server): 202 POST http://10.180.1.21/compute/v2.1/servers 11.027s
2025-12-01 17:28:41.980 66004 INFO tempest.lib.common.rest_client [req-c9b20823-e9cc-410a-95ae-76996eff6112 req-c9b20823-e9cc-410a-95ae-76996eff6112 ] Request (DeleteServersTestJSON:test_delete_active_server): 200 GET http://10.180.1.21/compute/v2.1/servers/751ca4e6-c03a-4a8e-9873-508c935ab9d9 7.869s
2025-12-01 17:28:42.005 65952 INFO tempest.lib.common.rest_client [req-d3af81a5-465e-49f0-aec7-4c686fb8b606 req-d3af81a5-465e-49f0-aec7-4c686fb8b606 ] Request (FlavorsExtraSpecsTestJSON:test_flavor_set_get_update_show_unset_keys): 200 POST http://10.180.1.21/compute/v2.1/flavors/1206194273/os-extra_specs 7.516s
2025-12-01 17:28:42.033 66008 INFO tempest.lib.common.rest_client [req-9b85aa8e-214a-42f6-acea-eda2871861f6 req-9b85aa8e-214a-42f6-acea-eda2871861f6 ] Request (ServicesAdminNegativeV253TestJSON:test_get_service_by_invalid_service_and_valid_host): 200 GET http://10.180.1.21/compute/v2.1/os-services 7.523s
2025-12-01 17:28:42.059 65976 INFO tempest.lib.common.rest_client [req-708b52a0-872e-48fe-9aa7-f7855c70093a req-708b52a0-872e-48fe-9aa7-f7855c70093a ] Request (AggregatesAdminNegativeTestJSON:_run_cleanups): 200 DELETE http://10.180.1.21/compute/v2.1/os-aggregates/1 7.441s
2025-12-01 17:28:42.063 65986 INFO tempest.lib.common.rest_client [req-39e3e912-b940-4fe3-ab69-4b3061d9e0ea req-39e3e912-b940-4fe3-ab69-4b3061d9e0ea ] Request (FloatingIPDetailsTestJSON:test_get_floating_ip_details): 200 POST http://10.180.1.21/compute/v2.1/os-floating-ips 10.412s
2025-12-01 17:28:42.132 65968 INFO tempest.lib.common.rest_client [req-4a74cd03-8593-46d4-b12d-c9b175167663 req-4a74cd03-8593-46d4-b12d-c9b175167663 ] Request (ServersTestJSON:setUpClass): 200 POST http://10.180.1.21/compute/v2.1/os-keypairs 6.214s
2025-12-01 17:28:42.258 65998 INFO tempest.lib.common.rest_client [req-b48e3f1d-9fcc-4026-86d6-2e1a3bdb0e49 req-b48e3f1d-9fcc-4026-86d6-2e1a3bdb0e49 ] Request (MigrationsAdminTest:test_list_migrations_in_flavor_resize_situation): 200 GET http://10.180.1.21/compute/v2.1/servers/5f2e5c76-14df-4e86-bbd0-2dc3a366cc6e 6.783s
2025-12-01 17:28:42.265 65968 INFO tempest.lib.common.rest_client [req-11c9482e-786a-4352-ab07-b80c03c3a29c req-11c9482e-786a-4352-ab07-b80c03c3a29c ] Request (ServersTestJSON:setUpClass): 201 POST http://10.180.1.21/networking/v2.0/security-groups 0.131s
2025-12-01 17:28:42.283 65984 INFO tempest.lib.common.rest_client [req-13cbfdd5-f8f4-482c-ab8a-ace602fdbcf1 req-13cbfdd5-f8f4-482c-ab8a-ace602fdbcf1 ] Request (ServersWithSpecificFlavorTestJSON:test_verify_created_server_ephemeral_disk): 200 POST http://10.180.1.21/compute/v2.1/flavors 5.975s
2025-12-01 17:28:42.290 65978 INFO tempest.lib.common.rest_client [req-c3f20b5b-dc32-4ba6-bd3e-8874f21f5630 req-c3f20b5b-dc32-4ba6-bd3e-8874f21f5630 ] Request (HypervisorAdminNegativeUnderV252Test:test_show_servers_with_non_admin_user): 403 GET http://10.180.1.21/compute/v2.1/os-hypervisors/1/servers 5.957s
2025-12-01 17:28:42.358 65958 INFO tempest.lib.common.rest_client [req-c8effa2b-ef72-403f-b717-0c24ffb4fc96 req-c8effa2b-ef72-403f-b717-0c24ffb4fc96 ] Request (DeleteServersAdminTestJSON:test_admin_delete_servers_of_others): 204 DELETE http://10.180.1.21/compute/v2.1/servers/633058ef-87e1-4f7d-97ee-f5d476fd9c4b 6.074s
2025-12-01 17:28:42.366 65968 INFO tempest.lib.common.rest_client [req-45f767a8-6ae9-4516-a881-7bddb6201add req-45f767a8-6ae9-4516-a881-7bddb6201add ] Request (ServersTestJSON:setUpClass): 201 POST http://10.180.1.21/networking/v2.0/security-group-rules 0.100s
2025-12-01 17:28:42.469 65968 INFO tempest.lib.common.rest_client [req-8116627e-6daf-4bf0-87d4-612ae5503abd req-8116627e-6daf-4bf0-87d4-612ae5503abd ] Request (ServersTestJSON:setUpClass): 201 POST http://10.180.1.21/networking/v2.0/security-group-rules 0.101s
2025-12-01 17:28:42.831 65990 INFO tempest.lib.common.rest_client [req-373f7c55-3f35-40e5-a3ff-afaa57fe3aa7 req-373f7c55-3f35-40e5-a3ff-afaa57fe3aa7 ] Request (ServerDiagnosticsV248Test:test_get_server_diagnostics): 200 GET http://10.180.1.21/compute/v2.1/servers/0871af5e-d276-45d5-94c1-0f349ca8c8ff/diagnostics 6.351s
2025-12-01 17:28:42.893 65968 INFO tempest.lib.common.rest_client [req-944e6f9f-e15d-4626-98a9-388aa471106d req-944e6f9f-e15d-4626-98a9-388aa471106d ] Request (ServersTestJSON:setUpClass): 201 POST http://10.180.1.21/networking/v2.0/floatingips 0.423s
2025-12-01 17:28:42.952 65968 INFO tempest.lib.common.rest_client [req-c9ba39a8-d140-4dd2-b879-a42f16113bb5 req-c9ba39a8-d140-4dd2-b879-a42f16113bb5 ] Request (ServersTestJSON:setUpClass): 201 POST http://10.180.1.21/identity/v3/auth/tokens 0.055s
2025-12-01 17:28:42.952 65968 INFO tempest.lib.common.fixed_network [-] (ServersTestJSON:setUpClass) Found network {'id': 'dbc19674-61df-4f86-b431-1933a79f5d4d', 'name': 'tempest-ServersTestJSON-1248630843-network', 'tenant_id': '1f65bde038dd4416a12e2cc3a287240d', 'project_id': '1f65bde038dd4416a12e2cc3a287240d', 'admin_state_up': True, 'mtu': 8950, 'status': 'ACTIVE', 'subnets': [], 'shared': False, 'port_security_enabled': True, 'router:external': False, 'provider:network_type': 'vlan', 'provider:physical_network': 'default', 'provider:segmentation_id': 781, 'availability_zone_hints': [], 'availability_zones': [], 'ipv4_address_scope': None, 'ipv6_address_scope': None, 'description': '', 'tags': [], 'created_at': '2025-12-01T17:28:32Z', 'updated_at': '2025-12-01T17:28:32Z', 'revision_number': 1} available for tenant
2025-12-01 17:28:42.972 65972 INFO tempest.lib.common.rest_client [req-dfaae0c0-4065-43d5-8192-8af74135deb1 req-dfaae0c0-4065-43d5-8192-8af74135deb1 ] Request (FloatingIPsAssociationNegativeTestJSON:test_associate_ip_to_server_with_floating_ip): 200 POST http://10.180.1.21/compute/v2.1/os-floating-ips 5.412s
2025-12-01 17:28:43.055 66012 INFO tempest.lib.common.rest_client [req-6f42f552-aaa2-46ed-b3b0-d7cf84bc52ce req-6f42f552-aaa2-46ed-b3b0-d7cf84bc52ce ] Request (ServerActionsTestOtherA:setUpClass): 200 POST http://10.180.1.21/compute/v2.1/os-keypairs 4.264s
2025-12-01 17:28:43.165 65982 INFO tempest.lib.common.rest_client [req-f727e8df-4bc6-49ff-a3a0-d9ab6dddb1d4 req-f727e8df-4bc6-49ff-a3a0-d9ab6dddb1d4 ] Request (TenantUsagesTestJSON:test_get_usage_tenant): 200 GET http://10.180.1.21/compute/v2.1/os-simple-tenant-usage/e6fbb40f53164bfabdaeb563d0c25f45?start=2025-11-30T17%3A28%3A38.916930&end=2025-12-02T17%3A28%3A38.916930 4.247s
2025-12-01 17:28:43.223 66012 INFO tempest.lib.common.rest_client [req-b269fcc0-415d-432f-8704-fcf6edb72027 req-b269fcc0-415d-432f-8704-fcf6edb72027 ] Request (ServerActionsTestOtherA:setUpClass): 201 POST http://10.180.1.21/networking/v2.0/security-groups 0.166s
2025-12-01 17:28:43.277 65992 INFO tempest.lib.common.rest_client [req-b21d8230-6e29-40e1-b3e1-679f0bbb91d9 req-b21d8230-6e29-40e1-b3e1-679f0bbb91d9 ] Request (VolumesAdminNegativeTest:test_update_attached_volume_with_nonexistent_volume_in_uri): 200 GET http://10.180.1.21/compute/v2.1/servers/715d9ff0-06d9-4169-98e9-b39eaa29aa33 3.453s
2025-12-01 17:28:43.354 66012 INFO tempest.lib.common.rest_client [req-082ebecd-fdb8-4df1-8d1a-299792537c9c req-082ebecd-fdb8-4df1-8d1a-299792537c9c ] Request (ServerActionsTestOtherA:setUpClass): 201 POST http://10.180.1.21/networking/v2.0/security-group-rules 0.131s
2025-12-01 17:28:43.496 65962 INFO tempest.lib.common.rest_client [req-bfc2d3cd-020c-48e5-a351-055e2fec82e1 req-bfc2d3cd-020c-48e5-a351-055e2fec82e1 ] Request (ImagesTestJSON:test_create_image_from_stopped_server): 202 POST http://10.180.1.21/compute/v2.1/servers 4.901s
2025-12-01 17:28:43.503 66012 INFO tempest.lib.common.rest_client [req-c1044bf0-f290-499e-aa2e-0f743b83a463 req-c1044bf0-f290-499e-aa2e-0f743b83a463 ] Request (ServerActionsTestOtherA:setUpClass): 201 POST http://10.180.1.21/networking/v2.0/security-group-rules 0.148s
2025-12-01 17:28:43.537 66014 INFO tempest.lib.common.rest_client [req-652d26d4-8451-447f-91c8-b0a0d85309e8 req-652d26d4-8451-447f-91c8-b0a0d85309e8 ] Request (FloatingIPsAssociationTestJSON:setUpClass): 200 GET http://10.180.1.21/compute/v2.1/servers/b6e32576-8ac6-4f16-b004-833275685aa5 3.299s
2025-12-01 17:28:43.546 66014 INFO tempest.common.waiters [-] State transition "BUILD/spawning" ==> "ACTIVE/None" after 26 second wait
2025-12-01 17:28:43.571 66002 INFO tempest.lib.common.rest_client [req-dbb5af4d-a3b5-4c98-a625-13afa46dc112 req-dbb5af4d-a3b5-4c98-a625-13afa46dc112 ] Request (ServersTestMultiNic:test_verify_duplicate_network_nics): 200 GET http://10.180.1.21/compute/v2.1/servers/607151fe-8540-47cc-9174-c6091132f7f8 2.926s
2025-12-01 17:28:43.591 65994 INFO tempest.lib.common.rest_client [req-9f43c9f5-3773-430b-9282-151ef133be02 req-9f43c9f5-3773-430b-9282-151ef133be02 ] Request (FlavorsAdminTestJSON:test_create_flavor_verify_entry_in_list_details): 200 POST http://10.180.1.21/compute/v2.1/flavors 2.767s
2025-12-01 17:28:43.609 66010 INFO tempest.lib.common.rest_client [req-1b9e5be5-8490-4d08-9f05-6504903e4ddb req-1b9e5be5-8490-4d08-9f05-6504903e4ddb ] Request (InstanceActionsV221TestJSON:test_get_list_deleted_instance_actions): 200 GET http://10.180.1.21/compute/v2.1/servers/0baab4a4-5b9e-4c44-9bd8-d7fb66f9d32f 2.818s
2025-12-01 17:28:43.635 65980 INFO tempest.lib.common.rest_client [req-2a709fe9-9cb7-4065-a587-90f558314001 req-2a709fe9-9cb7-4065-a587-90f558314001 ] Request (FlavorsAccessNegativeTestJSON:_run_cleanups): 200 GET http://10.180.1.21/compute/v2.1/flavors/detail 2.535s
2025-12-01 17:28:43.783 65966 INFO tempest.lib.common.rest_client [req-465b1953-1ab0-429d-bf0f-4b7b1f7b558c req-465b1953-1ab0-429d-bf0f-4b7b1f7b558c ] Request (ImagesMetadataTestJSON:test_delete_image_metadata_item): 204 DELETE http://10.180.1.21/compute/v2.1/images/07a193e3-000e-4fc1-afe6-fefee2fbdc96/metadata/os_version 2.701s
2025-12-01 17:28:43.804 65954 INFO tempest.lib.common.rest_client [req-df77b952-611f-4a56-88c0-0fcedffdac1f req-df77b952-611f-4a56-88c0-0fcedffdac1f ] Request (HypervisorAdminNegativeTestJSON:test_show_hypervisor_with_non_admin_user): 200 GET http://10.180.1.21/compute/v2.1/os-hypervisors 2.488s
2025-12-01 17:28:43.810 66006 INFO tempest.lib.common.rest_client [req-2f9d3de2-2fd5-4758-99d9-38fcda8a029c req-2f9d3de2-2fd5-4758-99d9-38fcda8a029c ] Request (SecurityGroupsTestAdminJSON:test_list_security_groups_list_all_tenants_filter): 200 GET http://10.180.1.21/compute/v2.1/os-security-groups?all_tenants=true 2.594s
2025-12-01 17:28:43.818 65960 INFO tempest.lib.common.rest_client [req-cfbb693e-6034-4225-ad4f-e72596feb54b req-cfbb693e-6034-4225-ad4f-e72596feb54b ] Request (FlavorsV2TestJSON:test_list_flavors_detailed_limit_results): 200 GET http://10.180.1.21/compute/v2.1/flavors/detail?limit=1 2.503s
2025-12-01 17:28:43.832 65956 INFO tempest.lib.common.rest_client [req-ddf27697-53ee-41c5-bd47-de064fccc92c req-ddf27697-53ee-41c5-bd47-de064fccc92c ] Request (KeyPairsV210TestJSON:_run_cleanups): 204 DELETE http://10.180.1.21/compute/v2.1/os-keypairs/tempest-keypair-553680559?user_id=e7698d3681e94c16ae5bda3441a124f8 2.501s
2025-12-01 17:28:43.842 65970 INFO tempest.lib.common.rest_client [req-5a63bce5-bd42-460e-b332-ab410eedd5b3 req-5a63bce5-bd42-460e-b332-ab410eedd5b3 ] Request (FlavorsV255TestJSON:_run_cleanups): 200 GET http://10.180.1.21/compute/v2.1/flavors/detail 2.496s
2025-12-01 17:28:43.846 66000 INFO tempest.lib.common.rest_client [req-54d939e6-5cd8-410b-bd92-f0984c98f1da req-54d939e6-5cd8-410b-bd92-f0984c98f1da ] Request (QuotasAdminTestJSON:test_delete_quota): 202 DELETE http://10.180.1.21/compute/v2.1/os-quota-sets/67f2b22090c648f8a7ea4651ae66b099 2.362s
2025-12-01 17:28:43.895 65952 INFO tempest.lib.common.rest_client [req-e31b1196-de27-45a5-93c9-7063cca72456 req-e31b1196-de27-45a5-93c9-7063cca72456 ] Request (FlavorsExtraSpecsTestJSON:test_flavor_set_get_update_show_unset_keys): 200 GET http://10.180.1.21/compute/v2.1/flavors/1206194273/os-extra_specs 1.887s
2025-12-01 17:28:43.912 65974 INFO tempest.lib.common.rest_client [req-696c0b2f-4527-4288-aa5b-f4b5f72c1040 req-696c0b2f-4527-4288-aa5b-f4b5f72c1040 ] Request (ImagesNegativeTestJSON:test_create_image_from_deleted_server): 200 GET http://10.180.1.21/compute/v2.1/servers/8a5c9b23-3d70-4abe-8836-f7e292d5a730 2.134s
2025-12-01 17:28:43.917 66012 INFO tempest.lib.common.rest_client [req-77175918-ec0c-4a43-88d8-41c18e8cf2cc req-77175918-ec0c-4a43-88d8-41c18e8cf2cc ] Request (ServerActionsTestOtherA:setUpClass): 201 POST http://10.180.1.21/networking/v2.0/floatingips 0.413s
2025-12-01 17:28:43.919 66008 INFO tempest.lib.common.rest_client [req-0bbc50d5-725a-4687-a73c-a1deb74914e4 req-0bbc50d5-725a-4687-a73c-a1deb74914e4 ] Request (ServicesAdminNegativeV253TestJSON:test_get_service_by_invalid_service_and_valid_host): 200 GET http://10.180.1.21/compute/v2.1/os-services?host=devstack&binary=xxx 1.883s
2025-12-01 17:28:43.954 65976 INFO tempest.lib.common.rest_client [req-6a0c2e1b-6409-4168-941c-35731f6bab82 req-6a0c2e1b-6409-4168-941c-35731f6bab82 ] Request (AggregatesAdminNegativeTestJSON:test_aggregate_add_host_as_user): 200 POST http://10.180.1.21/compute/v2.1/os-aggregates 1.889s
2025-12-01 17:28:43.965 66012 INFO tempest.lib.common.rest_client [req-d9989e3f-0cb0-4c16-9d78-3c3300fa8d71 req-d9989e3f-0cb0-4c16-9d78-3c3300fa8d71 ] Request (ServerActionsTestOtherA:setUpClass): 201 POST http://10.180.1.21/identity/v3/auth/tokens 0.043s
2025-12-01 17:28:43.965 66012 INFO tempest.lib.common.fixed_network [-] (ServerActionsTestOtherA:setUpClass) Found network {'id': 'cde289a3-e002-47ed-a51f-1a80f148953d', 'name': 'tempest-ServerActionsTestOtherA-1553787780-network', 'tenant_id': '8687ba83074345c580301347a37d5fd0', 'project_id': '8687ba83074345c580301347a37d5fd0', 'admin_state_up': True, 'mtu': 8950, 'status': 'ACTIVE', 'subnets': [], 'shared': False, 'port_security_enabled': True, 'router:external': False, 'provider:network_type': 'vlan', 'provider:physical_network': 'default', 'provider:segmentation_id': 253, 'availability_zone_hints': [], 'availability_zones': [], 'ipv4_address_scope': None, 'ipv6_address_scope': None, 'description': '', 'tags': [], 'created_at': '2025-12-01T17:28:34Z', 'updated_at': '2025-12-01T17:28:34Z', 'revision_number': 1} available for tenant
2025-12-01 17:28:44.018 65970 INFO tempest.lib.common.rest_client [req-156b7afc-5ece-4298-9ff2-2457c0dc24cc req-156b7afc-5ece-4298-9ff2-2457c0dc24cc ] Request (FlavorsV255TestJSON:tearDownClass): 204 DELETE http://10.180.1.21/identity/v3/users/3abae7ff0eab4ab7bf493b65a694b31e 0.164s
2025-12-01 17:28:44.114 65986 INFO tempest.lib.common.rest_client [req-341966c9-6613-4e63-ae0a-3f36b118b4f4 req-341966c9-6613-4e63-ae0a-3f36b118b4f4 ] Request (FloatingIPDetailsTestJSON:test_get_floating_ip_details): 200 GET http://10.180.1.21/compute/v2.1/os-floating-ips/d17b7a4c-13ed-471d-a43e-3e1f98be5cf2 2.048s
2025-12-01 17:28:44.142 65984 INFO tempest.lib.common.rest_client [req-d0b52078-b78d-4900-a873-6fbc963b77d8 req-d0b52078-b78d-4900-a873-6fbc963b77d8 ] Request (ServersWithSpecificFlavorTestJSON:test_verify_created_server_ephemeral_disk): 200 GET http://10.180.1.21/compute/v2.1/flavors/42/os-extra_specs 1.857s
2025-12-01 17:28:44.158 65978 INFO tempest.lib.common.rest_client [req-abb36d3a-d141-4b30-aac3-011f641fc901 req-abb36d3a-d141-4b30-aac3-011f641fc901 ] Request (HypervisorAdminNegativeUnderV252Test:test_show_servers_with_nonexistent_hypervisor): 404 GET http://10.180.1.21/compute/v2.1/os-hypervisors/7c5543c0-14e8-4718-b11d-ebecbe706bac/servers 1.866s
2025-12-01 17:28:44.166 65964 INFO tempest.lib.common.rest_client [req-2d336c4b-4b6e-4522-8bbe-13e37d1758e6 req-2d336c4b-4b6e-4522-8bbe-13e37d1758e6 ] Request (ServersAdminTestJSON:setUpClass): 200 GET http://10.180.1.21/compute/v2.1/servers/e208bce9-8305-4182-b3bb-248bcce96f3f 1.914s
2025-12-01 17:28:44.180 65970 INFO tempest.lib.common.rest_client [req-817df021-8e03-4f2b-a59c-96a6e5500e5e req-817df021-8e03-4f2b-a59c-96a6e5500e5e ] Request (FlavorsV255TestJSON:tearDownClass): 204 DELETE http://10.180.1.21/identity/v3/users/e83a42e0e26240a6b7c0563cabf67b62 0.161s
2025-12-01 17:28:44.181 65970 INFO tempest.lib.common.dynamic_creds [-] Deleting project and security group for project: 53da5c11ef3844e48dbb9f91673ae4ca
2025-12-01 17:28:44.243 65970 INFO tempest.lib.common.rest_client [req-bb825286-0241-49e3-963c-b5b66b3a620b req-bb825286-0241-49e3-963c-b5b66b3a620b ] Request (FlavorsV255TestJSON:tearDownClass): 201 POST http://10.180.1.21/identity/v3/auth/tokens 0.062s
2025-12-01 17:28:44.262 65958 INFO tempest.lib.common.rest_client [req-e5d07fc3-c0e1-413f-be1b-d9ef8b428883 req-e5d07fc3-c0e1-413f-be1b-d9ef8b428883 ] Request (DeleteServersAdminTestJSON:test_admin_delete_servers_of_others): 200 GET http://10.180.1.21/compute/v2.1/servers/633058ef-87e1-4f7d-97ee-f5d476fd9c4b 1.903s
2025-12-01 17:28:44.274 65978 INFO tempest.lib.common.rest_client [req-7e2da0df-2d60-4064-92a1-cefa5ec8a1a0 req-7e2da0df-2d60-4064-92a1-cefa5ec8a1a0 ] Request (HypervisorAdminNegativeUnderV252Test:tearDownClass): 204 DELETE http://10.180.1.21/identity/v3/users/9e342c764e154b918b51a5efbe4d5ab0 0.114s
2025-12-01 17:28:44.302 65996 INFO tempest.lib.common.rest_client [req-ba6fef2e-a5ba-4f28-b477-bcf21d45eb50 req-ba6fef2e-a5ba-4f28-b477-bcf21d45eb50 ] Request (VolumesAssistedSnapshotsTest:test_volume_assisted_snapshot_create_delete): 200 GET http://10.180.1.21/compute/v2.1/servers/42a3cdbd-b7a1-4c2a-aa4f-d1676e8e2076 1.936s
2025-12-01 17:28:44.332 65990 INFO tempest.lib.common.rest_client [req-030467ec-caa5-4375-a06e-2cddbbc02a48 req-030467ec-caa5-4375-a06e-2cddbbc02a48 ] Request (ServerDiagnosticsV248Test:tearDownClass): 204 DELETE http://10.180.1.21/compute/v2.1/servers/0871af5e-d276-45d5-94c1-0f349ca8c8ff 1.488s
2025-12-01 17:28:44.372 65978 INFO tempest.lib.common.rest_client [req-fdfb5dc3-9c8c-4a20-b017-132d37339c5b req-fdfb5dc3-9c8c-4a20-b017-132d37339c5b ] Request (HypervisorAdminNegativeUnderV252Test:tearDownClass): 204 DELETE http://10.180.1.21/identity/v3/users/eed5e66ba8fc410fa0b5bf6bc03d02e6 0.097s
2025-12-01 17:28:44.373 65978 INFO tempest.lib.common.dynamic_creds [-] Deleting project and security group for project: 40bc147400ed46c992eee6616ab43f4a
2025-12-01 17:28:44.440 65978 INFO tempest.lib.common.rest_client [req-c282b3da-fadb-443f-80b5-251164143f9a req-c282b3da-fadb-443f-80b5-251164143f9a ] Request (HypervisorAdminNegativeUnderV252Test:tearDownClass): 201 POST http://10.180.1.21/identity/v3/auth/tokens 0.067s
2025-12-01 17:28:44.456 65970 INFO tempest.lib.common.rest_client [req-047532e8-634f-455b-ad84-a401dbf3012a req-047532e8-634f-455b-ad84-a401dbf3012a ] Request (FlavorsV255TestJSON:tearDownClass): 200 GET http://10.180.1.21/networking/v2.0/security-groups?tenant_id=53da5c11ef3844e48dbb9f91673ae4ca&name=default 0.212s
2025-12-01 17:28:44.619 65978 INFO tempest.lib.common.rest_client [req-30bd40b6-47df-4227-80bb-9f9682b0abd8 req-30bd40b6-47df-4227-80bb-9f9682b0abd8 ] Request (HypervisorAdminNegativeUnderV252Test:tearDownClass): 200 GET http://10.180.1.21/networking/v2.0/security-groups?tenant_id=40bc147400ed46c992eee6616ab43f4a&name=default 0.178s
2025-12-01 17:28:44.621 65970 INFO tempest.lib.common.rest_client [req-4478b10a-390c-4a61-af2f-a8ffdef90853 req-4478b10a-390c-4a61-af2f-a8ffdef90853 ] Request (FlavorsV255TestJSON:tearDownClass): 204 DELETE http://10.180.1.21/networking/v2.0/security-groups/9f2ef93e-d4e3-4519-ac0d-e254bf6cb242 0.164s
2025-12-01 17:28:44.686 65970 INFO tempest.lib.common.rest_client [req-71de972d-88fa-4625-bdb9-2a944bf7b363 req-71de972d-88fa-4625-bdb9-2a944bf7b363 ] Request (FlavorsV255TestJSON:tearDownClass): 204 DELETE http://10.180.1.21/identity/v3/projects/53da5c11ef3844e48dbb9f91673ae4ca 0.064s
2025-12-01 17:28:44.686 65970 INFO tempest.lib.common.dynamic_creds [-] Deleting project and security group for project: ec3e40748f0a44b6adb5b8dd1ea36ec6
2025-12-01 17:28:44.745 65978 INFO tempest.lib.common.rest_client [req-5dffcf52-1aae-4528-ada0-b98cb8a1157d req-5dffcf52-1aae-4528-ada0-b98cb8a1157d ] Request (HypervisorAdminNegativeUnderV252Test:tearDownClass): 204 DELETE http://10.180.1.21/networking/v2.0/security-groups/e4bbf6de-a0b6-4e13-98a0-45c49d82440e 0.125s
2025-12-01 17:28:44.849 65978 INFO tempest.lib.common.rest_client [req-322a4435-474d-4050-a6f2-72c7f58e4a52 req-322a4435-474d-4050-a6f2-72c7f58e4a52 ] Request (HypervisorAdminNegativeUnderV252Test:tearDownClass): 204 DELETE http://10.180.1.21/identity/v3/projects/40bc147400ed46c992eee6616ab43f4a 0.103s
2025-12-01 17:28:44.849 65978 INFO tempest.lib.common.dynamic_creds [-] Deleting project and security group for project: 3e4eae90c1f24f55911a11e61d931eef
2025-12-01 17:28:45.264 65970 INFO tempest.lib.common.rest_client [req-3bf2b3c1-35e0-497e-8242-2d059bfee577 req-3bf2b3c1-35e0-497e-8242-2d059bfee577 ] Request (FlavorsV255TestJSON:tearDownClass): 200 GET http://10.180.1.21/networking/v2.0/security-groups?tenant_id=ec3e40748f0a44b6adb5b8dd1ea36ec6&name=default 0.578s
2025-12-01 17:28:45.382 65978 INFO tempest.lib.common.rest_client [req-4f135ae6-fb77-43f2-b009-d509824b1cec req-4f135ae6-fb77-43f2-b009-d509824b1cec ] Request (HypervisorAdminNegativeUnderV252Test:tearDownClass): 200 GET http://10.180.1.21/networking/v2.0/security-groups?tenant_id=3e4eae90c1f24f55911a11e61d931eef&name=default 0.533s
2025-12-01 17:28:45.960 65970 INFO tempest.lib.common.rest_client [req-58422d80-97d1-4f54-999e-8af920e93a4a req-58422d80-97d1-4f54-999e-8af920e93a4a ] Request (FlavorsV255TestJSON:tearDownClass): 204 DELETE http://10.180.1.21/networking/v2.0/security-groups/fa0576f4-f45f-461c-9b87-4b066d1852b5 0.695s
2025-12-01 17:28:46.069 65978 INFO tempest.lib.common.rest_client [req-57b3a9c4-bd89-4099-9e65-8b58fadaee19 req-57b3a9c4-bd89-4099-9e65-8b58fadaee19 ] Request (HypervisorAdminNegativeUnderV252Test:tearDownClass): 204 DELETE http://10.180.1.21/networking/v2.0/security-groups/66b7c9e8-03ae-48b2-91d0-78e3a22e080d 0.686s
2025-12-01 17:28:46.114 65970 INFO tempest.lib.common.rest_client [req-93cf8f66-060f-4ccf-bd03-cbab50041289 req-93cf8f66-060f-4ccf-bd03-cbab50041289 ] Request (FlavorsV255TestJSON:tearDownClass): 204 DELETE http://10.180.1.21/identity/v3/projects/ec3e40748f0a44b6adb5b8dd1ea36ec6 0.153s
2025-12-01 17:28:46.146 65970 INFO tempest.lib.common.rest_client [req-d40aa1d6-8085-45a0-a67a-4d0f93df6dac req-d40aa1d6-8085-45a0-a67a-4d0f93df6dac ] Request (ServersAdmin275Test:setUpClass): 201 POST http://10.180.1.21/identity/v3/auth/tokens 0.029s
2025-12-01 17:28:46.174 65978 INFO tempest.lib.common.rest_client [req-db0a5d37-5478-4d79-85d5-4ae2501d9349 req-db0a5d37-5478-4d79-85d5-4ae2501d9349 ] Request (HypervisorAdminNegativeUnderV252Test:tearDownClass): 204 DELETE http://10.180.1.21/identity/v3/projects/3e4eae90c1f24f55911a11e61d931eef 0.104s
2025-12-01 17:28:46.211 65970 INFO tempest.lib.common.rest_client [req-40090bc6-e7ad-45d8-b300-9c65933b123c req-40090bc6-e7ad-45d8-b300-9c65933b123c ] Request (ServersAdmin275Test:setUpClass): 201 POST http://10.180.1.21/identity/v3/auth/tokens 0.062s
2025-12-01 17:28:46.231 65978 INFO tempest.lib.common.rest_client [req-de06583c-4795-48dc-bd3d-33978176a6e4 req-de06583c-4795-48dc-bd3d-33978176a6e4 ] Request (AttachInterfacesUnderV243Test:setUpClass): 201 POST http://10.180.1.21/identity/v3/auth/tokens 0.055s
2025-12-01 17:28:46.234 65970 INFO tempest.lib.common.rest_client [req-d3e67202-e023-4089-87de-953e7a7a221b req-d3e67202-e023-4089-87de-953e7a7a221b ] Request (ServersAdmin275Test:setUpClass): 200 GET http://10.180.1.21/identity/v3/domains?name=Default 0.023s
2025-12-01 17:28:46.262 65970 INFO tempest.lib.common.rest_client [req-b058bfa1-03a0-43fd-87fe-9216eacf93e8 req-b058bfa1-03a0-43fd-87fe-9216eacf93e8 ] Request (ServersAdmin275Test:setUpClass): 201 POST http://10.180.1.21/identity/v3/projects 0.027s
2025-12-01 17:28:46.264 65978 INFO tempest.lib.common.rest_client [req-3b5b3084-b95e-41dc-8d47-7a773d7bdd6a req-3b5b3084-b95e-41dc-8d47-7a773d7bdd6a ] Request (AttachInterfacesUnderV243Test:setUpClass): 201 POST http://10.180.1.21/identity/v3/auth/tokens 0.030s
2025-12-01 17:28:46.337 65978 INFO tempest.lib.common.rest_client [req-f149a823-66a9-4e46-af70-45cb86210204 req-f149a823-66a9-4e46-af70-45cb86210204 ] Request (AttachInterfacesUnderV243Test:setUpClass): 200 GET http://10.180.1.21/identity/v3/domains?name=Default 0.072s
2025-12-01 17:28:46.337 65970 INFO tempest.lib.common.rest_client [req-453feb9d-3ff5-4d5c-9a8f-9eea61c55c67 req-453feb9d-3ff5-4d5c-9a8f-9eea61c55c67 ] Request (ServersAdmin275Test:setUpClass): 201 POST http://10.180.1.21/identity/v3/users 0.074s
2025-12-01 17:28:46.364 65970 INFO tempest.lib.common.rest_client [req-a7db7dfe-335b-468f-86af-e1f58b2d4b6b req-a7db7dfe-335b-468f-86af-e1f58b2d4b6b ] Request (ServersAdmin275Test:setUpClass): 200 GET http://10.180.1.21/identity/v3/roles 0.025s
2025-12-01 17:28:46.370 65978 INFO tempest.lib.common.rest_client [req-734f3306-3a95-4d52-9ba0-faf89d75f269 req-734f3306-3a95-4d52-9ba0-faf89d75f269 ] Request (AttachInterfacesUnderV243Test:setUpClass): 201 POST http://10.180.1.21/identity/v3/projects 0.032s
2025-12-01 17:28:46.464 65978 INFO tempest.lib.common.rest_client [req-2a53afb6-3edd-4591-bb5c-18eb3840201a req-2a53afb6-3edd-4591-bb5c-18eb3840201a ] Request (AttachInterfacesUnderV243Test:setUpClass): 201 POST http://10.180.1.21/identity/v3/users 0.092s
2025-12-01 17:28:46.468 65970 INFO tempest.lib.common.rest_client [req-c1b144ce-455b-4a69-b2f1-fafeeffe9906 req-c1b144ce-455b-4a69-b2f1-fafeeffe9906 ] Request (ServersAdmin275Test:setUpClass): 204 PUT http://10.180.1.21/identity/v3/projects/2245ae297fb24c8cb7c49197e065936e/users/92d416f1ac0141c7938e9d6a05ab5c7a/roles/10aa5acdba0142158a95d429b89a9b83 0.104s
2025-12-01 17:28:46.469 65970 INFO tempest.lib.common.dynamic_creds [-] Dynamic test user 92d416f1ac0141c7938e9d6a05ab5c7a is created with scope project and roles: ['member']
2025-12-01 17:28:46.469 65970 INFO tempest.lib.common.dynamic_creds [-] Acquired dynamic creds: credentials: Credentials: {'domain_id': 'default', 'domain_name': 'Default', 'username': 'tempest-ServersAdmin275Test-155178332-project-member', 'project_domain_id': 'default', 'project_domain_name': 'Default', 'project_id': '2245ae297fb24c8cb7c49197e065936e', 'project_name': 'tempest-ServersAdmin275Test-155178332', 'tenant_id': '2245ae297fb24c8cb7c49197e065936e', 'tenant_name': 'tempest-ServersAdmin275Test-155178332', 'user_domain_id': 'default', 'user_domain_name': 'Default', 'user_id': '92d416f1ac0141c7938e9d6a05ab5c7a', 'system': None}, Network: None, Subnet: None, Router: None
2025-12-01 17:28:46.469 65970 INFO tempest.lib.common.dynamic_creds [-] Created isolated network resources for: credentials: Credentials: {'domain_id': 'default', 'domain_name': 'Default', 'username': 'tempest-ServersAdmin275Test-155178332-project-member', 'project_domain_id': 'default', 'project_domain_name': 'Default', 'project_id': '2245ae297fb24c8cb7c49197e065936e', 'project_name': 'tempest-ServersAdmin275Test-155178332', 'tenant_id': '2245ae297fb24c8cb7c49197e065936e', 'tenant_name': 'tempest-ServersAdmin275Test-155178332', 'user_domain_id': 'default', 'user_domain_name': 'Default', 'user_id': '92d416f1ac0141c7938e9d6a05ab5c7a', 'system': None}, Network: None, Subnet: None, Router: None
2025-12-01 17:28:46.470 65968 INFO tempest.lib.common.rest_client [req-616b6363-8865-476c-8d1a-f63f24ee5d9d req-616b6363-8865-476c-8d1a-f63f24ee5d9d ] Request (ServersTestJSON:setUpClass): 202 POST http://10.180.1.21/compute/v2.1/servers 3.516s
2025-12-01 17:28:46.536 65978 INFO tempest.lib.common.rest_client [req-3e870098-42e0-43ac-bcc2-fc565c8dcdce req-3e870098-42e0-43ac-bcc2-fc565c8dcdce ] Request (AttachInterfacesUnderV243Test:setUpClass): 200 GET http://10.180.1.21/identity/v3/roles 0.072s
2025-12-01 17:28:46.550 65970 INFO tempest.lib.common.rest_client [req-ea44c851-b9c0-443f-aabb-cae652530a7e req-ea44c851-b9c0-443f-aabb-cae652530a7e ] Request (ServersAdmin275Test:setUpClass): 201 POST http://10.180.1.21/identity/v3/auth/tokens 0.077s
2025-12-01 17:28:46.566 65978 INFO tempest.lib.common.rest_client [req-db104c62-3ce8-4513-bbef-9aecdbeca494 req-db104c62-3ce8-4513-bbef-9aecdbeca494 ] Request (AttachInterfacesUnderV243Test:setUpClass): 204 PUT http://10.180.1.21/identity/v3/projects/ea0712913b4242119a4a9dedadeda650/users/d97a175560984b7a98d09e3640eb7a73/roles/10aa5acdba0142158a95d429b89a9b83 0.030s
2025-12-01 17:28:46.566 65978 INFO tempest.lib.common.dynamic_creds [-] Dynamic test user d97a175560984b7a98d09e3640eb7a73 is created with scope project and roles: ['member']
2025-12-01 17:28:46.567 65978 INFO tempest.lib.common.dynamic_creds [-] Acquired dynamic creds: credentials: Credentials: {'domain_id': 'default', 'domain_name': 'Default', 'username': 'tempest-AttachInterfacesUnderV243Test-451567208-project-member', 'project_domain_id': 'default', 'project_domain_name': 'Default', 'project_id': 'ea0712913b4242119a4a9dedadeda650', 'project_name': 'tempest-AttachInterfacesUnderV243Test-451567208', 'tenant_id': 'ea0712913b4242119a4a9dedadeda650', 'tenant_name': 'tempest-AttachInterfacesUnderV243Test-451567208', 'user_domain_id': 'default', 'user_domain_name': 'Default', 'user_id': 'd97a175560984b7a98d09e3640eb7a73', 'system': None}, Network: None, Subnet: None, Router: None
2025-12-01 17:28:46.588 65970 INFO tempest.lib.common.rest_client [req-416b3078-09dc-448e-b84e-9b3e522084f4 req-416b3078-09dc-448e-b84e-9b3e522084f4 ] Request (ServersAdmin275Test:setUpClass): 201 POST http://10.180.1.21/identity/v3/projects 0.037s
2025-12-01 17:28:46.642 65978 INFO tempest.lib.common.rest_client [req-47b8d65a-8b73-4c02-b1eb-bab8fd272781 req-47b8d65a-8b73-4c02-b1eb-bab8fd272781 ] Request (AttachInterfacesUnderV243Test:setUpClass): 201 POST http://10.180.1.21/identity/v3/auth/tokens 0.075s
2025-12-01 17:28:46.656 65970 INFO tempest.lib.common.rest_client [req-3d18d5c2-7d2d-457c-b034-30401461b240 req-3d18d5c2-7d2d-457c-b034-30401461b240 ] Request (ServersAdmin275Test:setUpClass): 201 POST http://10.180.1.21/identity/v3/users 0.067s
2025-12-01 17:28:46.675 65970 INFO tempest.lib.common.rest_client [req-cc1f1651-8c49-4d8d-a5f0-958a38473464 req-cc1f1651-8c49-4d8d-a5f0-958a38473464 ] Request (ServersAdmin275Test:setUpClass): 200 GET http://10.180.1.21/identity/v3/roles 0.019s
2025-12-01 17:28:46.713 65970 INFO tempest.lib.common.rest_client [req-9914f9b3-2962-4c4a-b908-66b2c1348737 req-9914f9b3-2962-4c4a-b908-66b2c1348737 ] Request (ServersAdmin275Test:setUpClass): 204 PUT http://10.180.1.21/identity/v3/projects/7cb269730b9a466394ae4ac87c26bb5a/users/10db82a9f4384b57baba5fec08a71a2d/roles/e6c8c4a4266245fdae6e1dff641b9068 0.037s
2025-12-01 17:28:46.770 65970 INFO tempest.lib.common.rest_client [req-0a6488e0-a93f-4041-80ef-58dc25431f10 req-0a6488e0-a93f-4041-80ef-58dc25431f10 ] Request (ServersAdmin275Test:setUpClass): 200 GET http://10.180.1.21/identity/v3/roles 0.057s
2025-12-01 17:28:46.789 65970 INFO tempest.lib.common.rest_client [req-8e6e0e27-9a4c-4278-872b-3036778142a8 req-8e6e0e27-9a4c-4278-872b-3036778142a8 ] Request (ServersAdmin275Test:setUpClass): 204 PUT http://10.180.1.21/identity/v3/projects/7cb269730b9a466394ae4ac87c26bb5a/users/10db82a9f4384b57baba5fec08a71a2d/roles/e6c8c4a4266245fdae6e1dff641b9068 0.018s
2025-12-01 17:28:46.790 65970 INFO tempest.lib.common.dynamic_creds [-] Dynamic test user 10db82a9f4384b57baba5fec08a71a2d is created with scope project and roles: ['admin']
2025-12-01 17:28:46.790 65970 INFO tempest.lib.common.dynamic_creds [-] Acquired dynamic creds: credentials: Credentials: {'domain_id': 'default', 'domain_name': 'Default', 'username': 'tempest-ServersAdmin275Test-1271348192-project-admin', 'project_domain_id': 'default', 'project_domain_name': 'Default', 'project_id': '7cb269730b9a466394ae4ac87c26bb5a', 'project_name': 'tempest-ServersAdmin275Test-1271348192', 'tenant_id': '7cb269730b9a466394ae4ac87c26bb5a', 'tenant_name': 'tempest-ServersAdmin275Test-1271348192', 'user_domain_id': 'default', 'user_domain_name': 'Default', 'user_id': '10db82a9f4384b57baba5fec08a71a2d', 'system': None}, Network: None, Subnet: None, Router: None
2025-12-01 17:28:46.790 65970 INFO tempest.lib.common.dynamic_creds [-] Created isolated network resources for: credentials: Credentials: {'domain_id': 'default', 'domain_name': 'Default', 'username': 'tempest-ServersAdmin275Test-1271348192-project-admin', 'project_domain_id': 'default', 'project_domain_name': 'Default', 'project_id': '7cb269730b9a466394ae4ac87c26bb5a', 'project_name': 'tempest-ServersAdmin275Test-1271348192', 'tenant_id': '7cb269730b9a466394ae4ac87c26bb5a', 'tenant_name': 'tempest-ServersAdmin275Test-1271348192', 'user_domain_id': 'default', 'user_domain_name': 'Default', 'user_id': '10db82a9f4384b57baba5fec08a71a2d', 'system': None}, Network: None, Subnet: None, Router: None
2025-12-01 17:28:46.878 65970 INFO tempest.lib.common.rest_client [req-ce8866c7-c5c7-4f1c-848b-5350fb29e6e8 req-ce8866c7-c5c7-4f1c-848b-5350fb29e6e8 ] Request (ServersAdmin275Test:setUpClass): 201 POST http://10.180.1.21/identity/v3/auth/tokens 0.086s
2025-12-01 17:28:46.943 65970 INFO tempest.lib.common.rest_client [req-3c368ba3-068c-4710-bfe7-0980a4fd55b0 req-3c368ba3-068c-4710-bfe7-0980a4fd55b0 ] Request (ServersAdmin275Test:test_rebuild_update_server_275): 201 POST http://10.180.1.21/identity/v3/auth/tokens 0.061s
2025-12-01 17:28:46.944 65970 INFO tempest.lib.common.fixed_network [-] (ServersAdmin275Test:test_rebuild_update_server_275) Found network None available for tenant
2025-12-01 17:28:46.984 66004 INFO tempest.lib.common.rest_client [req-23f94176-31ea-47fc-8c96-23ba4d9fc373 req-23f94176-31ea-47fc-8c96-23ba4d9fc373 ] Request (DeleteServersTestJSON:test_delete_active_server): 200 GET http://10.180.1.21/compute/v2.1/servers/751ca4e6-c03a-4a8e-9873-508c935ab9d9 3.996s
2025-12-01 17:28:47.025 65978 INFO tempest.lib.common.rest_client [req-8bcb2f91-28b1-4661-88fc-909d035e6c31 req-8bcb2f91-28b1-4661-88fc-909d035e6c31 ] Request (AttachInterfacesUnderV243Test:setUpClass): 201 POST http://10.180.1.21/networking/v2.0/networks 0.383s
2025-12-01 17:28:47.031 65982 INFO tempest.lib.common.rest_client [req-fc7e8a82-80f5-4766-a2da-234fd086aafb req-fc7e8a82-80f5-4766-a2da-234fd086aafb ] Request (TenantUsagesTestJSON:test_get_usage_tenant_with_non_admin_user): 200 GET http://10.180.1.21/compute/v2.1/os-simple-tenant-usage/e6fbb40f53164bfabdaeb563d0c25f45?start=2025-11-30T17%3A28%3A38.916930&end=2025-12-02T17%3A28%3A38.916930 3.855s
2025-12-01 17:28:47.220 65978 INFO tempest.lib.common.rest_client [req-d3c97fd4-cbd5-4445-8891-035acf3f1850 req-d3c97fd4-cbd5-4445-8891-035acf3f1850 ] Request (AttachInterfacesUnderV243Test:setUpClass): 201 POST http://10.180.1.21/networking/v2.0/subnets 0.193s
2025-12-01 17:28:47.273 65972 INFO tempest.lib.common.rest_client [req-11c36d70-516c-4097-92b1-a55888b71c7a req-11c36d70-516c-4097-92b1-a55888b71c7a ] Request (FloatingIPsAssociationNegativeTestJSON:test_associate_ip_to_server_with_floating_ip): 202 POST http://10.180.1.21/compute/v2.1/servers/dfc48bcd-01b1-479f-902f-319b8b674189/action 4.296s
2025-12-01 17:28:47.298 65998 INFO tempest.lib.common.rest_client [req-957b444f-77ce-4e8c-8020-377b66357b12 req-957b444f-77ce-4e8c-8020-377b66357b12 ] Request (MigrationsAdminTest:test_list_migrations_in_flavor_resize_situation): 200 GET http://10.180.1.21/compute/v2.1/servers/5f2e5c76-14df-4e86-bbd0-2dc3a366cc6e 4.027s
2025-12-01 17:28:47.661 65962 INFO tempest.lib.common.rest_client [req-a5c0090f-64cd-44e9-be1f-58f321511255 req-a5c0090f-64cd-44e9-be1f-58f321511255 ] Request (ImagesTestJSON:test_create_image_from_stopped_server): 200 GET http://10.180.1.21/compute/v2.1/servers/7c9796a7-1b07-4d4c-9698-7c5e5c4635e4 4.163s
2025-12-01 17:28:47.695 65994 INFO tempest.lib.common.rest_client [req-0d60d15f-2392-443b-a9f7-b10c53c3b12e req-0d60d15f-2392-443b-a9f7-b10c53c3b12e ] Request (FlavorsAdminTestJSON:test_create_flavor_verify_entry_in_list_details): 200 GET http://10.180.1.21/compute/v2.1/flavors/detail 4.102s
2025-12-01 17:28:47.715 65980 INFO tempest.lib.common.rest_client [req-98b2fd38-d446-4300-813e-843d41254a18 req-98b2fd38-d446-4300-813e-843d41254a18 ] Request (FlavorsAccessNegativeTestJSON:test_flavor_access_list_with_public_flavor): 200 POST http://10.180.1.21/compute/v2.1/flavors 4.064s
2025-12-01 17:28:47.756 65966 INFO tempest.lib.common.rest_client [req-0973ba25-2446-4499-b66d-e99c7f3c7781 req-0973ba25-2446-4499-b66d-e99c7f3c7781 ] Request (ImagesMetadataTestJSON:test_delete_image_metadata_item): 200 GET http://10.180.1.21/compute/v2.1/images/07a193e3-000e-4fc1-afe6-fefee2fbdc96/metadata 3.972s
2025-12-01 17:28:47.762 65954 INFO tempest.lib.common.rest_client [req-551e5aa4-e514-4748-980c-66939c9651ef req-551e5aa4-e514-4748-980c-66939c9651ef ] Request (HypervisorAdminNegativeTestJSON:test_show_hypervisor_with_non_admin_user): 403 GET http://10.180.1.21/compute/v2.1/os-hypervisors/1 3.957s
2025-12-01 17:28:48.050 65978 INFO tempest.lib.common.rest_client [req-6cfd7515-b257-4889-afa8-db2fd79f5323 req-6cfd7515-b257-4889-afa8-db2fd79f5323 ] Request (AttachInterfacesUnderV243Test:setUpClass): 201 POST http://10.180.1.21/networking/v2.0/routers 0.830s
2025-12-01 17:28:48.542 66006 INFO tempest.lib.common.rest_client [req-5ab736b2-fe76-4403-bccc-32865619f180 req-5ab736b2-fe76-4403-bccc-32865619f180 ] Request (SecurityGroupsTestAdminJSON:_run_cleanups): 202 DELETE http://10.180.1.21/compute/v2.1/os-security-groups/3c5bff17-b907-4316-b87c-03158d766b83 4.728s
2025-12-01 17:28:48.564 65960 INFO tempest.lib.common.rest_client [req-59022e68-4e59-40da-8c60-6d5c8e99c201 req-59022e68-4e59-40da-8c60-6d5c8e99c201 ] Request (FlavorsV2TestJSON:test_list_flavors_detailed_using_marker): 200 GET http://10.180.1.21/compute/v2.1/flavors/42 4.742s
2025-12-01 17:28:48.587 65956 INFO tempest.lib.common.rest_client [req-1d0dd251-75ca-4815-b56f-9dc6d897e3ae req-1d0dd251-75ca-4815-b56f-9dc6d897e3ae ] Request (KeyPairsV210TestJSON:_run_cleanups): 204 DELETE http://10.180.1.21/compute/v2.1/os-keypairs/tempest-keypair-1825562883?user_id=e7698d3681e94c16ae5bda3441a124f8 4.754s
2025-12-01 17:28:48.762 65956 INFO tempest.lib.common.rest_client [req-c54153df-4b09-4cf1-a842-a9101fd63e5a req-c54153df-4b09-4cf1-a842-a9101fd63e5a ] Request (KeyPairsV210TestJSON:tearDownClass): 204 DELETE http://10.180.1.21/identity/v3/users/e7698d3681e94c16ae5bda3441a124f8 0.169s
2025-12-01 17:28:48.789 66000 INFO tempest.lib.common.rest_client [req-58c27714-f759-4369-b58a-aa6351031130 req-58c27714-f759-4369-b58a-aa6351031130 ] Request (QuotasAdminTestJSON:test_delete_quota): 200 GET http://10.180.1.21/compute/v2.1/os-quota-sets/67f2b22090c648f8a7ea4651ae66b099 4.941s
2025-12-01 17:28:48.825 65952 INFO tempest.lib.common.rest_client [req-2f24f8c8-eca6-400a-aa3d-30d1414c34d2 req-2f24f8c8-eca6-400a-aa3d-30d1414c34d2 ] Request (FlavorsExtraSpecsTestJSON:test_flavor_set_get_update_show_unset_keys): 200 PUT http://10.180.1.21/compute/v2.1/flavors/1206194273/os-extra_specs/hw:numa_nodes 4.928s
2025-12-01 17:28:48.856 66008 INFO tempest.lib.common.rest_client [req-5f1985a3-887d-48bf-8aba-236f9f6d716e req-5f1985a3-887d-48bf-8aba-236f9f6d716e ] Request (ServicesAdminNegativeV253TestJSON:test_get_service_with_valid_service_and_invalid_host): 200 GET http://10.180.1.21/compute/v2.1/os-services 4.929s
2025-12-01 17:28:48.897 66000 INFO tempest.lib.common.rest_client [req-5c9932e9-e48f-405a-9275-0b26217e5582 req-5c9932e9-e48f-405a-9275-0b26217e5582 ] Request (QuotasAdminTestJSON:_run_cleanups): 204 DELETE http://10.180.1.21/identity/v3/projects/67f2b22090c648f8a7ea4651ae66b099 0.104s
2025-12-01 17:28:48.914 65956 INFO tempest.lib.common.rest_client [req-dfd4700f-80b9-4f09-aa4e-94aa1ad802a5 req-dfd4700f-80b9-4f09-aa4e-94aa1ad802a5 ] Request (KeyPairsV210TestJSON:tearDownClass): 204 DELETE http://10.180.1.21/identity/v3/users/42110394a82e4ca88d31911c8bb732f5 0.152s
2025-12-01 17:28:48.914 65956 INFO tempest.lib.common.dynamic_creds [-] Deleting project and security group for project: cb87680436f3475b8b479453135abcfb
2025-12-01 17:28:48.980 65956 INFO tempest.lib.common.rest_client [req-d159e192-6086-45e6-b824-47cb2d080556 req-d159e192-6086-45e6-b824-47cb2d080556 ] Request (KeyPairsV210TestJSON:tearDownClass): 201 POST http://10.180.1.21/identity/v3/auth/tokens 0.065s
2025-12-01 17:28:49.035 65976 INFO tempest.lib.common.rest_client [req-55f3fb07-3b03-4c55-ae1d-32833a22e3aa req-55f3fb07-3b03-4c55-ae1d-32833a22e3aa ] Request (AggregatesAdminNegativeTestJSON:test_aggregate_add_host_as_user): 403 POST http://10.180.1.21/compute/v2.1/os-aggregates/2/action 5.079s
2025-12-01 17:28:49.343 65978 INFO tempest.lib.common.rest_client [req-31f4f157-feea-428a-ae4a-4c912e857c6f req-31f4f157-feea-428a-ae4a-4c912e857c6f ] Request (AttachInterfacesUnderV243Test:setUpClass): 200 PUT http://10.180.1.21/networking/v2.0/routers/bcc7baac-91b5-42b8-9070-0ed5359cf838/add_router_interface 1.292s
2025-12-01 17:28:49.344 65978 INFO tempest.lib.common.dynamic_creds [-] Created isolated network resources for: credentials: Credentials: {'domain_id': 'default', 'domain_name': 'Default', 'username': 'tempest-AttachInterfacesUnderV243Test-451567208-project-member', 'project_domain_id': 'default', 'project_domain_name': 'Default', 'project_id': 'ea0712913b4242119a4a9dedadeda650', 'project_name': 'tempest-AttachInterfacesUnderV243Test-451567208', 'tenant_id': 'ea0712913b4242119a4a9dedadeda650', 'tenant_name': 'tempest-AttachInterfacesUnderV243Test-451567208', 'user_domain_id': 'default', 'user_domain_name': 'Default', 'user_id': 'd97a175560984b7a98d09e3640eb7a73', 'system': None}, Network: {'id': '877680ca-39c4-423e-af1e-ce9956ed747a', 'name': 'tempest-AttachInterfacesUnderV243Test-427439445-network', 'tenant_id': 'ea0712913b4242119a4a9dedadeda650', 'project_id': 'ea0712913b4242119a4a9dedadeda650', 'admin_state_up': True, 'mtu': 8950, 'status': 'ACTIVE', 'subnets': [], 'shared': False, 'port_security_enabled': True, 'router:external': False, 'provider:network_type': 'vlan', 'provider:physical_network': 'default', 'provider:segmentation_id': 486, 'availability_zone_hints': [], 'availability_zones': [], 'ipv4_address_scope': None, 'ipv6_address_scope': None, 'description': '', 'tags': [], 'created_at': '2025-12-01T17:28:46Z', 'updated_at': '2025-12-01T17:28:46Z', 'revision_number': 1}, Subnet: {'id': '382c6473-5dfa-4ce6-b713-13336285a9a8', 'name': 'tempest-AttachInterfacesUnderV243Test-427439445-subnet', 'tenant_id': 'ea0712913b4242119a4a9dedadeda650', 'network_id': '877680ca-39c4-423e-af1e-ce9956ed747a', 'ip_version': 4, 'subnetpool_id': None, 'enable_dhcp': True, 'ipv6_ra_mode': None, 'ipv6_address_mode': None, 'gateway_ip': '192.168.128.1', 'cidr': '192.168.128.0/28', 'allocation_pools': [{'start': '192.168.128.2', 'end': '192.168.128.14'}], 'host_routes': [], 'dns_nameservers': [], 'description': '', 'router:external': False, 'service_types': [], 'tags': [], 'created_at': '2025-12-01T17:28:47Z', 'updated_at': '2025-12-01T17:28:47Z', 'revision_number': 0, 'project_id': 'ea0712913b4242119a4a9dedadeda650'}, Router: {'id': 'bcc7baac-91b5-42b8-9070-0ed5359cf838', 'name': 'tempest-AttachInterfacesUnderV243Test-427439445-router', 'tenant_id': 'ea0712913b4242119a4a9dedadeda650', 'admin_state_up': True, 'status': 'ACTIVE', 'external_gateway_info': {'network_id': 'b4941b26-20ca-4b88-9943-6f09de6cdbd8', 'external_fixed_ips': [{'subnet_id': '6da59ae1-f7ef-4405-8fad-cd7b1bbe1155', 'ip_address': '10.180.180.200'}], 'enable_snat': True}, 'description': '', 'availability_zones': [], 'distributed': False, 'ha': False, 'availability_zone_hints': [], 'routes': [], 'flavor_id': None, 'tags': [], 'created_at': '2025-12-01T17:28:47Z', 'updated_at': '2025-12-01T17:28:47Z', 'revision_number': 2, 'project_id': 'ea0712913b4242119a4a9dedadeda650'}
2025-12-01 17:28:49.439 65978 INFO tempest.lib.common.rest_client [req-7d11b7b9-f7ff-458f-96c2-648b7f2a2876 req-7d11b7b9-f7ff-458f-96c2-648b7f2a2876 ] Request (AttachInterfacesUnderV243Test:setUpClass): 201 POST http://10.180.1.21/identity/v3/auth/tokens 0.092s
2025-12-01 17:28:49.446 66014 INFO tempest.lib.common.rest_client [req-5c607a51-c14b-4636-9a77-b72ab62d411b req-5c607a51-c14b-4636-9a77-b72ab62d411b ] Request (FloatingIPsAssociationTestJSON:setUpClass): 200 POST http://10.180.1.21/compute/v2.1/os-floating-ips 5.899s
2025-12-01 17:28:49.536 66014 INFO tempest.lib.common.rest_client [req-dec4481d-cf0e-4e6e-9e7a-6c530faabd59 req-dec4481d-cf0e-4e6e-9e7a-6c530faabd59 ] Request (FloatingIPsAssociationTestJSON:test_associate_already_associated_floating_ip): 201 POST http://10.180.1.21/identity/v3/auth/tokens 0.084s
