2025-12-01 17:31:19.608 65978 INFO tempest.lib.common.rest_client [req-7f552514-54b9-4dfa-a243-a9bd0ec5c4bc req-7f552514-54b9-4dfa-a243-a9bd0ec5c4bc ] Request (AttachInterfacesUnderV243Test:tearDownClass): 404 DELETE http://10.180.1.21/compute/v2.1/servers/6063b1ad-8763-44d0-8b2f-e7943b19df9b 5.262s
2025-12-01 17:31:19.776 65996 INFO tempest.lib.common.rest_client [req-6609a2d7-0187-481f-a75d-2b8b82cda1bb req-6609a2d7-0187-481f-a75d-2b8b82cda1bb ] Request (VolumesAssistedSnapshotsTest:tearDownClass): 200 PUT http://10.180.1.21/networking/v2.0/routers/de04df84-264f-4029-8fa0-c488d89e9511/remove_router_interface 0.880s
2025-12-01 17:31:19.851 65974 INFO tempest.lib.common.rest_client [req-7504bb2d-5b6a-48db-b0dd-f7b2746e2eec req-7504bb2d-5b6a-48db-b0dd-f7b2746e2eec ] Request (ImagesOneServerTestJSON:setUpClass): 200 GET http://10.180.1.21/compute/v2.1/servers/280f140a-9865-415a-ada4-aa1d8cfb3b63 4.740s
2025-12-01 17:31:19.902 65988 INFO tempest.lib.common.rest_client [req-5029fee9-d198-466b-805c-f899d7395601 req-5029fee9-d198-466b-805c-f899d7395601 ] Request (ServerActionsV293TestJSON:setUpClass): 200 GET http://10.180.1.21/volume/v3/volumes/332a8d7f-2457-46db-a82c-6e81669a7875 0.031s
2025-12-01 17:31:20.211 65966 INFO tempest.lib.common.rest_client [req-c31f3123-0ff0-4986-95de-1e988923afa8 req-c31f3123-0ff0-4986-95de-1e988923afa8 ] Request (MultipleCreateTestJSON:test_multiple_create_with_reservation_return): 202 POST http://10.180.1.21/compute/v2.1/servers 6.321s
2025-12-01 17:31:20.307 65996 INFO tempest.lib.common.rest_client [req-28fe7460-5660-4abe-ae83-9f2c5bb5aaf4 req-28fe7460-5660-4abe-ae83-9f2c5bb5aaf4 ] Request (VolumesAssistedSnapshotsTest:tearDownClass): 204 DELETE http://10.180.1.21/networking/v2.0/routers/de04df84-264f-4029-8fa0-c488d89e9511 0.530s
2025-12-01 17:31:20.352 65958 INFO tempest.lib.common.rest_client [req-a5f2b76b-5840-4c40-be2b-c4e05fb5078a req-a5f2b76b-5840-4c40-be2b-c4e05fb5078a ] Request (ServerDiagnosticsNegativeTest:test_get_server_diagnostics_by_non_admin): 200 GET http://10.180.1.21/compute/v2.1/servers/9dd45d43-d3dc-4d3f-947d-1f036e11b3a3 4.589s
2025-12-01 17:31:20.362 65958 INFO tempest.common.waiters [-] State transition "BUILD/scheduling" ==> "BUILD/None" after 25 second wait
2025-12-01 17:31:20.447 65990 INFO tempest.lib.common.rest_client [req-8b143b60-cf79-43db-8d14-3bda86855280 req-8b143b60-cf79-43db-8d14-3bda86855280 ] Request (ListImageFiltersTestJSON:setUpClass): 202 POST http://10.180.1.21/compute/v2.1/servers/55e63ae4-9222-4147-8db1-f161b7cae57b/action 4.698s
2025-12-01 17:31:20.471 65996 INFO tempest.lib.common.rest_client [req-09dd24d8-56c1-4e90-bf8b-67e684d003bb req-09dd24d8-56c1-4e90-bf8b-67e684d003bb ] Request (VolumesAssistedSnapshotsTest:tearDownClass): 204 DELETE http://10.180.1.21/networking/v2.0/subnets/c5fefb50-379c-4a7e-a93f-a4efd37a5469 0.163s
2025-12-01 17:31:20.490 66014 INFO tempest.lib.common.rest_client [req-c9472657-f47a-49a1-aa77-2203cba6af66 req-c9472657-f47a-49a1-aa77-2203cba6af66 ] Request (ServerActionsTestOtherB:setUpClass): 200 POST http://10.180.1.21/compute/v2.1/os-keypairs 4.679s
2025-12-01 17:31:20.518 65954 INFO tempest.lib.common.rest_client [req-72da8172-054c-4645-b9b6-f1df013f183b req-72da8172-054c-4645-b9b6-f1df013f183b ] Request (ServerExternalEventsTest:tearDownClass): 404 GET http://10.180.1.21/compute/v2.1/servers/75f9f553-fafb-4389-97de-69d53b21c184 3.470s
2025-12-01 17:31:20.614 66014 INFO tempest.lib.common.rest_client [req-c624c0f6-cb21-4f48-b947-4cc8f202407e req-c624c0f6-cb21-4f48-b947-4cc8f202407e ] Request (ServerActionsTestOtherB:setUpClass): 201 POST http://10.180.1.21/networking/v2.0/security-groups 0.121s
2025-12-01 17:31:20.630 65954 INFO tempest.lib.common.rest_client [req-a39b683c-653f-4bc4-8bfc-bf19637f840e req-a39b683c-653f-4bc4-8bfc-bf19637f840e ] Request (ServerExternalEventsTest:tearDownClass): 204 DELETE http://10.180.1.21/identity/v3/users/b2b7f88957b34b5cb055a65047e998c9 0.111s
2025-12-01 17:31:20.654 65994 INFO tempest.lib.common.rest_client [req-8ab4ec53-3972-4fe9-b10a-c311881883eb req-8ab4ec53-3972-4fe9-b10a-c311881883eb ] Request (ServersV294TestFqdnHostnames:setUpClass): 200 GET http://10.180.1.21/compute/v2.1/servers/9917674f-45c2-4ec8-a263-aa6ead397187 3.824s
2025-12-01 17:31:20.668 65994 INFO tempest.common.waiters [-] State transition "BUILD/scheduling" ==> "BUILD/None" after 26 second wait
2025-12-01 17:31:20.728 66002 INFO tempest.lib.common.rest_client [req-dfefc67d-734e-4e67-8b68-ef7527920879 req-dfefc67d-734e-4e67-8b68-ef7527920879 ] Request (ServersTestMultiNic:_run_cleanups): 200 GET http://10.180.1.21/compute/v2.1/servers/87d94aba-2cad-4f8b-8b9f-44a63ab2d203 3.617s
2025-12-01 17:31:20.764 65954 INFO tempest.lib.common.rest_client [req-d6c1db4c-fafa-4c95-97fa-d021b51e4681 req-d6c1db4c-fafa-4c95-97fa-d021b51e4681 ] Request (ServerExternalEventsTest:tearDownClass): 204 DELETE http://10.180.1.21/identity/v3/users/2a27a7c49bb34440aebf05b5c460c98c 0.134s
2025-12-01 17:31:20.790 65996 INFO tempest.lib.common.rest_client [req-0827d28f-dcd5-4e07-94c8-c813e8505294 req-0827d28f-dcd5-4e07-94c8-c813e8505294 ] Request (VolumesAssistedSnapshotsTest:tearDownClass): 204 DELETE http://10.180.1.21/networking/v2.0/networks/8ffad054-8477-4557-a22f-970303775c95 0.319s
2025-12-01 17:31:20.852 65982 INFO tempest.lib.common.rest_client [req-0b5f1513-665d-441b-86d8-3cf01f74cfb9 req-0b5f1513-665d-441b-86d8-3cf01f74cfb9 ] Request (ServersTestFqdnHostnames:test_create_server_with_fqdn_name): 200 GET http://10.180.1.21/compute/v2.1/servers/d99b011d-816e-4ac8-94e1-7ca5665336ba/os-interface 2.225s
2025-12-01 17:31:20.853 66014 INFO tempest.lib.common.rest_client [req-33e60454-68a6-4ec4-ad45-6ae78b705997 req-33e60454-68a6-4ec4-ad45-6ae78b705997 ] Request (ServerActionsTestOtherB:setUpClass): 201 POST http://10.180.1.21/networking/v2.0/security-group-rules 0.238s
2025-12-01 17:31:20.884 66004 INFO tempest.lib.common.rest_client [req-f3900b20-4a80-409e-8bcc-59637eda7e7e req-f3900b20-4a80-409e-8bcc-59637eda7e7e ] Request (DeleteServersTestJSON:test_delete_server_while_in_building_state): 200 GET http://10.180.1.21/compute/v2.1/servers/0bf0c9d0-29d5-432c-87ba-45aa20a9ee3f 2.119s
2025-12-01 17:31:20.921 65954 INFO tempest.lib.common.rest_client [req-44c14cb5-e629-4955-8818-96929c9e6df7 req-44c14cb5-e629-4955-8818-96929c9e6df7 ] Request (ServerExternalEventsTest:tearDownClass): 204 DELETE http://10.180.1.21/identity/v3/users/d117488ed59445eab49ee8d074290ed3 0.157s
2025-12-01 17:31:20.922 65954 INFO tempest.lib.common.dynamic_creds [-] Deleting project and security group for project: 1442c81cb5cf40b4b3a249341bd28ce4
2025-12-01 17:31:20.948 65996 INFO tempest.lib.common.rest_client [req-f52f5def-36e3-4f8d-b9b3-736ff4f0b9a3 req-f52f5def-36e3-4f8d-b9b3-736ff4f0b9a3 ] Request (VolumesAssistedSnapshotsTest:tearDownClass): 204 DELETE http://10.180.1.21/identity/v3/users/40b38b1d2baf435b8322a3edaf66e9f2 0.157s
2025-12-01 17:31:20.959 65988 INFO tempest.lib.common.rest_client [req-0e1dd804-a529-410d-8990-69c9ae766411 req-0e1dd804-a529-410d-8990-69c9ae766411 ] Request (ServerActionsV293TestJSON:setUpClass): 200 GET http://10.180.1.21/volume/v3/volumes/332a8d7f-2457-46db-a82c-6e81669a7875 0.042s
2025-12-01 17:31:20.978 66014 INFO tempest.lib.common.rest_client [req-8e76ead7-2792-4528-a8a1-ce752ea247b8 req-8e76ead7-2792-4528-a8a1-ce752ea247b8 ] Request (ServerActionsTestOtherB:setUpClass): 201 POST http://10.180.1.21/networking/v2.0/security-group-rules 0.125s
2025-12-01 17:31:21.004 65954 INFO tempest.lib.common.rest_client [req-4332045c-68f2-467f-abd9-d02eac802c26 req-4332045c-68f2-467f-abd9-d02eac802c26 ] Request (ServerExternalEventsTest:tearDownClass): 201 POST http://10.180.1.21/identity/v3/auth/tokens 0.082s
2025-12-01 17:31:21.111 65996 INFO tempest.lib.common.rest_client [req-2d3d02ba-fab1-4fe4-9eab-86d7f90344ea req-2d3d02ba-fab1-4fe4-9eab-86d7f90344ea ] Request (VolumesAssistedSnapshotsTest:tearDownClass): 204 DELETE http://10.180.1.21/identity/v3/users/fea470dbba454c289376f2b9dfa49ed5 0.162s
2025-12-01 17:31:21.275 65996 INFO tempest.lib.common.rest_client [req-5ebd75d4-dc8f-4b78-a20a-794d7dffdf52 req-5ebd75d4-dc8f-4b78-a20a-794d7dffdf52 ] Request (VolumesAssistedSnapshotsTest:tearDownClass): 204 DELETE http://10.180.1.21/identity/v3/users/28c643c0ef764d51bda0ede85f9ececc 0.164s
2025-12-01 17:31:21.276 65996 INFO tempest.lib.common.dynamic_creds [-] Deleting project and security group for project: 04600c4e825141dab85fb68ca93460ae
2025-12-01 17:31:21.564 65982 INFO tempest.lib.common.rest_client [req-ab34c4ae-b057-4e79-998a-904d194342f6 req-ab34c4ae-b057-4e79-998a-904d194342f6 ] Request (ServersTestFqdnHostnames:test_create_server_with_fqdn_name): 200 PUT http://10.180.1.21/networking/v2.0/floatingips/2eeafa4e-7f15-435f-b9f6-aa01ff7180b5 0.709s
2025-12-01 17:31:21.565 65982 INFO tempest.lib.common.ssh [-] Creating ssh connection to '10.180.180.245:22' as 'cirros' with public key authentication
2025-12-01 17:31:21.637 66014 INFO tempest.lib.common.rest_client [req-754b6372-8b6d-4e6c-984c-37e39ad2afbc req-754b6372-8b6d-4e6c-984c-37e39ad2afbc ] Request (ServerActionsTestOtherB:setUpClass): 201 POST http://10.180.1.21/networking/v2.0/floatingips 0.658s
2025-12-01 17:31:21.683 65976 INFO tempest.lib.common.rest_client [req-ef1bfed6-8b0c-4281-9ee5-3d0b71611ad1 req-ef1bfed6-8b0c-4281-9ee5-3d0b71611ad1 ] Request (ServersAdminNegativeTestJSON:setUpClass): 200 GET http://10.180.1.21/compute/v2.1/servers/76fde00e-815e-4ce5-8250-181bbaf382e7 2.910s
2025-12-01 17:31:21.708 65972 INFO tempest.lib.common.rest_client [req-2df119c6-c12c-4002-93bf-cccd7f5a296d req-2df119c6-c12c-4002-93bf-cccd7f5a296d ] Request (ListServerFiltersTestJSON:setUpClass): 200 GET http://10.180.1.21/compute/v2.1/servers/48ab8f19-83ec-4e0c-b648-4adbcbc2bb38 2.367s
2025-12-01 17:31:21.719 65954 INFO tempest.lib.common.rest_client [req-10895f52-c653-4b51-bb08-7dbadfda7730 req-10895f52-c653-4b51-bb08-7dbadfda7730 ] Request (ServerExternalEventsTest:tearDownClass): 200 GET http://10.180.1.21/networking/v2.0/security-groups?tenant_id=1442c81cb5cf40b4b3a249341bd28ce4&name=default 0.715s
2025-12-01 17:31:21.721 66014 INFO tempest.lib.common.rest_client [req-ab35c48b-cac9-4aef-b494-71651d6db506 req-ab35c48b-cac9-4aef-b494-71651d6db506 ] Request (ServerActionsTestOtherB:setUpClass): 201 POST http://10.180.1.21/identity/v3/auth/tokens 0.079s
2025-12-01 17:31:21.722 66014 INFO tempest.lib.common.fixed_network [-] (ServerActionsTestOtherB:setUpClass) Found network {'id': '4e7dd81d-ffb9-4063-8bbf-1e3245020aea', 'name': 'tempest-ServerActionsTestOtherB-1957110068-network', 'tenant_id': 'a86dfac9b8964d4d87ea6ac290290b0f', 'project_id': 'a86dfac9b8964d4d87ea6ac290290b0f', 'admin_state_up': True, 'mtu': 8950, 'status': 'ACTIVE', 'subnets': [], 'shared': False, 'port_security_enabled': True, 'router:external': False, 'provider:network_type': 'vlan', 'provider:physical_network': 'default', 'provider:segmentation_id': 373, 'availability_zone_hints': [], 'availability_zones': [], 'ipv4_address_scope': None, 'ipv6_address_scope': None, 'description': '', 'tags': [], 'created_at': '2025-12-01T17:31:12Z', 'updated_at': '2025-12-01T17:31:12Z', 'revision_number': 1} available for tenant
2025-12-01 17:31:21.731 65996 INFO tempest.lib.common.rest_client [req-bed59182-8424-4bdb-8901-e93f3083a7fb req-bed59182-8424-4bdb-8901-e93f3083a7fb ] Request (VolumesAssistedSnapshotsTest:tearDownClass): 200 GET http://10.180.1.21/networking/v2.0/security-groups?tenant_id=04600c4e825141dab85fb68ca93460ae&name=default 0.455s
2025-12-01 17:31:21.795 66012 INFO tempest.lib.common.rest_client [req-89f8f27f-3f5d-4f6d-abf4-ae288b79071f req-89f8f27f-3f5d-4f6d-abf4-ae288b79071f ] Request (ServerActionsTestOtherA:_run_cleanups): 204 DELETE http://10.180.1.21/compute/v2.1/servers/2e5ec1d9-a575-4ee5-9487-03c1e5495902 2.230s
2025-12-01 17:31:21.817 65954 INFO tempest.lib.common.rest_client [req-bf6c3710-5513-464f-bca0-34be8dc404fa req-bf6c3710-5513-464f-bca0-34be8dc404fa ] Request (ServerExternalEventsTest:tearDownClass): 204 DELETE http://10.180.1.21/networking/v2.0/security-groups/3aa8b547-d8d7-4c7d-a59f-6b158bb7b2e3 0.097s
2025-12-01 17:31:21.849 65964 INFO tempest.lib.common.rest_client [req-923e6b8e-dd06-4828-851a-a0af128e8dde req-923e6b8e-dd06-4828-851a-a0af128e8dde ] Request (ServersAdminTestJSON:_run_cleanups): 200 GET http://10.180.1.21/compute/v2.1/servers/59de70ec-bbdc-4072-8ddc-6aa54c5d1f0e 2.350s
2025-12-01 17:31:21.879 65978 INFO tempest.lib.common.rest_client [req-a2959274-0e80-4e3e-b71a-901a2ab44638 req-a2959274-0e80-4e3e-b71a-901a2ab44638 ] Request (AttachInterfacesUnderV243Test:tearDownClass): 404 GET http://10.180.1.21/compute/v2.1/servers/6063b1ad-8763-44d0-8b2f-e7943b19df9b 2.271s
2025-12-01 17:31:21.908 65996 INFO tempest.lib.common.rest_client [req-f585d7d0-b55a-49cb-aae7-b911d04000b4 req-f585d7d0-b55a-49cb-aae7-b911d04000b4 ] Request (VolumesAssistedSnapshotsTest:tearDownClass): 204 DELETE http://10.180.1.21/networking/v2.0/security-groups/802bb9fd-c516-4b24-b482-1b132117eacf 0.176s
2025-12-01 17:31:21.935 65954 INFO tempest.lib.common.rest_client [req-f833c742-071a-43a5-80c7-c66f1a8c4e29 req-f833c742-071a-43a5-80c7-c66f1a8c4e29 ] Request (ServerExternalEventsTest:tearDownClass): 204 DELETE http://10.180.1.21/identity/v3/projects/1442c81cb5cf40b4b3a249341bd28ce4 0.117s
2025-12-01 17:31:21.935 65954 INFO tempest.lib.common.dynamic_creds [-] Deleting project and security group for project: 7a8119547fcc40ef9c91ef6d64c37143
2025-12-01 17:31:21.946 65970 INFO tempest.lib.common.rest_client [req-b71b33ea-7d90-4c4e-98ab-8ee3755bfcc1 req-b71b33ea-7d90-4c4e-98ab-8ee3755bfcc1 ] Request (ServerDiskConfigTestJSON:test_rebuild_server_with_auto_disk_config): 200 GET http://10.180.1.21/compute/v2.1/servers/31a7d0d4-d7a0-46ea-9681-6d39f0d3f9b8 2.214s
2025-12-01 17:31:21.969 66006 INFO tempest.lib.common.rest_client [req-0bbdf553-75ec-4da9-9bbc-528b8899251f req-0bbdf553-75ec-4da9-9bbc-528b8899251f ] Request (ServerShowV247Test:tearDownClass): 404 GET http://10.180.1.21/compute/v2.1/servers/7c5dbf65-8989-411a-9a8f-83ef39dd2f5d 2.016s
2025-12-01 17:31:21.974 65962 INFO tempest.lib.common.rest_client [req-bf5b78b6-0761-4f02-addd-28211f15ee3d req-bf5b78b6-0761-4f02-addd-28211f15ee3d ] Request (ImagesTestJSON:_run_cleanups): 204 DELETE http://10.180.1.21/compute/v2.1/images/268eea47-8384-41e3-89f1-420282aec440 2.402s
2025-12-01 17:31:22.008 65988 INFO tempest.lib.common.rest_client [req-70963a92-2031-4ed0-b73d-a27cb51c6ff8 req-70963a92-2031-4ed0-b73d-a27cb51c6ff8 ] Request (ServerActionsV293TestJSON:setUpClass): 200 GET http://10.180.1.21/volume/v3/volumes/332a8d7f-2457-46db-a82c-6e81669a7875 0.038s
2025-12-01 17:31:22.064 65996 INFO tempest.lib.common.rest_client [req-cef0df3a-1325-40d1-974e-14db74c565f2 req-cef0df3a-1325-40d1-974e-14db74c565f2 ] Request (VolumesAssistedSnapshotsTest:tearDownClass): 204 DELETE http://10.180.1.21/identity/v3/projects/04600c4e825141dab85fb68ca93460ae 0.155s
2025-12-01 17:31:22.064 65996 INFO tempest.lib.common.dynamic_creds [-] Deleting project and security group for project: dc1945fc99e44263b044888f368a5464
2025-12-01 17:31:22.085 65954 INFO tempest.lib.common.rest_client [req-307cee15-f03c-462e-aab7-91a5ddf048d9 req-307cee15-f03c-462e-aab7-91a5ddf048d9 ] Request (ServerExternalEventsTest:tearDownClass): 200 GET http://10.180.1.21/networking/v2.0/security-groups?tenant_id=7a8119547fcc40ef9c91ef6d64c37143&name=default 0.150s
2025-12-01 17:31:22.169 65968 INFO tempest.lib.common.rest_client [req-a4affe47-ada2-4986-82dc-544b03965063 req-a4affe47-ada2-4986-82dc-544b03965063 ] Request (ServersListShow2100Test:test_list_show_rebuild_update_server_2100): 200 GET http://10.180.1.21/compute/v2.1/servers/27f72918-aca9-4132-8390-a0cd086b9c65 2.060s
2025-12-01 17:31:22.179 65996 INFO tempest.lib.common.rest_client [req-85f0e869-6b61-4412-a62a-c214081550aa req-85f0e869-6b61-4412-a62a-c214081550aa ] Request (VolumesAssistedSnapshotsTest:tearDownClass): 200 GET http://10.180.1.21/networking/v2.0/security-groups?tenant_id=dc1945fc99e44263b044888f368a5464&name=default 0.114s
2025-12-01 17:31:22.190 66006 INFO tempest.lib.common.rest_client [req-347300c2-a90f-4d56-96d9-722f4b11a0ad req-347300c2-a90f-4d56-96d9-722f4b11a0ad ] Request (ServerShowV247Test:tearDownClass): 204 DELETE http://10.180.1.21/identity/v3/users/c04e5651fb5c420895e334ab9d08ea6e 0.220s
2025-12-01 17:31:22.331 65954 INFO tempest.lib.common.rest_client [req-bce07bd9-887b-46d3-801f-af72fbd09b70 req-bce07bd9-887b-46d3-801f-af72fbd09b70 ] Request (ServerExternalEventsTest:tearDownClass): 204 DELETE http://10.180.1.21/networking/v2.0/security-groups/497cce98-fa4a-42fd-8e61-a1878455dbad 0.245s
2025-12-01 17:31:22.367 66006 INFO tempest.lib.common.rest_client [req-a4a8649f-096f-4370-8ee0-aced08ec8a22 req-a4a8649f-096f-4370-8ee0-aced08ec8a22 ] Request (ServerShowV247Test:tearDownClass): 204 DELETE http://10.180.1.21/identity/v3/users/834bf36db1ba4afea9eb6462d99b9f27 0.176s
2025-12-01 17:31:22.367 66006 INFO tempest.lib.common.dynamic_creds [-] Deleting project and security group for project: 7ba4bfe46a1448498907d1b4df3e633f
2025-12-01 17:31:22.372 65998 INFO tempest.lib.common.rest_client [req-968def18-b890-4e8c-894a-dd55976aad5e req-968def18-b890-4e8c-894a-dd55976aad5e ] Request (MigrationsAdminTest:test_resize_server_revert_deleted_flavor): 200 GET http://10.180.1.21/compute/v2.1/servers/e11b3867-a900-4a9d-8ae3-296ad05e6cde 2.348s
2025-12-01 17:31:22.460 66006 INFO tempest.lib.common.rest_client [req-e3afaa51-a2cd-4759-8a94-6dea5024a61b req-e3afaa51-a2cd-4759-8a94-6dea5024a61b ] Request (ServerShowV247Test:tearDownClass): 201 POST http://10.180.1.21/identity/v3/auth/tokens 0.093s
2025-12-01 17:31:22.461 65966 INFO tempest.lib.common.rest_client [req-c2de3e93-79a2-4ee5-8bfa-71517de7b9eb req-c2de3e93-79a2-4ee5-8bfa-71517de7b9eb ] Request (MultipleCreateTestJSON:test_multiple_create_with_reservation_return): 200 GET http://10.180.1.21/compute/v2.1/servers 2.249s
2025-12-01 17:31:22.490 65996 INFO tempest.lib.common.rest_client [req-2dcb9265-0106-4b53-8a5e-f3b8e5ab0aa0 req-2dcb9265-0106-4b53-8a5e-f3b8e5ab0aa0 ] Request (VolumesAssistedSnapshotsTest:tearDownClass): 204 DELETE http://10.180.1.21/networking/v2.0/security-groups/439ec116-6e54-44c9-8fc7-4c3f8c0c41b0 0.310s
2025-12-01 17:31:22.505 65954 INFO tempest.lib.common.rest_client [req-765f105c-b896-4553-b9da-89e3f7c91864 req-765f105c-b896-4553-b9da-89e3f7c91864 ] Request (ServerExternalEventsTest:tearDownClass): 204 DELETE http://10.180.1.21/identity/v3/projects/7a8119547fcc40ef9c91ef6d64c37143 0.173s
2025-12-01 17:31:22.505 65954 INFO tempest.lib.common.dynamic_creds [-] Deleting project and security group for project: e2114ec0a2df4d25a238d02ee9195de1
2025-12-01 17:31:22.613 65996 INFO tempest.lib.common.rest_client [req-31fa950d-3fde-4bfd-87c7-a240133faec9 req-31fa950d-3fde-4bfd-87c7-a240133faec9 ] Request (VolumesAssistedSnapshotsTest:tearDownClass): 204 DELETE http://10.180.1.21/identity/v3/projects/dc1945fc99e44263b044888f368a5464 0.123s
2025-12-01 17:31:22.614 65996 INFO tempest.lib.common.dynamic_creds [-] Deleting project and security group for project: 01165e8a119243ce813f9fd7bb7544d4
2025-12-01 17:31:22.831 66006 INFO tempest.lib.common.rest_client [req-62b1cf35-2f5a-478e-a844-19a27c572b89 req-62b1cf35-2f5a-478e-a844-19a27c572b89 ] Request (ServerShowV247Test:tearDownClass): 200 GET http://10.180.1.21/networking/v2.0/security-groups?tenant_id=7ba4bfe46a1448498907d1b4df3e633f&name=default 0.370s
2025-12-01 17:31:22.837 65978 INFO tempest.lib.common.rest_client [req-e2c18cea-b700-49cf-a75f-81303ca96b40 req-e2c18cea-b700-49cf-a75f-81303ca96b40 ] Request (AttachInterfacesUnderV243Test:tearDownClass): 200 PUT http://10.180.1.21/networking/v2.0/routers/bcc7baac-91b5-42b8-9070-0ed5359cf838/remove_router_interface 0.957s
2025-12-01 17:31:22.864 65986 INFO tempest.lib.common.rest_client [req-532e7e4d-dab2-4131-a57b-be40a1763545 req-532e7e4d-dab2-4131-a57b-be40a1763545 ] Request (AttachInterfacesTestJSON:_run_cleanups): 200 GET http://10.180.1.21/compute/v2.1/servers/695ade6f-699c-42e6-be4e-5ddd2171aaa0 2.557s
2025-12-01 17:31:22.897 66008 INFO tempest.lib.common.rest_client [req-a21b70b6-5346-4beb-bf4d-d43d723eafba req-a21b70b6-5346-4beb-bf4d-d43d723eafba ] Request (SecurityGroupsTestJSON:test_server_security_groups): 200 GET http://10.180.1.21/compute/v2.1/servers/bd49284e-311a-4035-8506-13a1fa8c47e8 2.697s
2025-12-01 17:31:22.923 65996 INFO tempest.lib.common.rest_client [req-39abc351-48c4-4e31-ad56-2c7e5d11cec5 req-39abc351-48c4-4e31-ad56-2c7e5d11cec5 ] Request (VolumesAssistedSnapshotsTest:tearDownClass): 200 GET http://10.180.1.21/networking/v2.0/security-groups?tenant_id=01165e8a119243ce813f9fd7bb7544d4&name=default 0.309s
2025-12-01 17:31:22.968 65954 INFO tempest.lib.common.rest_client [req-dfb7d077-05ec-495e-a94f-f9041cbedc85 req-dfb7d077-05ec-495e-a94f-f9041cbedc85 ] Request (ServerExternalEventsTest:tearDownClass): 200 GET http://10.180.1.21/networking/v2.0/security-groups?tenant_id=e2114ec0a2df4d25a238d02ee9195de1&name=default 0.462s
2025-12-01 17:31:23.029 66006 INFO tempest.lib.common.rest_client [req-e64b35e9-8591-4016-aef9-f86ceea48b15 req-e64b35e9-8591-4016-aef9-f86ceea48b15 ] Request (ServerShowV247Test:tearDownClass): 204 DELETE http://10.180.1.21/networking/v2.0/security-groups/896fa3f0-16b3-4b4e-a02b-25c72a8a69bc 0.198s
2025-12-01 17:31:23.071 65988 INFO tempest.lib.common.rest_client [req-353ff7a8-918a-4431-9025-186870d47bd7 req-353ff7a8-918a-4431-9025-186870d47bd7 ] Request (ServerActionsV293TestJSON:setUpClass): 200 GET http://10.180.1.21/volume/v3/volumes/332a8d7f-2457-46db-a82c-6e81669a7875 0.049s
2025-12-01 17:31:23.139 66006 INFO tempest.lib.common.rest_client [req-70532002-e5fd-463f-a298-55dfd7fd0c10 req-70532002-e5fd-463f-a298-55dfd7fd0c10 ] Request (ServerShowV247Test:tearDownClass): 204 DELETE http://10.180.1.21/identity/v3/projects/7ba4bfe46a1448498907d1b4df3e633f 0.109s
2025-12-01 17:31:23.240 65996 INFO tempest.lib.common.rest_client [req-da30ffd5-0b87-4334-85aa-d3fea9b7b52a req-da30ffd5-0b87-4334-85aa-d3fea9b7b52a ] Request (VolumesAssistedSnapshotsTest:tearDownClass): 204 DELETE http://10.180.1.21/networking/v2.0/security-groups/dcfa7bbb-e397-43c3-ba71-c40478519909 0.317s
2025-12-01 17:31:23.265 66006 INFO tempest.lib.common.rest_client [req-2abe3ab3-b5c1-4e30-8722-3f4b61599871 req-2abe3ab3-b5c1-4e30-8722-3f4b61599871 ] Request (ExtensionsTest:setUpClass): 201 POST http://10.180.1.21/identity/v3/auth/tokens 0.124s
2025-12-01 17:31:23.274 65956 INFO tempest.lib.common.rest_client [req-c4421456-885c-4924-bb2c-68cc7cd9c558 req-c4421456-885c-4924-bb2c-68cc7cd9c558 ] Request (ServersTestJSON:test_create_server_specify_multibyte_character_name): 200 GET http://10.180.1.21/compute/v2.1/servers/27caa556-3a7e-4048-9968-c61cca96905d 2.908s
2025-12-01 17:31:23.284 65956 INFO tempest.common.waiters [-] State transition "BUILD/None" ==> "BUILD/networking" after 48 second wait
2025-12-01 17:31:23.289 65952 INFO tempest.lib.common.rest_client [req-d941a04a-1a83-41f8-8096-91a66e424adf req-d941a04a-1a83-41f8-8096-91a66e424adf ] Request (ServersTestBootFromVolume:setUpClass): 200 GET http://10.180.1.21/compute/v2.1/servers/efa269f5-9be7-4644-acfb-0dc73b071a77 2.876s
2025-12-01 17:31:23.308 66006 INFO tempest.lib.common.rest_client [req-2cbed53f-c2b8-4163-a4f9-529444d4ba4b req-2cbed53f-c2b8-4163-a4f9-529444d4ba4b ] Request (ExtensionsTest:setUpClass): 201 POST http://10.180.1.21/identity/v3/auth/tokens 0.039s
2025-12-01 17:31:23.335 66006 INFO tempest.lib.common.rest_client [req-f555a202-ac78-4343-897d-90193c01ae3b req-f555a202-ac78-4343-897d-90193c01ae3b ] Request (ExtensionsTest:setUpClass): 200 GET http://10.180.1.21/identity/v3/domains?name=Default 0.026s
2025-12-01 17:31:23.365 66006 INFO tempest.lib.common.rest_client [req-423e63aa-6612-4651-8151-2cd8ca6118a3 req-423e63aa-6612-4651-8151-2cd8ca6118a3 ] Request (ExtensionsTest:setUpClass): 201 POST http://10.180.1.21/identity/v3/projects 0.029s
2025-12-01 17:31:23.391 65984 WARNING tempest.lib.common.ssh [-] Failed to establish authenticated ssh connection to cirros@10.180.180.222 ([Errno None] Unable to connect to port 22 on 10.180.180.222). Number attempts: 10. Retry after 11 seconds.: paramiko.ssh_exception.NoValidConnectionsError: [Errno None] Unable to connect to port 22 on 10.180.180.222
2025-12-01 17:31:23.405 65996 INFO tempest.lib.common.rest_client [req-3be88b7a-bb0e-44fd-8816-478d093d4013 req-3be88b7a-bb0e-44fd-8816-478d093d4013 ] Request (VolumesAssistedSnapshotsTest:tearDownClass): 204 DELETE http://10.180.1.21/identity/v3/projects/01165e8a119243ce813f9fd7bb7544d4 0.164s
2025-12-01 17:31:23.489 66006 INFO tempest.lib.common.rest_client [req-be0e453b-6d1c-4f12-bc80-ce1ce1adb6e5 req-be0e453b-6d1c-4f12-bc80-ce1ce1adb6e5 ] Request (ExtensionsTest:setUpClass): 201 POST http://10.180.1.21/identity/v3/users 0.123s
2025-12-01 17:31:23.526 66006 INFO tempest.lib.common.rest_client [req-346533cb-dd34-4a7b-af32-b921e235bc64 req-346533cb-dd34-4a7b-af32-b921e235bc64 ] Request (ExtensionsTest:setUpClass): 200 GET http://10.180.1.21/identity/v3/roles 0.036s
2025-12-01 17:31:23.532 65996 INFO tempest.lib.common.rest_client [req-847ee0a2-3c46-457b-8586-f13f31a2164b req-847ee0a2-3c46-457b-8586-f13f31a2164b ] Request (HostsAdminNegativeTestJSON:setUpClass): 201 POST http://10.180.1.21/identity/v3/auth/tokens 0.124s
2025-12-01 17:31:23.572 66006 INFO tempest.lib.common.rest_client [req-69fd4031-55ab-461e-af29-f43dea975978 req-69fd4031-55ab-461e-af29-f43dea975978 ] Request (ExtensionsTest:setUpClass): 204 PUT http://10.180.1.21/identity/v3/projects/927de44c7fa14411bdbd6ea380e572a4/users/bf93fd462d4a4218a8b730133cd99fe6/roles/10aa5acdba0142158a95d429b89a9b83 0.046s
2025-12-01 17:31:23.573 66006 INFO tempest.lib.common.dynamic_creds [-] Dynamic test user bf93fd462d4a4218a8b730133cd99fe6 is created with scope project and roles: ['member']
2025-12-01 17:31:23.573 66006 INFO tempest.lib.common.dynamic_creds [-] Acquired dynamic creds: credentials: Credentials: {'domain_id': 'default', 'domain_name': 'Default', 'username': 'tempest-ExtensionsTest-1940147571-project-member', 'project_domain_id': 'default', 'project_domain_name': 'Default', 'project_id': '927de44c7fa14411bdbd6ea380e572a4', 'project_name': 'tempest-ExtensionsTest-1940147571', 'tenant_id': '927de44c7fa14411bdbd6ea380e572a4', 'tenant_name': 'tempest-ExtensionsTest-1940147571', 'user_domain_id': 'default', 'user_domain_name': 'Default', 'user_id': 'bf93fd462d4a4218a8b730133cd99fe6', 'system': None}, Network: None, Subnet: None, Router: None
2025-12-01 17:31:23.573 66006 INFO tempest.lib.common.dynamic_creds [-] Created isolated network resources for: credentials: Credentials: {'domain_id': 'default', 'domain_name': 'Default', 'username': 'tempest-ExtensionsTest-1940147571-project-member', 'project_domain_id': 'default', 'project_domain_name': 'Default', 'project_id': '927de44c7fa14411bdbd6ea380e572a4', 'project_name': 'tempest-ExtensionsTest-1940147571', 'tenant_id': '927de44c7fa14411bdbd6ea380e572a4', 'tenant_name': 'tempest-ExtensionsTest-1940147571', 'user_domain_id': 'default', 'user_domain_name': 'Default', 'user_id': 'bf93fd462d4a4218a8b730133cd99fe6', 'system': None}, Network: None, Subnet: None, Router: None
2025-12-01 17:31:23.602 65978 INFO tempest.lib.common.rest_client [req-c102b76e-ae60-4a44-91aa-23c3d901c67a req-c102b76e-ae60-4a44-91aa-23c3d901c67a ] Request (AttachInterfacesUnderV243Test:tearDownClass): 204 DELETE http://10.180.1.21/networking/v2.0/routers/bcc7baac-91b5-42b8-9070-0ed5359cf838 0.765s
2025-12-01 17:31:23.640 65996 INFO tempest.lib.common.rest_client [req-0e81d238-2dff-4407-a288-24eae41a6224 req-0e81d238-2dff-4407-a288-24eae41a6224 ] Request (HostsAdminNegativeTestJSON:setUpClass): 201 POST http://10.180.1.21/identity/v3/auth/tokens 0.102s
2025-12-01 17:31:23.679 65996 INFO tempest.lib.common.rest_client [req-bb6d6fd0-ecb3-4a30-8e8f-e31ccd153e2c req-bb6d6fd0-ecb3-4a30-8e8f-e31ccd153e2c ] Request (HostsAdminNegativeTestJSON:setUpClass): 200 GET http://10.180.1.21/identity/v3/domains?name=Default 0.039s
2025-12-01 17:31:23.694 66006 INFO tempest.lib.common.rest_client [req-454789fe-0c87-4b47-a109-fba6aaa48ee7 req-454789fe-0c87-4b47-a109-fba6aaa48ee7 ] Request (ExtensionsTest:setUpClass): 201 POST http://10.180.1.21/identity/v3/auth/tokens 0.116s
2025-12-01 17:31:23.701 65990 INFO tempest.lib.common.rest_client [req-af7ce657-5fd1-4110-92b6-6994418c64d0 req-af7ce657-5fd1-4110-92b6-6994418c64d0 ] Request (ListImageFiltersTestJSON:setUpClass): 200 GET http://10.180.1.21/compute/v2.1/images/e4882e67-5313-44c8-bf89-a4fafcac4128 3.253s
2025-12-01 17:31:23.717 65996 INFO tempest.lib.common.rest_client [req-40d9ef48-8179-40c6-adf1-17fd24de8f52 req-40d9ef48-8179-40c6-adf1-17fd24de8f52 ] Request (HostsAdminNegativeTestJSON:setUpClass): 201 POST http://10.180.1.21/identity/v3/projects 0.037s
2025-12-01 17:31:23.820 65996 INFO tempest.lib.common.rest_client [req-ccc8c188-e94f-4846-b4e6-bb963f81888a req-ccc8c188-e94f-4846-b4e6-bb963f81888a ] Request (HostsAdminNegativeTestJSON:setUpClass): 201 POST http://10.180.1.21/identity/v3/users 0.102s
2025-12-01 17:31:23.853 65996 INFO tempest.lib.common.rest_client [req-8eaa8146-cf28-4860-a007-61074ea4086d req-8eaa8146-cf28-4860-a007-61074ea4086d ] Request (HostsAdminNegativeTestJSON:setUpClass): 200 GET http://10.180.1.21/identity/v3/roles 0.031s
2025-12-01 17:31:23.893 65996 INFO tempest.lib.common.rest_client [req-308b6e52-0cd4-45ee-8c6e-19cfdc7ad2cc req-308b6e52-0cd4-45ee-8c6e-19cfdc7ad2cc ] Request (HostsAdminNegativeTestJSON:setUpClass): 204 PUT http://10.180.1.21/identity/v3/projects/d2ede6bab58b4332a4f744afa1987a21/users/bac0d2716d424614b4311079ca7965b4/roles/10aa5acdba0142158a95d429b89a9b83 0.039s
2025-12-01 17:31:23.895 65996 INFO tempest.lib.common.dynamic_creds [-] Dynamic test user bac0d2716d424614b4311079ca7965b4 is created with scope project and roles: ['member']
2025-12-01 17:31:23.895 65996 INFO tempest.lib.common.dynamic_creds [-] Acquired dynamic creds: credentials: Credentials: {'domain_id': 'default', 'domain_name': 'Default', 'username': 'tempest-HostsAdminNegativeTestJSON-255490717-project-member', 'project_domain_id': 'default', 'project_domain_name': 'Default', 'project_id': 'd2ede6bab58b4332a4f744afa1987a21', 'project_name': 'tempest-HostsAdminNegativeTestJSON-255490717', 'tenant_id': 'd2ede6bab58b4332a4f744afa1987a21', 'tenant_name': 'tempest-HostsAdminNegativeTestJSON-255490717', 'user_domain_id': 'default', 'user_domain_name': 'Default', 'user_id': 'bac0d2716d424614b4311079ca7965b4', 'system': None}, Network: None, Subnet: None, Router: None
2025-12-01 17:31:23.896 65996 INFO tempest.lib.common.dynamic_creds [-] Created isolated network resources for: credentials: Credentials: {'domain_id': 'default', 'domain_name': 'Default', 'username': 'tempest-HostsAdminNegativeTestJSON-255490717-project-member', 'project_domain_id': 'default', 'project_domain_name': 'Default', 'project_id': 'd2ede6bab58b4332a4f744afa1987a21', 'project_name': 'tempest-HostsAdminNegativeTestJSON-255490717', 'tenant_id': 'd2ede6bab58b4332a4f744afa1987a21', 'tenant_name': 'tempest-HostsAdminNegativeTestJSON-255490717', 'user_domain_id': 'default', 'user_domain_name': 'Default', 'user_id': 'bac0d2716d424614b4311079ca7965b4', 'system': None}, Network: None, Subnet: None, Router: None
2025-12-01 17:31:23.974 65954 INFO tempest.lib.common.rest_client [req-b684f51a-00f7-4324-bf55-d3480866fae4 req-b684f51a-00f7-4324-bf55-d3480866fae4 ] Request (ServerExternalEventsTest:tearDownClass): 204 DELETE http://10.180.1.21/networking/v2.0/security-groups/f65418a6-5f1b-4a32-a189-8cf6b279ca07 1.005s
2025-12-01 17:31:23.982 66004 INFO tempest.lib.common.rest_client [req-d3ec6c9f-12b2-4922-b763-01872c4b321b req-d3ec6c9f-12b2-4922-b763-01872c4b321b ] Request (DeleteServersTestJSON:test_delete_server_while_in_building_state): 204 DELETE http://10.180.1.21/compute/v2.1/servers/0bf0c9d0-29d5-432c-87ba-45aa20a9ee3f 3.083s
2025-12-01 17:31:23.987 65996 INFO tempest.lib.common.rest_client [req-320e8454-5034-44cd-bf46-9787efa122e0 req-320e8454-5034-44cd-bf46-9787efa122e0 ] Request (HostsAdminNegativeTestJSON:setUpClass): 201 POST http://10.180.1.21/identity/v3/auth/tokens 0.086s
2025-12-01 17:31:24.063 65996 INFO tempest.lib.common.rest_client [req-097a4aea-df3e-4252-9d52-608b8e074b64 req-097a4aea-df3e-4252-9d52-608b8e074b64 ] Request (HostsAdminNegativeTestJSON:setUpClass): 201 POST http://10.180.1.21/identity/v3/projects 0.075s
2025-12-01 17:31:24.102 65954 INFO tempest.lib.common.rest_client [req-db89d2f1-0136-4687-a722-51096da3f0da req-db89d2f1-0136-4687-a722-51096da3f0da ] Request (ServerExternalEventsTest:tearDownClass): 204 DELETE http://10.180.1.21/identity/v3/projects/e2114ec0a2df4d25a238d02ee9195de1 0.128s
2025-12-01 17:31:24.127 65988 INFO tempest.lib.common.rest_client [req-711be8d0-ea77-4362-9677-e5801a6aaf05 req-711be8d0-ea77-4362-9677-e5801a6aaf05 ] Request (ServerActionsV293TestJSON:setUpClass): 200 GET http://10.180.1.21/volume/v3/volumes/332a8d7f-2457-46db-a82c-6e81669a7875 0.046s
2025-12-01 17:31:24.153 65958 INFO tempest.lib.common.rest_client [req-9227d2b0-1e20-4eae-92b6-4b7690307ade req-9227d2b0-1e20-4eae-92b6-4b7690307ade ] Request (ServerDiagnosticsNegativeTest:test_get_server_diagnostics_by_non_admin): 200 GET http://10.180.1.21/compute/v2.1/servers/9dd45d43-d3dc-4d3f-947d-1f036e11b3a3 2.788s
2025-12-01 17:31:24.185 65954 INFO tempest.lib.common.rest_client [req-7517dbb3-4a57-4ca0-8c33-2d42a766e369 req-7517dbb3-4a57-4ca0-8c33-2d42a766e369 ] Request (SecurityGroupRulesNegativeTestJSON:setUpClass): 201 POST http://10.180.1.21/identity/v3/auth/tokens 0.080s
2025-12-01 17:31:24.198 65974 INFO tempest.lib.common.rest_client [req-816df1d7-08e0-471c-a2eb-851e9efc44d4 req-816df1d7-08e0-471c-a2eb-851e9efc44d4 ] Request (ImagesOneServerTestJSON:setUpClass): 200 GET http://10.180.1.21/compute/v2.1/servers/280f140a-9865-415a-ada4-aa1d8cfb3b63 3.338s
2025-12-01 17:31:24.206 65974 INFO tempest.common.waiters [-] State transition "BUILD/spawning" ==> "ACTIVE/None" after 74 second wait
2025-12-01 17:31:24.234 65996 INFO tempest.lib.common.rest_client [req-8d0e7bc0-bc49-40fd-9c7d-f1ff00956972 req-8d0e7bc0-bc49-40fd-9c7d-f1ff00956972 ] Request (HostsAdminNegativeTestJSON:setUpClass): 201 POST http://10.180.1.21/identity/v3/users 0.171s
2025-12-01 17:31:24.247 65954 INFO tempest.lib.common.rest_client [req-a5e3e348-9960-4b41-ab8e-05ba52e95d51 req-a5e3e348-9960-4b41-ab8e-05ba52e95d51 ] Request (SecurityGroupRulesNegativeTestJSON:setUpClass): 201 POST http://10.180.1.21/identity/v3/auth/tokens 0.053s
2025-12-01 17:31:24.280 65954 INFO tempest.lib.common.rest_client [req-605baa5b-101d-4098-bb48-c60b8a1dc1d6 req-605baa5b-101d-4098-bb48-c60b8a1dc1d6 ] Request (SecurityGroupRulesNegativeTestJSON:setUpClass): 200 GET http://10.180.1.21/identity/v3/domains?name=Default 0.033s
2025-12-01 17:31:24.283 65996 INFO tempest.lib.common.rest_client [req-bfc209da-f984-4acb-8f90-4570436e13eb req-bfc209da-f984-4acb-8f90-4570436e13eb ] Request (HostsAdminNegativeTestJSON:setUpClass): 200 GET http://10.180.1.21/identity/v3/roles 0.048s
2025-12-01 17:31:24.307 65978 INFO tempest.lib.common.rest_client [req-6111b1e0-fa4d-4072-9e61-4b6ffe86404f req-6111b1e0-fa4d-4072-9e61-4b6ffe86404f ] Request (AttachInterfacesUnderV243Test:tearDownClass): 204 DELETE http://10.180.1.21/networking/v2.0/subnets/382c6473-5dfa-4ce6-b713-13336285a9a8 0.704s
2025-12-01 17:31:24.310 65954 INFO tempest.lib.common.rest_client [req-f20a4c6a-adc7-4525-a819-5487d0b5c58b req-f20a4c6a-adc7-4525-a819-5487d0b5c58b ] Request (SecurityGroupRulesNegativeTestJSON:setUpClass): 201 POST http://10.180.1.21/identity/v3/projects 0.030s
2025-12-01 17:31:24.316 65996 INFO tempest.lib.common.rest_client [req-65490c93-b745-43ba-b1b6-b884ad5fc26f req-65490c93-b745-43ba-b1b6-b884ad5fc26f ] Request (HostsAdminNegativeTestJSON:setUpClass): 204 PUT http://10.180.1.21/identity/v3/projects/708f5c02aa6744ed80c49222f549196a/users/6b023807bf7541a7aad4158cb06e5187/roles/e6c8c4a4266245fdae6e1dff641b9068 0.032s
2025-12-01 17:31:24.372 65996 INFO tempest.lib.common.rest_client [req-8f75af8f-3cdb-439b-9d07-63df9e56b99e req-8f75af8f-3cdb-439b-9d07-63df9e56b99e ] Request (HostsAdminNegativeTestJSON:setUpClass): 200 GET http://10.180.1.21/identity/v3/roles 0.056s
2025-12-01 17:31:24.391 65996 INFO tempest.lib.common.rest_client [req-4b59e697-795a-486d-9e51-1c4e9130366a req-4b59e697-795a-486d-9e51-1c4e9130366a ] Request (HostsAdminNegativeTestJSON:setUpClass): 204 PUT http://10.180.1.21/identity/v3/projects/708f5c02aa6744ed80c49222f549196a/users/6b023807bf7541a7aad4158cb06e5187/roles/e6c8c4a4266245fdae6e1dff641b9068 0.018s
2025-12-01 17:31:24.391 65996 INFO tempest.lib.common.dynamic_creds [-] Dynamic test user 6b023807bf7541a7aad4158cb06e5187 is created with scope project and roles: ['admin']
2025-12-01 17:31:24.391 65996 INFO tempest.lib.common.dynamic_creds [-] Acquired dynamic creds: credentials: Credentials: {'domain_id': 'default', 'domain_name': 'Default', 'username': 'tempest-HostsAdminNegativeTestJSON-1834956508-project-admin', 'project_domain_id': 'default', 'project_domain_name': 'Default', 'project_id': '708f5c02aa6744ed80c49222f549196a', 'project_name': 'tempest-HostsAdminNegativeTestJSON-1834956508', 'tenant_id': '708f5c02aa6744ed80c49222f549196a', 'tenant_name': 'tempest-HostsAdminNegativeTestJSON-1834956508', 'user_domain_id': 'default', 'user_domain_name': 'Default', 'user_id': '6b023807bf7541a7aad4158cb06e5187', 'system': None}, Network: None, Subnet: None, Router: None
2025-12-01 17:31:24.391 65996 INFO tempest.lib.common.dynamic_creds [-] Created isolated network resources for: credentials: Credentials: {'domain_id': 'default', 'domain_name': 'Default', 'username': 'tempest-HostsAdminNegativeTestJSON-1834956508-project-admin', 'project_domain_id': 'default', 'project_domain_name': 'Default', 'project_id': '708f5c02aa6744ed80c49222f549196a', 'project_name': 'tempest-HostsAdminNegativeTestJSON-1834956508', 'tenant_id': '708f5c02aa6744ed80c49222f549196a', 'tenant_name': 'tempest-HostsAdminNegativeTestJSON-1834956508', 'user_domain_id': 'default', 'user_domain_name': 'Default', 'user_id': '6b023807bf7541a7aad4158cb06e5187', 'system': None}, Network: None, Subnet: None, Router: None
2025-12-01 17:31:24.406 65954 INFO tempest.lib.common.rest_client [req-1a8115be-90d8-4dc4-8e00-9809e4b8ae29 req-1a8115be-90d8-4dc4-8e00-9809e4b8ae29 ] Request (SecurityGroupRulesNegativeTestJSON:setUpClass): 201 POST http://10.180.1.21/identity/v3/users 0.095s
2025-12-01 17:31:24.465 65954 INFO tempest.lib.common.rest_client [req-d4c1dddd-f1bb-4695-8051-f519a150ddab req-d4c1dddd-f1bb-4695-8051-f519a150ddab ] Request (SecurityGroupRulesNegativeTestJSON:setUpClass): 200 GET http://10.180.1.21/identity/v3/roles 0.058s
2025-12-01 17:31:24.490 65996 INFO tempest.lib.common.rest_client [req-4b583a07-4c58-4ad2-a85e-bd5beb5432a6 req-4b583a07-4c58-4ad2-a85e-bd5beb5432a6 ] Request (HostsAdminNegativeTestJSON:setUpClass): 201 POST http://10.180.1.21/identity/v3/auth/tokens 0.095s
2025-12-01 17:31:24.505 65954 INFO tempest.lib.common.rest_client [req-2a8f0a18-6655-4786-9a36-a073f6c60226 req-2a8f0a18-6655-4786-9a36-a073f6c60226 ] Request (SecurityGroupRulesNegativeTestJSON:setUpClass): 204 PUT http://10.180.1.21/identity/v3/projects/344970e890dd41279a4653b305c38451/users/cef0b45442e04c238af21baf1f31c36c/roles/10aa5acdba0142158a95d429b89a9b83 0.039s
2025-12-01 17:31:24.505 65954 INFO tempest.lib.common.dynamic_creds [-] Dynamic test user cef0b45442e04c238af21baf1f31c36c is created with scope project and roles: ['member']
2025-12-01 17:31:24.506 65954 INFO tempest.lib.common.dynamic_creds [-] Acquired dynamic creds: credentials: Credentials: {'domain_id': 'default', 'domain_name': 'Default', 'username': 'tempest-SecurityGroupRulesNegativeTestJSON-609610454-project-member', 'project_domain_id': 'default', 'project_domain_name': 'Default', 'project_id': '344970e890dd41279a4653b305c38451', 'project_name': 'tempest-SecurityGroupRulesNegativeTestJSON-609610454', 'tenant_id': '344970e890dd41279a4653b305c38451', 'tenant_name': 'tempest-SecurityGroupRulesNegativeTestJSON-609610454', 'user_domain_id': 'default', 'user_domain_name': 'Default', 'user_id': 'cef0b45442e04c238af21baf1f31c36c', 'system': None}, Network: None, Subnet: None, Router: None
2025-12-01 17:31:24.525 65994 INFO tempest.lib.common.rest_client [req-08a3141c-788f-4106-9e90-05567a96fd72 req-08a3141c-788f-4106-9e90-05567a96fd72 ] Request (ServersV294TestFqdnHostnames:setUpClass): 200 GET http://10.180.1.21/compute/v2.1/servers/9917674f-45c2-4ec8-a263-aa6ead397187 2.854s
2025-12-01 17:31:24.597 65954 INFO tempest.lib.common.rest_client [req-f3a43e2c-69cc-4333-898d-d73109d773bf req-f3a43e2c-69cc-4333-898d-d73109d773bf ] Request (SecurityGroupRulesNegativeTestJSON:setUpClass): 201 POST http://10.180.1.21/identity/v3/auth/tokens 0.091s
2025-12-01 17:31:24.790 65978 INFO tempest.lib.common.rest_client [req-8abe31c2-d00d-42db-b3ae-6a4d559d0a1a req-8abe31c2-d00d-42db-b3ae-6a4d559d0a1a ] Request (AttachInterfacesUnderV243Test:tearDownClass): 204 DELETE http://10.180.1.21/networking/v2.0/networks/877680ca-39c4-423e-af1e-ce9956ed747a 0.482s
2025-12-01 17:31:24.821 65972 INFO tempest.lib.common.rest_client [req-5a9d5f0b-aa76-4da7-9a21-a4e7470861a0 req-5a9d5f0b-aa76-4da7-9a21-a4e7470861a0 ] Request (ListServerFiltersTestJSON:setUpClass): 200 GET http://10.180.1.21/compute/v2.1/servers/1c4e8cd3-60c4-4c5f-a918-04d4fb97e3e7 3.102s
2025-12-01 17:31:24.890 65978 INFO tempest.lib.common.rest_client [req-4dd81464-ed44-45a0-8ae5-a52772a4cb4c req-4dd81464-ed44-45a0-8ae5-a52772a4cb4c ] Request (AttachInterfacesUnderV243Test:tearDownClass): 204 DELETE http://10.180.1.21/identity/v3/users/d97a175560984b7a98d09e3640eb7a73 0.100s
2025-12-01 17:31:24.890 65978 INFO tempest.lib.common.dynamic_creds [-] Deleting project and security group for project: ea0712913b4242119a4a9dedadeda650
2025-12-01 17:31:25.175 65988 INFO tempest.lib.common.rest_client [req-a8f79795-3107-4ac7-89c6-67ac4b218d31 req-a8f79795-3107-4ac7-89c6-67ac4b218d31 ] Request (ServerActionsV293TestJSON:setUpClass): 200 GET http://10.180.1.21/volume/v3/volumes/332a8d7f-2457-46db-a82c-6e81669a7875 0.040s
2025-12-01 17:31:25.218 65954 INFO tempest.lib.common.rest_client [req-1be4e447-8361-46b9-9eb7-31da6312e7fa req-1be4e447-8361-46b9-9eb7-31da6312e7fa ] Request (SecurityGroupRulesNegativeTestJSON:setUpClass): 201 POST http://10.180.1.21/networking/v2.0/networks 0.621s
2025-12-01 17:31:25.360 66002 INFO tempest.lib.common.rest_client [req-eb31caf8-e579-4ef4-aa68-d7487f3bae19 req-eb31caf8-e579-4ef4-aa68-d7487f3bae19 ] Request (ServersTestMultiNic:_run_cleanups): 200 GET http://10.180.1.21/compute/v2.1/servers/87d94aba-2cad-4f8b-8b9f-44a63ab2d203 3.618s
2025-12-01 17:31:25.380 65978 INFO tempest.lib.common.rest_client [req-88c11787-22ff-427e-892e-f50ce5a9626e req-88c11787-22ff-427e-892e-f50ce5a9626e ] Request (AttachInterfacesUnderV243Test:tearDownClass): 200 GET http://10.180.1.21/networking/v2.0/security-groups?tenant_id=ea0712913b4242119a4a9dedadeda650&name=default 0.489s
2025-12-01 17:31:25.550 65954 INFO tempest.lib.common.rest_client [req-d27c828f-a7b3-4ab0-abf6-e8ef02b1db0f req-d27c828f-a7b3-4ab0-abf6-e8ef02b1db0f ] Request (SecurityGroupRulesNegativeTestJSON:setUpClass): 201 POST http://10.180.1.21/networking/v2.0/subnets 0.331s
2025-12-01 17:31:25.727 65978 INFO tempest.lib.common.rest_client [req-f6d34239-77f7-457a-9719-3090e442dbdc req-f6d34239-77f7-457a-9719-3090e442dbdc ] Request (AttachInterfacesUnderV243Test:tearDownClass): 204 DELETE http://10.180.1.21/networking/v2.0/security-groups/0ae76e22-c2ea-4e03-b82d-94279a18270f 0.346s
2025-12-01 17:31:25.763 66012 INFO tempest.lib.common.rest_client [req-8eaa99dd-2b1a-4f10-8d48-98ea7ff28d49 req-8eaa99dd-2b1a-4f10-8d48-98ea7ff28d49 ] Request (ServerActionsTestOtherA:_run_cleanups): 200 GET http://10.180.1.21/compute/v2.1/servers/2e5ec1d9-a575-4ee5-9487-03c1e5495902 3.968s
2025-12-01 17:31:25.810 65978 INFO tempest.lib.common.rest_client [req-bb6be333-c7f2-488f-926e-98804019818a req-bb6be333-c7f2-488f-926e-98804019818a ] Request (AttachInterfacesUnderV243Test:tearDownClass): 204 DELETE http://10.180.1.21/identity/v3/projects/ea0712913b4242119a4a9dedadeda650 0.082s
2025-12-01 17:31:25.900 65962 INFO tempest.lib.common.rest_client [req-24f1a479-c3f9-40c8-8b86-c9ab872dfd44 req-24f1a479-c3f9-40c8-8b86-c9ab872dfd44 ] Request (ImagesTestJSON:_run_cleanups): 204 DELETE http://10.180.1.21/compute/v2.1/servers/2b829a4f-9e41-44cd-a3c9-4467fc54b234 3.925s
2025-12-01 17:31:25.903 65978 INFO tempest.lib.common.rest_client [req-42ad58f8-ba7d-4116-b0c7-3e64bdf3e286 req-42ad58f8-ba7d-4116-b0c7-3e64bdf3e286 ] Request (InstanceActionsTestJSON:setUpClass): 201 POST http://10.180.1.21/identity/v3/auth/tokens 0.092s
2025-12-01 17:31:25.933 65978 INFO tempest.lib.common.rest_client [req-ea825409-a942-40ab-929b-f7907334801e req-ea825409-a942-40ab-929b-f7907334801e ] Request (InstanceActionsTestJSON:setUpClass): 201 POST http://10.180.1.21/identity/v3/auth/tokens 0.026s
2025-12-01 17:31:25.966 65978 INFO tempest.lib.common.rest_client [req-fabed025-9132-42d9-87fb-b88e00c2ee19 req-fabed025-9132-42d9-87fb-b88e00c2ee19 ] Request (InstanceActionsTestJSON:setUpClass): 200 GET http://10.180.1.21/identity/v3/domains?name=Default 0.033s
2025-12-01 17:31:25.978 65962 INFO tempest.lib.common.rest_client [req-289f1206-8411-4604-b68d-7d2ae41f54d5 req-289f1206-8411-4604-b68d-7d2ae41f54d5 ] Request (ImagesTestJSON:test_create_server_from_snapshot): 201 POST http://10.180.1.21/identity/v3/auth/tokens 0.073s
2025-12-01 17:31:25.978 65962 INFO tempest.lib.common.fixed_network [-] (ImagesTestJSON:test_create_server_from_snapshot) Found network {'id': '747258d7-ecca-4232-912b-d132713c0234', 'name': 'tempest-ImagesTestJSON-1713156976-network', 'tenant_id': '4a3a66f2979e446985800d1987293573', 'project_id': '4a3a66f2979e446985800d1987293573', 'admin_state_up': True, 'mtu': 8950, 'status': 'ACTIVE', 'subnets': [], 'shared': False, 'port_security_enabled': True, 'router:external': False, 'provider:network_type': 'vlan', 'provider:physical_network': 'default', 'provider:segmentation_id': 835, 'availability_zone_hints': [], 'availability_zones': [], 'ipv4_address_scope': None, 'ipv6_address_scope': None, 'description': '', 'tags': [], 'created_at': '2025-12-01T17:28:34Z', 'updated_at': '2025-12-01T17:28:34Z', 'revision_number': 1} available for tenant
2025-12-01 17:31:25.999 65978 INFO tempest.lib.common.rest_client [req-0d55e2fb-3613-438a-9392-ddcfd7a6f885 req-0d55e2fb-3613-438a-9392-ddcfd7a6f885 ] Request (InstanceActionsTestJSON:setUpClass): 201 POST http://10.180.1.21/identity/v3/projects 0.032s
2025-12-01 17:31:26.073 65978 INFO tempest.lib.common.rest_client [req-3688d25f-d410-42a6-a65b-a90df587a345 req-3688d25f-d410-42a6-a65b-a90df587a345 ] Request (InstanceActionsTestJSON:setUpClass): 201 POST http://10.180.1.21/identity/v3/users 0.073s
2025-12-01 17:31:26.109 65978 INFO tempest.lib.common.rest_client [req-e101e746-fa76-4cc2-b7c2-baccf807018f req-e101e746-fa76-4cc2-b7c2-baccf807018f ] Request (InstanceActionsTestJSON:setUpClass): 200 GET http://10.180.1.21/identity/v3/roles 0.036s
2025-12-01 17:31:26.166 65978 INFO tempest.lib.common.rest_client [req-34c8d298-d2ca-4c6e-9385-70ea706426ea req-34c8d298-d2ca-4c6e-9385-70ea706426ea ] Request (InstanceActionsTestJSON:setUpClass): 204 PUT http://10.180.1.21/identity/v3/projects/b7b4e0e7582b496888834563c94b5564/users/c0b84928433d4458b49c5b8519675e91/roles/10aa5acdba0142158a95d429b89a9b83 0.056s
2025-12-01 17:31:26.166 65978 INFO tempest.lib.common.dynamic_creds [-] Dynamic test user c0b84928433d4458b49c5b8519675e91 is created with scope project and roles: ['member']
2025-12-01 17:31:26.166 65978 INFO tempest.lib.common.dynamic_creds [-] Acquired dynamic creds: credentials: Credentials: {'domain_id': 'default', 'domain_name': 'Default', 'username': 'tempest-InstanceActionsTestJSON-16849911-project-member', 'project_domain_id': 'default', 'project_domain_name': 'Default', 'project_id': 'b7b4e0e7582b496888834563c94b5564', 'project_name': 'tempest-InstanceActionsTestJSON-16849911', 'tenant_id': 'b7b4e0e7582b496888834563c94b5564', 'tenant_name': 'tempest-InstanceActionsTestJSON-16849911', 'user_domain_id': 'default', 'user_domain_name': 'Default', 'user_id': 'c0b84928433d4458b49c5b8519675e91', 'system': None}, Network: None, Subnet: None, Router: None
2025-12-01 17:31:26.173 65966 INFO tempest.lib.common.rest_client [req-00f07fa9-6031-4517-a6de-a3bd7281a694 req-00f07fa9-6031-4517-a6de-a3bd7281a694 ] Request (MultipleCreateTestJSON:test_multiple_create_with_reservation_return): 200 GET http://10.180.1.21/compute/v2.1/servers/19e20942-22de-4f3f-a29d-4bd9d5aed9fc 3.709s
2025-12-01 17:31:26.220 65988 INFO tempest.lib.common.rest_client [req-6d6c402b-5b92-41b1-b8b3-19e002fbe805 req-6d6c402b-5b92-41b1-b8b3-19e002fbe805 ] Request (ServerActionsV293TestJSON:setUpClass): 200 GET http://10.180.1.21/volume/v3/volumes/332a8d7f-2457-46db-a82c-6e81669a7875 0.036s
2025-12-01 17:31:26.264 65978 INFO tempest.lib.common.rest_client [req-0ed96313-be3a-4000-a255-def49ebe75b2 req-0ed96313-be3a-4000-a255-def49ebe75b2 ] Request (InstanceActionsTestJSON:setUpClass): 201 POST http://10.180.1.21/identity/v3/auth/tokens 0.097s
2025-12-01 17:31:26.628 65954 INFO tempest.lib.common.rest_client [req-1b679bed-8a03-4eef-af9c-d905487681b3 req-1b679bed-8a03-4eef-af9c-d905487681b3 ] Request (SecurityGroupRulesNegativeTestJSON:setUpClass): 201 POST http://10.180.1.21/networking/v2.0/routers 1.077s
2025-12-01 17:31:26.718 65982 WARNING tempest.lib.common.ssh [-] Failed to establish authenticated ssh connection to cirros@10.180.180.245 ([Errno None] Unable to connect to port 22 on 10.180.180.245). Number attempts: 1. Retry after 2 seconds.: paramiko.ssh_exception.NoValidConnectionsError: [Errno None] Unable to connect to port 22 on 10.180.180.245
