2025-12-01 17:30:58.073 66002 INFO tempest.lib.common.rest_client [req-7ebf2aae-ebc0-4368-b22e-d7932208e8a2 req-7ebf2aae-ebc0-4368-b22e-d7932208e8a2 ] Request (ServersTestMultiNic:_run_cleanups): 200 GET http://10.180.1.21/compute/v2.1/servers/87d94aba-2cad-4f8b-8b9f-44a63ab2d203 0.058s
2025-12-01 17:30:58.079 65976 INFO tempest.lib.common.rest_client [req-b66f61a7-809f-47aa-890e-17a415ff9e56 req-b66f61a7-809f-47aa-890e-17a415ff9e56 ] Request (ServersAdminNegativeTestJSON:setUpClass): 200 GET http://10.180.1.21/compute/v2.1/servers/76fde00e-815e-4ce5-8250-181bbaf382e7 0.057s
2025-12-01 17:30:58.155 65970 INFO tempest.lib.common.rest_client [req-554dc04a-ee8d-4f06-b958-627086345fcd req-554dc04a-ee8d-4f06-b958-627086345fcd ] Request (ServerDiskConfigTestJSON:test_rebuild_server_with_auto_disk_config): 200 GET http://10.180.1.21/compute/v2.1/servers/31a7d0d4-d7a0-46ea-9681-6d39f0d3f9b8 0.071s
2025-12-01 17:30:58.169 65966 INFO tempest.lib.common.rest_client [req-98d99795-11e3-4be2-a00d-a10750ee9dbb req-98d99795-11e3-4be2-a00d-a10750ee9dbb ] Request (MultipleCreateTestJSON:_run_cleanups): 200 GET http://10.180.1.21/compute/v2.1/servers/bc7c2aaa-aa54-49f4-b5a2-89b58f6a9ec0 0.080s
2025-12-01 17:30:58.210 65998 INFO tempest.lib.common.rest_client [req-afb323b5-4e9b-45f3-a19f-2fd75dce8c46 req-afb323b5-4e9b-45f3-a19f-2fd75dce8c46 ] Request (MigrationsAdminTest:test_resize_server_revert_deleted_flavor): 200 GET http://10.180.1.21/compute/v2.1/servers/e11b3867-a900-4a9d-8ae3-296ad05e6cde 0.068s
2025-12-01 17:30:58.234 66006 INFO tempest.lib.common.rest_client [req-65ce013e-4efc-423b-80e6-3268b6d0187f req-65ce013e-4efc-423b-80e6-3268b6d0187f ] Request (ServerShowV247Test:tearDownClass): 200 GET http://10.180.1.21/compute/v2.1/servers/7c5dbf65-8989-411a-9a8f-83ef39dd2f5d 0.073s
2025-12-01 17:30:58.280 66000 INFO tempest.lib.common.rest_client [req-8094183f-386f-4ba0-8fb3-6a833fb333a8 req-8094183f-386f-4ba0-8fb3-6a833fb333a8 ] Request (ServerMetadataNegativeTestJSON:tearDownClass): 200 GET http://10.180.1.21/compute/v2.1/servers/a25d9f17-950d-459a-ae70-fb464d184600 0.061s
2025-12-01 17:30:58.324 65972 INFO tempest.lib.common.rest_client [req-d7722b86-984e-47ea-a38c-a7815627a380 req-d7722b86-984e-47ea-a38c-a7815627a380 ] Request (ListServerFiltersTestJSON:setUpClass): 200 GET http://10.180.1.21/compute/v2.1/servers/94e26509-d708-4ef3-8edd-c8d5480796ac 0.052s
2025-12-01 17:30:58.444 65968 INFO tempest.lib.common.rest_client [req-9cd3b40d-bce7-4006-95b8-1287eaf86f29 req-9cd3b40d-bce7-4006-95b8-1287eaf86f29 ] Request (ServersListShow2100Test:test_list_show_rebuild_update_server_2100): 200 GET http://10.180.1.21/compute/v2.1/servers/27f72918-aca9-4132-8390-a0cd086b9c65 0.065s
2025-12-01 17:30:58.488 66012 INFO tempest.lib.common.rest_client [req-e5e5111e-024a-4fca-a0ad-f339de86d8e5 req-e5e5111e-024a-4fca-a0ad-f339de86d8e5 ] Request (ServerActionsTestOtherA:test_rebuild_server_in_stop_state): 200 GET http://10.180.1.21/compute/v2.1/servers/2e5ec1d9-a575-4ee5-9487-03c1e5495902 0.110s
2025-12-01 17:30:58.492 66008 INFO tempest.lib.common.rest_client [req-8e88c757-dd3f-4dac-aebf-4ab814ff33c7 req-8e88c757-dd3f-4dac-aebf-4ab814ff33c7 ] Request (SecurityGroupsTestJSON:test_server_security_groups): 200 GET http://10.180.1.21/compute/v2.1/servers/bd49284e-311a-4035-8506-13a1fa8c47e8 0.058s
2025-12-01 17:30:58.499 66012 INFO tempest.common.waiters [-] State transition "ACTIVE/powering-off" ==> "SHUTOFF/None" after 2 second wait
2025-12-01 17:30:58.546 65988 INFO tempest.lib.common.rest_client [req-8a30a9b3-af28-4e5e-9ce8-7d3f309fc1be req-8a30a9b3-af28-4e5e-9ce8-7d3f309fc1be ] Request (ServerDiagnosticsTest:tearDownClass): 200 GET http://10.180.1.21/compute/v2.1/servers/462eb0f2-a55e-46cb-9ca3-9a2e8305276a 0.093s
2025-12-01 17:30:58.566 66010 INFO tempest.lib.common.rest_client [req-70a7c322-6f5c-406a-ad8c-520960788833 req-70a7c322-6f5c-406a-ad8c-520960788833 ] Request (ServersNegativeTestMultiTenantJSON:tearDownClass): 200 GET http://10.180.1.21/compute/v2.1/servers/d95f352e-97d1-4c37-a75b-d9e4b4b52c3b 0.068s
2025-12-01 17:30:58.655 65956 INFO tempest.lib.common.rest_client [req-dad50fec-d80d-4feb-8c4b-97f47efc477f req-dad50fec-d80d-4feb-8c4b-97f47efc477f ] Request (ServersTestJSON:test_create_server_specify_multibyte_character_name): 200 GET http://10.180.1.21/compute/v2.1/servers/27caa556-3a7e-4048-9968-c61cca96905d 0.062s
2025-12-01 17:30:58.707 66012 INFO tempest.lib.common.rest_client [req-e772d1ad-5e0e-4e5b-b200-1ca7a27794b9 req-e772d1ad-5e0e-4e5b-b200-1ca7a27794b9 ] Request (ServerActionsTestOtherA:test_rebuild_server_in_stop_state): 202 POST http://10.180.1.21/compute/v2.1/servers/2e5ec1d9-a575-4ee5-9487-03c1e5495902/action 0.207s
2025-12-01 17:30:58.768 66014 INFO tempest.lib.common.rest_client [req-6053d0b5-4c73-4eae-8935-a139258f99a1 req-6053d0b5-4c73-4eae-8935-a139258f99a1 ] Request (FloatingIPsAssociationTestJSON:tearDownClass): 200 GET http://10.180.1.21/compute/v2.1/servers/b6e32576-8ac6-4f16-b004-833275685aa5 0.107s
2025-12-01 17:30:58.800 65964 INFO tempest.lib.common.rest_client [req-8c71e982-1779-4feb-8a70-f7fa12d59b73 req-8c71e982-1779-4feb-8a70-f7fa12d59b73 ] Request (ServersAdminTestJSON:test_rebuild_server_in_error_state): 200 GET http://10.180.1.21/compute/v2.1/servers/59de70ec-bbdc-4072-8ddc-6aa54c5d1f0e 0.183s
2025-12-01 17:30:58.832 65952 INFO tempest.lib.common.rest_client [req-772c2b31-4c20-4ed5-8090-8825ce7f6fed req-772c2b31-4c20-4ed5-8090-8825ce7f6fed ] Request (ServersTestBootFromVolume:setUpClass): 200 GET http://10.180.1.21/compute/v2.1/servers/efa269f5-9be7-4644-acfb-0dc73b071a77 0.148s
2025-12-01 17:30:58.838 65990 INFO tempest.lib.common.rest_client [req-b889dc94-cf24-48b1-b868-f2ee3438ad1b req-b889dc94-cf24-48b1-b868-f2ee3438ad1b ] Request (ListImageFiltersTestJSON:setUpClass): 200 GET http://10.180.1.21/compute/v2.1/images/71c6798f-842d-4618-afc7-e281325da611 0.138s
2025-12-01 17:30:58.898 65974 INFO tempest.lib.common.rest_client [req-b2cd42c0-d71d-40cf-8501-3fa451d3eace req-b2cd42c0-d71d-40cf-8501-3fa451d3eace ] Request (ImagesOneServerTestJSON:setUpClass): 200 GET http://10.180.1.21/compute/v2.1/servers/280f140a-9865-415a-ada4-aa1d8cfb3b63 0.156s
2025-12-01 17:30:58.965 65958 INFO tempest.lib.common.rest_client [req-48c488dd-a974-4e2e-88fb-4f499412ba0f req-48c488dd-a974-4e2e-88fb-4f499412ba0f ] Request (ServerDiagnosticsNegativeTest:test_get_server_diagnostics_by_non_admin): 200 GET http://10.180.1.21/compute/v2.1/servers/9dd45d43-d3dc-4d3f-947d-1f036e11b3a3 0.193s
2025-12-01 17:30:59.023 66012 INFO tempest.lib.common.rest_client [req-2f444982-02a8-4bb5-80ed-d0cd14c5f1e5 req-2f444982-02a8-4bb5-80ed-d0cd14c5f1e5 ] Request (ServerActionsTestOtherA:test_rebuild_server_in_stop_state): 200 GET http://10.180.1.21/compute/v2.1/servers/2e5ec1d9-a575-4ee5-9487-03c1e5495902 0.310s
2025-12-01 17:30:59.058 65996 INFO tempest.lib.common.rest_client [req-12304a5f-6083-4638-af2a-206d25c2f6bf req-12304a5f-6083-4638-af2a-206d25c2f6bf ] Request (VolumesAssistedSnapshotsTest:tearDownClass): 200 GET http://10.180.1.21/compute/v2.1/servers/42a3cdbd-b7a1-4c2a-aa4f-d1676e8e2076 0.244s
2025-12-01 17:30:59.108 66004 INFO tempest.lib.common.rest_client [req-a0bd376d-9d57-4652-b7f9-b0bd98f6bd49 req-a0bd376d-9d57-4652-b7f9-b0bd98f6bd49 ] Request (DeleteServersTestJSON:test_delete_server_while_in_attached_volume): 200 GET http://10.180.1.21/compute/v2.1/servers/d2370280-4637-419f-b1c3-456e993866d6 0.240s
2025-12-01 17:30:59.143 65986 INFO tempest.lib.common.rest_client [req-5be753cd-2c2e-4e83-b733-f3e7e6a24624 req-5be753cd-2c2e-4e83-b733-f3e7e6a24624 ] Request (AttachInterfacesTestJSON:test_create_list_show_delete_interfaces_by_fixed_ip): 200 GET http://10.180.1.21/compute/v2.1/servers/695ade6f-699c-42e6-be4e-5ddd2171aaa0/os-interface 0.244s
2025-12-01 17:30:59.172 65986 INFO tempest.lib.common.rest_client [req-8db6917b-acc1-4caf-a1ce-4c9775d330bf req-8db6917b-acc1-4caf-a1ce-4c9775d330bf ] Request (AttachInterfacesTestJSON:_run_cleanups): 404 DELETE http://10.180.1.21/networking/v2.0/ports/a5632ed4-8490-47e7-a001-5839a0cd9ace 0.023s
2025-12-01 17:30:59.187 65962 INFO tempest.lib.common.rest_client [req-daccd0c1-7734-4344-abc1-00177a9392d4 req-daccd0c1-7734-4344-abc1-00177a9392d4 ] Request (ImagesTestJSON:test_create_image_from_suspended_server): 200 GET http://10.180.1.21/compute/v2.1/images/268eea47-8384-41e3-89f1-420282aec440 0.227s
2025-12-01 17:30:59.196 65978 INFO tempest.lib.common.rest_client [req-66a143bb-d579-484b-974f-c7c2406aaf0e req-66a143bb-d579-484b-974f-c7c2406aaf0e ] Request (AttachInterfacesUnderV243Test:_run_cleanups): 200 GET http://10.180.1.21/compute/v2.1/servers/6063b1ad-8763-44d0-8b2f-e7943b19df9b 0.270s
2025-12-01 17:30:59.254 65954 INFO tempest.lib.common.rest_client [req-8110ddcb-e11e-499c-8104-45f0642e047a req-8110ddcb-e11e-499c-8104-45f0642e047a ] Request (ServerExternalEventsTest:tearDownClass): 200 GET http://10.180.1.21/compute/v2.1/servers/75f9f553-fafb-4389-97de-69d53b21c184 0.281s
2025-12-01 17:30:59.262 65994 INFO tempest.lib.common.rest_client [req-d8116717-55e2-4c8d-b326-7ce1fe7bccdf req-d8116717-55e2-4c8d-b326-7ce1fe7bccdf ] Request (ServersV294TestFqdnHostnames:setUpClass): 200 GET http://10.180.1.21/compute/v2.1/servers/9917674f-45c2-4ec8-a263-aa6ead397187 0.237s
2025-12-01 17:30:59.309 65982 INFO tempest.lib.common.rest_client [req-37b6f689-6c34-4e05-ad9e-1293bb650a31 req-37b6f689-6c34-4e05-ad9e-1293bb650a31 ] Request (ServersTestFqdnHostnames:test_create_server_with_fqdn_name): 200 GET http://10.180.1.21/compute/v2.1/servers/d99b011d-816e-4ac8-94e1-7ca5665336ba 0.282s
2025-12-01 17:30:59.326 66002 INFO tempest.lib.common.rest_client [req-868f76e7-fdfb-4a84-8e80-8bd5a15a8945 req-868f76e7-fdfb-4a84-8e80-8bd5a15a8945 ] Request (ServersTestMultiNic:_run_cleanups): 200 GET http://10.180.1.21/compute/v2.1/servers/87d94aba-2cad-4f8b-8b9f-44a63ab2d203 0.243s
2025-12-01 17:30:59.338 66002 INFO tempest.common.waiters [-] State transition "ACTIVE/deleting" ==> "DELETED/None" after 4 second wait
2025-12-01 17:30:59.359 65976 INFO tempest.lib.common.rest_client [req-8d3accfe-b0c2-475e-9b35-65e974a20858 req-8d3accfe-b0c2-475e-9b35-65e974a20858 ] Request (ServersAdminNegativeTestJSON:setUpClass): 200 GET http://10.180.1.21/compute/v2.1/servers/76fde00e-815e-4ce5-8250-181bbaf382e7 0.272s
2025-12-01 17:30:59.376 65970 INFO tempest.lib.common.rest_client [req-73384f20-f8b3-40aa-a5a8-90ab700a2855 req-73384f20-f8b3-40aa-a5a8-90ab700a2855 ] Request (ServerDiskConfigTestJSON:test_rebuild_server_with_auto_disk_config): 200 GET http://10.180.1.21/compute/v2.1/servers/31a7d0d4-d7a0-46ea-9681-6d39f0d3f9b8 0.212s
2025-12-01 17:30:59.439 65986 INFO tempest.lib.common.rest_client [req-d7e0c242-280a-4363-b6c5-3af2f4d35a6a req-d7e0c242-280a-4363-b6c5-3af2f4d35a6a ] Request (AttachInterfacesTestJSON:_run_cleanups): 204 DELETE http://10.180.1.21/compute/v2.1/servers/695ade6f-699c-42e6-be4e-5ddd2171aaa0 0.266s
2025-12-01 17:30:59.447 65966 INFO tempest.lib.common.rest_client [req-93e3f914-4128-40a2-b7e5-c34102120adc req-93e3f914-4128-40a2-b7e5-c34102120adc ] Request (MultipleCreateTestJSON:_run_cleanups): 200 GET http://10.180.1.21/compute/v2.1/servers/bc7c2aaa-aa54-49f4-b5a2-89b58f6a9ec0 0.269s
2025-12-01 17:30:59.504 65998 INFO tempest.lib.common.rest_client [req-414c7f3b-46f4-48a4-a2c6-5e7992673bcf req-414c7f3b-46f4-48a4-a2c6-5e7992673bcf ] Request (MigrationsAdminTest:test_resize_server_revert_deleted_flavor): 200 GET http://10.180.1.21/compute/v2.1/servers/e11b3867-a900-4a9d-8ae3-296ad05e6cde 0.286s
2025-12-01 17:30:59.522 66006 INFO tempest.lib.common.rest_client [req-9a41dafa-cff2-419e-adf3-3131917893cb req-9a41dafa-cff2-419e-adf3-3131917893cb ] Request (ServerShowV247Test:tearDownClass): 200 GET http://10.180.1.21/compute/v2.1/servers/7c5dbf65-8989-411a-9a8f-83ef39dd2f5d 0.277s
2025-12-01 17:30:59.578 66000 INFO tempest.lib.common.rest_client [req-ed35116e-8bb6-448a-ae6f-f777c1dcd242 req-ed35116e-8bb6-448a-ae6f-f777c1dcd242 ] Request (ServerMetadataNegativeTestJSON:tearDownClass): 200 GET http://10.180.1.21/compute/v2.1/servers/a25d9f17-950d-459a-ae70-fb464d184600 0.289s
2025-12-01 17:30:59.582 65972 INFO tempest.lib.common.rest_client [req-9e25d1e5-caec-490f-9db1-641665d4d0ef req-9e25d1e5-caec-490f-9db1-641665d4d0ef ] Request (ListServerFiltersTestJSON:setUpClass): 200 GET http://10.180.1.21/compute/v2.1/servers/94e26509-d708-4ef3-8edd-c8d5480796ac 0.249s
2025-12-01 17:30:59.655 65968 INFO tempest.lib.common.rest_client [req-333f1e8c-c121-4eaf-a7b0-77a492722d7b req-333f1e8c-c121-4eaf-a7b0-77a492722d7b ] Request (ServersListShow2100Test:test_list_show_rebuild_update_server_2100): 200 GET http://10.180.1.21/compute/v2.1/servers/27f72918-aca9-4132-8390-a0cd086b9c65 0.198s
2025-12-01 17:30:59.698 65986 INFO tempest.lib.common.rest_client [req-7f6247f2-0373-49a8-96b5-e14b32e3668d req-7f6247f2-0373-49a8-96b5-e14b32e3668d ] Request (AttachInterfacesTestJSON:_run_cleanups): 200 GET http://10.180.1.21/compute/v2.1/servers/695ade6f-699c-42e6-be4e-5ddd2171aaa0 0.259s
2025-12-01 17:30:59.720 66008 INFO tempest.lib.common.rest_client [req-ccd6eba6-58c0-4bce-b304-d87b1faf136c req-ccd6eba6-58c0-4bce-b304-d87b1faf136c ] Request (SecurityGroupsTestJSON:test_server_security_groups): 200 GET http://10.180.1.21/compute/v2.1/servers/bd49284e-311a-4035-8506-13a1fa8c47e8 0.219s
2025-12-01 17:30:59.756 65988 INFO tempest.lib.common.rest_client [req-95e0767a-147f-4014-b299-a82d202c354d req-95e0767a-147f-4014-b299-a82d202c354d ] Request (ServerDiagnosticsTest:tearDownClass): 200 GET http://10.180.1.21/compute/v2.1/servers/462eb0f2-a55e-46cb-9ca3-9a2e8305276a 0.201s
2025-12-01 17:30:59.784 66010 INFO tempest.lib.common.rest_client [req-86b8b0df-7d52-4753-aadc-9a93aaeb8d0b req-86b8b0df-7d52-4753-aadc-9a93aaeb8d0b ] Request (ServersNegativeTestMultiTenantJSON:tearDownClass): 200 GET http://10.180.1.21/compute/v2.1/servers/d95f352e-97d1-4c37-a75b-d9e4b4b52c3b 0.208s
2025-12-01 17:30:59.815 65956 INFO tempest.lib.common.rest_client [req-0f1ea9f0-31a4-4100-8d05-7c4ae57ae200 req-0f1ea9f0-31a4-4100-8d05-7c4ae57ae200 ] Request (ServersTestJSON:test_create_server_specify_multibyte_character_name): 200 GET http://10.180.1.21/compute/v2.1/servers/27caa556-3a7e-4048-9968-c61cca96905d 0.149s
2025-12-01 17:30:59.845 66014 INFO tempest.lib.common.rest_client [req-ef65cbff-d728-4ab6-8da2-bbbd550dbf99 req-ef65cbff-d728-4ab6-8da2-bbbd550dbf99 ] Request (FloatingIPsAssociationTestJSON:tearDownClass): 200 GET http://10.180.1.21/compute/v2.1/servers/b6e32576-8ac6-4f16-b004-833275685aa5 0.069s
2025-12-01 17:30:59.897 65952 INFO tempest.lib.common.rest_client [req-7e20ff54-d71a-4897-ad6d-3f2cd39cc779 req-7e20ff54-d71a-4897-ad6d-3f2cd39cc779 ] Request (ServersTestBootFromVolume:setUpClass): 200 GET http://10.180.1.21/compute/v2.1/servers/efa269f5-9be7-4644-acfb-0dc73b071a77 0.057s
2025-12-01 17:30:59.932 65964 INFO tempest.lib.common.rest_client [req-83a222ad-510b-4f47-9380-1adbc3d249c0 req-83a222ad-510b-4f47-9380-1adbc3d249c0 ] Request (ServersAdminTestJSON:test_rebuild_server_in_error_state): 200 GET http://10.180.1.21/compute/v2.1/servers/59de70ec-bbdc-4072-8ddc-6aa54c5d1f0e 0.124s
2025-12-01 17:30:59.948 65990 INFO tempest.lib.common.rest_client [req-7afd31f4-2557-4d49-8b52-5960ff17d81c req-7afd31f4-2557-4d49-8b52-5960ff17d81c ] Request (ListImageFiltersTestJSON:setUpClass): 200 GET http://10.180.1.21/compute/v2.1/images/71c6798f-842d-4618-afc7-e281325da611 0.106s
2025-12-01 17:30:59.985 65974 INFO tempest.lib.common.rest_client [req-dee93a88-2351-4a89-a9dd-8ea129a2dce8 req-dee93a88-2351-4a89-a9dd-8ea129a2dce8 ] Request (ImagesOneServerTestJSON:setUpClass): 200 GET http://10.180.1.21/compute/v2.1/servers/280f140a-9865-415a-ada4-aa1d8cfb3b63 0.078s
2025-12-01 17:31:00.032 65958 INFO tempest.lib.common.rest_client [req-a4d6e452-d7ad-4534-b4bd-9874ea22d51f req-a4d6e452-d7ad-4534-b4bd-9874ea22d51f ] Request (ServerDiagnosticsNegativeTest:test_get_server_diagnostics_by_non_admin): 200 GET http://10.180.1.21/compute/v2.1/servers/9dd45d43-d3dc-4d3f-947d-1f036e11b3a3 0.056s
2025-12-01 17:31:00.141 65996 INFO tempest.lib.common.rest_client [req-475f79e4-10b1-4740-8cd2-5d1cfb00258c req-475f79e4-10b1-4740-8cd2-5d1cfb00258c ] Request (VolumesAssistedSnapshotsTest:tearDownClass): 200 GET http://10.180.1.21/compute/v2.1/servers/42a3cdbd-b7a1-4c2a-aa4f-d1676e8e2076 0.073s
2025-12-01 17:31:00.164 66012 INFO tempest.lib.common.rest_client [req-ef082344-3fdf-4c52-a44a-ce1551a203e0 req-ef082344-3fdf-4c52-a44a-ce1551a203e0 ] Request (ServerActionsTestOtherA:test_rebuild_server_in_stop_state): 200 GET http://10.180.1.21/compute/v2.1/servers/2e5ec1d9-a575-4ee5-9487-03c1e5495902 0.125s
2025-12-01 17:31:00.209 66004 INFO tempest.lib.common.rest_client [req-f428e2fe-da3f-4c2c-a32c-1b68ecf5408e req-f428e2fe-da3f-4c2c-a32c-1b68ecf5408e ] Request (DeleteServersTestJSON:test_delete_server_while_in_attached_volume): 200 GET http://10.180.1.21/compute/v2.1/servers/d2370280-4637-419f-b1c3-456e993866d6 0.089s
2025-12-01 17:31:00.231 65962 INFO tempest.lib.common.rest_client [req-71642070-5601-4ee3-aa97-d11a3d7fd8de req-71642070-5601-4ee3-aa97-d11a3d7fd8de ] Request (ImagesTestJSON:test_create_image_from_suspended_server): 200 GET http://10.180.1.21/compute/v2.1/images/268eea47-8384-41e3-89f1-420282aec440 0.040s
2025-12-01 17:31:00.263 65978 INFO tempest.lib.common.rest_client [req-325661f1-070f-479c-bb02-aca1886172f2 req-325661f1-070f-479c-bb02-aca1886172f2 ] Request (AttachInterfacesUnderV243Test:_run_cleanups): 200 GET http://10.180.1.21/compute/v2.1/servers/6063b1ad-8763-44d0-8b2f-e7943b19df9b 0.056s
2025-12-01 17:31:00.318 65954 INFO tempest.lib.common.rest_client [req-cdb9dae5-571e-4f9c-b5f8-a95525b4220f req-cdb9dae5-571e-4f9c-b5f8-a95525b4220f ] Request (ServerExternalEventsTest:tearDownClass): 200 GET http://10.180.1.21/compute/v2.1/servers/75f9f553-fafb-4389-97de-69d53b21c184 0.056s
2025-12-01 17:31:00.331 65994 INFO tempest.lib.common.rest_client [req-f8c96655-04b2-47e1-aaf3-f077a9e0da76 req-f8c96655-04b2-47e1-aaf3-f077a9e0da76 ] Request (ServersV294TestFqdnHostnames:setUpClass): 200 GET http://10.180.1.21/compute/v2.1/servers/9917674f-45c2-4ec8-a263-aa6ead397187 0.058s
2025-12-01 17:31:00.371 65982 INFO tempest.lib.common.rest_client [req-908d9ee4-d3b2-400d-8352-ee6073a0c0cd req-908d9ee4-d3b2-400d-8352-ee6073a0c0cd ] Request (ServersTestFqdnHostnames:test_create_server_with_fqdn_name): 200 GET http://10.180.1.21/compute/v2.1/servers/d99b011d-816e-4ac8-94e1-7ca5665336ba 0.052s
2025-12-01 17:31:00.400 66002 INFO tempest.lib.common.rest_client [req-855f947e-1bf9-44e2-abca-fe8889750fea req-855f947e-1bf9-44e2-abca-fe8889750fea ] Request (ServersTestMultiNic:_run_cleanups): 200 GET http://10.180.1.21/compute/v2.1/servers/87d94aba-2cad-4f8b-8b9f-44a63ab2d203 0.062s
2025-12-01 17:31:00.424 65976 INFO tempest.lib.common.rest_client [req-5ed658af-35d3-4709-9545-c0e46556c02b req-5ed658af-35d3-4709-9545-c0e46556c02b ] Request (ServersAdminNegativeTestJSON:setUpClass): 200 GET http://10.180.1.21/compute/v2.1/servers/76fde00e-815e-4ce5-8250-181bbaf382e7 0.055s
2025-12-01 17:31:00.453 65970 INFO tempest.lib.common.rest_client [req-d4571aee-1d8d-4b05-b891-0b6f9c96ca08 req-d4571aee-1d8d-4b05-b891-0b6f9c96ca08 ] Request (ServerDiskConfigTestJSON:test_rebuild_server_with_auto_disk_config): 200 GET http://10.180.1.21/compute/v2.1/servers/31a7d0d4-d7a0-46ea-9681-6d39f0d3f9b8 0.068s
2025-12-01 17:31:00.520 65966 INFO tempest.lib.common.rest_client [req-dbe09efd-de47-4d61-96d6-d39347ce9342 req-dbe09efd-de47-4d61-96d6-d39347ce9342 ] Request (MultipleCreateTestJSON:_run_cleanups): 200 GET http://10.180.1.21/compute/v2.1/servers/bc7c2aaa-aa54-49f4-b5a2-89b58f6a9ec0 0.064s
2025-12-01 17:31:00.576 65998 INFO tempest.lib.common.rest_client [req-8a3b2212-679a-4517-b9ac-e81716e5cb60 req-8a3b2212-679a-4517-b9ac-e81716e5cb60 ] Request (MigrationsAdminTest:test_resize_server_revert_deleted_flavor): 200 GET http://10.180.1.21/compute/v2.1/servers/e11b3867-a900-4a9d-8ae3-296ad05e6cde 0.059s
2025-12-01 17:31:00.601 66006 INFO tempest.lib.common.rest_client [req-23d87252-adff-4029-b006-d984dac1fafb req-23d87252-adff-4029-b006-d984dac1fafb ] Request (ServerShowV247Test:tearDownClass): 200 GET http://10.180.1.21/compute/v2.1/servers/7c5dbf65-8989-411a-9a8f-83ef39dd2f5d 0.069s
2025-12-01 17:31:00.658 65972 INFO tempest.lib.common.rest_client [req-44cd7d02-ec16-44e7-b7be-7f86bcf55bf0 req-44cd7d02-ec16-44e7-b7be-7f86bcf55bf0 ] Request (ListServerFiltersTestJSON:setUpClass): 200 GET http://10.180.1.21/compute/v2.1/servers/94e26509-d708-4ef3-8edd-c8d5480796ac 0.067s
2025-12-01 17:31:00.661 66000 INFO tempest.lib.common.rest_client [req-5dab5821-e6ed-44c8-ba44-1971d4d7ac5b req-5dab5821-e6ed-44c8-ba44-1971d4d7ac5b ] Request (ServerMetadataNegativeTestJSON:tearDownClass): 200 GET http://10.180.1.21/compute/v2.1/servers/a25d9f17-950d-459a-ae70-fb464d184600 0.075s
2025-12-01 17:31:00.746 65968 INFO tempest.lib.common.rest_client [req-37ed0a93-83e3-42b7-a1c4-cb24075bf31f req-37ed0a93-83e3-42b7-a1c4-cb24075bf31f ] Request (ServersListShow2100Test:test_list_show_rebuild_update_server_2100): 200 GET http://10.180.1.21/compute/v2.1/servers/27f72918-aca9-4132-8390-a0cd086b9c65 0.076s
2025-12-01 17:31:00.806 66008 INFO tempest.lib.common.rest_client [req-9f584361-bffd-4313-817b-bca4a73a264d req-9f584361-bffd-4313-817b-bca4a73a264d ] Request (SecurityGroupsTestJSON:test_server_security_groups): 200 GET http://10.180.1.21/compute/v2.1/servers/bd49284e-311a-4035-8506-13a1fa8c47e8 0.078s
2025-12-01 17:31:00.837 65986 INFO tempest.lib.common.rest_client [req-8c4ce67a-223c-460f-a6dc-3ccbbbf57395 req-8c4ce67a-223c-460f-a6dc-3ccbbbf57395 ] Request (AttachInterfacesTestJSON:_run_cleanups): 200 GET http://10.180.1.21/compute/v2.1/servers/695ade6f-699c-42e6-be4e-5ddd2171aaa0 0.130s
2025-12-01 17:31:00.879 65988 INFO tempest.lib.common.rest_client [req-e12f01d1-0061-4618-b9e7-264aa1459dc0 req-e12f01d1-0061-4618-b9e7-264aa1459dc0 ] Request (ServerDiagnosticsTest:tearDownClass): 200 GET http://10.180.1.21/compute/v2.1/servers/462eb0f2-a55e-46cb-9ca3-9a2e8305276a 0.115s
2025-12-01 17:31:00.905 66010 INFO tempest.lib.common.rest_client [req-78aaff5a-9069-4453-a8b8-26a355c61c23 req-78aaff5a-9069-4453-a8b8-26a355c61c23 ] Request (ServersNegativeTestMultiTenantJSON:tearDownClass): 200 GET http://10.180.1.21/compute/v2.1/servers/d95f352e-97d1-4c37-a75b-d9e4b4b52c3b 0.115s
2025-12-01 17:31:00.942 65956 INFO tempest.lib.common.rest_client [req-44e07b1d-50ea-45a6-b5b7-edb954561475 req-44e07b1d-50ea-45a6-b5b7-edb954561475 ] Request (ServersTestJSON:test_create_server_specify_multibyte_character_name): 200 GET http://10.180.1.21/compute/v2.1/servers/27caa556-3a7e-4048-9968-c61cca96905d 0.119s
2025-12-01 17:31:00.981 66014 INFO tempest.lib.common.rest_client [req-2830cec4-b3db-4bd3-9e15-9696e399c2de req-2830cec4-b3db-4bd3-9e15-9696e399c2de ] Request (FloatingIPsAssociationTestJSON:tearDownClass): 200 GET http://10.180.1.21/compute/v2.1/servers/b6e32576-8ac6-4f16-b004-833275685aa5 0.128s
2025-12-01 17:31:00.997 65952 INFO tempest.lib.common.rest_client [req-4690fcaa-35d6-4b4b-b3f1-291e33599479 req-4690fcaa-35d6-4b4b-b3f1-291e33599479 ] Request (ServersTestBootFromVolume:setUpClass): 200 GET http://10.180.1.21/compute/v2.1/servers/efa269f5-9be7-4644-acfb-0dc73b071a77 0.092s
2025-12-01 17:31:01.004 65952 INFO tempest.common.waiters [-] State transition "BUILD/scheduling" ==> "BUILD/None" after 22 second wait
2025-12-01 17:31:01.035 65990 INFO tempest.lib.common.rest_client [req-dff98084-1140-4020-a8a1-b807fb476a46 req-dff98084-1140-4020-a8a1-b807fb476a46 ] Request (ListImageFiltersTestJSON:setUpClass): 200 GET http://10.180.1.21/compute/v2.1/images/71c6798f-842d-4618-afc7-e281325da611 0.083s
2025-12-01 17:31:01.095 65964 INFO tempest.lib.common.rest_client [req-0da23bea-98f6-4c4e-bcc8-d4740dcf7cef req-0da23bea-98f6-4c4e-bcc8-d4740dcf7cef ] Request (ServersAdminTestJSON:test_rebuild_server_in_error_state): 200 GET http://10.180.1.21/compute/v2.1/servers/59de70ec-bbdc-4072-8ddc-6aa54c5d1f0e 0.151s
2025-12-01 17:31:01.104 65974 INFO tempest.lib.common.rest_client [req-2f4ca8ec-3741-4d06-9a56-562728fac06a req-2f4ca8ec-3741-4d06-9a56-562728fac06a ] Request (ImagesOneServerTestJSON:setUpClass): 200 GET http://10.180.1.21/compute/v2.1/servers/280f140a-9865-415a-ada4-aa1d8cfb3b63 0.111s
2025-12-01 17:31:01.105 65964 INFO tempest.common.waiters [-] State transition "REBUILD/rebuilding" ==> "REBUILD/rebuild_spawning" after 4 second wait
2025-12-01 17:31:01.162 65958 INFO tempest.lib.common.rest_client [req-5eb9c8fa-4ed7-41ef-8804-5b707c807822 req-5eb9c8fa-4ed7-41ef-8804-5b707c807822 ] Request (ServerDiagnosticsNegativeTest:test_get_server_diagnostics_by_non_admin): 200 GET http://10.180.1.21/compute/v2.1/servers/9dd45d43-d3dc-4d3f-947d-1f036e11b3a3 0.120s
2025-12-01 17:31:01.217 65996 INFO tempest.lib.common.rest_client [req-73b03fc9-9265-42f6-94ae-4d1c896a4592 req-73b03fc9-9265-42f6-94ae-4d1c896a4592 ] Request (VolumesAssistedSnapshotsTest:tearDownClass): 200 GET http://10.180.1.21/compute/v2.1/servers/42a3cdbd-b7a1-4c2a-aa4f-d1676e8e2076 0.068s
2025-12-01 17:31:01.293 66004 INFO tempest.lib.common.rest_client [req-87e10462-8267-471e-aa24-c47fcf7b0e26 req-87e10462-8267-471e-aa24-c47fcf7b0e26 ] Request (DeleteServersTestJSON:test_delete_server_while_in_attached_volume): 200 GET http://10.180.1.21/compute/v2.1/servers/d2370280-4637-419f-b1c3-456e993866d6 0.075s
2025-12-01 17:31:01.303 66012 INFO tempest.lib.common.rest_client [req-086203b7-b660-45ce-983c-c68e8bbeab4e req-086203b7-b660-45ce-983c-c68e8bbeab4e ] Request (ServerActionsTestOtherA:test_rebuild_server_in_stop_state): 200 GET http://10.180.1.21/compute/v2.1/servers/2e5ec1d9-a575-4ee5-9487-03c1e5495902 0.125s
2025-12-01 17:31:01.311 66012 INFO tempest.common.waiters [-] State transition "REBUILD/rebuilding" ==> "REBUILD/rebuild_block_device_mapping" after 2 second wait
2025-12-01 17:31:01.332 65962 INFO tempest.lib.common.rest_client [req-68277051-148e-40c4-bd32-d11e04b966ae req-68277051-148e-40c4-bd32-d11e04b966ae ] Request (ImagesTestJSON:test_create_image_from_suspended_server): 200 GET http://10.180.1.21/compute/v2.1/images/268eea47-8384-41e3-89f1-420282aec440 0.096s
2025-12-01 17:31:01.371 65978 INFO tempest.lib.common.rest_client [req-239a8147-e929-4b88-be91-681c30438991 req-239a8147-e929-4b88-be91-681c30438991 ] Request (AttachInterfacesUnderV243Test:_run_cleanups): 200 GET http://10.180.1.21/compute/v2.1/servers/6063b1ad-8763-44d0-8b2f-e7943b19df9b 0.100s
2025-12-01 17:31:01.398 65954 INFO tempest.lib.common.rest_client [req-3563fbe0-df88-4157-94ee-f50a69f6ef19 req-3563fbe0-df88-4157-94ee-f50a69f6ef19 ] Request (ServerExternalEventsTest:tearDownClass): 200 GET http://10.180.1.21/compute/v2.1/servers/75f9f553-fafb-4389-97de-69d53b21c184 0.073s
2025-12-01 17:31:01.437 65994 INFO tempest.lib.common.rest_client [req-1a273096-f5fa-4d52-9692-d252a50785d6 req-1a273096-f5fa-4d52-9692-d252a50785d6 ] Request (ServersV294TestFqdnHostnames:setUpClass): 200 GET http://10.180.1.21/compute/v2.1/servers/9917674f-45c2-4ec8-a263-aa6ead397187 0.095s
2025-12-01 17:31:01.459 65982 INFO tempest.lib.common.rest_client [req-b054d25b-0b13-4734-aceb-c47df97c9be8 req-b054d25b-0b13-4734-aceb-c47df97c9be8 ] Request (ServersTestFqdnHostnames:test_create_server_with_fqdn_name): 200 GET http://10.180.1.21/compute/v2.1/servers/d99b011d-816e-4ac8-94e1-7ca5665336ba 0.079s
2025-12-01 17:31:01.468 65982 INFO tempest.common.waiters [-] State transition "BUILD/None" ==> "BUILD/networking" after 52 second wait
2025-12-01 17:31:01.505 66002 INFO tempest.lib.common.rest_client [req-d54ec10d-93f7-4b47-ac71-7b86fd092cd4 req-d54ec10d-93f7-4b47-ac71-7b86fd092cd4 ] Request (ServersTestMultiNic:_run_cleanups): 200 GET http://10.180.1.21/compute/v2.1/servers/87d94aba-2cad-4f8b-8b9f-44a63ab2d203 0.095s
2025-12-01 17:31:01.518 65976 INFO tempest.lib.common.rest_client [req-1c02fc29-eecd-46af-95b4-130a1adfea9c req-1c02fc29-eecd-46af-95b4-130a1adfea9c ] Request (ServersAdminNegativeTestJSON:setUpClass): 200 GET http://10.180.1.21/compute/v2.1/servers/76fde00e-815e-4ce5-8250-181bbaf382e7 0.086s
2025-12-01 17:31:01.557 65970 INFO tempest.lib.common.rest_client [req-54313b5c-d438-4610-9735-7fe9a7a91dea req-54313b5c-d438-4610-9735-7fe9a7a91dea ] Request (ServerDiskConfigTestJSON:test_rebuild_server_with_auto_disk_config): 200 GET http://10.180.1.21/compute/v2.1/servers/31a7d0d4-d7a0-46ea-9681-6d39f0d3f9b8 0.097s
2025-12-01 17:31:01.594 65966 INFO tempest.lib.common.rest_client [req-8857c341-9782-440b-a402-19d416076ec1 req-8857c341-9782-440b-a402-19d416076ec1 ] Request (MultipleCreateTestJSON:_run_cleanups): 200 GET http://10.180.1.21/compute/v2.1/servers/bc7c2aaa-aa54-49f4-b5a2-89b58f6a9ec0 0.067s
2025-12-01 17:31:01.645 65998 INFO tempest.lib.common.rest_client [req-084f161a-bd32-4340-909f-7608b377c8c5 req-084f161a-bd32-4340-909f-7608b377c8c5 ] Request (MigrationsAdminTest:test_resize_server_revert_deleted_flavor): 200 GET http://10.180.1.21/compute/v2.1/servers/e11b3867-a900-4a9d-8ae3-296ad05e6cde 0.060s
2025-12-01 17:31:01.776 66006 INFO tempest.lib.common.rest_client [req-18108da2-68c2-4e4d-9629-8b4b34383087 req-18108da2-68c2-4e4d-9629-8b4b34383087 ] Request (ServerShowV247Test:tearDownClass): 200 GET http://10.180.1.21/compute/v2.1/servers/7c5dbf65-8989-411a-9a8f-83ef39dd2f5d 0.161s
2025-12-01 17:31:01.792 65972 INFO tempest.lib.common.rest_client [req-8f99bba2-96f2-44fb-9cee-b502175880d5 req-8f99bba2-96f2-44fb-9cee-b502175880d5 ] Request (ListServerFiltersTestJSON:setUpClass): 200 GET http://10.180.1.21/compute/v2.1/servers/94e26509-d708-4ef3-8edd-c8d5480796ac 0.126s
2025-12-01 17:31:02.177 66000 INFO tempest.lib.common.rest_client [req-3bfdb183-b9f2-430f-b155-e9595c25855f req-3bfdb183-b9f2-430f-b155-e9595c25855f ] Request (ServerMetadataNegativeTestJSON:tearDownClass): 200 GET http://10.180.1.21/compute/v2.1/servers/a25d9f17-950d-459a-ae70-fb464d184600 0.505s
2025-12-01 17:31:02.201 65968 INFO tempest.lib.common.rest_client [req-1c9d8461-3d76-4f07-b17f-b17da4c9ddc3 req-1c9d8461-3d76-4f07-b17f-b17da4c9ddc3 ] Request (ServersListShow2100Test:test_list_show_rebuild_update_server_2100): 200 GET http://10.180.1.21/compute/v2.1/servers/27f72918-aca9-4132-8390-a0cd086b9c65 0.438s
2025-12-01 17:31:02.258 66008 INFO tempest.lib.common.rest_client [req-1e4c7dfe-287c-42e3-9cb6-af16ff706b8d req-1e4c7dfe-287c-42e3-9cb6-af16ff706b8d ] Request (SecurityGroupsTestJSON:test_server_security_groups): 200 GET http://10.180.1.21/compute/v2.1/servers/bd49284e-311a-4035-8506-13a1fa8c47e8 0.443s
2025-12-01 17:31:02.273 65986 INFO tempest.lib.common.rest_client [req-75456fb1-6ff3-4ff8-94ee-88a2cd160777 req-75456fb1-6ff3-4ff8-94ee-88a2cd160777 ] Request (AttachInterfacesTestJSON:_run_cleanups): 200 GET http://10.180.1.21/compute/v2.1/servers/695ade6f-699c-42e6-be4e-5ddd2171aaa0 0.427s
2025-12-01 17:31:02.280 65988 INFO tempest.lib.common.rest_client [req-f145a5a3-aa55-44cb-a319-4c574dc07ce4 req-f145a5a3-aa55-44cb-a319-4c574dc07ce4 ] Request (ServerDiagnosticsTest:tearDownClass): 404 GET http://10.180.1.21/compute/v2.1/servers/462eb0f2-a55e-46cb-9ca3-9a2e8305276a 0.392s
2025-12-01 17:31:02.297 66010 INFO tempest.lib.common.rest_client [req-e5661ab2-e5d0-439f-8aad-0b71645455cd req-e5661ab2-e5d0-439f-8aad-0b71645455cd ] Request (ServersNegativeTestMultiTenantJSON:tearDownClass): 404 GET http://10.180.1.21/compute/v2.1/servers/d95f352e-97d1-4c37-a75b-d9e4b4b52c3b 0.379s
2025-12-01 17:31:02.410 65988 INFO tempest.lib.common.rest_client [req-cc04d8c2-0ea6-47f5-a61e-3c91f817538e req-cc04d8c2-0ea6-47f5-a61e-3c91f817538e ] Request (ServerDiagnosticsTest:tearDownClass): 204 DELETE http://10.180.1.21/identity/v3/users/71df742c895248efb301002ef4fe7339 0.129s
2025-12-01 17:31:02.546 65988 INFO tempest.lib.common.rest_client [req-a55c036d-4e89-409c-9eb5-726e311fcb52 req-a55c036d-4e89-409c-9eb5-726e311fcb52 ] Request (ServerDiagnosticsTest:tearDownClass): 204 DELETE http://10.180.1.21/identity/v3/users/72c7bd94b4414d56900ad6ef5a71a2bc 0.135s
2025-12-01 17:31:02.546 65988 INFO tempest.lib.common.dynamic_creds [-] Deleting project and security group for project: 8c27e8bfbd1e4d93ae8388418f08ed35
2025-12-01 17:31:02.611 65988 INFO tempest.lib.common.rest_client [req-03733160-d876-4470-8f81-619c7b393bda req-03733160-d876-4470-8f81-619c7b393bda ] Request (ServerDiagnosticsTest:tearDownClass): 201 POST http://10.180.1.21/identity/v3/auth/tokens 0.065s
2025-12-01 17:31:03.018 66010 INFO tempest.lib.common.rest_client [req-eed2cccb-2992-4640-9e0a-52713123ef30 req-eed2cccb-2992-4640-9e0a-52713123ef30 ] Request (ServersNegativeTestMultiTenantJSON:tearDownClass): 200 PUT http://10.180.1.21/networking/v2.0/routers/9ee4ad4d-8336-45b9-acf3-b79b3c4b840f/remove_router_interface 0.721s
2025-12-01 17:31:03.043 65956 INFO tempest.lib.common.rest_client [req-d7468d3b-ceec-4aef-9692-6bf17e893b0e req-d7468d3b-ceec-4aef-9692-6bf17e893b0e ] Request (ServersTestJSON:test_create_server_specify_multibyte_character_name): 200 GET http://10.180.1.21/compute/v2.1/servers/27caa556-3a7e-4048-9968-c61cca96905d 1.087s
2025-12-01 17:31:03.058 66014 INFO tempest.lib.common.rest_client [req-f87450b6-07a5-4568-af6b-5a006761a96b req-f87450b6-07a5-4568-af6b-5a006761a96b ] Request (FloatingIPsAssociationTestJSON:tearDownClass): 200 GET http://10.180.1.21/compute/v2.1/servers/b6e32576-8ac6-4f16-b004-833275685aa5 1.068s
2025-12-01 17:31:03.095 65990 INFO tempest.lib.common.rest_client [req-8b4c9e26-3977-41d1-832a-28c37166247e req-8b4c9e26-3977-41d1-832a-28c37166247e ] Request (ListImageFiltersTestJSON:setUpClass): 200 GET http://10.180.1.21/compute/v2.1/images/71c6798f-842d-4618-afc7-e281325da611 1.054s
2025-12-01 17:31:03.154 65988 INFO tempest.lib.common.rest_client [req-b940390c-18eb-487e-83a0-09a0318ef2bd req-b940390c-18eb-487e-83a0-09a0318ef2bd ] Request (ServerDiagnosticsTest:tearDownClass): 200 GET http://10.180.1.21/networking/v2.0/security-groups?tenant_id=8c27e8bfbd1e4d93ae8388418f08ed35&name=default 0.542s
2025-12-01 17:31:03.453 65952 INFO tempest.lib.common.rest_client [req-84122457-480f-4514-bf3e-3394632d569f req-84122457-480f-4514-bf3e-3394632d569f ] Request (ServersTestBootFromVolume:setUpClass): 200 GET http://10.180.1.21/compute/v2.1/servers/efa269f5-9be7-4644-acfb-0dc73b071a77 1.447s
2025-12-01 17:31:03.596 66010 INFO tempest.lib.common.rest_client [req-9f072ea4-60be-4cf9-a088-d65004c6baa5 req-9f072ea4-60be-4cf9-a088-d65004c6baa5 ] Request (ServersNegativeTestMultiTenantJSON:tearDownClass): 204 DELETE http://10.180.1.21/networking/v2.0/routers/9ee4ad4d-8336-45b9-acf3-b79b3c4b840f 0.577s
2025-12-01 17:31:03.606 65988 INFO tempest.lib.common.rest_client [req-7a21082c-1214-4ea5-b409-baacd9138b46 req-7a21082c-1214-4ea5-b409-baacd9138b46 ] Request (ServerDiagnosticsTest:tearDownClass): 204 DELETE http://10.180.1.21/networking/v2.0/security-groups/8e7181a1-9dfc-4262-816d-2fe2d47def77 0.451s
2025-12-01 17:31:03.628 65974 INFO tempest.lib.common.rest_client [req-9becf046-be55-4886-a3be-d4c134ed522d req-9becf046-be55-4886-a3be-d4c134ed522d ] Request (ImagesOneServerTestJSON:setUpClass): 200 GET http://10.180.1.21/compute/v2.1/servers/280f140a-9865-415a-ada4-aa1d8cfb3b63 1.510s
2025-12-01 17:31:03.653 65964 INFO tempest.lib.common.rest_client [req-e3e7056f-fcc2-4293-b70b-da9935557fef req-e3e7056f-fcc2-4293-b70b-da9935557fef ] Request (ServersAdminTestJSON:test_rebuild_server_in_error_state): 200 GET http://10.180.1.21/compute/v2.1/servers/59de70ec-bbdc-4072-8ddc-6aa54c5d1f0e 1.547s
2025-12-01 17:31:03.720 65958 INFO tempest.lib.common.rest_client [req-301ce7d7-0af2-4896-be2e-437476a6774b req-301ce7d7-0af2-4896-be2e-437476a6774b ] Request (ServerDiagnosticsNegativeTest:test_get_server_diagnostics_by_non_admin): 200 GET http://10.180.1.21/compute/v2.1/servers/9dd45d43-d3dc-4d3f-947d-1f036e11b3a3 1.550s
2025-12-01 17:31:03.738 65988 INFO tempest.lib.common.rest_client [req-d2e97bbd-ec10-4f75-8bc4-b59a1a5a1ac7 req-d2e97bbd-ec10-4f75-8bc4-b59a1a5a1ac7 ] Request (ServerDiagnosticsTest:tearDownClass): 204 DELETE http://10.180.1.21/identity/v3/projects/8c27e8bfbd1e4d93ae8388418f08ed35 0.132s
2025-12-01 17:31:03.739 65988 INFO tempest.lib.common.dynamic_creds [-] Deleting project and security group for project: 07ddfa70199b448fad175cb0bc1c4f62
2025-12-01 17:31:03.754 65996 INFO tempest.lib.common.rest_client [req-85575f3a-a51b-4293-b5ea-63d0e966c4ee req-85575f3a-a51b-4293-b5ea-63d0e966c4ee ] Request (VolumesAssistedSnapshotsTest:tearDownClass): 200 GET http://10.180.1.21/compute/v2.1/servers/42a3cdbd-b7a1-4c2a-aa4f-d1676e8e2076 1.528s
2025-12-01 17:31:03.850 66010 INFO tempest.lib.common.rest_client [req-1669efb3-f4fd-46ac-9ed8-4ad607ec4712 req-1669efb3-f4fd-46ac-9ed8-4ad607ec4712 ] Request (ServersNegativeTestMultiTenantJSON:tearDownClass): 204 DELETE http://10.180.1.21/networking/v2.0/subnets/c2df418e-1e3b-46a8-b5fd-ab6758c36d54 0.254s
2025-12-01 17:31:03.874 66004 INFO tempest.lib.common.rest_client [req-6d87f071-538f-4ae8-bbd7-caa4dd5328c9 req-6d87f071-538f-4ae8-bbd7-caa4dd5328c9 ] Request (DeleteServersTestJSON:test_delete_server_while_in_attached_volume): 200 GET http://10.180.1.21/compute/v2.1/servers/d2370280-4637-419f-b1c3-456e993866d6 1.573s
2025-12-01 17:31:03.895 65988 INFO tempest.lib.common.rest_client [req-947b4cc3-4569-4f1e-8d78-b2959eb6066d req-947b4cc3-4569-4f1e-8d78-b2959eb6066d ] Request (ServerDiagnosticsTest:tearDownClass): 200 GET http://10.180.1.21/networking/v2.0/security-groups?tenant_id=07ddfa70199b448fad175cb0bc1c4f62&name=default 0.156s
2025-12-01 17:31:03.922 65962 INFO tempest.lib.common.rest_client [req-bb5c1c8d-a980-45eb-ac82-365139efe099 req-bb5c1c8d-a980-45eb-ac82-365139efe099 ] Request (ImagesTestJSON:test_create_image_from_suspended_server): 200 GET http://10.180.1.21/compute/v2.1/images/268eea47-8384-41e3-89f1-420282aec440 1.586s
2025-12-01 17:31:04.036 65988 INFO tempest.lib.common.rest_client [req-1bd0c95f-b499-4a85-b9e0-46c44cd8fd70 req-1bd0c95f-b499-4a85-b9e0-46c44cd8fd70 ] Request (ServerDiagnosticsTest:tearDownClass): 204 DELETE http://10.180.1.21/networking/v2.0/security-groups/56ec2935-814c-4e52-84bd-93c169c10cbb 0.141s
2025-12-01 17:31:04.075 66012 INFO tempest.lib.common.rest_client [req-e0ca0c6e-e6ac-4f8d-b8be-b15f52614966 req-e0ca0c6e-e6ac-4f8d-b8be-b15f52614966 ] Request (ServerActionsTestOtherA:test_rebuild_server_in_stop_state): 200 GET http://10.180.1.21/compute/v2.1/servers/2e5ec1d9-a575-4ee5-9487-03c1e5495902 1.762s
2025-12-01 17:31:04.084 66012 INFO tempest.common.waiters [-] State transition "REBUILD/rebuild_block_device_mapping" ==> "REBUILD/rebuild_spawning" after 5 second wait
2025-12-01 17:31:04.090 65978 INFO tempest.lib.common.rest_client [req-6e4fa992-b0e9-4a0b-b2fc-d86221212d38 req-6e4fa992-b0e9-4a0b-b2fc-d86221212d38 ] Request (AttachInterfacesUnderV243Test:_run_cleanups): 200 GET http://10.180.1.21/compute/v2.1/servers/6063b1ad-8763-44d0-8b2f-e7943b19df9b 1.710s
2025-12-01 17:31:04.196 65988 INFO tempest.lib.common.rest_client [req-5f4dedff-0fc6-44ea-9831-7b6acce0b218 req-5f4dedff-0fc6-44ea-9831-7b6acce0b218 ] Request (ServerDiagnosticsTest:tearDownClass): 204 DELETE http://10.180.1.21/identity/v3/projects/07ddfa70199b448fad175cb0bc1c4f62 0.160s
2025-12-01 17:31:04.238 65994 INFO tempest.lib.common.rest_client [req-64dd7e81-0c8b-4e16-a264-500f53725744 req-64dd7e81-0c8b-4e16-a264-500f53725744 ] Request (ServersV294TestFqdnHostnames:setUpClass): 200 GET http://10.180.1.21/compute/v2.1/servers/9917674f-45c2-4ec8-a263-aa6ead397187 1.786s
2025-12-01 17:31:04.250 65954 INFO tempest.lib.common.rest_client [req-e5f26bdd-05b2-4f34-900b-33e7f240075e req-e5f26bdd-05b2-4f34-900b-33e7f240075e ] Request (ServerExternalEventsTest:tearDownClass): 200 GET http://10.180.1.21/compute/v2.1/servers/75f9f553-fafb-4389-97de-69d53b21c184 1.843s
2025-12-01 17:31:04.255 66010 INFO tempest.lib.common.rest_client [req-d161c876-6e59-4327-ae79-dfe2cc75391e req-d161c876-6e59-4327-ae79-dfe2cc75391e ] Request (ServersNegativeTestMultiTenantJSON:tearDownClass): 204 DELETE http://10.180.1.21/networking/v2.0/networks/86e6d4da-f165-465c-98fb-9f15cde5a764 0.404s
2025-12-01 17:31:04.284 65988 INFO tempest.lib.common.rest_client [req-510dcfdf-53d9-4894-b68c-6594d53b865d req-510dcfdf-53d9-4894-b68c-6594d53b865d ] Request (ServerActionsV293TestJSON:setUpClass): 201 POST http://10.180.1.21/identity/v3/auth/tokens 0.084s
2025-12-01 17:31:04.324 65988 INFO tempest.lib.common.rest_client [req-e742667d-b7e4-4886-babb-64a9bcbea932 req-e742667d-b7e4-4886-babb-64a9bcbea932 ] Request (ServerActionsV293TestJSON:setUpClass): 201 POST http://10.180.1.21/identity/v3/auth/tokens 0.038s
2025-12-01 17:31:04.360 65988 INFO tempest.lib.common.rest_client [req-a21a7905-6d40-46f1-acf0-3be7b8491572 req-a21a7905-6d40-46f1-acf0-3be7b8491572 ] Request (ServerActionsV293TestJSON:setUpClass): 200 GET http://10.180.1.21/identity/v3/domains?name=Default 0.035s
2025-12-01 17:31:04.398 65988 INFO tempest.lib.common.rest_client [req-905bd169-ee12-424e-9b55-6695e6621eb2 req-905bd169-ee12-424e-9b55-6695e6621eb2 ] Request (ServerActionsV293TestJSON:setUpClass): 201 POST http://10.180.1.21/identity/v3/projects 0.037s
2025-12-01 17:31:04.469 65988 INFO tempest.lib.common.rest_client [req-f7d1d558-b78f-48f7-9864-940ef3a8f599 req-f7d1d558-b78f-48f7-9864-940ef3a8f599 ] Request (ServerActionsV293TestJSON:setUpClass): 201 POST http://10.180.1.21/identity/v3/users 0.070s
2025-12-01 17:31:04.490 65988 INFO tempest.lib.common.rest_client [req-cc71feb8-1a58-4fff-8866-341a2169f52b req-cc71feb8-1a58-4fff-8866-341a2169f52b ] Request (ServerActionsV293TestJSON:setUpClass): 200 GET http://10.180.1.21/identity/v3/roles 0.020s
2025-12-01 17:31:04.516 65988 INFO tempest.lib.common.rest_client [req-8ca6a705-ccb3-49b8-b4a7-a2ad7387daeb req-8ca6a705-ccb3-49b8-b4a7-a2ad7387daeb ] Request (ServerActionsV293TestJSON:setUpClass): 204 PUT http://10.180.1.21/identity/v3/projects/35ef39ef5e91480386cca4f3ff2c0d4a/users/dd65dd5ce80947d2bb6af1f848268e62/roles/10aa5acdba0142158a95d429b89a9b83 0.026s
2025-12-01 17:31:04.517 65988 INFO tempest.lib.common.dynamic_creds [-] Dynamic test user dd65dd5ce80947d2bb6af1f848268e62 is created with scope project and roles: ['member']
2025-12-01 17:31:04.517 65988 INFO tempest.lib.common.dynamic_creds [-] Acquired dynamic creds: credentials: Credentials: {'domain_id': 'default', 'domain_name': 'Default', 'username': 'tempest-ServerActionsV293TestJSON-655227587-project-member', 'project_domain_id': 'default', 'project_domain_name': 'Default', 'project_id': '35ef39ef5e91480386cca4f3ff2c0d4a', 'project_name': 'tempest-ServerActionsV293TestJSON-655227587', 'tenant_id': '35ef39ef5e91480386cca4f3ff2c0d4a', 'tenant_name': 'tempest-ServerActionsV293TestJSON-655227587', 'user_domain_id': 'default', 'user_domain_name': 'Default', 'user_id': 'dd65dd5ce80947d2bb6af1f848268e62', 'system': None}, Network: None, Subnet: None, Router: None
2025-12-01 17:31:04.577 65988 INFO tempest.lib.common.rest_client [req-7bc391f9-45f5-4876-9aba-7a772b10ebba req-7bc391f9-45f5-4876-9aba-7a772b10ebba ] Request (ServerActionsV293TestJSON:setUpClass): 201 POST http://10.180.1.21/identity/v3/auth/tokens 0.059s
2025-12-01 17:31:04.713 66002 INFO tempest.lib.common.rest_client [req-597d0713-df1a-4c26-9e99-cd72ff3de56b req-597d0713-df1a-4c26-9e99-cd72ff3de56b ] Request (ServersTestMultiNic:_run_cleanups): 200 GET http://10.180.1.21/compute/v2.1/servers/87d94aba-2cad-4f8b-8b9f-44a63ab2d203 2.199s
2025-12-01 17:31:05.034 66010 INFO tempest.lib.common.rest_client [req-f0a4451f-fff2-4724-bbaa-4d9ea6fb2eea req-f0a4451f-fff2-4724-bbaa-4d9ea6fb2eea ] Request (ServersNegativeTestMultiTenantJSON:tearDownClass): 200 PUT http://10.180.1.21/networking/v2.0/routers/eb1e4b04-fbe6-43e4-a7d8-c57402fca8b1/remove_router_interface 0.777s
2025-12-01 17:31:05.039 65988 INFO tempest.lib.common.rest_client [req-9208b05a-08b5-4a46-8062-1d0b85ea4520 req-9208b05a-08b5-4a46-8062-1d0b85ea4520 ] Request (ServerActionsV293TestJSON:setUpClass): 201 POST http://10.180.1.21/networking/v2.0/networks 0.462s
2025-12-01 17:31:05.090 65982 INFO tempest.lib.common.rest_client [req-15f779f4-86be-48bd-baf9-0965f7744e31 req-15f779f4-86be-48bd-baf9-0965f7744e31 ] Request (ServersTestFqdnHostnames:test_create_server_with_fqdn_name): 200 GET http://10.180.1.21/compute/v2.1/servers/d99b011d-816e-4ac8-94e1-7ca5665336ba 2.619s
2025-12-01 17:31:05.099 65982 INFO tempest.common.waiters [-] State transition "BUILD/networking" ==> "BUILD/spawning" after 56 second wait
2025-12-01 17:31:05.131 65976 INFO tempest.lib.common.rest_client [req-47330845-61c0-4d60-b188-b842480590a7 req-47330845-61c0-4d60-b188-b842480590a7 ] Request (ServersAdminNegativeTestJSON:setUpClass): 200 GET http://10.180.1.21/compute/v2.1/servers/76fde00e-815e-4ce5-8250-181bbaf382e7 2.602s
2025-12-01 17:31:05.989 66010 INFO tempest.lib.common.rest_client [req-ae7a42bc-7489-4c93-98cd-2b7b2c9f460c req-ae7a42bc-7489-4c93-98cd-2b7b2c9f460c ] Request (ServersNegativeTestMultiTenantJSON:tearDownClass): 204 DELETE http://10.180.1.21/networking/v2.0/routers/eb1e4b04-fbe6-43e4-a7d8-c57402fca8b1 0.955s
2025-12-01 17:31:06.191 65988 INFO tempest.lib.common.rest_client [req-436e1e65-e43f-4a4b-be60-4e521afdcfed req-436e1e65-e43f-4a4b-be60-4e521afdcfed ] Request (ServerActionsV293TestJSON:setUpClass): 201 POST http://10.180.1.21/networking/v2.0/subnets 1.151s
2025-12-01 17:31:06.235 65970 INFO tempest.lib.common.rest_client [req-e8f57617-424a-443c-870e-69e090a05b1b req-e8f57617-424a-443c-870e-69e090a05b1b ] Request (ServerDiskConfigTestJSON:test_rebuild_server_with_auto_disk_config): 200 GET http://10.180.1.21/compute/v2.1/servers/31a7d0d4-d7a0-46ea-9681-6d39f0d3f9b8 3.669s
2025-12-01 17:31:06.247 65966 INFO tempest.lib.common.rest_client [req-6794dfb6-17a0-44e1-a6f5-a2aa748279d3 req-6794dfb6-17a0-44e1-a6f5-a2aa748279d3 ] Request (MultipleCreateTestJSON:_run_cleanups): 200 GET http://10.180.1.21/compute/v2.1/servers/bc7c2aaa-aa54-49f4-b5a2-89b58f6a9ec0 3.644s
2025-12-01 17:31:06.387 66010 INFO tempest.lib.common.rest_client [req-cee74932-5f0d-4537-8823-b6d81d6531e8 req-cee74932-5f0d-4537-8823-b6d81d6531e8 ] Request (ServersNegativeTestMultiTenantJSON:tearDownClass): 204 DELETE http://10.180.1.21/networking/v2.0/subnets/b69b38ce-5d81-403d-8ea5-518821b3e127 0.397s
2025-12-01 17:31:06.778 65998 INFO tempest.lib.common.rest_client [req-6c0f648b-e505-4db5-a7b7-044271716213 req-6c0f648b-e505-4db5-a7b7-044271716213 ] Request (MigrationsAdminTest:test_resize_server_revert_deleted_flavor): 200 GET http://10.180.1.21/compute/v2.1/servers/e11b3867-a900-4a9d-8ae3-296ad05e6cde 4.120s
2025-12-01 17:31:06.798 66006 INFO tempest.lib.common.rest_client [req-10f2ccea-40c5-4897-8dfc-da98d44de12d req-10f2ccea-40c5-4897-8dfc-da98d44de12d ] Request (ServerShowV247Test:tearDownClass): 200 GET http://10.180.1.21/compute/v2.1/servers/7c5dbf65-8989-411a-9a8f-83ef39dd2f5d 4.005s
2025-12-01 17:31:06.820 66000 INFO tempest.lib.common.rest_client [req-efacb5a9-3728-4643-b2aa-3ea81466ac6e req-efacb5a9-3728-4643-b2aa-3ea81466ac6e ] Request (ServerMetadataNegativeTestJSON:tearDownClass): 404 GET http://10.180.1.21/compute/v2.1/servers/a25d9f17-950d-459a-ae70-fb464d184600 3.634s
2025-12-01 17:31:07.085 66010 INFO tempest.lib.common.rest_client [req-1a8e3f1c-a8e3-4845-8a8b-8ee2f5aa8bc6 req-1a8e3f1c-a8e3-4845-8a8b-8ee2f5aa8bc6 ] Request (ServersNegativeTestMultiTenantJSON:tearDownClass): 204 DELETE http://10.180.1.21/networking/v2.0/networks/7180ae19-90d7-44b5-9e5a-2a5ca2869a0b 0.697s
2025-12-01 17:31:07.171 65988 INFO tempest.lib.common.rest_client [req-72f3c2b5-c24e-4795-a9bd-3a9f3a526690 req-72f3c2b5-c24e-4795-a9bd-3a9f3a526690 ] Request (ServerActionsV293TestJSON:setUpClass): 201 POST http://10.180.1.21/networking/v2.0/routers 0.979s
2025-12-01 17:31:07.188 66010 INFO tempest.lib.common.rest_client [req-bf8df09d-a316-43d9-a860-5ad901f12588 req-bf8df09d-a316-43d9-a860-5ad901f12588 ] Request (ServersNegativeTestMultiTenantJSON:tearDownClass): 204 DELETE http://10.180.1.21/identity/v3/users/89af8541ccc744a38a441e19fbb07b00 0.102s
2025-12-01 17:31:07.245 65968 INFO tempest.lib.common.rest_client [req-69efcbfc-33a1-4c66-b691-ad0b873facfb req-69efcbfc-33a1-4c66-b691-ad0b873facfb ] Request (ServersListShow2100Test:test_list_show_rebuild_update_server_2100): 200 GET http://10.180.1.21/compute/v2.1/servers/27f72918-aca9-4132-8390-a0cd086b9c65 4.025s
2025-12-01 17:31:07.258 65968 INFO tempest.common.waiters [-] State transition "BUILD/scheduling" ==> "BUILD/None" after 22 second wait
2025-12-01 17:31:07.325 66010 INFO tempest.lib.common.rest_client [req-ae956636-2261-4690-bde6-23c9d18aa9a7 req-ae956636-2261-4690-bde6-23c9d18aa9a7 ] Request (ServersNegativeTestMultiTenantJSON:tearDownClass): 204 DELETE http://10.180.1.21/identity/v3/users/4646743b162d4d87a95c434a864c0f81 0.137s
2025-12-01 17:31:07.326 66010 INFO tempest.lib.common.dynamic_creds [-] Deleting project and security group for project: a3d707e94b5f40f9962cc996429414d5
2025-12-01 17:31:07.957 66000 INFO tempest.lib.common.rest_client [req-550e30b6-f0b2-421b-93ff-c36b2fe9f92f req-550e30b6-f0b2-421b-93ff-c36b2fe9f92f ] Request (ServerMetadataNegativeTestJSON:tearDownClass): 200 PUT http://10.180.1.21/networking/v2.0/routers/a08c9687-fda4-4bec-b5cc-8c2a9e16f300/remove_router_interface 1.136s
2025-12-01 17:31:08.002 65972 INFO tempest.lib.common.rest_client [req-a018948a-c189-464d-8d7b-3dee4f758fad req-a018948a-c189-464d-8d7b-3dee4f758fad ] Request (ListServerFiltersTestJSON:setUpClass): 200 GET http://10.180.1.21/compute/v2.1/servers/94e26509-d708-4ef3-8edd-c8d5480796ac 5.203s
2025-12-01 17:31:08.018 65972 INFO tempest.common.waiters [-] State transition "BUILD/None" ==> "BUILD/spawning" after 59 second wait
2025-12-01 17:31:08.306 65988 INFO tempest.lib.common.rest_client [req-720ab8db-ab9a-44a0-ad15-913589cc164d req-720ab8db-ab9a-44a0-ad15-913589cc164d ] Request (ServerActionsV293TestJSON:setUpClass): 200 PUT http://10.180.1.21/networking/v2.0/routers/17b1f14a-d4f6-42f9-8841-ae0f3a88c5aa/add_router_interface 1.135s
