2025-12-09 04:16:09.228 65561 INFO tempest.lib.common.rest_client [req-ccedb3a5-477e-416b-a422-ce843eb3fcb8 req-ccedb3a5-477e-416b-a422-ce843eb3fcb8 ] Request (ImagesMetadataNegativeTestJSON:tearDownClass): 200 GET http://10.180.1.21/networking/v2.0/security-groups?tenant_id=eae9157f645241959b2be8bd12ba76bc&name=default 0.268s
2025-12-09 04:16:09.260 65553 INFO tempest.lib.common.rest_client [req-1443f2ac-50bc-4d42-859f-8a445b9eb19e req-1443f2ac-50bc-4d42-859f-8a445b9eb19e ] Request (SecurityGroupsTestAdminJSON:test_list_security_groups_list_all_tenants_filter): 200 GET http://10.180.1.21/compute/v2.1/os-security-groups?all_tenants=true 3.654s
2025-12-09 04:16:09.292 65565 INFO tempest.lib.common.rest_client [req-329eede4-11ed-4ca9-a179-86bb89e919dd req-329eede4-11ed-4ca9-a179-86bb89e919dd ] Request (FlavorsV261TestJSON:_run_cleanups): 202 DELETE http://10.180.1.21/compute/v2.1/flavors/393204712 2.489s
2025-12-09 04:16:09.327 65529 INFO tempest.lib.common.rest_client [req-51bc935c-b462-4b77-ac2a-dd1aa072850b req-51bc935c-b462-4b77-ac2a-dd1aa072850b ] Request (TenantUsagesNegativeTestJSON:tearDownClass): 204 DELETE http://10.180.1.21/identity/v3/users/92b83d708c4a421eb174ee80b91b3721 0.141s
2025-12-09 04:16:09.327 65529 INFO tempest.lib.common.dynamic_creds [-] Deleting project and security group for project: f4e1eb10150d4645a6e5394497300b59
2025-12-09 04:16:09.415 65561 INFO tempest.lib.common.rest_client [req-d709fd0d-b808-421f-b6a2-256344aaba2e req-d709fd0d-b808-421f-b6a2-256344aaba2e ] Request (ImagesMetadataNegativeTestJSON:tearDownClass): 204 DELETE http://10.180.1.21/networking/v2.0/security-groups/709690a6-cbdb-4283-ae76-6f6ae152619e 0.187s
2025-12-09 04:16:09.417 65529 INFO tempest.lib.common.rest_client [req-41fc6eb7-f06f-47eb-aba6-bf7d16e05a22 req-41fc6eb7-f06f-47eb-aba6-bf7d16e05a22 ] Request (TenantUsagesNegativeTestJSON:tearDownClass): 201 POST http://10.180.1.21/identity/v3/auth/tokens 0.090s
2025-12-09 04:16:09.511 65561 INFO tempest.lib.common.rest_client [req-904f8c0b-682d-4898-bc01-8c44cbc7a854 req-904f8c0b-682d-4898-bc01-8c44cbc7a854 ] Request (ImagesMetadataNegativeTestJSON:tearDownClass): 204 DELETE http://10.180.1.21/identity/v3/projects/eae9157f645241959b2be8bd12ba76bc 0.096s
2025-12-09 04:16:09.533 65573 INFO tempest.lib.common.rest_client [req-6a7dff82-10f3-4424-81c8-1b9004a4ee66 req-6a7dff82-10f3-4424-81c8-1b9004a4ee66 ] Request (ServerActionsV293TestJSON:setUpClass): 200 GET http://10.180.1.21/volume/v3/volumes/5f675b77-bc1f-4635-846e-725053946787 0.032s
2025-12-09 04:16:09.586 65561 INFO tempest.lib.common.rest_client [req-17a63fe4-3305-4066-9f55-dd2f39d6f80d req-17a63fe4-3305-4066-9f55-dd2f39d6f80d ] Request (SecurityGroupRulesNegativeTestJSON:setUpClass): 201 POST http://10.180.1.21/identity/v3/auth/tokens 0.073s
2025-12-09 04:16:09.630 65561 INFO tempest.lib.common.rest_client [req-b46572ad-321f-42c1-887d-318a83737f04 req-b46572ad-321f-42c1-887d-318a83737f04 ] Request (SecurityGroupRulesNegativeTestJSON:setUpClass): 201 POST http://10.180.1.21/identity/v3/auth/tokens 0.041s
2025-12-09 04:16:09.662 65561 INFO tempest.lib.common.rest_client [req-8db979d5-a457-4643-ba9f-b27c96766686 req-8db979d5-a457-4643-ba9f-b27c96766686 ] Request (SecurityGroupRulesNegativeTestJSON:setUpClass): 200 GET http://10.180.1.21/identity/v3/domains?name=Default 0.032s
2025-12-09 04:16:09.699 65561 INFO tempest.lib.common.rest_client [req-17a8aa12-eb92-47c6-9118-21dfaf385609 req-17a8aa12-eb92-47c6-9118-21dfaf385609 ] Request (SecurityGroupRulesNegativeTestJSON:setUpClass): 201 POST http://10.180.1.21/identity/v3/projects 0.036s
2025-12-09 04:16:09.756 65529 INFO tempest.lib.common.rest_client [req-40fe73d5-6a1d-4c65-9e83-184a84162462 req-40fe73d5-6a1d-4c65-9e83-184a84162462 ] Request (TenantUsagesNegativeTestJSON:tearDownClass): 200 GET http://10.180.1.21/networking/v2.0/security-groups?tenant_id=f4e1eb10150d4645a6e5394497300b59&name=default 0.337s
2025-12-09 04:16:09.798 65561 INFO tempest.lib.common.rest_client [req-b624c70c-f9cb-4323-86d0-aece9f7a0fc6 req-b624c70c-f9cb-4323-86d0-aece9f7a0fc6 ] Request (SecurityGroupRulesNegativeTestJSON:setUpClass): 201 POST http://10.180.1.21/identity/v3/users 0.098s
2025-12-09 04:16:09.813 65535 INFO tempest.lib.common.rest_client [req-29a6c6e8-0c33-4564-a909-9cd288990172 req-29a6c6e8-0c33-4564-a909-9cd288990172 ] Request (ServersAdminNegativeTestJSON:setUpClass): 200 GET http://10.180.1.21/compute/v2.1/servers/5e0a512e-5d32-4d5e-8558-28e31fa36041 2.799s
2025-12-09 04:16:09.835 65561 INFO tempest.lib.common.rest_client [req-79799e12-8c40-44dc-a60a-5e3cf0cd7630 req-79799e12-8c40-44dc-a60a-5e3cf0cd7630 ] Request (SecurityGroupRulesNegativeTestJSON:setUpClass): 200 GET http://10.180.1.21/identity/v3/roles 0.035s
2025-12-09 04:16:09.887 65561 INFO tempest.lib.common.rest_client [req-77bb7f25-9bf3-406d-be99-bd9947e7ed7b req-77bb7f25-9bf3-406d-be99-bd9947e7ed7b ] Request (SecurityGroupRulesNegativeTestJSON:setUpClass): 204 PUT http://10.180.1.21/identity/v3/projects/8647d468433e4a77b2b663ba0ab535d7/users/44992cd607a043d4b815461b6bc68edd/roles/d2678973a716490e95e47242809af916 0.052s
2025-12-09 04:16:09.888 65561 INFO tempest.lib.common.dynamic_creds [-] Dynamic test user 44992cd607a043d4b815461b6bc68edd is created with scope project and roles: ['member']
2025-12-09 04:16:09.888 65561 INFO tempest.lib.common.dynamic_creds [-] Acquired dynamic creds: credentials: Credentials: {'domain_id': 'default', 'domain_name': 'Default', 'username': 'tempest-SecurityGroupRulesNegativeTestJSON-924814060-project-member', 'project_domain_id': 'default', 'project_domain_name': 'Default', 'project_id': '8647d468433e4a77b2b663ba0ab535d7', 'project_name': 'tempest-SecurityGroupRulesNegativeTestJSON-924814060', 'tenant_id': '8647d468433e4a77b2b663ba0ab535d7', 'tenant_name': 'tempest-SecurityGroupRulesNegativeTestJSON-924814060', 'user_domain_id': 'default', 'user_domain_name': 'Default', 'user_id': '44992cd607a043d4b815461b6bc68edd', 'system': None}, Network: None, Subnet: None, Router: None
2025-12-09 04:16:09.927 65529 INFO tempest.lib.common.rest_client [req-a9568064-59f5-498b-a8e0-367f1920897f req-a9568064-59f5-498b-a8e0-367f1920897f ] Request (TenantUsagesNegativeTestJSON:tearDownClass): 204 DELETE http://10.180.1.21/networking/v2.0/security-groups/87bcab33-ade4-4514-8b06-9cc59d767ee7 0.170s
2025-12-09 04:16:09.979 65561 INFO tempest.lib.common.rest_client [req-45d50886-2027-49be-848f-dc996984314e req-45d50886-2027-49be-848f-dc996984314e ] Request (SecurityGroupRulesNegativeTestJSON:setUpClass): 201 POST http://10.180.1.21/identity/v3/auth/tokens 0.090s
2025-12-09 04:16:10.054 65541 INFO tempest.lib.common.rest_client [req-d7990bc3-5462-42f2-bdec-919fc37d84d9 req-d7990bc3-5462-42f2-bdec-919fc37d84d9 ] Request (ServersAdmin275Test:test_rebuild_update_server_275): 200 PUT http://10.180.1.21/compute/v2.1/servers/a3ac7505-fe69-42c1-8b92-f2f44676579f 2.977s
2025-12-09 04:16:10.063 65529 INFO tempest.lib.common.rest_client [req-c5c0399f-6282-4705-9706-0d937ee95a50 req-c5c0399f-6282-4705-9706-0d937ee95a50 ] Request (TenantUsagesNegativeTestJSON:tearDownClass): 204 DELETE http://10.180.1.21/identity/v3/projects/f4e1eb10150d4645a6e5394497300b59 0.136s
2025-12-09 04:16:10.063 65529 INFO tempest.lib.common.dynamic_creds [-] Deleting project and security group for project: 537b26ddf43b41e4a64b378f5585a4d8
2025-12-09 04:16:10.196 65543 INFO tempest.lib.common.rest_client [req-fd25828f-0846-455c-8ad3-15a0e1c86d8d req-fd25828f-0846-455c-8ad3-15a0e1c86d8d ] Request (HypervisorAdminNegativeUnderV252Test:test_search_hypervisor_with_non_admin_user): 200 GET http://10.180.1.21/compute/v2.1/os-hypervisors 3.053s
2025-12-09 04:16:10.367 65561 INFO tempest.lib.common.rest_client [req-7b0320e5-ae35-41d2-9f9f-ba9d2fb7b95c req-7b0320e5-ae35-41d2-9f9f-ba9d2fb7b95c ] Request (SecurityGroupRulesNegativeTestJSON:setUpClass): 201 POST http://10.180.1.21/networking/v2.0/networks 0.388s
2025-12-09 04:16:10.538 65529 INFO tempest.lib.common.rest_client [req-006bb186-95d0-47be-b741-4dbd2c01d210 req-006bb186-95d0-47be-b741-4dbd2c01d210 ] Request (TenantUsagesNegativeTestJSON:tearDownClass): 200 GET http://10.180.1.21/networking/v2.0/security-groups?tenant_id=537b26ddf43b41e4a64b378f5585a4d8&name=default 0.474s
2025-12-09 04:16:10.586 65573 INFO tempest.lib.common.rest_client [req-29e47790-4da9-4e24-9a70-9c07f35c0dec req-29e47790-4da9-4e24-9a70-9c07f35c0dec ] Request (ServerActionsV293TestJSON:setUpClass): 200 GET http://10.180.1.21/volume/v3/volumes/5f675b77-bc1f-4635-846e-725053946787 0.037s
2025-12-09 04:16:10.822 65561 INFO tempest.lib.common.rest_client [req-0d24d4ab-3dc7-44a8-a7de-d2c83ab3df02 req-0d24d4ab-3dc7-44a8-a7de-d2c83ab3df02 ] Request (SecurityGroupRulesNegativeTestJSON:setUpClass): 201 POST http://10.180.1.21/networking/v2.0/subnets 0.454s
2025-12-09 04:16:10.929 65579 INFO tempest.lib.common.rest_client [req-29c57fbc-fe4f-4ee9-aa65-92e92f0b7931 req-29c57fbc-fe4f-4ee9-aa65-92e92f0b7931 ] Request (VolumesAssistedSnapshotsTest:test_volume_assisted_snapshot_create_delete): 202 POST http://10.180.1.21/compute/v2.1/servers 4.132s
2025-12-09 04:16:10.972 65529 INFO tempest.lib.common.rest_client [req-74360a9f-2b11-4000-b411-321903896fc2 req-74360a9f-2b11-4000-b411-321903896fc2 ] Request (TenantUsagesNegativeTestJSON:tearDownClass): 204 DELETE http://10.180.1.21/networking/v2.0/security-groups/1b69614f-713b-46b5-af71-1a86ca90fc72 0.434s
2025-12-09 04:16:11.014 65583 INFO tempest.lib.common.rest_client [req-1e6e47b1-0f5d-4cfc-aae6-21d9ce4e476b req-1e6e47b1-0f5d-4cfc-aae6-21d9ce4e476b ] Request (AttachInterfacesV270Test:test_create_get_list_interfaces): 200 GET http://10.180.1.21/compute/v2.1/servers/961683e0-157f-4e8e-b41a-4ef3ba377c8e 3.548s
2025-12-09 04:16:11.081 65529 INFO tempest.lib.common.rest_client [req-e22de56c-6b0f-4ba4-bdbc-683da9816bed req-e22de56c-6b0f-4ba4-bdbc-683da9816bed ] Request (TenantUsagesNegativeTestJSON:tearDownClass): 204 DELETE http://10.180.1.21/identity/v3/projects/537b26ddf43b41e4a64b378f5585a4d8 0.109s
2025-12-09 04:16:11.166 65529 INFO tempest.lib.common.rest_client [req-f406e79f-540f-4ba4-b2df-98173741b996 req-f406e79f-540f-4ba4-b2df-98173741b996 ] Request (ImagesOneServerTestJSON:setUpClass): 201 POST http://10.180.1.21/identity/v3/auth/tokens 0.083s
2025-12-09 04:16:11.208 65529 INFO tempest.lib.common.rest_client [req-db28a300-3a39-47e3-b047-9d0213d99d6e req-db28a300-3a39-47e3-b047-9d0213d99d6e ] Request (ImagesOneServerTestJSON:setUpClass): 201 POST http://10.180.1.21/identity/v3/auth/tokens 0.039s
2025-12-09 04:16:11.245 65529 INFO tempest.lib.common.rest_client [req-7104b97a-3c63-415d-9c4e-95f8993dd7ff req-7104b97a-3c63-415d-9c4e-95f8993dd7ff ] Request (ImagesOneServerTestJSON:setUpClass): 200 GET http://10.180.1.21/identity/v3/domains?name=Default 0.036s
2025-12-09 04:16:11.283 65529 INFO tempest.lib.common.rest_client [req-5335bb92-a1e8-42c2-90dc-0ec37f54123f req-5335bb92-a1e8-42c2-90dc-0ec37f54123f ] Request (ImagesOneServerTestJSON:setUpClass): 201 POST http://10.180.1.21/identity/v3/projects 0.038s
2025-12-09 04:16:11.283 65559 INFO tempest.lib.common.rest_client [req-d3e32dce-b59b-4034-be24-393c8446c094 req-d3e32dce-b59b-4034-be24-393c8446c094 ] Request (ImagesTestJSON:test_create_image_from_stopped_server): 200 GET http://10.180.1.21/compute/v2.1/servers/5490958e-b651-436c-a24a-9cf535c8114c 2.893s
2025-12-09 04:16:11.346 65567 INFO tempest.lib.common.rest_client [req-0cd41639-ee37-40cd-9498-e03864f9ae5e req-0cd41639-ee37-40cd-9498-e03864f9ae5e ] Request (AttachInterfacesTestJSON:test_create_list_show_delete_interfaces_by_fixed_ip): 200 GET http://10.180.1.21/compute/v2.1/servers/9155b085-cb36-453b-bcee-91d4e0597b5e 3.561s
2025-12-09 04:16:11.350 65529 INFO tempest.lib.common.rest_client [req-399c6d75-4afe-44ba-acb9-14b77bc4c9fb req-399c6d75-4afe-44ba-acb9-14b77bc4c9fb ] Request (ImagesOneServerTestJSON:setUpClass): 201 POST http://10.180.1.21/identity/v3/users 0.064s
2025-12-09 04:16:11.357 65567 INFO tempest.common.waiters [-] State transition "BUILD/networking" ==> "BUILD/spawning" after 5 second wait
2025-12-09 04:16:11.380 65529 INFO tempest.lib.common.rest_client [req-2f2677b9-cda8-4114-b677-79bd290e4565 req-2f2677b9-cda8-4114-b677-79bd290e4565 ] Request (ImagesOneServerTestJSON:setUpClass): 200 GET http://10.180.1.21/identity/v3/roles 0.029s
2025-12-09 04:16:11.414 65529 INFO tempest.lib.common.rest_client [req-1a0b664d-a56e-4d65-83e5-f4437ab34848 req-1a0b664d-a56e-4d65-83e5-f4437ab34848 ] Request (ImagesOneServerTestJSON:setUpClass): 204 PUT http://10.180.1.21/identity/v3/projects/386737ec88a345fcb75eabb6b364e186/users/032be65e835340d4a5983d6326b737a5/roles/d2678973a716490e95e47242809af916 0.034s
2025-12-09 04:16:11.414 65529 INFO tempest.lib.common.dynamic_creds [-] Dynamic test user 032be65e835340d4a5983d6326b737a5 is created with scope project and roles: ['member']
2025-12-09 04:16:11.415 65529 INFO tempest.lib.common.dynamic_creds [-] Acquired dynamic creds: credentials: Credentials: {'domain_id': 'default', 'domain_name': 'Default', 'username': 'tempest-ImagesOneServerTestJSON-1053652074-project-member', 'project_domain_id': 'default', 'project_domain_name': 'Default', 'project_id': '386737ec88a345fcb75eabb6b364e186', 'project_name': 'tempest-ImagesOneServerTestJSON-1053652074', 'tenant_id': '386737ec88a345fcb75eabb6b364e186', 'tenant_name': 'tempest-ImagesOneServerTestJSON-1053652074', 'user_domain_id': 'default', 'user_domain_name': 'Default', 'user_id': '032be65e835340d4a5983d6326b737a5', 'system': None}, Network: None, Subnet: None, Router: None
2025-12-09 04:16:11.479 65529 INFO tempest.lib.common.rest_client [req-edc23472-cb10-4478-9dae-7de133f0ced3 req-edc23472-cb10-4478-9dae-7de133f0ced3 ] Request (ImagesOneServerTestJSON:setUpClass): 201 POST http://10.180.1.21/identity/v3/auth/tokens 0.064s
2025-12-09 04:16:11.638 65573 INFO tempest.lib.common.rest_client [req-b0db7b5e-a08c-428e-a51a-58364f1c8dff req-b0db7b5e-a08c-428e-a51a-58364f1c8dff ] Request (ServerActionsV293TestJSON:setUpClass): 200 GET http://10.180.1.21/volume/v3/volumes/5f675b77-bc1f-4635-846e-725053946787 0.043s
2025-12-09 04:16:11.656 65569 INFO tempest.lib.common.rest_client [req-54ac7768-87f0-4ce8-b8d7-0d69b516ca93 req-54ac7768-87f0-4ce8-b8d7-0d69b516ca93 ] Request (ImagesMetadataTestJSON:setUp): 200 PUT http://10.180.1.21/compute/v2.1/images/6cb35633-456a-470d-84c6-57b7c6841427/metadata 3.216s
2025-12-09 04:16:11.679 65556 INFO tempest.lib.common.rest_client [req-01bba7b7-bead-4c79-8f58-3fe68f010b85 req-01bba7b7-bead-4c79-8f58-3fe68f010b85 ] Request (ServicesAdminNegativeV253TestJSON:test_get_service_by_invalid_service_and_valid_host): 200 GET http://10.180.1.21/compute/v2.1/os-services 2.991s
2025-12-09 04:16:11.846 65561 INFO tempest.lib.common.rest_client [req-530a1134-54c7-419b-b79a-4107834580b0 req-530a1134-54c7-419b-b79a-4107834580b0 ] Request (SecurityGroupRulesNegativeTestJSON:setUpClass): 201 POST http://10.180.1.21/networking/v2.0/routers 1.023s
2025-12-09 04:16:11.865 65529 INFO tempest.lib.common.rest_client [req-43565aac-213b-4f1d-aa18-cd4efd41ede3 req-43565aac-213b-4f1d-aa18-cd4efd41ede3 ] Request (ImagesOneServerTestJSON:setUpClass): 201 POST http://10.180.1.21/networking/v2.0/networks 0.385s
2025-12-09 04:16:11.927 65551 INFO tempest.lib.common.rest_client [req-0c5d3a21-e87d-49b9-9809-56b40aab4696 req-0c5d3a21-e87d-49b9-9809-56b40aab4696 ] Request (ServerRescueNegativeTestJSON:setUpClass): 200 GET http://10.180.1.21/compute/v2.1/servers/6f37b584-e3a6-4646-8353-9b482bfd07c7 3.220s
2025-12-09 04:16:11.964 65525 INFO tempest.lib.common.rest_client [req-defc1f9c-0ec3-4bf9-80e6-10da3b342b76 req-defc1f9c-0ec3-4bf9-80e6-10da3b342b76 ] Request (HypervisorAdminNegativeTestJSON:test_show_hypervisor_with_non_admin_user): 200 GET http://10.180.1.21/compute/v2.1/os-hypervisors 3.248s
2025-12-09 04:16:11.986 65545 INFO tempest.lib.common.rest_client [req-9bb6fd95-2f98-483c-8c50-0f99cccd1032 req-9bb6fd95-2f98-483c-8c50-0f99cccd1032 ] Request (FlavorsAdminTestJSON:_run_cleanups): 202 DELETE http://10.180.1.21/compute/v2.1/flavors/37505887 3.241s
2025-12-09 04:16:12.008 65585 INFO tempest.lib.common.rest_client [req-2373f1bc-f80c-43ba-a04d-c82a92f6256c req-2373f1bc-f80c-43ba-a04d-c82a92f6256c ] Request (FlavorsAccessNegativeTestJSON:test_flavor_access_list_with_public_flavor): 200 POST http://10.180.1.21/compute/v2.1/flavors 3.232s
2025-12-09 04:16:12.046 65531 INFO tempest.lib.common.rest_client [req-1c2bccbe-1c47-4fbb-8781-df6b3c00b5a2 req-1c2bccbe-1c47-4fbb-8781-df6b3c00b5a2 ] Request (AggregatesAdminNegativeTestJSON:test_aggregate_add_host_as_user): 200 POST http://10.180.1.21/compute/v2.1/os-aggregates 3.152s
2025-12-09 04:16:12.051 65551 INFO tempest.lib.common.rest_client [req-9d717ac2-7e51-45c1-b1ac-3e9bb25f3b6b req-9d717ac2-7e51-45c1-b1ac-3e9bb25f3b6b ] Request (ServerRescueNegativeTestJSON:setUpClass): 201 POST http://10.180.1.21/identity/v3/auth/tokens 0.108s
2025-12-09 04:16:12.051 65551 INFO tempest.lib.common.fixed_network [-] (ServerRescueNegativeTestJSON:setUpClass) Found network {'id': 'a340dadd-ad55-46b9-9f0f-34058574274c', 'name': 'tempest-ServerRescueNegativeTestJSON-956451387-network', 'tenant_id': '3b0b91674ae24d03afd6891e08427225', 'project_id': '3b0b91674ae24d03afd6891e08427225', 'admin_state_up': True, 'mtu': 8950, 'status': 'ACTIVE', 'subnets': [], 'shared': False, 'port_security_enabled': True, 'router:external': False, 'provider:network_type': 'vlan', 'provider:physical_network': 'default', 'provider:segmentation_id': 179, 'availability_zone_hints': [], 'availability_zones': [], 'ipv4_address_scope': None, 'ipv6_address_scope': None, 'description': '', 'tags': [], 'created_at': '2025-12-09T04:15:58Z', 'updated_at': '2025-12-09T04:15:58Z', 'revision_number': 1} available for tenant
2025-12-09 04:16:12.065 65549 INFO tempest.lib.common.rest_client [req-a2461c95-8ee3-40e4-9ead-89dcb18a1f14 req-a2461c95-8ee3-40e4-9ead-89dcb18a1f14 ] Request (HypervisorAdminUnderV252Test:test_search_hypervisor): 200 GET http://10.180.1.21/compute/v2.1/os-hypervisors/domain-c8.fc996f14-c53b-4953-92e3-bdfa48f5cc28/search 3.148s
2025-12-09 04:16:12.071 65571 INFO tempest.lib.common.rest_client [req-411607d6-ad0d-465a-a2ab-54273e3f97de req-411607d6-ad0d-465a-a2ab-54273e3f97de ] Request (HostsAdminNegativeTestJSON:test_shutdown_host_with_non_admin_user): 403 GET http://10.180.1.21/compute/v2.1/os-hosts/devstack/shutdown 3.144s
2025-12-09 04:16:12.081 65557 INFO tempest.lib.common.rest_client [req-2bf614da-e204-4213-bf98-cd889c5a7d6b req-2bf614da-e204-4213-bf98-cd889c5a7d6b ] Request (FlavorsExtraSpecsNegativeTestJSON:test_flavor_non_admin_update_specific_key): 403 PUT http://10.180.1.21/compute/v2.1/flavors/176036946/os-extra_specs/hw:numa_nodes 3.134s
2025-12-09 04:16:12.091 65537 INFO tempest.lib.common.rest_client [req-e65fc36a-855f-4384-9687-bea56bf46dca req-e65fc36a-855f-4384-9687-bea56bf46dca ] Request (FlavorsExtraSpecsTestJSON:test_flavor_set_get_update_show_unset_keys): 200 GET http://10.180.1.21/compute/v2.1/flavors/669463020/os-extra_specs 3.138s
2025-12-09 04:16:12.099 65547 INFO tempest.lib.common.rest_client [req-fe22122c-e555-453a-9af0-a25ead71dfb1 req-fe22122c-e555-453a-9af0-a25ead71dfb1 ] Request (TestVersions:test_get_version_details): 200 GET http://10.180.1.21/compute/v2.1/ 3.023s
2025-12-09 04:16:12.217 65549 INFO tempest.lib.common.rest_client [req-1d2aec9f-1828-49a8-9241-59a763215a94 req-1d2aec9f-1828-49a8-9241-59a763215a94 ] Request (HypervisorAdminUnderV252Test:tearDownClass): 204 DELETE http://10.180.1.21/identity/v3/users/b2df94caa23943ff978f102babbd6d7e 0.147s
2025-12-09 04:16:12.354 65549 INFO tempest.lib.common.rest_client [req-fc0f3f3a-4d8e-4260-9e20-616c0bc052ea req-fc0f3f3a-4d8e-4260-9e20-616c0bc052ea ] Request (HypervisorAdminUnderV252Test:tearDownClass): 204 DELETE http://10.180.1.21/identity/v3/users/ab5c360f4bed45ef9bc0ae2912710323 0.136s
2025-12-09 04:16:12.355 65549 INFO tempest.lib.common.dynamic_creds [-] Deleting project and security group for project: f1fb320871b346d3914f68af5e26fa0d
2025-12-09 04:16:12.388 65563 INFO tempest.lib.common.rest_client [req-8fd92fc9-7613-4316-993a-24b7a8844800 req-8fd92fc9-7613-4316-993a-24b7a8844800 ] Request (QuotasAdminTestJSON:test_get_updated_quotas): 200 PUT http://10.180.1.21/compute/v2.1/os-quota-sets/99443f68561d447e8470f4a09db75102 3.268s
2025-12-09 04:16:12.427 65549 INFO tempest.lib.common.rest_client [req-4c6ac031-ad8e-4623-8fe9-539ec02ecec2 req-4c6ac031-ad8e-4623-8fe9-539ec02ecec2 ] Request (HypervisorAdminUnderV252Test:tearDownClass): 201 POST http://10.180.1.21/identity/v3/auth/tokens 0.072s
2025-12-09 04:16:12.507 65529 INFO tempest.lib.common.rest_client [req-5c5f0934-d73a-4cd6-94e4-97ff61348b2f req-5c5f0934-d73a-4cd6-94e4-97ff61348b2f ] Request (ImagesOneServerTestJSON:setUpClass): 201 POST http://10.180.1.21/networking/v2.0/subnets 0.642s
2025-12-09 04:16:12.688 65573 INFO tempest.lib.common.rest_client [req-b2f7c7d0-8287-4eaf-8e3d-2d836e637801 req-b2f7c7d0-8287-4eaf-8e3d-2d836e637801 ] Request (ServerActionsV293TestJSON:setUpClass): 200 GET http://10.180.1.21/volume/v3/volumes/5f675b77-bc1f-4635-846e-725053946787 0.037s
2025-12-09 04:16:12.813 65549 INFO tempest.lib.common.rest_client [req-a936ae2e-abaa-46c1-be6d-ce066b7d1302 req-a936ae2e-abaa-46c1-be6d-ce066b7d1302 ] Request (HypervisorAdminUnderV252Test:tearDownClass): 200 GET http://10.180.1.21/networking/v2.0/security-groups?tenant_id=f1fb320871b346d3914f68af5e26fa0d&name=default 0.386s
2025-12-09 04:16:12.942 65561 INFO tempest.lib.common.rest_client [req-9701ded5-283e-40d3-a41a-eb955fe519f6 req-9701ded5-283e-40d3-a41a-eb955fe519f6 ] Request (SecurityGroupRulesNegativeTestJSON:setUpClass): 200 PUT http://10.180.1.21/networking/v2.0/routers/eb178c50-1384-4e1c-8d3a-0e1399beb5a2/add_router_interface 1.096s
2025-12-09 04:16:12.942 65561 INFO tempest.lib.common.dynamic_creds [-] Created isolated network resources for: credentials: Credentials: {'domain_id': 'default', 'domain_name': 'Default', 'username': 'tempest-SecurityGroupRulesNegativeTestJSON-924814060-project-member', 'project_domain_id': 'default', 'project_domain_name': 'Default', 'project_id': '8647d468433e4a77b2b663ba0ab535d7', 'project_name': 'tempest-SecurityGroupRulesNegativeTestJSON-924814060', 'tenant_id': '8647d468433e4a77b2b663ba0ab535d7', 'tenant_name': 'tempest-SecurityGroupRulesNegativeTestJSON-924814060', 'user_domain_id': 'default', 'user_domain_name': 'Default', 'user_id': '44992cd607a043d4b815461b6bc68edd', 'system': None}, Network: {'id': 'f53b5e2c-1d42-418d-b1a6-ccfe0dcccafe', 'name': 'tempest-SecurityGroupRulesNegativeTestJSON-1826965047-network', 'tenant_id': '8647d468433e4a77b2b663ba0ab535d7', 'project_id': '8647d468433e4a77b2b663ba0ab535d7', 'admin_state_up': True, 'mtu': 8950, 'status': 'ACTIVE', 'subnets': [], 'shared': False, 'port_security_enabled': True, 'router:external': False, 'provider:network_type': 'vlan', 'provider:physical_network': 'default', 'provider:segmentation_id': 89, 'availability_zone_hints': [], 'availability_zones': [], 'ipv4_address_scope': None, 'ipv6_address_scope': None, 'description': '', 'tags': [], 'created_at': '2025-12-09T04:16:10Z', 'updated_at': '2025-12-09T04:16:10Z', 'revision_number': 1}, Subnet: {'id': '8371e909-a99b-4200-af32-71709d44158e', 'name': 'tempest-SecurityGroupRulesNegativeTestJSON-1826965047-subnet', 'tenant_id': '8647d468433e4a77b2b663ba0ab535d7', 'network_id': 'f53b5e2c-1d42-418d-b1a6-ccfe0dcccafe', 'ip_version': 4, 'subnetpool_id': None, 'enable_dhcp': True, 'ipv6_ra_mode': None, 'ipv6_address_mode': None, 'gateway_ip': '192.168.128.1', 'cidr': '192.168.128.0/28', 'allocation_pools': [{'start': '192.168.128.2', 'end': '192.168.128.14'}], 'host_routes': [], 'dns_nameservers': [], 'description': '', 'router:external': False, 'service_types': [], 'tags': [], 'created_at': '2025-12-09T04:16:10Z', 'updated_at': '2025-12-09T04:16:10Z', 'revision_number': 0, 'project_id': '8647d468433e4a77b2b663ba0ab535d7'}, Router: {'id': 'eb178c50-1384-4e1c-8d3a-0e1399beb5a2', 'name': 'tempest-SecurityGroupRulesNegativeTestJSON-1826965047-router', 'tenant_id': '8647d468433e4a77b2b663ba0ab535d7', 'admin_state_up': True, 'status': 'ACTIVE', 'external_gateway_info': {'network_id': '562dbb99-c1fc-4329-823e-f0d364a44dbf', 'external_fixed_ips': [{'subnet_id': '410bdb45-52d2-4ffd-a2ac-f1d8d4c2527d', 'ip_address': '10.180.180.197'}], 'enable_snat': True}, 'description': '', 'availability_zones': [], 'distributed': False, 'ha': False, 'availability_zone_hints': [], 'routes': [], 'flavor_id': None, 'tags': [], 'created_at': '2025-12-09T04:16:11Z', 'updated_at': '2025-12-09T04:16:11Z', 'revision_number': 2, 'project_id': '8647d468433e4a77b2b663ba0ab535d7'}
2025-12-09 04:16:13.029 65561 INFO tempest.lib.common.rest_client [req-a94c9d15-58c3-4829-94f6-88fe93678cc0 req-a94c9d15-58c3-4829-94f6-88fe93678cc0 ] Request (SecurityGroupRulesNegativeTestJSON:setUpClass): 201 POST http://10.180.1.21/identity/v3/auth/tokens 0.082s
2025-12-09 04:16:13.115 65553 INFO tempest.lib.common.rest_client [req-07c1f1ae-f7c2-4eed-b08f-84be7ef86b22 req-07c1f1ae-f7c2-4eed-b08f-84be7ef86b22 ] Request (SecurityGroupsTestAdminJSON:_run_cleanups): 202 DELETE http://10.180.1.21/compute/v2.1/os-security-groups/7623ed86-99cb-43c4-884b-1c53c2beb75c 3.849s
2025-12-09 04:16:13.145 65565 INFO tempest.lib.common.rest_client [req-122a7e2b-e3a3-49b1-9a79-294230988b54 req-122a7e2b-e3a3-49b1-9a79-294230988b54 ] Request (FlavorsV261TestJSON:_run_cleanups): 200 GET http://10.180.1.21/compute/v2.1/flavors/detail 3.852s
2025-12-09 04:16:13.187 65549 INFO tempest.lib.common.rest_client [req-27f640a1-458d-478b-ab6f-06b11e548702 req-27f640a1-458d-478b-ab6f-06b11e548702 ] Request (HypervisorAdminUnderV252Test:tearDownClass): 204 DELETE http://10.180.1.21/networking/v2.0/security-groups/626b7e45-5f9e-42fe-8bfd-05fe09bbcc47 0.373s
2025-12-09 04:16:13.246 65565 INFO tempest.lib.common.rest_client [req-95eefcd4-f70a-4e85-aad8-810054050ec2 req-95eefcd4-f70a-4e85-aad8-810054050ec2 ] Request (FlavorsV261TestJSON:tearDownClass): 204 DELETE http://10.180.1.21/identity/v3/users/b101a065f8c74728ad233275bd21e5e4 0.090s
2025-12-09 04:16:13.316 65549 INFO tempest.lib.common.rest_client [req-a89b901a-f362-4e9d-9c48-733457a3da85 req-a89b901a-f362-4e9d-9c48-733457a3da85 ] Request (HypervisorAdminUnderV252Test:tearDownClass): 204 DELETE http://10.180.1.21/identity/v3/projects/f1fb320871b346d3914f68af5e26fa0d 0.129s
2025-12-09 04:16:13.317 65549 INFO tempest.lib.common.dynamic_creds [-] Deleting project and security group for project: b421168a5566496a9b11543fd56ce3bb
2025-12-09 04:16:13.408 65565 INFO tempest.lib.common.rest_client [req-d1c34621-67da-4861-9ba7-2f0cbc03d1b5 req-d1c34621-67da-4861-9ba7-2f0cbc03d1b5 ] Request (FlavorsV261TestJSON:tearDownClass): 204 DELETE http://10.180.1.21/identity/v3/users/3f44b63feec849f79c0c584f85d44f63 0.162s
2025-12-09 04:16:13.409 65565 INFO tempest.lib.common.dynamic_creds [-] Deleting project and security group for project: 82344c2bb10942beb30631365af16a1c
2025-12-09 04:16:13.428 65533 INFO tempest.lib.common.rest_client [req-baa069a7-0754-4f4c-baee-34ca673aff21 req-baa069a7-0754-4f4c-baee-34ca673aff21 ] Request (ServersAdminTestJSON:setUpClass): 200 GET http://10.180.1.21/compute/v2.1/servers/05a49f5e-bebf-4cf7-9141-bef9387e0292 3.753s
2025-12-09 04:16:13.436 65533 INFO tempest.common.waiters [-] State transition "BUILD/networking" ==> "BUILD/spawning" after 5 second wait
2025-12-09 04:16:13.495 65565 INFO tempest.lib.common.rest_client [req-a4b70ecf-9213-430c-a45b-f285434a44b4 req-a4b70ecf-9213-430c-a45b-f285434a44b4 ] Request (FlavorsV261TestJSON:tearDownClass): 201 POST http://10.180.1.21/identity/v3/auth/tokens 0.086s
2025-12-09 04:16:13.519 65527 INFO tempest.lib.common.rest_client [req-09d45a90-288d-4072-8c0c-fab143fc6f78 req-09d45a90-288d-4072-8c0c-fab143fc6f78 ] Request (ImagesNegativeTestJSON:test_create_image_from_deleted_server): 202 POST http://10.180.1.21/compute/v2.1/servers 5.102s
2025-12-09 04:16:13.576 65529 INFO tempest.lib.common.rest_client [req-3660fcdb-2490-4f80-95de-dbd0070cb9da req-3660fcdb-2490-4f80-95de-dbd0070cb9da ] Request (ImagesOneServerTestJSON:setUpClass): 201 POST http://10.180.1.21/networking/v2.0/routers 1.068s
2025-12-09 04:16:13.578 65549 INFO tempest.lib.common.rest_client [req-9265212b-3e6b-40a5-b5de-c51f5ee10f37 req-9265212b-3e6b-40a5-b5de-c51f5ee10f37 ] Request (HypervisorAdminUnderV252Test:tearDownClass): 200 GET http://10.180.1.21/networking/v2.0/security-groups?tenant_id=b421168a5566496a9b11543fd56ce3bb&name=default 0.261s
2025-12-09 04:16:13.730 65573 INFO tempest.lib.common.rest_client [req-66fffb81-6a69-42e4-b0e9-ae49e7857564 req-66fffb81-6a69-42e4-b0e9-ae49e7857564 ] Request (ServerActionsV293TestJSON:setUpClass): 200 GET http://10.180.1.21/volume/v3/volumes/5f675b77-bc1f-4635-846e-725053946787 0.033s
2025-12-09 04:16:13.777 65541 INFO tempest.lib.common.rest_client [req-4aaad83b-9322-4725-946e-ced427b15776 req-4aaad83b-9322-4725-946e-ced427b15776 ] Request (ServersAdmin275Test:test_rebuild_update_server_275): 200 GET http://10.180.1.21/compute/v2.1/servers/a3ac7505-fe69-42c1-8b92-f2f44676579f 3.703s
2025-12-09 04:16:13.897 65565 INFO tempest.lib.common.rest_client [req-6dc9e2bc-62d8-4db2-8bda-50d8068e5097 req-6dc9e2bc-62d8-4db2-8bda-50d8068e5097 ] Request (FlavorsV261TestJSON:tearDownClass): 200 GET http://10.180.1.21/networking/v2.0/security-groups?tenant_id=82344c2bb10942beb30631365af16a1c&name=default 0.402s
2025-12-09 04:16:13.919 65543 INFO tempest.lib.common.rest_client [req-7cc9b229-ea21-4a8b-af21-2c597dddd8fa req-7cc9b229-ea21-4a8b-af21-2c597dddd8fa ] Request (HypervisorAdminNegativeUnderV252Test:test_search_hypervisor_with_non_admin_user): 403 GET http://10.180.1.21/compute/v2.1/os-hypervisors/domain-c8.fc996f14-c53b-4953-92e3-bdfa48f5cc28/search 3.721s
2025-12-09 04:16:13.993 65549 INFO tempest.lib.common.rest_client [req-12ad568f-f625-4e4b-9194-ad70cbbec256 req-12ad568f-f625-4e4b-9194-ad70cbbec256 ] Request (HypervisorAdminUnderV252Test:tearDownClass): 204 DELETE http://10.180.1.21/networking/v2.0/security-groups/db5f5ce5-c6bd-4bf8-a9e1-f4883e779c86 0.414s
2025-12-09 04:16:14.090 65549 INFO tempest.lib.common.rest_client [req-55016655-8c6d-41fb-a52a-561ac297749d req-55016655-8c6d-41fb-a52a-561ac297749d ] Request (HypervisorAdminUnderV252Test:tearDownClass): 204 DELETE http://10.180.1.21/identity/v3/projects/b421168a5566496a9b11543fd56ce3bb 0.097s
2025-12-09 04:16:14.140 65575 INFO tempest.lib.common.rest_client [req-0140eb7b-cbec-4ad0-b861-0ed6d60da607 req-0140eb7b-cbec-4ad0-b861-0ed6d60da607 ] Request (DeleteServersAdminTestJSON:test_admin_delete_servers_of_others): 200 GET http://10.180.1.21/compute/v2.1/servers/c8dc9f67-f0f3-467a-98e7-63d426d0584b 4.282s
2025-12-09 04:16:14.201 65549 INFO tempest.lib.common.rest_client [req-6946f75d-9a75-4a42-9d97-1da5f328762e req-6946f75d-9a75-4a42-9d97-1da5f328762e ] Request (ServerDiagnosticsNegativeTest:setUpClass): 201 POST http://10.180.1.21/identity/v3/auth/tokens 0.109s
2025-12-09 04:16:14.237 65549 INFO tempest.lib.common.rest_client [req-d4df683c-b036-491b-a4e1-1467e088cda0 req-d4df683c-b036-491b-a4e1-1467e088cda0 ] Request (ServerDiagnosticsNegativeTest:setUpClass): 201 POST http://10.180.1.21/identity/v3/auth/tokens 0.033s
2025-12-09 04:16:14.250 65565 INFO tempest.lib.common.rest_client [req-75421ea6-f746-4448-bc00-94726ec9ffd1 req-75421ea6-f746-4448-bc00-94726ec9ffd1 ] Request (FlavorsV261TestJSON:tearDownClass): 204 DELETE http://10.180.1.21/networking/v2.0/security-groups/0186a883-8911-45c0-8e91-b93561af599e 0.352s
2025-12-09 04:16:14.275 65549 INFO tempest.lib.common.rest_client [req-887beacd-764b-40fd-80c4-6a0db0c6efa3 req-887beacd-764b-40fd-80c4-6a0db0c6efa3 ] Request (ServerDiagnosticsNegativeTest:setUpClass): 200 GET http://10.180.1.21/identity/v3/domains?name=Default 0.037s
2025-12-09 04:16:14.305 65549 INFO tempest.lib.common.rest_client [req-db0c4f0d-0fce-4aa0-ba91-9e6c85bc0de1 req-db0c4f0d-0fce-4aa0-ba91-9e6c85bc0de1 ] Request (ServerDiagnosticsNegativeTest:setUpClass): 201 POST http://10.180.1.21/identity/v3/projects 0.029s
2025-12-09 04:16:14.322 65565 INFO tempest.lib.common.rest_client [req-dd5664bc-a67c-4135-900b-632af04ea150 req-dd5664bc-a67c-4135-900b-632af04ea150 ] Request (FlavorsV261TestJSON:tearDownClass): 204 DELETE http://10.180.1.21/identity/v3/projects/82344c2bb10942beb30631365af16a1c 0.071s
2025-12-09 04:16:14.322 65565 INFO tempest.lib.common.dynamic_creds [-] Deleting project and security group for project: 4052ab415a814cc59d42f4932557d917
2025-12-09 04:16:14.366 65579 INFO tempest.lib.common.rest_client [req-ecb7007e-a6b6-428d-8a73-0354d078f55a req-ecb7007e-a6b6-428d-8a73-0354d078f55a ] Request (VolumesAssistedSnapshotsTest:test_volume_assisted_snapshot_create_delete): 200 GET http://10.180.1.21/compute/v2.1/servers/89847060-f115-4663-b966-0c4589393a00 3.435s
2025-12-09 04:16:14.382 65549 INFO tempest.lib.common.rest_client [req-2773dc62-1a19-4f1f-b171-e504cf256bfd req-2773dc62-1a19-4f1f-b171-e504cf256bfd ] Request (ServerDiagnosticsNegativeTest:setUpClass): 201 POST http://10.180.1.21/identity/v3/users 0.076s
2025-12-09 04:16:14.394 65535 INFO tempest.lib.common.rest_client [req-d448c6a5-624d-4a97-ba47-4bd7a25048d2 req-d448c6a5-624d-4a97-ba47-4bd7a25048d2 ] Request (ServersAdminNegativeTestJSON:setUpClass): 200 GET http://10.180.1.21/compute/v2.1/servers/5e0a512e-5d32-4d5e-8558-28e31fa36041 3.567s
2025-12-09 04:16:14.433 65556 INFO tempest.lib.common.rest_client [req-0836c33a-ba99-4d33-b552-b921b30be9ed req-0836c33a-ba99-4d33-b552-b921b30be9ed ] Request (ServicesAdminNegativeV253TestJSON:test_get_service_by_invalid_service_and_valid_host): 200 GET http://10.180.1.21/compute/v2.1/os-services?host=devstack&binary=xxx 2.751s
2025-12-09 04:16:14.442 65525 INFO tempest.lib.common.rest_client [req-48e41f1e-01b5-49f7-96c0-0b50b72df2f6 req-48e41f1e-01b5-49f7-96c0-0b50b72df2f6 ] Request (HypervisorAdminNegativeTestJSON:test_show_hypervisor_with_non_admin_user): 403 GET http://10.180.1.21/compute/v2.1/os-hypervisors/1 2.476s
2025-12-09 04:16:14.475 65549 INFO tempest.lib.common.rest_client [req-a5de6286-1076-4b95-8f79-7e5da33c21fd req-a5de6286-1076-4b95-8f79-7e5da33c21fd ] Request (ServerDiagnosticsNegativeTest:setUpClass): 200 GET http://10.180.1.21/identity/v3/roles 0.092s
2025-12-09 04:16:14.487 65545 INFO tempest.lib.common.rest_client [req-7c1b9091-8ec8-4b01-9098-48252a8b8926 req-7c1b9091-8ec8-4b01-9098-48252a8b8926 ] Request (FlavorsAdminTestJSON:_run_cleanups): 200 GET http://10.180.1.21/compute/v2.1/flavors/detail 2.500s
2025-12-09 04:16:14.510 65585 INFO tempest.lib.common.rest_client [req-8375d312-b64f-4660-bc65-e5fbe9baa80e req-8375d312-b64f-4660-bc65-e5fbe9baa80e ] Request (FlavorsAccessNegativeTestJSON:test_flavor_access_list_with_public_flavor): 404 GET http://10.180.1.21/compute/v2.1/flavors/752900056/os-flavor-access 2.499s
2025-12-09 04:16:14.510 65549 INFO tempest.lib.common.rest_client [req-b3d17af2-6d72-4c4e-8b07-fd4c229abaa9 req-b3d17af2-6d72-4c4e-8b07-fd4c229abaa9 ] Request (ServerDiagnosticsNegativeTest:setUpClass): 204 PUT http://10.180.1.21/identity/v3/projects/8b4e59931c98455d819a290e8e5dcb34/users/f686d43154ca438ab74c8d866135418b/roles/d2678973a716490e95e47242809af916 0.035s
2025-12-09 04:16:14.511 65549 INFO tempest.lib.common.dynamic_creds [-] Dynamic test user f686d43154ca438ab74c8d866135418b is created with scope project and roles: ['member']
2025-12-09 04:16:14.511 65549 INFO tempest.lib.common.dynamic_creds [-] Acquired dynamic creds: credentials: Credentials: {'domain_id': 'default', 'domain_name': 'Default', 'username': 'tempest-ServerDiagnosticsNegativeTest-296237889-project-member', 'project_domain_id': 'default', 'project_domain_name': 'Default', 'project_id': '8b4e59931c98455d819a290e8e5dcb34', 'project_name': 'tempest-ServerDiagnosticsNegativeTest-296237889', 'tenant_id': '8b4e59931c98455d819a290e8e5dcb34', 'tenant_name': 'tempest-ServerDiagnosticsNegativeTest-296237889', 'user_domain_id': 'default', 'user_domain_name': 'Default', 'user_id': 'f686d43154ca438ab74c8d866135418b', 'system': None}, Network: None, Subnet: None, Router: None
2025-12-09 04:16:14.511 65549 INFO tempest.lib.common.dynamic_creds [-] Created isolated network resources for: credentials: Credentials: {'domain_id': 'default', 'domain_name': 'Default', 'username': 'tempest-ServerDiagnosticsNegativeTest-296237889-project-member', 'project_domain_id': 'default', 'project_domain_name': 'Default', 'project_id': '8b4e59931c98455d819a290e8e5dcb34', 'project_name': 'tempest-ServerDiagnosticsNegativeTest-296237889', 'tenant_id': '8b4e59931c98455d819a290e8e5dcb34', 'tenant_name': 'tempest-ServerDiagnosticsNegativeTest-296237889', 'user_domain_id': 'default', 'user_domain_name': 'Default', 'user_id': 'f686d43154ca438ab74c8d866135418b', 'system': None}, Network: None, Subnet: None, Router: None
2025-12-09 04:16:14.515 65565 INFO tempest.lib.common.rest_client [req-a34786ed-7fb9-44de-bc3c-23be0be6d8e0 req-a34786ed-7fb9-44de-bc3c-23be0be6d8e0 ] Request (FlavorsV261TestJSON:tearDownClass): 200 GET http://10.180.1.21/networking/v2.0/security-groups?tenant_id=4052ab415a814cc59d42f4932557d917&name=default 0.192s
2025-12-09 04:16:14.650 65549 INFO tempest.lib.common.rest_client [req-c704893d-9d23-44c3-8538-39915945125c req-c704893d-9d23-44c3-8538-39915945125c ] Request (ServerDiagnosticsNegativeTest:setUpClass): 201 POST http://10.180.1.21/identity/v3/auth/tokens 0.133s
2025-12-09 04:16:14.659 65569 INFO tempest.lib.common.rest_client [req-f18f5792-1898-4262-9bd1-49cb0a90841c req-f18f5792-1898-4262-9bd1-49cb0a90841c ] Request (ImagesMetadataTestJSON:test_delete_image_metadata_item): 204 DELETE http://10.180.1.21/compute/v2.1/images/6cb35633-456a-470d-84c6-57b7c6841427/metadata/os_version 3.002s
2025-12-09 04:16:14.782 65549 INFO tempest.lib.common.rest_client [req-36a3122f-8d2c-48e1-a789-b77a2f63ec1b req-36a3122f-8d2c-48e1-a789-b77a2f63ec1b ] Request (ServerDiagnosticsNegativeTest:setUpClass): 201 POST http://10.180.1.21/identity/v3/projects 0.131s
2025-12-09 04:16:14.797 65573 INFO tempest.lib.common.rest_client [req-f6ad0560-12f2-45a6-9465-922e1b891b4a req-f6ad0560-12f2-45a6-9465-922e1b891b4a ] Request (ServerActionsV293TestJSON:setUpClass): 200 GET http://10.180.1.21/volume/v3/volumes/5f675b77-bc1f-4635-846e-725053946787 0.058s
2025-12-09 04:16:14.879 65531 INFO tempest.lib.common.rest_client [req-befeca49-cc69-4583-a3be-01cc88ba59c5 req-befeca49-cc69-4583-a3be-01cc88ba59c5 ] Request (AggregatesAdminNegativeTestJSON:test_aggregate_add_host_as_user): 403 POST http://10.180.1.21/compute/v2.1/os-aggregates/2/action 2.830s
2025-12-09 04:16:14.891 65529 INFO tempest.lib.common.rest_client [req-4f33b0cc-c270-4775-b05d-dda76e88961f req-4f33b0cc-c270-4775-b05d-dda76e88961f ] Request (ImagesOneServerTestJSON:setUpClass): 200 PUT http://10.180.1.21/networking/v2.0/routers/ad193677-491a-404e-94cc-6dd29f888f95/add_router_interface 1.314s
2025-12-09 04:16:14.891 65529 INFO tempest.lib.common.dynamic_creds [-] Created isolated network resources for: credentials: Credentials: {'domain_id': 'default', 'domain_name': 'Default', 'username': 'tempest-ImagesOneServerTestJSON-1053652074-project-member', 'project_domain_id': 'default', 'project_domain_name': 'Default', 'project_id': '386737ec88a345fcb75eabb6b364e186', 'project_name': 'tempest-ImagesOneServerTestJSON-1053652074', 'tenant_id': '386737ec88a345fcb75eabb6b364e186', 'tenant_name': 'tempest-ImagesOneServerTestJSON-1053652074', 'user_domain_id': 'default', 'user_domain_name': 'Default', 'user_id': '032be65e835340d4a5983d6326b737a5', 'system': None}, Network: {'id': 'c10ddbeb-1f3e-4fa0-a612-b570c4bf6ba6', 'name': 'tempest-ImagesOneServerTestJSON-1737281674-network', 'tenant_id': '386737ec88a345fcb75eabb6b364e186', 'project_id': '386737ec88a345fcb75eabb6b364e186', 'admin_state_up': True, 'mtu': 8950, 'status': 'ACTIVE', 'subnets': [], 'shared': False, 'port_security_enabled': True, 'router:external': False, 'provider:network_type': 'vlan', 'provider:physical_network': 'default', 'provider:segmentation_id': 167, 'availability_zone_hints': [], 'availability_zones': [], 'ipv4_address_scope': None, 'ipv6_address_scope': None, 'description': '', 'tags': [], 'created_at': '2025-12-09T04:16:11Z', 'updated_at': '2025-12-09T04:16:11Z', 'revision_number': 1}, Subnet: {'id': 'ad4e8192-6512-4aff-b055-06eb33bb8f84', 'name': 'tempest-ImagesOneServerTestJSON-1737281674-subnet', 'tenant_id': '386737ec88a345fcb75eabb6b364e186', 'network_id': 'c10ddbeb-1f3e-4fa0-a612-b570c4bf6ba6', 'ip_version': 4, 'subnetpool_id': None, 'enable_dhcp': True, 'ipv6_ra_mode': None, 'ipv6_address_mode': None, 'gateway_ip': '192.168.128.1', 'cidr': '192.168.128.0/28', 'allocation_pools': [{'start': '192.168.128.2', 'end': '192.168.128.14'}], 'host_routes': [], 'dns_nameservers': [], 'description': '', 'router:external': False, 'service_types': [], 'tags': [], 'created_at': '2025-12-09T04:16:12Z', 'updated_at': '2025-12-09T04:16:12Z', 'revision_number': 0, 'project_id': '386737ec88a345fcb75eabb6b364e186'}, Router: {'id': 'ad193677-491a-404e-94cc-6dd29f888f95', 'name': 'tempest-ImagesOneServerTestJSON-1737281674-router', 'tenant_id': '386737ec88a345fcb75eabb6b364e186', 'admin_state_up': True, 'status': 'ACTIVE', 'external_gateway_info': {'network_id': '562dbb99-c1fc-4329-823e-f0d364a44dbf', 'external_fixed_ips': [{'subnet_id': '410bdb45-52d2-4ffd-a2ac-f1d8d4c2527d', 'ip_address': '10.180.180.128'}], 'enable_snat': True}, 'description': '', 'availability_zones': [], 'distributed': False, 'ha': False, 'availability_zone_hints': [], 'routes': [], 'flavor_id': None, 'tags': [], 'created_at': '2025-12-09T04:16:12Z', 'updated_at': '2025-12-09T04:16:13Z', 'revision_number': 2, 'project_id': '386737ec88a345fcb75eabb6b364e186'}
2025-12-09 04:16:14.921 65549 INFO tempest.lib.common.rest_client [req-e5a40ec6-dad2-470f-8b48-c6ed27c8b708 req-e5a40ec6-dad2-470f-8b48-c6ed27c8b708 ] Request (ServerDiagnosticsNegativeTest:setUpClass): 201 POST http://10.180.1.21/identity/v3/users 0.138s
2025-12-09 04:16:14.953 65549 INFO tempest.lib.common.rest_client [req-cac0e018-55ba-41db-990a-73b83eccc2d4 req-cac0e018-55ba-41db-990a-73b83eccc2d4 ] Request (ServerDiagnosticsNegativeTest:setUpClass): 200 GET http://10.180.1.21/identity/v3/roles 0.032s
2025-12-09 04:16:15.005 65549 INFO tempest.lib.common.rest_client [req-da74f147-fc9f-48f9-9ef4-8bcb125e30b5 req-da74f147-fc9f-48f9-9ef4-8bcb125e30b5 ] Request (ServerDiagnosticsNegativeTest:setUpClass): 204 PUT http://10.180.1.21/identity/v3/projects/1eceaae8949b42c3bcf369a96439381d/users/b084bdc60e524a0b8a2cdcae95081330/roles/c9ee9415316a4efaaa383f3008232eb3 0.051s
2025-12-09 04:16:15.027 65529 INFO tempest.lib.common.rest_client [req-6cc15e93-c83e-4dbc-aba5-4ec4f3527d28 req-6cc15e93-c83e-4dbc-aba5-4ec4f3527d28 ] Request (ImagesOneServerTestJSON:setUpClass): 201 POST http://10.180.1.21/identity/v3/auth/tokens 0.129s
2025-12-09 04:16:15.066 65565 INFO tempest.lib.common.rest_client [req-a5643e8c-8857-4395-92c3-3600b830cfd6 req-a5643e8c-8857-4395-92c3-3600b830cfd6 ] Request (FlavorsV261TestJSON:tearDownClass): 204 DELETE http://10.180.1.21/networking/v2.0/security-groups/fef4f5f2-d985-4ef6-84e9-e0dae8c4e540 0.550s
2025-12-09 04:16:15.074 65549 INFO tempest.lib.common.rest_client [req-25b30766-169f-4bbe-8b4d-5c93a01c9b4c req-25b30766-169f-4bbe-8b4d-5c93a01c9b4c ] Request (ServerDiagnosticsNegativeTest:setUpClass): 200 GET http://10.180.1.21/identity/v3/roles 0.069s
2025-12-09 04:16:15.114 65529 INFO tempest.lib.common.rest_client [req-132bb41f-e19d-45b0-ac26-fcee34d20bba req-132bb41f-e19d-45b0-ac26-fcee34d20bba ] Request (ImagesOneServerTestJSON:setUpClass): 201 POST http://10.180.1.21/identity/v3/auth/tokens 0.083s
2025-12-09 04:16:15.114 65529 INFO tempest.lib.common.fixed_network [-] (ImagesOneServerTestJSON:setUpClass) Found network {'id': 'c10ddbeb-1f3e-4fa0-a612-b570c4bf6ba6', 'name': 'tempest-ImagesOneServerTestJSON-1737281674-network', 'tenant_id': '386737ec88a345fcb75eabb6b364e186', 'project_id': '386737ec88a345fcb75eabb6b364e186', 'admin_state_up': True, 'mtu': 8950, 'status': 'ACTIVE', 'subnets': [], 'shared': False, 'port_security_enabled': True, 'router:external': False, 'provider:network_type': 'vlan', 'provider:physical_network': 'default', 'provider:segmentation_id': 167, 'availability_zone_hints': [], 'availability_zones': [], 'ipv4_address_scope': None, 'ipv6_address_scope': None, 'description': '', 'tags': [], 'created_at': '2025-12-09T04:16:11Z', 'updated_at': '2025-12-09T04:16:11Z', 'revision_number': 1} available for tenant
2025-12-09 04:16:15.129 65549 INFO tempest.lib.common.rest_client [req-2630ec57-0002-4878-aa32-2e8e4ff6dd48 req-2630ec57-0002-4878-aa32-2e8e4ff6dd48 ] Request (ServerDiagnosticsNegativeTest:setUpClass): 204 PUT http://10.180.1.21/identity/v3/projects/1eceaae8949b42c3bcf369a96439381d/users/b084bdc60e524a0b8a2cdcae95081330/roles/c9ee9415316a4efaaa383f3008232eb3 0.054s
2025-12-09 04:16:15.130 65549 INFO tempest.lib.common.dynamic_creds [-] Dynamic test user b084bdc60e524a0b8a2cdcae95081330 is created with scope project and roles: ['admin']
2025-12-09 04:16:15.130 65549 INFO tempest.lib.common.dynamic_creds [-] Acquired dynamic creds: credentials: Credentials: {'domain_id': 'default', 'domain_name': 'Default', 'username': 'tempest-ServerDiagnosticsNegativeTest-812777630-project-admin', 'project_domain_id': 'default', 'project_domain_name': 'Default', 'project_id': '1eceaae8949b42c3bcf369a96439381d', 'project_name': 'tempest-ServerDiagnosticsNegativeTest-812777630', 'tenant_id': '1eceaae8949b42c3bcf369a96439381d', 'tenant_name': 'tempest-ServerDiagnosticsNegativeTest-812777630', 'user_domain_id': 'default', 'user_domain_name': 'Default', 'user_id': 'b084bdc60e524a0b8a2cdcae95081330', 'system': None}, Network: None, Subnet: None, Router: None
2025-12-09 04:16:15.130 65549 INFO tempest.lib.common.dynamic_creds [-] Created isolated network resources for: credentials: Credentials: {'domain_id': 'default', 'domain_name': 'Default', 'username': 'tempest-ServerDiagnosticsNegativeTest-812777630-project-admin', 'project_domain_id': 'default', 'project_domain_name': 'Default', 'project_id': '1eceaae8949b42c3bcf369a96439381d', 'project_name': 'tempest-ServerDiagnosticsNegativeTest-812777630', 'tenant_id': '1eceaae8949b42c3bcf369a96439381d', 'tenant_name': 'tempest-ServerDiagnosticsNegativeTest-812777630', 'user_domain_id': 'default', 'user_domain_name': 'Default', 'user_id': 'b084bdc60e524a0b8a2cdcae95081330', 'system': None}, Network: None, Subnet: None, Router: None
2025-12-09 04:16:15.167 65565 INFO tempest.lib.common.rest_client [req-0f054b31-c365-4b9f-8e5a-dd42253a84b8 req-0f054b31-c365-4b9f-8e5a-dd42253a84b8 ] Request (FlavorsV261TestJSON:tearDownClass): 204 DELETE http://10.180.1.21/identity/v3/projects/4052ab415a814cc59d42f4932557d917 0.101s
2025-12-09 04:16:15.192 65583 INFO tempest.lib.common.rest_client [req-0479b5fb-ca9f-4899-8c2f-5abf7e1ff64e req-0479b5fb-ca9f-4899-8c2f-5abf7e1ff64e ] Request (AttachInterfacesV270Test:test_create_get_list_interfaces): 200 GET http://10.180.1.21/compute/v2.1/servers/961683e0-157f-4e8e-b41a-4ef3ba377c8e 3.168s
2025-12-09 04:16:15.211 65583 INFO tempest.common.waiters [-] State transition "BUILD/spawning" ==> "ACTIVE/None" after 21 second wait
2025-12-09 04:16:15.219 65571 INFO tempest.lib.common.rest_client [req-602900f2-6e24-4a6e-9246-cebc71eb59dd req-602900f2-6e24-4a6e-9246-cebc71eb59dd ] Request (HostsAdminNegativeTestJSON:test_shutdown_nonexistent_host): 404 GET http://10.180.1.21/compute/v2.1/os-hosts/nonexistent_hostname/shutdown 3.146s
2025-12-09 04:16:15.221 65549 INFO tempest.lib.common.rest_client [req-0b933d18-1165-47ef-a6c7-7985acaa351c req-0b933d18-1165-47ef-a6c7-7985acaa351c ] Request (ServerDiagnosticsNegativeTest:setUpClass): 201 POST http://10.180.1.21/identity/v3/auth/tokens 0.087s
2025-12-09 04:16:15.234 65557 INFO tempest.lib.common.rest_client [req-41b92091-3564-4657-af2a-61624377273f req-41b92091-3564-4657-af2a-61624377273f ] Request (FlavorsExtraSpecsNegativeTestJSON:test_flavor_unset_nonexistent_key): 404 DELETE http://10.180.1.21/compute/v2.1/flavors/176036946/os-extra_specs/hw:cpu_thread_policy 3.150s
2025-12-09 04:16:15.259 65565 INFO tempest.lib.common.rest_client [req-0b2d3206-a393-4046-9db3-099c4d6a9120 req-0b2d3206-a393-4046-9db3-099c4d6a9120 ] Request (AttachInterfacesUnderV243Test:setUpClass): 201 POST http://10.180.1.21/identity/v3/auth/tokens 0.090s
2025-12-09 04:16:15.260 65537 INFO tempest.lib.common.rest_client [req-e337b18f-cf6c-4ba9-ad61-1bd316cacef0 req-e337b18f-cf6c-4ba9-ad61-1bd316cacef0 ] Request (FlavorsExtraSpecsTestJSON:test_flavor_set_get_update_show_unset_keys): 200 PUT http://10.180.1.21/compute/v2.1/flavors/669463020/os-extra_specs/hw:numa_nodes 3.168s
2025-12-09 04:16:15.267 65547 INFO tempest.lib.common.rest_client [-] Request (TestVersions:test_list_api_versions): 200 GET http://10.180.1.21/compute/ 3.164s
2025-12-09 04:16:15.307 65549 INFO tempest.lib.common.rest_client [req-32fdc22b-67e1-43b6-a3cb-cfbb20014b42 req-32fdc22b-67e1-43b6-a3cb-cfbb20014b42 ] Request (ServerDiagnosticsNegativeTest:test_get_server_diagnostics_by_non_admin): 201 POST http://10.180.1.21/identity/v3/auth/tokens 0.078s
2025-12-09 04:16:15.308 65549 INFO tempest.lib.common.fixed_network [-] (ServerDiagnosticsNegativeTest:test_get_server_diagnostics_by_non_admin) Found network None available for tenant
2025-12-09 04:16:15.308 65565 INFO tempest.lib.common.rest_client [req-79cbf874-67db-4df8-976b-bfb0e427bba0 req-79cbf874-67db-4df8-976b-bfb0e427bba0 ] Request (AttachInterfacesUnderV243Test:setUpClass): 201 POST http://10.180.1.21/identity/v3/auth/tokens 0.045s
2025-12-09 04:16:15.339 65565 INFO tempest.lib.common.rest_client [req-1ab7c0b9-ed0c-41b5-8575-0b98ee82fdb0 req-1ab7c0b9-ed0c-41b5-8575-0b98ee82fdb0 ] Request (AttachInterfacesUnderV243Test:setUpClass): 200 GET http://10.180.1.21/identity/v3/domains?name=Default 0.030s
