2025-12-09 04:19:17.394 65577 INFO tempest.lib.common.rest_client [req-801fa834-4e84-4fcb-a756-cd28e2d5eb62 req-801fa834-4e84-4fcb-a756-cd28e2d5eb62 ] Request (SecurityGroupsTestJSON:test_server_security_groups): 200 GET http://10.180.1.21/compute/v2.1/servers/e0ce4776-473e-4249-9131-2a96a6f7def1 0.444s
2025-12-09 04:19:17.462 65535 INFO tempest.lib.common.rest_client [req-ac45c1c4-b13f-47e8-b4f7-0a3c6516e789 req-ac45c1c4-b13f-47e8-b4f7-0a3c6516e789 ] Request (ServersAdminNegativeTestJSON:tearDownClass): 200 GET http://10.180.1.21/compute/v2.1/servers/5e0a512e-5d32-4d5e-8558-28e31fa36041 0.429s
2025-12-09 04:19:17.523 65573 INFO tempest.lib.common.rest_client [req-b85ce240-7588-45e2-a036-5dc643ccbf8b req-b85ce240-7588-45e2-a036-5dc643ccbf8b ] Request (ServerShowV247Test:test_update_rebuild_list_server): 202 POST http://10.180.1.21/compute/v2.1/servers 0.536s
2025-12-09 04:19:17.533 65553 INFO tempest.lib.common.rest_client [req-844ac604-fedf-4721-a306-50c37d43f538 req-844ac604-fedf-4721-a306-50c37d43f538 ] Request (ListServersNegativeTestJSON:setUpClass): 200 GET http://10.180.1.21/compute/v2.1/servers/361e0676-5cab-413e-9235-b8dbfbca7366 0.451s
2025-12-09 04:19:17.558 65573 INFO tempest.lib.common.rest_client [req-c0a31ae6-2297-4e95-b011-df4bc7bee7ac req-c0a31ae6-2297-4e95-b011-df4bc7bee7ac ] Request (ServerShowV247Test:test_update_rebuild_list_server): 200 PUT http://10.180.1.21/compute/v2.1/servers/07a314bd-1d77-4459-869d-dbb5a9df1d6a 0.033s
2025-12-09 04:19:17.608 65573 INFO tempest.lib.common.rest_client [req-1a05fb81-e987-4930-9e17-b6dfeb612765 req-1a05fb81-e987-4930-9e17-b6dfeb612765 ] Request (ServerShowV247Test:test_update_rebuild_list_server): 200 GET http://10.180.1.21/compute/v2.1/servers/07a314bd-1d77-4459-869d-dbb5a9df1d6a 0.044s
2025-12-09 04:19:17.671 65575 INFO tempest.lib.common.rest_client [req-ddb321f5-cf38-4691-948a-bc29d72662e6 req-ddb321f5-cf38-4691-948a-bc29d72662e6 ] Request (ServerAddressesTestJSON:setUpClass): 200 GET http://10.180.1.21/compute/v2.1/servers/d204b1b4-5de1-458a-9e26-bfedb53ed9f5 0.057s
2025-12-09 04:19:17.672 65541 INFO tempest.lib.common.rest_client [req-e0aef9b7-c806-488d-9935-dd70e34b93e7 req-e0aef9b7-c806-488d-9935-dd70e34b93e7 ] Request (ListServerFiltersTestJSON:setUpClass): 200 GET http://10.180.1.21/compute/v2.1/servers/f2b1583b-4a05-4759-aa13-20489ac5eaba 0.118s
2025-12-09 04:19:17.679 65541 INFO tempest.common.waiters [-] State transition "BUILD/block_device_mapping" ==> "BUILD/spawning" after 55 second wait
2025-12-09 04:19:17.749 65527 INFO tempest.lib.common.rest_client [req-627eda63-123c-4445-adbe-e217cae6739e req-627eda63-123c-4445-adbe-e217cae6739e ] Request (ServerShowV254Test:test_rebuild_server): 200 GET http://10.180.1.21/compute/v2.1/servers/91fd1037-1cc7-4e5b-92b0-9577c6e1defd 0.056s
2025-12-09 04:19:17.879 65556 INFO tempest.lib.common.rest_client [req-702311ed-9c36-467c-80d7-6824eea1eb43 req-702311ed-9c36-467c-80d7-6824eea1eb43 ] Request (ServerActionsTestOtherA:setUpClass): 200 GET http://10.180.1.21/compute/v2.1/servers/47d442e0-d96a-464c-8548-7b6fa79321fa 0.066s
2025-12-09 04:19:17.969 65531 INFO tempest.lib.common.rest_client [req-ef0d4df1-6681-476b-8316-97e8ef567aeb req-ef0d4df1-6681-476b-8316-97e8ef567aeb ] Request (MigrationsAdminTest:test_list_migrations_in_flavor_resize_situation): 200 GET http://10.180.1.21/compute/v2.1/servers/736293eb-5964-4543-8fe7-ba0e89bcbe74 0.125s
2025-12-09 04:19:18.002 65545 INFO tempest.lib.common.rest_client [req-e5f6335a-d8e2-4b9e-bc6d-93ae1d203a46 req-e5f6335a-d8e2-4b9e-bc6d-93ae1d203a46 ] Request (AttachVolumeNegativeTest:test_attach_attached_volume_to_different_server): 200 GET http://10.180.1.21/compute/v2.1/servers/8dc88070-1888-44cf-95cb-975cd9e81c85 0.048s
2025-12-09 04:19:18.065 65579 INFO tempest.lib.common.rest_client [req-a14a3b03-bb14-4682-bb70-1b3386ee1d1e req-a14a3b03-bb14-4682-bb70-1b3386ee1d1e ] Request (ServersWithSpecificFlavorTestJSON:test_verify_created_server_ephemeral_disk): 200 GET http://10.180.1.21/compute/v2.1/servers/0a2a9ed4-6270-4155-8f11-f9584d2017f0 0.052s
2025-12-09 04:19:18.104 65533 INFO tempest.lib.common.rest_client [req-58de93ad-4ea1-4d64-97c0-a0d3120255ff req-58de93ad-4ea1-4d64-97c0-a0d3120255ff ] Request (ServersAdminTestJSON:tearDownClass): 200 GET http://10.180.1.21/compute/v2.1/servers/dcb7232a-8c4b-41e8-8fe2-8dac76aa216b 0.079s
2025-12-09 04:19:18.137 65557 INFO tempest.lib.common.rest_client [req-20bab8d3-6f9d-4bec-91ea-fa0bf7dd52a2 req-20bab8d3-6f9d-4bec-91ea-fa0bf7dd52a2 ] Request (ServersTestBootFromVolume:tearDownClass): 200 GET http://10.180.1.21/compute/v2.1/servers/306f72f1-30b7-40ac-8116-b8c52ec51fc2 0.066s
2025-12-09 04:19:18.179 65571 INFO tempest.lib.common.rest_client [req-add01e40-ed74-43ee-9ddd-71d473d81966 req-add01e40-ed74-43ee-9ddd-71d473d81966 ] Request (MultipleCreateTestJSON:_run_cleanups): 200 GET http://10.180.1.21/compute/v2.1/servers/4c8aeaa6-ae2e-481e-93af-b7e08963b607 0.097s
2025-12-09 04:19:18.186 65559 INFO tempest.lib.common.rest_client [req-63bccb7f-d411-4c81-a2ef-269af4c19c6d req-63bccb7f-d411-4c81-a2ef-269af4c19c6d ] Request (ImagesTestJSON:test_create_server_from_snapshot): 200 GET http://10.180.1.21/compute/v2.1/images/c5ab5dff-bd8b-4838-b998-70607529ef92 0.074s
2025-12-09 04:19:18.231 65529 INFO tempest.lib.common.rest_client [req-03fa8e88-4075-46b8-96c8-e11100b2f313 req-03fa8e88-4075-46b8-96c8-e11100b2f313 ] Request (ServerMetadataNegativeTestJSON:setUpClass): 200 GET http://10.180.1.21/compute/v2.1/servers/aadbdb7a-773a-496a-a1bc-53c6d7d0f19a 0.104s
2025-12-09 04:19:18.242 65585 INFO tempest.lib.common.rest_client [req-fa590ddc-5f80-4f50-a0ea-cd2e3f9e11b8 req-fa590ddc-5f80-4f50-a0ea-cd2e3f9e11b8 ] Request (ServerAddressesNegativeTestJSON:setUpClass): 200 GET http://10.180.1.21/compute/v2.1/servers/57330613-b975-4e0b-abb2-4bcf4a066291 0.075s
2025-12-09 04:19:18.292 65567 INFO tempest.lib.common.rest_client [req-8afaaed1-1c9d-4b58-9c29-1a386dfb236a req-8afaaed1-1c9d-4b58-9c29-1a386dfb236a ] Request (AttachInterfacesTestJSON:test_create_list_show_delete_interfaces_by_network_port): 200 GET http://10.180.1.21/compute/v2.1/servers/ddf040ec-01d7-4cca-9858-fc6a2526f513 0.108s
2025-12-09 04:19:18.313 65581 INFO tempest.lib.common.rest_client [req-382611ca-3c67-43f8-bf5a-3e56755ddaa8 req-382611ca-3c67-43f8-bf5a-3e56755ddaa8 ] Request (FloatingIPsAssociationTestJSON:tearDownClass): 200 GET http://10.180.1.21/compute/v2.1/servers/b0d0eaad-3012-4594-b975-afefda68dde7 0.062s
2025-12-09 04:19:18.403 65523 INFO tempest.lib.common.rest_client [req-ba208d95-2c86-4b9b-8125-e6a413af22b4 req-ba208d95-2c86-4b9b-8125-e6a413af22b4 ] Request (ServersNegativeTestJSON:setUpClass): 200 GET http://10.180.1.21/compute/v2.1/servers/268215b3-3a10-4956-8539-214c34eea0a2 0.094s
2025-12-09 04:19:18.451 65569 INFO tempest.lib.common.rest_client [req-164f2e99-2047-42f2-a7f4-ccb2488a0cbb req-164f2e99-2047-42f2-a7f4-ccb2488a0cbb ] Request (ServersTestManualDisk:tearDownClass): 200 GET http://10.180.1.21/compute/v2.1/servers/a6904497-1d9b-42ba-8cd0-7a558d64410b 0.177s
2025-12-09 04:19:18.491 65565 INFO tempest.lib.common.rest_client [req-224df6fd-7fad-49a0-9290-1b1bdb90db77 req-224df6fd-7fad-49a0-9290-1b1bdb90db77 ] Request (AttachInterfacesUnderV243Test:_run_cleanups): 200 GET http://10.180.1.21/compute/v2.1/servers/a06aeafe-9793-4be2-b157-25f911a74710 0.154s
2025-12-09 04:19:18.525 65583 INFO tempest.lib.common.rest_client [req-32e12045-bc38-410d-b084-2016a1e260fb req-32e12045-bc38-410d-b084-2016a1e260fb ] Request (ServerDiskConfigTestJSON:test_resize_server_from_auto_to_manual): 200 GET http://10.180.1.21/compute/v2.1/servers/c8ef2ca6-bbb8-4858-9e39-aa8899b85422 0.173s
2025-12-09 04:19:18.556 65561 INFO tempest.lib.common.rest_client [req-c64b081a-98bd-4bd4-80e1-def2c6e3b7d3 req-c64b081a-98bd-4bd4-80e1-def2c6e3b7d3 ] Request (ServersTestMultiNic:test_verify_multiple_nics_order): 200 GET http://10.180.1.21/compute/v2.1/servers/0b920512-ffda-4e31-b4d0-593a0e4017c4 0.155s
2025-12-09 04:19:18.602 65577 INFO tempest.lib.common.rest_client [req-c84b9c37-1e63-4255-8070-186da13d75bd req-c84b9c37-1e63-4255-8070-186da13d75bd ] Request (SecurityGroupsTestJSON:test_server_security_groups): 200 GET http://10.180.1.21/compute/v2.1/servers/e0ce4776-473e-4249-9131-2a96a6f7def1 0.198s
2025-12-09 04:19:18.682 65535 INFO tempest.lib.common.rest_client [req-d0904e1c-d2e4-4640-b8a6-7fe3c953f242 req-d0904e1c-d2e4-4640-b8a6-7fe3c953f242 ] Request (ServersAdminNegativeTestJSON:tearDownClass): 200 GET http://10.180.1.21/compute/v2.1/servers/5e0a512e-5d32-4d5e-8558-28e31fa36041 0.213s
2025-12-09 04:19:18.728 65553 INFO tempest.lib.common.rest_client [req-3e77699a-fb14-4076-9b04-9e83523cb111 req-3e77699a-fb14-4076-9b04-9e83523cb111 ] Request (ListServersNegativeTestJSON:setUpClass): 200 GET http://10.180.1.21/compute/v2.1/servers/361e0676-5cab-413e-9235-b8dbfbca7366 0.185s
2025-12-09 04:19:18.769 65573 INFO tempest.lib.common.rest_client [req-c1148d63-5a01-445d-8c06-fe3d7ea7cb1d req-c1148d63-5a01-445d-8c06-fe3d7ea7cb1d ] Request (ServerShowV247Test:test_update_rebuild_list_server): 200 GET http://10.180.1.21/compute/v2.1/servers/07a314bd-1d77-4459-869d-dbb5a9df1d6a 0.151s
2025-12-09 04:19:18.880 65575 INFO tempest.lib.common.rest_client [req-20c0f8e7-ba0e-4bf1-92e4-920e52e76775 req-20c0f8e7-ba0e-4bf1-92e4-920e52e76775 ] Request (ServerAddressesTestJSON:setUpClass): 200 GET http://10.180.1.21/compute/v2.1/servers/d204b1b4-5de1-458a-9e26-bfedb53ed9f5 0.200s
2025-12-09 04:19:18.906 65541 INFO tempest.lib.common.rest_client [req-9e3fd28d-b82c-4ccf-abca-33473405f98a req-9e3fd28d-b82c-4ccf-abca-33473405f98a ] Request (ListServerFiltersTestJSON:setUpClass): 200 GET http://10.180.1.21/compute/v2.1/servers/f2b1583b-4a05-4759-aa13-20489ac5eaba 0.226s
2025-12-09 04:19:19.289 65537 WARNING tempest.lib.common.ssh [-] Failed to establish authenticated ssh connection to cirros@10.180.180.152 ([Errno None] Unable to connect to port 22 on 10.180.180.152). Number attempts: 1. Retry after 2 seconds.: paramiko.ssh_exception.NoValidConnectionsError: [Errno None] Unable to connect to port 22 on 10.180.180.152
2025-12-09 04:19:19.410 65527 INFO tempest.lib.common.rest_client [req-647a880b-7d02-41b3-91c2-592da6a18257 req-647a880b-7d02-41b3-91c2-592da6a18257 ] Request (ServerShowV254Test:test_rebuild_server): 200 GET http://10.180.1.21/compute/v2.1/servers/91fd1037-1cc7-4e5b-92b0-9577c6e1defd 0.651s
2025-12-09 04:19:19.482 65551 WARNING tempest.lib.common.ssh [-] Failed to establish authenticated ssh connection to cirros@10.180.180.206 ([Errno None] Unable to connect to port 22 on 10.180.180.206). Number attempts: 8. Retry after 9 seconds.: paramiko.ssh_exception.NoValidConnectionsError: [Errno None] Unable to connect to port 22 on 10.180.180.206
2025-12-09 04:19:19.503 65556 INFO tempest.lib.common.rest_client [req-7e69c059-fce8-4ebf-a405-36bc60a9c46d req-7e69c059-fce8-4ebf-a405-36bc60a9c46d ] Request (ServerActionsTestOtherA:setUpClass): 200 GET http://10.180.1.21/compute/v2.1/servers/47d442e0-d96a-464c-8548-7b6fa79321fa 0.615s
2025-12-09 04:19:19.513 65556 INFO tempest.common.waiters [-] State transition "BUILD/None" ==> "BUILD/block_device_mapping" after 52 second wait
2025-12-09 04:19:19.562 65531 INFO tempest.lib.common.rest_client [req-0ba25972-08f7-423f-96a9-764eaed7d765 req-0ba25972-08f7-423f-96a9-764eaed7d765 ] Request (MigrationsAdminTest:test_list_migrations_in_flavor_resize_situation): 200 GET http://10.180.1.21/compute/v2.1/servers/736293eb-5964-4543-8fe7-ba0e89bcbe74 0.585s
2025-12-09 04:19:19.575 65545 INFO tempest.lib.common.rest_client [req-cb131070-55c4-41d3-a4cd-0c6676f6b4bc req-cb131070-55c4-41d3-a4cd-0c6676f6b4bc ] Request (AttachVolumeNegativeTest:test_attach_attached_volume_to_different_server): 200 GET http://10.180.1.21/compute/v2.1/servers/8dc88070-1888-44cf-95cb-975cd9e81c85 0.565s
2025-12-09 04:19:19.611 65579 INFO tempest.lib.common.rest_client [req-d7e04d36-e1c4-4f91-9112-14d099c19f83 req-d7e04d36-e1c4-4f91-9112-14d099c19f83 ] Request (ServersWithSpecificFlavorTestJSON:test_verify_created_server_ephemeral_disk): 200 GET http://10.180.1.21/compute/v2.1/servers/0a2a9ed4-6270-4155-8f11-f9584d2017f0 0.536s
2025-12-09 04:19:19.639 65533 INFO tempest.lib.common.rest_client [req-d1ab9583-fd0b-4027-8c09-1fbceb4c0102 req-d1ab9583-fd0b-4027-8c09-1fbceb4c0102 ] Request (ServersAdminTestJSON:tearDownClass): 200 GET http://10.180.1.21/compute/v2.1/servers/dcb7232a-8c4b-41e8-8fe2-8dac76aa216b 0.528s
2025-12-09 04:19:19.676 65557 INFO tempest.lib.common.rest_client [req-f268c830-f5d6-402b-9210-d07c81469323 req-f268c830-f5d6-402b-9210-d07c81469323 ] Request (ServersTestBootFromVolume:tearDownClass): 200 GET http://10.180.1.21/compute/v2.1/servers/306f72f1-30b7-40ac-8116-b8c52ec51fc2 0.531s
2025-12-09 04:19:19.698 65571 INFO tempest.lib.common.rest_client [req-8aee71ff-06ac-4caf-ac05-ad7ec6c13d62 req-8aee71ff-06ac-4caf-ac05-ad7ec6c13d62 ] Request (MultipleCreateTestJSON:_run_cleanups): 200 GET http://10.180.1.21/compute/v2.1/servers/4c8aeaa6-ae2e-481e-93af-b7e08963b607 0.509s
2025-12-09 04:19:19.718 65559 INFO tempest.lib.common.rest_client [req-7aa4943f-1da4-4896-b52e-cfb82c8ba5a1 req-7aa4943f-1da4-4896-b52e-cfb82c8ba5a1 ] Request (ImagesTestJSON:test_create_server_from_snapshot): 200 GET http://10.180.1.21/compute/v2.1/images/c5ab5dff-bd8b-4838-b998-70607529ef92 0.524s
2025-12-09 04:19:19.757 65529 INFO tempest.lib.common.rest_client [req-633ede86-7879-4c2c-81d1-2c9a3ac2c420 req-633ede86-7879-4c2c-81d1-2c9a3ac2c420 ] Request (ServerMetadataNegativeTestJSON:setUpClass): 200 GET http://10.180.1.21/compute/v2.1/servers/aadbdb7a-773a-496a-a1bc-53c6d7d0f19a 0.517s
2025-12-09 04:19:19.779 65585 INFO tempest.lib.common.rest_client [req-b58bcf00-14a9-473c-87e0-753baa524a0d req-b58bcf00-14a9-473c-87e0-753baa524a0d ] Request (ServerAddressesNegativeTestJSON:setUpClass): 200 GET http://10.180.1.21/compute/v2.1/servers/57330613-b975-4e0b-abb2-4bcf4a066291 0.528s
2025-12-09 04:19:19.816 65567 INFO tempest.lib.common.rest_client [req-c912842c-0c15-4bde-a7ba-87829e3b84af req-c912842c-0c15-4bde-a7ba-87829e3b84af ] Request (AttachInterfacesTestJSON:test_create_list_show_delete_interfaces_by_network_port): 200 GET http://10.180.1.21/compute/v2.1/servers/ddf040ec-01d7-4cca-9858-fc6a2526f513 0.515s
2025-12-09 04:19:19.844 65581 INFO tempest.lib.common.rest_client [req-04b4e476-e788-4147-9cde-5903332937a5 req-04b4e476-e788-4147-9cde-5903332937a5 ] Request (FloatingIPsAssociationTestJSON:tearDownClass): 200 GET http://10.180.1.21/compute/v2.1/servers/b0d0eaad-3012-4594-b975-afefda68dde7 0.521s
2025-12-09 04:19:19.891 65523 INFO tempest.lib.common.rest_client [req-ccd261b1-5b82-4c6d-b71e-97fe631f9637 req-ccd261b1-5b82-4c6d-b71e-97fe631f9637 ] Request (ServersNegativeTestJSON:setUpClass): 200 GET http://10.180.1.21/compute/v2.1/servers/268215b3-3a10-4956-8539-214c34eea0a2 0.480s
2025-12-09 04:19:19.921 65569 INFO tempest.lib.common.rest_client [req-a7d0306e-3869-486e-9ada-2cb4d06dd6ab req-a7d0306e-3869-486e-9ada-2cb4d06dd6ab ] Request (ServersTestManualDisk:tearDownClass): 200 GET http://10.180.1.21/compute/v2.1/servers/a6904497-1d9b-42ba-8cd0-7a558d64410b 0.460s
2025-12-09 04:19:19.960 65565 INFO tempest.lib.common.rest_client [req-27059bc0-5cc8-4b26-bc9e-b8824983720a req-27059bc0-5cc8-4b26-bc9e-b8824983720a ] Request (AttachInterfacesUnderV243Test:_run_cleanups): 200 GET http://10.180.1.21/compute/v2.1/servers/a06aeafe-9793-4be2-b157-25f911a74710 0.461s
2025-12-09 04:19:19.977 65583 INFO tempest.lib.common.rest_client [req-02daa71a-f1d7-4234-b471-94949a0f17d6 req-02daa71a-f1d7-4234-b471-94949a0f17d6 ] Request (ServerDiskConfigTestJSON:test_resize_server_from_auto_to_manual): 200 GET http://10.180.1.21/compute/v2.1/servers/c8ef2ca6-bbb8-4858-9e39-aa8899b85422 0.443s
2025-12-09 04:19:20.025 65561 INFO tempest.lib.common.rest_client [req-7cbed767-57bf-497c-8942-9ddde3d0e810 req-7cbed767-57bf-497c-8942-9ddde3d0e810 ] Request (ServersTestMultiNic:test_verify_multiple_nics_order): 200 GET http://10.180.1.21/compute/v2.1/servers/0b920512-ffda-4e31-b4d0-593a0e4017c4 0.452s
2025-12-09 04:19:20.085 65577 INFO tempest.lib.common.rest_client [req-48f2e8a5-9263-4e3a-ac17-8755f413d0d7 req-48f2e8a5-9263-4e3a-ac17-8755f413d0d7 ] Request (SecurityGroupsTestJSON:test_server_security_groups): 200 GET http://10.180.1.21/compute/v2.1/servers/e0ce4776-473e-4249-9131-2a96a6f7def1 0.475s
2025-12-09 04:19:20.162 65535 INFO tempest.lib.common.rest_client [req-4ce17092-71d8-4186-bde7-004a736bdc97 req-4ce17092-71d8-4186-bde7-004a736bdc97 ] Request (ServersAdminNegativeTestJSON:tearDownClass): 200 GET http://10.180.1.21/compute/v2.1/servers/5e0a512e-5d32-4d5e-8558-28e31fa36041 0.472s
2025-12-09 04:19:20.204 65553 INFO tempest.lib.common.rest_client [req-3f19455a-9cc2-4107-b7d5-80f06e103715 req-3f19455a-9cc2-4107-b7d5-80f06e103715 ] Request (ListServersNegativeTestJSON:setUpClass): 200 GET http://10.180.1.21/compute/v2.1/servers/361e0676-5cab-413e-9235-b8dbfbca7366 0.465s
2025-12-09 04:19:20.247 65573 INFO tempest.lib.common.rest_client [req-f07f0f0a-7449-4c61-8bd4-261b891571c7 req-f07f0f0a-7449-4c61-8bd4-261b891571c7 ] Request (ServerShowV247Test:test_update_rebuild_list_server): 200 GET http://10.180.1.21/compute/v2.1/servers/07a314bd-1d77-4459-869d-dbb5a9df1d6a 0.468s
2025-12-09 04:19:20.299 65575 INFO tempest.lib.common.rest_client [req-48e808a5-6c94-4d09-8e41-461d8165540f req-48e808a5-6c94-4d09-8e41-461d8165540f ] Request (ServerAddressesTestJSON:setUpClass): 200 GET http://10.180.1.21/compute/v2.1/servers/d204b1b4-5de1-458a-9e26-bfedb53ed9f5 0.411s
2025-12-09 04:19:20.449 65541 INFO tempest.lib.common.rest_client [req-c07a0911-a7a1-455d-993d-0bf0a4ffd2e0 req-c07a0911-a7a1-455d-993d-0bf0a4ffd2e0 ] Request (ListServerFiltersTestJSON:setUpClass): 200 GET http://10.180.1.21/compute/v2.1/servers/f2b1583b-4a05-4759-aa13-20489ac5eaba 0.534s
2025-12-09 04:19:20.483 65527 INFO tempest.lib.common.rest_client [req-fb758f4e-ffc4-4dd8-a1bc-214196261c1a req-fb758f4e-ffc4-4dd8-a1bc-214196261c1a ] Request (ServerShowV254Test:test_rebuild_server): 200 GET http://10.180.1.21/compute/v2.1/servers/91fd1037-1cc7-4e5b-92b0-9577c6e1defd 0.061s
2025-12-09 04:19:20.621 65556 INFO tempest.lib.common.rest_client [req-2baa5f6c-f872-4246-9c9a-6ff9ba2ffc05 req-2baa5f6c-f872-4246-9c9a-6ff9ba2ffc05 ] Request (ServerActionsTestOtherA:setUpClass): 200 GET http://10.180.1.21/compute/v2.1/servers/47d442e0-d96a-464c-8548-7b6fa79321fa 0.107s
2025-12-09 04:19:20.631 65556 INFO tempest.common.waiters [-] State transition "BUILD/block_device_mapping" ==> "BUILD/spawning" after 53 second wait
2025-12-09 04:19:20.679 65545 INFO tempest.lib.common.rest_client [req-4c1d0366-ba9c-4103-8bbd-97a7ff284569 req-4c1d0366-ba9c-4103-8bbd-97a7ff284569 ] Request (AttachVolumeNegativeTest:test_attach_attached_volume_to_different_server): 200 GET http://10.180.1.21/compute/v2.1/servers/8dc88070-1888-44cf-95cb-975cd9e81c85 0.095s
2025-12-09 04:19:20.708 65531 INFO tempest.lib.common.rest_client [req-bbdcef0f-159e-483f-8f44-aaf0141d95c8 req-bbdcef0f-159e-483f-8f44-aaf0141d95c8 ] Request (MigrationsAdminTest:test_list_migrations_in_flavor_resize_situation): 200 GET http://10.180.1.21/compute/v2.1/servers/736293eb-5964-4543-8fe7-ba0e89bcbe74 0.138s
2025-12-09 04:19:20.737 65579 INFO tempest.lib.common.rest_client [req-75077f8d-6196-4ba8-bf89-85ee5d1f4f31 req-75077f8d-6196-4ba8-bf89-85ee5d1f4f31 ] Request (ServersWithSpecificFlavorTestJSON:test_verify_created_server_ephemeral_disk): 200 GET http://10.180.1.21/compute/v2.1/servers/0a2a9ed4-6270-4155-8f11-f9584d2017f0 0.118s
2025-12-09 04:19:20.790 65533 INFO tempest.lib.common.rest_client [req-678cf345-4f66-4181-aa89-229eb0979248 req-678cf345-4f66-4181-aa89-229eb0979248 ] Request (ServersAdminTestJSON:tearDownClass): 200 GET http://10.180.1.21/compute/v2.1/servers/dcb7232a-8c4b-41e8-8fe2-8dac76aa216b 0.142s
2025-12-09 04:19:20.816 65557 INFO tempest.lib.common.rest_client [req-219ce255-4d62-468c-abfc-3695694e02d0 req-219ce255-4d62-468c-abfc-3695694e02d0 ] Request (ServersTestBootFromVolume:tearDownClass): 200 GET http://10.180.1.21/compute/v2.1/servers/306f72f1-30b7-40ac-8116-b8c52ec51fc2 0.133s
2025-12-09 04:19:20.864 65571 INFO tempest.lib.common.rest_client [req-989350b3-e7c0-4a02-b2e4-facc5d762661 req-989350b3-e7c0-4a02-b2e4-facc5d762661 ] Request (MultipleCreateTestJSON:_run_cleanups): 200 GET http://10.180.1.21/compute/v2.1/servers/4c8aeaa6-ae2e-481e-93af-b7e08963b607 0.155s
2025-12-09 04:19:20.864 65559 INFO tempest.lib.common.rest_client [req-82a8fc41-d2d0-4030-acbb-9af553251d32 req-82a8fc41-d2d0-4030-acbb-9af553251d32 ] Request (ImagesTestJSON:test_create_server_from_snapshot): 200 GET http://10.180.1.21/compute/v2.1/images/c5ab5dff-bd8b-4838-b998-70607529ef92 0.142s
2025-12-09 04:19:20.920 65529 INFO tempest.lib.common.rest_client [req-3598405e-3281-4d00-ac52-8682f96995e6 req-3598405e-3281-4d00-ac52-8682f96995e6 ] Request (ServerMetadataNegativeTestJSON:setUpClass): 200 GET http://10.180.1.21/compute/v2.1/servers/aadbdb7a-773a-496a-a1bc-53c6d7d0f19a 0.154s
2025-12-09 04:19:20.929 65585 INFO tempest.lib.common.rest_client [req-b55103a0-2a5a-42a2-bbc9-a48a5b09a69d req-b55103a0-2a5a-42a2-bbc9-a48a5b09a69d ] Request (ServerAddressesNegativeTestJSON:setUpClass): 200 GET http://10.180.1.21/compute/v2.1/servers/57330613-b975-4e0b-abb2-4bcf4a066291 0.139s
2025-12-09 04:19:20.961 65581 INFO tempest.lib.common.rest_client [req-89a3794c-872a-499c-bca8-1421334402ea req-89a3794c-872a-499c-bca8-1421334402ea ] Request (FloatingIPsAssociationTestJSON:tearDownClass): 404 GET http://10.180.1.21/compute/v2.1/servers/b0d0eaad-3012-4594-b975-afefda68dde7 0.106s
2025-12-09 04:19:20.980 65567 INFO tempest.lib.common.rest_client [req-7009884f-2596-4f9a-9d76-ee6f7bc0b85f req-7009884f-2596-4f9a-9d76-ee6f7bc0b85f ] Request (AttachInterfacesTestJSON:test_create_list_show_delete_interfaces_by_network_port): 200 GET http://10.180.1.21/compute/v2.1/servers/ddf040ec-01d7-4cca-9858-fc6a2526f513 0.153s
2025-12-09 04:19:21.014 65523 INFO tempest.lib.common.rest_client [req-4d49116e-4fb5-4899-a37d-92522d7246cc req-4d49116e-4fb5-4899-a37d-92522d7246cc ] Request (ServersNegativeTestJSON:setUpClass): 200 GET http://10.180.1.21/compute/v2.1/servers/268215b3-3a10-4956-8539-214c34eea0a2 0.113s
2025-12-09 04:19:21.045 65569 INFO tempest.lib.common.rest_client [req-9674b897-2c2f-4080-9312-761afda58c65 req-9674b897-2c2f-4080-9312-761afda58c65 ] Request (ServersTestManualDisk:tearDownClass): 200 GET http://10.180.1.21/compute/v2.1/servers/a6904497-1d9b-42ba-8cd0-7a558d64410b 0.113s
2025-12-09 04:19:21.052 65569 INFO tempest.common.waiters [-] State transition "ACTIVE/deleting" ==> "DELETED/None" after 4 second wait
2025-12-09 04:19:21.121 65565 INFO tempest.lib.common.rest_client [req-c5d725cc-b535-4efa-a9fc-14365e604319 req-c5d725cc-b535-4efa-a9fc-14365e604319 ] Request (AttachInterfacesUnderV243Test:_run_cleanups): 200 GET http://10.180.1.21/compute/v2.1/servers/a06aeafe-9793-4be2-b157-25f911a74710 0.150s
2025-12-09 04:19:21.185 65583 INFO tempest.lib.common.rest_client [req-a43c875b-d042-46b6-9aaf-658a38facf00 req-a43c875b-d042-46b6-9aaf-658a38facf00 ] Request (ServerDiskConfigTestJSON:test_resize_server_from_auto_to_manual): 200 GET http://10.180.1.21/compute/v2.1/servers/c8ef2ca6-bbb8-4858-9e39-aa8899b85422 0.199s
2025-12-09 04:19:21.236 65561 INFO tempest.lib.common.rest_client [req-e5b75be8-2229-4373-8c87-4cf973ef39df req-e5b75be8-2229-4373-8c87-4cf973ef39df ] Request (ServersTestMultiNic:test_verify_multiple_nics_order): 200 GET http://10.180.1.21/compute/v2.1/servers/0b920512-ffda-4e31-b4d0-593a0e4017c4 0.201s
2025-12-09 04:19:21.283 65577 INFO tempest.lib.common.rest_client [req-59ccade0-db4e-48b2-8b52-2388e5f63d64 req-59ccade0-db4e-48b2-8b52-2388e5f63d64 ] Request (SecurityGroupsTestJSON:test_server_security_groups): 200 GET http://10.180.1.21/compute/v2.1/servers/e0ce4776-473e-4249-9131-2a96a6f7def1 0.189s
2025-12-09 04:19:21.340 65535 INFO tempest.lib.common.rest_client [req-448936da-2ef1-4785-b66f-17eee3ea438b req-448936da-2ef1-4785-b66f-17eee3ea438b ] Request (ServersAdminNegativeTestJSON:tearDownClass): 200 GET http://10.180.1.21/compute/v2.1/servers/5e0a512e-5d32-4d5e-8558-28e31fa36041 0.170s
2025-12-09 04:19:21.383 65581 INFO tempest.lib.common.rest_client [req-a1e2c932-3c63-49d0-a5c2-51e2c281c09e req-a1e2c932-3c63-49d0-a5c2-51e2c281c09e ] Request (FloatingIPsAssociationTestJSON:tearDownClass): 202 DELETE http://10.180.1.21/compute/v2.1/os-floating-ips/6c58b61c-ae6a-4691-afcd-cf2307713e18 0.422s
2025-12-09 04:19:21.400 65553 INFO tempest.lib.common.rest_client [req-79feae1f-4a17-479d-8bf0-8fc7e52a4394 req-79feae1f-4a17-479d-8bf0-8fc7e52a4394 ] Request (ListServersNegativeTestJSON:setUpClass): 200 GET http://10.180.1.21/compute/v2.1/servers/361e0676-5cab-413e-9235-b8dbfbca7366 0.185s
2025-12-09 04:19:21.442 65573 INFO tempest.lib.common.rest_client [req-59d01c64-5d65-4e93-9445-d2ab977d2b71 req-59d01c64-5d65-4e93-9445-d2ab977d2b71 ] Request (ServerShowV247Test:test_update_rebuild_list_server): 200 GET http://10.180.1.21/compute/v2.1/servers/07a314bd-1d77-4459-869d-dbb5a9df1d6a 0.181s
2025-12-09 04:19:21.449 65575 INFO tempest.lib.common.rest_client [req-b5ce3075-a5c4-44fc-8b81-44ba17707fa2 req-b5ce3075-a5c4-44fc-8b81-44ba17707fa2 ] Request (ServerAddressesTestJSON:setUpClass): 200 GET http://10.180.1.21/compute/v2.1/servers/d204b1b4-5de1-458a-9e26-bfedb53ed9f5 0.138s
2025-12-09 04:19:21.525 65581 INFO tempest.lib.common.rest_client [req-32d020d6-8dae-481f-935b-6151f2fc2a98 req-32d020d6-8dae-481f-935b-6151f2fc2a98 ] Request (FloatingIPsAssociationTestJSON:tearDownClass): 204 DELETE http://10.180.1.21/compute/v2.1/servers/852245d0-9e56-41ff-a889-d674b3bdaad9 0.141s
2025-12-09 04:19:21.559 65541 INFO tempest.lib.common.rest_client [req-2154248d-a149-45e6-ab4e-c04126430e20 req-2154248d-a149-45e6-ab4e-c04126430e20 ] Request (ListServerFiltersTestJSON:setUpClass): 200 GET http://10.180.1.21/compute/v2.1/servers/f2b1583b-4a05-4759-aa13-20489ac5eaba 0.100s
2025-12-09 04:19:21.584 65527 INFO tempest.lib.common.rest_client [req-2a081c6b-528b-49e0-b1f6-66a213011e92 req-2a081c6b-528b-49e0-b1f6-66a213011e92 ] Request (ServerShowV254Test:test_rebuild_server): 200 GET http://10.180.1.21/compute/v2.1/servers/91fd1037-1cc7-4e5b-92b0-9577c6e1defd 0.091s
2025-12-09 04:19:21.685 65581 INFO tempest.lib.common.rest_client [req-2fbe6dd3-0e32-46e2-b184-f4e8ace23fe4 req-2fbe6dd3-0e32-46e2-b184-f4e8ace23fe4 ] Request (FloatingIPsAssociationTestJSON:tearDownClass): 200 GET http://10.180.1.21/compute/v2.1/servers/852245d0-9e56-41ff-a889-d674b3bdaad9 0.159s
2025-12-09 04:19:21.725 65556 INFO tempest.lib.common.rest_client [req-99e0fb30-d3ab-46c3-9bb2-3969f27992d7 req-99e0fb30-d3ab-46c3-9bb2-3969f27992d7 ] Request (ServerActionsTestOtherA:setUpClass): 200 GET http://10.180.1.21/compute/v2.1/servers/47d442e0-d96a-464c-8548-7b6fa79321fa 0.093s
2025-12-09 04:19:21.739 65545 INFO tempest.lib.common.rest_client [req-b190b51d-9808-4c99-bbad-995a861c583c req-b190b51d-9808-4c99-bbad-995a861c583c ] Request (AttachVolumeNegativeTest:test_attach_attached_volume_to_different_server): 200 GET http://10.180.1.21/compute/v2.1/servers/8dc88070-1888-44cf-95cb-975cd9e81c85 0.047s
2025-12-09 04:19:21.832 65579 INFO tempest.lib.common.rest_client [req-1a3d0ab1-3a2e-4f35-8116-610bc4897691 req-1a3d0ab1-3a2e-4f35-8116-610bc4897691 ] Request (ServersWithSpecificFlavorTestJSON:test_verify_created_server_ephemeral_disk): 200 GET http://10.180.1.21/compute/v2.1/servers/0a2a9ed4-6270-4155-8f11-f9584d2017f0 0.087s
2025-12-09 04:19:21.874 65531 INFO tempest.lib.common.rest_client [req-1935aa5d-f261-4239-9575-3ed774523bd5 req-1935aa5d-f261-4239-9575-3ed774523bd5 ] Request (MigrationsAdminTest:test_list_migrations_in_flavor_resize_situation): 200 GET http://10.180.1.21/compute/v2.1/servers/736293eb-5964-4543-8fe7-ba0e89bcbe74 0.157s
2025-12-09 04:19:21.904 65533 INFO tempest.lib.common.rest_client [req-b45509ac-deba-4e0e-9dbd-757c65ed7e8a req-b45509ac-deba-4e0e-9dbd-757c65ed7e8a ] Request (ServersAdminTestJSON:tearDownClass): 200 GET http://10.180.1.21/compute/v2.1/servers/dcb7232a-8c4b-41e8-8fe2-8dac76aa216b 0.104s
2025-12-09 04:19:21.933 65557 INFO tempest.lib.common.rest_client [req-c0b09a90-a8f3-4c19-a511-ab601ec9a63e req-c0b09a90-a8f3-4c19-a511-ab601ec9a63e ] Request (ServersTestBootFromVolume:tearDownClass): 200 GET http://10.180.1.21/compute/v2.1/servers/306f72f1-30b7-40ac-8116-b8c52ec51fc2 0.107s
2025-12-09 04:19:21.941 65559 INFO tempest.lib.common.rest_client [req-9bf71f10-67f7-455f-a460-816df29c67c8 req-9bf71f10-67f7-455f-a460-816df29c67c8 ] Request (ImagesTestJSON:test_create_server_from_snapshot): 200 GET http://10.180.1.21/compute/v2.1/images/c5ab5dff-bd8b-4838-b998-70607529ef92 0.071s
2025-12-09 04:19:21.993 65529 INFO tempest.lib.common.rest_client [req-bba7856b-ccb5-4c50-b927-d926e5ec4e30 req-bba7856b-ccb5-4c50-b927-d926e5ec4e30 ] Request (ServerMetadataNegativeTestJSON:setUpClass): 200 GET http://10.180.1.21/compute/v2.1/servers/aadbdb7a-773a-496a-a1bc-53c6d7d0f19a 0.064s
2025-12-09 04:19:21.995 65571 INFO tempest.lib.common.rest_client [req-e7f85c89-1db7-4d26-ae1a-7738ade21144 req-e7f85c89-1db7-4d26-ae1a-7738ade21144 ] Request (MultipleCreateTestJSON:_run_cleanups): 200 GET http://10.180.1.21/compute/v2.1/servers/4c8aeaa6-ae2e-481e-93af-b7e08963b607 0.122s
2025-12-09 04:19:22.045 65567 INFO tempest.lib.common.rest_client [req-710109e5-61f2-4beb-95ff-6c401fa1b579 req-710109e5-61f2-4beb-95ff-6c401fa1b579 ] Request (AttachInterfacesTestJSON:test_create_list_show_delete_interfaces_by_network_port): 200 GET http://10.180.1.21/compute/v2.1/servers/ddf040ec-01d7-4cca-9858-fc6a2526f513 0.058s
2025-12-09 04:19:22.046 65585 INFO tempest.lib.common.rest_client [req-1e7d3edf-c754-4a58-9cf7-9f08e9b2a384 req-1e7d3edf-c754-4a58-9cf7-9f08e9b2a384 ] Request (ServerAddressesNegativeTestJSON:setUpClass): 200 GET http://10.180.1.21/compute/v2.1/servers/57330613-b975-4e0b-abb2-4bcf4a066291 0.108s
2025-12-09 04:19:22.098 65523 INFO tempest.lib.common.rest_client [req-11ae8134-4f4e-43e3-9acd-bc4641abdfa1 req-11ae8134-4f4e-43e3-9acd-bc4641abdfa1 ] Request (ServersNegativeTestJSON:setUpClass): 200 GET http://10.180.1.21/compute/v2.1/servers/268215b3-3a10-4956-8539-214c34eea0a2 0.076s
2025-12-09 04:19:22.128 65569 INFO tempest.lib.common.rest_client [req-2ed83b4d-d4c6-441d-af89-e6f4c38e5de0 req-2ed83b4d-d4c6-441d-af89-e6f4c38e5de0 ] Request (ServersTestManualDisk:tearDownClass): 200 GET http://10.180.1.21/compute/v2.1/servers/a6904497-1d9b-42ba-8cd0-7a558d64410b 0.075s
2025-12-09 04:19:22.208 65565 INFO tempest.lib.common.rest_client [req-a850b09c-1c27-47d9-a830-d0b51b17da75 req-a850b09c-1c27-47d9-a830-d0b51b17da75 ] Request (AttachInterfacesUnderV243Test:_run_cleanups): 200 GET http://10.180.1.21/compute/v2.1/servers/a06aeafe-9793-4be2-b157-25f911a74710 0.080s
2025-12-09 04:19:22.250 65583 INFO tempest.lib.common.rest_client [req-e418f6a1-c2b9-4ed0-afee-c708422ebee0 req-e418f6a1-c2b9-4ed0-afee-c708422ebee0 ] Request (ServerDiskConfigTestJSON:test_resize_server_from_auto_to_manual): 200 GET http://10.180.1.21/compute/v2.1/servers/c8ef2ca6-bbb8-4858-9e39-aa8899b85422 0.057s
2025-12-09 04:19:22.298 65561 INFO tempest.lib.common.rest_client [req-4535995e-a129-47a7-9272-16cec50f1e03 req-4535995e-a129-47a7-9272-16cec50f1e03 ] Request (ServersTestMultiNic:test_verify_multiple_nics_order): 200 GET http://10.180.1.21/compute/v2.1/servers/0b920512-ffda-4e31-b4d0-593a0e4017c4 0.054s
2025-12-09 04:19:22.349 65577 INFO tempest.lib.common.rest_client [req-1fedab8b-bc6f-4a53-ace8-a938f3bbd79d req-1fedab8b-bc6f-4a53-ace8-a938f3bbd79d ] Request (SecurityGroupsTestJSON:test_server_security_groups): 200 GET http://10.180.1.21/compute/v2.1/servers/e0ce4776-473e-4249-9131-2a96a6f7def1 0.058s
2025-12-09 04:19:22.361 65537 WARNING tempest.lib.common.ssh [-] Failed to establish authenticated ssh connection to cirros@10.180.180.152 ([Errno None] Unable to connect to port 22 on 10.180.180.152). Number attempts: 2. Retry after 3 seconds.: paramiko.ssh_exception.NoValidConnectionsError: [Errno None] Unable to connect to port 22 on 10.180.180.152
2025-12-09 04:19:22.419 65535 INFO tempest.lib.common.rest_client [req-538dcb17-da2a-43f5-be1b-57888a73fd6f req-538dcb17-da2a-43f5-be1b-57888a73fd6f ] Request (ServersAdminNegativeTestJSON:tearDownClass): 200 GET http://10.180.1.21/compute/v2.1/servers/5e0a512e-5d32-4d5e-8558-28e31fa36041 0.068s
2025-12-09 04:19:22.477 65553 INFO tempest.lib.common.rest_client [req-d8270ea7-c22e-416f-9e5e-21e454c8ab0d req-d8270ea7-c22e-416f-9e5e-21e454c8ab0d ] Request (ListServersNegativeTestJSON:setUpClass): 200 GET http://10.180.1.21/compute/v2.1/servers/361e0676-5cab-413e-9235-b8dbfbca7366 0.066s
2025-12-09 04:19:22.514 65573 INFO tempest.lib.common.rest_client [req-b052cb1a-8394-49c3-9aaf-7ee81ec9a7ed req-b052cb1a-8394-49c3-9aaf-7ee81ec9a7ed ] Request (ServerShowV247Test:test_update_rebuild_list_server): 200 GET http://10.180.1.21/compute/v2.1/servers/07a314bd-1d77-4459-869d-dbb5a9df1d6a 0.062s
2025-12-09 04:19:22.533 65575 INFO tempest.lib.common.rest_client [req-e262abee-1f96-4bab-bb6f-7d67860e8544 req-e262abee-1f96-4bab-bb6f-7d67860e8544 ] Request (ServerAddressesTestJSON:setUpClass): 200 GET http://10.180.1.21/compute/v2.1/servers/d204b1b4-5de1-458a-9e26-bfedb53ed9f5 0.076s
2025-12-09 04:19:22.651 65527 INFO tempest.lib.common.rest_client [req-15894ce7-f2a5-4fa1-9acc-6fdb694cc434 req-15894ce7-f2a5-4fa1-9acc-6fdb694cc434 ] Request (ServerShowV254Test:test_rebuild_server): 200 GET http://10.180.1.21/compute/v2.1/servers/91fd1037-1cc7-4e5b-92b0-9577c6e1defd 0.057s
2025-12-09 04:19:22.670 65541 INFO tempest.lib.common.rest_client [req-10985e37-6e3f-4c37-afe0-e8baa897231c req-10985e37-6e3f-4c37-afe0-e8baa897231c ] Request (ListServerFiltersTestJSON:setUpClass): 200 GET http://10.180.1.21/compute/v2.1/servers/f2b1583b-4a05-4759-aa13-20489ac5eaba 0.104s
2025-12-09 04:19:22.848 65581 INFO tempest.lib.common.rest_client [req-93f13290-a09f-4d5b-a739-794166f9d0b2 req-93f13290-a09f-4d5b-a739-794166f9d0b2 ] Request (FloatingIPsAssociationTestJSON:tearDownClass): 200 GET http://10.180.1.21/compute/v2.1/servers/852245d0-9e56-41ff-a889-d674b3bdaad9 0.154s
2025-12-09 04:19:22.863 65556 INFO tempest.lib.common.rest_client [req-1cc0e381-f93b-483f-8084-6951673afa48 req-1cc0e381-f93b-483f-8084-6951673afa48 ] Request (ServerActionsTestOtherA:setUpClass): 200 GET http://10.180.1.21/compute/v2.1/servers/47d442e0-d96a-464c-8548-7b6fa79321fa 0.130s
2025-12-09 04:19:22.909 65545 INFO tempest.lib.common.rest_client [req-673fcfcc-07f8-4bc5-8093-abdb48fca4c1 req-673fcfcc-07f8-4bc5-8093-abdb48fca4c1 ] Request (AttachVolumeNegativeTest:test_attach_attached_volume_to_different_server): 200 GET http://10.180.1.21/compute/v2.1/servers/8dc88070-1888-44cf-95cb-975cd9e81c85 0.162s
2025-12-09 04:19:22.925 65579 INFO tempest.lib.common.rest_client [req-c262e163-32ce-44e6-8479-411767981653 req-c262e163-32ce-44e6-8479-411767981653 ] Request (ServersWithSpecificFlavorTestJSON:test_verify_created_server_ephemeral_disk): 200 GET http://10.180.1.21/compute/v2.1/servers/0a2a9ed4-6270-4155-8f11-f9584d2017f0 0.082s
2025-12-09 04:19:23.002 65533 INFO tempest.lib.common.rest_client [req-08dac998-820d-43d7-8869-60f4915bf463 req-08dac998-820d-43d7-8869-60f4915bf463 ] Request (ServersAdminTestJSON:tearDownClass): 200 GET http://10.180.1.21/compute/v2.1/servers/dcb7232a-8c4b-41e8-8fe2-8dac76aa216b 0.086s
2025-12-09 04:19:23.033 65531 INFO tempest.lib.common.rest_client [req-caa6282c-5fa9-4e8c-a4fd-87f9fbbc9b3b req-caa6282c-5fa9-4e8c-a4fd-87f9fbbc9b3b ] Request (MigrationsAdminTest:test_list_migrations_in_flavor_resize_situation): 200 GET http://10.180.1.21/compute/v2.1/servers/736293eb-5964-4543-8fe7-ba0e89bcbe74 0.151s
2025-12-09 04:19:23.075 65559 INFO tempest.lib.common.rest_client [req-7fd2200e-d0a8-4a5e-8443-07a136da1785 req-7fd2200e-d0a8-4a5e-8443-07a136da1785 ] Request (ImagesTestJSON:test_create_server_from_snapshot): 200 GET http://10.180.1.21/compute/v2.1/images/c5ab5dff-bd8b-4838-b998-70607529ef92 0.130s
2025-12-09 04:19:23.086 65557 INFO tempest.lib.common.rest_client [req-6069ee72-b8a2-4fe7-a36e-13494bdb55d6 req-6069ee72-b8a2-4fe7-a36e-13494bdb55d6 ] Request (ServersTestBootFromVolume:tearDownClass): 200 GET http://10.180.1.21/compute/v2.1/servers/306f72f1-30b7-40ac-8116-b8c52ec51fc2 0.144s
2025-12-09 04:19:23.136 65529 INFO tempest.lib.common.rest_client [req-b70f62df-2b5f-4dc7-a521-c3d9bdc739ca req-b70f62df-2b5f-4dc7-a521-c3d9bdc739ca ] Request (ServerMetadataNegativeTestJSON:setUpClass): 200 GET http://10.180.1.21/compute/v2.1/servers/aadbdb7a-773a-496a-a1bc-53c6d7d0f19a 0.136s
2025-12-09 04:19:23.152 65571 INFO tempest.lib.common.rest_client [req-6c420c38-fbf6-4d3d-a6c0-721919f56569 req-6c420c38-fbf6-4d3d-a6c0-721919f56569 ] Request (MultipleCreateTestJSON:_run_cleanups): 200 GET http://10.180.1.21/compute/v2.1/servers/4c8aeaa6-ae2e-481e-93af-b7e08963b607 0.143s
2025-12-09 04:19:23.195 65567 INFO tempest.lib.common.rest_client [req-66845c3d-9088-4d92-8720-32ab271e1a4a req-66845c3d-9088-4d92-8720-32ab271e1a4a ] Request (AttachInterfacesTestJSON:test_create_list_show_delete_interfaces_by_network_port): 200 GET http://10.180.1.21/compute/v2.1/servers/ddf040ec-01d7-4cca-9858-fc6a2526f513 0.141s
2025-12-09 04:19:23.212 65585 INFO tempest.lib.common.rest_client [req-6f10beeb-48f1-4fb9-905d-1ab2530ea2ce req-6f10beeb-48f1-4fb9-905d-1ab2530ea2ce ] Request (ServerAddressesNegativeTestJSON:setUpClass): 200 GET http://10.180.1.21/compute/v2.1/servers/57330613-b975-4e0b-abb2-4bcf4a066291 0.158s
2025-12-09 04:19:23.248 65523 INFO tempest.lib.common.rest_client [req-d83f523d-8e69-4881-a56a-c4ae4052339d req-d83f523d-8e69-4881-a56a-c4ae4052339d ] Request (ServersNegativeTestJSON:setUpClass): 200 GET http://10.180.1.21/compute/v2.1/servers/268215b3-3a10-4956-8539-214c34eea0a2 0.138s
2025-12-09 04:19:23.273 65569 INFO tempest.lib.common.rest_client [req-e0c80aa6-c51c-46ce-804e-211b5bad72fb req-e0c80aa6-c51c-46ce-804e-211b5bad72fb ] Request (ServersTestManualDisk:tearDownClass): 200 GET http://10.180.1.21/compute/v2.1/servers/a6904497-1d9b-42ba-8cd0-7a558d64410b 0.134s
2025-12-09 04:19:23.308 65565 INFO tempest.lib.common.rest_client [req-82a675ce-fd8a-4bf4-9a02-310eab8208b2 req-82a675ce-fd8a-4bf4-9a02-310eab8208b2 ] Request (AttachInterfacesUnderV243Test:_run_cleanups): 200 GET http://10.180.1.21/compute/v2.1/servers/a06aeafe-9793-4be2-b157-25f911a74710 0.092s
2025-12-09 04:19:23.322 65583 INFO tempest.lib.common.rest_client [req-891bb1f1-df42-44ce-b9fb-b97c33202bab req-891bb1f1-df42-44ce-b9fb-b97c33202bab ] Request (ServerDiskConfigTestJSON:test_resize_server_from_auto_to_manual): 200 GET http://10.180.1.21/compute/v2.1/servers/c8ef2ca6-bbb8-4858-9e39-aa8899b85422 0.065s
2025-12-09 04:19:23.362 65561 INFO tempest.lib.common.rest_client [req-389a23ae-82db-43af-92ac-829ecd6f97ad req-389a23ae-82db-43af-92ac-829ecd6f97ad ] Request (ServersTestMultiNic:test_verify_multiple_nics_order): 200 GET http://10.180.1.21/compute/v2.1/servers/0b920512-ffda-4e31-b4d0-593a0e4017c4 0.051s
2025-12-09 04:19:23.413 65577 INFO tempest.lib.common.rest_client [req-7cdf6ad6-25a1-4540-bb20-e97a5d57d4bc req-7cdf6ad6-25a1-4540-bb20-e97a5d57d4bc ] Request (SecurityGroupsTestJSON:test_server_security_groups): 200 GET http://10.180.1.21/compute/v2.1/servers/e0ce4776-473e-4249-9131-2a96a6f7def1 0.056s
2025-12-09 04:19:23.500 65535 INFO tempest.lib.common.rest_client [req-fcf10e0c-8f10-46c5-85f6-88983af3de4a req-fcf10e0c-8f10-46c5-85f6-88983af3de4a ] Request (ServersAdminNegativeTestJSON:tearDownClass): 200 GET http://10.180.1.21/compute/v2.1/servers/5e0a512e-5d32-4d5e-8558-28e31fa36041 0.071s
2025-12-09 04:19:23.515 65553 INFO tempest.lib.common.rest_client [req-e4d4b0f3-41f3-4d00-888e-3e7fc49a6fad req-e4d4b0f3-41f3-4d00-888e-3e7fc49a6fad ] Request (ListServersNegativeTestJSON:setUpClass): 404 GET http://10.180.1.21/compute/v2.1/servers/361e0676-5cab-413e-9235-b8dbfbca7366 0.030s
2025-12-09 04:19:23.583 65553 INFO tempest.lib.common.rest_client [req-89f57311-2ffd-40f3-8666-9a63497a0d58 req-89f57311-2ffd-40f3-8666-9a63497a0d58 ] Request (ListServersNegativeTestJSON:test_list_servers_by_changes_since_future_date): 200 GET http://10.180.1.21/compute/v2.1/servers?changes-since=2051-01-01T12%3A34%3A00Z&status=ACTIVE 0.066s
2025-12-09 04:19:23.583 65573 INFO tempest.lib.common.rest_client [req-5366901f-a880-4f6b-adce-a82e109f0fc4 req-5366901f-a880-4f6b-adce-a82e109f0fc4 ] Request (ServerShowV247Test:test_update_rebuild_list_server): 200 GET http://10.180.1.21/compute/v2.1/servers/07a314bd-1d77-4459-869d-dbb5a9df1d6a 0.058s
2025-12-09 04:19:23.593 65553 INFO tempest.lib.common.rest_client [req-17a35d83-2803-499d-bdbd-043a72d25dd3 req-17a35d83-2803-499d-bdbd-043a72d25dd3 ] Request (ListServersNegativeTestJSON:test_list_servers_by_changes_since_invalid_date): 400 GET http://10.180.1.21/compute/v2.1/servers?changes-since=2011%2F01%2F01 0.007s
2025-12-09 04:19:23.638 65575 INFO tempest.lib.common.rest_client [req-1918a10b-a604-4fdd-9512-19719b979a39 req-1918a10b-a604-4fdd-9512-19719b979a39 ] Request (ServerAddressesTestJSON:setUpClass): 200 GET http://10.180.1.21/compute/v2.1/servers/d204b1b4-5de1-458a-9e26-bfedb53ed9f5 0.097s
2025-12-09 04:19:23.645 65553 INFO tempest.lib.common.rest_client [req-ae63e294-7256-4694-9b78-cd7054901bd3 req-ae63e294-7256-4694-9b78-cd7054901bd3 ] Request (ListServersNegativeTestJSON:test_list_servers_by_limits_greater_than_actual_count): 200 GET http://10.180.1.21/compute/v2.1/servers 0.050s
2025-12-09 04:19:23.702 65553 INFO tempest.lib.common.rest_client [req-cec0dd5f-3c13-4c6f-baee-676510ca09b2 req-cec0dd5f-3c13-4c6f-baee-676510ca09b2 ] Request (ListServersNegativeTestJSON:test_list_servers_by_limits_greater_than_actual_count): 200 GET http://10.180.1.21/compute/v2.1/servers?limit=102 0.054s
2025-12-09 04:19:23.726 65527 INFO tempest.lib.common.rest_client [req-fde944cf-fe1d-4989-aca0-82ae06299740 req-fde944cf-fe1d-4989-aca0-82ae06299740 ] Request (ServerShowV254Test:test_rebuild_server): 200 GET http://10.180.1.21/compute/v2.1/servers/91fd1037-1cc7-4e5b-92b0-9577c6e1defd 0.064s
2025-12-09 04:19:23.730 65553 INFO tempest.lib.common.rest_client [req-e739d167-1eb5-4212-b428-1f0068d16aa8 req-e739d167-1eb5-4212-b428-1f0068d16aa8 ] Request (ListServersNegativeTestJSON:test_list_servers_by_limits_pass_negative_value): 400 GET http://10.180.1.21/compute/v2.1/servers?limit=-1 0.024s
2025-12-09 04:19:23.740 65553 INFO tempest.lib.common.rest_client [req-377bb427-ec63-4f26-ac17-3674bd755945 req-377bb427-ec63-4f26-ac17-3674bd755945 ] Request (ListServersNegativeTestJSON:test_list_servers_by_limits_pass_string): 400 GET http://10.180.1.21/compute/v2.1/servers?limit=testing 0.009s
2025-12-09 04:19:23.764 65553 INFO tempest.lib.common.rest_client [req-bfe18480-dc4d-49a8-b338-89de87495a7f req-bfe18480-dc4d-49a8-b338-89de87495a7f ] Request (ListServersNegativeTestJSON:test_list_servers_by_non_existing_flavor): 200 GET http://10.180.1.21/compute/v2.1/servers?flavor=non_existing_flavor 0.022s
2025-12-09 04:19:23.842 65541 INFO tempest.lib.common.rest_client [req-f2b7d145-0ba2-4ce9-b38f-1cec213dad48 req-f2b7d145-0ba2-4ce9-b38f-1cec213dad48 ] Request (ListServerFiltersTestJSON:setUpClass): 200 GET http://10.180.1.21/compute/v2.1/servers/f2b1583b-4a05-4759-aa13-20489ac5eaba 0.163s
2025-12-09 04:19:23.849 65553 INFO tempest.lib.common.rest_client [req-4b656c93-7983-4b1c-9812-92eba11c1c5f req-4b656c93-7983-4b1c-9812-92eba11c1c5f ] Request (ListServersNegativeTestJSON:test_list_servers_by_non_existing_image): 200 GET http://10.180.1.21/compute/v2.1/servers?image=non_existing_image 0.082s
2025-12-09 04:19:23.921 65553 INFO tempest.lib.common.rest_client [req-533312c9-533b-4f1c-bbb7-cc85b44f349b req-533312c9-533b-4f1c-bbb7-cc85b44f349b ] Request (ListServersNegativeTestJSON:test_list_servers_by_non_existing_server_name): 200 GET http://10.180.1.21/compute/v2.1/servers?name=non_existing_server_name 0.068s
2025-12-09 04:19:24.069 65581 INFO tempest.lib.common.rest_client [req-107467bd-2767-41b4-a022-8a62ab963411 req-107467bd-2767-41b4-a022-8a62ab963411 ] Request (FloatingIPsAssociationTestJSON:tearDownClass): 200 GET http://10.180.1.21/compute/v2.1/servers/852245d0-9e56-41ff-a889-d674b3bdaad9 0.213s
2025-12-09 04:19:24.094 65556 INFO tempest.lib.common.rest_client [req-088cf23b-6629-48e6-be9c-324ee8436f64 req-088cf23b-6629-48e6-be9c-324ee8436f64 ] Request (ServerActionsTestOtherA:setUpClass): 200 GET http://10.180.1.21/compute/v2.1/servers/47d442e0-d96a-464c-8548-7b6fa79321fa 0.222s
2025-12-09 04:19:24.130 65545 INFO tempest.lib.common.rest_client [req-130534ab-d0ad-47cb-b917-efae55690074 req-130534ab-d0ad-47cb-b917-efae55690074 ] Request (AttachVolumeNegativeTest:test_attach_attached_volume_to_different_server): 200 GET http://10.180.1.21/compute/v2.1/servers/8dc88070-1888-44cf-95cb-975cd9e81c85 0.211s
2025-12-09 04:19:24.188 65579 INFO tempest.lib.common.rest_client [req-ebdc01eb-21f5-4452-8bf2-882cc5491e89 req-ebdc01eb-21f5-4452-8bf2-882cc5491e89 ] Request (ServersWithSpecificFlavorTestJSON:test_verify_created_server_ephemeral_disk): 200 GET http://10.180.1.21/compute/v2.1/servers/0a2a9ed4-6270-4155-8f11-f9584d2017f0 0.253s
2025-12-09 04:19:24.255 65533 INFO tempest.lib.common.rest_client [req-b7efdc96-14f2-413f-ae8a-e17c62ca1e06 req-b7efdc96-14f2-413f-ae8a-e17c62ca1e06 ] Request (ServersAdminTestJSON:tearDownClass): 200 GET http://10.180.1.21/compute/v2.1/servers/dcb7232a-8c4b-41e8-8fe2-8dac76aa216b 0.239s
2025-12-09 04:19:24.281 65553 INFO tempest.lib.common.rest_client [req-d8773169-82a3-4a35-819d-8f4fec4a9789 req-d8773169-82a3-4a35-819d-8f4fec4a9789 ] Request (ListServersNegativeTestJSON:test_list_servers_detail_server_is_deleted): 200 GET http://10.180.1.21/compute/v2.1/servers/detail 0.358s
2025-12-09 04:19:24.322 65559 INFO tempest.lib.common.rest_client [req-1eefd614-addc-474f-a01a-57a74b966e65 req-1eefd614-addc-474f-a01a-57a74b966e65 ] Request (ImagesTestJSON:test_create_server_from_snapshot): 200 GET http://10.180.1.21/compute/v2.1/images/c5ab5dff-bd8b-4838-b998-70607529ef92 0.243s
2025-12-09 04:19:24.390 65531 INFO tempest.lib.common.rest_client [req-ecba436e-4741-4e95-af41-09a2520e329f req-ecba436e-4741-4e95-af41-09a2520e329f ] Request (MigrationsAdminTest:test_list_migrations_in_flavor_resize_situation): 200 GET http://10.180.1.21/compute/v2.1/servers/736293eb-5964-4543-8fe7-ba0e89bcbe74 0.349s
2025-12-09 04:19:24.394 65557 INFO tempest.lib.common.rest_client [req-6eca7e9e-1077-4808-bda5-c6d98c7799e3 req-6eca7e9e-1077-4808-bda5-c6d98c7799e3 ] Request (ServersTestBootFromVolume:tearDownClass): 200 GET http://10.180.1.21/compute/v2.1/servers/306f72f1-30b7-40ac-8116-b8c52ec51fc2 0.296s
2025-12-09 04:19:24.445 65529 INFO tempest.lib.common.rest_client [req-b28a888c-cfda-47e1-a8a4-6145b152d042 req-b28a888c-cfda-47e1-a8a4-6145b152d042 ] Request (ServerMetadataNegativeTestJSON:setUpClass): 200 GET http://10.180.1.21/compute/v2.1/servers/aadbdb7a-773a-496a-a1bc-53c6d7d0f19a 0.300s
2025-12-09 04:19:24.461 65571 INFO tempest.lib.common.rest_client [req-8a5e9ef9-a89b-4abf-85a1-6d654d9a695f req-8a5e9ef9-a89b-4abf-85a1-6d654d9a695f ] Request (MultipleCreateTestJSON:_run_cleanups): 200 GET http://10.180.1.21/compute/v2.1/servers/4c8aeaa6-ae2e-481e-93af-b7e08963b607 0.300s
2025-12-09 04:19:24.511 65567 INFO tempest.lib.common.rest_client [req-27b544a7-8f1c-4b91-93c9-f56f81dfdd3e req-27b544a7-8f1c-4b91-93c9-f56f81dfdd3e ] Request (AttachInterfacesTestJSON:test_create_list_show_delete_interfaces_by_network_port): 200 GET http://10.180.1.21/compute/v2.1/servers/ddf040ec-01d7-4cca-9858-fc6a2526f513 0.307s
2025-12-09 04:19:24.527 65585 INFO tempest.lib.common.rest_client [req-4f49f431-24ff-4c6c-833f-ee40e6ba3154 req-4f49f431-24ff-4c6c-833f-ee40e6ba3154 ] Request (ServerAddressesNegativeTestJSON:setUpClass): 200 GET http://10.180.1.21/compute/v2.1/servers/57330613-b975-4e0b-abb2-4bcf4a066291 0.306s
2025-12-09 04:19:24.575 65523 INFO tempest.lib.common.rest_client [req-ea811cfe-34e1-42e1-a69e-51e9b7af9dcf req-ea811cfe-34e1-42e1-a69e-51e9b7af9dcf ] Request (ServersNegativeTestJSON:setUpClass): 200 GET http://10.180.1.21/compute/v2.1/servers/268215b3-3a10-4956-8539-214c34eea0a2 0.320s
2025-12-09 04:19:24.583 65553 INFO tempest.lib.common.rest_client [req-193dd248-e57d-44b9-be6e-3147f4262826 req-193dd248-e57d-44b9-be6e-3147f4262826 ] Request (ListServersNegativeTestJSON:test_list_servers_status_non_existing): 200 GET http://10.180.1.21/compute/v2.1/servers?status=non_existing_status 0.292s
2025-12-09 04:19:24.611 65569 INFO tempest.lib.common.rest_client [req-d932d947-0da9-4f75-8013-c6571170a4ac req-d932d947-0da9-4f75-8013-c6571170a4ac ] Request (ServersTestManualDisk:tearDownClass): 200 GET http://10.180.1.21/compute/v2.1/servers/a6904497-1d9b-42ba-8cd0-7a558d64410b 0.330s
2025-12-09 04:19:24.655 65565 INFO tempest.lib.common.rest_client [req-f8f0a4a1-fb6d-4cae-be14-aa42ca9bfaef req-f8f0a4a1-fb6d-4cae-be14-aa42ca9bfaef ] Request (AttachInterfacesUnderV243Test:_run_cleanups): 200 GET http://10.180.1.21/compute/v2.1/servers/a06aeafe-9793-4be2-b157-25f911a74710 0.339s
2025-12-09 04:19:24.666 65583 INFO tempest.lib.common.rest_client [req-893d3526-a811-462f-b7f1-f6855a696959 req-893d3526-a811-462f-b7f1-f6855a696959 ] Request (ServerDiskConfigTestJSON:test_resize_server_from_auto_to_manual): 200 GET http://10.180.1.21/compute/v2.1/servers/c8ef2ca6-bbb8-4858-9e39-aa8899b85422 0.336s
2025-12-09 04:19:24.721 65561 INFO tempest.lib.common.rest_client [req-ba408791-0da1-4b86-9e60-c3673fbd41a5 req-ba408791-0da1-4b86-9e60-c3673fbd41a5 ] Request (ServersTestMultiNic:test_verify_multiple_nics_order): 200 GET http://10.180.1.21/compute/v2.1/servers/0b920512-ffda-4e31-b4d0-593a0e4017c4 0.348s
