2025-12-09 04:16:45.162 65529 INFO tempest.lib.common.rest_client [req-6f419067-944e-4b8a-8bee-e957d875b583 req-6f419067-944e-4b8a-8bee-e957d875b583 ] Request (ImagesOneServerTestJSON:test_create_delete_image): 202 POST http://10.180.1.21/compute/v2.1/servers/3918015b-989f-4576-aac8-b1953e654461/action 3.236s
2025-12-09 04:16:45.214 65583 INFO tempest.lib.common.rest_client [req-05d948d5-7156-4226-b4f8-aa135edb3e5c req-05d948d5-7156-4226-b4f8-aa135edb3e5c ] Request (ServerDiskConfigTestJSON:setUpClass): 201 POST http://10.180.1.21/identity/v3/auth/tokens 0.089s
2025-12-09 04:16:45.246 65556 INFO tempest.lib.common.rest_client [req-21f221cf-44ef-4f15-a4c4-26a18e508047 req-21f221cf-44ef-4f15-a4c4-26a18e508047 ] Request (ListImagesTestJSON:tearDownClass): 204 DELETE http://10.180.1.21/networking/v2.0/security-groups/b16ed66b-d4f5-457d-bd2d-a99e79e4df9e 0.211s
2025-12-09 04:16:45.328 65575 INFO tempest.lib.common.rest_client [req-662eab81-ac55-4d1d-92d7-f6108c8272cb req-662eab81-ac55-4d1d-92d7-f6108c8272cb ] Request (DeleteServersAdminTestJSON:test_delete_server_while_in_error_state): 200 GET http://10.180.1.21/compute/v2.1/servers/e3c8a48f-12d1-45af-a4aa-8f4b7441c615 2.280s
2025-12-09 04:16:45.349 65556 INFO tempest.lib.common.rest_client [req-75b0c73f-693d-4f94-aaa9-51358b2b6966 req-75b0c73f-693d-4f94-aaa9-51358b2b6966 ] Request (ListImagesTestJSON:tearDownClass): 204 DELETE http://10.180.1.21/identity/v3/projects/b3f034f57788433abcf46404fb391754 0.103s
2025-12-09 04:16:45.413 65556 INFO tempest.lib.common.rest_client [req-16aff1b7-f229-46aa-b43a-6d9b1bcaa6ca req-16aff1b7-f229-46aa-b43a-6d9b1bcaa6ca ] Request (SecurityGroupRulesTestJSON:setUpClass): 201 POST http://10.180.1.21/identity/v3/auth/tokens 0.061s
2025-12-09 04:16:45.441 65556 INFO tempest.lib.common.rest_client [req-9ced504c-8e02-40b3-9722-19bd05ce3e88 req-9ced504c-8e02-40b3-9722-19bd05ce3e88 ] Request (SecurityGroupRulesTestJSON:setUpClass): 201 POST http://10.180.1.21/identity/v3/auth/tokens 0.025s
2025-12-09 04:16:45.466 65556 INFO tempest.lib.common.rest_client [req-c4cd8153-4b47-4480-a0ab-76172f7bb1f0 req-c4cd8153-4b47-4480-a0ab-76172f7bb1f0 ] Request (SecurityGroupRulesTestJSON:setUpClass): 200 GET http://10.180.1.21/identity/v3/domains?name=Default 0.024s
2025-12-09 04:16:45.496 65556 INFO tempest.lib.common.rest_client [req-159904fd-9f30-4e7c-af22-e5131ea717d8 req-159904fd-9f30-4e7c-af22-e5131ea717d8 ] Request (SecurityGroupRulesTestJSON:setUpClass): 201 POST http://10.180.1.21/identity/v3/projects 0.030s
2025-12-09 04:16:45.565 65556 INFO tempest.lib.common.rest_client [req-1ab3bdcb-8f77-4049-9bea-01e4f91b541e req-1ab3bdcb-8f77-4049-9bea-01e4f91b541e ] Request (SecurityGroupRulesTestJSON:setUpClass): 201 POST http://10.180.1.21/identity/v3/users 0.067s
2025-12-09 04:16:45.590 65556 INFO tempest.lib.common.rest_client [req-5c6db82a-ed65-4938-9db7-90994aebca7e req-5c6db82a-ed65-4938-9db7-90994aebca7e ] Request (SecurityGroupRulesTestJSON:setUpClass): 200 GET http://10.180.1.21/identity/v3/roles 0.024s
2025-12-09 04:16:45.634 65556 INFO tempest.lib.common.rest_client [req-dd5bfe5e-ca1d-4834-ba32-23e4622a8b6c req-dd5bfe5e-ca1d-4834-ba32-23e4622a8b6c ] Request (SecurityGroupRulesTestJSON:setUpClass): 204 PUT http://10.180.1.21/identity/v3/projects/94a92f98796949d1aa011bc229435e51/users/99c491791fb44056af8c3bc40656a113/roles/d2678973a716490e95e47242809af916 0.044s
2025-12-09 04:16:45.635 65556 INFO tempest.lib.common.dynamic_creds [-] Dynamic test user 99c491791fb44056af8c3bc40656a113 is created with scope project and roles: ['member']
2025-12-09 04:16:45.635 65556 INFO tempest.lib.common.dynamic_creds [-] Acquired dynamic creds: credentials: Credentials: {'domain_id': 'default', 'domain_name': 'Default', 'username': 'tempest-SecurityGroupRulesTestJSON-6335183-project-member', 'project_domain_id': 'default', 'project_domain_name': 'Default', 'project_id': '94a92f98796949d1aa011bc229435e51', 'project_name': 'tempest-SecurityGroupRulesTestJSON-6335183', 'tenant_id': '94a92f98796949d1aa011bc229435e51', 'tenant_name': 'tempest-SecurityGroupRulesTestJSON-6335183', 'user_domain_id': 'default', 'user_domain_name': 'Default', 'user_id': '99c491791fb44056af8c3bc40656a113', 'system': None}, Network: None, Subnet: None, Router: None
2025-12-09 04:16:45.694 65583 INFO tempest.lib.common.rest_client [req-ac3f2125-5a58-4c8f-87c5-45aefd5bd603 req-ac3f2125-5a58-4c8f-87c5-45aefd5bd603 ] Request (ServerDiskConfigTestJSON:setUpClass): 201 POST http://10.180.1.21/networking/v2.0/networks 0.480s
2025-12-09 04:16:45.738 65556 INFO tempest.lib.common.rest_client [req-322fb099-1a5a-46e4-b86b-24b385cd94a5 req-322fb099-1a5a-46e4-b86b-24b385cd94a5 ] Request (SecurityGroupRulesTestJSON:setUpClass): 201 POST http://10.180.1.21/identity/v3/auth/tokens 0.102s
2025-12-09 04:16:46.049 65583 INFO tempest.lib.common.rest_client [req-f2dda486-36f4-4606-b635-39ae21102b45 req-f2dda486-36f4-4606-b635-39ae21102b45 ] Request (ServerDiskConfigTestJSON:setUpClass): 201 POST http://10.180.1.21/networking/v2.0/subnets 0.353s
2025-12-09 04:16:46.163 65557 INFO tempest.lib.common.rest_client [req-8fb0dd2f-ad45-482b-93d4-f5f21abcf147 req-8fb0dd2f-ad45-482b-93d4-f5f21abcf147 ] Request (ServersTestBootFromVolume:setUpClass): 200 GET http://10.180.1.21/volume/v3/volumes/fb6ed43d-3eed-4bf0-bcef-ea76482fc1dd 0.027s
2025-12-09 04:16:46.166 65527 INFO tempest.lib.common.rest_client [req-8801745d-73e6-4eeb-8728-e5637eef0f36 req-8801745d-73e6-4eeb-8728-e5637eef0f36 ] Request (ImagesNegativeTestJSON:test_create_image_from_deleted_server): 200 GET http://10.180.1.21/compute/v2.1/servers/180991bc-f73b-4bac-aaf5-b3383fc60c8a 2.969s
2025-12-09 04:16:46.171 65556 INFO tempest.lib.common.rest_client [req-62362676-0915-4304-801a-9aae74fffe29 req-62362676-0915-4304-801a-9aae74fffe29 ] Request (SecurityGroupRulesTestJSON:setUpClass): 201 POST http://10.180.1.21/networking/v2.0/networks 0.433s
2025-12-09 04:16:46.296 65571 INFO tempest.lib.common.rest_client [req-c398c034-522b-4822-990c-8e572bcc3a74 req-c398c034-522b-4822-990c-8e572bcc3a74 ] Request (InstanceActionsNegativeTestJSON:setUpClass): 202 POST http://10.180.1.21/compute/v2.1/servers 3.297s
2025-12-09 04:16:46.335 65539 INFO tempest.lib.common.rest_client [req-a5efa948-6604-480f-b16c-1d99784dd88a req-a5efa948-6604-480f-b16c-1d99784dd88a ] Request (QuotaClassesAdmin257Test:_run_cleanups): 200 PUT http://10.180.1.21/compute/v2.1/os-quota-class-sets/default 2.951s
2025-12-09 04:16:46.492 65539 INFO tempest.lib.common.rest_client [req-595cded3-6a31-441c-903b-526cbb7113fc req-595cded3-6a31-441c-903b-526cbb7113fc ] Request (QuotaClassesAdmin257Test:tearDownClass): 204 DELETE http://10.180.1.21/identity/v3/users/dd71da4d72944349bfa82de0b0c18a68 0.152s
2025-12-09 04:16:46.564 65581 INFO tempest.lib.common.rest_client [req-fe7a2f8f-5ca0-4194-9396-27e3d5f07a97 req-fe7a2f8f-5ca0-4194-9396-27e3d5f07a97 ] Request (QuotasAdminTestV257:test_get_updated_quotas): 200 GET http://10.180.1.21/identity/v3/domains?name=Default 0.175s
2025-12-09 04:16:46.604 65581 INFO tempest.lib.common.rest_client [req-c1b1945c-3e82-41a7-8d2d-ce8c273eb5df req-c1b1945c-3e82-41a7-8d2d-ce8c273eb5df ] Request (QuotasAdminTestV257:test_get_updated_quotas): 201 POST http://10.180.1.21/identity/v3/projects 0.040s
2025-12-09 04:16:46.643 65539 INFO tempest.lib.common.rest_client [req-670077d8-d19b-4dcf-a1b7-7e57218da5b0 req-670077d8-d19b-4dcf-a1b7-7e57218da5b0 ] Request (QuotaClassesAdmin257Test:tearDownClass): 204 DELETE http://10.180.1.21/identity/v3/users/11984587730e4c10934b46eeb08d35c7 0.151s
2025-12-09 04:16:46.643 65539 INFO tempest.lib.common.dynamic_creds [-] Deleting project and security group for project: 2e3cad42e60b4b1c8b468c4616f44de3
2025-12-09 04:16:46.711 65581 INFO tempest.lib.common.rest_client [req-4da66e8a-5c8d-4c1e-80c2-1cb6f4b3ecc9 req-4da66e8a-5c8d-4c1e-80c2-1cb6f4b3ecc9 ] Request (QuotasAdminTestV257:test_get_updated_quotas): 200 GET http://10.180.1.21/identity/v3/domains?name=Default 0.106s
2025-12-09 04:16:46.745 65539 INFO tempest.lib.common.rest_client [req-83b527a9-a0f9-4c4a-8627-183232b46cf2 req-83b527a9-a0f9-4c4a-8627-183232b46cf2 ] Request (QuotaClassesAdmin257Test:tearDownClass): 201 POST http://10.180.1.21/identity/v3/auth/tokens 0.101s
2025-12-09 04:16:46.774 65561 INFO tempest.lib.common.rest_client [req-ffb7ee21-9550-4ea0-a6b5-dea6d939f100 req-ffb7ee21-9550-4ea0-a6b5-dea6d939f100 ] Request (SecurityGroupRulesNegativeTestJSON:test_create_security_group_rule_with_invalid_port_range): 200 POST http://10.180.1.21/compute/v2.1/os-security-groups 3.475s
2025-12-09 04:16:46.807 65545 INFO tempest.lib.common.rest_client [req-0d8bd4ee-19b4-462d-ab0d-32ae868e0a14 req-0d8bd4ee-19b4-462d-ab0d-32ae868e0a14 ] Request (FlavorsAdminTestJSON:test_create_list_flavor_without_extra_data): 200 POST http://10.180.1.21/compute/v2.1/flavors 3.368s
2025-12-09 04:16:46.841 65531 INFO tempest.lib.common.rest_client [req-1e20466b-d9b2-4561-a705-d6c895be2f9c req-1e20466b-d9b2-4561-a705-d6c895be2f9c ] Request (AggregatesAdminNegativeTestJSON:_run_cleanups): 200 DELETE http://10.180.1.21/compute/v2.1/os-aggregates/4 3.394s
2025-12-09 04:16:47.022 65585 INFO tempest.lib.common.rest_client [req-53866f0c-6687-4b14-af62-c15a4e77df2c req-53866f0c-6687-4b14-af62-c15a4e77df2c ] Request (FlavorsAccessNegativeTestJSON:_run_cleanups): 200 POST http://10.180.1.21/compute/v2.1/flavors/1106050029/action 3.569s
2025-12-09 04:16:47.076 65547 INFO tempest.lib.common.rest_client [req-25969b3f-37fc-4eb1-9c65-55352217ad36 req-25969b3f-37fc-4eb1-9c65-55352217ad36 ] Request (VolumesTestJSON:test_volume_list_with_detail_param_limit): 200 GET http://10.180.1.21/compute/v2.1/os-volumes/detail?limit=2 3.563s
2025-12-09 04:16:47.101 65525 INFO tempest.lib.common.rest_client [req-9994ef18-7010-4f90-957c-47351ecfa92b req-9994ef18-7010-4f90-957c-47351ecfa92b ] Request (KeyPairsV210TestJSON:_run_cleanups): 204 DELETE http://10.180.1.21/compute/v2.1/os-keypairs/tempest-KeyPairsV210TestJSON-keypair-1109289006 3.376s
2025-12-09 04:16:47.107 65556 INFO tempest.lib.common.rest_client [req-c9580ec1-69ab-49de-88ee-b7ea8a6849bb req-c9580ec1-69ab-49de-88ee-b7ea8a6849bb ] Request (SecurityGroupRulesTestJSON:setUpClass): 201 POST http://10.180.1.21/networking/v2.0/subnets 0.935s
2025-12-09 04:16:47.128 65537 INFO tempest.lib.common.rest_client [req-c4ad816f-a43b-4b4f-954f-684dfc858159 req-c4ad816f-a43b-4b4f-954f-684dfc858159 ] Request (ServicesAdminTestJSON:test_get_service_by_service_binary_name): 200 GET http://10.180.1.21/compute/v2.1/os-services?binary=nova-compute 3.344s
2025-12-09 04:16:47.140 65583 INFO tempest.lib.common.rest_client [req-f1f64485-57fe-45ca-93b4-76b92b2f36d6 req-f1f64485-57fe-45ca-93b4-76b92b2f36d6 ] Request (ServerDiskConfigTestJSON:setUpClass): 201 POST http://10.180.1.21/networking/v2.0/routers 1.091s
2025-12-09 04:16:47.204 65557 INFO tempest.lib.common.rest_client [req-6c666dc4-55de-4bf0-a559-d5dda530c34f req-6c666dc4-55de-4bf0-a559-d5dda530c34f ] Request (ServersTestBootFromVolume:setUpClass): 200 GET http://10.180.1.21/volume/v3/volumes/fb6ed43d-3eed-4bf0-bcef-ea76482fc1dd 0.032s
2025-12-09 04:16:47.225 65541 INFO tempest.lib.common.rest_client [req-fa80f25b-b83a-45ba-9230-50427e813ec2 req-fa80f25b-b83a-45ba-9230-50427e813ec2 ] Request (ServersAdmin275Test:test_rebuild_update_server_275): 202 POST http://10.180.1.21/compute/v2.1/servers/a3ac7505-fe69-42c1-8b92-f2f44676579f/action 3.839s
2025-12-09 04:16:47.395 65539 INFO tempest.lib.common.rest_client [req-bb3dad4a-a7a5-4e4c-abc7-4ad205b77a9f req-bb3dad4a-a7a5-4e4c-abc7-4ad205b77a9f ] Request (QuotaClassesAdmin257Test:tearDownClass): 200 GET http://10.180.1.21/networking/v2.0/security-groups?tenant_id=2e3cad42e60b4b1c8b468c4616f44de3&name=default 0.650s
2025-12-09 04:16:47.422 65569 INFO tempest.lib.common.rest_client [req-113382e4-6286-4f9f-ae28-41f8f3a61450 req-113382e4-6286-4f9f-ae28-41f8f3a61450 ] Request (ImagesMetadataTestJSON:test_set_image_metadata_item): 200 PUT http://10.180.1.21/compute/v2.1/images/6cb35633-456a-470d-84c6-57b7c6841427/metadata/os_version 3.415s
2025-12-09 04:16:47.498 65559 INFO tempest.lib.common.rest_client [req-82b0bc00-fc88-4eda-b457-48b660fb2e65 req-82b0bc00-fc88-4eda-b457-48b660fb2e65 ] Request (ImagesTestJSON:test_create_image_from_stopped_server): 200 GET http://10.180.1.21/compute/v2.1/images/c60afbcd-d614-4a73-abcb-2b2ade1cf12f 3.296s
2025-12-09 04:16:47.693 65567 WARNING tempest.lib.common.ssh [-] Failed to establish authenticated ssh connection to cirros@10.180.180.191 ([Errno None] Unable to connect to port 22 on 10.180.180.191). Number attempts: 5. Retry after 6 seconds.: paramiko.ssh_exception.NoValidConnectionsError: [Errno None] Unable to connect to port 22 on 10.180.180.191
2025-12-09 04:16:48.180 65579 WARNING tempest.lib.common.ssh [-] Failed to establish authenticated ssh connection to cirros@10.180.180.217 ([Errno None] Unable to connect to port 22 on 10.180.180.217). Number attempts: 3. Retry after 4 seconds.: paramiko.ssh_exception.NoValidConnectionsError: [Errno None] Unable to connect to port 22 on 10.180.180.217
2025-12-09 04:16:48.249 65557 INFO tempest.lib.common.rest_client [req-4e7dc271-2acb-4427-9925-4c5f7b135649 req-4e7dc271-2acb-4427-9925-4c5f7b135649 ] Request (ServersTestBootFromVolume:setUpClass): 200 GET http://10.180.1.21/volume/v3/volumes/fb6ed43d-3eed-4bf0-bcef-ea76482fc1dd 0.033s
2025-12-09 04:16:48.395 65556 INFO tempest.lib.common.rest_client [req-15749976-84b3-44ff-a2b4-79d85a1f0d0b req-15749976-84b3-44ff-a2b4-79d85a1f0d0b ] Request (SecurityGroupRulesTestJSON:setUpClass): 201 POST http://10.180.1.21/networking/v2.0/routers 1.287s
2025-12-09 04:16:48.586 65539 INFO tempest.lib.common.rest_client [req-df9edb79-1527-44fc-9ff3-6807318da94e req-df9edb79-1527-44fc-9ff3-6807318da94e ] Request (QuotaClassesAdmin257Test:tearDownClass): 204 DELETE http://10.180.1.21/networking/v2.0/security-groups/eb2a6ccd-aa87-447e-9482-bac8f0e37341 1.190s
2025-12-09 04:16:48.690 65539 INFO tempest.lib.common.rest_client [req-43f19b17-fab2-4318-854d-7304d11a41bc req-43f19b17-fab2-4318-854d-7304d11a41bc ] Request (QuotaClassesAdmin257Test:tearDownClass): 204 DELETE http://10.180.1.21/identity/v3/projects/2e3cad42e60b4b1c8b468c4616f44de3 0.103s
2025-12-09 04:16:48.690 65539 INFO tempest.lib.common.dynamic_creds [-] Deleting project and security group for project: 0e4d0983162342d4a9414202ccba964a
2025-12-09 04:16:48.710 65583 INFO tempest.lib.common.rest_client [req-687d2e63-0232-4605-85ba-6177724eb2e8 req-687d2e63-0232-4605-85ba-6177724eb2e8 ] Request (ServerDiskConfigTestJSON:setUpClass): 200 PUT http://10.180.1.21/networking/v2.0/routers/5b17127b-aacf-4590-9a8b-5afd2fbe5cce/add_router_interface 1.570s
2025-12-09 04:16:48.711 65583 INFO tempest.lib.common.dynamic_creds [-] Created isolated network resources for: credentials: Credentials: {'domain_id': 'default', 'domain_name': 'Default', 'username': 'tempest-ServerDiskConfigTestJSON-1077288781-project-member', 'project_domain_id': 'default', 'project_domain_name': 'Default', 'project_id': '7835e6275ae744e89830bcc2df65a941', 'project_name': 'tempest-ServerDiskConfigTestJSON-1077288781', 'tenant_id': '7835e6275ae744e89830bcc2df65a941', 'tenant_name': 'tempest-ServerDiskConfigTestJSON-1077288781', 'user_domain_id': 'default', 'user_domain_name': 'Default', 'user_id': '2f663eb67f5a454bbd738af03b8dd24c', 'system': None}, Network: {'id': '97d0fb8f-d09d-4c02-905d-46d4c227255f', 'name': 'tempest-ServerDiskConfigTestJSON-1763139749-network', 'tenant_id': '7835e6275ae744e89830bcc2df65a941', 'project_id': '7835e6275ae744e89830bcc2df65a941', 'admin_state_up': True, 'mtu': 8950, 'status': 'ACTIVE', 'subnets': [], 'shared': False, 'port_security_enabled': True, 'router:external': False, 'provider:network_type': 'vlan', 'provider:physical_network': 'default', 'provider:segmentation_id': 893, 'availability_zone_hints': [], 'availability_zones': [], 'ipv4_address_scope': None, 'ipv6_address_scope': None, 'description': '', 'tags': [], 'created_at': '2025-12-09T04:16:45Z', 'updated_at': '2025-12-09T04:16:45Z', 'revision_number': 1}, Subnet: {'id': '322e82a5-6efe-47d6-939c-dc5bce45c5d6', 'name': 'tempest-ServerDiskConfigTestJSON-1763139749-subnet', 'tenant_id': '7835e6275ae744e89830bcc2df65a941', 'network_id': '97d0fb8f-d09d-4c02-905d-46d4c227255f', 'ip_version': 4, 'subnetpool_id': None, 'enable_dhcp': True, 'ipv6_ra_mode': None, 'ipv6_address_mode': None, 'gateway_ip': '192.168.128.1', 'cidr': '192.168.128.0/28', 'allocation_pools': [{'start': '192.168.128.2', 'end': '192.168.128.14'}], 'host_routes': [], 'dns_nameservers': [], 'description': '', 'router:external': False, 'service_types': [], 'tags': [], 'created_at': '2025-12-09T04:16:45Z', 'updated_at': '2025-12-09T04:16:45Z', 'revision_number': 0, 'project_id': '7835e6275ae744e89830bcc2df65a941'}, Router: {'id': '5b17127b-aacf-4590-9a8b-5afd2fbe5cce', 'name': 'tempest-ServerDiskConfigTestJSON-1763139749-router', 'tenant_id': '7835e6275ae744e89830bcc2df65a941', 'admin_state_up': True, 'status': 'ACTIVE', 'external_gateway_info': {'network_id': '562dbb99-c1fc-4329-823e-f0d364a44dbf', 'external_fixed_ips': [{'subnet_id': '410bdb45-52d2-4ffd-a2ac-f1d8d4c2527d', 'ip_address': '10.180.180.244'}], 'enable_snat': True}, 'description': '', 'availability_zones': [], 'distributed': False, 'ha': False, 'availability_zone_hints': [], 'routes': [], 'flavor_id': None, 'tags': [], 'created_at': '2025-12-09T04:16:46Z', 'updated_at': '2025-12-09T04:16:46Z', 'revision_number': 2, 'project_id': '7835e6275ae744e89830bcc2df65a941'}
2025-12-09 04:16:48.833 65583 INFO tempest.lib.common.rest_client [req-8ac01269-e02f-4b60-b8fa-014cf1ed41b8 req-8ac01269-e02f-4b60-b8fa-014cf1ed41b8 ] Request (ServerDiskConfigTestJSON:setUpClass): 201 POST http://10.180.1.21/identity/v3/auth/tokens 0.119s
2025-12-09 04:16:48.888 65583 INFO tempest.lib.common.rest_client [req-dbfc1550-e044-4988-829d-f4f1f7f4dd20 req-dbfc1550-e044-4988-829d-f4f1f7f4dd20 ] Request (ServerDiskConfigTestJSON:test_rebuild_server_with_auto_disk_config): 201 POST http://10.180.1.21/identity/v3/auth/tokens 0.050s
2025-12-09 04:16:48.888 65583 INFO tempest.lib.common.fixed_network [-] (ServerDiskConfigTestJSON:test_rebuild_server_with_auto_disk_config) Found network {'id': '97d0fb8f-d09d-4c02-905d-46d4c227255f', 'name': 'tempest-ServerDiskConfigTestJSON-1763139749-network', 'tenant_id': '7835e6275ae744e89830bcc2df65a941', 'project_id': '7835e6275ae744e89830bcc2df65a941', 'admin_state_up': True, 'mtu': 8950, 'status': 'ACTIVE', 'subnets': [], 'shared': False, 'port_security_enabled': True, 'router:external': False, 'provider:network_type': 'vlan', 'provider:physical_network': 'default', 'provider:segmentation_id': 893, 'availability_zone_hints': [], 'availability_zones': [], 'ipv4_address_scope': None, 'ipv6_address_scope': None, 'description': '', 'tags': [], 'created_at': '2025-12-09T04:16:45Z', 'updated_at': '2025-12-09T04:16:45Z', 'revision_number': 1} available for tenant
2025-12-09 04:16:49.290 65557 INFO tempest.lib.common.rest_client [req-52d7d447-20e6-48c4-86d2-14631dd50dfa req-52d7d447-20e6-48c4-86d2-14631dd50dfa ] Request (ServersTestBootFromVolume:setUpClass): 200 GET http://10.180.1.21/volume/v3/volumes/fb6ed43d-3eed-4bf0-bcef-ea76482fc1dd 0.034s
2025-12-09 04:16:50.099 65556 INFO tempest.lib.common.rest_client [req-b1289934-fd3a-4134-9730-e3f309c67253 req-b1289934-fd3a-4134-9730-e3f309c67253 ] Request (SecurityGroupRulesTestJSON:setUpClass): 200 PUT http://10.180.1.21/networking/v2.0/routers/3c979882-23a8-4fe4-914b-11c2ecf81619/add_router_interface 1.704s
2025-12-09 04:16:50.100 65556 INFO tempest.lib.common.dynamic_creds [-] Created isolated network resources for: credentials: Credentials: {'domain_id': 'default', 'domain_name': 'Default', 'username': 'tempest-SecurityGroupRulesTestJSON-6335183-project-member', 'project_domain_id': 'default', 'project_domain_name': 'Default', 'project_id': '94a92f98796949d1aa011bc229435e51', 'project_name': 'tempest-SecurityGroupRulesTestJSON-6335183', 'tenant_id': '94a92f98796949d1aa011bc229435e51', 'tenant_name': 'tempest-SecurityGroupRulesTestJSON-6335183', 'user_domain_id': 'default', 'user_domain_name': 'Default', 'user_id': '99c491791fb44056af8c3bc40656a113', 'system': None}, Network: {'id': '295fce1d-c2bc-4e1f-8241-b0bd1eba2ed7', 'name': 'tempest-SecurityGroupRulesTestJSON-1696062077-network', 'tenant_id': '94a92f98796949d1aa011bc229435e51', 'project_id': '94a92f98796949d1aa011bc229435e51', 'admin_state_up': True, 'mtu': 8950, 'status': 'ACTIVE', 'subnets': [], 'shared': False, 'port_security_enabled': True, 'router:external': False, 'provider:network_type': 'vlan', 'provider:physical_network': 'default', 'provider:segmentation_id': 696, 'availability_zone_hints': [], 'availability_zones': [], 'ipv4_address_scope': None, 'ipv6_address_scope': None, 'description': '', 'tags': [], 'created_at': '2025-12-09T04:16:46Z', 'updated_at': '2025-12-09T04:16:46Z', 'revision_number': 1}, Subnet: {'id': 'e367a835-525d-48a4-a127-5dd519420b4d', 'name': 'tempest-SecurityGroupRulesTestJSON-1696062077-subnet', 'tenant_id': '94a92f98796949d1aa011bc229435e51', 'network_id': '295fce1d-c2bc-4e1f-8241-b0bd1eba2ed7', 'ip_version': 4, 'subnetpool_id': None, 'enable_dhcp': True, 'ipv6_ra_mode': None, 'ipv6_address_mode': None, 'gateway_ip': '192.168.128.1', 'cidr': '192.168.128.0/28', 'allocation_pools': [{'start': '192.168.128.2', 'end': '192.168.128.14'}], 'host_routes': [], 'dns_nameservers': [], 'description': '', 'router:external': False, 'service_types': [], 'tags': [], 'created_at': '2025-12-09T04:16:46Z', 'updated_at': '2025-12-09T04:16:46Z', 'revision_number': 0, 'project_id': '94a92f98796949d1aa011bc229435e51'}, Router: {'id': '3c979882-23a8-4fe4-914b-11c2ecf81619', 'name': 'tempest-SecurityGroupRulesTestJSON-1696062077-router', 'tenant_id': '94a92f98796949d1aa011bc229435e51', 'admin_state_up': True, 'status': 'ACTIVE', 'external_gateway_info': {'network_id': '562dbb99-c1fc-4329-823e-f0d364a44dbf', 'external_fixed_ips': [{'subnet_id': '410bdb45-52d2-4ffd-a2ac-f1d8d4c2527d', 'ip_address': '10.180.180.141'}], 'enable_snat': True}, 'description': '', 'availability_zones': [], 'distributed': False, 'ha': False, 'availability_zone_hints': [], 'routes': [], 'flavor_id': None, 'tags': [], 'created_at': '2025-12-09T04:16:47Z', 'updated_at': '2025-12-09T04:16:48Z', 'revision_number': 2, 'project_id': '94a92f98796949d1aa011bc229435e51'}
2025-12-09 04:16:50.163 65573 INFO tempest.lib.common.rest_client [req-63130acd-4ff3-4e51-baf1-df3acce8ee3b req-63130acd-4ff3-4e51-baf1-df3acce8ee3b ] Request (ServerActionsV293TestJSON:setUpClass): 200 GET http://10.180.1.21/compute/v2.1/servers/5769996d-072c-4b61-a940-1ac5d2b6cfea 6.003s
2025-12-09 04:16:50.176 65573 INFO tempest.common.waiters [-] State transition "BUILD/spawning" ==> "ACTIVE/None" after 26 second wait
2025-12-09 04:16:50.242 65556 INFO tempest.lib.common.rest_client [req-a05f3e60-9262-48e6-a486-2ceac2908d9b req-a05f3e60-9262-48e6-a486-2ceac2908d9b ] Request (SecurityGroupRulesTestJSON:setUpClass): 201 POST http://10.180.1.21/identity/v3/auth/tokens 0.133s
2025-12-09 04:16:50.340 65557 INFO tempest.lib.common.rest_client [req-425e6c89-725e-49c0-a617-10896af48514 req-425e6c89-725e-49c0-a617-10896af48514 ] Request (ServersTestBootFromVolume:setUpClass): 200 GET http://10.180.1.21/volume/v3/volumes/fb6ed43d-3eed-4bf0-bcef-ea76482fc1dd 0.042s
2025-12-09 04:16:50.372 65539 INFO tempest.lib.common.rest_client [req-d6302a24-8cb1-4d33-9d5b-13c3e6c7d01a req-d6302a24-8cb1-4d33-9d5b-13c3e6c7d01a ] Request (QuotaClassesAdmin257Test:tearDownClass): 200 GET http://10.180.1.21/networking/v2.0/security-groups?tenant_id=0e4d0983162342d4a9414202ccba964a&name=default 1.682s
2025-12-09 04:16:50.414 65535 INFO tempest.lib.common.rest_client [req-8aaf52e4-11d0-447d-ac64-aa203ddc22f1 req-8aaf52e4-11d0-447d-ac64-aa203ddc22f1 ] Request (ServersAdminNegativeTestJSON:test_migrate_server_invalid_state): 200 GET http://10.180.1.21/compute/v2.1/servers/c08cafea-5922-4d1f-91c4-29ccd4c1eb3b 5.860s
2025-12-09 04:16:50.462 65549 INFO tempest.lib.common.rest_client [req-362c0250-6379-426e-b32e-b960f717f789 req-362c0250-6379-426e-b32e-b960f717f789 ] Request (ServerDiagnosticsNegativeTest:test_get_server_diagnostics_by_non_admin): 403 GET http://10.180.1.21/compute/v2.1/servers/ea10f10b-99bf-4b15-ba2e-c05812c49818/diagnostics 5.815s
2025-12-09 04:16:50.679 65539 INFO tempest.lib.common.rest_client [req-b11b1d6b-c593-4741-a437-c4a050b52ed5 req-b11b1d6b-c593-4741-a437-c4a050b52ed5 ] Request (QuotaClassesAdmin257Test:tearDownClass): 204 DELETE http://10.180.1.21/networking/v2.0/security-groups/1fc5fec5-241e-428b-807c-dafb7dd14572 0.306s
2025-12-09 04:16:50.843 65539 INFO tempest.lib.common.rest_client [req-aa6d346c-ca78-4b9d-96c4-f426c41c110c req-aa6d346c-ca78-4b9d-96c4-f426c41c110c ] Request (QuotaClassesAdmin257Test:tearDownClass): 204 DELETE http://10.180.1.21/identity/v3/projects/0e4d0983162342d4a9414202ccba964a 0.163s
2025-12-09 04:16:50.920 65563 INFO tempest.lib.common.rest_client [req-a75de897-4065-4af4-8f1b-4a7c8a0b43c5 req-a75de897-4065-4af4-8f1b-4a7c8a0b43c5 ] Request (SecurityGroupsNegativeTestJSON:test_delete_the_default_security_group): 200 GET http://10.180.1.21/compute/v2.1/os-security-groups 6.282s
2025-12-09 04:16:50.921 65539 INFO tempest.lib.common.rest_client [req-4fd6b254-f286-4aa2-a20a-5490e6a941cd req-4fd6b254-f286-4aa2-a20a-5490e6a941cd ] Request (MultipleCreateNegativeTestJSON:setUpClass): 201 POST http://10.180.1.21/identity/v3/auth/tokens 0.075s
2025-12-09 04:16:50.954 65533 INFO tempest.lib.common.rest_client [req-a6c6be56-0e85-485e-be9e-25e7b7c51f4d req-a6c6be56-0e85-485e-be9e-25e7b7c51f4d ] Request (ServersAdminTestJSON:test_create_server_with_scheduling_hint): 200 GET http://10.180.1.21/compute/v2.1/servers/14d72945-e33d-4858-a279-7c689fc2fb78 6.245s
2025-12-09 04:16:50.966 65533 INFO tempest.common.waiters [-] State transition "BUILD/None" ==> "BUILD/spawning" after 11 second wait
2025-12-09 04:16:50.975 65539 INFO tempest.lib.common.rest_client [req-42b449dd-2901-42a1-b653-a77060335e18 req-42b449dd-2901-42a1-b653-a77060335e18 ] Request (MultipleCreateNegativeTestJSON:setUpClass): 201 POST http://10.180.1.21/identity/v3/auth/tokens 0.051s
2025-12-09 04:16:51.007 65539 INFO tempest.lib.common.rest_client [req-adf83ea9-93df-411c-bb77-9180e4c46697 req-adf83ea9-93df-411c-bb77-9180e4c46697 ] Request (MultipleCreateNegativeTestJSON:setUpClass): 200 GET http://10.180.1.21/identity/v3/domains?name=Default 0.032s
2025-12-09 04:16:51.052 65539 INFO tempest.lib.common.rest_client [req-50ddc4e7-8bf4-4059-bcc3-e245b5c95b7b req-50ddc4e7-8bf4-4059-bcc3-e245b5c95b7b ] Request (MultipleCreateNegativeTestJSON:setUpClass): 201 POST http://10.180.1.21/identity/v3/projects 0.044s
2025-12-09 04:16:51.089 65543 INFO tempest.lib.common.rest_client [req-18f17ec9-70eb-4be7-be22-6703e6912fa6 req-18f17ec9-70eb-4be7-be22-6703e6912fa6 ] Request (FloatingIPsAssociationNegativeTestJSON:setUpClass): 200 GET http://10.180.1.21/compute/v2.1/servers/2223debf-2a99-4a00-a86d-79425b3f7126 5.953s
2025-12-09 04:16:51.103 65543 INFO tempest.common.waiters [-] State transition "BUILD/None" ==> "BUILD/networking" after 11 second wait
2025-12-09 04:16:51.138 65539 INFO tempest.lib.common.rest_client [req-6099405c-dd36-4614-a521-400264fd5bd9 req-6099405c-dd36-4614-a521-400264fd5bd9 ] Request (MultipleCreateNegativeTestJSON:setUpClass): 201 POST http://10.180.1.21/identity/v3/users 0.086s
2025-12-09 04:16:51.146 65529 INFO tempest.lib.common.rest_client [req-2ba9c4af-d411-4f23-8e64-f96ef93ea4e9 req-2ba9c4af-d411-4f23-8e64-f96ef93ea4e9 ] Request (ImagesOneServerTestJSON:test_create_delete_image): 200 GET http://10.180.1.21/compute/v2.1/images/9b35f88d-17b4-4804-b253-394443464007 5.980s
2025-12-09 04:16:51.171 65539 INFO tempest.lib.common.rest_client [req-ad31cebc-959d-4ce3-b3bc-b99c2d9cb5fc req-ad31cebc-959d-4ce3-b3bc-b99c2d9cb5fc ] Request (MultipleCreateNegativeTestJSON:setUpClass): 200 GET http://10.180.1.21/identity/v3/roles 0.033s
2025-12-09 04:16:51.207 65553 INFO tempest.lib.common.rest_client [req-5da5223c-4252-481d-b3d5-4e3531ed0371 req-5da5223c-4252-481d-b3d5-4e3531ed0371 ] Request (ServerDiagnosticsTest:test_get_server_diagnostics): 200 GET http://10.180.1.21/compute/v2.1/servers/4a8b9101-9eb9-4f09-929f-30fff62cd36e 6.448s
2025-12-09 04:16:51.210 65539 INFO tempest.lib.common.rest_client [req-17a14325-aea3-469e-a6f9-7ecebcc9112c req-17a14325-aea3-469e-a6f9-7ecebcc9112c ] Request (MultipleCreateNegativeTestJSON:setUpClass): 204 PUT http://10.180.1.21/identity/v3/projects/6aa8740528c244d1ba0d7a778d311335/users/e3ff06aaad52484db263c3c5c32a1f9a/roles/d2678973a716490e95e47242809af916 0.038s
2025-12-09 04:16:51.210 65539 INFO tempest.lib.common.dynamic_creds [-] Dynamic test user e3ff06aaad52484db263c3c5c32a1f9a is created with scope project and roles: ['member']
2025-12-09 04:16:51.211 65539 INFO tempest.lib.common.dynamic_creds [-] Acquired dynamic creds: credentials: Credentials: {'domain_id': 'default', 'domain_name': 'Default', 'username': 'tempest-MultipleCreateNegativeTestJSON-949740612-project-member', 'project_domain_id': 'default', 'project_domain_name': 'Default', 'project_id': '6aa8740528c244d1ba0d7a778d311335', 'project_name': 'tempest-MultipleCreateNegativeTestJSON-949740612', 'tenant_id': '6aa8740528c244d1ba0d7a778d311335', 'tenant_name': 'tempest-MultipleCreateNegativeTestJSON-949740612', 'user_domain_id': 'default', 'user_domain_name': 'Default', 'user_id': 'e3ff06aaad52484db263c3c5c32a1f9a', 'system': None}, Network: None, Subnet: None, Router: None
2025-12-09 04:16:51.211 65539 INFO tempest.lib.common.dynamic_creds [-] Created isolated network resources for: credentials: Credentials: {'domain_id': 'default', 'domain_name': 'Default', 'username': 'tempest-MultipleCreateNegativeTestJSON-949740612-project-member', 'project_domain_id': 'default', 'project_domain_name': 'Default', 'project_id': '6aa8740528c244d1ba0d7a778d311335', 'project_name': 'tempest-MultipleCreateNegativeTestJSON-949740612', 'tenant_id': '6aa8740528c244d1ba0d7a778d311335', 'tenant_name': 'tempest-MultipleCreateNegativeTestJSON-949740612', 'user_domain_id': 'default', 'user_domain_name': 'Default', 'user_id': 'e3ff06aaad52484db263c3c5c32a1f9a', 'system': None}, Network: None, Subnet: None, Router: None
2025-12-09 04:16:51.218 65553 INFO tempest.common.waiters [-] State transition "BUILD/None" ==> "BUILD/spawning" after 17 second wait
2025-12-09 04:16:51.317 65539 INFO tempest.lib.common.rest_client [req-4dc3438c-8200-4f35-a914-d1814d21b45f req-4dc3438c-8200-4f35-a914-d1814d21b45f ] Request (MultipleCreateNegativeTestJSON:setUpClass): 201 POST http://10.180.1.21/identity/v3/auth/tokens 0.101s
2025-12-09 04:16:51.359 65539 INFO tempest.lib.common.rest_client [req-957e7ce9-0daf-4dd9-9e8c-a4d0dd5f8526 req-957e7ce9-0daf-4dd9-9e8c-a4d0dd5f8526 ] Request (MultipleCreateNegativeTestJSON:test_max_count_less_than_min_count): 201 POST http://10.180.1.21/identity/v3/auth/tokens 0.035s
2025-12-09 04:16:51.359 65539 INFO tempest.lib.common.fixed_network [-] (MultipleCreateNegativeTestJSON:test_max_count_less_than_min_count) Found network None available for tenant
2025-12-09 04:16:51.383 65557 INFO tempest.lib.common.rest_client [req-5dc930b3-3bdc-4731-bddf-8c86d38ce453 req-5dc930b3-3bdc-4731-bddf-8c86d38ce453 ] Request (ServersTestBootFromVolume:setUpClass): 200 GET http://10.180.1.21/volume/v3/volumes/fb6ed43d-3eed-4bf0-bcef-ea76482fc1dd 0.035s
2025-12-09 04:16:52.437 65557 INFO tempest.lib.common.rest_client [req-ddbbfd10-be14-46bd-bfd5-2bffc3edac8e req-ddbbfd10-be14-46bd-bfd5-2bffc3edac8e ] Request (ServersTestBootFromVolume:setUpClass): 200 GET http://10.180.1.21/volume/v3/volumes/fb6ed43d-3eed-4bf0-bcef-ea76482fc1dd 0.043s
2025-12-09 04:16:52.674 65551 INFO tempest.lib.common.rest_client [req-a9b14fa6-dbe4-4631-9330-2b32f4bc2c16 req-a9b14fa6-dbe4-4631-9330-2b32f4bc2c16 ] Request (ServerRescueNegativeTestJSON:setUpClass): 200 GET http://10.180.1.21/compute/v2.1/servers/31321617-e2f2-444f-9f96-c9d7b803fe6d 7.336s
2025-12-09 04:16:52.686 65579 WARNING tempest.lib.common.ssh [-] Failed to establish authenticated ssh connection to cirros@10.180.180.217 ([Errno None] Unable to connect to port 22 on 10.180.180.217). Number attempts: 4. Retry after 5 seconds.: paramiko.ssh_exception.NoValidConnectionsError: [Errno None] Unable to connect to port 22 on 10.180.180.217
2025-12-09 04:16:52.697 65565 INFO tempest.lib.common.rest_client [req-2c07b4b6-12b1-42e2-9fa0-a52eda79dd7d req-2c07b4b6-12b1-42e2-9fa0-a52eda79dd7d ] Request (AttachInterfacesUnderV243Test:test_add_remove_fixed_ip): 200 GET http://10.180.1.21/compute/v2.1/servers/a06aeafe-9793-4be2-b157-25f911a74710 7.297s
2025-12-09 04:16:52.705 65565 INFO tempest.common.waiters [-] State transition "BUILD/block_device_mapping" ==> "BUILD/spawning" after 21 second wait
2025-12-09 04:16:52.835 65575 INFO tempest.lib.common.rest_client [req-f64b524f-297d-4acf-b955-226c9fe3aae7 req-f64b524f-297d-4acf-b955-226c9fe3aae7 ] Request (DeleteServersAdminTestJSON:test_delete_server_while_in_error_state): 200 GET http://10.180.1.21/compute/v2.1/servers/e3c8a48f-12d1-45af-a4aa-8f4b7441c615 6.499s
2025-12-09 04:16:52.859 65571 INFO tempest.lib.common.rest_client [req-0db82cfe-6a87-4bc4-866c-20a7d073fe9c req-0db82cfe-6a87-4bc4-866c-20a7d073fe9c ] Request (InstanceActionsNegativeTestJSON:setUpClass): 200 GET http://10.180.1.21/compute/v2.1/servers/4ecafa56-6081-4947-a4ed-fe73d2753058 6.560s
2025-12-09 04:16:52.944 65561 INFO tempest.lib.common.rest_client [req-6953d01e-8e13-49c2-9d23-ca2665ed221b req-6953d01e-8e13-49c2-9d23-ca2665ed221b ] Request (SecurityGroupRulesNegativeTestJSON:test_create_security_group_rule_with_invalid_port_range): 400 POST http://10.180.1.21/compute/v2.1/os-security-group-rules 6.165s
2025-12-09 04:16:52.970 65545 INFO tempest.lib.common.rest_client [req-664cf4f4-e06d-4886-99d1-714b8ad812e7 req-664cf4f4-e06d-4886-99d1-714b8ad812e7 ] Request (FlavorsAdminTestJSON:test_create_list_flavor_without_extra_data): 200 GET http://10.180.1.21/compute/v2.1/flavors/1441695821 6.160s
2025-12-09 04:16:53.006 65531 INFO tempest.lib.common.rest_client [req-eb041fed-abf0-45d1-ae60-0d5d1ffd4291 req-eb041fed-abf0-45d1-ae60-0d5d1ffd4291 ] Request (AggregatesAdminNegativeTestJSON:test_aggregate_delete_as_user): 200 POST http://10.180.1.21/compute/v2.1/os-aggregates 6.164s
2025-12-09 04:16:53.024 65585 INFO tempest.lib.common.rest_client [req-3a6b1b31-aaac-409a-b1e2-40facdf67e62 req-3a6b1b31-aaac-409a-b1e2-40facdf67e62 ] Request (FlavorsAccessNegativeTestJSON:_run_cleanups): 202 DELETE http://10.180.1.21/compute/v2.1/flavors/1106050029 6.000s
2025-12-09 04:16:53.078 65547 INFO tempest.lib.common.rest_client [req-44b29c8f-6ad2-43be-bf23-05a437e23a26 req-44b29c8f-6ad2-43be-bf23-05a437e23a26 ] Request (VolumesTestJSON:test_volume_list_with_detail_param_offset_and_limit): 200 GET http://10.180.1.21/compute/v2.1/os-volumes/detail 5.993s
2025-12-09 04:16:53.092 65581 INFO tempest.lib.common.rest_client [req-f30f360c-86bf-45ae-ab24-6cc8d168507b req-f30f360c-86bf-45ae-ab24-6cc8d168507b ] Request (QuotasAdminTestV257:test_get_updated_quotas): 200 PUT http://10.180.1.21/compute/v2.1/os-quota-sets/99c170ff90a04101a963407d4fdd3aac 6.380s
2025-12-09 04:16:53.098 65525 INFO tempest.lib.common.rest_client [req-4dc730e6-4da8-4a94-b589-00b6b26adcd5 req-4dc730e6-4da8-4a94-b589-00b6b26adcd5 ] Request (KeyPairsV210TestJSON:_run_cleanups): 204 DELETE http://10.180.1.21/compute/v2.1/os-keypairs/tempest-keypair-2079898237?user_id=4f8fc82c78a441ab89d9756106a40c5a 5.997s
2025-12-09 04:16:53.114 65537 INFO tempest.lib.common.rest_client [req-2053f23d-3eaf-46e8-9200-5b743e0ebb6e req-2053f23d-3eaf-46e8-9200-5b743e0ebb6e ] Request (ServicesAdminTestJSON:test_list_services): 200 GET http://10.180.1.21/compute/v2.1/os-services 5.983s
2025-12-09 04:16:53.189 65527 INFO tempest.lib.common.rest_client [req-7a694bf7-f6be-4a69-8647-d87b83c3e101 req-7a694bf7-f6be-4a69-8647-d87b83c3e101 ] Request (ImagesNegativeTestJSON:test_create_image_from_deleted_server): 200 GET http://10.180.1.21/compute/v2.1/servers/180991bc-f73b-4bac-aaf5-b3383fc60c8a 6.013s
2025-12-09 04:16:53.196 65527 INFO tempest.common.waiters [-] State transition "ACTIVE/deleting" ==> "DELETED/None" after 7 second wait
2025-12-09 04:16:53.220 65541 INFO tempest.lib.common.rest_client [req-2c43a8e5-f50a-4c83-baf8-062d967a81a1 req-2c43a8e5-f50a-4c83-baf8-062d967a81a1 ] Request (ServersAdmin275Test:_run_cleanups): 200 GET http://10.180.1.21/compute/v2.1/servers/a3ac7505-fe69-42c1-8b92-f2f44676579f 5.981s
2025-12-09 04:16:53.290 65537 INFO tempest.lib.common.rest_client [req-07981d1d-588a-4bb0-8c4f-5688e6357693 req-07981d1d-588a-4bb0-8c4f-5688e6357693 ] Request (ServicesAdminTestJSON:tearDownClass): 204 DELETE http://10.180.1.21/identity/v3/users/ef158db728be458c9f85df8578221ca4 0.171s
2025-12-09 04:16:53.447 65537 INFO tempest.lib.common.rest_client [req-aad971b6-4647-4698-94b3-e5953f581fcb req-aad971b6-4647-4698-94b3-e5953f581fcb ] Request (ServicesAdminTestJSON:tearDownClass): 204 DELETE http://10.180.1.21/identity/v3/users/9a09742f8dec45a6b2c49b8b5b2bacab 0.156s
2025-12-09 04:16:53.449 65537 INFO tempest.lib.common.dynamic_creds [-] Deleting project and security group for project: b9896910faac4a66bc2917cc1f7e422e
2025-12-09 04:16:53.514 65557 INFO tempest.lib.common.rest_client [req-e2c2d3cd-8101-4a96-a9d3-cbff84a28420 req-e2c2d3cd-8101-4a96-a9d3-cbff84a28420 ] Request (ServersTestBootFromVolume:setUpClass): 200 GET http://10.180.1.21/volume/v3/volumes/fb6ed43d-3eed-4bf0-bcef-ea76482fc1dd 0.065s
2025-12-09 04:16:53.577 65537 INFO tempest.lib.common.rest_client [req-21bd9ed7-0569-4bb1-a05f-ea303dd6f9f1 req-21bd9ed7-0569-4bb1-a05f-ea303dd6f9f1 ] Request (ServicesAdminTestJSON:tearDownClass): 201 POST http://10.180.1.21/identity/v3/auth/tokens 0.128s
2025-12-09 04:16:53.816 65537 INFO tempest.lib.common.rest_client [req-cd7cbb67-7fcc-4368-9675-4ec5d02a0347 req-cd7cbb67-7fcc-4368-9675-4ec5d02a0347 ] Request (ServicesAdminTestJSON:tearDownClass): 200 GET http://10.180.1.21/networking/v2.0/security-groups?tenant_id=b9896910faac4a66bc2917cc1f7e422e&name=default 0.238s
2025-12-09 04:16:53.925 65537 INFO tempest.lib.common.rest_client [req-0585c036-1b00-45f5-bcb7-68de830f3dbc req-0585c036-1b00-45f5-bcb7-68de830f3dbc ] Request (ServicesAdminTestJSON:tearDownClass): 204 DELETE http://10.180.1.21/networking/v2.0/security-groups/d426bed7-9906-493d-b633-42dcde5eb3d6 0.108s
2025-12-09 04:16:54.026 65537 INFO tempest.lib.common.rest_client [req-03f4e2fa-1bbd-47b8-8c3a-f0ef03c3c7b5 req-03f4e2fa-1bbd-47b8-8c3a-f0ef03c3c7b5 ] Request (ServicesAdminTestJSON:tearDownClass): 204 DELETE http://10.180.1.21/identity/v3/projects/b9896910faac4a66bc2917cc1f7e422e 0.101s
2025-12-09 04:16:54.027 65537 INFO tempest.lib.common.dynamic_creds [-] Deleting project and security group for project: 0e4c0228046645f4bd0117e11537dcda
2025-12-09 04:16:54.160 65537 INFO tempest.lib.common.rest_client [req-6168de76-b0ba-46c5-9512-d6159288b5d3 req-6168de76-b0ba-46c5-9512-d6159288b5d3 ] Request (ServicesAdminTestJSON:tearDownClass): 200 GET http://10.180.1.21/networking/v2.0/security-groups?tenant_id=0e4c0228046645f4bd0117e11537dcda&name=default 0.132s
2025-12-09 04:16:54.199 65567 WARNING tempest.lib.common.ssh [-] Failed to establish authenticated ssh connection to cirros@10.180.180.191 ([Errno None] Unable to connect to port 22 on 10.180.180.191). Number attempts: 6. Retry after 7 seconds.: paramiko.ssh_exception.NoValidConnectionsError: [Errno None] Unable to connect to port 22 on 10.180.180.191
2025-12-09 04:16:54.238 65537 INFO tempest.lib.common.rest_client [req-d89ef975-5abf-40c5-94af-cc98d21e776c req-d89ef975-5abf-40c5-94af-cc98d21e776c ] Request (ServicesAdminTestJSON:tearDownClass): 204 DELETE http://10.180.1.21/networking/v2.0/security-groups/c9b4bb11-ee7e-4406-a616-ceb8818a27f5 0.077s
2025-12-09 04:16:54.326 65537 INFO tempest.lib.common.rest_client [req-c1cf86fb-f4d3-486a-abbe-952d43cf6c48 req-c1cf86fb-f4d3-486a-abbe-952d43cf6c48 ] Request (ServicesAdminTestJSON:tearDownClass): 204 DELETE http://10.180.1.21/identity/v3/projects/0e4c0228046645f4bd0117e11537dcda 0.087s
2025-12-09 04:16:54.388 65537 INFO tempest.lib.common.rest_client [req-733371b2-4013-4009-bab1-ae8bc8b7f72e req-733371b2-4013-4009-bab1-ae8bc8b7f72e ] Request (TenantUsagesTestJSON:setUpClass): 201 POST http://10.180.1.21/identity/v3/auth/tokens 0.061s
2025-12-09 04:16:54.423 65537 INFO tempest.lib.common.rest_client [req-48d6414f-9833-4069-9e86-13f83c0be9bc req-48d6414f-9833-4069-9e86-13f83c0be9bc ] Request (TenantUsagesTestJSON:setUpClass): 201 POST http://10.180.1.21/identity/v3/auth/tokens 0.031s
2025-12-09 04:16:54.449 65537 INFO tempest.lib.common.rest_client [req-30fff5ce-e38e-443a-9c7f-4f6537ca03a5 req-30fff5ce-e38e-443a-9c7f-4f6537ca03a5 ] Request (TenantUsagesTestJSON:setUpClass): 200 GET http://10.180.1.21/identity/v3/domains?name=Default 0.026s
2025-12-09 04:16:54.480 65537 INFO tempest.lib.common.rest_client [req-65af2b1d-1de9-44da-b0a5-ad9eac5ff695 req-65af2b1d-1de9-44da-b0a5-ad9eac5ff695 ] Request (TenantUsagesTestJSON:setUpClass): 201 POST http://10.180.1.21/identity/v3/projects 0.030s
2025-12-09 04:16:54.541 65537 INFO tempest.lib.common.rest_client [req-f33cef71-ec73-4429-bb10-4e18c3ea66f6 req-f33cef71-ec73-4429-bb10-4e18c3ea66f6 ] Request (TenantUsagesTestJSON:setUpClass): 201 POST http://10.180.1.21/identity/v3/users 0.060s
2025-12-09 04:16:54.554 65557 INFO tempest.lib.common.rest_client [req-8d73b563-f34d-4cb2-b2a3-11e47cf0da0c req-8d73b563-f34d-4cb2-b2a3-11e47cf0da0c ] Request (ServersTestBootFromVolume:setUpClass): 200 GET http://10.180.1.21/volume/v3/volumes/fb6ed43d-3eed-4bf0-bcef-ea76482fc1dd 0.031s
2025-12-09 04:16:54.568 65537 INFO tempest.lib.common.rest_client [req-fc145fa7-2c80-4134-8048-aed3d57ceab4 req-fc145fa7-2c80-4134-8048-aed3d57ceab4 ] Request (TenantUsagesTestJSON:setUpClass): 200 GET http://10.180.1.21/identity/v3/roles 0.026s
2025-12-09 04:16:54.598 65537 INFO tempest.lib.common.rest_client [req-6f5e16ac-8ab2-4453-bc60-b4b2541e4a5b req-6f5e16ac-8ab2-4453-bc60-b4b2541e4a5b ] Request (TenantUsagesTestJSON:setUpClass): 204 PUT http://10.180.1.21/identity/v3/projects/362a5c1876c0427aa368659b61470916/users/14294f8685694d82bb65333a3c8c81aa/roles/d2678973a716490e95e47242809af916 0.030s
2025-12-09 04:16:54.599 65537 INFO tempest.lib.common.dynamic_creds [-] Dynamic test user 14294f8685694d82bb65333a3c8c81aa is created with scope project and roles: ['member']
2025-12-09 04:16:54.599 65537 INFO tempest.lib.common.dynamic_creds [-] Acquired dynamic creds: credentials: Credentials: {'domain_id': 'default', 'domain_name': 'Default', 'username': 'tempest-TenantUsagesTestJSON-1931773304-project-member', 'project_domain_id': 'default', 'project_domain_name': 'Default', 'project_id': '362a5c1876c0427aa368659b61470916', 'project_name': 'tempest-TenantUsagesTestJSON-1931773304', 'tenant_id': '362a5c1876c0427aa368659b61470916', 'tenant_name': 'tempest-TenantUsagesTestJSON-1931773304', 'user_domain_id': 'default', 'user_domain_name': 'Default', 'user_id': '14294f8685694d82bb65333a3c8c81aa', 'system': None}, Network: None, Subnet: None, Router: None
2025-12-09 04:16:54.599 65537 INFO tempest.lib.common.dynamic_creds [-] Created isolated network resources for: credentials: Credentials: {'domain_id': 'default', 'domain_name': 'Default', 'username': 'tempest-TenantUsagesTestJSON-1931773304-project-member', 'project_domain_id': 'default', 'project_domain_name': 'Default', 'project_id': '362a5c1876c0427aa368659b61470916', 'project_name': 'tempest-TenantUsagesTestJSON-1931773304', 'tenant_id': '362a5c1876c0427aa368659b61470916', 'tenant_name': 'tempest-TenantUsagesTestJSON-1931773304', 'user_domain_id': 'default', 'user_domain_name': 'Default', 'user_id': '14294f8685694d82bb65333a3c8c81aa', 'system': None}, Network: None, Subnet: None, Router: None
2025-12-09 04:16:54.711 65537 INFO tempest.lib.common.rest_client [req-329769d9-d9f3-4d89-8baf-ab5684cbf4e9 req-329769d9-d9f3-4d89-8baf-ab5684cbf4e9 ] Request (TenantUsagesTestJSON:setUpClass): 201 POST http://10.180.1.21/identity/v3/auth/tokens 0.109s
2025-12-09 04:16:54.794 65537 INFO tempest.lib.common.rest_client [req-e11adbc1-44fb-48e8-88b9-1ca6fe7d8898 req-e11adbc1-44fb-48e8-88b9-1ca6fe7d8898 ] Request (TenantUsagesTestJSON:setUpClass): 201 POST http://10.180.1.21/identity/v3/projects 0.082s
2025-12-09 04:16:54.867 65537 INFO tempest.lib.common.rest_client [req-bd0edb35-092f-437b-a976-287a170452e3 req-bd0edb35-092f-437b-a976-287a170452e3 ] Request (TenantUsagesTestJSON:setUpClass): 201 POST http://10.180.1.21/identity/v3/users 0.072s
2025-12-09 04:16:54.897 65537 INFO tempest.lib.common.rest_client [req-06e627d6-b8e4-4daf-9ecf-8ea2bc5a6409 req-06e627d6-b8e4-4daf-9ecf-8ea2bc5a6409 ] Request (TenantUsagesTestJSON:setUpClass): 200 GET http://10.180.1.21/identity/v3/roles 0.029s
2025-12-09 04:16:54.932 65537 INFO tempest.lib.common.rest_client [req-282d6060-7c24-4f3f-8bd7-ff8b53c11093 req-282d6060-7c24-4f3f-8bd7-ff8b53c11093 ] Request (TenantUsagesTestJSON:setUpClass): 204 PUT http://10.180.1.21/identity/v3/projects/30c47ebc63914a68bd233c74709993c7/users/552dc8bc47164200adc5b7f49a6aea8d/roles/c9ee9415316a4efaaa383f3008232eb3 0.035s
2025-12-09 04:16:54.989 65537 INFO tempest.lib.common.rest_client [req-9cc30546-71c4-4a43-a378-af1779d9eb48 req-9cc30546-71c4-4a43-a378-af1779d9eb48 ] Request (TenantUsagesTestJSON:setUpClass): 200 GET http://10.180.1.21/identity/v3/roles 0.056s
2025-12-09 04:16:55.008 65537 INFO tempest.lib.common.rest_client [req-7069962e-2187-47b2-98db-70ff61293dee req-7069962e-2187-47b2-98db-70ff61293dee ] Request (TenantUsagesTestJSON:setUpClass): 204 PUT http://10.180.1.21/identity/v3/projects/30c47ebc63914a68bd233c74709993c7/users/552dc8bc47164200adc5b7f49a6aea8d/roles/c9ee9415316a4efaaa383f3008232eb3 0.018s
2025-12-09 04:16:55.008 65537 INFO tempest.lib.common.dynamic_creds [-] Dynamic test user 552dc8bc47164200adc5b7f49a6aea8d is created with scope project and roles: ['admin']
2025-12-09 04:16:55.008 65537 INFO tempest.lib.common.dynamic_creds [-] Acquired dynamic creds: credentials: Credentials: {'domain_id': 'default', 'domain_name': 'Default', 'username': 'tempest-TenantUsagesTestJSON-534044018-project-admin', 'project_domain_id': 'default', 'project_domain_name': 'Default', 'project_id': '30c47ebc63914a68bd233c74709993c7', 'project_name': 'tempest-TenantUsagesTestJSON-534044018', 'tenant_id': '30c47ebc63914a68bd233c74709993c7', 'tenant_name': 'tempest-TenantUsagesTestJSON-534044018', 'user_domain_id': 'default', 'user_domain_name': 'Default', 'user_id': '552dc8bc47164200adc5b7f49a6aea8d', 'system': None}, Network: None, Subnet: None, Router: None
2025-12-09 04:16:55.008 65537 INFO tempest.lib.common.dynamic_creds [-] Created isolated network resources for: credentials: Credentials: {'domain_id': 'default', 'domain_name': 'Default', 'username': 'tempest-TenantUsagesTestJSON-534044018-project-admin', 'project_domain_id': 'default', 'project_domain_name': 'Default', 'project_id': '30c47ebc63914a68bd233c74709993c7', 'project_name': 'tempest-TenantUsagesTestJSON-534044018', 'tenant_id': '30c47ebc63914a68bd233c74709993c7', 'tenant_name': 'tempest-TenantUsagesTestJSON-534044018', 'user_domain_id': 'default', 'user_domain_name': 'Default', 'user_id': '552dc8bc47164200adc5b7f49a6aea8d', 'system': None}, Network: None, Subnet: None, Router: None
2025-12-09 04:16:55.098 65537 INFO tempest.lib.common.rest_client [req-bcab03f0-cd36-4b27-90bf-b3af706526aa req-bcab03f0-cd36-4b27-90bf-b3af706526aa ] Request (TenantUsagesTestJSON:setUpClass): 201 POST http://10.180.1.21/identity/v3/auth/tokens 0.087s
2025-12-09 04:16:55.099 65537 WARNING tempest.lib.common.rest_client [-] Deprecated: "tenant_id" property is deprecated for removal, use "project_id" instead
2025-12-09 04:16:55.163 65537 INFO tempest.lib.common.rest_client [req-08c49ba7-da4e-44fb-bf88-8105a5916b13 req-08c49ba7-da4e-44fb-bf88-8105a5916b13 ] Request (TenantUsagesTestJSON:setUpClass): 201 POST http://10.180.1.21/identity/v3/auth/tokens 0.060s
2025-12-09 04:16:55.163 65537 INFO tempest.lib.common.fixed_network [-] (TenantUsagesTestJSON:setUpClass) Found network None available for tenant
2025-12-09 04:16:55.593 65557 INFO tempest.lib.common.rest_client [req-2524aed6-2dbb-4a49-9a53-5a35c17ab270 req-2524aed6-2dbb-4a49-9a53-5a35c17ab270 ] Request (ServersTestBootFromVolume:setUpClass): 200 GET http://10.180.1.21/volume/v3/volumes/fb6ed43d-3eed-4bf0-bcef-ea76482fc1dd 0.030s
2025-12-09 04:16:56.640 65557 INFO tempest.lib.common.rest_client [req-6a32f65a-3caa-4717-94ef-a0d6aff3aa72 req-6a32f65a-3caa-4717-94ef-a0d6aff3aa72 ] Request (ServersTestBootFromVolume:setUpClass): 200 GET http://10.180.1.21/volume/v3/volumes/fb6ed43d-3eed-4bf0-bcef-ea76482fc1dd 0.040s
2025-12-09 04:16:57.205 65569 INFO tempest.lib.common.rest_client [req-6e3e7c6c-b95d-4165-92b5-b2a5083d6410 req-6e3e7c6c-b95d-4165-92b5-b2a5083d6410 ] Request (ImagesMetadataTestJSON:test_set_image_metadata_item): 200 GET http://10.180.1.21/compute/v2.1/images/6cb35633-456a-470d-84c6-57b7c6841427/metadata 9.782s
2025-12-09 04:16:57.214 65559 INFO tempest.lib.common.rest_client [req-f2047ca1-1532-4819-9611-0d0e646c978d req-f2047ca1-1532-4819-9611-0d0e646c978d ] Request (ImagesTestJSON:test_create_image_from_stopped_server): 200 GET http://10.180.1.21/compute/v2.1/images/c60afbcd-d614-4a73-abcb-2b2ade1cf12f 8.706s
2025-12-09 04:16:57.338 65573 INFO tempest.lib.common.rest_client [req-471551a0-d9aa-408d-8e37-9815511d6200 req-471551a0-d9aa-408d-8e37-9815511d6200 ] Request (ServerActionsV293TestJSON:setUpClass): 200 GET http://10.180.1.21/compute/v2.1/servers/5769996d-072c-4b61-a940-1ac5d2b6cfea/os-interface 7.162s
