2025-12-09 04:19:46.570 65535 INFO tempest.lib.common.rest_client [req-b6025e3f-6765-4d69-a03d-aac80c06ce4c req-b6025e3f-6765-4d69-a03d-aac80c06ce4c ] Request (FloatingIPDetailsTestJSON:setUpClass): 201 POST http://10.180.1.21/networking/v2.0/subnets 0.163s
2025-12-09 04:19:46.581 65529 INFO tempest.lib.common.rest_client [req-e20bb210-e5d0-47f7-a8f6-81afd7037736 req-e20bb210-e5d0-47f7-a8f6-81afd7037736 ] Request (ServerMetadataNegativeTestJSON:setUpClass): 200 GET http://10.180.1.21/compute/v2.1/servers/aadbdb7a-773a-496a-a1bc-53c6d7d0f19a 0.158s
2025-12-09 04:19:46.599 65559 INFO tempest.lib.common.rest_client [req-63eccc48-e6c5-4dab-9548-a73947e256f8 req-63eccc48-e6c5-4dab-9548-a73947e256f8 ] Request (ImagesTestJSON:test_create_server_from_snapshot): 200 GET http://10.180.1.21/compute/v2.1/servers/af72cbc6-0a9e-4695-8ad4-f4d0c1a77da3 0.107s
2025-12-09 04:19:46.644 65533 INFO tempest.lib.common.rest_client [req-e107bbe5-2dee-4078-83a3-0cf7c921c779 req-e107bbe5-2dee-4078-83a3-0cf7c921c779 ] Request (ServersAdminTestJSON:tearDownClass): 200 GET http://10.180.1.21/compute/v2.1/servers/dcb7232a-8c4b-41e8-8fe2-8dac76aa216b 0.148s
2025-12-09 04:19:46.693 65523 INFO tempest.lib.common.rest_client [req-39dfbb06-1163-4b4b-a194-bff008f536d2 req-39dfbb06-1163-4b4b-a194-bff008f536d2 ] Request (ServersNegativeTestJSON:setUpClass): 200 GET http://10.180.1.21/compute/v2.1/servers/268215b3-3a10-4956-8539-214c34eea0a2 0.144s
2025-12-09 04:19:46.718 65541 INFO tempest.lib.common.rest_client [req-099ce2f0-abef-4a04-8f0f-d68770e64ac0 req-099ce2f0-abef-4a04-8f0f-d68770e64ac0 ] Request (ListServerFiltersTestJSON:test_list_servers_filtered_by_ip): 200 GET http://10.180.1.21/compute/v2.1/servers/b84dc131-a502-4303-9483-3812edcf22df 0.174s
2025-12-09 04:19:46.781 65585 INFO tempest.lib.common.rest_client [req-ef25acc8-d586-4594-a300-1cf8e9f4dd0e req-ef25acc8-d586-4594-a300-1cf8e9f4dd0e ] Request (ServerAddressesNegativeTestJSON:setUpClass): 200 GET http://10.180.1.21/compute/v2.1/servers/57330613-b975-4e0b-abb2-4bcf4a066291 0.146s
2025-12-09 04:19:46.808 65531 INFO tempest.lib.common.rest_client [req-f4e2fa5b-6ceb-4010-8802-ec2e2032486e req-f4e2fa5b-6ceb-4010-8802-ec2e2032486e ] Request (MigrationsAdminTest:test_list_migrations_in_flavor_resize_situation): 200 GET http://10.180.1.21/compute/v2.1/servers/736293eb-5964-4543-8fe7-ba0e89bcbe74 0.186s
2025-12-09 04:19:46.902 65569 INFO tempest.lib.common.rest_client [req-3fe89995-cad7-4780-9516-6e7c9c280a9d req-3fe89995-cad7-4780-9516-6e7c9c280a9d ] Request (ServersTestManualDisk:tearDownClass): 200 GET http://10.180.1.21/compute/v2.1/servers/a6904497-1d9b-42ba-8cd0-7a558d64410b 0.186s
2025-12-09 04:19:46.929 65541 INFO tempest.lib.common.rest_client [req-76a402c7-e972-4360-98de-e87601928057 req-76a402c7-e972-4360-98de-e87601928057 ] Request (ListServerFiltersTestJSON:test_list_servers_filtered_by_ip): 200 GET http://10.180.1.21/compute/v2.1/servers/f2b1583b-4a05-4759-aa13-20489ac5eaba 0.204s
2025-12-09 04:19:46.950 65583 INFO tempest.lib.common.rest_client [req-1c074f00-2966-4a89-9f54-021118e71bc6 req-1c074f00-2966-4a89-9f54-021118e71bc6 ] Request (ServerDiskConfigTestJSON:test_resize_server_from_auto_to_manual): 200 GET http://10.180.1.21/compute/v2.1/servers/c8ef2ca6-bbb8-4858-9e39-aa8899b85422 0.182s
2025-12-09 04:19:46.981 65561 INFO tempest.lib.common.rest_client [req-04ea91b8-9282-4e33-8688-8a8f1734f1a8 req-04ea91b8-9282-4e33-8688-8a8f1734f1a8 ] Request (ServersTestMultiNic:test_verify_multiple_nics_order): 200 GET http://10.180.1.21/compute/v2.1/servers/0b920512-ffda-4e31-b4d0-593a0e4017c4 0.146s
2025-12-09 04:19:47.032 65573 INFO tempest.lib.common.rest_client [req-7cbef240-74bb-4602-b052-fb7d4e889a65 req-7cbef240-74bb-4602-b052-fb7d4e889a65 ] Request (ServerShowV247Test:test_update_rebuild_list_server): 200 GET http://10.180.1.21/compute/v2.1/servers/07a314bd-1d77-4459-869d-dbb5a9df1d6a 0.115s
2025-12-09 04:19:47.057 65577 INFO tempest.lib.common.rest_client [req-ab5def86-8e7a-4a8f-b221-c6a70f24cd89 req-ab5def86-8e7a-4a8f-b221-c6a70f24cd89 ] Request (SecurityGroupsTestJSON:test_server_security_groups): 200 GET http://10.180.1.21/compute/v2.1/servers/e0ce4776-473e-4249-9131-2a96a6f7def1 0.142s
2025-12-09 04:19:47.142 65571 INFO tempest.lib.common.rest_client [req-ca0bb963-b713-470e-9ccd-386c3c3a4bbe req-ca0bb963-b713-470e-9ccd-386c3c3a4bbe ] Request (MultipleCreateTestJSON:test_multiple_create_with_reservation_return): 200 GET http://10.180.1.21/compute/v2.1/servers/73d3ee88-acb6-4ff1-b14e-9c63ddf6aa57 0.167s
2025-12-09 04:19:47.191 65541 INFO tempest.lib.common.rest_client [req-17594be3-2f81-4427-9e85-fa50eeeea3a7 req-17594be3-2f81-4427-9e85-fa50eeeea3a7 ] Request (ListServerFiltersTestJSON:test_list_servers_filtered_by_ip): 200 GET http://10.180.1.21/compute/v2.1/servers?ip=192.168.128.11 0.253s
2025-12-09 04:19:47.194 65565 INFO tempest.lib.common.rest_client [req-a100af1d-725f-45c1-96e9-afa6994a77c3 req-a100af1d-725f-45c1-96e9-afa6994a77c3 ] Request (ServersTestFqdnHostnames:test_create_server_with_fqdn_name): 200 GET http://10.180.1.21/compute/v2.1/servers/cf841036-c6ba-41c5-a3ff-45cf608af996 0.188s
2025-12-09 04:19:47.245 65527 INFO tempest.lib.common.rest_client [req-1fd9d4fb-46df-42d8-ade3-e4581f995312 req-1fd9d4fb-46df-42d8-ade3-e4581f995312 ] Request (ServerShowV254Test:test_rebuild_server): 200 GET http://10.180.1.21/compute/v2.1/servers/91fd1037-1cc7-4e5b-92b0-9577c6e1defd 0.210s
2025-12-09 04:19:47.258 65575 INFO tempest.lib.common.rest_client [req-db98348e-f4b2-4904-9f38-f9dccec9c4ae req-db98348e-f4b2-4904-9f38-f9dccec9c4ae ] Request (ServerAddressesTestJSON:tearDownClass): 200 GET http://10.180.1.21/compute/v2.1/servers/d204b1b4-5de1-458a-9e26-bfedb53ed9f5 0.182s
2025-12-09 04:19:47.309 65581 INFO tempest.lib.common.rest_client [req-4feba0d4-edd7-41c0-84b3-cca202107749 req-4feba0d4-edd7-41c0-84b3-cca202107749 ] Request (FloatingIPsAssociationTestJSON:tearDownClass): 200 GET http://10.180.1.21/compute/v2.1/servers/852245d0-9e56-41ff-a889-d674b3bdaad9 0.185s
2025-12-09 04:19:47.316 65535 INFO tempest.lib.common.rest_client [req-23bc4825-7655-4cfa-955e-9f9c26827d17 req-23bc4825-7655-4cfa-955e-9f9c26827d17 ] Request (FloatingIPDetailsTestJSON:setUpClass): 201 POST http://10.180.1.21/networking/v2.0/routers 0.746s
2025-12-09 04:19:47.327 65545 INFO tempest.lib.common.rest_client [req-562286db-44ee-4f71-9d96-ee046ff3b765 req-562286db-44ee-4f71-9d96-ee046ff3b765 ] Request (AttachVolumeNegativeTest:test_attach_attached_volume_to_different_server): 200 GET http://10.180.1.21/compute/v2.1/servers/8dc88070-1888-44cf-95cb-975cd9e81c85 0.197s
2025-12-09 04:19:47.420 65557 INFO tempest.lib.common.rest_client [req-916a469e-0cd6-4a1b-9b7d-9364264fee6b req-916a469e-0cd6-4a1b-9b7d-9364264fee6b ] Request (ServersTestJSON:setUpClass): 200 GET http://10.180.1.21/compute/v2.1/servers/9b880a9b-8990-4e39-ad45-1dfc0ffd2d14 0.215s
2025-12-09 04:19:47.444 65541 INFO tempest.lib.common.rest_client [req-540057be-cf6d-4a2e-b7ad-c5e258d0c2e0 req-540057be-cf6d-4a2e-b7ad-c5e258d0c2e0 ] Request (ListServerFiltersTestJSON:test_list_servers_filtered_by_ip_regex): 200 GET http://10.180.1.21/compute/v2.1/servers/96a7f638-1b4e-4a48-a1f1-87ced17ca5e4 0.250s
2025-12-09 04:19:47.499 65579 INFO tempest.lib.common.rest_client [req-0c181f01-649e-4491-b189-eb4de5198213 req-0c181f01-649e-4491-b189-eb4de5198213 ] Request (ServersWithSpecificFlavorTestJSON:test_verify_created_server_ephemeral_disk): 200 GET http://10.180.1.21/compute/v2.1/servers/0a2a9ed4-6270-4155-8f11-f9584d2017f0 0.113s
2025-12-09 04:19:47.955 65553 INFO tempest.lib.common.rest_client [req-88e34f8d-7d6f-4d2c-bc8e-a87496b9da7a req-88e34f8d-7d6f-4d2c-bc8e-a87496b9da7a ] Request (ListServersNegativeTestJSON:tearDownClass): 200 GET http://10.180.1.21/compute/v2.1/servers/d755dc4d-ba7d-4869-ad6b-b60df9133ad6 0.428s
2025-12-09 04:19:47.982 65541 INFO tempest.lib.common.rest_client [req-83a39fe7-162e-4e98-8e2c-37c9dbf79613 req-83a39fe7-162e-4e98-8e2c-37c9dbf79613 ] Request (ListServerFiltersTestJSON:test_list_servers_filtered_by_ip_regex): 200 GET http://10.180.1.21/compute/v2.1/servers/b84dc131-a502-4303-9483-3812edcf22df 0.524s
2025-12-09 04:19:48.149 65535 INFO tempest.lib.common.rest_client [req-b9f12db5-d241-419d-aee8-bff91e63a75e req-b9f12db5-d241-419d-aee8-bff91e63a75e ] Request (FloatingIPDetailsTestJSON:setUpClass): 200 PUT http://10.180.1.21/networking/v2.0/routers/463b6a76-b737-4479-aee2-578e4b092600/add_router_interface 0.832s
2025-12-09 04:19:48.149 65535 INFO tempest.lib.common.dynamic_creds [-] Created isolated network resources for: credentials: Credentials: {'domain_id': 'default', 'domain_name': 'Default', 'username': 'tempest-FloatingIPDetailsTestJSON-1994313886-project-member', 'project_domain_id': 'default', 'project_domain_name': 'Default', 'project_id': '5f53cbe815a54e73b52f61fa668b129e', 'project_name': 'tempest-FloatingIPDetailsTestJSON-1994313886', 'tenant_id': '5f53cbe815a54e73b52f61fa668b129e', 'tenant_name': 'tempest-FloatingIPDetailsTestJSON-1994313886', 'user_domain_id': 'default', 'user_domain_name': 'Default', 'user_id': '718ddbcc6abe4b5895201053dc018527', 'system': None}, Network: {'id': '3a126a10-81be-44d9-9c84-b3a4e8214428', 'name': 'tempest-FloatingIPDetailsTestJSON-2036768037-network', 'tenant_id': '5f53cbe815a54e73b52f61fa668b129e', 'project_id': '5f53cbe815a54e73b52f61fa668b129e', 'admin_state_up': True, 'mtu': 8950, 'status': 'ACTIVE', 'subnets': [], 'shared': False, 'port_security_enabled': True, 'router:external': False, 'provider:network_type': 'vlan', 'provider:physical_network': 'default', 'provider:segmentation_id': 733, 'availability_zone_hints': [], 'availability_zones': [], 'ipv4_address_scope': None, 'ipv6_address_scope': None, 'description': '', 'tags': [], 'created_at': '2025-12-09T04:19:46Z', 'updated_at': '2025-12-09T04:19:46Z', 'revision_number': 1}, Subnet: {'id': 'e25bdddb-e408-4e5d-8016-5df40f1f87a2', 'name': 'tempest-FloatingIPDetailsTestJSON-2036768037-subnet', 'tenant_id': '5f53cbe815a54e73b52f61fa668b129e', 'network_id': '3a126a10-81be-44d9-9c84-b3a4e8214428', 'ip_version': 4, 'subnetpool_id': None, 'enable_dhcp': True, 'ipv6_ra_mode': None, 'ipv6_address_mode': None, 'gateway_ip': '192.168.128.1', 'cidr': '192.168.128.0/28', 'allocation_pools': [{'start': '192.168.128.2', 'end': '192.168.128.14'}], 'host_routes': [], 'dns_nameservers': [], 'description': '', 'router:external': False, 'service_types': [], 'tags': [], 'created_at': '2025-12-09T04:19:46Z', 'updated_at': '2025-12-09T04:19:46Z', 'revision_number': 0, 'project_id': '5f53cbe815a54e73b52f61fa668b129e'}, Router: {'id': '463b6a76-b737-4479-aee2-578e4b092600', 'name': 'tempest-FloatingIPDetailsTestJSON-2036768037-router', 'tenant_id': '5f53cbe815a54e73b52f61fa668b129e', 'admin_state_up': True, 'status': 'ACTIVE', 'external_gateway_info': {'network_id': '562dbb99-c1fc-4329-823e-f0d364a44dbf', 'external_fixed_ips': [{'subnet_id': '410bdb45-52d2-4ffd-a2ac-f1d8d4c2527d', 'ip_address': '10.180.180.215'}], 'enable_snat': True}, 'description': '', 'availability_zones': [], 'distributed': False, 'ha': False, 'availability_zone_hints': [], 'routes': [], 'flavor_id': None, 'tags': [], 'created_at': '2025-12-09T04:19:46Z', 'updated_at': '2025-12-09T04:19:47Z', 'revision_number': 2, 'project_id': '5f53cbe815a54e73b52f61fa668b129e'}
2025-12-09 04:19:48.202 65529 INFO tempest.lib.common.rest_client [req-6d717fef-07fd-4317-ac35-18d3e84fa110 req-6d717fef-07fd-4317-ac35-18d3e84fa110 ] Request (ServerMetadataNegativeTestJSON:setUpClass): 200 GET http://10.180.1.21/compute/v2.1/servers/aadbdb7a-773a-496a-a1bc-53c6d7d0f19a 0.611s
2025-12-09 04:19:48.224 65559 INFO tempest.lib.common.rest_client [req-ee3c77b0-c304-40f5-b66d-3f4a6eacc6d0 req-ee3c77b0-c304-40f5-b66d-3f4a6eacc6d0 ] Request (ImagesTestJSON:test_create_server_from_snapshot): 200 GET http://10.180.1.21/compute/v2.1/servers/af72cbc6-0a9e-4695-8ad4-f4d0c1a77da3 0.617s
2025-12-09 04:19:48.250 65535 INFO tempest.lib.common.rest_client [req-e18ac6b6-2549-49c9-8e6d-9ef4f24b436a req-e18ac6b6-2549-49c9-8e6d-9ef4f24b436a ] Request (FloatingIPDetailsTestJSON:setUpClass): 201 POST http://10.180.1.21/identity/v3/auth/tokens 0.096s
2025-12-09 04:19:48.280 65533 INFO tempest.lib.common.rest_client [req-17707a91-4231-4f5e-ac08-566985868cac req-17707a91-4231-4f5e-ac08-566985868cac ] Request (ServersAdminTestJSON:tearDownClass): 200 GET http://10.180.1.21/compute/v2.1/servers/dcb7232a-8c4b-41e8-8fe2-8dac76aa216b 0.628s
2025-12-09 04:19:48.295 65523 INFO tempest.lib.common.rest_client [req-a1738d65-fdb6-4c26-b656-d7a767dc37c7 req-a1738d65-fdb6-4c26-b656-d7a767dc37c7 ] Request (ServersNegativeTestJSON:setUpClass): 200 GET http://10.180.1.21/compute/v2.1/servers/268215b3-3a10-4956-8539-214c34eea0a2 0.593s
2025-12-09 04:19:48.435 65585 INFO tempest.lib.common.rest_client [req-e980d703-2463-4e1e-9002-3a318df0c646 req-e980d703-2463-4e1e-9002-3a318df0c646 ] Request (ServerAddressesNegativeTestJSON:setUpClass): 200 GET http://10.180.1.21/compute/v2.1/servers/57330613-b975-4e0b-abb2-4bcf4a066291 0.643s
2025-12-09 04:19:48.441 65585 INFO tempest.common.waiters [-] State transition "BUILD/None" ==> "BUILD/block_device_mapping" after 58 second wait
2025-12-09 04:19:48.454 65531 INFO tempest.lib.common.rest_client [req-09dd42fa-219d-4b2c-a2fc-62675d4315bc req-09dd42fa-219d-4b2c-a2fc-62675d4315bc ] Request (MigrationsAdminTest:test_list_migrations_in_flavor_resize_situation): 200 GET http://10.180.1.21/compute/v2.1/servers/736293eb-5964-4543-8fe7-ba0e89bcbe74 0.637s
2025-12-09 04:19:48.505 65569 INFO tempest.lib.common.rest_client [req-05cd152c-2964-4329-b6df-3e3067eee421 req-05cd152c-2964-4329-b6df-3e3067eee421 ] Request (ServersTestManualDisk:tearDownClass): 200 GET http://10.180.1.21/compute/v2.1/servers/a6904497-1d9b-42ba-8cd0-7a558d64410b 0.593s
2025-12-09 04:19:48.517 65583 INFO tempest.lib.common.rest_client [req-34add94f-1bfa-47e7-a3cd-3d7df7b08dc8 req-34add94f-1bfa-47e7-a3cd-3d7df7b08dc8 ] Request (ServerDiskConfigTestJSON:test_resize_server_from_auto_to_manual): 200 GET http://10.180.1.21/compute/v2.1/servers/c8ef2ca6-bbb8-4858-9e39-aa8899b85422 0.559s
2025-12-09 04:19:48.570 65561 INFO tempest.lib.common.rest_client [req-5ff59625-65d3-4a42-9f05-c3e38ec3e345 req-5ff59625-65d3-4a42-9f05-c3e38ec3e345 ] Request (ServersTestMultiNic:test_verify_multiple_nics_order): 200 GET http://10.180.1.21/compute/v2.1/servers/0b920512-ffda-4e31-b4d0-593a0e4017c4 0.577s
2025-12-09 04:19:48.646 65573 INFO tempest.lib.common.rest_client [req-425a685b-adf3-4610-bc51-3623ca966874 req-425a685b-adf3-4610-bc51-3623ca966874 ] Request (ServerShowV247Test:test_update_rebuild_list_server): 200 GET http://10.180.1.21/compute/v2.1/servers/07a314bd-1d77-4459-869d-dbb5a9df1d6a 0.601s
2025-12-09 04:19:48.672 65541 INFO tempest.lib.common.rest_client [req-24079515-7b72-4044-96aa-651b76d7d542 req-24079515-7b72-4044-96aa-651b76d7d542 ] Request (ListServerFiltersTestJSON:test_list_servers_filtered_by_ip_regex): 200 GET http://10.180.1.21/compute/v2.1/servers/f2b1583b-4a05-4759-aa13-20489ac5eaba 0.680s
2025-12-09 04:19:48.788 65571 INFO tempest.lib.common.rest_client [req-bbbcefd9-b658-4de4-aa95-5dde63d6ce5e req-bbbcefd9-b658-4de4-aa95-5dde63d6ce5e ] Request (MultipleCreateTestJSON:test_multiple_create_with_reservation_return): 200 GET http://10.180.1.21/compute/v2.1/servers/73d3ee88-acb6-4ff1-b14e-9c63ddf6aa57 0.637s
2025-12-09 04:19:48.819 65577 INFO tempest.lib.common.rest_client [req-11c5e9ca-3772-4dca-a541-2c37def43450 req-11c5e9ca-3772-4dca-a541-2c37def43450 ] Request (SecurityGroupsTestJSON:test_server_security_groups): 200 GET http://10.180.1.21/compute/v2.1/servers/e0ce4776-473e-4249-9131-2a96a6f7def1 0.747s
2025-12-09 04:19:48.861 65565 INFO tempest.lib.common.rest_client [req-90023ffb-b2fa-47de-8280-35942a766428 req-90023ffb-b2fa-47de-8280-35942a766428 ] Request (ServersTestFqdnHostnames:test_create_server_with_fqdn_name): 200 GET http://10.180.1.21/compute/v2.1/servers/cf841036-c6ba-41c5-a3ff-45cf608af996 0.657s
2025-12-09 04:19:48.912 65527 INFO tempest.lib.common.rest_client [req-a066f2b1-8589-438f-86f5-3d12c116fec6 req-a066f2b1-8589-438f-86f5-3d12c116fec6 ] Request (ServerShowV254Test:test_rebuild_server): 200 GET http://10.180.1.21/compute/v2.1/servers/91fd1037-1cc7-4e5b-92b0-9577c6e1defd 0.656s
2025-12-09 04:19:48.985 65575 INFO tempest.lib.common.rest_client [req-2f3c6a91-b051-4682-8082-96d4e3e94d35 req-2f3c6a91-b051-4682-8082-96d4e3e94d35 ] Request (ServerAddressesTestJSON:tearDownClass): 200 GET http://10.180.1.21/compute/v2.1/servers/d204b1b4-5de1-458a-9e26-bfedb53ed9f5 0.719s
2025-12-09 04:19:49.385 65581 INFO tempest.lib.common.rest_client [req-4d54ac8b-8cf4-495a-bc5a-819b76610573 req-4d54ac8b-8cf4-495a-bc5a-819b76610573 ] Request (FloatingIPsAssociationTestJSON:tearDownClass): 200 GET http://10.180.1.21/compute/v2.1/servers/852245d0-9e56-41ff-a889-d674b3bdaad9 1.067s
2025-12-09 04:19:49.442 65535 INFO tempest.lib.common.rest_client [req-e15c614a-9340-4669-8a1f-adb613b5ab7f req-e15c614a-9340-4669-8a1f-adb613b5ab7f ] Request (FloatingIPDetailsTestJSON:setUpClass): 200 POST http://10.180.1.21/compute/v2.1/os-floating-ips 1.191s
2025-12-09 04:19:49.460 65545 INFO tempest.lib.common.rest_client [req-163bf993-2d48-472d-9a9f-57011f2d7293 req-163bf993-2d48-472d-9a9f-57011f2d7293 ] Request (AttachVolumeNegativeTest:test_attach_attached_volume_to_different_server): 200 GET http://10.180.1.21/compute/v2.1/servers/8dc88070-1888-44cf-95cb-975cd9e81c85 1.125s
2025-12-09 04:19:49.495 65557 INFO tempest.lib.common.rest_client [req-158b092b-b95c-4027-b882-d5b545cfb0c8 req-158b092b-b95c-4027-b882-d5b545cfb0c8 ] Request (ServersTestJSON:setUpClass): 200 GET http://10.180.1.21/compute/v2.1/servers/9b880a9b-8990-4e39-ad45-1dfc0ffd2d14 1.064s
2025-12-09 04:19:49.505 65579 INFO tempest.lib.common.rest_client [req-2e245a21-99bb-4f13-a7ee-7e29a8247c20 req-2e245a21-99bb-4f13-a7ee-7e29a8247c20 ] Request (ServersWithSpecificFlavorTestJSON:test_verify_created_server_ephemeral_disk): 200 GET http://10.180.1.21/compute/v2.1/servers/0a2a9ed4-6270-4155-8f11-f9584d2017f0 0.992s
2025-12-09 04:19:49.570 65553 INFO tempest.lib.common.rest_client [req-c94df316-e813-4356-9320-0aecd9362cd1 req-c94df316-e813-4356-9320-0aecd9362cd1 ] Request (ListServersNegativeTestJSON:tearDownClass): 200 GET http://10.180.1.21/compute/v2.1/servers/d755dc4d-ba7d-4869-ad6b-b60df9133ad6 0.603s
2025-12-09 04:19:49.615 65529 INFO tempest.lib.common.rest_client [req-9c24614c-329c-4568-9745-d8cbcfe89600 req-9c24614c-329c-4568-9745-d8cbcfe89600 ] Request (ServerMetadataNegativeTestJSON:setUpClass): 200 GET http://10.180.1.21/compute/v2.1/servers/aadbdb7a-773a-496a-a1bc-53c6d7d0f19a 0.404s
2025-12-09 04:19:49.641 65541 INFO tempest.lib.common.rest_client [req-23ee2b95-3018-4ed0-b6cd-d3756ff7f1d1 req-23ee2b95-3018-4ed0-b6cd-d3756ff7f1d1 ] Request (ListServerFiltersTestJSON:test_list_servers_filtered_by_ip_regex): 200 GET http://10.180.1.21/compute/v2.1/servers/detail 0.958s
2025-12-09 04:19:49.662 65533 INFO tempest.lib.common.rest_client [req-f2304a68-8a1e-4eb4-a1dd-5c6119cdf14e req-f2304a68-8a1e-4eb4-a1dd-5c6119cdf14e ] Request (ServersAdminTestJSON:tearDownClass): 404 GET http://10.180.1.21/compute/v2.1/servers/dcb7232a-8c4b-41e8-8fe2-8dac76aa216b 0.372s
2025-12-09 04:19:49.665 65559 INFO tempest.lib.common.rest_client [req-ff6e3cee-fcbb-4798-9646-a99d5189b5bb req-ff6e3cee-fcbb-4798-9646-a99d5189b5bb ] Request (ImagesTestJSON:test_create_server_from_snapshot): 200 GET http://10.180.1.21/compute/v2.1/servers/af72cbc6-0a9e-4695-8ad4-f4d0c1a77da3 0.430s
2025-12-09 04:19:49.708 65523 INFO tempest.lib.common.rest_client [req-472a8f2e-7c93-4373-8dbc-4dc6f2d4b7d0 req-472a8f2e-7c93-4373-8dbc-4dc6f2d4b7d0 ] Request (ServersNegativeTestJSON:setUpClass): 200 GET http://10.180.1.21/compute/v2.1/servers/268215b3-3a10-4956-8539-214c34eea0a2 0.405s
2025-12-09 04:19:49.796 65585 INFO tempest.lib.common.rest_client [req-b760aeae-bdfe-4743-a5ed-34c91a30469d req-b760aeae-bdfe-4743-a5ed-34c91a30469d ] Request (ServerAddressesNegativeTestJSON:setUpClass): 200 GET http://10.180.1.21/compute/v2.1/servers/57330613-b975-4e0b-abb2-4bcf4a066291 0.353s
2025-12-09 04:19:49.803 65585 INFO tempest.common.waiters [-] State transition "BUILD/block_device_mapping" ==> "BUILD/spawning" after 59 second wait
2025-12-09 04:19:49.881 65567 WARNING tempest.lib.common.ssh [-] Failed to establish authenticated ssh connection to cirros@10.180.180.156 ([Errno None] Unable to connect to port 22 on 10.180.180.156). Number attempts: 1. Retry after 2 seconds.: paramiko.ssh_exception.NoValidConnectionsError: [Errno None] Unable to connect to port 22 on 10.180.180.156
2025-12-09 04:19:49.932 65531 INFO tempest.lib.common.rest_client [req-e07aae01-7b49-4a71-a188-4bbc62f59c9c req-e07aae01-7b49-4a71-a188-4bbc62f59c9c ] Request (MigrationsAdminTest:test_list_migrations_in_flavor_resize_situation): 200 GET http://10.180.1.21/compute/v2.1/servers/736293eb-5964-4543-8fe7-ba0e89bcbe74 0.469s
2025-12-09 04:19:49.993 65569 INFO tempest.lib.common.rest_client [req-d2efcc56-7758-49bd-ac17-a6beb62a1e0e req-d2efcc56-7758-49bd-ac17-a6beb62a1e0e ] Request (ServersTestManualDisk:tearDownClass): 200 GET http://10.180.1.21/compute/v2.1/servers/a6904497-1d9b-42ba-8cd0-7a558d64410b 0.480s
2025-12-09 04:19:50.051 65583 INFO tempest.lib.common.rest_client [req-3c053ddd-9a99-402b-a1b2-c874789bc97e req-3c053ddd-9a99-402b-a1b2-c874789bc97e ] Request (ServerDiskConfigTestJSON:test_resize_server_from_auto_to_manual): 200 GET http://10.180.1.21/compute/v2.1/servers/c8ef2ca6-bbb8-4858-9e39-aa8899b85422 0.527s
2025-12-09 04:19:50.110 65561 INFO tempest.lib.common.rest_client [req-476a0096-6918-450e-8e9a-9f84e647a59b req-476a0096-6918-450e-8e9a-9f84e647a59b ] Request (ServersTestMultiNic:test_verify_multiple_nics_order): 200 GET http://10.180.1.21/compute/v2.1/servers/0b920512-ffda-4e31-b4d0-593a0e4017c4 0.531s
2025-12-09 04:19:50.236 65535 INFO tempest.lib.common.rest_client [req-1beaee7b-4b03-4f0b-924a-d83e1bbcb98c req-1beaee7b-4b03-4f0b-924a-d83e1bbcb98c ] Request (FloatingIPDetailsTestJSON:setUpClass): 200 POST http://10.180.1.21/compute/v2.1/os-floating-ips 0.792s
2025-12-09 04:19:50.265 65541 INFO tempest.lib.common.rest_client [req-7e03b821-9ec5-4d37-87a2-551974f04052 req-7e03b821-9ec5-4d37-87a2-551974f04052 ] Request (ListServerFiltersTestJSON:test_list_servers_filtered_by_ip_regex): 200 GET http://10.180.1.21/compute/v2.1/servers?ip=192.168.128. 0.614s
2025-12-09 04:19:50.301 65573 INFO tempest.lib.common.rest_client [req-9e536e5f-7d1b-430a-a531-bdc46b269ef6 req-9e536e5f-7d1b-430a-a531-bdc46b269ef6 ] Request (ServerShowV247Test:test_update_rebuild_list_server): 200 GET http://10.180.1.21/compute/v2.1/servers/07a314bd-1d77-4459-869d-dbb5a9df1d6a 0.645s
2025-12-09 04:19:50.351 65533 INFO tempest.lib.common.rest_client [req-effada4e-6181-4c5d-8e5d-bc6066631d1c req-effada4e-6181-4c5d-8e5d-bc6066631d1c ] Request (ServersAdminTestJSON:tearDownClass): 204 DELETE http://10.180.1.21/compute/v2.1/servers/14d72945-e33d-4858-a279-7c689fc2fb78 0.688s
2025-12-09 04:19:50.371 65571 INFO tempest.lib.common.rest_client [req-12f0d8a5-41eb-4953-94fa-6eed400f04ff req-12f0d8a5-41eb-4953-94fa-6eed400f04ff ] Request (MultipleCreateTestJSON:test_multiple_create_with_reservation_return): 200 GET http://10.180.1.21/compute/v2.1/servers/73d3ee88-acb6-4ff1-b14e-9c63ddf6aa57 0.564s
2025-12-09 04:19:50.427 65565 INFO tempest.lib.common.rest_client [req-4fb7979e-b40d-4475-bb78-e748c116484f req-4fb7979e-b40d-4475-bb78-e748c116484f ] Request (ServersTestFqdnHostnames:test_create_server_with_fqdn_name): 200 GET http://10.180.1.21/compute/v2.1/servers/cf841036-c6ba-41c5-a3ff-45cf608af996 0.557s
2025-12-09 04:19:50.478 65527 INFO tempest.lib.common.rest_client [req-8abcf2d5-357c-43b2-9ed5-6f17f857cad5 req-8abcf2d5-357c-43b2-9ed5-6f17f857cad5 ] Request (ServerShowV254Test:test_rebuild_server): 200 GET http://10.180.1.21/compute/v2.1/servers/91fd1037-1cc7-4e5b-92b0-9577c6e1defd 0.556s
2025-12-09 04:19:50.480 65577 INFO tempest.lib.common.rest_client [req-9bcd1fb8-557d-488d-835a-9210ff2651c0 req-9bcd1fb8-557d-488d-835a-9210ff2651c0 ] Request (SecurityGroupsTestJSON:test_server_security_groups): 200 GET http://10.180.1.21/compute/v2.1/servers/e0ce4776-473e-4249-9131-2a96a6f7def1 0.652s
2025-12-09 04:19:50.488 65577 INFO tempest.common.waiters [-] State transition "BUILD/spawning" ==> "ACTIVE/None" after 69 second wait
2025-12-09 04:19:50.547 65575 INFO tempest.lib.common.rest_client [req-17add2b2-07ef-413f-beeb-45b1df46ed1d req-17add2b2-07ef-413f-beeb-45b1df46ed1d ] Request (ServerAddressesTestJSON:tearDownClass): 200 GET http://10.180.1.21/compute/v2.1/servers/d204b1b4-5de1-458a-9e26-bfedb53ed9f5 0.554s
2025-12-09 04:19:50.597 65541 INFO tempest.lib.common.rest_client [req-709beaff-65d8-4b32-bd93-8ab0e13b5dff req-709beaff-65d8-4b32-bd93-8ab0e13b5dff ] Request (ListServerFiltersTestJSON:test_list_servers_filtered_by_name_regex): 200 GET http://10.180.1.21/compute/v2.1/servers?name=%5E.%2A%5C-instance%5C-%5B0-9%5D%2B%24 0.329s
2025-12-09 04:19:50.649 65556 WARNING tempest.lib.common.ssh [-] Failed to establish authenticated ssh connection to cirros@10.180.180.219 ([Errno None] Unable to connect to port 22 on 10.180.180.219). Number attempts: 4. Retry after 5 seconds.: paramiko.ssh_exception.NoValidConnectionsError: [Errno None] Unable to connect to port 22 on 10.180.180.219
2025-12-09 04:19:50.747 65533 INFO tempest.lib.common.rest_client [req-dff60b87-ea9d-499d-9853-dac740a07dcf req-dff60b87-ea9d-499d-9853-dac740a07dcf ] Request (ServersAdminTestJSON:tearDownClass): 200 GET http://10.180.1.21/compute/v2.1/servers/14d72945-e33d-4858-a279-7c689fc2fb78 0.396s
2025-12-09 04:19:50.855 65581 INFO tempest.lib.common.rest_client [req-b40016ea-2b1f-46c2-8d9f-9fe23717dc3b req-b40016ea-2b1f-46c2-8d9f-9fe23717dc3b ] Request (FloatingIPsAssociationTestJSON:tearDownClass): 200 GET http://10.180.1.21/compute/v2.1/servers/852245d0-9e56-41ff-a889-d674b3bdaad9 0.460s
2025-12-09 04:19:50.909 65545 INFO tempest.lib.common.rest_client [req-b521748e-b6b8-4343-abeb-283a64cdf4d7 req-b521748e-b6b8-4343-abeb-283a64cdf4d7 ] Request (AttachVolumeNegativeTest:test_attach_attached_volume_to_different_server): 200 GET http://10.180.1.21/compute/v2.1/servers/8dc88070-1888-44cf-95cb-975cd9e81c85 0.440s
2025-12-09 04:19:51.012 65535 INFO tempest.lib.common.rest_client [req-2b7310ae-c4da-4cd2-9d61-c92dda22d7c5 req-2b7310ae-c4da-4cd2-9d61-c92dda22d7c5 ] Request (FloatingIPDetailsTestJSON:setUpClass): 200 POST http://10.180.1.21/compute/v2.1/os-floating-ips 0.774s
2025-12-09 04:19:51.066 65557 INFO tempest.lib.common.rest_client [req-7dba9659-effe-49a0-b3fc-18b33e27ece9 req-7dba9659-effe-49a0-b3fc-18b33e27ece9 ] Request (ServersTestJSON:setUpClass): 200 GET http://10.180.1.21/compute/v2.1/servers/9b880a9b-8990-4e39-ad45-1dfc0ffd2d14 0.560s
2025-12-09 04:19:51.113 65579 INFO tempest.lib.common.rest_client [req-12d7614a-71ee-4356-82cd-c9cf188623ea req-12d7614a-71ee-4356-82cd-c9cf188623ea ] Request (ServersWithSpecificFlavorTestJSON:test_verify_created_server_ephemeral_disk): 200 GET http://10.180.1.21/compute/v2.1/servers/0a2a9ed4-6270-4155-8f11-f9584d2017f0 0.598s
2025-12-09 04:19:51.178 65553 INFO tempest.lib.common.rest_client [req-026194e1-c055-4127-931b-670844d4b319 req-026194e1-c055-4127-931b-670844d4b319 ] Request (ListServersNegativeTestJSON:tearDownClass): 200 GET http://10.180.1.21/compute/v2.1/servers/d755dc4d-ba7d-4869-ad6b-b60df9133ad6 0.599s
2025-12-09 04:19:51.236 65577 INFO tempest.lib.common.rest_client [req-0ea105fc-f2d6-4f58-80d4-3ed031fd3e91 req-0ea105fc-f2d6-4f58-80d4-3ed031fd3e91 ] Request (SecurityGroupsTestJSON:test_server_security_groups): 202 POST http://10.180.1.21/compute/v2.1/servers/e0ce4776-473e-4249-9131-2a96a6f7def1/action 0.747s
2025-12-09 04:19:51.262 65541 INFO tempest.lib.common.rest_client [req-f2ad31aa-1adb-40c3-a17a-76170896f5f6 req-f2ad31aa-1adb-40c3-a17a-76170896f5f6 ] Request (ListServerFiltersTestJSON:test_list_servers_filtered_by_name_regex): 200 GET http://10.180.1.21/compute/v2.1/servers?name=%5E.%2A%5C-instance%5C-.%2A%24 0.663s
2025-12-09 04:19:51.288 65529 INFO tempest.lib.common.rest_client [req-352d4bd9-0b2c-42ad-9ab1-7e9a9bc06dbe req-352d4bd9-0b2c-42ad-9ab1-7e9a9bc06dbe ] Request (ServerMetadataNegativeTestJSON:setUpClass): 200 GET http://10.180.1.21/compute/v2.1/servers/aadbdb7a-773a-496a-a1bc-53c6d7d0f19a 0.664s
2025-12-09 04:19:51.318 65559 INFO tempest.lib.common.rest_client [req-0ae9026e-ac73-4486-9bd3-24ad7f303ca8 req-0ae9026e-ac73-4486-9bd3-24ad7f303ca8 ] Request (ImagesTestJSON:test_create_server_from_snapshot): 200 GET http://10.180.1.21/compute/v2.1/servers/af72cbc6-0a9e-4695-8ad4-f4d0c1a77da3 0.644s
2025-12-09 04:19:51.350 65523 INFO tempest.lib.common.rest_client [req-b3e1dda0-5ee0-42ac-b2e8-1183012ff6a1 req-b3e1dda0-5ee0-42ac-b2e8-1183012ff6a1 ] Request (ServersNegativeTestJSON:setUpClass): 200 GET http://10.180.1.21/compute/v2.1/servers/268215b3-3a10-4956-8539-214c34eea0a2 0.635s
2025-12-09 04:19:51.428 65585 INFO tempest.lib.common.rest_client [req-0f3bdb1b-004d-4f64-957f-f7ec0e0bdfcf req-0f3bdb1b-004d-4f64-957f-f7ec0e0bdfcf ] Request (ServerAddressesNegativeTestJSON:setUpClass): 200 GET http://10.180.1.21/compute/v2.1/servers/57330613-b975-4e0b-abb2-4bcf4a066291 0.624s
2025-12-09 04:19:51.496 65531 INFO tempest.lib.common.rest_client [req-26dba9c4-2bfa-4c7f-b3d8-152263c8bb36 req-26dba9c4-2bfa-4c7f-b3d8-152263c8bb36 ] Request (MigrationsAdminTest:test_list_migrations_in_flavor_resize_situation): 200 GET http://10.180.1.21/compute/v2.1/servers/736293eb-5964-4543-8fe7-ba0e89bcbe74 0.555s
2025-12-09 04:19:51.505 65569 INFO tempest.lib.common.rest_client [req-dd746215-6324-457b-8a4c-65858577caf3 req-dd746215-6324-457b-8a4c-65858577caf3 ] Request (ServersTestManualDisk:tearDownClass): 200 GET http://10.180.1.21/compute/v2.1/servers/a6904497-1d9b-42ba-8cd0-7a558d64410b 0.504s
2025-12-09 04:19:51.555 65583 INFO tempest.lib.common.rest_client [req-e4bfefb2-d3ac-457d-b4aa-4ed846850836 req-e4bfefb2-d3ac-457d-b4aa-4ed846850836 ] Request (ServerDiskConfigTestJSON:test_resize_server_from_auto_to_manual): 200 GET http://10.180.1.21/compute/v2.1/servers/c8ef2ca6-bbb8-4858-9e39-aa8899b85422 0.496s
2025-12-09 04:19:51.612 65561 INFO tempest.lib.common.rest_client [req-bfdf5605-00c4-4634-a474-1596b3529ac6 req-bfdf5605-00c4-4634-a474-1596b3529ac6 ] Request (ServersTestMultiNic:test_verify_multiple_nics_order): 200 GET http://10.180.1.21/compute/v2.1/servers/0b920512-ffda-4e31-b4d0-593a0e4017c4 0.491s
2025-12-09 04:19:51.701 65577 INFO tempest.lib.common.rest_client [req-c9433976-4b69-4dd9-9fea-17ede8a6497d req-c9433976-4b69-4dd9-9fea-17ede8a6497d ] Request (SecurityGroupsTestJSON:test_server_security_groups): 400 DELETE http://10.180.1.21/compute/v2.1/os-security-groups/18989f05-451d-43b2-a58b-a4fd8b8c86b5 0.464s
2025-12-09 04:19:51.746 65541 INFO tempest.lib.common.rest_client [req-ddc724e9-e18f-412b-a7d3-eff014d00544 req-ddc724e9-e18f-412b-a7d3-eff014d00544 ] Request (ListServerFiltersTestJSON:test_list_servers_filtered_by_name_regex): 200 GET http://10.180.1.21/compute/v2.1/servers?name=-625048369 0.481s
2025-12-09 04:19:51.814 65573 INFO tempest.lib.common.rest_client [req-34810f55-3962-4c34-ae46-d66a7b128314 req-34810f55-3962-4c34-ae46-d66a7b128314 ] Request (ServerShowV247Test:test_update_rebuild_list_server): 200 GET http://10.180.1.21/compute/v2.1/servers/07a314bd-1d77-4459-869d-dbb5a9df1d6a 0.502s
2025-12-09 04:19:51.824 65573 INFO tempest.common.waiters [-] State transition "BUILD/scheduling" ==> "BUILD/None" after 34 second wait
2025-12-09 04:19:51.885 65571 INFO tempest.lib.common.rest_client [req-d3e25240-b85b-4d89-a488-84137afac373 req-d3e25240-b85b-4d89-a488-84137afac373 ] Request (MultipleCreateTestJSON:test_multiple_create_with_reservation_return): 200 GET http://10.180.1.21/compute/v2.1/servers/73d3ee88-acb6-4ff1-b14e-9c63ddf6aa57 0.506s
2025-12-09 04:19:51.939 65565 INFO tempest.lib.common.rest_client [req-b9bbfcc0-cd08-48d6-b407-3aa181ca49e8 req-b9bbfcc0-cd08-48d6-b407-3aa181ca49e8 ] Request (ServersTestFqdnHostnames:test_create_server_with_fqdn_name): 200 GET http://10.180.1.21/compute/v2.1/servers/cf841036-c6ba-41c5-a3ff-45cf608af996 0.502s
2025-12-09 04:19:52.000 65527 INFO tempest.lib.common.rest_client [req-64ea4ecc-dcbf-4976-881d-b1ae3992a1a2 req-64ea4ecc-dcbf-4976-881d-b1ae3992a1a2 ] Request (ServerShowV254Test:test_rebuild_server): 200 GET http://10.180.1.21/compute/v2.1/servers/91fd1037-1cc7-4e5b-92b0-9577c6e1defd 0.509s
2025-12-09 04:19:52.075 65575 INFO tempest.lib.common.rest_client [req-d19a97b9-b617-44b5-8e66-00a2448d0c3f req-d19a97b9-b617-44b5-8e66-00a2448d0c3f ] Request (ServerAddressesTestJSON:tearDownClass): 200 GET http://10.180.1.21/compute/v2.1/servers/d204b1b4-5de1-458a-9e26-bfedb53ed9f5 0.519s
2025-12-09 04:19:52.173 65535 INFO tempest.lib.common.rest_client [req-60a081c5-4e07-4b90-b015-3995ab74f04a req-60a081c5-4e07-4b90-b015-3995ab74f04a ] Request (FloatingIPDetailsTestJSON:test_get_floating_ip_details): 200 POST http://10.180.1.21/compute/v2.1/os-floating-ips 1.158s
2025-12-09 04:19:52.192 65577 INFO tempest.lib.common.rest_client [req-42300631-491f-40f6-8b82-ef3ab59843d5 req-42300631-491f-40f6-8b82-ef3ab59843d5 ] Request (SecurityGroupsTestJSON:test_server_security_groups): 202 POST http://10.180.1.21/compute/v2.1/servers/e0ce4776-473e-4249-9131-2a96a6f7def1/action 0.490s
2025-12-09 04:19:52.243 65541 INFO tempest.lib.common.rest_client [req-086f0e75-6668-4e78-8e93-4c96ab5e5e7f req-086f0e75-6668-4e78-8e93-4c96ab5e5e7f ] Request (ListServerFiltersTestJSON:test_list_servers_filtered_by_name_wildcard): 200 GET http://10.180.1.21/compute/v2.1/servers?name=-instance 0.495s
2025-12-09 04:19:52.312 65581 INFO tempest.lib.common.rest_client [req-818e2422-17db-4b07-a913-8110206fa54d req-818e2422-17db-4b07-a913-8110206fa54d ] Request (FloatingIPsAssociationTestJSON:tearDownClass): 200 GET http://10.180.1.21/compute/v2.1/servers/852245d0-9e56-41ff-a889-d674b3bdaad9 0.449s
2025-12-09 04:19:52.314 65533 INFO tempest.lib.common.rest_client [req-1a1272f4-368e-4873-b828-0b6535e05293 req-1a1272f4-368e-4873-b828-0b6535e05293 ] Request (ServersAdminTestJSON:tearDownClass): 200 GET http://10.180.1.21/compute/v2.1/servers/14d72945-e33d-4858-a279-7c689fc2fb78 0.558s
2025-12-09 04:19:52.365 65557 INFO tempest.lib.common.rest_client [req-aed8479f-780f-4567-a3ee-afa0d5acf002 req-aed8479f-780f-4567-a3ee-afa0d5acf002 ] Request (ServersTestJSON:setUpClass): 200 GET http://10.180.1.21/compute/v2.1/servers/9b880a9b-8990-4e39-ad45-1dfc0ffd2d14 0.288s
2025-12-09 04:19:52.381 65545 INFO tempest.lib.common.rest_client [req-726e2b12-3088-4fc7-aeb4-0f61e004650a req-726e2b12-3088-4fc7-aeb4-0f61e004650a ] Request (AttachVolumeNegativeTest:test_attach_attached_volume_to_different_server): 200 GET http://10.180.1.21/compute/v2.1/servers/8dc88070-1888-44cf-95cb-975cd9e81c85 0.462s
2025-12-09 04:19:52.436 65579 INFO tempest.lib.common.rest_client [req-62225438-a882-4aa4-a326-944a27f2c225 req-62225438-a882-4aa4-a326-944a27f2c225 ] Request (ServersWithSpecificFlavorTestJSON:test_verify_created_server_ephemeral_disk): 200 GET http://10.180.1.21/compute/v2.1/servers/0a2a9ed4-6270-4155-8f11-f9584d2017f0 0.315s
2025-12-09 04:19:52.459 65535 INFO tempest.lib.common.rest_client [req-76b0c73d-ff94-476b-a7ff-fa313910bb5c req-76b0c73d-ff94-476b-a7ff-fa313910bb5c ] Request (FloatingIPDetailsTestJSON:test_get_floating_ip_details): 200 GET http://10.180.1.21/compute/v2.1/os-floating-ips/8e8db9fa-6028-4522-8313-e6e303cae1b0 0.284s
2025-12-09 04:19:52.501 65553 INFO tempest.lib.common.rest_client [req-6547bd32-96ca-4cd7-b2ca-5513768255f0 req-6547bd32-96ca-4cd7-b2ca-5513768255f0 ] Request (ListServersNegativeTestJSON:tearDownClass): 200 GET http://10.180.1.21/compute/v2.1/servers/d755dc4d-ba7d-4869-ad6b-b60df9133ad6 0.310s
2025-12-09 04:19:52.550 65541 INFO tempest.lib.common.rest_client [req-e8e38253-e543-445a-8459-0e2e64bc826f req-e8e38253-e543-445a-8459-0e2e64bc826f ] Request (ListServerFiltersTestJSON:test_list_servers_filtered_by_name_wildcard): 200 GET http://10.180.1.21/compute/v2.1/servers?name=t-ListServerFiltersTestJSON-instance-62504836 0.304s
2025-12-09 04:19:52.581 65577 INFO tempest.lib.common.rest_client [req-3198513f-0844-42b6-ab30-1e6825282871 req-3198513f-0844-42b6-ab30-1e6825282871 ] Request (SecurityGroupsTestJSON:test_server_security_groups): 200 GET http://10.180.1.21/compute/v2.1/servers/e0ce4776-473e-4249-9131-2a96a6f7def1 0.388s
2025-12-09 04:19:52.616 65529 INFO tempest.lib.common.rest_client [req-6f0939b8-156e-4739-910c-da67711d6884 req-6f0939b8-156e-4739-910c-da67711d6884 ] Request (ServerMetadataNegativeTestJSON:setUpClass): 200 GET http://10.180.1.21/compute/v2.1/servers/aadbdb7a-773a-496a-a1bc-53c6d7d0f19a 0.321s
2025-12-09 04:19:52.642 65559 INFO tempest.lib.common.rest_client [req-77494511-67c8-4d02-bbc9-855a9dd4b8e0 req-77494511-67c8-4d02-bbc9-855a9dd4b8e0 ] Request (ImagesTestJSON:test_create_server_from_snapshot): 200 GET http://10.180.1.21/compute/v2.1/servers/af72cbc6-0a9e-4695-8ad4-f4d0c1a77da3 0.313s
2025-12-09 04:19:52.671 65523 INFO tempest.lib.common.rest_client [req-ee743602-b47b-427b-b845-113a2aeb38e0 req-ee743602-b47b-427b-b845-113a2aeb38e0 ] Request (ServersNegativeTestJSON:setUpClass): 200 GET http://10.180.1.21/compute/v2.1/servers/268215b3-3a10-4956-8539-214c34eea0a2 0.313s
2025-12-09 04:19:52.792 65537 WARNING tempest.lib.common.ssh [-] Failed to establish authenticated ssh connection to cirros@10.180.180.152 ([Errno None] Unable to connect to port 22 on 10.180.180.152). Number attempts: 6. Retry after 7 seconds.: paramiko.ssh_exception.NoValidConnectionsError: [Errno None] Unable to connect to port 22 on 10.180.180.152
2025-12-09 04:19:52.812 65585 INFO tempest.lib.common.rest_client [req-71847dc2-8d75-49b1-bfa3-eb72d00bf4c0 req-71847dc2-8d75-49b1-bfa3-eb72d00bf4c0 ] Request (ServerAddressesNegativeTestJSON:setUpClass): 200 GET http://10.180.1.21/compute/v2.1/servers/57330613-b975-4e0b-abb2-4bcf4a066291 0.376s
2025-12-09 04:19:52.938 65531 INFO tempest.lib.common.rest_client [req-a301c8c1-a4cb-4f9a-9e63-e6c0d1eb6437 req-a301c8c1-a4cb-4f9a-9e63-e6c0d1eb6437 ] Request (MigrationsAdminTest:test_list_migrations_in_flavor_resize_situation): 200 GET http://10.180.1.21/compute/v2.1/servers/736293eb-5964-4543-8fe7-ba0e89bcbe74 0.429s
2025-12-09 04:19:53.045 65569 INFO tempest.lib.common.rest_client [req-255334c7-0fa6-4665-8d4b-b5a3351437c5 req-255334c7-0fa6-4665-8d4b-b5a3351437c5 ] Request (ServersTestManualDisk:tearDownClass): 200 GET http://10.180.1.21/compute/v2.1/servers/a6904497-1d9b-42ba-8cd0-7a558d64410b 0.530s
2025-12-09 04:19:53.138 65541 INFO tempest.lib.common.rest_client [req-6f23180f-c83c-4e2b-9637-21a875bb3ff0 req-6f23180f-c83c-4e2b-9637-21a875bb3ff0 ] Request (ListServerFiltersTestJSON:tearDownClass): 204 DELETE http://10.180.1.21/compute/v2.1/servers/f2b1583b-4a05-4759-aa13-20489ac5eaba 0.578s
2025-12-09 04:19:53.175 65535 INFO tempest.lib.common.rest_client [req-a54a0ba2-6e78-4156-b28e-3849f5f9740a req-a54a0ba2-6e78-4156-b28e-3849f5f9740a ] Request (FloatingIPDetailsTestJSON:_run_cleanups): 202 DELETE http://10.180.1.21/compute/v2.1/os-floating-ips/8e8db9fa-6028-4522-8313-e6e303cae1b0 0.713s
2025-12-09 04:19:53.196 65583 INFO tempest.lib.common.rest_client [req-064a4fba-7b8c-4e6f-8d93-834484873c7f req-064a4fba-7b8c-4e6f-8d93-834484873c7f ] Request (ServerDiskConfigTestJSON:test_resize_server_from_auto_to_manual): 200 GET http://10.180.1.21/compute/v2.1/servers/c8ef2ca6-bbb8-4858-9e39-aa8899b85422 0.631s
2025-12-09 04:19:53.240 65561 INFO tempest.lib.common.rest_client [req-45202f33-664e-4591-bc47-a395ba610cad req-45202f33-664e-4591-bc47-a395ba610cad ] Request (ServersTestMultiNic:test_verify_multiple_nics_order): 200 GET http://10.180.1.21/compute/v2.1/servers/0b920512-ffda-4e31-b4d0-593a0e4017c4 0.618s
2025-12-09 04:19:53.253 65573 INFO tempest.lib.common.rest_client [req-756f5b84-dec0-41e0-b55f-a1b3ad6a4b90 req-756f5b84-dec0-41e0-b55f-a1b3ad6a4b90 ] Request (ServerShowV247Test:test_update_rebuild_list_server): 200 GET http://10.180.1.21/compute/v2.1/servers/07a314bd-1d77-4459-869d-dbb5a9df1d6a 0.428s
2025-12-09 04:19:53.287 65571 INFO tempest.lib.common.rest_client [req-1d7a9b0e-3d8b-41b3-adee-5300e2422285 req-1d7a9b0e-3d8b-41b3-adee-5300e2422285 ] Request (MultipleCreateTestJSON:test_multiple_create_with_reservation_return): 200 GET http://10.180.1.21/compute/v2.1/servers/73d3ee88-acb6-4ff1-b14e-9c63ddf6aa57 0.394s
2025-12-09 04:19:53.299 65565 INFO tempest.lib.common.rest_client [req-e0c2737b-ef31-4663-9ee7-6f60274a66cf req-e0c2737b-ef31-4663-9ee7-6f60274a66cf ] Request (ServersTestFqdnHostnames:test_create_server_with_fqdn_name): 200 GET http://10.180.1.21/compute/v2.1/servers/cf841036-c6ba-41c5-a3ff-45cf608af996 0.348s
2025-12-09 04:19:53.334 65527 INFO tempest.lib.common.rest_client [req-467ba760-9d56-40e6-8d6d-470ef263a8ea req-467ba760-9d56-40e6-8d6d-470ef263a8ea ] Request (ServerShowV254Test:test_rebuild_server): 200 GET http://10.180.1.21/compute/v2.1/servers/91fd1037-1cc7-4e5b-92b0-9577c6e1defd 0.324s
2025-12-09 04:19:53.352 65575 INFO tempest.lib.common.rest_client [req-6ebc8814-fead-48ea-80c6-5095926289bf req-6ebc8814-fead-48ea-80c6-5095926289bf ] Request (ServerAddressesTestJSON:tearDownClass): 200 GET http://10.180.1.21/compute/v2.1/servers/d204b1b4-5de1-458a-9e26-bfedb53ed9f5 0.261s
2025-12-09 04:19:53.441 65535 INFO tempest.lib.common.rest_client [req-42f0fb21-b997-4df8-87d8-682e5f7d3858 req-42f0fb21-b997-4df8-87d8-682e5f7d3858 ] Request (FloatingIPDetailsTestJSON:test_list_floating_ips): 200 GET http://10.180.1.21/compute/v2.1/os-floating-ips 0.264s
2025-12-09 04:19:53.449 65541 INFO tempest.lib.common.rest_client [req-05720f39-c81c-49c7-a0b5-dd6c747e5892 req-05720f39-c81c-49c7-a0b5-dd6c747e5892 ] Request (ListServerFiltersTestJSON:tearDownClass): 200 GET http://10.180.1.21/compute/v2.1/servers/f2b1583b-4a05-4759-aa13-20489ac5eaba 0.310s
2025-12-09 04:19:53.495 65581 INFO tempest.lib.common.rest_client [req-3f2b951f-81fc-485c-b14d-362b2d2037ea req-3f2b951f-81fc-485c-b14d-362b2d2037ea ] Request (FloatingIPsAssociationTestJSON:tearDownClass): 200 GET http://10.180.1.21/compute/v2.1/servers/852245d0-9e56-41ff-a889-d674b3bdaad9 0.175s
2025-12-09 04:19:53.496 65533 INFO tempest.lib.common.rest_client [req-75138d83-115e-4bc2-92c2-94df7a0508cd req-75138d83-115e-4bc2-92c2-94df7a0508cd ] Request (ServersAdminTestJSON:tearDownClass): 200 GET http://10.180.1.21/compute/v2.1/servers/14d72945-e33d-4858-a279-7c689fc2fb78 0.174s
2025-12-09 04:19:53.541 65557 INFO tempest.lib.common.rest_client [req-2a788e5a-90f9-4c18-a09a-ff5945096c33 req-2a788e5a-90f9-4c18-a09a-ff5945096c33 ] Request (ServersTestJSON:setUpClass): 200 GET http://10.180.1.21/compute/v2.1/servers/9b880a9b-8990-4e39-ad45-1dfc0ffd2d14 0.167s
2025-12-09 04:19:53.542 65545 INFO tempest.lib.common.rest_client [req-72f79e0c-a090-4068-b3d3-b677e0091d9d req-72f79e0c-a090-4068-b3d3-b677e0091d9d ] Request (AttachVolumeNegativeTest:test_attach_attached_volume_to_different_server): 200 GET http://10.180.1.21/compute/v2.1/servers/8dc88070-1888-44cf-95cb-975cd9e81c85 0.152s
2025-12-09 04:19:53.587 65579 INFO tempest.lib.common.rest_client [req-60447990-0888-48e4-add0-a2d0688172fe req-60447990-0888-48e4-add0-a2d0688172fe ] Request (ServersWithSpecificFlavorTestJSON:test_verify_created_server_ephemeral_disk): 200 GET http://10.180.1.21/compute/v2.1/servers/0a2a9ed4-6270-4155-8f11-f9584d2017f0 0.142s
2025-12-09 04:19:53.643 65553 INFO tempest.lib.common.rest_client [req-458d9d18-856f-4bb0-a419-a92092215e4e req-458d9d18-856f-4bb0-a419-a92092215e4e ] Request (ListServersNegativeTestJSON:tearDownClass): 200 GET http://10.180.1.21/compute/v2.1/servers/d755dc4d-ba7d-4869-ad6b-b60df9133ad6 0.134s
2025-12-09 04:19:53.735 65577 INFO tempest.lib.common.rest_client [req-23a49798-8118-43b0-af1e-ffe76fa33004 req-23a49798-8118-43b0-af1e-ffe76fa33004 ] Request (SecurityGroupsTestJSON:test_server_security_groups): 200 GET http://10.180.1.21/compute/v2.1/servers/e0ce4776-473e-4249-9131-2a96a6f7def1 0.146s
2025-12-09 04:19:53.785 65539 WARNING tempest.lib.common.ssh [-] Failed to establish authenticated ssh connection to cirros@10.180.180.146 ([Errno None] Unable to connect to port 22 on 10.180.180.146). Number attempts: 1. Retry after 2 seconds.: paramiko.ssh_exception.NoValidConnectionsError: [Errno None] Unable to connect to port 22 on 10.180.180.146
2025-12-09 04:19:53.806 65529 INFO tempest.lib.common.rest_client [req-92e29f65-a3d8-4e1d-88b8-ac1d9bad5889 req-92e29f65-a3d8-4e1d-88b8-ac1d9bad5889 ] Request (ServerMetadataNegativeTestJSON:setUpClass): 200 GET http://10.180.1.21/compute/v2.1/servers/aadbdb7a-773a-496a-a1bc-53c6d7d0f19a 0.181s
2025-12-09 04:19:53.872 65559 INFO tempest.lib.common.rest_client [req-4b39c086-91f9-4751-849b-4efc2a349860 req-4b39c086-91f9-4751-849b-4efc2a349860 ] Request (ImagesTestJSON:test_create_server_from_snapshot): 200 GET http://10.180.1.21/compute/v2.1/servers/af72cbc6-0a9e-4695-8ad4-f4d0c1a77da3 0.220s
2025-12-09 04:19:53.903 65535 INFO tempest.lib.common.rest_client [req-609d783f-61a0-476d-bbdd-63751d2a0e9a req-609d783f-61a0-476d-bbdd-63751d2a0e9a ] Request (FloatingIPDetailsTestJSON:tearDownClass): 202 DELETE http://10.180.1.21/compute/v2.1/os-floating-ips/a3f45ffb-fd33-4af6-a890-447b00828373 0.458s
2025-12-09 04:19:53.934 65523 INFO tempest.lib.common.rest_client [req-11e80ddf-7071-4e6b-88e3-514434e2443c req-11e80ddf-7071-4e6b-88e3-514434e2443c ] Request (ServersNegativeTestJSON:setUpClass): 200 GET http://10.180.1.21/compute/v2.1/servers/268215b3-3a10-4956-8539-214c34eea0a2 0.254s
2025-12-09 04:19:54.030 65585 INFO tempest.lib.common.rest_client [req-e6767848-0652-4707-952b-9a1e556f1767 req-e6767848-0652-4707-952b-9a1e556f1767 ] Request (ServerAddressesNegativeTestJSON:setUpClass): 200 GET http://10.180.1.21/compute/v2.1/servers/57330613-b975-4e0b-abb2-4bcf4a066291 0.206s
2025-12-09 04:19:54.119 65531 INFO tempest.lib.common.rest_client [req-83f34f09-d979-4d9f-a401-c8e4f65419bb req-83f34f09-d979-4d9f-a401-c8e4f65419bb ] Request (MigrationsAdminTest:test_list_migrations_in_flavor_resize_situation): 200 GET http://10.180.1.21/compute/v2.1/servers/736293eb-5964-4543-8fe7-ba0e89bcbe74 0.169s
2025-12-09 04:19:54.189 65569 INFO tempest.lib.common.rest_client [req-88f3bcec-2c7e-4e62-8803-af4e9d0cd303 req-88f3bcec-2c7e-4e62-8803-af4e9d0cd303 ] Request (ServersTestManualDisk:tearDownClass): 200 GET http://10.180.1.21/compute/v2.1/servers/a6904497-1d9b-42ba-8cd0-7a558d64410b 0.135s
2025-12-09 04:19:54.327 65583 INFO tempest.lib.common.rest_client [req-da3784cf-498a-4f45-80f2-de0ebd6c40a5 req-da3784cf-498a-4f45-80f2-de0ebd6c40a5 ] Request (ServerDiskConfigTestJSON:test_resize_server_from_auto_to_manual): 200 GET http://10.180.1.21/compute/v2.1/servers/c8ef2ca6-bbb8-4858-9e39-aa8899b85422 0.122s
2025-12-09 04:19:54.354 65535 INFO tempest.lib.common.rest_client [req-6f104f33-a83e-4b38-9580-14e38259b0d2 req-6f104f33-a83e-4b38-9580-14e38259b0d2 ] Request (FloatingIPDetailsTestJSON:tearDownClass): 202 DELETE http://10.180.1.21/compute/v2.1/os-floating-ips/ca7ab174-90da-432c-83e1-ebdac5a24c87 0.451s
2025-12-09 04:19:54.378 65561 INFO tempest.lib.common.rest_client [req-c921944c-b196-4203-9b76-a31ef4ac36be req-c921944c-b196-4203-9b76-a31ef4ac36be ] Request (ServersTestMultiNic:test_verify_multiple_nics_order): 200 GET http://10.180.1.21/compute/v2.1/servers/0b920512-ffda-4e31-b4d0-593a0e4017c4 0.128s
2025-12-09 04:19:54.414 65573 INFO tempest.lib.common.rest_client [req-f99f3f66-9a9c-44e6-a33e-5a54c350230d req-f99f3f66-9a9c-44e6-a33e-5a54c350230d ] Request (ServerShowV247Test:test_update_rebuild_list_server): 200 GET http://10.180.1.21/compute/v2.1/servers/07a314bd-1d77-4459-869d-dbb5a9df1d6a 0.152s
2025-12-09 04:19:54.430 65571 INFO tempest.lib.common.rest_client [req-156fef23-2001-4db4-8562-5c4a12f98e53 req-156fef23-2001-4db4-8562-5c4a12f98e53 ] Request (MultipleCreateTestJSON:test_multiple_create_with_reservation_return): 200 GET http://10.180.1.21/compute/v2.1/servers/73d3ee88-acb6-4ff1-b14e-9c63ddf6aa57 0.136s
2025-12-09 04:19:54.460 65565 INFO tempest.lib.common.rest_client [req-f707211d-70e6-45ce-b827-260f6194a6e5 req-f707211d-70e6-45ce-b827-260f6194a6e5 ] Request (ServersTestFqdnHostnames:test_create_server_with_fqdn_name): 200 GET http://10.180.1.21/compute/v2.1/servers/cf841036-c6ba-41c5-a3ff-45cf608af996 0.153s
2025-12-09 04:19:54.482 65527 INFO tempest.lib.common.rest_client [req-f467f891-6697-41a8-8a3d-a33f621b8a8d req-f467f891-6697-41a8-8a3d-a33f621b8a8d ] Request (ServerShowV254Test:test_rebuild_server): 200 GET http://10.180.1.21/compute/v2.1/servers/91fd1037-1cc7-4e5b-92b0-9577c6e1defd 0.139s
2025-12-09 04:19:54.545 65575 INFO tempest.lib.common.rest_client [req-02309aee-39ac-4d65-9f22-ef161f0187cd req-02309aee-39ac-4d65-9f22-ef161f0187cd ] Request (ServerAddressesTestJSON:tearDownClass): 200 GET http://10.180.1.21/compute/v2.1/servers/d204b1b4-5de1-458a-9e26-bfedb53ed9f5 0.186s
2025-12-09 04:19:54.659 65541 INFO tempest.lib.common.rest_client [req-4421e370-173f-463d-9838-fd445cb683e6 req-4421e370-173f-463d-9838-fd445cb683e6 ] Request (ListServerFiltersTestJSON:tearDownClass): 200 GET http://10.180.1.21/compute/v2.1/servers/f2b1583b-4a05-4759-aa13-20489ac5eaba 0.198s
2025-12-09 04:19:54.747 65581 INFO tempest.lib.common.rest_client [req-96d7f780-d00f-4c01-b100-74e112a575b2 req-96d7f780-d00f-4c01-b100-74e112a575b2 ] Request (FloatingIPsAssociationTestJSON:tearDownClass): 200 GET http://10.180.1.21/compute/v2.1/servers/852245d0-9e56-41ff-a889-d674b3bdaad9 0.244s
2025-12-09 04:19:54.778 65535 INFO tempest.lib.common.rest_client [req-60be7aa9-138b-4ddb-8dac-a03dceb90827 req-60be7aa9-138b-4ddb-8dac-a03dceb90827 ] Request (FloatingIPDetailsTestJSON:tearDownClass): 202 DELETE http://10.180.1.21/compute/v2.1/os-floating-ips/d2a853e7-15a7-4b0f-895d-c60399925cc0 0.423s
