2025-12-09 04:15:44.219 65573 INFO tempest.lib.common.dynamic_creds [-] Acquired dynamic creds: credentials: Credentials: {'domain_id': 'default', 'domain_name': 'Default', 'username': 'tempest-AZAdminNegativeTestJSON-2127701056-project-admin', 'project_domain_id': 'default', 'project_domain_name': 'Default', 'project_id': '0e2547b8d1984740b8f1f3982ad023d2', 'project_name': 'tempest-AZAdminNegativeTestJSON-2127701056', 'tenant_id': '0e2547b8d1984740b8f1f3982ad023d2', 'tenant_name': 'tempest-AZAdminNegativeTestJSON-2127701056', 'user_domain_id': 'default', 'user_domain_name': 'Default', 'user_id': '01e88d84ad3c491d905ee5ec1f6326e0', 'system': None}, Network: None, Subnet: None, Router: None
2025-12-09 04:15:44.219 65573 INFO tempest.lib.common.dynamic_creds [-] Created isolated network resources for: credentials: Credentials: {'domain_id': 'default', 'domain_name': 'Default', 'username': 'tempest-AZAdminNegativeTestJSON-2127701056-project-admin', 'project_domain_id': 'default', 'project_domain_name': 'Default', 'project_id': '0e2547b8d1984740b8f1f3982ad023d2', 'project_name': 'tempest-AZAdminNegativeTestJSON-2127701056', 'tenant_id': '0e2547b8d1984740b8f1f3982ad023d2', 'tenant_name': 'tempest-AZAdminNegativeTestJSON-2127701056', 'user_domain_id': 'default', 'user_domain_name': 'Default', 'user_id': '01e88d84ad3c491d905ee5ec1f6326e0', 'system': None}, Network: None, Subnet: None, Router: None
2025-12-09 04:15:44.263 65557 INFO tempest.lib.common.rest_client [req-894d75c7-9ee6-4507-98ea-7fed3e6c355c req-894d75c7-9ee6-4507-98ea-7fed3e6c355c ] Request (FlavorsExtraSpecsNegativeTestJSON:setUpClass): 204 PUT http://10.180.1.21/identity/v3/projects/4f4e42df6d174d2e84e83eb08814112f/users/47c26c5652ff40769e3a535e43bc3191/roles/c9ee9415316a4efaaa383f3008232eb3 0.462s
2025-12-09 04:15:44.263 65557 INFO tempest.lib.common.dynamic_creds [-] Dynamic test user 47c26c5652ff40769e3a535e43bc3191 is created with scope project and roles: ['admin']
2025-12-09 04:15:44.264 65557 INFO tempest.lib.common.dynamic_creds [-] Acquired dynamic creds: credentials: Credentials: {'domain_id': 'default', 'domain_name': 'Default', 'username': 'tempest-FlavorsExtraSpecsNegativeTestJSON-2100758997-project-admin', 'project_domain_id': 'default', 'project_domain_name': 'Default', 'project_id': '4f4e42df6d174d2e84e83eb08814112f', 'project_name': 'tempest-FlavorsExtraSpecsNegativeTestJSON-2100758997', 'tenant_id': '4f4e42df6d174d2e84e83eb08814112f', 'tenant_name': 'tempest-FlavorsExtraSpecsNegativeTestJSON-2100758997', 'user_domain_id': 'default', 'user_domain_name': 'Default', 'user_id': '47c26c5652ff40769e3a535e43bc3191', 'system': None}, Network: None, Subnet: None, Router: None
2025-12-09 04:15:44.264 65557 INFO tempest.lib.common.dynamic_creds [-] Created isolated network resources for: credentials: Credentials: {'domain_id': 'default', 'domain_name': 'Default', 'username': 'tempest-FlavorsExtraSpecsNegativeTestJSON-2100758997-project-admin', 'project_domain_id': 'default', 'project_domain_name': 'Default', 'project_id': '4f4e42df6d174d2e84e83eb08814112f', 'project_name': 'tempest-FlavorsExtraSpecsNegativeTestJSON-2100758997', 'tenant_id': '4f4e42df6d174d2e84e83eb08814112f', 'tenant_name': 'tempest-FlavorsExtraSpecsNegativeTestJSON-2100758997', 'user_domain_id': 'default', 'user_domain_name': 'Default', 'user_id': '47c26c5652ff40769e3a535e43bc3191', 'system': None}, Network: None, Subnet: None, Router: None
2025-12-09 04:15:44.282 65583 INFO tempest.lib.common.rest_client [req-5405463f-babe-46e0-95a8-03ae7dac581d req-5405463f-babe-46e0-95a8-03ae7dac581d ] Request (AttachInterfacesV270Test:setUpClass): 201 POST http://10.180.1.21/identity/v3/auth/tokens 0.484s
2025-12-09 04:15:44.314 65565 INFO tempest.lib.common.rest_client [req-7b19712a-85fd-408f-9f3d-def6e5c5e380 req-7b19712a-85fd-408f-9f3d-def6e5c5e380 ] Request (FlavorsV261TestJSON:setUpClass): 204 PUT http://10.180.1.21/identity/v3/projects/82344c2bb10942beb30631365af16a1c/users/3f44b63feec849f79c0c584f85d44f63/roles/c9ee9415316a4efaaa383f3008232eb3 0.471s
2025-12-09 04:15:44.314 65565 INFO tempest.lib.common.dynamic_creds [-] Dynamic test user 3f44b63feec849f79c0c584f85d44f63 is created with scope project and roles: ['admin']
2025-12-09 04:15:44.314 65565 INFO tempest.lib.common.dynamic_creds [-] Acquired dynamic creds: credentials: Credentials: {'domain_id': 'default', 'domain_name': 'Default', 'username': 'tempest-FlavorsV261TestJSON-1076408759-project-admin', 'project_domain_id': 'default', 'project_domain_name': 'Default', 'project_id': '82344c2bb10942beb30631365af16a1c', 'project_name': 'tempest-FlavorsV261TestJSON-1076408759', 'tenant_id': '82344c2bb10942beb30631365af16a1c', 'tenant_name': 'tempest-FlavorsV261TestJSON-1076408759', 'user_domain_id': 'default', 'user_domain_name': 'Default', 'user_id': '3f44b63feec849f79c0c584f85d44f63', 'system': None}, Network: None, Subnet: None, Router: None
2025-12-09 04:15:44.314 65565 INFO tempest.lib.common.dynamic_creds [-] Created isolated network resources for: credentials: Credentials: {'domain_id': 'default', 'domain_name': 'Default', 'username': 'tempest-FlavorsV261TestJSON-1076408759-project-admin', 'project_domain_id': 'default', 'project_domain_name': 'Default', 'project_id': '82344c2bb10942beb30631365af16a1c', 'project_name': 'tempest-FlavorsV261TestJSON-1076408759', 'tenant_id': '82344c2bb10942beb30631365af16a1c', 'tenant_name': 'tempest-FlavorsV261TestJSON-1076408759', 'user_domain_id': 'default', 'user_domain_name': 'Default', 'user_id': '3f44b63feec849f79c0c584f85d44f63', 'system': None}, Network: None, Subnet: None, Router: None
2025-12-09 04:15:44.328 65569 INFO tempest.lib.common.rest_client [req-06c0f59d-96cb-4882-b554-bf46033f96d2 req-06c0f59d-96cb-4882-b554-bf46033f96d2 ] Request (NetworksTest:setUpClass): 204 PUT http://10.180.1.21/identity/v3/projects/734bb7e05f2745578f5c1ff38636802a/users/bf5492eacf2843cba686d7d44fe9d9e1/roles/c9ee9415316a4efaaa383f3008232eb3 0.466s
2025-12-09 04:15:44.328 65569 INFO tempest.lib.common.dynamic_creds [-] Dynamic test user bf5492eacf2843cba686d7d44fe9d9e1 is created with scope project and roles: ['admin']
2025-12-09 04:15:44.328 65569 INFO tempest.lib.common.dynamic_creds [-] Acquired dynamic creds: credentials: Credentials: {'domain_id': 'default', 'domain_name': 'Default', 'username': 'tempest-NetworksTest-1449579505-project-admin', 'project_domain_id': 'default', 'project_domain_name': 'Default', 'project_id': '734bb7e05f2745578f5c1ff38636802a', 'project_name': 'tempest-NetworksTest-1449579505', 'tenant_id': '734bb7e05f2745578f5c1ff38636802a', 'tenant_name': 'tempest-NetworksTest-1449579505', 'user_domain_id': 'default', 'user_domain_name': 'Default', 'user_id': 'bf5492eacf2843cba686d7d44fe9d9e1', 'system': None}, Network: None, Subnet: None, Router: None
2025-12-09 04:15:44.328 65569 INFO tempest.lib.common.dynamic_creds [-] Created isolated network resources for: credentials: Credentials: {'domain_id': 'default', 'domain_name': 'Default', 'username': 'tempest-NetworksTest-1449579505-project-admin', 'project_domain_id': 'default', 'project_domain_name': 'Default', 'project_id': '734bb7e05f2745578f5c1ff38636802a', 'project_name': 'tempest-NetworksTest-1449579505', 'tenant_id': '734bb7e05f2745578f5c1ff38636802a', 'tenant_name': 'tempest-NetworksTest-1449579505', 'user_domain_id': 'default', 'user_domain_name': 'Default', 'user_id': 'bf5492eacf2843cba686d7d44fe9d9e1', 'system': None}, Network: None, Subnet: None, Router: None
2025-12-09 04:15:44.388 65563 INFO tempest.lib.common.rest_client [req-b470a6ed-82db-4f99-98e1-755f382c60e0 req-b470a6ed-82db-4f99-98e1-755f382c60e0 ] Request (QuotasAdminTestJSON:setUpClass): 201 POST http://10.180.1.21/identity/v3/auth/tokens 0.500s
2025-12-09 04:15:44.389 65563 WARNING tempest.lib.common.rest_client [-] Deprecated: "tenant_id" property is deprecated for removal, use "project_id" instead
2025-12-09 04:15:44.391 65581 INFO tempest.lib.common.rest_client [req-10125479-7d23-4dde-b3df-e77a90037e6b req-10125479-7d23-4dde-b3df-e77a90037e6b ] Request (QuotasAdminTestV257:setUpClass): 204 PUT http://10.180.1.21/identity/v3/projects/f40bcd488050401b8fd0b8977b88d76d/users/4fed5991c35443d0bcb4bdde22f16100/roles/c9ee9415316a4efaaa383f3008232eb3 0.508s
2025-12-09 04:15:44.391 65581 INFO tempest.lib.common.dynamic_creds [-] Dynamic test user 4fed5991c35443d0bcb4bdde22f16100 is created with scope project and roles: ['admin']
2025-12-09 04:15:44.391 65581 INFO tempest.lib.common.dynamic_creds [-] Acquired dynamic creds: credentials: Credentials: {'domain_id': 'default', 'domain_name': 'Default', 'username': 'tempest-QuotasAdminTestV257-1587389077-project-admin', 'project_domain_id': 'default', 'project_domain_name': 'Default', 'project_id': 'f40bcd488050401b8fd0b8977b88d76d', 'project_name': 'tempest-QuotasAdminTestV257-1587389077', 'tenant_id': 'f40bcd488050401b8fd0b8977b88d76d', 'tenant_name': 'tempest-QuotasAdminTestV257-1587389077', 'user_domain_id': 'default', 'user_domain_name': 'Default', 'user_id': '4fed5991c35443d0bcb4bdde22f16100', 'system': None}, Network: None, Subnet: None, Router: None
2025-12-09 04:15:44.392 65581 INFO tempest.lib.common.dynamic_creds [-] Created isolated network resources for: credentials: Credentials: {'domain_id': 'default', 'domain_name': 'Default', 'username': 'tempest-QuotasAdminTestV257-1587389077-project-admin', 'project_domain_id': 'default', 'project_domain_name': 'Default', 'project_id': 'f40bcd488050401b8fd0b8977b88d76d', 'project_name': 'tempest-QuotasAdminTestV257-1587389077', 'tenant_id': 'f40bcd488050401b8fd0b8977b88d76d', 'tenant_name': 'tempest-QuotasAdminTestV257-1587389077', 'user_domain_id': 'default', 'user_domain_name': 'Default', 'user_id': '4fed5991c35443d0bcb4bdde22f16100', 'system': None}, Network: None, Subnet: None, Router: None
2025-12-09 04:15:44.440 65556 INFO tempest.lib.common.rest_client [req-9504b911-3e8a-4ad0-82ac-9211aaf8a52c req-9504b911-3e8a-4ad0-82ac-9211aaf8a52c ] Request (ServicesAdminNegativeV253TestJSON:setUpClass): 204 PUT http://10.180.1.21/identity/v3/projects/e0cc49d07ac84e4aaf7410d4269ce36e/users/e61d99414602481fb90696907e07be22/roles/c9ee9415316a4efaaa383f3008232eb3 0.509s
2025-12-09 04:15:44.440 65556 INFO tempest.lib.common.dynamic_creds [-] Dynamic test user e61d99414602481fb90696907e07be22 is created with scope project and roles: ['admin']
2025-12-09 04:15:44.440 65556 INFO tempest.lib.common.dynamic_creds [-] Acquired dynamic creds: credentials: Credentials: {'domain_id': 'default', 'domain_name': 'Default', 'username': 'tempest-ServicesAdminNegativeV253TestJSON-444596549-project-admin', 'project_domain_id': 'default', 'project_domain_name': 'Default', 'project_id': 'e0cc49d07ac84e4aaf7410d4269ce36e', 'project_name': 'tempest-ServicesAdminNegativeV253TestJSON-444596549', 'tenant_id': 'e0cc49d07ac84e4aaf7410d4269ce36e', 'tenant_name': 'tempest-ServicesAdminNegativeV253TestJSON-444596549', 'user_domain_id': 'default', 'user_domain_name': 'Default', 'user_id': 'e61d99414602481fb90696907e07be22', 'system': None}, Network: None, Subnet: None, Router: None
2025-12-09 04:15:44.440 65556 INFO tempest.lib.common.dynamic_creds [-] Created isolated network resources for: credentials: Credentials: {'domain_id': 'default', 'domain_name': 'Default', 'username': 'tempest-ServicesAdminNegativeV253TestJSON-444596549-project-admin', 'project_domain_id': 'default', 'project_domain_name': 'Default', 'project_id': 'e0cc49d07ac84e4aaf7410d4269ce36e', 'project_name': 'tempest-ServicesAdminNegativeV253TestJSON-444596549', 'tenant_id': 'e0cc49d07ac84e4aaf7410d4269ce36e', 'tenant_name': 'tempest-ServicesAdminNegativeV253TestJSON-444596549', 'user_domain_id': 'default', 'user_domain_name': 'Default', 'user_id': 'e61d99414602481fb90696907e07be22', 'system': None}, Network: None, Subnet: None, Router: None
2025-12-09 04:15:44.502 65585 INFO tempest.lib.common.rest_client [req-479cf272-4a7d-4060-945f-13e42b24efce req-479cf272-4a7d-4060-945f-13e42b24efce ] Request (FlavorsAccessNegativeTestJSON:setUpClass): 201 POST http://10.180.1.21/identity/v3/auth/tokens 0.543s
2025-12-09 04:15:44.503 65585 WARNING tempest.lib.common.rest_client [-] Deprecated: "tenant_id" property is deprecated for removal, use "project_id" instead
2025-12-09 04:15:44.569 65567 INFO tempest.lib.common.rest_client [req-0e5be0f4-f2f4-49b7-b8fd-9780d7b5bf41 req-0e5be0f4-f2f4-49b7-b8fd-9780d7b5bf41 ] Request (AttachInterfacesTestJSON:setUpClass): 201 POST http://10.180.1.21/networking/v2.0/routers 1.796s
2025-12-09 04:15:44.598 65549 INFO tempest.lib.common.rest_client [req-8463aa4b-e40d-44d2-bbe3-2316f1de4852 req-8463aa4b-e40d-44d2-bbe3-2316f1de4852 ] Request (AZAdminV2TestJSON:setUpClass): 201 POST http://10.180.1.21/identity/v3/auth/tokens 0.583s
2025-12-09 04:15:44.637 65547 INFO tempest.lib.common.rest_client [req-6a265123-92f8-4b89-bbfe-3448f0e6f42e req-6a265123-92f8-4b89-bbfe-3448f0e6f42e ] Request (ListImageFiltersNegativeTestJSON:test_get_nonexistent_image): 404 GET http://10.180.1.21/compute/v2.1/images/90b3851b-a6b8-44c5-aecb-b480ff9fb375 3.823s
2025-12-09 04:15:44.655 65543 INFO tempest.lib.common.rest_client [req-f2a8ff5e-d6ef-4663-80b8-3a60fed33330 req-f2a8ff5e-d6ef-4663-80b8-3a60fed33330 ] Request (FlavorMetadataValidation:setUpClass): 204 PUT http://10.180.1.21/identity/v3/projects/e4470d438fb545df95c4acdc3f852168/users/af7e7d6f9c2a47ea98f993226de465cf/roles/c9ee9415316a4efaaa383f3008232eb3 0.602s
2025-12-09 04:15:44.655 65543 INFO tempest.lib.common.dynamic_creds [-] Dynamic test user af7e7d6f9c2a47ea98f993226de465cf is created with scope project and roles: ['admin']
2025-12-09 04:15:44.656 65543 INFO tempest.lib.common.dynamic_creds [-] Acquired dynamic creds: credentials: Credentials: {'domain_id': 'default', 'domain_name': 'Default', 'username': 'tempest-FlavorMetadataValidation-1429421525-project-admin', 'project_domain_id': 'default', 'project_domain_name': 'Default', 'project_id': 'e4470d438fb545df95c4acdc3f852168', 'project_name': 'tempest-FlavorMetadataValidation-1429421525', 'tenant_id': 'e4470d438fb545df95c4acdc3f852168', 'tenant_name': 'tempest-FlavorMetadataValidation-1429421525', 'user_domain_id': 'default', 'user_domain_name': 'Default', 'user_id': 'af7e7d6f9c2a47ea98f993226de465cf', 'system': None}, Network: None, Subnet: None, Router: None
2025-12-09 04:15:44.656 65543 INFO tempest.lib.common.dynamic_creds [-] Created isolated network resources for: credentials: Credentials: {'domain_id': 'default', 'domain_name': 'Default', 'username': 'tempest-FlavorMetadataValidation-1429421525-project-admin', 'project_domain_id': 'default', 'project_domain_name': 'Default', 'project_id': 'e4470d438fb545df95c4acdc3f852168', 'project_name': 'tempest-FlavorMetadataValidation-1429421525', 'tenant_id': 'e4470d438fb545df95c4acdc3f852168', 'tenant_name': 'tempest-FlavorMetadataValidation-1429421525', 'user_domain_id': 'default', 'user_domain_name': 'Default', 'user_id': 'af7e7d6f9c2a47ea98f993226de465cf', 'system': None}, Network: None, Subnet: None, Router: None
2025-12-09 04:15:44.661 65577 INFO tempest.lib.common.rest_client [req-e835ab76-4a40-4513-b65b-a0f616e66231 req-e835ab76-4a40-4513-b65b-a0f616e66231 ] Request (QuotasAdminTestV236:setUpClass): 204 PUT http://10.180.1.21/identity/v3/projects/ba89575009ae40d4b6f842a9991a62f6/users/4300a787f2544fb682b797b87df72c7f/roles/c9ee9415316a4efaaa383f3008232eb3 0.606s
2025-12-09 04:15:44.661 65577 INFO tempest.lib.common.dynamic_creds [-] Dynamic test user 4300a787f2544fb682b797b87df72c7f is created with scope project and roles: ['admin']
2025-12-09 04:15:44.661 65577 INFO tempest.lib.common.dynamic_creds [-] Acquired dynamic creds: credentials: Credentials: {'domain_id': 'default', 'domain_name': 'Default', 'username': 'tempest-QuotasAdminTestV236-1629734061-project-admin', 'project_domain_id': 'default', 'project_domain_name': 'Default', 'project_id': 'ba89575009ae40d4b6f842a9991a62f6', 'project_name': 'tempest-QuotasAdminTestV236-1629734061', 'tenant_id': 'ba89575009ae40d4b6f842a9991a62f6', 'tenant_name': 'tempest-QuotasAdminTestV236-1629734061', 'user_domain_id': 'default', 'user_domain_name': 'Default', 'user_id': '4300a787f2544fb682b797b87df72c7f', 'system': None}, Network: None, Subnet: None, Router: None
2025-12-09 04:15:44.662 65577 INFO tempest.lib.common.dynamic_creds [-] Created isolated network resources for: credentials: Credentials: {'domain_id': 'default', 'domain_name': 'Default', 'username': 'tempest-QuotasAdminTestV236-1629734061-project-admin', 'project_domain_id': 'default', 'project_domain_name': 'Default', 'project_id': 'ba89575009ae40d4b6f842a9991a62f6', 'project_name': 'tempest-QuotasAdminTestV236-1629734061', 'tenant_id': 'ba89575009ae40d4b6f842a9991a62f6', 'tenant_name': 'tempest-QuotasAdminTestV236-1629734061', 'user_domain_id': 'default', 'user_domain_name': 'Default', 'user_id': '4300a787f2544fb682b797b87df72c7f', 'system': None}, Network: None, Subnet: None, Router: None
2025-12-09 04:15:44.685 65527 INFO tempest.lib.common.rest_client [req-063d06fb-d62c-48fa-98e2-d9041ab97b8b req-063d06fb-d62c-48fa-98e2-d9041ab97b8b ] Request (HostsAdminTestJSON:tearDownClass): 200 GET http://10.180.1.21/networking/v2.0/security-groups?tenant_id=0f093c1281f0407ba6c28e30d9294d3a&name=default 1.719s
2025-12-09 04:15:44.726 65531 INFO tempest.lib.common.rest_client [req-79cab330-49c0-4f7e-86d3-9a3333a93f08 req-79cab330-49c0-4f7e-86d3-9a3333a93f08 ] Request (AggregatesAdminNegativeTestJSON:setUpClass): 201 POST http://10.180.1.21/identity/v3/auth/tokens 0.637s
2025-12-09 04:15:44.728 65545 INFO tempest.lib.common.rest_client [req-e64f3401-b930-49ed-be45-d056392b46e8 req-e64f3401-b930-49ed-be45-d056392b46e8 ] Request (FlavorsAdminTestJSON:setUpClass): 204 PUT http://10.180.1.21/identity/v3/projects/20a91eaa084c4eaa9da66c528f32efb5/users/e3745bdd68bc45bb84832d1eede31813/roles/c9ee9415316a4efaaa383f3008232eb3 0.655s
2025-12-09 04:15:44.728 65545 INFO tempest.lib.common.dynamic_creds [-] Dynamic test user e3745bdd68bc45bb84832d1eede31813 is created with scope project and roles: ['admin']
2025-12-09 04:15:44.728 65545 INFO tempest.lib.common.dynamic_creds [-] Acquired dynamic creds: credentials: Credentials: {'domain_id': 'default', 'domain_name': 'Default', 'username': 'tempest-FlavorsAdminTestJSON-2071734505-project-admin', 'project_domain_id': 'default', 'project_domain_name': 'Default', 'project_id': '20a91eaa084c4eaa9da66c528f32efb5', 'project_name': 'tempest-FlavorsAdminTestJSON-2071734505', 'tenant_id': '20a91eaa084c4eaa9da66c528f32efb5', 'tenant_name': 'tempest-FlavorsAdminTestJSON-2071734505', 'user_domain_id': 'default', 'user_domain_name': 'Default', 'user_id': 'e3745bdd68bc45bb84832d1eede31813', 'system': None}, Network: None, Subnet: None, Router: None
2025-12-09 04:15:44.729 65545 INFO tempest.lib.common.dynamic_creds [-] Created isolated network resources for: credentials: Credentials: {'domain_id': 'default', 'domain_name': 'Default', 'username': 'tempest-FlavorsAdminTestJSON-2071734505-project-admin', 'project_domain_id': 'default', 'project_domain_name': 'Default', 'project_id': '20a91eaa084c4eaa9da66c528f32efb5', 'project_name': 'tempest-FlavorsAdminTestJSON-2071734505', 'tenant_id': '20a91eaa084c4eaa9da66c528f32efb5', 'tenant_name': 'tempest-FlavorsAdminTestJSON-2071734505', 'user_domain_id': 'default', 'user_domain_name': 'Default', 'user_id': 'e3745bdd68bc45bb84832d1eede31813', 'system': None}, Network: None, Subnet: None, Router: None
2025-12-09 04:15:44.739 65553 INFO tempest.lib.common.rest_client [req-4e2876d3-51fb-4e49-8cbb-e102cd21aac2 req-4e2876d3-51fb-4e49-8cbb-e102cd21aac2 ] Request (SecurityGroupsTestAdminJSON:test_list_security_groups_list_all_tenants_filter): 200 POST http://10.180.1.21/compute/v2.1/os-security-groups 4.044s
2025-12-09 04:15:44.781 65541 INFO tempest.lib.common.rest_client [req-e73cf849-f533-4b58-a178-b0218b63775c req-e73cf849-f533-4b58-a178-b0218b63775c ] Request (FlavorsV255TestJSON:test_crud_flavor): 200 PUT http://10.180.1.21/compute/v2.1/flavors/1778649060 3.502s
2025-12-09 04:15:44.781 65523 INFO tempest.lib.common.rest_client [req-89c5eb3b-a530-47ce-977c-7488e133385e req-89c5eb3b-a530-47ce-977c-7488e133385e ] Request (KeyPairsV2TestJSON:tearDownClass): 204 DELETE http://10.180.1.21/networking/v2.0/security-groups/e32566b3-e8f8-4973-9b9d-b390fcb08ddb 1.246s
2025-12-09 04:15:44.794 65535 INFO tempest.lib.common.rest_client [req-c9473509-8717-49c7-b9cd-09051a612aee req-c9473509-8717-49c7-b9cd-09051a612aee ] Request (ServersAdminNegativeTestJSON:setUpClass): 201 POST http://10.180.1.21/identity/v3/projects 0.678s
2025-12-09 04:15:44.815 65575 INFO tempest.lib.common.rest_client [req-9e98ea2a-a3c8-4807-85db-ab48f8f0577c req-9e98ea2a-a3c8-4807-85db-ab48f8f0577c ] Request (DeleteServersAdminTestJSON:setUpClass): 201 POST http://10.180.1.21/identity/v3/auth/tokens 0.682s
2025-12-09 04:15:44.877 65529 INFO tempest.lib.common.rest_client [req-3391a732-1638-46b6-842d-b5c51b4941db req-3391a732-1638-46b6-842d-b5c51b4941db ] Request (HypervisorAdminV228Test:setUpClass): 201 POST http://10.180.1.21/identity/v3/auth/tokens 0.740s
2025-12-09 04:15:44.894 65537 INFO tempest.lib.common.rest_client [req-f7cb82bf-1147-4600-870f-8c6531a7c00d req-f7cb82bf-1147-4600-870f-8c6531a7c00d ] Request (FlavorsExtraSpecsTestJSON:setUpClass): 201 POST http://10.180.1.21/identity/v3/auth/tokens 0.713s
2025-12-09 04:15:44.949 65571 INFO tempest.lib.common.rest_client [req-b533ef1f-0d62-49bf-9b7d-852369f8d799 req-b533ef1f-0d62-49bf-9b7d-852369f8d799 ] Request (HostsAdminNegativeTestJSON:setUpClass): 201 POST http://10.180.1.21/identity/v3/auth/tokens 0.763s
2025-12-09 04:15:44.977 65573 INFO tempest.lib.common.rest_client [req-9c61edce-3c93-47e6-ac58-619a2b00ea5f req-9c61edce-3c93-47e6-ac58-619a2b00ea5f ] Request (AZAdminNegativeTestJSON:setUpClass): 201 POST http://10.180.1.21/identity/v3/auth/tokens 0.755s
2025-12-09 04:15:45.025 65551 INFO tempest.lib.common.rest_client [req-43385d6b-ca43-4255-8ff5-a23f4f26ce32 req-43385d6b-ca43-4255-8ff5-a23f4f26ce32 ] Request (HypervisorAdminV253TestBase:setUpClass): 201 POST http://10.180.1.21/identity/v3/auth/tokens 0.803s
2025-12-09 04:15:45.046 65557 INFO tempest.lib.common.rest_client [req-d10130a8-c6ea-42c3-a2b2-83f3ba2cadab req-d10130a8-c6ea-42c3-a2b2-83f3ba2cadab ] Request (FlavorsExtraSpecsNegativeTestJSON:setUpClass): 201 POST http://10.180.1.21/identity/v3/auth/tokens 0.778s
2025-12-09 04:15:45.072 65583 INFO tempest.lib.common.rest_client [req-c3953960-28c2-4915-a067-436733fdf86f req-c3953960-28c2-4915-a067-436733fdf86f ] Request (AttachInterfacesV270Test:test_create_get_list_interfaces): 201 POST http://10.180.1.21/identity/v3/auth/tokens 0.785s
2025-12-09 04:15:45.072 65583 INFO tempest.lib.common.fixed_network [-] (AttachInterfacesV270Test:test_create_get_list_interfaces) Found network {'id': '70295a81-8d30-4521-968e-4260004f6500', 'name': 'tempest-AttachInterfacesV270Test-434380821-network', 'tenant_id': '32fbd0ee71804bd6b33180394c3748bc', 'project_id': '32fbd0ee71804bd6b33180394c3748bc', 'admin_state_up': True, 'mtu': 8950, 'status': 'ACTIVE', 'subnets': [], 'shared': False, 'port_security_enabled': True, 'router:external': False, 'provider:network_type': 'vlan', 'provider:physical_network': 'default', 'provider:segmentation_id': 796, 'availability_zone_hints': [], 'availability_zones': [], 'ipv4_address_scope': None, 'ipv6_address_scope': None, 'description': '', 'tags': [], 'created_at': '2025-12-09T04:15:39Z', 'updated_at': '2025-12-09T04:15:39Z', 'revision_number': 1} available for tenant
2025-12-09 04:15:45.113 65565 INFO tempest.lib.common.rest_client [req-916cc5bb-db71-4019-90c5-bf9304712e8a req-916cc5bb-db71-4019-90c5-bf9304712e8a ] Request (FlavorsV261TestJSON:setUpClass): 201 POST http://10.180.1.21/identity/v3/auth/tokens 0.796s
2025-12-09 04:15:45.134 65569 INFO tempest.lib.common.rest_client [req-c88e6919-3983-4b2c-a007-43a231a3cbc9 req-c88e6919-3983-4b2c-a007-43a231a3cbc9 ] Request (NetworksTest:setUpClass): 201 POST http://10.180.1.21/identity/v3/auth/tokens 0.803s
2025-12-09 04:15:45.172 65563 INFO tempest.lib.common.rest_client [req-d6b9b2c1-60e4-4779-9445-b77437a893f6 req-d6b9b2c1-60e4-4779-9445-b77437a893f6 ] Request (QuotasAdminTestJSON:test_delete_quota): 200 GET http://10.180.1.21/identity/v3/domains?name=Default 0.782s
2025-12-09 04:15:45.195 65581 INFO tempest.lib.common.rest_client [req-9ad03b6b-4f0a-4d51-a016-1f2191211073 req-9ad03b6b-4f0a-4d51-a016-1f2191211073 ] Request (QuotasAdminTestV257:setUpClass): 201 POST http://10.180.1.21/identity/v3/auth/tokens 0.798s
2025-12-09 04:15:45.195 65581 WARNING tempest.lib.common.rest_client [-] Deprecated: "tenant_id" property is deprecated for removal, use "project_id" instead
2025-12-09 04:15:45.234 65556 INFO tempest.lib.common.rest_client [req-2bd12398-1672-4089-9294-05a19740eb9e req-2bd12398-1672-4089-9294-05a19740eb9e ] Request (ServicesAdminNegativeV253TestJSON:setUpClass): 201 POST http://10.180.1.21/identity/v3/auth/tokens 0.790s
2025-12-09 04:15:45.304 65561 INFO tempest.lib.common.rest_client [req-587e4a53-1b18-4b7c-9775-31059917758b req-587e4a53-1b18-4b7c-9775-31059917758b ] Request (ImagesMetadataNegativeTestJSON:test_delete_nonexistent_image_metadata_item): 404 DELETE http://10.180.1.21/compute/v2.1/images/3025b051-2def-45ba-8eba-c5378490ad84/metadata/os_distro 4.360s
2025-12-09 04:15:45.328 65547 INFO tempest.lib.common.rest_client [req-e3bb80eb-a0b5-4a0a-8975-0faab5c78234 req-e3bb80eb-a0b5-4a0a-8975-0faab5c78234 ] Request (ListImageFiltersNegativeTestJSON:tearDownClass): 204 DELETE http://10.180.1.21/identity/v3/users/dd6f2b208bab4a71a48b72a4e61c822e 0.687s
2025-12-09 04:15:45.328 65547 INFO tempest.lib.common.dynamic_creds [-] Deleting project and security group for project: 3eb45dfd7d074555a4abc20eb5603e00
2025-12-09 04:15:45.358 65543 INFO tempest.lib.common.rest_client [req-8f58f13f-b787-4c46-9f94-f75ccb847561 req-8f58f13f-b787-4c46-9f94-f75ccb847561 ] Request (FlavorMetadataValidation:setUpClass): 201 POST http://10.180.1.21/identity/v3/auth/tokens 0.699s
2025-12-09 04:15:45.386 65579 INFO tempest.lib.common.rest_client [req-07612ed9-cbad-4b38-92b5-51f997c82615 req-07612ed9-cbad-4b38-92b5-51f997c82615 ] Request (VolumesAssistedSnapshotsTest:setUpClass): 201 POST http://10.180.1.21/networking/v2.0/routers 1.658s
2025-12-09 04:15:45.399 65577 INFO tempest.lib.common.rest_client [req-27fb336b-2be5-4327-8ea0-e86235fa21cb req-27fb336b-2be5-4327-8ea0-e86235fa21cb ] Request (QuotasAdminTestV236:setUpClass): 201 POST http://10.180.1.21/identity/v3/auth/tokens 0.735s
2025-12-09 04:15:45.400 65577 WARNING tempest.lib.common.rest_client [-] Deprecated: "tenant_id" property is deprecated for removal, use "project_id" instead
2025-12-09 04:15:45.415 65559 INFO tempest.lib.common.rest_client [req-e37e4e2a-61a8-4238-b0e9-c5212dda7ed7 req-e37e4e2a-61a8-4238-b0e9-c5212dda7ed7 ] Request (FloatingIPDetailsNegativeTestJSON:setUpClass): 201 POST http://10.180.1.21/networking/v2.0/routers 1.515s
2025-12-09 04:15:45.431 65545 INFO tempest.lib.common.rest_client [req-8b875816-074c-450b-adf3-b758a925f3f0 req-8b875816-074c-450b-adf3-b758a925f3f0 ] Request (FlavorsAdminTestJSON:setUpClass): 201 POST http://10.180.1.21/identity/v3/auth/tokens 0.699s
2025-12-09 04:15:45.518 65523 INFO tempest.lib.common.rest_client [req-8cd08892-77a7-4613-a3f5-b3164f4034e3 req-8cd08892-77a7-4613-a3f5-b3164f4034e3 ] Request (KeyPairsV2TestJSON:tearDownClass): 204 DELETE http://10.180.1.21/identity/v3/projects/4e9cf92bc9d44d7d8833dbe6b07e4d12 0.736s
2025-12-09 04:15:45.562 65525 INFO tempest.lib.common.rest_client [req-e871a0aa-fea5-4390-a18f-a9bc41ceaad4 req-e871a0aa-fea5-4390-a18f-a9bc41ceaad4 ] Request (HypervisorAdminNegativeTestJSON:test_get_hypervisor_list_details_with_non_admin_user): 403 GET http://10.180.1.21/compute/v2.1/os-hypervisors/detail 1.694s
2025-12-09 04:15:45.591 65535 INFO tempest.lib.common.rest_client [req-81af31c2-0a7e-4eb9-bb30-4763f713e39c req-81af31c2-0a7e-4eb9-bb30-4763f713e39c ] Request (ServersAdminNegativeTestJSON:setUpClass): 201 POST http://10.180.1.21/identity/v3/users 0.796s
2025-12-09 04:15:45.615 65575 INFO tempest.lib.common.rest_client [req-77e9041e-d858-4e1c-b560-05fd7f81a530 req-77e9041e-d858-4e1c-b560-05fd7f81a530 ] Request (DeleteServersAdminTestJSON:test_admin_delete_servers_of_others): 201 POST http://10.180.1.21/identity/v3/auth/tokens 0.793s
2025-12-09 04:15:45.616 65575 INFO tempest.lib.common.fixed_network [-] (DeleteServersAdminTestJSON:test_admin_delete_servers_of_others) Found network None available for tenant
2025-12-09 04:15:45.653 65563 INFO tempest.lib.common.rest_client [req-42d22e49-1719-4bc8-8467-c89c997fd549 req-42d22e49-1719-4bc8-8467-c89c997fd549 ] Request (QuotasAdminTestJSON:test_delete_quota): 201 POST http://10.180.1.21/identity/v3/projects 0.480s
2025-12-09 04:15:45.712 65547 INFO tempest.lib.common.rest_client [req-709cbc01-e218-4a5d-a79f-02f500e3c8b3 req-709cbc01-e218-4a5d-a79f-02f500e3c8b3 ] Request (ListImageFiltersNegativeTestJSON:tearDownClass): 201 POST http://10.180.1.21/identity/v3/auth/tokens 0.383s
2025-12-09 04:15:45.723 65539 INFO tempest.lib.common.rest_client [req-7da847ea-6561-4aaa-a0c3-81f74c325d43 req-7da847ea-6561-4aaa-a0c3-81f74c325d43 ] Request (HypervisorAdminTestJSON:test_get_hypervisor_list): 200 GET http://10.180.1.21/compute/v2.1/os-hypervisors 1.775s
2025-12-09 04:15:45.737 65523 INFO tempest.lib.common.rest_client [req-fb026c33-67cc-4ce5-afd4-a8c72ce988f4 req-fb026c33-67cc-4ce5-afd4-a8c72ce988f4 ] Request (AbsoluteLimitsNegativeTestJSON:setUpClass): 201 POST http://10.180.1.21/identity/v3/auth/tokens 0.218s
2025-12-09 04:15:45.756 65535 INFO tempest.lib.common.rest_client [req-2250c1e9-0cbc-44a6-9757-3b6e7b126924 req-2250c1e9-0cbc-44a6-9757-3b6e7b126924 ] Request (ServersAdminNegativeTestJSON:setUpClass): 200 GET http://10.180.1.21/identity/v3/roles 0.165s
2025-12-09 04:15:45.812 65563 INFO tempest.lib.common.rest_client [req-4ade5b7b-05c7-49bf-a63d-b018d75b5f9c req-4ade5b7b-05c7-49bf-a63d-b018d75b5f9c ] Request (QuotasAdminTestJSON:test_delete_quota): 200 GET http://10.180.1.21/identity/v3/domains?name=Default 0.158s
2025-12-09 04:15:45.834 65585 INFO tempest.lib.common.rest_client [req-c232373d-afa5-4fde-a414-e812e58d73da req-c232373d-afa5-4fde-a414-e812e58d73da ] Request (FlavorsAccessNegativeTestJSON:test_add_flavor_access_duplicate): 200 POST http://10.180.1.21/compute/v2.1/flavors 1.330s
2025-12-09 04:15:45.837 65523 INFO tempest.lib.common.rest_client [req-8ea79643-c11f-43c2-b074-6f4351fcc00c req-8ea79643-c11f-43c2-b074-6f4351fcc00c ] Request (AbsoluteLimitsNegativeTestJSON:setUpClass): 201 POST http://10.180.1.21/identity/v3/auth/tokens 0.097s
2025-12-09 04:15:45.861 65535 INFO tempest.lib.common.rest_client [req-6b7020f0-2691-4ced-aa73-f0c25bb70a36 req-6b7020f0-2691-4ced-aa73-f0c25bb70a36 ] Request (ServersAdminNegativeTestJSON:setUpClass): 204 PUT http://10.180.1.21/identity/v3/projects/b2fc3ca994ec45ee810c20e5806270fa/users/2ac33b1ca0924188847162902b565f2c/roles/c9ee9415316a4efaaa383f3008232eb3 0.104s
2025-12-09 04:15:45.893 65549 INFO tempest.lib.common.rest_client [req-83361b7a-dc37-49d5-acec-343882492810 req-83361b7a-dc37-49d5-acec-343882492810 ] Request (AZAdminV2TestJSON:test_get_availability_zone_list): 200 GET http://10.180.1.21/compute/v2.1/os-availability-zone 1.294s
2025-12-09 04:15:45.918 65523 INFO tempest.lib.common.rest_client [req-4a151ff8-c53d-4770-8624-348c004e3d5f req-4a151ff8-c53d-4770-8624-348c004e3d5f ] Request (AbsoluteLimitsNegativeTestJSON:setUpClass): 200 GET http://10.180.1.21/identity/v3/domains?name=Default 0.081s
2025-12-09 04:15:45.935 65535 INFO tempest.lib.common.rest_client [req-453aca39-e940-48f8-acc6-60266bad28f5 req-453aca39-e940-48f8-acc6-60266bad28f5 ] Request (ServersAdminNegativeTestJSON:setUpClass): 200 GET http://10.180.1.21/identity/v3/roles 0.074s
2025-12-09 04:15:45.963 65523 INFO tempest.lib.common.rest_client [req-2e82ebb4-adb9-4b86-a349-4216fde0fbbb req-2e82ebb4-adb9-4b86-a349-4216fde0fbbb ] Request (AbsoluteLimitsNegativeTestJSON:setUpClass): 201 POST http://10.180.1.21/identity/v3/projects 0.044s
2025-12-09 04:15:45.970 65535 INFO tempest.lib.common.rest_client [req-4d42ed9e-76b2-4dbf-a4e3-aa000af22650 req-4d42ed9e-76b2-4dbf-a4e3-aa000af22650 ] Request (ServersAdminNegativeTestJSON:setUpClass): 204 PUT http://10.180.1.21/identity/v3/projects/b2fc3ca994ec45ee810c20e5806270fa/users/2ac33b1ca0924188847162902b565f2c/roles/c9ee9415316a4efaaa383f3008232eb3 0.034s
2025-12-09 04:15:45.970 65535 INFO tempest.lib.common.dynamic_creds [-] Dynamic test user 2ac33b1ca0924188847162902b565f2c is created with scope project and roles: ['admin']
2025-12-09 04:15:45.970 65535 INFO tempest.lib.common.dynamic_creds [-] Acquired dynamic creds: credentials: Credentials: {'domain_id': 'default', 'domain_name': 'Default', 'username': 'tempest-ServersAdminNegativeTestJSON-1975362139-project-admin', 'project_domain_id': 'default', 'project_domain_name': 'Default', 'project_id': 'b2fc3ca994ec45ee810c20e5806270fa', 'project_name': 'tempest-ServersAdminNegativeTestJSON-1975362139', 'tenant_id': 'b2fc3ca994ec45ee810c20e5806270fa', 'tenant_name': 'tempest-ServersAdminNegativeTestJSON-1975362139', 'user_domain_id': 'default', 'user_domain_name': 'Default', 'user_id': '2ac33b1ca0924188847162902b565f2c', 'system': None}, Network: None, Subnet: None, Router: None
2025-12-09 04:15:45.970 65535 INFO tempest.lib.common.dynamic_creds [-] Created isolated network resources for: credentials: Credentials: {'domain_id': 'default', 'domain_name': 'Default', 'username': 'tempest-ServersAdminNegativeTestJSON-1975362139-project-admin', 'project_domain_id': 'default', 'project_domain_name': 'Default', 'project_id': 'b2fc3ca994ec45ee810c20e5806270fa', 'project_name': 'tempest-ServersAdminNegativeTestJSON-1975362139', 'tenant_id': 'b2fc3ca994ec45ee810c20e5806270fa', 'tenant_name': 'tempest-ServersAdminNegativeTestJSON-1975362139', 'user_domain_id': 'default', 'user_domain_name': 'Default', 'user_id': '2ac33b1ca0924188847162902b565f2c', 'system': None}, Network: None, Subnet: None, Router: None
2025-12-09 04:15:45.982 65531 INFO tempest.lib.common.rest_client [req-b010dfbe-3225-4ccd-af71-be619f241eb8 req-b010dfbe-3225-4ccd-af71-be619f241eb8 ] Request (AggregatesAdminNegativeTestJSON:setUpClass): 200 GET http://10.180.1.21/compute/v2.1/os-services?binary=nova-compute 1.254s
2025-12-09 04:15:46.025 65541 INFO tempest.lib.common.rest_client [req-08594e0a-f379-40b4-9216-2eeab5e74fc2 req-08594e0a-f379-40b4-9216-2eeab5e74fc2 ] Request (FlavorsV255TestJSON:test_crud_flavor): 200 GET http://10.180.1.21/compute/v2.1/flavors/detail 1.241s
2025-12-09 04:15:46.058 65533 INFO tempest.lib.common.rest_client [req-165fe3b3-9c29-46ee-8a85-145fa403b162 req-165fe3b3-9c29-46ee-8a85-145fa403b162 ] Request (ServersAdminTestJSON:setUpClass): 201 POST http://10.180.1.21/networking/v2.0/routers 2.126s
2025-12-09 04:15:46.080 65535 INFO tempest.lib.common.rest_client [req-b4b791a2-07a0-4567-8b40-2fa8d2c128f1 req-b4b791a2-07a0-4567-8b40-2fa8d2c128f1 ] Request (ServersAdminNegativeTestJSON:setUpClass): 201 POST http://10.180.1.21/identity/v3/auth/tokens 0.105s
2025-12-09 04:15:46.082 65523 INFO tempest.lib.common.rest_client [req-460c7ec5-ed4a-4814-9f02-01f285494936 req-460c7ec5-ed4a-4814-9f02-01f285494936 ] Request (AbsoluteLimitsNegativeTestJSON:setUpClass): 201 POST http://10.180.1.21/identity/v3/users 0.119s
2025-12-09 04:15:46.084 65535 WARNING tempest.lib.common.rest_client [-] Deprecated: "tenant_id" property is deprecated for removal, use "project_id" instead
2025-12-09 04:15:46.109 65523 INFO tempest.lib.common.rest_client [req-7c6d43b7-9825-4e3d-a027-97cf2aa7f489 req-7c6d43b7-9825-4e3d-a027-97cf2aa7f489 ] Request (AbsoluteLimitsNegativeTestJSON:setUpClass): 200 GET http://10.180.1.21/identity/v3/roles 0.026s
2025-12-09 04:15:46.146 65527 INFO tempest.lib.common.rest_client [req-67673640-df03-4e4c-bcb4-5ca9558b963c req-67673640-df03-4e4c-bcb4-5ca9558b963c ] Request (HostsAdminTestJSON:tearDownClass): 204 DELETE http://10.180.1.21/networking/v2.0/security-groups/e89967ca-d058-4b5d-a240-3c4ff93eb05e 1.460s
2025-12-09 04:15:46.163 65535 INFO tempest.lib.common.rest_client [req-d24799a0-2faf-4009-ad0c-8f015301b71d req-d24799a0-2faf-4009-ad0c-8f015301b71d ] Request (ServersAdminNegativeTestJSON:setUpClass): 201 POST http://10.180.1.21/identity/v3/auth/tokens 0.073s
2025-12-09 04:15:46.163 65535 INFO tempest.lib.common.fixed_network [-] (ServersAdminNegativeTestJSON:setUpClass) Found network None available for tenant
2025-12-09 04:15:46.196 65523 INFO tempest.lib.common.rest_client [req-96b8e9d6-28f8-4565-9551-ea4763bba152 req-96b8e9d6-28f8-4565-9551-ea4763bba152 ] Request (AbsoluteLimitsNegativeTestJSON:setUpClass): 204 PUT http://10.180.1.21/identity/v3/projects/1ea1feb25a564da69679900460d3fdc1/users/4388b772da984b03939c16d526ae0f5c/roles/d2678973a716490e95e47242809af916 0.086s
2025-12-09 04:15:46.196 65523 INFO tempest.lib.common.dynamic_creds [-] Dynamic test user 4388b772da984b03939c16d526ae0f5c is created with scope project and roles: ['member']
2025-12-09 04:15:46.196 65523 INFO tempest.lib.common.dynamic_creds [-] Acquired dynamic creds: credentials: Credentials: {'domain_id': 'default', 'domain_name': 'Default', 'username': 'tempest-AbsoluteLimitsNegativeTestJSON-515264487-project-member', 'project_domain_id': 'default', 'project_domain_name': 'Default', 'project_id': '1ea1feb25a564da69679900460d3fdc1', 'project_name': 'tempest-AbsoluteLimitsNegativeTestJSON-515264487', 'tenant_id': '1ea1feb25a564da69679900460d3fdc1', 'tenant_name': 'tempest-AbsoluteLimitsNegativeTestJSON-515264487', 'user_domain_id': 'default', 'user_domain_name': 'Default', 'user_id': '4388b772da984b03939c16d526ae0f5c', 'system': None}, Network: None, Subnet: None, Router: None
2025-12-09 04:15:46.196 65523 INFO tempest.lib.common.dynamic_creds [-] Created isolated network resources for: credentials: Credentials: {'domain_id': 'default', 'domain_name': 'Default', 'username': 'tempest-AbsoluteLimitsNegativeTestJSON-515264487-project-member', 'project_domain_id': 'default', 'project_domain_name': 'Default', 'project_id': '1ea1feb25a564da69679900460d3fdc1', 'project_name': 'tempest-AbsoluteLimitsNegativeTestJSON-515264487', 'tenant_id': '1ea1feb25a564da69679900460d3fdc1', 'tenant_name': 'tempest-AbsoluteLimitsNegativeTestJSON-515264487', 'user_domain_id': 'default', 'user_domain_name': 'Default', 'user_id': '4388b772da984b03939c16d526ae0f5c', 'system': None}, Network: None, Subnet: None, Router: None
2025-12-09 04:15:46.218 65529 INFO tempest.lib.common.rest_client [req-182b275b-7177-4934-b89a-e4e1411ac70f req-182b275b-7177-4934-b89a-e4e1411ac70f ] Request (HypervisorAdminV228Test:test_get_list_hypervisor_details): 200 GET http://10.180.1.21/compute/v2.1/os-hypervisors 1.339s
2025-12-09 04:15:46.239 65567 INFO tempest.lib.common.rest_client [req-81d4175a-7301-48c7-a056-96d3a0da6dda req-81d4175a-7301-48c7-a056-96d3a0da6dda ] Request (AttachInterfacesTestJSON:setUpClass): 200 PUT http://10.180.1.21/networking/v2.0/routers/c2f16369-a5a0-45c3-8c61-4b539561a4d4/add_router_interface 1.669s
2025-12-09 04:15:46.239 65567 INFO tempest.lib.common.dynamic_creds [-] Created isolated network resources for: credentials: Credentials: {'domain_id': 'default', 'domain_name': 'Default', 'username': 'tempest-AttachInterfacesTestJSON-708297032-project-member', 'project_domain_id': 'default', 'project_domain_name': 'Default', 'project_id': 'd8f1f81034124b429f8be18b494160d2', 'project_name': 'tempest-AttachInterfacesTestJSON-708297032', 'tenant_id': 'd8f1f81034124b429f8be18b494160d2', 'tenant_name': 'tempest-AttachInterfacesTestJSON-708297032', 'user_domain_id': 'default', 'user_domain_name': 'Default', 'user_id': 'd91e371c229e4c81b377fe711e2372a4', 'system': None}, Network: {'id': '1af72a51-ed0b-48e8-986a-2eaf9145aa37', 'name': 'tempest-AttachInterfacesTestJSON-240613776-network', 'tenant_id': 'd8f1f81034124b429f8be18b494160d2', 'project_id': 'd8f1f81034124b429f8be18b494160d2', 'admin_state_up': True, 'mtu': 8950, 'status': 'ACTIVE', 'subnets': [], 'shared': False, 'port_security_enabled': True, 'router:external': False, 'provider:network_type': 'vlan', 'provider:physical_network': 'default', 'provider:segmentation_id': 57, 'availability_zone_hints': [], 'availability_zones': [], 'ipv4_address_scope': None, 'ipv6_address_scope': None, 'description': '', 'tags': [], 'created_at': '2025-12-09T04:15:40Z', 'updated_at': '2025-12-09T04:15:40Z', 'revision_number': 1}, Subnet: {'id': '9d92642d-0eb3-4c57-9cb0-f3a03aad6469', 'name': 'tempest-AttachInterfacesTestJSON-240613776-subnet', 'tenant_id': 'd8f1f81034124b429f8be18b494160d2', 'network_id': '1af72a51-ed0b-48e8-986a-2eaf9145aa37', 'ip_version': 4, 'subnetpool_id': None, 'enable_dhcp': True, 'ipv6_ra_mode': None, 'ipv6_address_mode': None, 'gateway_ip': '192.168.128.1', 'cidr': '192.168.128.0/28', 'allocation_pools': [{'start': '192.168.128.2', 'end': '192.168.128.14'}], 'host_routes': [], 'dns_nameservers': [], 'description': '', 'router:external': False, 'service_types': [], 'tags': [], 'created_at': '2025-12-09T04:15:42Z', 'updated_at': '2025-12-09T04:15:42Z', 'revision_number': 0, 'project_id': 'd8f1f81034124b429f8be18b494160d2'}, Router: {'id': 'c2f16369-a5a0-45c3-8c61-4b539561a4d4', 'name': 'tempest-AttachInterfacesTestJSON-240613776-router', 'tenant_id': 'd8f1f81034124b429f8be18b494160d2', 'admin_state_up': True, 'status': 'ACTIVE', 'external_gateway_info': {'network_id': '562dbb99-c1fc-4329-823e-f0d364a44dbf', 'external_fixed_ips': [{'subnet_id': '410bdb45-52d2-4ffd-a2ac-f1d8d4c2527d', 'ip_address': '10.180.180.249'}], 'enable_snat': True}, 'description': '', 'availability_zones': [], 'distributed': False, 'ha': False, 'availability_zone_hints': [], 'routes': [], 'flavor_id': None, 'tags': [], 'created_at': '2025-12-09T04:15:43Z', 'updated_at': '2025-12-09T04:15:44Z', 'revision_number': 2, 'project_id': 'd8f1f81034124b429f8be18b494160d2'}
2025-12-09 04:15:46.285 65523 INFO tempest.lib.common.rest_client [req-a51aab6d-9e04-4b70-aa39-23e48be27a2c req-a51aab6d-9e04-4b70-aa39-23e48be27a2c ] Request (AbsoluteLimitsNegativeTestJSON:setUpClass): 201 POST http://10.180.1.21/identity/v3/auth/tokens 0.085s
2025-12-09 04:15:46.294 65527 INFO tempest.lib.common.rest_client [req-69278787-6fe7-441b-ae4c-f8a895564be6 req-69278787-6fe7-441b-ae4c-f8a895564be6 ] Request (HostsAdminTestJSON:tearDownClass): 204 DELETE http://10.180.1.21/identity/v3/projects/0f093c1281f0407ba6c28e30d9294d3a 0.146s
2025-12-09 04:15:46.356 65567 INFO tempest.lib.common.rest_client [req-8030d50d-94cb-43c3-948a-984d60381b69 req-8030d50d-94cb-43c3-948a-984d60381b69 ] Request (AttachInterfacesTestJSON:setUpClass): 201 POST http://10.180.1.21/identity/v3/auth/tokens 0.109s
2025-12-09 04:15:46.412 65527 INFO tempest.lib.common.rest_client [req-1942b8f4-01ff-4ce5-b4fd-f27dc6a11f7e req-1942b8f4-01ff-4ce5-b4fd-f27dc6a11f7e ] Request (InstanceUsageAuditLogNegativeTestJSON:setUpClass): 201 POST http://10.180.1.21/identity/v3/auth/tokens 0.116s
2025-12-09 04:15:46.432 65537 INFO tempest.lib.common.rest_client [req-302c70ac-fb6f-4dec-8731-41469c6e7ee8 req-302c70ac-fb6f-4dec-8731-41469c6e7ee8 ] Request (FlavorsExtraSpecsTestJSON:setUpClass): 200 POST http://10.180.1.21/compute/v2.1/flavors 1.536s
2025-12-09 04:15:46.457 65527 INFO tempest.lib.common.rest_client [req-bfcb16a7-fe9e-443e-8d2f-9f28f568a4b1 req-bfcb16a7-fe9e-443e-8d2f-9f28f568a4b1 ] Request (InstanceUsageAuditLogNegativeTestJSON:setUpClass): 201 POST http://10.180.1.21/identity/v3/auth/tokens 0.041s
2025-12-09 04:15:46.493 65527 INFO tempest.lib.common.rest_client [req-aaf07a1a-251d-48ce-b716-c29232a9779e req-aaf07a1a-251d-48ce-b716-c29232a9779e ] Request (InstanceUsageAuditLogNegativeTestJSON:setUpClass): 200 GET http://10.180.1.21/identity/v3/domains?name=Default 0.036s
2025-12-09 04:15:46.538 65571 INFO tempest.lib.common.rest_client [req-2a880665-9b8f-4dfe-8fa1-feaf53b8a29e req-2a880665-9b8f-4dfe-8fa1-feaf53b8a29e ] Request (HostsAdminNegativeTestJSON:setUpClass): 200 GET http://10.180.1.21/compute/v2.1/os-hosts 1.588s
2025-12-09 04:15:46.548 65527 INFO tempest.lib.common.rest_client [req-4842921c-dc3e-44e1-a1d4-d3bd9d1cd453 req-4842921c-dc3e-44e1-a1d4-d3bd9d1cd453 ] Request (InstanceUsageAuditLogNegativeTestJSON:setUpClass): 201 POST http://10.180.1.21/identity/v3/projects 0.054s
2025-12-09 04:15:46.642 65527 INFO tempest.lib.common.rest_client [req-f778282e-5732-4f0a-ae19-cfc42d72248c req-f778282e-5732-4f0a-ae19-cfc42d72248c ] Request (InstanceUsageAuditLogNegativeTestJSON:setUpClass): 201 POST http://10.180.1.21/identity/v3/users 0.094s
2025-12-09 04:15:46.670 65527 INFO tempest.lib.common.rest_client [req-122471b3-7f3a-4a03-bbed-d34e604400e3 req-122471b3-7f3a-4a03-bbed-d34e604400e3 ] Request (InstanceUsageAuditLogNegativeTestJSON:setUpClass): 200 GET http://10.180.1.21/identity/v3/roles 0.027s
2025-12-09 04:15:46.696 65527 INFO tempest.lib.common.rest_client [req-6df499ea-c4c1-47d6-895c-08ec214bfbca req-6df499ea-c4c1-47d6-895c-08ec214bfbca ] Request (InstanceUsageAuditLogNegativeTestJSON:setUpClass): 204 PUT http://10.180.1.21/identity/v3/projects/89e8b4e0bb9040b7840fec95a05ef38c/users/eb0f5a1556bb400e8f12951296f13c66/roles/d2678973a716490e95e47242809af916 0.026s
2025-12-09 04:15:46.696 65573 INFO tempest.lib.common.rest_client [req-13fffe93-a78e-45dc-ae29-c8cbdb435be4 req-13fffe93-a78e-45dc-ae29-c8cbdb435be4 ] Request (AZAdminNegativeTestJSON:test_get_availability_zone_list_detail_with_non_admin_user): 403 GET http://10.180.1.21/compute/v2.1/os-availability-zone/detail 1.718s
2025-12-09 04:15:46.696 65527 INFO tempest.lib.common.dynamic_creds [-] Dynamic test user eb0f5a1556bb400e8f12951296f13c66 is created with scope project and roles: ['member']
2025-12-09 04:15:46.696 65527 INFO tempest.lib.common.dynamic_creds [-] Acquired dynamic creds: credentials: Credentials: {'domain_id': 'default', 'domain_name': 'Default', 'username': 'tempest-InstanceUsageAuditLogNegativeTestJSON-518042163-project-member', 'project_domain_id': 'default', 'project_domain_name': 'Default', 'project_id': '89e8b4e0bb9040b7840fec95a05ef38c', 'project_name': 'tempest-InstanceUsageAuditLogNegativeTestJSON-518042163', 'tenant_id': '89e8b4e0bb9040b7840fec95a05ef38c', 'tenant_name': 'tempest-InstanceUsageAuditLogNegativeTestJSON-518042163', 'user_domain_id': 'default', 'user_domain_name': 'Default', 'user_id': 'eb0f5a1556bb400e8f12951296f13c66', 'system': None}, Network: None, Subnet: None, Router: None
2025-12-09 04:15:46.697 65527 INFO tempest.lib.common.dynamic_creds [-] Created isolated network resources for: credentials: Credentials: {'domain_id': 'default', 'domain_name': 'Default', 'username': 'tempest-InstanceUsageAuditLogNegativeTestJSON-518042163-project-member', 'project_domain_id': 'default', 'project_domain_name': 'Default', 'project_id': '89e8b4e0bb9040b7840fec95a05ef38c', 'project_name': 'tempest-InstanceUsageAuditLogNegativeTestJSON-518042163', 'tenant_id': '89e8b4e0bb9040b7840fec95a05ef38c', 'tenant_name': 'tempest-InstanceUsageAuditLogNegativeTestJSON-518042163', 'user_domain_id': 'default', 'user_domain_name': 'Default', 'user_id': 'eb0f5a1556bb400e8f12951296f13c66', 'system': None}, Network: None, Subnet: None, Router: None
2025-12-09 04:15:46.774 65527 INFO tempest.lib.common.rest_client [req-9eb5b420-4e7a-47a6-84b8-b24bb5cff2cd req-9eb5b420-4e7a-47a6-84b8-b24bb5cff2cd ] Request (InstanceUsageAuditLogNegativeTestJSON:setUpClass): 201 POST http://10.180.1.21/identity/v3/auth/tokens 0.074s
2025-12-09 04:15:46.850 65527 INFO tempest.lib.common.rest_client [req-f7ad073b-d772-4ee8-ae5f-04297286ea7b req-f7ad073b-d772-4ee8-ae5f-04297286ea7b ] Request (InstanceUsageAuditLogNegativeTestJSON:setUpClass): 201 POST http://10.180.1.21/identity/v3/projects 0.075s
2025-12-09 04:15:46.869 65551 INFO tempest.lib.common.rest_client [req-8d82076f-3791-4b13-950b-9798f9516fb2 req-8d82076f-3791-4b13-950b-9798f9516fb2 ] Request (HypervisorAdminV253TestBase:test_list_show_detail_hypervisors): 200 GET http://10.180.1.21/compute/v2.1/os-hypervisors/detail?with_servers=True 1.841s
2025-12-09 04:15:46.887 65573 INFO tempest.lib.common.rest_client [req-f47de9f9-3a10-48c4-9720-0f0e150d5193 req-f47de9f9-3a10-48c4-9720-0f0e150d5193 ] Request (AZAdminNegativeTestJSON:tearDownClass): 204 DELETE http://10.180.1.21/identity/v3/users/a967a76b403044009d5ce105a63178c2 0.184s
2025-12-09 04:15:46.954 65527 INFO tempest.lib.common.rest_client [req-087fb279-f5df-44fd-a670-b6af7c24a5be req-087fb279-f5df-44fd-a670-b6af7c24a5be ] Request (InstanceUsageAuditLogNegativeTestJSON:setUpClass): 201 POST http://10.180.1.21/identity/v3/users 0.103s
2025-12-09 04:15:47.009 65557 INFO tempest.lib.common.rest_client [req-72ad5072-f86b-4347-9f7a-b99a8de3b2a2 req-72ad5072-f86b-4347-9f7a-b99a8de3b2a2 ] Request (FlavorsExtraSpecsNegativeTestJSON:setUpClass): 200 POST http://10.180.1.21/compute/v2.1/flavors 1.961s
2025-12-09 04:15:47.019 65573 INFO tempest.lib.common.rest_client [req-c212f5ad-049f-4877-a9a0-170fc9c5ba0b req-c212f5ad-049f-4877-a9a0-170fc9c5ba0b ] Request (AZAdminNegativeTestJSON:tearDownClass): 204 DELETE http://10.180.1.21/identity/v3/users/01e88d84ad3c491d905ee5ec1f6326e0 0.132s
2025-12-09 04:15:47.021 65573 INFO tempest.lib.common.dynamic_creds [-] Deleting project and security group for project: f9cd68eaead14851ab375818b2c016b1
2025-12-09 04:15:47.048 65527 INFO tempest.lib.common.rest_client [req-c6f20481-61bb-43fc-96b3-704958b79e18 req-c6f20481-61bb-43fc-96b3-704958b79e18 ] Request (InstanceUsageAuditLogNegativeTestJSON:setUpClass): 200 GET http://10.180.1.21/identity/v3/roles 0.094s
2025-12-09 04:15:47.063 65579 INFO tempest.lib.common.rest_client [req-0ac4f000-f4ff-44b2-ae1b-d18a97884c72 req-0ac4f000-f4ff-44b2-ae1b-d18a97884c72 ] Request (VolumesAssistedSnapshotsTest:setUpClass): 200 PUT http://10.180.1.21/networking/v2.0/routers/1df4a26f-59c4-4d71-afb7-64f5db29868d/add_router_interface 1.676s
