2025-12-09 04:18:47.207 65565 INFO tempest.common.waiters [-] State transition "ACTIVE/deleting" ==> "DELETED/None" after 5 second wait
2025-12-09 04:18:47.249 65581 INFO tempest.lib.common.rest_client [req-314ca5fd-57e0-4509-8e6f-8849ce0ce30f req-314ca5fd-57e0-4509-8e6f-8849ce0ce30f ] Request (FloatingIPsAssociationTestJSON:tearDownClass): 200 GET http://10.180.1.21/compute/v2.1/servers/b0d0eaad-3012-4594-b975-afefda68dde7 1.769s
2025-12-09 04:18:47.271 65579 INFO tempest.lib.common.rest_client [req-9ba2e53b-c262-4fa7-acdc-ee7f5c1f8cf5 req-9ba2e53b-c262-4fa7-acdc-ee7f5c1f8cf5 ] Request (VolumesAssistedSnapshotsTest:tearDownClass): 204 DELETE http://10.180.1.21/networking/v2.0/networks/630676ab-db09-45de-b800-cb641d660f33 0.335s
2025-12-09 04:18:47.292 65535 INFO tempest.lib.common.rest_client [req-05481871-a583-4e51-ade6-9cdec6e3d9e4 req-05481871-a583-4e51-ade6-9cdec6e3d9e4 ] Request (ServersAdminNegativeTestJSON:tearDownClass): 200 GET http://10.180.1.21/compute/v2.1/servers/c08cafea-5922-4d1f-91c4-29ccd4c1eb3b 1.606s
2025-12-09 04:18:47.329 65529 INFO tempest.lib.common.rest_client [req-f7ce45b0-4728-4f3e-98fb-1cbba42a61c7 req-f7ce45b0-4728-4f3e-98fb-1cbba42a61c7 ] Request (ImagesOneServerTestJSON:tearDownClass): 200 GET http://10.180.1.21/compute/v2.1/servers/3918015b-989f-4576-aac8-b1953e654461 1.583s
2025-12-09 04:18:47.360 65553 INFO tempest.lib.common.rest_client [req-a511a94e-bf12-46a8-b0f6-e2e7606f1abc req-a511a94e-bf12-46a8-b0f6-e2e7606f1abc ] Request (ListServersNegativeTestJSON:setUpClass): 200 GET http://10.180.1.21/compute/v2.1/servers/361e0676-5cab-413e-9235-b8dbfbca7366 1.589s
2025-12-09 04:18:47.379 65577 INFO tempest.lib.common.rest_client [req-eb2f8a78-3516-4f7b-b24a-2590ae446ce1 req-eb2f8a78-3516-4f7b-b24a-2590ae446ce1 ] Request (SecurityGroupsTestJSON:test_server_security_groups): 200 GET http://10.180.1.21/compute/v2.1/servers/e0ce4776-473e-4249-9131-2a96a6f7def1 1.543s
2025-12-09 04:18:47.415 65541 INFO tempest.lib.common.rest_client [req-445cd3f0-6b19-431c-8879-e0bbdf449fc7 req-445cd3f0-6b19-431c-8879-e0bbdf449fc7 ] Request (ListServerFiltersTestJSON:setUpClass): 200 GET http://10.180.1.21/compute/v2.1/servers/f2b1583b-4a05-4759-aa13-20489ac5eaba 1.520s
2025-12-09 04:18:47.438 65575 INFO tempest.lib.common.rest_client [req-5126a449-b67d-432e-a14c-d32cb5468117 req-5126a449-b67d-432e-a14c-d32cb5468117 ] Request (ServerAddressesTestJSON:setUpClass): 200 GET http://10.180.1.21/compute/v2.1/servers/d204b1b4-5de1-458a-9e26-bfedb53ed9f5 1.532s
2025-12-09 04:18:47.445 65575 INFO tempest.common.waiters [-] State transition "BUILD/scheduling" ==> "BUILD/None" after 11 second wait
2025-12-09 04:18:47.467 65556 INFO tempest.lib.common.rest_client [req-95270f4f-9c4b-43de-9e23-ed4b54a227a6 req-95270f4f-9c4b-43de-9e23-ed4b54a227a6 ] Request (ServerActionsTestOtherA:setUpClass): 200 GET http://10.180.1.21/compute/v2.1/servers/47d442e0-d96a-464c-8548-7b6fa79321fa 1.393s
2025-12-09 04:18:47.503 65557 INFO tempest.lib.common.rest_client [req-1a8956fa-e5d6-40a0-89a6-c5a9c52e75ec req-1a8956fa-e5d6-40a0-89a6-c5a9c52e75ec ] Request (ServersTestBootFromVolume:tearDownClass): 200 GET http://10.180.1.21/compute/v2.1/servers/306f72f1-30b7-40ac-8116-b8c52ec51fc2 1.387s
2025-12-09 04:18:47.542 65561 INFO tempest.lib.common.rest_client [req-270affa3-7dcf-4533-be87-664997c7bfeb req-270affa3-7dcf-4533-be87-664997c7bfeb ] Request (ServersTestMultiNic:_run_cleanups): 200 GET http://10.180.1.21/compute/v2.1/servers/a1d07c36-1f33-4387-86d7-057c5ec7efc2 1.142s
2025-12-09 04:18:47.648 65533 INFO tempest.lib.common.rest_client [req-d2328de6-da83-47ae-8da6-90202c2d1fef req-d2328de6-da83-47ae-8da6-90202c2d1fef ] Request (ServersAdminTestJSON:_run_cleanups): 200 GET http://10.180.1.21/compute/v2.1/servers/b7ed279e-7f24-4d7c-b90b-40888e64d66f 1.185s
2025-12-09 04:18:47.730 65583 INFO tempest.lib.common.rest_client [req-ce524d38-39bb-422e-9744-5ae1c154d64b req-ce524d38-39bb-422e-9744-5ae1c154d64b ] Request (ServerDiskConfigTestJSON:test_rebuild_server_with_manual_disk_config): 200 PUT http://10.180.1.21/compute/v2.1/servers/f821f70d-c741-4fcb-b23f-580cd336f52d 0.908s
2025-12-09 04:18:47.738 65551 WARNING tempest.lib.common.ssh [-] Failed to establish authenticated ssh connection to cirros@10.180.180.206 ([Errno None] Unable to connect to port 22 on 10.180.180.206). Number attempts: 5. Retry after 6 seconds.: paramiko.ssh_exception.NoValidConnectionsError: [Errno None] Unable to connect to port 22 on 10.180.180.206
2025-12-09 04:18:47.792 65545 INFO tempest.lib.common.rest_client [req-54c5341e-4077-4a1e-9926-72bb93ca230c req-54c5341e-4077-4a1e-9926-72bb93ca230c ] Request (ServicesAdminNegativeTestJSON:test_get_service_by_invalid_service_and_valid_host): 200 GET http://10.180.1.21/compute/v2.1/os-services?host=devstack&binary=xxx 0.773s
2025-12-09 04:18:47.851 65543 INFO tempest.lib.common.rest_client [req-c2c5cea0-a245-4527-8108-24351ae0d064 req-c2c5cea0-a245-4527-8108-24351ae0d064 ] Request (QuotasTestJSON:test_get_quotas): 200 GET http://10.180.1.21/compute/v2.1/os-quota-sets/5ad75dbaf079485ebb3ecdbae7900699?user_id=3d50b3a80362429e8a50c0ace03e5006 0.821s
2025-12-09 04:18:47.982 65543 INFO tempest.lib.common.rest_client [req-54128675-b4cc-44fd-949e-0245606c745c req-54128675-b4cc-44fd-949e-0245606c745c ] Request (QuotasTestJSON:tearDownClass): 204 DELETE http://10.180.1.21/identity/v3/users/3d50b3a80362429e8a50c0ace03e5006 0.127s
2025-12-09 04:18:47.983 65543 INFO tempest.lib.common.dynamic_creds [-] Deleting project and security group for project: 5ad75dbaf079485ebb3ecdbae7900699
2025-12-09 04:18:48.075 65543 INFO tempest.lib.common.rest_client [req-b0dba4b0-6c45-432d-a7b2-4704e86fdcc8 req-b0dba4b0-6c45-432d-a7b2-4704e86fdcc8 ] Request (QuotasTestJSON:tearDownClass): 201 POST http://10.180.1.21/identity/v3/auth/tokens 0.092s
2025-12-09 04:18:48.121 65579 INFO tempest.lib.common.rest_client [req-aea4088f-08d8-4ea4-b3e9-10578ce443a4 req-aea4088f-08d8-4ea4-b3e9-10578ce443a4 ] Request (VolumesAssistedSnapshotsTest:tearDownClass): 200 PUT http://10.180.1.21/networking/v2.0/routers/29a212f3-f84d-475d-99c4-71132a4661dd/remove_router_interface 0.849s
2025-12-09 04:18:48.129 65539 WARNING tempest.lib.common.ssh [-] Failed to establish authenticated ssh connection to cirros@10.180.180.146 ([Errno None] Unable to connect to port 22 on 10.180.180.146). Number attempts: 7. Retry after 8 seconds.: paramiko.ssh_exception.NoValidConnectionsError: [Errno None] Unable to connect to port 22 on 10.180.180.146
2025-12-09 04:18:48.148 65585 INFO tempest.lib.common.rest_client [req-93c2aaca-0f6d-4778-a0af-a638cc3ff38f req-93c2aaca-0f6d-4778-a0af-a638cc3ff38f ] Request (ServerAddressesNegativeTestJSON:setUpClass): 202 POST http://10.180.1.21/compute/v2.1/servers 1.599s
2025-12-09 04:18:48.193 65571 INFO tempest.lib.common.rest_client [req-d4dc018b-42ea-49ad-86ab-c48b073c032e req-d4dc018b-42ea-49ad-86ab-c48b073c032e ] Request (MultipleCreateTestJSON:test_multiple_create): 200 GET http://10.180.1.21/compute/v2.1/servers/4c8aeaa6-ae2e-481e-93af-b7e08963b607 0.997s
2025-12-09 04:18:48.414 65543 INFO tempest.lib.common.rest_client [req-c2504eab-d243-4443-a425-9c22b13644ff req-c2504eab-d243-4443-a425-9c22b13644ff ] Request (QuotasTestJSON:tearDownClass): 200 GET http://10.180.1.21/networking/v2.0/security-groups?tenant_id=5ad75dbaf079485ebb3ecdbae7900699&name=default 0.338s
2025-12-09 04:18:48.698 65527 INFO tempest.lib.common.rest_client [req-7639debb-ef9c-4919-bd9a-babe5abf1165 req-7639debb-ef9c-4919-bd9a-babe5abf1165 ] Request (ServerPasswordTestJSON:tearDownClass): 200 GET http://10.180.1.21/compute/v2.1/servers/d8007e0e-6e29-43f9-84a9-b1e4e6f5aa6e 1.445s
2025-12-09 04:18:48.829 65543 INFO tempest.lib.common.rest_client [req-4dec90a8-208b-455e-99cf-5f4c4663f969 req-4dec90a8-208b-455e-99cf-5f4c4663f969 ] Request (QuotasTestJSON:tearDownClass): 204 DELETE http://10.180.1.21/networking/v2.0/security-groups/1fd30aab-1546-4184-9c96-ae4c41073d38 0.415s
2025-12-09 04:18:48.927 65543 INFO tempest.lib.common.rest_client [req-f5dc86bd-661e-477d-afe4-eb4a77a06897 req-f5dc86bd-661e-477d-afe4-eb4a77a06897 ] Request (QuotasTestJSON:tearDownClass): 204 DELETE http://10.180.1.21/identity/v3/projects/5ad75dbaf079485ebb3ecdbae7900699 0.096s
2025-12-09 04:18:48.935 65579 INFO tempest.lib.common.rest_client [req-b4cbdbb3-9908-4a47-b351-e7df57b3770e req-b4cbdbb3-9908-4a47-b351-e7df57b3770e ] Request (VolumesAssistedSnapshotsTest:tearDownClass): 204 DELETE http://10.180.1.21/networking/v2.0/routers/29a212f3-f84d-475d-99c4-71132a4661dd 0.813s
2025-12-09 04:18:48.972 65531 INFO tempest.lib.common.rest_client [req-51eebc5e-9b50-4fb8-98b7-33daefd0cfe5 req-51eebc5e-9b50-4fb8-98b7-33daefd0cfe5 ] Request (MigrationsAdminTest:test_list_migrations_in_flavor_resize_situation): 200 GET http://10.180.1.21/compute/v2.1/servers/736293eb-5964-4543-8fe7-ba0e89bcbe74 1.734s
2025-12-09 04:18:48.983 65531 INFO tempest.common.waiters [-] State transition "BUILD/None" ==> "BUILD/networking" after 40 second wait
2025-12-09 04:18:49.025 65543 INFO tempest.lib.common.rest_client [req-db963a8f-18b0-402b-895e-2e0d152a696f req-db963a8f-18b0-402b-895e-2e0d152a696f ] Request (VolumesSnapshotsTestJSON:setUpClass): 201 POST http://10.180.1.21/identity/v3/auth/tokens 0.097s
2025-12-09 04:18:49.080 65543 INFO tempest.lib.common.rest_client [req-fedab190-94c3-4dec-a956-c2ec14336971 req-fedab190-94c3-4dec-a956-c2ec14336971 ] Request (VolumesSnapshotsTestJSON:setUpClass): 201 POST http://10.180.1.21/identity/v3/auth/tokens 0.051s
2025-12-09 04:18:49.116 65543 INFO tempest.lib.common.rest_client [req-99f8a659-d12e-4c84-9c3f-9420356165fd req-99f8a659-d12e-4c84-9c3f-9420356165fd ] Request (VolumesSnapshotsTestJSON:setUpClass): 200 GET http://10.180.1.21/identity/v3/domains?name=Default 0.035s
2025-12-09 04:18:49.149 65543 INFO tempest.lib.common.rest_client [req-6b1527bc-1705-44ba-ae3e-bcefcc2d3aed req-6b1527bc-1705-44ba-ae3e-bcefcc2d3aed ] Request (VolumesSnapshotsTestJSON:setUpClass): 201 POST http://10.180.1.21/identity/v3/projects 0.032s
2025-12-09 04:18:49.171 65579 INFO tempest.lib.common.rest_client [req-3a8cdcd6-53ff-4d50-9a06-adad4a22ff1f req-3a8cdcd6-53ff-4d50-9a06-adad4a22ff1f ] Request (VolumesAssistedSnapshotsTest:tearDownClass): 204 DELETE http://10.180.1.21/networking/v2.0/subnets/496a3a2e-b244-408f-b48f-95efa9bdac72 0.236s
2025-12-09 04:18:49.201 65583 INFO tempest.lib.common.rest_client [req-7498469f-f456-4364-90b5-2a0a8fb67b1d req-7498469f-f456-4364-90b5-2a0a8fb67b1d ] Request (ServerDiskConfigTestJSON:test_rebuild_server_with_manual_disk_config): 200 GET http://10.180.1.21/compute/v2.1/servers/f821f70d-c741-4fcb-b23f-580cd336f52d 1.463s
2025-12-09 04:18:49.218 65543 INFO tempest.lib.common.rest_client [req-e2a7949a-c4a5-48ae-a003-89424af2ca8f req-e2a7949a-c4a5-48ae-a003-89424af2ca8f ] Request (VolumesSnapshotsTestJSON:setUpClass): 201 POST http://10.180.1.21/identity/v3/users 0.069s
2025-12-09 04:18:49.224 65523 INFO tempest.lib.common.rest_client [req-7b835b63-5db8-4223-869a-481a8372de31 req-7b835b63-5db8-4223-869a-481a8372de31 ] Request (ServersListShow296Test:tearDownClass): 200 GET http://10.180.1.21/compute/v2.1/servers/b99955ca-a62f-40ea-80b2-c171b764174e 1.468s
2025-12-09 04:18:49.225 65545 INFO tempest.lib.common.rest_client [req-dcee4fea-359a-4ed5-bdc5-86f0c6f827c3 req-dcee4fea-359a-4ed5-bdc5-86f0c6f827c3 ] Request (ServicesAdminNegativeTestJSON:test_get_service_with_valid_service_and_invalid_host): 200 GET http://10.180.1.21/compute/v2.1/os-services 1.430s
2025-12-09 04:18:49.256 65543 INFO tempest.lib.common.rest_client [req-82bc6f1d-55c1-4ae3-8244-df15b6b894ea req-82bc6f1d-55c1-4ae3-8244-df15b6b894ea ] Request (VolumesSnapshotsTestJSON:setUpClass): 200 GET http://10.180.1.21/identity/v3/roles 0.036s
2025-12-09 04:18:49.284 65543 INFO tempest.lib.common.rest_client [req-0d7c005c-97c7-41f1-a1f1-014da6579b64 req-0d7c005c-97c7-41f1-a1f1-014da6579b64 ] Request (VolumesSnapshotsTestJSON:setUpClass): 204 PUT http://10.180.1.21/identity/v3/projects/195ec16ced4740d39ad6648345dc74a8/users/e8b2ccb9de82485783f0c58b82a4a5b2/roles/d2678973a716490e95e47242809af916 0.027s
2025-12-09 04:18:49.284 65543 INFO tempest.lib.common.dynamic_creds [-] Dynamic test user e8b2ccb9de82485783f0c58b82a4a5b2 is created with scope project and roles: ['member']
2025-12-09 04:18:49.284 65543 INFO tempest.lib.common.dynamic_creds [-] Acquired dynamic creds: credentials: Credentials: {'domain_id': 'default', 'domain_name': 'Default', 'username': 'tempest-VolumesSnapshotsTestJSON-1442467480-project-member', 'project_domain_id': 'default', 'project_domain_name': 'Default', 'project_id': '195ec16ced4740d39ad6648345dc74a8', 'project_name': 'tempest-VolumesSnapshotsTestJSON-1442467480', 'tenant_id': '195ec16ced4740d39ad6648345dc74a8', 'tenant_name': 'tempest-VolumesSnapshotsTestJSON-1442467480', 'user_domain_id': 'default', 'user_domain_name': 'Default', 'user_id': 'e8b2ccb9de82485783f0c58b82a4a5b2', 'system': None}, Network: None, Subnet: None, Router: None
2025-12-09 04:18:49.284 65543 INFO tempest.lib.common.dynamic_creds [-] Created isolated network resources for: credentials: Credentials: {'domain_id': 'default', 'domain_name': 'Default', 'username': 'tempest-VolumesSnapshotsTestJSON-1442467480-project-member', 'project_domain_id': 'default', 'project_domain_name': 'Default', 'project_id': '195ec16ced4740d39ad6648345dc74a8', 'project_name': 'tempest-VolumesSnapshotsTestJSON-1442467480', 'tenant_id': '195ec16ced4740d39ad6648345dc74a8', 'tenant_name': 'tempest-VolumesSnapshotsTestJSON-1442467480', 'user_domain_id': 'default', 'user_domain_name': 'Default', 'user_id': 'e8b2ccb9de82485783f0c58b82a4a5b2', 'system': None}, Network: None, Subnet: None, Router: None
2025-12-09 04:18:49.364 65543 INFO tempest.lib.common.rest_client [req-7f0e895d-3ae5-498d-aada-d17a140dc7e4 req-7f0e895d-3ae5-498d-aada-d17a140dc7e4 ] Request (VolumesSnapshotsTestJSON:setUpClass): 201 POST http://10.180.1.21/identity/v3/auth/tokens 0.075s
2025-12-09 04:18:49.464 65579 INFO tempest.lib.common.rest_client [req-ef90e4db-9f2e-4ccd-bd04-e0582e23329d req-ef90e4db-9f2e-4ccd-bd04-e0582e23329d ] Request (VolumesAssistedSnapshotsTest:tearDownClass): 204 DELETE http://10.180.1.21/networking/v2.0/networks/54142d23-4232-4ef9-9cc9-52092730b9dc 0.292s
2025-12-09 04:18:49.487 65537 INFO tempest.lib.common.rest_client [req-f0b9c11c-91d8-4801-a496-31c8506dcbb2 req-f0b9c11c-91d8-4801-a496-31c8506dcbb2 ] Request (AttachVolumeTestJSON:test_attach_detach_volume): 200 GET http://10.180.1.21/compute/v2.1/servers/aef70d4b-9c19-44e1-a4b6-c634e7924bab 1.505s
2025-12-09 04:18:49.498 65567 INFO tempest.lib.common.rest_client [req-bb8718a1-f774-4ce7-ba25-e46f2232e6bd req-bb8718a1-f774-4ce7-ba25-e46f2232e6bd ] Request (AttachInterfacesTestJSON:test_create_list_show_delete_interfaces_by_network_port): 200 GET http://10.180.1.21/compute/v2.1/servers/ddf040ec-01d7-4cca-9858-fc6a2526f513 1.502s
2025-12-09 04:18:49.506 65567 INFO tempest.common.waiters [-] State transition "BUILD/scheduling" ==> "BUILD/None" after 12 second wait
2025-12-09 04:18:50.201 65569 WARNING tempest.lib.common.ssh [-] Failed to establish authenticated ssh connection to cirros@10.180.180.198 ([Errno None] Unable to connect to port 22 on 10.180.180.198). Number attempts: 9. Retry after 10 seconds.: paramiko.ssh_exception.NoValidConnectionsError: [Errno None] Unable to connect to port 22 on 10.180.180.198
2025-12-09 04:18:50.314 65579 INFO tempest.lib.common.rest_client [req-1007c5f1-94b9-486d-a6d7-270266e3d942 req-1007c5f1-94b9-486d-a6d7-270266e3d942 ] Request (VolumesAssistedSnapshotsTest:tearDownClass): 200 PUT http://10.180.1.21/networking/v2.0/routers/0be4f6e1-28d1-4585-9124-a9fae65e49d5/remove_router_interface 0.850s
2025-12-09 04:18:50.341 65559 INFO tempest.lib.common.rest_client [req-068a19aa-eda4-4ca0-ae19-bcc21cc2c953 req-068a19aa-eda4-4ca0-ae19-bcc21cc2c953 ] Request (ImagesTestJSON:test_create_server_from_snapshot): 200 GET http://10.180.1.21/compute/v2.1/servers/a0d6bc16-3f80-4f50-96a1-d317a9a00a16 2.245s
2025-12-09 04:18:50.350 65585 INFO tempest.lib.common.rest_client [req-3d431880-0660-4b33-a328-22e0fd6b9ce3 req-3d431880-0660-4b33-a328-22e0fd6b9ce3 ] Request (ServerAddressesNegativeTestJSON:setUpClass): 200 GET http://10.180.1.21/compute/v2.1/servers/57330613-b975-4e0b-abb2-4bcf4a066291 2.199s
2025-12-09 04:18:50.510 65581 INFO tempest.lib.common.rest_client [req-824399aa-74a8-4086-9870-f5d4e2a50f03 req-824399aa-74a8-4086-9870-f5d4e2a50f03 ] Request (FloatingIPsAssociationTestJSON:tearDownClass): 200 GET http://10.180.1.21/compute/v2.1/servers/b0d0eaad-3012-4594-b975-afefda68dde7 2.248s
2025-12-09 04:18:50.527 65565 INFO tempest.lib.common.rest_client [req-8e0e3f99-425f-4679-b83a-98d990847b3d req-8e0e3f99-425f-4679-b83a-98d990847b3d ] Request (AttachInterfacesUnderV243Test:_run_cleanups): 200 GET http://10.180.1.21/compute/v2.1/servers/a06aeafe-9793-4be2-b157-25f911a74710 2.317s
2025-12-09 04:18:50.579 65535 INFO tempest.lib.common.rest_client [req-0bc58e40-5002-46f4-a10c-cb25588c0a0b req-0bc58e40-5002-46f4-a10c-cb25588c0a0b ] Request (ServersAdminNegativeTestJSON:tearDownClass): 200 GET http://10.180.1.21/compute/v2.1/servers/c08cafea-5922-4d1f-91c4-29ccd4c1eb3b 2.278s
2025-12-09 04:18:50.594 65529 INFO tempest.lib.common.rest_client [req-f97b248e-9a1a-49e2-8f3f-322e53913f13 req-f97b248e-9a1a-49e2-8f3f-322e53913f13 ] Request (ImagesOneServerTestJSON:tearDownClass): 200 GET http://10.180.1.21/compute/v2.1/servers/3918015b-989f-4576-aac8-b1953e654461 2.256s
2025-12-09 04:18:50.640 65553 INFO tempest.lib.common.rest_client [req-1e75b9a6-48b8-4961-8cf2-82f906500d5f req-1e75b9a6-48b8-4961-8cf2-82f906500d5f ] Request (ListServersNegativeTestJSON:setUpClass): 200 GET http://10.180.1.21/compute/v2.1/servers/361e0676-5cab-413e-9235-b8dbfbca7366 2.269s
2025-12-09 04:18:50.659 65577 INFO tempest.lib.common.rest_client [req-990225f3-02e3-417c-b493-2ae9d98be8da req-990225f3-02e3-417c-b493-2ae9d98be8da ] Request (SecurityGroupsTestJSON:test_server_security_groups): 200 GET http://10.180.1.21/compute/v2.1/servers/e0ce4776-473e-4249-9131-2a96a6f7def1 2.269s
2025-12-09 04:18:50.670 65577 INFO tempest.common.waiters [-] State transition "BUILD/scheduling" ==> "BUILD/None" after 9 second wait
2025-12-09 04:18:50.692 65541 INFO tempest.lib.common.rest_client [req-592d54d5-cabe-431a-878b-357da3abc9ab req-592d54d5-cabe-431a-878b-357da3abc9ab ] Request (ListServerFiltersTestJSON:setUpClass): 200 GET http://10.180.1.21/compute/v2.1/servers/f2b1583b-4a05-4759-aa13-20489ac5eaba 2.266s
2025-12-09 04:18:50.713 65575 INFO tempest.lib.common.rest_client [req-fb3678f3-1a64-4d81-8b06-e8e5a9ee4cfb req-fb3678f3-1a64-4d81-8b06-e8e5a9ee4cfb ] Request (ServerAddressesTestJSON:setUpClass): 200 GET http://10.180.1.21/compute/v2.1/servers/d204b1b4-5de1-458a-9e26-bfedb53ed9f5 2.266s
2025-12-09 04:18:50.764 65556 INFO tempest.lib.common.rest_client [req-88cec561-1579-4d44-8f3a-e271f2c66058 req-88cec561-1579-4d44-8f3a-e271f2c66058 ] Request (ServerActionsTestOtherA:setUpClass): 200 GET http://10.180.1.21/compute/v2.1/servers/47d442e0-d96a-464c-8548-7b6fa79321fa 2.287s
2025-12-09 04:18:50.781 65579 INFO tempest.lib.common.rest_client [req-3d9e27f2-d3b8-4c52-b1f4-3be6218fea82 req-3d9e27f2-d3b8-4c52-b1f4-3be6218fea82 ] Request (VolumesAssistedSnapshotsTest:tearDownClass): 204 DELETE http://10.180.1.21/networking/v2.0/routers/0be4f6e1-28d1-4585-9124-a9fae65e49d5 0.466s
2025-12-09 04:18:50.808 65557 INFO tempest.lib.common.rest_client [req-de1e8522-6a0f-429d-9651-7dff034d34d2 req-de1e8522-6a0f-429d-9651-7dff034d34d2 ] Request (ServersTestBootFromVolume:tearDownClass): 200 GET http://10.180.1.21/compute/v2.1/servers/306f72f1-30b7-40ac-8116-b8c52ec51fc2 2.296s
2025-12-09 04:18:50.817 65557 INFO tempest.common.waiters [-] State transition "ACTIVE/deleting" ==> "DELETED/None" after 7 second wait
2025-12-09 04:18:50.863 65561 INFO tempest.lib.common.rest_client [req-127a6028-751c-4282-a153-72063acb1172 req-127a6028-751c-4282-a153-72063acb1172 ] Request (ServersTestMultiNic:_run_cleanups): 200 GET http://10.180.1.21/compute/v2.1/servers/a1d07c36-1f33-4387-86d7-057c5ec7efc2 2.311s
2025-12-09 04:18:50.941 65533 INFO tempest.lib.common.rest_client [req-353c8ade-4867-4fe4-ab57-7c63aa920808 req-353c8ade-4867-4fe4-ab57-7c63aa920808 ] Request (ServersAdminTestJSON:_run_cleanups): 200 GET http://10.180.1.21/compute/v2.1/servers/b7ed279e-7f24-4d7c-b90b-40888e64d66f 2.278s
2025-12-09 04:18:50.952 65533 INFO tempest.common.waiters [-] State transition "REBUILD/rebuild_spawning" ==> "ACTIVE/None" after 12 second wait
2025-12-09 04:18:50.956 65579 INFO tempest.lib.common.rest_client [req-c05e8b86-6064-4285-831e-8f017b8f5a0b req-c05e8b86-6064-4285-831e-8f017b8f5a0b ] Request (VolumesAssistedSnapshotsTest:tearDownClass): 204 DELETE http://10.180.1.21/networking/v2.0/subnets/2a9160c7-0f42-4aeb-9861-f0e767364bd7 0.175s
2025-12-09 04:18:51.020 65571 INFO tempest.lib.common.rest_client [req-d7cc3356-42af-4aa4-9728-08acee111b6c req-d7cc3356-42af-4aa4-9728-08acee111b6c ] Request (MultipleCreateTestJSON:test_multiple_create): 200 GET http://10.180.1.21/compute/v2.1/servers/4c8aeaa6-ae2e-481e-93af-b7e08963b607 1.819s
2025-12-09 04:18:51.030 65571 INFO tempest.common.waiters [-] State transition "BUILD/spawning" ==> "ACTIVE/None" after 3 second wait
2025-12-09 04:18:51.044 65545 INFO tempest.lib.common.rest_client [req-9013e3f6-54f2-4237-b106-38fe4833c67d req-9013e3f6-54f2-4237-b106-38fe4833c67d ] Request (ServicesAdminNegativeTestJSON:test_get_service_with_valid_service_and_invalid_host): 200 GET http://10.180.1.21/compute/v2.1/os-services?host=xxx&binary=nova-scheduler 1.816s
2025-12-09 04:18:51.135 65583 INFO tempest.lib.common.rest_client [req-ef7613ab-5b9d-4e8d-a1d0-adfa4d764863 req-ef7613ab-5b9d-4e8d-a1d0-adfa4d764863 ] Request (ServerDiskConfigTestJSON:test_rebuild_server_with_manual_disk_config): 200 GET http://10.180.1.21/compute/v2.1/servers/f821f70d-c741-4fcb-b23f-580cd336f52d 1.925s
2025-12-09 04:18:51.162 65527 INFO tempest.lib.common.rest_client [req-5e02c62d-ed5c-415d-8a7c-4708bdeb0aec req-5e02c62d-ed5c-415d-8a7c-4708bdeb0aec ] Request (ServerPasswordTestJSON:tearDownClass): 404 GET http://10.180.1.21/compute/v2.1/servers/d8007e0e-6e29-43f9-84a9-b1e4e6f5aa6e 1.450s
2025-12-09 04:18:51.249 65579 INFO tempest.lib.common.rest_client [req-bb27c6a4-f8de-4149-b614-38e606770828 req-bb27c6a4-f8de-4149-b614-38e606770828 ] Request (VolumesAssistedSnapshotsTest:tearDownClass): 204 DELETE http://10.180.1.21/networking/v2.0/networks/a5158302-1487-4356-a981-fe78339dd408 0.292s
2025-12-09 04:18:51.370 65543 INFO tempest.lib.common.rest_client [req-0e8d01b7-72bc-451a-9605-9cdb8a0eb73f req-0e8d01b7-72bc-451a-9605-9cdb8a0eb73f ] Request (VolumesSnapshotsTestJSON:test_volume_snapshot_create_get_list_delete): 200 POST http://10.180.1.21/compute/v2.1/os-volumes 2.004s
2025-12-09 04:18:51.396 65531 INFO tempest.lib.common.rest_client [req-11c1e956-f6e9-45ac-b2b1-806d7de25160 req-11c1e956-f6e9-45ac-b2b1-806d7de25160 ] Request (MigrationsAdminTest:test_list_migrations_in_flavor_resize_situation): 200 GET http://10.180.1.21/compute/v2.1/servers/736293eb-5964-4543-8fe7-ba0e89bcbe74 1.411s
2025-12-09 04:18:51.406 65531 INFO tempest.common.waiters [-] State transition "BUILD/networking" ==> "BUILD/spawning" after 43 second wait
2025-12-09 04:18:51.418 65579 INFO tempest.lib.common.rest_client [req-6ba73b36-1292-4924-b51a-9f745869c53d req-6ba73b36-1292-4924-b51a-9f745869c53d ] Request (VolumesAssistedSnapshotsTest:tearDownClass): 204 DELETE http://10.180.1.21/identity/v3/users/ed1404bf8e0d41769732b6878cdbdd7b 0.169s
2025-12-09 04:18:51.488 65523 INFO tempest.lib.common.rest_client [req-a592a216-1116-42d4-85a2-0380617b2c92 req-a592a216-1116-42d4-85a2-0380617b2c92 ] Request (ServersListShow296Test:tearDownClass): 200 GET http://10.180.1.21/compute/v2.1/servers/b99955ca-a62f-40ea-80b2-c171b764174e 1.251s
2025-12-09 04:18:51.503 65537 INFO tempest.lib.common.rest_client [req-f1321b31-b15c-43a4-86a0-e4518d2c8d92 req-f1321b31-b15c-43a4-86a0-e4518d2c8d92 ] Request (AttachVolumeTestJSON:test_attach_detach_volume): 200 GET http://10.180.1.21/compute/v2.1/servers/aef70d4b-9c19-44e1-a4b6-c634e7924bab 1.007s
2025-12-09 04:18:51.534 65579 INFO tempest.lib.common.rest_client [req-b71a3864-466d-4238-b053-b6f4907f61e3 req-b71a3864-466d-4238-b053-b6f4907f61e3 ] Request (VolumesAssistedSnapshotsTest:tearDownClass): 204 DELETE http://10.180.1.21/identity/v3/users/005d5412989240f0a5a4bb80d5ec0277 0.115s
2025-12-09 04:18:51.560 65567 INFO tempest.lib.common.rest_client [req-d78f03b8-ebf1-431a-b6ee-421aa61a7d0e req-d78f03b8-ebf1-431a-b6ee-421aa61a7d0e ] Request (AttachInterfacesTestJSON:test_create_list_show_delete_interfaces_by_network_port): 200 GET http://10.180.1.21/compute/v2.1/servers/ddf040ec-01d7-4cca-9858-fc6a2526f513 1.053s
2025-12-09 04:18:51.567 65533 INFO tempest.lib.common.rest_client [req-6ad4ac20-f1ee-452a-a6c5-5fca2032c71c req-6ad4ac20-f1ee-452a-a6c5-5fca2032c71c ] Request (ServersAdminTestJSON:test_reset_state_server): 202 POST http://10.180.1.21/compute/v2.1/servers/b7ed279e-7f24-4d7c-b90b-40888e64d66f/action 0.614s
2025-12-09 04:18:51.639 65571 INFO tempest.lib.common.rest_client [req-d87b6535-7508-4c08-954a-7d1838e34624 req-d87b6535-7508-4c08-954a-7d1838e34624 ] Request (MultipleCreateTestJSON:_run_cleanups): 204 DELETE http://10.180.1.21/compute/v2.1/servers/4c8aeaa6-ae2e-481e-93af-b7e08963b607 0.607s
2025-12-09 04:18:51.664 65579 INFO tempest.lib.common.rest_client [req-64a25e9d-4a83-4042-8eda-127fb6f088ba req-64a25e9d-4a83-4042-8eda-127fb6f088ba ] Request (VolumesAssistedSnapshotsTest:tearDownClass): 204 DELETE http://10.180.1.21/identity/v3/users/94fc61b22943473ab603d14db5cb7a6a 0.129s
2025-12-09 04:18:51.664 65579 INFO tempest.lib.common.dynamic_creds [-] Deleting project and security group for project: d028e65f884847b8b77fb9f73fe3072c
2025-12-09 04:18:51.690 65545 INFO tempest.lib.common.rest_client [req-a00ce93b-fc73-463f-bf48-e0867404a0a8 req-a00ce93b-fc73-463f-bf48-e0867404a0a8 ] Request (ServicesAdminNegativeTestJSON:test_list_services_with_non_admin_user): 403 GET http://10.180.1.21/compute/v2.1/os-services 0.640s
2025-12-09 04:18:51.746 65579 INFO tempest.lib.common.rest_client [req-2b513efa-622e-416c-a831-fe6a29a92951 req-2b513efa-622e-416c-a831-fe6a29a92951 ] Request (VolumesAssistedSnapshotsTest:tearDownClass): 200 GET http://10.180.1.21/networking/v2.0/security-groups?tenant_id=d028e65f884847b8b77fb9f73fe3072c&name=default 0.081s
2025-12-09 04:18:51.847 65545 INFO tempest.lib.common.rest_client [req-88ccbd0b-e1a8-4266-9fd6-07fc22b34696 req-88ccbd0b-e1a8-4266-9fd6-07fc22b34696 ] Request (ServicesAdminNegativeTestJSON:tearDownClass): 204 DELETE http://10.180.1.21/identity/v3/users/f1455dcba955413499f72a540503a0ce 0.155s
2025-12-09 04:18:51.848 65559 INFO tempest.lib.common.rest_client [req-364e48c9-9652-4109-8d80-1dfa0013cb75 req-364e48c9-9652-4109-8d80-1dfa0013cb75 ] Request (ImagesTestJSON:test_create_server_from_snapshot): 200 GET http://10.180.1.21/compute/v2.1/servers/a0d6bc16-3f80-4f50-96a1-d317a9a00a16 0.489s
2025-12-09 04:18:51.901 65583 INFO tempest.lib.common.rest_client [req-33674891-a515-44f5-b7a5-d9b4143ec6bf req-33674891-a515-44f5-b7a5-d9b4143ec6bf ] Request (ServerDiskConfigTestJSON:test_rebuild_server_with_manual_disk_config): 202 POST http://10.180.1.21/compute/v2.1/servers/f821f70d-c741-4fcb-b23f-580cd336f52d/action 0.758s
2025-12-09 04:18:51.950 65543 INFO tempest.lib.common.rest_client [req-9faa3217-846c-4ad2-886b-278cdbde756a req-9faa3217-846c-4ad2-886b-278cdbde756a ] Request (VolumesSnapshotsTestJSON:test_volume_snapshot_create_get_list_delete): 200 GET http://10.180.1.21/compute/v2.1/os-volumes/1d6f1657-07f8-4d22-8b84-48baf0ec9e2f 0.576s
2025-12-09 04:18:51.954 65543 INFO tempest.common.waiters [-] volume 1d6f1657-07f8-4d22-8b84-48baf0ec9e2f reached available after waiting for 0.953140 seconds
2025-12-09 04:18:51.966 65579 INFO tempest.lib.common.rest_client [req-16f9cf71-fb87-4bcd-b556-e9eb459f4984 req-16f9cf71-fb87-4bcd-b556-e9eb459f4984 ] Request (VolumesAssistedSnapshotsTest:tearDownClass): 204 DELETE http://10.180.1.21/networking/v2.0/security-groups/0c70a19c-ccd9-4cfe-9e7c-6214ecd856db 0.217s
2025-12-09 04:18:51.990 65585 INFO tempest.lib.common.rest_client [req-5997c1a7-8a1f-4724-af9b-78be2a6782e9 req-5997c1a7-8a1f-4724-af9b-78be2a6782e9 ] Request (ServerAddressesNegativeTestJSON:setUpClass): 200 GET http://10.180.1.21/compute/v2.1/servers/57330613-b975-4e0b-abb2-4bcf4a066291 0.622s
2025-12-09 04:18:52.021 65545 INFO tempest.lib.common.rest_client [req-e599df72-98fe-4695-9e8d-a1a43aefbead req-e599df72-98fe-4695-9e8d-a1a43aefbead ] Request (ServicesAdminNegativeTestJSON:tearDownClass): 204 DELETE http://10.180.1.21/identity/v3/users/74182f38d71e4f0cb653f4e9700f84c8 0.174s
2025-12-09 04:18:52.022 65545 INFO tempest.lib.common.dynamic_creds [-] Deleting project and security group for project: d78697b5d0c54e429212fe991a72df55
2025-12-09 04:18:52.032 65581 INFO tempest.lib.common.rest_client [req-950cba6e-d77e-45c5-adfa-880d645ddbd3 req-950cba6e-d77e-45c5-adfa-880d645ddbd3 ] Request (FloatingIPsAssociationTestJSON:tearDownClass): 200 GET http://10.180.1.21/compute/v2.1/servers/b0d0eaad-3012-4594-b975-afefda68dde7 0.508s
2025-12-09 04:18:52.069 65565 INFO tempest.lib.common.rest_client [req-340f652f-cefa-40d0-9de4-a512cac3500f req-340f652f-cefa-40d0-9de4-a512cac3500f ] Request (AttachInterfacesUnderV243Test:_run_cleanups): 200 GET http://10.180.1.21/compute/v2.1/servers/a06aeafe-9793-4be2-b157-25f911a74710 0.532s
2025-12-09 04:18:52.090 65545 INFO tempest.lib.common.rest_client [req-f5b2e8a4-b75b-4a67-b296-4670ad187aea req-f5b2e8a4-b75b-4a67-b296-4670ad187aea ] Request (ServicesAdminNegativeTestJSON:tearDownClass): 201 POST http://10.180.1.21/identity/v3/auth/tokens 0.068s
2025-12-09 04:18:52.092 65535 INFO tempest.lib.common.rest_client [req-5cbd8b35-9203-45b6-9828-e36109324d65 req-5cbd8b35-9203-45b6-9828-e36109324d65 ] Request (ServersAdminNegativeTestJSON:tearDownClass): 404 GET http://10.180.1.21/compute/v2.1/servers/c08cafea-5922-4d1f-91c4-29ccd4c1eb3b 0.504s
2025-12-09 04:18:52.103 65579 INFO tempest.lib.common.rest_client [req-70ea8705-5886-4365-bcc8-101ecbcda4ac req-70ea8705-5886-4365-bcc8-101ecbcda4ac ] Request (VolumesAssistedSnapshotsTest:tearDownClass): 204 DELETE http://10.180.1.21/identity/v3/projects/d028e65f884847b8b77fb9f73fe3072c 0.136s
2025-12-09 04:18:52.103 65579 INFO tempest.lib.common.dynamic_creds [-] Deleting project and security group for project: 1b87b8a9eed5487595d429d068d9422f
2025-12-09 04:18:52.208 65527 INFO tempest.lib.common.rest_client [req-a7f0e77c-c85f-4fa4-b328-bece5646919b req-a7f0e77c-c85f-4fa4-b328-bece5646919b ] Request (ServerPasswordTestJSON:tearDownClass): 200 PUT http://10.180.1.21/networking/v2.0/routers/f4d0aeae-969b-49ab-a6e6-85106558194d/remove_router_interface 1.045s
2025-12-09 04:18:52.231 65579 INFO tempest.lib.common.rest_client [req-def66b0a-68af-4a26-98c7-b810b074115b req-def66b0a-68af-4a26-98c7-b810b074115b ] Request (VolumesAssistedSnapshotsTest:tearDownClass): 200 GET http://10.180.1.21/networking/v2.0/security-groups?tenant_id=1b87b8a9eed5487595d429d068d9422f&name=default 0.128s
2025-12-09 04:18:52.257 65533 INFO tempest.lib.common.rest_client [req-69f8b11a-83f7-415c-a793-30fc8cf05ecb req-69f8b11a-83f7-415c-a793-30fc8cf05ecb ] Request (ServersAdminTestJSON:test_reset_state_server): 200 GET http://10.180.1.21/compute/v2.1/servers/b7ed279e-7f24-4d7c-b90b-40888e64d66f 0.689s
2025-12-09 04:18:52.277 65529 INFO tempest.lib.common.rest_client [req-f9c3d3bd-1d15-462f-94ad-757cb7c18a81 req-f9c3d3bd-1d15-462f-94ad-757cb7c18a81 ] Request (ImagesOneServerTestJSON:tearDownClass): 200 GET http://10.180.1.21/compute/v2.1/servers/3918015b-989f-4576-aac8-b1953e654461 0.675s
2025-12-09 04:18:52.341 65545 INFO tempest.lib.common.rest_client [req-0415dcb5-be8c-4df8-9e4b-3a7b4c36055c req-0415dcb5-be8c-4df8-9e4b-3a7b4c36055c ] Request (ServicesAdminNegativeTestJSON:tearDownClass): 200 GET http://10.180.1.21/networking/v2.0/security-groups?tenant_id=d78697b5d0c54e429212fe991a72df55&name=default 0.250s
2025-12-09 04:18:52.353 65571 INFO tempest.lib.common.rest_client [req-82bee602-e8dd-4624-83a9-e4896b42c114 req-82bee602-e8dd-4624-83a9-e4896b42c114 ] Request (MultipleCreateTestJSON:_run_cleanups): 204 DELETE http://10.180.1.21/compute/v2.1/servers/1dafb5ee-4495-41cd-a3a9-3dae68f8773f 0.714s
2025-12-09 04:18:52.438 65579 INFO tempest.lib.common.rest_client [req-ae9272b2-ffc9-4a89-8597-5d8913482890 req-ae9272b2-ffc9-4a89-8597-5d8913482890 ] Request (VolumesAssistedSnapshotsTest:tearDownClass): 204 DELETE http://10.180.1.21/networking/v2.0/security-groups/cf52c30c-75af-4bf5-8201-ed951cfecfca 0.206s
2025-12-09 04:18:52.469 65553 INFO tempest.lib.common.rest_client [req-922dfaa8-ee23-4248-b545-e174e11e04a4 req-922dfaa8-ee23-4248-b545-e174e11e04a4 ] Request (ListServersNegativeTestJSON:setUpClass): 200 GET http://10.180.1.21/compute/v2.1/servers/361e0676-5cab-413e-9235-b8dbfbca7366 0.815s
2025-12-09 04:18:52.535 65579 INFO tempest.lib.common.rest_client [req-9b33b6ee-cca4-4074-8572-bb589c63928e req-9b33b6ee-cca4-4074-8572-bb589c63928e ] Request (VolumesAssistedSnapshotsTest:tearDownClass): 204 DELETE http://10.180.1.21/identity/v3/projects/1b87b8a9eed5487595d429d068d9422f 0.096s
2025-12-09 04:18:52.536 65579 INFO tempest.lib.common.dynamic_creds [-] Deleting project and security group for project: 900268a26eb3474cb3d0f3faa8cb052b
2025-12-09 04:18:52.544 65545 INFO tempest.lib.common.rest_client [req-67023d21-c1d4-4206-a7d4-ca6eb2528085 req-67023d21-c1d4-4206-a7d4-ca6eb2528085 ] Request (ServicesAdminNegativeTestJSON:tearDownClass): 204 DELETE http://10.180.1.21/networking/v2.0/security-groups/7ad1b237-e5c3-4e4c-b112-aef3f8a8a978 0.202s
2025-12-09 04:18:52.569 65577 INFO tempest.lib.common.rest_client [req-ae9062cf-f91a-4255-8227-d1f67d7f0b53 req-ae9062cf-f91a-4255-8227-d1f67d7f0b53 ] Request (SecurityGroupsTestJSON:test_server_security_groups): 200 GET http://10.180.1.21/compute/v2.1/servers/e0ce4776-473e-4249-9131-2a96a6f7def1 0.898s
2025-12-09 04:18:52.586 65541 INFO tempest.lib.common.rest_client [req-a158d3b6-68e7-4e58-8a8a-90fbb4cc85e5 req-a158d3b6-68e7-4e58-8a8a-90fbb4cc85e5 ] Request (ListServerFiltersTestJSON:setUpClass): 200 GET http://10.180.1.21/compute/v2.1/servers/f2b1583b-4a05-4759-aa13-20489ac5eaba 0.879s
2025-12-09 04:18:52.600 65579 INFO tempest.lib.common.rest_client [req-640337cf-6d20-4f4d-86c9-bbe6eef60822 req-640337cf-6d20-4f4d-86c9-bbe6eef60822 ] Request (VolumesAssistedSnapshotsTest:tearDownClass): 200 GET http://10.180.1.21/networking/v2.0/security-groups?tenant_id=900268a26eb3474cb3d0f3faa8cb052b&name=default 0.064s
2025-12-09 04:18:52.670 65545 INFO tempest.lib.common.rest_client [req-569f651a-2d6c-4f7e-a98d-d033cc256714 req-569f651a-2d6c-4f7e-a98d-d033cc256714 ] Request (ServicesAdminNegativeTestJSON:tearDownClass): 204 DELETE http://10.180.1.21/identity/v3/projects/d78697b5d0c54e429212fe991a72df55 0.125s
2025-12-09 04:18:52.670 65545 INFO tempest.lib.common.dynamic_creds [-] Deleting project and security group for project: 94d48b3649b041d1b921c1b703fb3c9d
2025-12-09 04:18:52.683 65579 INFO tempest.lib.common.rest_client [req-29c6800f-8e2b-4fe5-84bb-fd80f23632f7 req-29c6800f-8e2b-4fe5-84bb-fd80f23632f7 ] Request (VolumesAssistedSnapshotsTest:tearDownClass): 204 DELETE http://10.180.1.21/networking/v2.0/security-groups/1a52d9be-0dfa-4075-9005-789229715b71 0.082s
2025-12-09 04:18:52.706 65575 INFO tempest.lib.common.rest_client [req-da9367e9-35b3-4455-ba34-5ff9aebf5932 req-da9367e9-35b3-4455-ba34-5ff9aebf5932 ] Request (ServerAddressesTestJSON:setUpClass): 200 GET http://10.180.1.21/compute/v2.1/servers/d204b1b4-5de1-458a-9e26-bfedb53ed9f5 0.978s
2025-12-09 04:18:52.735 65556 INFO tempest.lib.common.rest_client [req-307f2575-80f0-4f83-8c9a-af03261e99a0 req-307f2575-80f0-4f83-8c9a-af03261e99a0 ] Request (ServerActionsTestOtherA:setUpClass): 200 GET http://10.180.1.21/compute/v2.1/servers/47d442e0-d96a-464c-8548-7b6fa79321fa 0.962s
2025-12-09 04:18:52.819 65527 INFO tempest.lib.common.rest_client [req-088f0038-8e53-4c5e-8e2d-429fcaffab25 req-088f0038-8e53-4c5e-8e2d-429fcaffab25 ] Request (ServerPasswordTestJSON:tearDownClass): 204 DELETE http://10.180.1.21/networking/v2.0/routers/f4d0aeae-969b-49ab-a6e6-85106558194d 0.611s
2025-12-09 04:18:52.849 65579 INFO tempest.lib.common.rest_client [req-35d6b427-adc0-443d-beda-0c97f8b8cda9 req-35d6b427-adc0-443d-beda-0c97f8b8cda9 ] Request (VolumesAssistedSnapshotsTest:tearDownClass): 204 DELETE http://10.180.1.21/identity/v3/projects/900268a26eb3474cb3d0f3faa8cb052b 0.165s
2025-12-09 04:18:52.852 65561 INFO tempest.lib.common.rest_client [req-e91f9834-5d5e-4161-adda-72d7030a711b req-e91f9834-5d5e-4161-adda-72d7030a711b ] Request (ServersTestMultiNic:_run_cleanups): 200 GET http://10.180.1.21/compute/v2.1/servers/a1d07c36-1f33-4387-86d7-057c5ec7efc2 0.975s
2025-12-09 04:18:52.870 65545 INFO tempest.lib.common.rest_client [req-6d9bbb33-981f-4bf7-9412-9ea5cfbf018f req-6d9bbb33-981f-4bf7-9412-9ea5cfbf018f ] Request (ServicesAdminNegativeTestJSON:tearDownClass): 200 GET http://10.180.1.21/networking/v2.0/security-groups?tenant_id=94d48b3649b041d1b921c1b703fb3c9d&name=default 0.199s
2025-12-09 04:18:52.871 65557 INFO tempest.lib.common.rest_client [req-7c50525e-bade-496c-951a-a811db98eeaa req-7c50525e-bade-496c-951a-a811db98eeaa ] Request (ServersTestBootFromVolume:tearDownClass): 200 GET http://10.180.1.21/compute/v2.1/servers/306f72f1-30b7-40ac-8116-b8c52ec51fc2 1.052s
2025-12-09 04:18:52.971 65579 INFO tempest.lib.common.rest_client [req-a3934d9a-6986-4aa4-86e8-85481e1d8920 req-a3934d9a-6986-4aa4-86e8-85481e1d8920 ] Request (ServersWithSpecificFlavorTestJSON:setUpClass): 201 POST http://10.180.1.21/identity/v3/auth/tokens 0.119s
2025-12-09 04:18:53.011 65579 INFO tempest.lib.common.rest_client [req-e0cda5e5-ca53-4213-9e54-d659a242484c req-e0cda5e5-ca53-4213-9e54-d659a242484c ] Request (ServersWithSpecificFlavorTestJSON:setUpClass): 201 POST http://10.180.1.21/identity/v3/auth/tokens 0.037s
2025-12-09 04:18:53.013 65545 INFO tempest.lib.common.rest_client [req-7c0a34a7-2c87-4d2e-a950-e4b3151c9ae4 req-7c0a34a7-2c87-4d2e-a950-e4b3151c9ae4 ] Request (ServicesAdminNegativeTestJSON:tearDownClass): 204 DELETE http://10.180.1.21/networking/v2.0/security-groups/bb1e5419-2632-4b24-8f82-d7c319adf129 0.143s
2025-12-09 04:18:53.041 65527 INFO tempest.lib.common.rest_client [req-c26f1399-5132-4e5b-9003-7c1883735538 req-c26f1399-5132-4e5b-9003-7c1883735538 ] Request (ServerPasswordTestJSON:tearDownClass): 204 DELETE http://10.180.1.21/networking/v2.0/subnets/f4d7edf1-7c3d-4217-b7c3-4d9aa7c01410 0.222s
2025-12-09 04:18:53.054 65579 INFO tempest.lib.common.rest_client [req-e1068bb8-265d-4a6f-8017-3e7cd8437ccb req-e1068bb8-265d-4a6f-8017-3e7cd8437ccb ] Request (ServersWithSpecificFlavorTestJSON:setUpClass): 200 GET http://10.180.1.21/identity/v3/domains?name=Default 0.043s
2025-12-09 04:18:53.059 65543 INFO tempest.lib.common.rest_client [req-0a34ebb9-ed6e-418c-9dee-6d8ce1aaa68c req-0a34ebb9-ed6e-418c-9dee-6d8ce1aaa68c ] Request (VolumesSnapshotsTestJSON:test_volume_snapshot_create_get_list_delete): 200 POST http://10.180.1.21/compute/v2.1/os-snapshots 1.105s
2025-12-09 04:18:53.091 65579 INFO tempest.lib.common.rest_client [req-083cdc82-831e-423d-bc6f-f48234719146 req-083cdc82-831e-423d-bc6f-f48234719146 ] Request (ServersWithSpecificFlavorTestJSON:setUpClass): 201 POST http://10.180.1.21/identity/v3/projects 0.035s
2025-12-09 04:18:53.105 65583 INFO tempest.lib.common.rest_client [req-384798f2-c42c-4d8f-89eb-8b52bb04ce01 req-384798f2-c42c-4d8f-89eb-8b52bb04ce01 ] Request (ServerDiskConfigTestJSON:test_rebuild_server_with_manual_disk_config): 200 GET http://10.180.1.21/compute/v2.1/servers/f821f70d-c741-4fcb-b23f-580cd336f52d 1.197s
2025-12-09 04:18:53.145 65545 INFO tempest.lib.common.rest_client [req-e4602ee6-1c08-4f27-af85-9cbf6907deac req-e4602ee6-1c08-4f27-af85-9cbf6907deac ] Request (ServicesAdminNegativeTestJSON:tearDownClass): 204 DELETE http://10.180.1.21/identity/v3/projects/94d48b3649b041d1b921c1b703fb3c9d 0.132s
2025-12-09 04:18:53.179 65535 INFO tempest.lib.common.rest_client [req-af8e3fb3-70a1-41dd-9d23-d344d68e82af req-af8e3fb3-70a1-41dd-9d23-d344d68e82af ] Request (ServersAdminNegativeTestJSON:tearDownClass): 204 DELETE http://10.180.1.21/compute/v2.1/servers/5e0a512e-5d32-4d5e-8558-28e31fa36041 1.087s
2025-12-09 04:18:53.183 65579 INFO tempest.lib.common.rest_client [req-2f5b44a9-6c33-436d-8ae6-eb069d4c1013 req-2f5b44a9-6c33-436d-8ae6-eb069d4c1013 ] Request (ServersWithSpecificFlavorTestJSON:setUpClass): 201 POST http://10.180.1.21/identity/v3/users 0.091s
2025-12-09 04:18:53.186 65545 INFO tempest.lib.common.rest_client [req-f6956f55-e21f-4219-94ca-7489d4b915ba req-f6956f55-e21f-4219-94ca-7489d4b915ba ] Request (AttachVolumeNegativeTest:setUpClass): 201 POST http://10.180.1.21/identity/v3/auth/tokens 0.039s
2025-12-09 04:18:53.197 65533 INFO tempest.lib.common.rest_client [req-21e68a85-954f-4c9e-845e-0060547ec3d2 req-21e68a85-954f-4c9e-845e-0060547ec3d2 ] Request (ServersAdminTestJSON:test_reset_state_server): 202 POST http://10.180.1.21/compute/v2.1/servers/b7ed279e-7f24-4d7c-b90b-40888e64d66f/action 0.926s
2025-12-09 04:18:53.215 65579 INFO tempest.lib.common.rest_client [req-caece6ea-8a1b-43c0-992b-bac4e308fae8 req-caece6ea-8a1b-43c0-992b-bac4e308fae8 ] Request (ServersWithSpecificFlavorTestJSON:setUpClass): 200 GET http://10.180.1.21/identity/v3/roles 0.031s
2025-12-09 04:18:53.223 65545 INFO tempest.lib.common.rest_client [req-4db44ef2-0459-4c37-8ce0-6cd231618f1d req-4db44ef2-0459-4c37-8ce0-6cd231618f1d ] Request (AttachVolumeNegativeTest:setUpClass): 201 POST http://10.180.1.21/identity/v3/auth/tokens 0.034s
2025-12-09 04:18:53.273 65545 INFO tempest.lib.common.rest_client [req-bb57d3d3-82db-4604-a037-6d6c1b00df34 req-bb57d3d3-82db-4604-a037-6d6c1b00df34 ] Request (AttachVolumeNegativeTest:setUpClass): 200 GET http://10.180.1.21/identity/v3/domains?name=Default 0.050s
2025-12-09 04:18:53.283 65579 INFO tempest.lib.common.rest_client [req-0dea86f0-7b75-4873-9a79-0a4d8c84f981 req-0dea86f0-7b75-4873-9a79-0a4d8c84f981 ] Request (ServersWithSpecificFlavorTestJSON:setUpClass): 204 PUT http://10.180.1.21/identity/v3/projects/f85a7d52a2d849fd95129907245e3402/users/7082b1ab95b24988a9016cdecba44105/roles/d2678973a716490e95e47242809af916 0.067s
2025-12-09 04:18:53.283 65579 INFO tempest.lib.common.dynamic_creds [-] Dynamic test user 7082b1ab95b24988a9016cdecba44105 is created with scope project and roles: ['member']
2025-12-09 04:18:53.283 65579 INFO tempest.lib.common.dynamic_creds [-] Acquired dynamic creds: credentials: Credentials: {'domain_id': 'default', 'domain_name': 'Default', 'username': 'tempest-ServersWithSpecificFlavorTestJSON-1681046468-project-member', 'project_domain_id': 'default', 'project_domain_name': 'Default', 'project_id': 'f85a7d52a2d849fd95129907245e3402', 'project_name': 'tempest-ServersWithSpecificFlavorTestJSON-1681046468', 'tenant_id': 'f85a7d52a2d849fd95129907245e3402', 'tenant_name': 'tempest-ServersWithSpecificFlavorTestJSON-1681046468', 'user_domain_id': 'default', 'user_domain_name': 'Default', 'user_id': '7082b1ab95b24988a9016cdecba44105', 'system': None}, Network: None, Subnet: None, Router: None
2025-12-09 04:18:53.327 65579 INFO tempest.lib.common.rest_client [req-54f3a747-4933-4073-9907-f9190e965343 req-54f3a747-4933-4073-9907-f9190e965343 ] Request (ServersWithSpecificFlavorTestJSON:setUpClass): 201 POST http://10.180.1.21/identity/v3/auth/tokens 0.043s
2025-12-09 04:18:53.343 65545 INFO tempest.lib.common.rest_client [req-bb7a6f9a-0daf-42c2-b947-f6cc19d53f2d req-bb7a6f9a-0daf-42c2-b947-f6cc19d53f2d ] Request (AttachVolumeNegativeTest:setUpClass): 201 POST http://10.180.1.21/identity/v3/projects 0.069s
2025-12-09 04:18:53.389 65571 INFO tempest.lib.common.rest_client [req-a54e184f-9f08-4e33-a4e7-239d3a84c586 req-a54e184f-9f08-4e33-a4e7-239d3a84c586 ] Request (MultipleCreateTestJSON:_run_cleanups): 200 GET http://10.180.1.21/compute/v2.1/servers/4c8aeaa6-ae2e-481e-93af-b7e08963b607 1.035s
2025-12-09 04:18:53.404 65527 INFO tempest.lib.common.rest_client [req-2aa16eb0-0ca0-4f14-9d96-1f455079367e req-2aa16eb0-0ca0-4f14-9d96-1f455079367e ] Request (ServerPasswordTestJSON:tearDownClass): 204 DELETE http://10.180.1.21/networking/v2.0/networks/d99d3c32-d814-4547-a03b-d0cc99d51785 0.361s
2025-12-09 04:18:53.408 65545 INFO tempest.lib.common.rest_client [req-799f96ca-4f20-4222-b6c7-8bec34d245f7 req-799f96ca-4f20-4222-b6c7-8bec34d245f7 ] Request (AttachVolumeNegativeTest:setUpClass): 201 POST http://10.180.1.21/identity/v3/users 0.064s
2025-12-09 04:18:53.444 65531 INFO tempest.lib.common.rest_client [req-8b084e4b-0d6d-4904-9b21-51b54a2777d2 req-8b084e4b-0d6d-4904-9b21-51b54a2777d2 ] Request (MigrationsAdminTest:test_list_migrations_in_flavor_resize_situation): 200 GET http://10.180.1.21/compute/v2.1/servers/736293eb-5964-4543-8fe7-ba0e89bcbe74 1.035s
2025-12-09 04:18:53.488 65523 INFO tempest.lib.common.rest_client [req-cd8e2b9a-1fd3-4bba-aa00-cc30e31914aa req-cd8e2b9a-1fd3-4bba-aa00-cc30e31914aa ] Request (ServersListShow296Test:tearDownClass): 200 GET http://10.180.1.21/compute/v2.1/servers/b99955ca-a62f-40ea-80b2-c171b764174e 0.984s
2025-12-09 04:18:53.505 65527 INFO tempest.lib.common.rest_client [req-9f1add25-bb7a-4b3d-b970-93239e92d25c req-9f1add25-bb7a-4b3d-b970-93239e92d25c ] Request (ServerPasswordTestJSON:tearDownClass): 204 DELETE http://10.180.1.21/identity/v3/users/4c15090fdc91419db8bfc26eb4940834 0.100s
2025-12-09 04:18:53.505 65527 INFO tempest.lib.common.dynamic_creds [-] Deleting project and security group for project: 0ce4d576d994498fb0a4333e493281ce
2025-12-09 04:18:53.515 65537 INFO tempest.lib.common.rest_client [req-7e2937b0-2f83-4cbe-87e8-055e2b193c55 req-7e2937b0-2f83-4cbe-87e8-055e2b193c55 ] Request (AttachVolumeTestJSON:test_attach_detach_volume): 200 GET http://10.180.1.21/compute/v2.1/servers/aef70d4b-9c19-44e1-a4b6-c634e7924bab 0.999s
2025-12-09 04:18:53.546 65545 INFO tempest.lib.common.rest_client [req-cd57ff01-095a-4d5a-8bb0-135e7c66667b req-cd57ff01-095a-4d5a-8bb0-135e7c66667b ] Request (AttachVolumeNegativeTest:setUpClass): 200 GET http://10.180.1.21/identity/v3/roles 0.137s
2025-12-09 04:18:53.547 65527 INFO tempest.lib.common.rest_client [req-2dede5eb-08ed-459c-970f-f271ed3b1d32 req-2dede5eb-08ed-459c-970f-f271ed3b1d32 ] Request (ServerPasswordTestJSON:tearDownClass): 200 GET http://10.180.1.21/networking/v2.0/security-groups?tenant_id=0ce4d576d994498fb0a4333e493281ce&name=default 0.041s
2025-12-09 04:18:53.572 65559 INFO tempest.lib.common.rest_client [req-01d8b990-2d1c-485c-90c8-88c7b68bd350 req-01d8b990-2d1c-485c-90c8-88c7b68bd350 ] Request (ImagesTestJSON:test_create_server_from_snapshot): 200 GET http://10.180.1.21/compute/v2.1/servers/a0d6bc16-3f80-4f50-96a1-d317a9a00a16 0.712s
2025-12-09 04:18:53.590 65567 INFO tempest.lib.common.rest_client [req-4f1d5812-b410-4b36-bc6a-0f03faaaaa2a req-4f1d5812-b410-4b36-bc6a-0f03faaaaa2a ] Request (AttachInterfacesTestJSON:test_create_list_show_delete_interfaces_by_network_port): 200 GET http://10.180.1.21/compute/v2.1/servers/ddf040ec-01d7-4cca-9858-fc6a2526f513 1.017s
2025-12-09 04:18:53.630 65545 INFO tempest.lib.common.rest_client [req-e962fd5a-5c61-4526-9fe3-368dc540490b req-e962fd5a-5c61-4526-9fe3-368dc540490b ] Request (AttachVolumeNegativeTest:setUpClass): 204 PUT http://10.180.1.21/identity/v3/projects/0381e4182b0b4e6081daee15128a82af/users/f1999718263b44808c9aa0010c9cb534/roles/d2678973a716490e95e47242809af916 0.084s
2025-12-09 04:18:53.630 65545 INFO tempest.lib.common.dynamic_creds [-] Dynamic test user f1999718263b44808c9aa0010c9cb534 is created with scope project and roles: ['member']
2025-12-09 04:18:53.631 65545 INFO tempest.lib.common.dynamic_creds [-] Acquired dynamic creds: credentials: Credentials: {'domain_id': 'default', 'domain_name': 'Default', 'username': 'tempest-AttachVolumeNegativeTest-1311327771-project-member', 'project_domain_id': 'default', 'project_domain_name': 'Default', 'project_id': '0381e4182b0b4e6081daee15128a82af', 'project_name': 'tempest-AttachVolumeNegativeTest-1311327771', 'tenant_id': '0381e4182b0b4e6081daee15128a82af', 'tenant_name': 'tempest-AttachVolumeNegativeTest-1311327771', 'user_domain_id': 'default', 'user_domain_name': 'Default', 'user_id': 'f1999718263b44808c9aa0010c9cb534', 'system': None}, Network: None, Subnet: None, Router: None
2025-12-09 04:18:53.678 65527 INFO tempest.lib.common.rest_client [req-3a150483-a569-4ec9-82a3-ce94da0cdb8b req-3a150483-a569-4ec9-82a3-ce94da0cdb8b ] Request (ServerPasswordTestJSON:tearDownClass): 204 DELETE http://10.180.1.21/networking/v2.0/security-groups/86add6f1-e722-4f5b-89cc-222fed23d419 0.130s
2025-12-09 04:18:53.702 65585 INFO tempest.lib.common.rest_client [req-43d0b960-f87d-4031-bb02-c75250325dba req-43d0b960-f87d-4031-bb02-c75250325dba ] Request (ServerAddressesNegativeTestJSON:setUpClass): 200 GET http://10.180.1.21/compute/v2.1/servers/57330613-b975-4e0b-abb2-4bcf4a066291 0.698s
2025-12-09 04:18:53.719 65581 INFO tempest.lib.common.rest_client [req-4e5b74bb-33f7-4dcf-9918-0da88065b8b0 req-4e5b74bb-33f7-4dcf-9918-0da88065b8b0 ] Request (FloatingIPsAssociationTestJSON:tearDownClass): 200 GET http://10.180.1.21/compute/v2.1/servers/b0d0eaad-3012-4594-b975-afefda68dde7 0.678s
2025-12-09 04:18:53.720 65579 INFO tempest.lib.common.rest_client [req-323b5f0f-95fd-47a1-ad64-756a8fdb3b87 req-323b5f0f-95fd-47a1-ad64-756a8fdb3b87 ] Request (ServersWithSpecificFlavorTestJSON:setUpClass): 201 POST http://10.180.1.21/networking/v2.0/networks 0.393s
2025-12-09 04:18:53.721 65545 INFO tempest.lib.common.rest_client [req-2c8c362b-7039-4753-a836-64a2f3d8ecd8 req-2c8c362b-7039-4753-a836-64a2f3d8ecd8 ] Request (AttachVolumeNegativeTest:setUpClass): 201 POST http://10.180.1.21/identity/v3/auth/tokens 0.088s
