2025-12-09 04:19:02.717 65529 INFO tempest.lib.common.dynamic_creds [-] Created isolated network resources for: credentials: Credentials: {'domain_id': 'default', 'domain_name': 'Default', 'username': 'tempest-ServerMetadataNegativeTestJSON-1238484076-project-member', 'project_domain_id': 'default', 'project_domain_name': 'Default', 'project_id': '4aadd39c0d454ee293e83f8f89189e99', 'project_name': 'tempest-ServerMetadataNegativeTestJSON-1238484076', 'tenant_id': '4aadd39c0d454ee293e83f8f89189e99', 'tenant_name': 'tempest-ServerMetadataNegativeTestJSON-1238484076', 'user_domain_id': 'default', 'user_domain_name': 'Default', 'user_id': '3ccd7934ca484d189ee1f608349344ab', 'system': None}, Network: {'id': 'd4c55215-7aa8-434f-8b01-9d4490adc807', 'name': 'tempest-ServerMetadataNegativeTestJSON-557220913-network', 'tenant_id': '4aadd39c0d454ee293e83f8f89189e99', 'project_id': '4aadd39c0d454ee293e83f8f89189e99', 'admin_state_up': True, 'mtu': 8950, 'status': 'ACTIVE', 'subnets': [], 'shared': False, 'port_security_enabled': True, 'router:external': False, 'provider:network_type': 'vlan', 'provider:physical_network': 'default', 'provider:segmentation_id': 906, 'availability_zone_hints': [], 'availability_zones': [], 'ipv4_address_scope': None, 'ipv6_address_scope': None, 'description': '', 'tags': [], 'created_at': '2025-12-09T04:19:00Z', 'updated_at': '2025-12-09T04:19:00Z', 'revision_number': 1}, Subnet: {'id': 'ca1305e9-52e4-4f3c-bae0-41ec1d3a9235', 'name': 'tempest-ServerMetadataNegativeTestJSON-557220913-subnet', 'tenant_id': '4aadd39c0d454ee293e83f8f89189e99', 'network_id': 'd4c55215-7aa8-434f-8b01-9d4490adc807', 'ip_version': 4, 'subnetpool_id': None, 'enable_dhcp': True, 'ipv6_ra_mode': None, 'ipv6_address_mode': None, 'gateway_ip': '192.168.128.1', 'cidr': '192.168.128.0/28', 'allocation_pools': [{'start': '192.168.128.2', 'end': '192.168.128.14'}], 'host_routes': [], 'dns_nameservers': [], 'description': '', 'router:external': False, 'service_types': [], 'tags': [], 'created_at': '2025-12-09T04:19:00Z', 'updated_at': '2025-12-09T04:19:00Z', 'revision_number': 0, 'project_id': '4aadd39c0d454ee293e83f8f89189e99'}, Router: {'id': 'd6bcabc8-94e3-44cc-8a75-1a92573aed91', 'name': 'tempest-ServerMetadataNegativeTestJSON-557220913-router', 'tenant_id': '4aadd39c0d454ee293e83f8f89189e99', 'admin_state_up': True, 'status': 'ACTIVE', 'external_gateway_info': {'network_id': '562dbb99-c1fc-4329-823e-f0d364a44dbf', 'external_fixed_ips': [{'subnet_id': '410bdb45-52d2-4ffd-a2ac-f1d8d4c2527d', 'ip_address': '10.180.180.171'}], 'enable_snat': True}, 'description': '', 'availability_zones': [], 'distributed': False, 'ha': False, 'availability_zone_hints': [], 'routes': [], 'flavor_id': None, 'tags': [], 'created_at': '2025-12-09T04:19:01Z', 'updated_at': '2025-12-09T04:19:01Z', 'revision_number': 2, 'project_id': '4aadd39c0d454ee293e83f8f89189e99'}
2025-12-09 04:19:02.872 65529 INFO tempest.lib.common.rest_client [req-23d75342-3905-481e-a0be-3a91498a90dd req-23d75342-3905-481e-a0be-3a91498a90dd ] Request (ServerMetadataNegativeTestJSON:setUpClass): 201 POST http://10.180.1.21/identity/v3/auth/tokens 0.149s
2025-12-09 04:19:02.928 65529 INFO tempest.lib.common.rest_client [req-1d707511-fee0-45a0-aa91-2d827f8844a9 req-1d707511-fee0-45a0-aa91-2d827f8844a9 ] Request (ServerMetadataNegativeTestJSON:setUpClass): 201 POST http://10.180.1.21/identity/v3/auth/tokens 0.051s
2025-12-09 04:19:02.929 65529 INFO tempest.lib.common.fixed_network [-] (ServerMetadataNegativeTestJSON:setUpClass) Found network {'id': 'd4c55215-7aa8-434f-8b01-9d4490adc807', 'name': 'tempest-ServerMetadataNegativeTestJSON-557220913-network', 'tenant_id': '4aadd39c0d454ee293e83f8f89189e99', 'project_id': '4aadd39c0d454ee293e83f8f89189e99', 'admin_state_up': True, 'mtu': 8950, 'status': 'ACTIVE', 'subnets': [], 'shared': False, 'port_security_enabled': True, 'router:external': False, 'provider:network_type': 'vlan', 'provider:physical_network': 'default', 'provider:segmentation_id': 906, 'availability_zone_hints': [], 'availability_zones': [], 'ipv4_address_scope': None, 'ipv6_address_scope': None, 'description': '', 'tags': [], 'created_at': '2025-12-09T04:19:00Z', 'updated_at': '2025-12-09T04:19:00Z', 'revision_number': 1} available for tenant
2025-12-09 04:19:02.930 65531 INFO tempest.lib.common.rest_client [req-678bc891-42f3-4e72-a649-f25df47cfddb req-678bc891-42f3-4e72-a649-f25df47cfddb ] Request (MigrationsAdminTest:test_list_migrations_in_flavor_resize_situation): 202 POST http://10.180.1.21/compute/v2.1/servers/736293eb-5964-4543-8fe7-ba0e89bcbe74/action 2.528s
2025-12-09 04:19:03.134 65533 INFO tempest.lib.common.rest_client [req-f0fc9e4b-bfdf-492e-ad1b-bad4972e9dd8 req-f0fc9e4b-bfdf-492e-ad1b-bad4972e9dd8 ] Request (ServersAdminTestJSON:tearDownClass): 200 GET http://10.180.1.21/compute/v2.1/servers/dcb7232a-8c4b-41e8-8fe2-8dac76aa216b 2.602s
2025-12-09 04:19:03.144 65533 INFO tempest.common.waiters [-] State transition "ACTIVE/deleting" ==> "DELETED/None" after 4 second wait
2025-12-09 04:19:03.273 65561 INFO tempest.lib.common.rest_client [req-7e0175cc-23ae-4f8c-8f58-7a0cf6e75703 req-7e0175cc-23ae-4f8c-8f58-7a0cf6e75703 ] Request (ServersTestMultiNic:_run_cleanups): 200 GET http://10.180.1.21/compute/v2.1/servers/a1d07c36-1f33-4387-86d7-057c5ec7efc2 2.708s
2025-12-09 04:19:03.430 65557 INFO tempest.lib.common.rest_client [req-fb523248-1e3e-4296-870e-ad9f26466793 req-fb523248-1e3e-4296-870e-ad9f26466793 ] Request (ServersTestBootFromVolume:tearDownClass): 200 GET http://10.180.1.21/compute/v2.1/servers/306f72f1-30b7-40ac-8116-b8c52ec51fc2 2.677s
2025-12-09 04:19:03.570 65571 INFO tempest.lib.common.rest_client [req-f55da4db-c17f-457b-b83b-9cba32f38fb9 req-f55da4db-c17f-457b-b83b-9cba32f38fb9 ] Request (MultipleCreateTestJSON:_run_cleanups): 200 GET http://10.180.1.21/compute/v2.1/servers/4c8aeaa6-ae2e-481e-93af-b7e08963b607 2.596s
2025-12-09 04:19:03.747 65545 INFO tempest.lib.common.rest_client [req-58426280-3416-4b76-8511-010ae4d08dba req-58426280-3416-4b76-8511-010ae4d08dba ] Request (AttachVolumeNegativeTest:test_attach_attached_volume_to_different_server): 202 POST http://10.180.1.21/compute/v2.1/servers 3.331s
2025-12-09 04:19:03.902 65583 INFO tempest.lib.common.rest_client [req-6143570d-7c91-49f9-b522-d8207b8b0aef req-6143570d-7c91-49f9-b522-d8207b8b0aef ] Request (ServerDiskConfigTestJSON:test_rebuild_server_with_manual_disk_config): 200 GET http://10.180.1.21/compute/v2.1/servers/f821f70d-c741-4fcb-b23f-580cd336f52d 2.893s
2025-12-09 04:19:03.915 65583 INFO tempest.common.waiters [-] State transition "REBUILD/rebuild_spawning" ==> "ACTIVE/None" after 10 second wait
2025-12-09 04:19:03.996 65523 INFO tempest.lib.common.rest_client [req-f6556641-81d1-4c9d-8f82-6adc3bb0d06f req-f6556641-81d1-4c9d-8f82-6adc3bb0d06f ] Request (ServersListShow296Test:tearDownClass): 200 GET http://10.180.1.21/compute/v2.1/servers/b99955ca-a62f-40ea-80b2-c171b764174e 2.612s
2025-12-09 04:19:04.064 65559 INFO tempest.lib.common.rest_client [req-1638cb13-6643-4c65-8289-ce563595c1c2 req-1638cb13-6643-4c65-8289-ce563595c1c2 ] Request (ImagesTestJSON:test_create_server_from_snapshot): 200 GET http://10.180.1.21/compute/v2.1/servers/a0d6bc16-3f80-4f50-96a1-d317a9a00a16 2.543s
2025-12-09 04:19:04.073 65559 INFO tempest.common.waiters [-] State transition "BUILD/None" ==> "BUILD/spawning" after 48 second wait
2025-12-09 04:19:04.122 65537 INFO tempest.lib.common.rest_client [req-27ab990f-153d-4e1c-a08d-52adb49ab5d2 req-27ab990f-153d-4e1c-a08d-52adb49ab5d2 ] Request (AttachVolumeTestJSON:test_attach_detach_volume): 200 GET http://10.180.1.21/compute/v2.1/servers/aef70d4b-9c19-44e1-a4b6-c634e7924bab 2.381s
2025-12-09 04:19:04.136 65537 INFO tempest.common.waiters [-] State transition "BUILD/block_device_mapping" ==> "BUILD/spawning" after 49 second wait
2025-12-09 04:19:04.145 65567 INFO tempest.lib.common.rest_client [req-6fa7a176-8854-4fcf-9b84-439193c94a8d req-6fa7a176-8854-4fcf-9b84-439193c94a8d ] Request (AttachInterfacesTestJSON:test_create_list_show_delete_interfaces_by_network_port): 200 GET http://10.180.1.21/compute/v2.1/servers/ddf040ec-01d7-4cca-9858-fc6a2526f513 2.380s
2025-12-09 04:19:04.196 65585 INFO tempest.lib.common.rest_client [req-3e5c67dd-eebe-4b0b-ba97-9aa02b764473 req-3e5c67dd-eebe-4b0b-ba97-9aa02b764473 ] Request (ServerAddressesNegativeTestJSON:setUpClass): 200 GET http://10.180.1.21/compute/v2.1/servers/57330613-b975-4e0b-abb2-4bcf4a066291 2.166s
2025-12-09 04:19:04.217 65581 INFO tempest.lib.common.rest_client [req-59d416c5-9f69-46da-bccd-58290ee6d7a3 req-59d416c5-9f69-46da-bccd-58290ee6d7a3 ] Request (FloatingIPsAssociationTestJSON:tearDownClass): 200 GET http://10.180.1.21/compute/v2.1/servers/b0d0eaad-3012-4594-b975-afefda68dde7 2.161s
2025-12-09 04:19:04.231 65573 INFO tempest.lib.common.rest_client [req-425379cc-bff3-4341-98c1-ccf58acee703 req-425379cc-bff3-4341-98c1-ccf58acee703 ] Request (ServerActionsV293TestJSON:test_rebuild_volume_backed_server): 200 GET http://10.180.1.21/compute/v2.1/flavors/42 1.787s
2025-12-09 04:19:04.263 65543 INFO tempest.lib.common.rest_client [req-4ebb5310-b52f-4684-9063-f38a52dc4855 req-4ebb5310-b52f-4684-9063-f38a52dc4855 ] Request (VolumesSnapshotsTestJSON:_run_cleanups): 202 DELETE http://10.180.1.21/compute/v2.1/os-volumes/1d6f1657-07f8-4d22-8b84-48baf0ec9e2f 1.824s
2025-12-09 04:19:04.359 65565 INFO tempest.lib.common.rest_client [req-80b55cec-90c7-41b7-ab36-8e6f6479881f req-80b55cec-90c7-41b7-ab36-8e6f6479881f ] Request (AttachInterfacesUnderV243Test:_run_cleanups): 200 GET http://10.180.1.21/compute/v2.1/servers/a06aeafe-9793-4be2-b157-25f911a74710 1.598s
2025-12-09 04:19:04.363 65579 INFO tempest.lib.common.rest_client [req-25a2a7ff-6330-41af-bb2d-f46d195fe453 req-25a2a7ff-6330-41af-bb2d-f46d195fe453 ] Request (ServersWithSpecificFlavorTestJSON:test_verify_created_server_ephemeral_disk): 200 POST http://10.180.1.21/compute/v2.1/flavors 1.723s
2025-12-09 04:19:04.450 65535 INFO tempest.lib.common.rest_client [req-04dc618a-a319-47e2-a716-5b5e9950c07b req-04dc618a-a319-47e2-a716-5b5e9950c07b ] Request (ServersAdminNegativeTestJSON:tearDownClass): 200 GET http://10.180.1.21/compute/v2.1/servers/5e0a512e-5d32-4d5e-8558-28e31fa36041 1.677s
2025-12-09 04:19:04.596 65531 INFO tempest.lib.common.rest_client [req-c670e8ce-0860-4f4a-bfc4-d3ffc1ace449 req-c670e8ce-0860-4f4a-bfc4-d3ffc1ace449 ] Request (MigrationsAdminTest:test_list_migrations_in_flavor_resize_situation): 200 GET http://10.180.1.21/compute/v2.1/servers/736293eb-5964-4543-8fe7-ba0e89bcbe74 1.665s
2025-12-09 04:19:04.669 65577 INFO tempest.lib.common.rest_client [req-5c666727-17b0-47f6-80a0-12648f9a677c req-5c666727-17b0-47f6-80a0-12648f9a677c ] Request (SecurityGroupsTestJSON:test_server_security_groups): 200 GET http://10.180.1.21/compute/v2.1/servers/e0ce4776-473e-4249-9131-2a96a6f7def1 1.408s
2025-12-09 04:19:04.762 65553 INFO tempest.lib.common.rest_client [req-e85a4c55-c472-40ea-82da-12e460e8f81c req-e85a4c55-c472-40ea-82da-12e460e8f81c ] Request (ListServersNegativeTestJSON:setUpClass): 200 GET http://10.180.1.21/compute/v2.1/servers/361e0676-5cab-413e-9235-b8dbfbca7366 1.372s
2025-12-09 04:19:04.814 65529 INFO tempest.lib.common.rest_client [req-d7b16645-1004-48c1-b61b-93cca0f51c5c req-d7b16645-1004-48c1-b61b-93cca0f51c5c ] Request (ServerMetadataNegativeTestJSON:setUpClass): 202 POST http://10.180.1.21/compute/v2.1/servers 1.885s
2025-12-09 04:19:04.833 65541 INFO tempest.lib.common.rest_client [req-9a5e82fb-5a7c-4d76-9dc8-e3a3fe2ec62e req-9a5e82fb-5a7c-4d76-9dc8-e3a3fe2ec62e ] Request (ListServerFiltersTestJSON:setUpClass): 200 GET http://10.180.1.21/compute/v2.1/servers/f2b1583b-4a05-4759-aa13-20489ac5eaba 1.325s
2025-12-09 04:19:04.895 65575 INFO tempest.lib.common.rest_client [req-850f6902-375d-42f7-bb65-959f98ed714e req-850f6902-375d-42f7-bb65-959f98ed714e ] Request (ServerAddressesTestJSON:setUpClass): 200 GET http://10.180.1.21/compute/v2.1/servers/d204b1b4-5de1-458a-9e26-bfedb53ed9f5 1.371s
2025-12-09 04:19:04.898 65527 INFO tempest.lib.common.rest_client [req-4531461b-0ba5-4681-a362-e54e2d8f6247 req-4531461b-0ba5-4681-a362-e54e2d8f6247 ] Request (ServerShowV254Test:test_rebuild_server): 200 GET http://10.180.1.21/compute/v2.1/servers/91fd1037-1cc7-4e5b-92b0-9577c6e1defd 1.309s
2025-12-09 04:19:04.955 65545 INFO tempest.lib.common.rest_client [req-c9916443-f71c-4876-bf99-fc443e8b82bd req-c9916443-f71c-4876-bf99-fc443e8b82bd ] Request (AttachVolumeNegativeTest:test_attach_attached_volume_to_different_server): 200 GET http://10.180.1.21/compute/v2.1/servers/8dc88070-1888-44cf-95cb-975cd9e81c85 1.206s
2025-12-09 04:19:04.956 65556 INFO tempest.lib.common.rest_client [req-138435c2-aba2-4a32-9120-ff6cf9a5bc0b req-138435c2-aba2-4a32-9120-ff6cf9a5bc0b ] Request (ServerActionsTestOtherA:setUpClass): 200 GET http://10.180.1.21/compute/v2.1/servers/47d442e0-d96a-464c-8548-7b6fa79321fa 1.308s
2025-12-09 04:19:05.030 65533 INFO tempest.lib.common.rest_client [req-3ed623bc-e407-4406-a453-b5e1514768c3 req-3ed623bc-e407-4406-a453-b5e1514768c3 ] Request (ServersAdminTestJSON:tearDownClass): 200 GET http://10.180.1.21/compute/v2.1/servers/dcb7232a-8c4b-41e8-8fe2-8dac76aa216b 0.884s
2025-12-09 04:19:05.112 65583 INFO tempest.lib.common.rest_client [req-76e87423-4967-4046-8218-81e82bfeba1a req-76e87423-4967-4046-8218-81e82bfeba1a ] Request (ServerDiskConfigTestJSON:test_rebuild_server_with_manual_disk_config): 200 GET http://10.180.1.21/compute/v2.1/servers/f821f70d-c741-4fcb-b23f-580cd336f52d 1.197s
2025-12-09 04:19:05.137 65573 INFO tempest.lib.common.rest_client [req-3f109d94-e3f1-487b-86bc-39d91387dad9 req-3f109d94-e3f1-487b-86bc-39d91387dad9 ] Request (ServerActionsV293TestJSON:test_rebuild_volume_backed_server): 200 GET http://10.180.1.21/compute/v2.1/servers/5769996d-072c-4b61-a940-1ac5d2b6cfea 0.903s
2025-12-09 04:19:05.138 65543 INFO tempest.lib.common.rest_client [req-627b7225-0d2a-421d-9c7b-1a8b7ce8df71 req-627b7225-0d2a-421d-9c7b-1a8b7ce8df71 ] Request (VolumesSnapshotsTestJSON:_run_cleanups): 404 GET http://10.180.1.21/compute/v2.1/os-volumes/1d6f1657-07f8-4d22-8b84-48baf0ec9e2f 0.874s
2025-12-09 04:19:05.154 65579 INFO tempest.lib.common.rest_client [req-c54cfa99-733f-4f70-a2bb-c24393d1866a req-c54cfa99-733f-4f70-a2bb-c24393d1866a ] Request (ServersWithSpecificFlavorTestJSON:test_verify_created_server_ephemeral_disk): 200 GET http://10.180.1.21/compute/v2.1/flavors/42/os-extra_specs 0.786s
2025-12-09 04:19:05.200 65561 INFO tempest.lib.common.rest_client [req-b1afdc10-f774-46da-8736-ed7e8563c3f3 req-b1afdc10-f774-46da-8736-ed7e8563c3f3 ] Request (ServersTestMultiNic:_run_cleanups): 200 GET http://10.180.1.21/compute/v2.1/servers/a1d07c36-1f33-4387-86d7-057c5ec7efc2 0.915s
2025-12-09 04:19:05.216 65557 INFO tempest.lib.common.rest_client [req-831c227e-415c-417f-97c9-f9d9040956b2 req-831c227e-415c-417f-97c9-f9d9040956b2 ] Request (ServersTestBootFromVolume:tearDownClass): 200 GET http://10.180.1.21/compute/v2.1/servers/306f72f1-30b7-40ac-8116-b8c52ec51fc2 0.773s
2025-12-09 04:19:05.259 65571 INFO tempest.lib.common.rest_client [req-5498f4cf-fc6d-45df-ad12-580cb8d9cd47 req-5498f4cf-fc6d-45df-ad12-580cb8d9cd47 ] Request (MultipleCreateTestJSON:_run_cleanups): 200 GET http://10.180.1.21/compute/v2.1/servers/4c8aeaa6-ae2e-481e-93af-b7e08963b607 0.678s
2025-12-09 04:19:05.286 65529 INFO tempest.lib.common.rest_client [req-bfb71fb8-c6bc-4cee-aaab-9ef45b9580e8 req-bfb71fb8-c6bc-4cee-aaab-9ef45b9580e8 ] Request (ServerMetadataNegativeTestJSON:setUpClass): 200 GET http://10.180.1.21/compute/v2.1/servers/aadbdb7a-773a-496a-a1bc-53c6d7d0f19a 0.469s
2025-12-09 04:19:05.333 65523 INFO tempest.lib.common.rest_client [req-373104ec-ec71-4214-a7e1-69048a43322c req-373104ec-ec71-4214-a7e1-69048a43322c ] Request (ServersListShow296Test:tearDownClass): 200 GET http://10.180.1.21/compute/v2.1/servers/b99955ca-a62f-40ea-80b2-c171b764174e 0.323s
2025-12-09 04:19:05.403 65559 INFO tempest.lib.common.rest_client [req-3d630a74-3f90-4338-96ec-d783131578c7 req-3d630a74-3f90-4338-96ec-d783131578c7 ] Request (ImagesTestJSON:test_create_server_from_snapshot): 200 GET http://10.180.1.21/compute/v2.1/servers/a0d6bc16-3f80-4f50-96a1-d317a9a00a16 0.328s
2025-12-09 04:19:05.414 65583 INFO tempest.lib.common.rest_client [req-8bf48ce1-5178-4591-acf9-02ead3c339ff req-8bf48ce1-5178-4591-acf9-02ead3c339ff ] Request (ServerDiskConfigTestJSON:_run_cleanups): 204 DELETE http://10.180.1.21/compute/v2.1/servers/f821f70d-c741-4fcb-b23f-580cd336f52d 0.294s
2025-12-09 04:19:05.442 65543 INFO tempest.lib.common.rest_client [req-dfde1662-9c37-4497-90a8-fd313b1af4a8 req-dfde1662-9c37-4497-90a8-fd313b1af4a8 ] Request (VolumesSnapshotsTestJSON:tearDownClass): 404 DELETE http://10.180.1.21/compute/v2.1/os-volumes/1d6f1657-07f8-4d22-8b84-48baf0ec9e2f 0.296s
2025-12-09 04:19:05.469 65579 INFO tempest.lib.common.rest_client [req-cf2299ff-c2bc-45a8-9030-bcb792246366 req-cf2299ff-c2bc-45a8-9030-bcb792246366 ] Request (ServersWithSpecificFlavorTestJSON:test_verify_created_server_ephemeral_disk): 200 POST http://10.180.1.21/compute/v2.1/flavors/1822435819/os-extra_specs 0.313s
2025-12-09 04:19:05.518 65583 INFO tempest.lib.common.rest_client [req-3031ad75-2204-40d4-b374-be3394b700b5 req-3031ad75-2204-40d4-b374-be3394b700b5 ] Request (ServerDiskConfigTestJSON:test_resize_server_from_auto_to_manual): 201 POST http://10.180.1.21/identity/v3/auth/tokens 0.097s
2025-12-09 04:19:05.519 65583 INFO tempest.lib.common.fixed_network [-] (ServerDiskConfigTestJSON:test_resize_server_from_auto_to_manual) Found network {'id': '97d0fb8f-d09d-4c02-905d-46d4c227255f', 'name': 'tempest-ServerDiskConfigTestJSON-1763139749-network', 'tenant_id': '7835e6275ae744e89830bcc2df65a941', 'project_id': '7835e6275ae744e89830bcc2df65a941', 'admin_state_up': True, 'mtu': 8950, 'status': 'ACTIVE', 'subnets': [], 'shared': False, 'port_security_enabled': True, 'router:external': False, 'provider:network_type': 'vlan', 'provider:physical_network': 'default', 'provider:segmentation_id': 893, 'availability_zone_hints': [], 'availability_zones': [], 'ipv4_address_scope': None, 'ipv6_address_scope': None, 'description': '', 'tags': [], 'created_at': '2025-12-09T04:16:45Z', 'updated_at': '2025-12-09T04:16:45Z', 'revision_number': 1} available for tenant
2025-12-09 04:19:05.552 65567 INFO tempest.lib.common.rest_client [req-927c5794-9ce4-4233-82fd-9022b8d1bd41 req-927c5794-9ce4-4233-82fd-9022b8d1bd41 ] Request (AttachInterfacesTestJSON:test_create_list_show_delete_interfaces_by_network_port): 200 GET http://10.180.1.21/compute/v2.1/servers/ddf040ec-01d7-4cca-9858-fc6a2526f513 0.395s
2025-12-09 04:19:05.583 65537 INFO tempest.lib.common.rest_client [req-448904e8-4afb-4f0d-9258-7e825192b9b3 req-448904e8-4afb-4f0d-9258-7e825192b9b3 ] Request (AttachVolumeTestJSON:test_attach_detach_volume): 200 GET http://10.180.1.21/compute/v2.1/servers/aef70d4b-9c19-44e1-a4b6-c634e7924bab 0.445s
2025-12-09 04:19:05.624 65585 INFO tempest.lib.common.rest_client [req-127811e0-845d-4396-ba29-ad6c94bc6e8c req-127811e0-845d-4396-ba29-ad6c94bc6e8c ] Request (ServerAddressesNegativeTestJSON:setUpClass): 200 GET http://10.180.1.21/compute/v2.1/servers/57330613-b975-4e0b-abb2-4bcf4a066291 0.414s
2025-12-09 04:19:05.654 65581 INFO tempest.lib.common.rest_client [req-baeb43ea-b865-4d31-a487-30dd27671c5f req-baeb43ea-b865-4d31-a487-30dd27671c5f ] Request (FloatingIPsAssociationTestJSON:tearDownClass): 200 GET http://10.180.1.21/compute/v2.1/servers/b0d0eaad-3012-4594-b975-afefda68dde7 0.428s
2025-12-09 04:19:05.681 65543 INFO tempest.lib.common.rest_client [req-1c9e9274-b79d-41b6-a104-a337965edaaa req-1c9e9274-b79d-41b6-a104-a337965edaaa ] Request (VolumesSnapshotsTestJSON:tearDownClass): 404 GET http://10.180.1.21/compute/v2.1/os-volumes/1d6f1657-07f8-4d22-8b84-48baf0ec9e2f 0.238s
2025-12-09 04:19:05.726 65565 INFO tempest.lib.common.rest_client [req-3d4dcc24-b230-412e-883b-46a2c9b07c27 req-3d4dcc24-b230-412e-883b-46a2c9b07c27 ] Request (AttachInterfacesUnderV243Test:_run_cleanups): 200 GET http://10.180.1.21/compute/v2.1/servers/a06aeafe-9793-4be2-b157-25f911a74710 0.356s
2025-12-09 04:19:05.758 65535 INFO tempest.lib.common.rest_client [req-bf845ee4-8f99-4507-ba92-2c5a0ac2f623 req-bf845ee4-8f99-4507-ba92-2c5a0ac2f623 ] Request (ServersAdminNegativeTestJSON:tearDownClass): 200 GET http://10.180.1.21/compute/v2.1/servers/5e0a512e-5d32-4d5e-8558-28e31fa36041 0.299s
2025-12-09 04:19:05.781 65579 INFO tempest.lib.common.rest_client [req-dcbe3f4e-d758-4cdc-8d88-bae3158fc65f req-dcbe3f4e-d758-4cdc-8d88-bae3158fc65f ] Request (ServersWithSpecificFlavorTestJSON:test_verify_created_server_ephemeral_disk): 200 POST http://10.180.1.21/compute/v2.1/flavors 0.310s
2025-12-09 04:19:05.833 65543 INFO tempest.lib.common.rest_client [req-fc9e9a18-2ca7-4d73-bf17-8d2f01a83528 req-fc9e9a18-2ca7-4d73-bf17-8d2f01a83528 ] Request (VolumesSnapshotsTestJSON:tearDownClass): 204 DELETE http://10.180.1.21/identity/v3/users/e8b2ccb9de82485783f0c58b82a4a5b2 0.150s
2025-12-09 04:19:05.833 65543 INFO tempest.lib.common.dynamic_creds [-] Deleting project and security group for project: 195ec16ced4740d39ad6648345dc74a8
2025-12-09 04:19:05.911 65543 INFO tempest.lib.common.rest_client [req-2d57fab7-79bf-4024-964f-7e98aba7f5b1 req-2d57fab7-79bf-4024-964f-7e98aba7f5b1 ] Request (VolumesSnapshotsTestJSON:tearDownClass): 201 POST http://10.180.1.21/identity/v3/auth/tokens 0.077s
2025-12-09 04:19:06.151 65539 WARNING tempest.lib.common.ssh [-] Failed to establish authenticated ssh connection to cirros@10.180.180.146 ([Errno None] Unable to connect to port 22 on 10.180.180.146). Number attempts: 9. Retry after 10 seconds.: paramiko.ssh_exception.NoValidConnectionsError: [Errno None] Unable to connect to port 22 on 10.180.180.146
2025-12-09 04:19:06.178 65543 INFO tempest.lib.common.rest_client [req-0d6e553d-9259-477d-9c8a-8b10cf1bf1e0 req-0d6e553d-9259-477d-9c8a-8b10cf1bf1e0 ] Request (VolumesSnapshotsTestJSON:tearDownClass): 200 GET http://10.180.1.21/networking/v2.0/security-groups?tenant_id=195ec16ced4740d39ad6648345dc74a8&name=default 0.266s
2025-12-09 04:19:06.244 65531 INFO tempest.lib.common.rest_client [req-55cc1299-5996-4b4a-ae09-fa2bc1c77ace req-55cc1299-5996-4b4a-ae09-fa2bc1c77ace ] Request (MigrationsAdminTest:test_list_migrations_in_flavor_resize_situation): 200 GET http://10.180.1.21/compute/v2.1/servers/736293eb-5964-4543-8fe7-ba0e89bcbe74 0.638s
2025-12-09 04:19:06.355 65543 INFO tempest.lib.common.rest_client [req-240e2a1b-6d3d-4868-881b-65e98371dc9d req-240e2a1b-6d3d-4868-881b-65e98371dc9d ] Request (VolumesSnapshotsTestJSON:tearDownClass): 204 DELETE http://10.180.1.21/networking/v2.0/security-groups/8f56941e-32e5-4948-9e7a-8dea4e49929b 0.176s
2025-12-09 04:19:06.419 65543 INFO tempest.lib.common.rest_client [req-ad97605d-ca27-47b3-9870-fbc4eb63f317 req-ad97605d-ca27-47b3-9870-fbc4eb63f317 ] Request (VolumesSnapshotsTestJSON:tearDownClass): 204 DELETE http://10.180.1.21/identity/v3/projects/195ec16ced4740d39ad6648345dc74a8 0.064s
2025-12-09 04:19:06.445 65577 INFO tempest.lib.common.rest_client [req-bb0874f0-1d61-444d-a201-1a984b0394fa req-bb0874f0-1d61-444d-a201-1a984b0394fa ] Request (SecurityGroupsTestJSON:test_server_security_groups): 200 GET http://10.180.1.21/compute/v2.1/servers/e0ce4776-473e-4249-9131-2a96a6f7def1 0.762s
2025-12-09 04:19:06.627 65553 INFO tempest.lib.common.rest_client [req-ed25f989-aee6-4715-8f6b-10d4d2131464 req-ed25f989-aee6-4715-8f6b-10d4d2131464 ] Request (ListServersNegativeTestJSON:setUpClass): 200 GET http://10.180.1.21/compute/v2.1/servers/361e0676-5cab-413e-9235-b8dbfbca7366 0.856s
2025-12-09 04:19:06.641 65579 INFO tempest.lib.common.rest_client [req-d97e2ee0-c07a-44cd-9b8c-1157461b484f req-d97e2ee0-c07a-44cd-9b8c-1157461b484f ] Request (ServersWithSpecificFlavorTestJSON:test_verify_created_server_ephemeral_disk): 200 GET http://10.180.1.21/compute/v2.1/flavors/42/os-extra_specs 0.858s
2025-12-09 04:19:06.734 65583 INFO tempest.lib.common.rest_client [req-f16f7dc9-935e-4800-b3dc-33cdc0ed495f req-f16f7dc9-935e-4800-b3dc-33cdc0ed495f ] Request (ServerDiskConfigTestJSON:test_resize_server_from_auto_to_manual): 202 POST http://10.180.1.21/compute/v2.1/servers 1.214s
2025-12-09 04:19:06.741 65541 INFO tempest.lib.common.rest_client [req-72801695-3e65-47b8-8370-2cbf50fa5822 req-72801695-3e65-47b8-8370-2cbf50fa5822 ] Request (ListServerFiltersTestJSON:setUpClass): 200 GET http://10.180.1.21/compute/v2.1/servers/f2b1583b-4a05-4759-aa13-20489ac5eaba 0.896s
2025-12-09 04:19:06.835 65575 INFO tempest.lib.common.rest_client [req-1e04ef5c-78ce-41a4-875e-a462c498d7a4 req-1e04ef5c-78ce-41a4-875e-a462c498d7a4 ] Request (ServerAddressesTestJSON:setUpClass): 200 GET http://10.180.1.21/compute/v2.1/servers/d204b1b4-5de1-458a-9e26-bfedb53ed9f5 0.933s
2025-12-09 04:19:06.849 65527 INFO tempest.lib.common.rest_client [req-98f7fa87-b502-4dca-aded-191d4d85fbc8 req-98f7fa87-b502-4dca-aded-191d4d85fbc8 ] Request (ServerShowV254Test:test_rebuild_server): 200 GET http://10.180.1.21/compute/v2.1/servers/91fd1037-1cc7-4e5b-92b0-9577c6e1defd 0.937s
2025-12-09 04:19:06.910 65556 INFO tempest.lib.common.rest_client [req-d71b403e-cc40-42c6-bc2f-f22158bdd228 req-d71b403e-cc40-42c6-bc2f-f22158bdd228 ] Request (ServerActionsTestOtherA:setUpClass): 200 GET http://10.180.1.21/compute/v2.1/servers/47d442e0-d96a-464c-8548-7b6fa79321fa 0.946s
2025-12-09 04:19:06.925 65545 INFO tempest.lib.common.rest_client [req-3a0c2d70-830b-4c4d-b530-5545439de262 req-3a0c2d70-830b-4c4d-b530-5545439de262 ] Request (AttachVolumeNegativeTest:test_attach_attached_volume_to_different_server): 200 GET http://10.180.1.21/compute/v2.1/servers/8dc88070-1888-44cf-95cb-975cd9e81c85 0.960s
2025-12-09 04:19:06.989 65533 INFO tempest.lib.common.rest_client [req-a260c5fa-d8fd-468a-bdcb-7d6058815fef req-a260c5fa-d8fd-468a-bdcb-7d6058815fef ] Request (ServersAdminTestJSON:tearDownClass): 200 GET http://10.180.1.21/compute/v2.1/servers/dcb7232a-8c4b-41e8-8fe2-8dac76aa216b 0.947s
2025-12-09 04:19:07.056 65573 INFO tempest.lib.common.rest_client [req-b375d67b-f494-49e7-b42b-b9ab5b7d17e3 req-b375d67b-f494-49e7-b42b-b9ab5b7d17e3 ] Request (ServerActionsV293TestJSON:test_rebuild_volume_backed_server): 200 GET http://10.180.1.21/compute/v2.1/servers/5769996d-072c-4b61-a940-1ac5d2b6cfea 0.907s
2025-12-09 04:19:07.064 65561 INFO tempest.lib.common.rest_client [req-0c4d7d41-8d9d-4855-93b7-250cdd385246 req-0c4d7d41-8d9d-4855-93b7-250cdd385246 ] Request (ServersTestMultiNic:_run_cleanups): 200 GET http://10.180.1.21/compute/v2.1/servers/a1d07c36-1f33-4387-86d7-057c5ec7efc2 0.855s
2025-12-09 04:19:07.118 65557 INFO tempest.lib.common.rest_client [req-da32500f-40d4-4706-863b-a0b7106ca16b req-da32500f-40d4-4706-863b-a0b7106ca16b ] Request (ServersTestBootFromVolume:tearDownClass): 200 GET http://10.180.1.21/compute/v2.1/servers/306f72f1-30b7-40ac-8116-b8c52ec51fc2 0.894s
2025-12-09 04:19:07.132 65571 INFO tempest.lib.common.rest_client [req-2af36b82-2216-45ea-bf9b-6c22319fd492 req-2af36b82-2216-45ea-bf9b-6c22319fd492 ] Request (MultipleCreateTestJSON:_run_cleanups): 200 GET http://10.180.1.21/compute/v2.1/servers/4c8aeaa6-ae2e-481e-93af-b7e08963b607 0.864s
2025-12-09 04:19:07.170 65529 INFO tempest.lib.common.rest_client [req-17332152-fac4-48a0-89ad-4528fee00902 req-17332152-fac4-48a0-89ad-4528fee00902 ] Request (ServerMetadataNegativeTestJSON:setUpClass): 200 GET http://10.180.1.21/compute/v2.1/servers/aadbdb7a-773a-496a-a1bc-53c6d7d0f19a 0.876s
2025-12-09 04:19:07.201 65523 INFO tempest.lib.common.rest_client [req-cc99ba5c-35eb-4470-8da2-277d529aa30b req-cc99ba5c-35eb-4470-8da2-277d529aa30b ] Request (ServersListShow296Test:tearDownClass): 200 GET http://10.180.1.21/compute/v2.1/servers/b99955ca-a62f-40ea-80b2-c171b764174e 0.855s
2025-12-09 04:19:07.255 65567 INFO tempest.lib.common.rest_client [req-5e4dbf33-681f-42f9-84ae-d1da2315215d req-5e4dbf33-681f-42f9-84ae-d1da2315215d ] Request (AttachInterfacesTestJSON:test_create_list_show_delete_interfaces_by_network_port): 200 GET http://10.180.1.21/compute/v2.1/servers/ddf040ec-01d7-4cca-9858-fc6a2526f513 0.694s
2025-12-09 04:19:07.283 65559 INFO tempest.lib.common.rest_client [req-713dd6cf-bf8d-44b7-8dac-a90e353937ea req-713dd6cf-bf8d-44b7-8dac-a90e353937ea ] Request (ImagesTestJSON:test_create_server_from_snapshot): 200 GET http://10.180.1.21/compute/v2.1/servers/a0d6bc16-3f80-4f50-96a1-d317a9a00a16 0.866s
2025-12-09 04:19:07.390 65585 INFO tempest.lib.common.rest_client [req-764d7480-af40-4da0-9e13-3047c3b15449 req-764d7480-af40-4da0-9e13-3047c3b15449 ] Request (ServerAddressesNegativeTestJSON:setUpClass): 200 GET http://10.180.1.21/compute/v2.1/servers/57330613-b975-4e0b-abb2-4bcf4a066291 0.758s
2025-12-09 04:19:07.414 65579 INFO tempest.lib.common.rest_client [req-e4d987ef-2fc8-42ef-b454-3f12e2d87dbd req-e4d987ef-2fc8-42ef-b454-3f12e2d87dbd ] Request (ServersWithSpecificFlavorTestJSON:test_verify_created_server_ephemeral_disk): 200 POST http://10.180.1.21/compute/v2.1/flavors/1911634453/os-extra_specs 0.772s
2025-12-09 04:19:07.416 65537 INFO tempest.lib.common.rest_client [req-c1f15826-e5b4-47dd-8777-f0e0c04ef896 req-c1f15826-e5b4-47dd-8777-f0e0c04ef896 ] Request (AttachVolumeTestJSON:test_attach_detach_volume): 200 GET http://10.180.1.21/compute/v2.1/servers/aef70d4b-9c19-44e1-a4b6-c634e7924bab 0.824s
2025-12-09 04:19:07.475 65581 INFO tempest.lib.common.rest_client [req-5794e081-d3c6-4458-8dba-309619299a30 req-5794e081-d3c6-4458-8dba-309619299a30 ] Request (FloatingIPsAssociationTestJSON:tearDownClass): 200 GET http://10.180.1.21/compute/v2.1/servers/b0d0eaad-3012-4594-b975-afefda68dde7 0.811s
2025-12-09 04:19:07.492 65565 INFO tempest.lib.common.rest_client [req-315581cf-9b2d-4e21-812b-5073252efefe req-315581cf-9b2d-4e21-812b-5073252efefe ] Request (AttachInterfacesUnderV243Test:_run_cleanups): 200 GET http://10.180.1.21/compute/v2.1/servers/a06aeafe-9793-4be2-b157-25f911a74710 0.756s
2025-12-09 04:19:07.539 65583 INFO tempest.lib.common.rest_client [req-633ab12f-70e2-4d98-8970-313a6f1c5504 req-633ab12f-70e2-4d98-8970-313a6f1c5504 ] Request (ServerDiskConfigTestJSON:test_resize_server_from_auto_to_manual): 200 GET http://10.180.1.21/compute/v2.1/servers/c8ef2ca6-bbb8-4858-9e39-aa8899b85422 0.803s
2025-12-09 04:19:07.571 65535 INFO tempest.lib.common.rest_client [req-ec1a25e9-db17-4965-b892-5abc02a261ee req-ec1a25e9-db17-4965-b892-5abc02a261ee ] Request (ServersAdminNegativeTestJSON:tearDownClass): 200 GET http://10.180.1.21/compute/v2.1/servers/5e0a512e-5d32-4d5e-8558-28e31fa36041 0.800s
2025-12-09 04:19:07.601 65579 INFO tempest.lib.common.rest_client [req-480fb736-2b5c-4992-b065-ce4932dc6bd0 req-480fb736-2b5c-4992-b065-ce4932dc6bd0 ] Request (ValidationResourcesFixture:setUp): 200 POST http://10.180.1.21/compute/v2.1/os-keypairs 0.185s
2025-12-09 04:19:07.722 65577 INFO tempest.lib.common.rest_client [req-95b618c8-3015-4fc9-8f5c-b25865a1b0b6 req-95b618c8-3015-4fc9-8f5c-b25865a1b0b6 ] Request (SecurityGroupsTestJSON:test_server_security_groups): 200 GET http://10.180.1.21/compute/v2.1/servers/e0ce4776-473e-4249-9131-2a96a6f7def1 0.269s
2025-12-09 04:19:07.743 65579 INFO tempest.lib.common.rest_client [req-6b87dc62-57a4-44c0-be38-00c366824380 req-6b87dc62-57a4-44c0-be38-00c366824380 ] Request (ValidationResourcesFixture:setUp): 201 POST http://10.180.1.21/networking/v2.0/security-groups 0.140s
2025-12-09 04:19:07.748 65531 INFO tempest.lib.common.rest_client [req-506b2bdb-4877-40e7-9910-3e14df0a7163 req-506b2bdb-4877-40e7-9910-3e14df0a7163 ] Request (MigrationsAdminTest:test_list_migrations_in_flavor_resize_situation): 200 GET http://10.180.1.21/compute/v2.1/servers/736293eb-5964-4543-8fe7-ba0e89bcbe74 0.493s
2025-12-09 04:19:07.856 65579 INFO tempest.lib.common.rest_client [req-f2de4653-3c75-4623-881e-9f85c2d87be5 req-f2de4653-3c75-4623-881e-9f85c2d87be5 ] Request (ValidationResourcesFixture:setUp): 201 POST http://10.180.1.21/networking/v2.0/security-group-rules 0.113s
2025-12-09 04:19:07.880 65553 INFO tempest.lib.common.rest_client [req-6e776cf5-6b7f-4d99-a683-a24cc9187f25 req-6e776cf5-6b7f-4d99-a683-a24cc9187f25 ] Request (ListServersNegativeTestJSON:setUpClass): 200 GET http://10.180.1.21/compute/v2.1/servers/361e0676-5cab-413e-9235-b8dbfbca7366 0.246s
2025-12-09 04:19:07.891 65541 INFO tempest.lib.common.rest_client [req-3be711d7-4a0e-4cbf-816b-aa0e50767cd5 req-3be711d7-4a0e-4cbf-816b-aa0e50767cd5 ] Request (ListServerFiltersTestJSON:setUpClass): 200 GET http://10.180.1.21/compute/v2.1/servers/f2b1583b-4a05-4759-aa13-20489ac5eaba 0.133s
2025-12-09 04:19:07.898 65551 WARNING tempest.lib.common.ssh [-] Failed to establish authenticated ssh connection to cirros@10.180.180.206 ([Errno None] Unable to connect to port 22 on 10.180.180.206). Number attempts: 7. Retry after 8 seconds.: paramiko.ssh_exception.NoValidConnectionsError: [Errno None] Unable to connect to port 22 on 10.180.180.206
2025-12-09 04:19:07.969 65579 INFO tempest.lib.common.rest_client [req-60684ae6-31b3-4c13-aa59-37c7b56e5253 req-60684ae6-31b3-4c13-aa59-37c7b56e5253 ] Request (ValidationResourcesFixture:setUp): 201 POST http://10.180.1.21/networking/v2.0/security-group-rules 0.112s
2025-12-09 04:19:07.990 65575 INFO tempest.lib.common.rest_client [req-8e4e4f78-3428-444f-9222-c63cb28ff021 req-8e4e4f78-3428-444f-9222-c63cb28ff021 ] Request (ServerAddressesTestJSON:setUpClass): 200 GET http://10.180.1.21/compute/v2.1/servers/d204b1b4-5de1-458a-9e26-bfedb53ed9f5 0.145s
2025-12-09 04:19:08.011 65527 INFO tempest.lib.common.rest_client [req-b9bd9707-7c6f-4ad6-9098-8e7c19ac0c64 req-b9bd9707-7c6f-4ad6-9098-8e7c19ac0c64 ] Request (ServerShowV254Test:test_rebuild_server): 200 GET http://10.180.1.21/compute/v2.1/servers/91fd1037-1cc7-4e5b-92b0-9577c6e1defd 0.151s
2025-12-09 04:19:08.055 65556 INFO tempest.lib.common.rest_client [req-79bf2863-33b3-4aa0-9a79-25d0c6468e9d req-79bf2863-33b3-4aa0-9a79-25d0c6468e9d ] Request (ServerActionsTestOtherA:setUpClass): 200 GET http://10.180.1.21/compute/v2.1/servers/47d442e0-d96a-464c-8548-7b6fa79321fa 0.136s
2025-12-09 04:19:08.076 65545 INFO tempest.lib.common.rest_client [req-cf9f85d3-4724-40c6-8bd5-e752ec013183 req-cf9f85d3-4724-40c6-8bd5-e752ec013183 ] Request (AttachVolumeNegativeTest:test_attach_attached_volume_to_different_server): 200 GET http://10.180.1.21/compute/v2.1/servers/8dc88070-1888-44cf-95cb-975cd9e81c85 0.141s
2025-12-09 04:19:08.140 65533 INFO tempest.lib.common.rest_client [req-dc0b23ca-9789-4a2d-9f85-2a070d58d591 req-dc0b23ca-9789-4a2d-9f85-2a070d58d591 ] Request (ServersAdminTestJSON:tearDownClass): 200 GET http://10.180.1.21/compute/v2.1/servers/dcb7232a-8c4b-41e8-8fe2-8dac76aa216b 0.139s
2025-12-09 04:19:08.263 65561 INFO tempest.lib.common.rest_client [req-b12f994c-92d2-4f87-a0ed-89889bb4d13c req-b12f994c-92d2-4f87-a0ed-89889bb4d13c ] Request (ServersTestMultiNic:_run_cleanups): 200 GET http://10.180.1.21/compute/v2.1/servers/a1d07c36-1f33-4387-86d7-057c5ec7efc2 0.189s
2025-12-09 04:19:08.296 65573 INFO tempest.lib.common.rest_client [req-01c00774-c31b-476e-b10a-4882400a93e9 req-01c00774-c31b-476e-b10a-4882400a93e9 ] Request (ServerActionsV293TestJSON:test_rebuild_volume_backed_server): 200 GET http://10.180.1.21/compute/v2.1/servers/5769996d-072c-4b61-a940-1ac5d2b6cfea 0.228s
2025-12-09 04:19:08.310 65573 INFO tempest.common.waiters [-] State transition "REBUILD/rebuilding" ==> "ERROR/None" after 3 second wait
2025-12-09 04:19:08.332 65557 INFO tempest.lib.common.rest_client [req-55f3f11d-121b-419e-a9e9-0e11c3435017 req-55f3f11d-121b-419e-a9e9-0e11c3435017 ] Request (ServersTestBootFromVolume:tearDownClass): 200 GET http://10.180.1.21/compute/v2.1/servers/306f72f1-30b7-40ac-8116-b8c52ec51fc2 0.204s
2025-12-09 04:19:08.375 65579 INFO tempest.lib.common.rest_client [req-aa467cc8-e575-45e9-8694-095e90ebfdff req-aa467cc8-e575-45e9-8694-095e90ebfdff ] Request (ValidationResourcesFixture:setUp): 201 POST http://10.180.1.21/networking/v2.0/floatingips 0.405s
2025-12-09 04:19:08.379 65571 INFO tempest.lib.common.rest_client [req-fb4476d2-81a1-4a5c-b371-932d0e4bfceb req-fb4476d2-81a1-4a5c-b371-932d0e4bfceb ] Request (MultipleCreateTestJSON:_run_cleanups): 200 GET http://10.180.1.21/compute/v2.1/servers/4c8aeaa6-ae2e-481e-93af-b7e08963b607 0.238s
2025-12-09 04:19:08.389 65529 INFO tempest.lib.common.rest_client [req-de36cc2f-89ba-472f-87cf-e24243fc1df3 req-de36cc2f-89ba-472f-87cf-e24243fc1df3 ] Request (ServerMetadataNegativeTestJSON:setUpClass): 200 GET http://10.180.1.21/compute/v2.1/servers/aadbdb7a-773a-496a-a1bc-53c6d7d0f19a 0.209s
2025-12-09 04:19:08.408 65523 INFO tempest.lib.common.rest_client [req-469cdaa9-4042-44d0-ac50-c2efbbc3db31 req-469cdaa9-4042-44d0-ac50-c2efbbc3db31 ] Request (ServersListShow296Test:tearDownClass): 404 GET http://10.180.1.21/compute/v2.1/servers/b99955ca-a62f-40ea-80b2-c171b764174e 0.193s
2025-12-09 04:19:08.455 65579 INFO tempest.lib.common.rest_client [req-b687ec83-5617-4792-a222-4475d5c7f314 req-b687ec83-5617-4792-a222-4475d5c7f314 ] Request (ServersWithSpecificFlavorTestJSON:test_verify_created_server_ephemeral_disk): 201 POST http://10.180.1.21/identity/v3/auth/tokens 0.076s
2025-12-09 04:19:08.456 65579 INFO tempest.lib.common.fixed_network [-] (ServersWithSpecificFlavorTestJSON:test_verify_created_server_ephemeral_disk) Found network {'id': 'd6cb3ad6-cbe0-4e0e-99f0-64a1d47ff39f', 'name': 'tempest-ServersWithSpecificFlavorTestJSON-1264329753-network', 'tenant_id': 'f85a7d52a2d849fd95129907245e3402', 'project_id': 'f85a7d52a2d849fd95129907245e3402', 'admin_state_up': True, 'mtu': 8950, 'status': 'ACTIVE', 'subnets': [], 'shared': False, 'port_security_enabled': True, 'router:external': False, 'provider:network_type': 'vlan', 'provider:physical_network': 'default', 'provider:segmentation_id': 634, 'availability_zone_hints': [], 'availability_zones': [], 'ipv4_address_scope': None, 'ipv6_address_scope': None, 'description': '', 'tags': [], 'created_at': '2025-12-09T04:18:53Z', 'updated_at': '2025-12-09T04:18:53Z', 'revision_number': 1} available for tenant
2025-12-09 04:19:08.549 65559 INFO tempest.lib.common.rest_client [req-eed74b05-ac71-4a99-bc76-678f2bdef070 req-eed74b05-ac71-4a99-bc76-678f2bdef070 ] Request (ImagesTestJSON:test_create_server_from_snapshot): 200 GET http://10.180.1.21/compute/v2.1/servers/a0d6bc16-3f80-4f50-96a1-d317a9a00a16 0.256s
2025-12-09 04:19:08.557 65523 INFO tempest.lib.common.rest_client [req-a002ae5d-b8a9-4338-ac39-32e0a99b8c0d req-a002ae5d-b8a9-4338-ac39-32e0a99b8c0d ] Request (ServersListShow296Test:tearDownClass): 204 DELETE http://10.180.1.21/identity/v3/users/e010a6b72af34a7d931fec201487a36e 0.149s
2025-12-09 04:19:08.558 65523 INFO tempest.lib.common.dynamic_creds [-] Deleting project and security group for project: b1f30e7d771643d799f371651c201178
2025-12-09 04:19:08.625 65523 INFO tempest.lib.common.rest_client [req-f3f9d56b-0c62-4c70-8537-09a689e1f201 req-f3f9d56b-0c62-4c70-8537-09a689e1f201 ] Request (ServersListShow296Test:tearDownClass): 201 POST http://10.180.1.21/identity/v3/auth/tokens 0.067s
2025-12-09 04:19:08.645 65573 INFO tempest.lib.common.rest_client [req-45ca11cd-ae2e-4193-aa44-b9b30a9477c4 req-45ca11cd-ae2e-4193-aa44-b9b30a9477c4 ] Request (ServerActionsV293TestJSON:tearDownClass): 204 DELETE http://10.180.1.21/compute/v2.1/servers/5769996d-072c-4b61-a940-1ac5d2b6cfea 0.332s
2025-12-09 04:19:08.704 65585 INFO tempest.lib.common.rest_client [req-0acde3bf-62ef-4e2b-8cdc-7a35b95c5822 req-0acde3bf-62ef-4e2b-8cdc-7a35b95c5822 ] Request (ServerAddressesNegativeTestJSON:setUpClass): 200 GET http://10.180.1.21/compute/v2.1/servers/57330613-b975-4e0b-abb2-4bcf4a066291 0.302s
2025-12-09 04:19:08.763 65567 INFO tempest.lib.common.rest_client [req-6dc7aea6-9a60-483e-95b1-c340d9ca7719 req-6dc7aea6-9a60-483e-95b1-c340d9ca7719 ] Request (AttachInterfacesTestJSON:test_create_list_show_delete_interfaces_by_network_port): 200 GET http://10.180.1.21/compute/v2.1/servers/ddf040ec-01d7-4cca-9858-fc6a2526f513 0.499s
2025-12-09 04:19:08.821 65523 INFO tempest.lib.common.rest_client [req-b392c722-d5f5-44fa-a068-ccc90958f783 req-b392c722-d5f5-44fa-a068-ccc90958f783 ] Request (ServersListShow296Test:tearDownClass): 200 GET http://10.180.1.21/networking/v2.0/security-groups?tenant_id=b1f30e7d771643d799f371651c201178&name=default 0.195s
2025-12-09 04:19:08.858 65537 INFO tempest.lib.common.rest_client [req-a9ae3c26-dc18-49dc-8820-66a350e930cb req-a9ae3c26-dc18-49dc-8820-66a350e930cb ] Request (AttachVolumeTestJSON:test_attach_detach_volume): 200 GET http://10.180.1.21/compute/v2.1/servers/aef70d4b-9c19-44e1-a4b6-c634e7924bab 0.433s
2025-12-09 04:19:08.934 65523 INFO tempest.lib.common.rest_client [req-0fd4ea81-7ba3-4990-8e98-d7e20348c25a req-0fd4ea81-7ba3-4990-8e98-d7e20348c25a ] Request (ServersListShow296Test:tearDownClass): 204 DELETE http://10.180.1.21/networking/v2.0/security-groups/fbb0e21e-aa65-4b73-b4e4-5f31cbdfa4eb 0.113s
2025-12-09 04:19:08.934 65581 INFO tempest.lib.common.rest_client [req-18a8e582-1d68-40b9-b70d-84058c1f6c30 req-18a8e582-1d68-40b9-b70d-84058c1f6c30 ] Request (FloatingIPsAssociationTestJSON:tearDownClass): 200 GET http://10.180.1.21/compute/v2.1/servers/b0d0eaad-3012-4594-b975-afefda68dde7 0.451s
2025-12-09 04:19:09.010 65523 INFO tempest.lib.common.rest_client [req-c3450e82-7268-41b4-9c04-725448d6c445 req-c3450e82-7268-41b4-9c04-725448d6c445 ] Request (ServersListShow296Test:tearDownClass): 204 DELETE http://10.180.1.21/identity/v3/projects/b1f30e7d771643d799f371651c201178 0.075s
2025-12-09 04:19:09.011 65565 INFO tempest.lib.common.rest_client [req-16969737-9c45-40f3-b847-1635ef71cdce req-16969737-9c45-40f3-b847-1635ef71cdce ] Request (AttachInterfacesUnderV243Test:_run_cleanups): 200 GET http://10.180.1.21/compute/v2.1/servers/a06aeafe-9793-4be2-b157-25f911a74710 0.507s
2025-12-09 04:19:09.061 65583 INFO tempest.lib.common.rest_client [req-5437647c-21dc-49fe-8bc8-281fb03cc330 req-5437647c-21dc-49fe-8bc8-281fb03cc330 ] Request (ServerDiskConfigTestJSON:test_resize_server_from_auto_to_manual): 200 GET http://10.180.1.21/compute/v2.1/servers/c8ef2ca6-bbb8-4858-9e39-aa8899b85422 0.514s
2025-12-09 04:19:09.077 65523 INFO tempest.lib.common.rest_client [req-2f7500ca-3580-4d48-824c-e07fe1111f26 req-2f7500ca-3580-4d48-824c-e07fe1111f26 ] Request (ServersNegativeTestJSON:setUpClass): 201 POST http://10.180.1.21/identity/v3/auth/tokens 0.065s
2025-12-09 04:19:09.109 65523 INFO tempest.lib.common.rest_client [req-eb2c1750-37bc-427a-b3d8-38f7792717c8 req-eb2c1750-37bc-427a-b3d8-38f7792717c8 ] Request (ServersNegativeTestJSON:setUpClass): 201 POST http://10.180.1.21/identity/v3/auth/tokens 0.028s
2025-12-09 04:19:09.122 65535 INFO tempest.lib.common.rest_client [req-cf19eb74-f612-4e6a-8c51-00ae3cbbb486 req-cf19eb74-f612-4e6a-8c51-00ae3cbbb486 ] Request (ServersAdminNegativeTestJSON:tearDownClass): 200 GET http://10.180.1.21/compute/v2.1/servers/5e0a512e-5d32-4d5e-8558-28e31fa36041 0.542s
2025-12-09 04:19:09.133 65523 INFO tempest.lib.common.rest_client [req-4ecd5149-9d92-4650-bcde-09bb6f803f59 req-4ecd5149-9d92-4650-bcde-09bb6f803f59 ] Request (ServersNegativeTestJSON:setUpClass): 200 GET http://10.180.1.21/identity/v3/domains?name=Default 0.023s
2025-12-09 04:19:09.162 65523 INFO tempest.lib.common.rest_client [req-f56c0dc3-e375-4c08-af23-8a863ad14d78 req-f56c0dc3-e375-4c08-af23-8a863ad14d78 ] Request (ServersNegativeTestJSON:setUpClass): 201 POST http://10.180.1.21/identity/v3/projects 0.028s
2025-12-09 04:19:09.166 65579 INFO tempest.lib.common.rest_client [req-9e10870f-15b0-4035-b09a-735e6eafe7c2 req-9e10870f-15b0-4035-b09a-735e6eafe7c2 ] Request (ServersWithSpecificFlavorTestJSON:test_verify_created_server_ephemeral_disk): 202 POST http://10.180.1.21/compute/v2.1/servers 0.710s
2025-12-09 04:19:09.217 65577 INFO tempest.lib.common.rest_client [req-d30cef5e-2443-4e70-b959-3ee5a042eb4d req-d30cef5e-2443-4e70-b959-3ee5a042eb4d ] Request (SecurityGroupsTestJSON:test_server_security_groups): 200 GET http://10.180.1.21/compute/v2.1/servers/e0ce4776-473e-4249-9131-2a96a6f7def1 0.485s
2025-12-09 04:19:09.223 65523 INFO tempest.lib.common.rest_client [req-de99b8e7-de7f-44d7-9e5e-16acad803a16 req-de99b8e7-de7f-44d7-9e5e-16acad803a16 ] Request (ServersNegativeTestJSON:setUpClass): 201 POST http://10.180.1.21/identity/v3/users 0.060s
2025-12-09 04:19:09.238 65573 INFO tempest.lib.common.rest_client [req-14216e1e-288d-49a1-9ef3-629d797b58fa req-14216e1e-288d-49a1-9ef3-629d797b58fa ] Request (ServerActionsV293TestJSON:tearDownClass): 200 GET http://10.180.1.21/compute/v2.1/servers/5769996d-072c-4b61-a940-1ac5d2b6cfea 0.593s
2025-12-09 04:19:09.244 65523 INFO tempest.lib.common.rest_client [req-54013a63-d9e8-4854-84f5-0a2472b44210 req-54013a63-d9e8-4854-84f5-0a2472b44210 ] Request (ServersNegativeTestJSON:setUpClass): 200 GET http://10.180.1.21/identity/v3/roles 0.020s
2025-12-09 04:19:09.272 65523 INFO tempest.lib.common.rest_client [req-fbde10cd-410a-4627-b19c-e9e8a1aac516 req-fbde10cd-410a-4627-b19c-e9e8a1aac516 ] Request (ServersNegativeTestJSON:setUpClass): 204 PUT http://10.180.1.21/identity/v3/projects/90aedbd4a769488b91b2d7a3cb037b5a/users/de6cc574bcfb4514b7cac84972fd262e/roles/d2678973a716490e95e47242809af916 0.028s
2025-12-09 04:19:09.273 65523 INFO tempest.lib.common.dynamic_creds [-] Dynamic test user de6cc574bcfb4514b7cac84972fd262e is created with scope project and roles: ['member']
2025-12-09 04:19:09.273 65523 INFO tempest.lib.common.dynamic_creds [-] Acquired dynamic creds: credentials: Credentials: {'domain_id': 'default', 'domain_name': 'Default', 'username': 'tempest-ServersNegativeTestJSON-2079955183-project-member', 'project_domain_id': 'default', 'project_domain_name': 'Default', 'project_id': '90aedbd4a769488b91b2d7a3cb037b5a', 'project_name': 'tempest-ServersNegativeTestJSON-2079955183', 'tenant_id': '90aedbd4a769488b91b2d7a3cb037b5a', 'tenant_name': 'tempest-ServersNegativeTestJSON-2079955183', 'user_domain_id': 'default', 'user_domain_name': 'Default', 'user_id': 'de6cc574bcfb4514b7cac84972fd262e', 'system': None}, Network: None, Subnet: None, Router: None
2025-12-09 04:19:09.297 65553 INFO tempest.lib.common.rest_client [req-f7d3b9c3-7871-46bb-b349-c2c0a8a1a251 req-f7d3b9c3-7871-46bb-b349-c2c0a8a1a251 ] Request (ListServersNegativeTestJSON:setUpClass): 200 GET http://10.180.1.21/compute/v2.1/servers/361e0676-5cab-413e-9235-b8dbfbca7366 0.410s
2025-12-09 04:19:09.333 65523 INFO tempest.lib.common.rest_client [req-26c5e68c-4deb-47fc-8f8c-59befbcef0eb req-26c5e68c-4deb-47fc-8f8c-59befbcef0eb ] Request (ServersNegativeTestJSON:setUpClass): 201 POST http://10.180.1.21/identity/v3/auth/tokens 0.060s
2025-12-09 04:19:09.348 65531 INFO tempest.lib.common.rest_client [req-32215956-869f-4bac-87e1-f315c1744bf1 req-32215956-869f-4bac-87e1-f315c1744bf1 ] Request (MigrationsAdminTest:test_list_migrations_in_flavor_resize_situation): 200 GET http://10.180.1.21/compute/v2.1/servers/736293eb-5964-4543-8fe7-ba0e89bcbe74 0.587s
2025-12-09 04:19:09.351 65541 INFO tempest.lib.common.rest_client [req-00a703d8-2a63-4387-8f24-4308ad2a1593 req-00a703d8-2a63-4387-8f24-4308ad2a1593 ] Request (ListServerFiltersTestJSON:setUpClass): 200 GET http://10.180.1.21/compute/v2.1/servers/f2b1583b-4a05-4759-aa13-20489ac5eaba 0.449s
2025-12-09 04:19:09.402 65575 INFO tempest.lib.common.rest_client [req-5ccf64af-b861-42b4-9aac-756890322ae0 req-5ccf64af-b861-42b4-9aac-756890322ae0 ] Request (ServerAddressesTestJSON:setUpClass): 200 GET http://10.180.1.21/compute/v2.1/servers/d204b1b4-5de1-458a-9e26-bfedb53ed9f5 0.403s
2025-12-09 04:19:09.424 65527 INFO tempest.lib.common.rest_client [req-543e8d4c-10f4-4853-9de9-273195a8c2a3 req-543e8d4c-10f4-4853-9de9-273195a8c2a3 ] Request (ServerShowV254Test:test_rebuild_server): 200 GET http://10.180.1.21/compute/v2.1/servers/91fd1037-1cc7-4e5b-92b0-9577c6e1defd 0.402s
2025-12-09 04:19:09.474 65556 INFO tempest.lib.common.rest_client [req-bf2cd079-4106-41d5-b176-a0b8baf27e8c req-bf2cd079-4106-41d5-b176-a0b8baf27e8c ] Request (ServerActionsTestOtherA:setUpClass): 200 GET http://10.180.1.21/compute/v2.1/servers/47d442e0-d96a-464c-8548-7b6fa79321fa 0.406s
2025-12-09 04:19:09.494 65545 INFO tempest.lib.common.rest_client [req-db79aa2a-3539-407a-8161-404e24779215 req-db79aa2a-3539-407a-8161-404e24779215 ] Request (AttachVolumeNegativeTest:test_attach_attached_volume_to_different_server): 200 GET http://10.180.1.21/compute/v2.1/servers/8dc88070-1888-44cf-95cb-975cd9e81c85 0.411s
2025-12-09 04:19:09.542 65579 INFO tempest.lib.common.rest_client [req-ba61be8d-038a-467e-bfdd-6e0815383dca req-ba61be8d-038a-467e-bfdd-6e0815383dca ] Request (ServersWithSpecificFlavorTestJSON:test_verify_created_server_ephemeral_disk): 200 GET http://10.180.1.21/compute/v2.1/servers/0a2a9ed4-6270-4155-8f11-f9584d2017f0 0.374s
2025-12-09 04:19:09.558 65533 INFO tempest.lib.common.rest_client [req-744e6e11-23ab-400a-9ffd-f80a7f45aaac req-744e6e11-23ab-400a-9ffd-f80a7f45aaac ] Request (ServersAdminTestJSON:tearDownClass): 200 GET http://10.180.1.21/compute/v2.1/servers/dcb7232a-8c4b-41e8-8fe2-8dac76aa216b 0.407s
2025-12-09 04:19:09.566 65561 INFO tempest.lib.common.rest_client [req-d68d08c3-70da-4e01-b364-ff5cecd86ea2 req-d68d08c3-70da-4e01-b364-ff5cecd86ea2 ] Request (ServersTestMultiNic:_run_cleanups): 404 GET http://10.180.1.21/compute/v2.1/servers/a1d07c36-1f33-4387-86d7-057c5ec7efc2 0.294s
2025-12-09 04:19:09.647 65523 INFO tempest.lib.common.rest_client [req-307ed757-147d-4748-a70f-e617e07060b7 req-307ed757-147d-4748-a70f-e617e07060b7 ] Request (ServersNegativeTestJSON:setUpClass): 201 POST http://10.180.1.21/networking/v2.0/networks 0.313s
2025-12-09 04:19:09.675 65557 INFO tempest.lib.common.rest_client [req-7162fe6a-493e-4a8a-b411-e45b5dfd9fe6 req-7162fe6a-493e-4a8a-b411-e45b5dfd9fe6 ] Request (ServersTestBootFromVolume:tearDownClass): 200 GET http://10.180.1.21/compute/v2.1/servers/306f72f1-30b7-40ac-8116-b8c52ec51fc2 0.334s
