2025-12-09 04:16:37.589 65585 INFO tempest.lib.common.rest_client [req-89bf62a8-1881-4b8d-8c4a-b11b77f05ce3 req-89bf62a8-1881-4b8d-8c4a-b11b77f05ce3 ] Request (FlavorsAccessNegativeTestJSON:test_flavor_non_admin_remove): 200 POST http://10.180.1.21/compute/v2.1/flavors 3.130s
2025-12-09 04:16:37.598 65531 INFO tempest.lib.common.rest_client [req-4430efad-7a37-4564-ae69-317848a06a88 req-4430efad-7a37-4564-ae69-317848a06a88 ] Request (AggregatesAdminNegativeTestJSON:test_aggregate_create_as_user): 403 POST http://10.180.1.21/compute/v2.1/os-aggregates 2.927s
2025-12-09 04:16:37.605 65537 INFO tempest.lib.common.rest_client [req-628d53f0-7c54-4a23-8a39-450103f4e026 req-628d53f0-7c54-4a23-8a39-450103f4e026 ] Request (ServicesAdminTestJSON:setUpClass): 201 POST http://10.180.1.21/identity/v3/projects 0.164s
2025-12-09 04:16:37.660 65547 INFO tempest.lib.common.rest_client [req-ecde34e2-0987-4e57-b5ca-b89553bba834 req-ecde34e2-0987-4e57-b5ca-b89553bba834 ] Request (VolumesTestJSON:test_volume_list_param_limit): 200 GET http://10.180.1.21/compute/v2.1/os-volumes?limit=2 2.919s
2025-12-09 04:16:37.674 65567 WARNING tempest.lib.common.ssh [-] Failed to establish authenticated ssh connection to cirros@10.180.180.191 ([Errno None] Unable to connect to port 22 on 10.180.180.191). Number attempts: 3. Retry after 4 seconds.: paramiko.ssh_exception.NoValidConnectionsError: [Errno None] Unable to connect to port 22 on 10.180.180.191
2025-12-09 04:16:37.678 65525 INFO tempest.lib.common.rest_client [req-d9bf6878-62f5-438c-a127-45245152878b req-d9bf6878-62f5-438c-a127-45245152878b ] Request (KeyPairsV210TestJSON:test_admin_manage_keypairs_for_other_users): 200 GET http://10.180.1.21/compute/v2.1/os-keypairs/tempest-keypair-1128189486?user_id=4f8fc82c78a441ab89d9756106a40c5a 2.899s
2025-12-09 04:16:37.692 65571 INFO tempest.lib.common.rest_client [req-852cd9bc-b16e-4812-80e1-1965fffb9f39 req-852cd9bc-b16e-4812-80e1-1965fffb9f39 ] Request (HostsAdminNegativeTestJSON:test_update_nonexistent_host): 404 PUT http://10.180.1.21/compute/v2.1/os-hosts/nonexistent_hostname 2.910s
2025-12-09 04:16:37.703 65537 INFO tempest.lib.common.rest_client [req-2e1d0821-e0cf-40b0-a163-7ffe6fbcc7fd req-2e1d0821-e0cf-40b0-a163-7ffe6fbcc7fd ] Request (ServicesAdminTestJSON:setUpClass): 201 POST http://10.180.1.21/identity/v3/users 0.097s
2025-12-09 04:16:37.713 65557 INFO tempest.lib.common.rest_client [req-2985e43f-c577-476c-a433-9eef23b0f17b req-2985e43f-c577-476c-a433-9eef23b0f17b ] Request (ServersTestBootFromVolume:setUpClass): 201 POST http://10.180.1.21/networking/v2.0/security-groups 0.142s
2025-12-09 04:16:37.739 65537 INFO tempest.lib.common.rest_client [req-da419c59-ee8b-4832-8fe7-e8f3a1348931 req-da419c59-ee8b-4832-8fe7-e8f3a1348931 ] Request (ServicesAdminTestJSON:setUpClass): 200 GET http://10.180.1.21/identity/v3/roles 0.035s
2025-12-09 04:16:37.781 65537 INFO tempest.lib.common.rest_client [req-ca908d0a-64b0-4061-9c34-ea309f2ee7f6 req-ca908d0a-64b0-4061-9c34-ea309f2ee7f6 ] Request (ServicesAdminTestJSON:setUpClass): 204 PUT http://10.180.1.21/identity/v3/projects/b9896910faac4a66bc2917cc1f7e422e/users/9a09742f8dec45a6b2c49b8b5b2bacab/roles/c9ee9415316a4efaaa383f3008232eb3 0.041s
2025-12-09 04:16:37.816 65571 INFO tempest.lib.common.rest_client [req-4911ac15-3be3-447d-bcdf-b6e9def75d54 req-4911ac15-3be3-447d-bcdf-b6e9def75d54 ] Request (HostsAdminNegativeTestJSON:tearDownClass): 204 DELETE http://10.180.1.21/identity/v3/users/42ee83dcc8914be78f90196256e9b1e3 0.122s
2025-12-09 04:16:37.888 65569 INFO tempest.lib.common.rest_client [req-3a4d027a-bb6a-4a19-9a6d-f13804022d42 req-3a4d027a-bb6a-4a19-9a6d-f13804022d42 ] Request (ImagesMetadataTestJSON:test_set_image_metadata): 200 PUT http://10.180.1.21/compute/v2.1/images/6cb35633-456a-470d-84c6-57b7c6841427/metadata 3.225s
2025-12-09 04:16:37.903 65537 INFO tempest.lib.common.rest_client [req-9a53cceb-da0d-4ec8-b83b-abd6da695b6c req-9a53cceb-da0d-4ec8-b83b-abd6da695b6c ] Request (ServicesAdminTestJSON:setUpClass): 200 GET http://10.180.1.21/identity/v3/roles 0.121s
2025-12-09 04:16:37.933 65571 INFO tempest.lib.common.rest_client [req-7d9c6a21-f5a0-4f4a-9780-f64f8409406b req-7d9c6a21-f5a0-4f4a-9780-f64f8409406b ] Request (HostsAdminNegativeTestJSON:tearDownClass): 204 DELETE http://10.180.1.21/identity/v3/users/151f891e55ef415e9659b99e3b05c22b 0.116s
2025-12-09 04:16:37.933 65571 INFO tempest.lib.common.dynamic_creds [-] Deleting project and security group for project: 6f945d91625b4743ad7a86fe487905b8
2025-12-09 04:16:37.981 65537 INFO tempest.lib.common.rest_client [req-8e229d46-3ce1-49d0-9d95-a10279ce75c5 req-8e229d46-3ce1-49d0-9d95-a10279ce75c5 ] Request (ServicesAdminTestJSON:setUpClass): 204 PUT http://10.180.1.21/identity/v3/projects/b9896910faac4a66bc2917cc1f7e422e/users/9a09742f8dec45a6b2c49b8b5b2bacab/roles/c9ee9415316a4efaaa383f3008232eb3 0.078s
2025-12-09 04:16:37.981 65537 INFO tempest.lib.common.dynamic_creds [-] Dynamic test user 9a09742f8dec45a6b2c49b8b5b2bacab is created with scope project and roles: ['admin']
2025-12-09 04:16:37.982 65537 INFO tempest.lib.common.dynamic_creds [-] Acquired dynamic creds: credentials: Credentials: {'domain_id': 'default', 'domain_name': 'Default', 'username': 'tempest-ServicesAdminTestJSON-321556487-project-admin', 'project_domain_id': 'default', 'project_domain_name': 'Default', 'project_id': 'b9896910faac4a66bc2917cc1f7e422e', 'project_name': 'tempest-ServicesAdminTestJSON-321556487', 'tenant_id': 'b9896910faac4a66bc2917cc1f7e422e', 'tenant_name': 'tempest-ServicesAdminTestJSON-321556487', 'user_domain_id': 'default', 'user_domain_name': 'Default', 'user_id': '9a09742f8dec45a6b2c49b8b5b2bacab', 'system': None}, Network: None, Subnet: None, Router: None
2025-12-09 04:16:37.982 65537 INFO tempest.lib.common.dynamic_creds [-] Created isolated network resources for: credentials: Credentials: {'domain_id': 'default', 'domain_name': 'Default', 'username': 'tempest-ServicesAdminTestJSON-321556487-project-admin', 'project_domain_id': 'default', 'project_domain_name': 'Default', 'project_id': 'b9896910faac4a66bc2917cc1f7e422e', 'project_name': 'tempest-ServicesAdminTestJSON-321556487', 'tenant_id': 'b9896910faac4a66bc2917cc1f7e422e', 'tenant_name': 'tempest-ServicesAdminTestJSON-321556487', 'user_domain_id': 'default', 'user_domain_name': 'Default', 'user_id': '9a09742f8dec45a6b2c49b8b5b2bacab', 'system': None}, Network: None, Subnet: None, Router: None
2025-12-09 04:16:37.996 65571 INFO tempest.lib.common.rest_client [req-c5db0da1-301e-41c3-9b45-981a9d9d1d2c req-c5db0da1-301e-41c3-9b45-981a9d9d1d2c ] Request (HostsAdminNegativeTestJSON:tearDownClass): 201 POST http://10.180.1.21/identity/v3/auth/tokens 0.062s
2025-12-09 04:16:38.069 65537 INFO tempest.lib.common.rest_client [req-616ed3f5-cf5d-408d-a0e6-f85d81efba01 req-616ed3f5-cf5d-408d-a0e6-f85d81efba01 ] Request (ServicesAdminTestJSON:setUpClass): 201 POST http://10.180.1.21/identity/v3/auth/tokens 0.084s
2025-12-09 04:16:38.087 65579 INFO tempest.lib.common.rest_client [req-1dd3873c-2bb4-435c-9bab-bbf012c511c6 req-1dd3873c-2bb4-435c-9bab-bbf012c511c6 ] Request (VolumesAssistedSnapshotsTest:test_volume_assisted_snapshot_create_delete): 200 PUT http://10.180.1.21/networking/v2.0/floatingips/27dcd02a-464f-428e-88a2-de640264a4ee 0.691s
2025-12-09 04:16:38.089 65579 INFO tempest.lib.common.ssh [-] Creating ssh connection to '10.180.180.217:22' as 'cirros' with public key authentication
2025-12-09 04:16:38.178 65557 INFO tempest.lib.common.rest_client [req-d807ad72-4b87-4d60-9c9c-8a0fd56b4711 req-d807ad72-4b87-4d60-9c9c-8a0fd56b4711 ] Request (ServersTestBootFromVolume:setUpClass): 201 POST http://10.180.1.21/networking/v2.0/security-group-rules 0.465s
2025-12-09 04:16:38.499 65563 INFO tempest.lib.common.rest_client [req-dd17f470-bdc6-470e-b3cc-ed3850cbaf9e req-dd17f470-bdc6-470e-b3cc-ed3850cbaf9e ] Request (SecurityGroupsNegativeTestJSON:setUpClass): 201 POST http://10.180.1.21/networking/v2.0/routers 0.918s
2025-12-09 04:16:38.570 65571 INFO tempest.lib.common.rest_client [req-baf80925-9286-4430-8723-3c7203c06f61 req-baf80925-9286-4430-8723-3c7203c06f61 ] Request (HostsAdminNegativeTestJSON:tearDownClass): 200 GET http://10.180.1.21/networking/v2.0/security-groups?tenant_id=6f945d91625b4743ad7a86fe487905b8&name=default 0.573s
2025-12-09 04:16:38.593 65557 INFO tempest.lib.common.rest_client [req-ac21775c-5e78-4624-86a2-8c1148f9d46b req-ac21775c-5e78-4624-86a2-8c1148f9d46b ] Request (ServersTestBootFromVolume:setUpClass): 201 POST http://10.180.1.21/networking/v2.0/security-group-rules 0.414s
2025-12-09 04:16:38.608 65551 INFO tempest.lib.common.rest_client [req-c30d6e47-7312-46a3-89e9-25ccb076fbb8 req-c30d6e47-7312-46a3-89e9-25ccb076fbb8 ] Request (ServerRescueNegativeTestJSON:setUpClass): 200 GET http://10.180.1.21/compute/v2.1/servers/31321617-e2f2-444f-9f96-c9d7b803fe6d 3.753s
2025-12-09 04:16:38.616 65551 INFO tempest.common.waiters [-] State transition "BUILD/spawning" ==> "ACTIVE/None" after 18 second wait
2025-12-09 04:16:38.635 65575 INFO tempest.lib.common.rest_client [req-6a193112-e60d-4bda-a023-01ca96cdb8f0 req-6a193112-e60d-4bda-a023-01ca96cdb8f0 ] Request (DeleteServersAdminTestJSON:test_admin_delete_servers_of_others): 404 GET http://10.180.1.21/compute/v2.1/servers/c8dc9f67-f0f3-467a-98e7-63d426d0584b 3.400s
2025-12-09 04:16:38.667 65573 INFO tempest.lib.common.rest_client [req-515f0ad0-cda8-4702-9960-dfde9661d7b4 req-515f0ad0-cda8-4702-9960-dfde9661d7b4 ] Request (ServerActionsV293TestJSON:setUpClass): 200 GET http://10.180.1.21/compute/v2.1/servers/5769996d-072c-4b61-a940-1ac5d2b6cfea 3.683s
2025-12-09 04:16:38.680 65573 INFO tempest.common.waiters [-] State transition "BUILD/None" ==> "BUILD/spawning" after 14 second wait
2025-12-09 04:16:38.723 65575 INFO tempest.lib.common.rest_client [req-0779ef72-c85f-4077-b8d1-a0f5a1c7f7aa req-0779ef72-c85f-4077-b8d1-a0f5a1c7f7aa ] Request (DeleteServersAdminTestJSON:test_delete_server_while_in_error_state): 201 POST http://10.180.1.21/identity/v3/auth/tokens 0.073s
2025-12-09 04:16:38.723 65575 INFO tempest.lib.common.fixed_network [-] (DeleteServersAdminTestJSON:test_delete_server_while_in_error_state) Found network None available for tenant
2025-12-09 04:16:38.780 65571 INFO tempest.lib.common.rest_client [req-c941840e-3430-47e0-87d2-666bfd66ced8 req-c941840e-3430-47e0-87d2-666bfd66ced8 ] Request (HostsAdminNegativeTestJSON:tearDownClass): 204 DELETE http://10.180.1.21/networking/v2.0/security-groups/8eba385f-8d09-4260-a967-65aed8e45856 0.209s
2025-12-09 04:16:38.854 65571 INFO tempest.lib.common.rest_client [req-0160f53d-49a5-41c7-bb76-e942eaf3881d req-0160f53d-49a5-41c7-bb76-e942eaf3881d ] Request (HostsAdminNegativeTestJSON:tearDownClass): 204 DELETE http://10.180.1.21/identity/v3/projects/6f945d91625b4743ad7a86fe487905b8 0.073s
2025-12-09 04:16:38.854 65571 INFO tempest.lib.common.dynamic_creds [-] Deleting project and security group for project: fb3f438682a849089364b3db7f9fd174
2025-12-09 04:16:39.163 65557 INFO tempest.lib.common.rest_client [req-4880eec2-ce51-4ba0-88ec-012925b16d01 req-4880eec2-ce51-4ba0-88ec-012925b16d01 ] Request (ServersTestBootFromVolume:setUpClass): 201 POST http://10.180.1.21/networking/v2.0/floatingips 0.569s
2025-12-09 04:16:39.215 65541 INFO tempest.lib.common.rest_client [req-2e3821a2-8c1d-4050-b607-1c66db4e4d92 req-2e3821a2-8c1d-4050-b607-1c66db4e4d92 ] Request (ServersAdmin275Test:test_rebuild_update_server_275): 200 GET http://10.180.1.21/compute/v2.1/servers/a3ac7505-fe69-42c1-8b92-f2f44676579f 3.927s
2025-12-09 04:16:39.246 65535 INFO tempest.lib.common.rest_client [req-438c4e1c-1dfe-4af9-b9f8-8803c5535cc0 req-438c4e1c-1dfe-4af9-b9f8-8803c5535cc0 ] Request (ServersAdminNegativeTestJSON:test_migrate_server_invalid_state): 200 GET http://10.180.1.21/compute/v2.1/servers/c08cafea-5922-4d1f-91c4-29ccd4c1eb3b 3.879s
2025-12-09 04:16:39.257 65535 INFO tempest.common.waiters [-] State transition "BUILD/None" ==> "BUILD/networking" after 10 second wait
2025-12-09 04:16:39.280 65557 INFO tempest.lib.common.rest_client [req-86166896-6f2c-40c9-80a4-5fdaa3d4be7c req-86166896-6f2c-40c9-80a4-5fdaa3d4be7c ] Request (ServersTestBootFromVolume:setUpClass): 201 POST http://10.180.1.21/identity/v3/auth/tokens 0.114s
2025-12-09 04:16:39.281 65557 INFO tempest.lib.common.fixed_network [-] (ServersTestBootFromVolume:setUpClass) Found network {'id': '55e21fb7-64b0-4e96-873c-c935ca19a33f', 'name': 'tempest-ServersTestBootFromVolume-949790253-network', 'tenant_id': '66eaaaca0f0b4a41bb641b965e5c22ee', 'project_id': '66eaaaca0f0b4a41bb641b965e5c22ee', 'admin_state_up': True, 'mtu': 8950, 'status': 'ACTIVE', 'subnets': [], 'shared': False, 'port_security_enabled': True, 'router:external': False, 'provider:network_type': 'vlan', 'provider:physical_network': 'default', 'provider:segmentation_id': 478, 'availability_zone_hints': [], 'availability_zones': [], 'ipv4_address_scope': None, 'ipv6_address_scope': None, 'description': '', 'tags': [], 'created_at': '2025-12-09T04:16:30Z', 'updated_at': '2025-12-09T04:16:31Z', 'revision_number': 1} available for tenant
2025-12-09 04:16:39.350 65571 INFO tempest.lib.common.rest_client [req-6a046d08-df52-480e-a2f9-e773edd64267 req-6a046d08-df52-480e-a2f9-e773edd64267 ] Request (HostsAdminNegativeTestJSON:tearDownClass): 200 GET http://10.180.1.21/networking/v2.0/security-groups?tenant_id=fb3f438682a849089364b3db7f9fd174&name=default 0.495s
2025-12-09 04:16:39.435 65533 INFO tempest.lib.common.rest_client [req-59ec17f0-b0f6-4909-9112-4fdf56e867f3 req-59ec17f0-b0f6-4909-9112-4fdf56e867f3 ] Request (ServersAdminTestJSON:test_create_server_with_scheduling_hint): 200 GET http://10.180.1.21/compute/v2.1/servers/14d72945-e33d-4858-a279-7c689fc2fb78 4.051s
2025-12-09 04:16:39.454 65553 INFO tempest.lib.common.rest_client [req-a7a4fc54-f9f3-462e-ab1d-4635391bdb3d req-a7a4fc54-f9f3-462e-ab1d-4635391bdb3d ] Request (ServerDiagnosticsTest:test_get_server_diagnostics): 200 GET http://10.180.1.21/compute/v2.1/servers/4a8b9101-9eb9-4f09-929f-30fff62cd36e 4.014s
2025-12-09 04:16:39.531 65563 INFO tempest.lib.common.rest_client [req-d1f4b2c3-1879-49d2-ba36-1a72a5e6d772 req-d1f4b2c3-1879-49d2-ba36-1a72a5e6d772 ] Request (SecurityGroupsNegativeTestJSON:setUpClass): 200 PUT http://10.180.1.21/networking/v2.0/routers/08caa6dd-1af3-48a9-94f4-52770e8ffd73/add_router_interface 1.031s
2025-12-09 04:16:39.531 65563 INFO tempest.lib.common.dynamic_creds [-] Created isolated network resources for: credentials: Credentials: {'domain_id': 'default', 'domain_name': 'Default', 'username': 'tempest-SecurityGroupsNegativeTestJSON-1047232193-project-member', 'project_domain_id': 'default', 'project_domain_name': 'Default', 'project_id': '567d6ed568ae4f9d954caafcf07baea0', 'project_name': 'tempest-SecurityGroupsNegativeTestJSON-1047232193', 'tenant_id': '567d6ed568ae4f9d954caafcf07baea0', 'tenant_name': 'tempest-SecurityGroupsNegativeTestJSON-1047232193', 'user_domain_id': 'default', 'user_domain_name': 'Default', 'user_id': 'befd59c85c774230bfc18e72b77936e9', 'system': None}, Network: {'id': 'c151e060-6db1-43d1-a241-72cb9dd2dce4', 'name': 'tempest-SecurityGroupsNegativeTestJSON-1052244666-network', 'tenant_id': '567d6ed568ae4f9d954caafcf07baea0', 'project_id': '567d6ed568ae4f9d954caafcf07baea0', 'admin_state_up': True, 'mtu': 8950, 'status': 'ACTIVE', 'subnets': [], 'shared': False, 'port_security_enabled': True, 'router:external': False, 'provider:network_type': 'vlan', 'provider:physical_network': 'default', 'provider:segmentation_id': 809, 'availability_zone_hints': [], 'availability_zones': [], 'ipv4_address_scope': None, 'ipv6_address_scope': None, 'description': '', 'tags': [], 'created_at': '2025-12-09T04:16:37Z', 'updated_at': '2025-12-09T04:16:37Z', 'revision_number': 1}, Subnet: {'id': '709818f5-1503-49f1-848a-3a2401ffb433', 'name': 'tempest-SecurityGroupsNegativeTestJSON-1052244666-subnet', 'tenant_id': '567d6ed568ae4f9d954caafcf07baea0', 'network_id': 'c151e060-6db1-43d1-a241-72cb9dd2dce4', 'ip_version': 4, 'subnetpool_id': None, 'enable_dhcp': True, 'ipv6_ra_mode': None, 'ipv6_address_mode': None, 'gateway_ip': '192.168.128.1', 'cidr': '192.168.128.0/28', 'allocation_pools': [{'start': '192.168.128.2', 'end': '192.168.128.14'}], 'host_routes': [], 'dns_nameservers': [], 'description': '', 'router:external': False, 'service_types': [], 'tags': [], 'created_at': '2025-12-09T04:16:37Z', 'updated_at': '2025-12-09T04:16:37Z', 'revision_number': 0, 'project_id': '567d6ed568ae4f9d954caafcf07baea0'}, Router: {'id': '08caa6dd-1af3-48a9-94f4-52770e8ffd73', 'name': 'tempest-SecurityGroupsNegativeTestJSON-1052244666-router', 'tenant_id': '567d6ed568ae4f9d954caafcf07baea0', 'admin_state_up': True, 'status': 'ACTIVE', 'external_gateway_info': {'network_id': '562dbb99-c1fc-4329-823e-f0d364a44dbf', 'external_fixed_ips': [{'subnet_id': '410bdb45-52d2-4ffd-a2ac-f1d8d4c2527d', 'ip_address': '10.180.180.213'}], 'enable_snat': True}, 'description': '', 'availability_zones': [], 'distributed': False, 'ha': False, 'availability_zone_hints': [], 'routes': [], 'flavor_id': None, 'tags': [], 'created_at': '2025-12-09T04:16:37Z', 'updated_at': '2025-12-09T04:16:38Z', 'revision_number': 2, 'project_id': '567d6ed568ae4f9d954caafcf07baea0'}
2025-12-09 04:16:39.541 65571 INFO tempest.lib.common.rest_client [req-dd7d66e8-4813-49cd-b777-c3b0ffa6aaa2 req-dd7d66e8-4813-49cd-b777-c3b0ffa6aaa2 ] Request (HostsAdminNegativeTestJSON:tearDownClass): 204 DELETE http://10.180.1.21/networking/v2.0/security-groups/68e937b3-4ec0-4d5d-83ac-73f8ab6024ca 0.190s
2025-12-09 04:16:39.629 65556 INFO tempest.lib.common.rest_client [req-b65a2e37-07e9-4a2f-bc70-fbc5c143f6ac req-b65a2e37-07e9-4a2f-bc70-fbc5c143f6ac ] Request (ListImagesTestJSON:test_get_image): 200 GET http://10.180.1.21/compute/v2.1/images/5a45193b-46fb-40e0-a946-4d0405b742f2 3.897s
2025-12-09 04:16:39.655 65563 INFO tempest.lib.common.rest_client [req-c7317819-758c-46de-bb5a-a4b3d8fe4261 req-c7317819-758c-46de-bb5a-a4b3d8fe4261 ] Request (SecurityGroupsNegativeTestJSON:setUpClass): 201 POST http://10.180.1.21/identity/v3/auth/tokens 0.119s
2025-12-09 04:16:39.738 65571 INFO tempest.lib.common.rest_client [req-3fb7823a-3b69-4bef-ac40-cd40a7e73823 req-3fb7823a-3b69-4bef-ac40-cd40a7e73823 ] Request (HostsAdminNegativeTestJSON:tearDownClass): 204 DELETE http://10.180.1.21/identity/v3/projects/fb3f438682a849089364b3db7f9fd174 0.196s
2025-12-09 04:16:39.739 65571 INFO tempest.test [-] raised in LiveMigrationTest.setUpClass. Invoking tearDownClass.
2025-12-09 04:16:39.795 65557 INFO tempest.lib.common.rest_client [req-c77adc3a-efee-42bb-8185-81bca9e885dc req-c77adc3a-efee-42bb-8185-81bca9e885dc ] Request (ServersTestBootFromVolume:setUpClass): 202 POST http://10.180.1.21/volume/v3/volumes 0.513s
2025-12-09 04:16:39.836 65571 INFO tempest.lib.common.rest_client [req-0ca7c575-1574-46ab-9e91-3991879e5aeb req-0ca7c575-1574-46ab-9e91-3991879e5aeb ] Request (InstanceActionsNegativeTestJSON:setUpClass): 201 POST http://10.180.1.21/identity/v3/auth/tokens 0.092s
2025-12-09 04:16:39.854 65557 INFO tempest.lib.common.rest_client [req-a19a20f7-9e46-482d-b33f-97f566ffdb40 req-a19a20f7-9e46-482d-b33f-97f566ffdb40 ] Request (ServersTestBootFromVolume:setUpClass): 200 GET http://10.180.1.21/volume/v3/volumes/fb6ed43d-3eed-4bf0-bcef-ea76482fc1dd 0.053s
2025-12-09 04:16:39.880 65571 INFO tempest.lib.common.rest_client [req-aa61779d-4cf9-41ba-b359-b059ce88426d req-aa61779d-4cf9-41ba-b359-b059ce88426d ] Request (InstanceActionsNegativeTestJSON:setUpClass): 201 POST http://10.180.1.21/identity/v3/auth/tokens 0.037s
2025-12-09 04:16:39.897 65527 INFO tempest.lib.common.rest_client [req-04065cba-d6f5-4dd7-aabb-a5fb30b1afe7 req-04065cba-d6f5-4dd7-aabb-a5fb30b1afe7 ] Request (ImagesNegativeTestJSON:test_create_image_from_deleted_server): 200 GET http://10.180.1.21/compute/v2.1/servers/180991bc-f73b-4bac-aaf5-b3383fc60c8a 3.176s
2025-12-09 04:16:39.910 65527 INFO tempest.common.waiters [-] State transition "BUILD/spawning" ==> "ACTIVE/None" after 23 second wait
2025-12-09 04:16:39.916 65571 INFO tempest.lib.common.rest_client [req-efcb31f5-bcf7-4010-9b13-acc39af2a90f req-efcb31f5-bcf7-4010-9b13-acc39af2a90f ] Request (InstanceActionsNegativeTestJSON:setUpClass): 200 GET http://10.180.1.21/identity/v3/domains?name=Default 0.035s
2025-12-09 04:16:39.958 65571 INFO tempest.lib.common.rest_client [req-a0c72807-f91b-4697-808d-e90e5239bf23 req-a0c72807-f91b-4697-808d-e90e5239bf23 ] Request (InstanceActionsNegativeTestJSON:setUpClass): 201 POST http://10.180.1.21/identity/v3/projects 0.041s
2025-12-09 04:16:39.999 65543 INFO tempest.lib.common.rest_client [req-3feab1ec-534b-4f4a-a173-36cf3ce0066e req-3feab1ec-534b-4f4a-a173-36cf3ce0066e ] Request (FloatingIPsAssociationNegativeTestJSON:setUpClass): 200 GET http://10.180.1.21/compute/v2.1/servers/2223debf-2a99-4a00-a86d-79425b3f7126 2.743s
2025-12-09 04:16:40.099 65571 INFO tempest.lib.common.rest_client [req-a75cfb50-14ad-4068-a181-ae6140039961 req-a75cfb50-14ad-4068-a181-ae6140039961 ] Request (InstanceActionsNegativeTestJSON:setUpClass): 201 POST http://10.180.1.21/identity/v3/users 0.141s
2025-12-09 04:16:40.140 65571 INFO tempest.lib.common.rest_client [req-ba3a781e-e30e-4032-a2b0-6f4c641718c1 req-ba3a781e-e30e-4032-a2b0-6f4c641718c1 ] Request (InstanceActionsNegativeTestJSON:setUpClass): 200 GET http://10.180.1.21/identity/v3/roles 0.040s
2025-12-09 04:16:40.190 65559 INFO tempest.lib.common.rest_client [req-b302cf59-baf4-4df8-af30-a5bea990754d req-b302cf59-baf4-4df8-af30-a5bea990754d ] Request (ImagesTestJSON:test_create_image_from_stopped_server): 202 POST http://10.180.1.21/compute/v2.1/servers/5490958e-b651-436c-a24a-9cf535c8114c/action 3.744s
2025-12-09 04:16:40.206 65571 INFO tempest.lib.common.rest_client [req-d06fc8fd-a93e-40a3-b822-b282e28cd4da req-d06fc8fd-a93e-40a3-b822-b282e28cd4da ] Request (InstanceActionsNegativeTestJSON:setUpClass): 204 PUT http://10.180.1.21/identity/v3/projects/f8345dcda4894b478847c1074b5c55e5/users/8aeb6e19f407492f8c68f9f730871943/roles/d2678973a716490e95e47242809af916 0.066s
2025-12-09 04:16:40.206 65571 INFO tempest.lib.common.dynamic_creds [-] Dynamic test user 8aeb6e19f407492f8c68f9f730871943 is created with scope project and roles: ['member']
2025-12-09 04:16:40.206 65571 INFO tempest.lib.common.dynamic_creds [-] Acquired dynamic creds: credentials: Credentials: {'domain_id': 'default', 'domain_name': 'Default', 'username': 'tempest-InstanceActionsNegativeTestJSON-996522854-project-member', 'project_domain_id': 'default', 'project_domain_name': 'Default', 'project_id': 'f8345dcda4894b478847c1074b5c55e5', 'project_name': 'tempest-InstanceActionsNegativeTestJSON-996522854', 'tenant_id': 'f8345dcda4894b478847c1074b5c55e5', 'tenant_name': 'tempest-InstanceActionsNegativeTestJSON-996522854', 'user_domain_id': 'default', 'user_domain_name': 'Default', 'user_id': '8aeb6e19f407492f8c68f9f730871943', 'system': None}, Network: None, Subnet: None, Router: None
2025-12-09 04:16:40.213 65561 INFO tempest.lib.common.rest_client [req-14b6bf96-43f5-4ff6-9458-9266f23c8122 req-14b6bf96-43f5-4ff6-9458-9266f23c8122 ] Request (SecurityGroupRulesNegativeTestJSON:test_create_security_group_rule_with_invalid_ip_protocol): 200 POST http://10.180.1.21/compute/v2.1/os-security-groups 2.806s
2025-12-09 04:16:40.304 65539 INFO tempest.lib.common.rest_client [req-caf05a5f-61b5-4e79-a5e6-8cc534b244f9 req-caf05a5f-61b5-4e79-a5e6-8cc534b244f9 ] Request (QuotaClassesAdmin257Test:test_update_default_quotas): 200 PUT http://10.180.1.21/compute/v2.1/os-quota-class-sets/default 2.735s
2025-12-09 04:16:40.318 65571 INFO tempest.lib.common.rest_client [req-c19eebcf-35e6-400a-ba84-ea7d22632f5b req-c19eebcf-35e6-400a-ba84-ea7d22632f5b ] Request (InstanceActionsNegativeTestJSON:setUpClass): 201 POST http://10.180.1.21/identity/v3/auth/tokens 0.111s
2025-12-09 04:16:40.332 65545 INFO tempest.lib.common.rest_client [req-b7ec447a-0078-4496-b880-76010d509910 req-b7ec447a-0078-4496-b880-76010d509910 ] Request (FlavorsAdminTestJSON:_run_cleanups): 202 DELETE http://10.180.1.21/compute/v2.1/flavors/698eb468-df20-4e0c-8d35-c3a719bb3c25 2.742s
2025-12-09 04:16:40.372 65531 INFO tempest.lib.common.rest_client [req-90b8e4e2-af6c-4699-a3de-dedd90509a61 req-90b8e4e2-af6c-4699-a3de-dedd90509a61 ] Request (AggregatesAdminNegativeTestJSON:test_aggregate_create_with_existent_aggregate_name): 200 POST http://10.180.1.21/compute/v2.1/os-aggregates 2.772s
2025-12-09 04:16:40.429 65585 INFO tempest.lib.common.rest_client [req-a165d5d6-0e59-4f3d-939f-3b97cc59c9e8 req-a165d5d6-0e59-4f3d-939f-3b97cc59c9e8 ] Request (FlavorsAccessNegativeTestJSON:test_flavor_non_admin_remove): 200 POST http://10.180.1.21/compute/v2.1/flavors/1106050029/action 2.837s
2025-12-09 04:16:40.432 65547 INFO tempest.lib.common.rest_client [req-43034595-1d57-4c04-9a90-3bc69005f7bb req-43034595-1d57-4c04-9a90-3bc69005f7bb ] Request (VolumesTestJSON:test_volume_list_param_offset_and_limit): 200 GET http://10.180.1.21/compute/v2.1/os-volumes 2.765s
2025-12-09 04:16:40.491 65525 INFO tempest.lib.common.rest_client [req-1b54378a-a6d5-46c7-ba8e-436f4587901b req-1b54378a-a6d5-46c7-ba8e-436f4587901b ] Request (KeyPairsV210TestJSON:test_admin_manage_keypairs_for_other_users): 201 POST http://10.180.1.21/compute/v2.1/os-keypairs 2.809s
2025-12-09 04:16:40.528 65569 INFO tempest.lib.common.rest_client [req-61521beb-16ec-4a83-aeb5-1d2c79a20898 req-61521beb-16ec-4a83-aeb5-1d2c79a20898 ] Request (ImagesMetadataTestJSON:test_set_image_metadata): 200 GET http://10.180.1.21/compute/v2.1/images/6cb35633-456a-470d-84c6-57b7c6841427/metadata 2.638s
2025-12-09 04:16:40.644 65537 INFO tempest.lib.common.rest_client [req-057aa0fe-dcce-482e-9b0f-1b02fba40d30 req-057aa0fe-dcce-482e-9b0f-1b02fba40d30 ] Request (ServicesAdminTestJSON:test_get_service_by_host_name): 200 GET http://10.180.1.21/compute/v2.1/os-services 2.574s
2025-12-09 04:16:40.747 65571 INFO tempest.lib.common.rest_client [req-e01dc2b2-f71d-4f0b-984f-5cdfa087bb37 req-e01dc2b2-f71d-4f0b-984f-5cdfa087bb37 ] Request (InstanceActionsNegativeTestJSON:setUpClass): 201 POST http://10.180.1.21/networking/v2.0/networks 0.429s
2025-12-09 04:16:40.812 65565 INFO tempest.lib.common.rest_client [req-7f3ee53e-1f93-4291-b2f4-1a03db4ea6bd req-7f3ee53e-1f93-4291-b2f4-1a03db4ea6bd ] Request (AttachInterfacesUnderV243Test:test_add_remove_fixed_ip): 200 GET http://10.180.1.21/compute/v2.1/servers/a06aeafe-9793-4be2-b157-25f911a74710 3.007s
2025-12-09 04:16:40.895 65557 INFO tempest.lib.common.rest_client [req-c78c67bf-0085-4a3c-bb94-54336659f466 req-c78c67bf-0085-4a3c-bb94-54336659f466 ] Request (ServersTestBootFromVolume:setUpClass): 200 GET http://10.180.1.21/volume/v3/volumes/fb6ed43d-3eed-4bf0-bcef-ea76482fc1dd 0.031s
2025-12-09 04:16:41.012 65571 INFO tempest.lib.common.rest_client [req-6df4bd72-90e4-40c5-a9cd-ddd4ee79757d req-6df4bd72-90e4-40c5-a9cd-ddd4ee79757d ] Request (InstanceActionsNegativeTestJSON:setUpClass): 201 POST http://10.180.1.21/networking/v2.0/subnets 0.265s
2025-12-09 04:16:41.138 65549 INFO tempest.lib.common.rest_client [req-4e41f761-f998-439d-bedf-54a450de9705 req-4e41f761-f998-439d-bedf-54a450de9705 ] Request (ServerDiagnosticsNegativeTest:test_get_server_diagnostics_by_non_admin): 200 GET http://10.180.1.21/compute/v2.1/servers/ea10f10b-99bf-4b15-ba2e-c05812c49818 3.014s
2025-12-09 04:16:41.160 65583 INFO tempest.lib.common.rest_client [req-f21bf393-eec9-452a-9eb8-6b2cf8f4bffb req-f21bf393-eec9-452a-9eb8-6b2cf8f4bffb ] Request (AttachInterfacesV270Test:tearDownClass): 404 GET http://10.180.1.21/compute/v2.1/servers/961683e0-157f-4e8e-b41a-4ef3ba377c8e 2.741s
2025-12-09 04:16:41.275 65551 INFO tempest.lib.common.rest_client [req-0c94069a-710b-4d45-a99b-617fb973560f req-0c94069a-710b-4d45-a99b-617fb973560f ] Request (ServerRescueNegativeTestJSON:setUpClass): 200 POST http://10.180.1.21/compute/v2.1/servers/31321617-e2f2-444f-9f96-c9d7b803fe6d/action 2.659s
2025-12-09 04:16:41.873 65571 INFO tempest.lib.common.rest_client [req-7c43c6c7-2480-435f-b99c-d93ad361cc75 req-7c43c6c7-2480-435f-b99c-d93ad361cc75 ] Request (InstanceActionsNegativeTestJSON:setUpClass): 201 POST http://10.180.1.21/networking/v2.0/routers 0.860s
2025-12-09 04:16:41.915 65529 INFO tempest.lib.common.rest_client [req-02ae3afc-faa1-49d6-912d-80b16130f966 req-02ae3afc-faa1-49d6-912d-80b16130f966 ] Request (ImagesOneServerTestJSON:setUpClass): 200 GET http://10.180.1.21/compute/v2.1/servers/3918015b-989f-4576-aac8-b1953e654461 3.612s
2025-12-09 04:16:41.924 65529 INFO tempest.common.waiters [-] State transition "BUILD/spawning" ==> "ACTIVE/None" after 19 second wait
2025-12-09 04:16:41.943 65557 INFO tempest.lib.common.rest_client [req-da7910e1-d3dd-4868-b858-3e3aa442e78f req-da7910e1-d3dd-4868-b858-3e3aa442e78f ] Request (ServersTestBootFromVolume:setUpClass): 200 GET http://10.180.1.21/volume/v3/volumes/fb6ed43d-3eed-4bf0-bcef-ea76482fc1dd 0.040s
2025-12-09 04:16:41.978 65556 INFO tempest.lib.common.rest_client [req-c51e91f8-9393-4198-ba9a-15460b5ba001 req-c51e91f8-9393-4198-ba9a-15460b5ba001 ] Request (ListImagesTestJSON:test_list_images): 200 GET http://10.180.1.21/compute/v2.1/images 2.343s
2025-12-09 04:16:42.170 65579 WARNING tempest.lib.common.ssh [-] Failed to establish authenticated ssh connection to cirros@10.180.180.217 ([Errno None] Unable to connect to port 22 on 10.180.180.217). Number attempts: 1. Retry after 2 seconds.: paramiko.ssh_exception.NoValidConnectionsError: [Errno None] Unable to connect to port 22 on 10.180.180.217
2025-12-09 04:16:42.187 65567 WARNING tempest.lib.common.ssh [-] Failed to establish authenticated ssh connection to cirros@10.180.180.191 ([Errno None] Unable to connect to port 22 on 10.180.180.191). Number attempts: 4. Retry after 5 seconds.: paramiko.ssh_exception.NoValidConnectionsError: [Errno None] Unable to connect to port 22 on 10.180.180.191
2025-12-09 04:16:42.757 65583 INFO tempest.lib.common.rest_client [req-e79a6df0-ee12-4cd6-9f56-ac8d2bf94b3b req-e79a6df0-ee12-4cd6-9f56-ac8d2bf94b3b ] Request (AttachInterfacesV270Test:tearDownClass): 200 PUT http://10.180.1.21/networking/v2.0/routers/b5e0b046-1a2f-4e37-b0dd-2209a61a43c7/remove_router_interface 1.596s
2025-12-09 04:16:42.816 65571 INFO tempest.lib.common.rest_client [req-328c0a9d-f020-40cf-9bc1-5ac58e05ea32 req-328c0a9d-f020-40cf-9bc1-5ac58e05ea32 ] Request (InstanceActionsNegativeTestJSON:setUpClass): 200 PUT http://10.180.1.21/networking/v2.0/routers/a5a580d6-545c-49c7-9f94-62d708c3d1f3/add_router_interface 0.943s
2025-12-09 04:16:42.817 65571 INFO tempest.lib.common.dynamic_creds [-] Created isolated network resources for: credentials: Credentials: {'domain_id': 'default', 'domain_name': 'Default', 'username': 'tempest-InstanceActionsNegativeTestJSON-996522854-project-member', 'project_domain_id': 'default', 'project_domain_name': 'Default', 'project_id': 'f8345dcda4894b478847c1074b5c55e5', 'project_name': 'tempest-InstanceActionsNegativeTestJSON-996522854', 'tenant_id': 'f8345dcda4894b478847c1074b5c55e5', 'tenant_name': 'tempest-InstanceActionsNegativeTestJSON-996522854', 'user_domain_id': 'default', 'user_domain_name': 'Default', 'user_id': '8aeb6e19f407492f8c68f9f730871943', 'system': None}, Network: {'id': 'cd8cc603-bfce-4c18-ba2a-c0095c086423', 'name': 'tempest-InstanceActionsNegativeTestJSON-486741621-network', 'tenant_id': 'f8345dcda4894b478847c1074b5c55e5', 'project_id': 'f8345dcda4894b478847c1074b5c55e5', 'admin_state_up': True, 'mtu': 8950, 'status': 'ACTIVE', 'subnets': [], 'shared': False, 'port_security_enabled': True, 'router:external': False, 'provider:network_type': 'vlan', 'provider:physical_network': 'default', 'provider:segmentation_id': 395, 'availability_zone_hints': [], 'availability_zones': [], 'ipv4_address_scope': None, 'ipv6_address_scope': None, 'description': '', 'tags': [], 'created_at': '2025-12-09T04:16:40Z', 'updated_at': '2025-12-09T04:16:40Z', 'revision_number': 1}, Subnet: {'id': '52798f06-6b3f-4ca9-a40e-c604e4b8ff38', 'name': 'tempest-InstanceActionsNegativeTestJSON-486741621-subnet', 'tenant_id': 'f8345dcda4894b478847c1074b5c55e5', 'network_id': 'cd8cc603-bfce-4c18-ba2a-c0095c086423', 'ip_version': 4, 'subnetpool_id': None, 'enable_dhcp': True, 'ipv6_ra_mode': None, 'ipv6_address_mode': None, 'gateway_ip': '192.168.128.1', 'cidr': '192.168.128.0/28', 'allocation_pools': [{'start': '192.168.128.2', 'end': '192.168.128.14'}], 'host_routes': [], 'dns_nameservers': [], 'description': '', 'router:external': False, 'service_types': [], 'tags': [], 'created_at': '2025-12-09T04:16:40Z', 'updated_at': '2025-12-09T04:16:40Z', 'revision_number': 0, 'project_id': 'f8345dcda4894b478847c1074b5c55e5'}, Router: {'id': 'a5a580d6-545c-49c7-9f94-62d708c3d1f3', 'name': 'tempest-InstanceActionsNegativeTestJSON-486741621-router', 'tenant_id': 'f8345dcda4894b478847c1074b5c55e5', 'admin_state_up': True, 'status': 'ACTIVE', 'external_gateway_info': {'network_id': '562dbb99-c1fc-4329-823e-f0d364a44dbf', 'external_fixed_ips': [{'subnet_id': '410bdb45-52d2-4ffd-a2ac-f1d8d4c2527d', 'ip_address': '10.180.180.161'}], 'enable_snat': True}, 'description': '', 'availability_zones': [], 'distributed': False, 'ha': False, 'availability_zone_hints': [], 'routes': [], 'flavor_id': None, 'tags': [], 'created_at': '2025-12-09T04:16:41Z', 'updated_at': '2025-12-09T04:16:41Z', 'revision_number': 2, 'project_id': 'f8345dcda4894b478847c1074b5c55e5'}
2025-12-09 04:16:42.831 65563 INFO tempest.lib.common.rest_client [req-6aea2586-9455-4c32-b727-b755d6698d09 req-6aea2586-9455-4c32-b727-b755d6698d09 ] Request (SecurityGroupsNegativeTestJSON:test_delete_nonexistent_security_group): 404 DELETE http://10.180.1.21/compute/v2.1/os-security-groups/4ec8fb50-3714-4232-abb7-1bd43f96f5ca 3.175s
2025-12-09 04:16:42.940 65571 INFO tempest.lib.common.rest_client [req-61bd8fad-0b61-4d17-bab4-aa69432e70a6 req-61bd8fad-0b61-4d17-bab4-aa69432e70a6 ] Request (InstanceActionsNegativeTestJSON:setUpClass): 201 POST http://10.180.1.21/identity/v3/auth/tokens 0.118s
2025-12-09 04:16:42.998 65571 INFO tempest.lib.common.rest_client [req-b6868a43-1abf-4d6f-9037-0eada32e1885 req-b6868a43-1abf-4d6f-9037-0eada32e1885 ] Request (InstanceActionsNegativeTestJSON:setUpClass): 201 POST http://10.180.1.21/identity/v3/auth/tokens 0.054s
2025-12-09 04:16:42.999 65571 INFO tempest.lib.common.fixed_network [-] (InstanceActionsNegativeTestJSON:setUpClass) Found network {'id': 'cd8cc603-bfce-4c18-ba2a-c0095c086423', 'name': 'tempest-InstanceActionsNegativeTestJSON-486741621-network', 'tenant_id': 'f8345dcda4894b478847c1074b5c55e5', 'project_id': 'f8345dcda4894b478847c1074b5c55e5', 'admin_state_up': True, 'mtu': 8950, 'status': 'ACTIVE', 'subnets': [], 'shared': False, 'port_security_enabled': True, 'router:external': False, 'provider:network_type': 'vlan', 'provider:physical_network': 'default', 'provider:segmentation_id': 395, 'availability_zone_hints': [], 'availability_zones': [], 'ipv4_address_scope': None, 'ipv6_address_scope': None, 'description': '', 'tags': [], 'created_at': '2025-12-09T04:16:40Z', 'updated_at': '2025-12-09T04:16:40Z', 'revision_number': 1} available for tenant
2025-12-09 04:16:43.004 65557 INFO tempest.lib.common.rest_client [req-11a95b50-50f1-4412-9647-7ec0d817b35d req-11a95b50-50f1-4412-9647-7ec0d817b35d ] Request (ServersTestBootFromVolume:setUpClass): 200 GET http://10.180.1.21/volume/v3/volumes/fb6ed43d-3eed-4bf0-bcef-ea76482fc1dd 0.053s
2025-12-09 04:16:43.045 65575 INFO tempest.lib.common.rest_client [req-4cdd7368-1255-4ba8-a1f3-0a7485798944 req-4cdd7368-1255-4ba8-a1f3-0a7485798944 ] Request (DeleteServersAdminTestJSON:test_delete_server_while_in_error_state): 202 POST http://10.180.1.21/compute/v2.1/servers 4.321s
2025-12-09 04:16:43.147 65573 INFO tempest.lib.common.rest_client [req-d739f0f7-0a2f-4dcb-8c82-25f7aaf4e0e7 req-d739f0f7-0a2f-4dcb-8c82-25f7aaf4e0e7 ] Request (ServerActionsV293TestJSON:setUpClass): 200 GET http://10.180.1.21/compute/v2.1/servers/5769996d-072c-4b61-a940-1ac5d2b6cfea 3.465s
2025-12-09 04:16:43.197 65527 INFO tempest.lib.common.rest_client [req-0b8972a9-2fd0-42ff-a8e3-44d3a79aa2b7 req-0b8972a9-2fd0-42ff-a8e3-44d3a79aa2b7 ] Request (ImagesNegativeTestJSON:test_create_image_from_deleted_server): 204 DELETE http://10.180.1.21/compute/v2.1/servers/180991bc-f73b-4bac-aaf5-b3383fc60c8a 3.286s
2025-12-09 04:16:43.197 65559 INFO tempest.lib.common.rest_client [req-622256fe-2164-44c8-bf53-9dd506e13e6a req-622256fe-2164-44c8-bf53-9dd506e13e6a ] Request (ImagesTestJSON:test_create_image_from_stopped_server): 200 GET http://10.180.1.21/compute/v2.1/images/c60afbcd-d614-4a73-abcb-2b2ade1cf12f 3.005s
2025-12-09 04:16:43.297 65561 INFO tempest.lib.common.rest_client [req-abf5a0c8-83c4-4afe-9a20-3518dcaa814f req-abf5a0c8-83c4-4afe-9a20-3518dcaa814f ] Request (SecurityGroupRulesNegativeTestJSON:test_create_security_group_rule_with_invalid_ip_protocol): 400 POST http://10.180.1.21/compute/v2.1/os-security-group-rules 3.076s
2025-12-09 04:16:43.368 65541 INFO tempest.lib.common.rest_client [req-a3f58256-b52c-4ab7-b9e6-98d85e2eecf7 req-a3f58256-b52c-4ab7-b9e6-98d85e2eecf7 ] Request (ServersAdmin275Test:test_rebuild_update_server_275): 200 GET http://10.180.1.21/compute/v2.1/servers/a3ac7505-fe69-42c1-8b92-f2f44676579f 3.135s
2025-12-09 04:16:43.372 65583 INFO tempest.lib.common.rest_client [req-395b691f-335c-4a69-ae04-a1ae170fab19 req-395b691f-335c-4a69-ae04-a1ae170fab19 ] Request (AttachInterfacesV270Test:tearDownClass): 204 DELETE http://10.180.1.21/networking/v2.0/routers/b5e0b046-1a2f-4e37-b0dd-2209a61a43c7 0.614s
2025-12-09 04:16:43.382 65539 INFO tempest.lib.common.rest_client [req-016ab916-7753-4e25-874e-b5f82b9f48bd req-016ab916-7753-4e25-874e-b5f82b9f48bd ] Request (QuotaClassesAdmin257Test:test_update_default_quotas): 200 GET http://10.180.1.21/compute/v2.1/os-quota-class-sets/default 3.076s
2025-12-09 04:16:43.385 65541 INFO tempest.common.waiters [-] State transition "REBUILD/rebuild_spawning" ==> "ACTIVE/None" after 9 second wait
2025-12-09 04:16:43.429 65545 INFO tempest.lib.common.rest_client [req-cab71303-e1dd-417f-af88-1ad9ac05d255 req-cab71303-e1dd-417f-af88-1ad9ac05d255 ] Request (FlavorsAdminTestJSON:_run_cleanups): 200 GET http://10.180.1.21/compute/v2.1/flavors/detail 3.097s
2025-12-09 04:16:43.447 65531 INFO tempest.lib.common.rest_client [req-d5680d30-f990-4d26-a24b-48783dba72ff req-d5680d30-f990-4d26-a24b-48783dba72ff ] Request (AggregatesAdminNegativeTestJSON:test_aggregate_create_with_existent_aggregate_name): 409 POST http://10.180.1.21/compute/v2.1/os-aggregates 3.072s
2025-12-09 04:16:43.453 65585 INFO tempest.lib.common.rest_client [req-e2ff6b5c-8cc9-406c-b20f-3eecdced4611 req-e2ff6b5c-8cc9-406c-b20f-3eecdced4611 ] Request (FlavorsAccessNegativeTestJSON:test_flavor_non_admin_remove): 403 POST http://10.180.1.21/compute/v2.1/flavors/1106050029/action 3.023s
2025-12-09 04:16:43.507 65547 INFO tempest.lib.common.rest_client [req-c897ee1d-aeb0-492f-8025-0dd3600587e6 req-c897ee1d-aeb0-492f-8025-0dd3600587e6 ] Request (VolumesTestJSON:test_volume_list_param_offset_and_limit): 200 GET http://10.180.1.21/compute/v2.1/os-volumes?offset=1&limit=1 3.070s
2025-12-09 04:16:43.541 65535 INFO tempest.lib.common.rest_client [req-36ef0874-5ef0-402e-ad6e-1c006252a30a req-36ef0874-5ef0-402e-ad6e-1c006252a30a ] Request (ServersAdminNegativeTestJSON:test_migrate_server_invalid_state): 200 GET http://10.180.1.21/compute/v2.1/servers/c08cafea-5922-4d1f-91c4-29ccd4c1eb3b 3.282s
2025-12-09 04:16:43.552 65535 INFO tempest.common.waiters [-] State transition "BUILD/networking" ==> "BUILD/spawning" after 14 second wait
2025-12-09 04:16:43.664 65583 INFO tempest.lib.common.rest_client [req-b9350311-2e8f-4b9f-8a94-699221d241c5 req-b9350311-2e8f-4b9f-8a94-699221d241c5 ] Request (AttachInterfacesV270Test:tearDownClass): 204 DELETE http://10.180.1.21/networking/v2.0/subnets/379e78f8-c306-4316-ac9d-53d02a3af793 0.292s
2025-12-09 04:16:43.698 65533 INFO tempest.lib.common.rest_client [req-1e8e1861-637c-4806-beb1-2926e864ad81 req-1e8e1861-637c-4806-beb1-2926e864ad81 ] Request (ServersAdminTestJSON:test_create_server_with_scheduling_hint): 200 GET http://10.180.1.21/compute/v2.1/servers/14d72945-e33d-4858-a279-7c689fc2fb78 3.255s
2025-12-09 04:16:43.723 65525 INFO tempest.lib.common.rest_client [req-a1739d9d-e08f-472e-828b-f31fb06ab546 req-a1739d9d-e08f-472e-828b-f31fb06ab546 ] Request (KeyPairsV210TestJSON:test_admin_manage_keypairs_for_other_users): 200 GET http://10.180.1.21/compute/v2.1/os-keypairs?user_id=4f8fc82c78a441ab89d9756106a40c5a 3.231s
2025-12-09 04:16:43.745 65553 INFO tempest.lib.common.rest_client [req-7f84c17e-d4de-4643-a6f7-2c7bf83dd13f req-7f84c17e-d4de-4643-a6f7-2c7bf83dd13f ] Request (ServerDiagnosticsTest:test_get_server_diagnostics): 200 GET http://10.180.1.21/compute/v2.1/servers/4a8b9101-9eb9-4f09-929f-30fff62cd36e 3.279s
2025-12-09 04:16:43.778 65537 INFO tempest.lib.common.rest_client [req-26008be2-3c7e-410b-a5ca-b6fbe6568f09 req-26008be2-3c7e-410b-a5ca-b6fbe6568f09 ] Request (ServicesAdminTestJSON:test_get_service_by_host_name): 200 GET http://10.180.1.21/compute/v2.1/os-services?host=devstack 3.129s
2025-12-09 04:16:44.006 65569 INFO tempest.lib.common.rest_client [req-a3f79ea8-26f4-4d93-a9c0-68e04541ad02 req-a3f79ea8-26f4-4d93-a9c0-68e04541ad02 ] Request (ImagesMetadataTestJSON:setUp): 200 PUT http://10.180.1.21/compute/v2.1/images/6cb35633-456a-470d-84c6-57b7c6841427/metadata 3.475s
2025-12-09 04:16:44.070 65583 INFO tempest.lib.common.rest_client [req-03713c7d-69f5-4ffe-8a40-00d18552ea58 req-03713c7d-69f5-4ffe-8a40-00d18552ea58 ] Request (AttachInterfacesV270Test:tearDownClass): 204 DELETE http://10.180.1.21/networking/v2.0/networks/70295a81-8d30-4521-968e-4260004f6500 0.405s
2025-12-09 04:16:44.079 65557 INFO tempest.lib.common.rest_client [req-eace612b-0e08-4402-8724-09618cbd2985 req-eace612b-0e08-4402-8724-09618cbd2985 ] Request (ServersTestBootFromVolume:setUpClass): 200 GET http://10.180.1.21/volume/v3/volumes/fb6ed43d-3eed-4bf0-bcef-ea76482fc1dd 0.065s
2025-12-09 04:16:44.123 65543 INFO tempest.lib.common.rest_client [req-7951abea-d4b1-4110-9b24-03a6164f8299 req-7951abea-d4b1-4110-9b24-03a6164f8299 ] Request (FloatingIPsAssociationNegativeTestJSON:setUpClass): 200 GET http://10.180.1.21/compute/v2.1/servers/2223debf-2a99-4a00-a86d-79425b3f7126 3.113s
2025-12-09 04:16:44.227 65583 INFO tempest.lib.common.rest_client [req-0a04ab1a-3324-4499-907e-7047d9178d86 req-0a04ab1a-3324-4499-907e-7047d9178d86 ] Request (AttachInterfacesV270Test:tearDownClass): 204 DELETE http://10.180.1.21/identity/v3/users/941fa6ebb8554d63ab69d8d3b975bc63 0.156s
2025-12-09 04:16:44.227 65583 INFO tempest.lib.common.dynamic_creds [-] Deleting project and security group for project: 32fbd0ee71804bd6b33180394c3748bc
2025-12-09 04:16:44.329 65551 INFO tempest.lib.common.rest_client [req-3c912581-0fe4-4a46-987c-93d28c0fada8 req-3c912581-0fe4-4a46-987c-93d28c0fada8 ] Request (ServerRescueNegativeTestJSON:setUpClass): 200 GET http://10.180.1.21/compute/v2.1/servers/31321617-e2f2-444f-9f96-c9d7b803fe6d 3.053s
2025-12-09 04:16:44.345 65583 INFO tempest.lib.common.rest_client [req-ad1e508d-d6e9-41f9-a07f-fee93802005a req-ad1e508d-d6e9-41f9-a07f-fee93802005a ] Request (AttachInterfacesV270Test:tearDownClass): 200 GET http://10.180.1.21/networking/v2.0/security-groups?tenant_id=32fbd0ee71804bd6b33180394c3748bc&name=default 0.117s
2025-12-09 04:16:44.385 65565 INFO tempest.lib.common.rest_client [req-ef637cb9-3091-4c7b-9e90-e0a88fe123c0 req-ef637cb9-3091-4c7b-9e90-e0a88fe123c0 ] Request (AttachInterfacesUnderV243Test:test_add_remove_fixed_ip): 200 GET http://10.180.1.21/compute/v2.1/servers/a06aeafe-9793-4be2-b157-25f911a74710 2.564s
2025-12-09 04:16:44.399 65565 INFO tempest.common.waiters [-] State transition "BUILD/None" ==> "BUILD/block_device_mapping" after 13 second wait
2025-12-09 04:16:44.494 65583 INFO tempest.lib.common.rest_client [req-8aa15784-fc65-4ec2-835b-6c3fc5859b0d req-8aa15784-fc65-4ec2-835b-6c3fc5859b0d ] Request (AttachInterfacesV270Test:tearDownClass): 204 DELETE http://10.180.1.21/networking/v2.0/security-groups/c1dbf9f4-1099-4ece-bc31-dfb21c800cbf 0.148s
2025-12-09 04:16:44.496 65556 INFO tempest.lib.common.rest_client [req-e000c8a6-a3a9-46b5-8b42-6d19ea4a7363 req-e000c8a6-a3a9-46b5-8b42-6d19ea4a7363 ] Request (ListImagesTestJSON:test_list_images_with_detail): 200 GET http://10.180.1.21/compute/v2.1/images/detail 2.514s
2025-12-09 04:16:44.629 65549 INFO tempest.lib.common.rest_client [req-ff3f39fe-2320-48d1-b50e-5585e4d762be req-ff3f39fe-2320-48d1-b50e-5585e4d762be ] Request (ServerDiagnosticsNegativeTest:test_get_server_diagnostics_by_non_admin): 200 GET http://10.180.1.21/compute/v2.1/servers/ea10f10b-99bf-4b15-ba2e-c05812c49818 2.483s
2025-12-09 04:16:44.636 65563 INFO tempest.lib.common.rest_client [req-a98c45e2-208e-4d55-9c0f-fb65f1443456 req-a98c45e2-208e-4d55-9c0f-fb65f1443456 ] Request (SecurityGroupsNegativeTestJSON:test_delete_security_group_without_passing_id): 404 DELETE http://10.180.1.21/compute/v2.1/os-security-groups/ 1.803s
2025-12-09 04:16:44.646 65549 INFO tempest.common.waiters [-] State transition "BUILD/spawning" ==> "ACTIVE/None" after 22 second wait
2025-12-09 04:16:44.658 65583 INFO tempest.lib.common.rest_client [req-917d1c58-018b-43a4-934d-24529185d17a req-917d1c58-018b-43a4-934d-24529185d17a ] Request (AttachInterfacesV270Test:tearDownClass): 204 DELETE http://10.180.1.21/identity/v3/projects/32fbd0ee71804bd6b33180394c3748bc 0.163s
2025-12-09 04:16:44.676 65579 WARNING tempest.lib.common.ssh [-] Failed to establish authenticated ssh connection to cirros@10.180.180.217 ([Errno None] Unable to connect to port 22 on 10.180.180.217). Number attempts: 2. Retry after 3 seconds.: paramiko.ssh_exception.NoValidConnectionsError: [Errno None] Unable to connect to port 22 on 10.180.180.217
2025-12-09 04:16:44.702 65556 INFO tempest.lib.common.rest_client [req-b32e0f1c-cc8c-49ef-95b1-348df619d1e8 req-b32e0f1c-cc8c-49ef-95b1-348df619d1e8 ] Request (ListImagesTestJSON:tearDownClass): 204 DELETE http://10.180.1.21/identity/v3/users/46a92fcab12a412aa49a68e4eeb5b86b 0.198s
2025-12-09 04:16:44.702 65556 INFO tempest.lib.common.dynamic_creds [-] Deleting project and security group for project: b3f034f57788433abcf46404fb391754
2025-12-09 04:16:44.835 65583 INFO tempest.lib.common.rest_client [req-36e479b2-e197-4470-804a-a5d1d7acedca req-36e479b2-e197-4470-804a-a5d1d7acedca ] Request (ServerDiskConfigTestJSON:setUpClass): 201 POST http://10.180.1.21/identity/v3/auth/tokens 0.175s
2025-12-09 04:16:44.842 65556 INFO tempest.lib.common.rest_client [req-ce3a3a8e-20f2-4852-80ee-8c09d0b10fd8 req-ce3a3a8e-20f2-4852-80ee-8c09d0b10fd8 ] Request (ListImagesTestJSON:tearDownClass): 201 POST http://10.180.1.21/identity/v3/auth/tokens 0.139s
2025-12-09 04:16:44.869 65583 INFO tempest.lib.common.rest_client [req-2d11b8b2-c522-4bd7-8a1f-dfe9af22fd0a req-2d11b8b2-c522-4bd7-8a1f-dfe9af22fd0a ] Request (ServerDiskConfigTestJSON:setUpClass): 201 POST http://10.180.1.21/identity/v3/auth/tokens 0.030s
2025-12-09 04:16:44.943 65583 INFO tempest.lib.common.rest_client [req-19816799-2bf2-45a7-8632-a4aa7d04c8e4 req-19816799-2bf2-45a7-8632-a4aa7d04c8e4 ] Request (ServerDiskConfigTestJSON:setUpClass): 200 GET http://10.180.1.21/identity/v3/domains?name=Default 0.074s
2025-12-09 04:16:44.974 65583 INFO tempest.lib.common.rest_client [req-d3ec94dc-733e-4421-b5bf-a67bf14d6755 req-d3ec94dc-733e-4421-b5bf-a67bf14d6755 ] Request (ServerDiskConfigTestJSON:setUpClass): 201 POST http://10.180.1.21/identity/v3/projects 0.030s
2025-12-09 04:16:45.034 65583 INFO tempest.lib.common.rest_client [req-73625d8b-c2ff-4b5e-adc9-1292da2701e3 req-73625d8b-c2ff-4b5e-adc9-1292da2701e3 ] Request (ServerDiskConfigTestJSON:setUpClass): 201 POST http://10.180.1.21/identity/v3/users 0.059s
2025-12-09 04:16:45.034 65556 INFO tempest.lib.common.rest_client [req-3f529d1b-66e4-4e50-aeaa-72d9cf69f870 req-3f529d1b-66e4-4e50-aeaa-72d9cf69f870 ] Request (ListImagesTestJSON:tearDownClass): 200 GET http://10.180.1.21/networking/v2.0/security-groups?tenant_id=b3f034f57788433abcf46404fb391754&name=default 0.191s
2025-12-09 04:16:45.060 65583 INFO tempest.lib.common.rest_client [req-34718273-5bde-4327-b3a6-7f801b0df639 req-34718273-5bde-4327-b3a6-7f801b0df639 ] Request (ServerDiskConfigTestJSON:setUpClass): 200 GET http://10.180.1.21/identity/v3/roles 0.026s
2025-12-09 04:16:45.124 65583 INFO tempest.lib.common.rest_client [req-3f930c40-9989-47ee-b263-2fa34475d6d6 req-3f930c40-9989-47ee-b263-2fa34475d6d6 ] Request (ServerDiskConfigTestJSON:setUpClass): 204 PUT http://10.180.1.21/identity/v3/projects/7835e6275ae744e89830bcc2df65a941/users/2f663eb67f5a454bbd738af03b8dd24c/roles/d2678973a716490e95e47242809af916 0.063s
2025-12-09 04:16:45.124 65583 INFO tempest.lib.common.dynamic_creds [-] Dynamic test user 2f663eb67f5a454bbd738af03b8dd24c is created with scope project and roles: ['member']
2025-12-09 04:16:45.125 65583 INFO tempest.lib.common.dynamic_creds [-] Acquired dynamic creds: credentials: Credentials: {'domain_id': 'default', 'domain_name': 'Default', 'username': 'tempest-ServerDiskConfigTestJSON-1077288781-project-member', 'project_domain_id': 'default', 'project_domain_name': 'Default', 'project_id': '7835e6275ae744e89830bcc2df65a941', 'project_name': 'tempest-ServerDiskConfigTestJSON-1077288781', 'tenant_id': '7835e6275ae744e89830bcc2df65a941', 'tenant_name': 'tempest-ServerDiskConfigTestJSON-1077288781', 'user_domain_id': 'default', 'user_domain_name': 'Default', 'user_id': '2f663eb67f5a454bbd738af03b8dd24c', 'system': None}, Network: None, Subnet: None, Router: None
2025-12-09 04:16:45.126 65557 INFO tempest.lib.common.rest_client [req-610f10dd-0404-4e05-b30a-44b493c49e76 req-610f10dd-0404-4e05-b30a-44b493c49e76 ] Request (ServersTestBootFromVolume:setUpClass): 200 GET http://10.180.1.21/volume/v3/volumes/fb6ed43d-3eed-4bf0-bcef-ea76482fc1dd 0.037s
