2025-12-09 04:18:41.813 65531 INFO tempest.lib.common.rest_client [req-c2780fe3-82dd-4b3e-af55-87e11808dc94 req-c2780fe3-82dd-4b3e-af55-87e11808dc94 ] Request (MigrationsAdminTest:test_list_migrations_in_flavor_resize_situation): 200 GET http://10.180.1.21/compute/v2.1/servers/736293eb-5964-4543-8fe7-ba0e89bcbe74 0.859s
2025-12-09 04:18:41.837 65557 INFO paramiko.transport [-] Authentication (publickey) successful!
2025-12-09 04:18:41.838 65557 INFO tempest.lib.common.ssh [-] ssh connection to cirros@10.180.180.142 successfully created
2025-12-09 04:18:41.924 65565 INFO tempest.lib.common.rest_client [req-cec62377-ce02-4bb1-8b87-6532476b0118 req-cec62377-ce02-4bb1-8b87-6532476b0118 ] Request (AttachInterfacesUnderV243Test:_run_cleanups): 204 DELETE http://10.180.1.21/compute/v2.1/servers/a06aeafe-9793-4be2-b157-25f911a74710 0.804s
2025-12-09 04:18:41.945 65585 INFO tempest.lib.common.rest_client [req-f3924b81-3dfd-47dd-ac2c-f654de367699 req-f3924b81-3dfd-47dd-ac2c-f654de367699 ] Request (ServerExternalEventsTest:tearDownClass): 404 GET http://10.180.1.21/compute/v2.1/servers/8ebd4d57-a8f6-4db8-b0b8-691d96c663c7 0.704s
2025-12-09 04:18:42.014 65545 INFO tempest.lib.common.rest_client [req-1272afbf-a287-4f47-b23e-0ec878471bc6 req-1272afbf-a287-4f47-b23e-0ec878471bc6 ] Request (QuotasSecurityGroupAdminNegativeTest:tearDownClass): 200 GET http://10.180.1.21/networking/v2.0/security-groups?tenant_id=afdaf9b722dc45d6aa09231a2ae015a0&name=default 0.229s
2025-12-09 04:18:42.049 65585 INFO tempest.lib.common.rest_client [req-12fb00c2-e4af-443c-ba23-bce97f34ec2d req-12fb00c2-e4af-443c-ba23-bce97f34ec2d ] Request (ServerExternalEventsTest:tearDownClass): 204 DELETE http://10.180.1.21/identity/v3/users/a86ca8e8bd91423f8f66d69ff844cfb6 0.103s
2025-12-09 04:18:42.068 65543 INFO tempest.lib.common.rest_client [req-64adce1f-2af5-48d2-be35-7322556297b8 req-64adce1f-2af5-48d2-be35-7322556297b8 ] Request (FloatingIPsAssociationNegativeTestJSON:tearDownClass): 204 DELETE http://10.180.1.21/networking/v2.0/networks/5ff258f6-d359-4c93-9ec6-f2a461d36f5f 0.373s
2025-12-09 04:18:42.100 65527 INFO tempest.lib.common.rest_client [req-0590a490-b428-4b9c-b58b-8e15a4d3cddb req-0590a490-b428-4b9c-b58b-8e15a4d3cddb ] Request (ServerPasswordTestJSON:tearDownClass): 200 GET http://10.180.1.21/compute/v2.1/servers/d8007e0e-6e29-43f9-84a9-b1e4e6f5aa6e 1.010s
2025-12-09 04:18:42.212 65543 INFO tempest.lib.common.rest_client [req-2e59f409-f46e-4e23-9778-894f46739e86 req-2e59f409-f46e-4e23-9778-894f46739e86 ] Request (FloatingIPsAssociationNegativeTestJSON:tearDownClass): 204 DELETE http://10.180.1.21/identity/v3/users/9df2312f0a804ec58a2fe5037d5f78d2 0.143s
2025-12-09 04:18:42.212 65543 INFO tempest.lib.common.dynamic_creds [-] Deleting project and security group for project: 1e1dad4fa03d4e1a98f7c896703008ce
2025-12-09 04:18:42.213 65545 INFO tempest.lib.common.rest_client [req-282d3a0e-e6dc-4195-8442-6be7aaf99987 req-282d3a0e-e6dc-4195-8442-6be7aaf99987 ] Request (QuotasSecurityGroupAdminNegativeTest:tearDownClass): 204 DELETE http://10.180.1.21/networking/v2.0/security-groups/05260729-6979-4fb2-abce-fd3236edfad3 0.199s
2025-12-09 04:18:42.217 65585 INFO tempest.lib.common.rest_client [req-d584859b-ee45-47fb-b3c9-2629171ff8eb req-d584859b-ee45-47fb-b3c9-2629171ff8eb ] Request (ServerExternalEventsTest:tearDownClass): 204 DELETE http://10.180.1.21/identity/v3/users/1cf9b06308d24f629c38b5721b977892 0.167s
2025-12-09 04:18:42.255 65571 INFO tempest.lib.common.rest_client [req-f38be60f-450b-43a3-8d1c-f58f4f7ee1fa req-f38be60f-450b-43a3-8d1c-f58f4f7ee1fa ] Request (MultipleCreateTestJSON:test_multiple_create): 200 GET http://10.180.1.21/compute/v2.1/servers/1dafb5ee-4495-41cd-a3a9-3dae68f8773f 0.738s
2025-12-09 04:18:42.257 65523 INFO tempest.lib.common.rest_client [req-aa507aa5-76fa-44a7-bf59-66d12901c51b req-aa507aa5-76fa-44a7-bf59-66d12901c51b ] Request (ServersListShow296Test:tearDownClass): 200 GET http://10.180.1.21/compute/v2.1/servers/b99955ca-a62f-40ea-80b2-c171b764174e 0.619s
2025-12-09 04:18:42.271 65543 INFO tempest.lib.common.rest_client [req-6823cef3-192d-4ad3-b314-6c4d0fb1691e req-6823cef3-192d-4ad3-b314-6c4d0fb1691e ] Request (FloatingIPsAssociationNegativeTestJSON:tearDownClass): 200 GET http://10.180.1.21/networking/v2.0/security-groups?tenant_id=1e1dad4fa03d4e1a98f7c896703008ce&name=default 0.058s
2025-12-09 04:18:42.320 65537 INFO tempest.lib.common.rest_client [req-d4a0a5b2-4853-4cd8-a2d5-0685e4ef134e req-d4a0a5b2-4853-4cd8-a2d5-0685e4ef134e ] Request (AttachVolumeTestJSON:test_attach_detach_volume): 200 GET http://10.180.1.21/compute/v2.1/servers/aef70d4b-9c19-44e1-a4b6-c634e7924bab 0.548s
2025-12-09 04:18:42.334 65585 INFO tempest.lib.common.rest_client [req-cd910aaf-2a44-406b-8df2-0779fe5cc6d5 req-cd910aaf-2a44-406b-8df2-0779fe5cc6d5 ] Request (ServerExternalEventsTest:tearDownClass): 204 DELETE http://10.180.1.21/identity/v3/users/255aee96230149b68e51320fdf3c7789 0.117s
2025-12-09 04:18:42.334 65585 INFO tempest.lib.common.dynamic_creds [-] Deleting project and security group for project: 5b9461bae4bd4f66ab35be25e16396f3
2025-12-09 04:18:42.336 65567 INFO tempest.lib.common.rest_client [req-cd4e1511-1854-4930-bfd5-29db2ac77ea0 req-cd4e1511-1854-4930-bfd5-29db2ac77ea0 ] Request (AttachInterfacesTestJSON:test_create_list_show_delete_interfaces_by_network_port): 200 GET http://10.180.1.21/compute/v2.1/servers/ddf040ec-01d7-4cca-9858-fc6a2526f513 0.644s
2025-12-09 04:18:42.343 65545 INFO tempest.lib.common.rest_client [req-bb18aeed-d7c7-4c02-9c00-edddd0dfff56 req-bb18aeed-d7c7-4c02-9c00-edddd0dfff56 ] Request (QuotasSecurityGroupAdminNegativeTest:tearDownClass): 204 DELETE http://10.180.1.21/identity/v3/projects/afdaf9b722dc45d6aa09231a2ae015a0 0.129s
2025-12-09 04:18:42.343 65545 INFO tempest.lib.common.dynamic_creds [-] Deleting project and security group for project: 64c02137279d4e25802b287fc05ad53b
2025-12-09 04:18:42.380 65543 INFO tempest.lib.common.rest_client [req-b5412e8b-3782-4075-bd9f-e5630d698a92 req-b5412e8b-3782-4075-bd9f-e5630d698a92 ] Request (FloatingIPsAssociationNegativeTestJSON:tearDownClass): 204 DELETE http://10.180.1.21/networking/v2.0/security-groups/1d23f6bd-c3d6-4abc-b853-77560027d5d9 0.108s
2025-12-09 04:18:42.402 65559 INFO tempest.lib.common.rest_client [req-76cda986-65e1-4483-b00f-bc32a21f5708 req-76cda986-65e1-4483-b00f-bc32a21f5708 ] Request (ImagesTestJSON:test_create_server_from_snapshot): 200 GET http://10.180.1.21/compute/v2.1/servers/a0d6bc16-3f80-4f50-96a1-d317a9a00a16 0.487s
2025-12-09 04:18:42.419 65585 INFO tempest.lib.common.rest_client [req-9fbc33c8-1608-498a-b544-ea80a120ed44 req-9fbc33c8-1608-498a-b544-ea80a120ed44 ] Request (ServerExternalEventsTest:tearDownClass): 201 POST http://10.180.1.21/identity/v3/auth/tokens 0.084s
2025-12-09 04:18:42.438 65557 INFO tempest.lib.common.rest_client [req-da83ee12-0527-486f-bdd5-ffb314f3411d req-da83ee12-0527-486f-bdd5-ffb314f3411d ] Request (ServersTestBootFromVolume:tearDownClass): 204 DELETE http://10.180.1.21/compute/v2.1/servers/306f72f1-30b7-40ac-8116-b8c52ec51fc2 0.592s
2025-12-09 04:18:42.463 65545 INFO tempest.lib.common.rest_client [req-dfa7cf6e-718c-44bf-b88f-19268f55b168 req-dfa7cf6e-718c-44bf-b88f-19268f55b168 ] Request (QuotasSecurityGroupAdminNegativeTest:tearDownClass): 200 GET http://10.180.1.21/networking/v2.0/security-groups?tenant_id=64c02137279d4e25802b287fc05ad53b&name=default 0.120s
2025-12-09 04:18:42.497 65543 INFO tempest.lib.common.rest_client [req-0cde812b-4ab6-41d2-bf85-ed022b6e36a4 req-0cde812b-4ab6-41d2-bf85-ed022b6e36a4 ] Request (FloatingIPsAssociationNegativeTestJSON:tearDownClass): 204 DELETE http://10.180.1.21/identity/v3/projects/1e1dad4fa03d4e1a98f7c896703008ce 0.116s
2025-12-09 04:18:42.558 65543 INFO tempest.lib.common.rest_client [req-f55257db-8e24-40f0-be6b-314d8229975d req-f55257db-8e24-40f0-be6b-314d8229975d ] Request (QuotasTestJSON:setUpClass): 201 POST http://10.180.1.21/identity/v3/auth/tokens 0.060s
2025-12-09 04:18:42.594 65543 INFO tempest.lib.common.rest_client [req-2090abd4-194d-405f-b130-23a91e7e2885 req-2090abd4-194d-405f-b130-23a91e7e2885 ] Request (QuotasTestJSON:setUpClass): 201 POST http://10.180.1.21/identity/v3/auth/tokens 0.033s
2025-12-09 04:18:42.635 65543 INFO tempest.lib.common.rest_client [req-830f65c9-8433-46c8-a8d7-075f8ae3b1e2 req-830f65c9-8433-46c8-a8d7-075f8ae3b1e2 ] Request (QuotasTestJSON:setUpClass): 200 GET http://10.180.1.21/identity/v3/domains?name=Default 0.040s
2025-12-09 04:18:42.643 65545 INFO tempest.lib.common.rest_client [req-bd4c8a56-1b18-402b-a4d2-4e3b6ad3c57b req-bd4c8a56-1b18-402b-a4d2-4e3b6ad3c57b ] Request (QuotasSecurityGroupAdminNegativeTest:tearDownClass): 204 DELETE http://10.180.1.21/networking/v2.0/security-groups/086e6c95-7622-4c78-b2e1-5e7998a74117 0.179s
2025-12-09 04:18:42.683 65543 INFO tempest.lib.common.rest_client [req-3b9c4cba-bd22-4771-8958-61cad79bdcde req-3b9c4cba-bd22-4771-8958-61cad79bdcde ] Request (QuotasTestJSON:setUpClass): 201 POST http://10.180.1.21/identity/v3/projects 0.047s
2025-12-09 04:18:42.697 65585 INFO tempest.lib.common.rest_client [req-6f06adc7-7078-41b4-a81f-4d913cdedc4c req-6f06adc7-7078-41b4-a81f-4d913cdedc4c ] Request (ServerExternalEventsTest:tearDownClass): 200 GET http://10.180.1.21/networking/v2.0/security-groups?tenant_id=5b9461bae4bd4f66ab35be25e16396f3&name=default 0.278s
2025-12-09 04:18:42.727 65545 INFO tempest.lib.common.rest_client [req-a818cef0-53b2-4087-9e13-3dc175823a14 req-a818cef0-53b2-4087-9e13-3dc175823a14 ] Request (QuotasSecurityGroupAdminNegativeTest:tearDownClass): 204 DELETE http://10.180.1.21/identity/v3/projects/64c02137279d4e25802b287fc05ad53b 0.083s
2025-12-09 04:18:42.737 65565 INFO tempest.lib.common.rest_client [req-49792e31-104e-4031-a64a-e1bfff84ff2a req-49792e31-104e-4031-a64a-e1bfff84ff2a ] Request (AttachInterfacesUnderV243Test:_run_cleanups): 200 GET http://10.180.1.21/compute/v2.1/servers/a06aeafe-9793-4be2-b157-25f911a74710 0.813s
2025-12-09 04:18:42.815 65545 INFO tempest.lib.common.rest_client [req-29b42e2a-ae46-4d7c-88f4-622e9f0d6fbe req-29b42e2a-ae46-4d7c-88f4-622e9f0d6fbe ] Request (ServicesAdminNegativeTestJSON:setUpClass): 201 POST http://10.180.1.21/identity/v3/auth/tokens 0.086s
2025-12-09 04:18:42.816 65583 INFO tempest.lib.common.rest_client [req-1214e67c-2470-43ae-8827-7d6c6daf1a45 req-1214e67c-2470-43ae-8827-7d6c6daf1a45 ] Request (ServerDiskConfigTestJSON:test_rebuild_server_with_manual_disk_config): 200 GET http://10.180.1.21/compute/v2.1/servers/f821f70d-c741-4fcb-b23f-580cd336f52d 0.739s
2025-12-09 04:18:42.821 65543 INFO tempest.lib.common.rest_client [req-858a3e64-81ea-4afb-b7a8-6755776e92bd req-858a3e64-81ea-4afb-b7a8-6755776e92bd ] Request (QuotasTestJSON:setUpClass): 201 POST http://10.180.1.21/identity/v3/users 0.137s
2025-12-09 04:18:42.853 65545 INFO tempest.lib.common.rest_client [req-a7773962-c479-474f-954e-280d9e87c3e1 req-a7773962-c479-474f-954e-280d9e87c3e1 ] Request (ServicesAdminNegativeTestJSON:setUpClass): 201 POST http://10.180.1.21/identity/v3/auth/tokens 0.034s
2025-12-09 04:18:42.860 65579 INFO tempest.lib.common.rest_client [req-8e1daad2-b3ba-440e-9ff1-b7445b47e974 req-8e1daad2-b3ba-440e-9ff1-b7445b47e974 ] Request (VolumesAssistedSnapshotsTest:tearDownClass): 200 GET http://10.180.1.21/compute/v2.1/servers/89847060-f115-4663-b966-0c4589393a00 0.730s
2025-12-09 04:18:42.861 65543 INFO tempest.lib.common.rest_client [req-6d8bac70-ee35-4564-92cc-cacd81fc10de req-6d8bac70-ee35-4564-92cc-cacd81fc10de ] Request (QuotasTestJSON:setUpClass): 200 GET http://10.180.1.21/identity/v3/roles 0.039s
2025-12-09 04:18:42.863 65585 INFO tempest.lib.common.rest_client [req-1169d51c-6227-489f-8466-db8626eef085 req-1169d51c-6227-489f-8466-db8626eef085 ] Request (ServerExternalEventsTest:tearDownClass): 204 DELETE http://10.180.1.21/networking/v2.0/security-groups/f0b284cd-b7f0-49f2-b50b-1a08fbbb7c80 0.165s
2025-12-09 04:18:42.883 65545 INFO tempest.lib.common.rest_client [req-a7dc2a6c-63fb-4236-8858-9fc9081a8677 req-a7dc2a6c-63fb-4236-8858-9fc9081a8677 ] Request (ServicesAdminNegativeTestJSON:setUpClass): 200 GET http://10.180.1.21/identity/v3/domains?name=Default 0.030s
2025-12-09 04:18:42.898 65543 INFO tempest.lib.common.rest_client [req-742d6586-0e95-4abf-9d9a-68b340b3bd8e req-742d6586-0e95-4abf-9d9a-68b340b3bd8e ] Request (QuotasTestJSON:setUpClass): 204 PUT http://10.180.1.21/identity/v3/projects/5ad75dbaf079485ebb3ecdbae7900699/users/3d50b3a80362429e8a50c0ace03e5006/roles/d2678973a716490e95e47242809af916 0.036s
2025-12-09 04:18:42.899 65543 INFO tempest.lib.common.dynamic_creds [-] Dynamic test user 3d50b3a80362429e8a50c0ace03e5006 is created with scope project and roles: ['member']
2025-12-09 04:18:42.899 65543 INFO tempest.lib.common.dynamic_creds [-] Acquired dynamic creds: credentials: Credentials: {'domain_id': 'default', 'domain_name': 'Default', 'username': 'tempest-QuotasTestJSON-958954075-project-member', 'project_domain_id': 'default', 'project_domain_name': 'Default', 'project_id': '5ad75dbaf079485ebb3ecdbae7900699', 'project_name': 'tempest-QuotasTestJSON-958954075', 'tenant_id': '5ad75dbaf079485ebb3ecdbae7900699', 'tenant_name': 'tempest-QuotasTestJSON-958954075', 'user_domain_id': 'default', 'user_domain_name': 'Default', 'user_id': '3d50b3a80362429e8a50c0ace03e5006', 'system': None}, Network: None, Subnet: None, Router: None
2025-12-09 04:18:42.899 65543 INFO tempest.lib.common.dynamic_creds [-] Created isolated network resources for: credentials: Credentials: {'domain_id': 'default', 'domain_name': 'Default', 'username': 'tempest-QuotasTestJSON-958954075-project-member', 'project_domain_id': 'default', 'project_domain_name': 'Default', 'project_id': '5ad75dbaf079485ebb3ecdbae7900699', 'project_name': 'tempest-QuotasTestJSON-958954075', 'tenant_id': '5ad75dbaf079485ebb3ecdbae7900699', 'tenant_name': 'tempest-QuotasTestJSON-958954075', 'user_domain_id': 'default', 'user_domain_name': 'Default', 'user_id': '3d50b3a80362429e8a50c0ace03e5006', 'system': None}, Network: None, Subnet: None, Router: None
2025-12-09 04:18:42.915 65581 INFO tempest.lib.common.rest_client [req-6285b317-f84e-4135-a57d-e6f89e394b57 req-6285b317-f84e-4135-a57d-e6f89e394b57 ] Request (FloatingIPsAssociationTestJSON:tearDownClass): 200 GET http://10.180.1.21/compute/v2.1/servers/b0d0eaad-3012-4594-b975-afefda68dde7 0.699s
2025-12-09 04:18:42.956 65535 INFO tempest.lib.common.rest_client [req-90eb6bd4-8d73-4ace-a0ee-6fe11ecfcabc req-90eb6bd4-8d73-4ace-a0ee-6fe11ecfcabc ] Request (ServersAdminNegativeTestJSON:tearDownClass): 200 GET http://10.180.1.21/compute/v2.1/servers/c08cafea-5922-4d1f-91c4-29ccd4c1eb3b 0.721s
2025-12-09 04:18:42.981 65545 INFO tempest.lib.common.rest_client [req-a6dd503b-1121-4cc3-bb1c-07777557c493 req-a6dd503b-1121-4cc3-bb1c-07777557c493 ] Request (ServicesAdminNegativeTestJSON:setUpClass): 201 POST http://10.180.1.21/identity/v3/projects 0.097s
2025-12-09 04:18:42.990 65529 INFO tempest.lib.common.rest_client [req-af2b0c3e-6092-473f-b8ee-14b1ee20fad0 req-af2b0c3e-6092-473f-b8ee-14b1ee20fad0 ] Request (ImagesOneServerTestJSON:tearDownClass): 200 GET http://10.180.1.21/compute/v2.1/servers/3918015b-989f-4576-aac8-b1953e654461 0.680s
2025-12-09 04:18:43.011 65585 INFO tempest.lib.common.rest_client [req-c1e7ee96-e629-47e7-be6e-f24dcf215261 req-c1e7ee96-e629-47e7-be6e-f24dcf215261 ] Request (ServerExternalEventsTest:tearDownClass): 204 DELETE http://10.180.1.21/identity/v3/projects/5b9461bae4bd4f66ab35be25e16396f3 0.147s
2025-12-09 04:18:43.011 65585 INFO tempest.lib.common.dynamic_creds [-] Deleting project and security group for project: 9faa2104c53c4d0fbdda7bbb1273bb9b
2025-12-09 04:18:43.038 65553 INFO tempest.lib.common.rest_client [req-ab668b6d-a2e3-45ae-87ec-56e8a5a82aac req-ab668b6d-a2e3-45ae-87ec-56e8a5a82aac ] Request (ListServersNegativeTestJSON:setUpClass): 200 GET http://10.180.1.21/compute/v2.1/servers/361e0676-5cab-413e-9235-b8dbfbca7366 0.714s
2025-12-09 04:18:43.057 65543 INFO tempest.lib.common.rest_client [req-70b06625-2691-4edf-baf4-c7abeba6038e req-70b06625-2691-4edf-baf4-c7abeba6038e ] Request (QuotasTestJSON:setUpClass): 201 POST http://10.180.1.21/identity/v3/auth/tokens 0.154s
2025-12-09 04:18:43.058 65543 WARNING tempest.lib.common.rest_client [-] Deprecated: "tenant_id" property is deprecated for removal, use "project_id" instead
2025-12-09 04:18:43.064 65577 INFO tempest.lib.common.rest_client [req-3b41a552-0097-4a9f-a75f-beb4b430e831 req-3b41a552-0097-4a9f-a75f-beb4b430e831 ] Request (SecurityGroupsTestJSON:test_server_security_groups): 200 GET http://10.180.1.21/compute/v2.1/servers/e0ce4776-473e-4249-9131-2a96a6f7def1 0.693s
2025-12-09 04:18:43.096 65541 INFO tempest.lib.common.rest_client [req-00ae5146-238d-428a-872b-8a539e4f391c req-00ae5146-238d-428a-872b-8a539e4f391c ] Request (ListServerFiltersTestJSON:setUpClass): 200 GET http://10.180.1.21/compute/v2.1/servers/f2b1583b-4a05-4759-aa13-20489ac5eaba 0.703s
2025-12-09 04:18:43.112 65545 INFO tempest.lib.common.rest_client [req-418f3e20-fd59-425c-9942-09f45da5c5d5 req-418f3e20-fd59-425c-9942-09f45da5c5d5 ] Request (ServicesAdminNegativeTestJSON:setUpClass): 201 POST http://10.180.1.21/identity/v3/users 0.130s
2025-12-09 04:18:43.144 65545 INFO tempest.lib.common.rest_client [req-8a0ba32b-42fa-4ef6-8d56-e705ebc41d3b req-8a0ba32b-42fa-4ef6-8d56-e705ebc41d3b ] Request (ServicesAdminNegativeTestJSON:setUpClass): 200 GET http://10.180.1.21/identity/v3/roles 0.032s
2025-12-09 04:18:43.166 65585 INFO tempest.lib.common.rest_client [req-5878cfee-b6d0-4256-8432-5ac407fff6cc req-5878cfee-b6d0-4256-8432-5ac407fff6cc ] Request (ServerExternalEventsTest:tearDownClass): 200 GET http://10.180.1.21/networking/v2.0/security-groups?tenant_id=9faa2104c53c4d0fbdda7bbb1273bb9b&name=default 0.155s
2025-12-09 04:18:43.175 65545 INFO tempest.lib.common.rest_client [req-62cfed9b-0834-4ee5-890a-fadf4816ebe8 req-62cfed9b-0834-4ee5-890a-fadf4816ebe8 ] Request (ServicesAdminNegativeTestJSON:setUpClass): 204 PUT http://10.180.1.21/identity/v3/projects/94d48b3649b041d1b921c1b703fb3c9d/users/f1455dcba955413499f72a540503a0ce/roles/d2678973a716490e95e47242809af916 0.030s
2025-12-09 04:18:43.175 65545 INFO tempest.lib.common.dynamic_creds [-] Dynamic test user f1455dcba955413499f72a540503a0ce is created with scope project and roles: ['member']
2025-12-09 04:18:43.176 65545 INFO tempest.lib.common.dynamic_creds [-] Acquired dynamic creds: credentials: Credentials: {'domain_id': 'default', 'domain_name': 'Default', 'username': 'tempest-ServicesAdminNegativeTestJSON-1295659079-project-member', 'project_domain_id': 'default', 'project_domain_name': 'Default', 'project_id': '94d48b3649b041d1b921c1b703fb3c9d', 'project_name': 'tempest-ServicesAdminNegativeTestJSON-1295659079', 'tenant_id': '94d48b3649b041d1b921c1b703fb3c9d', 'tenant_name': 'tempest-ServicesAdminNegativeTestJSON-1295659079', 'user_domain_id': 'default', 'user_domain_name': 'Default', 'user_id': 'f1455dcba955413499f72a540503a0ce', 'system': None}, Network: None, Subnet: None, Router: None
2025-12-09 04:18:43.176 65545 INFO tempest.lib.common.dynamic_creds [-] Created isolated network resources for: credentials: Credentials: {'domain_id': 'default', 'domain_name': 'Default', 'username': 'tempest-ServicesAdminNegativeTestJSON-1295659079-project-member', 'project_domain_id': 'default', 'project_domain_name': 'Default', 'project_id': '94d48b3649b041d1b921c1b703fb3c9d', 'project_name': 'tempest-ServicesAdminNegativeTestJSON-1295659079', 'tenant_id': '94d48b3649b041d1b921c1b703fb3c9d', 'tenant_name': 'tempest-ServicesAdminNegativeTestJSON-1295659079', 'user_domain_id': 'default', 'user_domain_name': 'Default', 'user_id': 'f1455dcba955413499f72a540503a0ce', 'system': None}, Network: None, Subnet: None, Router: None
2025-12-09 04:18:43.192 65575 INFO tempest.lib.common.rest_client [req-1e2924ac-53ad-4620-a2e7-619124ad1d5a req-1e2924ac-53ad-4620-a2e7-619124ad1d5a ] Request (ServerAddressesTestJSON:setUpClass): 200 GET http://10.180.1.21/compute/v2.1/servers/d204b1b4-5de1-458a-9e26-bfedb53ed9f5 0.716s
2025-12-09 04:18:43.236 65557 INFO tempest.lib.common.rest_client [req-0137f8ee-1885-4776-bdd3-b4319f143c4c req-0137f8ee-1885-4776-bdd3-b4319f143c4c ] Request (ServersTestBootFromVolume:tearDownClass): 200 GET http://10.180.1.21/compute/v2.1/servers/306f72f1-30b7-40ac-8116-b8c52ec51fc2 0.797s
2025-12-09 04:18:43.249 65556 INFO tempest.lib.common.rest_client [req-ca0bcb67-e1a6-44ef-bef8-c1628e021bf7 req-ca0bcb67-e1a6-44ef-bef8-c1628e021bf7 ] Request (ServerActionsTestOtherA:setUpClass): 200 GET http://10.180.1.21/compute/v2.1/servers/47d442e0-d96a-464c-8548-7b6fa79321fa 0.719s
2025-12-09 04:18:43.264 65545 INFO tempest.lib.common.rest_client [req-31bd7f52-4e86-4f41-8df9-fdebbddf08bf req-31bd7f52-4e86-4f41-8df9-fdebbddf08bf ] Request (ServicesAdminNegativeTestJSON:setUpClass): 201 POST http://10.180.1.21/identity/v3/auth/tokens 0.085s
2025-12-09 04:18:43.292 65585 INFO tempest.lib.common.rest_client [req-f0a17777-916a-4ed5-add1-79e1b7c485ae req-f0a17777-916a-4ed5-add1-79e1b7c485ae ] Request (ServerExternalEventsTest:tearDownClass): 204 DELETE http://10.180.1.21/networking/v2.0/security-groups/044b02fa-7fca-4493-a8a4-be6ea1897112 0.125s
2025-12-09 04:18:43.306 65561 INFO tempest.lib.common.rest_client [req-80d04d89-3c5e-4124-bfa0-f2e6388e8712 req-80d04d89-3c5e-4124-bfa0-f2e6388e8712 ] Request (ServersTestMultiNic:_run_cleanups): 200 GET http://10.180.1.21/compute/v2.1/servers/a1d07c36-1f33-4387-86d7-057c5ec7efc2 0.599s
2025-12-09 04:18:43.328 65545 INFO tempest.lib.common.rest_client [req-91998dd2-9856-4bac-ba28-fd49b773105f req-91998dd2-9856-4bac-ba28-fd49b773105f ] Request (ServicesAdminNegativeTestJSON:setUpClass): 201 POST http://10.180.1.21/identity/v3/projects 0.063s
2025-12-09 04:18:43.364 65533 INFO tempest.lib.common.rest_client [req-9fce3bd6-b3ed-4dc2-8c7e-386ca64645f5 req-9fce3bd6-b3ed-4dc2-8c7e-386ca64645f5 ] Request (ServersAdminTestJSON:_run_cleanups): 200 GET http://10.180.1.21/compute/v2.1/servers/b7ed279e-7f24-4d7c-b90b-40888e64d66f 0.607s
2025-12-09 04:18:43.368 65531 INFO tempest.lib.common.rest_client [req-c72bc45e-085d-4e68-b116-2098342d49fc req-c72bc45e-085d-4e68-b116-2098342d49fc ] Request (MigrationsAdminTest:test_list_migrations_in_flavor_resize_situation): 200 GET http://10.180.1.21/compute/v2.1/servers/736293eb-5964-4543-8fe7-ba0e89bcbe74 0.541s
2025-12-09 04:18:43.374 65533 INFO tempest.common.waiters [-] State transition "REBUILD/rebuilding" ==> "REBUILD/rebuild_spawning" after 5 second wait
2025-12-09 04:18:43.386 65545 INFO tempest.lib.common.rest_client [req-d98d2ecf-c7f0-4eb8-ab5e-f86733f0603e req-d98d2ecf-c7f0-4eb8-ab5e-f86733f0603e ] Request (ServicesAdminNegativeTestJSON:setUpClass): 201 POST http://10.180.1.21/identity/v3/users 0.057s
2025-12-09 04:18:43.423 65527 INFO tempest.lib.common.rest_client [req-ed2270af-8f25-4951-bce7-a3dbd4309a30 req-ed2270af-8f25-4951-bce7-a3dbd4309a30 ] Request (ServerPasswordTestJSON:tearDownClass): 200 GET http://10.180.1.21/compute/v2.1/servers/d8007e0e-6e29-43f9-84a9-b1e4e6f5aa6e 0.310s
2025-12-09 04:18:43.439 65585 INFO tempest.lib.common.rest_client [req-d39b498f-4581-4ce0-8364-ce4a5b23f181 req-d39b498f-4581-4ce0-8364-ce4a5b23f181 ] Request (ServerExternalEventsTest:tearDownClass): 204 DELETE http://10.180.1.21/identity/v3/projects/9faa2104c53c4d0fbdda7bbb1273bb9b 0.147s
2025-12-09 04:18:43.440 65585 INFO tempest.lib.common.dynamic_creds [-] Deleting project and security group for project: 847cf75d830c4469a82ce7679189c1f4
2025-12-09 04:18:43.467 65585 INFO tempest.lib.common.rest_client [req-97ebbaac-6103-4105-bfd2-3712ea7073e6 req-97ebbaac-6103-4105-bfd2-3712ea7073e6 ] Request (ServerExternalEventsTest:tearDownClass): 200 GET http://10.180.1.21/networking/v2.0/security-groups?tenant_id=847cf75d830c4469a82ce7679189c1f4&name=default 0.027s
2025-12-09 04:18:43.513 65545 INFO tempest.lib.common.rest_client [req-82241f96-28e1-419e-be46-90fd8579dc7c req-82241f96-28e1-419e-be46-90fd8579dc7c ] Request (ServicesAdminNegativeTestJSON:setUpClass): 200 GET http://10.180.1.21/identity/v3/roles 0.127s
2025-12-09 04:18:43.556 65545 INFO tempest.lib.common.rest_client [req-575c60b3-76b8-4b31-a7b6-f044ccc955a0 req-575c60b3-76b8-4b31-a7b6-f044ccc955a0 ] Request (ServicesAdminNegativeTestJSON:setUpClass): 204 PUT http://10.180.1.21/identity/v3/projects/d78697b5d0c54e429212fe991a72df55/users/74182f38d71e4f0cb653f4e9700f84c8/roles/c9ee9415316a4efaaa383f3008232eb3 0.042s
2025-12-09 04:18:43.564 65543 INFO tempest.lib.common.rest_client [req-33becd9c-d349-4baa-9ee1-f8e9171ca224 req-33becd9c-d349-4baa-9ee1-f8e9171ca224 ] Request (QuotasTestJSON:test_compare_tenant_quotas_with_default_quotas): 200 GET http://10.180.1.21/compute/v2.1/os-quota-sets/5ad75dbaf079485ebb3ecdbae7900699/defaults 0.505s
2025-12-09 04:18:43.593 65585 INFO tempest.lib.common.rest_client [req-1553f3fa-c4ab-4cf6-ac82-2dfafd12ef5e req-1553f3fa-c4ab-4cf6-ac82-2dfafd12ef5e ] Request (ServerExternalEventsTest:tearDownClass): 204 DELETE http://10.180.1.21/networking/v2.0/security-groups/b7980d5f-c7aa-4292-9189-bc351c994c0f 0.125s
2025-12-09 04:18:43.629 65545 INFO tempest.lib.common.rest_client [req-430b986a-66d7-4329-a70d-1f6cf767ae0e req-430b986a-66d7-4329-a70d-1f6cf767ae0e ] Request (ServicesAdminNegativeTestJSON:setUpClass): 200 GET http://10.180.1.21/identity/v3/roles 0.071s
2025-12-09 04:18:43.656 65545 INFO tempest.lib.common.rest_client [req-980c3d39-8f50-4fde-9429-78bc3fd9e432 req-980c3d39-8f50-4fde-9429-78bc3fd9e432 ] Request (ServicesAdminNegativeTestJSON:setUpClass): 204 PUT http://10.180.1.21/identity/v3/projects/d78697b5d0c54e429212fe991a72df55/users/74182f38d71e4f0cb653f4e9700f84c8/roles/c9ee9415316a4efaaa383f3008232eb3 0.026s
2025-12-09 04:18:43.656 65545 INFO tempest.lib.common.dynamic_creds [-] Dynamic test user 74182f38d71e4f0cb653f4e9700f84c8 is created with scope project and roles: ['admin']
2025-12-09 04:18:43.656 65545 INFO tempest.lib.common.dynamic_creds [-] Acquired dynamic creds: credentials: Credentials: {'domain_id': 'default', 'domain_name': 'Default', 'username': 'tempest-ServicesAdminNegativeTestJSON-1879748830-project-admin', 'project_domain_id': 'default', 'project_domain_name': 'Default', 'project_id': 'd78697b5d0c54e429212fe991a72df55', 'project_name': 'tempest-ServicesAdminNegativeTestJSON-1879748830', 'tenant_id': 'd78697b5d0c54e429212fe991a72df55', 'tenant_name': 'tempest-ServicesAdminNegativeTestJSON-1879748830', 'user_domain_id': 'default', 'user_domain_name': 'Default', 'user_id': '74182f38d71e4f0cb653f4e9700f84c8', 'system': None}, Network: None, Subnet: None, Router: None
2025-12-09 04:18:43.656 65545 INFO tempest.lib.common.dynamic_creds [-] Created isolated network resources for: credentials: Credentials: {'domain_id': 'default', 'domain_name': 'Default', 'username': 'tempest-ServicesAdminNegativeTestJSON-1879748830-project-admin', 'project_domain_id': 'default', 'project_domain_name': 'Default', 'project_id': 'd78697b5d0c54e429212fe991a72df55', 'project_name': 'tempest-ServicesAdminNegativeTestJSON-1879748830', 'tenant_id': 'd78697b5d0c54e429212fe991a72df55', 'tenant_name': 'tempest-ServicesAdminNegativeTestJSON-1879748830', 'user_domain_id': 'default', 'user_domain_name': 'Default', 'user_id': '74182f38d71e4f0cb653f4e9700f84c8', 'system': None}, Network: None, Subnet: None, Router: None
2025-12-09 04:18:43.671 65523 INFO tempest.lib.common.rest_client [req-a5fa6484-b653-4db2-9c89-e0a9a4e076c9 req-a5fa6484-b653-4db2-9c89-e0a9a4e076c9 ] Request (ServersListShow296Test:tearDownClass): 200 GET http://10.180.1.21/compute/v2.1/servers/b99955ca-a62f-40ea-80b2-c171b764174e 0.397s
2025-12-09 04:18:43.737 65537 INFO tempest.lib.common.rest_client [req-80c73412-3bb0-413b-b658-98d2f8af7925 req-80c73412-3bb0-413b-b658-98d2f8af7925 ] Request (AttachVolumeTestJSON:test_attach_detach_volume): 200 GET http://10.180.1.21/compute/v2.1/servers/aef70d4b-9c19-44e1-a4b6-c634e7924bab 0.407s
2025-12-09 04:18:43.756 65545 INFO tempest.lib.common.rest_client [req-60c119c6-0fbd-41d7-91b4-334c0575ccac req-60c119c6-0fbd-41d7-91b4-334c0575ccac ] Request (ServicesAdminNegativeTestJSON:setUpClass): 201 POST http://10.180.1.21/identity/v3/auth/tokens 0.090s
2025-12-09 04:18:43.779 65585 INFO tempest.lib.common.rest_client [req-70b1fa77-fd0e-4234-b260-693e7047a082 req-70b1fa77-fd0e-4234-b260-693e7047a082 ] Request (ServerExternalEventsTest:tearDownClass): 204 DELETE http://10.180.1.21/identity/v3/projects/847cf75d830c4469a82ce7679189c1f4 0.186s
2025-12-09 04:18:43.825 65567 INFO tempest.lib.common.rest_client [req-fe25d406-375d-4b7a-822f-a7a9d351516a req-fe25d406-375d-4b7a-822f-a7a9d351516a ] Request (AttachInterfacesTestJSON:test_create_list_show_delete_interfaces_by_network_port): 200 GET http://10.180.1.21/compute/v2.1/servers/ddf040ec-01d7-4cca-9858-fc6a2526f513 0.480s
2025-12-09 04:18:43.868 65585 INFO tempest.lib.common.rest_client [req-6672806d-6e5b-4910-af6f-9d9aee04a060 req-6672806d-6e5b-4910-af6f-9d9aee04a060 ] Request (ServerAddressesNegativeTestJSON:setUpClass): 201 POST http://10.180.1.21/identity/v3/auth/tokens 0.087s
2025-12-09 04:18:43.899 65585 INFO tempest.lib.common.rest_client [req-a653bbb2-4584-42f9-9da4-88e89ea1dfac req-a653bbb2-4584-42f9-9da4-88e89ea1dfac ] Request (ServerAddressesNegativeTestJSON:setUpClass): 201 POST http://10.180.1.21/identity/v3/auth/tokens 0.029s
2025-12-09 04:18:43.900 65559 INFO tempest.lib.common.rest_client [req-d75fca4e-b40f-4c3d-b644-e19508a91a3b req-d75fca4e-b40f-4c3d-b644-e19508a91a3b ] Request (ImagesTestJSON:test_create_server_from_snapshot): 200 GET http://10.180.1.21/compute/v2.1/servers/a0d6bc16-3f80-4f50-96a1-d317a9a00a16 0.485s
2025-12-09 04:18:43.930 65585 INFO tempest.lib.common.rest_client [req-9ebacb63-cafd-40fc-94ac-aac1f78f69b5 req-9ebacb63-cafd-40fc-94ac-aac1f78f69b5 ] Request (ServerAddressesNegativeTestJSON:setUpClass): 200 GET http://10.180.1.21/identity/v3/domains?name=Default 0.030s
2025-12-09 04:18:43.966 65585 INFO tempest.lib.common.rest_client [req-d8e6814a-077b-47a5-995b-853c0d821f12 req-d8e6814a-077b-47a5-995b-853c0d821f12 ] Request (ServerAddressesNegativeTestJSON:setUpClass): 201 POST http://10.180.1.21/identity/v3/projects 0.035s
2025-12-09 04:18:44.030 65571 INFO tempest.lib.common.rest_client [req-fb69cf5d-86f9-4911-8aaa-59bdad2abd8c req-fb69cf5d-86f9-4911-8aaa-59bdad2abd8c ] Request (MultipleCreateTestJSON:test_multiple_create): 200 GET http://10.180.1.21/compute/v2.1/servers/1dafb5ee-4495-41cd-a3a9-3dae68f8773f 0.762s
2025-12-09 04:18:44.034 65585 INFO tempest.lib.common.rest_client [req-0efd316a-e4f3-4239-937e-caa7e7bec633 req-0efd316a-e4f3-4239-937e-caa7e7bec633 ] Request (ServerAddressesNegativeTestJSON:setUpClass): 201 POST http://10.180.1.21/identity/v3/users 0.067s
2025-12-09 04:18:44.061 65543 INFO tempest.lib.common.rest_client [req-c8301588-4a0f-4a8d-8182-01c03f95bb03 req-c8301588-4a0f-4a8d-8182-01c03f95bb03 ] Request (QuotasTestJSON:test_compare_tenant_quotas_with_default_quotas): 200 GET http://10.180.1.21/compute/v2.1/os-quota-sets/5ad75dbaf079485ebb3ecdbae7900699 0.492s
2025-12-09 04:18:44.067 65585 INFO tempest.lib.common.rest_client [req-494d1c2a-8993-403a-ab46-a10cd630aad2 req-494d1c2a-8993-403a-ab46-a10cd630aad2 ] Request (ServerAddressesNegativeTestJSON:setUpClass): 200 GET http://10.180.1.21/identity/v3/roles 0.032s
2025-12-09 04:18:44.099 65585 INFO tempest.lib.common.rest_client [req-0a678c6e-1239-4e60-a1c1-b16b4518e13f req-0a678c6e-1239-4e60-a1c1-b16b4518e13f ] Request (ServerAddressesNegativeTestJSON:setUpClass): 204 PUT http://10.180.1.21/identity/v3/projects/1006311747cd49acb052e319c0b72762/users/4e4881827a71482cad54c56d376de3d6/roles/d2678973a716490e95e47242809af916 0.031s
2025-12-09 04:18:44.099 65585 INFO tempest.lib.common.dynamic_creds [-] Dynamic test user 4e4881827a71482cad54c56d376de3d6 is created with scope project and roles: ['member']
2025-12-09 04:18:44.099 65585 INFO tempest.lib.common.dynamic_creds [-] Acquired dynamic creds: credentials: Credentials: {'domain_id': 'default', 'domain_name': 'Default', 'username': 'tempest-ServerAddressesNegativeTestJSON-1511101142-project-member', 'project_domain_id': 'default', 'project_domain_name': 'Default', 'project_id': '1006311747cd49acb052e319c0b72762', 'project_name': 'tempest-ServerAddressesNegativeTestJSON-1511101142', 'tenant_id': '1006311747cd49acb052e319c0b72762', 'tenant_name': 'tempest-ServerAddressesNegativeTestJSON-1511101142', 'user_domain_id': 'default', 'user_domain_name': 'Default', 'user_id': '4e4881827a71482cad54c56d376de3d6', 'system': None}, Network: None, Subnet: None, Router: None
2025-12-09 04:18:44.175 65585 INFO tempest.lib.common.rest_client [req-c7e0b0b7-bf56-4d58-a6e9-37348d8f7f94 req-c7e0b0b7-bf56-4d58-a6e9-37348d8f7f94 ] Request (ServerAddressesNegativeTestJSON:setUpClass): 201 POST http://10.180.1.21/identity/v3/auth/tokens 0.075s
2025-12-09 04:18:44.185 65565 INFO tempest.lib.common.rest_client [req-2b3ccd46-8fc0-4800-8bd0-baa90b75efd0 req-2b3ccd46-8fc0-4800-8bd0-baa90b75efd0 ] Request (AttachInterfacesUnderV243Test:_run_cleanups): 200 GET http://10.180.1.21/compute/v2.1/servers/a06aeafe-9793-4be2-b157-25f911a74710 0.437s
2025-12-09 04:18:44.224 65545 INFO tempest.lib.common.rest_client [req-b1322aee-abf3-4cf5-887c-9bc9ec20fc43 req-b1322aee-abf3-4cf5-887c-9bc9ec20fc43 ] Request (ServicesAdminNegativeTestJSON:test_get_service_by_invalid_params): 200 GET http://10.180.1.21/compute/v2.1/os-services 0.467s
2025-12-09 04:18:44.248 65579 INFO tempest.lib.common.rest_client [req-67c54e5c-4fb2-4dfb-8db6-0e4bcec074f1 req-67c54e5c-4fb2-4dfb-8db6-0e4bcec074f1 ] Request (VolumesAssistedSnapshotsTest:tearDownClass): 404 GET http://10.180.1.21/compute/v2.1/servers/89847060-f115-4663-b966-0c4589393a00 0.379s
2025-12-09 04:18:44.412 65585 INFO tempest.lib.common.rest_client [req-802c91ea-edad-4f90-b4da-007a85536a6d req-802c91ea-edad-4f90-b4da-007a85536a6d ] Request (ServerAddressesNegativeTestJSON:setUpClass): 201 POST http://10.180.1.21/networking/v2.0/networks 0.236s
2025-12-09 04:18:44.470 65581 INFO tempest.lib.common.rest_client [req-baf83e1d-2bf7-46c1-84b3-cfe311458500 req-baf83e1d-2bf7-46c1-84b3-cfe311458500 ] Request (FloatingIPsAssociationTestJSON:tearDownClass): 200 GET http://10.180.1.21/compute/v2.1/servers/b0d0eaad-3012-4594-b975-afefda68dde7 0.545s
2025-12-09 04:18:44.621 65585 INFO tempest.lib.common.rest_client [req-e29f42e5-9a59-4f2b-ad1e-479a4120c994 req-e29f42e5-9a59-4f2b-ad1e-479a4120c994 ] Request (ServerAddressesNegativeTestJSON:setUpClass): 201 POST http://10.180.1.21/networking/v2.0/subnets 0.209s
2025-12-09 04:18:44.660 65583 INFO tempest.lib.common.rest_client [req-27ab462c-e5ff-4d6a-aaa6-4a430fc2378e req-27ab462c-e5ff-4d6a-aaa6-4a430fc2378e ] Request (ServerDiskConfigTestJSON:test_rebuild_server_with_manual_disk_config): 200 GET http://10.180.1.21/compute/v2.1/servers/f821f70d-c741-4fcb-b23f-580cd336f52d 0.834s
2025-12-09 04:18:44.670 65583 INFO tempest.common.waiters [-] State transition "BUILD/spawning" ==> "ACTIVE/None" after 43 second wait
2025-12-09 04:18:44.673 65535 INFO tempest.lib.common.rest_client [req-cc4eb6e6-ce7c-4ddb-b207-d82ff6e36211 req-cc4eb6e6-ce7c-4ddb-b207-d82ff6e36211 ] Request (ServersAdminNegativeTestJSON:tearDownClass): 200 GET http://10.180.1.21/compute/v2.1/servers/c08cafea-5922-4d1f-91c4-29ccd4c1eb3b 0.706s
2025-12-09 04:18:44.738 65529 INFO tempest.lib.common.rest_client [req-626c0b59-2282-40f2-a785-5f8a33632036 req-626c0b59-2282-40f2-a785-5f8a33632036 ] Request (ImagesOneServerTestJSON:tearDownClass): 200 GET http://10.180.1.21/compute/v2.1/servers/3918015b-989f-4576-aac8-b1953e654461 0.738s
2025-12-09 04:18:44.761 65553 INFO tempest.lib.common.rest_client [req-7e2084af-646f-4c9f-be9b-b219c0a410d5 req-7e2084af-646f-4c9f-be9b-b219c0a410d5 ] Request (ListServersNegativeTestJSON:setUpClass): 200 GET http://10.180.1.21/compute/v2.1/servers/361e0676-5cab-413e-9235-b8dbfbca7366 0.712s
2025-12-09 04:18:44.825 65577 INFO tempest.lib.common.rest_client [req-95b9d5c5-017f-423d-a103-76149cb5ff3d req-95b9d5c5-017f-423d-a103-76149cb5ff3d ] Request (SecurityGroupsTestJSON:test_server_security_groups): 200 GET http://10.180.1.21/compute/v2.1/servers/e0ce4776-473e-4249-9131-2a96a6f7def1 0.752s
2025-12-09 04:18:44.836 65543 INFO tempest.lib.common.rest_client [req-040a5132-9649-46c8-ab03-e7cf6bc51ab4 req-040a5132-9649-46c8-ab03-e7cf6bc51ab4 ] Request (QuotasTestJSON:test_get_default_quotas): 200 GET http://10.180.1.21/compute/v2.1/os-quota-sets/5ad75dbaf079485ebb3ecdbae7900699/defaults 0.770s
2025-12-09 04:18:44.887 65541 INFO tempest.lib.common.rest_client [req-619682f2-418e-4bcb-93af-f04f4bb42543 req-619682f2-418e-4bcb-93af-f04f4bb42543 ] Request (ListServerFiltersTestJSON:setUpClass): 200 GET http://10.180.1.21/compute/v2.1/servers/f2b1583b-4a05-4759-aa13-20489ac5eaba 0.780s
2025-12-09 04:18:44.899 65575 INFO tempest.lib.common.rest_client [req-2ad7baab-d0d5-49f0-8926-78137f6d9c30 req-2ad7baab-d0d5-49f0-8926-78137f6d9c30 ] Request (ServerAddressesTestJSON:setUpClass): 200 GET http://10.180.1.21/compute/v2.1/servers/d204b1b4-5de1-458a-9e26-bfedb53ed9f5 0.696s
2025-12-09 04:18:44.906 65545 INFO tempest.lib.common.rest_client [req-f5eff028-6624-4966-9495-4a9a6dff4452 req-f5eff028-6624-4966-9495-4a9a6dff4452 ] Request (ServicesAdminNegativeTestJSON:test_get_service_by_invalid_params): 200 GET http://10.180.1.21/compute/v2.1/os-services?xxx=nova-compute 0.676s
2025-12-09 04:18:44.923 65579 INFO tempest.lib.common.rest_client [req-f00d15dc-a225-4887-b223-88047a7957dc req-f00d15dc-a225-4887-b223-88047a7957dc ] Request (VolumesAssistedSnapshotsTest:tearDownClass): 202 DELETE http://10.180.1.21/compute/v2.1/os-keypairs/tempest-keypair-1846420485 0.675s
2025-12-09 04:18:44.935 65573 WARNING tempest.lib.common.ssh [-] Failed to establish authenticated ssh connection to cirros@10.180.180.225 ([Errno None] Unable to connect to port 22 on 10.180.180.225). Number attempts: 12. Retry after 13 seconds.: paramiko.ssh_exception.NoValidConnectionsError: [Errno None] Unable to connect to port 22 on 10.180.180.225
2025-12-09 04:18:45.013 65579 INFO tempest.lib.common.rest_client [req-5ecb1834-45f7-4350-ad8e-877059a31f7f req-5ecb1834-45f7-4350-ad8e-877059a31f7f ] Request (VolumesAssistedSnapshotsTest:tearDownClass): 204 DELETE http://10.180.1.21/networking/v2.0/security-groups/3151ee71-d6fa-4cda-bd22-0038b5e588ee 0.088s
2025-12-09 04:18:45.063 65556 INFO tempest.lib.common.rest_client [req-dc33bbee-2a4f-4ad1-96a4-92353e44b993 req-dc33bbee-2a4f-4ad1-96a4-92353e44b993 ] Request (ServerActionsTestOtherA:setUpClass): 200 GET http://10.180.1.21/compute/v2.1/servers/47d442e0-d96a-464c-8548-7b6fa79321fa 0.804s
2025-12-09 04:18:45.067 65579 INFO tempest.lib.common.rest_client [req-c94b4ad3-40e8-4dad-95e0-42b808376a63 req-c94b4ad3-40e8-4dad-95e0-42b808376a63 ] Request (VolumesAssistedSnapshotsTest:tearDownClass): 404 GET http://10.180.1.21/networking/v2.0/security-groups/3151ee71-d6fa-4cda-bd22-0038b5e588ee 0.053s
2025-12-09 04:18:45.106 65557 INFO tempest.lib.common.rest_client [req-16ea1789-b14c-4c71-9bf4-288fc1e2a2e3 req-16ea1789-b14c-4c71-9bf4-288fc1e2a2e3 ] Request (ServersTestBootFromVolume:tearDownClass): 200 GET http://10.180.1.21/compute/v2.1/servers/306f72f1-30b7-40ac-8116-b8c52ec51fc2 0.862s
2025-12-09 04:18:45.358 65579 INFO tempest.lib.common.rest_client [req-d571a144-eba5-48d2-aee8-f7f59db706ae req-d571a144-eba5-48d2-aee8-f7f59db706ae ] Request (VolumesAssistedSnapshotsTest:tearDownClass): 204 DELETE http://10.180.1.21/networking/v2.0/floatingips/27dcd02a-464f-428e-88a2-de640264a4ee 0.291s
2025-12-09 04:18:45.373 65579 INFO tempest.lib.common.rest_client [req-dcd131d4-14a0-444c-8931-cfe3b8b5229f req-dcd131d4-14a0-444c-8931-cfe3b8b5229f ] Request (VolumesAssistedSnapshotsTest:tearDownClass): 404 DELETE http://10.180.1.21/volume/v3/volumes/57c3d4fb-10ad-4de5-b787-2dea7ad4bf8e 0.014s
2025-12-09 04:18:45.388 65561 INFO tempest.lib.common.rest_client [req-c87deed7-760b-417c-8e85-0a8ce75792f4 req-c87deed7-760b-417c-8e85-0a8ce75792f4 ] Request (ServersTestMultiNic:_run_cleanups): 200 GET http://10.180.1.21/compute/v2.1/servers/a1d07c36-1f33-4387-86d7-057c5ec7efc2 1.070s
2025-12-09 04:18:45.393 65579 INFO tempest.lib.common.rest_client [req-10fefe95-9c30-42ed-bc1c-a8416f330312 req-10fefe95-9c30-42ed-bc1c-a8416f330312 ] Request (VolumesAssistedSnapshotsTest:tearDownClass): 404 GET http://10.180.1.21/volume/v3/volumes/57c3d4fb-10ad-4de5-b787-2dea7ad4bf8e 0.020s
2025-12-09 04:18:45.423 65585 INFO tempest.lib.common.rest_client [req-13a54c63-4e16-480d-ae53-0d80415cdfeb req-13a54c63-4e16-480d-ae53-0d80415cdfeb ] Request (ServerAddressesNegativeTestJSON:setUpClass): 201 POST http://10.180.1.21/networking/v2.0/routers 0.801s
2025-12-09 04:18:45.455 65533 INFO tempest.lib.common.rest_client [req-c058808b-f835-4879-8e24-b89a2645f7b0 req-c058808b-f835-4879-8e24-b89a2645f7b0 ] Request (ServersAdminTestJSON:_run_cleanups): 200 GET http://10.180.1.21/compute/v2.1/servers/b7ed279e-7f24-4d7c-b90b-40888e64d66f 1.080s
2025-12-09 04:18:46.198 65579 INFO tempest.lib.common.rest_client [req-1927b582-0dd2-422e-843c-cb60abac23b7 req-1927b582-0dd2-422e-843c-cb60abac23b7 ] Request (VolumesAssistedSnapshotsTest:tearDownClass): 200 PUT http://10.180.1.21/networking/v2.0/routers/1df4a26f-59c4-4d71-afb7-64f5db29868d/remove_router_interface 0.804s
2025-12-09 04:18:46.225 65531 INFO tempest.lib.common.rest_client [req-08070ba0-ac67-4488-9a51-1b15957dad70 req-08070ba0-ac67-4488-9a51-1b15957dad70 ] Request (MigrationsAdminTest:test_list_migrations_in_flavor_resize_situation): 200 GET http://10.180.1.21/compute/v2.1/servers/736293eb-5964-4543-8fe7-ba0e89bcbe74 1.848s
2025-12-09 04:18:46.241 65527 INFO tempest.lib.common.rest_client [req-24d398bd-215d-41de-b8f1-2aff5ce9274c req-24d398bd-215d-41de-b8f1-2aff5ce9274c ] Request (ServerPasswordTestJSON:tearDownClass): 200 GET http://10.180.1.21/compute/v2.1/servers/d8007e0e-6e29-43f9-84a9-b1e4e6f5aa6e 1.810s
2025-12-09 04:18:46.388 65585 INFO tempest.lib.common.rest_client [req-66071444-4342-4708-8c4c-54706fbe945a req-66071444-4342-4708-8c4c-54706fbe945a ] Request (ServerAddressesNegativeTestJSON:setUpClass): 200 PUT http://10.180.1.21/networking/v2.0/routers/e9e399d2-7c03-4fef-8e2d-c9cbd1b053bd/add_router_interface 0.965s
2025-12-09 04:18:46.388 65585 INFO tempest.lib.common.dynamic_creds [-] Created isolated network resources for: credentials: Credentials: {'domain_id': 'default', 'domain_name': 'Default', 'username': 'tempest-ServerAddressesNegativeTestJSON-1511101142-project-member', 'project_domain_id': 'default', 'project_domain_name': 'Default', 'project_id': '1006311747cd49acb052e319c0b72762', 'project_name': 'tempest-ServerAddressesNegativeTestJSON-1511101142', 'tenant_id': '1006311747cd49acb052e319c0b72762', 'tenant_name': 'tempest-ServerAddressesNegativeTestJSON-1511101142', 'user_domain_id': 'default', 'user_domain_name': 'Default', 'user_id': '4e4881827a71482cad54c56d376de3d6', 'system': None}, Network: {'id': 'ecad4859-810a-47b5-97f9-77495253d424', 'name': 'tempest-ServerAddressesNegativeTestJSON-2018482499-network', 'tenant_id': '1006311747cd49acb052e319c0b72762', 'project_id': '1006311747cd49acb052e319c0b72762', 'admin_state_up': True, 'mtu': 8950, 'status': 'ACTIVE', 'subnets': [], 'shared': False, 'port_security_enabled': True, 'router:external': False, 'provider:network_type': 'vlan', 'provider:physical_network': 'default', 'provider:segmentation_id': 415, 'availability_zone_hints': [], 'availability_zones': [], 'ipv4_address_scope': None, 'ipv6_address_scope': None, 'description': '', 'tags': [], 'created_at': '2025-12-09T04:18:44Z', 'updated_at': '2025-12-09T04:18:44Z', 'revision_number': 1}, Subnet: {'id': '1b5a3083-3128-4a5b-98be-ce46e5b38bd3', 'name': 'tempest-ServerAddressesNegativeTestJSON-2018482499-subnet', 'tenant_id': '1006311747cd49acb052e319c0b72762', 'network_id': 'ecad4859-810a-47b5-97f9-77495253d424', 'ip_version': 4, 'subnetpool_id': None, 'enable_dhcp': True, 'ipv6_ra_mode': None, 'ipv6_address_mode': None, 'gateway_ip': '192.168.128.1', 'cidr': '192.168.128.0/28', 'allocation_pools': [{'start': '192.168.128.2', 'end': '192.168.128.14'}], 'host_routes': [], 'dns_nameservers': [], 'description': '', 'router:external': False, 'service_types': [], 'tags': [], 'created_at': '2025-12-09T04:18:44Z', 'updated_at': '2025-12-09T04:18:44Z', 'revision_number': 0, 'project_id': '1006311747cd49acb052e319c0b72762'}, Router: {'id': 'e9e399d2-7c03-4fef-8e2d-c9cbd1b053bd', 'name': 'tempest-ServerAddressesNegativeTestJSON-2018482499-router', 'tenant_id': '1006311747cd49acb052e319c0b72762', 'admin_state_up': True, 'status': 'ACTIVE', 'external_gateway_info': {'network_id': '562dbb99-c1fc-4329-823e-f0d364a44dbf', 'external_fixed_ips': [{'subnet_id': '410bdb45-52d2-4ffd-a2ac-f1d8d4c2527d', 'ip_address': '10.180.180.230'}], 'enable_snat': True}, 'description': '', 'availability_zones': [], 'distributed': False, 'ha': False, 'availability_zone_hints': [], 'routes': [], 'flavor_id': None, 'tags': [], 'created_at': '2025-12-09T04:18:44Z', 'updated_at': '2025-12-09T04:18:45Z', 'revision_number': 2, 'project_id': '1006311747cd49acb052e319c0b72762'}
2025-12-09 04:18:46.508 65585 INFO tempest.lib.common.rest_client [req-b97914c7-be23-46b5-943d-ebfa236b6b70 req-b97914c7-be23-46b5-943d-ebfa236b6b70 ] Request (ServerAddressesNegativeTestJSON:setUpClass): 201 POST http://10.180.1.21/identity/v3/auth/tokens 0.116s
2025-12-09 04:18:46.547 65585 INFO tempest.lib.common.rest_client [req-aa0226bf-8d87-4683-96e7-d2702b59c9db req-aa0226bf-8d87-4683-96e7-d2702b59c9db ] Request (ServerAddressesNegativeTestJSON:setUpClass): 201 POST http://10.180.1.21/identity/v3/auth/tokens 0.034s
2025-12-09 04:18:46.547 65585 INFO tempest.lib.common.fixed_network [-] (ServerAddressesNegativeTestJSON:setUpClass) Found network {'id': 'ecad4859-810a-47b5-97f9-77495253d424', 'name': 'tempest-ServerAddressesNegativeTestJSON-2018482499-network', 'tenant_id': '1006311747cd49acb052e319c0b72762', 'project_id': '1006311747cd49acb052e319c0b72762', 'admin_state_up': True, 'mtu': 8950, 'status': 'ACTIVE', 'subnets': [], 'shared': False, 'port_security_enabled': True, 'router:external': False, 'provider:network_type': 'vlan', 'provider:physical_network': 'default', 'provider:segmentation_id': 415, 'availability_zone_hints': [], 'availability_zones': [], 'ipv4_address_scope': None, 'ipv6_address_scope': None, 'description': '', 'tags': [], 'created_at': '2025-12-09T04:18:44Z', 'updated_at': '2025-12-09T04:18:44Z', 'revision_number': 1} available for tenant
2025-12-09 04:18:46.702 65579 INFO tempest.lib.common.rest_client [req-41a3f514-55c0-4553-8edf-e6d8b761df5c req-41a3f514-55c0-4553-8edf-e6d8b761df5c ] Request (VolumesAssistedSnapshotsTest:tearDownClass): 204 DELETE http://10.180.1.21/networking/v2.0/routers/1df4a26f-59c4-4d71-afb7-64f5db29868d 0.504s
2025-12-09 04:18:46.744 65523 INFO tempest.lib.common.rest_client [req-a1f38e2a-9247-4287-ae31-93e63f8072bc req-a1f38e2a-9247-4287-ae31-93e63f8072bc ] Request (ServersListShow296Test:tearDownClass): 200 GET http://10.180.1.21/compute/v2.1/servers/b99955ca-a62f-40ea-80b2-c171b764174e 2.058s
2025-12-09 04:18:46.814 65583 INFO tempest.lib.common.rest_client [req-19b451c1-d231-484f-b1c8-cedaa237d4c3 req-19b451c1-d231-484f-b1c8-cedaa237d4c3 ] Request (ServerDiskConfigTestJSON:test_rebuild_server_with_manual_disk_config): 200 GET http://10.180.1.21/compute/v2.1/servers/f821f70d-c741-4fcb-b23f-580cd336f52d 2.143s
2025-12-09 04:18:46.936 65579 INFO tempest.lib.common.rest_client [req-e18cf514-d0d1-47f9-8c0a-2709c9c19aa2 req-e18cf514-d0d1-47f9-8c0a-2709c9c19aa2 ] Request (VolumesAssistedSnapshotsTest:tearDownClass): 204 DELETE http://10.180.1.21/networking/v2.0/subnets/e1cbd581-27b8-4ab1-ac66-491bf5ad3b26 0.233s
2025-12-09 04:18:46.971 65537 INFO tempest.lib.common.rest_client [req-37075a2f-f3a9-4f49-8585-bfa0adc3e52f req-37075a2f-f3a9-4f49-8585-bfa0adc3e52f ] Request (AttachVolumeTestJSON:test_attach_detach_volume): 200 GET http://10.180.1.21/compute/v2.1/servers/aef70d4b-9c19-44e1-a4b6-c634e7924bab 2.221s
2025-12-09 04:18:46.984 65567 INFO tempest.lib.common.rest_client [req-2834b6e8-8978-47c0-8b88-f986ee826ee6 req-2834b6e8-8978-47c0-8b88-f986ee826ee6 ] Request (AttachInterfacesTestJSON:test_create_list_show_delete_interfaces_by_network_port): 200 GET http://10.180.1.21/compute/v2.1/servers/ddf040ec-01d7-4cca-9858-fc6a2526f513 2.150s
2025-12-09 04:18:47.013 65545 INFO tempest.lib.common.rest_client [req-148d1889-6c5e-467f-a250-9de00d88c15b req-148d1889-6c5e-467f-a250-9de00d88c15b ] Request (ServicesAdminNegativeTestJSON:test_get_service_by_invalid_service_and_valid_host): 200 GET http://10.180.1.21/compute/v2.1/os-services 2.104s
2025-12-09 04:18:47.028 65543 INFO tempest.lib.common.rest_client [req-fdf00ea7-4a88-4df7-81c9-81c4270a331f req-fdf00ea7-4a88-4df7-81c9-81c4270a331f ] Request (QuotasTestJSON:test_get_quotas): 200 GET http://10.180.1.21/compute/v2.1/os-quota-sets/5ad75dbaf079485ebb3ecdbae7900699 2.188s
2025-12-09 04:18:47.089 65559 INFO tempest.lib.common.rest_client [req-65a5efc5-8998-43b0-b5e9-6533cecad8bf req-65a5efc5-8998-43b0-b5e9-6533cecad8bf ] Request (ImagesTestJSON:test_create_server_from_snapshot): 200 GET http://10.180.1.21/compute/v2.1/servers/a0d6bc16-3f80-4f50-96a1-d317a9a00a16 2.175s
2025-12-09 04:18:47.188 65571 INFO tempest.lib.common.rest_client [req-b79d3c45-3529-4e08-b563-daf0152388be req-b79d3c45-3529-4e08-b563-daf0152388be ] Request (MultipleCreateTestJSON:test_multiple_create): 200 GET http://10.180.1.21/compute/v2.1/servers/1dafb5ee-4495-41cd-a3a9-3dae68f8773f 2.149s
2025-12-09 04:18:47.195 65571 INFO tempest.common.waiters [-] State transition "BUILD/spawning" ==> "ACTIVE/None" after 39 second wait
2025-12-09 04:18:47.199 65565 INFO tempest.lib.common.rest_client [req-08014b86-62b7-4ffe-962b-26144d035d51 req-08014b86-62b7-4ffe-962b-26144d035d51 ] Request (AttachInterfacesUnderV243Test:_run_cleanups): 200 GET http://10.180.1.21/compute/v2.1/servers/a06aeafe-9793-4be2-b157-25f911a74710 2.005s
