2025-12-09 04:17:41.485 65557 WARNING tempest.lib.common.ssh [-] Failed to establish authenticated ssh connection to cirros@10.180.180.142 ([Errno None] Unable to connect to port 22 on 10.180.180.142). Number attempts: 1. Retry after 2 seconds.: paramiko.ssh_exception.NoValidConnectionsError: [Errno None] Unable to connect to port 22 on 10.180.180.142
2025-12-09 04:17:41.555 65569 INFO tempest.lib.common.rest_client [req-964eaae0-926e-405f-b267-fd583a55582f req-964eaae0-926e-405f-b267-fd583a55582f ] Request (ServersTestManualDisk:setUpClass): 200 GET http://10.180.1.21/compute/v2.1/servers/a6904497-1d9b-42ba-8cd0-7a558d64410b 2.621s
2025-12-09 04:17:41.592 65551 INFO tempest.lib.common.rest_client [req-7b62e68f-6098-41a1-9987-fdffb4cf2d1f req-7b62e68f-6098-41a1-9987-fdffb4cf2d1f ] Request (ServerRescueNegativeTestJSON:test_rescued_vm_detach_volume): 200 POST http://10.180.1.21/compute/v2.1/os-keypairs 2.577s
2025-12-09 04:17:41.663 65553 INFO tempest.lib.common.rest_client [req-c46499da-5206-4e3e-aa5f-9be4c0134ece req-c46499da-5206-4e3e-aa5f-9be4c0134ece ] Request (AZV2TestJSON:test_get_availability_zone_list_with_non_admin_user): 200 GET http://10.180.1.21/compute/v2.1/os-availability-zone 2.543s
2025-12-09 04:17:41.750 65551 INFO tempest.lib.common.rest_client [req-a43ac2d7-9d0b-4a60-8e9c-04da959be0c8 req-a43ac2d7-9d0b-4a60-8e9c-04da959be0c8 ] Request (ServerRescueNegativeTestJSON:test_rescued_vm_detach_volume): 201 POST http://10.180.1.21/networking/v2.0/security-groups 0.156s
2025-12-09 04:17:41.768 65541 INFO tempest.lib.common.rest_client [req-b951a11e-49c6-402d-a237-cc0cf8eac669 req-b951a11e-49c6-402d-a237-cc0cf8eac669 ] Request (FloatingIPsTestJSON:test_delete_floating_ip): 200 POST http://10.180.1.21/compute/v2.1/os-floating-ips 3.249s
2025-12-09 04:17:41.855 65553 INFO tempest.lib.common.rest_client [req-195f55e8-ffee-482b-8aa0-a0ebbc050ca8 req-195f55e8-ffee-482b-8aa0-a0ebbc050ca8 ] Request (AZV2TestJSON:tearDownClass): 204 DELETE http://10.180.1.21/identity/v3/users/40d8788fb4ca4b05a719f4c2476a44bb 0.189s
2025-12-09 04:17:41.856 65553 INFO tempest.lib.common.dynamic_creds [-] Deleting project and security group for project: 00d7b9910c4546d5b950beb6ea20af51
2025-12-09 04:17:41.884 65523 INFO tempest.lib.common.rest_client [req-49c54538-fdef-4180-a385-4761f0313253 req-49c54538-fdef-4180-a385-4761f0313253 ] Request (ServersListShow296Test:test_list_show_update_rebuild_server_296): 200 GET http://10.180.1.21/compute/v2.1/servers/b99955ca-a62f-40ea-80b2-c171b764174e 2.524s
2025-12-09 04:17:41.891 65579 INFO tempest.lib.common.rest_client [req-38522e26-cb3d-40b9-ae4e-12ab5ac25f74 req-38522e26-cb3d-40b9-ae4e-12ab5ac25f74 ] Request (VolumesAssistedSnapshotsTest:test_volume_assisted_snapshot_create_delete): 200 GET http://10.180.1.21/volume/v3/volumes/57c3d4fb-10ad-4de5-b787-2dea7ad4bf8e 0.065s
2025-12-09 04:17:41.901 65579 INFO tempest.common.waiters [-] Attachment 03fcfa28-46e7-47e2-843b-70aee8097677 created for volume 57c3d4fb-10ad-4de5-b787-2dea7ad4bf8e to server 89847060-f115-4663-b966-0c4589393a00 after waiting for 7.901414 seconds
2025-12-09 04:17:41.906 65523 INFO tempest.common.waiters [-] State transition "BUILD/spawning" ==> "ACTIVE/None" after 16 second wait
2025-12-09 04:17:41.908 65551 INFO tempest.lib.common.rest_client [req-57799e80-fdea-4093-8bbc-9b047625150d req-57799e80-fdea-4093-8bbc-9b047625150d ] Request (ServerRescueNegativeTestJSON:test_rescued_vm_detach_volume): 201 POST http://10.180.1.21/networking/v2.0/security-group-rules 0.157s
2025-12-09 04:17:41.939 65579 INFO tempest.lib.common.rest_client [req-d6403edf-e830-4a69-be2e-f2e8a62bff73 req-d6403edf-e830-4a69-be2e-f2e8a62bff73 ] Request (VolumesAssistedSnapshotsTest:test_volume_assisted_snapshot_create_delete): 200 GET http://10.180.1.21/volume/v3/volumes/57c3d4fb-10ad-4de5-b787-2dea7ad4bf8e 0.038s
2025-12-09 04:17:41.947 65579 INFO tempest.common.waiters [-] volume 57c3d4fb-10ad-4de5-b787-2dea7ad4bf8e reached in-use after waiting for 0.947925 seconds
2025-12-09 04:17:41.962 65553 INFO tempest.lib.common.rest_client [req-18e4d259-bc7b-47f7-9096-7dd0d404c66a req-18e4d259-bc7b-47f7-9096-7dd0d404c66a ] Request (AZV2TestJSON:tearDownClass): 201 POST http://10.180.1.21/identity/v3/auth/tokens 0.106s
2025-12-09 04:17:41.963 65561 INFO tempest.lib.common.rest_client [req-909c0dfe-d3a1-4728-9647-4054f194bfb4 req-909c0dfe-d3a1-4728-9647-4054f194bfb4 ] Request (ServersTestMultiNic:test_verify_duplicate_network_nics): 200 GET http://10.180.1.21/compute/v2.1/servers/a1d07c36-1f33-4387-86d7-057c5ec7efc2 2.479s
2025-12-09 04:17:42.052 65551 INFO tempest.lib.common.rest_client [req-d5c1e6c2-5f96-4d51-8fab-4b72a47f1b64 req-d5c1e6c2-5f96-4d51-8fab-4b72a47f1b64 ] Request (ServerRescueNegativeTestJSON:test_rescued_vm_detach_volume): 201 POST http://10.180.1.21/networking/v2.0/security-group-rules 0.143s
2025-12-09 04:17:42.148 65553 INFO tempest.lib.common.rest_client [req-ba2f30e0-22bc-4af2-8838-491db5af0133 req-ba2f30e0-22bc-4af2-8838-491db5af0133 ] Request (AZV2TestJSON:tearDownClass): 200 GET http://10.180.1.21/networking/v2.0/security-groups?tenant_id=00d7b9910c4546d5b950beb6ea20af51&name=default 0.185s
2025-12-09 04:17:42.151 65567 INFO tempest.lib.common.rest_client [req-7f4e5add-10fa-42c3-8c82-1f328d8a8926 req-7f4e5add-10fa-42c3-8c82-1f328d8a8926 ] Request (AttachInterfacesTestJSON:test_create_list_show_delete_interfaces_by_fixed_ip): 200 GET http://10.180.1.21/compute/v2.1/servers/9155b085-cb36-453b-bcee-91d4e0597b5e/os-interface 2.599s
2025-12-09 04:17:42.198 65529 INFO tempest.lib.common.rest_client [req-d90c851c-050a-4721-986c-c2cb2ef455ef req-d90c851c-050a-4721-986c-c2cb2ef455ef ] Request (ImagesOneServerTestJSON:test_create_image_specify_multibyte_character_image_name): 200 GET http://10.180.1.21/compute/v2.1/images/9d0e9105-ccc9-499d-8620-892c9173fc54 2.623s
2025-12-09 04:17:42.212 65545 INFO tempest.lib.common.rest_client [req-ed6a7cf1-78f3-4aee-9b96-a5218df443e6 req-ed6a7cf1-78f3-4aee-9b96-a5218df443e6 ] Request (FlavorsAdminTestJSON:test_is_public_string_variations): 200 GET http://10.180.1.21/compute/v2.1/flavors/detail?is_public=0 2.635s
2025-12-09 04:17:42.223 65525 INFO tempest.lib.common.rest_client [req-58ad8ea2-fd19-4235-b71f-20c4324f7f77 req-58ad8ea2-fd19-4235-b71f-20c4324f7f77 ] Request (ServerDiagnosticsV248Test:test_get_server_diagnostics): 200 GET http://10.180.1.21/compute/v2.1/servers/548800d9-f313-4d54-8182-fb795d2410da/diagnostics 2.867s
2025-12-09 04:17:42.227 65549 INFO tempest.lib.common.rest_client [req-96279d6f-2198-466a-bad5-89ab44ab5351 req-96279d6f-2198-466a-bad5-89ab44ab5351 ] Request (KeyPairsNegativeTestJSON:test_create_keypair_with_long_keynames): 400 POST http://10.180.1.21/compute/v2.1/os-keypairs 2.611s
2025-12-09 04:17:42.274 65553 INFO tempest.lib.common.rest_client [req-26565571-1ad6-40c5-b480-eb05c434184b req-26565571-1ad6-40c5-b480-eb05c434184b ] Request (AZV2TestJSON:tearDownClass): 204 DELETE http://10.180.1.21/networking/v2.0/security-groups/13ee0af5-a55d-423c-90ef-f595989bf68b 0.125s
2025-12-09 04:17:42.358 65553 INFO tempest.lib.common.rest_client [req-6615da22-edcf-47e9-8cc0-de2d1ab0e046 req-6615da22-edcf-47e9-8cc0-de2d1ab0e046 ] Request (AZV2TestJSON:tearDownClass): 204 DELETE http://10.180.1.21/identity/v3/projects/00d7b9910c4546d5b950beb6ea20af51 0.084s
2025-12-09 04:17:42.462 65553 INFO tempest.lib.common.rest_client [req-2ce0cb58-0eed-4514-983b-12f418faab71 req-2ce0cb58-0eed-4514-983b-12f418faab71 ] Request (ListServersNegativeTestJSON:setUpClass): 201 POST http://10.180.1.21/identity/v3/auth/tokens 0.102s
2025-12-09 04:17:42.496 65553 INFO tempest.lib.common.rest_client [req-3bf2644c-ddbd-454b-b092-e9d6c5851b28 req-3bf2644c-ddbd-454b-b092-e9d6c5851b28 ] Request (ListServersNegativeTestJSON:setUpClass): 201 POST http://10.180.1.21/identity/v3/auth/tokens 0.031s
2025-12-09 04:17:42.499 65583 INFO tempest.lib.common.rest_client [req-a61cd535-3509-4be1-be44-796c54fb838a req-a61cd535-3509-4be1-be44-796c54fb838a ] Request (ServerDiskConfigTestJSON:test_rebuild_server_with_auto_disk_config): 200 GET http://10.180.1.21/compute/v2.1/servers/d104ede0-bb4f-4007-940c-72034d61f861 2.892s
2025-12-09 04:17:42.506 65583 INFO tempest.common.waiters [-] State transition "REBUILD/rebuild_spawning" ==> "ACTIVE/None" after 7 second wait
2025-12-09 04:17:42.522 65553 INFO tempest.lib.common.rest_client [req-65bf6c6e-1ab3-49dc-b8c9-9bf2a9976a16 req-65bf6c6e-1ab3-49dc-b8c9-9bf2a9976a16 ] Request (ListServersNegativeTestJSON:setUpClass): 200 GET http://10.180.1.21/identity/v3/domains?name=Default 0.025s
2025-12-09 04:17:42.525 65585 INFO tempest.lib.common.rest_client [req-26fdb8be-b925-41d6-9350-acd11098a881 req-26fdb8be-b925-41d6-9350-acd11098a881 ] Request (ServerExternalEventsTest:test_create_server_external_events): 200 GET http://10.180.1.21/compute/v2.1/servers/8ebd4d57-a8f6-4db8-b0b8-691d96c663c7 2.853s
2025-12-09 04:17:42.533 65585 INFO tempest.common.waiters [-] State transition "BUILD/networking" ==> "BUILD/spawning" after 16 second wait
2025-12-09 04:17:42.562 65553 INFO tempest.lib.common.rest_client [req-c8fc077c-13c2-4261-aca4-e382c3367056 req-c8fc077c-13c2-4261-aca4-e382c3367056 ] Request (ListServersNegativeTestJSON:setUpClass): 201 POST http://10.180.1.21/identity/v3/projects 0.040s
2025-12-09 04:17:42.623 65553 INFO tempest.lib.common.rest_client [req-9e770355-2b4a-4a21-8b8c-b5b8305a413b req-9e770355-2b4a-4a21-8b8c-b5b8305a413b ] Request (ListServersNegativeTestJSON:setUpClass): 201 POST http://10.180.1.21/identity/v3/users 0.060s
2025-12-09 04:17:42.625 65551 INFO tempest.lib.common.rest_client [req-ac039220-d300-48c0-be77-5dccbce857cd req-ac039220-d300-48c0-be77-5dccbce857cd ] Request (ServerRescueNegativeTestJSON:test_rescued_vm_detach_volume): 201 POST http://10.180.1.21/networking/v2.0/floatingips 0.573s
2025-12-09 04:17:42.648 65553 INFO tempest.lib.common.rest_client [req-24b7258e-b94a-4c87-a7be-526cb0247eff req-24b7258e-b94a-4c87-a7be-526cb0247eff ] Request (ListServersNegativeTestJSON:setUpClass): 200 GET http://10.180.1.21/identity/v3/roles 0.024s
2025-12-09 04:17:42.648 65539 INFO tempest.lib.common.rest_client [req-8f20c1e1-328f-49e7-ace4-3e9b7812de1b req-8f20c1e1-328f-49e7-ace4-3e9b7812de1b ] Request (ServerActionsTestJSON:setUpClass): 200 GET http://10.180.1.21/compute/v2.1/servers/d858b793-5306-40cf-bd3e-d86059c27313 2.741s
2025-12-09 04:17:42.696 65531 INFO tempest.lib.common.rest_client [req-057d5f8b-b81e-4564-8010-94a762a56bb1 req-057d5f8b-b81e-4564-8010-94a762a56bb1 ] Request (AggregatesAdminNegativeTestJSON:_run_cleanups): 200 DELETE http://10.180.1.21/compute/v2.1/os-aggregates/7 2.769s
2025-12-09 04:17:42.703 65553 INFO tempest.lib.common.rest_client [req-9035e783-491f-4e16-aa2e-2a576c83e25f req-9035e783-491f-4e16-aa2e-2a576c83e25f ] Request (ListServersNegativeTestJSON:setUpClass): 204 PUT http://10.180.1.21/identity/v3/projects/5f738e4c41054073920997d88ce48e7f/users/e193ae5a495a439bb92f1f1ca5e53cb4/roles/d2678973a716490e95e47242809af916 0.055s
2025-12-09 04:17:42.704 65553 INFO tempest.lib.common.dynamic_creds [-] Dynamic test user e193ae5a495a439bb92f1f1ca5e53cb4 is created with scope project and roles: ['member']
2025-12-09 04:17:42.704 65553 INFO tempest.lib.common.dynamic_creds [-] Acquired dynamic creds: credentials: Credentials: {'domain_id': 'default', 'domain_name': 'Default', 'username': 'tempest-ListServersNegativeTestJSON-1190994513-project-member', 'project_domain_id': 'default', 'project_domain_name': 'Default', 'project_id': '5f738e4c41054073920997d88ce48e7f', 'project_name': 'tempest-ListServersNegativeTestJSON-1190994513', 'tenant_id': '5f738e4c41054073920997d88ce48e7f', 'tenant_name': 'tempest-ListServersNegativeTestJSON-1190994513', 'user_domain_id': 'default', 'user_domain_name': 'Default', 'user_id': 'e193ae5a495a439bb92f1f1ca5e53cb4', 'system': None}, Network: None, Subnet: None, Router: None
2025-12-09 04:17:42.717 65559 INFO tempest.lib.common.rest_client [req-899d22ee-49ea-4401-bab8-2a44cd69aa7f req-899d22ee-49ea-4401-bab8-2a44cd69aa7f ] Request (ImagesTestJSON:test_create_image_from_suspended_server): 200 GET http://10.180.1.21/compute/v2.1/servers/a9231805-7ef5-415a-a385-4923e3ac14ee 2.975s
2025-12-09 04:17:42.724 65575 INFO tempest.lib.common.rest_client [req-99755f4a-d83c-4e89-bebd-5d72202860a6 req-99755f4a-d83c-4e89-bebd-5d72202860a6 ] Request (DeleteServersAdminTestJSON:test_delete_server_while_in_error_state): 404 GET http://10.180.1.21/compute/v2.1/servers/e3c8a48f-12d1-45af-a4aa-8f4b7441c615 2.686s
2025-12-09 04:17:42.727 65551 INFO tempest.lib.common.rest_client [req-e87f68ed-5906-44aa-a385-2f120fa80319 req-e87f68ed-5906-44aa-a385-2f120fa80319 ] Request (ServerRescueNegativeTestJSON:test_rescued_vm_detach_volume): 201 POST http://10.180.1.21/identity/v3/auth/tokens 0.099s
2025-12-09 04:17:42.728 65551 INFO tempest.lib.common.fixed_network [-] (ServerRescueNegativeTestJSON:test_rescued_vm_detach_volume) Found network {'id': 'a340dadd-ad55-46b9-9f0f-34058574274c', 'name': 'tempest-ServerRescueNegativeTestJSON-956451387-network', 'tenant_id': '3b0b91674ae24d03afd6891e08427225', 'project_id': '3b0b91674ae24d03afd6891e08427225', 'admin_state_up': True, 'mtu': 8950, 'status': 'ACTIVE', 'subnets': [], 'shared': False, 'port_security_enabled': True, 'router:external': False, 'provider:network_type': 'vlan', 'provider:physical_network': 'default', 'provider:segmentation_id': 179, 'availability_zone_hints': [], 'availability_zones': [], 'ipv4_address_scope': None, 'ipv6_address_scope': None, 'description': '', 'tags': [], 'created_at': '2025-12-09T04:15:58Z', 'updated_at': '2025-12-09T04:15:58Z', 'revision_number': 1} available for tenant
2025-12-09 04:17:42.744 65535 INFO tempest.lib.common.rest_client [req-1512e45f-1a45-45ad-a6b9-5c3c3e871d1e req-1512e45f-1a45-45ad-a6b9-5c3c3e871d1e ] Request (ServersAdminNegativeTestJSON:_run_cleanups): 202 DELETE http://10.180.1.21/compute/v2.1/flavors/368384189 2.578s
2025-12-09 04:17:42.794 65553 INFO tempest.lib.common.rest_client [req-0b614448-d216-41c8-a80c-b2646a544f81 req-0b614448-d216-41c8-a80c-b2646a544f81 ] Request (ListServersNegativeTestJSON:setUpClass): 201 POST http://10.180.1.21/identity/v3/auth/tokens 0.089s
2025-12-09 04:17:42.797 65533 INFO tempest.lib.common.rest_client [req-dfa13db8-3367-499d-aa4b-eba50c7b1be6 req-dfa13db8-3367-499d-aa4b-eba50c7b1be6 ] Request (ServersAdminTestJSON:test_list_servers_by_admin): 200 GET http://10.180.1.21/compute/v2.1/servers/detail 2.436s
2025-12-09 04:17:43.150 65553 INFO tempest.lib.common.rest_client [req-52c4b7a7-2b5d-4102-9eb5-2dbd4ad7fea0 req-52c4b7a7-2b5d-4102-9eb5-2dbd4ad7fea0 ] Request (ListServersNegativeTestJSON:setUpClass): 201 POST http://10.180.1.21/networking/v2.0/networks 0.355s
2025-12-09 04:17:43.407 65553 INFO tempest.lib.common.rest_client [req-4d0602b6-0e69-4bb4-95cf-ed1b5c36a114 req-4d0602b6-0e69-4bb4-95cf-ed1b5c36a114 ] Request (ListServersNegativeTestJSON:setUpClass): 201 POST http://10.180.1.21/networking/v2.0/subnets 0.256s
2025-12-09 04:17:43.860 65577 INFO tempest.lib.common.rest_client [req-b9e9d340-0568-4dfc-9fa2-ddd9f0033030 req-b9e9d340-0568-4dfc-9fa2-ddd9f0033030 ] Request (SecurityGroupsTestJSON:test_list_security_groups_by_server): 202 POST http://10.180.1.21/compute/v2.1/servers 3.220s
2025-12-09 04:17:43.989 65557 WARNING tempest.lib.common.ssh [-] Failed to establish authenticated ssh connection to cirros@10.180.180.142 ([Errno None] Unable to connect to port 22 on 10.180.180.142). Number attempts: 2. Retry after 3 seconds.: paramiko.ssh_exception.NoValidConnectionsError: [Errno None] Unable to connect to port 22 on 10.180.180.142
2025-12-09 04:17:44.019 65543 INFO tempest.lib.common.rest_client [req-90e4c63b-af10-42aa-99cd-9219e58be7d1 req-90e4c63b-af10-42aa-99cd-9219e58be7d1 ] Request (FloatingIPsAssociationNegativeTestJSON:_run_cleanups): 202 DELETE http://10.180.1.21/compute/v2.1/os-floating-ips/0996a0fd-23eb-4441-8bfe-ab86b4d7a12f 3.626s
2025-12-09 04:17:44.374 65553 INFO tempest.lib.common.rest_client [req-c33681a8-5887-4d13-89a0-d09470438de6 req-c33681a8-5887-4d13-89a0-d09470438de6 ] Request (ListServersNegativeTestJSON:setUpClass): 201 POST http://10.180.1.21/networking/v2.0/routers 0.966s
2025-12-09 04:17:44.597 65556 INFO tempest.lib.common.rest_client [req-ad808c1e-3456-4a1a-89e6-a65551effe34 req-ad808c1e-3456-4a1a-89e6-a65551effe34 ] Request (SecurityGroupRulesTestJSON:test_security_group_rules_list): 200 POST http://10.180.1.21/compute/v2.1/os-security-group-rules 3.247s
2025-12-09 04:17:45.112 65565 WARNING tempest.lib.common.ssh [-] Failed to establish authenticated ssh connection to cirros@10.180.180.205 ([Errno None] Unable to connect to port 22 on 10.180.180.205). Number attempts: 7. Retry after 8 seconds.: paramiko.ssh_exception.NoValidConnectionsError: [Errno None] Unable to connect to port 22 on 10.180.180.205
2025-12-09 04:17:45.573 65553 INFO tempest.lib.common.rest_client [req-8aba231e-ac8e-4d63-8fa9-bdd55c05dadf req-8aba231e-ac8e-4d63-8fa9-bdd55c05dadf ] Request (ListServersNegativeTestJSON:setUpClass): 200 PUT http://10.180.1.21/networking/v2.0/routers/e379c1c1-91d1-4a0d-a019-81bcda8f4cfd/add_router_interface 1.198s
2025-12-09 04:17:45.573 65553 INFO tempest.lib.common.dynamic_creds [-] Created isolated network resources for: credentials: Credentials: {'domain_id': 'default', 'domain_name': 'Default', 'username': 'tempest-ListServersNegativeTestJSON-1190994513-project-member', 'project_domain_id': 'default', 'project_domain_name': 'Default', 'project_id': '5f738e4c41054073920997d88ce48e7f', 'project_name': 'tempest-ListServersNegativeTestJSON-1190994513', 'tenant_id': '5f738e4c41054073920997d88ce48e7f', 'tenant_name': 'tempest-ListServersNegativeTestJSON-1190994513', 'user_domain_id': 'default', 'user_domain_name': 'Default', 'user_id': 'e193ae5a495a439bb92f1f1ca5e53cb4', 'system': None}, Network: {'id': 'de058a0e-7c9a-43d8-b3f5-1171332d0023', 'name': 'tempest-ListServersNegativeTestJSON-185838102-network', 'tenant_id': '5f738e4c41054073920997d88ce48e7f', 'project_id': '5f738e4c41054073920997d88ce48e7f', 'admin_state_up': True, 'mtu': 8950, 'status': 'ACTIVE', 'subnets': [], 'shared': False, 'port_security_enabled': True, 'router:external': False, 'provider:network_type': 'vlan', 'provider:physical_network': 'default', 'provider:segmentation_id': 645, 'availability_zone_hints': [], 'availability_zones': [], 'ipv4_address_scope': None, 'ipv6_address_scope': None, 'description': '', 'tags': [], 'created_at': '2025-12-09T04:17:43Z', 'updated_at': '2025-12-09T04:17:43Z', 'revision_number': 1}, Subnet: {'id': 'aaedaf49-6a2b-4400-b717-dbf614cb18f4', 'name': 'tempest-ListServersNegativeTestJSON-185838102-subnet', 'tenant_id': '5f738e4c41054073920997d88ce48e7f', 'network_id': 'de058a0e-7c9a-43d8-b3f5-1171332d0023', 'ip_version': 4, 'subnetpool_id': None, 'enable_dhcp': True, 'ipv6_ra_mode': None, 'ipv6_address_mode': None, 'gateway_ip': '192.168.128.1', 'cidr': '192.168.128.0/28', 'allocation_pools': [{'start': '192.168.128.2', 'end': '192.168.128.14'}], 'host_routes': [], 'dns_nameservers': [], 'description': '', 'router:external': False, 'service_types': [], 'tags': [], 'created_at': '2025-12-09T04:17:43Z', 'updated_at': '2025-12-09T04:17:43Z', 'revision_number': 0, 'project_id': '5f738e4c41054073920997d88ce48e7f'}, Router: {'id': 'e379c1c1-91d1-4a0d-a019-81bcda8f4cfd', 'name': 'tempest-ListServersNegativeTestJSON-185838102-router', 'tenant_id': '5f738e4c41054073920997d88ce48e7f', 'admin_state_up': True, 'status': 'ACTIVE', 'external_gateway_info': {'network_id': '562dbb99-c1fc-4329-823e-f0d364a44dbf', 'external_fixed_ips': [{'subnet_id': '410bdb45-52d2-4ffd-a2ac-f1d8d4c2527d', 'ip_address': '10.180.180.243'}], 'enable_snat': True}, 'description': '', 'availability_zones': [], 'distributed': False, 'ha': False, 'availability_zone_hints': [], 'routes': [], 'flavor_id': None, 'tags': [], 'created_at': '2025-12-09T04:17:43Z', 'updated_at': '2025-12-09T04:17:43Z', 'revision_number': 2, 'project_id': '5f738e4c41054073920997d88ce48e7f'}
2025-12-09 04:17:45.673 65553 INFO tempest.lib.common.rest_client [req-78e621c2-1a7e-454c-9f45-cb9ffb50a3ff req-78e621c2-1a7e-454c-9f45-cb9ffb50a3ff ] Request (ListServersNegativeTestJSON:setUpClass): 201 POST http://10.180.1.21/identity/v3/auth/tokens 0.096s
2025-12-09 04:17:45.713 65553 INFO tempest.lib.common.rest_client [req-4be74c7f-d8a2-4966-98ef-8e9f1fed7f65 req-4be74c7f-d8a2-4966-98ef-8e9f1fed7f65 ] Request (ListServersNegativeTestJSON:setUpClass): 201 POST http://10.180.1.21/identity/v3/auth/tokens 0.037s
2025-12-09 04:17:45.714 65553 INFO tempest.lib.common.fixed_network [-] (ListServersNegativeTestJSON:setUpClass) Found network {'id': 'de058a0e-7c9a-43d8-b3f5-1171332d0023', 'name': 'tempest-ListServersNegativeTestJSON-185838102-network', 'tenant_id': '5f738e4c41054073920997d88ce48e7f', 'project_id': '5f738e4c41054073920997d88ce48e7f', 'admin_state_up': True, 'mtu': 8950, 'status': 'ACTIVE', 'subnets': [], 'shared': False, 'port_security_enabled': True, 'router:external': False, 'provider:network_type': 'vlan', 'provider:physical_network': 'default', 'provider:segmentation_id': 645, 'availability_zone_hints': [], 'availability_zones': [], 'ipv4_address_scope': None, 'ipv6_address_scope': None, 'description': '', 'tags': [], 'created_at': '2025-12-09T04:17:43Z', 'updated_at': '2025-12-09T04:17:43Z', 'revision_number': 1} available for tenant
2025-12-09 04:17:45.794 65581 INFO tempest.lib.common.rest_client [req-a4420086-003e-42cc-a669-b98146a57e5f req-a4420086-003e-42cc-a669-b98146a57e5f ] Request (FloatingIPsAssociationTestJSON:setUpClass): 200 POST http://10.180.1.21/compute/v2.1/os-floating-ips 4.561s
2025-12-09 04:17:45.888 65581 INFO tempest.lib.common.rest_client [req-5f6e63c3-bd41-4c24-80bd-93db9098a68c req-5f6e63c3-bd41-4c24-80bd-93db9098a68c ] Request (FloatingIPsAssociationTestJSON:test_associate_already_associated_floating_ip): 201 POST http://10.180.1.21/identity/v3/auth/tokens 0.088s
2025-12-09 04:17:45.888 65581 INFO tempest.lib.common.fixed_network [-] (FloatingIPsAssociationTestJSON:test_associate_already_associated_floating_ip) Found network {'id': '41cb5b33-5379-4966-825f-980fad9e62fc', 'name': 'tempest-FloatingIPsAssociationTestJSON-1954418282-network', 'tenant_id': '94653856d9824e83ba7c6f82ebb28542', 'project_id': '94653856d9824e83ba7c6f82ebb28542', 'admin_state_up': True, 'mtu': 8950, 'status': 'ACTIVE', 'subnets': [], 'shared': False, 'port_security_enabled': True, 'router:external': False, 'provider:network_type': 'vlan', 'provider:physical_network': 'default', 'provider:segmentation_id': 33, 'availability_zone_hints': [], 'availability_zones': [], 'ipv4_address_scope': None, 'ipv6_address_scope': None, 'description': '', 'tags': [], 'created_at': '2025-12-09T04:17:06Z', 'updated_at': '2025-12-09T04:17:06Z', 'revision_number': 1} available for tenant
2025-12-09 04:17:46.184 65541 INFO tempest.lib.common.rest_client [req-4d081b04-5107-4faf-9f27-5af4534baac2 req-4d081b04-5107-4faf-9f27-5af4534baac2 ] Request (FloatingIPsTestJSON:test_delete_floating_ip): 202 DELETE http://10.180.1.21/compute/v2.1/os-floating-ips/77092eb5-06c0-42de-86c2-60cebe3cf682 4.413s
2025-12-09 04:17:46.201 65523 INFO tempest.lib.common.rest_client [req-616b7e98-901a-4ee2-b225-d967ee4df00a req-616b7e98-901a-4ee2-b225-d967ee4df00a ] Request (ServersListShow296Test:test_list_show_update_rebuild_server_296): 200 GET http://10.180.1.21/compute/v2.1/servers/detail 4.294s
2025-12-09 04:17:46.274 65571 INFO tempest.lib.common.rest_client [req-f2e2c125-812e-4615-ae85-28bcb64565b5 req-f2e2c125-812e-4615-ae85-28bcb64565b5 ] Request (InstanceActionsNegativeTestJSON:tearDownClass): 200 GET http://10.180.1.21/compute/v2.1/servers/4ecafa56-6081-4947-a4ed-fe73d2753058 4.303s
2025-12-09 04:17:46.358 65579 INFO tempest.lib.common.rest_client [req-68365598-4dbc-4b6a-aaca-218b6c4ffbfa req-68365598-4dbc-4b6a-aaca-218b6c4ffbfa ] Request (VolumesAssistedSnapshotsTest:test_volume_assisted_snapshot_create_delete): 200 POST http://10.180.1.21/compute/v2.1/os-assisted-volume-snapshots 4.409s
2025-12-09 04:17:46.391 65537 INFO tempest.lib.common.rest_client [req-14965831-a264-45a4-b28f-f4b2c44f156e req-14965831-a264-45a4-b28f-f4b2c44f156e ] Request (TenantUsagesTestJSON:tearDownClass): 200 GET http://10.180.1.21/compute/v2.1/servers/bdf0181a-0bb8-4ac7-90e0-b0e677cda07b 4.382s
2025-12-09 04:17:46.400 65537 INFO tempest.common.waiters [-] State transition "ACTIVE/deleting" ==> "DELETED/None" after 5 second wait
2025-12-09 04:17:46.427 65545 INFO tempest.lib.common.rest_client [req-39808b64-4340-4091-b0a9-a31c24cff969 req-39808b64-4340-4091-b0a9-a31c24cff969 ] Request (FlavorsAdminTestJSON:test_is_public_string_variations): 200 GET http://10.180.1.21/compute/v2.1/flavors/detail?is_public=t 4.213s
2025-12-09 04:17:46.477 65549 INFO tempest.lib.common.rest_client [req-d0064dd4-caa5-4bec-b140-2c829b9cb277 req-d0064dd4-caa5-4bec-b140-2c829b9cb277 ] Request (KeyPairsNegativeTestJSON:test_keypair_create_with_invalid_pub_key): 400 POST http://10.180.1.21/compute/v2.1/os-keypairs 4.245s
2025-12-09 04:17:46.509 65527 INFO tempest.lib.common.rest_client [req-cbfe627c-3b63-4d65-9721-e71d0b43c0af req-cbfe627c-3b63-4d65-9721-e71d0b43c0af ] Request (ServerPasswordTestJSON:setUpClass): 200 GET http://10.180.1.21/compute/v2.1/servers/d8007e0e-6e29-43f9-84a9-b1e4e6f5aa6e 4.454s
2025-12-09 04:17:46.518 65527 INFO tempest.common.waiters [-] State transition "BUILD/None" ==> "BUILD/networking" after 14 second wait
2025-12-09 04:17:46.581 65525 INFO tempest.lib.common.rest_client [req-fcbb5f26-83ac-4d11-8b27-44c7ffd0d039 req-fcbb5f26-83ac-4d11-8b27-44c7ffd0d039 ] Request (ServerDiagnosticsV248Test:tearDownClass): 204 DELETE http://10.180.1.21/compute/v2.1/servers/548800d9-f313-4d54-8182-fb795d2410da 4.347s
2025-12-09 04:17:46.633 65583 INFO tempest.lib.common.rest_client [req-af1c3cda-c3ef-4593-bc5d-cdbfa17358eb req-af1c3cda-c3ef-4593-bc5d-cdbfa17358eb ] Request (ServerDiskConfigTestJSON:test_rebuild_server_with_auto_disk_config): 200 GET http://10.180.1.21/compute/v2.1/servers/d104ede0-bb4f-4007-940c-72034d61f861 4.126s
2025-12-09 04:17:46.659 65531 INFO tempest.lib.common.rest_client [req-5abd2ae2-1866-466c-8aff-b8d3fd1e800d req-5abd2ae2-1866-466c-8aff-b8d3fd1e800d ] Request (AggregatesAdminNegativeTestJSON:test_aggregate_remove_nonexistent_host): 200 POST http://10.180.1.21/compute/v2.1/os-aggregates 3.961s
2025-12-09 04:17:46.676 65575 INFO tempest.lib.common.rest_client [req-1f3814d8-9f71-4229-a92e-83165ed7207c req-1f3814d8-9f71-4229-a92e-83165ed7207c ] Request (DeleteServersAdminTestJSON:tearDownClass): 404 DELETE http://10.180.1.21/compute/v2.1/servers/e3c8a48f-12d1-45af-a4aa-8f4b7441c615 3.951s
2025-12-09 04:17:46.777 65569 INFO tempest.lib.common.rest_client [req-2ed26d1b-5673-42ed-b76c-2f1e5ed5dfd7 req-2ed26d1b-5673-42ed-b76c-2f1e5ed5dfd7 ] Request (ServersTestManualDisk:setUpClass): 200 GET http://10.180.1.21/compute/v2.1/servers/a6904497-1d9b-42ba-8cd0-7a558d64410b 4.213s
2025-12-09 04:17:46.784 65569 INFO tempest.common.waiters [-] State transition "BUILD/spawning" ==> "ACTIVE/None" after 21 second wait
2025-12-09 04:17:47.247 65559 INFO tempest.lib.common.rest_client [req-6c72edc1-5592-4fe3-b898-a8750bde8c9e req-6c72edc1-5592-4fe3-b898-a8750bde8c9e ] Request (ImagesTestJSON:test_create_image_from_suspended_server): 202 POST http://10.180.1.21/compute/v2.1/servers/a9231805-7ef5-415a-a385-4923e3ac14ee/action 4.519s
2025-12-09 04:17:47.274 65535 INFO tempest.lib.common.rest_client [req-8db90f9f-454d-499a-87db-5eff68ca110b req-8db90f9f-454d-499a-87db-5eff68ca110b ] Request (ServersAdminNegativeTestJSON:_run_cleanups): 200 GET http://10.180.1.21/compute/v2.1/flavors/detail 4.529s
2025-12-09 04:17:47.495 65557 WARNING tempest.lib.common.ssh [-] Failed to establish authenticated ssh connection to cirros@10.180.180.142 ([Errno None] Unable to connect to port 22 on 10.180.180.142). Number attempts: 3. Retry after 4 seconds.: paramiko.ssh_exception.NoValidConnectionsError: [Errno None] Unable to connect to port 22 on 10.180.180.142
2025-12-09 04:17:47.601 65551 INFO tempest.lib.common.rest_client [req-5a872d71-903e-4eb7-a41c-aa16425d4871 req-5a872d71-903e-4eb7-a41c-aa16425d4871 ] Request (ServerRescueNegativeTestJSON:test_rescued_vm_detach_volume): 202 POST http://10.180.1.21/compute/v2.1/servers 4.869s
2025-12-09 04:17:47.729 65561 INFO tempest.lib.common.rest_client [req-14721d91-12e8-43ce-a056-b4c750c9e452 req-14721d91-12e8-43ce-a056-b4c750c9e452 ] Request (ServersTestMultiNic:test_verify_duplicate_network_nics): 200 GET http://10.180.1.21/compute/v2.1/servers/a1d07c36-1f33-4387-86d7-057c5ec7efc2 4.756s
2025-12-09 04:17:47.784 65533 INFO tempest.lib.common.rest_client [req-e9f16bfe-20c0-4ca2-9f7c-101a07917660 req-e9f16bfe-20c0-4ca2-9f7c-101a07917660 ] Request (ServersAdminTestJSON:test_list_servers_by_admin_with_all_tenants): 200 GET http://10.180.1.21/compute/v2.1/servers/detail?all_tenants= 4.978s
2025-12-09 04:17:47.809 65533 WARNING tempest.lib.common.rest_client [-] Deprecated: "tenant_id" property is deprecated for removal, use "project_id" instead
2025-12-09 04:17:47.839 65529 INFO tempest.lib.common.rest_client [req-807b8ceb-61c4-41f8-921f-f9f00188d75c req-807b8ceb-61c4-41f8-921f-f9f00188d75c ] Request (ImagesOneServerTestJSON:test_create_image_specify_multibyte_character_image_name): 200 GET http://10.180.1.21/compute/v2.1/images/9d0e9105-ccc9-499d-8620-892c9173fc54 4.635s
2025-12-09 04:17:47.871 65567 INFO tempest.lib.common.rest_client [req-4bb04a8a-da74-4931-813b-e52bddb839fe req-4bb04a8a-da74-4931-813b-e52bddb839fe ] Request (AttachInterfacesTestJSON:test_create_list_show_delete_interfaces_by_fixed_ip): 200 GET http://10.180.1.21/compute/v2.1/servers/9155b085-cb36-453b-bcee-91d4e0597b5e/os-interface 4.713s
2025-12-09 04:17:47.915 65567 INFO tempest.lib.common.rest_client [req-cdd9177f-aff3-4205-a268-908796733eb1 req-cdd9177f-aff3-4205-a268-908796733eb1 ] Request (AttachInterfacesTestJSON:_run_cleanups): 404 DELETE http://10.180.1.21/networking/v2.0/ports/1f8b9851-2e93-45b3-9bb1-9a2a8c5a0a79 0.040s
2025-12-09 04:17:48.123 65585 INFO tempest.lib.common.rest_client [req-6e408c4a-2dc5-4aca-9111-cf051ce55cb9 req-6e408c4a-2dc5-4aca-9111-cf051ce55cb9 ] Request (ServerExternalEventsTest:test_create_server_external_events): 200 GET http://10.180.1.21/compute/v2.1/servers/8ebd4d57-a8f6-4db8-b0b8-691d96c663c7 4.589s
2025-12-09 04:17:48.205 65539 INFO tempest.lib.common.rest_client [req-4a0799c1-5e09-431e-974b-129c2194ccac req-4a0799c1-5e09-431e-974b-129c2194ccac ] Request (ServerActionsTestJSON:setUpClass): 200 GET http://10.180.1.21/compute/v2.1/servers/d858b793-5306-40cf-bd3e-d86059c27313 4.548s
2025-12-09 04:17:48.212 65539 INFO tempest.common.waiters [-] State transition "BUILD/None" ==> "BUILD/spawning" after 17 second wait
2025-12-09 04:17:48.238 65577 INFO tempest.lib.common.rest_client [req-ffc2ad5c-68a4-4ba1-927c-b2377ea1984f req-ffc2ad5c-68a4-4ba1-927c-b2377ea1984f ] Request (SecurityGroupsTestJSON:test_list_security_groups_by_server): 200 GET http://10.180.1.21/compute/v2.1/servers/f0d1072c-8ece-4e87-8168-7ec4d77dedfa 4.374s
2025-12-09 04:17:48.241 65543 INFO tempest.lib.common.rest_client [req-0f78fd11-c5f8-4f93-9cf9-26a5724685d2 req-0f78fd11-c5f8-4f93-9cf9-26a5724685d2 ] Request (FloatingIPsAssociationNegativeTestJSON:test_associate_ip_to_server_without_passing_floating_ip): 400 POST http://10.180.1.21/compute/v2.1/servers/2223debf-2a99-4a00-a86d-79425b3f7126/action 4.219s
2025-12-09 04:17:48.493 65556 INFO tempest.lib.common.rest_client [req-e29bf718-d113-494a-970b-d97a622d1854 req-e29bf718-d113-494a-970b-d97a622d1854 ] Request (SecurityGroupRulesTestJSON:test_security_group_rules_list): 200 POST http://10.180.1.21/compute/v2.1/os-security-group-rules 3.892s
2025-12-09 04:17:48.975 65553 INFO tempest.lib.common.rest_client [req-d552ab6b-4edb-4db8-b658-42ea07c43468 req-d552ab6b-4edb-4db8-b658-42ea07c43468 ] Request (ListServersNegativeTestJSON:setUpClass): 202 POST http://10.180.1.21/compute/v2.1/servers 3.260s
2025-12-09 04:17:49.004 65581 INFO tempest.lib.common.rest_client [req-19bddca7-68ba-4235-891a-ee154d034f0a req-19bddca7-68ba-4235-891a-ee154d034f0a ] Request (FloatingIPsAssociationTestJSON:test_associate_already_associated_floating_ip): 202 POST http://10.180.1.21/compute/v2.1/servers 3.115s
2025-12-09 04:17:49.012 65541 INFO tempest.lib.common.rest_client [req-7324974c-56a3-4870-aa59-65b9e44bbc31 req-7324974c-56a3-4870-aa59-65b9e44bbc31 ] Request (FloatingIPsTestJSON:test_delete_floating_ip): 404 GET http://10.180.1.21/compute/v2.1/os-floating-ips/77092eb5-06c0-42de-86c2-60cebe3cf682 2.828s
2025-12-09 04:17:49.043 65579 INFO tempest.lib.common.rest_client [req-a74ef7e2-d038-4433-a895-14cabfc67ded req-a74ef7e2-d038-4433-a895-14cabfc67ded ] Request (VolumesAssistedSnapshotsTest:test_volume_assisted_snapshot_create_delete): 204 DELETE http://10.180.1.21/compute/v2.1/os-assisted-volume-snapshots/None?delete_info=%7B%22volume_id%22%3A+%2257c3d4fb-10ad-4de5-b787-2dea7ad4bf8e%22%7D 2.685s
2025-12-09 04:17:49.079 65545 INFO tempest.lib.common.rest_client [req-a126944f-c255-4683-b402-8cd2adf80e7e req-a126944f-c255-4683-b402-8cd2adf80e7e ] Request (FlavorsAdminTestJSON:test_is_public_string_variations): 200 GET http://10.180.1.21/compute/v2.1/flavors/detail?is_public=true 2.645s
2025-12-09 04:17:49.099 65579 INFO tempest.lib.common.rest_client [req-74f7fe5f-9cb4-41a2-b064-967fefe464a9 req-74f7fe5f-9cb4-41a2-b064-967fefe464a9 ] Request (VolumesAssistedSnapshotsTest:_run_cleanups): 200 GET http://10.180.1.21/volume/v3/volumes/57c3d4fb-10ad-4de5-b787-2dea7ad4bf8e 0.055s
2025-12-09 04:17:49.100 65549 INFO tempest.lib.common.rest_client [req-635b7a2c-7b29-475e-97ef-ef20af0e81e9 req-635b7a2c-7b29-475e-97ef-ef20af0e81e9 ] Request (KeyPairsNegativeTestJSON:test_keypair_delete_nonexistent_key): 404 DELETE http://10.180.1.21/compute/v2.1/os-keypairs/tempest-keypair-non-existent-335155157 2.622s
2025-12-09 04:17:49.141 65523 INFO tempest.lib.common.rest_client [req-c5f931f2-8704-431e-a7c4-2bd874aa955e req-c5f931f2-8704-431e-a7c4-2bd874aa955e ] Request (ServersListShow296Test:test_list_show_update_rebuild_server_296): 200 GET http://10.180.1.21/compute/v2.1/servers/b99955ca-a62f-40ea-80b2-c171b764174e 2.920s
2025-12-09 04:17:49.168 65525 INFO tempest.lib.common.rest_client [req-429f5955-4ffa-466c-80d4-94585275f870 req-429f5955-4ffa-466c-80d4-94585275f870 ] Request (ServerDiagnosticsV248Test:tearDownClass): 200 GET http://10.180.1.21/compute/v2.1/servers/548800d9-f313-4d54-8182-fb795d2410da 2.587s
2025-12-09 04:17:49.206 65531 INFO tempest.lib.common.rest_client [req-7bb7ffff-8020-4215-974a-3c4bcc6e6d60 req-7bb7ffff-8020-4215-974a-3c4bcc6e6d60 ] Request (AggregatesAdminNegativeTestJSON:test_aggregate_remove_nonexistent_host): 404 POST http://10.180.1.21/compute/v2.1/os-aggregates/8/action 2.544s
2025-12-09 04:17:49.232 65575 INFO tempest.lib.common.rest_client [req-b722bdbd-3125-45d4-a87b-e040f73e8c07 req-b722bdbd-3125-45d4-a87b-e040f73e8c07 ] Request (DeleteServersAdminTestJSON:tearDownClass): 404 GET http://10.180.1.21/compute/v2.1/servers/e3c8a48f-12d1-45af-a4aa-8f4b7441c615 2.555s
2025-12-09 04:17:49.274 65549 INFO tempest.lib.common.rest_client [req-cba0b0be-b96b-4165-a5ba-3ae76542d504 req-cba0b0be-b96b-4165-a5ba-3ae76542d504 ] Request (KeyPairsNegativeTestJSON:tearDownClass): 204 DELETE http://10.180.1.21/identity/v3/users/d037edb9b2974b55a91a06aa6218a9de 0.172s
2025-12-09 04:17:49.274 65549 INFO tempest.lib.common.dynamic_creds [-] Deleting project and security group for project: 7d6bbedca31c4eff929ba52ffcd81065
2025-12-09 04:17:49.305 65573 WARNING tempest.lib.common.ssh [-] Failed to establish authenticated ssh connection to cirros@10.180.180.225 ([Errno None] Unable to connect to port 22 on 10.180.180.225). Number attempts: 7. Retry after 8 seconds.: paramiko.ssh_exception.NoValidConnectionsError: [Errno None] Unable to connect to port 22 on 10.180.180.225
2025-12-09 04:17:49.326 65583 INFO tempest.lib.common.rest_client [req-f159d17d-6877-41f4-b715-cf1c0af92a4e req-f159d17d-6877-41f4-b715-cf1c0af92a4e ] Request (ServerDiskConfigTestJSON:_run_cleanups): 204 DELETE http://10.180.1.21/compute/v2.1/servers/d104ede0-bb4f-4007-940c-72034d61f861 2.683s
2025-12-09 04:17:49.397 65559 INFO tempest.lib.common.rest_client [req-8ccf08b0-280f-441f-ace7-d70a028d92d2 req-8ccf08b0-280f-441f-ace7-d70a028d92d2 ] Request (ImagesTestJSON:test_create_image_from_suspended_server): 200 GET http://10.180.1.21/compute/v2.1/images/9242b15f-cc01-44e3-b030-92731b3332bc 2.147s
2025-12-09 04:17:49.408 65583 INFO tempest.lib.common.rest_client [req-5c417480-1f16-4e5e-8b27-0101fb2086a3 req-5c417480-1f16-4e5e-8b27-0101fb2086a3 ] Request (ServerDiskConfigTestJSON:test_rebuild_server_with_manual_disk_config): 201 POST http://10.180.1.21/identity/v3/auth/tokens 0.074s
2025-12-09 04:17:49.408 65583 INFO tempest.lib.common.fixed_network [-] (ServerDiskConfigTestJSON:test_rebuild_server_with_manual_disk_config) Found network {'id': '97d0fb8f-d09d-4c02-905d-46d4c227255f', 'name': 'tempest-ServerDiskConfigTestJSON-1763139749-network', 'tenant_id': '7835e6275ae744e89830bcc2df65a941', 'project_id': '7835e6275ae744e89830bcc2df65a941', 'admin_state_up': True, 'mtu': 8950, 'status': 'ACTIVE', 'subnets': [], 'shared': False, 'port_security_enabled': True, 'router:external': False, 'provider:network_type': 'vlan', 'provider:physical_network': 'default', 'provider:segmentation_id': 893, 'availability_zone_hints': [], 'availability_zones': [], 'ipv4_address_scope': None, 'ipv6_address_scope': None, 'description': '', 'tags': [], 'created_at': '2025-12-09T04:16:45Z', 'updated_at': '2025-12-09T04:16:45Z', 'revision_number': 1} available for tenant
2025-12-09 04:17:49.421 65569 INFO tempest.lib.common.rest_client [req-8e8e357f-86b6-4bdf-a15f-f166129c85b0 req-8e8e357f-86b6-4bdf-a15f-f166129c85b0 ] Request (ServersTestManualDisk:setUpClass): 200 GET http://10.180.1.21/compute/v2.1/servers/a6904497-1d9b-42ba-8cd0-7a558d64410b/os-interface 2.636s
2025-12-09 04:17:49.431 65549 INFO tempest.lib.common.rest_client [req-7011b3a9-0298-40e6-aa7a-ab638d4436e5 req-7011b3a9-0298-40e6-aa7a-ab638d4436e5 ] Request (KeyPairsNegativeTestJSON:tearDownClass): 201 POST http://10.180.1.21/identity/v3/auth/tokens 0.156s
2025-12-09 04:17:49.446 65571 INFO tempest.lib.common.rest_client [req-9ffd5d5e-4e99-48e6-842a-8ba39965417b req-9ffd5d5e-4e99-48e6-842a-8ba39965417b ] Request (InstanceActionsNegativeTestJSON:tearDownClass): 404 GET http://10.180.1.21/compute/v2.1/servers/4ecafa56-6081-4947-a4ed-fe73d2753058 2.162s
2025-12-09 04:17:49.567 65535 INFO tempest.lib.common.rest_client [req-b7c31980-c08e-4a40-8276-adbc80f4ccb2 req-b7c31980-c08e-4a40-8276-adbc80f4ccb2 ] Request (ServersAdminNegativeTestJSON:test_resize_server_using_overlimit_vcpus): 200 GET http://10.180.1.21/compute/v2.1/os-quota-sets/b2fc3ca994ec45ee810c20e5806270fa 2.287s
2025-12-09 04:17:49.671 65549 INFO tempest.lib.common.rest_client [req-94229293-5b03-4dcb-b9f3-b90dab4f6e9c req-94229293-5b03-4dcb-b9f3-b90dab4f6e9c ] Request (KeyPairsNegativeTestJSON:tearDownClass): 200 GET http://10.180.1.21/networking/v2.0/security-groups?tenant_id=7d6bbedca31c4eff929ba52ffcd81065&name=default 0.240s
2025-12-09 04:17:50.201 65569 INFO tempest.lib.common.rest_client [req-ad83d972-508f-4d24-93b5-75e5fcbc8b74 req-ad83d972-508f-4d24-93b5-75e5fcbc8b74 ] Request (ServersTestManualDisk:setUpClass): 200 PUT http://10.180.1.21/networking/v2.0/floatingips/66de9167-7b11-4549-a5a3-58cb51a8a6e3 0.777s
2025-12-09 04:17:50.228 65537 INFO tempest.lib.common.rest_client [req-81807bff-0b11-44d7-bc86-8dff5d1f634f req-81807bff-0b11-44d7-bc86-8dff5d1f634f ] Request (TenantUsagesTestJSON:tearDownClass): 200 GET http://10.180.1.21/compute/v2.1/servers/bdf0181a-0bb8-4ac7-90e0-b0e677cda07b 2.827s
2025-12-09 04:17:50.514 65549 INFO tempest.lib.common.rest_client [req-7afec5b6-be6b-4056-bc3b-ab693cb1263e req-7afec5b6-be6b-4056-bc3b-ab693cb1263e ] Request (KeyPairsNegativeTestJSON:tearDownClass): 204 DELETE http://10.180.1.21/networking/v2.0/security-groups/bab2cd93-d6b5-48ac-9e3f-37df4c2a6902 0.842s
2025-12-09 04:17:50.582 65551 INFO tempest.lib.common.rest_client [req-7faa5921-bb78-488f-8266-96416e668093 req-7faa5921-bb78-488f-8266-96416e668093 ] Request (ServerRescueNegativeTestJSON:test_rescued_vm_detach_volume): 200 GET http://10.180.1.21/compute/v2.1/servers/a6946123-d912-462b-aff3-169cafb0676b 2.978s
2025-12-09 04:17:50.615 65527 INFO tempest.lib.common.rest_client [req-b59a94a0-da22-4986-8612-599808e5d5db req-b59a94a0-da22-4986-8612-599808e5d5db ] Request (ServerPasswordTestJSON:setUpClass): 200 GET http://10.180.1.21/compute/v2.1/servers/d8007e0e-6e29-43f9-84a9-b1e4e6f5aa6e 3.096s
2025-12-09 04:17:50.626 65527 INFO tempest.common.waiters [-] State transition "BUILD/networking" ==> "BUILD/spawning" after 18 second wait
2025-12-09 04:17:50.628 65549 INFO tempest.lib.common.rest_client [req-a1e818f0-bb16-4463-996a-6736d6ba7bce req-a1e818f0-bb16-4463-996a-6736d6ba7bce ] Request (KeyPairsNegativeTestJSON:tearDownClass): 204 DELETE http://10.180.1.21/identity/v3/projects/7d6bbedca31c4eff929ba52ffcd81065 0.113s
2025-12-09 04:17:50.656 65533 INFO tempest.lib.common.rest_client [req-6a71970d-6c8d-46be-a3fb-b61bf057afed req-6a71970d-6c8d-46be-a3fb-b61bf057afed ] Request (ServersAdminTestJSON:test_list_servers_by_admin_with_specified_tenant): 200 GET http://10.180.1.21/compute/v2.1/servers/detail?tenant_id=2ef8cb8d4c8d45ff951e6e470ff3a6fb 2.847s
2025-12-09 04:17:50.686 65571 INFO tempest.lib.common.rest_client [req-6aae0259-61ef-42e2-9714-30c20b1b949f req-6aae0259-61ef-42e2-9714-30c20b1b949f ] Request (InstanceActionsNegativeTestJSON:tearDownClass): 200 PUT http://10.180.1.21/networking/v2.0/routers/a5a580d6-545c-49c7-9f94-62d708c3d1f3/remove_router_interface 1.239s
2025-12-09 04:17:50.736 65549 INFO tempest.lib.common.rest_client [req-afac9481-f099-4858-8ba8-d20a39e6cb0d req-afac9481-f099-4858-8ba8-d20a39e6cb0d ] Request (KeyPairsV22TestJSON:setUpClass): 201 POST http://10.180.1.21/identity/v3/auth/tokens 0.106s
2025-12-09 04:17:50.772 65567 INFO tempest.lib.common.rest_client [req-f5c81e51-0358-4169-87fb-8cef2e3c517f req-f5c81e51-0358-4169-87fb-8cef2e3c517f ] Request (AttachInterfacesTestJSON:_run_cleanups): 204 DELETE http://10.180.1.21/compute/v2.1/servers/9155b085-cb36-453b-bcee-91d4e0597b5e 2.857s
2025-12-09 04:17:50.806 65549 INFO tempest.lib.common.rest_client [req-5bc1e82d-8a42-4257-bb62-46f1855fc50c req-5bc1e82d-8a42-4257-bb62-46f1855fc50c ] Request (KeyPairsV22TestJSON:setUpClass): 201 POST http://10.180.1.21/identity/v3/auth/tokens 0.064s
2025-12-09 04:17:50.842 65549 INFO tempest.lib.common.rest_client [req-2ad99ae5-fb08-42f1-9203-bb33ad5eaa31 req-2ad99ae5-fb08-42f1-9203-bb33ad5eaa31 ] Request (KeyPairsV22TestJSON:setUpClass): 200 GET http://10.180.1.21/identity/v3/domains?name=Default 0.035s
2025-12-09 04:17:50.880 65549 INFO tempest.lib.common.rest_client [req-db241f1e-e3d2-4f80-9475-d2e604eb2603 req-db241f1e-e3d2-4f80-9475-d2e604eb2603 ] Request (KeyPairsV22TestJSON:setUpClass): 201 POST http://10.180.1.21/identity/v3/projects 0.037s
2025-12-09 04:17:50.919 65556 INFO tempest.lib.common.rest_client [req-a895d44b-6cfd-41ef-bdec-0700560f438d req-a895d44b-6cfd-41ef-bdec-0700560f438d ] Request (SecurityGroupRulesTestJSON:test_security_group_rules_list): 200 GET http://10.180.1.21/compute/v2.1/os-security-groups/f4fd2d69-7055-48e7-906b-8fa8ec6d974d 2.423s
2025-12-09 04:17:50.938 65543 INFO tempest.lib.common.rest_client [req-2639b9d0-5d55-43b9-8bda-e54933c86f95 req-2639b9d0-5d55-43b9-8bda-e54933c86f95 ] Request (FloatingIPsAssociationNegativeTestJSON:test_associate_nonexistent_floating_ip): 404 POST http://10.180.1.21/compute/v2.1/servers/2223debf-2a99-4a00-a86d-79425b3f7126/action 2.696s
2025-12-09 04:17:50.992 65549 INFO tempest.lib.common.rest_client [req-e74a6423-0c33-4d36-869c-71672f84449f req-e74a6423-0c33-4d36-869c-71672f84449f ] Request (KeyPairsV22TestJSON:setUpClass): 201 POST http://10.180.1.21/identity/v3/users 0.111s
2025-12-09 04:17:51.014 65529 INFO tempest.lib.common.rest_client [req-2eeb0413-a999-446b-bd68-26893c7185b7 req-2eeb0413-a999-446b-bd68-26893c7185b7 ] Request (ImagesOneServerTestJSON:test_create_image_specify_multibyte_character_image_name): 200 GET http://10.180.1.21/compute/v2.1/images/9d0e9105-ccc9-499d-8620-892c9173fc54 2.169s
2025-12-09 04:17:51.024 65549 INFO tempest.lib.common.rest_client [req-88fc188c-cc28-4157-836f-923457c4c870 req-88fc188c-cc28-4157-836f-923457c4c870 ] Request (KeyPairsV22TestJSON:setUpClass): 200 GET http://10.180.1.21/identity/v3/roles 0.032s
2025-12-09 04:17:51.040 65561 INFO tempest.lib.common.rest_client [req-069e3528-b181-4282-ad9e-08fe5d68cc85 req-069e3528-b181-4282-ad9e-08fe5d68cc85 ] Request (ServersTestMultiNic:test_verify_duplicate_network_nics): 200 GET http://10.180.1.21/compute/v2.1/servers/a1d07c36-1f33-4387-86d7-057c5ec7efc2 2.302s
2025-12-09 04:17:51.068 65549 INFO tempest.lib.common.rest_client [req-a4cc5fd8-64b4-4eb2-8157-8cf686e26fdc req-a4cc5fd8-64b4-4eb2-8157-8cf686e26fdc ] Request (KeyPairsV22TestJSON:setUpClass): 204 PUT http://10.180.1.21/identity/v3/projects/cf2975dd5e074accb42e47048dbdbba5/users/c2f41c64fa0a490d906120bdf3315d5f/roles/d2678973a716490e95e47242809af916 0.043s
2025-12-09 04:17:51.068 65549 INFO tempest.lib.common.dynamic_creds [-] Dynamic test user c2f41c64fa0a490d906120bdf3315d5f is created with scope project and roles: ['member']
2025-12-09 04:17:51.068 65549 INFO tempest.lib.common.dynamic_creds [-] Acquired dynamic creds: credentials: Credentials: {'domain_id': 'default', 'domain_name': 'Default', 'username': 'tempest-KeyPairsV22TestJSON-235890685-project-member', 'project_domain_id': 'default', 'project_domain_name': 'Default', 'project_id': 'cf2975dd5e074accb42e47048dbdbba5', 'project_name': 'tempest-KeyPairsV22TestJSON-235890685', 'tenant_id': 'cf2975dd5e074accb42e47048dbdbba5', 'tenant_name': 'tempest-KeyPairsV22TestJSON-235890685', 'user_domain_id': 'default', 'user_domain_name': 'Default', 'user_id': 'c2f41c64fa0a490d906120bdf3315d5f', 'system': None}, Network: None, Subnet: None, Router: None
2025-12-09 04:17:51.068 65549 INFO tempest.lib.common.dynamic_creds [-] Created isolated network resources for: credentials: Credentials: {'domain_id': 'default', 'domain_name': 'Default', 'username': 'tempest-KeyPairsV22TestJSON-235890685-project-member', 'project_domain_id': 'default', 'project_domain_name': 'Default', 'project_id': 'cf2975dd5e074accb42e47048dbdbba5', 'project_name': 'tempest-KeyPairsV22TestJSON-235890685', 'tenant_id': 'cf2975dd5e074accb42e47048dbdbba5', 'tenant_name': 'tempest-KeyPairsV22TestJSON-235890685', 'user_domain_id': 'default', 'user_domain_name': 'Default', 'user_id': 'c2f41c64fa0a490d906120bdf3315d5f', 'system': None}, Network: None, Subnet: None, Router: None
2025-12-09 04:17:51.119 65581 INFO tempest.lib.common.rest_client [req-c9742acc-88c8-4616-8fd3-747b88967197 req-c9742acc-88c8-4616-8fd3-747b88967197 ] Request (FloatingIPsAssociationTestJSON:test_associate_already_associated_floating_ip): 200 GET http://10.180.1.21/compute/v2.1/servers/b0d0eaad-3012-4594-b975-afefda68dde7 2.112s
2025-12-09 04:17:51.158 65541 INFO tempest.lib.common.rest_client [req-746b874f-04b8-428e-9a4e-4323cbaffd86 req-746b874f-04b8-428e-9a4e-4323cbaffd86 ] Request (FloatingIPsTestJSON:_run_cleanups): 404 DELETE http://10.180.1.21/compute/v2.1/os-floating-ips/77092eb5-06c0-42de-86c2-60cebe3cf682 2.145s
2025-12-09 04:17:51.185 65549 INFO tempest.lib.common.rest_client [req-4a85b643-1de1-4e7d-b761-7f5479a8ab9d req-4a85b643-1de1-4e7d-b761-7f5479a8ab9d ] Request (KeyPairsV22TestJSON:setUpClass): 201 POST http://10.180.1.21/identity/v3/auth/tokens 0.113s
2025-12-09 04:17:51.194 65545 INFO tempest.lib.common.rest_client [req-6cd3479b-162a-40d2-9a3c-efaf730b5961 req-6cd3479b-162a-40d2-9a3c-efaf730b5961 ] Request (FlavorsAdminTestJSON:test_is_public_string_variations): 200 GET http://10.180.1.21/compute/v2.1/flavors/detail?is_public=yes 2.109s
2025-12-09 04:17:51.283 65571 INFO tempest.lib.common.rest_client [req-c27d9b70-a2b7-446f-b5a9-6882f19d05c9 req-c27d9b70-a2b7-446f-b5a9-6882f19d05c9 ] Request (InstanceActionsNegativeTestJSON:tearDownClass): 204 DELETE http://10.180.1.21/networking/v2.0/routers/a5a580d6-545c-49c7-9f94-62d708c3d1f3 0.597s
2025-12-09 04:17:51.382 65553 INFO tempest.lib.common.rest_client [req-214e93dc-c399-46ff-8aee-9328ecfb774b req-214e93dc-c399-46ff-8aee-9328ecfb774b ] Request (ListServersNegativeTestJSON:setUpClass): 200 GET http://10.180.1.21/compute/v2.1/servers 2.404s
2025-12-09 04:17:51.417 65579 INFO tempest.lib.common.rest_client [req-60b58862-592a-4695-8cda-4899c14c9f0c req-60b58862-592a-4695-8cda-4899c14c9f0c ] Request (VolumesAssistedSnapshotsTest:_run_cleanups): 202 DELETE http://10.180.1.21/compute/v2.1/servers/89847060-f115-4663-b966-0c4589393a00/os-volume_attachments/57c3d4fb-10ad-4de5-b787-2dea7ad4bf8e 2.307s
2025-12-09 04:17:51.435 65571 INFO tempest.lib.common.rest_client [req-ed25e483-6aa1-4b4e-a027-082ac31d7f30 req-ed25e483-6aa1-4b4e-a027-082ac31d7f30 ] Request (InstanceActionsNegativeTestJSON:tearDownClass): 204 DELETE http://10.180.1.21/networking/v2.0/subnets/52798f06-6b3f-4ca9-a40e-c604e4b8ff38 0.151s
2025-12-09 04:17:51.734 65571 INFO tempest.lib.common.rest_client [req-55136dce-a836-4600-b27e-d2f22fa3bf8b req-55136dce-a836-4600-b27e-d2f22fa3bf8b ] Request (InstanceActionsNegativeTestJSON:tearDownClass): 204 DELETE http://10.180.1.21/networking/v2.0/networks/cd8cc603-bfce-4c18-ba2a-c0095c086423 0.298s
2025-12-09 04:17:51.848 65523 INFO tempest.lib.common.rest_client [req-22c5334d-9709-45ee-93ef-41634510ede9 req-22c5334d-9709-45ee-93ef-41634510ede9 ] Request (ServersListShow296Test:test_list_show_update_rebuild_server_296): 200 PUT http://10.180.1.21/compute/v2.1/servers/b99955ca-a62f-40ea-80b2-c171b764174e 2.693s
