2025-12-12 13:22:29.895 65477 INFO tempest.lib.common.rest_client [req-9ee71b01-a9e8-43f5-b0a8-740d994185e5 req-9ee71b01-a9e8-43f5-b0a8-740d994185e5 ] Request (ServicesAdminNegativeV253TestJSON:setUpClass): 201 POST http://10.180.1.21/identity/v3/projects 0.033s
2025-12-12 13:22:29.972 65477 INFO tempest.lib.common.rest_client [req-93e173a9-3506-4ad5-b6da-07b6a422ca3b req-93e173a9-3506-4ad5-b6da-07b6a422ca3b ] Request (ServicesAdminNegativeV253TestJSON:setUpClass): 201 POST http://10.180.1.21/identity/v3/users 0.076s
2025-12-12 13:22:30.016 65477 INFO tempest.lib.common.rest_client [req-3c98fd3b-194a-49ef-ac5c-3b3ca8ffa877 req-3c98fd3b-194a-49ef-ac5c-3b3ca8ffa877 ] Request (ServicesAdminNegativeV253TestJSON:setUpClass): 200 GET http://10.180.1.21/identity/v3/roles 0.044s
2025-12-12 13:22:30.023 65483 INFO tempest.lib.common.rest_client [req-8a652246-f6c8-4249-99ac-bfb4dbb2af54 req-8a652246-f6c8-4249-99ac-bfb4dbb2af54 ] Request (InstanceActionsTestJSON:tearDownClass): 204 DELETE http://10.180.1.21/networking/v2.0/routers/fa4eeeda-039b-4b75-acc9-efa2da537e37 0.646s
2025-12-12 13:22:30.052 65477 INFO tempest.lib.common.rest_client [req-93d7c9e3-f1f8-4cf4-a795-ebe52058851e req-93d7c9e3-f1f8-4cf4-a795-ebe52058851e ] Request (ServicesAdminNegativeV253TestJSON:setUpClass): 204 PUT http://10.180.1.21/identity/v3/projects/35061e477ccd4b9da81b1e27c19438cd/users/d457d0ced0484900ae74f80781de5d91/roles/425a58fa8a1b42d6aafe4dbc3139cb12 0.035s
2025-12-12 13:22:30.052 65477 INFO tempest.lib.common.dynamic_creds [-] Dynamic test user d457d0ced0484900ae74f80781de5d91 is created with scope project and roles: ['member']
2025-12-12 13:22:30.052 65477 INFO tempest.lib.common.dynamic_creds [-] Acquired dynamic creds: credentials: Credentials: {'domain_id': 'default', 'domain_name': 'Default', 'username': 'tempest-ServicesAdminNegativeV253TestJSON-158423135-project-member', 'project_domain_id': 'default', 'project_domain_name': 'Default', 'project_id': '35061e477ccd4b9da81b1e27c19438cd', 'project_name': 'tempest-ServicesAdminNegativeV253TestJSON-158423135', 'tenant_id': '35061e477ccd4b9da81b1e27c19438cd', 'tenant_name': 'tempest-ServicesAdminNegativeV253TestJSON-158423135', 'user_domain_id': 'default', 'user_domain_name': 'Default', 'user_id': 'd457d0ced0484900ae74f80781de5d91', 'system': None}, Network: None, Subnet: None, Router: None
2025-12-12 13:22:30.052 65477 INFO tempest.lib.common.dynamic_creds [-] Created isolated network resources for: credentials: Credentials: {'domain_id': 'default', 'domain_name': 'Default', 'username': 'tempest-ServicesAdminNegativeV253TestJSON-158423135-project-member', 'project_domain_id': 'default', 'project_domain_name': 'Default', 'project_id': '35061e477ccd4b9da81b1e27c19438cd', 'project_name': 'tempest-ServicesAdminNegativeV253TestJSON-158423135', 'tenant_id': '35061e477ccd4b9da81b1e27c19438cd', 'tenant_name': 'tempest-ServicesAdminNegativeV253TestJSON-158423135', 'user_domain_id': 'default', 'user_domain_name': 'Default', 'user_id': 'd457d0ced0484900ae74f80781de5d91', 'system': None}, Network: None, Subnet: None, Router: None
2025-12-12 13:22:30.051 65517 INFO tempest.lib.common.rest_client [req-a974dc97-44b7-4de1-80e1-d4b96efed0dd req-a974dc97-44b7-4de1-80e1-d4b96efed0dd ] Request (ServerRescueTestJSONUnderV235:setUpClass): 200 GET http://10.180.1.21/compute/v2.1/servers/b20a2c71-514d-488a-8edb-8fb0274a894a 3.065s
2025-12-12 13:22:30.095 65473 INFO tempest.lib.common.rest_client [req-42f7846b-f527-42ef-9123-45ecf0a0432d req-42f7846b-f527-42ef-9123-45ecf0a0432d ] Request (FlavorsV2TestJSON:test_list_flavors_filter_by_min_ram): 200 GET http://10.180.1.21/compute/v2.1/flavors?minRam=193 3.025s
2025-12-12 13:22:30.112 65515 INFO tempest.lib.common.rest_client [req-245fef9f-2392-47a7-a0b1-ad7ebdfd69f9 req-245fef9f-2392-47a7-a0b1-ad7ebdfd69f9 ] Request (FlavorsAdminTestJSON:test_create_server_with_non_public_flavor): 400 POST http://10.180.1.21/compute/v2.1/servers 3.023s
2025-12-12 13:22:30.136 65485 INFO tempest.lib.common.rest_client [req-423f745b-23be-42c6-8aa2-bb2691291b5e req-423f745b-23be-42c6-8aa2-bb2691291b5e ] Request (KeyPairsV2TestJSON:_run_cleanups): 202 DELETE http://10.180.1.21/compute/v2.1/os-keypairs/tempest-KeyPairsV2TestJSON-keypair-193871212 3.029s
2025-12-12 13:22:30.153 65477 INFO tempest.lib.common.rest_client [req-8b79ea4a-4cf9-474f-b201-e54c801112ec req-8b79ea4a-4cf9-474f-b201-e54c801112ec ] Request (ServicesAdminNegativeV253TestJSON:setUpClass): 201 POST http://10.180.1.21/identity/v3/auth/tokens 0.097s
2025-12-12 13:22:30.229 65477 INFO tempest.lib.common.rest_client [req-ae8a3514-9291-4ca0-bb9c-5c09476c7f34 req-ae8a3514-9291-4ca0-bb9c-5c09476c7f34 ] Request (ServicesAdminNegativeV253TestJSON:setUpClass): 201 POST http://10.180.1.21/identity/v3/projects 0.075s
2025-12-12 13:22:30.285 65483 INFO tempest.lib.common.rest_client [req-73e9ce8e-b415-4549-b39b-48e88207ffe5 req-73e9ce8e-b415-4549-b39b-48e88207ffe5 ] Request (InstanceActionsTestJSON:tearDownClass): 204 DELETE http://10.180.1.21/networking/v2.0/subnets/df510509-a9bb-4da9-9961-84b2bb8fd00b 0.262s
2025-12-12 13:22:30.332 65465 INFO tempest.lib.common.rest_client [req-e7ea1eae-1d15-410e-b54b-dc7e985400c4 req-e7ea1eae-1d15-410e-b54b-dc7e985400c4 ] Request (DeleteServersAdminTestJSON:test_delete_server_while_in_error_state): 200 GET http://10.180.1.21/compute/v2.1/servers/7b24c530-56bf-4666-96f9-e2dc66728f1a 3.286s
2025-12-12 13:22:30.390 65477 INFO tempest.lib.common.rest_client [req-ee837420-198f-497a-9be3-d379cb107daa req-ee837420-198f-497a-9be3-d379cb107daa ] Request (ServicesAdminNegativeV253TestJSON:setUpClass): 201 POST http://10.180.1.21/identity/v3/users 0.160s
2025-12-12 13:22:30.414 65469 INFO tempest.lib.common.rest_client [req-3dd21609-0207-49e1-a7f0-9a75ef281d7c req-3dd21609-0207-49e1-a7f0-9a75ef281d7c ] Request (FlavorsAccessNegativeTestJSON:test_remove_flavor_access_not_found): 404 POST http://10.180.1.21/compute/v2.1/flavors/1523603001/action 3.279s
2025-12-12 13:22:30.433 65477 INFO tempest.lib.common.rest_client [req-a6d7d971-37c0-46f7-8141-e62558efb366 req-a6d7d971-37c0-46f7-8141-e62558efb366 ] Request (ServicesAdminNegativeV253TestJSON:setUpClass): 200 GET http://10.180.1.21/identity/v3/roles 0.042s
2025-12-12 13:22:30.437 65497 INFO tempest.lib.common.rest_client [req-4591007e-6f67-47c5-9ff8-e790223cfad2 req-4591007e-6f67-47c5-9ff8-e790223cfad2 ] Request (ServerGroup264TestJSON:tearDownClass): 404 DELETE http://10.180.1.21/compute/v2.1/os-server-groups/de63c945-438f-4e7c-ae5c-c9bb04a3c54c 3.138s
2025-12-12 13:22:30.476 65477 INFO tempest.lib.common.rest_client [req-58e9054d-74c7-4e84-9959-25925ad19026 req-58e9054d-74c7-4e84-9959-25925ad19026 ] Request (ServicesAdminNegativeV253TestJSON:setUpClass): 204 PUT http://10.180.1.21/identity/v3/projects/b813d08cf724490eb032e82f0185d074/users/9020b7d375f043b6b54f5089645e2c9d/roles/30ad404b2c69467c818e0ffa734a0371 0.043s
2025-12-12 13:22:30.590 65519 INFO tempest.lib.common.rest_client [req-86f33244-d2a8-45ee-a795-7ca7563173e2 req-86f33244-d2a8-45ee-a795-7ca7563173e2 ] Request (FloatingIPsAssociationTestJSON:setUpClass): 200 PUT http://10.180.1.21/networking/v2.0/routers/9173cbbc-0903-4110-aa96-448abae01084/add_router_interface 1.359s
2025-12-12 13:22:30.590 65519 INFO tempest.lib.common.dynamic_creds [-] Created isolated network resources for: credentials: Credentials: {'domain_id': 'default', 'domain_name': 'Default', 'username': 'tempest-FloatingIPsAssociationTestJSON-1065123087-project-member', 'project_domain_id': 'default', 'project_domain_name': 'Default', 'project_id': '58588fe2a11f4ee0aab313903b211fa8', 'project_name': 'tempest-FloatingIPsAssociationTestJSON-1065123087', 'tenant_id': '58588fe2a11f4ee0aab313903b211fa8', 'tenant_name': 'tempest-FloatingIPsAssociationTestJSON-1065123087', 'user_domain_id': 'default', 'user_domain_name': 'Default', 'user_id': 'd75dbe2746e84cc2ad6848d6bd5412b9', 'system': None}, Network: {'id': 'd53d463e-8e2d-41d1-a9a0-558631bcf546', 'name': 'tempest-FloatingIPsAssociationTestJSON-1416727474-network', 'tenant_id': '58588fe2a11f4ee0aab313903b211fa8', 'project_id': '58588fe2a11f4ee0aab313903b211fa8', 'admin_state_up': True, 'mtu': 8950, 'status': 'ACTIVE', 'subnets': [], 'shared': False, 'port_security_enabled': True, 'router:external': False, 'provider:network_type': 'vlan', 'provider:physical_network': 'default', 'provider:segmentation_id': 985, 'availability_zone_hints': [], 'availability_zones': [], 'ipv4_address_scope': None, 'ipv6_address_scope': None, 'description': '', 'tags': [], 'created_at': '2025-12-12T13:22:28Z', 'updated_at': '2025-12-12T13:22:28Z', 'revision_number': 1}, Subnet: {'id': 'f5f6a375-f18d-4466-a9c6-265cae026dd3', 'name': 'tempest-FloatingIPsAssociationTestJSON-1416727474-subnet', 'tenant_id': '58588fe2a11f4ee0aab313903b211fa8', 'network_id': 'd53d463e-8e2d-41d1-a9a0-558631bcf546', 'ip_version': 4, 'subnetpool_id': None, 'enable_dhcp': True, 'ipv6_ra_mode': None, 'ipv6_address_mode': None, 'gateway_ip': '192.168.128.1', 'cidr': '192.168.128.0/28', 'allocation_pools': [{'start': '192.168.128.2', 'end': '192.168.128.14'}], 'host_routes': [], 'dns_nameservers': [], 'description': '', 'router:external': False, 'service_types': [], 'tags': [], 'created_at': '2025-12-12T13:22:28Z', 'updated_at': '2025-12-12T13:22:28Z', 'revision_number': 0, 'project_id': '58588fe2a11f4ee0aab313903b211fa8'}, Router: {'id': '9173cbbc-0903-4110-aa96-448abae01084', 'name': 'tempest-FloatingIPsAssociationTestJSON-1416727474-router', 'tenant_id': '58588fe2a11f4ee0aab313903b211fa8', 'admin_state_up': True, 'status': 'ACTIVE', 'external_gateway_info': {'network_id': 'f91b3e31-bdf8-42e4-8e11-227fa98ed2a5', 'external_fixed_ips': [{'subnet_id': '708c4fe9-6585-400d-879b-7a4b6378f20d', 'ip_address': '10.180.180.186'}], 'enable_snat': True}, 'description': '', 'availability_zones': [], 'distributed': False, 'ha': False, 'availability_zone_hints': [], 'routes': [], 'flavor_id': None, 'tags': [], 'created_at': '2025-12-12T13:22:28Z', 'updated_at': '2025-12-12T13:22:28Z', 'revision_number': 2, 'project_id': '58588fe2a11f4ee0aab313903b211fa8'}
2025-12-12 13:22:30.606 65505 INFO tempest.lib.common.rest_client [req-96326dc9-ff45-40c0-9d53-4813363bc92b req-96326dc9-ff45-40c0-9d53-4813363bc92b ] Request (ServerMetadataNegativeTestJSON:test_metadata_items_limit): 200 GET http://10.180.1.21/compute/v2.1/os-quota-sets/520207ef29e64aa799841fae36e469f5 3.419s
2025-12-12 13:22:30.675 65481 INFO tempest.lib.common.rest_client [req-1f9459f2-358e-467f-8ba0-146e11a80615 req-1f9459f2-358e-467f-8ba0-146e11a80615 ] Request (QuotaClassesAdminTestJSON:test_update_default_quotas): 200 GET http://10.180.1.21/compute/v2.1/os-quota-class-sets/default 3.369s
2025-12-12 13:22:30.687 65513 INFO tempest.lib.common.rest_client [req-395d231b-1451-4386-8c88-ea2c4b5f56d2 req-395d231b-1451-4386-8c88-ea2c4b5f56d2 ] Request (ServerActionsV293TestJSON:setUpClass): 200 GET http://10.180.1.21/volume/v3/volumes/f04439cd-6130-4943-97ee-01d8501c2efc 0.051s
2025-12-12 13:22:30.717 65483 INFO tempest.lib.common.rest_client [req-a573d7a6-4d11-4fa1-b82d-fc2384ecd59e req-a573d7a6-4d11-4fa1-b82d-fc2384ecd59e ] Request (InstanceActionsTestJSON:tearDownClass): 204 DELETE http://10.180.1.21/networking/v2.0/networks/4f3c2189-942b-47c1-95bd-5064d80e3a76 0.431s
2025-12-12 13:22:30.747 65477 INFO tempest.lib.common.rest_client [req-0d435564-b053-4817-a6ba-62eeaefe9d23 req-0d435564-b053-4817-a6ba-62eeaefe9d23 ] Request (ServicesAdminNegativeV253TestJSON:setUpClass): 200 GET http://10.180.1.21/identity/v3/roles 0.271s
2025-12-12 13:22:30.775 65519 INFO tempest.lib.common.rest_client [req-ff422cc5-43d2-48a2-a404-d4fd291db8ba req-ff422cc5-43d2-48a2-a404-d4fd291db8ba ] Request (FloatingIPsAssociationTestJSON:setUpClass): 201 POST http://10.180.1.21/identity/v3/auth/tokens 0.180s
2025-12-12 13:22:30.809 65477 INFO tempest.lib.common.rest_client [req-83c74aaf-5783-41bd-8a54-75df09ff8d6b req-83c74aaf-5783-41bd-8a54-75df09ff8d6b ] Request (ServicesAdminNegativeV253TestJSON:setUpClass): 204 PUT http://10.180.1.21/identity/v3/projects/b813d08cf724490eb032e82f0185d074/users/9020b7d375f043b6b54f5089645e2c9d/roles/30ad404b2c69467c818e0ffa734a0371 0.061s
2025-12-12 13:22:30.809 65477 INFO tempest.lib.common.dynamic_creds [-] Dynamic test user 9020b7d375f043b6b54f5089645e2c9d is created with scope project and roles: ['admin']
2025-12-12 13:22:30.809 65477 INFO tempest.lib.common.dynamic_creds [-] Acquired dynamic creds: credentials: Credentials: {'domain_id': 'default', 'domain_name': 'Default', 'username': 'tempest-ServicesAdminNegativeV253TestJSON-11809810-project-admin', 'project_domain_id': 'default', 'project_domain_name': 'Default', 'project_id': 'b813d08cf724490eb032e82f0185d074', 'project_name': 'tempest-ServicesAdminNegativeV253TestJSON-11809810', 'tenant_id': 'b813d08cf724490eb032e82f0185d074', 'tenant_name': 'tempest-ServicesAdminNegativeV253TestJSON-11809810', 'user_domain_id': 'default', 'user_domain_name': 'Default', 'user_id': '9020b7d375f043b6b54f5089645e2c9d', 'system': None}, Network: None, Subnet: None, Router: None
2025-12-12 13:22:30.810 65477 INFO tempest.lib.common.dynamic_creds [-] Created isolated network resources for: credentials: Credentials: {'domain_id': 'default', 'domain_name': 'Default', 'username': 'tempest-ServicesAdminNegativeV253TestJSON-11809810-project-admin', 'project_domain_id': 'default', 'project_domain_name': 'Default', 'project_id': 'b813d08cf724490eb032e82f0185d074', 'project_name': 'tempest-ServicesAdminNegativeV253TestJSON-11809810', 'tenant_id': 'b813d08cf724490eb032e82f0185d074', 'tenant_name': 'tempest-ServicesAdminNegativeV253TestJSON-11809810', 'user_domain_id': 'default', 'user_domain_name': 'Default', 'user_id': '9020b7d375f043b6b54f5089645e2c9d', 'system': None}, Network: None, Subnet: None, Router: None
2025-12-12 13:22:30.853 65483 INFO tempest.lib.common.rest_client [req-165aa4d8-b27c-4c60-8530-481e5ca5149a req-165aa4d8-b27c-4c60-8530-481e5ca5149a ] Request (InstanceActionsTestJSON:tearDownClass): 204 DELETE http://10.180.1.21/identity/v3/users/a644dfd5e9614da292648b0cb98218c2 0.136s
2025-12-12 13:22:30.854 65483 INFO tempest.lib.common.dynamic_creds [-] Deleting project and security group for project: 4df06b84d1cd45b28b8ea33565ac45f1
2025-12-12 13:22:30.879 65519 INFO tempest.lib.common.rest_client [req-3dd94f6c-c69e-4c68-ba94-fa273d30eb74 req-3dd94f6c-c69e-4c68-ba94-fa273d30eb74 ] Request (FloatingIPsAssociationTestJSON:setUpClass): 201 POST http://10.180.1.21/identity/v3/auth/tokens 0.097s
2025-12-12 13:22:30.879 65519 INFO tempest.lib.common.fixed_network [-] (FloatingIPsAssociationTestJSON:setUpClass) Found network {'id': 'd53d463e-8e2d-41d1-a9a0-558631bcf546', 'name': 'tempest-FloatingIPsAssociationTestJSON-1416727474-network', 'tenant_id': '58588fe2a11f4ee0aab313903b211fa8', 'project_id': '58588fe2a11f4ee0aab313903b211fa8', 'admin_state_up': True, 'mtu': 8950, 'status': 'ACTIVE', 'subnets': [], 'shared': False, 'port_security_enabled': True, 'router:external': False, 'provider:network_type': 'vlan', 'provider:physical_network': 'default', 'provider:segmentation_id': 985, 'availability_zone_hints': [], 'availability_zones': [], 'ipv4_address_scope': None, 'ipv6_address_scope': None, 'description': '', 'tags': [], 'created_at': '2025-12-12T13:22:28Z', 'updated_at': '2025-12-12T13:22:28Z', 'revision_number': 1} available for tenant
2025-12-12 13:22:30.943 65521 INFO tempest.lib.common.rest_client [req-537f63cd-42fc-497e-9b94-05b7db6693b3 req-537f63cd-42fc-497e-9b94-05b7db6693b3 ] Request (ServersTestBootFromVolume:setUpClass): 200 GET http://10.180.1.21/compute/v2.1/servers/7062b119-01a4-45f4-bb52-212178382271 3.527s
2025-12-12 13:22:30.948 65477 INFO tempest.lib.common.rest_client [req-4ec0692f-955e-47fb-8f62-18581aaa8fd6 req-4ec0692f-955e-47fb-8f62-18581aaa8fd6 ] Request (ServicesAdminNegativeV253TestJSON:setUpClass): 201 POST http://10.180.1.21/identity/v3/auth/tokens 0.135s
2025-12-12 13:22:30.952 65521 INFO tempest.common.waiters [-] State transition "BUILD/spawning" ==> "ACTIVE/None" after 19 second wait
2025-12-12 13:22:30.973 65483 INFO tempest.lib.common.rest_client [req-00e91710-50d6-4e5b-94e2-e537236ae53d req-00e91710-50d6-4e5b-94e2-e537236ae53d ] Request (InstanceActionsTestJSON:tearDownClass): 200 GET http://10.180.1.21/networking/v2.0/security-groups?tenant_id=4df06b84d1cd45b28b8ea33565ac45f1&name=default 0.118s
2025-12-12 13:22:31.171 65483 INFO tempest.lib.common.rest_client [req-0864c885-23e7-474c-8f7c-0ad996ead0da req-0864c885-23e7-474c-8f7c-0ad996ead0da ] Request (InstanceActionsTestJSON:tearDownClass): 204 DELETE http://10.180.1.21/networking/v2.0/security-groups/9b26f4e0-5f0f-411f-8e44-f73309220261 0.197s
2025-12-12 13:22:31.194 65495 INFO tempest.lib.common.rest_client [req-98c80564-c24e-4592-8174-077e7dbf06e2 req-98c80564-c24e-4592-8174-077e7dbf06e2 ] Request (ServerActionsTestOtherB:setUpClass): 200 GET http://10.180.1.21/compute/v2.1/servers/71e6e280-50c3-4655-a6a3-40ea4c650d96 3.515s
2025-12-12 13:22:31.371 65483 INFO tempest.lib.common.rest_client [req-f74c3216-6d31-4282-894d-29224306392f req-f74c3216-6d31-4282-894d-29224306392f ] Request (InstanceActionsTestJSON:tearDownClass): 204 DELETE http://10.180.1.21/identity/v3/projects/4df06b84d1cd45b28b8ea33565ac45f1 0.200s
2025-12-12 13:22:31.439 65483 INFO tempest.lib.common.rest_client [req-f8b6ceff-3f33-413f-a271-6db1fe9ba7c6 req-f8b6ceff-3f33-413f-a271-6db1fe9ba7c6 ] Request (ListServersNegativeTestJSON:setUpClass): 201 POST http://10.180.1.21/identity/v3/auth/tokens 0.066s
2025-12-12 13:22:31.475 65483 INFO tempest.lib.common.rest_client [req-ff872a4e-afd9-47ca-9c7a-7a1131153718 req-ff872a4e-afd9-47ca-9c7a-7a1131153718 ] Request (ListServersNegativeTestJSON:setUpClass): 201 POST http://10.180.1.21/identity/v3/auth/tokens 0.034s
2025-12-12 13:22:31.518 65483 INFO tempest.lib.common.rest_client [req-b53b9f5f-d5f9-44ec-b953-d7690e19e706 req-b53b9f5f-d5f9-44ec-b953-d7690e19e706 ] Request (ListServersNegativeTestJSON:setUpClass): 200 GET http://10.180.1.21/identity/v3/domains?name=Default 0.042s
2025-12-12 13:22:31.585 65483 INFO tempest.lib.common.rest_client [req-78dc2f8f-cf93-44f7-9622-1aa87293d877 req-78dc2f8f-cf93-44f7-9622-1aa87293d877 ] Request (ListServersNegativeTestJSON:setUpClass): 201 POST http://10.180.1.21/identity/v3/projects 0.067s
2025-12-12 13:22:31.608 65489 INFO tempest.lib.common.rest_client [req-3b6a3d60-6fec-46a0-8167-7b129c7df7cf req-3b6a3d60-6fec-46a0-8167-7b129c7df7cf ] Request (FloatingIPsAssociationNegativeTestJSON:_run_cleanups): 202 DELETE http://10.180.1.21/compute/v2.1/os-floating-ips/00ce3b35-0158-44c8-ae99-8d4f1951d816 4.184s
2025-12-12 13:22:31.619 65479 INFO tempest.lib.common.rest_client [req-06389f99-ff40-4ef9-898b-949a22090a5f req-06389f99-ff40-4ef9-898b-949a22090a5f ] Request (AggregatesAdminNegativeTestJSON:test_aggregate_list_as_user): 403 GET http://10.180.1.21/compute/v2.1/os-aggregates 3.746s
2025-12-12 13:22:31.662 65487 INFO tempest.lib.common.rest_client [req-a4aa6fb5-fbf3-43eb-a2c6-daccc0042641 req-a4aa6fb5-fbf3-43eb-a2c6-daccc0042641 ] Request (ServersTestJSON:setUpClass): 200 GET http://10.180.1.21/compute/v2.1/servers/705b91ea-ccd2-41ce-a14f-2ea5b70f80df 3.869s
2025-12-12 13:22:31.680 65487 INFO tempest.lib.common.ssh [-] Creating ssh connection to '10.180.180.152:22' as 'cirros' with public key authentication
2025-12-12 13:22:31.705 65483 INFO tempest.lib.common.rest_client [req-62008252-ee89-4782-9272-eb79732f781b req-62008252-ee89-4782-9272-eb79732f781b ] Request (ListServersNegativeTestJSON:setUpClass): 201 POST http://10.180.1.21/identity/v3/users 0.119s
2025-12-12 13:22:31.712 65471 INFO tempest.lib.common.rest_client [req-ce956677-80e3-42d1-a395-74c4dd206d80 req-ce956677-80e3-42d1-a395-74c4dd206d80 ] Request (MultipleCreateTestJSON:test_multiple_create_with_reservation_return): 200 GET http://10.180.1.21/compute/v2.1/servers 3.445s
2025-12-12 13:22:31.751 65513 INFO tempest.lib.common.rest_client [req-a31fc578-1b6a-463b-861e-3d881b398ffa req-a31fc578-1b6a-463b-861e-3d881b398ffa ] Request (ServerActionsV293TestJSON:setUpClass): 200 GET http://10.180.1.21/volume/v3/volumes/f04439cd-6130-4943-97ee-01d8501c2efc 0.051s
2025-12-12 13:22:31.755 65483 INFO tempest.lib.common.rest_client [req-0a1d80a8-f0a0-4a4a-92d1-bd9ce55961ce req-0a1d80a8-f0a0-4a4a-92d1-bd9ce55961ce ] Request (ListServersNegativeTestJSON:setUpClass): 200 GET http://10.180.1.21/identity/v3/roles 0.049s
2025-12-12 13:22:31.801 65523 WARNING tempest.lib.common.ssh [-] Failed to establish authenticated ssh connection to cirros@10.180.180.246 ([Errno None] Unable to connect to port 22 on 10.180.180.246). Number attempts: 2. Retry after 3 seconds.: paramiko.ssh_exception.NoValidConnectionsError: [Errno None] Unable to connect to port 22 on 10.180.180.246
2025-12-12 13:22:31.822 65483 INFO tempest.lib.common.rest_client [req-e27b134b-6fd0-4d72-a703-392af34db74e req-e27b134b-6fd0-4d72-a703-392af34db74e ] Request (ListServersNegativeTestJSON:setUpClass): 204 PUT http://10.180.1.21/identity/v3/projects/c347db6748d044e8842e336a7f25c815/users/796101bf412844bf9c547a0d4376d8d9/roles/425a58fa8a1b42d6aafe4dbc3139cb12 0.066s
2025-12-12 13:22:31.822 65483 INFO tempest.lib.common.dynamic_creds [-] Dynamic test user 796101bf412844bf9c547a0d4376d8d9 is created with scope project and roles: ['member']
2025-12-12 13:22:31.822 65483 INFO tempest.lib.common.dynamic_creds [-] Acquired dynamic creds: credentials: Credentials: {'domain_id': 'default', 'domain_name': 'Default', 'username': 'tempest-ListServersNegativeTestJSON-1289631193-project-member', 'project_domain_id': 'default', 'project_domain_name': 'Default', 'project_id': 'c347db6748d044e8842e336a7f25c815', 'project_name': 'tempest-ListServersNegativeTestJSON-1289631193', 'tenant_id': 'c347db6748d044e8842e336a7f25c815', 'tenant_name': 'tempest-ListServersNegativeTestJSON-1289631193', 'user_domain_id': 'default', 'user_domain_name': 'Default', 'user_id': '796101bf412844bf9c547a0d4376d8d9', 'system': None}, Network: None, Subnet: None, Router: None
2025-12-12 13:22:31.922 65483 INFO tempest.lib.common.rest_client [req-d5266a6b-1284-4328-9127-5b97b081536f req-d5266a6b-1284-4328-9127-5b97b081536f ] Request (ListServersNegativeTestJSON:setUpClass): 201 POST http://10.180.1.21/identity/v3/auth/tokens 0.100s
2025-12-12 13:22:32.014 65497 INFO tempest.lib.common.rest_client [req-c90fa8db-02b0-425c-afc1-4f4d3957e979 req-c90fa8db-02b0-425c-afc1-4f4d3957e979 ] Request (ServerGroup264TestJSON:tearDownClass): 200 PUT http://10.180.1.21/networking/v2.0/routers/1c3875a1-62ab-46ab-8824-4e7a75f4fe76/remove_router_interface 1.577s
2025-12-12 13:22:32.401 65483 INFO tempest.lib.common.rest_client [req-46b1b427-2b3a-49e3-9bd6-83143b99a4a5 req-46b1b427-2b3a-49e3-9bd6-83143b99a4a5 ] Request (ListServersNegativeTestJSON:setUpClass): 201 POST http://10.180.1.21/networking/v2.0/networks 0.478s
2025-12-12 13:22:32.435 65475 INFO tempest.lib.common.rest_client [req-130cf342-3253-4309-9d33-63b43f091f43 req-130cf342-3253-4309-9d33-63b43f091f43 ] Request (ImagesOneServerTestJSON:setUpClass): 200 GET http://10.180.1.21/compute/v2.1/servers/f7446d76-45c2-4e8b-981d-d37c230cf125 3.742s
2025-12-12 13:22:32.470 65491 INFO tempest.lib.common.rest_client [req-237bbed0-21b0-44b7-8577-713c671f85ce req-237bbed0-21b0-44b7-8577-713c671f85ce ] Request (ServersAdminTestJSON:test_inject_network_info): 200 GET http://10.180.1.21/compute/v2.1/servers/ad53146e-210d-4321-b819-90795c1af260 3.606s
2025-12-12 13:22:32.482 65491 INFO tempest.common.waiters [-] State transition "BUILD/None" ==> "BUILD/networking" after 8 second wait
2025-12-12 13:22:32.549 65467 INFO tempest.lib.common.rest_client [req-1341308e-2dc9-4ca9-9c1d-d2eb23e2cac8 req-1341308e-2dc9-4ca9-9c1d-d2eb23e2cac8 ] Request (ListImageFiltersTestJSON:setUpClass): 200 GET http://10.180.1.21/compute/v2.1/images/a656a63b-c667-4970-863b-5666f3f5df1d 3.225s
2025-12-12 13:22:32.575 65497 INFO tempest.lib.common.rest_client [req-557c1778-18d4-494b-a25a-aad62bf30b64 req-557c1778-18d4-494b-a25a-aad62bf30b64 ] Request (ServerGroup264TestJSON:tearDownClass): 204 DELETE http://10.180.1.21/networking/v2.0/routers/1c3875a1-62ab-46ab-8824-4e7a75f4fe76 0.560s
2025-12-12 13:22:32.792 65513 INFO tempest.lib.common.rest_client [req-4acdf454-8783-462d-b145-2f80927e57d2 req-4acdf454-8783-462d-b145-2f80927e57d2 ] Request (ServerActionsV293TestJSON:setUpClass): 200 GET http://10.180.1.21/volume/v3/volumes/f04439cd-6130-4943-97ee-01d8501c2efc 0.031s
2025-12-12 13:22:32.820 65483 INFO tempest.lib.common.rest_client [req-cc19aa05-f913-41e8-8bff-131498212432 req-cc19aa05-f913-41e8-8bff-131498212432 ] Request (ListServersNegativeTestJSON:setUpClass): 201 POST http://10.180.1.21/networking/v2.0/subnets 0.418s
2025-12-12 13:22:32.846 65501 INFO tempest.lib.common.rest_client [req-0a67f06e-c3f3-446f-b5ea-92bfe37afdba req-0a67f06e-c3f3-446f-b5ea-92bfe37afdba ] Request (ServerDiagnosticsV248Test:test_get_server_diagnostics): 200 GET http://10.180.1.21/compute/v2.1/servers/a2b72bac-6806-4b7b-b972-32aea52f7c82 3.659s
2025-12-12 13:22:32.924 65497 INFO tempest.lib.common.rest_client [req-039aed26-b008-43c6-a64f-586a5f594c46 req-039aed26-b008-43c6-a64f-586a5f594c46 ] Request (ServerGroup264TestJSON:tearDownClass): 204 DELETE http://10.180.1.21/networking/v2.0/subnets/87d48934-4c8e-4b0f-80a4-96337aaf7053 0.348s
2025-12-12 13:22:33.400 65463 WARNING tempest.lib.common.ssh [-] Failed to establish authenticated ssh connection to cirros@10.180.180.207 ([Errno None] Unable to connect to port 22 on 10.180.180.207). Number attempts: 6. Retry after 7 seconds.: paramiko.ssh_exception.NoValidConnectionsError: [Errno None] Unable to connect to port 22 on 10.180.180.207
2025-12-12 13:22:33.693 65483 INFO tempest.lib.common.rest_client [req-38b848f2-13b3-43a8-be26-d8747c88dcf2 req-38b848f2-13b3-43a8-be26-d8747c88dcf2 ] Request (ListServersNegativeTestJSON:setUpClass): 201 POST http://10.180.1.21/networking/v2.0/routers 0.872s
2025-12-12 13:22:33.841 65513 INFO tempest.lib.common.rest_client [req-df742923-2b02-42d9-82b0-0b845a18a6c3 req-df742923-2b02-42d9-82b0-0b845a18a6c3 ] Request (ServerActionsV293TestJSON:setUpClass): 200 GET http://10.180.1.21/volume/v3/volumes/f04439cd-6130-4943-97ee-01d8501c2efc 0.038s
2025-12-12 13:22:34.197 65499 INFO tempest.lib.common.rest_client [req-530b048d-27f9-4c50-aacc-fd82060e1165 req-530b048d-27f9-4c50-aacc-fd82060e1165 ] Request (ServersTestManualDisk:setUpClass): 200 GET http://10.180.1.21/compute/v2.1/servers/0e6c9f2d-4412-4d8d-8348-6552a34ab349/os-interface 4.707s
2025-12-12 13:22:34.229 65509 INFO tempest.lib.common.rest_client [req-8ae5616b-20f4-4ab0-9fba-14592aebdbb7 req-8ae5616b-20f4-4ab0-9fba-14592aebdbb7 ] Request (MigrationsAdminTest:test_list_migrations_in_flavor_resize_situation): 200 GET http://10.180.1.21/compute/v2.1/servers/fdb5603d-24b0-4fdd-b8cc-25c0ebee5311 4.808s
2025-12-12 13:22:34.234 65461 INFO tempest.lib.common.rest_client [req-58ac365c-a204-45e6-9a99-9d30b85596cd req-58ac365c-a204-45e6-9a99-9d30b85596cd ] Request (DeleteServersTestJSON:test_delete_active_server): 404 GET http://10.180.1.21/compute/v2.1/servers/0691bdfe-ff23-471b-ad94-2a98adcecd4f 4.657s
2025-12-12 13:22:34.250 65473 INFO tempest.lib.common.rest_client [req-201b19cb-0cb1-4c7e-976f-d2a653512fec req-201b19cb-0cb1-4c7e-976f-d2a653512fec ] Request (FlavorsV2TestJSON:test_list_flavors_limit_results): 200 GET http://10.180.1.21/compute/v2.1/flavors?limit=1 4.151s
2025-12-12 13:22:34.281 65515 INFO tempest.lib.common.rest_client [req-94d25100-bfe0-4ddb-a78a-9dbd436cc63e req-94d25100-bfe0-4ddb-a78a-9dbd436cc63e ] Request (FlavorsAdminTestJSON:_run_cleanups): 202 DELETE http://10.180.1.21/compute/v2.1/flavors/1049740413 4.168s
2025-12-12 13:22:34.283 65485 INFO tempest.lib.common.rest_client [req-22a29a86-70d2-4036-b5a2-91da10597e8a req-22a29a86-70d2-4036-b5a2-91da10597e8a ] Request (KeyPairsV2TestJSON:_run_cleanups): 202 DELETE http://10.180.1.21/compute/v2.1/os-keypairs/tempest-KeyPairsV2TestJSON-keypair-650905542 4.147s
2025-12-12 13:22:34.333 65497 INFO tempest.lib.common.rest_client [req-bc24b199-e9fb-4d4c-9bfe-6b61ef5ebb33 req-bc24b199-e9fb-4d4c-9bfe-6b61ef5ebb33 ] Request (ServerGroup264TestJSON:tearDownClass): 204 DELETE http://10.180.1.21/networking/v2.0/networks/9143d10d-787e-4b51-9135-23d1983f4282 1.408s
2025-12-12 13:22:34.333 65469 INFO tempest.lib.common.rest_client [req-047a4d6c-7ad1-4c39-b7a3-7f2e179a26a2 req-047a4d6c-7ad1-4c39-b7a3-7f2e179a26a2 ] Request (FlavorsAccessNegativeTestJSON:_run_cleanups): 202 DELETE http://10.180.1.21/compute/v2.1/flavors/1523603001 3.919s
2025-12-12 13:22:34.349 65461 INFO tempest.lib.common.rest_client [req-f8fbb4a8-ac0e-4dd2-9f0f-142fcfcfe663 req-f8fbb4a8-ac0e-4dd2-9f0f-142fcfcfe663 ] Request (DeleteServersTestJSON:test_delete_server_while_in_attached_volume): 201 POST http://10.180.1.21/identity/v3/auth/tokens 0.107s
2025-12-12 13:22:34.350 65461 INFO tempest.lib.common.fixed_network [-] (DeleteServersTestJSON:test_delete_server_while_in_attached_volume) Found network {'id': '9a6a037a-f1d1-42e3-bc8d-85db4f6d9d49', 'name': 'tempest-DeleteServersTestJSON-419854694-network', 'tenant_id': '4778fe9152224fd29d1f6220a19b5a36', 'project_id': '4778fe9152224fd29d1f6220a19b5a36', 'admin_state_up': True, 'mtu': 8950, 'status': 'ACTIVE', 'subnets': [], 'shared': False, 'port_security_enabled': True, 'router:external': False, 'provider:network_type': 'vlan', 'provider:physical_network': 'default', 'provider:segmentation_id': 113, 'availability_zone_hints': [], 'availability_zones': [], 'ipv4_address_scope': None, 'ipv6_address_scope': None, 'description': '', 'tags': [], 'created_at': '2025-12-12T13:21:27Z', 'updated_at': '2025-12-12T13:21:27Z', 'revision_number': 1} available for tenant
2025-12-12 13:22:34.422 65465 INFO tempest.lib.common.rest_client [req-a4ea1cbe-7618-4857-96b1-b0b08b5c4947 req-a4ea1cbe-7618-4857-96b1-b0b08b5c4947 ] Request (DeleteServersAdminTestJSON:test_delete_server_while_in_error_state): 204 DELETE http://10.180.1.21/compute/v2.1/servers/7b24c530-56bf-4666-96f9-e2dc66728f1a 4.078s
2025-12-12 13:22:34.478 65497 INFO tempest.lib.common.rest_client [req-10f37b5e-ed8c-4683-8087-37d70149a553 req-10f37b5e-ed8c-4683-8087-37d70149a553 ] Request (ServerGroup264TestJSON:tearDownClass): 204 DELETE http://10.180.1.21/identity/v3/users/5f26672a9a1248ca89bc2d1625209964 0.144s
2025-12-12 13:22:34.478 65497 INFO tempest.lib.common.dynamic_creds [-] Deleting project and security group for project: 83589fe354194407a4547caa54325fb2
2025-12-12 13:22:34.487 65505 INFO tempest.lib.common.rest_client [req-e79b1081-7aa9-4e8e-80f9-4ec2d951a478 req-e79b1081-7aa9-4e8e-80f9-4ec2d951a478 ] Request (ServerMetadataNegativeTestJSON:test_metadata_items_limit): 403 PUT http://10.180.1.21/compute/v2.1/servers/e40dc8ad-31cf-4798-ab97-3ee67c8fbe67/metadata 3.875s
2025-12-12 13:22:34.594 65481 INFO tempest.lib.common.rest_client [req-96cd3beb-2c1d-4bd0-97ec-1da8674d0ddc req-96cd3beb-2c1d-4bd0-97ec-1da8674d0ddc ] Request (QuotaClassesAdminTestJSON:test_update_default_quotas): 200 PUT http://10.180.1.21/compute/v2.1/os-quota-class-sets/default 3.915s
2025-12-12 13:22:34.756 65487 WARNING tempest.lib.common.ssh [-] Failed to establish authenticated ssh connection to cirros@10.180.180.152 ([Errno None] Unable to connect to port 22 on 10.180.180.152). Number attempts: 1. Retry after 2 seconds.: paramiko.ssh_exception.NoValidConnectionsError: [Errno None] Unable to connect to port 22 on 10.180.180.152
2025-12-12 13:22:34.886 65513 INFO tempest.lib.common.rest_client [req-67598d66-d03e-4421-9853-5cc24c997b90 req-67598d66-d03e-4421-9853-5cc24c997b90 ] Request (ServerActionsV293TestJSON:setUpClass): 200 GET http://10.180.1.21/volume/v3/volumes/f04439cd-6130-4943-97ee-01d8501c2efc 0.037s
2025-12-12 13:22:34.931 65499 INFO tempest.lib.common.rest_client [req-c09f7e94-67e2-4897-a0a4-6950e14c31eb req-c09f7e94-67e2-4897-a0a4-6950e14c31eb ] Request (ServersTestManualDisk:setUpClass): 200 PUT http://10.180.1.21/networking/v2.0/floatingips/96a0af0d-e3a4-469a-9da4-75e548fbc945 0.731s
2025-12-12 13:22:35.020 65511 INFO tempest.lib.common.rest_client [req-3aca8c81-5eb6-48cb-a97e-0f9770d7ca3e req-3aca8c81-5eb6-48cb-a97e-0f9770d7ca3e ] Request (TenantUsagesTestJSON:tearDownClass): 200 GET http://10.180.1.21/compute/v2.1/servers/7a3009bf-54a2-4565-a1aa-1d19286a4810 4.570s
2025-12-12 13:22:35.039 65497 INFO tempest.lib.common.rest_client [req-196c2a97-b25f-4972-87ba-decf876567ff req-196c2a97-b25f-4972-87ba-decf876567ff ] Request (ServerGroup264TestJSON:tearDownClass): 200 GET http://10.180.1.21/networking/v2.0/security-groups?tenant_id=83589fe354194407a4547caa54325fb2&name=default 0.560s
2025-12-12 13:22:35.136 65477 INFO tempest.lib.common.rest_client [req-c2e469c5-3321-463e-a66b-67dc11ecb4ff req-c2e469c5-3321-463e-a66b-67dc11ecb4ff ] Request (ServicesAdminNegativeV253TestJSON:test_disable_log_reason_with_invalid_service_id): 404 PUT http://10.180.1.21/compute/v2.1/os-services/95802e43-cced-44dc-b7f1-c86c1747a2ce 4.187s
2025-12-12 13:22:35.228 65497 INFO tempest.lib.common.rest_client [req-aca40aeb-775b-45cf-9d2e-dc9291889656 req-aca40aeb-775b-45cf-9d2e-dc9291889656 ] Request (ServerGroup264TestJSON:tearDownClass): 204 DELETE http://10.180.1.21/networking/v2.0/security-groups/36627e38-baf6-496a-962f-7aa8e400a24d 0.189s
2025-12-12 13:22:35.254 65483 INFO tempest.lib.common.rest_client [req-efc647c5-8cde-44b3-9ac5-e0fb04b4aea1 req-efc647c5-8cde-44b3-9ac5-e0fb04b4aea1 ] Request (ListServersNegativeTestJSON:setUpClass): 200 PUT http://10.180.1.21/networking/v2.0/routers/bbf7d12d-4377-46ca-a50a-222de7eea5f8/add_router_interface 1.561s
2025-12-12 13:22:35.254 65483 INFO tempest.lib.common.dynamic_creds [-] Created isolated network resources for: credentials: Credentials: {'domain_id': 'default', 'domain_name': 'Default', 'username': 'tempest-ListServersNegativeTestJSON-1289631193-project-member', 'project_domain_id': 'default', 'project_domain_name': 'Default', 'project_id': 'c347db6748d044e8842e336a7f25c815', 'project_name': 'tempest-ListServersNegativeTestJSON-1289631193', 'tenant_id': 'c347db6748d044e8842e336a7f25c815', 'tenant_name': 'tempest-ListServersNegativeTestJSON-1289631193', 'user_domain_id': 'default', 'user_domain_name': 'Default', 'user_id': '796101bf412844bf9c547a0d4376d8d9', 'system': None}, Network: {'id': '2ac1d31d-6b0c-453c-aea8-b0d8d314e799', 'name': 'tempest-ListServersNegativeTestJSON-438989191-network', 'tenant_id': 'c347db6748d044e8842e336a7f25c815', 'project_id': 'c347db6748d044e8842e336a7f25c815', 'admin_state_up': True, 'mtu': 8950, 'status': 'ACTIVE', 'subnets': [], 'shared': False, 'port_security_enabled': True, 'router:external': False, 'provider:network_type': 'vlan', 'provider:physical_network': 'default', 'provider:segmentation_id': 348, 'availability_zone_hints': [], 'availability_zones': [], 'ipv4_address_scope': None, 'ipv6_address_scope': None, 'description': '', 'tags': [], 'created_at': '2025-12-12T13:22:32Z', 'updated_at': '2025-12-12T13:22:32Z', 'revision_number': 1}, Subnet: {'id': 'cb87fe3d-2067-4821-ad81-f3f752836a81', 'name': 'tempest-ListServersNegativeTestJSON-438989191-subnet', 'tenant_id': 'c347db6748d044e8842e336a7f25c815', 'network_id': '2ac1d31d-6b0c-453c-aea8-b0d8d314e799', 'ip_version': 4, 'subnetpool_id': None, 'enable_dhcp': True, 'ipv6_ra_mode': None, 'ipv6_address_mode': None, 'gateway_ip': '192.168.128.1', 'cidr': '192.168.128.0/28', 'allocation_pools': [{'start': '192.168.128.2', 'end': '192.168.128.14'}], 'host_routes': [], 'dns_nameservers': [], 'description': '', 'router:external': False, 'service_types': [], 'tags': [], 'created_at': '2025-12-12T13:22:32Z', 'updated_at': '2025-12-12T13:22:32Z', 'revision_number': 0, 'project_id': 'c347db6748d044e8842e336a7f25c815'}, Router: {'id': 'bbf7d12d-4377-46ca-a50a-222de7eea5f8', 'name': 'tempest-ListServersNegativeTestJSON-438989191-router', 'tenant_id': 'c347db6748d044e8842e336a7f25c815', 'admin_state_up': True, 'status': 'ACTIVE', 'external_gateway_info': {'network_id': 'f91b3e31-bdf8-42e4-8e11-227fa98ed2a5', 'external_fixed_ips': [{'subnet_id': '708c4fe9-6585-400d-879b-7a4b6378f20d', 'ip_address': '10.180.180.136'}], 'enable_snat': True}, 'description': '', 'availability_zones': [], 'distributed': False, 'ha': False, 'availability_zone_hints': [], 'routes': [], 'flavor_id': None, 'tags': [], 'created_at': '2025-12-12T13:22:33Z', 'updated_at': '2025-12-12T13:22:33Z', 'revision_number': 2, 'project_id': 'c347db6748d044e8842e336a7f25c815'}
2025-12-12 13:22:35.341 65521 INFO tempest.lib.common.rest_client [req-be67027f-74ec-475e-aff2-984bbda9af67 req-be67027f-74ec-475e-aff2-984bbda9af67 ] Request (ServersTestBootFromVolume:setUpClass): 200 GET http://10.180.1.21/compute/v2.1/servers/7062b119-01a4-45f4-bb52-212178382271/os-interface 4.388s
2025-12-12 13:22:35.375 65483 INFO tempest.lib.common.rest_client [req-bc4107d3-1d21-44b7-a656-3fd2e835769a req-bc4107d3-1d21-44b7-a656-3fd2e835769a ] Request (ListServersNegativeTestJSON:setUpClass): 201 POST http://10.180.1.21/identity/v3/auth/tokens 0.117s
2025-12-12 13:22:35.408 65497 INFO tempest.lib.common.rest_client [req-1af52014-e205-423a-bebd-a825cefe4dce req-1af52014-e205-423a-bebd-a825cefe4dce ] Request (ServerGroup264TestJSON:tearDownClass): 204 DELETE http://10.180.1.21/identity/v3/projects/83589fe354194407a4547caa54325fb2 0.180s
2025-12-12 13:22:35.409 65497 INFO tempest.test [-] raised in ServerBootFromVolumeStableRescueTest.setUpClass. Invoking tearDownClass.
2025-12-12 13:22:35.454 65483 INFO tempest.lib.common.rest_client [req-34e43ff7-240a-4b23-8755-4a79bad5686c req-34e43ff7-240a-4b23-8755-4a79bad5686c ] Request (ListServersNegativeTestJSON:setUpClass): 201 POST http://10.180.1.21/identity/v3/auth/tokens 0.076s
2025-12-12 13:22:35.455 65483 INFO tempest.lib.common.fixed_network [-] (ListServersNegativeTestJSON:setUpClass) Found network {'id': '2ac1d31d-6b0c-453c-aea8-b0d8d314e799', 'name': 'tempest-ListServersNegativeTestJSON-438989191-network', 'tenant_id': 'c347db6748d044e8842e336a7f25c815', 'project_id': 'c347db6748d044e8842e336a7f25c815', 'admin_state_up': True, 'mtu': 8950, 'status': 'ACTIVE', 'subnets': [], 'shared': False, 'port_security_enabled': True, 'router:external': False, 'provider:network_type': 'vlan', 'provider:physical_network': 'default', 'provider:segmentation_id': 348, 'availability_zone_hints': [], 'availability_zones': [], 'ipv4_address_scope': None, 'ipv6_address_scope': None, 'description': '', 'tags': [], 'created_at': '2025-12-12T13:22:32Z', 'updated_at': '2025-12-12T13:22:32Z', 'revision_number': 1} available for tenant
2025-12-12 13:22:35.494 65497 INFO tempest.lib.common.rest_client [req-0f49d105-969c-48f1-b803-98002871618a req-0f49d105-969c-48f1-b803-98002871618a ] Request (ExtensionsTest:setUpClass): 201 POST http://10.180.1.21/identity/v3/auth/tokens 0.081s
2025-12-12 13:22:35.505 65517 INFO tempest.lib.common.rest_client [req-780cb425-33ab-49f8-9a85-44a33026179e req-780cb425-33ab-49f8-9a85-44a33026179e ] Request (ServerRescueTestJSONUnderV235:setUpClass): 200 GET http://10.180.1.21/compute/v2.1/servers/b20a2c71-514d-488a-8edb-8fb0274a894a 4.444s
2025-12-12 13:22:35.538 65497 INFO tempest.lib.common.rest_client [req-4f753061-fa77-49d6-a7c0-a4c99231f1ce req-4f753061-fa77-49d6-a7c0-a4c99231f1ce ] Request (ExtensionsTest:setUpClass): 201 POST http://10.180.1.21/identity/v3/auth/tokens 0.040s
2025-12-12 13:22:35.541 65489 INFO tempest.lib.common.rest_client [req-f56827ae-9d99-4fcc-9b1f-5edc4bf0e781 req-f56827ae-9d99-4fcc-9b1f-5edc4bf0e781 ] Request (FloatingIPsAssociationNegativeTestJSON:test_associate_ip_to_server_without_passing_floating_ip): 400 POST http://10.180.1.21/compute/v2.1/servers/ccd68268-d0fc-406e-896f-c61b114dd75d/action 3.932s
2025-12-12 13:22:35.577 65497 INFO tempest.lib.common.rest_client [req-49386c88-ce86-4cef-b8f3-7ed4ae9c2c0d req-49386c88-ce86-4cef-b8f3-7ed4ae9c2c0d ] Request (ExtensionsTest:setUpClass): 200 GET http://10.180.1.21/identity/v3/domains?name=Default 0.039s
2025-12-12 13:22:35.598 65479 INFO tempest.lib.common.rest_client [req-f7aa796b-3126-4d67-bb5b-8942ed5b1553 req-f7aa796b-3126-4d67-bb5b-8942ed5b1553 ] Request (AggregatesAdminNegativeTestJSON:test_aggregate_remove_host_as_user): 200 POST http://10.180.1.21/compute/v2.1/os-aggregates 3.973s
2025-12-12 13:22:35.635 65497 INFO tempest.lib.common.rest_client [req-c3bca2f4-952a-4060-91ed-bec2571f885a req-c3bca2f4-952a-4060-91ed-bec2571f885a ] Request (ExtensionsTest:setUpClass): 201 POST http://10.180.1.21/identity/v3/projects 0.056s
2025-12-12 13:22:35.736 65497 INFO tempest.lib.common.rest_client [req-2bba75c3-27ab-495f-9d9e-275b2ee3c9ec req-2bba75c3-27ab-495f-9d9e-275b2ee3c9ec ] Request (ExtensionsTest:setUpClass): 201 POST http://10.180.1.21/identity/v3/users 0.100s
2025-12-12 13:22:35.761 65497 INFO tempest.lib.common.rest_client [req-9828f984-940e-49ca-a502-bc57a60b7b78 req-9828f984-940e-49ca-a502-bc57a60b7b78 ] Request (ExtensionsTest:setUpClass): 200 GET http://10.180.1.21/identity/v3/roles 0.025s
2025-12-12 13:22:35.795 65471 INFO tempest.lib.common.rest_client [req-7e3c58e6-eee1-47cd-a321-d775538aedc5 req-7e3c58e6-eee1-47cd-a321-d775538aedc5 ] Request (MultipleCreateTestJSON:test_multiple_create_with_reservation_return): 200 GET http://10.180.1.21/compute/v2.1/servers/07b83b81-9c65-4180-b208-c96525b78d8a 4.080s
2025-12-12 13:22:35.810 65497 INFO tempest.lib.common.rest_client [req-1649eac7-6075-4063-a815-641e2af4af88 req-1649eac7-6075-4063-a815-641e2af4af88 ] Request (ExtensionsTest:setUpClass): 204 PUT http://10.180.1.21/identity/v3/projects/5489e36ff4c944f8a78359798a916cf3/users/8747a29c93a64b12959db40d035ea6da/roles/425a58fa8a1b42d6aafe4dbc3139cb12 0.048s
2025-12-12 13:22:35.810 65497 INFO tempest.lib.common.dynamic_creds [-] Dynamic test user 8747a29c93a64b12959db40d035ea6da is created with scope project and roles: ['member']
2025-12-12 13:22:35.810 65497 INFO tempest.lib.common.dynamic_creds [-] Acquired dynamic creds: credentials: Credentials: {'domain_id': 'default', 'domain_name': 'Default', 'username': 'tempest-ExtensionsTest-422120731-project-member', 'project_domain_id': 'default', 'project_domain_name': 'Default', 'project_id': '5489e36ff4c944f8a78359798a916cf3', 'project_name': 'tempest-ExtensionsTest-422120731', 'tenant_id': '5489e36ff4c944f8a78359798a916cf3', 'tenant_name': 'tempest-ExtensionsTest-422120731', 'user_domain_id': 'default', 'user_domain_name': 'Default', 'user_id': '8747a29c93a64b12959db40d035ea6da', 'system': None}, Network: None, Subnet: None, Router: None
2025-12-12 13:22:35.810 65497 INFO tempest.lib.common.dynamic_creds [-] Created isolated network resources for: credentials: Credentials: {'domain_id': 'default', 'domain_name': 'Default', 'username': 'tempest-ExtensionsTest-422120731-project-member', 'project_domain_id': 'default', 'project_domain_name': 'Default', 'project_id': '5489e36ff4c944f8a78359798a916cf3', 'project_name': 'tempest-ExtensionsTest-422120731', 'tenant_id': '5489e36ff4c944f8a78359798a916cf3', 'tenant_name': 'tempest-ExtensionsTest-422120731', 'user_domain_id': 'default', 'user_domain_name': 'Default', 'user_id': '8747a29c93a64b12959db40d035ea6da', 'system': None}, Network: None, Subnet: None, Router: None
2025-12-12 13:22:35.887 65519 INFO tempest.lib.common.rest_client [req-81c7eb61-303f-40d4-9860-61e4e2727bfe req-81c7eb61-303f-40d4-9860-61e4e2727bfe ] Request (FloatingIPsAssociationTestJSON:setUpClass): 202 POST http://10.180.1.21/compute/v2.1/servers 5.006s
2025-12-12 13:22:35.910 65497 INFO tempest.lib.common.rest_client [req-81434791-1db5-4d28-be85-efe2aef77329 req-81434791-1db5-4d28-be85-efe2aef77329 ] Request (ExtensionsTest:setUpClass): 201 POST http://10.180.1.21/identity/v3/auth/tokens 0.097s
2025-12-12 13:22:35.933 65495 INFO tempest.lib.common.rest_client [req-7e3a6995-cbd0-42c5-a55d-65ac5d0794fe req-7e3a6995-cbd0-42c5-a55d-65ac5d0794fe ] Request (ServerActionsTestOtherB:setUpClass): 200 GET http://10.180.1.21/compute/v2.1/servers/71e6e280-50c3-4655-a6a3-40ea4c650d96 3.729s
2025-12-12 13:22:35.944 65467 INFO tempest.lib.common.rest_client [req-3777c6db-703e-41ac-90f5-54505c86e8fc req-3777c6db-703e-41ac-90f5-54505c86e8fc ] Request (ListImageFiltersTestJSON:setUpClass): 200 GET http://10.180.1.21/compute/v2.1/images/a656a63b-c667-4970-863b-5666f3f5df1d 3.390s
2025-12-12 13:22:35.945 65513 INFO tempest.lib.common.rest_client [req-a4cf5815-39cf-411a-9010-3dbba859ef48 req-a4cf5815-39cf-411a-9010-3dbba859ef48 ] Request (ServerActionsV293TestJSON:setUpClass): 200 GET http://10.180.1.21/volume/v3/volumes/f04439cd-6130-4943-97ee-01d8501c2efc 0.048s
2025-12-12 13:22:36.066 65521 INFO tempest.lib.common.rest_client [req-35b69f92-57ef-46e8-8791-dbf6cd0e8645 req-35b69f92-57ef-46e8-8791-dbf6cd0e8645 ] Request (ServersTestBootFromVolume:setUpClass): 200 PUT http://10.180.1.21/networking/v2.0/floatingips/6deb6e0e-77cc-4bad-806a-a20f0886fb80 0.721s
2025-12-12 13:22:36.145 65475 INFO tempest.lib.common.rest_client [req-b93d255d-9d55-45ac-a0db-811da7a845c9 req-b93d255d-9d55-45ac-a0db-811da7a845c9 ] Request (ImagesOneServerTestJSON:setUpClass): 200 GET http://10.180.1.21/compute/v2.1/servers/f7446d76-45c2-4e8b-981d-d37c230cf125 2.698s
2025-12-12 13:22:36.154 65491 INFO tempest.lib.common.rest_client [req-e79de2a2-e1f5-4d51-a63d-24ad574a9e79 req-e79de2a2-e1f5-4d51-a63d-24ad574a9e79 ] Request (ServersAdminTestJSON:test_inject_network_info): 200 GET http://10.180.1.21/compute/v2.1/servers/ad53146e-210d-4321-b819-90795c1af260 2.669s
2025-12-12 13:22:36.161 65475 INFO tempest.common.waiters [-] State transition "BUILD/spawning" ==> "ACTIVE/None" after 24 second wait
2025-12-12 13:22:36.164 65491 INFO tempest.common.waiters [-] State transition "BUILD/networking" ==> "BUILD/spawning" after 12 second wait
2025-12-12 13:22:36.171 65473 INFO tempest.lib.common.rest_client [req-28a2b9be-cd85-474c-8d7b-785d41b9e23e req-28a2b9be-cd85-474c-8d7b-785d41b9e23e ] Request (FlavorsV2TestJSON:test_list_flavors_using_marker): 200 GET http://10.180.1.21/compute/v2.1/flavors/42 1.911s
2025-12-12 13:22:36.204 65515 INFO tempest.lib.common.rest_client [req-49f4cafb-8056-491c-b833-764314c9629d req-49f4cafb-8056-491c-b833-764314c9629d ] Request (FlavorsAdminTestJSON:_run_cleanups): 200 GET http://10.180.1.21/compute/v2.1/flavors/detail 1.922s
2025-12-12 13:22:36.210 65501 INFO tempest.lib.common.rest_client [req-e11ff7aa-6c8d-43a9-8638-b6c1ce32f846 req-e11ff7aa-6c8d-43a9-8638-b6c1ce32f846 ] Request (ServerDiagnosticsV248Test:test_get_server_diagnostics): 200 GET http://10.180.1.21/compute/v2.1/servers/a2b72bac-6806-4b7b-b972-32aea52f7c82 2.350s
2025-12-12 13:22:36.221 65485 INFO tempest.lib.common.rest_client [req-6b522557-12e7-4f6c-806b-089cba71c36f req-6b522557-12e7-4f6c-806b-089cba71c36f ] Request (KeyPairsV2TestJSON:_run_cleanups): 202 DELETE http://10.180.1.21/compute/v2.1/os-keypairs/tempest-KeyPairsV2TestJSON-keypair-525229670 1.937s
2025-12-12 13:22:36.227 65501 INFO tempest.common.waiters [-] State transition "BUILD/None" ==> "BUILD/spawning" after 11 second wait
2025-12-12 13:22:36.233 65469 INFO tempest.lib.common.rest_client [req-adfcb613-ee50-4292-be5b-d7df882e2f74 req-adfcb613-ee50-4292-be5b-d7df882e2f74 ] Request (FlavorsAccessNegativeTestJSON:_run_cleanups): 200 GET http://10.180.1.21/compute/v2.1/flavors/detail 1.899s
2025-12-12 13:22:36.344 65503 WARNING tempest.lib.common.ssh [-] Failed to establish authenticated ssh connection to cirros@10.180.180.219 ([Errno None] Unable to connect to port 22 on 10.180.180.219). Number attempts: 4. Retry after 5 seconds.: paramiko.ssh_exception.NoValidConnectionsError: [Errno None] Unable to connect to port 22 on 10.180.180.219
2025-12-12 13:22:36.390 65469 INFO tempest.lib.common.rest_client [req-5a62b529-8d47-4e5b-8b60-10cd2858dabd req-5a62b529-8d47-4e5b-8b60-10cd2858dabd ] Request (FlavorsAccessNegativeTestJSON:tearDownClass): 204 DELETE http://10.180.1.21/identity/v3/users/b7369832760f4c06ab8d80b31d04e926 0.145s
2025-12-12 13:22:36.410 65485 INFO tempest.lib.common.rest_client [req-eca05e8b-fd6e-470a-a9db-9aeb8faa4a79 req-eca05e8b-fd6e-470a-a9db-9aeb8faa4a79 ] Request (KeyPairsV2TestJSON:tearDownClass): 204 DELETE http://10.180.1.21/identity/v3/users/bb83c4f57e0e434981d4d6efb3a21e1b 0.185s
2025-12-12 13:22:36.410 65485 INFO tempest.lib.common.dynamic_creds [-] Deleting project and security group for project: 43333609d23f4075bd46cc0f1216b1c5
2025-12-12 13:22:36.438 65465 INFO tempest.lib.common.rest_client [req-b6467565-e20c-4df8-9ad1-6c6408b4e654 req-b6467565-e20c-4df8-9ad1-6c6408b4e654 ] Request (DeleteServersAdminTestJSON:test_delete_server_while_in_error_state): 200 GET http://10.180.1.21/compute/v2.1/servers/7b24c530-56bf-4666-96f9-e2dc66728f1a 2.015s
2025-12-12 13:22:36.514 65485 INFO tempest.lib.common.rest_client [req-b340b283-367c-47c5-a9b5-bc59f282b65e req-b340b283-367c-47c5-a9b5-bc59f282b65e ] Request (KeyPairsV2TestJSON:tearDownClass): 201 POST http://10.180.1.21/identity/v3/auth/tokens 0.103s
2025-12-12 13:22:36.584 65469 INFO tempest.lib.common.rest_client [req-fffd8840-cda8-4729-99e4-f21cd837e3fa req-fffd8840-cda8-4729-99e4-f21cd837e3fa ] Request (FlavorsAccessNegativeTestJSON:tearDownClass): 204 DELETE http://10.180.1.21/identity/v3/users/0abc0bef4b164cb48f38a91cb634d1b3 0.193s
2025-12-12 13:22:36.593 65505 INFO tempest.lib.common.rest_client [req-9c8b519c-4d7e-492a-b0d1-dbaf45acfe33 req-9c8b519c-4d7e-492a-b0d1-dbaf45acfe33 ] Request (ServerMetadataNegativeTestJSON:test_metadata_items_limit): 200 POST http://10.180.1.21/compute/v2.1/servers/e40dc8ad-31cf-4798-ab97-3ee67c8fbe67/metadata 2.105s
2025-12-12 13:22:36.632 65481 INFO tempest.lib.common.rest_client [req-28769333-38b3-4b7a-bf70-b2ba37c065b9 req-28769333-38b3-4b7a-bf70-b2ba37c065b9 ] Request (QuotaClassesAdminTestJSON:test_update_default_quotas): 200 GET http://10.180.1.21/compute/v2.1/os-quota-class-sets/default 2.036s
