2025-12-12 13:22:46.963 65493 INFO tempest.lib.common.rest_client [req-8ead562c-ef1f-4d76-b2d3-523099e86ffa req-8ead562c-ef1f-4d76-b2d3-523099e86ffa ] Request (SecurityGroupRulesNegativeTestJSON:setUpClass): 200 GET http://10.180.1.21/identity/v3/roles 0.023s
2025-12-12 13:22:46.969 65479 INFO tempest.lib.common.rest_client [req-a95ebeff-38bb-4859-b36e-7fa91df4e41b req-a95ebeff-38bb-4859-b36e-7fa91df4e41b ] Request (AggregatesAdminNegativeTestJSON:tearDownClass): 204 DELETE http://10.180.1.21/networking/v2.0/security-groups/09183d64-af25-416b-a494-bbbfddbcb5df 0.103s
2025-12-12 13:22:46.995 65493 INFO tempest.lib.common.rest_client [req-efdc951e-0a61-4deb-80d7-0d0179e64c4f req-efdc951e-0a61-4deb-80d7-0d0179e64c4f ] Request (SecurityGroupRulesNegativeTestJSON:setUpClass): 204 PUT http://10.180.1.21/identity/v3/projects/54bd6890e566439f8a9180627697556f/users/066d64d7b6a64684bf9a8d145d18dfff/roles/425a58fa8a1b42d6aafe4dbc3139cb12 0.031s
2025-12-12 13:22:46.995 65493 INFO tempest.lib.common.dynamic_creds [-] Dynamic test user 066d64d7b6a64684bf9a8d145d18dfff is created with scope project and roles: ['member']
2025-12-12 13:22:46.995 65493 INFO tempest.lib.common.dynamic_creds [-] Acquired dynamic creds: credentials: Credentials: {'domain_id': 'default', 'domain_name': 'Default', 'username': 'tempest-SecurityGroupRulesNegativeTestJSON-818363803-project-member', 'project_domain_id': 'default', 'project_domain_name': 'Default', 'project_id': '54bd6890e566439f8a9180627697556f', 'project_name': 'tempest-SecurityGroupRulesNegativeTestJSON-818363803', 'tenant_id': '54bd6890e566439f8a9180627697556f', 'tenant_name': 'tempest-SecurityGroupRulesNegativeTestJSON-818363803', 'user_domain_id': 'default', 'user_domain_name': 'Default', 'user_id': '066d64d7b6a64684bf9a8d145d18dfff', 'system': None}, Network: None, Subnet: None, Router: None
2025-12-12 13:22:47.047 65479 INFO tempest.lib.common.rest_client [req-24a49915-7421-4069-9211-ef994a8abc5b req-24a49915-7421-4069-9211-ef994a8abc5b ] Request (AggregatesAdminNegativeTestJSON:tearDownClass): 204 DELETE http://10.180.1.21/identity/v3/projects/9b188855bc9044c5873829b63481a0d9 0.077s
2025-12-12 13:22:47.048 65479 INFO tempest.test [-] raised in LiveMigrationRemoteConsolesV26Test.setUpClass. Invoking tearDownClass.
2025-12-12 13:22:47.058 65493 INFO tempest.lib.common.rest_client [req-0e377892-fb8e-4632-84d9-a38498c12474 req-0e377892-fb8e-4632-84d9-a38498c12474 ] Request (SecurityGroupRulesNegativeTestJSON:setUpClass): 201 POST http://10.180.1.21/identity/v3/auth/tokens 0.063s
2025-12-12 13:22:47.076 65477 INFO tempest.lib.common.rest_client [req-760a590f-5836-462f-8b38-10a6534fe75d req-760a590f-5836-462f-8b38-10a6534fe75d ] Request (ServicesAdminNegativeV253TestJSON:tearDownClass): 200 GET http://10.180.1.21/networking/v2.0/security-groups?tenant_id=b813d08cf724490eb032e82f0185d074&name=default 0.171s
2025-12-12 13:22:47.086 65479 INFO tempest.lib.common.rest_client [req-0c42c492-d3c1-4e1c-b585-46afed30a3ea req-0c42c492-d3c1-4e1c-b585-46afed30a3ea ] Request (QuotasAdminNegativeTest:setUpClass): 201 POST http://10.180.1.21/identity/v3/auth/tokens 0.035s
2025-12-12 13:22:47.122 65479 INFO tempest.lib.common.rest_client [req-abd8d007-280b-496c-8464-36aa302187bc req-abd8d007-280b-496c-8464-36aa302187bc ] Request (QuotasAdminNegativeTest:setUpClass): 201 POST http://10.180.1.21/identity/v3/auth/tokens 0.031s
2025-12-12 13:22:47.149 65479 INFO tempest.lib.common.rest_client [req-00eeb8f9-0d4e-4036-9dbd-9ce03fcd05a0 req-00eeb8f9-0d4e-4036-9dbd-9ce03fcd05a0 ] Request (QuotasAdminNegativeTest:setUpClass): 200 GET http://10.180.1.21/identity/v3/domains?name=Default 0.026s
2025-12-12 13:22:47.184 65479 INFO tempest.lib.common.rest_client [req-f0c18dfd-d47b-4ca2-b0ea-b75d9eb9bd58 req-f0c18dfd-d47b-4ca2-b0ea-b75d9eb9bd58 ] Request (QuotasAdminNegativeTest:setUpClass): 201 POST http://10.180.1.21/identity/v3/projects 0.035s
2025-12-12 13:22:47.200 65477 INFO tempest.lib.common.rest_client [req-04e9952c-19ff-4fe3-b3fd-68b9ac59226a req-04e9952c-19ff-4fe3-b3fd-68b9ac59226a ] Request (ServicesAdminNegativeV253TestJSON:tearDownClass): 204 DELETE http://10.180.1.21/networking/v2.0/security-groups/eb171e58-6969-4802-bcc2-2fb9309866e2 0.124s
2025-12-12 13:22:47.249 65479 INFO tempest.lib.common.rest_client [req-440b5836-82df-45a8-80c6-5db625c271a0 req-440b5836-82df-45a8-80c6-5db625c271a0 ] Request (QuotasAdminNegativeTest:setUpClass): 201 POST http://10.180.1.21/identity/v3/users 0.064s
2025-12-12 13:22:47.277 65479 INFO tempest.lib.common.rest_client [req-0ae08e3d-6237-4dc8-940a-170649184fbe req-0ae08e3d-6237-4dc8-940a-170649184fbe ] Request (QuotasAdminNegativeTest:setUpClass): 200 GET http://10.180.1.21/identity/v3/roles 0.027s
2025-12-12 13:22:47.302 65477 INFO tempest.lib.common.rest_client [req-e4733d95-ea61-4e09-82e2-c814ce09be54 req-e4733d95-ea61-4e09-82e2-c814ce09be54 ] Request (ServicesAdminNegativeV253TestJSON:tearDownClass): 204 DELETE http://10.180.1.21/identity/v3/projects/b813d08cf724490eb032e82f0185d074 0.102s
2025-12-12 13:22:47.303 65477 INFO tempest.lib.common.dynamic_creds [-] Deleting project and security group for project: 35061e477ccd4b9da81b1e27c19438cd
2025-12-12 13:22:47.356 65493 INFO tempest.lib.common.rest_client [req-6697cdb9-58c7-4849-b434-0acc42994641 req-6697cdb9-58c7-4849-b434-0acc42994641 ] Request (SecurityGroupRulesNegativeTestJSON:setUpClass): 201 POST http://10.180.1.21/networking/v2.0/networks 0.297s
2025-12-12 13:22:47.373 65479 INFO tempest.lib.common.rest_client [req-66da176c-fee2-46fc-8ead-532b1ff9d198 req-66da176c-fee2-46fc-8ead-532b1ff9d198 ] Request (QuotasAdminNegativeTest:setUpClass): 204 PUT http://10.180.1.21/identity/v3/projects/0e2a7ec1d8c845c99ad1ce40fd8a1dd2/users/56c05127cbda48a5b53f8d721678d17e/roles/425a58fa8a1b42d6aafe4dbc3139cb12 0.095s
2025-12-12 13:22:47.373 65479 INFO tempest.lib.common.dynamic_creds [-] Dynamic test user 56c05127cbda48a5b53f8d721678d17e is created with scope project and roles: ['member']
2025-12-12 13:22:47.373 65479 INFO tempest.lib.common.dynamic_creds [-] Acquired dynamic creds: credentials: Credentials: {'domain_id': 'default', 'domain_name': 'Default', 'username': 'tempest-QuotasAdminNegativeTest-1040635584-project-member', 'project_domain_id': 'default', 'project_domain_name': 'Default', 'project_id': '0e2a7ec1d8c845c99ad1ce40fd8a1dd2', 'project_name': 'tempest-QuotasAdminNegativeTest-1040635584', 'tenant_id': '0e2a7ec1d8c845c99ad1ce40fd8a1dd2', 'tenant_name': 'tempest-QuotasAdminNegativeTest-1040635584', 'user_domain_id': 'default', 'user_domain_name': 'Default', 'user_id': '56c05127cbda48a5b53f8d721678d17e', 'system': None}, Network: None, Subnet: None, Router: None
2025-12-12 13:22:47.373 65479 INFO tempest.lib.common.dynamic_creds [-] Created isolated network resources for: credentials: Credentials: {'domain_id': 'default', 'domain_name': 'Default', 'username': 'tempest-QuotasAdminNegativeTest-1040635584-project-member', 'project_domain_id': 'default', 'project_domain_name': 'Default', 'project_id': '0e2a7ec1d8c845c99ad1ce40fd8a1dd2', 'project_name': 'tempest-QuotasAdminNegativeTest-1040635584', 'tenant_id': '0e2a7ec1d8c845c99ad1ce40fd8a1dd2', 'tenant_name': 'tempest-QuotasAdminNegativeTest-1040635584', 'user_domain_id': 'default', 'user_domain_name': 'Default', 'user_id': '56c05127cbda48a5b53f8d721678d17e', 'system': None}, Network: None, Subnet: None, Router: None
2025-12-12 13:22:47.438 65509 INFO tempest.lib.common.rest_client [req-cddec31d-d80c-49f9-9924-c042a54c6f62 req-cddec31d-d80c-49f9-9924-c042a54c6f62 ] Request (MigrationsAdminTest:test_resize_server_revert_deleted_flavor): 202 POST http://10.180.1.21/compute/v2.1/servers 0.954s
2025-12-12 13:22:47.477 65477 INFO tempest.lib.common.rest_client [req-e05df115-9a23-40af-9ce2-1f2c2bc14677 req-e05df115-9a23-40af-9ce2-1f2c2bc14677 ] Request (ServicesAdminNegativeV253TestJSON:tearDownClass): 200 GET http://10.180.1.21/networking/v2.0/security-groups?tenant_id=35061e477ccd4b9da81b1e27c19438cd&name=default 0.174s
2025-12-12 13:22:47.491 65481 INFO tempest.lib.common.rest_client [req-9542b4db-ce42-44b5-8b0e-86f3a6633644 req-9542b4db-ce42-44b5-8b0e-86f3a6633644 ] Request (KeyPairsNegativeTestJSON:test_create_keypair_with_empty_public_key): 400 POST http://10.180.1.21/compute/v2.1/os-keypairs 0.914s
2025-12-12 13:22:47.523 65479 INFO tempest.lib.common.rest_client [req-1290e808-ef5f-41d2-ba06-7782a66fdc9a req-1290e808-ef5f-41d2-ba06-7782a66fdc9a ] Request (QuotasAdminNegativeTest:setUpClass): 201 POST http://10.180.1.21/identity/v3/auth/tokens 0.145s
2025-12-12 13:22:47.652 65477 INFO tempest.lib.common.rest_client [req-eb0e8fb9-677a-4b7b-9f68-3416b17490c3 req-eb0e8fb9-677a-4b7b-9f68-3416b17490c3 ] Request (ServicesAdminNegativeV253TestJSON:tearDownClass): 204 DELETE http://10.180.1.21/networking/v2.0/security-groups/233361b8-d276-4aa0-9c26-d3b3cb5e241c 0.174s
2025-12-12 13:22:47.652 65493 INFO tempest.lib.common.rest_client [req-887e028d-2d91-4b99-821f-b59718dd05d2 req-887e028d-2d91-4b99-821f-b59718dd05d2 ] Request (SecurityGroupRulesNegativeTestJSON:setUpClass): 201 POST http://10.180.1.21/networking/v2.0/subnets 0.294s
2025-12-12 13:22:47.656 65479 INFO tempest.lib.common.rest_client [req-ad64a818-53a0-42ea-930b-6454198268bf req-ad64a818-53a0-42ea-930b-6454198268bf ] Request (QuotasAdminNegativeTest:setUpClass): 201 POST http://10.180.1.21/identity/v3/projects 0.132s
2025-12-12 13:22:47.767 65479 INFO tempest.lib.common.rest_client [req-4f357c46-0900-4ba3-9cc3-b50c0f1cb8c0 req-4f357c46-0900-4ba3-9cc3-b50c0f1cb8c0 ] Request (QuotasAdminNegativeTest:setUpClass): 201 POST http://10.180.1.21/identity/v3/users 0.110s
2025-12-12 13:22:47.768 65513 INFO tempest.lib.common.rest_client [req-80cc2627-b323-4d58-8127-a9fb775d9c5f req-80cc2627-b323-4d58-8127-a9fb775d9c5f ] Request (ServerActionsV293TestJSON:setUpClass): 202 POST http://10.180.1.21/compute/v2.1/servers 1.339s
2025-12-12 13:22:47.792 65479 INFO tempest.lib.common.rest_client [req-323998d1-fea8-4d36-82cb-21835de4e5ce req-323998d1-fea8-4d36-82cb-21835de4e5ce ] Request (QuotasAdminNegativeTest:setUpClass): 200 GET http://10.180.1.21/identity/v3/roles 0.024s
2025-12-12 13:22:47.822 65477 INFO tempest.lib.common.rest_client [req-c41d0b25-7752-41f5-91db-61b503e01741 req-c41d0b25-7752-41f5-91db-61b503e01741 ] Request (ServicesAdminNegativeV253TestJSON:tearDownClass): 204 DELETE http://10.180.1.21/identity/v3/projects/35061e477ccd4b9da81b1e27c19438cd 0.169s
2025-12-12 13:22:47.845 65517 INFO tempest.lib.common.rest_client [req-32b1395e-0b50-44c1-97a8-1f1cc1aa49af req-32b1395e-0b50-44c1-97a8-1f1cc1aa49af ] Request (ServerRescueTestJSONUnderV235:setUpClass): 200 GET http://10.180.1.21/compute/v2.1/servers/b20a2c71-514d-488a-8edb-8fb0274a894a 1.236s
2025-12-12 13:22:47.862 65505 INFO tempest.lib.common.rest_client [req-6ce52a50-2d23-4997-b6a4-ed9104ad183a req-6ce52a50-2d23-4997-b6a4-ed9104ad183a ] Request (ServerMetadataNegativeTestJSON:test_update_metadata_non_existent_server): 404 POST http://10.180.1.21/compute/v2.1/servers/d3a9e6ca-48b9-443e-890f-757bd475b9b9/metadata 1.131s
2025-12-12 13:22:47.865 65477 INFO tempest.lib.common.rest_client [req-c58e523b-f462-44bf-b6b0-ab6fbf66ff29 req-c58e523b-f462-44bf-b6b0-ab6fbf66ff29 ] Request (ListImagesTestJSON:setUpClass): 201 POST http://10.180.1.21/identity/v3/auth/tokens 0.041s
2025-12-12 13:22:47.891 65479 INFO tempest.lib.common.rest_client [req-2c2afd6a-c8a2-42a1-9c47-61c122e18183 req-2c2afd6a-c8a2-42a1-9c47-61c122e18183 ] Request (QuotasAdminNegativeTest:setUpClass): 204 PUT http://10.180.1.21/identity/v3/projects/fb028c3fba754da4a1882f1f25e6cb3d/users/6fee1479f50345779aae8063b24ecc12/roles/30ad404b2c69467c818e0ffa734a0371 0.098s
2025-12-12 13:22:47.916 65471 INFO tempest.lib.common.rest_client [req-9d1f85cd-51c8-4550-b43e-98c3e7734ead req-9d1f85cd-51c8-4550-b43e-98c3e7734ead ] Request (MultipleCreateTestJSON:test_multiple_create_with_reservation_return): 200 GET http://10.180.1.21/compute/v2.1/servers/07b83b81-9c65-4180-b208-c96525b78d8a 1.193s
2025-12-12 13:22:47.944 65515 INFO tempest.lib.common.rest_client [req-c8537d0b-72d2-467a-be9e-97916dd8a716 req-c8537d0b-72d2-467a-be9e-97916dd8a716 ] Request (FlavorsAdminTestJSON:test_is_public_string_variations): 200 GET http://10.180.1.21/compute/v2.1/flavors/detail?is_public=1 1.173s
2025-12-12 13:22:47.958 65461 INFO tempest.lib.common.rest_client [req-9d594bde-fa23-42b8-b48f-f7e5d62133ea req-9d594bde-fa23-42b8-b48f-f7e5d62133ea ] Request (DeleteServersTestJSON:test_delete_server_while_in_attached_volume): 200 GET http://10.180.1.21/compute/v2.1/servers/c7739dfd-88d6-46ac-b3a0-e7dfe9b00332 1.214s
2025-12-12 13:22:47.961 65479 INFO tempest.lib.common.rest_client [req-1ebe07cd-616e-4691-84e3-b4efb9cc7f7b req-1ebe07cd-616e-4691-84e3-b4efb9cc7f7b ] Request (QuotasAdminNegativeTest:setUpClass): 200 GET http://10.180.1.21/identity/v3/roles 0.069s
2025-12-12 13:22:47.992 65479 INFO tempest.lib.common.rest_client [req-4e0331b4-f9a7-484d-8d47-a97c961a41fc req-4e0331b4-f9a7-484d-8d47-a97c961a41fc ] Request (QuotasAdminNegativeTest:setUpClass): 204 PUT http://10.180.1.21/identity/v3/projects/fb028c3fba754da4a1882f1f25e6cb3d/users/6fee1479f50345779aae8063b24ecc12/roles/30ad404b2c69467c818e0ffa734a0371 0.031s
2025-12-12 13:22:47.993 65479 INFO tempest.lib.common.dynamic_creds [-] Dynamic test user 6fee1479f50345779aae8063b24ecc12 is created with scope project and roles: ['admin']
2025-12-12 13:22:47.993 65479 INFO tempest.lib.common.dynamic_creds [-] Acquired dynamic creds: credentials: Credentials: {'domain_id': 'default', 'domain_name': 'Default', 'username': 'tempest-QuotasAdminNegativeTest-1680947827-project-admin', 'project_domain_id': 'default', 'project_domain_name': 'Default', 'project_id': 'fb028c3fba754da4a1882f1f25e6cb3d', 'project_name': 'tempest-QuotasAdminNegativeTest-1680947827', 'tenant_id': 'fb028c3fba754da4a1882f1f25e6cb3d', 'tenant_name': 'tempest-QuotasAdminNegativeTest-1680947827', 'user_domain_id': 'default', 'user_domain_name': 'Default', 'user_id': '6fee1479f50345779aae8063b24ecc12', 'system': None}, Network: None, Subnet: None, Router: None
2025-12-12 13:22:47.993 65479 INFO tempest.lib.common.dynamic_creds [-] Created isolated network resources for: credentials: Credentials: {'domain_id': 'default', 'domain_name': 'Default', 'username': 'tempest-QuotasAdminNegativeTest-1680947827-project-admin', 'project_domain_id': 'default', 'project_domain_name': 'Default', 'project_id': 'fb028c3fba754da4a1882f1f25e6cb3d', 'project_name': 'tempest-QuotasAdminNegativeTest-1680947827', 'tenant_id': 'fb028c3fba754da4a1882f1f25e6cb3d', 'tenant_name': 'tempest-QuotasAdminNegativeTest-1680947827', 'user_domain_id': 'default', 'user_domain_name': 'Default', 'user_id': '6fee1479f50345779aae8063b24ecc12', 'system': None}, Network: None, Subnet: None, Router: None
2025-12-12 13:22:47.998 65477 INFO tempest.lib.common.rest_client [req-12030098-e75d-4e67-aa21-ef8199b3aff5 req-12030098-e75d-4e67-aa21-ef8199b3aff5 ] Request (ListImagesTestJSON:setUpClass): 201 POST http://10.180.1.21/identity/v3/auth/tokens 0.126s
2025-12-12 13:22:48.009 65491 INFO tempest.lib.common.rest_client [req-58ee5a70-ef40-4ced-a0da-4bf1965959a8 req-58ee5a70-ef40-4ced-a0da-4bf1965959a8 ] Request (ServersAdminTestJSON:test_list_servers_by_admin_with_specified_tenant): 200 GET http://10.180.1.21/compute/v2.1/servers/detail?all_tenants=&tenant_id=31af6e84b2534047b3446dcbc441130c 1.145s
2025-12-12 13:22:48.050 65483 INFO tempest.lib.common.rest_client [req-84a8c058-ead1-4626-b7bd-f71bb980043b req-84a8c058-ead1-4626-b7bd-f71bb980043b ] Request (ListServersNegativeTestJSON:setUpClass): 200 GET http://10.180.1.21/compute/v2.1/servers/3948dcdd-e7c1-40b6-a3ec-97741940a0fb 1.092s
2025-12-12 13:22:48.125 65477 INFO tempest.lib.common.rest_client [req-767d876c-aae3-41ec-abb1-c4b1ad204a74 req-767d876c-aae3-41ec-abb1-c4b1ad204a74 ] Request (ListImagesTestJSON:setUpClass): 200 GET http://10.180.1.21/identity/v3/domains?name=Default 0.126s
2025-12-12 13:22:48.139 65479 INFO tempest.lib.common.rest_client [req-524ace8e-75a2-4f67-ab20-44ea865d5aed req-524ace8e-75a2-4f67-ab20-44ea865d5aed ] Request (QuotasAdminNegativeTest:setUpClass): 201 POST http://10.180.1.21/identity/v3/auth/tokens 0.143s
2025-12-12 13:22:48.140 65479 WARNING tempest.lib.common.rest_client [-] Deprecated: "tenant_id" property is deprecated for removal, use "project_id" instead
2025-12-12 13:22:48.167 65477 INFO tempest.lib.common.rest_client [req-1506ae47-b33f-4c99-852b-9379df228f8f req-1506ae47-b33f-4c99-852b-9379df228f8f ] Request (ListImagesTestJSON:setUpClass): 201 POST http://10.180.1.21/identity/v3/projects 0.041s
2025-12-12 13:22:48.172 65467 INFO tempest.lib.common.rest_client [req-d51e6a82-2e50-4502-92da-702dd630cd71 req-d51e6a82-2e50-4502-92da-702dd630cd71 ] Request (ListImageFiltersTestJSON:setUpClass): 200 GET http://10.180.1.21/compute/v2.1/images/c57c1202-2e52-423c-9825-ad7cbbb94e56 1.156s
2025-12-12 13:22:48.235 65495 INFO tempest.lib.common.rest_client [req-75061c91-68b0-4c11-af39-10983ba4ab0c req-75061c91-68b0-4c11-af39-10983ba4ab0c ] Request (ServerActionsTestOtherB:setUpClass): 200 GET http://10.180.1.21/compute/v2.1/servers/71e6e280-50c3-4655-a6a3-40ea4c650d96 0.997s
2025-12-12 13:22:48.244 65477 INFO tempest.lib.common.rest_client [req-1ab56ee8-0754-4635-b1fa-7f7d43601a54 req-1ab56ee8-0754-4635-b1fa-7f7d43601a54 ] Request (ListImagesTestJSON:setUpClass): 201 POST http://10.180.1.21/identity/v3/users 0.076s
2025-12-12 13:22:48.260 65465 INFO tempest.lib.common.rest_client [req-3a9fcec7-6f39-4cf1-90d3-8813afc89185 req-3a9fcec7-6f39-4cf1-90d3-8813afc89185 ] Request (DeleteServersAdminTestJSON:test_delete_server_while_in_error_state): 200 GET http://10.180.1.21/compute/v2.1/servers/7b24c530-56bf-4666-96f9-e2dc66728f1a 0.996s
2025-12-12 13:22:48.275 65477 INFO tempest.lib.common.rest_client [req-666a333e-e3cb-479a-a389-9d1f10b56ac5 req-666a333e-e3cb-479a-a389-9d1f10b56ac5 ] Request (ListImagesTestJSON:setUpClass): 200 GET http://10.180.1.21/identity/v3/roles 0.030s
2025-12-12 13:22:48.282 65475 INFO tempest.lib.common.rest_client [req-95728d57-ee0f-466e-8fd8-42c219fc3729 req-95728d57-ee0f-466e-8fd8-42c219fc3729 ] Request (ImagesOneServerTestJSON:test_create_delete_image): 200 GET http://10.180.1.21/compute/v2.1/images/91f5fcd9-ad64-48e2-9af0-1f64e8a6cf13 0.953s
2025-12-12 13:22:48.320 65477 INFO tempest.lib.common.rest_client [req-a5febb2e-acce-49ed-97e2-14aed1eb71d6 req-a5febb2e-acce-49ed-97e2-14aed1eb71d6 ] Request (ListImagesTestJSON:setUpClass): 204 PUT http://10.180.1.21/identity/v3/projects/ef8f6ec937eb499a88c3969d2e40cb9c/users/eff3278c9f2e4a3eae7a956afdefd8ba/roles/425a58fa8a1b42d6aafe4dbc3139cb12 0.044s
2025-12-12 13:22:48.320 65477 INFO tempest.lib.common.dynamic_creds [-] Dynamic test user eff3278c9f2e4a3eae7a956afdefd8ba is created with scope project and roles: ['member']
2025-12-12 13:22:48.320 65477 INFO tempest.lib.common.dynamic_creds [-] Acquired dynamic creds: credentials: Credentials: {'domain_id': 'default', 'domain_name': 'Default', 'username': 'tempest-ListImagesTestJSON-683230219-project-member', 'project_domain_id': 'default', 'project_domain_name': 'Default', 'project_id': 'ef8f6ec937eb499a88c3969d2e40cb9c', 'project_name': 'tempest-ListImagesTestJSON-683230219', 'tenant_id': 'ef8f6ec937eb499a88c3969d2e40cb9c', 'tenant_name': 'tempest-ListImagesTestJSON-683230219', 'user_domain_id': 'default', 'user_domain_name': 'Default', 'user_id': 'eff3278c9f2e4a3eae7a956afdefd8ba', 'system': None}, Network: None, Subnet: None, Router: None
2025-12-12 13:22:48.320 65477 INFO tempest.lib.common.dynamic_creds [-] Created isolated network resources for: credentials: Credentials: {'domain_id': 'default', 'domain_name': 'Default', 'username': 'tempest-ListImagesTestJSON-683230219-project-member', 'project_domain_id': 'default', 'project_domain_name': 'Default', 'project_id': 'ef8f6ec937eb499a88c3969d2e40cb9c', 'project_name': 'tempest-ListImagesTestJSON-683230219', 'tenant_id': 'ef8f6ec937eb499a88c3969d2e40cb9c', 'tenant_name': 'tempest-ListImagesTestJSON-683230219', 'user_domain_id': 'default', 'user_domain_name': 'Default', 'user_id': 'eff3278c9f2e4a3eae7a956afdefd8ba', 'system': None}, Network: None, Subnet: None, Router: None
2025-12-12 13:22:48.362 65503 WARNING tempest.lib.common.ssh [-] Failed to establish authenticated ssh connection to cirros@10.180.180.219 ([Errno None] Unable to connect to port 22 on 10.180.180.219). Number attempts: 6. Retry after 7 seconds.: paramiko.ssh_exception.NoValidConnectionsError: [Errno None] Unable to connect to port 22 on 10.180.180.219
2025-12-12 13:22:48.363 65509 INFO tempest.lib.common.rest_client [req-c75d710d-d3c8-4143-92b4-a99675842fdd req-c75d710d-d3c8-4143-92b4-a99675842fdd ] Request (MigrationsAdminTest:test_resize_server_revert_deleted_flavor): 200 GET http://10.180.1.21/compute/v2.1/servers/369caf24-48a6-4640-8601-e30fd47453da 0.923s
2025-12-12 13:22:48.378 65481 INFO tempest.lib.common.rest_client [req-3c15ebbc-d5cd-4b4a-8090-97d731e5b3c4 req-3c15ebbc-d5cd-4b4a-8090-97d731e5b3c4 ] Request (KeyPairsNegativeTestJSON:test_create_keypair_with_long_keynames): 400 POST http://10.180.1.21/compute/v2.1/os-keypairs 0.885s
2025-12-12 13:22:48.394 65469 INFO tempest.lib.common.rest_client [req-31616497-e00c-4f9b-93a4-daa94eead2aa req-31616497-e00c-4f9b-93a4-daa94eead2aa ] Request (ServerDiagnosticsTest:test_get_server_diagnostics): 200 GET http://10.180.1.21/compute/v2.1/servers/854f7a3f-9b7a-4506-8310-94533f0e4cfc 0.908s
2025-12-12 13:22:48.436 65477 INFO tempest.lib.common.rest_client [req-c0d0e443-c3ae-4af9-b1c9-a3f48a35451f req-c0d0e443-c3ae-4af9-b1c9-a3f48a35451f ] Request (ListImagesTestJSON:setUpClass): 201 POST http://10.180.1.21/identity/v3/auth/tokens 0.111s
2025-12-12 13:22:48.444 65519 INFO tempest.lib.common.rest_client [req-4fe92370-027a-450f-926f-a49f4ae146b6 req-4fe92370-027a-450f-926f-a49f4ae146b6 ] Request (FloatingIPsAssociationTestJSON:setUpClass): 200 GET http://10.180.1.21/compute/v2.1/servers/ef417f32-8c0e-4a62-9078-cb2bf95b85f8 0.941s
2025-12-12 13:22:48.484 65473 INFO tempest.lib.common.rest_client [req-d8350b0b-c05b-45f9-b883-51cddb70189d req-d8350b0b-c05b-45f9-b883-51cddb70189d ] Request (ServersAaction247Test:test_create_backup): 200 GET http://10.180.1.21/compute/v2.1/servers/c52b1f08-4000-4ad1-bc41-c1d0a41dcd2d 0.919s
2025-12-12 13:22:48.517 65485 INFO tempest.lib.common.rest_client [req-23fee517-a49f-4806-9e90-205e09ae8444 req-23fee517-a49f-4806-9e90-205e09ae8444 ] Request (AttachInterfacesV270Test:test_create_get_list_interfaces): 200 GET http://10.180.1.21/compute/v2.1/servers/d40aec5a-d898-42f3-a121-503cf043f72b 0.937s
2025-12-12 13:22:48.566 65489 INFO tempest.lib.common.rest_client [req-bdf5b51f-a138-4f52-9061-a606238afc89 req-bdf5b51f-a138-4f52-9061-a606238afc89 ] Request (FloatingIPsAssociationNegativeTestJSON:tearDownClass): 200 GET http://10.180.1.21/compute/v2.1/servers/ccd68268-d0fc-406e-896f-c61b114dd75d 0.834s
2025-12-12 13:22:48.572 65505 INFO tempest.lib.common.rest_client [req-e22f3e25-c233-4c6c-8c01-3dfe49ed9278 req-e22f3e25-c233-4c6c-8c01-3dfe49ed9278 ] Request (ServerMetadataNegativeTestJSON:test_update_metadata_with_blank_key): 400 POST http://10.180.1.21/compute/v2.1/servers/e40dc8ad-31cf-4798-ab97-3ee67c8fbe67/metadata 0.709s
2025-12-12 13:22:48.593 65513 INFO tempest.lib.common.rest_client [req-48e9e747-d2ac-4f75-b58e-ccdc5aef1c0e req-48e9e747-d2ac-4f75-b58e-ccdc5aef1c0e ] Request (ServerActionsV293TestJSON:setUpClass): 200 GET http://10.180.1.21/compute/v2.1/servers/d65e98bb-f54d-4803-95ca-0fc9b6c184bc 0.823s
2025-12-12 13:22:48.613 65511 INFO tempest.lib.common.rest_client [req-f897f24f-fe98-4460-a0dd-f5b1dc68868f req-f897f24f-fe98-4460-a0dd-f5b1dc68868f ] Request (TenantUsagesTestJSON:tearDownClass): 404 GET http://10.180.1.21/compute/v2.1/servers/7a3009bf-54a2-4565-a1aa-1d19286a4810 0.728s
2025-12-12 13:22:48.624 65491 INFO tempest.lib.common.rest_client [req-7dcebfdb-96d7-4753-873d-d17bcf89c3d2 req-7dcebfdb-96d7-4753-873d-d17bcf89c3d2 ] Request (ServersAdminTestJSON:test_list_servers_detailed_filter_by_invalid_status): 200 GET http://10.180.1.21/compute/v2.1/servers/detail?status=invalid_status 0.600s
2025-12-12 13:22:48.625 65515 INFO tempest.lib.common.rest_client [req-4124b524-1dd4-4b75-a2c2-824047015bf5 req-4124b524-1dd4-4b75-a2c2-824047015bf5 ] Request (FlavorsAdminTestJSON:_run_cleanups): 202 DELETE http://10.180.1.21/compute/v2.1/flavors/654848616 0.673s
2025-12-12 13:22:48.686 65481 INFO tempest.lib.common.rest_client [req-fbebdb79-6135-4daf-b5e4-fa4621301518 req-fbebdb79-6135-4daf-b5e4-fa4621301518 ] Request (KeyPairsNegativeTestJSON:test_keypair_create_with_invalid_pub_key): 400 POST http://10.180.1.21/compute/v2.1/os-keypairs 0.304s
2025-12-12 13:22:48.771 65493 INFO tempest.lib.common.rest_client [req-1e46f9c6-f68b-47a7-adde-99309544d1d6 req-1e46f9c6-f68b-47a7-adde-99309544d1d6 ] Request (SecurityGroupRulesNegativeTestJSON:setUpClass): 201 POST http://10.180.1.21/networking/v2.0/routers 1.118s
2025-12-12 13:22:48.864 65511 INFO tempest.lib.common.rest_client [req-9e4784f0-0bc8-4c39-b322-19f33092da06 req-9e4784f0-0bc8-4c39-b322-19f33092da06 ] Request (TenantUsagesTestJSON:tearDownClass): 204 DELETE http://10.180.1.21/identity/v3/users/ee5cd4f990b8494eba6e0d07a99a9949 0.247s
2025-12-12 13:22:49.094 65511 INFO tempest.lib.common.rest_client [req-547cb48b-ac2c-4974-9fce-d1246521908d req-547cb48b-ac2c-4974-9fce-d1246521908d ] Request (TenantUsagesTestJSON:tearDownClass): 204 DELETE http://10.180.1.21/identity/v3/users/8a0668abbcc14f43ab5052bff6ba994b 0.229s
2025-12-12 13:22:49.094 65511 INFO tempest.lib.common.dynamic_creds [-] Deleting project and security group for project: 5613159bd662493aa8bf523e0d8af6ff
2025-12-12 13:22:49.148 65479 INFO tempest.lib.common.rest_client [req-26b19372-c951-43e5-9315-467d8d282e4c req-26b19372-c951-43e5-9315-467d8d282e4c ] Request (QuotasAdminNegativeTest:test_create_server_when_cpu_quota_is_full): 200 GET http://10.180.1.21/compute/v2.1/os-quota-sets/0e2a7ec1d8c845c99ad1ce40fd8a1dd2 1.003s
2025-12-12 13:22:49.205 65511 INFO tempest.lib.common.rest_client [req-23a956c2-dc82-4fe1-8629-afadd45db8a4 req-23a956c2-dc82-4fe1-8629-afadd45db8a4 ] Request (TenantUsagesTestJSON:tearDownClass): 201 POST http://10.180.1.21/identity/v3/auth/tokens 0.110s
2025-12-12 13:22:49.252 65499 WARNING tempest.lib.common.ssh [-] Failed to establish authenticated ssh connection to cirros@10.180.180.250 ([Errno None] Unable to connect to port 22 on 10.180.180.250). Number attempts: 3. Retry after 4 seconds.: paramiko.ssh_exception.NoValidConnectionsError: [Errno None] Unable to connect to port 22 on 10.180.180.250
2025-12-12 13:22:49.279 65505 INFO tempest.lib.common.rest_client [req-4d069a26-6dd0-4166-82b9-81d4f538c1a3 req-4d069a26-6dd0-4166-82b9-81d4f538c1a3 ] Request (ServerMetadataNegativeTestJSON:tearDownClass): 204 DELETE http://10.180.1.21/compute/v2.1/servers/e40dc8ad-31cf-4798-ab97-3ee67c8fbe67 0.702s
2025-12-12 13:22:49.315 65511 INFO tempest.lib.common.rest_client [req-fb3afb19-8da0-40f8-863c-97ae15974367 req-fb3afb19-8da0-40f8-863c-97ae15974367 ] Request (TenantUsagesTestJSON:tearDownClass): 200 GET http://10.180.1.21/networking/v2.0/security-groups?tenant_id=5613159bd662493aa8bf523e0d8af6ff&name=default 0.110s
2025-12-12 13:22:49.318 65515 INFO tempest.lib.common.rest_client [req-6f9bd1b7-e919-4489-be92-d932de63b8a6 req-6f9bd1b7-e919-4489-be92-d932de63b8a6 ] Request (FlavorsAdminTestJSON:_run_cleanups): 200 GET http://10.180.1.21/compute/v2.1/flavors/detail 0.693s
2025-12-12 13:22:49.379 65491 INFO tempest.lib.common.rest_client [req-0a1492f3-3dc2-44fb-892b-a0a8448582b0 req-0a1492f3-3dc2-44fb-892b-a0a8448582b0 ] Request (ServersAdminTestJSON:test_list_servers_filter_by_error_status): 202 POST http://10.180.1.21/compute/v2.1/servers/e3510c31-d6be-4e9f-a0a2-a662123861e9/action 0.742s
2025-12-12 13:22:49.394 65481 INFO tempest.lib.common.rest_client [req-1aed5d8d-9e30-4cd6-bd7a-db4c3f51ef56 req-1aed5d8d-9e30-4cd6-bd7a-db4c3f51ef56 ] Request (KeyPairsNegativeTestJSON:test_keypair_delete_nonexistent_key): 404 DELETE http://10.180.1.21/compute/v2.1/os-keypairs/tempest-keypair-non-existent-939655169 0.704s
2025-12-12 13:22:49.456 65511 INFO tempest.lib.common.rest_client [req-2d05f3de-f3c3-411e-880f-087ebec75e2e req-2d05f3de-f3c3-411e-880f-087ebec75e2e ] Request (TenantUsagesTestJSON:tearDownClass): 204 DELETE http://10.180.1.21/networking/v2.0/security-groups/645542ed-d50b-43c7-9870-1006fec2c84f 0.140s
2025-12-12 13:22:49.523 65481 INFO tempest.lib.common.rest_client [req-670cd713-f33e-4b47-a1c4-95a943442beb req-670cd713-f33e-4b47-a1c4-95a943442beb ] Request (KeyPairsNegativeTestJSON:tearDownClass): 204 DELETE http://10.180.1.21/identity/v3/users/5b29ba3e3e384e318854758f85e882b6 0.127s
2025-12-12 13:22:49.523 65481 INFO tempest.lib.common.dynamic_creds [-] Deleting project and security group for project: b5a633732db94d56a952f2c307264816
2025-12-12 13:22:49.583 65517 INFO tempest.lib.common.rest_client [req-60a3f37f-d091-4e9e-8e4e-b8f214b0dfe4 req-60a3f37f-d091-4e9e-8e4e-b8f214b0dfe4 ] Request (ServerRescueTestJSONUnderV235:setUpClass): 200 GET http://10.180.1.21/compute/v2.1/servers/b20a2c71-514d-488a-8edb-8fb0274a894a 0.724s
2025-12-12 13:22:49.585 65511 INFO tempest.lib.common.rest_client [req-42cabd50-dce2-431d-8a68-d37a42e9e42b req-42cabd50-dce2-431d-8a68-d37a42e9e42b ] Request (TenantUsagesTestJSON:tearDownClass): 204 DELETE http://10.180.1.21/identity/v3/projects/5613159bd662493aa8bf523e0d8af6ff 0.129s
2025-12-12 13:22:49.585 65511 INFO tempest.lib.common.dynamic_creds [-] Deleting project and security group for project: 8f87124f023d43d890ff324c6b1545fd
2025-12-12 13:22:49.600 65481 INFO tempest.lib.common.rest_client [req-b03e19ae-bf1b-4693-996a-87b51b580d5b req-b03e19ae-bf1b-4693-996a-87b51b580d5b ] Request (KeyPairsNegativeTestJSON:tearDownClass): 201 POST http://10.180.1.21/identity/v3/auth/tokens 0.076s
2025-12-12 13:22:49.778 65511 INFO tempest.lib.common.rest_client [req-c1ce2c80-e688-4688-a9d1-38b8a5fbe8e4 req-c1ce2c80-e688-4688-a9d1-38b8a5fbe8e4 ] Request (TenantUsagesTestJSON:tearDownClass): 200 GET http://10.180.1.21/networking/v2.0/security-groups?tenant_id=8f87124f023d43d890ff324c6b1545fd&name=default 0.192s
2025-12-12 13:22:49.857 65493 INFO tempest.lib.common.rest_client [req-2cbf07d8-f919-4ae5-b05f-1aa2dbc92d42 req-2cbf07d8-f919-4ae5-b05f-1aa2dbc92d42 ] Request (SecurityGroupRulesNegativeTestJSON:setUpClass): 200 PUT http://10.180.1.21/networking/v2.0/routers/dabc0569-0634-4c5a-bbde-bc053bd910a1/add_router_interface 1.085s
2025-12-12 13:22:49.858 65493 INFO tempest.lib.common.dynamic_creds [-] Created isolated network resources for: credentials: Credentials: {'domain_id': 'default', 'domain_name': 'Default', 'username': 'tempest-SecurityGroupRulesNegativeTestJSON-818363803-project-member', 'project_domain_id': 'default', 'project_domain_name': 'Default', 'project_id': '54bd6890e566439f8a9180627697556f', 'project_name': 'tempest-SecurityGroupRulesNegativeTestJSON-818363803', 'tenant_id': '54bd6890e566439f8a9180627697556f', 'tenant_name': 'tempest-SecurityGroupRulesNegativeTestJSON-818363803', 'user_domain_id': 'default', 'user_domain_name': 'Default', 'user_id': '066d64d7b6a64684bf9a8d145d18dfff', 'system': None}, Network: {'id': '29f33f20-b816-43cf-9162-8c1ec5e6db0b', 'name': 'tempest-SecurityGroupRulesNegativeTestJSON-1742006130-network', 'tenant_id': '54bd6890e566439f8a9180627697556f', 'project_id': '54bd6890e566439f8a9180627697556f', 'admin_state_up': True, 'mtu': 8950, 'status': 'ACTIVE', 'subnets': [], 'shared': False, 'port_security_enabled': True, 'router:external': False, 'provider:network_type': 'vlan', 'provider:physical_network': 'default', 'provider:segmentation_id': 313, 'availability_zone_hints': [], 'availability_zones': [], 'ipv4_address_scope': None, 'ipv6_address_scope': None, 'description': '', 'tags': [], 'created_at': '2025-12-12T13:22:47Z', 'updated_at': '2025-12-12T13:22:47Z', 'revision_number': 1}, Subnet: {'id': 'ea7bd17d-cf01-45a7-820b-99227479af2e', 'name': 'tempest-SecurityGroupRulesNegativeTestJSON-1742006130-subnet', 'tenant_id': '54bd6890e566439f8a9180627697556f', 'network_id': '29f33f20-b816-43cf-9162-8c1ec5e6db0b', 'ip_version': 4, 'subnetpool_id': None, 'enable_dhcp': True, 'ipv6_ra_mode': None, 'ipv6_address_mode': None, 'gateway_ip': '192.168.128.1', 'cidr': '192.168.128.0/28', 'allocation_pools': [{'start': '192.168.128.2', 'end': '192.168.128.14'}], 'host_routes': [], 'dns_nameservers': [], 'description': '', 'router:external': False, 'service_types': [], 'tags': [], 'created_at': '2025-12-12T13:22:47Z', 'updated_at': '2025-12-12T13:22:47Z', 'revision_number': 0, 'project_id': '54bd6890e566439f8a9180627697556f'}, Router: {'id': 'dabc0569-0634-4c5a-bbde-bc053bd910a1', 'name': 'tempest-SecurityGroupRulesNegativeTestJSON-1742006130-router', 'tenant_id': '54bd6890e566439f8a9180627697556f', 'admin_state_up': True, 'status': 'ACTIVE', 'external_gateway_info': {'network_id': 'f91b3e31-bdf8-42e4-8e11-227fa98ed2a5', 'external_fixed_ips': [{'subnet_id': '708c4fe9-6585-400d-879b-7a4b6378f20d', 'ip_address': '10.180.180.159'}], 'enable_snat': True}, 'description': '', 'availability_zones': [], 'distributed': False, 'ha': False, 'availability_zone_hints': [], 'routes': [], 'flavor_id': None, 'tags': [], 'created_at': '2025-12-12T13:22:47Z', 'updated_at': '2025-12-12T13:22:48Z', 'revision_number': 2, 'project_id': '54bd6890e566439f8a9180627697556f'}
2025-12-12 13:22:49.896 65471 INFO tempest.lib.common.rest_client [req-2bd5b4a2-d1ad-475e-b22f-31686fd7a196 req-2bd5b4a2-d1ad-475e-b22f-31686fd7a196 ] Request (MultipleCreateTestJSON:test_multiple_create_with_reservation_return): 200 GET http://10.180.1.21/compute/v2.1/servers/07b83b81-9c65-4180-b208-c96525b78d8a 0.962s
2025-12-12 13:22:49.971 65493 INFO tempest.lib.common.rest_client [req-a3e9a76c-30c4-4f0e-9967-080aba4e0406 req-a3e9a76c-30c4-4f0e-9967-080aba4e0406 ] Request (SecurityGroupRulesNegativeTestJSON:setUpClass): 201 POST http://10.180.1.21/identity/v3/auth/tokens 0.109s
2025-12-12 13:22:49.992 65511 INFO tempest.lib.common.rest_client [req-e663c400-0e24-472a-b129-da3f0e566e65 req-e663c400-0e24-472a-b129-da3f0e566e65 ] Request (TenantUsagesTestJSON:tearDownClass): 204 DELETE http://10.180.1.21/networking/v2.0/security-groups/1805f195-965c-4588-a2ce-85d622680952 0.214s
2025-12-12 13:22:50.020 65461 INFO tempest.lib.common.rest_client [req-5060fe4e-644d-421a-b4ff-622c2df42b28 req-5060fe4e-644d-421a-b4ff-622c2df42b28 ] Request (DeleteServersTestJSON:test_delete_server_while_in_attached_volume): 200 GET http://10.180.1.21/compute/v2.1/servers/c7739dfd-88d6-46ac-b3a0-e7dfe9b00332 1.051s
2025-12-12 13:22:50.053 65481 INFO tempest.lib.common.rest_client [req-1db32822-f5d9-4001-826a-b9cf0eddc86d req-1db32822-f5d9-4001-826a-b9cf0eddc86d ] Request (KeyPairsNegativeTestJSON:tearDownClass): 200 GET http://10.180.1.21/networking/v2.0/security-groups?tenant_id=b5a633732db94d56a952f2c307264816&name=default 0.452s
2025-12-12 13:22:50.087 65483 INFO tempest.lib.common.rest_client [req-e085466a-d1b8-4cb0-841a-4e7a4181ea4f req-e085466a-d1b8-4cb0-841a-4e7a4181ea4f ] Request (ListServersNegativeTestJSON:setUpClass): 200 GET http://10.180.1.21/compute/v2.1/servers/3948dcdd-e7c1-40b6-a3ec-97741940a0fb 1.028s
2025-12-12 13:22:50.090 65511 INFO tempest.lib.common.rest_client [req-65a877b4-b13c-4e32-8c3b-6533effcc233 req-65a877b4-b13c-4e32-8c3b-6533effcc233 ] Request (TenantUsagesTestJSON:tearDownClass): 204 DELETE http://10.180.1.21/identity/v3/projects/8f87124f023d43d890ff324c6b1545fd 0.098s
2025-12-12 13:22:50.160 65481 INFO tempest.lib.common.rest_client [req-93619039-9c49-4cc9-843b-af10da2248d6 req-93619039-9c49-4cc9-843b-af10da2248d6 ] Request (KeyPairsNegativeTestJSON:tearDownClass): 204 DELETE http://10.180.1.21/networking/v2.0/security-groups/f044f588-fa49-40a6-b167-08fac3cb5930 0.107s
2025-12-12 13:22:50.174 65511 INFO tempest.lib.common.rest_client [req-c2b266a7-0527-4208-833e-31f1747093ba req-c2b266a7-0527-4208-833e-31f1747093ba ] Request (ServersV294TestFqdnHostnames:setUpClass): 201 POST http://10.180.1.21/identity/v3/auth/tokens 0.082s
2025-12-12 13:22:50.241 65481 INFO tempest.lib.common.rest_client [req-af17ef48-7f34-40bd-ad1f-143f575bcc98 req-af17ef48-7f34-40bd-ad1f-143f575bcc98 ] Request (KeyPairsNegativeTestJSON:tearDownClass): 204 DELETE http://10.180.1.21/identity/v3/projects/b5a633732db94d56a952f2c307264816 0.080s
2025-12-12 13:22:50.309 65511 INFO tempest.lib.common.rest_client [req-234dd036-3154-4e3e-a278-663a51c65a48 req-234dd036-3154-4e3e-a278-663a51c65a48 ] Request (ServersV294TestFqdnHostnames:setUpClass): 201 POST http://10.180.1.21/identity/v3/auth/tokens 0.128s
2025-12-12 13:22:50.312 65481 INFO tempest.lib.common.rest_client [req-0ade9e89-b705-4f68-9ae7-d4b3385fc5e8 req-0ade9e89-b705-4f68-9ae7-d4b3385fc5e8 ] Request (AttachInterfacesTestJSON:setUpClass): 201 POST http://10.180.1.21/identity/v3/auth/tokens 0.070s
2025-12-12 13:22:50.335 65479 INFO tempest.lib.common.rest_client [req-e0768fbd-3607-48a7-a15a-eadf02bdb43a req-e0768fbd-3607-48a7-a15a-eadf02bdb43a ] Request (QuotasAdminNegativeTest:test_create_server_when_cpu_quota_is_full): 200 PUT http://10.180.1.21/compute/v2.1/os-quota-sets/0e2a7ec1d8c845c99ad1ce40fd8a1dd2 1.184s
2025-12-12 13:22:50.340 65511 INFO tempest.lib.common.rest_client [req-15e9171b-9afc-4df2-b765-f03d31801a72 req-15e9171b-9afc-4df2-b765-f03d31801a72 ] Request (ServersV294TestFqdnHostnames:setUpClass): 200 GET http://10.180.1.21/identity/v3/domains?name=Default 0.030s
2025-12-12 13:22:50.348 65481 INFO tempest.lib.common.rest_client [req-92795011-f631-467c-970f-53304d704164 req-92795011-f631-467c-970f-53304d704164 ] Request (AttachInterfacesTestJSON:setUpClass): 201 POST http://10.180.1.21/identity/v3/auth/tokens 0.033s
2025-12-12 13:22:50.373 65511 INFO tempest.lib.common.rest_client [req-d4596c74-50df-4818-bb69-fbda858fd5f3 req-d4596c74-50df-4818-bb69-fbda858fd5f3 ] Request (ServersV294TestFqdnHostnames:setUpClass): 201 POST http://10.180.1.21/identity/v3/projects 0.033s
2025-12-12 13:22:50.408 65479 INFO tempest.lib.common.rest_client [req-abcfa7db-f404-4e5c-bc1b-db95527738e1 req-abcfa7db-f404-4e5c-bc1b-db95527738e1 ] Request (QuotasAdminNegativeTest:test_create_server_when_cpu_quota_is_full): 201 POST http://10.180.1.21/identity/v3/auth/tokens 0.063s
2025-12-12 13:22:50.409 65479 INFO tempest.lib.common.fixed_network [-] (QuotasAdminNegativeTest:test_create_server_when_cpu_quota_is_full) Found network None available for tenant
2025-12-12 13:22:50.441 65481 INFO tempest.lib.common.rest_client [req-6a441785-39df-4553-9b40-88d01998dd41 req-6a441785-39df-4553-9b40-88d01998dd41 ] Request (AttachInterfacesTestJSON:setUpClass): 200 GET http://10.180.1.21/identity/v3/domains?name=Default 0.092s
2025-12-12 13:22:50.474 65511 INFO tempest.lib.common.rest_client [req-95cef276-7795-4382-a5b3-1657d35477db req-95cef276-7795-4382-a5b3-1657d35477db ] Request (ServersV294TestFqdnHostnames:setUpClass): 201 POST http://10.180.1.21/identity/v3/users 0.100s
2025-12-12 13:22:50.481 65481 INFO tempest.lib.common.rest_client [req-1a71344f-5b0a-4582-9e0f-85cf9f89364b req-1a71344f-5b0a-4582-9e0f-85cf9f89364b ] Request (AttachInterfacesTestJSON:setUpClass): 201 POST http://10.180.1.21/identity/v3/projects 0.039s
2025-12-12 13:22:50.538 65511 INFO tempest.lib.common.rest_client [req-24c2d04e-6131-49ab-b6d4-5c884a833d0c req-24c2d04e-6131-49ab-b6d4-5c884a833d0c ] Request (ServersV294TestFqdnHostnames:setUpClass): 200 GET http://10.180.1.21/identity/v3/roles 0.063s
2025-12-12 13:22:50.547 65481 INFO tempest.lib.common.rest_client [req-2ac39f12-9ede-48c5-b1d1-071986879742 req-2ac39f12-9ede-48c5-b1d1-071986879742 ] Request (AttachInterfacesTestJSON:setUpClass): 201 POST http://10.180.1.21/identity/v3/users 0.065s
2025-12-12 13:22:50.568 65511 INFO tempest.lib.common.rest_client [req-c51b9d49-3fae-480c-971a-005712c9f657 req-c51b9d49-3fae-480c-971a-005712c9f657 ] Request (ServersV294TestFqdnHostnames:setUpClass): 204 PUT http://10.180.1.21/identity/v3/projects/e1fd7913632a4a5b9e076b5b156fa5fa/users/d468fcc45f624d83afc0a6ba7dc3f47d/roles/425a58fa8a1b42d6aafe4dbc3139cb12 0.029s
2025-12-12 13:22:50.568 65511 INFO tempest.lib.common.dynamic_creds [-] Dynamic test user d468fcc45f624d83afc0a6ba7dc3f47d is created with scope project and roles: ['member']
2025-12-12 13:22:50.569 65511 INFO tempest.lib.common.dynamic_creds [-] Acquired dynamic creds: credentials: Credentials: {'domain_id': 'default', 'domain_name': 'Default', 'username': 'tempest-ServersV294TestFqdnHostnames-1427429126-project-member', 'project_domain_id': 'default', 'project_domain_name': 'Default', 'project_id': 'e1fd7913632a4a5b9e076b5b156fa5fa', 'project_name': 'tempest-ServersV294TestFqdnHostnames-1427429126', 'tenant_id': 'e1fd7913632a4a5b9e076b5b156fa5fa', 'tenant_name': 'tempest-ServersV294TestFqdnHostnames-1427429126', 'user_domain_id': 'default', 'user_domain_name': 'Default', 'user_id': 'd468fcc45f624d83afc0a6ba7dc3f47d', 'system': None}, Network: None, Subnet: None, Router: None
2025-12-12 13:22:50.569 65481 INFO tempest.lib.common.rest_client [req-1406e5d8-9b46-47c9-b81c-f183e1c88cf3 req-1406e5d8-9b46-47c9-b81c-f183e1c88cf3 ] Request (AttachInterfacesTestJSON:setUpClass): 200 GET http://10.180.1.21/identity/v3/roles 0.021s
2025-12-12 13:22:50.637 65481 INFO tempest.lib.common.rest_client [req-e7a56142-aeef-4262-88cb-72be9060d6fd req-e7a56142-aeef-4262-88cb-72be9060d6fd ] Request (AttachInterfacesTestJSON:setUpClass): 204 PUT http://10.180.1.21/identity/v3/projects/152868ee0723449baac10f6a8ceeb738/users/93d321b88edf4587968ad36cbd9a041b/roles/425a58fa8a1b42d6aafe4dbc3139cb12 0.067s
2025-12-12 13:22:50.637 65481 INFO tempest.lib.common.dynamic_creds [-] Dynamic test user 93d321b88edf4587968ad36cbd9a041b is created with scope project and roles: ['member']
2025-12-12 13:22:50.638 65481 INFO tempest.lib.common.dynamic_creds [-] Acquired dynamic creds: credentials: Credentials: {'domain_id': 'default', 'domain_name': 'Default', 'username': 'tempest-AttachInterfacesTestJSON-1317707612-project-member', 'project_domain_id': 'default', 'project_domain_name': 'Default', 'project_id': '152868ee0723449baac10f6a8ceeb738', 'project_name': 'tempest-AttachInterfacesTestJSON-1317707612', 'tenant_id': '152868ee0723449baac10f6a8ceeb738', 'tenant_name': 'tempest-AttachInterfacesTestJSON-1317707612', 'user_domain_id': 'default', 'user_domain_name': 'Default', 'user_id': '93d321b88edf4587968ad36cbd9a041b', 'system': None}, Network: None, Subnet: None, Router: None
2025-12-12 13:22:50.643 65511 INFO tempest.lib.common.rest_client [req-da905f28-0d93-4dcc-8396-1c1bb5f74de1 req-da905f28-0d93-4dcc-8396-1c1bb5f74de1 ] Request (ServersV294TestFqdnHostnames:setUpClass): 201 POST http://10.180.1.21/identity/v3/auth/tokens 0.074s
2025-12-12 13:22:50.725 65481 INFO tempest.lib.common.rest_client [req-d851a10a-3b58-4822-8e3a-7c25a2d76acf req-d851a10a-3b58-4822-8e3a-7c25a2d76acf ] Request (AttachInterfacesTestJSON:setUpClass): 201 POST http://10.180.1.21/identity/v3/auth/tokens 0.087s
2025-12-12 13:22:50.794 65487 WARNING tempest.lib.common.ssh [-] Failed to establish authenticated ssh connection to cirros@10.180.180.152 ([Errno None] Unable to connect to port 22 on 10.180.180.152). Number attempts: 5. Retry after 6 seconds.: paramiko.ssh_exception.NoValidConnectionsError: [Errno None] Unable to connect to port 22 on 10.180.180.152
2025-12-12 13:22:50.956 65481 INFO tempest.lib.common.rest_client [req-b7a5ad4a-89e9-4ed8-9402-a3c9a26d70ba req-b7a5ad4a-89e9-4ed8-9402-a3c9a26d70ba ] Request (AttachInterfacesTestJSON:setUpClass): 201 POST http://10.180.1.21/networking/v2.0/networks 0.231s
2025-12-12 13:22:50.957 65511 INFO tempest.lib.common.rest_client [req-1f685239-6a2f-4afe-9f38-5a612338ee92 req-1f685239-6a2f-4afe-9f38-5a612338ee92 ] Request (ServersV294TestFqdnHostnames:setUpClass): 201 POST http://10.180.1.21/networking/v2.0/networks 0.314s
2025-12-12 13:22:51.123 65481 INFO tempest.lib.common.rest_client [req-577215bf-ea6f-4e76-8908-7d1541252068 req-577215bf-ea6f-4e76-8908-7d1541252068 ] Request (AttachInterfacesTestJSON:setUpClass): 201 POST http://10.180.1.21/networking/v2.0/subnets 0.165s
2025-12-12 13:22:51.299 65511 INFO tempest.lib.common.rest_client [req-e1104463-c286-4449-9f32-86d18d109070 req-e1104463-c286-4449-9f32-86d18d109070 ] Request (ServersV294TestFqdnHostnames:setUpClass): 201 POST http://10.180.1.21/networking/v2.0/subnets 0.341s
2025-12-12 13:22:51.321 65521 WARNING tempest.lib.common.ssh [-] Failed to establish authenticated ssh connection to cirros@10.180.180.221 ([Errno None] Unable to connect to port 22 on 10.180.180.221). Number attempts: 3. Retry after 4 seconds.: paramiko.ssh_exception.NoValidConnectionsError: [Errno None] Unable to connect to port 22 on 10.180.180.221
2025-12-12 13:22:52.033 65481 INFO tempest.lib.common.rest_client [req-85d0d5a6-6dd5-4a87-b2f7-3f282ed1ed3f req-85d0d5a6-6dd5-4a87-b2f7-3f282ed1ed3f ] Request (AttachInterfacesTestJSON:setUpClass): 201 POST http://10.180.1.21/networking/v2.0/routers 0.910s
2025-12-12 13:22:52.756 65511 INFO tempest.lib.common.rest_client [req-7c996801-0bdb-45b3-8b67-fa0a8da529e1 req-7c996801-0bdb-45b3-8b67-fa0a8da529e1 ] Request (ServersV294TestFqdnHostnames:setUpClass): 201 POST http://10.180.1.21/networking/v2.0/routers 1.456s
2025-12-12 13:22:53.688 65481 INFO tempest.lib.common.rest_client [req-679abddf-9202-4173-bb6f-250d43ea8400 req-679abddf-9202-4173-bb6f-250d43ea8400 ] Request (AttachInterfacesTestJSON:setUpClass): 200 PUT http://10.180.1.21/networking/v2.0/routers/0d111de9-9f5c-4950-8f8e-1bd2617e7a41/add_router_interface 1.654s
2025-12-12 13:22:53.688 65481 INFO tempest.lib.common.dynamic_creds [-] Created isolated network resources for: credentials: Credentials: {'domain_id': 'default', 'domain_name': 'Default', 'username': 'tempest-AttachInterfacesTestJSON-1317707612-project-member', 'project_domain_id': 'default', 'project_domain_name': 'Default', 'project_id': '152868ee0723449baac10f6a8ceeb738', 'project_name': 'tempest-AttachInterfacesTestJSON-1317707612', 'tenant_id': '152868ee0723449baac10f6a8ceeb738', 'tenant_name': 'tempest-AttachInterfacesTestJSON-1317707612', 'user_domain_id': 'default', 'user_domain_name': 'Default', 'user_id': '93d321b88edf4587968ad36cbd9a041b', 'system': None}, Network: {'id': '40a76aa5-ac46-4067-a98d-cd60410bf479', 'name': 'tempest-AttachInterfacesTestJSON-835657332-network', 'tenant_id': '152868ee0723449baac10f6a8ceeb738', 'project_id': '152868ee0723449baac10f6a8ceeb738', 'admin_state_up': True, 'mtu': 8950, 'status': 'ACTIVE', 'subnets': [], 'shared': False, 'port_security_enabled': True, 'router:external': False, 'provider:network_type': 'vlan', 'provider:physical_network': 'default', 'provider:segmentation_id': 211, 'availability_zone_hints': [], 'availability_zones': [], 'ipv4_address_scope': None, 'ipv6_address_scope': None, 'description': '', 'tags': [], 'created_at': '2025-12-12T13:22:50Z', 'updated_at': '2025-12-12T13:22:50Z', 'revision_number': 1}, Subnet: {'id': '4285b8b6-1a9b-43c3-b97d-e44cea1a4858', 'name': 'tempest-AttachInterfacesTestJSON-835657332-subnet', 'tenant_id': '152868ee0723449baac10f6a8ceeb738', 'network_id': '40a76aa5-ac46-4067-a98d-cd60410bf479', 'ip_version': 4, 'subnetpool_id': None, 'enable_dhcp': True, 'ipv6_ra_mode': None, 'ipv6_address_mode': None, 'gateway_ip': '192.168.128.1', 'cidr': '192.168.128.0/28', 'allocation_pools': [{'start': '192.168.128.2', 'end': '192.168.128.14'}], 'host_routes': [], 'dns_nameservers': [], 'description': '', 'router:external': False, 'service_types': [], 'tags': [], 'created_at': '2025-12-12T13:22:51Z', 'updated_at': '2025-12-12T13:22:51Z', 'revision_number': 0, 'project_id': '152868ee0723449baac10f6a8ceeb738'}, Router: {'id': '0d111de9-9f5c-4950-8f8e-1bd2617e7a41', 'name': 'tempest-AttachInterfacesTestJSON-835657332-router', 'tenant_id': '152868ee0723449baac10f6a8ceeb738', 'admin_state_up': True, 'status': 'ACTIVE', 'external_gateway_info': {'network_id': 'f91b3e31-bdf8-42e4-8e11-227fa98ed2a5', 'external_fixed_ips': [{'subnet_id': '708c4fe9-6585-400d-879b-7a4b6378f20d', 'ip_address': '10.180.180.254'}], 'enable_snat': True}, 'description': '', 'availability_zones': [], 'distributed': False, 'ha': False, 'availability_zone_hints': [], 'routes': [], 'flavor_id': None, 'tags': [], 'created_at': '2025-12-12T13:22:51Z', 'updated_at': '2025-12-12T13:22:51Z', 'revision_number': 2, 'project_id': '152868ee0723449baac10f6a8ceeb738'}
2025-12-12 13:22:53.758 65499 WARNING tempest.lib.common.ssh [-] Failed to establish authenticated ssh connection to cirros@10.180.180.250 ([Errno None] Unable to connect to port 22 on 10.180.180.250). Number attempts: 4. Retry after 5 seconds.: paramiko.ssh_exception.NoValidConnectionsError: [Errno None] Unable to connect to port 22 on 10.180.180.250
2025-12-12 13:22:53.787 65481 INFO tempest.lib.common.rest_client [req-1d5958b5-ad8d-4789-b78c-f2272efb1037 req-1d5958b5-ad8d-4789-b78c-f2272efb1037 ] Request (AttachInterfacesTestJSON:setUpClass): 201 POST http://10.180.1.21/identity/v3/auth/tokens 0.092s
2025-12-12 13:22:53.816 65511 INFO tempest.lib.common.rest_client [req-269ca3cc-4322-4734-9f02-68e3a2993768 req-269ca3cc-4322-4734-9f02-68e3a2993768 ] Request (ServersV294TestFqdnHostnames:setUpClass): 200 PUT http://10.180.1.21/networking/v2.0/routers/ce5895c3-5f94-4879-9e74-864e783cf0d2/add_router_interface 1.060s
