2025-12-12 13:20:58.839 65471 INFO tempest.lib.common.rest_client [req-e798c33c-958e-4424-9346-d154a59e9e11 req-e798c33c-958e-4424-9346-d154a59e9e11 ] Request (ServicesAdminTestJSON:setUpClass): 204 PUT http://10.180.1.21/identity/v3/projects/739fd55682004aa1ab93806e11e46fcc/users/dd8c11a3613f4d1485012f17c112149c/roles/30ad404b2c69467c818e0ffa734a0371 0.256s
2025-12-12 13:20:58.840 65471 INFO tempest.lib.common.dynamic_creds [-] Dynamic test user dd8c11a3613f4d1485012f17c112149c is created with scope project and roles: ['admin']
2025-12-12 13:20:58.840 65471 INFO tempest.lib.common.dynamic_creds [-] Acquired dynamic creds: credentials: Credentials: {'domain_id': 'default', 'domain_name': 'Default', 'username': 'tempest-ServicesAdminTestJSON-765489138-project-admin', 'project_domain_id': 'default', 'project_domain_name': 'Default', 'project_id': '739fd55682004aa1ab93806e11e46fcc', 'project_name': 'tempest-ServicesAdminTestJSON-765489138', 'tenant_id': '739fd55682004aa1ab93806e11e46fcc', 'tenant_name': 'tempest-ServicesAdminTestJSON-765489138', 'user_domain_id': 'default', 'user_domain_name': 'Default', 'user_id': 'dd8c11a3613f4d1485012f17c112149c', 'system': None}, Network: None, Subnet: None, Router: None
2025-12-12 13:20:58.840 65471 INFO tempest.lib.common.dynamic_creds [-] Created isolated network resources for: credentials: Credentials: {'domain_id': 'default', 'domain_name': 'Default', 'username': 'tempest-ServicesAdminTestJSON-765489138-project-admin', 'project_domain_id': 'default', 'project_domain_name': 'Default', 'project_id': '739fd55682004aa1ab93806e11e46fcc', 'project_name': 'tempest-ServicesAdminTestJSON-765489138', 'tenant_id': '739fd55682004aa1ab93806e11e46fcc', 'tenant_name': 'tempest-ServicesAdminTestJSON-765489138', 'user_domain_id': 'default', 'user_domain_name': 'Default', 'user_id': 'dd8c11a3613f4d1485012f17c112149c', 'system': None}, Network: None, Subnet: None, Router: None
2025-12-12 13:20:58.847 65509 INFO tempest.lib.common.rest_client [req-61839cf6-80e4-4f38-b7ab-ef23d63feb45 req-61839cf6-80e4-4f38-b7ab-ef23d63feb45 ] Request (MigrationsAdminTest:setUpClass): 200 GET http://10.180.1.21/identity/v3/roles 0.257s
2025-12-12 13:20:58.894 65469 INFO tempest.lib.common.rest_client [req-1a3ff98e-3a99-41db-88de-1b795011f7a5 req-1a3ff98e-3a99-41db-88de-1b795011f7a5 ] Request (FlavorsAccessNegativeTestJSON:setUpClass): 200 GET http://10.180.1.21/identity/v3/roles 0.261s
2025-12-12 13:20:58.912 65483 INFO tempest.lib.common.rest_client [req-c08f4942-b9a4-4d61-b65f-e0c1b3d83627 req-c08f4942-b9a4-4d61-b65f-e0c1b3d83627 ] Request (InstanceActionsTestJSON:setUpClass): 201 POST http://10.180.1.21/identity/v3/users 0.206s
2025-12-12 13:20:58.932 65503 INFO tempest.lib.common.rest_client [req-51d0e373-6c37-4b8a-9d0b-eb1e68d82af8 req-51d0e373-6c37-4b8a-9d0b-eb1e68d82af8 ] Request (ServersWithSpecificFlavorTestJSON:setUpClass): 200 GET http://10.180.1.21/identity/v3/roles 0.207s
2025-12-12 13:20:59.008 65461 INFO tempest.lib.common.rest_client [req-fdc755c7-dce6-43c9-8298-bcb37de23e06 req-fdc755c7-dce6-43c9-8298-bcb37de23e06 ] Request (FlavorsV261TestJSON:test_crud_flavor): 200 GET http://10.180.1.21/compute/v2.1/flavors/871862560 2.569s
2025-12-12 13:20:59.037 65509 INFO tempest.lib.common.rest_client [req-b3995e2f-12c6-40d1-a95a-fe580f166e00 req-b3995e2f-12c6-40d1-a95a-fe580f166e00 ] Request (MigrationsAdminTest:setUpClass): 204 PUT http://10.180.1.21/identity/v3/projects/2882c2c7949045519a146655bb694a3f/users/6f67220a1adf48c6be252054df845601/roles/80c328b3bee8488db64dc8f5beb513c9 0.189s
2025-12-12 13:20:59.037 65509 INFO tempest.lib.common.dynamic_creds [-] Dynamic test user 6f67220a1adf48c6be252054df845601 is created with scope project and roles: ['manager']
2025-12-12 13:20:59.037 65509 INFO tempest.lib.common.dynamic_creds [-] Acquired dynamic creds: credentials: Credentials: {'domain_id': 'default', 'domain_name': 'Default', 'username': 'tempest-MigrationsAdminTest-673773847-project-manager', 'project_domain_id': 'default', 'project_domain_name': 'Default', 'project_id': '2882c2c7949045519a146655bb694a3f', 'project_name': 'tempest-MigrationsAdminTest-673773847', 'tenant_id': '2882c2c7949045519a146655bb694a3f', 'tenant_name': 'tempest-MigrationsAdminTest-673773847', 'user_domain_id': 'default', 'user_domain_name': 'Default', 'user_id': '6f67220a1adf48c6be252054df845601', 'system': None}, Network: None, Subnet: None, Router: None
2025-12-12 13:20:59.037 65509 INFO tempest.lib.common.dynamic_creds [-] Network resources are not created for requested scope: project and credentials: Credentials: {'domain_id': 'default', 'domain_name': 'Default', 'username': 'tempest-MigrationsAdminTest-673773847-project-manager', 'project_domain_id': 'default', 'project_domain_name': 'Default', 'project_id': '2882c2c7949045519a146655bb694a3f', 'project_name': 'tempest-MigrationsAdminTest-673773847', 'tenant_id': '2882c2c7949045519a146655bb694a3f', 'tenant_name': 'tempest-MigrationsAdminTest-673773847', 'user_domain_id': 'default', 'user_domain_name': 'Default', 'user_id': '6f67220a1adf48c6be252054df845601', 'system': None}, Network: None, Subnet: None, Router: None
2025-12-12 13:20:59.073 65471 INFO tempest.lib.common.rest_client [req-eaafa24b-c876-4566-b660-68ab1c22a276 req-eaafa24b-c876-4566-b660-68ab1c22a276 ] Request (ServicesAdminTestJSON:setUpClass): 201 POST http://10.180.1.21/identity/v3/auth/tokens 0.230s
2025-12-12 13:20:59.113 65469 INFO tempest.lib.common.rest_client [req-f53bfbba-8717-431f-8aee-d4ea26a13947 req-f53bfbba-8717-431f-8aee-d4ea26a13947 ] Request (FlavorsAccessNegativeTestJSON:setUpClass): 204 PUT http://10.180.1.21/identity/v3/projects/80df493a1f8b45f6964cfcaac43d4c7c/users/88ebbec0ca9a4840abf805f174ea62a2/roles/425a58fa8a1b42d6aafe4dbc3139cb12 0.218s
2025-12-12 13:20:59.113 65469 INFO tempest.lib.common.dynamic_creds [-] Dynamic test user 88ebbec0ca9a4840abf805f174ea62a2 is created with scope project and roles: ['member']
2025-12-12 13:20:59.113 65469 INFO tempest.lib.common.dynamic_creds [-] Acquired dynamic creds: credentials: Credentials: {'domain_id': 'default', 'domain_name': 'Default', 'username': 'tempest-FlavorsAccessNegativeTestJSON-1879799645-project-member', 'project_domain_id': 'default', 'project_domain_name': 'Default', 'project_id': '80df493a1f8b45f6964cfcaac43d4c7c', 'project_name': 'tempest-FlavorsAccessNegativeTestJSON-1879799645', 'tenant_id': '80df493a1f8b45f6964cfcaac43d4c7c', 'tenant_name': 'tempest-FlavorsAccessNegativeTestJSON-1879799645', 'user_domain_id': 'default', 'user_domain_name': 'Default', 'user_id': '88ebbec0ca9a4840abf805f174ea62a2', 'system': None}, Network: None, Subnet: None, Router: None
2025-12-12 13:20:59.113 65469 INFO tempest.lib.common.dynamic_creds [-] Created isolated network resources for: credentials: Credentials: {'domain_id': 'default', 'domain_name': 'Default', 'username': 'tempest-FlavorsAccessNegativeTestJSON-1879799645-project-member', 'project_domain_id': 'default', 'project_domain_name': 'Default', 'project_id': '80df493a1f8b45f6964cfcaac43d4c7c', 'project_name': 'tempest-FlavorsAccessNegativeTestJSON-1879799645', 'tenant_id': '80df493a1f8b45f6964cfcaac43d4c7c', 'tenant_name': 'tempest-FlavorsAccessNegativeTestJSON-1879799645', 'user_domain_id': 'default', 'user_domain_name': 'Default', 'user_id': '88ebbec0ca9a4840abf805f174ea62a2', 'system': None}, Network: None, Subnet: None, Router: None
2025-12-12 13:20:59.119 65483 INFO tempest.lib.common.rest_client [req-cbdfba16-b26e-40ef-9db2-c70c1631678f req-cbdfba16-b26e-40ef-9db2-c70c1631678f ] Request (InstanceActionsTestJSON:setUpClass): 200 GET http://10.180.1.21/identity/v3/roles 0.206s
2025-12-12 13:20:59.166 65503 INFO tempest.lib.common.rest_client [req-6b9c3aa6-6abd-4bf7-8f8b-36f02e3db4c9 req-6b9c3aa6-6abd-4bf7-8f8b-36f02e3db4c9 ] Request (ServersWithSpecificFlavorTestJSON:setUpClass): 204 PUT http://10.180.1.21/identity/v3/projects/de849bbbee0340d489de81c3025e4fd3/users/b7b5d120ddfc42559b1be93ee84d71f8/roles/30ad404b2c69467c818e0ffa734a0371 0.234s
2025-12-12 13:20:59.167 65503 INFO tempest.lib.common.dynamic_creds [-] Dynamic test user b7b5d120ddfc42559b1be93ee84d71f8 is created with scope project and roles: ['admin']
2025-12-12 13:20:59.167 65503 INFO tempest.lib.common.dynamic_creds [-] Acquired dynamic creds: credentials: Credentials: {'domain_id': 'default', 'domain_name': 'Default', 'username': 'tempest-ServersWithSpecificFlavorTestJSON-1912117178-project-admin', 'project_domain_id': 'default', 'project_domain_name': 'Default', 'project_id': 'de849bbbee0340d489de81c3025e4fd3', 'project_name': 'tempest-ServersWithSpecificFlavorTestJSON-1912117178', 'tenant_id': 'de849bbbee0340d489de81c3025e4fd3', 'tenant_name': 'tempest-ServersWithSpecificFlavorTestJSON-1912117178', 'user_domain_id': 'default', 'user_domain_name': 'Default', 'user_id': 'b7b5d120ddfc42559b1be93ee84d71f8', 'system': None}, Network: None, Subnet: None, Router: None
2025-12-12 13:20:59.212 65463 INFO tempest.lib.common.rest_client [req-ceb96e2b-e294-494f-b34d-7e31458f7ee3 req-ceb96e2b-e294-494f-b34d-7e31458f7ee3 ] Request (VolumesAssistedSnapshotsTest:setUpClass): 201 POST http://10.180.1.21/networking/v2.0/routers 0.806s
2025-12-12 13:20:59.245 65509 INFO tempest.lib.common.rest_client [req-e750f6dd-e87b-44bc-8a04-1e5634fe41a7 req-e750f6dd-e87b-44bc-8a04-1e5634fe41a7 ] Request (MigrationsAdminTest:setUpClass): 201 POST http://10.180.1.21/identity/v3/auth/tokens 0.204s
2025-12-12 13:20:59.246 65509 INFO tempest.api.compute.admin.test_migrations [-] Using project manager for migrating servers, project manager user id: 6f67220a1adf48c6be252054df845601
2025-12-12 13:20:59.279 65523 INFO tempest.lib.common.rest_client [req-31a2fd97-bd06-4cb1-8df2-1a46f0e32f1d req-31a2fd97-bd06-4cb1-8df2-1a46f0e32f1d ] Request (InstanceUsageAuditLogTestJSON:test_get_instance_usage_audit_log): 200 GET http://10.180.1.21/compute/v2.1/os-instance_usage_audit_log/2025-12-12%2013%3A20%3A56 2.778s
2025-12-12 13:20:59.321 65483 INFO tempest.lib.common.rest_client [req-45802050-5d4f-4da5-b00e-e79cfdac6f96 req-45802050-5d4f-4da5-b00e-e79cfdac6f96 ] Request (InstanceActionsTestJSON:setUpClass): 204 PUT http://10.180.1.21/identity/v3/projects/4df06b84d1cd45b28b8ea33565ac45f1/users/a644dfd5e9614da292648b0cb98218c2/roles/425a58fa8a1b42d6aafe4dbc3139cb12 0.202s
2025-12-12 13:20:59.322 65483 INFO tempest.lib.common.dynamic_creds [-] Dynamic test user a644dfd5e9614da292648b0cb98218c2 is created with scope project and roles: ['member']
2025-12-12 13:20:59.322 65483 INFO tempest.lib.common.dynamic_creds [-] Acquired dynamic creds: credentials: Credentials: {'domain_id': 'default', 'domain_name': 'Default', 'username': 'tempest-InstanceActionsTestJSON-1305569336-project-member', 'project_domain_id': 'default', 'project_domain_name': 'Default', 'project_id': '4df06b84d1cd45b28b8ea33565ac45f1', 'project_name': 'tempest-InstanceActionsTestJSON-1305569336', 'tenant_id': '4df06b84d1cd45b28b8ea33565ac45f1', 'tenant_name': 'tempest-InstanceActionsTestJSON-1305569336', 'user_domain_id': 'default', 'user_domain_name': 'Default', 'user_id': 'a644dfd5e9614da292648b0cb98218c2', 'system': None}, Network: None, Subnet: None, Router: None
2025-12-12 13:20:59.335 65469 INFO tempest.lib.common.rest_client [req-28317165-9a84-47e0-afdd-cbd9c44c76eb req-28317165-9a84-47e0-afdd-cbd9c44c76eb ] Request (FlavorsAccessNegativeTestJSON:setUpClass): 201 POST http://10.180.1.21/identity/v3/auth/tokens 0.219s
2025-12-12 13:20:59.336 65469 WARNING tempest.lib.common.rest_client [-] Deprecated: "tenant_id" property is deprecated for removal, use "project_id" instead
2025-12-12 13:20:59.432 65511 INFO tempest.lib.common.rest_client [req-c7ace627-eb6d-40d5-a67d-4c7813baab1a req-c7ace627-eb6d-40d5-a67d-4c7813baab1a ] Request (HypervisorAdminNegativeTestJSON:test_get_hypervisor_list_details_with_non_admin_user): 403 GET http://10.180.1.21/compute/v2.1/os-hypervisors/detail 2.565s
2025-12-12 13:20:59.448 65483 INFO tempest.lib.common.rest_client [req-e3b0bf89-a9a8-4767-8e4e-3ba25ee383b7 req-e3b0bf89-a9a8-4767-8e4e-3ba25ee383b7 ] Request (InstanceActionsTestJSON:setUpClass): 201 POST http://10.180.1.21/identity/v3/auth/tokens 0.126s
2025-12-12 13:20:59.479 65503 INFO tempest.lib.common.rest_client [req-b0fe7fdc-7122-4eb4-acc4-3f29fbff35e9 req-b0fe7fdc-7122-4eb4-acc4-3f29fbff35e9 ] Request (ServersWithSpecificFlavorTestJSON:setUpClass): 201 POST http://10.180.1.21/networking/v2.0/networks 0.312s
2025-12-12 13:20:59.532 65467 INFO tempest.lib.common.rest_client [req-d9d200a0-1d2d-44f6-a6e0-ac625415b708 req-d9d200a0-1d2d-44f6-a6e0-ac625415b708 ] Request (ListImageFiltersTestJSON:setUpClass): 204 PUT http://10.180.1.21/image/v2/images/6b97a19f-b52d-4450-9f8c-097706e0eb16/file 3.308s
2025-12-12 13:20:59.838 65483 INFO tempest.lib.common.rest_client [req-f1ea4379-b187-4021-bec9-28a2302831cd req-f1ea4379-b187-4021-bec9-28a2302831cd ] Request (InstanceActionsTestJSON:setUpClass): 201 POST http://10.180.1.21/networking/v2.0/networks 0.390s
2025-12-12 13:21:00.010 65503 INFO tempest.lib.common.rest_client [req-baa0d9f4-91e0-4f52-980f-25c2f178c452 req-baa0d9f4-91e0-4f52-980f-25c2f178c452 ] Request (ServersWithSpecificFlavorTestJSON:setUpClass): 201 POST http://10.180.1.21/networking/v2.0/subnets 0.530s
2025-12-12 13:21:00.227 65463 INFO tempest.lib.common.rest_client [req-c293333c-6d0b-4aa2-aca6-0b50fd793c5a req-c293333c-6d0b-4aa2-aca6-0b50fd793c5a ] Request (VolumesAssistedSnapshotsTest:setUpClass): 200 PUT http://10.180.1.21/networking/v2.0/routers/779fae4b-3149-4117-b3c5-b12eef98e004/add_router_interface 1.014s
2025-12-12 13:21:00.227 65463 INFO tempest.lib.common.dynamic_creds [-] Created isolated network resources for: credentials: Credentials: {'domain_id': 'default', 'domain_name': 'Default', 'username': 'tempest-VolumesAssistedSnapshotsTest-1944867076-project-admin', 'project_domain_id': 'default', 'project_domain_name': 'Default', 'project_id': '69ca2eaac60e4a098c5e76cc3a353a0f', 'project_name': 'tempest-VolumesAssistedSnapshotsTest-1944867076', 'tenant_id': '69ca2eaac60e4a098c5e76cc3a353a0f', 'tenant_name': 'tempest-VolumesAssistedSnapshotsTest-1944867076', 'user_domain_id': 'default', 'user_domain_name': 'Default', 'user_id': '3b3934cf2b194b058251233ec8911581', 'system': None}, Network: {'id': '27fb9b9d-33ba-49cc-8fc5-b6d182b5f82a', 'name': 'tempest-VolumesAssistedSnapshotsTest-1837889062-network', 'tenant_id': '69ca2eaac60e4a098c5e76cc3a353a0f', 'project_id': '69ca2eaac60e4a098c5e76cc3a353a0f', 'admin_state_up': True, 'mtu': 8950, 'status': 'ACTIVE', 'subnets': [], 'shared': False, 'port_security_enabled': True, 'router:external': False, 'provider:network_type': 'vlan', 'provider:physical_network': 'default', 'provider:segmentation_id': 215, 'availability_zone_hints': [], 'availability_zones': [], 'ipv4_address_scope': None, 'ipv6_address_scope': None, 'description': '', 'tags': [], 'created_at': '2025-12-12T13:20:58Z', 'updated_at': '2025-12-12T13:20:58Z', 'revision_number': 1}, Subnet: {'id': '36621175-3916-455e-b13c-40ece270420b', 'name': 'tempest-VolumesAssistedSnapshotsTest-1837889062-subnet', 'tenant_id': '69ca2eaac60e4a098c5e76cc3a353a0f', 'network_id': '27fb9b9d-33ba-49cc-8fc5-b6d182b5f82a', 'ip_version': 4, 'subnetpool_id': None, 'enable_dhcp': True, 'ipv6_ra_mode': None, 'ipv6_address_mode': None, 'gateway_ip': '192.168.128.1', 'cidr': '192.168.128.0/28', 'allocation_pools': [{'start': '192.168.128.2', 'end': '192.168.128.14'}], 'host_routes': [], 'dns_nameservers': [], 'description': '', 'router:external': False, 'service_types': [], 'tags': [], 'created_at': '2025-12-12T13:20:58Z', 'updated_at': '2025-12-12T13:20:58Z', 'revision_number': 0, 'project_id': '69ca2eaac60e4a098c5e76cc3a353a0f'}, Router: {'id': '779fae4b-3149-4117-b3c5-b12eef98e004', 'name': 'tempest-VolumesAssistedSnapshotsTest-1837889062-router', 'tenant_id': '69ca2eaac60e4a098c5e76cc3a353a0f', 'admin_state_up': True, 'status': 'ACTIVE', 'external_gateway_info': {'network_id': 'f91b3e31-bdf8-42e4-8e11-227fa98ed2a5', 'external_fixed_ips': [{'subnet_id': '708c4fe9-6585-400d-879b-7a4b6378f20d', 'ip_address': '10.180.180.236'}], 'enable_snat': True}, 'description': '', 'availability_zones': [], 'distributed': False, 'ha': False, 'availability_zone_hints': [], 'routes': [], 'flavor_id': None, 'tags': [], 'created_at': '2025-12-12T13:20:58Z', 'updated_at': '2025-12-12T13:20:58Z', 'revision_number': 2, 'project_id': '69ca2eaac60e4a098c5e76cc3a353a0f'}
2025-12-12 13:21:00.286 65487 INFO tempest.lib.common.rest_client [req-fb556e92-37c7-4bdf-b6a6-4edb1d4baaa1 req-fb556e92-37c7-4bdf-b6a6-4edb1d4baaa1 ] Request (SecurityGroupsTestAdminJSON:test_list_security_groups_list_all_tenants_filter): 200 POST http://10.180.1.21/compute/v2.1/os-security-groups 3.078s
2025-12-12 13:21:00.333 65463 INFO tempest.lib.common.rest_client [req-4fbe95c6-aa5f-4e6f-9df2-6f42be63d712 req-4fbe95c6-aa5f-4e6f-9df2-6f42be63d712 ] Request (VolumesAssistedSnapshotsTest:setUpClass): 201 POST http://10.180.1.21/identity/v3/auth/tokens 0.104s
2025-12-12 13:21:00.373 65499 INFO tempest.lib.common.rest_client [req-c9ca0d32-bce0-4aeb-96d3-12980014d69a req-c9ca0d32-bce0-4aeb-96d3-12980014d69a ] Request (FlavorsAccessTestJSON:test_flavor_access_add_remove): 200 POST http://10.180.1.21/compute/v2.1/flavors 3.096s
2025-12-12 13:21:00.377 65463 INFO tempest.lib.common.rest_client [req-54a51eca-3553-4b51-9839-2737a21528cd req-54a51eca-3553-4b51-9839-2737a21528cd ] Request (VolumesAssistedSnapshotsTest:setUpClass): 201 POST http://10.180.1.21/identity/v3/projects 0.042s
2025-12-12 13:21:00.396 65483 INFO tempest.lib.common.rest_client [req-b5b1ac0a-48ed-46f3-b93e-7b0dab98600d req-b5b1ac0a-48ed-46f3-b93e-7b0dab98600d ] Request (InstanceActionsTestJSON:setUpClass): 201 POST http://10.180.1.21/networking/v2.0/subnets 0.556s
2025-12-12 13:21:00.406 65497 INFO tempest.lib.common.rest_client [req-0208564f-d30e-41fd-8677-b9bbdf0bd30c req-0208564f-d30e-41fd-8677-b9bbdf0bd30c ] Request (FloatingIPsTestJSON:test_allocate_floating_ip): 200 POST http://10.180.1.21/compute/v2.1/os-floating-ips 5.851s
2025-12-12 13:21:00.450 65463 INFO tempest.lib.common.rest_client [req-11a4a805-870b-470c-8d9e-228b6671b0bf req-11a4a805-870b-470c-8d9e-228b6671b0bf ] Request (VolumesAssistedSnapshotsTest:setUpClass): 201 POST http://10.180.1.21/identity/v3/users 0.072s
2025-12-12 13:21:00.495 65463 INFO tempest.lib.common.rest_client [req-423061e7-4b69-4dc8-bea6-7560a2e25dfa req-423061e7-4b69-4dc8-bea6-7560a2e25dfa ] Request (VolumesAssistedSnapshotsTest:setUpClass): 200 GET http://10.180.1.21/identity/v3/roles 0.045s
2025-12-12 13:21:00.512 65507 INFO tempest.lib.common.rest_client [req-19982f83-bafe-4537-9c45-02bfd561e029 req-19982f83-bafe-4537-9c45-02bfd561e029 ] Request (HypervisorAdminNegativeUnderV252Test:test_search_hypervisor_with_non_admin_user): 403 GET http://10.180.1.21/compute/v2.1/os-hypervisors/domain-c8.fc996f14-c53b-4953-92e3-bdfa48f5cc28/search 3.043s
2025-12-12 13:21:00.521 65521 INFO tempest.lib.common.rest_client [req-dbde85bc-c30e-4aaf-865d-6fcafb41bcc8 req-dbde85bc-c30e-4aaf-865d-6fcafb41bcc8 ] Request (KeyPairsV210TestJSON:test_admin_manage_keypairs_for_other_users): 201 POST http://10.180.1.21/compute/v2.1/os-keypairs 3.105s
2025-12-12 13:21:00.527 65463 INFO tempest.lib.common.rest_client [req-57a7f5cb-f161-4db2-91ec-d2cd1e8c6c42 req-57a7f5cb-f161-4db2-91ec-d2cd1e8c6c42 ] Request (VolumesAssistedSnapshotsTest:setUpClass): 204 PUT http://10.180.1.21/identity/v3/projects/eaa416dcf80041b2bcb7eb9f98fa3541/users/011aabe9b7834d058ab4b7b947f0600b/roles/ec369377fbfc4465b18fc7556a5365a1 0.031s
2025-12-12 13:21:00.585 65495 INFO tempest.lib.common.rest_client [req-526b0a66-da55-463d-8939-2110771f80a1 req-526b0a66-da55-463d-8939-2110771f80a1 ] Request (AZAdminNegativeTestJSON:test_get_availability_zone_list_detail_with_non_admin_user): 403 GET http://10.180.1.21/compute/v2.1/os-availability-zone/detail 3.086s
2025-12-12 13:21:00.645 65463 INFO tempest.lib.common.rest_client [req-edbd59df-ed2c-458c-8c29-6f0d677e39d5 req-edbd59df-ed2c-458c-8c29-6f0d677e39d5 ] Request (VolumesAssistedSnapshotsTest:setUpClass): 200 GET http://10.180.1.21/identity/v3/roles 0.118s
2025-12-12 13:21:00.660 65515 INFO tempest.lib.common.rest_client [req-c0f6eac4-a6ad-48be-9d72-a29229308bfc req-c0f6eac4-a6ad-48be-9d72-a29229308bfc ] Request (FlavorsAdminTestJSON:test_create_flavor_using_string_ram): 200 POST http://10.180.1.21/compute/v2.1/flavors 3.140s
2025-12-12 13:21:00.695 65463 INFO tempest.lib.common.rest_client [req-ece783ca-5334-41bf-891a-fa7b8d8650c8 req-ece783ca-5334-41bf-891a-fa7b8d8650c8 ] Request (VolumesAssistedSnapshotsTest:setUpClass): 204 PUT http://10.180.1.21/identity/v3/projects/eaa416dcf80041b2bcb7eb9f98fa3541/users/011aabe9b7834d058ab4b7b947f0600b/roles/30ad404b2c69467c818e0ffa734a0371 0.050s
2025-12-12 13:21:00.696 65463 INFO tempest.lib.common.dynamic_creds [-] Dynamic test user 011aabe9b7834d058ab4b7b947f0600b is created with scope project and roles: ['service', 'admin']
2025-12-12 13:21:00.696 65463 INFO tempest.lib.common.dynamic_creds [-] Acquired dynamic creds: credentials: Credentials: {'domain_id': 'default', 'domain_name': 'Default', 'username': 'tempest-VolumesAssistedSnapshotsTest-647315150-project', 'project_domain_id': 'default', 'project_domain_name': 'Default', 'project_id': 'eaa416dcf80041b2bcb7eb9f98fa3541', 'project_name': 'tempest-VolumesAssistedSnapshotsTest-647315150', 'tenant_id': 'eaa416dcf80041b2bcb7eb9f98fa3541', 'tenant_name': 'tempest-VolumesAssistedSnapshotsTest-647315150', 'user_domain_id': 'default', 'user_domain_name': 'Default', 'user_id': '011aabe9b7834d058ab4b7b947f0600b', 'system': None}, Network: None, Subnet: None, Router: None
2025-12-12 13:21:00.762 65495 INFO tempest.lib.common.rest_client [req-e9306d37-158c-401a-b877-90306f98cfa6 req-e9306d37-158c-401a-b877-90306f98cfa6 ] Request (AZAdminNegativeTestJSON:tearDownClass): 204 DELETE http://10.180.1.21/identity/v3/users/10b3bf0d7497454494647e13b2c08e55 0.165s
2025-12-12 13:21:00.865 65473 INFO tempest.lib.common.rest_client [req-7a330542-b9b1-4da2-815b-6eb2ef038fa0 req-7a330542-b9b1-4da2-815b-6eb2ef038fa0 ] Request (FlavorsV255TestJSON:test_crud_flavor): 200 POST http://10.180.1.21/compute/v2.1/flavors 3.221s
2025-12-12 13:21:00.880 65495 INFO tempest.lib.common.rest_client [req-8598c5c3-0e92-4f38-90e4-10f026d696a2 req-8598c5c3-0e92-4f38-90e4-10f026d696a2 ] Request (AZAdminNegativeTestJSON:tearDownClass): 204 DELETE http://10.180.1.21/identity/v3/users/2031a8a361b346cda431f769b70ee852 0.117s
2025-12-12 13:21:00.880 65495 INFO tempest.lib.common.dynamic_creds [-] Deleting project and security group for project: e3d20701ecbc4768a4308e54eac2f8c8
2025-12-12 13:21:00.951 65495 INFO tempest.lib.common.rest_client [req-8a119832-1268-49e5-afe5-bc029884c199 req-8a119832-1268-49e5-afe5-bc029884c199 ] Request (AZAdminNegativeTestJSON:tearDownClass): 201 POST http://10.180.1.21/identity/v3/auth/tokens 0.070s
2025-12-12 13:21:00.976 65477 INFO tempest.lib.common.rest_client [req-e9c56184-359f-4a7c-82c4-8b7cf64dae21 req-e9c56184-359f-4a7c-82c4-8b7cf64dae21 ] Request (FlavorsExtraSpecsNegativeTestJSON:setUpClass): 200 POST http://10.180.1.21/compute/v2.1/flavors 3.255s
2025-12-12 13:21:01.067 65503 INFO tempest.lib.common.rest_client [req-84a5a7c6-ee67-42f2-902e-7ec573651e48 req-84a5a7c6-ee67-42f2-902e-7ec573651e48 ] Request (ServersWithSpecificFlavorTestJSON:setUpClass): 201 POST http://10.180.1.21/networking/v2.0/routers 1.056s
2025-12-12 13:21:01.073 65517 INFO tempest.lib.common.rest_client [req-04ee6e11-11ee-4f6c-8a7b-d4df80a3b741 req-04ee6e11-11ee-4f6c-8a7b-d4df80a3b741 ] Request (HypervisorAdminUnderV252Test:test_get_hypervisor_show_servers): 200 GET http://10.180.1.21/compute/v2.1/os-hypervisors 3.288s
2025-12-12 13:21:01.108 65483 INFO tempest.lib.common.rest_client [req-89c95ff9-3ff0-45bb-b1e7-16ad1ef43cf2 req-89c95ff9-3ff0-45bb-b1e7-16ad1ef43cf2 ] Request (InstanceActionsTestJSON:setUpClass): 201 POST http://10.180.1.21/networking/v2.0/routers 0.711s
2025-12-12 13:21:01.114 65479 INFO tempest.lib.common.rest_client [req-4e69dcbb-49c6-4432-9289-236dfb28d73d req-4e69dcbb-49c6-4432-9289-236dfb28d73d ] Request (AggregatesAdminNegativeTestJSON:_run_cleanups): 200 POST http://10.180.1.21/compute/v2.1/os-aggregates/1/action 3.590s
2025-12-12 13:21:01.151 65489 INFO tempest.lib.common.rest_client [req-1e6eed9a-be1c-4432-a80e-a9f29caeda4e req-1e6eed9a-be1c-4432-a80e-a9f29caeda4e ] Request (FlavorMetadataValidation:test_flavor_update_with_custom_namespace): 200 POST http://10.180.1.21/compute/v2.1/flavors 3.298s
2025-12-12 13:21:01.221 65481 INFO tempest.lib.common.rest_client [req-954442e7-e4a4-4dd3-8e93-363b5be43453 req-954442e7-e4a4-4dd3-8e93-363b5be43453 ] Request (AZAdminV2TestJSON:test_get_availability_zone_list): 200 GET http://10.180.1.21/compute/v2.1/os-availability-zone 3.302s
2025-12-12 13:21:01.289 65475 INFO tempest.lib.common.rest_client [req-9d1564f3-43b3-4d01-801f-ec6989c283d8 req-9d1564f3-43b3-4d01-801f-ec6989c283d8 ] Request (HostsAdminNegativeTestJSON:test_list_hosts_with_non_admin_user): 403 GET http://10.180.1.21/compute/v2.1/os-hosts 2.983s
2025-12-12 13:21:01.337 65495 INFO tempest.lib.common.rest_client [req-4ba10f41-f82e-4f5b-b2ae-9cf025b6e1b5 req-4ba10f41-f82e-4f5b-b2ae-9cf025b6e1b5 ] Request (AZAdminNegativeTestJSON:tearDownClass): 200 GET http://10.180.1.21/networking/v2.0/security-groups?tenant_id=e3d20701ecbc4768a4308e54eac2f8c8&name=default 0.386s
2025-12-12 13:21:01.346 65505 INFO tempest.lib.common.rest_client [req-83d02beb-0eb8-4937-926d-cf3496b64a9d req-83d02beb-0eb8-4937-926d-cf3496b64a9d ] Request (HypervisorAdminV253TestBase:test_list_show_detail_hypervisors): 200 GET http://10.180.1.21/compute/v2.1/os-hypervisors/detail?with_servers=True 3.414s
2025-12-12 13:21:01.373 65463 INFO tempest.lib.common.rest_client [req-a16d336e-d9ea-48f6-a7a9-e78735863531 req-a16d336e-d9ea-48f6-a7a9-e78735863531 ] Request (VolumesAssistedSnapshotsTest:setUpClass): 201 POST http://10.180.1.21/networking/v2.0/networks 0.677s
2025-12-12 13:21:02.335 65503 INFO tempest.lib.common.rest_client [req-85b3dcf8-f467-4ab9-b7b5-14391f4b87ac req-85b3dcf8-f467-4ab9-b7b5-14391f4b87ac ] Request (ServersWithSpecificFlavorTestJSON:setUpClass): 200 PUT http://10.180.1.21/networking/v2.0/routers/8950a67e-280b-400a-b2eb-6e70240fa4b2/add_router_interface 1.267s
2025-12-12 13:21:02.335 65503 INFO tempest.lib.common.dynamic_creds [-] Created isolated network resources for: credentials: Credentials: {'domain_id': 'default', 'domain_name': 'Default', 'username': 'tempest-ServersWithSpecificFlavorTestJSON-1912117178-project-admin', 'project_domain_id': 'default', 'project_domain_name': 'Default', 'project_id': 'de849bbbee0340d489de81c3025e4fd3', 'project_name': 'tempest-ServersWithSpecificFlavorTestJSON-1912117178', 'tenant_id': 'de849bbbee0340d489de81c3025e4fd3', 'tenant_name': 'tempest-ServersWithSpecificFlavorTestJSON-1912117178', 'user_domain_id': 'default', 'user_domain_name': 'Default', 'user_id': 'b7b5d120ddfc42559b1be93ee84d71f8', 'system': None}, Network: {'id': '56174c05-d5df-4134-8353-95db9672c319', 'name': 'tempest-ServersWithSpecificFlavorTestJSON-1893060820-network', 'tenant_id': 'de849bbbee0340d489de81c3025e4fd3', 'project_id': 'de849bbbee0340d489de81c3025e4fd3', 'admin_state_up': True, 'mtu': 8950, 'status': 'ACTIVE', 'subnets': [], 'shared': False, 'port_security_enabled': True, 'router:external': False, 'provider:network_type': 'vlan', 'provider:physical_network': 'default', 'provider:segmentation_id': 868, 'availability_zone_hints': [], 'availability_zones': [], 'ipv4_address_scope': None, 'ipv6_address_scope': None, 'description': '', 'tags': [], 'created_at': '2025-12-12T13:20:59Z', 'updated_at': '2025-12-12T13:20:59Z', 'revision_number': 1}, Subnet: {'id': '500596be-b14a-4283-9ae9-96d5a12eeb83', 'name': 'tempest-ServersWithSpecificFlavorTestJSON-1893060820-subnet', 'tenant_id': 'de849bbbee0340d489de81c3025e4fd3', 'network_id': '56174c05-d5df-4134-8353-95db9672c319', 'ip_version': 4, 'subnetpool_id': None, 'enable_dhcp': True, 'ipv6_ra_mode': None, 'ipv6_address_mode': None, 'gateway_ip': '192.168.128.1', 'cidr': '192.168.128.0/28', 'allocation_pools': [{'start': '192.168.128.2', 'end': '192.168.128.14'}], 'host_routes': [], 'dns_nameservers': [], 'description': '', 'router:external': False, 'service_types': [], 'tags': [], 'created_at': '2025-12-12T13:20:59Z', 'updated_at': '2025-12-12T13:20:59Z', 'revision_number': 0, 'project_id': 'de849bbbee0340d489de81c3025e4fd3'}, Router: {'id': '8950a67e-280b-400a-b2eb-6e70240fa4b2', 'name': 'tempest-ServersWithSpecificFlavorTestJSON-1893060820-router', 'tenant_id': 'de849bbbee0340d489de81c3025e4fd3', 'admin_state_up': True, 'status': 'ACTIVE', 'external_gateway_info': {'network_id': 'f91b3e31-bdf8-42e4-8e11-227fa98ed2a5', 'external_fixed_ips': [{'subnet_id': '708c4fe9-6585-400d-879b-7a4b6378f20d', 'ip_address': '10.180.180.201'}], 'enable_snat': True}, 'description': '', 'availability_zones': [], 'distributed': False, 'ha': False, 'availability_zone_hints': [], 'routes': [], 'flavor_id': None, 'tags': [], 'created_at': '2025-12-12T13:21:00Z', 'updated_at': '2025-12-12T13:21:00Z', 'revision_number': 2, 'project_id': 'de849bbbee0340d489de81c3025e4fd3'}
2025-12-12 13:21:02.450 65503 INFO tempest.lib.common.rest_client [req-0a96234a-6b93-4827-9440-c99d738b26f6 req-0a96234a-6b93-4827-9440-c99d738b26f6 ] Request (ServersWithSpecificFlavorTestJSON:setUpClass): 201 POST http://10.180.1.21/identity/v3/auth/tokens 0.112s
2025-12-12 13:21:02.459 65495 INFO tempest.lib.common.rest_client [req-bc7ae1c3-1eeb-479b-9fb5-9a117b4d9b9c req-bc7ae1c3-1eeb-479b-9fb5-9a117b4d9b9c ] Request (AZAdminNegativeTestJSON:tearDownClass): 204 DELETE http://10.180.1.21/networking/v2.0/security-groups/61d29ecd-f066-4c6a-92c7-bf2cf499db96 1.121s
2025-12-12 13:21:02.555 65495 INFO tempest.lib.common.rest_client [req-2bf7e15e-7ee8-4264-85de-8febd3b04faa req-2bf7e15e-7ee8-4264-85de-8febd3b04faa ] Request (AZAdminNegativeTestJSON:tearDownClass): 204 DELETE http://10.180.1.21/identity/v3/projects/e3d20701ecbc4768a4308e54eac2f8c8 0.096s
2025-12-12 13:21:02.555 65495 INFO tempest.lib.common.dynamic_creds [-] Deleting project and security group for project: 901d704d204f4e2d9bc632ee6e15aa13
2025-12-12 13:21:02.611 65483 INFO tempest.lib.common.rest_client [req-f02b5a33-49d1-41ee-b885-c965db6da221 req-f02b5a33-49d1-41ee-b885-c965db6da221 ] Request (InstanceActionsTestJSON:setUpClass): 200 PUT http://10.180.1.21/networking/v2.0/routers/fa4eeeda-039b-4b75-acc9-efa2da537e37/add_router_interface 1.502s
2025-12-12 13:21:02.613 65483 INFO tempest.lib.common.dynamic_creds [-] Created isolated network resources for: credentials: Credentials: {'domain_id': 'default', 'domain_name': 'Default', 'username': 'tempest-InstanceActionsTestJSON-1305569336-project-member', 'project_domain_id': 'default', 'project_domain_name': 'Default', 'project_id': '4df06b84d1cd45b28b8ea33565ac45f1', 'project_name': 'tempest-InstanceActionsTestJSON-1305569336', 'tenant_id': '4df06b84d1cd45b28b8ea33565ac45f1', 'tenant_name': 'tempest-InstanceActionsTestJSON-1305569336', 'user_domain_id': 'default', 'user_domain_name': 'Default', 'user_id': 'a644dfd5e9614da292648b0cb98218c2', 'system': None}, Network: {'id': '4f3c2189-942b-47c1-95bd-5064d80e3a76', 'name': 'tempest-InstanceActionsTestJSON-78304541-network', 'tenant_id': '4df06b84d1cd45b28b8ea33565ac45f1', 'project_id': '4df06b84d1cd45b28b8ea33565ac45f1', 'admin_state_up': True, 'mtu': 8950, 'status': 'ACTIVE', 'subnets': [], 'shared': False, 'port_security_enabled': True, 'router:external': False, 'provider:network_type': 'vlan', 'provider:physical_network': 'default', 'provider:segmentation_id': 121, 'availability_zone_hints': [], 'availability_zones': [], 'ipv4_address_scope': None, 'ipv6_address_scope': None, 'description': '', 'tags': [], 'created_at': '2025-12-12T13:20:59Z', 'updated_at': '2025-12-12T13:20:59Z', 'revision_number': 1}, Subnet: {'id': 'df510509-a9bb-4da9-9961-84b2bb8fd00b', 'name': 'tempest-InstanceActionsTestJSON-78304541-subnet', 'tenant_id': '4df06b84d1cd45b28b8ea33565ac45f1', 'network_id': '4f3c2189-942b-47c1-95bd-5064d80e3a76', 'ip_version': 4, 'subnetpool_id': None, 'enable_dhcp': True, 'ipv6_ra_mode': None, 'ipv6_address_mode': None, 'gateway_ip': '192.168.128.1', 'cidr': '192.168.128.0/28', 'allocation_pools': [{'start': '192.168.128.2', 'end': '192.168.128.14'}], 'host_routes': [], 'dns_nameservers': [], 'description': '', 'router:external': False, 'service_types': [], 'tags': [], 'created_at': '2025-12-12T13:21:00Z', 'updated_at': '2025-12-12T13:21:00Z', 'revision_number': 0, 'project_id': '4df06b84d1cd45b28b8ea33565ac45f1'}, Router: {'id': 'fa4eeeda-039b-4b75-acc9-efa2da537e37', 'name': 'tempest-InstanceActionsTestJSON-78304541-router', 'tenant_id': '4df06b84d1cd45b28b8ea33565ac45f1', 'admin_state_up': True, 'status': 'ACTIVE', 'external_gateway_info': {'network_id': 'f91b3e31-bdf8-42e4-8e11-227fa98ed2a5', 'external_fixed_ips': [{'subnet_id': '708c4fe9-6585-400d-879b-7a4b6378f20d', 'ip_address': '10.180.180.222'}], 'enable_snat': True}, 'description': '', 'availability_zones': [], 'distributed': False, 'ha': False, 'availability_zone_hints': [], 'routes': [], 'flavor_id': None, 'tags': [], 'created_at': '2025-12-12T13:21:00Z', 'updated_at': '2025-12-12T13:21:00Z', 'revision_number': 2, 'project_id': '4df06b84d1cd45b28b8ea33565ac45f1'}
2025-12-12 13:21:02.701 65463 INFO tempest.lib.common.rest_client [req-635b3aca-b63d-4f1f-bb4d-f034b73040f1 req-635b3aca-b63d-4f1f-bb4d-f034b73040f1 ] Request (VolumesAssistedSnapshotsTest:setUpClass): 201 POST http://10.180.1.21/networking/v2.0/subnets 1.327s
2025-12-12 13:21:02.758 65483 INFO tempest.lib.common.rest_client [req-6c76d66e-f180-4b78-b228-38c79f9be532 req-6c76d66e-f180-4b78-b228-38c79f9be532 ] Request (InstanceActionsTestJSON:setUpClass): 201 POST http://10.180.1.21/identity/v3/auth/tokens 0.140s
2025-12-12 13:21:02.788 65483 INFO tempest.lib.common.rest_client [req-5839bd4f-ad77-46c8-b610-484c8f0d73d6 req-5839bd4f-ad77-46c8-b610-484c8f0d73d6 ] Request (InstanceActionsTestJSON:setUpClass): 201 POST http://10.180.1.21/identity/v3/auth/tokens 0.027s
2025-12-12 13:21:02.789 65483 INFO tempest.lib.common.fixed_network [-] (InstanceActionsTestJSON:setUpClass) Found network {'id': '4f3c2189-942b-47c1-95bd-5064d80e3a76', 'name': 'tempest-InstanceActionsTestJSON-78304541-network', 'tenant_id': '4df06b84d1cd45b28b8ea33565ac45f1', 'project_id': '4df06b84d1cd45b28b8ea33565ac45f1', 'admin_state_up': True, 'mtu': 8950, 'status': 'ACTIVE', 'subnets': [], 'shared': False, 'port_security_enabled': True, 'router:external': False, 'provider:network_type': 'vlan', 'provider:physical_network': 'default', 'provider:segmentation_id': 121, 'availability_zone_hints': [], 'availability_zones': [], 'ipv4_address_scope': None, 'ipv6_address_scope': None, 'description': '', 'tags': [], 'created_at': '2025-12-12T13:20:59Z', 'updated_at': '2025-12-12T13:20:59Z', 'revision_number': 1} available for tenant
2025-12-12 13:21:02.816 65495 INFO tempest.lib.common.rest_client [req-315cc75b-feca-45ec-999b-4a439998f56a req-315cc75b-feca-45ec-999b-4a439998f56a ] Request (AZAdminNegativeTestJSON:tearDownClass): 200 GET http://10.180.1.21/networking/v2.0/security-groups?tenant_id=901d704d204f4e2d9bc632ee6e15aa13&name=default 0.261s
2025-12-12 13:21:02.940 65495 INFO tempest.lib.common.rest_client [req-5976026b-bdd1-4ba9-9783-a69b2f6ab58f req-5976026b-bdd1-4ba9-9783-a69b2f6ab58f ] Request (AZAdminNegativeTestJSON:tearDownClass): 204 DELETE http://10.180.1.21/networking/v2.0/security-groups/5bc94b8c-8c50-460f-a6e0-becc5c9a30ef 0.124s
2025-12-12 13:21:03.097 65495 INFO tempest.lib.common.rest_client [req-2f2ded20-2c2c-4500-a179-7e212bd4db27 req-2f2ded20-2c2c-4500-a179-7e212bd4db27 ] Request (AZAdminNegativeTestJSON:tearDownClass): 204 DELETE http://10.180.1.21/identity/v3/projects/901d704d204f4e2d9bc632ee6e15aa13 0.156s
2025-12-12 13:21:03.098 65495 INFO tempest.test [-] raised in LiveMigrationTest.setUpClass. Invoking tearDownClass.
2025-12-12 13:21:03.186 65495 INFO tempest.lib.common.rest_client [req-d9093a7c-2add-4389-8fd3-135b74b96cab req-d9093a7c-2add-4389-8fd3-135b74b96cab ] Request (ServerDiagnosticsNegativeTest:setUpClass): 201 POST http://10.180.1.21/identity/v3/auth/tokens 0.084s
2025-12-12 13:21:03.219 65495 INFO tempest.lib.common.rest_client [req-3d897a76-2824-44cb-8f2b-ff4cbcfcdd72 req-3d897a76-2824-44cb-8f2b-ff4cbcfcdd72 ] Request (ServerDiagnosticsNegativeTest:setUpClass): 201 POST http://10.180.1.21/identity/v3/auth/tokens 0.028s
2025-12-12 13:21:03.229 65465 INFO tempest.lib.common.rest_client [req-fb3f7653-3042-447f-9dc6-fdcea94161b2 req-fb3f7653-3042-447f-9dc6-fdcea94161b2 ] Request (DeleteServersAdminTestJSON:test_admin_delete_servers_of_others): 202 POST http://10.180.1.21/compute/v2.1/servers 4.777s
2025-12-12 13:21:03.242 65491 INFO tempest.lib.common.rest_client [req-1098d80d-3092-4763-875f-f60296eaeeb9 req-1098d80d-3092-4763-875f-f60296eaeeb9 ] Request (ServersAdminTestJSON:setUpClass): 202 POST http://10.180.1.21/compute/v2.1/servers 4.909s
2025-12-12 13:21:03.255 65495 INFO tempest.lib.common.rest_client [req-e53fee3b-d8de-47a3-8d0d-07aa84130087 req-e53fee3b-d8de-47a3-8d0d-07aa84130087 ] Request (ServerDiagnosticsNegativeTest:setUpClass): 200 GET http://10.180.1.21/identity/v3/domains?name=Default 0.035s
2025-12-12 13:21:03.368 65491 INFO tempest.lib.common.rest_client [req-87447cfa-ef67-4f5a-b8ec-48fd0ec41da6 req-87447cfa-ef67-4f5a-b8ec-48fd0ec41da6 ] Request (ServersAdminTestJSON:setUpClass): 201 POST http://10.180.1.21/identity/v3/auth/tokens 0.118s
2025-12-12 13:21:03.368 65491 INFO tempest.lib.common.fixed_network [-] (ServersAdminTestJSON:setUpClass) Found network {'id': '53dee04c-dde9-43a9-b4e7-f1336bc7235f', 'name': 'tempest-ServersAdminTestJSON-1082441117-network', 'tenant_id': 'a2d4844feda0432ebe1ef160b0070b83', 'project_id': 'a2d4844feda0432ebe1ef160b0070b83', 'admin_state_up': True, 'mtu': 8950, 'status': 'ACTIVE', 'subnets': [], 'shared': False, 'port_security_enabled': True, 'router:external': False, 'provider:network_type': 'vlan', 'provider:physical_network': 'default', 'provider:segmentation_id': 552, 'availability_zone_hints': [], 'availability_zones': [], 'ipv4_address_scope': None, 'ipv6_address_scope': None, 'description': '', 'tags': [], 'created_at': '2025-12-12T13:20:46Z', 'updated_at': '2025-12-12T13:20:46Z', 'revision_number': 1} available for tenant
2025-12-12 13:21:03.384 65495 INFO tempest.lib.common.rest_client [req-445b622e-0e5c-4bd9-bd6e-18333aa4f031 req-445b622e-0e5c-4bd9-bd6e-18333aa4f031 ] Request (ServerDiagnosticsNegativeTest:setUpClass): 201 POST http://10.180.1.21/identity/v3/projects 0.128s
2025-12-12 13:21:03.433 65519 INFO tempest.lib.common.rest_client [req-529b07f1-7a13-40f8-b981-7aaf7337ebe8 req-529b07f1-7a13-40f8-b981-7aaf7337ebe8 ] Request (ServersAdmin275Test:test_rebuild_update_server_275): 202 POST http://10.180.1.21/compute/v2.1/servers 4.866s
2025-12-12 13:21:03.467 65485 INFO tempest.lib.common.rest_client [req-3bd75ec8-c6e6-4101-b62e-529a4b4ac4a7 req-3bd75ec8-c6e6-4101-b62e-529a4b4ac4a7 ] Request (HostsAdminTestJSON:test_list_hosts_with_a_blank_zone): 200 GET http://10.180.1.21/compute/v2.1/os-hosts?zone= 4.758s
2025-12-12 13:21:03.563 65495 INFO tempest.lib.common.rest_client [req-a821db1a-5588-4418-9044-da374814160f req-a821db1a-5588-4418-9044-da374814160f ] Request (ServerDiagnosticsNegativeTest:setUpClass): 201 POST http://10.180.1.21/identity/v3/users 0.177s
2025-12-12 13:21:03.572 65463 INFO tempest.lib.common.rest_client [req-6f109af7-140a-4a63-a573-9e348a85a273 req-6f109af7-140a-4a63-a573-9e348a85a273 ] Request (VolumesAssistedSnapshotsTest:setUpClass): 201 POST http://10.180.1.21/networking/v2.0/routers 0.871s
2025-12-12 13:21:03.595 65495 INFO tempest.lib.common.rest_client [req-3b9e9355-3108-4012-9870-77cda2fba217 req-3b9e9355-3108-4012-9870-77cda2fba217 ] Request (ServerDiagnosticsNegativeTest:setUpClass): 200 GET http://10.180.1.21/identity/v3/roles 0.031s
2025-12-12 13:21:03.600 65513 INFO tempest.lib.common.rest_client [req-b285e57b-77b5-4132-ac99-26585dc3b996 req-b285e57b-77b5-4132-ac99-26585dc3b996 ] Request (QuotasAdminTestJSON:test_delete_quota): 200 GET http://10.180.1.21/compute/v2.1/os-quota-sets/2026304694ce4cbaa35cb36f5e865477 4.912s
2025-12-12 13:21:03.651 65495 INFO tempest.lib.common.rest_client [req-ef9fcc79-23ba-4dcb-b432-f4cc99cf4a3b req-ef9fcc79-23ba-4dcb-b432-f4cc99cf4a3b ] Request (ServerDiagnosticsNegativeTest:setUpClass): 204 PUT http://10.180.1.21/identity/v3/projects/1ae57a7184354c6b97c25d47135bcd40/users/ba12978880904fd2a8d63adecec18409/roles/425a58fa8a1b42d6aafe4dbc3139cb12 0.056s
2025-12-12 13:21:03.652 65495 INFO tempest.lib.common.dynamic_creds [-] Dynamic test user ba12978880904fd2a8d63adecec18409 is created with scope project and roles: ['member']
2025-12-12 13:21:03.652 65495 INFO tempest.lib.common.dynamic_creds [-] Acquired dynamic creds: credentials: Credentials: {'domain_id': 'default', 'domain_name': 'Default', 'username': 'tempest-ServerDiagnosticsNegativeTest-1730136242-project-member', 'project_domain_id': 'default', 'project_domain_name': 'Default', 'project_id': '1ae57a7184354c6b97c25d47135bcd40', 'project_name': 'tempest-ServerDiagnosticsNegativeTest-1730136242', 'tenant_id': '1ae57a7184354c6b97c25d47135bcd40', 'tenant_name': 'tempest-ServerDiagnosticsNegativeTest-1730136242', 'user_domain_id': 'default', 'user_domain_name': 'Default', 'user_id': 'ba12978880904fd2a8d63adecec18409', 'system': None}, Network: None, Subnet: None, Router: None
2025-12-12 13:21:03.652 65495 INFO tempest.lib.common.dynamic_creds [-] Created isolated network resources for: credentials: Credentials: {'domain_id': 'default', 'domain_name': 'Default', 'username': 'tempest-ServerDiagnosticsNegativeTest-1730136242-project-member', 'project_domain_id': 'default', 'project_domain_name': 'Default', 'project_id': '1ae57a7184354c6b97c25d47135bcd40', 'project_name': 'tempest-ServerDiagnosticsNegativeTest-1730136242', 'tenant_id': '1ae57a7184354c6b97c25d47135bcd40', 'tenant_name': 'tempest-ServerDiagnosticsNegativeTest-1730136242', 'user_domain_id': 'default', 'user_domain_name': 'Default', 'user_id': 'ba12978880904fd2a8d63adecec18409', 'system': None}, Network: None, Subnet: None, Router: None
2025-12-12 13:21:03.684 65461 INFO tempest.lib.common.rest_client [req-911d72e9-2c3e-40d8-9606-20786e081c39 req-911d72e9-2c3e-40d8-9606-20786e081c39 ] Request (FlavorsV261TestJSON:test_crud_flavor): 200 PUT http://10.180.1.21/compute/v2.1/flavors/871862560 4.673s
2025-12-12 13:21:03.742 65471 INFO tempest.lib.common.rest_client [req-8c26887a-8034-4272-ac4d-a4e66250eb45 req-8c26887a-8034-4272-ac4d-a4e66250eb45 ] Request (ServicesAdminTestJSON:test_get_service_by_host_name): 200 GET http://10.180.1.21/compute/v2.1/os-services 4.667s
2025-12-12 13:21:03.774 65523 INFO tempest.lib.common.rest_client [req-8f955b55-3ee6-4851-a423-682303c611ce req-8f955b55-3ee6-4851-a423-682303c611ce ] Request (InstanceUsageAuditLogTestJSON:test_list_instance_usage_audit_logs): 200 GET http://10.180.1.21/compute/v2.1/os-instance_usage_audit_log 4.487s
2025-12-12 13:21:03.773 65495 INFO tempest.lib.common.rest_client [req-943e34ee-97ea-464b-bbbb-eb07f327667e req-943e34ee-97ea-464b-bbbb-eb07f327667e ] Request (ServerDiagnosticsNegativeTest:setUpClass): 201 POST http://10.180.1.21/identity/v3/auth/tokens 0.115s
2025-12-12 13:21:03.865 65469 INFO tempest.lib.common.rest_client [req-9d4280b6-a4bd-4b90-a045-f0f4af91ca44 req-9d4280b6-a4bd-4b90-a045-f0f4af91ca44 ] Request (FlavorsAccessNegativeTestJSON:test_add_flavor_access_duplicate): 200 POST http://10.180.1.21/compute/v2.1/flavors 4.529s
2025-12-12 13:21:03.868 65509 INFO tempest.lib.common.rest_client [req-397d93be-a501-42b7-9b44-c59216ee13ce req-397d93be-a501-42b7-9b44-c59216ee13ce ] Request (MigrationsAdminTest:test_list_migrations): 200 GET http://10.180.1.21/compute/v2.1/os-migrations 4.620s
2025-12-12 13:21:03.873 65511 INFO tempest.lib.common.rest_client [req-ec864123-eb69-4c0d-9369-054cdebd7dc6 req-ec864123-eb69-4c0d-9369-054cdebd7dc6 ] Request (HypervisorAdminNegativeTestJSON:test_get_hypervisor_list_with_non_admin_user): 403 GET http://10.180.1.21/compute/v2.1/os-hypervisors 4.432s
2025-12-12 13:21:03.908 65495 INFO tempest.lib.common.rest_client [req-7256ca5b-dd88-4f63-9dda-a77551d39042 req-7256ca5b-dd88-4f63-9dda-a77551d39042 ] Request (ServerDiagnosticsNegativeTest:setUpClass): 201 POST http://10.180.1.21/identity/v3/projects 0.133s
2025-12-12 13:21:03.914 65467 INFO tempest.lib.common.rest_client [req-c7fc267e-b2df-438b-bf11-7a077a9fe1da req-c7fc267e-b2df-438b-bf11-7a077a9fe1da ] Request (ListImageFiltersTestJSON:setUpClass): 200 GET http://10.180.1.21/compute/v2.1/images/6b97a19f-b52d-4450-9f8c-097706e0eb16 4.378s
2025-12-12 13:21:03.969 65509 INFO tempest.lib.common.rest_client [req-3572ba30-583a-4c9c-b952-1ce113bce936 req-3572ba30-583a-4c9c-b952-1ce113bce936 ] Request (MigrationsAdminTest:test_list_migrations_in_flavor_resize_situation): 201 POST http://10.180.1.21/identity/v3/auth/tokens 0.088s
2025-12-12 13:21:03.969 65509 INFO tempest.lib.common.fixed_network [-] (MigrationsAdminTest:test_list_migrations_in_flavor_resize_situation) Found network None available for tenant
2025-12-12 13:21:03.996 65495 INFO tempest.lib.common.rest_client [req-23f44326-afe8-4657-ac6e-21785e9cf87e req-23f44326-afe8-4657-ac6e-21785e9cf87e ] Request (ServerDiagnosticsNegativeTest:setUpClass): 201 POST http://10.180.1.21/identity/v3/users 0.088s
2025-12-12 13:21:04.027 65523 INFO tempest.lib.common.rest_client [req-ae9fbeaf-ad2f-4597-8def-19a7cf9b0e28 req-ae9fbeaf-ad2f-4597-8def-19a7cf9b0e28 ] Request (InstanceUsageAuditLogTestJSON:tearDownClass): 204 DELETE http://10.180.1.21/identity/v3/users/3d65dc6780f049e1923e4e742f5d235a 0.245s
2025-12-12 13:21:04.035 65487 INFO tempest.lib.common.rest_client [req-4d52a11f-2a01-44b2-85f6-00a61ffeb1f4 req-4d52a11f-2a01-44b2-85f6-00a61ffeb1f4 ] Request (SecurityGroupsTestAdminJSON:test_list_security_groups_list_all_tenants_filter): 200 POST http://10.180.1.21/compute/v2.1/os-security-groups 3.743s
2025-12-12 13:21:04.130 65495 INFO tempest.lib.common.rest_client [req-9e0d3963-14ca-4aa7-9b29-53f43893cd7c req-9e0d3963-14ca-4aa7-9b29-53f43893cd7c ] Request (ServerDiagnosticsNegativeTest:setUpClass): 200 GET http://10.180.1.21/identity/v3/roles 0.134s
2025-12-12 13:21:04.171 65497 INFO tempest.lib.common.rest_client [req-a8b44346-e4c6-4a04-bd86-32920f61326a req-a8b44346-e4c6-4a04-bd86-32920f61326a ] Request (FloatingIPsTestJSON:test_allocate_floating_ip): 200 GET http://10.180.1.21/compute/v2.1/os-floating-ips/5ac7da60-d7fa-46a9-9229-472b1bbe92c7 3.762s
2025-12-12 13:21:04.184 65507 INFO tempest.lib.common.rest_client [req-0dae7135-b92b-4aac-be3d-cee24f3e23b2 req-0dae7135-b92b-4aac-be3d-cee24f3e23b2 ] Request (HypervisorAdminNegativeUnderV252Test:test_search_nonexistent_hypervisor): 404 GET http://10.180.1.21/compute/v2.1/os-hypervisors/nonexistent_hypervisor_name/search 3.665s
2025-12-12 13:21:04.194 65499 INFO tempest.lib.common.rest_client [req-b6842fe7-e1d1-434b-83f6-88c1194caafd req-b6842fe7-e1d1-434b-83f6-88c1194caafd ] Request (FlavorsAccessTestJSON:test_flavor_access_add_remove): 200 POST http://10.180.1.21/compute/v2.1/flavors/2047404793/action 3.818s
2025-12-12 13:21:04.223 65515 INFO tempest.lib.common.rest_client [req-0d20de87-df84-44e6-a982-c10645087e9d req-0d20de87-df84-44e6-a982-c10645087e9d ] Request (FlavorsAdminTestJSON:_run_cleanups): 202 DELETE http://10.180.1.21/compute/v2.1/flavors/1816975782 3.557s
2025-12-12 13:21:04.226 65523 INFO tempest.lib.common.rest_client [req-37c896a3-9b71-4d6c-a381-0eca0fbf2c3a req-37c896a3-9b71-4d6c-a381-0eca0fbf2c3a ] Request (InstanceUsageAuditLogTestJSON:tearDownClass): 204 DELETE http://10.180.1.21/identity/v3/users/bfe6b745dcb247858d49fb29870238e0 0.199s
2025-12-12 13:21:04.227 65523 INFO tempest.lib.common.dynamic_creds [-] Deleting project and security group for project: 6d823a9f321942df85d123421ceff9d8
2025-12-12 13:21:04.227 65521 INFO tempest.lib.common.rest_client [req-22588eea-fb9d-4818-a8c5-3532d8af1722 req-22588eea-fb9d-4818-a8c5-3532d8af1722 ] Request (KeyPairsV210TestJSON:test_admin_manage_keypairs_for_other_users): 201 POST http://10.180.1.21/compute/v2.1/os-keypairs 3.702s
2025-12-12 13:21:04.280 65495 INFO tempest.lib.common.rest_client [req-93778dee-8483-4be5-b1e9-d55fd81fc6b3 req-93778dee-8483-4be5-b1e9-d55fd81fc6b3 ] Request (ServerDiagnosticsNegativeTest:setUpClass): 204 PUT http://10.180.1.21/identity/v3/projects/66690a3d0dac46ffa372599868f92d29/users/faede8b046a54c2fa35ef7eef7abe200/roles/30ad404b2c69467c818e0ffa734a0371 0.149s
2025-12-12 13:21:04.333 65473 INFO tempest.lib.common.rest_client [req-2be96ab4-09a2-4434-aa11-9c8d30dd7bdb req-2be96ab4-09a2-4434-aa11-9c8d30dd7bdb ] Request (FlavorsV255TestJSON:test_crud_flavor): 200 GET http://10.180.1.21/compute/v2.1/flavors/1941887655 3.463s
2025-12-12 13:21:04.341 65523 INFO tempest.lib.common.rest_client [req-219d3d58-5a0f-4e80-b51d-e3d2c188eac6 req-219d3d58-5a0f-4e80-b51d-e3d2c188eac6 ] Request (InstanceUsageAuditLogTestJSON:tearDownClass): 201 POST http://10.180.1.21/identity/v3/auth/tokens 0.114s
2025-12-12 13:21:04.362 65517 INFO tempest.lib.common.rest_client [req-03eb0bb2-c5c2-4c5d-830d-735425ed7b50 req-03eb0bb2-c5c2-4c5d-830d-735425ed7b50 ] Request (HypervisorAdminUnderV252Test:test_get_hypervisor_show_servers): 200 GET http://10.180.1.21/compute/v2.1/os-hypervisors/domain-c8.fc996f14-c53b-4953-92e3-bdfa48f5cc28/servers 3.288s
2025-12-12 13:21:04.367 65495 INFO tempest.lib.common.rest_client [req-01536cda-2076-4296-8330-51ded2cdbc7e req-01536cda-2076-4296-8330-51ded2cdbc7e ] Request (ServerDiagnosticsNegativeTest:setUpClass): 200 GET http://10.180.1.21/identity/v3/roles 0.086s
