2025-12-12 13:23:01.323 65483 INFO tempest.lib.common.rest_client [req-740ff3d3-4229-4578-9764-245b391a7291 req-740ff3d3-4229-4578-9764-245b391a7291 ] Request (ListServersNegativeTestJSON:setUpClass): 200 GET http://10.180.1.21/compute/v2.1/servers/3948dcdd-e7c1-40b6-a3ec-97741940a0fb 0.297s
2025-12-12 13:23:01.438 65493 INFO tempest.lib.common.rest_client [req-f57705aa-bcf2-4b68-a17e-855cdfdbe69c req-f57705aa-bcf2-4b68-a17e-855cdfdbe69c ] Request (SecurityGroupRulesNegativeTestJSON:test_create_security_group_rule_with_invalid_port_range): 200 POST http://10.180.1.21/compute/v2.1/os-security-groups 0.349s
2025-12-12 13:23:01.667 65479 INFO tempest.lib.common.rest_client [req-08616e50-21f3-4bab-8c08-1aaf4063d067 req-08616e50-21f3-4bab-8c08-1aaf4063d067 ] Request (QuotasAdminNegativeTest:test_create_server_when_memory_quota_is_full): 403 POST http://10.180.1.21/compute/v2.1/servers 0.576s
2025-12-12 13:23:01.691 65515 INFO tempest.lib.common.rest_client [req-05f336a0-7b40-4d2f-9e68-7ef571dacc07 req-05f336a0-7b40-4d2f-9e68-7ef571dacc07 ] Request (FlavorsAdminTestJSON:_run_cleanups): 200 GET http://10.180.1.21/compute/v2.1/flavors/detail 0.586s
2025-12-12 13:23:01.710 65475 INFO tempest.lib.common.rest_client [req-abab80a0-ac3d-4264-bb58-56f23c7c5875 req-abab80a0-ac3d-4264-bb58-56f23c7c5875 ] Request (ImagesOneServerTestJSON:test_create_image_specify_multibyte_character_image_name): 202 POST http://10.180.1.21/compute/v2.1/servers/f7446d76-45c2-4e8b-981d-d37c230cf125/action 0.721s
2025-12-12 13:23:01.775 65501 INFO tempest.lib.common.rest_client [req-790f8e08-542c-49e0-a5f0-385249ecb4c6 req-790f8e08-542c-49e0-a5f0-385249ecb4c6 ] Request (ServerDiagnosticsV248Test:tearDownClass): 200 GET http://10.180.1.21/compute/v2.1/servers/a2b72bac-6806-4b7b-b972-32aea52f7c82 0.528s
2025-12-12 13:23:01.836 65467 INFO tempest.lib.common.rest_client [req-7324a1a4-0340-4fc3-bb6a-ec599e7f0bae req-7324a1a4-0340-4fc3-bb6a-ec599e7f0bae ] Request (ListImageFiltersTestJSON:setUpClass): 200 GET http://10.180.1.21/compute/v2.1/servers/b7f0fa59-3c6a-4b4b-b400-1f5feec2c0b8 0.610s
2025-12-12 13:23:01.843 65467 INFO tempest.common.waiters [-] State transition "ACTIVE/image_uploading" ==> "ACTIVE/None" after 1 second wait
2025-12-12 13:23:01.843 65515 INFO tempest.lib.common.rest_client [req-f8fa2077-7902-4ffb-8dcf-aa4c5ea6b039 req-f8fa2077-7902-4ffb-8dcf-aa4c5ea6b039 ] Request (FlavorsAdminTestJSON:tearDownClass): 204 DELETE http://10.180.1.21/identity/v3/users/f43e41ac76ed463da1288f76f8ed0050 0.146s
2025-12-12 13:23:01.855 65465 INFO tempest.lib.common.rest_client [req-29fcead2-d9d0-443e-95f7-3e2b571c1c47 req-29fcead2-d9d0-443e-95f7-3e2b571c1c47 ] Request (DeleteServersAdminTestJSON:test_delete_server_while_in_error_state): 200 GET http://10.180.1.21/compute/v2.1/servers/7b24c530-56bf-4666-96f9-e2dc66728f1a 0.553s
2025-12-12 13:23:01.904 65505 INFO tempest.lib.common.rest_client [req-1cc75a09-9e7b-4cfe-bc15-f80fb550817c req-1cc75a09-9e7b-4cfe-bc15-f80fb550817c ] Request (ServerMetadataNegativeTestJSON:tearDownClass): 200 GET http://10.180.1.21/compute/v2.1/servers/e40dc8ad-31cf-4798-ab97-3ee67c8fbe67 0.516s
2025-12-12 13:23:01.914 65509 INFO tempest.lib.common.rest_client [req-aa423563-880d-45cf-b75b-77fb3f89b580 req-aa423563-880d-45cf-b75b-77fb3f89b580 ] Request (MigrationsAdminTest:test_resize_server_revert_deleted_flavor): 200 GET http://10.180.1.21/compute/v2.1/servers/369caf24-48a6-4640-8601-e30fd47453da 0.495s
2025-12-12 13:23:01.948 65493 INFO tempest.lib.common.rest_client [req-f2e065e0-4cef-475b-89fc-2cab86f8e368 req-f2e065e0-4cef-475b-89fc-2cab86f8e368 ] Request (SecurityGroupRulesNegativeTestJSON:test_create_security_group_rule_with_invalid_port_range): 400 POST http://10.180.1.21/compute/v2.1/os-security-group-rules 0.508s
2025-12-12 13:23:01.954 65515 INFO tempest.lib.common.rest_client [req-c0c65deb-5106-4384-a6d9-b933ea54d556 req-c0c65deb-5106-4384-a6d9-b933ea54d556 ] Request (FlavorsAdminTestJSON:tearDownClass): 204 DELETE http://10.180.1.21/identity/v3/users/0580f8a08be440c59df8989f4f816a84 0.110s
2025-12-12 13:23:01.954 65515 INFO tempest.lib.common.dynamic_creds [-] Deleting project and security group for project: 36b025169d8743c7b6d4ac4fafba41dc
2025-12-12 13:23:01.974 65519 INFO tempest.lib.common.rest_client [req-49d842f0-f3eb-417e-b98a-26117d094c35 req-49d842f0-f3eb-417e-b98a-26117d094c35 ] Request (FloatingIPsAssociationTestJSON:setUpClass): 200 GET http://10.180.1.21/compute/v2.1/servers/ef417f32-8c0e-4a62-9078-cb2bf95b85f8 0.481s
2025-12-12 13:23:02.000 65469 INFO tempest.lib.common.rest_client [req-f9a8390b-b870-45d6-a7cc-92a3f4da6e6b req-f9a8390b-b870-45d6-a7cc-92a3f4da6e6b ] Request (ServerDiagnosticsTest:test_get_server_diagnostics): 200 GET http://10.180.1.21/compute/v2.1/servers/854f7a3f-9b7a-4506-8310-94533f0e4cfc 0.496s
2025-12-12 13:23:02.019 65515 INFO tempest.lib.common.rest_client [req-3246d5d4-d2f4-4327-9b4c-42c770be3770 req-3246d5d4-d2f4-4327-9b4c-42c770be3770 ] Request (FlavorsAdminTestJSON:tearDownClass): 201 POST http://10.180.1.21/identity/v3/auth/tokens 0.065s
2025-12-12 13:23:02.027 65473 INFO tempest.lib.common.rest_client [req-032daec0-fc88-46dd-88e9-08da9d6baae7 req-032daec0-fc88-46dd-88e9-08da9d6baae7 ] Request (ServersAaction247Test:test_create_backup): 200 GET http://10.180.1.21/compute/v2.1/servers/c52b1f08-4000-4ad1-bc41-c1d0a41dcd2d 0.471s
2025-12-12 13:23:02.059 65481 INFO tempest.lib.common.rest_client [req-7885107d-29a7-49a4-af57-57f581556f6f req-7885107d-29a7-49a4-af57-57f581556f6f ] Request (AttachInterfacesTestJSON:test_create_list_show_delete_interfaces_by_fixed_ip): 200 GET http://10.180.1.21/compute/v2.1/servers/d2d0e18c-4839-416c-b363-b93996e8ba7f 0.454s
2025-12-12 13:23:02.100 65475 INFO tempest.lib.common.rest_client [req-1d99e4b3-234b-444a-a90a-87a49e2f8691 req-1d99e4b3-234b-444a-a90a-87a49e2f8691 ] Request (ImagesOneServerTestJSON:test_create_image_specify_multibyte_character_image_name): 200 GET http://10.180.1.21/compute/v2.1/images/39f72a8a-740a-4530-923e-597c889d6992 0.388s
2025-12-12 13:23:02.159 65485 INFO tempest.lib.common.rest_client [req-caf11084-dde6-4263-baf0-2040759dae4d req-caf11084-dde6-4263-baf0-2040759dae4d ] Request (AttachInterfacesV270Test:test_create_get_list_interfaces): 200 GET http://10.180.1.21/compute/v2.1/servers/d40aec5a-d898-42f3-a121-503cf043f72b 0.389s
2025-12-12 13:23:02.199 65479 INFO tempest.lib.common.rest_client [req-1b420ebc-867e-4b06-b30d-a93b6edae18e req-1b420ebc-867e-4b06-b30d-a93b6edae18e ] Request (QuotasAdminNegativeTest:_run_cleanups): 200 PUT http://10.180.1.21/compute/v2.1/os-quota-sets/0e2a7ec1d8c845c99ad1ce40fd8a1dd2 0.531s
2025-12-12 13:23:02.214 65515 INFO tempest.lib.common.rest_client [req-5ce75c03-690e-446f-b820-8bff54067b9b req-5ce75c03-690e-446f-b820-8bff54067b9b ] Request (FlavorsAdminTestJSON:tearDownClass): 200 GET http://10.180.1.21/networking/v2.0/security-groups?tenant_id=36b025169d8743c7b6d4ac4fafba41dc&name=default 0.195s
2025-12-12 13:23:02.220 65489 INFO tempest.lib.common.rest_client [req-cd5cd1d9-1385-42f4-8ad3-222c1ca3837a req-cd5cd1d9-1385-42f4-8ad3-222c1ca3837a ] Request (FloatingIPsAssociationNegativeTestJSON:tearDownClass): 200 GET http://10.180.1.21/compute/v2.1/servers/ccd68268-d0fc-406e-896f-c61b114dd75d 0.392s
2025-12-12 13:23:02.280 65513 INFO tempest.lib.common.rest_client [req-aae9da90-c973-4d46-9d1d-0b670db1de87 req-aae9da90-c973-4d46-9d1d-0b670db1de87 ] Request (ServerActionsV293TestJSON:setUpClass): 200 GET http://10.180.1.21/compute/v2.1/servers/d65e98bb-f54d-4803-95ca-0fc9b6c184bc 0.367s
2025-12-12 13:23:02.328 65515 INFO tempest.lib.common.rest_client [req-01276259-81a3-4f03-9cab-6a3cb7739f77 req-01276259-81a3-4f03-9cab-6a3cb7739f77 ] Request (FlavorsAdminTestJSON:tearDownClass): 204 DELETE http://10.180.1.21/networking/v2.0/security-groups/0be81785-d4fc-466f-916e-f22a4bf4ee1b 0.113s
2025-12-12 13:23:02.397 65493 INFO tempest.lib.common.rest_client [req-dfffe113-1429-42ff-bd32-3ecd2bca6db2 req-dfffe113-1429-42ff-bd32-3ecd2bca6db2 ] Request (SecurityGroupRulesNegativeTestJSON:test_create_security_group_rule_with_invalid_to_port): 200 POST http://10.180.1.21/compute/v2.1/os-security-groups 0.447s
2025-12-12 13:23:02.406 65515 INFO tempest.lib.common.rest_client [req-7098c50e-c228-4a44-863e-f0bef37a6fe7 req-7098c50e-c228-4a44-863e-f0bef37a6fe7 ] Request (FlavorsAdminTestJSON:tearDownClass): 204 DELETE http://10.180.1.21/identity/v3/projects/36b025169d8743c7b6d4ac4fafba41dc 0.078s
2025-12-12 13:23:02.407 65515 INFO tempest.lib.common.dynamic_creds [-] Deleting project and security group for project: 8c4945b0b530478684118464ad3e575b
2025-12-12 13:23:02.475 65511 INFO tempest.lib.common.rest_client [req-38bb046e-0c5d-4df1-ad82-6c14ff4bb927 req-38bb046e-0c5d-4df1-ad82-6c14ff4bb927 ] Request (ServersV294TestFqdnHostnames:setUpClass): 200 GET http://10.180.1.21/compute/v2.1/servers/bfe544ec-9b08-4118-a940-a51520ecaac0 0.501s
2025-12-12 13:23:02.526 65515 INFO tempest.lib.common.rest_client [req-5a928838-2af5-4ea1-ae1c-66b58cbbd3e4 req-5a928838-2af5-4ea1-ae1c-66b58cbbd3e4 ] Request (FlavorsAdminTestJSON:tearDownClass): 200 GET http://10.180.1.21/networking/v2.0/security-groups?tenant_id=8c4945b0b530478684118464ad3e575b&name=default 0.119s
2025-12-12 13:23:02.624 65515 INFO tempest.lib.common.rest_client [req-d906fb1c-3c2c-4494-92b0-4f17da329b0a req-d906fb1c-3c2c-4494-92b0-4f17da329b0a ] Request (FlavorsAdminTestJSON:tearDownClass): 204 DELETE http://10.180.1.21/networking/v2.0/security-groups/efd90481-044f-446c-85ea-a9860fb2026b 0.098s
2025-12-12 13:23:02.626 65517 INFO tempest.lib.common.rest_client [req-a1fc5f23-6cd3-41d7-8eaf-bd34f7c680ff req-a1fc5f23-6cd3-41d7-8eaf-bd34f7c680ff ] Request (ServerRescueTestJSONUnderV235:setUpClass): 200 GET http://10.180.1.21/compute/v2.1/servers/b20a2c71-514d-488a-8edb-8fb0274a894a 0.524s
2025-12-12 13:23:02.682 65467 INFO tempest.lib.common.rest_client [req-a454bc72-aed7-48ec-86c9-499f8bb9e994 req-a454bc72-aed7-48ec-86c9-499f8bb9e994 ] Request (ListImageFiltersTestJSON:setUpClass): 202 POST http://10.180.1.21/compute/v2.1/servers/f2814dd6-8be5-49b2-a030-f57e452c2e6d/action 0.838s
2025-12-12 13:23:02.690 65479 INFO tempest.lib.common.rest_client [req-e157a093-9f7f-461b-9082-fcace1f8b23c req-e157a093-9f7f-461b-9082-fcace1f8b23c ] Request (QuotasAdminNegativeTest:test_update_quota_normal_user): 403 PUT http://10.180.1.21/compute/v2.1/os-quota-sets/0e2a7ec1d8c845c99ad1ce40fd8a1dd2 0.486s
2025-12-12 13:23:02.698 65461 INFO tempest.lib.common.rest_client [req-fb68efc0-7e06-4f8e-82cb-084acbe84ad3 req-fb68efc0-7e06-4f8e-82cb-084acbe84ad3 ] Request (DeleteServersTestJSON:test_delete_server_while_in_attached_volume): 200 GET http://10.180.1.21/compute/v2.1/servers/c7739dfd-88d6-46ac-b3a0-e7dfe9b00332 0.543s
2025-12-12 13:23:02.768 65515 INFO tempest.lib.common.rest_client [req-9642669a-9b47-42d9-bb15-aee01b915cca req-9642669a-9b47-42d9-bb15-aee01b915cca ] Request (FlavorsAdminTestJSON:tearDownClass): 204 DELETE http://10.180.1.21/identity/v3/projects/8c4945b0b530478684118464ad3e575b 0.143s
2025-12-12 13:23:02.804 65479 INFO tempest.lib.common.rest_client [req-d0b838d5-6731-4ca9-b30f-0efbba26bc94 req-d0b838d5-6731-4ca9-b30f-0efbba26bc94 ] Request (QuotasAdminNegativeTest:tearDownClass): 204 DELETE http://10.180.1.21/identity/v3/users/56c05127cbda48a5b53f8d721678d17e 0.112s
2025-12-12 13:23:02.840 65471 INFO tempest.lib.common.rest_client [req-8b4f125a-ac7b-4e50-a1eb-5a03418fef5c req-8b4f125a-ac7b-4e50-a1eb-5a03418fef5c ] Request (MultipleCreateTestJSON:test_multiple_create_with_reservation_return): 200 GET http://10.180.1.21/compute/v2.1/servers/07b83b81-9c65-4180-b208-c96525b78d8a 0.596s
2025-12-12 13:23:02.847 65471 INFO tempest.common.waiters [-] State transition "BUILD/spawning" ==> "ACTIVE/None" after 27 second wait
2025-12-12 13:23:02.849 65515 INFO tempest.lib.common.rest_client [req-7dda7889-a9a9-49ee-b98d-cbc0c57897ea req-7dda7889-a9a9-49ee-b98d-cbc0c57897ea ] Request (FlavorsExtraSpecsTestJSON:setUpClass): 201 POST http://10.180.1.21/identity/v3/auth/tokens 0.077s
2025-12-12 13:23:02.885 65491 INFO tempest.lib.common.rest_client [req-ae2cd443-6ca4-4e2a-949e-f37b6d070054 req-ae2cd443-6ca4-4e2a-949e-f37b6d070054 ] Request (ServersAdminTestJSON:test_rebuild_server_in_error_state): 200 GET http://10.180.1.21/compute/v2.1/servers/e3510c31-d6be-4e9f-a0a2-a662123861e9 0.598s
2025-12-12 13:23:02.912 65483 INFO tempest.lib.common.rest_client [req-7683ee65-b467-42c3-b211-85a248732e08 req-7683ee65-b467-42c3-b211-85a248732e08 ] Request (ListServersNegativeTestJSON:setUpClass): 200 GET http://10.180.1.21/compute/v2.1/servers/3948dcdd-e7c1-40b6-a3ec-97741940a0fb 0.581s
2025-12-12 13:23:02.915 65479 INFO tempest.lib.common.rest_client [req-befce12a-0b9d-49cb-a641-bb170942aebc req-befce12a-0b9d-49cb-a641-bb170942aebc ] Request (QuotasAdminNegativeTest:tearDownClass): 204 DELETE http://10.180.1.21/identity/v3/users/6fee1479f50345779aae8063b24ecc12 0.110s
2025-12-12 13:23:02.915 65479 INFO tempest.lib.common.dynamic_creds [-] Deleting project and security group for project: fb028c3fba754da4a1882f1f25e6cb3d
2025-12-12 13:23:02.928 65515 INFO tempest.lib.common.rest_client [req-10d08299-28c9-4bf2-a298-75c367b5899a req-10d08299-28c9-4bf2-a298-75c367b5899a ] Request (FlavorsExtraSpecsTestJSON:setUpClass): 201 POST http://10.180.1.21/identity/v3/auth/tokens 0.075s
2025-12-12 13:23:02.931 65493 INFO tempest.lib.common.rest_client [req-d7bdc1ba-a4f0-482b-88dc-e41ebb62d4d8 req-d7bdc1ba-a4f0-482b-88dc-e41ebb62d4d8 ] Request (SecurityGroupRulesNegativeTestJSON:test_create_security_group_rule_with_invalid_to_port): 400 POST http://10.180.1.21/compute/v2.1/os-security-group-rules 0.531s
2025-12-12 13:23:02.957 65467 INFO tempest.lib.common.rest_client [req-5152f5d5-9c68-4b0c-88c7-2144d05412ca req-5152f5d5-9c68-4b0c-88c7-2144d05412ca ] Request (ListImageFiltersTestJSON:setUpClass): 200 GET http://10.180.1.21/compute/v2.1/images/7aebf02a-b63e-47e4-96fe-9da51bed3b49 0.273s
2025-12-12 13:23:02.970 65495 WARNING tempest.lib.common.ssh [-] Failed to establish authenticated ssh connection to cirros@10.180.180.228 ([Errno None] Unable to connect to port 22 on 10.180.180.228). Number attempts: 1. Retry after 2 seconds.: paramiko.ssh_exception.NoValidConnectionsError: [Errno None] Unable to connect to port 22 on 10.180.180.228
2025-12-12 13:23:02.982 65479 INFO tempest.lib.common.rest_client [req-90b80e12-6a00-44b7-88e3-58d14a0d1519 req-90b80e12-6a00-44b7-88e3-58d14a0d1519 ] Request (QuotasAdminNegativeTest:tearDownClass): 201 POST http://10.180.1.21/identity/v3/auth/tokens 0.067s
2025-12-12 13:23:02.993 65515 INFO tempest.lib.common.rest_client [req-6f9569b8-6b7c-4ddc-be23-12d8ca50b1bf req-6f9569b8-6b7c-4ddc-be23-12d8ca50b1bf ] Request (FlavorsExtraSpecsTestJSON:setUpClass): 200 GET http://10.180.1.21/identity/v3/domains?name=Default 0.065s
2025-12-12 13:23:03.002 65501 INFO tempest.lib.common.rest_client [req-814a8505-a466-4f61-846f-3052c5a38dda req-814a8505-a466-4f61-846f-3052c5a38dda ] Request (ServerDiagnosticsV248Test:tearDownClass): 200 GET http://10.180.1.21/compute/v2.1/servers/a2b72bac-6806-4b7b-b972-32aea52f7c82 0.214s
2025-12-12 13:23:03.011 65501 INFO tempest.common.waiters [-] State transition "ACTIVE/deleting" ==> "DELETED/None" after 5 second wait
2025-12-12 13:23:03.025 65515 INFO tempest.lib.common.rest_client [req-d482554d-1d92-4611-8d7a-f78b5e5fddb2 req-d482554d-1d92-4611-8d7a-f78b5e5fddb2 ] Request (FlavorsExtraSpecsTestJSON:setUpClass): 201 POST http://10.180.1.21/identity/v3/projects 0.031s
2025-12-12 13:23:03.062 65471 INFO tempest.lib.common.rest_client [req-da837918-0641-4858-9fe8-a3ef315db47d req-da837918-0641-4858-9fe8-a3ef315db47d ] Request (MultipleCreateTestJSON:test_multiple_create_with_reservation_return): 200 GET http://10.180.1.21/compute/v2.1/servers/23aac5d2-f8ba-4fc4-a3ce-04e2e307a9b6 0.214s
2025-12-12 13:23:03.079 65465 INFO tempest.lib.common.rest_client [req-099907a7-b098-4bd5-abc4-dfa69b272c9e req-099907a7-b098-4bd5-abc4-dfa69b272c9e ] Request (DeleteServersAdminTestJSON:test_delete_server_while_in_error_state): 200 GET http://10.180.1.21/compute/v2.1/servers/7b24c530-56bf-4666-96f9-e2dc66728f1a 0.212s
2025-12-12 13:23:03.090 65515 INFO tempest.lib.common.rest_client [req-1338206e-983c-4110-990d-6fd0bc3b7982 req-1338206e-983c-4110-990d-6fd0bc3b7982 ] Request (FlavorsExtraSpecsTestJSON:setUpClass): 201 POST http://10.180.1.21/identity/v3/users 0.064s
2025-12-12 13:23:03.115 65515 INFO tempest.lib.common.rest_client [req-0b42483f-e900-424a-878f-6d4458bc873b req-0b42483f-e900-424a-878f-6d4458bc873b ] Request (FlavorsExtraSpecsTestJSON:setUpClass): 200 GET http://10.180.1.21/identity/v3/roles 0.025s
2025-12-12 13:23:03.129 65509 INFO tempest.lib.common.rest_client [req-3a8de498-8c6c-42e4-b473-8b0c9a9ccecc req-3a8de498-8c6c-42e4-b473-8b0c9a9ccecc ] Request (MigrationsAdminTest:test_resize_server_revert_deleted_flavor): 200 GET http://10.180.1.21/compute/v2.1/servers/369caf24-48a6-4640-8601-e30fd47453da 0.206s
2025-12-12 13:23:03.144 65505 INFO tempest.lib.common.rest_client [req-62a41d26-9e05-49a8-b7a8-61e9fa6df423 req-62a41d26-9e05-49a8-b7a8-61e9fa6df423 ] Request (ServerMetadataNegativeTestJSON:tearDownClass): 200 GET http://10.180.1.21/compute/v2.1/servers/e40dc8ad-31cf-4798-ab97-3ee67c8fbe67 0.226s
2025-12-12 13:23:03.149 65479 INFO tempest.lib.common.rest_client [req-121059e0-ae13-4d52-80c2-b8225fab9676 req-121059e0-ae13-4d52-80c2-b8225fab9676 ] Request (QuotasAdminNegativeTest:tearDownClass): 200 GET http://10.180.1.21/networking/v2.0/security-groups?tenant_id=fb028c3fba754da4a1882f1f25e6cb3d&name=default 0.166s
2025-12-12 13:23:03.149 65515 INFO tempest.lib.common.rest_client [req-97948314-a6bc-4ea6-b6df-9d142bb917ca req-97948314-a6bc-4ea6-b6df-9d142bb917ca ] Request (FlavorsExtraSpecsTestJSON:setUpClass): 204 PUT http://10.180.1.21/identity/v3/projects/5290807daed641f6a26769c46f1c7f1f/users/786e3c4028bd4b17b8d5d1a194b42beb/roles/425a58fa8a1b42d6aafe4dbc3139cb12 0.033s
2025-12-12 13:23:03.149 65515 INFO tempest.lib.common.dynamic_creds [-] Dynamic test user 786e3c4028bd4b17b8d5d1a194b42beb is created with scope project and roles: ['member']
2025-12-12 13:23:03.149 65515 INFO tempest.lib.common.dynamic_creds [-] Acquired dynamic creds: credentials: Credentials: {'domain_id': 'default', 'domain_name': 'Default', 'username': 'tempest-FlavorsExtraSpecsTestJSON-2046826570-project-member', 'project_domain_id': 'default', 'project_domain_name': 'Default', 'project_id': '5290807daed641f6a26769c46f1c7f1f', 'project_name': 'tempest-FlavorsExtraSpecsTestJSON-2046826570', 'tenant_id': '5290807daed641f6a26769c46f1c7f1f', 'tenant_name': 'tempest-FlavorsExtraSpecsTestJSON-2046826570', 'user_domain_id': 'default', 'user_domain_name': 'Default', 'user_id': '786e3c4028bd4b17b8d5d1a194b42beb', 'system': None}, Network: None, Subnet: None, Router: None
2025-12-12 13:23:03.149 65515 INFO tempest.lib.common.dynamic_creds [-] Created isolated network resources for: credentials: Credentials: {'domain_id': 'default', 'domain_name': 'Default', 'username': 'tempest-FlavorsExtraSpecsTestJSON-2046826570-project-member', 'project_domain_id': 'default', 'project_domain_name': 'Default', 'project_id': '5290807daed641f6a26769c46f1c7f1f', 'project_name': 'tempest-FlavorsExtraSpecsTestJSON-2046826570', 'tenant_id': '5290807daed641f6a26769c46f1c7f1f', 'tenant_name': 'tempest-FlavorsExtraSpecsTestJSON-2046826570', 'user_domain_id': 'default', 'user_domain_name': 'Default', 'user_id': '786e3c4028bd4b17b8d5d1a194b42beb', 'system': None}, Network: None, Subnet: None, Router: None
2025-12-12 13:23:03.151 65493 INFO tempest.lib.common.rest_client [req-cee31c9b-de38-4ace-a9a2-3d68c24c3d5f req-cee31c9b-de38-4ace-a9a2-3d68c24c3d5f ] Request (SecurityGroupRulesNegativeTestJSON:test_create_security_group_rule_with_non_existent_id): 404 POST http://10.180.1.21/compute/v2.1/os-security-group-rules 0.218s
2025-12-12 13:23:03.204 65519 INFO tempest.lib.common.rest_client [req-69c8f786-dcb5-48ce-9f36-f8ae2f6f31c1 req-69c8f786-dcb5-48ce-9f36-f8ae2f6f31c1 ] Request (FloatingIPsAssociationTestJSON:setUpClass): 200 GET http://10.180.1.21/compute/v2.1/servers/ef417f32-8c0e-4a62-9078-cb2bf95b85f8 0.221s
2025-12-12 13:23:03.218 65469 INFO tempest.lib.common.rest_client [req-67d1aade-3ddd-44ac-842f-1801cf5cf734 req-67d1aade-3ddd-44ac-842f-1801cf5cf734 ] Request (ServerDiagnosticsTest:test_get_server_diagnostics): 200 GET http://10.180.1.21/compute/v2.1/servers/854f7a3f-9b7a-4506-8310-94533f0e4cfc 0.208s
2025-12-12 13:23:03.239 65515 INFO tempest.lib.common.rest_client [req-8cdc07e9-395e-48e8-8cb0-075540f9603b req-8cdc07e9-395e-48e8-8cb0-075540f9603b ] Request (FlavorsExtraSpecsTestJSON:setUpClass): 201 POST http://10.180.1.21/identity/v3/auth/tokens 0.087s
2025-12-12 13:23:03.247 65479 INFO tempest.lib.common.rest_client [req-d3b253c4-f352-4a5d-80a8-e5199952b59a req-d3b253c4-f352-4a5d-80a8-e5199952b59a ] Request (QuotasAdminNegativeTest:tearDownClass): 204 DELETE http://10.180.1.21/networking/v2.0/security-groups/fa4e7caf-eee4-48f6-b77d-5d8b746a51bf 0.098s
2025-12-12 13:23:03.260 65473 INFO tempest.lib.common.rest_client [req-81e28435-9c92-483e-b41a-009c317af6b0 req-81e28435-9c92-483e-b41a-009c317af6b0 ] Request (ServersAaction247Test:test_create_backup): 200 GET http://10.180.1.21/compute/v2.1/servers/c52b1f08-4000-4ad1-bc41-c1d0a41dcd2d 0.218s
2025-12-12 13:23:03.273 65481 INFO tempest.lib.common.rest_client [req-759cea7d-aae6-4b1a-a58c-d34667a17633 req-759cea7d-aae6-4b1a-a58c-d34667a17633 ] Request (AttachInterfacesTestJSON:test_create_list_show_delete_interfaces_by_fixed_ip): 200 GET http://10.180.1.21/compute/v2.1/servers/d2d0e18c-4839-416c-b363-b93996e8ba7f 0.203s
2025-12-12 13:23:03.298 65475 INFO tempest.lib.common.rest_client [req-748627ae-2cce-4317-bbc2-96ce4536e7f4 req-748627ae-2cce-4317-bbc2-96ce4536e7f4 ] Request (ImagesOneServerTestJSON:test_create_image_specify_multibyte_character_image_name): 200 GET http://10.180.1.21/compute/v2.1/images/39f72a8a-740a-4530-923e-597c889d6992 0.192s
2025-12-12 13:23:03.299 65493 INFO tempest.lib.common.rest_client [req-8a514a46-e123-4e9c-bd6d-86e8e2ad38f1 req-8a514a46-e123-4e9c-bd6d-86e8e2ad38f1 ] Request (SecurityGroupRulesNegativeTestJSON:test_delete_security_group_rule_with_non_existent_id): 404 DELETE http://10.180.1.21/compute/v2.1/os-security-group-rules/ecb30aac-0b3e-4900-b156-9ed5efee8d06 0.146s
2025-12-12 13:23:03.311 65515 INFO tempest.lib.common.rest_client [req-752444b7-f4e5-462f-a906-b5af0ad2ef8a req-752444b7-f4e5-462f-a906-b5af0ad2ef8a ] Request (FlavorsExtraSpecsTestJSON:setUpClass): 201 POST http://10.180.1.21/identity/v3/projects 0.071s
2025-12-12 13:23:03.357 65485 INFO tempest.lib.common.rest_client [req-c6ed9ed5-a21d-44bb-a5d8-275dff5ad5af req-c6ed9ed5-a21d-44bb-a5d8-275dff5ad5af ] Request (AttachInterfacesV270Test:test_create_get_list_interfaces): 200 GET http://10.180.1.21/compute/v2.1/servers/d40aec5a-d898-42f3-a121-503cf043f72b 0.183s
2025-12-12 13:23:03.373 65479 INFO tempest.lib.common.rest_client [req-86ab24c7-dca9-483a-bd64-fc475c764f5c req-86ab24c7-dca9-483a-bd64-fc475c764f5c ] Request (QuotasAdminNegativeTest:tearDownClass): 204 DELETE http://10.180.1.21/identity/v3/projects/fb028c3fba754da4a1882f1f25e6cb3d 0.126s
2025-12-12 13:23:03.374 65479 INFO tempest.lib.common.dynamic_creds [-] Deleting project and security group for project: 0e2a7ec1d8c845c99ad1ce40fd8a1dd2
2025-12-12 13:23:03.384 65489 INFO tempest.lib.common.rest_client [req-6eba5435-c979-40b5-a81d-a85b4e088669 req-6eba5435-c979-40b5-a81d-a85b4e088669 ] Request (FloatingIPsAssociationNegativeTestJSON:tearDownClass): 200 GET http://10.180.1.21/compute/v2.1/servers/ccd68268-d0fc-406e-896f-c61b114dd75d 0.156s
2025-12-12 13:23:03.411 65513 INFO tempest.lib.common.rest_client [req-21c15bea-8e38-448e-aeef-3ca201b75943 req-21c15bea-8e38-448e-aeef-3ca201b75943 ] Request (ServerActionsV293TestJSON:setUpClass): 200 GET http://10.180.1.21/compute/v2.1/servers/d65e98bb-f54d-4803-95ca-0fc9b6c184bc 0.118s
2025-12-12 13:23:03.421 65515 INFO tempest.lib.common.rest_client [req-110552d7-fc3b-43c3-b81e-699a72c2eab5 req-110552d7-fc3b-43c3-b81e-699a72c2eab5 ] Request (FlavorsExtraSpecsTestJSON:setUpClass): 201 POST http://10.180.1.21/identity/v3/users 0.110s
2025-12-12 13:23:03.458 65515 INFO tempest.lib.common.rest_client [req-a0cc0d5e-c892-45b7-82cd-8d8f5429be99 req-a0cc0d5e-c892-45b7-82cd-8d8f5429be99 ] Request (FlavorsExtraSpecsTestJSON:setUpClass): 200 GET http://10.180.1.21/identity/v3/roles 0.036s
2025-12-12 13:23:03.475 65479 INFO tempest.lib.common.rest_client [req-b6f60fb3-74c5-4757-8756-96853f77584f req-b6f60fb3-74c5-4757-8756-96853f77584f ] Request (QuotasAdminNegativeTest:tearDownClass): 200 GET http://10.180.1.21/networking/v2.0/security-groups?tenant_id=0e2a7ec1d8c845c99ad1ce40fd8a1dd2&name=default 0.101s
2025-12-12 13:23:03.488 65515 INFO tempest.lib.common.rest_client [req-adb1265f-29de-469d-a36a-0a2aa3947aa1 req-adb1265f-29de-469d-a36a-0a2aa3947aa1 ] Request (FlavorsExtraSpecsTestJSON:setUpClass): 204 PUT http://10.180.1.21/identity/v3/projects/6ef8b3be711a4be9a27d54aae1f39275/users/effb858e1ab8412f95b3a8d20d8b7fb7/roles/30ad404b2c69467c818e0ffa734a0371 0.029s
2025-12-12 13:23:03.507 65493 INFO tempest.lib.common.rest_client [req-37b31a33-97e1-46c2-a8df-c7c841b02030 req-37b31a33-97e1-46c2-a8df-c7c841b02030 ] Request (SecurityGroupRulesNegativeTestJSON:tearDownClass): 202 DELETE http://10.180.1.21/compute/v2.1/os-security-groups/3408c6bc-6fa3-4a04-9362-f94bbcebfa59 0.203s
2025-12-12 13:23:03.543 65515 INFO tempest.lib.common.rest_client [req-53b9f6d2-66a9-43a3-aa69-5ca8d991d769 req-53b9f6d2-66a9-43a3-aa69-5ca8d991d769 ] Request (FlavorsExtraSpecsTestJSON:setUpClass): 200 GET http://10.180.1.21/identity/v3/roles 0.054s
2025-12-12 13:23:03.555 65479 INFO tempest.lib.common.rest_client [req-e857ab37-e33e-42ee-be6d-2d138ee0edff req-e857ab37-e33e-42ee-be6d-2d138ee0edff ] Request (QuotasAdminNegativeTest:tearDownClass): 204 DELETE http://10.180.1.21/networking/v2.0/security-groups/1d1f6379-eb3c-443c-893c-e77a056e7fd3 0.079s
2025-12-12 13:23:03.566 65511 INFO tempest.lib.common.rest_client [req-5876f27d-5c1c-441b-9a90-77c55975ee6c req-5876f27d-5c1c-441b-9a90-77c55975ee6c ] Request (ServersV294TestFqdnHostnames:setUpClass): 200 GET http://10.180.1.21/compute/v2.1/servers/bfe544ec-9b08-4118-a940-a51520ecaac0 0.077s
2025-12-12 13:23:03.566 65515 INFO tempest.lib.common.rest_client [req-622a1b10-d5a1-4295-adff-125279277a93 req-622a1b10-d5a1-4295-adff-125279277a93 ] Request (FlavorsExtraSpecsTestJSON:setUpClass): 204 PUT http://10.180.1.21/identity/v3/projects/6ef8b3be711a4be9a27d54aae1f39275/users/effb858e1ab8412f95b3a8d20d8b7fb7/roles/30ad404b2c69467c818e0ffa734a0371 0.023s
2025-12-12 13:23:03.566 65515 INFO tempest.lib.common.dynamic_creds [-] Dynamic test user effb858e1ab8412f95b3a8d20d8b7fb7 is created with scope project and roles: ['admin']
2025-12-12 13:23:03.566 65515 INFO tempest.lib.common.dynamic_creds [-] Acquired dynamic creds: credentials: Credentials: {'domain_id': 'default', 'domain_name': 'Default', 'username': 'tempest-FlavorsExtraSpecsTestJSON-1831917774-project-admin', 'project_domain_id': 'default', 'project_domain_name': 'Default', 'project_id': '6ef8b3be711a4be9a27d54aae1f39275', 'project_name': 'tempest-FlavorsExtraSpecsTestJSON-1831917774', 'tenant_id': '6ef8b3be711a4be9a27d54aae1f39275', 'tenant_name': 'tempest-FlavorsExtraSpecsTestJSON-1831917774', 'user_domain_id': 'default', 'user_domain_name': 'Default', 'user_id': 'effb858e1ab8412f95b3a8d20d8b7fb7', 'system': None}, Network: None, Subnet: None, Router: None
2025-12-12 13:23:03.567 65515 INFO tempest.lib.common.dynamic_creds [-] Created isolated network resources for: credentials: Credentials: {'domain_id': 'default', 'domain_name': 'Default', 'username': 'tempest-FlavorsExtraSpecsTestJSON-1831917774-project-admin', 'project_domain_id': 'default', 'project_domain_name': 'Default', 'project_id': '6ef8b3be711a4be9a27d54aae1f39275', 'project_name': 'tempest-FlavorsExtraSpecsTestJSON-1831917774', 'tenant_id': '6ef8b3be711a4be9a27d54aae1f39275', 'tenant_name': 'tempest-FlavorsExtraSpecsTestJSON-1831917774', 'user_domain_id': 'default', 'user_domain_name': 'Default', 'user_id': 'effb858e1ab8412f95b3a8d20d8b7fb7', 'system': None}, Network: None, Subnet: None, Router: None
2025-12-12 13:23:03.624 65493 INFO tempest.lib.common.rest_client [req-9c157e9e-15df-4298-a395-f7f7bfc9a3de req-9c157e9e-15df-4298-a395-f7f7bfc9a3de ] Request (SecurityGroupRulesNegativeTestJSON:tearDownClass): 202 DELETE http://10.180.1.21/compute/v2.1/os-security-groups/e1f53ac2-cbf6-433d-a42d-75539237a254 0.117s
2025-12-12 13:23:03.652 65515 INFO tempest.lib.common.rest_client [req-9f6a6aad-f7bb-4c79-9b4d-60567aa9334b req-9f6a6aad-f7bb-4c79-9b4d-60567aa9334b ] Request (FlavorsExtraSpecsTestJSON:setUpClass): 201 POST http://10.180.1.21/identity/v3/auth/tokens 0.082s
2025-12-12 13:23:03.684 65479 INFO tempest.lib.common.rest_client [req-7f9977ab-b910-4b63-9ea8-2720f39a2796 req-7f9977ab-b910-4b63-9ea8-2720f39a2796 ] Request (QuotasAdminNegativeTest:tearDownClass): 204 DELETE http://10.180.1.21/identity/v3/projects/0e2a7ec1d8c845c99ad1ce40fd8a1dd2 0.128s
2025-12-12 13:23:03.685 65479 INFO tempest.test [-] raised in TestMultiAttachVolumeSwap.setUpClass. Invoking tearDownClass.
2025-12-12 13:23:03.757 65493 INFO tempest.lib.common.rest_client [req-dc5969b4-9c94-479e-8816-50befce19bb0 req-dc5969b4-9c94-479e-8816-50befce19bb0 ] Request (SecurityGroupRulesNegativeTestJSON:tearDownClass): 202 DELETE http://10.180.1.21/compute/v2.1/os-security-groups/bc5761ba-42c8-4eec-8be1-75091d3bd973 0.132s
2025-12-12 13:23:03.770 65479 INFO tempest.lib.common.rest_client [req-6b5c4461-9dea-4a32-ae7c-367a409db2d8 req-6b5c4461-9dea-4a32-ae7c-367a409db2d8 ] Request (AttachVolumeNegativeTest:setUpClass): 201 POST http://10.180.1.21/identity/v3/auth/tokens 0.081s
2025-12-12 13:23:03.803 65517 INFO tempest.lib.common.rest_client [req-4cb8b719-3ce3-4b8e-b8ac-5190abe6ecb6 req-4cb8b719-3ce3-4b8e-b8ac-5190abe6ecb6 ] Request (ServerRescueTestJSONUnderV235:setUpClass): 200 GET http://10.180.1.21/compute/v2.1/servers/b20a2c71-514d-488a-8edb-8fb0274a894a 0.164s
2025-12-12 13:23:03.804 65479 INFO tempest.lib.common.rest_client [req-871d9850-4bc7-46cd-8632-60edb2fd18dd req-871d9850-4bc7-46cd-8632-60edb2fd18dd ] Request (AttachVolumeNegativeTest:setUpClass): 201 POST http://10.180.1.21/identity/v3/auth/tokens 0.031s
2025-12-12 13:23:03.837 65479 INFO tempest.lib.common.rest_client [req-33ba2e67-37a8-4b46-ad91-cceea480225c req-33ba2e67-37a8-4b46-ad91-cceea480225c ] Request (AttachVolumeNegativeTest:setUpClass): 200 GET http://10.180.1.21/identity/v3/domains?name=Default 0.032s
2025-12-12 13:23:03.869 65479 INFO tempest.lib.common.rest_client [req-0764573d-0be4-4372-9df3-290f10046c71 req-0764573d-0be4-4372-9df3-290f10046c71 ] Request (AttachVolumeNegativeTest:setUpClass): 201 POST http://10.180.1.21/identity/v3/projects 0.030s
2025-12-12 13:23:03.876 65461 INFO tempest.lib.common.rest_client [req-ef4eb3e3-4703-4fe5-99f1-990c44b8dba5 req-ef4eb3e3-4703-4fe5-99f1-990c44b8dba5 ] Request (DeleteServersTestJSON:test_delete_server_while_in_attached_volume): 200 GET http://10.180.1.21/compute/v2.1/servers/c7739dfd-88d6-46ac-b3a0-e7dfe9b00332 0.170s
2025-12-12 13:23:03.901 65515 INFO tempest.lib.common.rest_client [req-854d3db9-427a-433d-a2fa-b608c6ae889e req-854d3db9-427a-433d-a2fa-b608c6ae889e ] Request (FlavorsExtraSpecsTestJSON:setUpClass): 200 POST http://10.180.1.21/compute/v2.1/flavors 0.247s
2025-12-12 13:23:03.937 65479 INFO tempest.lib.common.rest_client [req-e01285fa-4427-4d48-a5ec-945b60d62064 req-e01285fa-4427-4d48-a5ec-945b60d62064 ] Request (AttachVolumeNegativeTest:setUpClass): 201 POST http://10.180.1.21/identity/v3/users 0.068s
2025-12-12 13:23:03.963 65479 INFO tempest.lib.common.rest_client [req-53cafa5a-0f78-485b-823d-2398d0311589 req-53cafa5a-0f78-485b-823d-2398d0311589 ] Request (AttachVolumeNegativeTest:setUpClass): 200 GET http://10.180.1.21/identity/v3/roles 0.025s
2025-12-12 13:23:03.998 65479 INFO tempest.lib.common.rest_client [req-49aceb83-9287-4ca8-be48-b7e8f17fa9e7 req-49aceb83-9287-4ca8-be48-b7e8f17fa9e7 ] Request (AttachVolumeNegativeTest:setUpClass): 204 PUT http://10.180.1.21/identity/v3/projects/544c649453844164bac53c98b342543f/users/bd87f09a43c049deb1fda21602b55a64/roles/425a58fa8a1b42d6aafe4dbc3139cb12 0.034s
2025-12-12 13:23:03.998 65479 INFO tempest.lib.common.dynamic_creds [-] Dynamic test user bd87f09a43c049deb1fda21602b55a64 is created with scope project and roles: ['member']
2025-12-12 13:23:03.999 65479 INFO tempest.lib.common.dynamic_creds [-] Acquired dynamic creds: credentials: Credentials: {'domain_id': 'default', 'domain_name': 'Default', 'username': 'tempest-AttachVolumeNegativeTest-1325286790-project-member', 'project_domain_id': 'default', 'project_domain_name': 'Default', 'project_id': '544c649453844164bac53c98b342543f', 'project_name': 'tempest-AttachVolumeNegativeTest-1325286790', 'tenant_id': '544c649453844164bac53c98b342543f', 'tenant_name': 'tempest-AttachVolumeNegativeTest-1325286790', 'user_domain_id': 'default', 'user_domain_name': 'Default', 'user_id': 'bd87f09a43c049deb1fda21602b55a64', 'system': None}, Network: None, Subnet: None, Router: None
2025-12-12 13:23:03.999 65493 INFO tempest.lib.common.rest_client [req-2e462773-e9c5-42e2-8cb4-540f5eab7486 req-2e462773-e9c5-42e2-8cb4-540f5eab7486 ] Request (SecurityGroupRulesNegativeTestJSON:tearDownClass): 202 DELETE http://10.180.1.21/compute/v2.1/os-security-groups/0a9f347c-a2a5-4171-8e4f-46c04b576352 0.241s
2025-12-12 13:23:04.019 65491 INFO tempest.lib.common.rest_client [req-f0343d77-32dc-4f30-8bc0-2a6171b0579e req-f0343d77-32dc-4f30-8bc0-2a6171b0579e ] Request (ServersAdminTestJSON:test_rebuild_server_in_error_state): 200 GET http://10.180.1.21/compute/v2.1/servers/e3510c31-d6be-4e9f-a0a2-a662123861e9 0.126s
2025-12-12 13:23:04.024 65515 INFO tempest.lib.common.rest_client [req-a781e6c7-0021-4edf-8b9c-866f1c11c566 req-a781e6c7-0021-4edf-8b9c-866f1c11c566 ] Request (FlavorsExtraSpecsTestJSON:test_flavor_non_admin_get_all_keys): 200 POST http://10.180.1.21/compute/v2.1/flavors/1896054962/os-extra_specs 0.119s
2025-12-12 13:23:04.025 65491 INFO tempest.common.waiters [-] State transition "REBUILD/rebuilding" ==> "REBUILD/rebuild_block_device_mapping" after 3 second wait
2025-12-12 13:23:04.063 65479 INFO tempest.lib.common.rest_client [req-0ca38be1-69c0-46fd-abf0-5889643bcff5 req-0ca38be1-69c0-46fd-abf0-5889643bcff5 ] Request (AttachVolumeNegativeTest:setUpClass): 201 POST http://10.180.1.21/identity/v3/auth/tokens 0.064s
2025-12-12 13:23:04.065 65467 INFO tempest.lib.common.rest_client [req-1787c490-c2ea-41d7-9a71-d07a020c5227 req-1787c490-c2ea-41d7-9a71-d07a020c5227 ] Request (ListImageFiltersTestJSON:setUpClass): 200 GET http://10.180.1.21/compute/v2.1/images/7aebf02a-b63e-47e4-96fe-9da51bed3b49 0.102s
2025-12-12 13:23:04.087 65483 INFO tempest.lib.common.rest_client [req-ae933d7e-4704-49a1-a4ee-318b51cec4b0 req-ae933d7e-4704-49a1-a4ee-318b51cec4b0 ] Request (ListServersNegativeTestJSON:setUpClass): 200 GET http://10.180.1.21/compute/v2.1/servers/3948dcdd-e7c1-40b6-a3ec-97741940a0fb 0.161s
2025-12-12 13:23:04.179 65493 INFO tempest.lib.common.rest_client [req-53b4e392-8de9-403c-88fb-53f99b3fbf35 req-53b4e392-8de9-403c-88fb-53f99b3fbf35 ] Request (SecurityGroupRulesNegativeTestJSON:tearDownClass): 202 DELETE http://10.180.1.21/compute/v2.1/os-security-groups/070f472c-05bb-4e4f-aff2-ab8cab8ee487 0.180s
2025-12-12 13:23:04.200 65501 INFO tempest.lib.common.rest_client [req-84a538c2-00bc-4582-876d-4db9d092361b req-84a538c2-00bc-4582-876d-4db9d092361b ] Request (ServerDiagnosticsV248Test:tearDownClass): 200 GET http://10.180.1.21/compute/v2.1/servers/a2b72bac-6806-4b7b-b972-32aea52f7c82 0.187s
2025-12-12 13:23:04.313 65515 INFO tempest.lib.common.rest_client [req-33d86e45-8d5e-45f7-b0a8-af11877f6ec0 req-33d86e45-8d5e-45f7-b0a8-af11877f6ec0 ] Request (FlavorsExtraSpecsTestJSON:test_flavor_non_admin_get_all_keys): 200 GET http://10.180.1.21/compute/v2.1/flavors/1896054962/os-extra_specs 0.285s
2025-12-12 13:23:04.336 65479 INFO tempest.lib.common.rest_client [req-f9c057f8-2795-4f02-811c-896ee4838cf2 req-f9c057f8-2795-4f02-811c-896ee4838cf2 ] Request (AttachVolumeNegativeTest:setUpClass): 201 POST http://10.180.1.21/networking/v2.0/networks 0.273s
2025-12-12 13:23:04.381 65503 WARNING tempest.lib.common.ssh [-] Failed to establish authenticated ssh connection to cirros@10.180.180.219 ([Errno None] Unable to connect to port 22 on 10.180.180.219). Number attempts: 8. Retry after 9 seconds.: paramiko.ssh_exception.NoValidConnectionsError: [Errno None] Unable to connect to port 22 on 10.180.180.219
2025-12-12 13:23:04.533 65479 INFO tempest.lib.common.rest_client [req-aaa1b9fc-b466-4184-b51a-ed5f72817436 req-aaa1b9fc-b466-4184-b51a-ed5f72817436 ] Request (AttachVolumeNegativeTest:setUpClass): 201 POST http://10.180.1.21/networking/v2.0/subnets 0.197s
2025-12-12 13:23:04.558 65465 INFO tempest.lib.common.rest_client [req-0e0096ec-ddb2-4ad8-a664-b01081c92590 req-0e0096ec-ddb2-4ad8-a664-b01081c92590 ] Request (DeleteServersAdminTestJSON:test_delete_server_while_in_error_state): 200 GET http://10.180.1.21/compute/v2.1/servers/7b24c530-56bf-4666-96f9-e2dc66728f1a 0.470s
2025-12-12 13:23:04.592 65471 INFO tempest.lib.common.rest_client [req-47545f31-76dc-4688-9a76-4f3fef86b180 req-47545f31-76dc-4688-9a76-4f3fef86b180 ] Request (MultipleCreateTestJSON:test_multiple_create_with_reservation_return): 200 GET http://10.180.1.21/compute/v2.1/servers/23aac5d2-f8ba-4fc4-a3ce-04e2e307a9b6 0.523s
2025-12-12 13:23:04.605 65471 INFO tempest.common.waiters [-] State transition "BUILD/spawning" ==> "ACTIVE/None" after 1 second wait
2025-12-12 13:23:04.811 65487 WARNING tempest.lib.common.ssh [-] Failed to establish authenticated ssh connection to cirros@10.180.180.152 ([Errno None] Unable to connect to port 22 on 10.180.180.152). Number attempts: 7. Retry after 8 seconds.: paramiko.ssh_exception.NoValidConnectionsError: [Errno None] Unable to connect to port 22 on 10.180.180.152
2025-12-12 13:23:05.028 65493 INFO tempest.lib.common.rest_client [req-845afa79-172d-4589-9ac5-7ea964ec1dba req-845afa79-172d-4589-9ac5-7ea964ec1dba ] Request (SecurityGroupRulesNegativeTestJSON:tearDownClass): 200 PUT http://10.180.1.21/networking/v2.0/routers/dabc0569-0634-4c5a-bbde-bc053bd910a1/remove_router_interface 0.848s
2025-12-12 13:23:05.053 65463 WARNING tempest.lib.common.ssh [-] Failed to establish authenticated ssh connection to cirros@10.180.180.207 ([Errno None] Unable to connect to port 22 on 10.180.180.207). Number attempts: 9. Retry after 10 seconds.: paramiko.ssh_exception.NoValidConnectionsError: [Errno None] Unable to connect to port 22 on 10.180.180.207
2025-12-12 13:23:05.061 65509 INFO tempest.lib.common.rest_client [req-c9ba7007-2ec5-400b-9530-cabab220e07a req-c9ba7007-2ec5-400b-9530-cabab220e07a ] Request (MigrationsAdminTest:test_resize_server_revert_deleted_flavor): 200 GET http://10.180.1.21/compute/v2.1/servers/369caf24-48a6-4640-8601-e30fd47453da 0.923s
2025-12-12 13:23:05.073 65509 INFO tempest.common.waiters [-] State transition "BUILD/scheduling" ==> "BUILD/None" after 17 second wait
2025-12-12 13:23:05.079 65505 INFO tempest.lib.common.rest_client [req-52c23fd0-0ba0-4997-b464-580150039830 req-52c23fd0-0ba0-4997-b464-580150039830 ] Request (ServerMetadataNegativeTestJSON:tearDownClass): 200 GET http://10.180.1.21/compute/v2.1/servers/e40dc8ad-31cf-4798-ab97-3ee67c8fbe67 0.924s
2025-12-12 13:23:05.450 65493 INFO tempest.lib.common.rest_client [req-900787c9-c0c1-4f14-b181-0529048bb0de req-900787c9-c0c1-4f14-b181-0529048bb0de ] Request (SecurityGroupRulesNegativeTestJSON:tearDownClass): 204 DELETE http://10.180.1.21/networking/v2.0/routers/dabc0569-0634-4c5a-bbde-bc053bd910a1 0.421s
2025-12-12 13:23:05.471 65519 INFO tempest.lib.common.rest_client [req-5b1b20a7-32ed-47e1-9d0a-bbd12cf77fc0 req-5b1b20a7-32ed-47e1-9d0a-bbd12cf77fc0 ] Request (FloatingIPsAssociationTestJSON:setUpClass): 200 GET http://10.180.1.21/compute/v2.1/servers/ef417f32-8c0e-4a62-9078-cb2bf95b85f8 1.257s
2025-12-12 13:23:05.486 65469 INFO tempest.lib.common.rest_client [req-f9de9efc-f0b1-42a0-ad0d-9ef32425c71b req-f9de9efc-f0b1-42a0-ad0d-9ef32425c71b ] Request (ServerDiagnosticsTest:test_get_server_diagnostics): 200 GET http://10.180.1.21/compute/v2.1/servers/854f7a3f-9b7a-4506-8310-94533f0e4cfc 1.260s
2025-12-12 13:23:05.584 65493 INFO tempest.lib.common.rest_client [req-3252dceb-f67e-4d2a-beaf-33b3e2564a58 req-3252dceb-f67e-4d2a-beaf-33b3e2564a58 ] Request (SecurityGroupRulesNegativeTestJSON:tearDownClass): 204 DELETE http://10.180.1.21/networking/v2.0/subnets/ea7bd17d-cf01-45a7-820b-99227479af2e 0.133s
2025-12-12 13:23:05.615 65473 INFO tempest.lib.common.rest_client [req-86666580-0260-4919-99f3-ff29b478e7e2 req-86666580-0260-4919-99f3-ff29b478e7e2 ] Request (ServersAaction247Test:test_create_backup): 200 GET http://10.180.1.21/compute/v2.1/servers/c52b1f08-4000-4ad1-bc41-c1d0a41dcd2d 1.346s
2025-12-12 13:23:05.640 65481 INFO tempest.lib.common.rest_client [req-236cd692-164c-433c-8753-92787dbbc723 req-236cd692-164c-433c-8753-92787dbbc723 ] Request (AttachInterfacesTestJSON:test_create_list_show_delete_interfaces_by_fixed_ip): 200 GET http://10.180.1.21/compute/v2.1/servers/d2d0e18c-4839-416c-b363-b93996e8ba7f 1.357s
2025-12-12 13:23:05.664 65515 INFO tempest.lib.common.rest_client [req-c41df57f-a450-41c9-9c83-10c5c8e037c8 req-c41df57f-a450-41c9-9c83-10c5c8e037c8 ] Request (FlavorsExtraSpecsTestJSON:test_flavor_non_admin_get_specific_key): 200 POST http://10.180.1.21/compute/v2.1/flavors/1896054962/os-extra_specs 1.348s
2025-12-12 13:23:05.667 65475 INFO tempest.lib.common.rest_client [req-48a76eef-9edf-4a7a-870a-c9cf4b701ad9 req-48a76eef-9edf-4a7a-870a-c9cf4b701ad9 ] Request (ImagesOneServerTestJSON:test_create_image_specify_multibyte_character_image_name): 200 GET http://10.180.1.21/compute/v2.1/images/39f72a8a-740a-4530-923e-597c889d6992 1.365s
2025-12-12 13:23:05.774 65499 WARNING tempest.lib.common.ssh [-] Failed to establish authenticated ssh connection to cirros@10.180.180.250 ([Errno None] Unable to connect to port 22 on 10.180.180.250). Number attempts: 6. Retry after 7 seconds.: paramiko.ssh_exception.NoValidConnectionsError: [Errno None] Unable to connect to port 22 on 10.180.180.250
2025-12-12 13:23:05.807 65493 INFO tempest.lib.common.rest_client [req-8c28b4ef-4a6e-4724-ab02-a642ad15bb19 req-8c28b4ef-4a6e-4724-ab02-a642ad15bb19 ] Request (SecurityGroupRulesNegativeTestJSON:tearDownClass): 204 DELETE http://10.180.1.21/networking/v2.0/networks/29f33f20-b816-43cf-9162-8c1ec5e6db0b 0.223s
2025-12-12 13:23:05.843 65485 INFO tempest.lib.common.rest_client [req-a9af62b1-1727-432e-9d16-800a36d52aff req-a9af62b1-1727-432e-9d16-800a36d52aff ] Request (AttachInterfacesV270Test:test_create_get_list_interfaces): 200 GET http://10.180.1.21/compute/v2.1/servers/d40aec5a-d898-42f3-a121-503cf043f72b 1.475s
2025-12-12 13:23:05.848 65479 INFO tempest.lib.common.rest_client [req-34ea7c63-3ca9-403f-9b5c-bb8e9f3494e1 req-34ea7c63-3ca9-403f-9b5c-bb8e9f3494e1 ] Request (AttachVolumeNegativeTest:setUpClass): 201 POST http://10.180.1.21/networking/v2.0/routers 1.314s
2025-12-12 13:23:05.857 65489 INFO tempest.lib.common.rest_client [req-c5dbe205-b405-4b13-bece-274b545a9f59 req-c5dbe205-b405-4b13-bece-274b545a9f59 ] Request (FloatingIPsAssociationNegativeTestJSON:tearDownClass): 200 GET http://10.180.1.21/compute/v2.1/servers/ccd68268-d0fc-406e-896f-c61b114dd75d 1.462s
2025-12-12 13:23:05.922 65493 INFO tempest.lib.common.rest_client [req-d79a705e-dcc1-484d-bf3b-73256db0660c req-d79a705e-dcc1-484d-bf3b-73256db0660c ] Request (SecurityGroupRulesNegativeTestJSON:tearDownClass): 204 DELETE http://10.180.1.21/identity/v3/users/066d64d7b6a64684bf9a8d145d18dfff 0.115s
2025-12-12 13:23:05.923 65493 INFO tempest.lib.common.dynamic_creds [-] Deleting project and security group for project: 54bd6890e566439f8a9180627697556f
2025-12-12 13:23:05.934 65511 INFO tempest.lib.common.rest_client [req-95fcb605-e7e0-4cc5-982b-9efa99f8f5c5 req-95fcb605-e7e0-4cc5-982b-9efa99f8f5c5 ] Request (ServersV294TestFqdnHostnames:setUpClass): 200 GET http://10.180.1.21/compute/v2.1/servers/bfe544ec-9b08-4118-a940-a51520ecaac0 1.354s
2025-12-12 13:23:05.955 65513 INFO tempest.lib.common.rest_client [req-522fc981-50a4-491b-bf96-6a249c8b152f req-522fc981-50a4-491b-bf96-6a249c8b152f ] Request (ServerActionsV293TestJSON:setUpClass): 200 GET http://10.180.1.21/compute/v2.1/servers/d65e98bb-f54d-4803-95ca-0fc9b6c184bc 1.534s
2025-12-12 13:23:05.969 65513 INFO tempest.common.waiters [-] State transition "BUILD/scheduling" ==> "BUILD/None" after 17 second wait
2025-12-12 13:23:05.973 65493 INFO tempest.lib.common.rest_client [req-d3890125-8f53-40b1-9d68-ef72b3eafa6d req-d3890125-8f53-40b1-9d68-ef72b3eafa6d ] Request (SecurityGroupRulesNegativeTestJSON:tearDownClass): 200 GET http://10.180.1.21/networking/v2.0/security-groups?tenant_id=54bd6890e566439f8a9180627697556f&name=default 0.049s
2025-12-12 13:23:06.015 65471 INFO tempest.lib.common.rest_client [req-48200f5a-037a-45d4-9b6e-78ddf7924c6d req-48200f5a-037a-45d4-9b6e-78ddf7924c6d ] Request (MultipleCreateTestJSON:tearDownClass): 204 DELETE http://10.180.1.21/compute/v2.1/servers/23aac5d2-f8ba-4fc4-a3ce-04e2e307a9b6 1.406s
2025-12-12 13:23:06.040 65495 WARNING tempest.lib.common.ssh [-] Failed to establish authenticated ssh connection to cirros@10.180.180.228 ([Errno None] Unable to connect to port 22 on 10.180.180.228). Number attempts: 2. Retry after 3 seconds.: paramiko.ssh_exception.NoValidConnectionsError: [Errno None] Unable to connect to port 22 on 10.180.180.228
2025-12-12 13:23:06.115 65493 INFO tempest.lib.common.rest_client [req-ff9eb0f6-47dc-4ecb-bcb1-16bf829654b2 req-ff9eb0f6-47dc-4ecb-bcb1-16bf829654b2 ] Request (SecurityGroupRulesNegativeTestJSON:tearDownClass): 204 DELETE http://10.180.1.21/networking/v2.0/security-groups/8ec57ed0-d7ee-40b0-9bb9-c808d6b4a0c8 0.142s
2025-12-12 13:23:06.180 65461 INFO tempest.lib.common.rest_client [req-e96db40d-37bd-42b3-8cde-75f72b074a08 req-e96db40d-37bd-42b3-8cde-75f72b074a08 ] Request (DeleteServersTestJSON:test_delete_server_while_in_attached_volume): 200 GET http://10.180.1.21/compute/v2.1/servers/c7739dfd-88d6-46ac-b3a0-e7dfe9b00332 1.290s
2025-12-12 13:23:06.216 65517 INFO tempest.lib.common.rest_client [req-4e0028d9-a0af-4d80-8a9d-a3ef81be748f req-4e0028d9-a0af-4d80-8a9d-a3ef81be748f ] Request (ServerRescueTestJSONUnderV235:setUpClass): 200 GET http://10.180.1.21/compute/v2.1/servers/b20a2c71-514d-488a-8edb-8fb0274a894a 1.402s
2025-12-12 13:23:06.243 65493 INFO tempest.lib.common.rest_client [req-f07916f0-8d2b-4f11-86f7-fe45af1be98e req-f07916f0-8d2b-4f11-86f7-fe45af1be98e ] Request (SecurityGroupRulesNegativeTestJSON:tearDownClass): 204 DELETE http://10.180.1.21/identity/v3/projects/54bd6890e566439f8a9180627697556f 0.127s
2025-12-12 13:23:06.260 65467 INFO tempest.lib.common.rest_client [req-fcccb03e-0e7c-493d-81f4-9878ea58668d req-fcccb03e-0e7c-493d-81f4-9878ea58668d ] Request (ListImageFiltersTestJSON:setUpClass): 200 GET http://10.180.1.21/compute/v2.1/images/7aebf02a-b63e-47e4-96fe-9da51bed3b49 1.191s
2025-12-12 13:23:06.322 65491 INFO tempest.lib.common.rest_client [req-244a12ef-8dec-493f-92a9-735a348d4f18 req-244a12ef-8dec-493f-92a9-735a348d4f18 ] Request (ServersAdminTestJSON:test_rebuild_server_in_error_state): 200 GET http://10.180.1.21/compute/v2.1/servers/e3510c31-d6be-4e9f-a0a2-a662123861e9 1.294s
2025-12-12 13:23:06.326 65493 INFO tempest.lib.common.rest_client [req-350b92a9-252f-4b53-87ee-68b70332da8b req-350b92a9-252f-4b53-87ee-68b70332da8b ] Request (ServersTestMultiNic:setUpClass): 201 POST http://10.180.1.21/identity/v3/auth/tokens 0.082s
2025-12-12 13:23:06.330 65491 INFO tempest.common.waiters [-] State transition "REBUILD/rebuild_block_device_mapping" ==> "REBUILD/rebuild_spawning" after 5 second wait
2025-12-12 13:23:06.339 65483 INFO tempest.lib.common.rest_client [req-1bde181e-a32d-4e17-b05d-93894aa34fc8 req-1bde181e-a32d-4e17-b05d-93894aa34fc8 ] Request (ListServersNegativeTestJSON:setUpClass): 200 GET http://10.180.1.21/compute/v2.1/servers/3948dcdd-e7c1-40b6-a3ec-97741940a0fb 1.244s
2025-12-12 13:23:06.369 65465 INFO tempest.lib.common.rest_client [req-78ed5ce3-dc56-4949-aef2-1a92a06c3d3a req-78ed5ce3-dc56-4949-aef2-1a92a06c3d3a ] Request (DeleteServersAdminTestJSON:test_delete_server_while_in_error_state): 404 GET http://10.180.1.21/compute/v2.1/servers/7b24c530-56bf-4666-96f9-e2dc66728f1a 0.801s
2025-12-12 13:23:06.369 65493 INFO tempest.lib.common.rest_client [req-d0dfc519-6c67-40cc-bdea-df3be8916047 req-d0dfc519-6c67-40cc-bdea-df3be8916047 ] Request (ServersTestMultiNic:setUpClass): 201 POST http://10.180.1.21/identity/v3/auth/tokens 0.040s
2025-12-12 13:23:06.386 65515 INFO tempest.lib.common.rest_client [req-c5e15552-f7cb-4d4b-943b-672c11c50dee req-c5e15552-f7cb-4d4b-943b-672c11c50dee ] Request (FlavorsExtraSpecsTestJSON:test_flavor_non_admin_get_specific_key): 200 GET http://10.180.1.21/compute/v2.1/flavors/1896054962/os-extra_specs/hw:numa_nodes 0.721s
2025-12-12 13:23:06.395 65493 INFO tempest.lib.common.rest_client [req-5b49a30b-ac7d-45c6-a222-64dde6d0c353 req-5b49a30b-ac7d-45c6-a222-64dde6d0c353 ] Request (ServersTestMultiNic:setUpClass): 200 GET http://10.180.1.21/identity/v3/domains?name=Default 0.025s
2025-12-12 13:23:06.406 65501 INFO tempest.lib.common.rest_client [req-fc504b5d-4aea-454b-a936-09b38fc68d1d req-fc504b5d-4aea-454b-a936-09b38fc68d1d ] Request (ServerDiagnosticsV248Test:tearDownClass): 200 GET http://10.180.1.21/compute/v2.1/servers/a2b72bac-6806-4b7b-b972-32aea52f7c82 1.196s
2025-12-12 13:23:06.440 65493 INFO tempest.lib.common.rest_client [req-d61d6d79-2aef-4a2a-8020-997743d6892f req-d61d6d79-2aef-4a2a-8020-997743d6892f ] Request (ServersTestMultiNic:setUpClass): 201 POST http://10.180.1.21/identity/v3/projects 0.044s
