2025-12-12 13:22:19.389 65495 INFO tempest.lib.common.rest_client [req-e40c1220-d915-45a9-ac11-e6adfbe88d85 req-e40c1220-d915-45a9-ac11-e6adfbe88d85 ] Request (ServerActionsTestOtherB:setUpClass): 201 POST http://10.180.1.21/identity/v3/auth/tokens 0.055s
2025-12-12 13:22:19.389 65495 INFO tempest.lib.common.fixed_network [-] (ServerActionsTestOtherB:setUpClass) Found network {'id': '65f204aa-768a-43b3-82dd-38a044e777ff', 'name': 'tempest-ServerActionsTestOtherB-1939340827-network', 'tenant_id': 'f379144b78764fe394039d87b043a946', 'project_id': 'f379144b78764fe394039d87b043a946', 'admin_state_up': True, 'mtu': 8950, 'status': 'ACTIVE', 'subnets': [], 'shared': False, 'port_security_enabled': True, 'router:external': False, 'provider:network_type': 'vlan', 'provider:physical_network': 'default', 'provider:segmentation_id': 228, 'availability_zone_hints': [], 'availability_zones': [], 'ipv4_address_scope': None, 'ipv6_address_scope': None, 'description': '', 'tags': [], 'created_at': '2025-12-12T13:22:09Z', 'updated_at': '2025-12-12T13:22:09Z', 'revision_number': 1} available for tenant
2025-12-12 13:22:19.412 65479 INFO tempest.lib.common.rest_client [req-8944daa2-0dee-4a1c-ba13-439199f781c3 req-8944daa2-0dee-4a1c-ba13-439199f781c3 ] Request (AggregatesAdminNegativeTestJSON:test_aggregate_get_details_as_user): 200 POST http://10.180.1.21/compute/v2.1/os-aggregates 3.385s
2025-12-12 13:22:19.597 65513 INFO tempest.lib.common.rest_client [req-ad5f1bed-ca37-4e95-b490-89f7d6a56a4c req-ad5f1bed-ca37-4e95-b490-89f7d6a56a4c ] Request (FloatingIPsNegativeTestJSON:tearDownClass): 204 DELETE http://10.180.1.21/networking/v2.0/subnets/f95ffce9-8beb-43b9-8a62-a36a64824273 0.259s
2025-12-12 13:22:19.888 65513 INFO tempest.lib.common.rest_client [req-6f6bb99c-cd94-471d-ab58-fde07ca8faf9 req-6f6bb99c-cd94-471d-ab58-fde07ca8faf9 ] Request (FloatingIPsNegativeTestJSON:tearDownClass): 204 DELETE http://10.180.1.21/networking/v2.0/networks/bcea2631-d0a3-4b05-91bc-d4d713c614b2 0.290s
2025-12-12 13:22:19.934 65491 INFO tempest.lib.common.rest_client [req-be6e114d-51ce-46a2-b50a-3a25984ee5d0 req-be6e114d-51ce-46a2-b50a-3a25984ee5d0 ] Request (ServersAdminTestJSON:test_inject_network_info): 202 POST http://10.180.1.21/compute/v2.1/servers 4.425s
2025-12-12 13:22:19.976 65465 INFO tempest.lib.common.rest_client [req-97bb76ca-a2b4-4ea1-87d6-75c62ff5df19 req-97bb76ca-a2b4-4ea1-87d6-75c62ff5df19 ] Request (DeleteServersAdminTestJSON:test_delete_server_while_in_error_state): 200 GET http://10.180.1.21/compute/v2.1/servers/7b24c530-56bf-4666-96f9-e2dc66728f1a 3.916s
2025-12-12 13:22:20.034 65467 INFO tempest.lib.common.rest_client [req-0ad05f87-8954-47f7-90a5-361f2f7b9487 req-0ad05f87-8954-47f7-90a5-361f2f7b9487 ] Request (ListImageFiltersTestJSON:setUpClass): 200 GET http://10.180.1.21/compute/v2.1/images/a656a63b-c667-4970-863b-5666f3f5df1d 3.492s
2025-12-12 13:22:20.098 65513 INFO tempest.lib.common.rest_client [req-7abe2e02-1b77-42d2-ac38-ad850e9ca800 req-7abe2e02-1b77-42d2-ac38-ad850e9ca800 ] Request (FloatingIPsNegativeTestJSON:tearDownClass): 204 DELETE http://10.180.1.21/identity/v3/users/f43647724d464f51a5e5b654fe106791 0.210s
2025-12-12 13:22:20.099 65513 INFO tempest.lib.common.dynamic_creds [-] Deleting project and security group for project: 102cddbd314c412b9a270a8a9aadaf1c
2025-12-12 13:22:20.211 65513 INFO tempest.lib.common.rest_client [req-8d75ec5d-a7f7-4aed-ba33-a88c47b31701 req-8d75ec5d-a7f7-4aed-ba33-a88c47b31701 ] Request (FloatingIPsNegativeTestJSON:tearDownClass): 200 GET http://10.180.1.21/networking/v2.0/security-groups?tenant_id=102cddbd314c412b9a270a8a9aadaf1c&name=default 0.112s
2025-12-12 13:22:20.247 65461 INFO tempest.lib.common.rest_client [req-8984d6b0-bc39-4865-b7d3-d777bd2c98dc req-8984d6b0-bc39-4865-b7d3-d777bd2c98dc ] Request (DeleteServersTestJSON:test_delete_active_server): 200 GET http://10.180.1.21/compute/v2.1/servers/0691bdfe-ff23-471b-ad94-2a98adcecd4f 3.498s
2025-12-12 13:22:20.306 65499 INFO tempest.lib.common.rest_client [req-e2fc1cdc-6482-413a-afc5-82047876986d req-e2fc1cdc-6482-413a-afc5-82047876986d ] Request (ServersTestManualDisk:setUpClass): 200 GET http://10.180.1.21/compute/v2.1/servers/0e6c9f2d-4412-4d8d-8348-6552a34ab349 3.771s
2025-12-12 13:22:20.410 65513 INFO tempest.lib.common.rest_client [req-a6c649e6-e829-4e32-957d-37c83a3d942f req-a6c649e6-e829-4e32-957d-37c83a3d942f ] Request (FloatingIPsNegativeTestJSON:tearDownClass): 204 DELETE http://10.180.1.21/networking/v2.0/security-groups/f3e81035-561e-4a5f-b1d2-350403ce2103 0.198s
2025-12-12 13:22:20.490 65483 INFO tempest.lib.common.rest_client [req-5ecf2f29-3482-4a15-a79e-cf591da31ce1 req-5ecf2f29-3482-4a15-a79e-cf591da31ce1 ] Request (InstanceActionsTestJSON:tearDownClass): 200 GET http://10.180.1.21/compute/v2.1/servers/4e70aaf3-5f1c-4a61-a790-a0a5e409170d 3.487s
2025-12-12 13:22:20.506 65501 INFO tempest.lib.common.rest_client [req-16ed3b5c-5445-4ed0-ba50-b7edec8d475a req-16ed3b5c-5445-4ed0-ba50-b7edec8d475a ] Request (ServerDiagnosticsV248Test:test_get_server_diagnostics): 202 POST http://10.180.1.21/compute/v2.1/servers 3.714s
2025-12-12 13:22:20.553 65513 INFO tempest.lib.common.rest_client [req-350a6a0c-6863-4b42-8e1d-cb6e97a4dc1c req-350a6a0c-6863-4b42-8e1d-cb6e97a4dc1c ] Request (FloatingIPsNegativeTestJSON:tearDownClass): 204 DELETE http://10.180.1.21/identity/v3/projects/102cddbd314c412b9a270a8a9aadaf1c 0.141s
2025-12-12 13:22:20.587 65509 INFO tempest.lib.common.rest_client [req-796b2230-4abd-41d7-88d1-b803f4afcbfc req-796b2230-4abd-41d7-88d1-b803f4afcbfc ] Request (MigrationsAdminTest:test_list_migrations_in_flavor_resize_situation): 204 POST http://10.180.1.21/compute/v2.1/servers/fdb5603d-24b0-4fdd-b8cc-25c0ebee5311/action 3.579s
2025-12-12 13:22:20.672 65513 INFO tempest.lib.common.rest_client [req-9805fc88-f7fd-492b-b18e-3c93cbe4cb0b req-9805fc88-f7fd-492b-b18e-3c93cbe4cb0b ] Request (ServerActionsV293TestJSON:setUpClass): 201 POST http://10.180.1.21/identity/v3/auth/tokens 0.117s
2025-12-12 13:22:20.744 65513 INFO tempest.lib.common.rest_client [req-e0650e8c-e650-48fa-9c1e-aa5894df29f3 req-e0650e8c-e650-48fa-9c1e-aa5894df29f3 ] Request (ServerActionsV293TestJSON:setUpClass): 201 POST http://10.180.1.21/identity/v3/auth/tokens 0.068s
2025-12-12 13:22:20.784 65513 INFO tempest.lib.common.rest_client [req-3f6b3425-bc91-42ba-89c9-302b5ab6672b req-3f6b3425-bc91-42ba-89c9-302b5ab6672b ] Request (ServerActionsV293TestJSON:setUpClass): 200 GET http://10.180.1.21/identity/v3/domains?name=Default 0.039s
2025-12-12 13:22:20.840 65513 INFO tempest.lib.common.rest_client [req-892c286d-5ff7-483f-8ceb-47e4b7e3b316 req-892c286d-5ff7-483f-8ceb-47e4b7e3b316 ] Request (ServerActionsV293TestJSON:setUpClass): 201 POST http://10.180.1.21/identity/v3/projects 0.056s
2025-12-12 13:22:20.914 65513 INFO tempest.lib.common.rest_client [req-73d65d15-c024-48ff-8d17-b36929ee5f5e req-73d65d15-c024-48ff-8d17-b36929ee5f5e ] Request (ServerActionsV293TestJSON:setUpClass): 201 POST http://10.180.1.21/identity/v3/users 0.073s
2025-12-12 13:22:20.936 65513 INFO tempest.lib.common.rest_client [req-a008b062-9819-4feb-b95d-6e230315f77f req-a008b062-9819-4feb-b95d-6e230315f77f ] Request (ServerActionsV293TestJSON:setUpClass): 200 GET http://10.180.1.21/identity/v3/roles 0.021s
2025-12-12 13:22:20.973 65513 INFO tempest.lib.common.rest_client [req-82846e4e-6e4b-4eb8-90f7-88a55f0aef67 req-82846e4e-6e4b-4eb8-90f7-88a55f0aef67 ] Request (ServerActionsV293TestJSON:setUpClass): 204 PUT http://10.180.1.21/identity/v3/projects/71cd673a320348a9925e8f59637afc17/users/241bae3dd1bc4f6198ffb030a938019e/roles/425a58fa8a1b42d6aafe4dbc3139cb12 0.036s
2025-12-12 13:22:20.973 65513 INFO tempest.lib.common.dynamic_creds [-] Dynamic test user 241bae3dd1bc4f6198ffb030a938019e is created with scope project and roles: ['member']
2025-12-12 13:22:20.973 65513 INFO tempest.lib.common.dynamic_creds [-] Acquired dynamic creds: credentials: Credentials: {'domain_id': 'default', 'domain_name': 'Default', 'username': 'tempest-ServerActionsV293TestJSON-238779998-project-member', 'project_domain_id': 'default', 'project_domain_name': 'Default', 'project_id': '71cd673a320348a9925e8f59637afc17', 'project_name': 'tempest-ServerActionsV293TestJSON-238779998', 'tenant_id': '71cd673a320348a9925e8f59637afc17', 'tenant_name': 'tempest-ServerActionsV293TestJSON-238779998', 'user_domain_id': 'default', 'user_domain_name': 'Default', 'user_id': '241bae3dd1bc4f6198ffb030a938019e', 'system': None}, Network: None, Subnet: None, Router: None
2025-12-12 13:22:21.048 65513 INFO tempest.lib.common.rest_client [req-f9c2e460-b9ff-4eb8-9f2a-fcbec1d56f94 req-f9c2e460-b9ff-4eb8-9f2a-fcbec1d56f94 ] Request (ServerActionsV293TestJSON:setUpClass): 201 POST http://10.180.1.21/identity/v3/auth/tokens 0.074s
2025-12-12 13:22:21.156 65523 INFO tempest.lib.common.rest_client [req-2f3ed083-6ecc-4cfb-bf7c-ff9815a0f665 req-2f3ed083-6ecc-4cfb-bf7c-ff9815a0f665 ] Request (AttachInterfacesUnderV243Test:test_add_remove_fixed_ip): 200 GET http://10.180.1.21/compute/v2.1/servers/1253473b-d4bc-49ac-9724-9aa1e7a8f038/os-interface 3.846s
2025-12-12 13:22:21.171 65473 INFO tempest.lib.common.rest_client [req-5b1bce0c-c7bc-4f6a-88da-286fee1c606e req-5b1bce0c-c7bc-4f6a-88da-286fee1c606e ] Request (FlavorsV2TestJSON:test_list_flavors_filter_by_min_disk): 200 GET http://10.180.1.21/compute/v2.1/flavors/42 3.848s
2025-12-12 13:22:21.200 65485 INFO tempest.lib.common.rest_client [req-b27d61f4-ea7f-4d12-a659-61b63659a6b4 req-b27d61f4-ea7f-4d12-a659-61b63659a6b4 ] Request (KeyPairsV2TestJSON:test_keypairs_create_list_delete): 200 POST http://10.180.1.21/compute/v2.1/os-keypairs 3.854s
2025-12-12 13:22:21.217 65515 INFO tempest.lib.common.rest_client [req-7942f46f-2803-467a-91d2-97826fb00d86 req-7942f46f-2803-467a-91d2-97826fb00d86 ] Request (FlavorsAdminTestJSON:_run_cleanups): 202 DELETE http://10.180.1.21/compute/v2.1/flavors/1041494696 3.743s
2025-12-12 13:22:21.239 65469 INFO tempest.lib.common.rest_client [req-35cc5f5c-2447-4c97-a591-22d37e88bc5a req-35cc5f5c-2447-4c97-a591-22d37e88bc5a ] Request (FlavorsAccessNegativeTestJSON:_run_cleanups): 202 DELETE http://10.180.1.21/compute/v2.1/flavors/28362899 3.756s
2025-12-12 13:22:21.409 65513 INFO tempest.lib.common.rest_client [req-a05c9dc7-12b1-494a-809d-9741ba4be15f req-a05c9dc7-12b1-494a-809d-9741ba4be15f ] Request (ServerActionsV293TestJSON:setUpClass): 201 POST http://10.180.1.21/networking/v2.0/networks 0.361s
2025-12-12 13:22:22.100 65523 INFO tempest.lib.common.rest_client [req-1aef351c-0553-4260-8c29-640880189a2c req-1aef351c-0553-4260-8c29-640880189a2c ] Request (AttachInterfacesUnderV243Test:test_add_remove_fixed_ip): 200 PUT http://10.180.1.21/networking/v2.0/floatingips/ef4d9f63-a408-43ac-a3d5-2779e15d6e65 0.941s
2025-12-12 13:22:22.125 65519 INFO tempest.lib.common.rest_client [req-1d872a17-fa6b-4aa9-9dd8-e5ce83487e3a req-1d872a17-fa6b-4aa9-9dd8-e5ce83487e3a ] Request (ServersAdmin275Test:tearDownClass): 200 GET http://10.180.1.21/compute/v2.1/servers/ba2ed98f-ec1e-4a98-a169-7b2a1fbcb4e1 4.576s
2025-12-12 13:22:22.137 65503 WARNING tempest.lib.common.ssh [-] Failed to establish authenticated ssh connection to cirros@10.180.180.219 ([Errno None] Unable to connect to port 22 on 10.180.180.219). Number attempts: 2. Retry after 3 seconds.: paramiko.ssh_exception.NoValidConnectionsError: [Errno None] Unable to connect to port 22 on 10.180.180.219
2025-12-12 13:22:22.219 65511 INFO tempest.lib.common.rest_client [req-89be55af-4ccb-49e3-bf86-ccc7b9529fec req-89be55af-4ccb-49e3-bf86-ccc7b9529fec ] Request (TenantUsagesTestJSON:tearDownClass): 204 DELETE http://10.180.1.21/compute/v2.1/servers/7a3009bf-54a2-4565-a1aa-1d19286a4810 4.592s
2025-12-12 13:22:22.224 65505 INFO tempest.lib.common.rest_client [req-c2438987-4c56-4143-9d38-9996a2e9c240 req-c2438987-4c56-4143-9d38-9996a2e9c240 ] Request (ServerMetadataNegativeTestJSON:test_create_server_metadata_blank_key): 400 POST http://10.180.1.21/compute/v2.1/servers 4.266s
2025-12-12 13:22:22.278 65513 INFO tempest.lib.common.rest_client [req-540df5bb-f346-4585-b958-db808a33c61a req-540df5bb-f346-4585-b958-db808a33c61a ] Request (ServerActionsV293TestJSON:setUpClass): 201 POST http://10.180.1.21/networking/v2.0/subnets 0.868s
2025-12-12 13:22:22.312 65477 INFO tempest.lib.common.rest_client [req-f222350e-20c8-49c4-844a-5c0d2229fe55 req-f222350e-20c8-49c4-844a-5c0d2229fe55 ] Request (QuotaClassesAdmin257Test:test_update_default_quotas): 200 PUT http://10.180.1.21/compute/v2.1/os-quota-class-sets/default 4.327s
2025-12-12 13:22:23.255 65513 INFO tempest.lib.common.rest_client [req-7bf533cf-dc19-42ce-aacf-4cab85d67570 req-7bf533cf-dc19-42ce-aacf-4cab85d67570 ] Request (ServerActionsV293TestJSON:setUpClass): 201 POST http://10.180.1.21/networking/v2.0/routers 0.976s
2025-12-12 13:22:23.333 65471 INFO tempest.lib.common.rest_client [req-87c1c0e4-98e7-4538-b2f4-a69dfeff950b req-87c1c0e4-98e7-4538-b2f4-a69dfeff950b ] Request (MultipleCreateTestJSON:_run_cleanups): 200 GET http://10.180.1.21/compute/v2.1/servers/abb9dc0e-ce18-49c8-a472-d39a3fcec887 5.327s
2025-12-12 13:22:23.361 65489 INFO tempest.lib.common.rest_client [req-cd784b1a-1250-40d6-b763-bf4ac0dd3742 req-cd784b1a-1250-40d6-b763-bf4ac0dd3742 ] Request (FloatingIPsAssociationNegativeTestJSON:_run_cleanups): 202 DELETE http://10.180.1.21/compute/v2.1/os-floating-ips/7d595171-01c6-4b54-8eff-b747ce10304b 6.204s
2025-12-12 13:22:23.365 65497 INFO tempest.lib.common.rest_client [req-6d97771c-8285-4818-8cab-019aa56e6f5b req-6d97771c-8285-4818-8cab-019aa56e6f5b ] Request (ServerGroup264TestJSON:test_create_get_server_group): 200 GET http://10.180.1.21/compute/v2.1/os-server-groups 5.214s
2025-12-12 13:22:23.664 65521 INFO tempest.lib.common.rest_client [req-e8b43c07-7c51-4d97-bfc9-e27b19f298c6 req-e8b43c07-7c51-4d97-bfc9-e27b19f298c6 ] Request (ServersTestBootFromVolume:setUpClass): 200 GET http://10.180.1.21/compute/v2.1/servers/7062b119-01a4-45f4-bb52-212178382271 5.377s
2025-12-12 13:22:23.672 65521 INFO tempest.common.waiters [-] State transition "BUILD/None" ==> "BUILD/spawning" after 12 second wait
2025-12-12 13:22:23.800 65463 WARNING tempest.lib.common.ssh [-] Failed to establish authenticated ssh connection to cirros@10.180.180.207 ([Errno None] Unable to connect to port 22 on 10.180.180.207). Number attempts: 5. Retry after 6 seconds.: paramiko.ssh_exception.NoValidConnectionsError: [Errno None] Unable to connect to port 22 on 10.180.180.207
2025-12-12 13:22:24.345 65513 INFO tempest.lib.common.rest_client [req-72135aab-ae23-40b3-96c3-87d95b4b2d63 req-72135aab-ae23-40b3-96c3-87d95b4b2d63 ] Request (ServerActionsV293TestJSON:setUpClass): 200 PUT http://10.180.1.21/networking/v2.0/routers/08a0ad06-2025-42bf-bd49-fd4a42a8225f/add_router_interface 1.090s
2025-12-12 13:22:24.346 65513 INFO tempest.lib.common.dynamic_creds [-] Created isolated network resources for: credentials: Credentials: {'domain_id': 'default', 'domain_name': 'Default', 'username': 'tempest-ServerActionsV293TestJSON-238779998-project-member', 'project_domain_id': 'default', 'project_domain_name': 'Default', 'project_id': '71cd673a320348a9925e8f59637afc17', 'project_name': 'tempest-ServerActionsV293TestJSON-238779998', 'tenant_id': '71cd673a320348a9925e8f59637afc17', 'tenant_name': 'tempest-ServerActionsV293TestJSON-238779998', 'user_domain_id': 'default', 'user_domain_name': 'Default', 'user_id': '241bae3dd1bc4f6198ffb030a938019e', 'system': None}, Network: {'id': '472c4d13-7d57-4d84-b35d-7f05f937120a', 'name': 'tempest-ServerActionsV293TestJSON-1598181546-network', 'tenant_id': '71cd673a320348a9925e8f59637afc17', 'project_id': '71cd673a320348a9925e8f59637afc17', 'admin_state_up': True, 'mtu': 8950, 'status': 'ACTIVE', 'subnets': [], 'shared': False, 'port_security_enabled': True, 'router:external': False, 'provider:network_type': 'vlan', 'provider:physical_network': 'default', 'provider:segmentation_id': 11, 'availability_zone_hints': [], 'availability_zones': [], 'ipv4_address_scope': None, 'ipv6_address_scope': None, 'description': '', 'tags': [], 'created_at': '2025-12-12T13:22:21Z', 'updated_at': '2025-12-12T13:22:21Z', 'revision_number': 1}, Subnet: {'id': '32b72f21-8420-4b76-965c-ad99c2262aba', 'name': 'tempest-ServerActionsV293TestJSON-1598181546-subnet', 'tenant_id': '71cd673a320348a9925e8f59637afc17', 'network_id': '472c4d13-7d57-4d84-b35d-7f05f937120a', 'ip_version': 4, 'subnetpool_id': None, 'enable_dhcp': True, 'ipv6_ra_mode': None, 'ipv6_address_mode': None, 'gateway_ip': '192.168.128.1', 'cidr': '192.168.128.0/28', 'allocation_pools': [{'start': '192.168.128.2', 'end': '192.168.128.14'}], 'host_routes': [], 'dns_nameservers': [], 'description': '', 'router:external': False, 'service_types': [], 'tags': [], 'created_at': '2025-12-12T13:22:22Z', 'updated_at': '2025-12-12T13:22:22Z', 'revision_number': 0, 'project_id': '71cd673a320348a9925e8f59637afc17'}, Router: {'id': '08a0ad06-2025-42bf-bd49-fd4a42a8225f', 'name': 'tempest-ServerActionsV293TestJSON-1598181546-router', 'tenant_id': '71cd673a320348a9925e8f59637afc17', 'admin_state_up': True, 'status': 'ACTIVE', 'external_gateway_info': {'network_id': 'f91b3e31-bdf8-42e4-8e11-227fa98ed2a5', 'external_fixed_ips': [{'subnet_id': '708c4fe9-6585-400d-879b-7a4b6378f20d', 'ip_address': '10.180.180.239'}], 'enable_snat': True}, 'description': '', 'availability_zones': [], 'distributed': False, 'ha': False, 'availability_zone_hints': [], 'routes': [], 'flavor_id': None, 'tags': [], 'created_at': '2025-12-12T13:22:22Z', 'updated_at': '2025-12-12T13:22:22Z', 'revision_number': 2, 'project_id': '71cd673a320348a9925e8f59637afc17'}
2025-12-12 13:22:24.448 65513 INFO tempest.lib.common.rest_client [req-b02b429e-0aa1-4910-b25c-4d43c24d6d80 req-b02b429e-0aa1-4910-b25c-4d43c24d6d80 ] Request (ServerActionsV293TestJSON:setUpClass): 201 POST http://10.180.1.21/identity/v3/auth/tokens 0.097s
2025-12-12 13:22:24.507 65517 INFO tempest.lib.common.rest_client [req-5dc21116-2ec8-4a41-8e2d-ba9b8bcde260 req-5dc21116-2ec8-4a41-8e2d-ba9b8bcde260 ] Request (ServerRescueTestJSONUnderV235:setUpClass): 202 POST http://10.180.1.21/compute/v2.1/servers 5.815s
2025-12-12 13:22:24.514 65479 INFO tempest.lib.common.rest_client [req-6c382c71-7a7e-4f03-a699-d6d503e92bb2 req-6c382c71-7a7e-4f03-a699-d6d503e92bb2 ] Request (AggregatesAdminNegativeTestJSON:test_aggregate_get_details_as_user): 403 GET http://10.180.1.21/compute/v2.1/os-aggregates/6 5.097s
2025-12-12 13:22:24.751 65495 INFO tempest.lib.common.rest_client [req-4c85d7b8-7249-4bf8-a167-5bf847e9b118 req-4c85d7b8-7249-4bf8-a167-5bf847e9b118 ] Request (ServerActionsTestOtherB:setUpClass): 202 POST http://10.180.1.21/compute/v2.1/servers 5.361s
2025-12-12 13:22:24.807 65475 INFO tempest.lib.common.rest_client [req-8acaae3d-586f-4950-89eb-67ee5a2a1260 req-8acaae3d-586f-4950-89eb-67ee5a2a1260 ] Request (ImagesOneServerTestJSON:setUpClass): 200 GET http://10.180.1.21/compute/v2.1/servers/f7446d76-45c2-4e8b-981d-d37c230cf125 5.227s
2025-12-12 13:22:24.815 65475 INFO tempest.common.waiters [-] State transition "BUILD/None" ==> "BUILD/spawning" after 12 second wait
2025-12-12 13:22:24.959 65491 INFO tempest.lib.common.rest_client [req-5faa4d08-3db7-4b45-ab83-9be7b05e615a req-5faa4d08-3db7-4b45-ab83-9be7b05e615a ] Request (ServersAdminTestJSON:test_inject_network_info): 200 GET http://10.180.1.21/compute/v2.1/servers/ad53146e-210d-4321-b819-90795c1af260 5.023s
2025-12-12 13:22:25.081 65487 INFO tempest.lib.common.rest_client [req-ed78cc34-eda1-446b-84f9-851ee6193c65 req-ed78cc34-eda1-446b-84f9-851ee6193c65 ] Request (ServersTestJSON:setUpClass): 200 GET http://10.180.1.21/compute/v2.1/servers/705b91ea-ccd2-41ce-a14f-2ea5b70f80df 4.688s
2025-12-12 13:22:25.092 65487 INFO tempest.common.waiters [-] State transition "BUILD/spawning" ==> "ACTIVE/None" after 20 second wait
2025-12-12 13:22:25.107 65501 INFO tempest.lib.common.rest_client [req-109b6797-e95e-44f0-bd9f-c8a4a2db89c4 req-109b6797-e95e-44f0-bd9f-c8a4a2db89c4 ] Request (ServerDiagnosticsV248Test:test_get_server_diagnostics): 200 GET http://10.180.1.21/compute/v2.1/servers/a2b72bac-6806-4b7b-b972-32aea52f7c82 4.598s
2025-12-12 13:22:25.234 65465 INFO tempest.lib.common.rest_client [req-27ff85d1-652d-4ffb-8ee2-2a8399e2d14c req-27ff85d1-652d-4ffb-8ee2-2a8399e2d14c ] Request (DeleteServersAdminTestJSON:test_delete_server_while_in_error_state): 200 GET http://10.180.1.21/compute/v2.1/servers/7b24c530-56bf-4666-96f9-e2dc66728f1a 4.249s
2025-12-12 13:22:25.243 65465 INFO tempest.common.waiters [-] State transition "BUILD/spawning" ==> "ACTIVE/None" after 20 second wait
2025-12-12 13:22:25.260 65509 INFO tempest.lib.common.rest_client [req-0310838b-6279-45c3-8ebe-a686474e8709 req-0310838b-6279-45c3-8ebe-a686474e8709 ] Request (MigrationsAdminTest:test_list_migrations_in_flavor_resize_situation): 200 GET http://10.180.1.21/compute/v2.1/servers/fdb5603d-24b0-4fdd-b8cc-25c0ebee5311 4.672s
2025-12-12 13:22:25.276 65467 INFO tempest.lib.common.rest_client [req-08bd2ac9-3b68-459f-99e1-95f646c84e11 req-08bd2ac9-3b68-459f-99e1-95f646c84e11 ] Request (ListImageFiltersTestJSON:setUpClass): 200 GET http://10.180.1.21/compute/v2.1/images/a656a63b-c667-4970-863b-5666f3f5df1d 4.231s
2025-12-12 13:22:25.280 65473 INFO tempest.lib.common.rest_client [req-05e22483-662d-4a0b-a803-dd27ec4e0a62 req-05e22483-662d-4a0b-a803-dd27ec4e0a62 ] Request (FlavorsV2TestJSON:test_list_flavors_filter_by_min_disk): 200 GET http://10.180.1.21/compute/v2.1/flavors?minDisk=2 4.106s
2025-12-12 13:22:25.303 65515 INFO tempest.lib.common.rest_client [req-1bb3f4c0-e9ce-43ef-a12c-73913c438f3a req-1bb3f4c0-e9ce-43ef-a12c-73913c438f3a ] Request (FlavorsAdminTestJSON:_run_cleanups): 200 GET http://10.180.1.21/compute/v2.1/flavors/detail 4.084s
2025-12-12 13:22:25.314 65485 INFO tempest.lib.common.rest_client [req-38f4cd20-a82e-4c44-ba95-934427fc5dc2 req-38f4cd20-a82e-4c44-ba95-934427fc5dc2 ] Request (KeyPairsV2TestJSON:test_keypairs_create_list_delete): 200 POST http://10.180.1.21/compute/v2.1/os-keypairs 4.112s
2025-12-12 13:22:25.325 65469 INFO tempest.lib.common.rest_client [req-9f1bea45-2894-4526-ad26-d9acb0581943 req-9f1bea45-2894-4526-ad26-d9acb0581943 ] Request (FlavorsAccessNegativeTestJSON:_run_cleanups): 200 GET http://10.180.1.21/compute/v2.1/flavors/detail 4.085s
2025-12-12 13:22:25.384 65461 INFO tempest.lib.common.rest_client [req-c2b7e6fb-d76d-4ed3-b58e-1a79e2f8e391 req-c2b7e6fb-d76d-4ed3-b58e-1a79e2f8e391 ] Request (DeleteServersTestJSON:test_delete_active_server): 200 GET http://10.180.1.21/compute/v2.1/servers/0691bdfe-ff23-471b-ad94-2a98adcecd4f 4.126s
2025-12-12 13:22:25.449 65483 INFO tempest.lib.common.rest_client [req-c9b7092e-0fdc-46e6-86fb-b8fb1e4a36a3 req-c9b7092e-0fdc-46e6-86fb-b8fb1e4a36a3 ] Request (InstanceActionsTestJSON:tearDownClass): 200 GET http://10.180.1.21/compute/v2.1/servers/4e70aaf3-5f1c-4a61-a790-a0a5e409170d 3.949s
2025-12-12 13:22:25.490 65499 INFO tempest.lib.common.rest_client [req-129cc20a-98da-4ea1-832d-071787eb4804 req-129cc20a-98da-4ea1-832d-071787eb4804 ] Request (ServersTestManualDisk:setUpClass): 200 GET http://10.180.1.21/compute/v2.1/servers/0e6c9f2d-4412-4d8d-8348-6552a34ab349 4.175s
2025-12-12 13:22:25.570 65511 INFO tempest.lib.common.rest_client [req-2bee4505-2331-4287-b5d9-f2c97b0a23ad req-2bee4505-2331-4287-b5d9-f2c97b0a23ad ] Request (TenantUsagesTestJSON:tearDownClass): 200 GET http://10.180.1.21/compute/v2.1/servers/7a3009bf-54a2-4565-a1aa-1d19286a4810 3.351s
2025-12-12 13:22:25.579 65505 INFO tempest.lib.common.rest_client [req-dddf80a1-b412-4051-95fe-0f562a996ce8 req-dddf80a1-b412-4051-95fe-0f562a996ce8 ] Request (ServerMetadataNegativeTestJSON:test_delete_metadata_non_existent_server): 404 DELETE http://10.180.1.21/compute/v2.1/servers/f5dc4748-1a00-45d1-8a2d-47f3f6080c5a/metadata/d 3.353s
2025-12-12 13:22:25.602 65477 INFO tempest.lib.common.rest_client [req-2d4c3ce7-0d83-4b2f-a884-7239edc2f5a2 req-2d4c3ce7-0d83-4b2f-a884-7239edc2f5a2 ] Request (QuotaClassesAdmin257Test:test_update_default_quotas): 200 GET http://10.180.1.21/compute/v2.1/os-quota-class-sets/default 3.289s
2025-12-12 13:22:25.632 65519 INFO tempest.lib.common.rest_client [req-64a757d0-408d-43cb-8850-94df97bd505f req-64a757d0-408d-43cb-8850-94df97bd505f ] Request (ServersAdmin275Test:tearDownClass): 404 GET http://10.180.1.21/compute/v2.1/servers/ba2ed98f-ec1e-4a98-a169-7b2a1fbcb4e1 2.496s
2025-12-12 13:22:25.647 65523 INFO tempest.lib.common.rest_client [req-404ea42a-ee4c-44b5-bdf8-0acd10e36f63 req-404ea42a-ee4c-44b5-bdf8-0acd10e36f63 ] Request (AttachInterfacesUnderV243Test:test_add_remove_fixed_ip): 200 GET http://10.180.1.21/compute/v2.1/servers/1253473b-d4bc-49ac-9724-9aa1e7a8f038 3.546s
2025-12-12 13:22:25.657 65523 INFO tempest.lib.common.ssh [-] Creating ssh connection to '10.180.180.246:22' as 'cirros' with public key authentication
2025-12-12 13:22:25.684 65497 INFO tempest.lib.common.rest_client [req-ac2436c9-38d5-4d0d-b108-5807fe4bd4d9 req-ac2436c9-38d5-4d0d-b108-5807fe4bd4d9 ] Request (ServerGroup264TestJSON:test_create_get_server_group): 200 GET http://10.180.1.21/compute/v2.1/os-server-groups/de63c945-438f-4e7c-ae5c-c9bb04a3c54c 2.317s
2025-12-12 13:22:25.710 65471 INFO tempest.lib.common.rest_client [req-c1901f21-5357-47a6-acd9-fa8564d81e13 req-c1901f21-5357-47a6-acd9-fa8564d81e13 ] Request (MultipleCreateTestJSON:_run_cleanups): 404 GET http://10.180.1.21/compute/v2.1/servers/abb9dc0e-ce18-49c8-a472-d39a3fcec887 1.365s
2025-12-12 13:22:25.751 65519 INFO tempest.lib.common.rest_client [req-2d9f717a-e1ff-41c5-a430-023336852198 req-2d9f717a-e1ff-41c5-a430-023336852198 ] Request (ServersAdmin275Test:tearDownClass): 204 DELETE http://10.180.1.21/identity/v3/users/395f8e4f943c41d2a852f4ff3b15bef4 0.118s
2025-12-12 13:22:25.811 65471 INFO tempest.lib.common.rest_client [req-fa6fc1e2-828d-463a-bb35-8f8367cc5836 req-fa6fc1e2-828d-463a-bb35-8f8367cc5836 ] Request (MultipleCreateTestJSON:test_multiple_create_with_reservation_return): 201 POST http://10.180.1.21/identity/v3/auth/tokens 0.096s
2025-12-12 13:22:25.812 65471 INFO tempest.lib.common.fixed_network [-] (MultipleCreateTestJSON:test_multiple_create_with_reservation_return) Found network {'id': 'f07c9962-99ac-4463-b5b8-0066c539c3a9', 'name': 'tempest-MultipleCreateTestJSON-2142986147-network', 'tenant_id': '24d8b15ee5034b33a4c741412bcc71e0', 'project_id': '24d8b15ee5034b33a4c741412bcc71e0', 'admin_state_up': True, 'mtu': 8950, 'status': 'ACTIVE', 'subnets': [], 'shared': False, 'port_security_enabled': True, 'router:external': False, 'provider:network_type': 'vlan', 'provider:physical_network': 'default', 'provider:segmentation_id': 833, 'availability_zone_hints': [], 'availability_zones': [], 'ipv4_address_scope': None, 'ipv6_address_scope': None, 'description': '', 'tags': [], 'created_at': '2025-12-12T13:21:10Z', 'updated_at': '2025-12-12T13:21:10Z', 'revision_number': 1} available for tenant
2025-12-12 13:22:25.881 65513 INFO tempest.lib.common.rest_client [req-c4b5b776-cb0b-479f-9c2b-1834f7eb4814 req-c4b5b776-cb0b-479f-9c2b-1834f7eb4814 ] Request (ServerActionsV293TestJSON:setUpClass): 201 POST http://10.180.1.21/compute/v2.1/os-keypairs 1.431s
2025-12-12 13:22:25.930 65519 INFO tempest.lib.common.rest_client [req-aa159b39-4334-442f-823b-f08e63573972 req-aa159b39-4334-442f-823b-f08e63573972 ] Request (ServersAdmin275Test:tearDownClass): 204 DELETE http://10.180.1.21/identity/v3/users/a512d9f6433f4480bdc82e9263c712d5 0.179s
2025-12-12 13:22:25.930 65519 INFO tempest.lib.common.dynamic_creds [-] Deleting project and security group for project: 1134e7eca4244c8b8b038a72efa4210f
2025-12-12 13:22:25.972 65517 INFO tempest.lib.common.rest_client [req-96b2cc0f-79cf-45b3-ba85-60fd7ac01272 req-96b2cc0f-79cf-45b3-ba85-60fd7ac01272 ] Request (ServerRescueTestJSONUnderV235:setUpClass): 200 GET http://10.180.1.21/compute/v2.1/servers/b20a2c71-514d-488a-8edb-8fb0274a894a 1.463s
2025-12-12 13:22:26.001 65479 INFO tempest.lib.common.rest_client [req-64c24a4a-583a-4656-9dc8-de3c67777c18 req-64c24a4a-583a-4656-9dc8-de3c67777c18 ] Request (AggregatesAdminNegativeTestJSON:_run_cleanups): 200 DELETE http://10.180.1.21/compute/v2.1/os-aggregates/6 1.486s
2025-12-12 13:22:26.026 65519 INFO tempest.lib.common.rest_client [req-be4d1ff9-c4e6-424a-9d3f-950a52b41651 req-be4d1ff9-c4e6-424a-9d3f-950a52b41651 ] Request (ServersAdmin275Test:tearDownClass): 201 POST http://10.180.1.21/identity/v3/auth/tokens 0.095s
2025-12-12 13:22:26.029 65513 INFO tempest.lib.common.rest_client [req-9bec34b2-0f82-4293-bc40-8833297b2688 req-9bec34b2-0f82-4293-bc40-8833297b2688 ] Request (ServerActionsV293TestJSON:setUpClass): 201 POST http://10.180.1.21/networking/v2.0/security-groups 0.146s
2025-12-12 13:22:26.190 65513 INFO tempest.lib.common.rest_client [req-89480615-e541-47ba-b687-98c90ff4e25f req-89480615-e541-47ba-b687-98c90ff4e25f ] Request (ServerActionsV293TestJSON:setUpClass): 201 POST http://10.180.1.21/networking/v2.0/security-group-rules 0.161s
2025-12-12 13:22:26.269 65519 INFO tempest.lib.common.rest_client [req-c27b9b3f-0888-460c-827b-85901e5761b6 req-c27b9b3f-0888-460c-827b-85901e5761b6 ] Request (ServersAdmin275Test:tearDownClass): 200 GET http://10.180.1.21/networking/v2.0/security-groups?tenant_id=1134e7eca4244c8b8b038a72efa4210f&name=default 0.243s
2025-12-12 13:22:26.367 65513 INFO tempest.lib.common.rest_client [req-844170b0-08e7-40be-868a-f4486b5e5ee9 req-844170b0-08e7-40be-868a-f4486b5e5ee9 ] Request (ServerActionsV293TestJSON:setUpClass): 201 POST http://10.180.1.21/networking/v2.0/security-group-rules 0.176s
2025-12-12 13:22:26.405 65521 INFO tempest.lib.common.rest_client [req-724797cc-88a6-4784-84e3-3547f81ecb53 req-724797cc-88a6-4784-84e3-3547f81ecb53 ] Request (ServersTestBootFromVolume:setUpClass): 200 GET http://10.180.1.21/compute/v2.1/servers/7062b119-01a4-45f4-bb52-212178382271 1.732s
2025-12-12 13:22:26.501 65519 INFO tempest.lib.common.rest_client [req-ade30513-3569-45d9-92a3-54a631a97bd7 req-ade30513-3569-45d9-92a3-54a631a97bd7 ] Request (ServersAdmin275Test:tearDownClass): 204 DELETE http://10.180.1.21/networking/v2.0/security-groups/cacdb330-6110-4239-b8cb-d5b6b0621da1 0.232s
2025-12-12 13:22:26.575 65519 INFO tempest.lib.common.rest_client [req-903e16b9-199a-4070-95c9-348a5661315d req-903e16b9-199a-4070-95c9-348a5661315d ] Request (ServersAdmin275Test:tearDownClass): 204 DELETE http://10.180.1.21/identity/v3/projects/1134e7eca4244c8b8b038a72efa4210f 0.074s
2025-12-12 13:22:26.576 65519 INFO tempest.lib.common.dynamic_creds [-] Deleting project and security group for project: 0b05e86cb08746b882be206dc88bb0e8
2025-12-12 13:22:26.668 65495 INFO tempest.lib.common.rest_client [req-1d56dec3-5009-4fe4-b604-05840bfce5f1 req-1d56dec3-5009-4fe4-b604-05840bfce5f1 ] Request (ServerActionsTestOtherB:setUpClass): 200 GET http://10.180.1.21/compute/v2.1/servers/71e6e280-50c3-4655-a6a3-40ea4c650d96 1.912s
2025-12-12 13:22:26.829 65519 INFO tempest.lib.common.rest_client [req-e8c2b347-1ebc-4aa4-af69-5c51a40b54ca req-e8c2b347-1ebc-4aa4-af69-5c51a40b54ca ] Request (ServersAdmin275Test:tearDownClass): 200 GET http://10.180.1.21/networking/v2.0/security-groups?tenant_id=0b05e86cb08746b882be206dc88bb0e8&name=default 0.253s
2025-12-12 13:22:26.958 65487 INFO tempest.lib.common.rest_client [req-0e35ddcd-c51c-4d26-b237-55cdbb9827fb req-0e35ddcd-c51c-4d26-b237-55cdbb9827fb ] Request (ServersTestJSON:setUpClass): 200 GET http://10.180.1.21/compute/v2.1/servers/705b91ea-ccd2-41ce-a14f-2ea5b70f80df/os-interface 1.866s
2025-12-12 13:22:27.045 65465 INFO tempest.lib.common.rest_client [req-040472a7-8bc6-4eb5-9999-18de391ce463 req-040472a7-8bc6-4eb5-9999-18de391ce463 ] Request (DeleteServersAdminTestJSON:test_delete_server_while_in_error_state): 202 POST http://10.180.1.21/compute/v2.1/servers/7b24c530-56bf-4666-96f9-e2dc66728f1a/action 1.801s
2025-12-12 13:22:27.053 65513 INFO tempest.lib.common.rest_client [req-6381a0f6-a96d-4fe9-9dec-7b91dd5e3b9a req-6381a0f6-a96d-4fe9-9dec-7b91dd5e3b9a ] Request (ServerActionsV293TestJSON:setUpClass): 201 POST http://10.180.1.21/networking/v2.0/floatingips 0.686s
2025-12-12 13:22:27.060 65519 INFO tempest.lib.common.rest_client [req-204f01e5-c65c-4459-af90-4f46bb368c63 req-204f01e5-c65c-4459-af90-4f46bb368c63 ] Request (ServersAdmin275Test:tearDownClass): 204 DELETE http://10.180.1.21/networking/v2.0/security-groups/bbdf75b8-5220-4aae-955a-ae8494dbe51a 0.231s
2025-12-12 13:22:27.064 65473 INFO tempest.lib.common.rest_client [req-471c5ec6-5ed9-4590-8321-53fe3925ba78 req-471c5ec6-5ed9-4590-8321-53fe3925ba78 ] Request (FlavorsV2TestJSON:test_list_flavors_filter_by_min_ram): 200 GET http://10.180.1.21/compute/v2.1/flavors/42 1.779s
2025-12-12 13:22:27.086 65515 INFO tempest.lib.common.rest_client [req-46588c79-58dc-4932-81a5-27b14a08d3e4 req-46588c79-58dc-4932-81a5-27b14a08d3e4 ] Request (FlavorsAdminTestJSON:test_create_server_with_non_public_flavor): 200 POST http://10.180.1.21/compute/v2.1/flavors 1.776s
2025-12-12 13:22:27.101 65485 INFO tempest.lib.common.rest_client [req-5acdeb9f-ddf3-49b4-b2eb-33a6c70e3626 req-5acdeb9f-ddf3-49b4-b2eb-33a6c70e3626 ] Request (KeyPairsV2TestJSON:test_keypairs_create_list_delete): 200 GET http://10.180.1.21/compute/v2.1/os-keypairs 1.786s
2025-12-12 13:22:27.128 65469 INFO tempest.lib.common.rest_client [req-4d5abce3-0b29-4ec0-bb31-0ff38066d53a req-4d5abce3-0b29-4ec0-bb31-0ff38066d53a ] Request (FlavorsAccessNegativeTestJSON:test_remove_flavor_access_not_found): 200 POST http://10.180.1.21/compute/v2.1/flavors 1.796s
2025-12-12 13:22:27.152 65513 INFO tempest.lib.common.rest_client [req-1317725b-c7ba-4c23-a575-5366ef8ef337 req-1317725b-c7ba-4c23-a575-5366ef8ef337 ] Request (ServerActionsV293TestJSON:setUpClass): 201 POST http://10.180.1.21/identity/v3/auth/tokens 0.093s
2025-12-12 13:22:27.152 65513 INFO tempest.lib.common.fixed_network [-] (ServerActionsV293TestJSON:setUpClass) Found network {'id': '472c4d13-7d57-4d84-b35d-7f05f937120a', 'name': 'tempest-ServerActionsV293TestJSON-1598181546-network', 'tenant_id': '71cd673a320348a9925e8f59637afc17', 'project_id': '71cd673a320348a9925e8f59637afc17', 'admin_state_up': True, 'mtu': 8950, 'status': 'ACTIVE', 'subnets': [], 'shared': False, 'port_security_enabled': True, 'router:external': False, 'provider:network_type': 'vlan', 'provider:physical_network': 'default', 'provider:segmentation_id': 11, 'availability_zone_hints': [], 'availability_zones': [], 'ipv4_address_scope': None, 'ipv6_address_scope': None, 'description': '', 'tags': [], 'created_at': '2025-12-12T13:22:21Z', 'updated_at': '2025-12-12T13:22:21Z', 'revision_number': 1} available for tenant
2025-12-12 13:22:27.185 65505 INFO tempest.lib.common.rest_client [req-8e00097b-48ad-4662-8597-818570bf6ec6 req-8e00097b-48ad-4662-8597-818570bf6ec6 ] Request (ServerMetadataNegativeTestJSON:test_list_server_metadata_non_existent_server): 404 GET http://10.180.1.21/compute/v2.1/servers/a56b6824-9150-4d01-af60-36eb10fc7b1f/metadata 1.604s
2025-12-12 13:22:27.217 65519 INFO tempest.lib.common.rest_client [req-6a064ff5-46ef-477e-b92d-97fa4a42319c req-6a064ff5-46ef-477e-b92d-97fa4a42319c ] Request (ServersAdmin275Test:tearDownClass): 204 DELETE http://10.180.1.21/identity/v3/projects/0b05e86cb08746b882be206dc88bb0e8 0.157s
2025-12-12 13:22:27.246 65477 INFO tempest.lib.common.rest_client [req-468c5e88-2087-4dd7-b693-5ca4d7a9c08b req-468c5e88-2087-4dd7-b693-5ca4d7a9c08b ] Request (QuotaClassesAdmin257Test:_run_cleanups): 200 PUT http://10.180.1.21/compute/v2.1/os-quota-class-sets/default 1.639s
2025-12-12 13:22:27.297 65497 INFO tempest.lib.common.rest_client [req-57e9af06-e220-435c-9222-7a94fdc19b52 req-57e9af06-e220-435c-9222-7a94fdc19b52 ] Request (ServerGroup264TestJSON:_run_cleanups): 204 DELETE http://10.180.1.21/compute/v2.1/os-server-groups/de63c945-438f-4e7c-ae5c-c9bb04a3c54c 1.609s
2025-12-12 13:22:27.325 65519 INFO tempest.lib.common.rest_client [req-b9e4eb4e-a497-4f93-9f62-a0a27d0f2390 req-b9e4eb4e-a497-4f93-9f62-a0a27d0f2390 ] Request (FloatingIPsAssociationTestJSON:setUpClass): 201 POST http://10.180.1.21/identity/v3/auth/tokens 0.105s
2025-12-12 13:22:27.372 65519 INFO tempest.lib.common.rest_client [req-4c42730b-22e3-4bd5-87f8-6e446bb4c69c req-4c42730b-22e3-4bd5-87f8-6e446bb4c69c ] Request (FloatingIPsAssociationTestJSON:setUpClass): 201 POST http://10.180.1.21/identity/v3/auth/tokens 0.042s
2025-12-12 13:22:27.401 65519 INFO tempest.lib.common.rest_client [req-458d94b5-78f0-4969-adc5-f0997d064109 req-458d94b5-78f0-4969-adc5-f0997d064109 ] Request (FloatingIPsAssociationTestJSON:setUpClass): 200 GET http://10.180.1.21/identity/v3/domains?name=Default 0.029s
2025-12-12 13:22:27.422 65477 INFO tempest.lib.common.rest_client [req-cf9fcd06-efd6-4fe9-8770-dde9e401c122 req-cf9fcd06-efd6-4fe9-8770-dde9e401c122 ] Request (QuotaClassesAdmin257Test:tearDownClass): 204 DELETE http://10.180.1.21/identity/v3/users/db96d4526c4043439177bc2466983c2a 0.171s
2025-12-12 13:22:27.423 65489 INFO tempest.lib.common.rest_client [req-9bcfbd06-fde6-4af7-b7aa-2c4bc32c0402 req-9bcfbd06-fde6-4af7-b7aa-2c4bc32c0402 ] Request (FloatingIPsAssociationNegativeTestJSON:_run_cleanups): 202 POST http://10.180.1.21/compute/v2.1/servers/ccd68268-d0fc-406e-896f-c61b114dd75d/action 4.062s
2025-12-12 13:22:27.458 65513 INFO tempest.lib.common.rest_client [req-3575040e-a6f5-4e7a-a320-bee320ee0b5f req-3575040e-a6f5-4e7a-a320-bee320ee0b5f ] Request (ServerActionsV293TestJSON:setUpClass): 202 POST http://10.180.1.21/volume/v3/volumes 0.305s
2025-12-12 13:22:27.483 65519 INFO tempest.lib.common.rest_client [req-3c4e3afd-df70-43c9-ad48-8ea4c949d53d req-3c4e3afd-df70-43c9-ad48-8ea4c949d53d ] Request (FloatingIPsAssociationTestJSON:setUpClass): 201 POST http://10.180.1.21/identity/v3/projects 0.081s
2025-12-12 13:22:27.516 65513 INFO tempest.lib.common.rest_client [req-841f7170-a204-43a1-9ef7-7154e0b647cb req-841f7170-a204-43a1-9ef7-7154e0b647cb ] Request (ServerActionsV293TestJSON:setUpClass): 200 GET http://10.180.1.21/volume/v3/volumes/f04439cd-6130-4943-97ee-01d8501c2efc 0.046s
2025-12-12 13:22:27.581 65477 INFO tempest.lib.common.rest_client [req-5ed2df2a-c23e-486b-821c-10115a008df0 req-5ed2df2a-c23e-486b-821c-10115a008df0 ] Request (QuotaClassesAdmin257Test:tearDownClass): 204 DELETE http://10.180.1.21/identity/v3/users/0a649e1baeb34e5b8252c60c758ec355 0.158s
2025-12-12 13:22:27.581 65477 INFO tempest.lib.common.dynamic_creds [-] Deleting project and security group for project: 3435027545f345e1a65955afc21f4195
2025-12-12 13:22:27.626 65519 INFO tempest.lib.common.rest_client [req-1ce99fd6-0bb0-49c5-93a5-b941beb22821 req-1ce99fd6-0bb0-49c5-93a5-b941beb22821 ] Request (FloatingIPsAssociationTestJSON:setUpClass): 201 POST http://10.180.1.21/identity/v3/users 0.143s
2025-12-12 13:22:27.673 65477 INFO tempest.lib.common.rest_client [req-5c3b852b-adab-49b1-afb8-a220ac89ad58 req-5c3b852b-adab-49b1-afb8-a220ac89ad58 ] Request (QuotaClassesAdmin257Test:tearDownClass): 201 POST http://10.180.1.21/identity/v3/auth/tokens 0.091s
2025-12-12 13:22:27.683 65475 INFO tempest.lib.common.rest_client [req-2178157c-9258-4877-b9bc-652a0aeb9860 req-2178157c-9258-4877-b9bc-652a0aeb9860 ] Request (ImagesOneServerTestJSON:setUpClass): 200 GET http://10.180.1.21/compute/v2.1/servers/f7446d76-45c2-4e8b-981d-d37c230cf125 1.867s
2025-12-12 13:22:27.704 65519 INFO tempest.lib.common.rest_client [req-c6e8770a-82b8-422e-acae-0c046761e64c req-c6e8770a-82b8-422e-acae-0c046761e64c ] Request (FloatingIPsAssociationTestJSON:setUpClass): 200 GET http://10.180.1.21/identity/v3/roles 0.077s
2025-12-12 13:22:27.748 65519 INFO tempest.lib.common.rest_client [req-f5e77828-453c-45ee-8c22-73a0c102fdbe req-f5e77828-453c-45ee-8c22-73a0c102fdbe ] Request (FloatingIPsAssociationTestJSON:setUpClass): 204 PUT http://10.180.1.21/identity/v3/projects/58588fe2a11f4ee0aab313903b211fa8/users/d75dbe2746e84cc2ad6848d6bd5412b9/roles/425a58fa8a1b42d6aafe4dbc3139cb12 0.043s
2025-12-12 13:22:27.748 65519 INFO tempest.lib.common.dynamic_creds [-] Dynamic test user d75dbe2746e84cc2ad6848d6bd5412b9 is created with scope project and roles: ['member']
2025-12-12 13:22:27.748 65519 INFO tempest.lib.common.dynamic_creds [-] Acquired dynamic creds: credentials: Credentials: {'domain_id': 'default', 'domain_name': 'Default', 'username': 'tempest-FloatingIPsAssociationTestJSON-1065123087-project-member', 'project_domain_id': 'default', 'project_domain_name': 'Default', 'project_id': '58588fe2a11f4ee0aab313903b211fa8', 'project_name': 'tempest-FloatingIPsAssociationTestJSON-1065123087', 'tenant_id': '58588fe2a11f4ee0aab313903b211fa8', 'tenant_name': 'tempest-FloatingIPsAssociationTestJSON-1065123087', 'user_domain_id': 'default', 'user_domain_name': 'Default', 'user_id': 'd75dbe2746e84cc2ad6848d6bd5412b9', 'system': None}, Network: None, Subnet: None, Router: None
2025-12-12 13:22:27.792 65487 INFO tempest.lib.common.rest_client [req-556bc34b-d360-451a-a6b3-a3a5ee20a872 req-556bc34b-d360-451a-a6b3-a3a5ee20a872 ] Request (ServersTestJSON:setUpClass): 200 PUT http://10.180.1.21/networking/v2.0/floatingips/9df24b39-f9b6-4606-9cbe-7e5eeb45c2b4 0.831s
2025-12-12 13:22:27.813 65519 INFO tempest.lib.common.rest_client [req-f7a30b89-07db-4b38-99bf-5d07e957b10c req-f7a30b89-07db-4b38-99bf-5d07e957b10c ] Request (FloatingIPsAssociationTestJSON:setUpClass): 201 POST http://10.180.1.21/identity/v3/auth/tokens 0.064s
2025-12-12 13:22:27.852 65491 INFO tempest.lib.common.rest_client [req-79ded064-25bc-4379-9b8c-442126be071b req-79ded064-25bc-4379-9b8c-442126be071b ] Request (ServersAdminTestJSON:test_inject_network_info): 200 GET http://10.180.1.21/compute/v2.1/servers/ad53146e-210d-4321-b819-90795c1af260 1.882s
2025-12-12 13:22:27.867 65479 INFO tempest.lib.common.rest_client [req-a8e126f9-8b34-4d9a-9f98-827be5fa4219 req-a8e126f9-8b34-4d9a-9f98-827be5fa4219 ] Request (AggregatesAdminNegativeTestJSON:test_aggregate_get_details_with_invalid_id): 404 GET http://10.180.1.21/compute/v2.1/os-aggregates/-1 1.862s
2025-12-12 13:22:28.029 65477 INFO tempest.lib.common.rest_client [req-652906d9-ca49-4a8a-a05c-66086adc41f1 req-652906d9-ca49-4a8a-a05c-66086adc41f1 ] Request (QuotaClassesAdmin257Test:tearDownClass): 200 GET http://10.180.1.21/networking/v2.0/security-groups?tenant_id=3435027545f345e1a65955afc21f4195&name=default 0.355s
2025-12-12 13:22:28.155 65519 INFO tempest.lib.common.rest_client [req-a5cf7f0d-ed37-4349-be74-92f3091b7846 req-a5cf7f0d-ed37-4349-be74-92f3091b7846 ] Request (FloatingIPsAssociationTestJSON:setUpClass): 201 POST http://10.180.1.21/networking/v2.0/networks 0.341s
2025-12-12 13:22:28.166 65501 INFO tempest.lib.common.rest_client [req-b687599e-2e16-4159-a1cd-7fc0480af35b req-b687599e-2e16-4159-a1cd-7fc0480af35b ] Request (ServerDiagnosticsV248Test:test_get_server_diagnostics): 200 GET http://10.180.1.21/compute/v2.1/servers/a2b72bac-6806-4b7b-b972-32aea52f7c82 2.044s
2025-12-12 13:22:28.256 65477 INFO tempest.lib.common.rest_client [req-578a6a6f-68fb-44b6-8356-a564e321b99d req-578a6a6f-68fb-44b6-8356-a564e321b99d ] Request (QuotaClassesAdmin257Test:tearDownClass): 204 DELETE http://10.180.1.21/networking/v2.0/security-groups/c4624432-ab8b-4dc9-a16d-979373022112 0.227s
2025-12-12 13:22:28.267 65471 INFO tempest.lib.common.rest_client [req-836e1bff-0c30-48eb-8266-2cdedebb9ea8 req-836e1bff-0c30-48eb-8266-2cdedebb9ea8 ] Request (MultipleCreateTestJSON:test_multiple_create_with_reservation_return): 202 POST http://10.180.1.21/compute/v2.1/servers 2.454s
2025-12-12 13:22:28.320 65467 INFO tempest.lib.common.rest_client [req-486e7043-9a77-44b4-92d1-e3b059893cb3 req-486e7043-9a77-44b4-92d1-e3b059893cb3 ] Request (ListImageFiltersTestJSON:setUpClass): 200 GET http://10.180.1.21/compute/v2.1/images/a656a63b-c667-4970-863b-5666f3f5df1d 2.040s
2025-12-12 13:22:28.366 65519 INFO tempest.lib.common.rest_client [req-35bfcbde-37b5-4593-a351-0e5df3ab321b req-35bfcbde-37b5-4593-a351-0e5df3ab321b ] Request (FloatingIPsAssociationTestJSON:setUpClass): 201 POST http://10.180.1.21/networking/v2.0/subnets 0.210s
2025-12-12 13:22:28.369 65477 INFO tempest.lib.common.rest_client [req-c44f605f-c929-487e-a721-47a8e6d00b07 req-c44f605f-c929-487e-a721-47a8e6d00b07 ] Request (QuotaClassesAdmin257Test:tearDownClass): 204 DELETE http://10.180.1.21/identity/v3/projects/3435027545f345e1a65955afc21f4195 0.112s
2025-12-12 13:22:28.369 65477 INFO tempest.lib.common.dynamic_creds [-] Deleting project and security group for project: a01e9a7f4f51407f899972dbe8413fbf
2025-12-12 13:22:28.412 65509 INFO tempest.lib.common.rest_client [req-928bb10c-e356-4e54-b888-4eb1a2ae2aa2 req-928bb10c-e356-4e54-b888-4eb1a2ae2aa2 ] Request (MigrationsAdminTest:test_list_migrations_in_flavor_resize_situation): 200 GET http://10.180.1.21/compute/v2.1/servers/fdb5603d-24b0-4fdd-b8cc-25c0ebee5311 2.143s
2025-12-12 13:22:28.438 65483 INFO tempest.lib.common.rest_client [req-95d7a014-b334-4d4d-aba2-2f935c08bce4 req-95d7a014-b334-4d4d-aba2-2f935c08bce4 ] Request (InstanceActionsTestJSON:tearDownClass): 404 GET http://10.180.1.21/compute/v2.1/servers/4e70aaf3-5f1c-4a61-a790-a0a5e409170d 1.979s
2025-12-12 13:22:28.541 65477 INFO tempest.lib.common.rest_client [req-f2320059-95a1-4f59-8243-2d13b85ea4f7 req-f2320059-95a1-4f59-8243-2d13b85ea4f7 ] Request (QuotaClassesAdmin257Test:tearDownClass): 200 GET http://10.180.1.21/networking/v2.0/security-groups?tenant_id=a01e9a7f4f51407f899972dbe8413fbf&name=default 0.172s
2025-12-12 13:22:28.560 65513 INFO tempest.lib.common.rest_client [req-7239f00c-d7cb-426f-b4fe-9fdf8a991b60 req-7239f00c-d7cb-426f-b4fe-9fdf8a991b60 ] Request (ServerActionsV293TestJSON:setUpClass): 200 GET http://10.180.1.21/volume/v3/volumes/f04439cd-6130-4943-97ee-01d8501c2efc 0.034s
2025-12-12 13:22:28.566 65461 INFO tempest.lib.common.rest_client [req-44fce0ad-4f4e-4f92-be5c-31c4a92fee0a req-44fce0ad-4f4e-4f92-be5c-31c4a92fee0a ] Request (DeleteServersTestJSON:test_delete_active_server): 200 GET http://10.180.1.21/compute/v2.1/servers/0691bdfe-ff23-471b-ad94-2a98adcecd4f 2.175s
2025-12-12 13:22:28.728 65503 WARNING tempest.lib.common.ssh [-] Failed to establish authenticated ssh connection to cirros@10.180.180.219 ([Errno None] Unable to connect to port 22 on 10.180.180.219). Number attempts: 3. Retry after 4 seconds.: paramiko.ssh_exception.NoValidConnectionsError: [Errno None] Unable to connect to port 22 on 10.180.180.219
2025-12-12 13:22:28.738 65523 WARNING tempest.lib.common.ssh [-] Failed to establish authenticated ssh connection to cirros@10.180.180.246 ([Errno None] Unable to connect to port 22 on 10.180.180.246). Number attempts: 1. Retry after 2 seconds.: paramiko.ssh_exception.NoValidConnectionsError: [Errno None] Unable to connect to port 22 on 10.180.180.246
2025-12-12 13:22:29.230 65519 INFO tempest.lib.common.rest_client [req-0884139b-df5a-4abf-903a-f69d840cf9c1 req-0884139b-df5a-4abf-903a-f69d840cf9c1 ] Request (FloatingIPsAssociationTestJSON:setUpClass): 201 POST http://10.180.1.21/networking/v2.0/routers 0.863s
2025-12-12 13:22:29.377 65483 INFO tempest.lib.common.rest_client [req-fe1279e7-8fee-466f-84ba-e4e9b7224267 req-fe1279e7-8fee-466f-84ba-e4e9b7224267 ] Request (InstanceActionsTestJSON:tearDownClass): 200 PUT http://10.180.1.21/networking/v2.0/routers/fa4eeeda-039b-4b75-acc9-efa2da537e37/remove_router_interface 0.938s
2025-12-12 13:22:29.435 65477 INFO tempest.lib.common.rest_client [req-fc320e00-aee9-4d9c-83b0-878c8e6b3828 req-fc320e00-aee9-4d9c-83b0-878c8e6b3828 ] Request (QuotaClassesAdmin257Test:tearDownClass): 204 DELETE http://10.180.1.21/networking/v2.0/security-groups/f2f80493-7559-4336-a426-f94901d25fa2 0.892s
2025-12-12 13:22:29.443 65511 INFO tempest.lib.common.rest_client [req-dc3f734f-c708-43fa-8e33-3c4f2fd01a7d req-dc3f734f-c708-43fa-8e33-3c4f2fd01a7d ] Request (TenantUsagesTestJSON:tearDownClass): 200 GET http://10.180.1.21/compute/v2.1/servers/7a3009bf-54a2-4565-a1aa-1d19286a4810 2.861s
2025-12-12 13:22:29.450 65511 INFO tempest.common.waiters [-] State transition "ACTIVE/deleting" ==> "DELETED/None" after 4 second wait
2025-12-12 13:22:29.480 65499 INFO tempest.lib.common.rest_client [req-d209f13f-e086-47ee-bf37-1e01b8a0096c req-d209f13f-e086-47ee-bf37-1e01b8a0096c ] Request (ServersTestManualDisk:setUpClass): 200 GET http://10.180.1.21/compute/v2.1/servers/0e6c9f2d-4412-4d8d-8348-6552a34ab349 2.981s
2025-12-12 13:22:29.490 65499 INFO tempest.common.waiters [-] State transition "BUILD/spawning" ==> "ACTIVE/None" after 23 second wait
2025-12-12 13:22:29.623 65513 INFO tempest.lib.common.rest_client [req-85753847-b454-45e2-b035-715253b80b93 req-85753847-b454-45e2-b035-715253b80b93 ] Request (ServerActionsV293TestJSON:setUpClass): 200 GET http://10.180.1.21/volume/v3/volumes/f04439cd-6130-4943-97ee-01d8501c2efc 0.047s
2025-12-12 13:22:29.638 65477 INFO tempest.lib.common.rest_client [req-b678725c-10a6-4288-b4de-2d9cff201f53 req-b678725c-10a6-4288-b4de-2d9cff201f53 ] Request (QuotaClassesAdmin257Test:tearDownClass): 204 DELETE http://10.180.1.21/identity/v3/projects/a01e9a7f4f51407f899972dbe8413fbf 0.203s
2025-12-12 13:22:29.752 65477 INFO tempest.lib.common.rest_client [req-46e7913a-6db6-4c72-8bd6-4437ae662f80 req-46e7913a-6db6-4c72-8bd6-4437ae662f80 ] Request (ServicesAdminNegativeV253TestJSON:setUpClass): 201 POST http://10.180.1.21/identity/v3/auth/tokens 0.109s
2025-12-12 13:22:29.819 65477 INFO tempest.lib.common.rest_client [req-56c11cbd-7d71-4797-94cf-d3d3b00cfc8e req-56c11cbd-7d71-4797-94cf-d3d3b00cfc8e ] Request (ServicesAdminNegativeV253TestJSON:setUpClass): 201 POST http://10.180.1.21/identity/v3/auth/tokens 0.058s
2025-12-12 13:22:29.862 65477 INFO tempest.lib.common.rest_client [req-8500e45b-e034-4d56-a6f7-769c465e02a9 req-8500e45b-e034-4d56-a6f7-769c465e02a9 ] Request (ServicesAdminNegativeV253TestJSON:setUpClass): 200 GET http://10.180.1.21/identity/v3/domains?name=Default 0.042s
