2025-12-12 13:24:08.767 65487 INFO tempest.lib.common.rest_client [req-74f0f02a-a2a5-48bc-8088-1bc1ce192bc2 req-74f0f02a-a2a5-48bc-8088-1bc1ce192bc2 ] Request (ServersTestJSON:tearDownClass): 204 DELETE http://10.180.1.21/identity/v3/projects/9c5372cbba21404eb54eda5f08f0ac42 0.136s
2025-12-12 13:24:08.806 65461 INFO tempest.lib.common.rest_client [req-4eb4ad05-86ed-4f0d-9158-10157175a78c req-4eb4ad05-86ed-4f0d-9158-10157175a78c ] Request (DeleteServersTestJSON:test_delete_server_while_in_attached_volume): 200 GET http://10.180.1.21/compute/v2.1/servers/c7739dfd-88d6-46ac-b3a0-e7dfe9b00332 0.120s
2025-12-12 13:24:08.814 65483 INFO tempest.lib.common.rest_client [req-abb5efc2-cfe1-479f-b60d-2c2ab8852759 req-abb5efc2-cfe1-479f-b60d-2c2ab8852759 ] Request (ListServersNegativeTestJSON:test_list_servers_by_changes_since_invalid_date): 400 GET http://10.180.1.21/compute/v2.1/servers?changes-since=2011%2F01%2F01 0.039s
2025-12-12 13:24:08.870 65487 INFO tempest.lib.common.rest_client [req-1a3fc5e0-6546-427c-8bb6-6edd40e198f7 req-1a3fc5e0-6546-427c-8bb6-6edd40e198f7 ] Request (ServerTagsTestJSON:setUpClass): 201 POST http://10.180.1.21/identity/v3/auth/tokens 0.100s
2025-12-12 13:24:08.878 65499 INFO tempest.lib.common.rest_client [req-26b44fb9-f794-463b-a670-681279642d27 req-26b44fb9-f794-463b-a670-681279642d27 ] Request (ServersTestManualDisk:tearDownClass): 200 GET http://10.180.1.21/compute/v2.1/servers/0e6c9f2d-4412-4d8d-8348-6552a34ab349 0.130s
2025-12-12 13:24:08.907 65487 INFO tempest.lib.common.rest_client [req-be5887c0-1073-4582-8a99-da087e996a9f req-be5887c0-1073-4582-8a99-da087e996a9f ] Request (ServerTagsTestJSON:setUpClass): 201 POST http://10.180.1.21/identity/v3/auth/tokens 0.034s
2025-12-12 13:24:08.918 65483 INFO tempest.lib.common.rest_client [req-40d38954-21c9-43af-84a4-d0018a8748b4 req-40d38954-21c9-43af-84a4-d0018a8748b4 ] Request (ListServersNegativeTestJSON:test_list_servers_by_limits_greater_than_actual_count): 200 GET http://10.180.1.21/compute/v2.1/servers 0.103s
2025-12-12 13:24:08.943 65487 INFO tempest.lib.common.rest_client [req-230121e0-4d0a-411a-a46e-56b906bb3f01 req-230121e0-4d0a-411a-a46e-56b906bb3f01 ] Request (ServerTagsTestJSON:setUpClass): 200 GET http://10.180.1.21/identity/v3/domains?name=Default 0.035s
2025-12-12 13:24:08.985 65487 INFO tempest.lib.common.rest_client [req-b826fb1c-37d2-4474-9c34-f8826edd9560 req-b826fb1c-37d2-4474-9c34-f8826edd9560 ] Request (ServerTagsTestJSON:setUpClass): 201 POST http://10.180.1.21/identity/v3/projects 0.041s
2025-12-12 13:24:09.002 65491 INFO tempest.lib.common.rest_client [req-9d3ddbb1-9ff3-414b-b8cd-6f635deddff1 req-9d3ddbb1-9ff3-414b-b8cd-6f635deddff1 ] Request (ServersAdminTestJSON:tearDownClass): 200 GET http://10.180.1.21/compute/v2.1/servers/ad53146e-210d-4321-b819-90795c1af260 0.094s
2025-12-12 13:24:09.011 65509 INFO tempest.lib.common.rest_client [req-fe91386d-5180-4d33-ac7b-b20f80deac96 req-fe91386d-5180-4d33-ac7b-b20f80deac96 ] Request (MigrationsAdminTest:test_resize_server_revert_deleted_flavor): 200 GET http://10.180.1.21/compute/v2.1/servers/369caf24-48a6-4640-8601-e30fd47453da 0.137s
2025-12-12 13:24:09.059 65483 INFO tempest.lib.common.rest_client [req-77b8a0bd-fdda-46f1-a23b-7db2c5e6d210 req-77b8a0bd-fdda-46f1-a23b-7db2c5e6d210 ] Request (ListServersNegativeTestJSON:test_list_servers_by_limits_greater_than_actual_count): 200 GET http://10.180.1.21/compute/v2.1/servers?limit=102 0.139s
2025-12-12 13:24:09.066 65487 INFO tempest.lib.common.rest_client [req-e2b38f84-d6e5-4ed1-bb84-59d556493934 req-e2b38f84-d6e5-4ed1-bb84-59d556493934 ] Request (ServerTagsTestJSON:setUpClass): 201 POST http://10.180.1.21/identity/v3/users 0.080s
2025-12-12 13:24:09.090 65485 INFO tempest.lib.common.rest_client [req-0534ffc0-694b-45fc-9186-689951addc14 req-0534ffc0-694b-45fc-9186-689951addc14 ] Request (AttachInterfacesV270Test:tearDownClass): 200 GET http://10.180.1.21/compute/v2.1/servers/d40aec5a-d898-42f3-a121-503cf043f72b 0.117s
2025-12-12 13:24:09.095 65483 INFO tempest.lib.common.rest_client [req-c030f530-ab49-4053-8d8c-02a094106720 req-c030f530-ab49-4053-8d8c-02a094106720 ] Request (ListServersNegativeTestJSON:test_list_servers_by_limits_pass_negative_value): 400 GET http://10.180.1.21/compute/v2.1/servers?limit=-1 0.031s
2025-12-12 13:24:09.097 65487 INFO tempest.lib.common.rest_client [req-99f23575-260e-4301-beb8-f73806d14226 req-99f23575-260e-4301-beb8-f73806d14226 ] Request (ServerTagsTestJSON:setUpClass): 200 GET http://10.180.1.21/identity/v3/roles 0.030s
2025-12-12 13:24:09.107 65483 INFO tempest.lib.common.rest_client [req-56172d8f-9466-4f42-88a2-70478963285f req-56172d8f-9466-4f42-88a2-70478963285f ] Request (ListServersNegativeTestJSON:test_list_servers_by_limits_pass_string): 400 GET http://10.180.1.21/compute/v2.1/servers?limit=testing 0.010s
2025-12-12 13:24:09.130 65483 INFO tempest.lib.common.rest_client [req-ca5880d1-dbf0-4bb3-b3ac-c4b398b92ae3 req-ca5880d1-dbf0-4bb3-b3ac-c4b398b92ae3 ] Request (ListServersNegativeTestJSON:test_list_servers_by_non_existing_flavor): 200 GET http://10.180.1.21/compute/v2.1/servers?flavor=non_existing_flavor 0.021s
2025-12-12 13:24:09.134 65473 INFO tempest.lib.common.rest_client [req-8624dc58-c7db-49ef-bd7c-83a73c8d664c req-8624dc58-c7db-49ef-bd7c-83a73c8d664c ] Request (ServersAaction247Test:tearDownClass): 200 GET http://10.180.1.21/compute/v2.1/servers/c52b1f08-4000-4ad1-bc41-c1d0a41dcd2d 0.140s
2025-12-12 13:24:09.137 65487 INFO tempest.lib.common.rest_client [req-bdc85a91-801b-44e7-b941-417b631640b6 req-bdc85a91-801b-44e7-b941-417b631640b6 ] Request (ServerTagsTestJSON:setUpClass): 204 PUT http://10.180.1.21/identity/v3/projects/ccad355f4d8546d2863753bfb1c86ba9/users/ad5a8049a2cf40cc8e710a78ea210ff5/roles/425a58fa8a1b42d6aafe4dbc3139cb12 0.040s
2025-12-12 13:24:09.137 65487 INFO tempest.lib.common.dynamic_creds [-] Dynamic test user ad5a8049a2cf40cc8e710a78ea210ff5 is created with scope project and roles: ['member']
2025-12-12 13:24:09.138 65487 INFO tempest.lib.common.dynamic_creds [-] Acquired dynamic creds: credentials: Credentials: {'domain_id': 'default', 'domain_name': 'Default', 'username': 'tempest-ServerTagsTestJSON-1705843489-project-member', 'project_domain_id': 'default', 'project_domain_name': 'Default', 'project_id': 'ccad355f4d8546d2863753bfb1c86ba9', 'project_name': 'tempest-ServerTagsTestJSON-1705843489', 'tenant_id': 'ccad355f4d8546d2863753bfb1c86ba9', 'tenant_name': 'tempest-ServerTagsTestJSON-1705843489', 'user_domain_id': 'default', 'user_domain_name': 'Default', 'user_id': 'ad5a8049a2cf40cc8e710a78ea210ff5', 'system': None}, Network: None, Subnet: None, Router: None
2025-12-12 13:24:09.191 65483 INFO tempest.lib.common.rest_client [req-6895ef49-4544-4bd9-883d-d8189a9a9933 req-6895ef49-4544-4bd9-883d-d8189a9a9933 ] Request (ListServersNegativeTestJSON:test_list_servers_by_non_existing_image): 200 GET http://10.180.1.21/compute/v2.1/servers?image=non_existing_image 0.057s
2025-12-12 13:24:09.225 65487 INFO tempest.lib.common.rest_client [req-cc99e3f6-6c2b-49ee-8882-ba4304c9c89d req-cc99e3f6-6c2b-49ee-8882-ba4304c9c89d ] Request (ServerTagsTestJSON:setUpClass): 201 POST http://10.180.1.21/identity/v3/auth/tokens 0.087s
2025-12-12 13:24:09.310 65465 INFO tempest.lib.common.rest_client [req-4215bee6-8108-4e0b-9167-0ac7e76592ba req-4215bee6-8108-4e0b-9167-0ac7e76592ba ] Request (ImagesTestJSON:test_create_image_from_stopped_server): 200 GET http://10.180.1.21/compute/v2.1/servers/19518d90-ba6f-44e5-b7c7-1ececad2b54d 0.159s
2025-12-12 13:24:09.333 65493 INFO tempest.lib.common.rest_client [req-2ce766f9-6a8c-4ddf-a9fc-bd82f99c8eab req-2ce766f9-6a8c-4ddf-a9fc-bd82f99c8eab ] Request (ServersTestMultiNic:test_verify_duplicate_network_nics): 200 GET http://10.180.1.21/compute/v2.1/servers/6563cbda-5fd3-4640-9e9a-95904f3f8335 0.159s
2025-12-12 13:24:09.360 65483 INFO tempest.lib.common.rest_client [req-3e7191ad-a2e5-4ccd-b589-a7574ee06482 req-3e7191ad-a2e5-4ccd-b589-a7574ee06482 ] Request (ListServersNegativeTestJSON:test_list_servers_by_non_existing_server_name): 200 GET http://10.180.1.21/compute/v2.1/servers?name=non_existing_server_name 0.166s
2025-12-12 13:24:09.389 65471 INFO tempest.lib.common.rest_client [req-60eaf23a-9c2a-4b6e-a1ad-85f602513ef8 req-60eaf23a-9c2a-4b6e-a1ad-85f602513ef8 ] Request (ServerActionsTestJSON:setUpClass): 200 GET http://10.180.1.21/compute/v2.1/servers/cd481deb-b12c-47ab-9ab1-0c4bdbb2024a 0.137s
2025-12-12 13:24:09.423 65517 INFO tempest.lib.common.rest_client [req-4144ea33-d985-4a8e-ade4-056bf33a78c2 req-4144ea33-d985-4a8e-ade4-056bf33a78c2 ] Request (ServerRescueTestJSONUnderV235:tearDownClass): 200 GET http://10.180.1.21/compute/v2.1/servers/b20a2c71-514d-488a-8edb-8fb0274a894a 0.123s
2025-12-12 13:24:09.443 65501 INFO tempest.lib.common.rest_client [req-a49a12c5-60d9-4406-811c-593b3d312e2b req-a49a12c5-60d9-4406-811c-593b3d312e2b ] Request (SecurityGroupsTestJSON:test_list_security_groups_by_server): 200 GET http://10.180.1.21/compute/v2.1/servers/179e613b-e5a2-4fbc-8fa6-b72769425ff3 0.091s
2025-12-12 13:24:09.500 65505 INFO tempest.lib.common.rest_client [req-143abf5d-a36d-42a6-a435-a667f2052144 req-143abf5d-a36d-42a6-a435-a667f2052144 ] Request (ServerShowV257Test:test_rebuild_server): 200 GET http://10.180.1.21/compute/v2.1/servers/65d249a9-f79c-46c0-8630-169937cbcaf7 0.076s
2025-12-12 13:24:09.540 65487 INFO tempest.lib.common.rest_client [req-38558950-b33a-41f6-93ce-d14c0c75e0af req-38558950-b33a-41f6-93ce-d14c0c75e0af ] Request (ServerTagsTestJSON:setUpClass): 201 POST http://10.180.1.21/networking/v2.0/networks 0.314s
2025-12-12 13:24:09.564 65469 INFO tempest.lib.common.rest_client [req-f477ed3d-9b89-4c7f-b1cc-833bbc5dbf44 req-f477ed3d-9b89-4c7f-b1cc-833bbc5dbf44 ] Request (ServerDiagnosticsTest:tearDownClass): 200 GET http://10.180.1.21/compute/v2.1/servers/854f7a3f-9b7a-4506-8310-94533f0e4cfc 0.083s
2025-12-12 13:24:09.603 65483 INFO tempest.lib.common.rest_client [req-251ece75-421f-4844-b1bc-271fc11e361f req-251ece75-421f-4844-b1bc-271fc11e361f ] Request (ListServersNegativeTestJSON:test_list_servers_detail_server_is_deleted): 200 GET http://10.180.1.21/compute/v2.1/servers/detail 0.239s
2025-12-12 13:24:09.635 65503 INFO tempest.lib.common.rest_client [req-42022bcf-6bb0-4260-994e-df6af0a909d4 req-42022bcf-6bb0-4260-994e-df6af0a909d4 ] Request (ServersWithSpecificFlavorTestJSON:test_verify_created_server_ephemeral_disk): 200 GET http://10.180.1.21/compute/v2.1/servers/a4f43fbc-63e3-4b69-bdb1-7aaf47aae090 0.152s
2025-12-12 13:24:09.644 65483 INFO tempest.lib.common.rest_client [req-ecdd564b-d726-43c6-9c3d-ad40cb9e234a req-ecdd564b-d726-43c6-9c3d-ad40cb9e234a ] Request (ListServersNegativeTestJSON:test_list_servers_status_non_existing): 200 GET http://10.180.1.21/compute/v2.1/servers?status=non_existing_status 0.031s
2025-12-12 13:24:09.698 65467 INFO tempest.lib.common.rest_client [req-f50dff52-b6b6-48c1-a3a2-899bec7d35a1 req-f50dff52-b6b6-48c1-a3a2-899bec7d35a1 ] Request (ListImageFiltersTestJSON:tearDownClass): 200 GET http://10.180.1.21/compute/v2.1/servers/b7f0fa59-3c6a-4b4b-b400-1f5feec2c0b8 0.152s
2025-12-12 13:24:09.706 65483 INFO tempest.lib.common.rest_client [req-57cd7939-65fa-453f-b4f2-6f2580e96f4f req-57cd7939-65fa-453f-b4f2-6f2580e96f4f ] Request (ListServersNegativeTestJSON:test_list_servers_with_a_deleted_server): 200 GET http://10.180.1.21/compute/v2.1/servers 0.058s
2025-12-12 13:24:09.761 65487 INFO tempest.lib.common.rest_client [req-82fe06de-08f4-4302-aa3a-eb881c515c5c req-82fe06de-08f4-4302-aa3a-eb881c515c5c ] Request (ServerTagsTestJSON:setUpClass): 201 POST http://10.180.1.21/networking/v2.0/subnets 0.220s
2025-12-12 13:24:09.767 65475 INFO tempest.lib.common.rest_client [req-2bc93716-64bc-466f-832d-1c58899345a3 req-2bc93716-64bc-466f-832d-1c58899345a3 ] Request (ServerShowV254Test:test_rebuild_server): 200 GET http://10.180.1.21/compute/v2.1/servers/780f910f-4f73-41ba-a795-0daae3097314 0.096s
2025-12-12 13:24:09.851 65479 WARNING tempest.lib.common.ssh [-] Failed to establish authenticated ssh connection to cirros@10.180.180.243 ([Errno None] Unable to connect to port 22 on 10.180.180.243). Number attempts: 1. Retry after 2 seconds.: paramiko.ssh_exception.NoValidConnectionsError: [Errno None] Unable to connect to port 22 on 10.180.180.243
2025-12-12 13:24:09.870 65483 INFO tempest.lib.common.rest_client [req-e8d00c62-624c-4663-b023-8b3e2446266a req-e8d00c62-624c-4663-b023-8b3e2446266a ] Request (ListServersNegativeTestJSON:tearDownClass): 204 DELETE http://10.180.1.21/compute/v2.1/servers/c77e0e6c-7e5c-45a7-a0f3-d10ee3f920e0 0.157s
2025-12-12 13:24:09.893 65519 INFO tempest.lib.common.rest_client [req-c988affe-1f62-437d-806c-107bc5c6b6cb req-c988affe-1f62-437d-806c-107bc5c6b6cb ] Request (FloatingIPsAssociationTestJSON:test_associate_already_associated_floating_ip): 200 GET http://10.180.1.21/compute/v2.1/servers/5334a3dc-e0b5-43e4-b1fb-4c643aac4f5c 0.207s
2025-12-12 13:24:09.936 65461 INFO tempest.lib.common.rest_client [req-0dcc667f-39cc-485f-9789-2595e8ca3d9c req-0dcc667f-39cc-485f-9789-2595e8ca3d9c ] Request (DeleteServersTestJSON:test_delete_server_while_in_attached_volume): 200 GET http://10.180.1.21/compute/v2.1/servers/c7739dfd-88d6-46ac-b3a0-e7dfe9b00332 0.121s
2025-12-12 13:24:09.979 65483 INFO tempest.lib.common.rest_client [req-a203ca08-0481-41af-918a-731eaabf1135 req-a203ca08-0481-41af-918a-731eaabf1135 ] Request (ListServersNegativeTestJSON:tearDownClass): 204 DELETE http://10.180.1.21/compute/v2.1/servers/90706f49-af87-4038-ae76-02a95e4a12e6 0.108s
2025-12-12 13:24:10.006 65483 INFO tempest.lib.common.rest_client [req-ab8e48ff-d3bc-4a48-aeae-3df195de5fba req-ab8e48ff-d3bc-4a48-aeae-3df195de5fba ] Request (ListServersNegativeTestJSON:tearDownClass): 404 DELETE http://10.180.1.21/compute/v2.1/servers/3948dcdd-e7c1-40b6-a3ec-97741940a0fb 0.026s
2025-12-12 13:24:10.009 65499 INFO tempest.lib.common.rest_client [req-daf0889d-3953-4287-a0c7-2c9e588effc6 req-daf0889d-3953-4287-a0c7-2c9e588effc6 ] Request (ServersTestManualDisk:tearDownClass): 200 GET http://10.180.1.21/compute/v2.1/servers/0e6c9f2d-4412-4d8d-8348-6552a34ab349 0.124s
2025-12-12 13:24:10.100 65491 INFO tempest.lib.common.rest_client [req-d13d5f09-70e9-4e08-b8c8-4a6b6a2292ec req-d13d5f09-70e9-4e08-b8c8-4a6b6a2292ec ] Request (ServersAdminTestJSON:tearDownClass): 200 GET http://10.180.1.21/compute/v2.1/servers/ad53146e-210d-4321-b819-90795c1af260 0.087s
2025-12-12 13:24:10.131 65483 INFO tempest.lib.common.rest_client [req-a8fe390d-fd89-49e8-a808-b4b40ee28973 req-a8fe390d-fd89-49e8-a808-b4b40ee28973 ] Request (ListServersNegativeTestJSON:tearDownClass): 200 GET http://10.180.1.21/compute/v2.1/servers/c77e0e6c-7e5c-45a7-a0f3-d10ee3f920e0 0.125s
2025-12-12 13:24:10.202 65485 INFO tempest.lib.common.rest_client [req-e871ff73-a681-4eea-a390-39d47b94a4c8 req-e871ff73-a681-4eea-a390-39d47b94a4c8 ] Request (AttachInterfacesV270Test:tearDownClass): 200 GET http://10.180.1.21/compute/v2.1/servers/d40aec5a-d898-42f3-a121-503cf043f72b 0.098s
2025-12-12 13:24:10.233 65509 INFO tempest.lib.common.rest_client [req-36dd6f72-c7c6-47cd-a123-9a7426627af1 req-36dd6f72-c7c6-47cd-a123-9a7426627af1 ] Request (MigrationsAdminTest:test_resize_server_revert_deleted_flavor): 200 GET http://10.180.1.21/compute/v2.1/servers/369caf24-48a6-4640-8601-e30fd47453da 0.214s
2025-12-12 13:24:10.282 65473 INFO tempest.lib.common.rest_client [req-58c62114-79d0-4848-8028-ce193c28596f req-58c62114-79d0-4848-8028-ce193c28596f ] Request (ServersAaction247Test:tearDownClass): 200 GET http://10.180.1.21/compute/v2.1/servers/c52b1f08-4000-4ad1-bc41-c1d0a41dcd2d 0.135s
2025-12-12 13:24:10.480 65465 INFO tempest.lib.common.rest_client [req-314314a6-6162-451a-bb01-f4cc77af9f1d req-314314a6-6162-451a-bb01-f4cc77af9f1d ] Request (ImagesTestJSON:test_create_image_from_stopped_server): 200 GET http://10.180.1.21/compute/v2.1/servers/19518d90-ba6f-44e5-b7c7-1ececad2b54d 0.153s
2025-12-12 13:24:10.490 65465 INFO tempest.common.waiters [-] State transition "BUILD/spawning" ==> "ACTIVE/None" after 51 second wait
2025-12-12 13:24:10.508 65487 INFO tempest.lib.common.rest_client [req-5973a9c1-8623-47b9-84de-063e9bc99741 req-5973a9c1-8623-47b9-84de-063e9bc99741 ] Request (ServerTagsTestJSON:setUpClass): 201 POST http://10.180.1.21/networking/v2.0/routers 0.747s
2025-12-12 13:24:10.513 65493 INFO tempest.lib.common.rest_client [req-dc5d8f9b-def0-45bd-9d0c-55cacfc47648 req-dc5d8f9b-def0-45bd-9d0c-55cacfc47648 ] Request (ServersTestMultiNic:test_verify_duplicate_network_nics): 200 GET http://10.180.1.21/compute/v2.1/servers/6563cbda-5fd3-4640-9e9a-95904f3f8335 0.171s
2025-12-12 13:24:10.534 65471 INFO tempest.lib.common.rest_client [req-915fdc39-cbab-4d41-b8c3-66c7e848c4fe req-915fdc39-cbab-4d41-b8c3-66c7e848c4fe ] Request (ServerActionsTestJSON:setUpClass): 200 GET http://10.180.1.21/compute/v2.1/servers/cd481deb-b12c-47ab-9ab1-0c4bdbb2024a 0.136s
2025-12-12 13:24:10.568 65517 INFO tempest.lib.common.rest_client [req-022cdeb4-5139-4daa-8239-c060b43cefed req-022cdeb4-5139-4daa-8239-c060b43cefed ] Request (ServerRescueTestJSONUnderV235:tearDownClass): 200 GET http://10.180.1.21/compute/v2.1/servers/b20a2c71-514d-488a-8edb-8fb0274a894a 0.136s
2025-12-12 13:24:10.587 65501 INFO tempest.lib.common.rest_client [req-75f65637-bcb7-4787-a1b0-e989b605fb29 req-75f65637-bcb7-4787-a1b0-e989b605fb29 ] Request (SecurityGroupsTestJSON:test_list_security_groups_by_server): 200 GET http://10.180.1.21/compute/v2.1/servers/179e613b-e5a2-4fbc-8fa6-b72769425ff3 0.135s
2025-12-12 13:24:10.638 65465 INFO tempest.lib.common.rest_client [req-ebdcc64d-f125-4c3b-9720-fe6dcfc1b075 req-ebdcc64d-f125-4c3b-9720-fe6dcfc1b075 ] Request (ImagesTestJSON:test_create_image_from_stopped_server): 202 POST http://10.180.1.21/compute/v2.1/servers/19518d90-ba6f-44e5-b7c7-1ececad2b54d/action 0.147s
2025-12-12 13:24:10.641 65505 INFO tempest.lib.common.rest_client [req-33170bab-a998-4437-a6c8-0eaa4cc76747 req-33170bab-a998-4437-a6c8-0eaa4cc76747 ] Request (ServerShowV257Test:test_rebuild_server): 200 GET http://10.180.1.21/compute/v2.1/servers/65d249a9-f79c-46c0-8630-169937cbcaf7 0.131s
2025-12-12 13:24:10.783 65469 INFO tempest.lib.common.rest_client [req-a21976dc-7d9d-4f0e-a5f1-ef3509633db9 req-a21976dc-7d9d-4f0e-a5f1-ef3509633db9 ] Request (ServerDiagnosticsTest:tearDownClass): 200 GET http://10.180.1.21/compute/v2.1/servers/854f7a3f-9b7a-4506-8310-94533f0e4cfc 0.208s
2025-12-12 13:24:10.825 65465 INFO tempest.lib.common.rest_client [req-684c08d0-ae6a-4fc5-a4cc-d89abcdeb8d5 req-684c08d0-ae6a-4fc5-a4cc-d89abcdeb8d5 ] Request (ImagesTestJSON:test_create_image_from_stopped_server): 200 GET http://10.180.1.21/compute/v2.1/servers/19518d90-ba6f-44e5-b7c7-1ececad2b54d 0.187s
2025-12-12 13:24:10.865 65503 INFO tempest.lib.common.rest_client [req-b33cf53c-8fd7-4f9b-87e2-76e45842182d req-b33cf53c-8fd7-4f9b-87e2-76e45842182d ] Request (ServersWithSpecificFlavorTestJSON:test_verify_created_server_ephemeral_disk): 200 GET http://10.180.1.21/compute/v2.1/servers/a4f43fbc-63e3-4b69-bdb1-7aaf47aae090 0.221s
2025-12-12 13:24:10.912 65467 INFO tempest.lib.common.rest_client [req-4896ec7d-17d7-4d96-a3e6-2859b0bb9d86 req-4896ec7d-17d7-4d96-a3e6-2859b0bb9d86 ] Request (ListImageFiltersTestJSON:tearDownClass): 200 GET http://10.180.1.21/compute/v2.1/servers/b7f0fa59-3c6a-4b4b-b400-1f5feec2c0b8 0.198s
2025-12-12 13:24:10.933 65475 INFO tempest.lib.common.rest_client [req-4c91bc48-b74b-486a-bb9d-8fe3a503e1ab req-4c91bc48-b74b-486a-bb9d-8fe3a503e1ab ] Request (ServerShowV254Test:test_rebuild_server): 200 GET http://10.180.1.21/compute/v2.1/servers/780f910f-4f73-41ba-a795-0daae3097314 0.154s
2025-12-12 13:24:11.062 65461 INFO tempest.lib.common.rest_client [req-8c9ea785-9193-4345-a4ae-2f34342f990e req-8c9ea785-9193-4345-a4ae-2f34342f990e ] Request (DeleteServersTestJSON:test_delete_server_while_in_attached_volume): 200 GET http://10.180.1.21/compute/v2.1/servers/c7739dfd-88d6-46ac-b3a0-e7dfe9b00332 0.113s
2025-12-12 13:24:11.096 65519 INFO tempest.lib.common.rest_client [req-5c21c4da-e337-4281-a115-4ccf8a4496a1 req-5c21c4da-e337-4281-a115-4ccf8a4496a1 ] Request (FloatingIPsAssociationTestJSON:test_associate_already_associated_floating_ip): 200 GET http://10.180.1.21/compute/v2.1/servers/5334a3dc-e0b5-43e4-b1fb-4c643aac4f5c 0.194s
2025-12-12 13:24:11.130 65511 WARNING tempest.lib.common.ssh [-] Failed to establish authenticated ssh connection to cirros@10.180.180.187 ([Errno None] Unable to connect to port 22 on 10.180.180.187). Number attempts: 2. Retry after 3 seconds.: paramiko.ssh_exception.NoValidConnectionsError: [Errno None] Unable to connect to port 22 on 10.180.180.187
2025-12-12 13:24:11.136 65499 INFO tempest.lib.common.rest_client [req-62cf8a38-135d-4a1a-a7b7-94d6c1879ae7 req-62cf8a38-135d-4a1a-a7b7-94d6c1879ae7 ] Request (ServersTestManualDisk:tearDownClass): 200 GET http://10.180.1.21/compute/v2.1/servers/0e6c9f2d-4412-4d8d-8348-6552a34ab349 0.118s
2025-12-12 13:24:11.200 65491 INFO tempest.lib.common.rest_client [req-ccc8d509-88a4-407f-802e-df40cea395d7 req-ccc8d509-88a4-407f-802e-df40cea395d7 ] Request (ServersAdminTestJSON:tearDownClass): 200 GET http://10.180.1.21/compute/v2.1/servers/ad53146e-210d-4321-b819-90795c1af260 0.092s
2025-12-12 13:24:11.293 65485 INFO tempest.lib.common.rest_client [req-38dd95b0-14d7-438a-9b4c-7f9631516366 req-38dd95b0-14d7-438a-9b4c-7f9631516366 ] Request (AttachInterfacesV270Test:tearDownClass): 200 GET http://10.180.1.21/compute/v2.1/servers/d40aec5a-d898-42f3-a121-503cf043f72b 0.077s
2025-12-12 13:24:11.316 65483 INFO tempest.lib.common.rest_client [req-384c15ac-a825-4f9a-86f0-47d370a87014 req-384c15ac-a825-4f9a-86f0-47d370a87014 ] Request (ListServersNegativeTestJSON:tearDownClass): 200 GET http://10.180.1.21/compute/v2.1/servers/c77e0e6c-7e5c-45a7-a0f3-d10ee3f920e0 0.176s
2025-12-12 13:24:11.453 65473 INFO tempest.lib.common.rest_client [req-9c42f3cc-0a11-42b7-8267-0cbe53e362b0 req-9c42f3cc-0a11-42b7-8267-0cbe53e362b0 ] Request (ServersAaction247Test:tearDownClass): 200 GET http://10.180.1.21/compute/v2.1/servers/c52b1f08-4000-4ad1-bc41-c1d0a41dcd2d 0.160s
2025-12-12 13:24:11.459 65487 INFO tempest.lib.common.rest_client [req-e5be4ddf-9a26-4abe-8912-da5a4930c953 req-e5be4ddf-9a26-4abe-8912-da5a4930c953 ] Request (ServerTagsTestJSON:setUpClass): 200 PUT http://10.180.1.21/networking/v2.0/routers/8f8bfa3a-4aeb-4971-a448-32da37ed1ab0/add_router_interface 0.950s
2025-12-12 13:24:11.459 65487 INFO tempest.lib.common.dynamic_creds [-] Created isolated network resources for: credentials: Credentials: {'domain_id': 'default', 'domain_name': 'Default', 'username': 'tempest-ServerTagsTestJSON-1705843489-project-member', 'project_domain_id': 'default', 'project_domain_name': 'Default', 'project_id': 'ccad355f4d8546d2863753bfb1c86ba9', 'project_name': 'tempest-ServerTagsTestJSON-1705843489', 'tenant_id': 'ccad355f4d8546d2863753bfb1c86ba9', 'tenant_name': 'tempest-ServerTagsTestJSON-1705843489', 'user_domain_id': 'default', 'user_domain_name': 'Default', 'user_id': 'ad5a8049a2cf40cc8e710a78ea210ff5', 'system': None}, Network: {'id': '1a32c316-9a81-4aa2-a49d-80ff12af4579', 'name': 'tempest-ServerTagsTestJSON-1064776770-network', 'tenant_id': 'ccad355f4d8546d2863753bfb1c86ba9', 'project_id': 'ccad355f4d8546d2863753bfb1c86ba9', 'admin_state_up': True, 'mtu': 8950, 'status': 'ACTIVE', 'subnets': [], 'shared': False, 'port_security_enabled': True, 'router:external': False, 'provider:network_type': 'vlan', 'provider:physical_network': 'default', 'provider:segmentation_id': 489, 'availability_zone_hints': [], 'availability_zones': [], 'ipv4_address_scope': None, 'ipv6_address_scope': None, 'description': '', 'tags': [], 'created_at': '2025-12-12T13:24:09Z', 'updated_at': '2025-12-12T13:24:09Z', 'revision_number': 1}, Subnet: {'id': 'ddf3432b-f693-44ee-aa25-6679abb7fecf', 'name': 'tempest-ServerTagsTestJSON-1064776770-subnet', 'tenant_id': 'ccad355f4d8546d2863753bfb1c86ba9', 'network_id': '1a32c316-9a81-4aa2-a49d-80ff12af4579', 'ip_version': 4, 'subnetpool_id': None, 'enable_dhcp': True, 'ipv6_ra_mode': None, 'ipv6_address_mode': None, 'gateway_ip': '192.168.128.1', 'cidr': '192.168.128.0/28', 'allocation_pools': [{'start': '192.168.128.2', 'end': '192.168.128.14'}], 'host_routes': [], 'dns_nameservers': [], 'description': '', 'router:external': False, 'service_types': [], 'tags': [], 'created_at': '2025-12-12T13:24:09Z', 'updated_at': '2025-12-12T13:24:09Z', 'revision_number': 0, 'project_id': 'ccad355f4d8546d2863753bfb1c86ba9'}, Router: {'id': '8f8bfa3a-4aeb-4971-a448-32da37ed1ab0', 'name': 'tempest-ServerTagsTestJSON-1064776770-router', 'tenant_id': 'ccad355f4d8546d2863753bfb1c86ba9', 'admin_state_up': True, 'status': 'ACTIVE', 'external_gateway_info': {'network_id': 'f91b3e31-bdf8-42e4-8e11-227fa98ed2a5', 'external_fixed_ips': [{'subnet_id': '708c4fe9-6585-400d-879b-7a4b6378f20d', 'ip_address': '10.180.180.190'}], 'enable_snat': True}, 'description': '', 'availability_zones': [], 'distributed': False, 'ha': False, 'availability_zone_hints': [], 'routes': [], 'flavor_id': None, 'tags': [], 'created_at': '2025-12-12T13:24:09Z', 'updated_at': '2025-12-12T13:24:10Z', 'revision_number': 2, 'project_id': 'ccad355f4d8546d2863753bfb1c86ba9'}
2025-12-12 13:24:11.490 65509 INFO tempest.lib.common.rest_client [req-edf8ee21-287d-43ac-930c-18fd945ddd8e req-edf8ee21-287d-43ac-930c-18fd945ddd8e ] Request (MigrationsAdminTest:test_resize_server_revert_deleted_flavor): 200 GET http://10.180.1.21/compute/v2.1/servers/369caf24-48a6-4640-8601-e30fd47453da 0.244s
2025-12-12 13:24:11.570 65487 INFO tempest.lib.common.rest_client [req-67b724f0-cea0-42b8-9e76-51d9ec2d7fb9 req-67b724f0-cea0-42b8-9e76-51d9ec2d7fb9 ] Request (ServerTagsTestJSON:setUpClass): 201 POST http://10.180.1.21/identity/v3/auth/tokens 0.105s
2025-12-12 13:24:11.624 65487 INFO tempest.lib.common.rest_client [req-7be1d61f-fa1f-4479-a564-e16f70730365 req-7be1d61f-fa1f-4479-a564-e16f70730365 ] Request (ServerTagsTestJSON:setUpClass): 201 POST http://10.180.1.21/identity/v3/auth/tokens 0.047s
2025-12-12 13:24:11.624 65487 INFO tempest.lib.common.fixed_network [-] (ServerTagsTestJSON:setUpClass) Found network {'id': '1a32c316-9a81-4aa2-a49d-80ff12af4579', 'name': 'tempest-ServerTagsTestJSON-1064776770-network', 'tenant_id': 'ccad355f4d8546d2863753bfb1c86ba9', 'project_id': 'ccad355f4d8546d2863753bfb1c86ba9', 'admin_state_up': True, 'mtu': 8950, 'status': 'ACTIVE', 'subnets': [], 'shared': False, 'port_security_enabled': True, 'router:external': False, 'provider:network_type': 'vlan', 'provider:physical_network': 'default', 'provider:segmentation_id': 489, 'availability_zone_hints': [], 'availability_zones': [], 'ipv4_address_scope': None, 'ipv6_address_scope': None, 'description': '', 'tags': [], 'created_at': '2025-12-12T13:24:09Z', 'updated_at': '2025-12-12T13:24:09Z', 'revision_number': 1} available for tenant
2025-12-12 13:24:11.629 65471 INFO tempest.lib.common.rest_client [req-c1a77ecd-dd96-44bc-8ca9-3996024b3273 req-c1a77ecd-dd96-44bc-8ca9-3996024b3273 ] Request (ServerActionsTestJSON:setUpClass): 200 GET http://10.180.1.21/compute/v2.1/servers/cd481deb-b12c-47ab-9ab1-0c4bdbb2024a 0.086s
2025-12-12 13:24:11.651 65517 INFO tempest.lib.common.rest_client [req-0ec15974-f6d9-4a19-9fd8-0220ad481e28 req-0ec15974-f6d9-4a19-9fd8-0220ad481e28 ] Request (ServerRescueTestJSONUnderV235:tearDownClass): 404 GET http://10.180.1.21/compute/v2.1/servers/b20a2c71-514d-488a-8edb-8fb0274a894a 0.074s
2025-12-12 13:24:11.736 65501 INFO tempest.lib.common.rest_client [req-20b41d06-448e-4432-959f-0b06811e36fc req-20b41d06-448e-4432-959f-0b06811e36fc ] Request (SecurityGroupsTestJSON:test_list_security_groups_by_server): 200 GET http://10.180.1.21/compute/v2.1/servers/179e613b-e5a2-4fbc-8fa6-b72769425ff3 0.140s
2025-12-12 13:24:11.762 65493 INFO tempest.lib.common.rest_client [req-9c594b1d-178a-459f-b18c-c3530a2ce5ce req-9c594b1d-178a-459f-b18c-c3530a2ce5ce ] Request (ServersTestMultiNic:test_verify_duplicate_network_nics): 200 GET http://10.180.1.21/compute/v2.1/servers/6563cbda-5fd3-4640-9e9a-95904f3f8335 0.242s
2025-12-12 13:24:11.837 65505 INFO tempest.lib.common.rest_client [req-3ba00e77-180f-4098-aa7c-11d4b8363dec req-3ba00e77-180f-4098-aa7c-11d4b8363dec ] Request (ServerShowV257Test:test_rebuild_server): 200 GET http://10.180.1.21/compute/v2.1/servers/65d249a9-f79c-46c0-8630-169937cbcaf7 0.185s
2025-12-12 13:24:11.912 65469 INFO tempest.lib.common.rest_client [req-fb05eb86-fb8d-4d51-80f3-48d791540b6d req-fb05eb86-fb8d-4d51-80f3-48d791540b6d ] Request (ServerDiagnosticsTest:tearDownClass): 200 GET http://10.180.1.21/compute/v2.1/servers/854f7a3f-9b7a-4506-8310-94533f0e4cfc 0.118s
2025-12-12 13:24:12.023 65465 INFO tempest.lib.common.rest_client [req-e9a7a147-68a3-46bc-bca0-ee54d11b1405 req-e9a7a147-68a3-46bc-bca0-ee54d11b1405 ] Request (ImagesTestJSON:test_create_image_from_stopped_server): 200 GET http://10.180.1.21/compute/v2.1/servers/19518d90-ba6f-44e5-b7c7-1ececad2b54d 0.186s
2025-12-12 13:24:12.103 65503 INFO tempest.lib.common.rest_client [req-9a1b360f-addb-481c-a187-69c4f0fec9cf req-9a1b360f-addb-481c-a187-69c4f0fec9cf ] Request (ServersWithSpecificFlavorTestJSON:test_verify_created_server_ephemeral_disk): 200 GET http://10.180.1.21/compute/v2.1/servers/a4f43fbc-63e3-4b69-bdb1-7aaf47aae090 0.228s
2025-12-12 13:24:12.422 65517 INFO tempest.lib.common.rest_client [req-574bea7a-2ac6-4d97-b6bf-dbd7d857cc59 req-574bea7a-2ac6-4d97-b6bf-dbd7d857cc59 ] Request (ServerRescueTestJSONUnderV235:tearDownClass): 200 PUT http://10.180.1.21/networking/v2.0/routers/717d58fe-1331-4a90-bf75-6dc2f41e6156/remove_router_interface 0.770s
2025-12-12 13:24:12.452 65467 INFO tempest.lib.common.rest_client [req-d8c7a80a-c492-4625-be50-0c3bba2be661 req-d8c7a80a-c492-4625-be50-0c3bba2be661 ] Request (ListImageFiltersTestJSON:tearDownClass): 200 GET http://10.180.1.21/compute/v2.1/servers/b7f0fa59-3c6a-4b4b-b400-1f5feec2c0b8 0.528s
2025-12-12 13:24:12.590 65487 INFO tempest.lib.common.rest_client [req-74ddd1be-98b8-4f8e-a5e4-da01d4d7a94b req-74ddd1be-98b8-4f8e-a5e4-da01d4d7a94b ] Request (ServerTagsTestJSON:setUpClass): 202 POST http://10.180.1.21/compute/v2.1/servers 0.965s
2025-12-12 13:24:12.721 65475 INFO tempest.lib.common.rest_client [req-40571795-2149-47cf-a3b9-e73c94ab8f56 req-40571795-2149-47cf-a3b9-e73c94ab8f56 ] Request (ServerShowV254Test:test_rebuild_server): 200 GET http://10.180.1.21/compute/v2.1/servers/780f910f-4f73-41ba-a795-0daae3097314 0.776s
2025-12-12 13:24:12.744 65461 INFO tempest.lib.common.rest_client [req-4685ee5e-d5ea-4d00-a296-5bb6f14ba7fb req-4685ee5e-d5ea-4d00-a296-5bb6f14ba7fb ] Request (DeleteServersTestJSON:test_delete_server_while_in_attached_volume): 200 GET http://10.180.1.21/compute/v2.1/servers/c7739dfd-88d6-46ac-b3a0-e7dfe9b00332 0.674s
2025-12-12 13:24:12.860 65499 INFO tempest.lib.common.rest_client [req-b0cf7f32-03ac-4133-bc27-22a99d3212ff req-b0cf7f32-03ac-4133-bc27-22a99d3212ff ] Request (ServersTestManualDisk:tearDownClass): 200 GET http://10.180.1.21/compute/v2.1/servers/0e6c9f2d-4412-4d8d-8348-6552a34ab349 0.711s
2025-12-12 13:24:12.895 65519 INFO tempest.lib.common.rest_client [req-2a1f5a81-ce4a-42b9-8765-00fca4a1772d req-2a1f5a81-ce4a-42b9-8765-00fca4a1772d ] Request (FloatingIPsAssociationTestJSON:test_associate_already_associated_floating_ip): 200 GET http://10.180.1.21/compute/v2.1/servers/5334a3dc-e0b5-43e4-b1fb-4c643aac4f5c 0.789s
2025-12-12 13:24:12.922 65479 WARNING tempest.lib.common.ssh [-] Failed to establish authenticated ssh connection to cirros@10.180.180.243 ([Errno None] Unable to connect to port 22 on 10.180.180.243). Number attempts: 2. Retry after 3 seconds.: paramiko.ssh_exception.NoValidConnectionsError: [Errno None] Unable to connect to port 22 on 10.180.180.243
2025-12-12 13:24:12.963 65491 INFO tempest.lib.common.rest_client [req-a1ffb023-74c6-41f1-ba71-7562bad64227 req-a1ffb023-74c6-41f1-ba71-7562bad64227 ] Request (ServersAdminTestJSON:tearDownClass): 200 GET http://10.180.1.21/compute/v2.1/servers/ad53146e-210d-4321-b819-90795c1af260 0.751s
2025-12-12 13:24:12.981 65485 INFO tempest.lib.common.rest_client [req-d3e815ad-374b-4847-8ebf-2b3c15bca7d7 req-d3e815ad-374b-4847-8ebf-2b3c15bca7d7 ] Request (AttachInterfacesV270Test:tearDownClass): 200 GET http://10.180.1.21/compute/v2.1/servers/d40aec5a-d898-42f3-a121-503cf043f72b 0.676s
2025-12-12 13:24:13.015 65517 INFO tempest.lib.common.rest_client [req-b7df36a5-750d-4feb-adc3-42927841b03d req-b7df36a5-750d-4feb-adc3-42927841b03d ] Request (ServerRescueTestJSONUnderV235:tearDownClass): 204 DELETE http://10.180.1.21/networking/v2.0/routers/717d58fe-1331-4a90-bf75-6dc2f41e6156 0.593s
2025-12-12 13:24:13.032 65483 INFO tempest.lib.common.rest_client [req-61e87b70-6f94-4a61-8bd7-bec4c6029ffc req-61e87b70-6f94-4a61-8bd7-bec4c6029ffc ] Request (ListServersNegativeTestJSON:tearDownClass): 200 GET http://10.180.1.21/compute/v2.1/servers/c77e0e6c-7e5c-45a7-a0f3-d10ee3f920e0 0.702s
2025-12-12 13:24:13.064 65481 WARNING tempest.lib.common.ssh [-] Failed to establish authenticated ssh connection to cirros@10.180.180.217 ([Errno None] Unable to connect to port 22 on 10.180.180.217). Number attempts: 2. Retry after 3 seconds.: paramiko.ssh_exception.NoValidConnectionsError: [Errno None] Unable to connect to port 22 on 10.180.180.217
2025-12-12 13:24:13.084 65473 INFO tempest.lib.common.rest_client [req-47876fdd-0750-4b47-a854-ca7e820417ed req-47876fdd-0750-4b47-a854-ca7e820417ed ] Request (ServersAaction247Test:tearDownClass): 200 GET http://10.180.1.21/compute/v2.1/servers/c52b1f08-4000-4ad1-bc41-c1d0a41dcd2d 0.620s
2025-12-12 13:24:13.123 65517 INFO tempest.lib.common.rest_client [req-7bd63492-af95-4bf8-9cf4-14e2ad4ed555 req-7bd63492-af95-4bf8-9cf4-14e2ad4ed555 ] Request (ServerRescueTestJSONUnderV235:tearDownClass): 204 DELETE http://10.180.1.21/networking/v2.0/subnets/b6ec951c-42ec-4bab-97b9-e056445a389c 0.107s
2025-12-12 13:24:13.148 65487 INFO tempest.lib.common.rest_client [req-1cd1dc6d-3b26-4aae-a5aa-f1c07103ac0a req-1cd1dc6d-3b26-4aae-a5aa-f1c07103ac0a ] Request (ServerTagsTestJSON:setUpClass): 200 GET http://10.180.1.21/compute/v2.1/servers/5fccc802-f5ac-4450-8246-4cf9a5371046 0.556s
2025-12-12 13:24:13.240 65509 INFO tempest.lib.common.rest_client [req-17fc6c60-f426-4f23-9837-c6c25ea83a74 req-17fc6c60-f426-4f23-9837-c6c25ea83a74 ] Request (MigrationsAdminTest:test_resize_server_revert_deleted_flavor): 200 GET http://10.180.1.21/compute/v2.1/servers/369caf24-48a6-4640-8601-e30fd47453da 0.742s
2025-12-12 13:24:13.259 65471 INFO tempest.lib.common.rest_client [req-e73ec885-d12d-4991-a45e-f4acdbdef7c9 req-e73ec885-d12d-4991-a45e-f4acdbdef7c9 ] Request (ServerActionsTestJSON:setUpClass): 200 GET http://10.180.1.21/compute/v2.1/servers/cd481deb-b12c-47ab-9ab1-0c4bdbb2024a 0.619s
2025-12-12 13:24:13.308 65517 INFO tempest.lib.common.rest_client [req-889c7090-4af8-46d8-95e8-5725fa71d692 req-889c7090-4af8-46d8-95e8-5725fa71d692 ] Request (ServerRescueTestJSONUnderV235:tearDownClass): 204 DELETE http://10.180.1.21/networking/v2.0/networks/658c7491-bf1d-4279-84bf-bd507db11f35 0.185s
2025-12-12 13:24:13.310 65501 INFO tempest.lib.common.rest_client [req-6a6dbbac-7df9-4b8a-960f-7217311d2aa6 req-6a6dbbac-7df9-4b8a-960f-7217311d2aa6 ] Request (SecurityGroupsTestJSON:test_list_security_groups_by_server): 200 GET http://10.180.1.21/compute/v2.1/servers/179e613b-e5a2-4fbc-8fa6-b72769425ff3 0.559s
2025-12-12 13:24:13.374 65505 INFO tempest.lib.common.rest_client [req-005e3a19-8fcb-40b7-9489-3c156b0e8fc4 req-005e3a19-8fcb-40b7-9489-3c156b0e8fc4 ] Request (ServerShowV257Test:test_rebuild_server): 200 GET http://10.180.1.21/compute/v2.1/servers/65d249a9-f79c-46c0-8630-169937cbcaf7 0.521s
2025-12-12 13:24:13.431 65517 INFO tempest.lib.common.rest_client [req-f1102549-0559-4e09-bee2-77cbb77a12e9 req-f1102549-0559-4e09-bee2-77cbb77a12e9 ] Request (ServerRescueTestJSONUnderV235:tearDownClass): 204 DELETE http://10.180.1.21/identity/v3/users/2493e92666b14fe1b13275903407fcc8 0.123s
2025-12-12 13:24:13.432 65517 INFO tempest.lib.common.dynamic_creds [-] Deleting project and security group for project: a4457697290e40e89d4261fe02ff5eb7
2025-12-12 13:24:13.444 65469 INFO tempest.lib.common.rest_client [req-35caff7a-74f5-468a-96ea-79d00cb731d7 req-35caff7a-74f5-468a-96ea-79d00cb731d7 ] Request (ServerDiagnosticsTest:tearDownClass): 200 GET http://10.180.1.21/compute/v2.1/servers/854f7a3f-9b7a-4506-8310-94533f0e4cfc 0.523s
2025-12-12 13:24:13.461 65517 INFO tempest.lib.common.rest_client [req-f717343d-104f-4c93-b8e9-7be97ed44d35 req-f717343d-104f-4c93-b8e9-7be97ed44d35 ] Request (ServerRescueTestJSONUnderV235:tearDownClass): 200 GET http://10.180.1.21/networking/v2.0/security-groups?tenant_id=a4457697290e40e89d4261fe02ff5eb7&name=default 0.029s
2025-12-12 13:24:13.474 65493 INFO tempest.lib.common.rest_client [req-3ee524ef-e436-41ec-86ef-0d30d5bb0f6c req-3ee524ef-e436-41ec-86ef-0d30d5bb0f6c ] Request (ServersTestMultiNic:test_verify_duplicate_network_nics): 200 GET http://10.180.1.21/compute/v2.1/servers/6563cbda-5fd3-4640-9e9a-95904f3f8335 0.701s
2025-12-12 13:24:13.484 65493 INFO tempest.common.waiters [-] State transition "BUILD/spawning" ==> "ACTIVE/None" after 55 second wait
2025-12-12 13:24:13.540 65503 INFO tempest.lib.common.rest_client [req-d427c547-a8a8-4576-9ef2-a002dbf8da67 req-d427c547-a8a8-4576-9ef2-a002dbf8da67 ] Request (ServersWithSpecificFlavorTestJSON:test_verify_created_server_ephemeral_disk): 200 GET http://10.180.1.21/compute/v2.1/servers/a4f43fbc-63e3-4b69-bdb1-7aaf47aae090 0.428s
2025-12-12 13:24:13.563 65465 INFO tempest.lib.common.rest_client [req-14d2cfa4-20ec-45bf-9f6e-86d299f0fac7 req-14d2cfa4-20ec-45bf-9f6e-86d299f0fac7 ] Request (ImagesTestJSON:test_create_image_from_stopped_server): 200 GET http://10.180.1.21/compute/v2.1/servers/19518d90-ba6f-44e5-b7c7-1ececad2b54d 0.530s
2025-12-12 13:24:13.566 65517 INFO tempest.lib.common.rest_client [req-b650be15-b3d5-472b-adb7-5b6bdbd15bce req-b650be15-b3d5-472b-adb7-5b6bdbd15bce ] Request (ServerRescueTestJSONUnderV235:tearDownClass): 204 DELETE http://10.180.1.21/networking/v2.0/security-groups/04d8d678-ef4e-4987-a57b-b8f1a69f0a59 0.105s
2025-12-12 13:24:13.575 65465 INFO tempest.common.waiters [-] State transition "ACTIVE/powering-off" ==> "SHUTOFF/None" after 3 second wait
2025-12-12 13:24:13.593 65493 INFO tempest.lib.common.rest_client [req-9e094bd6-eb98-476a-b04c-105af7ca3bef req-9e094bd6-eb98-476a-b04c-105af7ca3bef ] Request (ServersTestMultiNic:test_verify_duplicate_network_nics): 200 GET http://10.180.1.21/compute/v2.1/servers/6563cbda-5fd3-4640-9e9a-95904f3f8335/ips 0.108s
2025-12-12 13:24:13.607 65467 INFO tempest.lib.common.rest_client [req-c0da2bb7-cc23-4ddb-83ad-b84060c2f0ba req-c0da2bb7-cc23-4ddb-83ad-b84060c2f0ba ] Request (ListImageFiltersTestJSON:tearDownClass): 200 GET http://10.180.1.21/compute/v2.1/servers/b7f0fa59-3c6a-4b4b-b400-1f5feec2c0b8 0.146s
2025-12-12 13:24:13.625 65513 WARNING tempest.lib.common.ssh [-] Failed to establish authenticated ssh connection to cirros@10.180.180.168 ([Errno None] Unable to connect to port 22 on 10.180.180.168). Number attempts: 4. Retry after 5 seconds.: paramiko.ssh_exception.NoValidConnectionsError: [Errno None] Unable to connect to port 22 on 10.180.180.168
2025-12-12 13:24:13.680 65517 INFO tempest.lib.common.rest_client [req-79c3500f-b339-46c1-8102-5c5a1bb9318f req-79c3500f-b339-46c1-8102-5c5a1bb9318f ] Request (ServerRescueTestJSONUnderV235:tearDownClass): 204 DELETE http://10.180.1.21/identity/v3/projects/a4457697290e40e89d4261fe02ff5eb7 0.113s
2025-12-12 13:24:13.730 65493 INFO tempest.lib.common.rest_client [req-16aff422-d46e-46d6-aed2-81e3ec8515b8 req-16aff422-d46e-46d6-aed2-81e3ec8515b8 ] Request (ServersTestMultiNic:_run_cleanups): 204 DELETE http://10.180.1.21/compute/v2.1/servers/6563cbda-5fd3-4640-9e9a-95904f3f8335 0.134s
2025-12-12 13:24:13.892 65493 INFO tempest.lib.common.rest_client [req-ae92507c-110c-42d2-bc6f-843a7792194a req-ae92507c-110c-42d2-bc6f-843a7792194a ] Request (ServersTestMultiNic:_run_cleanups): 200 GET http://10.180.1.21/compute/v2.1/servers/6563cbda-5fd3-4640-9e9a-95904f3f8335 0.162s
2025-12-12 13:24:13.949 65475 INFO tempest.lib.common.rest_client [req-f88d1f1b-f7b3-4c37-ba37-f4043dc1f91c req-f88d1f1b-f7b3-4c37-ba37-f4043dc1f91c ] Request (ServerShowV254Test:test_rebuild_server): 200 GET http://10.180.1.21/compute/v2.1/servers/780f910f-4f73-41ba-a795-0daae3097314 0.211s
2025-12-12 13:24:14.007 65461 INFO tempest.lib.common.rest_client [req-3133c73f-e2c6-4f2f-9540-f3bd584dedce req-3133c73f-e2c6-4f2f-9540-f3bd584dedce ] Request (DeleteServersTestJSON:test_delete_server_while_in_attached_volume): 200 GET http://10.180.1.21/compute/v2.1/servers/c7739dfd-88d6-46ac-b3a0-e7dfe9b00332 0.253s
2025-12-12 13:24:14.071 65499 INFO tempest.lib.common.rest_client [req-7c8ac11b-30a4-4406-b603-fa1883de8616 req-7c8ac11b-30a4-4406-b603-fa1883de8616 ] Request (ServersTestManualDisk:tearDownClass): 200 GET http://10.180.1.21/compute/v2.1/servers/0e6c9f2d-4412-4d8d-8348-6552a34ab349 0.198s
2025-12-12 13:24:14.083 65465 INFO tempest.lib.common.rest_client [req-5b56056b-8ad9-4c01-96e2-ecb8bc0659f5 req-5b56056b-8ad9-4c01-96e2-ecb8bc0659f5 ] Request (ImagesTestJSON:test_create_image_from_stopped_server): 202 POST http://10.180.1.21/compute/v2.1/servers/19518d90-ba6f-44e5-b7c7-1ececad2b54d/action 0.507s
2025-12-12 13:24:14.150 65491 INFO tempest.lib.common.rest_client [req-05fea733-b496-47ba-a6b8-87ff2aa44ece req-05fea733-b496-47ba-a6b8-87ff2aa44ece ] Request (ServersAdminTestJSON:tearDownClass): 200 GET http://10.180.1.21/compute/v2.1/servers/ad53146e-210d-4321-b819-90795c1af260 0.177s
2025-12-12 13:24:14.182 65519 INFO tempest.lib.common.rest_client [req-43b8a6ac-5515-4795-a31a-5565ebf66f97 req-43b8a6ac-5515-4795-a31a-5565ebf66f97 ] Request (FloatingIPsAssociationTestJSON:test_associate_already_associated_floating_ip): 200 GET http://10.180.1.21/compute/v2.1/servers/5334a3dc-e0b5-43e4-b1fb-4c643aac4f5c 0.271s
2025-12-12 13:24:14.217 65485 INFO tempest.lib.common.rest_client [req-b6bd19e4-82b0-4473-96f9-80f543d92edc req-b6bd19e4-82b0-4473-96f9-80f543d92edc ] Request (AttachInterfacesV270Test:tearDownClass): 200 GET http://10.180.1.21/compute/v2.1/servers/d40aec5a-d898-42f3-a121-503cf043f72b 0.223s
2025-12-12 13:24:14.244 65483 INFO tempest.lib.common.rest_client [req-6c46f1f2-b31a-4d6e-a33b-8fdd3e7690f6 req-6c46f1f2-b31a-4d6e-a33b-8fdd3e7690f6 ] Request (ListServersNegativeTestJSON:tearDownClass): 200 GET http://10.180.1.21/compute/v2.1/servers/c77e0e6c-7e5c-45a7-a0f3-d10ee3f920e0 0.201s
2025-12-12 13:24:14.253 65483 INFO tempest.common.waiters [-] State transition "ACTIVE/deleting" ==> "DELETED/None" after 4 second wait
2025-12-12 13:24:14.260 65465 INFO tempest.lib.common.rest_client [req-89e61326-9992-4691-ab68-73af97d9cf00 req-89e61326-9992-4691-ab68-73af97d9cf00 ] Request (ImagesTestJSON:test_create_image_from_stopped_server): 200 GET http://10.180.1.21/compute/v2.1/images/cbb434d5-e178-436d-a497-b20fc87120c6 0.176s
2025-12-12 13:24:14.304 65473 INFO tempest.lib.common.rest_client [req-db2cc06e-b3a5-41ad-a6ac-e32215241d82 req-db2cc06e-b3a5-41ad-a6ac-e32215241d82 ] Request (ServersAaction247Test:tearDownClass): 200 GET http://10.180.1.21/compute/v2.1/servers/c52b1f08-4000-4ad1-bc41-c1d0a41dcd2d 0.205s
2025-12-12 13:24:14.309 65487 INFO tempest.lib.common.rest_client [req-0855dae7-be18-483e-ad83-87bcf75998da req-0855dae7-be18-483e-ad83-87bcf75998da ] Request (ServerTagsTestJSON:setUpClass): 200 GET http://10.180.1.21/compute/v2.1/servers/5fccc802-f5ac-4450-8246-4cf9a5371046 0.151s
2025-12-12 13:24:14.320 65487 INFO tempest.common.waiters [-] State transition "BUILD/scheduling" ==> "BUILD/None" after 1 second wait
2025-12-12 13:24:14.359 65471 INFO tempest.lib.common.rest_client [req-d4d207b5-120d-4c3c-bb85-64b34faefb85 req-d4d207b5-120d-4c3c-bb85-64b34faefb85 ] Request (ServerActionsTestJSON:setUpClass): 200 GET http://10.180.1.21/compute/v2.1/servers/cd481deb-b12c-47ab-9ab1-0c4bdbb2024a 0.090s
2025-12-12 13:24:14.400 65509 INFO tempest.lib.common.rest_client [req-1088801c-b154-446a-a1ad-be8f3d6e791a req-1088801c-b154-446a-a1ad-be8f3d6e791a ] Request (MigrationsAdminTest:test_resize_server_revert_deleted_flavor): 200 GET http://10.180.1.21/compute/v2.1/servers/369caf24-48a6-4640-8601-e30fd47453da 0.146s
2025-12-12 13:24:14.411 65501 INFO tempest.lib.common.rest_client [req-c64011b3-6e11-4a02-a5ab-20efeca602f1 req-c64011b3-6e11-4a02-a5ab-20efeca602f1 ] Request (SecurityGroupsTestJSON:test_list_security_groups_by_server): 200 GET http://10.180.1.21/compute/v2.1/servers/179e613b-e5a2-4fbc-8fa6-b72769425ff3 0.088s
2025-12-12 13:24:14.455 65505 INFO tempest.lib.common.rest_client [req-19214bc8-10b0-4bb1-a0b1-9e2fa3307d80 req-19214bc8-10b0-4bb1-a0b1-9e2fa3307d80 ] Request (ServerShowV257Test:test_rebuild_server): 200 GET http://10.180.1.21/compute/v2.1/servers/65d249a9-f79c-46c0-8630-169937cbcaf7 0.071s
2025-12-12 13:24:14.463 65505 INFO tempest.common.waiters [-] State transition "BUILD/None" ==> "BUILD/networking" after 43 second wait
2025-12-12 13:24:14.613 65503 INFO tempest.lib.common.rest_client [req-882eb770-11df-4653-bb3b-126053d2ed4e req-882eb770-11df-4653-bb3b-126053d2ed4e ] Request (ServersWithSpecificFlavorTestJSON:test_verify_created_server_ephemeral_disk): 200 GET http://10.180.1.21/compute/v2.1/servers/a4f43fbc-63e3-4b69-bdb1-7aaf47aae090 0.063s
2025-12-12 13:24:14.668 65495 WARNING tempest.lib.common.ssh [-] Failed to establish authenticated ssh connection to cirros@10.180.180.228 ([Errno None] Unable to connect to port 22 on 10.180.180.228). Number attempts: 11. Retry after 12 seconds.: paramiko.ssh_exception.NoValidConnectionsError: [Errno None] Unable to connect to port 22 on 10.180.180.228
2025-12-12 13:24:14.686 65523 WARNING tempest.lib.common.ssh [-] Failed to establish authenticated ssh connection to cirros@10.180.180.246 ([Errno None] Unable to connect to port 22 on 10.180.180.246). Number attempts: 13. Retry after 14 seconds.: paramiko.ssh_exception.NoValidConnectionsError: [Errno None] Unable to connect to port 22 on 10.180.180.246
2025-12-12 13:24:14.690 65467 INFO tempest.lib.common.rest_client [req-509d3880-f182-4658-aa68-f382273280e4 req-509d3880-f182-4658-aa68-f382273280e4 ] Request (ListImageFiltersTestJSON:tearDownClass): 200 GET http://10.180.1.21/compute/v2.1/servers/b7f0fa59-3c6a-4b4b-b400-1f5feec2c0b8 0.075s
2025-12-12 13:24:14.791 65469 INFO tempest.lib.common.rest_client [req-19b1f91a-63b0-4a5b-b40c-92c4b375cea2 req-19b1f91a-63b0-4a5b-b40c-92c4b375cea2 ] Request (ServerDiagnosticsTest:tearDownClass): 200 GET http://10.180.1.21/compute/v2.1/servers/854f7a3f-9b7a-4506-8310-94533f0e4cfc 0.338s
2025-12-12 13:24:15.019 65475 INFO tempest.lib.common.rest_client [req-7f94512d-8059-45f3-bdb9-418572d4db02 req-7f94512d-8059-45f3-bdb9-418572d4db02 ] Request (ServerShowV254Test:test_rebuild_server): 200 GET http://10.180.1.21/compute/v2.1/servers/780f910f-4f73-41ba-a795-0daae3097314 0.061s
2025-12-12 13:24:15.038 65493 INFO tempest.lib.common.rest_client [req-79a88921-798a-437d-afb7-52178942cf91 req-79a88921-798a-437d-afb7-52178942cf91 ] Request (ServersTestMultiNic:_run_cleanups): 200 GET http://10.180.1.21/compute/v2.1/servers/6563cbda-5fd3-4640-9e9a-95904f3f8335 0.138s
2025-12-12 13:24:15.103 65461 INFO tempest.lib.common.rest_client [req-0860b6c7-b5ab-4925-9cb9-73bc1284e590 req-0860b6c7-b5ab-4925-9cb9-73bc1284e590 ] Request (DeleteServersTestJSON:test_delete_server_while_in_attached_volume): 200 GET http://10.180.1.21/compute/v2.1/servers/c7739dfd-88d6-46ac-b3a0-e7dfe9b00332 0.087s
2025-12-12 13:24:15.143 65499 INFO tempest.lib.common.rest_client [req-a6f9342e-a686-45ba-ac82-7b723bcb037f req-a6f9342e-a686-45ba-ac82-7b723bcb037f ] Request (ServersTestManualDisk:tearDownClass): 200 GET http://10.180.1.21/compute/v2.1/servers/0e6c9f2d-4412-4d8d-8348-6552a34ab349 0.063s
2025-12-12 13:24:15.215 65491 INFO tempest.lib.common.rest_client [req-334276d9-2505-4538-9f47-60704a0a7d31 req-334276d9-2505-4538-9f47-60704a0a7d31 ] Request (ServersAdminTestJSON:tearDownClass): 200 GET http://10.180.1.21/compute/v2.1/servers/ad53146e-210d-4321-b819-90795c1af260 0.058s
2025-12-12 13:24:15.290 65519 INFO tempest.lib.common.rest_client [req-32aeaf71-18e8-4a72-9e14-95da9e2257e1 req-32aeaf71-18e8-4a72-9e14-95da9e2257e1 ] Request (FloatingIPsAssociationTestJSON:test_associate_already_associated_floating_ip): 200 GET http://10.180.1.21/compute/v2.1/servers/5334a3dc-e0b5-43e4-b1fb-4c643aac4f5c 0.100s
2025-12-12 13:24:15.292 65485 INFO tempest.lib.common.rest_client [req-d8dda749-8df9-4615-adc0-62624ffc64c4 req-d8dda749-8df9-4615-adc0-62624ffc64c4 ] Request (AttachInterfacesV270Test:tearDownClass): 200 GET http://10.180.1.21/compute/v2.1/servers/d40aec5a-d898-42f3-a121-503cf043f72b 0.062s
2025-12-12 13:24:15.297 65519 INFO tempest.common.waiters [-] State transition "BUILD/spawning" ==> "ACTIVE/None" after 49 second wait
2025-12-12 13:24:15.329 65465 INFO tempest.lib.common.rest_client [req-34f5fe6c-8cd6-4025-951c-cbd8d7c6c93f req-34f5fe6c-8cd6-4025-951c-cbd8d7c6c93f ] Request (ImagesTestJSON:test_create_image_from_stopped_server): 200 GET http://10.180.1.21/compute/v2.1/images/cbb434d5-e178-436d-a497-b20fc87120c6 0.065s
2025-12-12 13:24:15.349 65483 INFO tempest.lib.common.rest_client [req-34aa6fc9-d409-458e-b7b7-1cd500b64469 req-34aa6fc9-d409-458e-b7b7-1cd500b64469 ] Request (ListServersNegativeTestJSON:tearDownClass): 200 GET http://10.180.1.21/compute/v2.1/servers/c77e0e6c-7e5c-45a7-a0f3-d10ee3f920e0 0.095s
2025-12-12 13:24:15.406 65473 INFO tempest.lib.common.rest_client [req-7df93b61-96dd-4dc1-8c36-b40a0b03d38a req-7df93b61-96dd-4dc1-8c36-b40a0b03d38a ] Request (ServersAaction247Test:tearDownClass): 200 GET http://10.180.1.21/compute/v2.1/servers/c52b1f08-4000-4ad1-bc41-c1d0a41dcd2d 0.093s
