2025-11-14 16:51:19.211 65790 INFO tempest.lib.common.rest_client [req-00c67102-73b5-4344-bb8a-ec25d0d34a59 req-00c67102-73b5-4344-bb8a-ec25d0d34a59 ] Request (ServersTestFqdnHostnames:tearDownClass): 200 GET http://10.180.1.21/compute/v2.1/servers/59450963-d83f-46e8-8c13-05d4f1818c64 0.102s
2025-11-14 16:51:19.246 65738 INFO tempest.lib.common.rest_client [req-47608039-8eb0-4524-abda-c0af08ebfbca req-47608039-8eb0-4524-abda-c0af08ebfbca ] Request (ImagesOneServerTestJSON:test_create_delete_image): 200 GET http://10.180.1.21/compute/v2.1/images/4f147f31-56c2-4e3c-b88b-8c468df0cf00 0.124s
2025-11-14 16:51:19.354 65794 INFO tempest.lib.common.rest_client [req-dd8a7893-9396-4101-9e54-8ad928c6a17f req-dd8a7893-9396-4101-9e54-8ad928c6a17f ] Request (SecurityGroupsTestJSON:tearDownClass): 202 DELETE http://10.180.1.21/compute/v2.1/os-security-groups/9daf1805-32a9-44e1-9389-ae8e8718b7c9 0.227s
2025-11-14 16:51:19.381 65778 INFO tempest.lib.common.rest_client [req-7513cdf9-f567-45a8-8c23-8c84e2fb0fda req-7513cdf9-f567-45a8-8c23-8c84e2fb0fda ] Request (ServersAdminNegativeTestJSON:tearDownClass): 200 GET http://10.180.1.21/compute/v2.1/servers/3657ec21-3ec7-44c9-92d1-570655b58f26 0.116s
2025-11-14 16:51:19.717 65760 INFO tempest.lib.common.rest_client [req-d567f9a8-ac73-4b6a-8a8a-e5b0e3b7adea req-d567f9a8-ac73-4b6a-8a8a-e5b0e3b7adea ] Request (ServerAddressesNegativeTestJSON:setUpClass): 200 GET http://10.180.1.21/compute/v2.1/servers/0b02fcd5-9fc7-4543-a754-d31fa0186981 0.388s
2025-11-14 16:51:20.061 65794 INFO tempest.lib.common.rest_client [req-1efc02ac-475f-4644-9bc0-d760b7ff09f4 req-1efc02ac-475f-4644-9bc0-d760b7ff09f4 ] Request (SecurityGroupsTestJSON:tearDownClass): 200 PUT http://10.180.1.21/networking/v2.0/routers/19328922-fd7f-4aeb-961c-d06877fbaad8/remove_router_interface 0.706s
2025-11-14 16:51:20.096 65796 INFO tempest.lib.common.rest_client [req-39669643-4119-4d0e-8c8d-e8fe5f7f82bd req-39669643-4119-4d0e-8c8d-e8fe5f7f82bd ] Request (DeleteServersTestJSON:test_delete_server_while_in_shelved_state): 200 GET http://10.180.1.21/compute/v2.1/servers/b1cca536-e1d9-43f8-8a5c-be3981c106e7 0.805s
2025-11-14 16:51:20.110 65758 INFO tempest.lib.common.rest_client [req-5b7d10b7-3c54-4c51-8e9c-63db9849949b req-5b7d10b7-3c54-4c51-8e9c-63db9849949b ] Request (ServerActionsTestJSON:test_rebuild_server): 200 GET http://10.180.1.21/compute/v2.1/servers/370b6aa8-2337-48e1-8102-611ce4494a55 0.764s
2025-11-14 16:51:20.525 65794 INFO tempest.lib.common.rest_client [req-35a606c0-cf50-492f-97de-264575d217b7 req-35a606c0-cf50-492f-97de-264575d217b7 ] Request (SecurityGroupsTestJSON:tearDownClass): 204 DELETE http://10.180.1.21/networking/v2.0/routers/19328922-fd7f-4aeb-961c-d06877fbaad8 0.464s
2025-11-14 16:51:20.616 65764 INFO tempest.lib.common.rest_client [req-2ad00a38-37ef-4d3c-971f-7eb75a282b5e req-2ad00a38-37ef-4d3c-971f-7eb75a282b5e ] Request (ServersNegativeTestJSON:setUpClass): 200 GET http://10.180.1.21/compute/v2.1/servers/703ed9b6-7cd8-4a84-9847-d34fb1c51a3f 1.013s
2025-11-14 16:51:20.758 65794 INFO tempest.lib.common.rest_client [req-2f272514-7d71-4d0d-a9e6-0231b71a0767 req-2f272514-7d71-4d0d-a9e6-0231b71a0767 ] Request (SecurityGroupsTestJSON:tearDownClass): 204 DELETE http://10.180.1.21/networking/v2.0/subnets/9207d6ca-2cf9-4de7-b631-7608fde49a42 0.232s
2025-11-14 16:51:20.794 65752 INFO tempest.lib.common.rest_client [req-43ed8d49-5062-42fe-b5ae-fae0f7c4ea28 req-43ed8d49-5062-42fe-b5ae-fae0f7c4ea28 ] Request (MigrationsAdminTest:test_resize_server_revert_deleted_flavor): 200 GET http://10.180.1.21/compute/v2.1/servers/38e0ebf5-1d92-4906-b0bd-b0ebf8651f22 1.313s
2025-11-14 16:51:20.830 65789 INFO tempest.lib.common.rest_client [req-dfdc82a3-ddff-4cb8-b284-84260de1baf3 req-dfdc82a3-ddff-4cb8-b284-84260de1baf3 ] Request (ServersNegativeTestMultiTenantJSON:setUpClass): 200 GET http://10.180.1.21/compute/v2.1/servers/9908d395-545d-4caf-9757-320d6253d61e 1.199s
2025-11-14 16:51:20.864 65740 INFO tempest.lib.common.rest_client [req-8399d92b-127b-46c8-b5ca-4d264e209866 req-8399d92b-127b-46c8-b5ca-4d264e209866 ] Request (ServerAddressesTestJSON:tearDownClass): 404 GET http://10.180.1.21/compute/v2.1/servers/ab8df1d8-615d-4083-bdf4-25f679a64982 1.166s
2025-11-14 16:51:20.894 65782 INFO tempest.lib.common.rest_client [req-b617277e-49d7-43ac-8165-ee1f3598499e req-b617277e-49d7-43ac-8165-ee1f3598499e ] Request (ServersTestMultiNic:_run_cleanups): 404 GET http://10.180.1.21/compute/v2.1/servers/e9fd0c9f-5795-44df-9dcb-982b7722ae69 1.140s
2025-11-14 16:51:21.093 65794 INFO tempest.lib.common.rest_client [req-984d5a2a-21e2-4898-9c60-0828bd837baf req-984d5a2a-21e2-4898-9c60-0828bd837baf ] Request (SecurityGroupsTestJSON:tearDownClass): 204 DELETE http://10.180.1.21/networking/v2.0/networks/9c9feda2-6497-4e6d-9390-2080aae50958 0.335s
2025-11-14 16:51:21.121 65756 INFO tempest.lib.common.rest_client [req-719793b7-f733-43a4-93b7-64444ee8d535 req-719793b7-f733-43a4-93b7-64444ee8d535 ] Request (ServerShowV247Test:tearDownClass): 200 GET http://10.180.1.21/compute/v2.1/servers/f25cc41e-560e-4cab-8bf0-dac47899d037 1.432s
2025-11-14 16:51:21.194 65776 INFO tempest.lib.common.rest_client [req-5aff3b79-0247-4c3a-85b4-5d2bbe8bd382 req-5aff3b79-0247-4c3a-85b4-5d2bbe8bd382 ] Request (ImagesOneServerNegativeTestJSON:_run_cleanups): 404 GET http://10.180.1.21/compute/v2.1/servers/98430d7e-626e-4532-802e-38f7fc583ae3 1.299s
2025-11-14 16:51:21.231 65794 INFO tempest.lib.common.rest_client [req-07d20404-919a-4092-aeab-53bdb9458bb2 req-07d20404-919a-4092-aeab-53bdb9458bb2 ] Request (SecurityGroupsTestJSON:tearDownClass): 204 DELETE http://10.180.1.21/identity/v3/users/f7e18058b77c4ccaa8afdf15e85930a6 0.137s
2025-11-14 16:51:21.231 65794 INFO tempest.lib.common.dynamic_creds [-] Deleting project and security group for project: e94f2a868e2d4d31af54f2e5d8c479f8
2025-11-14 16:51:21.270 65776 INFO tempest.lib.common.rest_client [req-8495d27e-0809-4695-803c-1f5099b3d38e req-8495d27e-0809-4695-803c-1f5099b3d38e ] Request (ImagesOneServerNegativeTestJSON:_run_cleanups): 201 POST http://10.180.1.21/identity/v3/auth/tokens 0.072s
2025-11-14 16:51:21.271 65776 INFO tempest.lib.common.fixed_network [-] (ImagesOneServerNegativeTestJSON:_run_cleanups) Found network {'id': '55c148e0-fc9c-4298-90a5-65d172e909f6', 'name': 'tempest-ImagesOneServerNegativeTestJSON-387749867-network', 'tenant_id': '99f640b7d5594400bbd69c05713089d3', 'project_id': '99f640b7d5594400bbd69c05713089d3', 'admin_state_up': True, 'mtu': 8950, 'status': 'ACTIVE', 'subnets': [], 'shared': False, 'port_security_enabled': True, 'router:external': False, 'provider:network_type': 'vlan', 'provider:physical_network': 'default', 'provider:segmentation_id': 276, 'availability_zone_hints': [], 'availability_zones': [], 'ipv4_address_scope': None, 'ipv6_address_scope': None, 'description': '', 'tags': [], 'created_at': '2025-11-14T16:47:18Z', 'updated_at': '2025-11-14T16:47:18Z', 'revision_number': 1} available for tenant
2025-11-14 16:51:21.459 65782 INFO tempest.lib.common.rest_client [req-f007fa3b-2a1f-4a5e-9dd3-2101ab33c46a req-f007fa3b-2a1f-4a5e-9dd3-2101ab33c46a ] Request (ServersTestMultiNic:_run_cleanups): 204 DELETE http://10.180.1.21/networking/v2.0/subnets/30c385be-a3ff-40db-92e6-00dee53639ce 0.564s
2025-11-14 16:51:21.484 65772 INFO tempest.lib.common.rest_client [req-8b6eabc0-1253-4a60-8a70-4f635344f4bd req-8b6eabc0-1253-4a60-8a70-4f635344f4bd ] Request (FloatingIPsAssociationTestJSON:tearDownClass): 200 GET http://10.180.1.21/compute/v2.1/servers/ad29afd9-3e52-4fac-977f-91774acad7d0 1.651s
2025-11-14 16:51:21.503 65794 INFO tempest.lib.common.rest_client [req-12decdc1-5734-4e2c-b7d6-5fce80b55e87 req-12decdc1-5734-4e2c-b7d6-5fce80b55e87 ] Request (SecurityGroupsTestJSON:tearDownClass): 200 GET http://10.180.1.21/networking/v2.0/security-groups?tenant_id=e94f2a868e2d4d31af54f2e5d8c479f8&name=default 0.271s
2025-11-14 16:51:21.534 65750 WARNING tempest.lib.common.ssh [-] Failed to establish authenticated ssh connection to cirros@10.180.180.143 ([Errno None] Unable to connect to port 22 on 10.180.180.143). Number attempts: 6. Retry after 7 seconds.: paramiko.ssh_exception.NoValidConnectionsError: [Errno None] Unable to connect to port 22 on 10.180.180.143
2025-11-14 16:51:21.766 65782 INFO tempest.lib.common.rest_client [req-235bc18b-1b08-44c4-9b6b-7a83a8297472 req-235bc18b-1b08-44c4-9b6b-7a83a8297472 ] Request (ServersTestMultiNic:_run_cleanups): 204 DELETE http://10.180.1.21/networking/v2.0/networks/9159387d-e138-4204-8ed9-ac0e0da90550 0.306s
2025-11-14 16:51:21.837 65794 INFO tempest.lib.common.rest_client [req-5103dede-760c-4448-8604-5f37c8e054fa req-5103dede-760c-4448-8604-5f37c8e054fa ] Request (SecurityGroupsTestJSON:tearDownClass): 204 DELETE http://10.180.1.21/networking/v2.0/security-groups/cac8ad38-ab98-444a-bc91-a37058965ea3 0.333s
2025-11-14 16:51:21.862 65746 INFO tempest.lib.common.rest_client [req-cfc46f7b-b354-4a2b-a4b8-95c1601f4dd7 req-cfc46f7b-b354-4a2b-a4b8-95c1601f4dd7 ] Request (ServersAdminTestJSON:tearDownClass): 200 GET http://10.180.1.21/compute/v2.1/servers/0673a0d2-76ac-4cd5-8cc3-b8596877c641 1.908s
2025-11-14 16:51:21.898 65774 INFO tempest.lib.common.rest_client [req-a5373b99-09b7-4783-b065-033f317c5d60 req-a5373b99-09b7-4783-b065-033f317c5d60 ] Request (ServerActionsTestOtherB:test_resize_server_confirm_from_stopped): 200 GET http://10.180.1.21/compute/v2.1/servers/89f3c815-8671-47ce-9e74-bf6e652bb3c3 1.946s
2025-11-14 16:51:21.916 65740 INFO tempest.lib.common.rest_client [req-a3a783ef-8980-4b4d-8dbd-a5d85b3c8c20 req-a3a783ef-8980-4b4d-8dbd-a5d85b3c8c20 ] Request (ServerAddressesTestJSON:tearDownClass): 200 PUT http://10.180.1.21/networking/v2.0/routers/d4b52aea-c922-4136-8a96-d99a45bae6af/remove_router_interface 1.052s
2025-11-14 16:51:21.993 65794 INFO tempest.lib.common.rest_client [req-7f064e7a-ed67-45f8-ad6e-fe7f2bd1e671 req-7f064e7a-ed67-45f8-ad6e-fe7f2bd1e671 ] Request (SecurityGroupsTestJSON:tearDownClass): 204 DELETE http://10.180.1.21/identity/v3/projects/e94f2a868e2d4d31af54f2e5d8c479f8 0.155s
2025-11-14 16:51:22.048 65782 INFO tempest.lib.common.rest_client [req-8699e817-4cc4-47b5-95f8-7bd5a7ccdaee req-8699e817-4cc4-47b5-95f8-7bd5a7ccdaee ] Request (ServersTestMultiNic:_run_cleanups): 204 DELETE http://10.180.1.21/networking/v2.0/subnets/872e7f4a-e719-4de3-b3aa-1a0e3e659c4b 0.281s
2025-11-14 16:51:22.071 65754 INFO tempest.lib.common.rest_client [req-74b506d4-c783-48a0-8dab-94c6fd968568 req-74b506d4-c783-48a0-8dab-94c6fd968568 ] Request (ListServersNegativeTestJSON:tearDownClass): 200 GET http://10.180.1.21/compute/v2.1/servers/b702ba27-bbc7-4030-a96d-30e1ed656a9b 2.055s
2025-11-14 16:51:22.079 65794 INFO tempest.lib.common.rest_client [req-7b3d079b-2bc0-453a-9ccb-f7ee731d472d req-7b3d079b-2bc0-453a-9ccb-f7ee731d472d ] Request (ServerTagsTestJSON:setUpClass): 201 POST http://10.180.1.21/identity/v3/auth/tokens 0.085s
2025-11-14 16:51:22.096 65798 INFO tempest.lib.common.rest_client [req-47447df7-59a5-4cec-b30b-f47627cfbe18 req-47447df7-59a5-4cec-b30b-f47627cfbe18 ] Request (ImagesTestJSON:test_create_server_from_snapshot): 200 GET http://10.180.1.21/compute/v2.1/servers/0c6206ee-c787-4cd1-9289-1b2620dc4c5f 2.065s
2025-11-14 16:51:22.130 65794 INFO tempest.lib.common.rest_client [req-eae0eddb-326f-4d49-b4d1-dc4255af6fba req-eae0eddb-326f-4d49-b4d1-dc4255af6fba ] Request (ServerTagsTestJSON:setUpClass): 201 POST http://10.180.1.21/identity/v3/auth/tokens 0.048s
2025-11-14 16:51:22.169 65794 INFO tempest.lib.common.rest_client [req-06300915-3d18-4634-9952-9d831dfbafb7 req-06300915-3d18-4634-9952-9d831dfbafb7 ] Request (ServerTagsTestJSON:setUpClass): 200 GET http://10.180.1.21/identity/v3/domains?name=Default 0.039s
2025-11-14 16:51:22.207 65794 INFO tempest.lib.common.rest_client [req-d43613b2-d2aa-4569-a4f3-fc47cc719259 req-d43613b2-d2aa-4569-a4f3-fc47cc719259 ] Request (ServerTagsTestJSON:setUpClass): 201 POST http://10.180.1.21/identity/v3/projects 0.038s
2025-11-14 16:51:22.278 65794 INFO tempest.lib.common.rest_client [req-cbf816c7-5c58-4a26-a62d-5ad454f0567d req-cbf816c7-5c58-4a26-a62d-5ad454f0567d ] Request (ServerTagsTestJSON:setUpClass): 201 POST http://10.180.1.21/identity/v3/users 0.070s
2025-11-14 16:51:22.302 65794 INFO tempest.lib.common.rest_client [req-6072b3a5-78b5-4afb-bf9a-eecfb93aa49c req-6072b3a5-78b5-4afb-bf9a-eecfb93aa49c ] Request (ServerTagsTestJSON:setUpClass): 200 GET http://10.180.1.21/identity/v3/roles 0.023s
2025-11-14 16:51:22.363 65794 INFO tempest.lib.common.rest_client [req-dbabb06d-10f1-4d23-b6ad-1f4127d86569 req-dbabb06d-10f1-4d23-b6ad-1f4127d86569 ] Request (ServerTagsTestJSON:setUpClass): 204 PUT http://10.180.1.21/identity/v3/projects/8519227171034e9fa29a28cd5f94f6a3/users/04b763d9de2d4755a85e2a3b4d09d677/roles/5b65df60bdbc40a4b1d3b0eed2ca9a06 0.060s
2025-11-14 16:51:22.363 65794 INFO tempest.lib.common.dynamic_creds [-] Dynamic test user 04b763d9de2d4755a85e2a3b4d09d677 is created with scope project and roles: ['member']
2025-11-14 16:51:22.363 65794 INFO tempest.lib.common.dynamic_creds [-] Acquired dynamic creds: credentials: Credentials: {'domain_id': 'default', 'domain_name': 'Default', 'username': 'tempest-ServerTagsTestJSON-645774926-project-member', 'project_domain_id': 'default', 'project_domain_name': 'Default', 'project_id': '8519227171034e9fa29a28cd5f94f6a3', 'project_name': 'tempest-ServerTagsTestJSON-645774926', 'tenant_id': '8519227171034e9fa29a28cd5f94f6a3', 'tenant_name': 'tempest-ServerTagsTestJSON-645774926', 'user_domain_id': 'default', 'user_domain_name': 'Default', 'user_id': '04b763d9de2d4755a85e2a3b4d09d677', 'system': None}, Network: None, Subnet: None, Router: None
2025-11-14 16:51:22.430 65794 INFO tempest.lib.common.rest_client [req-c4e2ec78-b9b9-4d0f-9dd8-0ea00dc8a4e9 req-c4e2ec78-b9b9-4d0f-9dd8-0ea00dc8a4e9 ] Request (ServerTagsTestJSON:setUpClass): 201 POST http://10.180.1.21/identity/v3/auth/tokens 0.067s
2025-11-14 16:51:22.440 65740 INFO tempest.lib.common.rest_client [req-c7c4e7d5-ce8a-4b55-a489-2188d637ea33 req-c7c4e7d5-ce8a-4b55-a489-2188d637ea33 ] Request (ServerAddressesTestJSON:tearDownClass): 204 DELETE http://10.180.1.21/networking/v2.0/routers/d4b52aea-c922-4136-8a96-d99a45bae6af 0.523s
2025-11-14 16:51:22.456 65782 INFO tempest.lib.common.rest_client [req-00a80aca-8e31-48b1-bb76-c2118669bfef req-00a80aca-8e31-48b1-bb76-c2118669bfef ] Request (ServersTestMultiNic:_run_cleanups): 204 DELETE http://10.180.1.21/networking/v2.0/networks/4ff82148-f4e8-42a8-853a-d8d163ae26bd 0.407s
2025-11-14 16:51:22.490 65770 INFO tempest.lib.common.rest_client [req-b77c434f-3cbe-4d75-bd86-676144557c07 req-b77c434f-3cbe-4d75-bd86-676144557c07 ] Request (ListImageFiltersTestJSON:tearDownClass): 200 GET http://10.180.1.21/compute/v2.1/servers/483cf486-f0fc-48a4-9db2-970d0f35865a 2.399s
2025-11-14 16:51:22.517 65768 INFO tempest.lib.common.rest_client [req-1a75d703-4c85-4654-86b7-347caa47ea71 req-1a75d703-4c85-4654-86b7-347caa47ea71 ] Request (ServersTestBootFromVolume:tearDownClass): 404 GET http://10.180.1.21/compute/v2.1/servers/1ad1e02b-fb82-4a88-9047-be316d590bd2 2.296s
2025-11-14 16:51:22.535 65790 INFO tempest.lib.common.rest_client [req-9209db37-1821-4fa6-8e34-6333d82ad1a1 req-9209db37-1821-4fa6-8e34-6333d82ad1a1 ] Request (ServersTestFqdnHostnames:tearDownClass): 404 GET http://10.180.1.21/compute/v2.1/servers/59450963-d83f-46e8-8c13-05d4f1818c64 2.315s
2025-11-14 16:51:22.570 65738 INFO tempest.lib.common.rest_client [req-a0b26007-21bf-47c5-9953-98bb31369b09 req-a0b26007-21bf-47c5-9953-98bb31369b09 ] Request (ImagesOneServerTestJSON:test_create_delete_image): 200 GET http://10.180.1.21/compute/v2.1/images/4f147f31-56c2-4e3c-b88b-8c468df0cf00 2.319s
2025-11-14 16:51:22.597 65778 INFO tempest.lib.common.rest_client [req-42fd86ad-fb8e-484c-acac-7c36db5c7af6 req-42fd86ad-fb8e-484c-acac-7c36db5c7af6 ] Request (ServersAdminNegativeTestJSON:tearDownClass): 404 GET http://10.180.1.21/compute/v2.1/servers/3657ec21-3ec7-44c9-92d1-570655b58f26 2.207s
2025-11-14 16:51:22.686 65740 INFO tempest.lib.common.rest_client [req-3b3e0dc8-639f-4dfe-b7f9-7d0c48993f06 req-3b3e0dc8-639f-4dfe-b7f9-7d0c48993f06 ] Request (ServerAddressesTestJSON:tearDownClass): 204 DELETE http://10.180.1.21/networking/v2.0/subnets/68f4f374-0ccd-48c0-9a7e-7081b0ebe868 0.245s
2025-11-14 16:51:22.712 65778 INFO tempest.lib.common.rest_client [req-8ff28d7d-e6b7-4603-a786-dec0823a3ced req-8ff28d7d-e6b7-4603-a786-dec0823a3ced ] Request (ServersAdminNegativeTestJSON:tearDownClass): 204 DELETE http://10.180.1.21/identity/v3/users/de6370f100c842a4875bc6639fbc1f27 0.115s
2025-11-14 16:51:22.725 65744 INFO tempest.lib.common.rest_client [req-2c592349-44d8-4af5-912d-93709857e529 req-2c592349-44d8-4af5-912d-93709857e529 ] Request (AttachInterfacesTestJSON:test_create_list_show_delete_interfaces_by_fixed_ip): 200 GET http://10.180.1.21/compute/v2.1/servers/c18b5bde-1a17-4954-a2c5-582815ebfec8 2.569s
2025-11-14 16:51:22.736 65744 INFO tempest.common.waiters [-] State transition "BUILD/networking" ==> "BUILD/spawning" after 36 second wait
2025-11-14 16:51:22.763 65760 INFO tempest.lib.common.rest_client [req-0e2c6f96-9fad-4cb2-af26-43d74ecc822c req-0e2c6f96-9fad-4cb2-af26-43d74ecc822c ] Request (ServerAddressesNegativeTestJSON:setUpClass): 200 GET http://10.180.1.21/compute/v2.1/servers/0b02fcd5-9fc7-4543-a754-d31fa0186981 2.038s
2025-11-14 16:51:22.854 65794 INFO tempest.lib.common.rest_client [req-83a08b78-af1b-431c-ab38-33f97d0e8ec4 req-83a08b78-af1b-431c-ab38-33f97d0e8ec4 ] Request (ServerTagsTestJSON:setUpClass): 201 POST http://10.180.1.21/networking/v2.0/networks 0.423s
2025-11-14 16:51:22.911 65778 INFO tempest.lib.common.rest_client [req-88000688-3bb8-4d8d-906f-a198c0740ec8 req-88000688-3bb8-4d8d-906f-a198c0740ec8 ] Request (ServersAdminNegativeTestJSON:tearDownClass): 204 DELETE http://10.180.1.21/identity/v3/users/387d2cec75134e8293e31b722a6e93f4 0.198s
2025-11-14 16:51:22.911 65778 INFO tempest.lib.common.dynamic_creds [-] Deleting project and security group for project: 9cc93a911ec244068e588b11a357de08
2025-11-14 16:51:22.942 65758 INFO tempest.lib.common.rest_client [req-732afdb8-7e1f-4305-865a-67ea68a8b78e req-732afdb8-7e1f-4305-865a-67ea68a8b78e ] Request (ServerActionsTestJSON:test_rebuild_server): 200 GET http://10.180.1.21/compute/v2.1/servers/370b6aa8-2337-48e1-8102-611ce4494a55 1.824s
2025-11-14 16:51:23.009 65778 INFO tempest.lib.common.rest_client [req-fce390fa-d099-4c8b-b813-847a9937db16 req-fce390fa-d099-4c8b-b813-847a9937db16 ] Request (ServersAdminNegativeTestJSON:tearDownClass): 201 POST http://10.180.1.21/identity/v3/auth/tokens 0.098s
2025-11-14 16:51:23.147 65740 INFO tempest.lib.common.rest_client [req-01c0e9bb-5257-4b59-b3db-a21a225bf861 req-01c0e9bb-5257-4b59-b3db-a21a225bf861 ] Request (ServerAddressesTestJSON:tearDownClass): 204 DELETE http://10.180.1.21/networking/v2.0/networks/fe370b84-e4c1-4975-a546-f721ab3fe25e 0.460s
2025-11-14 16:51:23.247 65794 INFO tempest.lib.common.rest_client [req-405c18b2-cc2c-4431-b6ce-f67e0e3813ac req-405c18b2-cc2c-4431-b6ce-f67e0e3813ac ] Request (ServerTagsTestJSON:setUpClass): 201 POST http://10.180.1.21/networking/v2.0/subnets 0.392s
2025-11-14 16:51:23.263 65796 INFO tempest.lib.common.rest_client [req-b4f30d79-76f6-424b-8a6e-5360eb63d731 req-b4f30d79-76f6-424b-8a6e-5360eb63d731 ] Request (DeleteServersTestJSON:test_delete_server_while_in_shelved_state): 200 GET http://10.180.1.21/compute/v2.1/servers/b1cca536-e1d9-43f8-8a5c-be3981c106e7 2.156s
2025-11-14 16:51:23.272 65796 INFO tempest.common.waiters [-] State transition "ACTIVE/shelving_image_pending_upload" ==> "ACTIVE/shelving_image_uploading" after 8 second wait
2025-11-14 16:51:23.291 65740 INFO tempest.lib.common.rest_client [req-512b2f7a-6c62-4655-a539-baccedbe0c2b req-512b2f7a-6c62-4655-a539-baccedbe0c2b ] Request (ServerAddressesTestJSON:tearDownClass): 204 DELETE http://10.180.1.21/identity/v3/users/85e9fa9ad20645f59a103ec416ee8666 0.143s
2025-11-14 16:51:23.292 65740 INFO tempest.lib.common.dynamic_creds [-] Deleting project and security group for project: 6d75a2e244de46358945f6f2a57f1efc
2025-11-14 16:51:23.437 65778 INFO tempest.lib.common.rest_client [req-0045e0d3-26a8-4cb9-8dca-5b6f4288dc27 req-0045e0d3-26a8-4cb9-8dca-5b6f4288dc27 ] Request (ServersAdminNegativeTestJSON:tearDownClass): 200 GET http://10.180.1.21/networking/v2.0/security-groups?tenant_id=9cc93a911ec244068e588b11a357de08&name=default 0.427s
2025-11-14 16:51:23.470 65740 INFO tempest.lib.common.rest_client [req-f6aa1d8c-0d7f-48c2-a139-575da21e7f66 req-f6aa1d8c-0d7f-48c2-a139-575da21e7f66 ] Request (ServerAddressesTestJSON:tearDownClass): 200 GET http://10.180.1.21/networking/v2.0/security-groups?tenant_id=6d75a2e244de46358945f6f2a57f1efc&name=default 0.178s
2025-11-14 16:51:23.504 65764 INFO tempest.lib.common.rest_client [req-fd6d56f3-5183-4c54-835e-67c934680d66 req-fd6d56f3-5183-4c54-835e-67c934680d66 ] Request (ServersNegativeTestJSON:setUpClass): 200 GET http://10.180.1.21/compute/v2.1/servers/703ed9b6-7cd8-4a84-9847-d34fb1c51a3f 1.872s
2025-11-14 16:51:23.705 65778 INFO tempest.lib.common.rest_client [req-698b2303-1716-4199-aed1-2411835ed758 req-698b2303-1716-4199-aed1-2411835ed758 ] Request (ServersAdminNegativeTestJSON:tearDownClass): 204 DELETE http://10.180.1.21/networking/v2.0/security-groups/e9b034e6-3214-450a-b754-1ccc6496dad5 0.267s
2025-11-14 16:51:23.798 65778 INFO tempest.lib.common.rest_client [req-d97703d9-89d6-4757-a7ad-662e9811b00a req-d97703d9-89d6-4757-a7ad-662e9811b00a ] Request (ServersAdminNegativeTestJSON:tearDownClass): 204 DELETE http://10.180.1.21/identity/v3/projects/9cc93a911ec244068e588b11a357de08 0.092s
2025-11-14 16:51:23.798 65778 INFO tempest.lib.common.dynamic_creds [-] Deleting project and security group for project: 5f9a3a63deb9427bb5a08c7785509709
2025-11-14 16:51:23.799 65740 INFO tempest.lib.common.rest_client [req-f15c9cbf-65fc-4a07-91eb-d102da2503e9 req-f15c9cbf-65fc-4a07-91eb-d102da2503e9 ] Request (ServerAddressesTestJSON:tearDownClass): 204 DELETE http://10.180.1.21/networking/v2.0/security-groups/9552a565-50ed-4c25-a61b-292488a677d6 0.327s
2025-11-14 16:51:23.893 65740 INFO tempest.lib.common.rest_client [req-6038e34d-1f4b-46bc-bff4-8826b5c028b1 req-6038e34d-1f4b-46bc-bff4-8826b5c028b1 ] Request (ServerAddressesTestJSON:tearDownClass): 204 DELETE http://10.180.1.21/identity/v3/projects/6d75a2e244de46358945f6f2a57f1efc 0.094s
2025-11-14 16:51:23.987 65778 INFO tempest.lib.common.rest_client [req-c5a8a87b-5f04-49ef-86e4-d37133907551 req-c5a8a87b-5f04-49ef-86e4-d37133907551 ] Request (ServersAdminNegativeTestJSON:tearDownClass): 200 GET http://10.180.1.21/networking/v2.0/security-groups?tenant_id=5f9a3a63deb9427bb5a08c7785509709&name=default 0.188s
2025-11-14 16:51:24.084 65752 INFO tempest.lib.common.rest_client [req-c66e42d1-22b8-416e-b926-a221d651824b req-c66e42d1-22b8-416e-b926-a221d651824b ] Request (MigrationsAdminTest:test_resize_server_revert_deleted_flavor): 200 GET http://10.180.1.21/compute/v2.1/servers/38e0ebf5-1d92-4906-b0bd-b0ebf8651f22 2.277s
2025-11-14 16:51:24.199 65778 INFO tempest.lib.common.rest_client [req-892cd9ee-68e4-4595-9ddb-aed00e87e8f4 req-892cd9ee-68e4-4595-9ddb-aed00e87e8f4 ] Request (ServersAdminNegativeTestJSON:tearDownClass): 204 DELETE http://10.180.1.21/networking/v2.0/security-groups/9db9404a-b471-452b-92a7-cd905ab3db45 0.211s
2025-11-14 16:51:24.211 65794 INFO tempest.lib.common.rest_client [req-44d0fc65-54ec-4e4a-b729-44df0d95c13a req-44d0fc65-54ec-4e4a-b729-44df0d95c13a ] Request (ServerTagsTestJSON:setUpClass): 201 POST http://10.180.1.21/networking/v2.0/routers 0.962s
2025-11-14 16:51:24.291 65789 INFO tempest.lib.common.rest_client [req-f66dfe62-ee15-46fc-b332-ac9c34ffeb38 req-f66dfe62-ee15-46fc-b332-ac9c34ffeb38 ] Request (ServersNegativeTestMultiTenantJSON:setUpClass): 200 GET http://10.180.1.21/compute/v2.1/servers/9908d395-545d-4caf-9757-320d6253d61e 2.450s
2025-11-14 16:51:24.340 65778 INFO tempest.lib.common.rest_client [req-c1c04eef-4a44-40aa-af5e-9515440c2b46 req-c1c04eef-4a44-40aa-af5e-9515440c2b46 ] Request (ServersAdminNegativeTestJSON:tearDownClass): 204 DELETE http://10.180.1.21/identity/v3/projects/5f9a3a63deb9427bb5a08c7785509709 0.140s
2025-11-14 16:51:24.362 65776 INFO tempest.lib.common.rest_client [req-783a0a1f-7a87-4047-9248-1b0c01e1286e req-783a0a1f-7a87-4047-9248-1b0c01e1286e ] Request (ImagesOneServerNegativeTestJSON:_run_cleanups): 202 POST http://10.180.1.21/compute/v2.1/servers 3.090s
2025-11-14 16:51:24.388 65782 INFO tempest.lib.common.rest_client [req-a4423e16-9166-46e5-bea9-20ca7a4f48a8 req-a4423e16-9166-46e5-bea9-20ca7a4f48a8 ] Request (ServersTestMultiNic:tearDownClass): 404 DELETE http://10.180.1.21/compute/v2.1/servers/e9fd0c9f-5795-44df-9dcb-982b7722ae69 1.931s
2025-11-14 16:51:24.427 65778 INFO tempest.lib.common.rest_client [req-43ee60b0-ddb5-43b5-890c-ccea2708e51c req-43ee60b0-ddb5-43b5-890c-ccea2708e51c ] Request (SecurityGroupRulesNegativeTestJSON:setUpClass): 201 POST http://10.180.1.21/identity/v3/auth/tokens 0.085s
2025-11-14 16:51:24.430 65756 INFO tempest.lib.common.rest_client [req-9b2d5892-9048-48d7-8d21-02464523c63e req-9b2d5892-9048-48d7-8d21-02464523c63e ] Request (ServerShowV247Test:tearDownClass): 200 GET http://10.180.1.21/compute/v2.1/servers/f25cc41e-560e-4cab-8bf0-dac47899d037 2.297s
2025-11-14 16:51:24.461 65768 INFO tempest.lib.common.rest_client [req-4e008341-0b1d-43a8-b303-4a0b72bd3be8 req-4e008341-0b1d-43a8-b303-4a0b72bd3be8 ] Request (ServersTestBootFromVolume:tearDownClass): 202 DELETE http://10.180.1.21/compute/v2.1/os-keypairs/tempest-keypair-129345533 1.943s
2025-11-14 16:51:24.478 65790 INFO tempest.lib.common.rest_client [req-8cdd7c37-aec6-47a8-abf4-ba0aa1e71135 req-8cdd7c37-aec6-47a8-abf4-ba0aa1e71135 ] Request (ServersTestFqdnHostnames:tearDownClass): 202 DELETE http://10.180.1.21/compute/v2.1/os-keypairs/tempest-keypair-1619648269 1.943s
2025-11-14 16:51:24.487 65778 INFO tempest.lib.common.rest_client [req-7eb6f96e-705b-4c40-8876-e7a851d836d4 req-7eb6f96e-705b-4c40-8876-e7a851d836d4 ] Request (SecurityGroupRulesNegativeTestJSON:setUpClass): 201 POST http://10.180.1.21/identity/v3/auth/tokens 0.057s
2025-11-14 16:51:24.496 65772 INFO tempest.lib.common.rest_client [req-e0aebc73-88d4-4fef-9339-673f71b0efc0 req-e0aebc73-88d4-4fef-9339-673f71b0efc0 ] Request (FloatingIPsAssociationTestJSON:tearDownClass): 200 GET http://10.180.1.21/compute/v2.1/servers/ad29afd9-3e52-4fac-977f-91774acad7d0 2.003s
2025-11-14 16:51:24.524 65738 INFO tempest.lib.common.rest_client [req-60654853-e40c-45dc-baf2-938b4624beb6 req-60654853-e40c-45dc-baf2-938b4624beb6 ] Request (ImagesOneServerTestJSON:test_create_delete_image): 200 GET http://10.180.1.21/compute/v2.1/images/4f147f31-56c2-4e3c-b88b-8c468df0cf00 1.949s
2025-11-14 16:51:24.526 65778 INFO tempest.lib.common.rest_client [req-b29bbb74-deae-4a2b-8f0a-9204f49741d5 req-b29bbb74-deae-4a2b-8f0a-9204f49741d5 ] Request (SecurityGroupRulesNegativeTestJSON:setUpClass): 200 GET http://10.180.1.21/identity/v3/domains?name=Default 0.038s
2025-11-14 16:51:24.573 65778 INFO tempest.lib.common.rest_client [req-2b9dc0c5-9afb-48d2-b798-1c37a6201449 req-2b9dc0c5-9afb-48d2-b798-1c37a6201449 ] Request (SecurityGroupRulesNegativeTestJSON:setUpClass): 201 POST http://10.180.1.21/identity/v3/projects 0.047s
2025-11-14 16:51:24.599 65768 INFO tempest.lib.common.rest_client [req-a8833f53-e679-407c-be35-523d33c41c41 req-a8833f53-e679-407c-be35-523d33c41c41 ] Request (ServersTestBootFromVolume:tearDownClass): 204 DELETE http://10.180.1.21/networking/v2.0/security-groups/03eec768-e6e1-44ec-a090-3675a2bfb102 0.137s
2025-11-14 16:51:24.644 65778 INFO tempest.lib.common.rest_client [req-e3eceb3d-71a9-4a3e-b5eb-e159a77d8169 req-e3eceb3d-71a9-4a3e-b5eb-e159a77d8169 ] Request (SecurityGroupRulesNegativeTestJSON:setUpClass): 201 POST http://10.180.1.21/identity/v3/users 0.070s
2025-11-14 16:51:24.665 65778 INFO tempest.lib.common.rest_client [req-98219753-9e45-4072-ab85-b12eecf2dbdc req-98219753-9e45-4072-ab85-b12eecf2dbdc ] Request (SecurityGroupRulesNegativeTestJSON:setUpClass): 200 GET http://10.180.1.21/identity/v3/roles 0.019s
2025-11-14 16:51:24.672 65790 INFO tempest.lib.common.rest_client [req-802cf4f8-4793-4393-a63a-b88a05b4d504 req-802cf4f8-4793-4393-a63a-b88a05b4d504 ] Request (ServersTestFqdnHostnames:tearDownClass): 204 DELETE http://10.180.1.21/networking/v2.0/security-groups/ddf7d75c-b9c9-46ef-a2bb-d5e9289e39ba 0.193s
2025-11-14 16:51:24.697 65746 INFO tempest.lib.common.rest_client [req-508e4b8b-80e3-41dc-bd2b-c8cb754705a0 req-508e4b8b-80e3-41dc-bd2b-c8cb754705a0 ] Request (ServersAdminTestJSON:tearDownClass): 200 GET http://10.180.1.21/compute/v2.1/servers/0673a0d2-76ac-4cd5-8cc3-b8596877c641 1.825s
2025-11-14 16:51:24.699 65778 INFO tempest.lib.common.rest_client [req-bf967e6d-7b9a-46a2-9080-6d019135acdc req-bf967e6d-7b9a-46a2-9080-6d019135acdc ] Request (SecurityGroupRulesNegativeTestJSON:setUpClass): 204 PUT http://10.180.1.21/identity/v3/projects/50ff76082cc94d36a66130473adcd886/users/118ffa70ea954ecbad8a08c4fbfdbf38/roles/5b65df60bdbc40a4b1d3b0eed2ca9a06 0.033s
2025-11-14 16:51:24.699 65778 INFO tempest.lib.common.dynamic_creds [-] Dynamic test user 118ffa70ea954ecbad8a08c4fbfdbf38 is created with scope project and roles: ['member']
2025-11-14 16:51:24.699 65778 INFO tempest.lib.common.dynamic_creds [-] Acquired dynamic creds: credentials: Credentials: {'domain_id': 'default', 'domain_name': 'Default', 'username': 'tempest-SecurityGroupRulesNegativeTestJSON-1792047728-project-member', 'project_domain_id': 'default', 'project_domain_name': 'Default', 'project_id': '50ff76082cc94d36a66130473adcd886', 'project_name': 'tempest-SecurityGroupRulesNegativeTestJSON-1792047728', 'tenant_id': '50ff76082cc94d36a66130473adcd886', 'tenant_name': 'tempest-SecurityGroupRulesNegativeTestJSON-1792047728', 'user_domain_id': 'default', 'user_domain_name': 'Default', 'user_id': '118ffa70ea954ecbad8a08c4fbfdbf38', 'system': None}, Network: None, Subnet: None, Router: None
2025-11-14 16:51:24.764 65768 INFO tempest.lib.common.rest_client [req-0534ba75-b177-42ca-be54-24ca84dabc30 req-0534ba75-b177-42ca-be54-24ca84dabc30 ] Request (ServersTestBootFromVolume:tearDownClass): 404 GET http://10.180.1.21/networking/v2.0/security-groups/03eec768-e6e1-44ec-a090-3675a2bfb102 0.165s
2025-11-14 16:51:24.776 65790 INFO tempest.lib.common.rest_client [req-35bd9bc4-545c-4244-ad54-ee1ab48052df req-35bd9bc4-545c-4244-ad54-ee1ab48052df ] Request (ServersTestFqdnHostnames:tearDownClass): 404 GET http://10.180.1.21/networking/v2.0/security-groups/ddf7d75c-b9c9-46ef-a2bb-d5e9289e39ba 0.103s
2025-11-14 16:51:24.780 65778 INFO tempest.lib.common.rest_client [req-20e51118-8dc6-4ed1-9120-dcc6dab35eab req-20e51118-8dc6-4ed1-9120-dcc6dab35eab ] Request (SecurityGroupRulesNegativeTestJSON:setUpClass): 201 POST http://10.180.1.21/identity/v3/auth/tokens 0.080s
2025-11-14 16:51:24.813 65774 INFO tempest.lib.common.rest_client [req-2d6f1fb3-df26-41fc-88bd-0c076ba27c47 req-2d6f1fb3-df26-41fc-88bd-0c076ba27c47 ] Request (ServerActionsTestOtherB:test_resize_server_confirm_from_stopped): 200 GET http://10.180.1.21/compute/v2.1/servers/89f3c815-8671-47ce-9e74-bf6e652bb3c3 1.905s
2025-11-14 16:51:24.823 65754 INFO tempest.lib.common.rest_client [req-940831cd-e9a2-432e-9cad-6a7cac480c9f req-940831cd-e9a2-432e-9cad-6a7cac480c9f ] Request (ListServersNegativeTestJSON:tearDownClass): 200 GET http://10.180.1.21/compute/v2.1/servers/b702ba27-bbc7-4030-a96d-30e1ed656a9b 1.740s
2025-11-14 16:51:24.841 65770 INFO tempest.lib.common.rest_client [req-105a25da-1855-4b4f-9199-8cbb664af8b9 req-105a25da-1855-4b4f-9199-8cbb664af8b9 ] Request (ListImageFiltersTestJSON:tearDownClass): 404 GET http://10.180.1.21/compute/v2.1/servers/483cf486-f0fc-48a4-9db2-970d0f35865a 1.342s
2025-11-14 16:51:25.056 65768 INFO tempest.lib.common.rest_client [req-08ab4b4e-6dbf-4964-8488-1d9da8139bca req-08ab4b4e-6dbf-4964-8488-1d9da8139bca ] Request (ServersTestBootFromVolume:tearDownClass): 204 DELETE http://10.180.1.21/networking/v2.0/floatingips/a30bfbe6-fce6-436c-ba64-102e74a8c439 0.289s
2025-11-14 16:51:25.354 65790 INFO tempest.lib.common.rest_client [req-2cbb581b-a13e-4ccf-a017-d8870d71de98 req-2cbb581b-a13e-4ccf-a017-d8870d71de98 ] Request (ServersTestFqdnHostnames:tearDownClass): 204 DELETE http://10.180.1.21/networking/v2.0/floatingips/aa4fb29e-6974-4798-bada-8c24324a1a72 0.578s
2025-11-14 16:51:25.640 65778 INFO tempest.lib.common.rest_client [req-1ad1f072-90b3-425b-84e8-7ff84821452a req-1ad1f072-90b3-425b-84e8-7ff84821452a ] Request (SecurityGroupRulesNegativeTestJSON:setUpClass): 201 POST http://10.180.1.21/networking/v2.0/networks 0.860s
2025-11-14 16:51:25.662 65798 INFO tempest.lib.common.rest_client [req-dd77c5cd-98e6-460f-8a57-abcde933dfef req-dd77c5cd-98e6-460f-8a57-abcde933dfef ] Request (ImagesTestJSON:test_create_server_from_snapshot): 200 GET http://10.180.1.21/compute/v2.1/servers/0c6206ee-c787-4cd1-9289-1b2620dc4c5f 2.551s
2025-11-14 16:51:25.720 65794 INFO tempest.lib.common.rest_client [req-94205148-370d-4305-b03a-19efbf3ddf44 req-94205148-370d-4305-b03a-19efbf3ddf44 ] Request (ServerTagsTestJSON:setUpClass): 200 PUT http://10.180.1.21/networking/v2.0/routers/5a988557-cd91-41bc-ba5c-5072727629da/add_router_interface 1.509s
2025-11-14 16:51:25.720 65794 INFO tempest.lib.common.dynamic_creds [-] Created isolated network resources for: credentials: Credentials: {'domain_id': 'default', 'domain_name': 'Default', 'username': 'tempest-ServerTagsTestJSON-645774926-project-member', 'project_domain_id': 'default', 'project_domain_name': 'Default', 'project_id': '8519227171034e9fa29a28cd5f94f6a3', 'project_name': 'tempest-ServerTagsTestJSON-645774926', 'tenant_id': '8519227171034e9fa29a28cd5f94f6a3', 'tenant_name': 'tempest-ServerTagsTestJSON-645774926', 'user_domain_id': 'default', 'user_domain_name': 'Default', 'user_id': '04b763d9de2d4755a85e2a3b4d09d677', 'system': None}, Network: {'id': '84c9fea3-777d-4976-bc50-5de50f5221f9', 'name': 'tempest-ServerTagsTestJSON-1134281187-network', 'tenant_id': '8519227171034e9fa29a28cd5f94f6a3', 'project_id': '8519227171034e9fa29a28cd5f94f6a3', 'admin_state_up': True, 'mtu': 8950, 'status': 'ACTIVE', 'subnets': [], 'shared': False, 'port_security_enabled': True, 'router:external': False, 'provider:network_type': 'vlan', 'provider:physical_network': 'default', 'provider:segmentation_id': 347, 'availability_zone_hints': [], 'availability_zones': [], 'ipv4_address_scope': None, 'ipv6_address_scope': None, 'description': '', 'tags': [], 'created_at': '2025-11-14T16:51:22Z', 'updated_at': '2025-11-14T16:51:22Z', 'revision_number': 1}, Subnet: {'id': 'd2d9a643-7435-4a6a-9ba8-cfc568f2b86e', 'name': 'tempest-ServerTagsTestJSON-1134281187-subnet', 'tenant_id': '8519227171034e9fa29a28cd5f94f6a3', 'network_id': '84c9fea3-777d-4976-bc50-5de50f5221f9', 'ip_version': 4, 'subnetpool_id': None, 'enable_dhcp': True, 'ipv6_ra_mode': None, 'ipv6_address_mode': None, 'gateway_ip': '192.168.128.1', 'cidr': '192.168.128.0/28', 'allocation_pools': [{'start': '192.168.128.2', 'end': '192.168.128.14'}], 'host_routes': [], 'dns_nameservers': [], 'description': '', 'router:external': False, 'service_types': [], 'tags': [], 'created_at': '2025-11-14T16:51:23Z', 'updated_at': '2025-11-14T16:51:23Z', 'revision_number': 0, 'project_id': '8519227171034e9fa29a28cd5f94f6a3'}, Router: {'id': '5a988557-cd91-41bc-ba5c-5072727629da', 'name': 'tempest-ServerTagsTestJSON-1134281187-router', 'tenant_id': '8519227171034e9fa29a28cd5f94f6a3', 'admin_state_up': True, 'status': 'ACTIVE', 'external_gateway_info': {'network_id': '9c455e47-3f41-4a8f-be49-1071c38d9ab0', 'external_fixed_ips': [{'subnet_id': '325fce3c-52d8-42b0-ae1f-99fbf80aefa3', 'ip_address': '10.180.180.161'}], 'enable_snat': True}, 'description': '', 'availability_zones': [], 'distributed': False, 'ha': False, 'availability_zone_hints': [], 'routes': [], 'flavor_id': None, 'tags': [], 'created_at': '2025-11-14T16:51:23Z', 'updated_at': '2025-11-14T16:51:23Z', 'revision_number': 2, 'project_id': '8519227171034e9fa29a28cd5f94f6a3'}
2025-11-14 16:51:25.843 65794 INFO tempest.lib.common.rest_client [req-dc75a4aa-5f3c-4a7f-9a56-99c0a6af5714 req-dc75a4aa-5f3c-4a7f-9a56-99c0a6af5714 ] Request (ServerTagsTestJSON:setUpClass): 201 POST http://10.180.1.21/identity/v3/auth/tokens 0.118s
2025-11-14 16:51:25.884 65794 INFO tempest.lib.common.rest_client [req-d71bd195-3683-4963-a6cd-0ccb8ea1a96d req-d71bd195-3683-4963-a6cd-0ccb8ea1a96d ] Request (ServerTagsTestJSON:setUpClass): 201 POST http://10.180.1.21/identity/v3/auth/tokens 0.038s
2025-11-14 16:51:25.885 65794 INFO tempest.lib.common.fixed_network [-] (ServerTagsTestJSON:setUpClass) Found network {'id': '84c9fea3-777d-4976-bc50-5de50f5221f9', 'name': 'tempest-ServerTagsTestJSON-1134281187-network', 'tenant_id': '8519227171034e9fa29a28cd5f94f6a3', 'project_id': '8519227171034e9fa29a28cd5f94f6a3', 'admin_state_up': True, 'mtu': 8950, 'status': 'ACTIVE', 'subnets': [], 'shared': False, 'port_security_enabled': True, 'router:external': False, 'provider:network_type': 'vlan', 'provider:physical_network': 'default', 'provider:segmentation_id': 347, 'availability_zone_hints': [], 'availability_zones': [], 'ipv4_address_scope': None, 'ipv6_address_scope': None, 'description': '', 'tags': [], 'created_at': '2025-11-14T16:51:22Z', 'updated_at': '2025-11-14T16:51:22Z', 'revision_number': 1} available for tenant
2025-11-14 16:51:26.587 65768 INFO tempest.lib.common.rest_client [req-d2708ab6-033e-4eb2-b705-201a7f489bb6 req-d2708ab6-033e-4eb2-b705-201a7f489bb6 ] Request (ServersTestBootFromVolume:tearDownClass): 200 PUT http://10.180.1.21/networking/v2.0/routers/39f4713a-3d73-498a-a6d4-dd80f21fc907/remove_router_interface 1.530s
2025-11-14 16:51:26.594 65790 INFO tempest.lib.common.rest_client [req-1cebc7a4-0cb2-46d9-974d-e4744e6f9748 req-1cebc7a4-0cb2-46d9-974d-e4744e6f9748 ] Request (ServersTestFqdnHostnames:tearDownClass): 200 PUT http://10.180.1.21/networking/v2.0/routers/b9a71190-f353-466f-b070-91c6f657b96a/remove_router_interface 1.239s
2025-11-14 16:51:26.691 65760 INFO tempest.lib.common.rest_client [req-3d175246-73f7-478f-8fd2-729d9df95ad2 req-3d175246-73f7-478f-8fd2-729d9df95ad2 ] Request (ServerAddressesNegativeTestJSON:setUpClass): 200 GET http://10.180.1.21/compute/v2.1/servers/0b02fcd5-9fc7-4543-a754-d31fa0186981 2.916s
2025-11-14 16:51:26.716 65744 INFO tempest.lib.common.rest_client [req-014e9afc-86fc-490d-bd8d-456619b2b755 req-014e9afc-86fc-490d-bd8d-456619b2b755 ] Request (AttachInterfacesTestJSON:test_create_list_show_delete_interfaces_by_fixed_ip): 200 GET http://10.180.1.21/compute/v2.1/servers/c18b5bde-1a17-4954-a2c5-582815ebfec8 2.978s
2025-11-14 16:51:26.802 65778 INFO tempest.lib.common.rest_client [req-e0a6565d-d302-434b-a628-ea9b1df2f5e9 req-e0a6565d-d302-434b-a628-ea9b1df2f5e9 ] Request (SecurityGroupRulesNegativeTestJSON:setUpClass): 201 POST http://10.180.1.21/networking/v2.0/subnets 1.161s
2025-11-14 16:51:27.121 65768 INFO tempest.lib.common.rest_client [req-69323d3c-dd02-4126-87c1-4aca24aaf38e req-69323d3c-dd02-4126-87c1-4aca24aaf38e ] Request (ServersTestBootFromVolume:tearDownClass): 204 DELETE http://10.180.1.21/networking/v2.0/routers/39f4713a-3d73-498a-a6d4-dd80f21fc907 0.534s
2025-11-14 16:51:27.194 65790 INFO tempest.lib.common.rest_client [req-309b6b70-7ff9-4c88-901f-c7aee317cbf4 req-309b6b70-7ff9-4c88-901f-c7aee317cbf4 ] Request (ServersTestFqdnHostnames:tearDownClass): 204 DELETE http://10.180.1.21/networking/v2.0/routers/b9a71190-f353-466f-b070-91c6f657b96a 0.600s
2025-11-14 16:51:27.233 65758 INFO tempest.lib.common.rest_client [req-54742088-2338-4902-8e15-58c1dd20a511 req-54742088-2338-4902-8e15-58c1dd20a511 ] Request (ServerActionsTestJSON:test_rebuild_server): 200 GET http://10.180.1.21/compute/v2.1/servers/370b6aa8-2337-48e1-8102-611ce4494a55 3.281s
2025-11-14 16:51:27.609 65768 INFO tempest.lib.common.rest_client [req-291cd689-1c39-45d0-b711-4568a7d1ec76 req-291cd689-1c39-45d0-b711-4568a7d1ec76 ] Request (ServersTestBootFromVolume:tearDownClass): 204 DELETE http://10.180.1.21/networking/v2.0/subnets/dc51a5d5-0cd3-4885-b59d-dff2caa1a381 0.488s
2025-11-14 16:51:27.781 65790 INFO tempest.lib.common.rest_client [req-781723a1-fce9-47b7-b7e0-a757d342a530 req-781723a1-fce9-47b7-b7e0-a757d342a530 ] Request (ServersTestFqdnHostnames:tearDownClass): 204 DELETE http://10.180.1.21/networking/v2.0/subnets/70a209b0-b1b1-45d3-bba7-8ad066a5d8f4 0.586s
2025-11-14 16:51:27.821 65796 INFO tempest.lib.common.rest_client [req-9d686352-2745-4535-86b8-011287af7786 req-9d686352-2745-4535-86b8-011287af7786 ] Request (DeleteServersTestJSON:test_delete_server_while_in_shelved_state): 200 GET http://10.180.1.21/compute/v2.1/servers/b1cca536-e1d9-43f8-8a5c-be3981c106e7 3.548s
2025-11-14 16:51:27.832 65776 INFO tempest.lib.common.rest_client [req-18f1a430-4a29-4659-af30-922b4db17307 req-18f1a430-4a29-4659-af30-922b4db17307 ] Request (ImagesOneServerNegativeTestJSON:_run_cleanups): 200 GET http://10.180.1.21/compute/v2.1/servers/e02e3848-1b1e-426b-bc0f-24c8e232a9db 3.468s
2025-11-14 16:51:27.865 65780 WARNING tempest.lib.common.ssh [-] Failed to establish authenticated ssh connection to cirros@10.180.180.247 ([Errno None] Unable to connect to port 22 on 10.180.180.247). Number attempts: 10. Retry after 11 seconds.: paramiko.ssh_exception.NoValidConnectionsError: [Errno None] Unable to connect to port 22 on 10.180.180.247
2025-11-14 16:51:27.866 65782 INFO tempest.lib.common.rest_client [req-f34e3f21-4c26-4b68-9b94-d71a894363f5 req-f34e3f21-4c26-4b68-9b94-d71a894363f5 ] Request (ServersTestMultiNic:tearDownClass): 404 GET http://10.180.1.21/compute/v2.1/servers/e9fd0c9f-5795-44df-9dcb-982b7722ae69 3.477s
2025-11-14 16:51:28.036 65778 INFO tempest.lib.common.rest_client [req-93f6b3fd-49f7-4dec-8076-2e27f772a354 req-93f6b3fd-49f7-4dec-8076-2e27f772a354 ] Request (SecurityGroupRulesNegativeTestJSON:setUpClass): 201 POST http://10.180.1.21/networking/v2.0/routers 1.233s
2025-11-14 16:51:28.363 65768 INFO tempest.lib.common.rest_client [req-39a2a1c2-9a82-46d9-838a-3e816641df8d req-39a2a1c2-9a82-46d9-838a-3e816641df8d ] Request (ServersTestBootFromVolume:tearDownClass): 204 DELETE http://10.180.1.21/networking/v2.0/networks/08330c64-94a6-41a4-b2a9-1641b6caaf43 0.753s
2025-11-14 16:51:28.450 65768 INFO tempest.lib.common.rest_client [req-a95ac4f1-4f7f-4ee0-83d5-4d1f413dbbb8 req-a95ac4f1-4f7f-4ee0-83d5-4d1f413dbbb8 ] Request (ServersTestBootFromVolume:tearDownClass): 204 DELETE http://10.180.1.21/identity/v3/users/055d00bf06004425b894ab5ce8433a1b 0.086s
2025-11-14 16:51:28.450 65768 INFO tempest.lib.common.dynamic_creds [-] Deleting project and security group for project: 5a80b4a1e9964a1da68fddeba39f07e3
2025-11-14 16:51:28.640 65790 INFO tempest.lib.common.rest_client [req-d314a534-c8de-4ba9-8137-9099f57c878a req-d314a534-c8de-4ba9-8137-9099f57c878a ] Request (ServersTestFqdnHostnames:tearDownClass): 204 DELETE http://10.180.1.21/networking/v2.0/networks/a2c91019-c13d-4581-aa0b-05553afc8f57 0.859s
2025-11-14 16:51:28.766 65790 INFO tempest.lib.common.rest_client [req-3ca0bcf3-47aa-4b8e-917a-7b59b54f310d req-3ca0bcf3-47aa-4b8e-917a-7b59b54f310d ] Request (ServersTestFqdnHostnames:tearDownClass): 204 DELETE http://10.180.1.21/identity/v3/users/7cda854e4ee54615b5510bb670939a40 0.125s
2025-11-14 16:51:28.766 65790 INFO tempest.lib.common.dynamic_creds [-] Deleting project and security group for project: f858126fa23d43cbafd1b677206f28ac
2025-11-14 16:51:29.045 65750 INFO paramiko.transport [-] Connected (version 2.0, client dropbear_2020.81)
2025-11-14 16:51:29.150 65750 INFO paramiko.transport [-] Authentication (publickey) successful!
2025-11-14 16:51:29.151 65750 INFO tempest.lib.common.ssh [-] ssh connection to cirros@10.180.180.143 successfully created
2025-11-14 16:51:29.523 65768 INFO tempest.lib.common.rest_client [req-47368e80-f219-4d44-8d61-323cc381f657 req-47368e80-f219-4d44-8d61-323cc381f657 ] Request (ServersTestBootFromVolume:tearDownClass): 200 GET http://10.180.1.21/networking/v2.0/security-groups?tenant_id=5a80b4a1e9964a1da68fddeba39f07e3&name=default 1.073s
2025-11-14 16:51:29.561 65764 INFO tempest.lib.common.rest_client [req-8a7ea777-3e76-4563-83d4-3d63e1ed4803 req-8a7ea777-3e76-4563-83d4-3d63e1ed4803 ] Request (ServersNegativeTestJSON:setUpClass): 200 GET http://10.180.1.21/compute/v2.1/servers/703ed9b6-7cd8-4a84-9847-d34fb1c51a3f 5.043s
2025-11-14 16:51:29.571 65790 INFO tempest.lib.common.rest_client [req-52ca5c13-098f-470f-b4f5-fa29b252ed39 req-52ca5c13-098f-470f-b4f5-fa29b252ed39 ] Request (ServersTestFqdnHostnames:tearDownClass): 200 GET http://10.180.1.21/networking/v2.0/security-groups?tenant_id=f858126fa23d43cbafd1b677206f28ac&name=default 0.804s
2025-11-14 16:51:29.575 65764 INFO tempest.common.waiters [-] State transition "BUILD/None" ==> "BUILD/spawning" after 24 second wait
2025-11-14 16:51:29.610 65738 INFO tempest.lib.common.rest_client [req-df326e4f-5006-4f8c-bddb-c47c9535ff97 req-df326e4f-5006-4f8c-bddb-c47c9535ff97 ] Request (ImagesOneServerTestJSON:test_create_delete_image): 200 GET http://10.180.1.21/compute/v2.1/servers/af8d01e2-fb86-41c4-99a5-204b30eeda0c 5.079s
2025-11-14 16:51:29.688 65770 INFO tempest.lib.common.rest_client [req-c808693a-1529-4341-b17d-4586e129c51e req-c808693a-1529-4341-b17d-4586e129c51e ] Request (ListImageFiltersTestJSON:tearDownClass): 204 DELETE http://10.180.1.21/compute/v2.1/servers/90c36f67-0c25-4487-a5e4-89827290953b 4.847s
2025-11-14 16:51:29.705 65778 INFO tempest.lib.common.rest_client [req-f2ca12d5-3734-4659-b391-80c2fc3f6e25 req-f2ca12d5-3734-4659-b391-80c2fc3f6e25 ] Request (SecurityGroupRulesNegativeTestJSON:setUpClass): 200 PUT http://10.180.1.21/networking/v2.0/routers/6429f9b8-60d5-41a7-ab20-ad7bea6cc095/add_router_interface 1.669s
2025-11-14 16:51:29.706 65778 INFO tempest.lib.common.dynamic_creds [-] Created isolated network resources for: credentials: Credentials: {'domain_id': 'default', 'domain_name': 'Default', 'username': 'tempest-SecurityGroupRulesNegativeTestJSON-1792047728-project-member', 'project_domain_id': 'default', 'project_domain_name': 'Default', 'project_id': '50ff76082cc94d36a66130473adcd886', 'project_name': 'tempest-SecurityGroupRulesNegativeTestJSON-1792047728', 'tenant_id': '50ff76082cc94d36a66130473adcd886', 'tenant_name': 'tempest-SecurityGroupRulesNegativeTestJSON-1792047728', 'user_domain_id': 'default', 'user_domain_name': 'Default', 'user_id': '118ffa70ea954ecbad8a08c4fbfdbf38', 'system': None}, Network: {'id': '47456ed8-2361-41c3-beb1-7735868a3046', 'name': 'tempest-SecurityGroupRulesNegativeTestJSON-1827185368-network', 'tenant_id': '50ff76082cc94d36a66130473adcd886', 'project_id': '50ff76082cc94d36a66130473adcd886', 'admin_state_up': True, 'mtu': 8950, 'status': 'ACTIVE', 'subnets': [], 'shared': False, 'port_security_enabled': True, 'router:external': False, 'provider:network_type': 'vlan', 'provider:physical_network': 'default', 'provider:segmentation_id': 807, 'availability_zone_hints': [], 'availability_zones': [], 'ipv4_address_scope': None, 'ipv6_address_scope': None, 'description': '', 'tags': [], 'created_at': '2025-11-14T16:51:25Z', 'updated_at': '2025-11-14T16:51:25Z', 'revision_number': 1}, Subnet: {'id': '4ffa50bc-dd2c-4b3c-8a97-fc72397e1b65', 'name': 'tempest-SecurityGroupRulesNegativeTestJSON-1827185368-subnet', 'tenant_id': '50ff76082cc94d36a66130473adcd886', 'network_id': '47456ed8-2361-41c3-beb1-7735868a3046', 'ip_version': 4, 'subnetpool_id': None, 'enable_dhcp': True, 'ipv6_ra_mode': None, 'ipv6_address_mode': None, 'gateway_ip': '192.168.128.1', 'cidr': '192.168.128.0/28', 'allocation_pools': [{'start': '192.168.128.2', 'end': '192.168.128.14'}], 'host_routes': [], 'dns_nameservers': [], 'description': '', 'router:external': False, 'service_types': [], 'tags': [], 'created_at': '2025-11-14T16:51:26Z', 'updated_at': '2025-11-14T16:51:26Z', 'revision_number': 0, 'project_id': '50ff76082cc94d36a66130473adcd886'}, Router: {'id': '6429f9b8-60d5-41a7-ab20-ad7bea6cc095', 'name': 'tempest-SecurityGroupRulesNegativeTestJSON-1827185368-router', 'tenant_id': '50ff76082cc94d36a66130473adcd886', 'admin_state_up': True, 'status': 'ACTIVE', 'external_gateway_info': {'network_id': '9c455e47-3f41-4a8f-be49-1071c38d9ab0', 'external_fixed_ips': [{'subnet_id': '325fce3c-52d8-42b0-ae1f-99fbf80aefa3', 'ip_address': '10.180.180.241'}], 'enable_snat': True}, 'description': '', 'availability_zones': [], 'distributed': False, 'ha': False, 'availability_zone_hints': [], 'routes': [], 'flavor_id': None, 'tags': [], 'created_at': '2025-11-14T16:51:27Z', 'updated_at': '2025-11-14T16:51:27Z', 'revision_number': 2, 'project_id': '50ff76082cc94d36a66130473adcd886'}
2025-11-14 16:51:29.806 65778 INFO tempest.lib.common.rest_client [req-96a1160c-9eb1-4d4e-9eb8-4bc4afc2e188 req-96a1160c-9eb1-4d4e-9eb8-4bc4afc2e188 ] Request (SecurityGroupRulesNegativeTestJSON:setUpClass): 201 POST http://10.180.1.21/identity/v3/auth/tokens 0.097s
2025-11-14 16:51:29.808 65768 INFO tempest.lib.common.rest_client [req-4d81a147-756a-41c2-ba0e-11653ca5efed req-4d81a147-756a-41c2-ba0e-11653ca5efed ] Request (ServersTestBootFromVolume:tearDownClass): 204 DELETE http://10.180.1.21/networking/v2.0/security-groups/30b1c91e-43c2-42b0-bcc8-472f3648734c 0.284s
2025-11-14 16:51:29.888 65790 INFO tempest.lib.common.rest_client [req-9847634f-ea24-43f1-9145-b9d2b6882588 req-9847634f-ea24-43f1-9145-b9d2b6882588 ] Request (ServersTestFqdnHostnames:tearDownClass): 204 DELETE http://10.180.1.21/networking/v2.0/security-groups/45389a18-5c04-441b-afc1-27db23a70d9e 0.316s
2025-11-14 16:51:29.906 65768 INFO tempest.lib.common.rest_client [req-866ee493-031b-4327-ae6a-d05b71876103 req-866ee493-031b-4327-ae6a-d05b71876103 ] Request (ServersTestBootFromVolume:tearDownClass): 204 DELETE http://10.180.1.21/identity/v3/projects/5a80b4a1e9964a1da68fddeba39f07e3 0.097s
