2025-11-14 16:49:32.021 65750 INFO tempest.lib.common.dynamic_creds [-] Created isolated network resources for: credentials: Credentials: {'domain_id': 'default', 'domain_name': 'Default', 'username': 'tempest-AttachVolumeNegativeTest-1972219862-project-member', 'project_domain_id': 'default', 'project_domain_name': 'Default', 'project_id': '2ba61d77cc2d4fe1ba3c03466d5985d9', 'project_name': 'tempest-AttachVolumeNegativeTest-1972219862', 'tenant_id': '2ba61d77cc2d4fe1ba3c03466d5985d9', 'tenant_name': 'tempest-AttachVolumeNegativeTest-1972219862', 'user_domain_id': 'default', 'user_domain_name': 'Default', 'user_id': '03f7c78b16e547c38f24ed2c8a329202', 'system': None}, Network: {'id': '794f021d-54b6-45d6-8663-0e464c717fc0', 'name': 'tempest-AttachVolumeNegativeTest-1002016694-network', 'tenant_id': '2ba61d77cc2d4fe1ba3c03466d5985d9', 'project_id': '2ba61d77cc2d4fe1ba3c03466d5985d9', 'admin_state_up': True, 'mtu': 8950, 'status': 'ACTIVE', 'subnets': [], 'shared': False, 'port_security_enabled': True, 'router:external': False, 'provider:network_type': 'vlan', 'provider:physical_network': 'default', 'provider:segmentation_id': 870, 'availability_zone_hints': [], 'availability_zones': [], 'ipv4_address_scope': None, 'ipv6_address_scope': None, 'description': '', 'tags': [], 'created_at': '2025-11-14T16:49:29Z', 'updated_at': '2025-11-14T16:49:29Z', 'revision_number': 1}, Subnet: {'id': '92b80067-3c71-4f31-a5a8-bb15d795abed', 'name': 'tempest-AttachVolumeNegativeTest-1002016694-subnet', 'tenant_id': '2ba61d77cc2d4fe1ba3c03466d5985d9', 'network_id': '794f021d-54b6-45d6-8663-0e464c717fc0', 'ip_version': 4, 'subnetpool_id': None, 'enable_dhcp': True, 'ipv6_ra_mode': None, 'ipv6_address_mode': None, 'gateway_ip': '192.168.128.1', 'cidr': '192.168.128.0/28', 'allocation_pools': [{'start': '192.168.128.2', 'end': '192.168.128.14'}], 'host_routes': [], 'dns_nameservers': [], 'description': '', 'router:external': False, 'service_types': [], 'tags': [], 'created_at': '2025-11-14T16:49:29Z', 'updated_at': '2025-11-14T16:49:29Z', 'revision_number': 0, 'project_id': '2ba61d77cc2d4fe1ba3c03466d5985d9'}, Router: {'id': '5a68ab8b-db65-411b-ac61-4c7edc0a1f0c', 'name': 'tempest-AttachVolumeNegativeTest-1002016694-router', 'tenant_id': '2ba61d77cc2d4fe1ba3c03466d5985d9', 'admin_state_up': True, 'status': 'ACTIVE', 'external_gateway_info': {'network_id': '9c455e47-3f41-4a8f-be49-1071c38d9ab0', 'external_fixed_ips': [{'subnet_id': '325fce3c-52d8-42b0-ae1f-99fbf80aefa3', 'ip_address': '10.180.180.132'}], 'enable_snat': True}, 'description': '', 'availability_zones': [], 'distributed': False, 'ha': False, 'availability_zone_hints': [], 'routes': [], 'flavor_id': None, 'tags': [], 'created_at': '2025-11-14T16:49:29Z', 'updated_at': '2025-11-14T16:49:30Z', 'revision_number': 2, 'project_id': '2ba61d77cc2d4fe1ba3c03466d5985d9'}
2025-11-14 16:49:32.056 65752 INFO tempest.lib.common.rest_client [req-c43865cb-5110-4389-b639-5bb53f3a5659 req-c43865cb-5110-4389-b639-5bb53f3a5659 ] Request (MigrationsAdminTest:test_resize_server_revert_deleted_flavor): 200 GET http://10.180.1.21/compute/v2.1/servers/38e0ebf5-1d92-4906-b0bd-b0ebf8651f22 2.495s
2025-11-14 16:49:32.069 65780 INFO tempest.lib.common.rest_client [req-d7191f0d-a0e1-4cbf-9e12-a54f51627b93 req-d7191f0d-a0e1-4cbf-9e12-a54f51627b93 ] Request (ServersWithSpecificFlavorTestJSON:test_verify_created_server_ephemeral_disk): 200 GET http://10.180.1.21/compute/v2.1/servers/6746e11f-e9fa-4d3b-a8cf-fa64ebcee4e0 2.502s
2025-11-14 16:49:32.170 65750 INFO tempest.lib.common.rest_client [req-3f96e7cb-dc51-4b0f-bedd-6483f28f3181 req-3f96e7cb-dc51-4b0f-bedd-6483f28f3181 ] Request (AttachVolumeNegativeTest:setUpClass): 201 POST http://10.180.1.21/identity/v3/auth/tokens 0.143s
2025-11-14 16:49:32.284 65738 INFO tempest.lib.common.rest_client [req-432d4ae7-25af-4ec6-bf23-01ea254cc988 req-432d4ae7-25af-4ec6-bf23-01ea254cc988 ] Request (VolumesAssistedSnapshotsTest:tearDownClass): 204 DELETE http://10.180.1.21/networking/v2.0/subnets/a3568ab5-f632-4406-a7fd-1d730222ff8f 0.293s
2025-11-14 16:49:32.361 65744 INFO tempest.lib.common.rest_client [req-1ded7b4e-2af1-4ddd-a933-e974666b1e9e req-1ded7b4e-2af1-4ddd-a933-e974666b1e9e ] Request (ServerExternalEventsTest:test_create_server_external_events): 200 GET http://10.180.1.21/compute/v2.1/servers/fae095a8-a768-4263-b456-ed0745398755 2.717s
2025-11-14 16:49:32.446 65756 INFO tempest.lib.common.rest_client [req-053bdc4e-2263-4d60-91ae-a1cb5be7c33b req-053bdc4e-2263-4d60-91ae-a1cb5be7c33b ] Request (ServerGroupTestJSON:tearDownClass): 204 DELETE http://10.180.1.21/networking/v2.0/networks/1b05f7a0-d3eb-463c-bdfa-e1462758dce6 0.831s
2025-11-14 16:49:32.562 65756 INFO tempest.lib.common.rest_client [req-d4b53184-9d74-4b40-ae8f-48b6fa1f4d03 req-d4b53184-9d74-4b40-ae8f-48b6fa1f4d03 ] Request (ServerGroupTestJSON:tearDownClass): 204 DELETE http://10.180.1.21/identity/v3/users/a484b18f526c4555a71600c76a4ca6b9 0.116s
2025-11-14 16:49:32.562 65756 INFO tempest.lib.common.dynamic_creds [-] Deleting project and security group for project: ec2768a4aefb4e1b9484fb266d45d2a0
2025-11-14 16:49:32.607 65794 INFO tempest.lib.common.rest_client [req-e560545b-2113-4990-88dc-3b965df799c1 req-e560545b-2113-4990-88dc-3b965df799c1 ] Request (SecurityGroupsTestJSON:test_server_security_groups): 200 GET http://10.180.1.21/compute/v2.1/servers/c798006c-3e74-461f-8397-3d8ca0be0a95 2.857s
2025-11-14 16:49:32.664 65764 INFO tempest.lib.common.rest_client [req-491842f8-137a-495d-aa59-04c893a0a28f req-491842f8-137a-495d-aa59-04c893a0a28f ] Request (ServersListShow296Test:tearDownClass): 200 GET http://10.180.1.21/compute/v2.1/servers/8b478626-e3dc-42c4-bd59-fa0a71d798c9 2.905s
2025-11-14 16:49:32.709 65738 INFO tempest.lib.common.rest_client [req-2dc8aac2-cab6-4054-b4ef-e319f72c5ea0 req-2dc8aac2-cab6-4054-b4ef-e319f72c5ea0 ] Request (VolumesAssistedSnapshotsTest:tearDownClass): 204 DELETE http://10.180.1.21/networking/v2.0/networks/aec9c0ce-a40e-4d0b-ad1d-2984fe3a4e89 0.424s
2025-11-14 16:49:32.736 65756 INFO tempest.lib.common.rest_client [req-7397645e-94e7-4da4-86a0-f7e24dc79653 req-7397645e-94e7-4da4-86a0-f7e24dc79653 ] Request (ServerGroupTestJSON:tearDownClass): 200 GET http://10.180.1.21/networking/v2.0/security-groups?tenant_id=ec2768a4aefb4e1b9484fb266d45d2a0&name=default 0.173s
2025-11-14 16:49:32.808 65740 INFO tempest.lib.common.rest_client [req-56f42c4c-5d35-40ed-9edc-b021099c7a4b req-56f42c4c-5d35-40ed-9edc-b021099c7a4b ] Request (ServerAddressesTestJSON:setUpClass): 200 GET http://10.180.1.21/compute/v2.1/servers/ab8df1d8-615d-4083-bdf4-25f679a64982 2.993s
2025-11-14 16:49:32.827 65762 INFO tempest.lib.common.rest_client [req-3d644798-14c6-4803-881c-b5e048dc2ede req-3d644798-14c6-4803-881c-b5e048dc2ede ] Request (ServersListShow2100Test:test_list_show_rebuild_update_server_2100): 200 GET http://10.180.1.21/compute/v2.1/servers/53c31e42-4db0-4428-8336-b3a82e3f0e8f 2.977s
2025-11-14 16:49:33.246 65760 WARNING tempest.lib.common.ssh [-] Failed to establish authenticated ssh connection to cirros@10.180.180.141 ([Errno None] Unable to connect to port 22 on 10.180.180.141). Number attempts: 1. Retry after 2 seconds.: paramiko.ssh_exception.NoValidConnectionsError: [Errno None] Unable to connect to port 22 on 10.180.180.141
2025-11-14 16:49:33.268 65756 INFO tempest.lib.common.rest_client [req-f8df3888-c792-4afc-9cc2-60fd749e0233 req-f8df3888-c792-4afc-9cc2-60fd749e0233 ] Request (ServerGroupTestJSON:tearDownClass): 204 DELETE http://10.180.1.21/networking/v2.0/security-groups/fc63314e-3c09-4934-9efc-91e058123226 0.532s
2025-11-14 16:49:33.401 65756 INFO tempest.lib.common.rest_client [req-a1b09cce-511f-4937-9590-36e78f5c72a2 req-a1b09cce-511f-4937-9590-36e78f5c72a2 ] Request (ServerGroupTestJSON:tearDownClass): 204 DELETE http://10.180.1.21/identity/v3/projects/ec2768a4aefb4e1b9484fb266d45d2a0 0.132s
2025-11-14 16:49:33.493 65756 INFO tempest.lib.common.rest_client [req-a6f43778-4480-4b7f-8240-3a4d45f0ae79 req-a6f43778-4480-4b7f-8240-3a4d45f0ae79 ] Request (ServerShowV247Test:setUpClass): 201 POST http://10.180.1.21/identity/v3/auth/tokens 0.090s
2025-11-14 16:49:33.523 65756 INFO tempest.lib.common.rest_client [req-bd11834c-b975-401c-a759-0d829b1c9856 req-bd11834c-b975-401c-a759-0d829b1c9856 ] Request (ServerShowV247Test:setUpClass): 201 POST http://10.180.1.21/identity/v3/auth/tokens 0.027s
2025-11-14 16:49:33.549 65756 INFO tempest.lib.common.rest_client [req-ada696f8-6bbc-4a25-8e3e-ca70d33a6180 req-ada696f8-6bbc-4a25-8e3e-ca70d33a6180 ] Request (ServerShowV247Test:setUpClass): 200 GET http://10.180.1.21/identity/v3/domains?name=Default 0.025s
2025-11-14 16:49:33.580 65756 INFO tempest.lib.common.rest_client [req-a2aee7cb-5f6d-4d70-9afb-005d74965dac req-a2aee7cb-5f6d-4d70-9afb-005d74965dac ] Request (ServerShowV247Test:setUpClass): 201 POST http://10.180.1.21/identity/v3/projects 0.030s
2025-11-14 16:49:33.636 65738 INFO tempest.lib.common.rest_client [req-4fb09eb9-fceb-4b11-af7c-d5ceac3e50ff req-4fb09eb9-fceb-4b11-af7c-d5ceac3e50ff ] Request (VolumesAssistedSnapshotsTest:tearDownClass): 200 PUT http://10.180.1.21/networking/v2.0/routers/8f69b7c2-ad3f-49d0-946a-55464f2f3617/remove_router_interface 0.926s
2025-11-14 16:49:33.643 65756 INFO tempest.lib.common.rest_client [req-e1cc2aa7-4a93-4235-a76a-7fd88d4abadf req-e1cc2aa7-4a93-4235-a76a-7fd88d4abadf ] Request (ServerShowV247Test:setUpClass): 201 POST http://10.180.1.21/identity/v3/users 0.062s
2025-11-14 16:49:33.667 65756 INFO tempest.lib.common.rest_client [req-4d8004a9-cbd8-401d-b611-a891700abaa4 req-4d8004a9-cbd8-401d-b611-a891700abaa4 ] Request (ServerShowV247Test:setUpClass): 200 GET http://10.180.1.21/identity/v3/roles 0.023s
2025-11-14 16:49:33.667 65798 INFO tempest.lib.common.rest_client [req-893e1c68-4bf0-472b-84eb-f81d706a6b88 req-893e1c68-4bf0-472b-84eb-f81d706a6b88 ] Request (ImagesTestJSON:test_create_image_from_suspended_server): 200 GET http://10.180.1.21/compute/v2.1/servers/c5d00bb5-d869-466f-826e-61622e57959f 3.679s
2025-11-14 16:49:33.705 65756 INFO tempest.lib.common.rest_client [req-cce0ea68-06f7-4ffd-9a19-9409dc029d3c req-cce0ea68-06f7-4ffd-9a19-9409dc029d3c ] Request (ServerShowV247Test:setUpClass): 204 PUT http://10.180.1.21/identity/v3/projects/04be7e71aa654488a30f2a7afccc9f31/users/6a224ef1466f4b8c9fc87f34dac848a2/roles/5b65df60bdbc40a4b1d3b0eed2ca9a06 0.037s
2025-11-14 16:49:33.705 65756 INFO tempest.lib.common.dynamic_creds [-] Dynamic test user 6a224ef1466f4b8c9fc87f34dac848a2 is created with scope project and roles: ['member']
2025-11-14 16:49:33.705 65756 INFO tempest.lib.common.dynamic_creds [-] Acquired dynamic creds: credentials: Credentials: {'domain_id': 'default', 'domain_name': 'Default', 'username': 'tempest-ServerShowV247Test-400054191-project-member', 'project_domain_id': 'default', 'project_domain_name': 'Default', 'project_id': '04be7e71aa654488a30f2a7afccc9f31', 'project_name': 'tempest-ServerShowV247Test-400054191', 'tenant_id': '04be7e71aa654488a30f2a7afccc9f31', 'tenant_name': 'tempest-ServerShowV247Test-400054191', 'user_domain_id': 'default', 'user_domain_name': 'Default', 'user_id': '6a224ef1466f4b8c9fc87f34dac848a2', 'system': None}, Network: None, Subnet: None, Router: None
2025-11-14 16:49:33.705 65756 INFO tempest.lib.common.dynamic_creds [-] Created isolated network resources for: credentials: Credentials: {'domain_id': 'default', 'domain_name': 'Default', 'username': 'tempest-ServerShowV247Test-400054191-project-member', 'project_domain_id': 'default', 'project_domain_name': 'Default', 'project_id': '04be7e71aa654488a30f2a7afccc9f31', 'project_name': 'tempest-ServerShowV247Test-400054191', 'tenant_id': '04be7e71aa654488a30f2a7afccc9f31', 'tenant_name': 'tempest-ServerShowV247Test-400054191', 'user_domain_id': 'default', 'user_domain_name': 'Default', 'user_id': '6a224ef1466f4b8c9fc87f34dac848a2', 'system': None}, Network: None, Subnet: None, Router: None
2025-11-14 16:49:33.801 65756 INFO tempest.lib.common.rest_client [req-fa3fba45-e75e-4d8a-9b76-aacdc0f2840e req-fa3fba45-e75e-4d8a-9b76-aacdc0f2840e ] Request (ServerShowV247Test:setUpClass): 201 POST http://10.180.1.21/identity/v3/auth/tokens 0.090s
2025-11-14 16:49:33.815 65754 INFO tempest.lib.common.rest_client [req-17081f12-7f7b-46b8-bb27-bab23f06a160 req-17081f12-7f7b-46b8-bb27-bab23f06a160 ] Request (ListServersNegativeTestJSON:setUpClass): 200 GET http://10.180.1.21/compute/v2.1/servers/f521e37d-aa86-4533-9fbe-7d040ed90e53 3.903s
2025-11-14 16:49:33.885 65756 INFO tempest.lib.common.rest_client [req-7359ec22-0f22-445f-8410-77dae33091cc req-7359ec22-0f22-445f-8410-77dae33091cc ] Request (ServerShowV247Test:setUpClass): 200 GET http://10.180.1.21/identity/v3/projects/04be7e71aa654488a30f2a7afccc9f31 0.084s
2025-11-14 16:49:33.885 65756 INFO tempest.lib.common.dynamic_creds [-] Using the existing project 04be7e71aa654488a30f2a7afccc9f31 for scope project and roles: ['reader']
2025-11-14 16:49:33.913 65756 INFO tempest.lib.common.rest_client [req-a55602f5-c09e-4c1a-b46a-d3db5e4670ac req-a55602f5-c09e-4c1a-b46a-d3db5e4670ac ] Request (ServerShowV247Test:setUpClass): 201 POST http://10.180.1.21/identity/v3/users 0.027s
2025-11-14 16:49:33.941 65756 INFO tempest.lib.common.rest_client [req-6c028375-fe68-426e-8c92-d51de47465ae req-6c028375-fe68-426e-8c92-d51de47465ae ] Request (ServerShowV247Test:setUpClass): 200 GET http://10.180.1.21/identity/v3/roles 0.027s
2025-11-14 16:49:33.988 65756 INFO tempest.lib.common.rest_client [req-7c43cb36-a466-4c6b-bb16-f1d8b52d62dd req-7c43cb36-a466-4c6b-bb16-f1d8b52d62dd ] Request (ServerShowV247Test:setUpClass): 204 PUT http://10.180.1.21/identity/v3/projects/04be7e71aa654488a30f2a7afccc9f31/users/fa7660ae9d80402d9a2948fbd544767a/roles/22dd760a278e4454a9cdd892cf169c3c 0.046s
2025-11-14 16:49:33.988 65756 INFO tempest.lib.common.dynamic_creds [-] Dynamic test user fa7660ae9d80402d9a2948fbd544767a is created with scope project and roles: ['reader']
2025-11-14 16:49:33.989 65756 INFO tempest.lib.common.dynamic_creds [-] Acquired dynamic creds: credentials: Credentials: {'domain_id': 'default', 'domain_name': 'Default', 'username': 'tempest-ServerShowV247Test-400054191-project-reader', 'project_domain_id': 'default', 'project_domain_name': 'Default', 'project_id': '04be7e71aa654488a30f2a7afccc9f31', 'project_name': 'tempest-ServerShowV247Test-400054191', 'tenant_id': '04be7e71aa654488a30f2a7afccc9f31', 'tenant_name': 'tempest-ServerShowV247Test-400054191', 'user_domain_id': 'default', 'user_domain_name': 'Default', 'user_id': 'fa7660ae9d80402d9a2948fbd544767a', 'system': None}, Network: None, Subnet: None, Router: None
2025-11-14 16:49:33.989 65756 INFO tempest.lib.common.dynamic_creds [-] Network resources are not created for requested scope: project and credentials: Credentials: {'domain_id': 'default', 'domain_name': 'Default', 'username': 'tempest-ServerShowV247Test-400054191-project-reader', 'project_domain_id': 'default', 'project_domain_name': 'Default', 'project_id': '04be7e71aa654488a30f2a7afccc9f31', 'project_name': 'tempest-ServerShowV247Test-400054191', 'tenant_id': '04be7e71aa654488a30f2a7afccc9f31', 'tenant_name': 'tempest-ServerShowV247Test-400054191', 'user_domain_id': 'default', 'user_domain_name': 'Default', 'user_id': 'fa7660ae9d80402d9a2948fbd544767a', 'system': None}, Network: None, Subnet: None, Router: None
2025-11-14 16:49:34.069 65756 INFO tempest.lib.common.rest_client [req-4432ca5d-5379-4c06-af6f-0eaa9ad30196 req-4432ca5d-5379-4c06-af6f-0eaa9ad30196 ] Request (ServerShowV247Test:setUpClass): 201 POST http://10.180.1.21/identity/v3/auth/tokens 0.078s
2025-11-14 16:49:34.142 65748 WARNING tempest.lib.common.ssh [-] Failed to establish authenticated ssh connection to cirros@10.180.180.172 ([Errno None] Unable to connect to port 22 on 10.180.180.172). Number attempts: 7. Retry after 8 seconds.: paramiko.ssh_exception.NoValidConnectionsError: [Errno None] Unable to connect to port 22 on 10.180.180.172
2025-11-14 16:49:34.167 65756 INFO tempest.lib.common.rest_client [req-71ec7222-1eb7-4e98-b379-0d627dde46e4 req-71ec7222-1eb7-4e98-b379-0d627dde46e4 ] Request (ServerShowV247Test:test_show_server): 201 POST http://10.180.1.21/identity/v3/auth/tokens 0.093s
2025-11-14 16:49:34.168 65756 INFO tempest.lib.common.fixed_network [-] (ServerShowV247Test:test_show_server) Found network None available for tenant
2025-11-14 16:49:34.348 65738 INFO tempest.lib.common.rest_client [req-a7732ee2-6b72-4bef-bb5f-83216c5dadb7 req-a7732ee2-6b72-4bef-bb5f-83216c5dadb7 ] Request (VolumesAssistedSnapshotsTest:tearDownClass): 204 DELETE http://10.180.1.21/networking/v2.0/routers/8f69b7c2-ad3f-49d0-946a-55464f2f3617 0.711s
2025-11-14 16:49:34.434 65778 INFO tempest.lib.common.rest_client [req-5d5c1adb-9a9d-48c3-8743-75d9cbc4357b req-5d5c1adb-9a9d-48c3-8743-75d9cbc4357b ] Request (ServersAdminNegativeTestJSON:test_migrate_server_invalid_state): 200 GET http://10.180.1.21/compute/v2.1/servers/4232f3a4-c42b-4b9c-8e1d-da591634ffbb 4.388s
2025-11-14 16:49:34.555 65738 INFO tempest.lib.common.rest_client [req-c7d3e61a-d0b9-47ad-96a2-68a2ceff725a req-c7d3e61a-d0b9-47ad-96a2-68a2ceff725a ] Request (VolumesAssistedSnapshotsTest:tearDownClass): 204 DELETE http://10.180.1.21/networking/v2.0/subnets/27e03330-f78d-446a-8234-17f2da28cc9a 0.207s
2025-11-14 16:49:34.596 65746 INFO tempest.lib.common.rest_client [req-a4df5199-c013-471d-aca6-f1e593d54ff0 req-a4df5199-c013-471d-aca6-f1e593d54ff0 ] Request (ServersAdminTestJSON:test_inject_network_info): 200 GET http://10.180.1.21/compute/v2.1/servers/34730159-3bec-4ad5-b85e-0f67998d6001 4.580s
2025-11-14 16:49:34.654 65776 INFO tempest.lib.common.rest_client [req-d08cf8b8-e0ab-47fd-8030-c767035f1169 req-d08cf8b8-e0ab-47fd-8030-c767035f1169 ] Request (ImagesOneServerNegativeTestJSON:_run_cleanups): 200 GET http://10.180.1.21/compute/v2.1/servers/98430d7e-626e-4532-802e-38f7fc583ae3 4.489s
2025-11-14 16:49:34.884 65738 INFO tempest.lib.common.rest_client [req-982bf6a1-04af-406b-b420-33f1b0b046bf req-982bf6a1-04af-406b-b420-33f1b0b046bf ] Request (VolumesAssistedSnapshotsTest:tearDownClass): 204 DELETE http://10.180.1.21/networking/v2.0/networks/ae69f929-f1af-44a2-bb37-276721b603e5 0.329s
2025-11-14 16:49:34.906 65782 INFO tempest.lib.common.rest_client [req-e2987265-6953-4240-a56f-cb6b36475e5f req-e2987265-6953-4240-a56f-cb6b36475e5f ] Request (ServersTestMultiNic:test_verify_multiple_nics_order): 200 GET http://10.180.1.21/compute/v2.1/servers/e9fd0c9f-5795-44df-9dcb-982b7722ae69 4.649s
2025-11-14 16:49:34.935 65768 INFO tempest.lib.common.rest_client [req-d904f274-e2f0-4015-93a5-310603bcab7f req-d904f274-e2f0-4015-93a5-310603bcab7f ] Request (ServersTestBootFromVolume:setUpClass): 200 GET http://10.180.1.21/compute/v2.1/servers/1ad1e02b-fb82-4a88-9047-be316d590bd2 4.483s
2025-11-14 16:49:35.535 65772 INFO tempest.lib.common.rest_client [req-b3c7828b-2e43-445e-a9a1-6e0d43fbc6ef req-b3c7828b-2e43-445e-a9a1-6e0d43fbc6ef ] Request (FloatingIPsAssociationTestJSON:setUpClass): 200 GET http://10.180.1.21/compute/v2.1/servers/7fcbdc79-688c-479f-94e2-f4542abe714b 5.070s
2025-11-14 16:49:35.542 65772 INFO tempest.common.waiters [-] State transition "BUILD/spawning" ==> "ACTIVE/None" after 50 second wait
2025-11-14 16:49:35.557 65770 INFO tempest.lib.common.rest_client [req-247efca3-b6f2-4e35-893b-56466240e431 req-247efca3-b6f2-4e35-893b-56466240e431 ] Request (ListImageFiltersTestJSON:setUpClass): 200 GET http://10.180.1.21/compute/v2.1/servers/90c36f67-0c25-4487-a5e4-89827290953b 4.985s
2025-11-14 16:49:35.625 65758 INFO tempest.lib.common.rest_client [req-678432c7-a5bf-4ca8-91a9-2b6e72b38b47 req-678432c7-a5bf-4ca8-91a9-2b6e72b38b47 ] Request (ServerActionsTestJSON:test_lock_unlock_server): 202 POST http://10.180.1.21/compute/v2.1/servers/59f26752-75ab-45e5-b0a9-bbcef44ecd7f/action 4.982s
2025-11-14 16:49:35.640 65738 INFO tempest.lib.common.rest_client [req-e4a083e3-5989-41c6-8ab8-cb773993d30e req-e4a083e3-5989-41c6-8ab8-cb773993d30e ] Request (VolumesAssistedSnapshotsTest:tearDownClass): 200 PUT http://10.180.1.21/networking/v2.0/routers/e6de41e8-efcd-4ad3-9b6a-3994bba03a4e/remove_router_interface 0.755s
2025-11-14 16:49:35.695 65789 INFO tempest.lib.common.rest_client [req-431f43c9-066d-46b9-9ebc-06a80c644e1d req-431f43c9-066d-46b9-9ebc-06a80c644e1d ] Request (ListServerFiltersTestJSON:tearDownClass): 200 GET http://10.180.1.21/compute/v2.1/servers/1bc94ee7-d4f9-48c3-97f1-9e662eb50582 3.295s
2025-11-14 16:49:35.727 65750 INFO tempest.lib.common.rest_client [req-092f02df-f66f-4976-9d24-4c9034791790 req-092f02df-f66f-4976-9d24-4c9034791790 ] Request (ValidationResourcesFixture:setUp): 200 POST http://10.180.1.21/compute/v2.1/os-keypairs 3.554s
2025-11-14 16:49:35.859 65750 INFO tempest.lib.common.rest_client [req-6adcc337-45f9-4991-844d-4558aa539ae9 req-6adcc337-45f9-4991-844d-4558aa539ae9 ] Request (ValidationResourcesFixture:setUp): 201 POST http://10.180.1.21/networking/v2.0/security-groups 0.130s
2025-11-14 16:49:35.882 65796 INFO tempest.lib.common.rest_client [req-1d2f5391-c19c-42a2-9637-2df5d3015585 req-1d2f5391-c19c-42a2-9637-2df5d3015585 ] Request (DeleteServersTestJSON:test_delete_server_while_in_attached_volume): 200 GET http://10.180.1.21/compute/v2.1/servers/28fd3828-38ec-426f-b4dc-1e094304780b 3.414s
2025-11-14 16:49:36.019 65750 INFO tempest.lib.common.rest_client [req-b03da5bc-1f9e-408e-925e-34df13e71c02 req-b03da5bc-1f9e-408e-925e-34df13e71c02 ] Request (ValidationResourcesFixture:setUp): 201 POST http://10.180.1.21/networking/v2.0/security-group-rules 0.159s
2025-11-14 16:49:36.048 65780 INFO tempest.lib.common.rest_client [req-0d9d98e6-841a-4138-a7e7-eef0724e2609 req-0d9d98e6-841a-4138-a7e7-eef0724e2609 ] Request (ServersWithSpecificFlavorTestJSON:test_verify_created_server_ephemeral_disk): 200 GET http://10.180.1.21/compute/v2.1/servers/6746e11f-e9fa-4d3b-a8cf-fa64ebcee4e0 2.968s
2025-11-14 16:49:36.071 65738 INFO tempest.lib.common.rest_client [req-0c98365f-5ba9-4cf8-a7aa-41813316aadf req-0c98365f-5ba9-4cf8-a7aa-41813316aadf ] Request (VolumesAssistedSnapshotsTest:tearDownClass): 204 DELETE http://10.180.1.21/networking/v2.0/routers/e6de41e8-efcd-4ad3-9b6a-3994bba03a4e 0.431s
2025-11-14 16:49:36.103 65752 INFO tempest.lib.common.rest_client [req-3f44931f-e8ef-462b-a5bf-b645307c1c65 req-3f44931f-e8ef-462b-a5bf-b645307c1c65 ] Request (MigrationsAdminTest:test_resize_server_revert_deleted_flavor): 200 GET http://10.180.1.21/compute/v2.1/servers/38e0ebf5-1d92-4906-b0bd-b0ebf8651f22 3.037s
2025-11-14 16:49:36.113 65752 INFO tempest.common.waiters [-] State transition "BUILD/None" ==> "BUILD/spawning" after 34 second wait
2025-11-14 16:49:36.223 65750 INFO tempest.lib.common.rest_client [req-9dbc2fd1-84c7-49a1-b88c-a16a6f2fe822 req-9dbc2fd1-84c7-49a1-b88c-a16a6f2fe822 ] Request (ValidationResourcesFixture:setUp): 201 POST http://10.180.1.21/networking/v2.0/security-group-rules 0.203s
2025-11-14 16:49:36.245 65744 INFO tempest.lib.common.rest_client [req-dc616b63-bc5e-4de3-a27b-68e5cf3dce8d req-dc616b63-bc5e-4de3-a27b-68e5cf3dce8d ] Request (ServerExternalEventsTest:test_create_server_external_events): 200 GET http://10.180.1.21/compute/v2.1/servers/fae095a8-a768-4263-b456-ed0745398755 2.873s
2025-11-14 16:49:36.299 65738 INFO tempest.lib.common.rest_client [req-4971d270-1244-43f6-b177-df4b45220aa0 req-4971d270-1244-43f6-b177-df4b45220aa0 ] Request (VolumesAssistedSnapshotsTest:tearDownClass): 204 DELETE http://10.180.1.21/networking/v2.0/subnets/76b22630-8b15-4b7b-a1be-ee6d3030dd5d 0.227s
2025-11-14 16:49:36.316 65760 WARNING tempest.lib.common.ssh [-] Failed to establish authenticated ssh connection to cirros@10.180.180.141 ([Errno None] Unable to connect to port 22 on 10.180.180.141). Number attempts: 2. Retry after 3 seconds.: paramiko.ssh_exception.NoValidConnectionsError: [Errno None] Unable to connect to port 22 on 10.180.180.141
2025-11-14 16:49:36.595 65738 INFO tempest.lib.common.rest_client [req-62e13058-dd16-4080-a4b2-e780c12df418 req-62e13058-dd16-4080-a4b2-e780c12df418 ] Request (VolumesAssistedSnapshotsTest:tearDownClass): 204 DELETE http://10.180.1.21/networking/v2.0/networks/52f6af61-de8e-49ac-b1dc-b482fe931808 0.295s
2025-11-14 16:49:36.636 65794 INFO tempest.lib.common.rest_client [req-06ffc2a5-474a-4b3d-a41b-ec846dd865ec req-06ffc2a5-474a-4b3d-a41b-ec846dd865ec ] Request (SecurityGroupsTestJSON:test_server_security_groups): 200 GET http://10.180.1.21/compute/v2.1/servers/c798006c-3e74-461f-8397-3d8ca0be0a95 3.017s
2025-11-14 16:49:36.642 65794 INFO tempest.common.waiters [-] State transition "BUILD/spawning" ==> "ACTIVE/None" after 40 second wait
2025-11-14 16:49:36.658 65764 INFO tempest.lib.common.rest_client [req-c8ca8455-81f5-4518-919d-b3b148a5d946 req-c8ca8455-81f5-4518-919d-b3b148a5d946 ] Request (ServersListShow296Test:tearDownClass): 200 GET http://10.180.1.21/compute/v2.1/servers/8b478626-e3dc-42c4-bd59-fa0a71d798c9 2.979s
2025-11-14 16:49:36.709 65740 INFO tempest.lib.common.rest_client [req-74fbd1e3-cf11-4b55-bea7-c48bd8ee6c75 req-74fbd1e3-cf11-4b55-bea7-c48bd8ee6c75 ] Request (ServerAddressesTestJSON:setUpClass): 200 GET http://10.180.1.21/compute/v2.1/servers/ab8df1d8-615d-4083-bdf4-25f679a64982 2.887s
2025-11-14 16:49:36.735 65750 INFO tempest.lib.common.rest_client [req-41200116-3a04-44a5-8b1b-106b6863eb6a req-41200116-3a04-44a5-8b1b-106b6863eb6a ] Request (ValidationResourcesFixture:setUp): 201 POST http://10.180.1.21/networking/v2.0/floatingips 0.511s
2025-11-14 16:49:36.751 65738 INFO tempest.lib.common.rest_client [req-ed3d887c-9da7-4b70-ab80-a7b4ce6cafe5 req-ed3d887c-9da7-4b70-ab80-a7b4ce6cafe5 ] Request (VolumesAssistedSnapshotsTest:tearDownClass): 204 DELETE http://10.180.1.21/identity/v3/users/c802fe9c03a34d3a83b4fd98c758d87b 0.156s
2025-11-14 16:49:36.762 65762 INFO tempest.lib.common.rest_client [req-15b86791-cec8-4856-9427-649f80e2fe78 req-15b86791-cec8-4856-9427-649f80e2fe78 ] Request (ServersListShow2100Test:test_list_show_rebuild_update_server_2100): 200 GET http://10.180.1.21/compute/v2.1/servers/53c31e42-4db0-4428-8336-b3a82e3f0e8f 2.916s
2025-11-14 16:49:36.774 65762 INFO tempest.common.waiters [-] State transition "BUILD/None" ==> "BUILD/block_device_mapping" after 31 second wait
2025-11-14 16:49:36.810 65750 INFO tempest.lib.common.rest_client [req-fa12793c-f811-4349-8557-fe78d3e58e08 req-fa12793c-f811-4349-8557-fe78d3e58e08 ] Request (AttachVolumeNegativeTest:test_attach_attached_volume_to_different_server): 201 POST http://10.180.1.21/identity/v3/auth/tokens 0.071s
2025-11-14 16:49:36.811 65750 INFO tempest.lib.common.fixed_network [-] (AttachVolumeNegativeTest:test_attach_attached_volume_to_different_server) Found network {'id': '794f021d-54b6-45d6-8663-0e464c717fc0', 'name': 'tempest-AttachVolumeNegativeTest-1002016694-network', 'tenant_id': '2ba61d77cc2d4fe1ba3c03466d5985d9', 'project_id': '2ba61d77cc2d4fe1ba3c03466d5985d9', 'admin_state_up': True, 'mtu': 8950, 'status': 'ACTIVE', 'subnets': [], 'shared': False, 'port_security_enabled': True, 'router:external': False, 'provider:network_type': 'vlan', 'provider:physical_network': 'default', 'provider:segmentation_id': 870, 'availability_zone_hints': [], 'availability_zones': [], 'ipv4_address_scope': None, 'ipv6_address_scope': None, 'description': '', 'tags': [], 'created_at': '2025-11-14T16:49:29Z', 'updated_at': '2025-11-14T16:49:29Z', 'revision_number': 1} available for tenant
2025-11-14 16:49:36.816 65798 INFO tempest.lib.common.rest_client [req-7bd86d8a-fb2f-464b-91f6-fcfa595ac305 req-7bd86d8a-fb2f-464b-91f6-fcfa595ac305 ] Request (ImagesTestJSON:test_create_image_from_suspended_server): 200 GET http://10.180.1.21/compute/v2.1/servers/c5d00bb5-d869-466f-826e-61622e57959f 2.137s
2025-11-14 16:49:36.871 65754 INFO tempest.lib.common.rest_client [req-c900ec25-2b82-4667-b9f9-712b053bfab8 req-c900ec25-2b82-4667-b9f9-712b053bfab8 ] Request (ListServersNegativeTestJSON:setUpClass): 200 GET http://10.180.1.21/compute/v2.1/servers/f521e37d-aa86-4533-9fbe-7d040ed90e53 2.044s
2025-11-14 16:49:36.925 65756 INFO tempest.lib.common.rest_client [req-93dfb34e-b667-4c14-9ed5-b34150560e9d req-93dfb34e-b667-4c14-9ed5-b34150560e9d ] Request (ServerShowV247Test:test_show_server): 202 POST http://10.180.1.21/compute/v2.1/servers 2.757s
2025-11-14 16:49:36.956 65790 WARNING tempest.lib.common.ssh [-] Failed to establish authenticated ssh connection to cirros@10.180.180.208 ([Errno None] Unable to connect to port 22 on 10.180.180.208). Number attempts: 10. Retry after 11 seconds.: paramiko.ssh_exception.NoValidConnectionsError: [Errno None] Unable to connect to port 22 on 10.180.180.208
2025-11-14 16:49:36.964 65778 INFO tempest.lib.common.rest_client [req-c14f1e11-a152-4235-b5eb-70e092d07c32 req-c14f1e11-a152-4235-b5eb-70e092d07c32 ] Request (ServersAdminNegativeTestJSON:test_migrate_server_invalid_state): 200 GET http://10.180.1.21/compute/v2.1/servers/4232f3a4-c42b-4b9c-8e1d-da591634ffbb 1.520s
2025-11-14 16:49:36.976 65738 INFO tempest.lib.common.rest_client [req-c45ae8d7-17ca-4a76-983a-cd4b6f2eb254 req-c45ae8d7-17ca-4a76-983a-cd4b6f2eb254 ] Request (VolumesAssistedSnapshotsTest:tearDownClass): 204 DELETE http://10.180.1.21/identity/v3/users/5469d1c953fa4ec2bc9eb05a138758b2 0.224s
2025-11-14 16:49:37.155 65738 INFO tempest.lib.common.rest_client [req-ffd943bb-3d56-45d9-99ee-fa7ac7a053d0 req-ffd943bb-3d56-45d9-99ee-fa7ac7a053d0 ] Request (VolumesAssistedSnapshotsTest:tearDownClass): 204 DELETE http://10.180.1.21/identity/v3/users/ac0fdc01e6a544d7ada5f0e447016f0a 0.178s
2025-11-14 16:49:37.156 65738 INFO tempest.lib.common.dynamic_creds [-] Deleting project and security group for project: 349d3e2d0d8849819007c19528145c3c
2025-11-14 16:49:37.196 65738 INFO tempest.lib.common.rest_client [req-114235b1-6298-4bba-a7d7-f0948c6f7deb req-114235b1-6298-4bba-a7d7-f0948c6f7deb ] Request (VolumesAssistedSnapshotsTest:tearDownClass): 200 GET http://10.180.1.21/networking/v2.0/security-groups?tenant_id=349d3e2d0d8849819007c19528145c3c&name=default 0.040s
2025-11-14 16:49:37.308 65738 INFO tempest.lib.common.rest_client [req-ec754d51-a40f-47bb-beb7-4d01916301c0 req-ec754d51-a40f-47bb-beb7-4d01916301c0 ] Request (VolumesAssistedSnapshotsTest:tearDownClass): 204 DELETE http://10.180.1.21/networking/v2.0/security-groups/e3fefa86-d98f-47be-83d8-7084cb0f0e66 0.111s
2025-11-14 16:49:37.411 65738 INFO tempest.lib.common.rest_client [req-c19035f5-730e-4681-88ff-7e3f900f7882 req-c19035f5-730e-4681-88ff-7e3f900f7882 ] Request (VolumesAssistedSnapshotsTest:tearDownClass): 204 DELETE http://10.180.1.21/identity/v3/projects/349d3e2d0d8849819007c19528145c3c 0.103s
2025-11-14 16:49:37.412 65738 INFO tempest.lib.common.dynamic_creds [-] Deleting project and security group for project: 178ce098534942fa98ca04b41f159b49
2025-11-14 16:49:37.442 65738 INFO tempest.lib.common.rest_client [req-a6c5cba2-3209-4469-87e1-954b1df49f73 req-a6c5cba2-3209-4469-87e1-954b1df49f73 ] Request (VolumesAssistedSnapshotsTest:tearDownClass): 200 GET http://10.180.1.21/networking/v2.0/security-groups?tenant_id=178ce098534942fa98ca04b41f159b49&name=default 0.030s
2025-11-14 16:49:37.535 65770 INFO tempest.lib.common.rest_client [req-7371bfc1-ab75-46dc-a53e-bc24721543de req-7371bfc1-ab75-46dc-a53e-bc24721543de ] Request (ListImageFiltersTestJSON:setUpClass): 202 POST http://10.180.1.21/compute/v2.1/servers/90c36f67-0c25-4487-a5e4-89827290953b/action 1.967s
2025-11-14 16:49:37.563 65738 INFO tempest.lib.common.rest_client [req-6c648154-d172-40e7-b280-036c5ab1c193 req-6c648154-d172-40e7-b280-036c5ab1c193 ] Request (VolumesAssistedSnapshotsTest:tearDownClass): 204 DELETE http://10.180.1.21/networking/v2.0/security-groups/1b082714-f8f5-4464-bd28-87565df2747d 0.121s
2025-11-14 16:49:37.672 65772 INFO tempest.lib.common.rest_client [req-b26ca5b5-7180-4d0a-a475-de78b59e6731 req-b26ca5b5-7180-4d0a-a475-de78b59e6731 ] Request (FloatingIPsAssociationTestJSON:setUpClass): 200 POST http://10.180.1.21/compute/v2.1/os-floating-ips 2.129s
2025-11-14 16:49:37.706 65774 INFO paramiko.transport [-] Connected (version 2.0, client dropbear_2020.81)
2025-11-14 16:49:37.713 65746 INFO tempest.lib.common.rest_client [req-2a9a85c5-0d67-4943-a214-cbb4dc4c9afa req-2a9a85c5-0d67-4943-a214-cbb4dc4c9afa ] Request (ServersAdminTestJSON:test_inject_network_info): 200 GET http://10.180.1.21/compute/v2.1/servers/34730159-3bec-4ad5-b85e-0f67998d6001 2.109s
2025-11-14 16:49:37.720 65738 INFO tempest.lib.common.rest_client [req-3567c18c-27ec-48fb-a470-ef971891949d req-3567c18c-27ec-48fb-a470-ef971891949d ] Request (VolumesAssistedSnapshotsTest:tearDownClass): 204 DELETE http://10.180.1.21/identity/v3/projects/178ce098534942fa98ca04b41f159b49 0.156s
2025-11-14 16:49:37.720 65738 INFO tempest.lib.common.dynamic_creds [-] Deleting project and security group for project: 0e1ccfe5f53e42dba3d2c7d93fcd1ccf
2025-11-14 16:49:37.724 65746 INFO tempest.common.waiters [-] State transition "BUILD/spawning" ==> "ACTIVE/None" after 38 second wait
2025-11-14 16:49:37.750 65772 INFO tempest.lib.common.rest_client [req-e62f5392-c51f-4de4-a2ac-e9b7b71cb55f req-e62f5392-c51f-4de4-a2ac-e9b7b71cb55f ] Request (FloatingIPsAssociationTestJSON:test_associate_already_associated_floating_ip): 201 POST http://10.180.1.21/identity/v3/auth/tokens 0.074s
2025-11-14 16:49:37.752 65772 INFO tempest.lib.common.fixed_network [-] (FloatingIPsAssociationTestJSON:test_associate_already_associated_floating_ip) Found network {'id': '0a9011dc-0679-44a3-940c-83538f5a6b1a', 'name': 'tempest-FloatingIPsAssociationTestJSON-638498222-network', 'tenant_id': '5a3e5ed6b95f4282b1ef29d17fa58975', 'project_id': '5a3e5ed6b95f4282b1ef29d17fa58975', 'admin_state_up': True, 'mtu': 8950, 'status': 'ACTIVE', 'subnets': [], 'shared': False, 'port_security_enabled': True, 'router:external': False, 'provider:network_type': 'vlan', 'provider:physical_network': 'default', 'provider:segmentation_id': 307, 'availability_zone_hints': [], 'availability_zones': [], 'ipv4_address_scope': None, 'ipv6_address_scope': None, 'description': '', 'tags': [], 'created_at': '2025-11-14T16:48:37Z', 'updated_at': '2025-11-14T16:48:37Z', 'revision_number': 1} available for tenant
2025-11-14 16:49:37.754 65738 INFO tempest.lib.common.rest_client [req-6ef7a3cf-4561-4eec-aa60-670b2c16f489 req-6ef7a3cf-4561-4eec-aa60-670b2c16f489 ] Request (VolumesAssistedSnapshotsTest:tearDownClass): 200 GET http://10.180.1.21/networking/v2.0/security-groups?tenant_id=0e1ccfe5f53e42dba3d2c7d93fcd1ccf&name=default 0.033s
2025-11-14 16:49:37.774 65776 INFO tempest.lib.common.rest_client [req-40fdc1a4-3f51-4076-a440-977c0e564393 req-40fdc1a4-3f51-4076-a440-977c0e564393 ] Request (ImagesOneServerNegativeTestJSON:_run_cleanups): 200 GET http://10.180.1.21/compute/v2.1/servers/98430d7e-626e-4532-802e-38f7fc583ae3 2.110s
2025-11-14 16:49:37.782 65776 INFO tempest.common.waiters [-] State transition "BUILD/scheduling" ==> "BUILD/None" after 10 second wait
2025-11-14 16:49:37.815 65774 INFO paramiko.transport [-] Authentication (publickey) successful!
2025-11-14 16:49:37.816 65774 INFO tempest.lib.common.ssh [-] ssh connection to cirros@10.180.180.150 successfully created
2025-11-14 16:49:37.831 65782 INFO tempest.lib.common.rest_client [req-6b6a06df-e530-40fb-829b-f344b45483dc req-6b6a06df-e530-40fb-829b-f344b45483dc ] Request (ServersTestMultiNic:test_verify_multiple_nics_order): 200 GET http://10.180.1.21/compute/v2.1/servers/e9fd0c9f-5795-44df-9dcb-982b7722ae69 1.914s
2025-11-14 16:49:37.860 65758 INFO tempest.lib.common.rest_client [req-5368ab9c-ecbd-4ffa-b1d0-b7b699911b91 req-5368ab9c-ecbd-4ffa-b1d0-b7b699911b91 ] Request (ServerActionsTestJSON:test_lock_unlock_server): 200 GET http://10.180.1.21/compute/v2.1/servers/59f26752-75ab-45e5-b0a9-bbcef44ecd7f 2.233s
2025-11-14 16:49:37.869 65738 INFO tempest.lib.common.rest_client [req-b1d402ae-c2db-4ac3-8a97-05b9ccada950 req-b1d402ae-c2db-4ac3-8a97-05b9ccada950 ] Request (VolumesAssistedSnapshotsTest:tearDownClass): 204 DELETE http://10.180.1.21/networking/v2.0/security-groups/e3e91c84-8114-4e2d-9f68-9450c5543020 0.114s
2025-11-14 16:49:37.900 65768 INFO tempest.lib.common.rest_client [req-379f5914-f486-4c50-b723-ef10e0cafd9b req-379f5914-f486-4c50-b723-ef10e0cafd9b ] Request (ServersTestBootFromVolume:setUpClass): 200 GET http://10.180.1.21/compute/v2.1/servers/1ad1e02b-fb82-4a88-9047-be316d590bd2 1.955s
2025-11-14 16:49:37.988 65738 INFO tempest.lib.common.rest_client [req-4cf13903-0b09-4af8-b550-55516ddba1c5 req-4cf13903-0b09-4af8-b550-55516ddba1c5 ] Request (VolumesAssistedSnapshotsTest:tearDownClass): 204 DELETE http://10.180.1.21/identity/v3/projects/0e1ccfe5f53e42dba3d2c7d93fcd1ccf 0.119s
2025-11-14 16:49:37.991 65789 INFO tempest.lib.common.rest_client [req-296ae00b-6fa3-46ad-b88d-ce766bad7bff req-296ae00b-6fa3-46ad-b88d-ce766bad7bff ] Request (ListServerFiltersTestJSON:tearDownClass): 200 GET http://10.180.1.21/compute/v2.1/servers/1bc94ee7-d4f9-48c3-97f1-9e662eb50582 1.288s
2025-11-14 16:49:38.202 65738 INFO tempest.lib.common.rest_client [req-ec1f0c8e-232e-4531-a0f1-9bcefd8bdbe5 req-ec1f0c8e-232e-4531-a0f1-9bcefd8bdbe5 ] Request (HostsAdminNegativeTestJSON:setUpClass): 201 POST http://10.180.1.21/identity/v3/auth/tokens 0.212s
2025-11-14 16:49:38.241 65738 INFO tempest.lib.common.rest_client [req-4266e469-86c7-45d7-bbbb-fd6ceb5bad98 req-4266e469-86c7-45d7-bbbb-fd6ceb5bad98 ] Request (HostsAdminNegativeTestJSON:setUpClass): 201 POST http://10.180.1.21/identity/v3/auth/tokens 0.036s
2025-11-14 16:49:38.273 65738 INFO tempest.lib.common.rest_client [req-329fa51e-adbc-4c31-9b70-b68d2b45b0f2 req-329fa51e-adbc-4c31-9b70-b68d2b45b0f2 ] Request (HostsAdminNegativeTestJSON:setUpClass): 200 GET http://10.180.1.21/identity/v3/domains?name=Default 0.031s
2025-11-14 16:49:38.318 65738 INFO tempest.lib.common.rest_client [req-a4be57e1-17ee-4c18-9b8b-057c1a8d3c94 req-a4be57e1-17ee-4c18-9b8b-057c1a8d3c94 ] Request (HostsAdminNegativeTestJSON:setUpClass): 201 POST http://10.180.1.21/identity/v3/projects 0.044s
2025-11-14 16:49:38.331 65794 INFO tempest.lib.common.rest_client [req-22d29feb-2241-46cc-97a9-ce130e8ab1f4 req-22d29feb-2241-46cc-97a9-ce130e8ab1f4 ] Request (SecurityGroupsTestJSON:test_server_security_groups): 202 POST http://10.180.1.21/compute/v2.1/servers/c798006c-3e74-461f-8397-3d8ca0be0a95/action 1.688s
2025-11-14 16:49:38.405 65738 INFO tempest.lib.common.rest_client [req-480a99a0-64d3-472e-b379-06bd5755ddca req-480a99a0-64d3-472e-b379-06bd5755ddca ] Request (HostsAdminNegativeTestJSON:setUpClass): 201 POST http://10.180.1.21/identity/v3/users 0.087s
2025-11-14 16:49:38.418 65796 INFO tempest.lib.common.rest_client [req-2f56124a-fc4e-49ee-bbc9-92208d08a460 req-2f56124a-fc4e-49ee-bbc9-92208d08a460 ] Request (DeleteServersTestJSON:test_delete_server_while_in_attached_volume): 200 GET http://10.180.1.21/compute/v2.1/servers/28fd3828-38ec-426f-b4dc-1e094304780b 1.528s
2025-11-14 16:49:38.432 65738 INFO tempest.lib.common.rest_client [req-f73b2512-b835-4ef0-b32f-5c7030e3d01d req-f73b2512-b835-4ef0-b32f-5c7030e3d01d ] Request (HostsAdminNegativeTestJSON:setUpClass): 200 GET http://10.180.1.21/identity/v3/roles 0.026s
2025-11-14 16:49:38.460 65738 INFO tempest.lib.common.rest_client [req-e82facaa-c5e4-48f7-aaaf-e5925848e7c1 req-e82facaa-c5e4-48f7-aaaf-e5925848e7c1 ] Request (HostsAdminNegativeTestJSON:setUpClass): 204 PUT http://10.180.1.21/identity/v3/projects/312457c58ff443ffa256643e4f08238d/users/550d67ca8cf34f91b1cb2fddfa676085/roles/5b65df60bdbc40a4b1d3b0eed2ca9a06 0.027s
2025-11-14 16:49:38.460 65738 INFO tempest.lib.common.dynamic_creds [-] Dynamic test user 550d67ca8cf34f91b1cb2fddfa676085 is created with scope project and roles: ['member']
2025-11-14 16:49:38.460 65750 INFO tempest.lib.common.rest_client [req-0c0a456b-fa05-4139-ab50-61bbcc22e4aa req-0c0a456b-fa05-4139-ab50-61bbcc22e4aa ] Request (AttachVolumeNegativeTest:test_attach_attached_volume_to_different_server): 202 POST http://10.180.1.21/compute/v2.1/servers 1.649s
2025-11-14 16:49:38.461 65738 INFO tempest.lib.common.dynamic_creds [-] Acquired dynamic creds: credentials: Credentials: {'domain_id': 'default', 'domain_name': 'Default', 'username': 'tempest-HostsAdminNegativeTestJSON-1882027254-project-member', 'project_domain_id': 'default', 'project_domain_name': 'Default', 'project_id': '312457c58ff443ffa256643e4f08238d', 'project_name': 'tempest-HostsAdminNegativeTestJSON-1882027254', 'tenant_id': '312457c58ff443ffa256643e4f08238d', 'tenant_name': 'tempest-HostsAdminNegativeTestJSON-1882027254', 'user_domain_id': 'default', 'user_domain_name': 'Default', 'user_id': '550d67ca8cf34f91b1cb2fddfa676085', 'system': None}, Network: None, Subnet: None, Router: None
2025-11-14 16:49:38.461 65738 INFO tempest.lib.common.dynamic_creds [-] Created isolated network resources for: credentials: Credentials: {'domain_id': 'default', 'domain_name': 'Default', 'username': 'tempest-HostsAdminNegativeTestJSON-1882027254-project-member', 'project_domain_id': 'default', 'project_domain_name': 'Default', 'project_id': '312457c58ff443ffa256643e4f08238d', 'project_name': 'tempest-HostsAdminNegativeTestJSON-1882027254', 'tenant_id': '312457c58ff443ffa256643e4f08238d', 'tenant_name': 'tempest-HostsAdminNegativeTestJSON-1882027254', 'user_domain_id': 'default', 'user_domain_name': 'Default', 'user_id': '550d67ca8cf34f91b1cb2fddfa676085', 'system': None}, Network: None, Subnet: None, Router: None
2025-11-14 16:49:38.517 65780 INFO tempest.lib.common.rest_client [req-f7a4f475-6200-421e-9c57-c103969fca2a req-f7a4f475-6200-421e-9c57-c103969fca2a ] Request (ServersWithSpecificFlavorTestJSON:test_verify_created_server_ephemeral_disk): 200 GET http://10.180.1.21/compute/v2.1/servers/6746e11f-e9fa-4d3b-a8cf-fa64ebcee4e0 1.461s
2025-11-14 16:49:38.545 65738 INFO tempest.lib.common.rest_client [req-7ac69855-83d1-476a-8c68-0822fabad75a req-7ac69855-83d1-476a-8c68-0822fabad75a ] Request (HostsAdminNegativeTestJSON:setUpClass): 201 POST http://10.180.1.21/identity/v3/auth/tokens 0.081s
2025-11-14 16:49:38.633 65738 INFO tempest.lib.common.rest_client [req-f9ea7770-9a60-4182-89b3-f4565077cd3d req-f9ea7770-9a60-4182-89b3-f4565077cd3d ] Request (HostsAdminNegativeTestJSON:setUpClass): 201 POST http://10.180.1.21/identity/v3/projects 0.087s
2025-11-14 16:49:38.657 65752 INFO tempest.lib.common.rest_client [req-c3573d37-e521-4336-93cc-810d520a58e5 req-c3573d37-e521-4336-93cc-810d520a58e5 ] Request (MigrationsAdminTest:test_resize_server_revert_deleted_flavor): 200 GET http://10.180.1.21/compute/v2.1/servers/38e0ebf5-1d92-4906-b0bd-b0ebf8651f22 1.543s
2025-11-14 16:49:38.658 65756 INFO tempest.lib.common.rest_client [req-39c372b4-2521-49ce-b7d9-2114ac078acc req-39c372b4-2521-49ce-b7d9-2114ac078acc ] Request (ServerShowV247Test:test_show_server): 200 GET http://10.180.1.21/compute/v2.1/servers/65f9bc55-7bab-43b0-a974-eb5080389b7d 1.730s
2025-11-14 16:49:38.700 65738 INFO tempest.lib.common.rest_client [req-db22092b-4506-43d9-887e-0b5b99aea595 req-db22092b-4506-43d9-887e-0b5b99aea595 ] Request (HostsAdminNegativeTestJSON:setUpClass): 201 POST http://10.180.1.21/identity/v3/users 0.067s
2025-11-14 16:49:38.701 65770 INFO tempest.lib.common.rest_client [req-04550715-bc59-4f42-93a8-45391c06da37 req-04550715-bc59-4f42-93a8-45391c06da37 ] Request (ListImageFiltersTestJSON:setUpClass): 200 GET http://10.180.1.21/compute/v2.1/images/83526769-8e8f-421d-9b70-d3b7153a144b 1.164s
2025-11-14 16:49:38.721 65764 INFO tempest.lib.common.rest_client [req-eb503f5f-1ed9-47af-87ff-c4e8285436d2 req-eb503f5f-1ed9-47af-87ff-c4e8285436d2 ] Request (ServersListShow296Test:tearDownClass): 404 GET http://10.180.1.21/compute/v2.1/servers/8b478626-e3dc-42c4-bd59-fa0a71d798c9 1.051s
2025-11-14 16:49:38.721 65744 INFO tempest.lib.common.rest_client [req-5f51a5ad-2d67-4e98-b30c-ef070b9fb76f req-5f51a5ad-2d67-4e98-b30c-ef070b9fb76f ] Request (ServerExternalEventsTest:test_create_server_external_events): 200 GET http://10.180.1.21/compute/v2.1/servers/fae095a8-a768-4263-b456-ed0745398755 1.465s
2025-11-14 16:49:38.723 65738 INFO tempest.lib.common.rest_client [req-f467d678-3ee6-4e2c-8754-181a044dd9b7 req-f467d678-3ee6-4e2c-8754-181a044dd9b7 ] Request (HostsAdminNegativeTestJSON:setUpClass): 200 GET http://10.180.1.21/identity/v3/roles 0.022s
2025-11-14 16:49:38.737 65756 INFO tempest.lib.common.rest_client [req-a418bcf2-5f59-486e-9928-bfb0bebe1d33 req-a418bcf2-5f59-486e-9928-bfb0bebe1d33 ] Request (ServerShowV247Test:test_update_rebuild_list_server): 201 POST http://10.180.1.21/identity/v3/auth/tokens 0.062s
2025-11-14 16:49:38.737 65756 INFO tempest.lib.common.fixed_network [-] (ServerShowV247Test:test_update_rebuild_list_server) Found network None available for tenant
2025-11-14 16:49:38.762 65738 INFO tempest.lib.common.rest_client [req-53a0804e-5146-4364-842f-e06ed99b98ad req-53a0804e-5146-4364-842f-e06ed99b98ad ] Request (HostsAdminNegativeTestJSON:setUpClass): 204 PUT http://10.180.1.21/identity/v3/projects/f193491d23d14ab8a22fe1c869a353aa/users/a41bab0f8b1446449e40ce2c73407a87/roles/8d70323b66a642e2bca1c2b3431f8045 0.039s
2025-11-14 16:49:38.783 65740 INFO tempest.lib.common.rest_client [req-ac1880d4-133f-4ad6-a2dd-ca98d3408cb2 req-ac1880d4-133f-4ad6-a2dd-ca98d3408cb2 ] Request (ServerAddressesTestJSON:setUpClass): 200 GET http://10.180.1.21/compute/v2.1/servers/ab8df1d8-615d-4083-bdf4-25f679a64982 1.066s
2025-11-14 16:49:38.794 65764 INFO tempest.lib.common.rest_client [req-81e71f40-8319-44ea-a71f-35066ecfbd93 req-81e71f40-8319-44ea-a71f-35066ecfbd93 ] Request (ServersListShow296Test:tearDownClass): 204 DELETE http://10.180.1.21/identity/v3/users/89416ab2b4ec4ab8924e8aa9bda383c5 0.072s
2025-11-14 16:49:38.794 65764 INFO tempest.lib.common.dynamic_creds [-] Deleting project and security group for project: 0e778e71f7644764b8d0d87d973280eb
2025-11-14 16:49:38.855 65738 INFO tempest.lib.common.rest_client [req-280632e1-9d33-47a8-a237-57c3768bc68c req-280632e1-9d33-47a8-a237-57c3768bc68c ] Request (HostsAdminNegativeTestJSON:setUpClass): 200 GET http://10.180.1.21/identity/v3/roles 0.093s
2025-11-14 16:49:38.883 65764 INFO tempest.lib.common.rest_client [req-618675f4-c567-4d7d-9163-d700c936409a req-618675f4-c567-4d7d-9163-d700c936409a ] Request (ServersListShow296Test:tearDownClass): 201 POST http://10.180.1.21/identity/v3/auth/tokens 0.089s
2025-11-14 16:49:38.897 65738 INFO tempest.lib.common.rest_client [req-5897328b-4c04-4c74-9c23-9adb75af860f req-5897328b-4c04-4c74-9c23-9adb75af860f ] Request (HostsAdminNegativeTestJSON:setUpClass): 204 PUT http://10.180.1.21/identity/v3/projects/f193491d23d14ab8a22fe1c869a353aa/users/a41bab0f8b1446449e40ce2c73407a87/roles/8d70323b66a642e2bca1c2b3431f8045 0.041s
2025-11-14 16:49:38.897 65738 INFO tempest.lib.common.dynamic_creds [-] Dynamic test user a41bab0f8b1446449e40ce2c73407a87 is created with scope project and roles: ['admin']
2025-11-14 16:49:38.897 65738 INFO tempest.lib.common.dynamic_creds [-] Acquired dynamic creds: credentials: Credentials: {'domain_id': 'default', 'domain_name': 'Default', 'username': 'tempest-HostsAdminNegativeTestJSON-1251588936-project-admin', 'project_domain_id': 'default', 'project_domain_name': 'Default', 'project_id': 'f193491d23d14ab8a22fe1c869a353aa', 'project_name': 'tempest-HostsAdminNegativeTestJSON-1251588936', 'tenant_id': 'f193491d23d14ab8a22fe1c869a353aa', 'tenant_name': 'tempest-HostsAdminNegativeTestJSON-1251588936', 'user_domain_id': 'default', 'user_domain_name': 'Default', 'user_id': 'a41bab0f8b1446449e40ce2c73407a87', 'system': None}, Network: None, Subnet: None, Router: None
2025-11-14 16:49:38.898 65738 INFO tempest.lib.common.dynamic_creds [-] Created isolated network resources for: credentials: Credentials: {'domain_id': 'default', 'domain_name': 'Default', 'username': 'tempest-HostsAdminNegativeTestJSON-1251588936-project-admin', 'project_domain_id': 'default', 'project_domain_name': 'Default', 'project_id': 'f193491d23d14ab8a22fe1c869a353aa', 'project_name': 'tempest-HostsAdminNegativeTestJSON-1251588936', 'tenant_id': 'f193491d23d14ab8a22fe1c869a353aa', 'tenant_name': 'tempest-HostsAdminNegativeTestJSON-1251588936', 'user_domain_id': 'default', 'user_domain_name': 'Default', 'user_id': 'a41bab0f8b1446449e40ce2c73407a87', 'system': None}, Network: None, Subnet: None, Router: None
2025-11-14 16:49:38.942 65746 INFO tempest.lib.common.rest_client [req-9ba41d7a-86f6-498c-b91e-7b83c7123f37 req-9ba41d7a-86f6-498c-b91e-7b83c7123f37 ] Request (ServersAdminTestJSON:test_inject_network_info): 202 POST http://10.180.1.21/compute/v2.1/servers/34730159-3bec-4ad5-b85e-0f67998d6001/action 1.218s
2025-11-14 16:49:38.993 65738 INFO tempest.lib.common.rest_client [req-4335221b-9671-45cd-8fce-599ec31fff18 req-4335221b-9671-45cd-8fce-599ec31fff18 ] Request (HostsAdminNegativeTestJSON:setUpClass): 201 POST http://10.180.1.21/identity/v3/auth/tokens 0.093s
2025-11-14 16:49:39.042 65762 INFO tempest.lib.common.rest_client [req-69456dc9-246d-4f5d-928e-9f59db5007b7 req-69456dc9-246d-4f5d-928e-9f59db5007b7 ] Request (ServersListShow2100Test:test_list_show_rebuild_update_server_2100): 200 GET http://10.180.1.21/compute/v2.1/servers/53c31e42-4db0-4428-8336-b3a82e3f0e8f 1.267s
2025-11-14 16:49:39.059 65762 INFO tempest.common.waiters [-] State transition "BUILD/block_device_mapping" ==> "BUILD/spawning" after 34 second wait
2025-11-14 16:49:39.167 65764 INFO tempest.lib.common.rest_client [req-a899b494-0262-4fd5-b720-bafb9496af10 req-a899b494-0262-4fd5-b720-bafb9496af10 ] Request (ServersListShow296Test:tearDownClass): 200 GET http://10.180.1.21/networking/v2.0/security-groups?tenant_id=0e778e71f7644764b8d0d87d973280eb&name=default 0.283s
2025-11-14 16:49:39.257 65774 INFO tempest.lib.common.rest_client [req-3cf92eb0-a8e7-4bed-ad27-8a63d13cbd0d req-3cf92eb0-a8e7-4bed-ad27-8a63d13cbd0d ] Request (ServerActionsTestOtherB:setUp): 200 GET http://10.180.1.21/compute/v2.1/servers/89f3c815-8671-47ce-9e74-bf6e652bb3c3 1.439s
