2025-11-14 16:47:06.751 65768 INFO tempest.lib.common.rest_client [req-c9a24d7f-08e7-4f62-9b27-1c1713980f70 req-c9a24d7f-08e7-4f62-9b27-1c1713980f70 ] Request (FlavorsV261TestJSON:test_crud_flavor): 200 GET http://10.180.1.21/compute/v2.1/flavors/detail 7.757s
2025-11-14 16:47:06.764 65794 INFO tempest.lib.common.rest_client [req-e962b444-9d74-4bef-9af1-2df219581db7 req-e962b444-9d74-4bef-9af1-2df219581db7 ] Request (SecurityGroupsTestJSON:setUpClass): 200 GET http://10.180.1.21/identity/v3/roles 0.026s
2025-11-14 16:47:06.806 65794 INFO tempest.lib.common.rest_client [req-e7902917-a091-4cfa-8f05-8d6b1abe3fae req-e7902917-a091-4cfa-8f05-8d6b1abe3fae ] Request (SecurityGroupsTestJSON:setUpClass): 204 PUT http://10.180.1.21/identity/v3/projects/e94f2a868e2d4d31af54f2e5d8c479f8/users/f7e18058b77c4ccaa8afdf15e85930a6/roles/5b65df60bdbc40a4b1d3b0eed2ca9a06 0.040s
2025-11-14 16:47:06.806 65794 INFO tempest.lib.common.dynamic_creds [-] Dynamic test user f7e18058b77c4ccaa8afdf15e85930a6 is created with scope project and roles: ['member']
2025-11-14 16:47:06.806 65794 INFO tempest.lib.common.dynamic_creds [-] Acquired dynamic creds: credentials: Credentials: {'domain_id': 'default', 'domain_name': 'Default', 'username': 'tempest-SecurityGroupsTestJSON-1673006647-project-member', 'project_domain_id': 'default', 'project_domain_name': 'Default', 'project_id': 'e94f2a868e2d4d31af54f2e5d8c479f8', 'project_name': 'tempest-SecurityGroupsTestJSON-1673006647', 'tenant_id': 'e94f2a868e2d4d31af54f2e5d8c479f8', 'tenant_name': 'tempest-SecurityGroupsTestJSON-1673006647', 'user_domain_id': 'default', 'user_domain_name': 'Default', 'user_id': 'f7e18058b77c4ccaa8afdf15e85930a6', 'system': None}, Network: None, Subnet: None, Router: None
2025-11-14 16:47:06.842 65770 INFO tempest.lib.common.rest_client [req-49181bbb-010e-412c-a8c5-783efabd290e req-49181bbb-010e-412c-a8c5-783efabd290e ] Request (ImagesMetadataTestJSON:test_delete_image_metadata_item): 204 DELETE http://10.180.1.21/compute/v2.1/images/6277cd5e-ada2-4090-8149-b4f939a15555/metadata/os_version 7.905s
2025-11-14 16:47:06.865 65794 INFO tempest.lib.common.rest_client [req-e2a75ad9-6943-4e40-8937-394edacf9e03 req-e2a75ad9-6943-4e40-8937-394edacf9e03 ] Request (SecurityGroupsTestJSON:setUpClass): 201 POST http://10.180.1.21/identity/v3/auth/tokens 0.058s
2025-11-14 16:47:06.865 65790 INFO tempest.lib.common.rest_client [req-66e9e11c-839e-4851-82c5-e0ff4b962936 req-66e9e11c-839e-4851-82c5-e0ff4b962936 ] Request (HypervisorAdminTestJSON:test_get_hypervisor_show_details): 200 GET http://10.180.1.21/compute/v2.1/os-hypervisors/1 7.749s
2025-11-14 16:47:06.899 65782 INFO tempest.lib.common.rest_client [req-02a924cb-3c5b-4869-ba1e-542777af12c6 req-02a924cb-3c5b-4869-ba1e-542777af12c6 ] Request (FlavorsExtraSpecsNegativeTestJSON:test_flavor_non_admin_unset_keys): 200 POST http://10.180.1.21/compute/v2.1/flavors/292965270/os-extra_specs 7.777s
2025-11-14 16:47:06.927 65776 INFO tempest.lib.common.rest_client [req-aa66c44e-451b-4026-850f-f2b46f33ef1f req-aa66c44e-451b-4026-850f-f2b46f33ef1f ] Request (ServicesAdminNegativeTestJSON:test_get_service_by_invalid_service_and_valid_host): 200 GET http://10.180.1.21/compute/v2.1/os-services?host=devstack&binary=xxx 7.782s
2025-11-14 16:47:06.954 65792 INFO tempest.lib.common.rest_client [req-c52904f6-32bb-4f54-8572-5d2c17e189d2 req-c52904f6-32bb-4f54-8572-5d2c17e189d2 ] Request (FlavorsAccessTestJSON:test_flavor_access_add_remove): 200 POST http://10.180.1.21/compute/v2.1/flavors/117340421/action 7.862s
2025-11-14 16:47:07.018 65778 INFO tempest.lib.common.rest_client [req-62d86138-4599-4853-8a34-e3f9c0681c88 req-62d86138-4599-4853-8a34-e3f9c0681c88 ] Request (QuotaClassesAdmin257Test:_run_cleanups): 200 PUT http://10.180.1.21/compute/v2.1/os-quota-class-sets/default 7.805s
2025-11-14 16:47:07.132 65778 INFO tempest.lib.common.rest_client [req-1ea8f56e-7204-422f-aab1-ca26fe115064 req-1ea8f56e-7204-422f-aab1-ca26fe115064 ] Request (QuotaClassesAdmin257Test:tearDownClass): 204 DELETE http://10.180.1.21/identity/v3/users/9669912d6d6b47a496ffc47818dab3ee 0.105s
2025-11-14 16:47:07.177 65794 INFO tempest.lib.common.rest_client [req-ca229d70-6a74-4a1e-bbbc-e7826c386c3d req-ca229d70-6a74-4a1e-bbbc-e7826c386c3d ] Request (SecurityGroupsTestJSON:setUpClass): 201 POST http://10.180.1.21/networking/v2.0/networks 0.312s
2025-11-14 16:47:07.205 65766 INFO tempest.lib.common.rest_client [req-82db22cc-5cc2-4606-bff7-b7f3722fb95e req-82db22cc-5cc2-4606-bff7-b7f3722fb95e ] Request (QuotasAdminTestJSON:test_delete_quota): 200 GET http://10.180.1.21/identity/v3/domains?name=Default 0.122s
2025-11-14 16:47:07.276 65766 INFO tempest.lib.common.rest_client [req-fc43f8e8-7afc-42ee-8146-1a520b0eb38f req-fc43f8e8-7afc-42ee-8146-1a520b0eb38f ] Request (QuotasAdminTestJSON:test_delete_quota): 201 POST http://10.180.1.21/identity/v3/projects 0.070s
2025-11-14 16:47:07.324 65760 INFO tempest.lib.common.rest_client [req-805f8a4a-7d62-4502-a726-89d50f05e833 req-805f8a4a-7d62-4502-a726-89d50f05e833 ] Request (NetworksTest:test_list_all_networks): 200 GET http://10.180.1.21/compute/v2.1/os-networks 7.667s
2025-11-14 16:47:07.330 65744 INFO tempest.lib.common.rest_client [req-e82d4844-f7cc-44c2-92c7-a39f434242b1 req-e82d4844-f7cc-44c2-92c7-a39f434242b1 ] Request (AggregatesAdminNegativeTestJSON:_run_cleanups): 200 POST http://10.180.1.21/compute/v2.1/os-aggregates/1/action 8.137s
2025-11-14 16:47:07.355 65778 INFO tempest.lib.common.rest_client [req-86710c17-585e-4bf9-bf6d-06f7aa2a397f req-86710c17-585e-4bf9-bf6d-06f7aa2a397f ] Request (QuotaClassesAdmin257Test:tearDownClass): 204 DELETE http://10.180.1.21/identity/v3/users/bf860b5029b14a3b91175e40cddf7be7 0.222s
2025-11-14 16:47:07.355 65778 INFO tempest.lib.common.dynamic_creds [-] Deleting project and security group for project: 4ea55d42136c45a3835f65074b1a2c17
2025-11-14 16:47:07.393 65766 INFO tempest.lib.common.rest_client [req-7bded46b-355e-4390-a01d-1f2a77fe999b req-7bded46b-355e-4390-a01d-1f2a77fe999b ] Request (QuotasAdminTestJSON:test_delete_quota): 200 GET http://10.180.1.21/identity/v3/domains?name=Default 0.117s
2025-11-14 16:47:07.484 65794 INFO tempest.lib.common.rest_client [req-b2975c01-e122-4bf6-8e89-901a20957c3c req-b2975c01-e122-4bf6-8e89-901a20957c3c ] Request (SecurityGroupsTestJSON:setUpClass): 201 POST http://10.180.1.21/networking/v2.0/subnets 0.306s
2025-11-14 16:47:07.487 65778 INFO tempest.lib.common.rest_client [req-ac38bb8f-78fe-4f18-afa6-d829f65bb432 req-ac38bb8f-78fe-4f18-afa6-d829f65bb432 ] Request (QuotaClassesAdmin257Test:tearDownClass): 201 POST http://10.180.1.21/identity/v3/auth/tokens 0.132s
2025-11-14 16:47:07.513 65752 INFO tempest.lib.common.rest_client [req-51ca7e26-c5c5-4fa3-af1c-77bf1a3057ff req-51ca7e26-c5c5-4fa3-af1c-77bf1a3057ff ] Request (MigrationsAdminTest:test_list_migrations_in_flavor_resize_situation): 200 GET http://10.180.1.21/compute/v2.1/servers/42b9edf6-1873-49c3-8074-8eef654ac371 7.214s
2025-11-14 16:47:07.532 65760 INFO tempest.lib.common.rest_client [req-01abde7f-a762-4dc3-aa7f-a0052a94124a req-01abde7f-a762-4dc3-aa7f-a0052a94124a ] Request (NetworksTest:tearDownClass): 204 DELETE http://10.180.1.21/identity/v3/users/e662e8758d5c4de7b3c41ca7d8f73a7b 0.206s
2025-11-14 16:47:07.644 65760 INFO tempest.lib.common.rest_client [req-1cdca051-4ecf-4317-b0c6-1f8b2b750f7f req-1cdca051-4ecf-4317-b0c6-1f8b2b750f7f ] Request (NetworksTest:tearDownClass): 204 DELETE http://10.180.1.21/identity/v3/users/2f2bb04ff05b49a884ba04c816f180cc 0.111s
2025-11-14 16:47:07.644 65760 INFO tempest.lib.common.dynamic_creds [-] Deleting project and security group for project: cff7cd53ec084c4bbdb95dafe706b8b9
2025-11-14 16:47:07.709 65760 INFO tempest.lib.common.rest_client [req-39e41965-eff5-4c4b-94ab-3c34a657fef1 req-39e41965-eff5-4c4b-94ab-3c34a657fef1 ] Request (NetworksTest:tearDownClass): 201 POST http://10.180.1.21/identity/v3/auth/tokens 0.065s
2025-11-14 16:47:08.022 65778 INFO tempest.lib.common.rest_client [req-f72ed582-d3d7-4821-98f5-31a0a96928fd req-f72ed582-d3d7-4821-98f5-31a0a96928fd ] Request (QuotaClassesAdmin257Test:tearDownClass): 200 GET http://10.180.1.21/networking/v2.0/security-groups?tenant_id=4ea55d42136c45a3835f65074b1a2c17&name=default 0.535s
2025-11-14 16:47:08.225 65794 INFO tempest.lib.common.rest_client [req-140cc158-961c-435b-a9d7-b53727a1c88d req-140cc158-961c-435b-a9d7-b53727a1c88d ] Request (SecurityGroupsTestJSON:setUpClass): 201 POST http://10.180.1.21/networking/v2.0/routers 0.740s
2025-11-14 16:47:08.253 65774 INFO tempest.lib.common.rest_client [req-2a1e52cb-b6cd-46d3-8d00-a38a51369e96 req-2a1e52cb-b6cd-46d3-8d00-a38a51369e96 ] Request (SecurityGroupsTestAdminJSON:test_list_security_groups_list_all_tenants_filter): 200 POST http://10.180.1.21/compute/v2.1/os-security-groups 7.681s
2025-11-14 16:47:08.272 65780 INFO tempest.lib.common.rest_client [req-4b3e026d-3e68-46ea-8f8f-0122971141f0 req-4b3e026d-3e68-46ea-8f8f-0122971141f0 ] Request (ServersWithSpecificFlavorTestJSON:test_verify_created_server_ephemeral_disk): 200 GET http://10.180.1.21/compute/v2.1/flavors/42/os-extra_specs 7.259s
2025-11-14 16:47:08.358 65778 INFO tempest.lib.common.rest_client [req-b8111550-916e-46e3-aa5e-fd8f9f378dab req-b8111550-916e-46e3-aa5e-fd8f9f378dab ] Request (QuotaClassesAdmin257Test:tearDownClass): 204 DELETE http://10.180.1.21/networking/v2.0/security-groups/fc4f59bd-6f7c-472c-a772-21d8570ba34c 0.335s
2025-11-14 16:47:08.369 65760 INFO tempest.lib.common.rest_client [req-190d719a-57bb-41cf-bfa3-ea68a5625b85 req-190d719a-57bb-41cf-bfa3-ea68a5625b85 ] Request (NetworksTest:tearDownClass): 200 GET http://10.180.1.21/networking/v2.0/security-groups?tenant_id=cff7cd53ec084c4bbdb95dafe706b8b9&name=default 0.659s
2025-11-14 16:47:08.394 65754 INFO tempest.lib.common.rest_client [req-da73bca6-a8a2-439e-91a1-0e9455c75f68 req-da73bca6-a8a2-439e-91a1-0e9455c75f68 ] Request (KeyPairsNegativeTestJSON:test_create_keypair_invalid_name): 400 POST http://10.180.1.21/compute/v2.1/os-keypairs 6.961s
2025-11-14 16:47:08.435 65778 INFO tempest.lib.common.rest_client [req-c771bfc4-7028-4c69-99c8-2147074724d0 req-c771bfc4-7028-4c69-99c8-2147074724d0 ] Request (QuotaClassesAdmin257Test:tearDownClass): 204 DELETE http://10.180.1.21/identity/v3/projects/4ea55d42136c45a3835f65074b1a2c17 0.076s
2025-11-14 16:47:08.435 65778 INFO tempest.lib.common.dynamic_creds [-] Deleting project and security group for project: 995c1e6538ee4300a1f9b66e24d25fc6
2025-11-14 16:47:08.461 65760 INFO tempest.lib.common.rest_client [req-422790d5-9c7a-4153-af89-267efa22884a req-422790d5-9c7a-4153-af89-267efa22884a ] Request (NetworksTest:tearDownClass): 204 DELETE http://10.180.1.21/networking/v2.0/security-groups/651a5a35-df31-47c6-bb55-960103206788 0.092s
2025-11-14 16:47:08.602 65760 INFO tempest.lib.common.rest_client [req-a77564a8-3a1b-4899-b977-0648faaca36e req-a77564a8-3a1b-4899-b977-0648faaca36e ] Request (NetworksTest:tearDownClass): 204 DELETE http://10.180.1.21/identity/v3/projects/cff7cd53ec084c4bbdb95dafe706b8b9 0.141s
2025-11-14 16:47:08.602 65760 INFO tempest.lib.common.dynamic_creds [-] Deleting project and security group for project: 24fa6741993e4420b9eb13a12dd08f64
2025-11-14 16:47:08.625 65778 INFO tempest.lib.common.rest_client [req-3ad67507-176f-4a5f-9f3a-53f2568af1d6 req-3ad67507-176f-4a5f-9f3a-53f2568af1d6 ] Request (QuotaClassesAdmin257Test:tearDownClass): 200 GET http://10.180.1.21/networking/v2.0/security-groups?tenant_id=995c1e6538ee4300a1f9b66e24d25fc6&name=default 0.190s
2025-11-14 16:47:08.777 65760 INFO tempest.lib.common.rest_client [req-9bf75b7c-1226-4e2a-994a-de03805ef1a6 req-9bf75b7c-1226-4e2a-994a-de03805ef1a6 ] Request (NetworksTest:tearDownClass): 200 GET http://10.180.1.21/networking/v2.0/security-groups?tenant_id=24fa6741993e4420b9eb13a12dd08f64&name=default 0.174s
2025-11-14 16:47:08.871 65778 INFO tempest.lib.common.rest_client [req-c61d5510-3842-4c61-af6f-41538d7655bf req-c61d5510-3842-4c61-af6f-41538d7655bf ] Request (QuotaClassesAdmin257Test:tearDownClass): 204 DELETE http://10.180.1.21/networking/v2.0/security-groups/12b35d8a-e47f-4cf6-bf84-2dc843074f1d 0.245s
2025-11-14 16:47:08.905 65798 INFO tempest.lib.common.rest_client [req-c1383598-c0af-445b-8cbc-77141766a214 req-c1383598-c0af-445b-8cbc-77141766a214 ] Request (VolumesAdminNegativeTest:test_update_attached_volume_with_nonexistent_volume_in_uri): 200 GET http://10.180.1.21/compute/v2.1/servers/ef235d8e-6193-4010-ac50-72cd275e965a 5.784s
2025-11-14 16:47:08.949 65789 INFO tempest.lib.common.rest_client [req-e575eb23-1ba2-4728-b9dc-f3009668d38f req-e575eb23-1ba2-4728-b9dc-f3009668d38f ] Request (FlavorMetadataValidation:_run_cleanups): 200 GET http://10.180.1.21/compute/v2.1/flavors/detail 5.792s
2025-11-14 16:47:09.034 65778 INFO tempest.lib.common.rest_client [req-9d715945-2800-4973-b9b8-eb490ff3f1c0 req-9d715945-2800-4973-b9b8-eb490ff3f1c0 ] Request (QuotaClassesAdmin257Test:tearDownClass): 204 DELETE http://10.180.1.21/identity/v3/projects/995c1e6538ee4300a1f9b66e24d25fc6 0.160s
2025-11-14 16:47:09.037 65800 INFO tempest.lib.common.rest_client [req-8b0c15e6-8ca1-4bc9-9e5e-d6d3dc1840c4 req-8b0c15e6-8ca1-4bc9-9e5e-d6d3dc1840c4 ] Request (FloatingIPsAssociationNegativeTestJSON:setUpClass): 202 POST http://10.180.1.21/compute/v2.1/servers 9.277s
2025-11-14 16:47:09.056 65760 INFO tempest.lib.common.rest_client [req-a563344d-c2d7-41af-832a-c733ef93535f req-a563344d-c2d7-41af-832a-c733ef93535f ] Request (NetworksTest:tearDownClass): 204 DELETE http://10.180.1.21/networking/v2.0/security-groups/4519d553-8a77-4241-b894-e26bca3fd998 0.279s
2025-11-14 16:47:09.066 65742 INFO tempest.lib.common.rest_client [req-471650bc-f1eb-4aee-992e-1b2b9dbdbd05 req-471650bc-f1eb-4aee-992e-1b2b9dbdbd05 ] Request (FlavorsExtraSpecsTestJSON:test_flavor_non_admin_get_specific_key): 200 GET http://10.180.1.21/compute/v2.1/flavors/1779770953/os-extra_specs/hw:numa_nodes 5.773s
2025-11-14 16:47:09.073 65746 INFO tempest.lib.common.rest_client [req-0b95e9aa-847a-4c41-a523-09536ef21c1b req-0b95e9aa-847a-4c41-a523-09536ef21c1b ] Request (HypervisorAdminNegativeTestJSON:test_get_hypervisor_uptime_with_non_admin_user): 403 GET http://10.180.1.21/compute/v2.1/os-hypervisors/1/uptime 5.672s
2025-11-14 16:47:09.083 65778 INFO tempest.lib.common.rest_client [req-6061f829-7520-42ab-853c-8d73ef1b8106 req-6061f829-7520-42ab-853c-8d73ef1b8106 ] Request (ServerDiagnosticsV248Test:setUpClass): 201 POST http://10.180.1.21/identity/v3/auth/tokens 0.046s
2025-11-14 16:47:09.102 65796 INFO tempest.lib.common.rest_client [req-a8fc00c6-708c-4441-ace5-a5ccdf9ea232 req-a8fc00c6-708c-4441-ace5-a5ccdf9ea232 ] Request (ImagesMetadataNegativeTestJSON:test_update_nonexistent_image_metadata): 404 POST http://10.180.1.21/compute/v2.1/images/5f7c0bf6-c0db-4b1f-8f06-a33d5b39baaa/metadata 5.685s
2025-11-14 16:47:09.148 65789 INFO tempest.lib.common.rest_client [req-7e6e9972-15d8-4adc-b712-5944bf9870bb req-7e6e9972-15d8-4adc-b712-5944bf9870bb ] Request (FlavorMetadataValidation:tearDownClass): 204 DELETE http://10.180.1.21/identity/v3/users/4497fb27ac3f4144b08f5aab9853199e 0.184s
2025-11-14 16:47:09.154 65760 INFO tempest.lib.common.rest_client [req-814ece8e-c76f-47c2-94bd-83ec08503561 req-814ece8e-c76f-47c2-94bd-83ec08503561 ] Request (NetworksTest:tearDownClass): 204 DELETE http://10.180.1.21/identity/v3/projects/24fa6741993e4420b9eb13a12dd08f64 0.097s
2025-11-14 16:47:09.219 65778 INFO tempest.lib.common.rest_client [req-efe58e06-0383-4e17-895a-4d87ae294382 req-efe58e06-0383-4e17-895a-4d87ae294382 ] Request (ServerDiagnosticsV248Test:setUpClass): 201 POST http://10.180.1.21/identity/v3/auth/tokens 0.134s
2025-11-14 16:47:09.312 65796 INFO tempest.lib.common.rest_client [req-9e5f186a-8300-4191-a313-00f0d51043ce req-9e5f186a-8300-4191-a313-00f0d51043ce ] Request (ImagesMetadataNegativeTestJSON:tearDownClass): 204 DELETE http://10.180.1.21/identity/v3/users/5558ab7eaa8c458ba8ee291f0828317f 0.208s
2025-11-14 16:47:09.312 65796 INFO tempest.lib.common.dynamic_creds [-] Deleting project and security group for project: 444789e3d9d547b9a79fa2873d5b4fcf
2025-11-14 16:47:09.316 65789 INFO tempest.lib.common.rest_client [req-49024938-cb48-4ca1-80c3-5f2b3fa98802 req-49024938-cb48-4ca1-80c3-5f2b3fa98802 ] Request (FlavorMetadataValidation:tearDownClass): 204 DELETE http://10.180.1.21/identity/v3/users/aa41643e25414426a1fca6e18fc64cc6 0.167s
2025-11-14 16:47:09.317 65789 INFO tempest.lib.common.dynamic_creds [-] Deleting project and security group for project: 609fdd062bd1475c9d5b95012a471c4f
2025-11-14 16:47:09.387 65760 INFO tempest.lib.common.rest_client [req-21adfa00-534d-4e7f-950b-2a4ea66470b5 req-21adfa00-534d-4e7f-950b-2a4ea66470b5 ] Request (FlavorsV2TestJSON:setUpClass): 201 POST http://10.180.1.21/identity/v3/auth/tokens 0.229s
2025-11-14 16:47:09.393 65778 INFO tempest.lib.common.rest_client [req-c7b4338d-fab4-4c1b-86df-bb4a5d09f457 req-c7b4338d-fab4-4c1b-86df-bb4a5d09f457 ] Request (ServerDiagnosticsV248Test:setUpClass): 200 GET http://10.180.1.21/identity/v3/domains?name=Default 0.172s
2025-11-14 16:47:09.419 65789 INFO tempest.lib.common.rest_client [req-fe85cd55-0fd3-4c64-b6c2-e81730e32016 req-fe85cd55-0fd3-4c64-b6c2-e81730e32016 ] Request (FlavorMetadataValidation:tearDownClass): 201 POST http://10.180.1.21/identity/v3/auth/tokens 0.102s
2025-11-14 16:47:09.429 65796 INFO tempest.lib.common.rest_client [req-9c3e9bf6-55c0-485e-b90f-2679a08fd4b4 req-9c3e9bf6-55c0-485e-b90f-2679a08fd4b4 ] Request (ImagesMetadataNegativeTestJSON:tearDownClass): 201 POST http://10.180.1.21/identity/v3/auth/tokens 0.116s
2025-11-14 16:47:09.438 65794 INFO tempest.lib.common.rest_client [req-72c214b5-dbc7-4509-926e-4a0dee67b6a6 req-72c214b5-dbc7-4509-926e-4a0dee67b6a6 ] Request (SecurityGroupsTestJSON:setUpClass): 200 PUT http://10.180.1.21/networking/v2.0/routers/19328922-fd7f-4aeb-961c-d06877fbaad8/add_router_interface 1.213s
2025-11-14 16:47:09.438 65794 INFO tempest.lib.common.dynamic_creds [-] Created isolated network resources for: credentials: Credentials: {'domain_id': 'default', 'domain_name': 'Default', 'username': 'tempest-SecurityGroupsTestJSON-1673006647-project-member', 'project_domain_id': 'default', 'project_domain_name': 'Default', 'project_id': 'e94f2a868e2d4d31af54f2e5d8c479f8', 'project_name': 'tempest-SecurityGroupsTestJSON-1673006647', 'tenant_id': 'e94f2a868e2d4d31af54f2e5d8c479f8', 'tenant_name': 'tempest-SecurityGroupsTestJSON-1673006647', 'user_domain_id': 'default', 'user_domain_name': 'Default', 'user_id': 'f7e18058b77c4ccaa8afdf15e85930a6', 'system': None}, Network: {'id': '9c9feda2-6497-4e6d-9390-2080aae50958', 'name': 'tempest-SecurityGroupsTestJSON-286905727-network', 'tenant_id': 'e94f2a868e2d4d31af54f2e5d8c479f8', 'project_id': 'e94f2a868e2d4d31af54f2e5d8c479f8', 'admin_state_up': True, 'mtu': 8950, 'status': 'ACTIVE', 'subnets': [], 'shared': False, 'port_security_enabled': True, 'router:external': False, 'provider:network_type': 'vlan', 'provider:physical_network': 'default', 'provider:segmentation_id': 61, 'availability_zone_hints': [], 'availability_zones': [], 'ipv4_address_scope': None, 'ipv6_address_scope': None, 'description': '', 'tags': [], 'created_at': '2025-11-14T16:47:07Z', 'updated_at': '2025-11-14T16:47:07Z', 'revision_number': 1}, Subnet: {'id': '9207d6ca-2cf9-4de7-b631-7608fde49a42', 'name': 'tempest-SecurityGroupsTestJSON-286905727-subnet', 'tenant_id': 'e94f2a868e2d4d31af54f2e5d8c479f8', 'network_id': '9c9feda2-6497-4e6d-9390-2080aae50958', 'ip_version': 4, 'subnetpool_id': None, 'enable_dhcp': True, 'ipv6_ra_mode': None, 'ipv6_address_mode': None, 'gateway_ip': '192.168.128.1', 'cidr': '192.168.128.0/28', 'allocation_pools': [{'start': '192.168.128.2', 'end': '192.168.128.14'}], 'host_routes': [], 'dns_nameservers': [], 'description': '', 'router:external': False, 'service_types': [], 'tags': [], 'created_at': '2025-11-14T16:47:07Z', 'updated_at': '2025-11-14T16:47:07Z', 'revision_number': 0, 'project_id': 'e94f2a868e2d4d31af54f2e5d8c479f8'}, Router: {'id': '19328922-fd7f-4aeb-961c-d06877fbaad8', 'name': 'tempest-SecurityGroupsTestJSON-286905727-router', 'tenant_id': 'e94f2a868e2d4d31af54f2e5d8c479f8', 'admin_state_up': True, 'status': 'ACTIVE', 'external_gateway_info': {'network_id': '9c455e47-3f41-4a8f-be49-1071c38d9ab0', 'external_fixed_ips': [{'subnet_id': '325fce3c-52d8-42b0-ae1f-99fbf80aefa3', 'ip_address': '10.180.180.249'}], 'enable_snat': True}, 'description': '', 'availability_zones': [], 'distributed': False, 'ha': False, 'availability_zone_hints': [], 'routes': [], 'flavor_id': None, 'tags': [], 'created_at': '2025-11-14T16:47:07Z', 'updated_at': '2025-11-14T16:47:07Z', 'revision_number': 2, 'project_id': 'e94f2a868e2d4d31af54f2e5d8c479f8'}
2025-11-14 16:47:09.446 65760 INFO tempest.lib.common.rest_client [req-771fd0e5-6c87-4bb5-b144-3ce6fef8d63b req-771fd0e5-6c87-4bb5-b144-3ce6fef8d63b ] Request (FlavorsV2TestJSON:setUpClass): 201 POST http://10.180.1.21/identity/v3/auth/tokens 0.056s
2025-11-14 16:47:09.470 65778 INFO tempest.lib.common.rest_client [req-58d286e5-d58c-4e91-865d-5e6ec686534e req-58d286e5-d58c-4e91-865d-5e6ec686534e ] Request (ServerDiagnosticsV248Test:setUpClass): 201 POST http://10.180.1.21/identity/v3/projects 0.077s
2025-11-14 16:47:09.524 65794 INFO tempest.lib.common.rest_client [req-1c8459ef-369d-401a-9aef-73c685ac7453 req-1c8459ef-369d-401a-9aef-73c685ac7453 ] Request (SecurityGroupsTestJSON:setUpClass): 201 POST http://10.180.1.21/identity/v3/auth/tokens 0.080s
2025-11-14 16:47:09.536 65760 INFO tempest.lib.common.rest_client [req-58da477b-9c3f-47bc-8b62-1474781b62e5 req-58da477b-9c3f-47bc-8b62-1474781b62e5 ] Request (FlavorsV2TestJSON:setUpClass): 200 GET http://10.180.1.21/identity/v3/domains?name=Default 0.090s
2025-11-14 16:47:09.550 65778 INFO tempest.lib.common.rest_client [req-f5c50861-c785-467b-a0c8-64a3b4a691f3 req-f5c50861-c785-467b-a0c8-64a3b4a691f3 ] Request (ServerDiagnosticsV248Test:setUpClass): 201 POST http://10.180.1.21/identity/v3/users 0.079s
2025-11-14 16:47:09.580 65760 INFO tempest.lib.common.rest_client [req-4ab64e6a-1dca-4dda-8ba2-5b707603abd8 req-4ab64e6a-1dca-4dda-8ba2-5b707603abd8 ] Request (FlavorsV2TestJSON:setUpClass): 201 POST http://10.180.1.21/identity/v3/projects 0.044s
2025-11-14 16:47:09.648 65778 INFO tempest.lib.common.rest_client [req-b368f08f-2c3e-4884-90ad-19cf13062445 req-b368f08f-2c3e-4884-90ad-19cf13062445 ] Request (ServerDiagnosticsV248Test:setUpClass): 200 GET http://10.180.1.21/identity/v3/roles 0.097s
2025-11-14 16:47:09.661 65760 INFO tempest.lib.common.rest_client [req-6e444843-7022-43cb-867d-b87564b9cd21 req-6e444843-7022-43cb-867d-b87564b9cd21 ] Request (FlavorsV2TestJSON:setUpClass): 201 POST http://10.180.1.21/identity/v3/users 0.080s
2025-11-14 16:47:09.687 65778 INFO tempest.lib.common.rest_client [req-ad7b2737-baa0-4268-85db-baf27360960d req-ad7b2737-baa0-4268-85db-baf27360960d ] Request (ServerDiagnosticsV248Test:setUpClass): 204 PUT http://10.180.1.21/identity/v3/projects/05210627ad7d4e2a8250904759479ca7/users/9b28b3b00683432baa0f9fed1df23fab/roles/5b65df60bdbc40a4b1d3b0eed2ca9a06 0.037s
2025-11-14 16:47:09.687 65778 INFO tempest.lib.common.dynamic_creds [-] Dynamic test user 9b28b3b00683432baa0f9fed1df23fab is created with scope project and roles: ['member']
2025-11-14 16:47:09.687 65778 INFO tempest.lib.common.dynamic_creds [-] Acquired dynamic creds: credentials: Credentials: {'domain_id': 'default', 'domain_name': 'Default', 'username': 'tempest-ServerDiagnosticsV248Test-629729915-project-member', 'project_domain_id': 'default', 'project_domain_name': 'Default', 'project_id': '05210627ad7d4e2a8250904759479ca7', 'project_name': 'tempest-ServerDiagnosticsV248Test-629729915', 'tenant_id': '05210627ad7d4e2a8250904759479ca7', 'tenant_name': 'tempest-ServerDiagnosticsV248Test-629729915', 'user_domain_id': 'default', 'user_domain_name': 'Default', 'user_id': '9b28b3b00683432baa0f9fed1df23fab', 'system': None}, Network: None, Subnet: None, Router: None
2025-11-14 16:47:09.688 65778 INFO tempest.lib.common.dynamic_creds [-] Created isolated network resources for: credentials: Credentials: {'domain_id': 'default', 'domain_name': 'Default', 'username': 'tempest-ServerDiagnosticsV248Test-629729915-project-member', 'project_domain_id': 'default', 'project_domain_name': 'Default', 'project_id': '05210627ad7d4e2a8250904759479ca7', 'project_name': 'tempest-ServerDiagnosticsV248Test-629729915', 'tenant_id': '05210627ad7d4e2a8250904759479ca7', 'tenant_name': 'tempest-ServerDiagnosticsV248Test-629729915', 'user_domain_id': 'default', 'user_domain_name': 'Default', 'user_id': '9b28b3b00683432baa0f9fed1df23fab', 'system': None}, Network: None, Subnet: None, Router: None
2025-11-14 16:47:09.699 65760 INFO tempest.lib.common.rest_client [req-4ea7499d-092d-41c2-b02a-4dab97fe8281 req-4ea7499d-092d-41c2-b02a-4dab97fe8281 ] Request (FlavorsV2TestJSON:setUpClass): 200 GET http://10.180.1.21/identity/v3/roles 0.038s
2025-11-14 16:47:09.769 65760 INFO tempest.lib.common.rest_client [req-a726a73e-e9ac-4305-902d-350cc160aad2 req-a726a73e-e9ac-4305-902d-350cc160aad2 ] Request (FlavorsV2TestJSON:setUpClass): 204 PUT http://10.180.1.21/identity/v3/projects/c4515e1b7a424ea3bddb9dc0067e5816/users/5f01bd0e2b84490793b11422c7b059e2/roles/5b65df60bdbc40a4b1d3b0eed2ca9a06 0.069s
2025-11-14 16:47:09.769 65760 INFO tempest.lib.common.dynamic_creds [-] Dynamic test user 5f01bd0e2b84490793b11422c7b059e2 is created with scope project and roles: ['member']
2025-11-14 16:47:09.769 65760 INFO tempest.lib.common.dynamic_creds [-] Acquired dynamic creds: credentials: Credentials: {'domain_id': 'default', 'domain_name': 'Default', 'username': 'tempest-FlavorsV2TestJSON-1302060955-project-member', 'project_domain_id': 'default', 'project_domain_name': 'Default', 'project_id': 'c4515e1b7a424ea3bddb9dc0067e5816', 'project_name': 'tempest-FlavorsV2TestJSON-1302060955', 'tenant_id': 'c4515e1b7a424ea3bddb9dc0067e5816', 'tenant_name': 'tempest-FlavorsV2TestJSON-1302060955', 'user_domain_id': 'default', 'user_domain_name': 'Default', 'user_id': '5f01bd0e2b84490793b11422c7b059e2', 'system': None}, Network: None, Subnet: None, Router: None
2025-11-14 16:47:09.769 65760 INFO tempest.lib.common.dynamic_creds [-] Created isolated network resources for: credentials: Credentials: {'domain_id': 'default', 'domain_name': 'Default', 'username': 'tempest-FlavorsV2TestJSON-1302060955-project-member', 'project_domain_id': 'default', 'project_domain_name': 'Default', 'project_id': 'c4515e1b7a424ea3bddb9dc0067e5816', 'project_name': 'tempest-FlavorsV2TestJSON-1302060955', 'tenant_id': 'c4515e1b7a424ea3bddb9dc0067e5816', 'tenant_name': 'tempest-FlavorsV2TestJSON-1302060955', 'user_domain_id': 'default', 'user_domain_name': 'Default', 'user_id': '5f01bd0e2b84490793b11422c7b059e2', 'system': None}, Network: None, Subnet: None, Router: None
2025-11-14 16:47:09.774 65789 INFO tempest.lib.common.rest_client [req-f7e4a476-7267-4485-b269-6af7595389d5 req-f7e4a476-7267-4485-b269-6af7595389d5 ] Request (FlavorMetadataValidation:tearDownClass): 200 GET http://10.180.1.21/networking/v2.0/security-groups?tenant_id=609fdd062bd1475c9d5b95012a471c4f&name=default 0.354s
2025-11-14 16:47:09.778 65778 INFO tempest.lib.common.rest_client [req-1ccb38ff-e50f-436a-9f24-d6f3b51e6f24 req-1ccb38ff-e50f-436a-9f24-d6f3b51e6f24 ] Request (ServerDiagnosticsV248Test:setUpClass): 201 POST http://10.180.1.21/identity/v3/auth/tokens 0.085s
2025-11-14 16:47:09.780 65796 INFO tempest.lib.common.rest_client [req-1c4f1720-3dc4-4d86-a0b3-fe11610d6471 req-1c4f1720-3dc4-4d86-a0b3-fe11610d6471 ] Request (ImagesMetadataNegativeTestJSON:tearDownClass): 200 GET http://10.180.1.21/networking/v2.0/security-groups?tenant_id=444789e3d9d547b9a79fa2873d5b4fcf&name=default 0.350s
2025-11-14 16:47:09.856 65778 INFO tempest.lib.common.rest_client [req-3d212416-a13f-43f0-b235-34d711d2739d req-3d212416-a13f-43f0-b235-34d711d2739d ] Request (ServerDiagnosticsV248Test:setUpClass): 201 POST http://10.180.1.21/identity/v3/projects 0.077s
2025-11-14 16:47:09.865 65760 INFO tempest.lib.common.rest_client [req-504a68ab-f3bd-470e-8766-6c1eaf94a8a5 req-504a68ab-f3bd-470e-8766-6c1eaf94a8a5 ] Request (FlavorsV2TestJSON:setUpClass): 201 POST http://10.180.1.21/identity/v3/auth/tokens 0.090s
2025-11-14 16:47:09.925 65789 INFO tempest.lib.common.rest_client [req-6033d16c-9c3f-42de-b497-d4a152afcb62 req-6033d16c-9c3f-42de-b497-d4a152afcb62 ] Request (FlavorMetadataValidation:tearDownClass): 204 DELETE http://10.180.1.21/networking/v2.0/security-groups/14c8979e-0425-4e48-ae03-12a0787822a6 0.149s
2025-11-14 16:47:09.966 65778 INFO tempest.lib.common.rest_client [req-b80e1533-8e71-43a7-aaf6-424aa259c518 req-b80e1533-8e71-43a7-aaf6-424aa259c518 ] Request (ServerDiagnosticsV248Test:setUpClass): 201 POST http://10.180.1.21/identity/v3/users 0.110s
2025-11-14 16:47:09.974 65796 INFO tempest.lib.common.rest_client [req-ab466cd3-a7e4-4352-8544-c060bd2b2fdf req-ab466cd3-a7e4-4352-8544-c060bd2b2fdf ] Request (ImagesMetadataNegativeTestJSON:tearDownClass): 204 DELETE http://10.180.1.21/networking/v2.0/security-groups/788bec86-e376-4ff9-84ef-73b551326eef 0.193s
2025-11-14 16:47:09.997 65778 INFO tempest.lib.common.rest_client [req-4bad15d4-6ac9-4b1e-b7c2-fbb747e91a12 req-4bad15d4-6ac9-4b1e-b7c2-fbb747e91a12 ] Request (ServerDiagnosticsV248Test:setUpClass): 200 GET http://10.180.1.21/identity/v3/roles 0.030s
2025-11-14 16:47:10.011 65758 INFO tempest.lib.common.rest_client [req-75966384-4bac-483d-97da-ee440f015a2c req-75966384-4bac-483d-97da-ee440f015a2c ] Request (FloatingIPDetailsTestJSON:test_get_floating_ip_details): 200 POST http://10.180.1.21/compute/v2.1/os-floating-ips 6.738s
2025-11-14 16:47:10.027 65789 INFO tempest.lib.common.rest_client [req-2296afc6-7d75-490f-909f-8a89d8698277 req-2296afc6-7d75-490f-909f-8a89d8698277 ] Request (FlavorMetadataValidation:tearDownClass): 204 DELETE http://10.180.1.21/identity/v3/projects/609fdd062bd1475c9d5b95012a471c4f 0.102s
2025-11-14 16:47:10.028 65789 INFO tempest.lib.common.dynamic_creds [-] Deleting project and security group for project: cdfdef328bb14a89bdf628b3c363ec74
2025-11-14 16:47:10.114 65778 INFO tempest.lib.common.rest_client [req-510c3c90-dc15-4c52-81ac-e29f6d5963f5 req-510c3c90-dc15-4c52-81ac-e29f6d5963f5 ] Request (ServerDiagnosticsV248Test:setUpClass): 204 PUT http://10.180.1.21/identity/v3/projects/faa147ad8760484c8c65bc332d757250/users/26b0e58e2826439980734336bcceded4/roles/8d70323b66a642e2bca1c2b3431f8045 0.116s
2025-11-14 16:47:10.134 65796 INFO tempest.lib.common.rest_client [req-48903610-7288-43d1-bd3d-477aca334c50 req-48903610-7288-43d1-bd3d-477aca334c50 ] Request (ImagesMetadataNegativeTestJSON:tearDownClass): 204 DELETE http://10.180.1.21/identity/v3/projects/444789e3d9d547b9a79fa2873d5b4fcf 0.160s
2025-11-14 16:47:10.213 65789 INFO tempest.lib.common.rest_client [req-cb490be6-d1b0-47de-9848-ab38092e59d8 req-cb490be6-d1b0-47de-9848-ab38092e59d8 ] Request (FlavorMetadataValidation:tearDownClass): 200 GET http://10.180.1.21/networking/v2.0/security-groups?tenant_id=cdfdef328bb14a89bdf628b3c363ec74&name=default 0.185s
2025-11-14 16:47:10.244 65778 INFO tempest.lib.common.rest_client [req-c80f4804-ee3a-49e0-9743-533bfa37ba99 req-c80f4804-ee3a-49e0-9743-533bfa37ba99 ] Request (ServerDiagnosticsV248Test:setUpClass): 200 GET http://10.180.1.21/identity/v3/roles 0.129s
2025-11-14 16:47:10.268 65778 INFO tempest.lib.common.rest_client [req-1b9087d3-4b04-4c5c-8750-e3f834139726 req-1b9087d3-4b04-4c5c-8750-e3f834139726 ] Request (ServerDiagnosticsV248Test:setUpClass): 204 PUT http://10.180.1.21/identity/v3/projects/faa147ad8760484c8c65bc332d757250/users/26b0e58e2826439980734336bcceded4/roles/8d70323b66a642e2bca1c2b3431f8045 0.024s
2025-11-14 16:47:10.268 65778 INFO tempest.lib.common.dynamic_creds [-] Dynamic test user 26b0e58e2826439980734336bcceded4 is created with scope project and roles: ['admin']
2025-11-14 16:47:10.269 65778 INFO tempest.lib.common.dynamic_creds [-] Acquired dynamic creds: credentials: Credentials: {'domain_id': 'default', 'domain_name': 'Default', 'username': 'tempest-ServerDiagnosticsV248Test-718726699-project-admin', 'project_domain_id': 'default', 'project_domain_name': 'Default', 'project_id': 'faa147ad8760484c8c65bc332d757250', 'project_name': 'tempest-ServerDiagnosticsV248Test-718726699', 'tenant_id': 'faa147ad8760484c8c65bc332d757250', 'tenant_name': 'tempest-ServerDiagnosticsV248Test-718726699', 'user_domain_id': 'default', 'user_domain_name': 'Default', 'user_id': '26b0e58e2826439980734336bcceded4', 'system': None}, Network: None, Subnet: None, Router: None
2025-11-14 16:47:10.269 65778 INFO tempest.lib.common.dynamic_creds [-] Created isolated network resources for: credentials: Credentials: {'domain_id': 'default', 'domain_name': 'Default', 'username': 'tempest-ServerDiagnosticsV248Test-718726699-project-admin', 'project_domain_id': 'default', 'project_domain_name': 'Default', 'project_id': 'faa147ad8760484c8c65bc332d757250', 'project_name': 'tempest-ServerDiagnosticsV248Test-718726699', 'tenant_id': 'faa147ad8760484c8c65bc332d757250', 'tenant_name': 'tempest-ServerDiagnosticsV248Test-718726699', 'user_domain_id': 'default', 'user_domain_name': 'Default', 'user_id': '26b0e58e2826439980734336bcceded4', 'system': None}, Network: None, Subnet: None, Router: None
2025-11-14 16:47:10.303 65796 INFO tempest.lib.common.rest_client [req-137e08e1-67cf-4dc5-a320-601b53381d75 req-137e08e1-67cf-4dc5-a320-601b53381d75 ] Request (DeleteServersTestJSON:setUpClass): 201 POST http://10.180.1.21/identity/v3/auth/tokens 0.167s
2025-11-14 16:47:10.306 65738 INFO tempest.lib.common.rest_client [req-33a7ebf7-34d8-4e0e-98bc-90740f72be65 req-33a7ebf7-34d8-4e0e-98bc-90740f72be65 ] Request (VolumesAssistedSnapshotsTest:test_volume_assisted_snapshot_create_delete): 202 POST http://10.180.1.21/compute/v2.1/servers 6.602s
2025-11-14 16:47:10.320 65789 INFO tempest.lib.common.rest_client [req-e9a5e9b7-bb95-4e20-a72e-8cbcb61eee84 req-e9a5e9b7-bb95-4e20-a72e-8cbcb61eee84 ] Request (FlavorMetadataValidation:tearDownClass): 204 DELETE http://10.180.1.21/networking/v2.0/security-groups/6f919444-2651-4898-a7ce-de2c9f1f5951 0.106s
2025-11-14 16:47:10.336 65756 INFO tempest.lib.common.rest_client [req-e4a31f64-f57a-4a41-9de4-457e45ddfbf1 req-e4a31f64-f57a-4a41-9de4-457e45ddfbf1 ] Request (ServerGroupTestJSON:setUp): 200 POST http://10.180.1.21/compute/v2.1/os-server-groups 4.819s
2025-11-14 16:47:10.341 65796 INFO tempest.lib.common.rest_client [req-110e6004-6864-4355-bf5f-a8e0545acf33 req-110e6004-6864-4355-bf5f-a8e0545acf33 ] Request (DeleteServersTestJSON:setUpClass): 201 POST http://10.180.1.21/identity/v3/auth/tokens 0.036s
2025-11-14 16:47:10.347 65784 INFO tempest.lib.common.rest_client [req-722b0ca8-62aa-4bca-b96d-bfcee20a002c req-722b0ca8-62aa-4bca-b96d-bfcee20a002c ] Request (KeyPairsV210TestJSON:test_admin_manage_keypairs_for_other_users): 200 GET http://10.180.1.21/compute/v2.1/os-keypairs?user_id=877184bfebd24995b277dc0da38b98a3 3.811s
2025-11-14 16:47:10.369 65762 INFO tempest.lib.common.rest_client [req-7bb76913-8c86-4866-b9f2-744d4e6de0bb req-7bb76913-8c86-4866-b9f2-744d4e6de0bb ] Request (ServersTestManualDisk:setUpClass): 200 GET http://10.180.1.21/compute/v2.1/servers/a8c76329-5056-4cf0-ac32-85d46429d3db 3.970s
2025-11-14 16:47:10.369 65768 INFO tempest.lib.common.rest_client [req-d27da681-caec-46c7-ad86-bb2127a79830 req-d27da681-caec-46c7-ad86-bb2127a79830 ] Request (FlavorsV261TestJSON:test_crud_flavor): 200 GET http://10.180.1.21/compute/v2.1/flavors 3.608s
2025-11-14 16:47:10.377 65778 INFO tempest.lib.common.rest_client [req-cd8357e2-44f7-4ba4-b36b-81e13397aa37 req-cd8357e2-44f7-4ba4-b36b-81e13397aa37 ] Request (ServerDiagnosticsV248Test:setUpClass): 201 POST http://10.180.1.21/identity/v3/auth/tokens 0.106s
2025-11-14 16:47:10.391 65790 INFO tempest.lib.common.rest_client [req-e00123cc-491f-4fbe-9fbe-628a0a95e0fa req-e00123cc-491f-4fbe-9fbe-628a0a95e0fa ] Request (HypervisorAdminTestJSON:test_get_hypervisor_stats): 200 GET http://10.180.1.21/compute/v2.1/os-hypervisors/statistics 3.520s
2025-11-14 16:47:10.399 65782 INFO tempest.lib.common.rest_client [req-db35435d-e667-41c1-904a-b6be4fffabdc req-db35435d-e667-41c1-904a-b6be4fffabdc ] Request (FlavorsExtraSpecsNegativeTestJSON:test_flavor_non_admin_unset_keys): 403 DELETE http://10.180.1.21/compute/v2.1/flavors/292965270/os-extra_specs/hw:numa_nodes 3.499s
2025-11-14 16:47:10.403 65789 INFO tempest.lib.common.rest_client [req-945e7ad5-2a2c-4b78-a544-aac7948a979b req-945e7ad5-2a2c-4b78-a544-aac7948a979b ] Request (FlavorMetadataValidation:tearDownClass): 204 DELETE http://10.180.1.21/identity/v3/projects/cdfdef328bb14a89bdf628b3c363ec74 0.083s
2025-11-14 16:47:10.404 65789 INFO tempest.test [-] raised in LiveMigrationWithoutHostTest.setUpClass. Invoking tearDownClass.
2025-11-14 16:47:10.417 65770 INFO tempest.lib.common.rest_client [req-e45b249d-af2f-4ca7-9028-f16029c13620 req-e45b249d-af2f-4ca7-9028-f16029c13620 ] Request (ImagesMetadataTestJSON:test_delete_image_metadata_item): 200 GET http://10.180.1.21/compute/v2.1/images/6277cd5e-ada2-4090-8149-b4f939a15555/metadata 3.575s
2025-11-14 16:47:10.421 65776 INFO tempest.lib.common.rest_client [req-b125ec66-b9af-48a2-ac6b-e742228cf5c6 req-b125ec66-b9af-48a2-ac6b-e742228cf5c6 ] Request (ServicesAdminNegativeTestJSON:test_get_service_with_valid_service_and_invalid_host): 200 GET http://10.180.1.21/compute/v2.1/os-services 3.491s
2025-11-14 16:47:10.448 65796 INFO tempest.lib.common.rest_client [req-906bb9d8-752a-4ea4-b55a-6875b8c587c1 req-906bb9d8-752a-4ea4-b55a-6875b8c587c1 ] Request (DeleteServersTestJSON:setUpClass): 200 GET http://10.180.1.21/identity/v3/domains?name=Default 0.106s
2025-11-14 16:47:10.450 65792 INFO tempest.lib.common.rest_client [req-36844862-29dd-453e-8249-665759173ae2 req-36844862-29dd-453e-8249-665759173ae2 ] Request (FlavorsAccessTestJSON:test_flavor_access_add_remove): 200 GET http://10.180.1.21/compute/v2.1/flavors/detail 3.494s
2025-11-14 16:47:10.465 65778 INFO tempest.lib.common.rest_client [req-c6ca46c1-54ae-4815-b43d-07b861dc4eb6 req-c6ca46c1-54ae-4815-b43d-07b861dc4eb6 ] Request (ServerDiagnosticsV248Test:test_get_server_diagnostics): 201 POST http://10.180.1.21/identity/v3/auth/tokens 0.081s
2025-11-14 16:47:10.465 65778 INFO tempest.lib.common.fixed_network [-] (ServerDiagnosticsV248Test:test_get_server_diagnostics) Found network None available for tenant
2025-11-14 16:47:10.473 65744 INFO tempest.lib.common.rest_client [req-5076c8bf-9afc-4127-9b57-675099c52001 req-5076c8bf-9afc-4127-9b57-675099c52001 ] Request (AggregatesAdminNegativeTestJSON:_run_cleanups): 200 DELETE http://10.180.1.21/compute/v2.1/os-aggregates/1 3.139s
2025-11-14 16:47:10.491 65789 INFO tempest.lib.common.rest_client [req-cfab099d-51e6-4bd9-99a0-8503733cc834 req-cfab099d-51e6-4bd9-99a0-8503733cc834 ] Request (ListServerFiltersTestJSON:setUpClass): 201 POST http://10.180.1.21/identity/v3/auth/tokens 0.082s
2025-11-14 16:47:10.518 65790 INFO tempest.lib.common.rest_client [req-cab5ae8f-e779-4257-83ab-d7fc60517572 req-cab5ae8f-e779-4257-83ab-d7fc60517572 ] Request (HypervisorAdminTestJSON:tearDownClass): 204 DELETE http://10.180.1.21/identity/v3/users/dca72d7c27d641f095a74a8e7936c29e 0.123s
2025-11-14 16:47:10.547 65748 INFO tempest.lib.common.rest_client [req-abd225f4-3ec9-44fb-b5ba-e70d09f1f1ae req-abd225f4-3ec9-44fb-b5ba-e70d09f1f1ae ] Request (ServerDiagnosticsTest:test_get_server_diagnostics): 200 GET http://10.180.1.21/compute/v2.1/servers/b72885c3-5146-42a5-82e8-444cfd89413d 3.369s
2025-11-14 16:47:10.558 65796 INFO tempest.lib.common.rest_client [req-3f4bd208-eda3-4548-99fe-5b51da747139 req-3f4bd208-eda3-4548-99fe-5b51da747139 ] Request (DeleteServersTestJSON:setUpClass): 201 POST http://10.180.1.21/identity/v3/projects 0.110s
2025-11-14 16:47:10.611 65789 INFO tempest.lib.common.rest_client [req-8598ea4e-eb88-4e5e-af34-dd40f80cb2e3 req-8598ea4e-eb88-4e5e-af34-dd40f80cb2e3 ] Request (ListServerFiltersTestJSON:setUpClass): 201 POST http://10.180.1.21/identity/v3/auth/tokens 0.118s
2025-11-14 16:47:10.640 65750 INFO tempest.lib.common.rest_client [req-819181b4-2942-4111-8480-d592ac142445 req-819181b4-2942-4111-8480-d592ac142445 ] Request (DeleteServersAdminTestJSON:test_admin_delete_servers_of_others): 200 GET http://10.180.1.21/compute/v2.1/servers/504f5660-6715-4c7a-965b-9d2ef1852391 3.143s
2025-11-14 16:47:10.677 65790 INFO tempest.lib.common.rest_client [req-eb2f80a2-ea65-4012-9d6b-8861a10513a8 req-eb2f80a2-ea65-4012-9d6b-8861a10513a8 ] Request (HypervisorAdminTestJSON:tearDownClass): 204 DELETE http://10.180.1.21/identity/v3/users/10cdfefd64584f51b1d14420ff383033 0.158s
2025-11-14 16:47:10.678 65790 INFO tempest.lib.common.dynamic_creds [-] Deleting project and security group for project: 2c39153963b44131bfb9356c729beeb6
2025-11-14 16:47:10.705 65796 INFO tempest.lib.common.rest_client [req-053ee28b-97d6-4bbb-8dae-691feb467785 req-053ee28b-97d6-4bbb-8dae-691feb467785 ] Request (DeleteServersTestJSON:setUpClass): 201 POST http://10.180.1.21/identity/v3/users 0.146s
2025-11-14 16:47:10.706 65772 INFO tempest.lib.common.rest_client [req-fa73ce71-7291-40e6-9c08-d62cb0af2d1e req-fa73ce71-7291-40e6-9c08-d62cb0af2d1e ] Request (ServersAdmin275Test:test_rebuild_update_server_275): 200 GET http://10.180.1.21/compute/v2.1/servers/065659ae-2163-4d6b-a905-fc99d12b6790 3.190s
2025-11-14 16:47:10.721 65772 INFO tempest.common.waiters [-] State transition "BUILD/networking" ==> "BUILD/spawning" after 4 second wait
2025-11-14 16:47:10.734 65790 INFO tempest.lib.common.rest_client [req-9f0d25a7-c9e8-46a7-af06-3cc2b28ee5e1 req-9f0d25a7-c9e8-46a7-af06-3cc2b28ee5e1 ] Request (HypervisorAdminTestJSON:tearDownClass): 201 POST http://10.180.1.21/identity/v3/auth/tokens 0.056s
2025-11-14 16:47:10.736 65789 INFO tempest.lib.common.rest_client [req-3b6db0b4-8640-4d3b-84fc-adc8e6c7d1f6 req-3b6db0b4-8640-4d3b-84fc-adc8e6c7d1f6 ] Request (ListServerFiltersTestJSON:setUpClass): 200 GET http://10.180.1.21/identity/v3/domains?name=Default 0.125s
2025-11-14 16:47:10.764 65796 INFO tempest.lib.common.rest_client [req-48baf98d-5c69-447d-a8be-eb583432a4d6 req-48baf98d-5c69-447d-a8be-eb583432a4d6 ] Request (DeleteServersTestJSON:setUpClass): 200 GET http://10.180.1.21/identity/v3/roles 0.059s
2025-11-14 16:47:10.789 65789 INFO tempest.lib.common.rest_client [req-366afca2-3a63-4ffb-acf4-9032a2f183c7 req-366afca2-3a63-4ffb-acf4-9032a2f183c7 ] Request (ListServerFiltersTestJSON:setUpClass): 201 POST http://10.180.1.21/identity/v3/projects 0.052s
2025-11-14 16:47:10.822 65740 INFO tempest.lib.common.rest_client [req-e080a257-d109-4565-94c1-983c3120a99b req-e080a257-d109-4565-94c1-983c3120a99b ] Request (ServerDiagnosticsNegativeTest:test_get_server_diagnostics_by_non_admin): 200 GET http://10.180.1.21/compute/v2.1/servers/6e1eeff2-1587-44c6-a154-f73a2d0f8061 3.146s
2025-11-14 16:47:10.901 65766 INFO tempest.lib.common.rest_client [req-289dbd25-5008-4744-b3af-008168286f41 req-289dbd25-5008-4744-b3af-008168286f41 ] Request (QuotasAdminTestJSON:test_delete_quota): 200 GET http://10.180.1.21/compute/v2.1/os-quota-sets/e418b341a21147408f4bce97f8a834f6 3.507s
2025-11-14 16:47:10.949 65789 INFO tempest.lib.common.rest_client [req-04226eb3-23b1-4229-aa01-c967ce754a8d req-04226eb3-23b1-4229-aa01-c967ce754a8d ] Request (ListServerFiltersTestJSON:setUpClass): 201 POST http://10.180.1.21/identity/v3/users 0.160s
2025-11-14 16:47:10.958 65764 INFO tempest.lib.common.rest_client [req-f0533a6d-0251-48a9-bd22-8903594c4754 req-f0533a6d-0251-48a9-bd22-8903594c4754 ] Request (TenantUsagesTestJSON:setUpClass): 200 GET http://10.180.1.21/compute/v2.1/servers/a06f1bbf-b4f2-4ddb-81a8-1e10df8077d3 3.236s
2025-11-14 16:47:10.962 65796 INFO tempest.lib.common.rest_client [req-90963e3c-ee47-490b-b04f-9bc3b5c3fc33 req-90963e3c-ee47-490b-b04f-9bc3b5c3fc33 ] Request (DeleteServersTestJSON:setUpClass): 204 PUT http://10.180.1.21/identity/v3/projects/754b1facaaa14501b2204c98e1d7a5a8/users/6d5103a5769a4296973351194f49fed3/roles/5b65df60bdbc40a4b1d3b0eed2ca9a06 0.197s
2025-11-14 16:47:10.962 65796 INFO tempest.lib.common.dynamic_creds [-] Dynamic test user 6d5103a5769a4296973351194f49fed3 is created with scope project and roles: ['member']
2025-11-14 16:47:10.962 65796 INFO tempest.lib.common.dynamic_creds [-] Acquired dynamic creds: credentials: Credentials: {'domain_id': 'default', 'domain_name': 'Default', 'username': 'tempest-DeleteServersTestJSON-564283273-project-member', 'project_domain_id': 'default', 'project_domain_name': 'Default', 'project_id': '754b1facaaa14501b2204c98e1d7a5a8', 'project_name': 'tempest-DeleteServersTestJSON-564283273', 'tenant_id': '754b1facaaa14501b2204c98e1d7a5a8', 'tenant_name': 'tempest-DeleteServersTestJSON-564283273', 'user_domain_id': 'default', 'user_domain_name': 'Default', 'user_id': '6d5103a5769a4296973351194f49fed3', 'system': None}, Network: None, Subnet: None, Router: None
2025-11-14 16:47:10.975 65789 INFO tempest.lib.common.rest_client [req-1005d3f3-e2fd-4093-8739-6e00d030e5bc req-1005d3f3-e2fd-4093-8739-6e00d030e5bc ] Request (ListServerFiltersTestJSON:setUpClass): 200 GET http://10.180.1.21/identity/v3/roles 0.025s
2025-11-14 16:47:10.988 65780 INFO tempest.lib.common.rest_client [req-3c777612-c542-483a-953e-a9e10bca44e0 req-3c777612-c542-483a-953e-a9e10bca44e0 ] Request (ServersWithSpecificFlavorTestJSON:test_verify_created_server_ephemeral_disk): 200 POST http://10.180.1.21/compute/v2.1/flavors/1521481196/os-extra_specs 2.713s
2025-11-14 16:47:11.024 65754 INFO tempest.lib.common.rest_client [req-6eb0d3d0-6fda-409e-812c-d6c5d6220df3 req-6eb0d3d0-6fda-409e-812c-d6c5d6220df3 ] Request (KeyPairsNegativeTestJSON:test_create_keypair_when_public_key_bits_exceeds_maximum): 400 POST http://10.180.1.21/compute/v2.1/os-keypairs 2.628s
2025-11-14 16:47:11.044 65796 INFO tempest.lib.common.rest_client [req-7753b3fe-9574-4bc1-bb39-76c66ed25273 req-7753b3fe-9574-4bc1-bb39-76c66ed25273 ] Request (DeleteServersTestJSON:setUpClass): 201 POST http://10.180.1.21/identity/v3/auth/tokens 0.081s
2025-11-14 16:47:11.075 65790 INFO tempest.lib.common.rest_client [req-34de3933-25de-4fb6-90fa-52e47e24e82e req-34de3933-25de-4fb6-90fa-52e47e24e82e ] Request (HypervisorAdminTestJSON:tearDownClass): 200 GET http://10.180.1.21/networking/v2.0/security-groups?tenant_id=2c39153963b44131bfb9356c729beeb6&name=default 0.340s
2025-11-14 16:47:11.078 65789 INFO tempest.lib.common.rest_client [req-5a926ecd-2f77-43f9-81f8-198ad21f91b3 req-5a926ecd-2f77-43f9-81f8-198ad21f91b3 ] Request (ListServerFiltersTestJSON:setUpClass): 204 PUT http://10.180.1.21/identity/v3/projects/112402342b0e481f83be7e17c9f739e9/users/53765f0467d14fc3bc946cc893f75280/roles/5b65df60bdbc40a4b1d3b0eed2ca9a06 0.102s
2025-11-14 16:47:11.078 65789 INFO tempest.lib.common.dynamic_creds [-] Dynamic test user 53765f0467d14fc3bc946cc893f75280 is created with scope project and roles: ['member']
2025-11-14 16:47:11.078 65789 INFO tempest.lib.common.dynamic_creds [-] Acquired dynamic creds: credentials: Credentials: {'domain_id': 'default', 'domain_name': 'Default', 'username': 'tempest-ListServerFiltersTestJSON-139534771-project-member', 'project_domain_id': 'default', 'project_domain_name': 'Default', 'project_id': '112402342b0e481f83be7e17c9f739e9', 'project_name': 'tempest-ListServerFiltersTestJSON-139534771', 'tenant_id': '112402342b0e481f83be7e17c9f739e9', 'tenant_name': 'tempest-ListServerFiltersTestJSON-139534771', 'user_domain_id': 'default', 'user_domain_name': 'Default', 'user_id': '53765f0467d14fc3bc946cc893f75280', 'system': None}, Network: None, Subnet: None, Router: None
2025-11-14 16:47:11.101 65774 INFO tempest.lib.common.rest_client [req-dad60122-554d-464d-a387-ad2eac77158a req-dad60122-554d-464d-a387-ad2eac77158a ] Request (SecurityGroupsTestAdminJSON:test_list_security_groups_list_all_tenants_filter): 200 POST http://10.180.1.21/compute/v2.1/os-security-groups 2.845s
2025-11-14 16:47:11.157 65789 INFO tempest.lib.common.rest_client [req-55d37a96-b984-4bfd-a304-cda4bfebaed7 req-55d37a96-b984-4bfd-a304-cda4bfebaed7 ] Request (ListServerFiltersTestJSON:setUpClass): 201 POST http://10.180.1.21/identity/v3/auth/tokens 0.078s
2025-11-14 16:47:11.211 65790 INFO tempest.lib.common.rest_client [req-d54e4b25-1e28-4689-bba3-80c263fc7a4c req-d54e4b25-1e28-4689-bba3-80c263fc7a4c ] Request (HypervisorAdminTestJSON:tearDownClass): 204 DELETE http://10.180.1.21/networking/v2.0/security-groups/82e9416d-6ac7-4f31-aaf3-c4b046e8304b 0.136s
2025-11-14 16:47:11.240 65752 INFO tempest.lib.common.rest_client [req-7f5e90aa-0162-4c68-aaa1-5f4581dfdbbb req-7f5e90aa-0162-4c68-aaa1-5f4581dfdbbb ] Request (MigrationsAdminTest:test_list_migrations_in_flavor_resize_situation): 200 GET http://10.180.1.21/compute/v2.1/servers/42b9edf6-1873-49c3-8074-8eef654ac371 2.715s
2025-11-14 16:47:11.255 65800 INFO tempest.lib.common.rest_client [req-36291da4-08b6-408b-a57e-6f1744be1a9d req-36291da4-08b6-408b-a57e-6f1744be1a9d ] Request (FloatingIPsAssociationNegativeTestJSON:setUpClass): 200 GET http://10.180.1.21/compute/v2.1/servers/bf79fbcd-e943-4ff3-bcf8-6a2817df8292 2.215s
2025-11-14 16:47:11.266 65746 INFO tempest.lib.common.rest_client [req-ef80b318-d861-4109-b626-ea3d97a9c805 req-ef80b318-d861-4109-b626-ea3d97a9c805 ] Request (HypervisorAdminNegativeTestJSON:test_get_nonexistent_hypervisor_uptime): 404 GET http://10.180.1.21/compute/v2.1/os-hypervisors/87825885-09cf-4a1e-be91-4d827d379ce3/uptime 2.189s
2025-11-14 16:47:11.266 65742 INFO tempest.lib.common.rest_client [req-5fbfa0c6-59a8-449e-9cd3-b37b982489c4 req-5fbfa0c6-59a8-449e-9cd3-b37b982489c4 ] Request (FlavorsExtraSpecsTestJSON:test_flavor_set_get_update_show_unset_keys): 200 POST http://10.180.1.21/compute/v2.1/flavors/1779770953/os-extra_specs 2.196s
