2025-11-14 16:48:53.331 65744 INFO tempest.lib.common.rest_client [req-d39878a6-89d6-4c84-923b-522d37157522 req-d39878a6-89d6-4c84-923b-522d37157522 ] Request (FlavorsAdminTestJSON:setUpClass): 201 POST http://10.180.1.21/identity/v3/projects 0.096s
2025-11-14 16:48:53.400 65744 INFO tempest.lib.common.rest_client [req-f88ac152-f0d2-4201-af38-25f54a76d410 req-f88ac152-f0d2-4201-af38-25f54a76d410 ] Request (FlavorsAdminTestJSON:setUpClass): 201 POST http://10.180.1.21/identity/v3/users 0.068s
2025-11-14 16:48:53.426 65744 INFO tempest.lib.common.rest_client [req-26844219-0c0f-4a20-93c7-096af2bbeb54 req-26844219-0c0f-4a20-93c7-096af2bbeb54 ] Request (FlavorsAdminTestJSON:setUpClass): 200 GET http://10.180.1.21/identity/v3/roles 0.026s
2025-11-14 16:48:53.452 65744 INFO tempest.lib.common.rest_client [req-58f24619-b900-4a24-afac-7d33a3228a51 req-58f24619-b900-4a24-afac-7d33a3228a51 ] Request (FlavorsAdminTestJSON:setUpClass): 204 PUT http://10.180.1.21/identity/v3/projects/a88c389ed9b847268c7a939a10501ced/users/018c286a75a54e6ba315024f6b6daf8d/roles/8d70323b66a642e2bca1c2b3431f8045 0.025s
2025-11-14 16:48:53.502 65744 INFO tempest.lib.common.rest_client [req-ca6852d7-daf3-4749-a521-8a7873d78f21 req-ca6852d7-daf3-4749-a521-8a7873d78f21 ] Request (FlavorsAdminTestJSON:setUpClass): 200 GET http://10.180.1.21/identity/v3/roles 0.050s
2025-11-14 16:48:53.521 65744 INFO tempest.lib.common.rest_client [req-90940fb3-4d18-44aa-bc24-cb3d827654e9 req-90940fb3-4d18-44aa-bc24-cb3d827654e9 ] Request (FlavorsAdminTestJSON:setUpClass): 204 PUT http://10.180.1.21/identity/v3/projects/a88c389ed9b847268c7a939a10501ced/users/018c286a75a54e6ba315024f6b6daf8d/roles/8d70323b66a642e2bca1c2b3431f8045 0.018s
2025-11-14 16:48:53.521 65744 INFO tempest.lib.common.dynamic_creds [-] Dynamic test user 018c286a75a54e6ba315024f6b6daf8d is created with scope project and roles: ['admin']
2025-11-14 16:48:53.521 65744 INFO tempest.lib.common.dynamic_creds [-] Acquired dynamic creds: credentials: Credentials: {'domain_id': 'default', 'domain_name': 'Default', 'username': 'tempest-FlavorsAdminTestJSON-281132380-project-admin', 'project_domain_id': 'default', 'project_domain_name': 'Default', 'project_id': 'a88c389ed9b847268c7a939a10501ced', 'project_name': 'tempest-FlavorsAdminTestJSON-281132380', 'tenant_id': 'a88c389ed9b847268c7a939a10501ced', 'tenant_name': 'tempest-FlavorsAdminTestJSON-281132380', 'user_domain_id': 'default', 'user_domain_name': 'Default', 'user_id': '018c286a75a54e6ba315024f6b6daf8d', 'system': None}, Network: None, Subnet: None, Router: None
2025-11-14 16:48:53.521 65744 INFO tempest.lib.common.dynamic_creds [-] Created isolated network resources for: credentials: Credentials: {'domain_id': 'default', 'domain_name': 'Default', 'username': 'tempest-FlavorsAdminTestJSON-281132380-project-admin', 'project_domain_id': 'default', 'project_domain_name': 'Default', 'project_id': 'a88c389ed9b847268c7a939a10501ced', 'project_name': 'tempest-FlavorsAdminTestJSON-281132380', 'tenant_id': 'a88c389ed9b847268c7a939a10501ced', 'tenant_name': 'tempest-FlavorsAdminTestJSON-281132380', 'user_domain_id': 'default', 'user_domain_name': 'Default', 'user_id': '018c286a75a54e6ba315024f6b6daf8d', 'system': None}, Network: None, Subnet: None, Router: None
2025-11-14 16:48:53.586 65758 INFO tempest.lib.common.rest_client [req-fd406518-f4e3-4583-8ca6-d7f0cae2d6b0 req-fd406518-f4e3-4583-8ca6-d7f0cae2d6b0 ] Request (ServerActionsTestJSON:setUpClass): 200 PUT http://10.180.1.21/networking/v2.0/floatingips/cb56720f-fa0d-41ef-ac3e-4aa2793dfb6a 0.627s
2025-11-14 16:48:53.588 65758 INFO tempest.lib.common.ssh [-] Creating ssh connection to '10.180.180.240:22' as 'cirros' with public key authentication
2025-11-14 16:48:53.612 65744 INFO tempest.lib.common.rest_client [req-d13b2d9f-f239-4212-a16b-3564113ce460 req-d13b2d9f-f239-4212-a16b-3564113ce460 ] Request (FlavorsAdminTestJSON:setUpClass): 201 POST http://10.180.1.21/identity/v3/auth/tokens 0.088s
2025-11-14 16:48:53.759 65794 INFO tempest.lib.common.rest_client [req-fa5d497a-aca3-4f05-927d-1745db5aaf43 req-fa5d497a-aca3-4f05-927d-1745db5aaf43 ] Request (SecurityGroupsTestJSON:test_server_security_groups): 200 POST http://10.180.1.21/compute/v2.1/os-security-groups 1.297s
2025-11-14 16:48:53.792 65756 INFO tempest.lib.common.rest_client [req-1df03dc2-7631-4f4b-a980-515686c6f03e req-1df03dc2-7631-4f4b-a980-515686c6f03e ] Request (ServerGroupTestJSON:_run_cleanups): 200 GET http://10.180.1.21/compute/v2.1/servers/950efcc6-7e4f-4b30-b0fa-d940f893e1d5 1.357s
2025-11-14 16:48:53.840 65738 INFO tempest.lib.common.rest_client [req-e0a32083-4a83-4dba-89a1-e7fd636a33e7 req-e0a32083-4a83-4dba-89a1-e7fd636a33e7 ] Request (VolumesAssistedSnapshotsTest:_run_cleanups): 200 GET http://10.180.1.21/compute/v2.1/servers/8ac44124-d8cf-421c-9ae4-c943df94550a/os-volume_attachments 1.307s
2025-11-14 16:48:53.847 65794 INFO tempest.lib.common.rest_client [req-678d32ad-043c-4d47-8477-c376d564e541 req-678d32ad-043c-4d47-8477-c376d564e541 ] Request (SecurityGroupsTestJSON:test_server_security_groups): 201 POST http://10.180.1.21/identity/v3/auth/tokens 0.082s
2025-11-14 16:48:53.848 65794 INFO tempest.lib.common.fixed_network [-] (SecurityGroupsTestJSON:test_server_security_groups) Found network {'id': '9c9feda2-6497-4e6d-9390-2080aae50958', 'name': 'tempest-SecurityGroupsTestJSON-286905727-network', 'tenant_id': 'e94f2a868e2d4d31af54f2e5d8c479f8', 'project_id': 'e94f2a868e2d4d31af54f2e5d8c479f8', 'admin_state_up': True, 'mtu': 8950, 'status': 'ACTIVE', 'subnets': [], 'shared': False, 'port_security_enabled': True, 'router:external': False, 'provider:network_type': 'vlan', 'provider:physical_network': 'default', 'provider:segmentation_id': 61, 'availability_zone_hints': [], 'availability_zones': [], 'ipv4_address_scope': None, 'ipv6_address_scope': None, 'description': '', 'tags': [], 'created_at': '2025-11-14T16:47:07Z', 'updated_at': '2025-11-14T16:47:07Z', 'revision_number': 1} available for tenant
2025-11-14 16:48:53.882 65750 INFO tempest.lib.common.rest_client [req-85e8eeda-aeff-49b2-8bba-2641a4b667b2 req-85e8eeda-aeff-49b2-8bba-2641a4b667b2 ] Request (DeleteServersAdminTestJSON:test_delete_server_while_in_error_state): 200 GET http://10.180.1.21/compute/v2.1/servers/69fdd5df-a9f2-486f-8a79-87c034366083 1.371s
2025-11-14 16:48:53.892 65738 INFO tempest.lib.common.rest_client [req-d8e33d96-bdc8-46c9-b8ad-2a55643bf902 req-d8e33d96-bdc8-46c9-b8ad-2a55643bf902 ] Request (VolumesAssistedSnapshotsTest:_run_cleanups): 200 GET http://10.180.1.21/volume/v3/volumes/3b3ed2bd-062e-4d87-8958-ddafcb01885d 0.050s
2025-11-14 16:48:53.894 65792 INFO tempest.lib.common.rest_client [req-9a56b0d5-48ed-4e9e-83d6-a562fdc2b4c5 req-9a56b0d5-48ed-4e9e-83d6-a562fdc2b4c5 ] Request (FlavorsAccessNegativeTestJSON:_run_cleanups): 200 GET http://10.180.1.21/compute/v2.1/flavors/detail 1.350s
2025-11-14 16:48:53.899 65738 INFO tempest.common.waiters [-] volume 3b3ed2bd-062e-4d87-8958-ddafcb01885d reached available after waiting for 0.899912 seconds
2025-11-14 16:48:53.969 65738 INFO tempest.lib.common.rest_client [req-ad30b1b8-5337-4658-b854-aea707437060 req-ad30b1b8-5337-4658-b854-aea707437060 ] Request (VolumesAssistedSnapshotsTest:_run_cleanups): 202 DELETE http://10.180.1.21/volume/v3/volumes/3b3ed2bd-062e-4d87-8958-ddafcb01885d 0.069s
2025-11-14 16:48:54.007 65738 INFO tempest.lib.common.rest_client [req-abb0363b-34f4-47e4-9615-f5e95dda5201 req-abb0363b-34f4-47e4-9615-f5e95dda5201 ] Request (VolumesAssistedSnapshotsTest:_run_cleanups): 200 GET http://10.180.1.21/volume/v3/volumes/3b3ed2bd-062e-4d87-8958-ddafcb01885d 0.037s
2025-11-14 16:48:54.084 65742 INFO tempest.lib.common.rest_client [req-84e31f41-bfd6-407b-94c5-f7a544cb3c1a req-84e31f41-bfd6-407b-94c5-f7a544cb3c1a ] Request (SecurityGroupsNegativeTestJSON:tearDownClass): 200 PUT http://10.180.1.21/networking/v2.0/routers/afa8a30a-373c-41be-90c1-9c0866ef9b31/remove_router_interface 0.951s
2025-11-14 16:48:54.133 65792 INFO tempest.lib.common.rest_client [req-3f8fdf03-daae-45cc-b7d3-78d0d1ec1b96 req-3f8fdf03-daae-45cc-b7d3-78d0d1ec1b96 ] Request (FlavorsAccessNegativeTestJSON:tearDownClass): 204 DELETE http://10.180.1.21/identity/v3/users/274db3df39d14364be6d188770cb97c5 0.231s
2025-11-14 16:48:54.189 65796 INFO tempest.lib.common.rest_client [req-ed62b6bf-9b2c-41ca-8ff7-235e1601f8a3 req-ed62b6bf-9b2c-41ca-8ff7-235e1601f8a3 ] Request (DeleteServersTestJSON:test_delete_server_while_in_attached_volume): 200 GET http://10.180.1.21/compute/v2.1/servers/28fd3828-38ec-426f-b4dc-1e094304780b 1.596s
2025-11-14 16:48:54.213 65768 INFO tempest.lib.common.rest_client [req-3313e4da-e295-47ce-a929-853aedee82f1 req-3313e4da-e295-47ce-a929-853aedee82f1 ] Request (ServersTestBootFromVolume:setUpClass): 200 GET http://10.180.1.21/volume/v3/volumes/562ed51f-6604-4a40-be52-647787924294 0.050s
2025-11-14 16:48:54.259 65752 INFO tempest.lib.common.rest_client [req-90175f9d-6eee-43d5-85fa-390a3a545c66 req-90175f9d-6eee-43d5-85fa-390a3a545c66 ] Request (MigrationsAdminTest:test_list_migrations_in_flavor_resize_situation): 200 GET http://10.180.1.21/compute/v2.1/servers/42b9edf6-1873-49c3-8074-8eef654ac371 1.610s
2025-11-14 16:48:54.267 65752 INFO tempest.common.waiters [-] State transition "VERIFY_RESIZE/None" ==> "ACTIVE/None" after 27 second wait
2025-11-14 16:48:54.269 65748 WARNING tempest.lib.common.ssh [-] Failed to establish authenticated ssh connection to cirros@10.180.180.172 ([Errno None] Unable to connect to port 22 on 10.180.180.172). Number attempts: 1. Retry after 2 seconds.: paramiko.ssh_exception.NoValidConnectionsError: [Errno None] Unable to connect to port 22 on 10.180.180.172
2025-11-14 16:48:54.327 65792 INFO tempest.lib.common.rest_client [req-f9a91d77-b169-4173-b100-1a8853c50798 req-f9a91d77-b169-4173-b100-1a8853c50798 ] Request (FlavorsAccessNegativeTestJSON:tearDownClass): 204 DELETE http://10.180.1.21/identity/v3/users/4f58c283e87b4bdcba5a2570173abc51 0.193s
2025-11-14 16:48:54.432 65792 INFO tempest.lib.common.rest_client [req-22a8b650-37b8-4241-8398-714a6b14bfa6 req-22a8b650-37b8-4241-8398-714a6b14bfa6 ] Request (FlavorsAccessNegativeTestJSON:tearDownClass): 204 DELETE http://10.180.1.21/identity/v3/users/c7ba7087d0cb4136a7f057be7fce4888 0.105s
2025-11-14 16:48:54.433 65792 INFO tempest.lib.common.dynamic_creds [-] Deleting project and security group for project: f5f5d20c96f14c63b589d202eccbed51
2025-11-14 16:48:54.502 65792 INFO tempest.lib.common.rest_client [req-5f19971b-3978-4ee7-9566-6dbb7f03b32e req-5f19971b-3978-4ee7-9566-6dbb7f03b32e ] Request (FlavorsAccessNegativeTestJSON:tearDownClass): 201 POST http://10.180.1.21/identity/v3/auth/tokens 0.069s
2025-11-14 16:48:54.704 65772 INFO tempest.lib.common.rest_client [req-3fccae75-15e4-4e5b-8728-707ecbc20ad4 req-3fccae75-15e4-4e5b-8728-707ecbc20ad4 ] Request (FloatingIPsAssociationTestJSON:setUpClass): 200 GET http://10.180.1.21/compute/v2.1/servers/7fcbdc79-688c-479f-94e2-f4542abe714b 2.012s
2025-11-14 16:48:54.710 65742 INFO tempest.lib.common.rest_client [req-5b095e58-587e-4b65-9933-51e46978a9e3 req-5b095e58-587e-4b65-9933-51e46978a9e3 ] Request (SecurityGroupsNegativeTestJSON:tearDownClass): 204 DELETE http://10.180.1.21/networking/v2.0/routers/afa8a30a-373c-41be-90c1-9c0866ef9b31 0.625s
2025-11-14 16:48:54.742 65770 INFO tempest.lib.common.rest_client [req-9f2d36df-a835-4ae0-b948-c0f88d069648 req-9f2d36df-a835-4ae0-b948-c0f88d069648 ] Request (ListImageFiltersTestJSON:setUpClass): 200 GET http://10.180.1.21/compute/v2.1/servers/483cf486-f0fc-48a4-9db2-970d0f35865a 1.938s
2025-11-14 16:48:54.906 65742 INFO tempest.lib.common.rest_client [req-f5cebe96-c1c1-42a9-b911-c9e1d90d16df req-f5cebe96-c1c1-42a9-b911-c9e1d90d16df ] Request (SecurityGroupsNegativeTestJSON:tearDownClass): 204 DELETE http://10.180.1.21/networking/v2.0/subnets/71e35fcd-1a80-4c8e-a9da-4830487497c7 0.195s
2025-11-14 16:48:54.943 65764 INFO tempest.lib.common.rest_client [req-91039fbb-d99a-4b7f-a915-65d3109737f6 req-91039fbb-d99a-4b7f-a915-65d3109737f6 ] Request (ServersListShow296Test:test_list_show_update_rebuild_server_296): 200 GET http://10.180.1.21/compute/v2.1/servers/8b478626-e3dc-42c4-bd59-fa0a71d798c9 2.087s
2025-11-14 16:48:54.968 65792 INFO tempest.lib.common.rest_client [req-bc8093b6-a9c1-4170-bc7e-28793a6b9f62 req-bc8093b6-a9c1-4170-bc7e-28793a6b9f62 ] Request (FlavorsAccessNegativeTestJSON:tearDownClass): 200 GET http://10.180.1.21/networking/v2.0/security-groups?tenant_id=f5f5d20c96f14c63b589d202eccbed51&name=default 0.466s
2025-11-14 16:48:54.978 65762 INFO tempest.lib.common.rest_client [req-72199ec7-983f-4a46-ae8d-70f610479c1a req-72199ec7-983f-4a46-ae8d-70f610479c1a ] Request (ServersTestManualDisk:tearDownClass): 404 GET http://10.180.1.21/compute/v2.1/servers/a8c76329-5056-4cf0-ac32-85d46429d3db 2.032s
2025-11-14 16:48:54.992 65740 INFO tempest.lib.common.rest_client [req-41949420-5fb1-4bbb-891d-cade57a5a732 req-41949420-5fb1-4bbb-891d-cade57a5a732 ] Request (ImagesNegativeTestJSON:test_create_image_from_deleted_server): 200 GET http://10.180.1.21/compute/v2.1/servers/a71d2fa6-006c-4f76-8ae8-467e149297da 2.063s
2025-11-14 16:48:55.066 65738 INFO tempest.lib.common.rest_client [req-b89fe852-5fdd-486a-9069-9cd0e268fbdd req-b89fe852-5fdd-486a-9069-9cd0e268fbdd ] Request (VolumesAssistedSnapshotsTest:_run_cleanups): 200 GET http://10.180.1.21/volume/v3/volumes/3b3ed2bd-062e-4d87-8958-ddafcb01885d 0.050s
2025-11-14 16:48:55.114 65792 INFO tempest.lib.common.rest_client [req-2466eb19-b178-4430-b9df-925506a9880a req-2466eb19-b178-4430-b9df-925506a9880a ] Request (FlavorsAccessNegativeTestJSON:tearDownClass): 204 DELETE http://10.180.1.21/networking/v2.0/security-groups/54ccaa33-b60e-4379-8d5e-f2742a2d7342 0.145s
2025-11-14 16:48:55.143 65760 INFO tempest.lib.common.rest_client [req-244bcfd9-f20b-4c19-b9c6-1b32079ed72b req-244bcfd9-f20b-4c19-b9c6-1b32079ed72b ] Request (AttachInterfacesUnderV243Test:test_add_remove_fixed_ip): 200 GET http://10.180.1.21/compute/v2.1/servers/2f66a03b-874b-4bee-9694-49813ecb0c8a 2.086s
2025-11-14 16:48:55.164 65742 INFO tempest.lib.common.rest_client [req-465930ef-d698-43fa-b392-ffc4f086449e req-465930ef-d698-43fa-b392-ffc4f086449e ] Request (SecurityGroupsNegativeTestJSON:tearDownClass): 204 DELETE http://10.180.1.21/networking/v2.0/networks/6a639667-3d4a-4554-9d37-54fdd12b014e 0.258s
2025-11-14 16:48:55.171 65778 INFO tempest.lib.common.rest_client [req-3485f5f6-b13e-4130-ba48-67474888e868 req-3485f5f6-b13e-4130-ba48-67474888e868 ] Request (ServersAdminNegativeTestJSON:setUpClass): 200 GET http://10.180.1.21/compute/v2.1/servers/3657ec21-3ec7-44c9-92d1-570655b58f26 2.090s
2025-11-14 16:48:55.265 65768 INFO tempest.lib.common.rest_client [req-897186c0-f0be-40e3-837f-bd07b18382ed req-897186c0-f0be-40e3-837f-bd07b18382ed ] Request (ServersTestBootFromVolume:setUpClass): 200 GET http://10.180.1.21/volume/v3/volumes/562ed51f-6604-4a40-be52-647787924294 0.042s
2025-11-14 16:48:55.273 65792 INFO tempest.lib.common.rest_client [req-3b0f2a88-8513-4da9-bdb3-421ec5d32a57 req-3b0f2a88-8513-4da9-bdb3-421ec5d32a57 ] Request (FlavorsAccessNegativeTestJSON:tearDownClass): 204 DELETE http://10.180.1.21/identity/v3/projects/f5f5d20c96f14c63b589d202eccbed51 0.159s
2025-11-14 16:48:55.274 65792 INFO tempest.lib.common.dynamic_creds [-] Deleting project and security group for project: c5a56cf00e1b49829507999394ca1937
2025-11-14 16:48:55.281 65754 INFO tempest.lib.common.rest_client [req-76c103b8-9121-4f44-ab70-d1689be666e0 req-76c103b8-9121-4f44-ab70-d1689be666e0 ] Request (InstanceActionsNegativeTestJSON:tearDownClass): 200 GET http://10.180.1.21/compute/v2.1/servers/de8632e0-bf38-440d-b6a3-895efeef122d 2.050s
2025-11-14 16:48:55.292 65782 INFO tempest.lib.common.rest_client [req-c1b19f4e-0462-48cb-9efe-1f314f1996b6 req-c1b19f4e-0462-48cb-9efe-1f314f1996b6 ] Request (ServersTestMultiNic:_run_cleanups): 200 GET http://10.180.1.21/compute/v2.1/servers/5291c04c-24ad-4c64-9fc2-fde42da4bc0f 2.042s
2025-11-14 16:48:55.307 65742 INFO tempest.lib.common.rest_client [req-ea274b65-1c12-49d5-9ff9-af3af8a72d7a req-ea274b65-1c12-49d5-9ff9-af3af8a72d7a ] Request (SecurityGroupsNegativeTestJSON:tearDownClass): 204 DELETE http://10.180.1.21/identity/v3/users/eee45883ea7e40f5a6d20a71753fdde8 0.142s
2025-11-14 16:48:55.307 65742 INFO tempest.lib.common.dynamic_creds [-] Deleting project and security group for project: b4b3907e1c7e4278991e0ea60aa2bfac
2025-11-14 16:48:55.350 65742 INFO tempest.lib.common.rest_client [req-543f830c-127c-4f90-86da-f7a8237428c2 req-543f830c-127c-4f90-86da-f7a8237428c2 ] Request (SecurityGroupsNegativeTestJSON:tearDownClass): 200 GET http://10.180.1.21/networking/v2.0/security-groups?tenant_id=b4b3907e1c7e4278991e0ea60aa2bfac&name=default 0.042s
2025-11-14 16:48:55.424 65792 INFO tempest.lib.common.rest_client [req-38220139-d13e-44ed-899f-de214750d334 req-38220139-d13e-44ed-899f-de214750d334 ] Request (FlavorsAccessNegativeTestJSON:tearDownClass): 200 GET http://10.180.1.21/networking/v2.0/security-groups?tenant_id=c5a56cf00e1b49829507999394ca1937&name=default 0.149s
2025-11-14 16:48:55.459 65746 INFO tempest.lib.common.rest_client [req-6b65125e-9177-4e0e-856a-dd45d7584081 req-6b65125e-9177-4e0e-856a-dd45d7584081 ] Request (ServersAdminTestJSON:test_create_server_with_scheduling_hint): 200 GET http://10.180.1.21/compute/v2.1/servers/0673a0d2-76ac-4cd5-8cc3-b8596877c641 1.927s
2025-11-14 16:48:55.466 65744 INFO tempest.lib.common.rest_client [req-7eb71cb4-6888-471a-98a3-d5835decdc9f req-7eb71cb4-6888-471a-98a3-d5835decdc9f ] Request (FlavorsAdminTestJSON:test_create_flavor_using_string_ram): 200 POST http://10.180.1.21/compute/v2.1/flavors 1.853s
2025-11-14 16:48:55.489 65742 INFO tempest.lib.common.rest_client [req-d28fe5d0-6a13-43df-a2d3-081ee142de8c req-d28fe5d0-6a13-43df-a2d3-081ee142de8c ] Request (SecurityGroupsNegativeTestJSON:tearDownClass): 204 DELETE http://10.180.1.21/networking/v2.0/security-groups/0d8d385c-c3be-45b7-8e54-1fac5d296692 0.138s
2025-11-14 16:48:55.522 65776 INFO tempest.lib.common.rest_client [req-1094393e-cf2b-4aea-a52d-ea777401f5f2 req-1094393e-cf2b-4aea-a52d-ea777401f5f2 ] Request (ImagesOneServerNegativeTestJSON:_run_cleanups): 200 GET http://10.180.1.21/compute/v2.1/servers/60067529-1071-4295-b1c9-21523bf347d9 1.875s
2025-11-14 16:48:55.527 65792 INFO tempest.lib.common.rest_client [req-0049e1b3-292e-4764-931a-799d6e829ec5 req-0049e1b3-292e-4764-931a-799d6e829ec5 ] Request (FlavorsAccessNegativeTestJSON:tearDownClass): 204 DELETE http://10.180.1.21/networking/v2.0/security-groups/298f24c5-f86e-49e3-9243-72139588192b 0.103s
2025-11-14 16:48:55.594 65742 INFO tempest.lib.common.rest_client [req-34b877f9-8fbe-4c2b-bfe4-c3751166fc5e req-34b877f9-8fbe-4c2b-bfe4-c3751166fc5e ] Request (SecurityGroupsNegativeTestJSON:tearDownClass): 204 DELETE http://10.180.1.21/identity/v3/projects/b4b3907e1c7e4278991e0ea60aa2bfac 0.105s
2025-11-14 16:48:55.595 65792 INFO tempest.lib.common.rest_client [req-4b4baaaf-c5da-45c6-b02f-c01b9b899897 req-4b4baaaf-c5da-45c6-b02f-c01b9b899897 ] Request (FlavorsAccessNegativeTestJSON:tearDownClass): 204 DELETE http://10.180.1.21/identity/v3/projects/c5a56cf00e1b49829507999394ca1937 0.067s
2025-11-14 16:48:55.595 65792 INFO tempest.lib.common.dynamic_creds [-] Deleting project and security group for project: 609768d31c3b4abb9b1a73b74f89151c
2025-11-14 16:48:55.636 65789 INFO tempest.lib.common.rest_client [req-f168884d-3ab5-43b3-8e6d-8d6b4e8356bb req-f168884d-3ab5-43b3-8e6d-8d6b4e8356bb ] Request (ListServerFiltersTestJSON:test_list_servers_filter_by_shutoff_status): 200 GET http://10.180.1.21/compute/v2.1/servers/649b4e21-fc55-415c-a1f3-ec724397b874 1.805s
2025-11-14 16:48:55.773 65792 INFO tempest.lib.common.rest_client [req-be67abfd-9364-4ee6-ae06-4c0ec049e211 req-be67abfd-9364-4ee6-ae06-4c0ec049e211 ] Request (FlavorsAccessNegativeTestJSON:tearDownClass): 200 GET http://10.180.1.21/networking/v2.0/security-groups?tenant_id=609768d31c3b4abb9b1a73b74f89151c&name=default 0.177s
2025-11-14 16:48:55.784 65800 INFO tempest.lib.common.rest_client [req-bed09368-9d5f-4a31-ab89-95fced728b26 req-bed09368-9d5f-4a31-ab89-95fced728b26 ] Request (FloatingIPsAssociationNegativeTestJSON:tearDownClass): 200 GET http://10.180.1.21/compute/v2.1/servers/bf79fbcd-e943-4ff3-bcf8-6a2817df8292 1.851s
2025-11-14 16:48:55.923 65792 INFO tempest.lib.common.rest_client [req-bdd86733-a0b7-49e9-b660-8f890cb79466 req-bdd86733-a0b7-49e9-b660-8f890cb79466 ] Request (FlavorsAccessNegativeTestJSON:tearDownClass): 204 DELETE http://10.180.1.21/networking/v2.0/security-groups/d1631b5c-a155-47ac-aced-62fbca616547 0.149s
2025-11-14 16:48:56.034 65798 INFO tempest.lib.common.rest_client [req-1cfdf9e5-56c8-45f9-8074-7f3fc45a12aa req-1cfdf9e5-56c8-45f9-8074-7f3fc45a12aa ] Request (ImagesTestJSON:test_create_image_from_stopped_server): 200 GET http://10.180.1.21/compute/v2.1/servers/54ae4cd5-76d2-4e76-9528-6f511c4dca23 1.840s
2025-11-14 16:48:56.090 65794 INFO tempest.lib.common.rest_client [req-e4e65bd5-9f59-46cb-83d7-6d3f61a440e6 req-e4e65bd5-9f59-46cb-83d7-6d3f61a440e6 ] Request (SecurityGroupsTestJSON:test_server_security_groups): 202 POST http://10.180.1.21/compute/v2.1/servers 2.242s
2025-11-14 16:48:56.115 65738 INFO tempest.lib.common.rest_client [req-46c7e4bc-d1f3-4bc7-806a-0e5b39cef45a req-46c7e4bc-d1f3-4bc7-806a-0e5b39cef45a ] Request (VolumesAssistedSnapshotsTest:_run_cleanups): 200 GET http://10.180.1.21/volume/v3/volumes/3b3ed2bd-062e-4d87-8958-ddafcb01885d 0.040s
2025-11-14 16:48:56.160 65792 INFO tempest.lib.common.rest_client [req-0b07112a-390c-428f-94d0-920b170c1fe7 req-0b07112a-390c-428f-94d0-920b170c1fe7 ] Request (FlavorsAccessNegativeTestJSON:tearDownClass): 204 DELETE http://10.180.1.21/identity/v3/projects/609768d31c3b4abb9b1a73b74f89151c 0.236s
2025-11-14 16:48:56.241 65756 INFO tempest.lib.common.rest_client [req-ee811aa6-33b3-421f-884e-407e60c34842 req-ee811aa6-33b3-421f-884e-407e60c34842 ] Request (ServerGroupTestJSON:_run_cleanups): 200 GET http://10.180.1.21/compute/v2.1/servers/950efcc6-7e4f-4b30-b0fa-d940f893e1d5 1.431s
2025-11-14 16:48:56.253 65792 INFO tempest.lib.common.rest_client [req-9912ab26-2a4a-4bd2-bef3-0ac924c146d4 req-9912ab26-2a4a-4bd2-bef3-0ac924c146d4 ] Request (HypervisorAdminNegativeUnderV252Test:setUpClass): 201 POST http://10.180.1.21/identity/v3/auth/tokens 0.092s
2025-11-14 16:48:56.274 65752 INFO tempest.lib.common.rest_client [req-929db9f4-4f37-4bb0-99ee-0ab393cc22b7 req-929db9f4-4f37-4bb0-99ee-0ab393cc22b7 ] Request (MigrationsAdminTest:test_list_migrations_in_flavor_resize_situation): 200 GET http://10.180.1.21/compute/v2.1/servers/42b9edf6-1873-49c3-8074-8eef654ac371 2.007s
2025-11-14 16:48:56.299 65762 INFO tempest.lib.common.rest_client [req-20569eec-4d0c-481d-881a-a2bdb62afbaa req-20569eec-4d0c-481d-881a-a2bdb62afbaa ] Request (ServersTestManualDisk:tearDownClass): 202 DELETE http://10.180.1.21/compute/v2.1/os-keypairs/tempest-keypair-508968541 1.320s
2025-11-14 16:48:56.306 65792 INFO tempest.lib.common.rest_client [req-94e53602-0d08-451a-9b80-a39085e7596b req-94e53602-0d08-451a-9b80-a39085e7596b ] Request (HypervisorAdminNegativeUnderV252Test:setUpClass): 201 POST http://10.180.1.21/identity/v3/auth/tokens 0.049s
2025-11-14 16:48:56.312 65768 INFO tempest.lib.common.rest_client [req-cb831423-0489-40eb-95cf-b8bf8825f46a req-cb831423-0489-40eb-95cf-b8bf8825f46a ] Request (ServersTestBootFromVolume:setUpClass): 200 GET http://10.180.1.21/volume/v3/volumes/562ed51f-6604-4a40-be52-647787924294 0.035s
2025-11-14 16:48:56.344 65792 INFO tempest.lib.common.rest_client [req-4975f143-63dd-49c1-a04b-5d26e25d6b15 req-4975f143-63dd-49c1-a04b-5d26e25d6b15 ] Request (HypervisorAdminNegativeUnderV252Test:setUpClass): 200 GET http://10.180.1.21/identity/v3/domains?name=Default 0.037s
2025-11-14 16:48:56.350 65750 INFO tempest.lib.common.rest_client [req-6ffdd1d0-fbc7-4b79-beb1-e557880ed40d req-6ffdd1d0-fbc7-4b79-beb1-e557880ed40d ] Request (DeleteServersAdminTestJSON:test_delete_server_while_in_error_state): 200 GET http://10.180.1.21/compute/v2.1/servers/69fdd5df-a9f2-486f-8a79-87c034366083 1.453s
2025-11-14 16:48:56.376 65744 INFO tempest.lib.common.rest_client [req-c8f629e1-ff7d-419c-b596-022d80617b84 req-c8f629e1-ff7d-419c-b596-022d80617b84 ] Request (FlavorsAdminTestJSON:_run_cleanups): 202 DELETE http://10.180.1.21/compute/v2.1/flavors/711319153 0.907s
2025-11-14 16:48:56.389 65792 INFO tempest.lib.common.rest_client [req-c1ebf6fb-bb51-43bd-94a9-22d77829ea8b req-c1ebf6fb-bb51-43bd-94a9-22d77829ea8b ] Request (HypervisorAdminNegativeUnderV252Test:setUpClass): 201 POST http://10.180.1.21/identity/v3/projects 0.045s
2025-11-14 16:48:56.411 65762 INFO tempest.lib.common.rest_client [req-20611576-2860-449a-908d-b53b4a95ef1f req-20611576-2860-449a-908d-b53b4a95ef1f ] Request (ServersTestManualDisk:tearDownClass): 204 DELETE http://10.180.1.21/networking/v2.0/security-groups/fc086780-bf73-46cb-9bcf-36a8f25a3bc6 0.111s
2025-11-14 16:48:56.434 65762 INFO tempest.lib.common.rest_client [req-4f392e4e-3e8a-4779-b98a-75379ded98a6 req-4f392e4e-3e8a-4779-b98a-75379ded98a6 ] Request (ServersTestManualDisk:tearDownClass): 404 GET http://10.180.1.21/networking/v2.0/security-groups/fc086780-bf73-46cb-9bcf-36a8f25a3bc6 0.023s
2025-11-14 16:48:56.435 65772 INFO tempest.lib.common.rest_client [req-cf621411-6a12-4981-a182-523d34b4bb8d req-cf621411-6a12-4981-a182-523d34b4bb8d ] Request (FloatingIPsAssociationTestJSON:setUpClass): 200 GET http://10.180.1.21/compute/v2.1/servers/7fcbdc79-688c-479f-94e2-f4542abe714b 0.721s
2025-11-14 16:48:56.472 65792 INFO tempest.lib.common.rest_client [req-c15329f6-8934-42a2-b920-e61744b916ab req-c15329f6-8934-42a2-b920-e61744b916ab ] Request (HypervisorAdminNegativeUnderV252Test:setUpClass): 201 POST http://10.180.1.21/identity/v3/users 0.082s
2025-11-14 16:48:56.481 65796 INFO tempest.lib.common.rest_client [req-80637700-b70d-4dee-895c-bf4bcf7dec39 req-80637700-b70d-4dee-895c-bf4bcf7dec39 ] Request (DeleteServersTestJSON:test_delete_server_while_in_attached_volume): 200 GET http://10.180.1.21/compute/v2.1/servers/28fd3828-38ec-426f-b4dc-1e094304780b 1.281s
2025-11-14 16:48:56.501 65770 INFO tempest.lib.common.rest_client [req-56e84ba5-4e77-41c2-a285-78b8667bca87 req-56e84ba5-4e77-41c2-a285-78b8667bca87 ] Request (ListImageFiltersTestJSON:setUpClass): 200 GET http://10.180.1.21/compute/v2.1/servers/483cf486-f0fc-48a4-9db2-970d0f35865a 0.746s
2025-11-14 16:48:56.509 65792 INFO tempest.lib.common.rest_client [req-64b18694-c9b0-4891-8ac7-554c58829808 req-64b18694-c9b0-4891-8ac7-554c58829808 ] Request (HypervisorAdminNegativeUnderV252Test:setUpClass): 200 GET http://10.180.1.21/identity/v3/roles 0.036s
2025-11-14 16:48:56.550 65792 INFO tempest.lib.common.rest_client [req-9b865594-3fd5-427b-a6dd-0edd8dfd795e req-9b865594-3fd5-427b-a6dd-0edd8dfd795e ] Request (HypervisorAdminNegativeUnderV252Test:setUpClass): 204 PUT http://10.180.1.21/identity/v3/projects/379e26c566014b1bb1dbe1e61d37e2eb/users/c7460ff486b9409fa53d0ebce5f34fdd/roles/5b65df60bdbc40a4b1d3b0eed2ca9a06 0.041s
2025-11-14 16:48:56.551 65792 INFO tempest.lib.common.dynamic_creds [-] Dynamic test user c7460ff486b9409fa53d0ebce5f34fdd is created with scope project and roles: ['member']
2025-11-14 16:48:56.551 65792 INFO tempest.lib.common.dynamic_creds [-] Acquired dynamic creds: credentials: Credentials: {'domain_id': 'default', 'domain_name': 'Default', 'username': 'tempest-HypervisorAdminNegativeUnderV252Test-454794993-project-member', 'project_domain_id': 'default', 'project_domain_name': 'Default', 'project_id': '379e26c566014b1bb1dbe1e61d37e2eb', 'project_name': 'tempest-HypervisorAdminNegativeUnderV252Test-454794993', 'tenant_id': '379e26c566014b1bb1dbe1e61d37e2eb', 'tenant_name': 'tempest-HypervisorAdminNegativeUnderV252Test-454794993', 'user_domain_id': 'default', 'user_domain_name': 'Default', 'user_id': 'c7460ff486b9409fa53d0ebce5f34fdd', 'system': None}, Network: None, Subnet: None, Router: None
2025-11-14 16:48:56.551 65792 INFO tempest.lib.common.dynamic_creds [-] Created isolated network resources for: credentials: Credentials: {'domain_id': 'default', 'domain_name': 'Default', 'username': 'tempest-HypervisorAdminNegativeUnderV252Test-454794993-project-member', 'project_domain_id': 'default', 'project_domain_name': 'Default', 'project_id': '379e26c566014b1bb1dbe1e61d37e2eb', 'project_name': 'tempest-HypervisorAdminNegativeUnderV252Test-454794993', 'tenant_id': '379e26c566014b1bb1dbe1e61d37e2eb', 'tenant_name': 'tempest-HypervisorAdminNegativeUnderV252Test-454794993', 'user_domain_id': 'default', 'user_domain_name': 'Default', 'user_id': 'c7460ff486b9409fa53d0ebce5f34fdd', 'system': None}, Network: None, Subnet: None, Router: None
2025-11-14 16:48:56.583 65764 INFO tempest.lib.common.rest_client [req-5121150a-a621-422b-a5a9-934f110bc2ff req-5121150a-a621-422b-a5a9-934f110bc2ff ] Request (ServersListShow296Test:test_list_show_update_rebuild_server_296): 200 GET http://10.180.1.21/compute/v2.1/servers/8b478626-e3dc-42c4-bd59-fa0a71d798c9 0.628s
2025-11-14 16:48:56.588 65740 INFO tempest.lib.common.rest_client [req-425e4b97-b80a-4f7e-afad-7bed8186ee89 req-425e4b97-b80a-4f7e-afad-7bed8186ee89 ] Request (ImagesNegativeTestJSON:test_create_image_from_deleted_server): 200 GET http://10.180.1.21/compute/v2.1/servers/a71d2fa6-006c-4f76-8ae8-467e149297da 0.586s
2025-11-14 16:48:56.596 65764 INFO tempest.common.waiters [-] State transition "REBUILD/rebuilding" ==> "REBUILD/rebuild_spawning" after 2 second wait
2025-11-14 16:48:56.629 65794 INFO tempest.lib.common.rest_client [req-95ea33d6-e1e8-487f-938f-7f2ebc19feb6 req-95ea33d6-e1e8-487f-938f-7f2ebc19feb6 ] Request (SecurityGroupsTestJSON:test_server_security_groups): 200 GET http://10.180.1.21/compute/v2.1/servers/c798006c-3e74-461f-8397-3d8ca0be0a95 0.536s
2025-11-14 16:48:56.649 65792 INFO tempest.lib.common.rest_client [req-cc43b20d-3f1b-4e31-97a5-6e696b8285f3 req-cc43b20d-3f1b-4e31-97a5-6e696b8285f3 ] Request (HypervisorAdminNegativeUnderV252Test:setUpClass): 201 POST http://10.180.1.21/identity/v3/auth/tokens 0.094s
2025-11-14 16:48:56.651 65760 INFO tempest.lib.common.rest_client [req-a2e05bd5-edb7-4e79-ba64-93b044e7c873 req-a2e05bd5-edb7-4e79-ba64-93b044e7c873 ] Request (AttachInterfacesUnderV243Test:test_add_remove_fixed_ip): 200 GET http://10.180.1.21/compute/v2.1/servers/2f66a03b-874b-4bee-9694-49813ecb0c8a 0.496s
2025-11-14 16:48:56.700 65778 INFO tempest.lib.common.rest_client [req-58a82099-7b64-4306-a7f3-42dfc002996d req-58a82099-7b64-4306-a7f3-42dfc002996d ] Request (ServersAdminNegativeTestJSON:setUpClass): 200 GET http://10.180.1.21/compute/v2.1/servers/3657ec21-3ec7-44c9-92d1-570655b58f26 0.516s
2025-11-14 16:48:56.708 65752 INFO tempest.lib.common.rest_client [req-8c183f6e-1666-4a06-9d0a-0ecaab7c84b6 req-8c183f6e-1666-4a06-9d0a-0ecaab7c84b6 ] Request (MigrationsAdminTest:test_list_migrations_in_flavor_resize_situation): 200 POST http://10.180.1.21/compute/v2.1/os-keypairs 0.423s
2025-11-14 16:48:56.762 65792 INFO tempest.lib.common.rest_client [req-a131ab7e-39d8-4cff-a399-86789c1f2af1 req-a131ab7e-39d8-4cff-a399-86789c1f2af1 ] Request (HypervisorAdminNegativeUnderV252Test:setUpClass): 201 POST http://10.180.1.21/identity/v3/projects 0.112s
2025-11-14 16:48:56.771 65762 INFO tempest.lib.common.rest_client [req-2b180293-349f-484e-9f0e-d5961324c1a8 req-2b180293-349f-484e-9f0e-d5961324c1a8 ] Request (ServersTestManualDisk:tearDownClass): 204 DELETE http://10.180.1.21/networking/v2.0/floatingips/77366cb0-580d-4cd0-bff9-c5931360a6cd 0.336s
2025-11-14 16:48:56.795 65754 INFO tempest.lib.common.rest_client [req-9d3e823f-88a4-4e60-89f7-3da794fb42c6 req-9d3e823f-88a4-4e60-89f7-3da794fb42c6 ] Request (InstanceActionsNegativeTestJSON:tearDownClass): 200 GET http://10.180.1.21/compute/v2.1/servers/de8632e0-bf38-440d-b6a3-895efeef122d 0.504s
2025-11-14 16:48:56.811 65782 INFO tempest.lib.common.rest_client [req-b2b180d4-6da0-4571-ad92-f7550b76fc67 req-b2b180d4-6da0-4571-ad92-f7550b76fc67 ] Request (ServersTestMultiNic:_run_cleanups): 200 GET http://10.180.1.21/compute/v2.1/servers/5291c04c-24ad-4c64-9fc2-fde42da4bc0f 0.509s
2025-11-14 16:48:56.832 65744 INFO tempest.lib.common.rest_client [req-7e6c5f62-a3e1-4246-8542-53f09d4b8a5f req-7e6c5f62-a3e1-4246-8542-53f09d4b8a5f ] Request (FlavorsAdminTestJSON:_run_cleanups): 200 GET http://10.180.1.21/compute/v2.1/flavors/detail 0.453s
2025-11-14 16:48:56.835 65792 INFO tempest.lib.common.rest_client [req-fcf1083f-1928-46b3-9951-9bf6f8554a3e req-fcf1083f-1928-46b3-9951-9bf6f8554a3e ] Request (HypervisorAdminNegativeUnderV252Test:setUpClass): 201 POST http://10.180.1.21/identity/v3/users 0.072s
2025-11-14 16:48:56.865 65792 INFO tempest.lib.common.rest_client [req-cfb35285-6bb4-4b74-9e21-1a28e04cfa30 req-cfb35285-6bb4-4b74-9e21-1a28e04cfa30 ] Request (HypervisorAdminNegativeUnderV252Test:setUpClass): 200 GET http://10.180.1.21/identity/v3/roles 0.029s
2025-11-14 16:48:56.870 65752 INFO tempest.lib.common.rest_client [req-40871401-343b-48c6-9b66-ad23f550fc42 req-40871401-343b-48c6-9b66-ad23f550fc42 ] Request (MigrationsAdminTest:test_list_migrations_in_flavor_resize_situation): 201 POST http://10.180.1.21/networking/v2.0/security-groups 0.159s
2025-11-14 16:48:56.905 65792 INFO tempest.lib.common.rest_client [req-573a6c77-965b-4c9e-8c5f-4d57b26fdc8e req-573a6c77-965b-4c9e-8c5f-4d57b26fdc8e ] Request (HypervisorAdminNegativeUnderV252Test:setUpClass): 204 PUT http://10.180.1.21/identity/v3/projects/f55f4e4090e94e4792d76bdf1db7d014/users/18c6f33bba734f0bbea7aff5a9dd7147/roles/8d70323b66a642e2bca1c2b3431f8045 0.037s
2025-11-14 16:48:56.975 65792 INFO tempest.lib.common.rest_client [req-1541b518-ba59-4443-9b3d-3f9e658c6cda req-1541b518-ba59-4443-9b3d-3f9e658c6cda ] Request (HypervisorAdminNegativeUnderV252Test:setUpClass): 200 GET http://10.180.1.21/identity/v3/roles 0.070s
2025-11-14 16:48:56.995 65792 INFO tempest.lib.common.rest_client [req-d743b73f-5190-419f-a3d0-db3d91c588bf req-d743b73f-5190-419f-a3d0-db3d91c588bf ] Request (HypervisorAdminNegativeUnderV252Test:setUpClass): 204 PUT http://10.180.1.21/identity/v3/projects/f55f4e4090e94e4792d76bdf1db7d014/users/18c6f33bba734f0bbea7aff5a9dd7147/roles/8d70323b66a642e2bca1c2b3431f8045 0.020s
2025-11-14 16:48:56.996 65792 INFO tempest.lib.common.dynamic_creds [-] Dynamic test user 18c6f33bba734f0bbea7aff5a9dd7147 is created with scope project and roles: ['admin']
2025-11-14 16:48:56.996 65792 INFO tempest.lib.common.dynamic_creds [-] Acquired dynamic creds: credentials: Credentials: {'domain_id': 'default', 'domain_name': 'Default', 'username': 'tempest-HypervisorAdminNegativeUnderV252Test-1893894072-project-admin', 'project_domain_id': 'default', 'project_domain_name': 'Default', 'project_id': 'f55f4e4090e94e4792d76bdf1db7d014', 'project_name': 'tempest-HypervisorAdminNegativeUnderV252Test-1893894072', 'tenant_id': 'f55f4e4090e94e4792d76bdf1db7d014', 'tenant_name': 'tempest-HypervisorAdminNegativeUnderV252Test-1893894072', 'user_domain_id': 'default', 'user_domain_name': 'Default', 'user_id': '18c6f33bba734f0bbea7aff5a9dd7147', 'system': None}, Network: None, Subnet: None, Router: None
2025-11-14 16:48:56.996 65792 INFO tempest.lib.common.dynamic_creds [-] Created isolated network resources for: credentials: Credentials: {'domain_id': 'default', 'domain_name': 'Default', 'username': 'tempest-HypervisorAdminNegativeUnderV252Test-1893894072-project-admin', 'project_domain_id': 'default', 'project_domain_name': 'Default', 'project_id': 'f55f4e4090e94e4792d76bdf1db7d014', 'project_name': 'tempest-HypervisorAdminNegativeUnderV252Test-1893894072', 'tenant_id': 'f55f4e4090e94e4792d76bdf1db7d014', 'tenant_name': 'tempest-HypervisorAdminNegativeUnderV252Test-1893894072', 'user_domain_id': 'default', 'user_domain_name': 'Default', 'user_id': '18c6f33bba734f0bbea7aff5a9dd7147', 'system': None}, Network: None, Subnet: None, Router: None
2025-11-14 16:48:57.031 65752 INFO tempest.lib.common.rest_client [req-11310560-ef5a-401a-a641-54896bd78e97 req-11310560-ef5a-401a-a641-54896bd78e97 ] Request (MigrationsAdminTest:test_list_migrations_in_flavor_resize_situation): 201 POST http://10.180.1.21/networking/v2.0/security-group-rules 0.161s
2025-11-14 16:48:57.074 65776 INFO tempest.lib.common.rest_client [req-1b1ff878-d877-4021-972a-103aee2ef767 req-1b1ff878-d877-4021-972a-103aee2ef767 ] Request (ImagesOneServerNegativeTestJSON:_run_cleanups): 200 GET http://10.180.1.21/compute/v2.1/servers/60067529-1071-4295-b1c9-21523bf347d9 0.538s
2025-11-14 16:48:57.082 65776 INFO tempest.common.waiters [-] State transition "ACTIVE/deleting" ==> "DELETED/None" after 5 second wait
2025-11-14 16:48:57.085 65774 WARNING tempest.lib.common.ssh [-] Failed to establish authenticated ssh connection to cirros@10.180.180.150 ([Errno None] Unable to connect to port 22 on 10.180.180.150). Number attempts: 4. Retry after 5 seconds.: paramiko.ssh_exception.NoValidConnectionsError: [Errno None] Unable to connect to port 22 on 10.180.180.150
2025-11-14 16:48:57.106 65746 INFO tempest.lib.common.rest_client [req-666afcf6-61b9-4779-947b-8045b30562d8 req-666afcf6-61b9-4779-947b-8045b30562d8 ] Request (ServersAdminTestJSON:test_create_server_with_scheduling_hint): 200 GET http://10.180.1.21/compute/v2.1/servers/0673a0d2-76ac-4cd5-8cc3-b8596877c641 0.633s
2025-11-14 16:48:57.122 65746 INFO tempest.common.waiters [-] State transition "BUILD/spawning" ==> "ACTIVE/None" after 30 second wait
2025-11-14 16:48:57.147 65738 INFO tempest.lib.common.rest_client [req-f8a2e340-f961-4956-beaa-76db071f0851 req-f8a2e340-f961-4956-beaa-76db071f0851 ] Request (VolumesAssistedSnapshotsTest:_run_cleanups): 404 GET http://10.180.1.21/volume/v3/volumes/3b3ed2bd-062e-4d87-8958-ddafcb01885d 0.024s
2025-11-14 16:48:57.166 65792 INFO tempest.lib.common.rest_client [req-d7ad1983-e025-44e8-94ec-487ec352a901 req-d7ad1983-e025-44e8-94ec-487ec352a901 ] Request (HypervisorAdminNegativeUnderV252Test:setUpClass): 201 POST http://10.180.1.21/identity/v3/auth/tokens 0.166s
2025-11-14 16:48:57.220 65746 INFO tempest.lib.common.rest_client [req-0a876167-e2bf-494f-b527-e4192c76f7d1 req-0a876167-e2bf-494f-b527-e4192c76f7d1 ] Request (ServersAdminTestJSON:test_inject_network_info): 201 POST http://10.180.1.21/identity/v3/auth/tokens 0.093s
2025-11-14 16:48:57.221 65746 INFO tempest.lib.common.fixed_network [-] (ServersAdminTestJSON:test_inject_network_info) Found network {'id': 'f8666347-a362-46c8-a867-614d988de655', 'name': 'tempest-ServersAdminTestJSON-1541011363-network', 'tenant_id': 'a9a1bf7c2dad4808a3782a3fba8a25fc', 'project_id': 'a9a1bf7c2dad4808a3782a3fba8a25fc', 'admin_state_up': True, 'mtu': 8950, 'status': 'ACTIVE', 'subnets': [], 'shared': False, 'port_security_enabled': True, 'router:external': False, 'provider:network_type': 'vlan', 'provider:physical_network': 'default', 'provider:segmentation_id': 526, 'availability_zone_hints': [], 'availability_zones': [], 'ipv4_address_scope': None, 'ipv6_address_scope': None, 'description': '', 'tags': [], 'created_at': '2025-11-14T16:47:24Z', 'updated_at': '2025-11-14T16:47:24Z', 'revision_number': 1} available for tenant
2025-11-14 16:48:57.223 65752 INFO tempest.lib.common.rest_client [req-f1c905b7-4797-4497-af3f-783b0368cf17 req-f1c905b7-4797-4497-af3f-783b0368cf17 ] Request (MigrationsAdminTest:test_list_migrations_in_flavor_resize_situation): 201 POST http://10.180.1.21/networking/v2.0/security-group-rules 0.191s
2025-11-14 16:48:57.293 65800 INFO tempest.lib.common.rest_client [req-4333bb36-209e-4b43-ab6a-e6116f712b25 req-4333bb36-209e-4b43-ab6a-e6116f712b25 ] Request (FloatingIPsAssociationNegativeTestJSON:tearDownClass): 200 GET http://10.180.1.21/compute/v2.1/servers/bf79fbcd-e943-4ff3-bcf8-6a2817df8292 0.493s
2025-11-14 16:48:57.312 65744 INFO tempest.lib.common.rest_client [req-73b9d959-45a0-4d42-afed-d4b8d0a42645 req-73b9d959-45a0-4d42-afed-d4b8d0a42645 ] Request (FlavorsAdminTestJSON:test_create_flavor_verify_entry_in_list_details): 200 POST http://10.180.1.21/compute/v2.1/flavors 0.471s
2025-11-14 16:48:57.341 65748 WARNING tempest.lib.common.ssh [-] Failed to establish authenticated ssh connection to cirros@10.180.180.172 ([Errno None] Unable to connect to port 22 on 10.180.180.172). Number attempts: 2. Retry after 3 seconds.: paramiko.ssh_exception.NoValidConnectionsError: [Errno None] Unable to connect to port 22 on 10.180.180.172
2025-11-14 16:48:57.356 65768 INFO tempest.lib.common.rest_client [req-18e959e0-1b79-4b56-b77e-2cd0aae955e1 req-18e959e0-1b79-4b56-b77e-2cd0aae955e1 ] Request (ServersTestBootFromVolume:setUpClass): 200 GET http://10.180.1.21/volume/v3/volumes/562ed51f-6604-4a40-be52-647787924294 0.036s
2025-11-14 16:48:57.695 65752 INFO tempest.lib.common.rest_client [req-d397d6ee-5a51-467d-b111-04be9f8ebbd9 req-d397d6ee-5a51-467d-b111-04be9f8ebbd9 ] Request (MigrationsAdminTest:test_list_migrations_in_flavor_resize_situation): 201 POST http://10.180.1.21/networking/v2.0/floatingips 0.471s
2025-11-14 16:48:57.731 65789 INFO tempest.lib.common.rest_client [req-c93b9555-08e7-4457-ad4a-bf989575fab1 req-c93b9555-08e7-4457-ad4a-bf989575fab1 ] Request (ListServerFiltersTestJSON:test_list_servers_filter_by_shutoff_status): 200 GET http://10.180.1.21/compute/v2.1/servers/649b4e21-fc55-415c-a1f3-ec724397b874 1.082s
2025-11-14 16:48:57.741 65762 INFO tempest.lib.common.rest_client [req-265bbd33-f9ea-432f-8b50-b8fc7b166676 req-265bbd33-f9ea-432f-8b50-b8fc7b166676 ] Request (ServersTestManualDisk:tearDownClass): 200 PUT http://10.180.1.21/networking/v2.0/routers/cb3d7c79-23b4-4fd7-a5d9-8b47da5e1e99/remove_router_interface 0.970s
2025-11-14 16:48:57.821 65798 INFO tempest.lib.common.rest_client [req-5bb3bcd0-9cf9-4984-9337-20e84f345299 req-5bb3bcd0-9cf9-4984-9337-20e84f345299 ] Request (ImagesTestJSON:test_create_image_from_stopped_server): 200 GET http://10.180.1.21/compute/v2.1/servers/54ae4cd5-76d2-4e76-9528-6f511c4dca23 0.777s
2025-11-14 16:48:57.825 65738 INFO tempest.lib.common.rest_client [req-ecb77469-f619-49ab-9365-704e8d124e75 req-ecb77469-f619-49ab-9365-704e8d124e75 ] Request (VolumesAssistedSnapshotsTest:tearDownClass): 204 DELETE http://10.180.1.21/compute/v2.1/servers/8ac44124-d8cf-421c-9ae4-c943df94550a 0.666s
2025-11-14 16:48:57.832 65798 INFO tempest.common.waiters [-] State transition "BUILD/spawning" ==> "ACTIVE/None" after 30 second wait
2025-11-14 16:48:57.943 65792 INFO tempest.lib.common.rest_client [req-70e1a4f4-c3b7-4d73-9df0-c4affe31aadb req-70e1a4f4-c3b7-4d73-9df0-c4affe31aadb ] Request (HypervisorAdminNegativeUnderV252Test:test_search_hypervisor_with_non_admin_user): 200 GET http://10.180.1.21/compute/v2.1/os-hypervisors 0.776s
2025-11-14 16:48:58.090 65756 INFO tempest.lib.common.rest_client [req-72520f6a-3976-4bd4-8e95-421b42a81c29 req-72520f6a-3976-4bd4-8e95-421b42a81c29 ] Request (ServerGroupTestJSON:_run_cleanups): 200 GET http://10.180.1.21/compute/v2.1/servers/950efcc6-7e4f-4b30-b0fa-d940f893e1d5 0.836s
2025-11-14 16:48:58.118 65744 INFO tempest.lib.common.rest_client [req-09adbb1d-b763-4740-a7b8-cea6fe251a0d req-09adbb1d-b763-4740-a7b8-cea6fe251a0d ] Request (FlavorsAdminTestJSON:test_create_flavor_verify_entry_in_list_details): 200 GET http://10.180.1.21/compute/v2.1/flavors/detail 0.804s
2025-11-14 16:48:58.195 65750 INFO tempest.lib.common.rest_client [req-aa27b7f8-3812-492a-b43d-9edd244c6848 req-aa27b7f8-3812-492a-b43d-9edd244c6848 ] Request (DeleteServersAdminTestJSON:test_delete_server_while_in_error_state): 200 GET http://10.180.1.21/compute/v2.1/servers/69fdd5df-a9f2-486f-8a79-87c034366083 0.836s
2025-11-14 16:48:58.204 65762 INFO tempest.lib.common.rest_client [req-e6119f3d-22d9-4af1-a4a9-7330cc42d675 req-e6119f3d-22d9-4af1-a4a9-7330cc42d675 ] Request (ServersTestManualDisk:tearDownClass): 204 DELETE http://10.180.1.21/networking/v2.0/routers/cb3d7c79-23b4-4fd7-a5d9-8b47da5e1e99 0.463s
2025-11-14 16:48:58.247 65746 INFO tempest.lib.common.rest_client [req-bcad7967-7263-4246-827c-a49ca9fee060 req-bcad7967-7263-4246-827c-a49ca9fee060 ] Request (ServersAdminTestJSON:test_inject_network_info): 202 POST http://10.180.1.21/compute/v2.1/servers 1.026s
2025-11-14 16:48:58.250 65772 INFO tempest.lib.common.rest_client [req-552e0285-2daa-4ab8-a84b-987f491fba1e req-552e0285-2daa-4ab8-a84b-987f491fba1e ] Request (FloatingIPsAssociationTestJSON:setUpClass): 200 GET http://10.180.1.21/compute/v2.1/servers/7fcbdc79-688c-479f-94e2-f4542abe714b 0.806s
2025-11-14 16:48:58.344 65762 INFO tempest.lib.common.rest_client [req-20d5a51e-0a03-4d72-a1b0-f457e4c9c81a req-20d5a51e-0a03-4d72-a1b0-f457e4c9c81a ] Request (ServersTestManualDisk:tearDownClass): 204 DELETE http://10.180.1.21/networking/v2.0/subnets/f8b636a8-fe22-41b3-93f1-841cee922d6e 0.139s
2025-11-14 16:48:58.376 65770 INFO tempest.lib.common.rest_client [req-ab186cf1-bd89-4245-9ca9-9b22efc54161 req-ab186cf1-bd89-4245-9ca9-9b22efc54161 ] Request (ListImageFiltersTestJSON:setUpClass): 200 GET http://10.180.1.21/compute/v2.1/servers/483cf486-f0fc-48a4-9db2-970d0f35865a 0.865s
2025-11-14 16:48:58.403 65768 INFO tempest.lib.common.rest_client [req-2b67429d-fae6-4e3f-97df-e5ed008431bb req-2b67429d-fae6-4e3f-97df-e5ed008431bb ] Request (ServersTestBootFromVolume:setUpClass): 200 GET http://10.180.1.21/volume/v3/volumes/562ed51f-6604-4a40-be52-647787924294 0.036s
2025-11-14 16:48:58.426 65796 INFO tempest.lib.common.rest_client [req-3bfc542a-8eac-4993-bacb-604a68be7366 req-3bfc542a-8eac-4993-bacb-604a68be7366 ] Request (DeleteServersTestJSON:test_delete_server_while_in_attached_volume): 200 GET http://10.180.1.21/compute/v2.1/servers/28fd3828-38ec-426f-b4dc-1e094304780b 0.930s
2025-11-14 16:48:58.437 65796 INFO tempest.common.waiters [-] State transition "BUILD/spawning" ==> "ACTIVE/None" after 30 second wait
2025-11-14 16:48:58.472 65764 INFO tempest.lib.common.rest_client [req-22cfd6d1-ab4d-4278-a786-51ddbd50407e req-22cfd6d1-ab4d-4278-a786-51ddbd50407e ] Request (ServersListShow296Test:test_list_show_update_rebuild_server_296): 200 GET http://10.180.1.21/compute/v2.1/servers/8b478626-e3dc-42c4-bd59-fa0a71d798c9 0.875s
2025-11-14 16:48:58.534 65740 INFO tempest.lib.common.rest_client [req-a547182a-4b6c-478f-9651-72a6d2b6efbb req-a547182a-4b6c-478f-9651-72a6d2b6efbb ] Request (ImagesNegativeTestJSON:test_create_image_from_deleted_server): 200 GET http://10.180.1.21/compute/v2.1/servers/a71d2fa6-006c-4f76-8ae8-467e149297da 0.936s
2025-11-14 16:48:58.586 65794 INFO tempest.lib.common.rest_client [req-8a9933e0-9992-4ab5-bd8d-2cd076650600 req-8a9933e0-9992-4ab5-bd8d-2cd076650600 ] Request (SecurityGroupsTestJSON:test_server_security_groups): 200 GET http://10.180.1.21/compute/v2.1/servers/c798006c-3e74-461f-8397-3d8ca0be0a95 0.947s
2025-11-14 16:48:58.593 65794 INFO tempest.common.waiters [-] State transition "BUILD/scheduling" ==> "BUILD/None" after 2 second wait
2025-11-14 16:48:58.607 65752 INFO tempest.lib.common.rest_client [req-62765ca1-986e-45d4-8d70-42f417184c92 req-62765ca1-986e-45d4-8d70-42f417184c92 ] Request (MigrationsAdminTest:test_list_migrations_in_flavor_resize_situation): 200 GET http://10.180.1.21/compute/v2.1/os-migrations 0.912s
2025-11-14 16:48:58.611 65796 INFO tempest.lib.common.rest_client [req-183f3857-a07d-4c86-9866-6194404f7486 req-183f3857-a07d-4c86-9866-6194404f7486 ] Request (DeleteServersTestJSON:test_delete_server_while_in_attached_volume): 202 POST http://10.180.1.21/volume/v3/volumes 0.173s
2025-11-14 16:48:58.622 65760 INFO tempest.lib.common.rest_client [req-6f00791c-ddc0-4b06-83a2-2fe51a55fbf8 req-6f00791c-ddc0-4b06-83a2-2fe51a55fbf8 ] Request (AttachInterfacesUnderV243Test:test_add_remove_fixed_ip): 200 GET http://10.180.1.21/compute/v2.1/servers/2f66a03b-874b-4bee-9694-49813ecb0c8a 0.962s
2025-11-14 16:48:58.660 65796 INFO tempest.lib.common.rest_client [req-a0b9ac5f-0a2d-4332-9636-faa677813ffa req-a0b9ac5f-0a2d-4332-9636-faa677813ffa ] Request (DeleteServersTestJSON:test_delete_server_while_in_attached_volume): 200 GET http://10.180.1.21/volume/v3/volumes/4d7ca81e-377c-4dd0-bf1f-39f6447b0eda 0.038s
2025-11-14 16:48:58.676 65778 INFO tempest.lib.common.rest_client [req-a7cc3b53-7d37-4f21-945c-2dfac9d5d6a6 req-a7cc3b53-7d37-4f21-945c-2dfac9d5d6a6 ] Request (ServersAdminNegativeTestJSON:setUpClass): 200 GET http://10.180.1.21/compute/v2.1/servers/3657ec21-3ec7-44c9-92d1-570655b58f26 0.965s
2025-11-14 16:48:58.687 65762 INFO tempest.lib.common.rest_client [req-1de31a07-c24c-4080-8621-36c8314d986e req-1de31a07-c24c-4080-8621-36c8314d986e ] Request (ServersTestManualDisk:tearDownClass): 204 DELETE http://10.180.1.21/networking/v2.0/networks/8919702d-2cd0-4d13-8f2f-31653142115a 0.343s
2025-11-14 16:48:58.721 65754 INFO tempest.lib.common.rest_client [req-7ef4aa83-880f-49d9-89e1-5fe228344b98 req-7ef4aa83-880f-49d9-89e1-5fe228344b98 ] Request (InstanceActionsNegativeTestJSON:tearDownClass): 200 GET http://10.180.1.21/compute/v2.1/servers/de8632e0-bf38-440d-b6a3-895efeef122d 0.916s
2025-11-14 16:48:58.750 65758 WARNING tempest.lib.common.ssh [-] Failed to establish authenticated ssh connection to cirros@10.180.180.240 ([Errno None] Unable to connect to port 22 on 10.180.180.240). Number attempts: 1. Retry after 2 seconds.: paramiko.ssh_exception.NoValidConnectionsError: [Errno None] Unable to connect to port 22 on 10.180.180.240
2025-11-14 16:48:58.760 65782 INFO tempest.lib.common.rest_client [req-64218cee-1dcc-4c58-9fab-e1cc295cad9a req-64218cee-1dcc-4c58-9fab-e1cc295cad9a ] Request (ServersTestMultiNic:_run_cleanups): 200 GET http://10.180.1.21/compute/v2.1/servers/5291c04c-24ad-4c64-9fc2-fde42da4bc0f 0.940s
2025-11-14 16:48:58.820 65798 INFO tempest.lib.common.rest_client [req-8fbb58da-587a-4fff-9734-75afee52e6e1 req-8fbb58da-587a-4fff-9734-75afee52e6e1 ] Request (ImagesTestJSON:test_create_image_from_stopped_server): 202 POST http://10.180.1.21/compute/v2.1/servers/54ae4cd5-76d2-4e76-9528-6f511c4dca23/action 0.987s
