2025-12-12 14:22:44.464 65516 INFO tempest.lib.common.rest_client [req-67a524f7-adf1-4404-9d85-d8c4be0320b9 req-67a524f7-adf1-4404-9d85-d8c4be0320b9 ] Request (TenantUsagesTestJSON:setUpClass): 200 GET http://10.180.1.21/compute/v2.1/servers/3f69040e-7df3-4535-a3a7-90f3348ef346 0.699s
2025-12-12 14:22:44.522 65502 INFO tempest.lib.common.rest_client [req-a5147c28-8ce4-4f9e-b25d-70a898858a8e req-a5147c28-8ce4-4f9e-b25d-70a898858a8e ] Request (ListServerFiltersTestJSON:test_list_servers_detailed_filter_by_flavor): 200 GET http://10.180.1.21/compute/v2.1/servers/detail?flavor=84 0.841s
2025-12-12 14:22:44.531 65512 INFO tempest.lib.common.rest_client [req-254d1cc9-ebbd-475f-aadb-92bc0fa7f82a req-254d1cc9-ebbd-475f-aadb-92bc0fa7f82a ] Request (HostsAdminNegativeTestJSON:test_show_host_detail_with_nonexistent_hostname): 404 GET http://10.180.1.21/compute/v2.1/os-hosts/nonexistent_hostname 0.670s
2025-12-12 14:22:44.545 65490 INFO tempest.lib.common.rest_client [req-40d0feda-a4b8-4db3-8d8a-dee3dcdf2012 req-40d0feda-a4b8-4db3-8d8a-dee3dcdf2012 ] Request (MigrationsAdminTest:test_resize_server_revert_deleted_flavor): 200 GET http://10.180.1.21/compute/v2.1/servers/293f93f2-c01d-42c8-b1a7-3056805c77de 0.702s
2025-12-12 14:22:44.592 65484 INFO tempest.lib.common.rest_client [req-36465cc9-aa76-479f-8805-87df1684b41b req-36465cc9-aa76-479f-8805-87df1684b41b ] Request (ServersAdminTestJSON:test_create_server_with_scheduling_hint): 200 GET http://10.180.1.21/compute/v2.1/servers/b6f6871d-311c-4adb-824e-2907a12f4224 0.589s
2025-12-12 14:22:44.627 65494 INFO tempest.lib.common.rest_client [req-d28f95f0-025d-4fc6-b655-fb028f994f88 req-d28f95f0-025d-4fc6-b655-fb028f994f88 ] Request (VolumesAssistedSnapshotsTest:_run_cleanups): 200 GET http://10.180.1.21/compute/v2.1/servers/4ffc659b-b7a9-42ac-bcd0-0cae8b0ea818/os-volume_attachments 0.499s
2025-12-12 14:22:44.703 65529 INFO tempest.lib.common.rest_client [req-f55482bf-9700-4e4d-93dc-a7ea30546a55 req-f55482bf-9700-4e4d-93dc-a7ea30546a55 ] Request (ServerAddressesNegativeTestJSON:setUpClass): 200 GET http://10.180.1.21/compute/v2.1/servers/aab9317b-4ee6-48b3-905b-859a5996f33d 0.435s
2025-12-12 14:22:44.777 65486 INFO tempest.lib.common.rest_client [req-9afc1bb4-63c4-4a58-a474-2a6a1e7f8d0b req-9afc1bb4-63c4-4a58-a474-2a6a1e7f8d0b ] Request (FloatingIPsAssociationTestJSON:tearDownClass): 200 GET http://10.180.1.21/compute/v2.1/servers/aa9b6708-c53c-4117-9b75-9d506f393395 0.474s
2025-12-12 14:22:44.783 65512 INFO tempest.lib.common.rest_client [req-ab6624c0-fdea-4e54-a74c-5509336c9b25 req-ab6624c0-fdea-4e54-a74c-5509336c9b25 ] Request (HostsAdminNegativeTestJSON:test_shutdown_host_with_non_admin_user): 403 GET http://10.180.1.21/compute/v2.1/os-hosts/devstack/shutdown 0.250s
2025-12-12 14:22:44.794 65486 INFO tempest.common.waiters [-] State transition "ACTIVE/deleting" ==> "DELETED/None" after 3 second wait
2025-12-12 14:22:44.989 65522 INFO tempest.lib.common.rest_client [req-e7b16afc-3d7b-4cf2-bc4f-256653aabc1a req-e7b16afc-3d7b-4cf2-bc4f-256653aabc1a ] Request (ServerActionsTestOtherA:setUpClass): 202 POST http://10.180.1.21/compute/v2.1/servers 0.910s
2025-12-12 14:22:45.031 65502 INFO tempest.lib.common.rest_client [req-48c99697-a2c7-451b-b7ee-ac07efd014ed req-48c99697-a2c7-451b-b7ee-ac07efd014ed ] Request (ListServerFiltersTestJSON:test_list_servers_detailed_filter_by_server_name): 200 GET http://10.180.1.21/compute/v2.1/servers/detail?name=tempest-ListServerFiltersTestJSON-instance-915715214 0.496s
2025-12-12 14:22:45.051 65530 INFO tempest.lib.common.rest_client [req-a9cc4011-2ddc-4e5f-a07a-a307170237e8 req-a9cc4011-2ddc-4e5f-a07a-a307170237e8 ] Request (ServersTestMultiNic:test_verify_multiple_nics_order): 200 GET http://10.180.1.21/compute/v2.1/servers/c1632a96-f334-4978-9f31-97f9329577e5 0.452s
2025-12-12 14:22:45.118 65524 INFO tempest.lib.common.rest_client [req-e6ad249f-206b-42fa-9841-6833e685f186 req-e6ad249f-206b-42fa-9841-6833e685f186 ] Request (ServersListShow298Test:tearDownClass): 200 GET http://10.180.1.21/compute/v2.1/servers/1e4a9d58-f848-4ff2-8558-4f23c6082a5f 0.343s
2025-12-12 14:22:45.130 65512 INFO tempest.lib.common.rest_client [req-66be58e7-adc6-4f71-93a9-1dd62ba32e39 req-66be58e7-adc6-4f71-93a9-1dd62ba32e39 ] Request (HostsAdminNegativeTestJSON:test_shutdown_nonexistent_host): 404 GET http://10.180.1.21/compute/v2.1/os-hosts/nonexistent_hostname/shutdown 0.345s
2025-12-12 14:22:45.138 65520 INFO tempest.lib.common.rest_client [req-2dfecb5d-13cf-4ee9-821c-95fde7716da1 req-2dfecb5d-13cf-4ee9-821c-95fde7716da1 ] Request (FloatingIPsAssociationNegativeTestJSON:setUpClass): 200 GET http://10.180.1.21/compute/v2.1/servers/06a99a15-5c8a-4be0-b393-80a104b9ba76 0.395s
2025-12-12 14:22:45.149 65520 INFO tempest.common.waiters [-] State transition "BUILD/spawning" ==> "ACTIVE/None" after 56 second wait
2025-12-12 14:22:45.201 65476 INFO tempest.lib.common.rest_client [req-17d01d75-564c-4b48-98a5-96473810faa7 req-17d01d75-564c-4b48-98a5-96473810faa7 ] Request (ImagesOneServerNegativeTestJSON:_run_cleanups): 200 GET http://10.180.1.21/compute/v2.1/servers/7a0d0769-31c5-4ae1-8520-a744f64d39c6 0.377s
2025-12-12 14:22:45.214 65514 INFO tempest.lib.common.rest_client [req-31b028af-0add-48a1-b51d-7e1d29c504d5 req-31b028af-0add-48a1-b51d-7e1d29c504d5 ] Request (MultipleCreateTestJSON:tearDownClass): 200 GET http://10.180.1.21/compute/v2.1/servers/ab27fa56-f672-4096-a8f4-cce5ff4d5460 0.363s
2025-12-12 14:22:45.242 65508 INFO tempest.lib.common.rest_client [req-1f3caff7-fa3a-4997-a3cb-9be567f78444 req-1f3caff7-fa3a-4997-a3cb-9be567f78444 ] Request (ListImageFiltersTestJSON:setUpClass): 200 GET http://10.180.1.21/compute/v2.1/images/8480a96c-0246-4ea4-bd11-5ba473dc27b5 0.383s
2025-12-12 14:22:45.270 65534 INFO tempest.lib.common.rest_client [req-640b55d8-7dce-4409-b84f-316eb8c17704 req-640b55d8-7dce-4409-b84f-316eb8c17704 ] Request (SecurityGroupsTestJSON:test_server_security_groups): 200 GET http://10.180.1.21/compute/v2.1/servers/19b1f3f9-842e-4150-8890-b0b22393c3af 0.347s
2025-12-12 14:22:45.298 65474 INFO tempest.lib.common.rest_client [req-6e3010b5-0e5b-48d4-ae3e-3130c9caaaa1 req-6e3010b5-0e5b-48d4-ae3e-3130c9caaaa1 ] Request (ImagesOneServerTestJSON:tearDownClass): 200 GET http://10.180.1.21/compute/v2.1/servers/46f89cfb-14aa-483d-aa8a-bc91356272ca 0.360s
2025-12-12 14:22:45.316 65522 INFO tempest.lib.common.rest_client [req-a6e02331-0aee-41e8-b908-4d70798fbf98 req-a6e02331-0aee-41e8-b908-4d70798fbf98 ] Request (ServerActionsTestOtherA:setUpClass): 200 GET http://10.180.1.21/compute/v2.1/servers/4a72fedd-b114-468e-8f34-0caec6ce73fa 0.325s
2025-12-12 14:22:45.361 65538 INFO tempest.lib.common.rest_client [req-c59ad3a0-8b1e-40de-9fed-378e65770523 req-c59ad3a0-8b1e-40de-9fed-378e65770523 ] Request (ServerPasswordTestJSON:setUpClass): 200 GET http://10.180.1.21/compute/v2.1/servers/00362477-c89e-4f60-98a4-d4928081d55e 0.343s
2025-12-12 14:22:45.412 65482 INFO tempest.lib.common.rest_client [req-587bb565-7904-4e68-9386-c421feff90ca req-587bb565-7904-4e68-9386-c421feff90ca ] Request (ServerTagsTestJSON:setUpClass): 200 GET http://10.180.1.21/compute/v2.1/servers/41af3ee5-0ee6-4957-bad0-5aef51d55bd5 0.315s
2025-12-12 14:22:45.418 65512 INFO tempest.lib.common.rest_client [req-48682f7a-f0b1-48b1-8f5e-1f4af7305c25 req-48682f7a-f0b1-48b1-8f5e-1f4af7305c25 ] Request (HostsAdminNegativeTestJSON:test_startup_host_with_non_admin_user): 403 GET http://10.180.1.21/compute/v2.1/os-hosts/devstack/startup 0.286s
2025-12-12 14:22:45.507 65502 INFO tempest.lib.common.rest_client [req-8d043140-cade-4120-b4f0-f239d530b5b9 req-8d043140-cade-4120-b4f0-f239d530b5b9 ] Request (ListServerFiltersTestJSON:test_list_servers_detailed_filter_by_server_status): 200 GET http://10.180.1.21/compute/v2.1/servers/detail?status=active 0.466s
2025-12-12 14:22:45.583 65488 INFO tempest.lib.common.rest_client [req-ef8b820f-1ef9-4cb1-8d8a-413026292f25 req-ef8b820f-1ef9-4cb1-8d8a-413026292f25 ] Request (DeleteServersTestJSON:test_delete_active_server): 200 GET http://10.180.1.21/compute/v2.1/servers/75114f97-fe50-4624-9333-303e411529ea 0.374s
2025-12-12 14:22:45.700 65532 INFO tempest.lib.common.rest_client [req-64609722-381c-44cb-8070-e2c8ad5a3fe4 req-64609722-381c-44cb-8070-e2c8ad5a3fe4 ] Request (ImagesTestJSON:test_create_image_from_suspended_server): 200 GET http://10.180.1.21/compute/v2.1/servers/5b9c3d1a-c314-4a12-8fe3-ce8ed596fb5f 0.476s
2025-12-12 14:22:45.777 65480 INFO tempest.lib.common.rest_client [req-caf3b49e-ea98-4225-b245-4713be68ac5d req-caf3b49e-ea98-4225-b245-4713be68ac5d ] Request (AttachInterfacesUnderV243Test:_run_cleanups): 200 GET http://10.180.1.21/compute/v2.1/servers/5854d21a-d1a8-4043-aec8-b37ff25c40e7 0.509s
2025-12-12 14:22:45.841 65478 INFO tempest.lib.common.rest_client [req-eb4c5a07-40cc-4a30-847c-abbd5cf28349 req-eb4c5a07-40cc-4a30-847c-abbd5cf28349 ] Request (ServersTestJSON:test_create_server_specify_multibyte_character_name): 200 GET http://10.180.1.21/compute/v2.1/servers/f84d7aa1-a90b-4c95-9673-fb1a2af7187c 0.556s
2025-12-12 14:22:45.905 65498 INFO tempest.lib.common.rest_client [req-60e79630-c696-4cdb-b578-e12ff90d6a61 req-60e79630-c696-4cdb-b578-e12ff90d6a61 ] Request (ServerRescueTestJSON:setUpClass): 200 GET http://10.180.1.21/compute/v2.1/servers/ab41ae41-e69d-47fb-a31a-16748fd3b0f2 0.587s
2025-12-12 14:22:45.972 65536 INFO tempest.lib.common.rest_client [req-033d2177-1b4c-497c-884a-80a58416bb79 req-033d2177-1b4c-497c-884a-80a58416bb79 ] Request (ServersAdminNegativeTestJSON:tearDownClass): 200 GET http://10.180.1.21/compute/v2.1/servers/6a4841b6-6076-4e9c-a6cf-a658957e2931 0.598s
2025-12-12 14:22:45.985 65512 INFO tempest.lib.common.rest_client [req-e766815b-296f-470f-a2cd-1153d482e601 req-e766815b-296f-470f-a2cd-1153d482e601 ] Request (HostsAdminNegativeTestJSON:test_startup_nonexistent_host): 404 GET http://10.180.1.21/compute/v2.1/os-hosts/nonexistent_hostname/startup 0.565s
2025-12-12 14:22:46.038 65526 INFO tempest.lib.common.rest_client [req-3cf1288c-fd7f-4787-b677-2b3361a3e695 req-3cf1288c-fd7f-4787-b677-2b3361a3e695 ] Request (VolumesAdminNegativeTest:test_update_attached_volume_with_nonexistent_volume_in_uri): 200 GET http://10.180.1.21/compute/v2.1/servers/50083ee5-9655-4cab-9d50-04a97baac626 0.615s
2025-12-12 14:22:46.079 65520 INFO tempest.lib.common.rest_client [req-4a0de465-b47c-44cf-aeee-21a6265da976 req-4a0de465-b47c-44cf-aeee-21a6265da976 ] Request (FloatingIPsAssociationNegativeTestJSON:test_associate_ip_to_server_with_floating_ip): 200 POST http://10.180.1.21/compute/v2.1/os-floating-ips 0.929s
2025-12-12 14:22:46.087 65516 INFO tempest.lib.common.rest_client [req-a9872aec-0a98-4a53-8f5e-3936dfff9bf3 req-a9872aec-0a98-4a53-8f5e-3936dfff9bf3 ] Request (TenantUsagesTestJSON:setUpClass): 200 GET http://10.180.1.21/compute/v2.1/servers/3f69040e-7df3-4535-a3a7-90f3348ef346 0.615s
2025-12-12 14:22:46.138 65490 INFO tempest.lib.common.rest_client [req-33e50cd9-6597-4c72-9d36-ee9ad12a255e req-33e50cd9-6597-4c72-9d36-ee9ad12a255e ] Request (MigrationsAdminTest:test_resize_server_revert_deleted_flavor): 200 GET http://10.180.1.21/compute/v2.1/servers/293f93f2-c01d-42c8-b1a7-3056805c77de 0.583s
2025-12-12 14:22:46.185 65484 INFO tempest.lib.common.rest_client [req-31f9823b-5858-4262-b93a-e28def964933 req-31f9823b-5858-4262-b93a-e28def964933 ] Request (ServersAdminTestJSON:test_create_server_with_scheduling_hint): 200 GET http://10.180.1.21/compute/v2.1/servers/b6f6871d-311c-4adb-824e-2907a12f4224 0.584s
2025-12-12 14:22:46.192 65484 INFO tempest.common.waiters [-] State transition "BUILD/scheduling" ==> "BUILD/None" after 14 second wait
2025-12-12 14:22:46.222 65502 INFO tempest.lib.common.rest_client [req-502c7f13-0fa3-4872-861f-377bc7e20cce req-502c7f13-0fa3-4872-861f-377bc7e20cce ] Request (ListServerFiltersTestJSON:test_list_servers_detailed_limit_results): 200 GET http://10.180.1.21/compute/v2.1/servers/detail?limit=1 0.695s
2025-12-12 14:22:46.226 65494 INFO tempest.lib.common.rest_client [req-f034b014-550d-4f63-af27-cd3dfc45ec45 req-f034b014-550d-4f63-af27-cd3dfc45ec45 ] Request (VolumesAssistedSnapshotsTest:_run_cleanups): 200 GET http://10.180.1.21/compute/v2.1/servers/4ffc659b-b7a9-42ac-bcd0-0cae8b0ea818/os-volume_attachments 0.596s
2025-12-12 14:22:46.277 65529 INFO tempest.lib.common.rest_client [req-87fac723-8572-4a0c-9620-62e04e82e315 req-87fac723-8572-4a0c-9620-62e04e82e315 ] Request (ServerAddressesNegativeTestJSON:setUpClass): 200 GET http://10.180.1.21/compute/v2.1/servers/aab9317b-4ee6-48b3-905b-859a5996f33d 0.564s
2025-12-12 14:22:46.288 65486 INFO tempest.lib.common.rest_client [req-d626247e-4996-4fbb-81af-a948518d910a req-d626247e-4996-4fbb-81af-a948518d910a ] Request (FloatingIPsAssociationTestJSON:tearDownClass): 200 GET http://10.180.1.21/compute/v2.1/servers/aa9b6708-c53c-4117-9b75-9d506f393395 0.492s
2025-12-12 14:22:46.291 65512 INFO tempest.lib.common.rest_client [req-e62beda7-a509-40e0-9fd4-40a7b24fa8ff req-e62beda7-a509-40e0-9fd4-40a7b24fa8ff ] Request (HostsAdminNegativeTestJSON:test_update_host_with_invalid_maintenance_mode): 400 PUT http://10.180.1.21/compute/v2.1/os-hosts/devstack 0.305s
2025-12-12 14:22:46.344 65530 INFO tempest.lib.common.rest_client [req-0d49b303-3e06-4572-9f37-bf19a8ee6905 req-0d49b303-3e06-4572-9f37-bf19a8ee6905 ] Request (ServersTestMultiNic:test_verify_multiple_nics_order): 200 GET http://10.180.1.21/compute/v2.1/servers/c1632a96-f334-4978-9f31-97f9329577e5 0.284s
2025-12-12 14:22:46.410 65524 INFO tempest.lib.common.rest_client [req-8ddff9d7-54ff-4f89-af6c-58b2c16bc2be req-8ddff9d7-54ff-4f89-af6c-58b2c16bc2be ] Request (ServersListShow298Test:tearDownClass): 200 GET http://10.180.1.21/compute/v2.1/servers/1e4a9d58-f848-4ff2-8558-4f23c6082a5f 0.282s
2025-12-12 14:22:46.462 65476 INFO tempest.lib.common.rest_client [req-0df24b66-20ad-4b9f-8882-0eeef7cfc5a7 req-0df24b66-20ad-4b9f-8882-0eeef7cfc5a7 ] Request (ImagesOneServerNegativeTestJSON:_run_cleanups): 200 GET http://10.180.1.21/compute/v2.1/servers/7a0d0769-31c5-4ae1-8520-a744f64d39c6 0.252s
2025-12-12 14:22:46.517 65514 INFO tempest.lib.common.rest_client [req-cc259479-c249-4936-a5c2-3b2355804617 req-cc259479-c249-4936-a5c2-3b2355804617 ] Request (MultipleCreateTestJSON:tearDownClass): 200 GET http://10.180.1.21/compute/v2.1/servers/ab27fa56-f672-4096-a8f4-cce5ff4d5460 0.294s
2025-12-12 14:22:46.596 65502 INFO tempest.lib.common.rest_client [req-1e560b77-6439-469b-91ab-93f73e7d2674 req-1e560b77-6439-469b-91ab-93f73e7d2674 ] Request (ListServerFiltersTestJSON:test_list_servers_filter_by_active_status): 200 GET http://10.180.1.21/compute/v2.1/servers?status=active 0.365s
2025-12-12 14:22:46.642 65508 INFO tempest.lib.common.rest_client [req-ffcb5722-7d68-44e5-abb7-1513ba2087ff req-ffcb5722-7d68-44e5-abb7-1513ba2087ff ] Request (ListImageFiltersTestJSON:setUpClass): 200 GET http://10.180.1.21/compute/v2.1/images/8480a96c-0246-4ea4-bd11-5ba473dc27b5 0.397s
2025-12-12 14:22:46.706 65534 INFO tempest.lib.common.rest_client [req-d2c5d384-4577-47fb-acb0-513bec0363c6 req-d2c5d384-4577-47fb-acb0-513bec0363c6 ] Request (SecurityGroupsTestJSON:test_server_security_groups): 200 GET http://10.180.1.21/compute/v2.1/servers/19b1f3f9-842e-4150-8890-b0b22393c3af 0.426s
2025-12-12 14:22:46.712 65512 INFO tempest.lib.common.rest_client [req-75e79135-4ed3-4756-841e-f015537750da req-75e79135-4ed3-4756-841e-f015537750da ] Request (HostsAdminNegativeTestJSON:test_update_host_with_invalid_status): 400 PUT http://10.180.1.21/compute/v2.1/os-hosts/devstack 0.419s
2025-12-12 14:22:46.772 65474 INFO tempest.lib.common.rest_client [req-87447e2b-f479-4d44-9725-5183f08ad9e0 req-87447e2b-f479-4d44-9725-5183f08ad9e0 ] Request (ImagesOneServerTestJSON:tearDownClass): 200 GET http://10.180.1.21/compute/v2.1/servers/46f89cfb-14aa-483d-aa8a-bc91356272ca 0.463s
2025-12-12 14:22:46.842 65522 INFO tempest.lib.common.rest_client [req-103703d8-0621-4812-a433-a0bb3149ec1f req-103703d8-0621-4812-a433-a0bb3149ec1f ] Request (ServerActionsTestOtherA:setUpClass): 200 GET http://10.180.1.21/compute/v2.1/servers/4a72fedd-b114-468e-8f34-0caec6ce73fa 0.517s
2025-12-12 14:22:46.943 65538 INFO tempest.lib.common.rest_client [req-592e2b9c-a9ca-4ff1-8385-2f286254c334 req-592e2b9c-a9ca-4ff1-8385-2f286254c334 ] Request (ServerPasswordTestJSON:setUpClass): 200 GET http://10.180.1.21/compute/v2.1/servers/00362477-c89e-4f60-98a4-d4928081d55e 0.574s
2025-12-12 14:22:47.011 65482 INFO tempest.lib.common.rest_client [req-40cc8fbf-6d2f-48fd-95cc-e7a0498248dc req-40cc8fbf-6d2f-48fd-95cc-e7a0498248dc ] Request (ServerTagsTestJSON:setUpClass): 200 GET http://10.180.1.21/compute/v2.1/servers/41af3ee5-0ee6-4957-bad0-5aef51d55bd5 0.588s
2025-12-12 14:22:47.067 65488 INFO tempest.lib.common.rest_client [req-ad04aef8-82c5-4dac-b023-777285d61401 req-ad04aef8-82c5-4dac-b023-777285d61401 ] Request (DeleteServersTestJSON:test_delete_active_server): 200 GET http://10.180.1.21/compute/v2.1/servers/75114f97-fe50-4624-9333-303e411529ea 0.473s
2025-12-12 14:22:47.132 65502 INFO tempest.lib.common.rest_client [req-e657aeb8-609a-4260-ba8b-c0be85073412 req-e657aeb8-609a-4260-ba8b-c0be85073412 ] Request (ListServerFiltersTestJSON:test_list_servers_filter_by_exceed_limit): 200 GET http://10.180.1.21/compute/v2.1/servers?limit=100000 0.530s
2025-12-12 14:22:47.216 65520 INFO tempest.lib.common.rest_client [req-8734b96f-ea76-4802-ba38-548236b523a6 req-8734b96f-ea76-4802-ba38-548236b523a6 ] Request (FloatingIPsAssociationNegativeTestJSON:test_associate_ip_to_server_with_floating_ip): 202 POST http://10.180.1.21/compute/v2.1/servers/06a99a15-5c8a-4be0-b393-80a104b9ba76/action 1.133s
2025-12-12 14:22:47.223 65512 INFO tempest.lib.common.rest_client [req-6fd3444e-bbf0-4ea0-9a43-1f80e993fbdf req-6fd3444e-bbf0-4ea0-9a43-1f80e993fbdf ] Request (HostsAdminNegativeTestJSON:test_update_host_with_non_admin_user): 403 PUT http://10.180.1.21/compute/v2.1/os-hosts/devstack 0.510s
2025-12-12 14:22:47.239 65532 INFO tempest.lib.common.rest_client [req-63c57e05-e7a9-4725-8b62-8b96c0a13623 req-63c57e05-e7a9-4725-8b62-8b96c0a13623 ] Request (ImagesTestJSON:test_create_image_from_suspended_server): 200 GET http://10.180.1.21/compute/v2.1/servers/5b9c3d1a-c314-4a12-8fe3-ce8ed596fb5f 0.528s
2025-12-12 14:22:47.287 65478 INFO tempest.lib.common.rest_client [req-4dad36c5-fa42-4aee-98ed-7f5117540e18 req-4dad36c5-fa42-4aee-98ed-7f5117540e18 ] Request (ServersTestJSON:test_create_server_specify_multibyte_character_name): 200 GET http://10.180.1.21/compute/v2.1/servers/f84d7aa1-a90b-4c95-9673-fb1a2af7187c 0.437s
2025-12-12 14:22:47.292 65480 INFO tempest.lib.common.rest_client [req-4d3d92bd-8c36-44d8-b0e8-efdd3b98f45b req-4d3d92bd-8c36-44d8-b0e8-efdd3b98f45b ] Request (AttachInterfacesUnderV243Test:_run_cleanups): 200 GET http://10.180.1.21/compute/v2.1/servers/5854d21a-d1a8-4043-aec8-b37ff25c40e7 0.506s
2025-12-12 14:22:47.341 65498 INFO tempest.lib.common.rest_client [req-d233102f-0fce-4186-a864-d8cb8c76d25e req-d233102f-0fce-4186-a864-d8cb8c76d25e ] Request (ServerRescueTestJSON:setUpClass): 200 GET http://10.180.1.21/compute/v2.1/servers/ab41ae41-e69d-47fb-a31a-16748fd3b0f2 0.427s
2025-12-12 14:22:47.368 65536 INFO tempest.lib.common.rest_client [req-a40f3e9a-3d73-4d6c-b4d9-ed3a196f39d5 req-a40f3e9a-3d73-4d6c-b4d9-ed3a196f39d5 ] Request (ServersAdminNegativeTestJSON:tearDownClass): 200 GET http://10.180.1.21/compute/v2.1/servers/6a4841b6-6076-4e9c-a6cf-a658957e2931 0.386s
2025-12-12 14:22:47.387 65526 INFO tempest.lib.common.rest_client [req-2e54fabe-5e5e-4cc0-ae21-3d505e1c830f req-2e54fabe-5e5e-4cc0-ae21-3d505e1c830f ] Request (VolumesAdminNegativeTest:test_update_attached_volume_with_nonexistent_volume_in_uri): 200 GET http://10.180.1.21/compute/v2.1/servers/50083ee5-9655-4cab-9d50-04a97baac626 0.341s
2025-12-12 14:22:47.424 65516 INFO tempest.lib.common.rest_client [req-fc2c60af-6411-4cdf-acbc-7818d8ff4b6d req-fc2c60af-6411-4cdf-acbc-7818d8ff4b6d ] Request (TenantUsagesTestJSON:setUpClass): 200 GET http://10.180.1.21/compute/v2.1/servers/3f69040e-7df3-4535-a3a7-90f3348ef346 0.330s
2025-12-12 14:22:47.429 65502 INFO tempest.lib.common.rest_client [req-38027781-59b6-4d53-8b75-9e4635731904 req-38027781-59b6-4d53-8b75-9e4635731904 ] Request (ListServerFiltersTestJSON:test_list_servers_filter_by_exceed_limit): 200 GET http://10.180.1.21/compute/v2.1/servers 0.295s
2025-12-12 14:22:47.477 65490 INFO tempest.lib.common.rest_client [req-46c7de3e-afac-4db0-8177-b52dc3cfda60 req-46c7de3e-afac-4db0-8177-b52dc3cfda60 ] Request (MigrationsAdminTest:test_resize_server_revert_deleted_flavor): 200 GET http://10.180.1.21/compute/v2.1/servers/293f93f2-c01d-42c8-b1a7-3056805c77de 0.329s
2025-12-12 14:22:47.479 65484 INFO tempest.lib.common.rest_client [req-a6b8ac56-6d85-465c-9b2a-45a81c6cfb85 req-a6b8ac56-6d85-465c-9b2a-45a81c6cfb85 ] Request (ServersAdminTestJSON:test_create_server_with_scheduling_hint): 200 GET http://10.180.1.21/compute/v2.1/servers/b6f6871d-311c-4adb-824e-2907a12f4224 0.287s
2025-12-12 14:22:47.484 65512 INFO tempest.lib.common.rest_client [req-b28e0ebb-b9eb-471b-adf9-3b859600c785 req-b28e0ebb-b9eb-471b-adf9-3b859600c785 ] Request (HostsAdminNegativeTestJSON:test_update_host_without_param): 400 PUT http://10.180.1.21/compute/v2.1/os-hosts/devstack 0.259s
2025-12-12 14:22:47.513 65494 INFO tempest.lib.common.rest_client [req-f2d9b6b4-e1ec-4e63-94ac-093e6801e46b req-f2d9b6b4-e1ec-4e63-94ac-093e6801e46b ] Request (VolumesAssistedSnapshotsTest:_run_cleanups): 200 GET http://10.180.1.21/compute/v2.1/servers/4ffc659b-b7a9-42ac-bcd0-0cae8b0ea818/os-volume_attachments 0.284s
2025-12-12 14:22:47.565 65529 INFO tempest.lib.common.rest_client [req-89d03802-6fea-4b4d-b6da-d70ca854c465 req-89d03802-6fea-4b4d-b6da-d70ca854c465 ] Request (ServerAddressesNegativeTestJSON:setUpClass): 200 GET http://10.180.1.21/compute/v2.1/servers/aab9317b-4ee6-48b3-905b-859a5996f33d 0.280s
2025-12-12 14:22:47.643 65486 INFO tempest.lib.common.rest_client [req-18a5cbc3-689a-4c48-ae8b-2699a90fbe14 req-18a5cbc3-689a-4c48-ae8b-2699a90fbe14 ] Request (FloatingIPsAssociationTestJSON:tearDownClass): 200 GET http://10.180.1.21/compute/v2.1/servers/aa9b6708-c53c-4117-9b75-9d506f393395 0.345s
2025-12-12 14:22:47.698 65530 INFO tempest.lib.common.rest_client [req-b898639b-594c-490b-9e84-3c2538442a4d req-b898639b-594c-490b-9e84-3c2538442a4d ] Request (ServersTestMultiNic:test_verify_multiple_nics_order): 200 GET http://10.180.1.21/compute/v2.1/servers/c1632a96-f334-4978-9f31-97f9329577e5 0.346s
2025-12-12 14:22:47.782 65524 INFO tempest.lib.common.rest_client [req-b7f8253e-bbcd-4697-b0cb-c062845b35b8 req-b7f8253e-bbcd-4697-b0cb-c062845b35b8 ] Request (ServersListShow298Test:tearDownClass): 200 GET http://10.180.1.21/compute/v2.1/servers/1e4a9d58-f848-4ff2-8558-4f23c6082a5f 0.362s
2025-12-12 14:22:47.917 65502 INFO tempest.lib.common.rest_client [req-bd6ef5cf-dad5-4e6b-9bce-05c06d043d1e req-bd6ef5cf-dad5-4e6b-9bce-05c06d043d1e ] Request (ListServerFiltersTestJSON:test_list_servers_filter_by_flavor): 200 GET http://10.180.1.21/compute/v2.1/servers?flavor=84 0.485s
2025-12-12 14:22:48.015 65476 INFO tempest.lib.common.rest_client [req-09760595-4ee0-4a75-b425-408ef93418aa req-09760595-4ee0-4a75-b425-408ef93418aa ] Request (ImagesOneServerNegativeTestJSON:_run_cleanups): 200 GET http://10.180.1.21/compute/v2.1/servers/7a0d0769-31c5-4ae1-8520-a744f64d39c6 0.546s
2025-12-12 14:22:48.029 65512 INFO tempest.lib.common.rest_client [req-eb228ee1-4067-410a-bbe9-71a7d5b2b5e4 req-eb228ee1-4067-410a-bbe9-71a7d5b2b5e4 ] Request (HostsAdminNegativeTestJSON:test_update_nonexistent_host): 404 PUT http://10.180.1.21/compute/v2.1/os-hosts/nonexistent_hostname 0.543s
2025-12-12 14:22:48.090 65514 INFO tempest.lib.common.rest_client [req-c5f7a6ef-a2d0-407a-87cc-6352cdc9e0c7 req-c5f7a6ef-a2d0-407a-87cc-6352cdc9e0c7 ] Request (MultipleCreateTestJSON:tearDownClass): 200 GET http://10.180.1.21/compute/v2.1/servers/ab27fa56-f672-4096-a8f4-cce5ff4d5460 0.564s
2025-12-12 14:22:48.107 65520 INFO tempest.lib.common.rest_client [req-00d7a9f2-04b0-46a8-90b1-f85ed4bb3bbd req-00d7a9f2-04b0-46a8-90b1-f85ed4bb3bbd ] Request (FloatingIPsAssociationNegativeTestJSON:test_associate_ip_to_server_with_floating_ip): 200 POST http://10.180.1.21/compute/v2.1/os-floating-ips 0.890s
2025-12-12 14:22:48.140 65508 INFO tempest.lib.common.rest_client [req-64e00ecf-d447-4cf2-ad8e-6e1736636e86 req-64e00ecf-d447-4cf2-ad8e-6e1736636e86 ] Request (ListImageFiltersTestJSON:setUpClass): 200 GET http://10.180.1.21/compute/v2.1/images/8480a96c-0246-4ea4-bd11-5ba473dc27b5 0.491s
2025-12-12 14:22:48.161 65512 INFO tempest.lib.common.rest_client [req-aad4777e-e10d-444b-a0dc-05b113545fb4 req-aad4777e-e10d-444b-a0dc-05b113545fb4 ] Request (HostsAdminNegativeTestJSON:tearDownClass): 204 DELETE http://10.180.1.21/identity/v3/users/45b3e44a87744c8490f59dc37fcaccc5 0.130s
2025-12-12 14:22:48.174 65534 INFO tempest.lib.common.rest_client [req-5ac84911-0e26-472d-b542-8b9ef1a6b50c req-5ac84911-0e26-472d-b542-8b9ef1a6b50c ] Request (SecurityGroupsTestJSON:test_server_security_groups): 200 GET http://10.180.1.21/compute/v2.1/servers/19b1f3f9-842e-4150-8890-b0b22393c3af 0.458s
2025-12-12 14:22:48.206 65474 INFO tempest.lib.common.rest_client [req-6fae653a-1f78-4c31-bb81-e2ce29b6efb0 req-6fae653a-1f78-4c31-bb81-e2ce29b6efb0 ] Request (ImagesOneServerTestJSON:tearDownClass): 200 GET http://10.180.1.21/compute/v2.1/servers/46f89cfb-14aa-483d-aa8a-bc91356272ca 0.422s
2025-12-12 14:22:48.234 65522 INFO tempest.lib.common.rest_client [req-0a9697c4-498c-48ec-9189-0d227901c439 req-0a9697c4-498c-48ec-9189-0d227901c439 ] Request (ServerActionsTestOtherA:setUpClass): 200 GET http://10.180.1.21/compute/v2.1/servers/4a72fedd-b114-468e-8f34-0caec6ce73fa 0.380s
2025-12-12 14:22:48.235 65502 INFO tempest.lib.common.rest_client [req-579efe06-5545-4a10-b592-346565bba6cd req-579efe06-5545-4a10-b592-346565bba6cd ] Request (ListServerFiltersTestJSON:test_list_servers_filter_by_limit): 200 GET http://10.180.1.21/compute/v2.1/servers?limit=1 0.312s
2025-12-12 14:22:48.270 65512 INFO tempest.lib.common.rest_client [req-4318bf96-53ca-45c5-97a1-dcd27235cbfb req-4318bf96-53ca-45c5-97a1-dcd27235cbfb ] Request (HostsAdminNegativeTestJSON:tearDownClass): 204 DELETE http://10.180.1.21/identity/v3/users/feb17c932a8345fd8a83222100b76b10 0.108s
2025-12-12 14:22:48.270 65512 INFO tempest.lib.common.dynamic_creds [-] Deleting project and security group for project: f009cbac197a4144a371acb0a3e017c2
2025-12-12 14:22:48.289 65482 INFO tempest.lib.common.rest_client [req-ddf075c6-b70c-46e5-8693-d5314dfac882 req-ddf075c6-b70c-46e5-8693-d5314dfac882 ] Request (ServerTagsTestJSON:setUpClass): 200 GET http://10.180.1.21/compute/v2.1/servers/41af3ee5-0ee6-4957-bad0-5aef51d55bd5 0.267s
2025-12-12 14:22:48.293 65538 INFO tempest.lib.common.rest_client [req-cdf98ca7-0f66-4aa3-ab11-f20ffa7da29d req-cdf98ca7-0f66-4aa3-ab11-f20ffa7da29d ] Request (ServerPasswordTestJSON:setUpClass): 200 GET http://10.180.1.21/compute/v2.1/servers/00362477-c89e-4f60-98a4-d4928081d55e 0.340s
2025-12-12 14:22:48.341 65512 INFO tempest.lib.common.rest_client [req-73c8e5b9-2f25-419c-9d31-beaa387759e2 req-73c8e5b9-2f25-419c-9d31-beaa387759e2 ] Request (HostsAdminNegativeTestJSON:tearDownClass): 201 POST http://10.180.1.21/identity/v3/auth/tokens 0.070s
2025-12-12 14:22:48.349 65488 INFO tempest.lib.common.rest_client [req-a3bbd32f-35e9-40f4-89da-2366c0191412 req-a3bbd32f-35e9-40f4-89da-2366c0191412 ] Request (DeleteServersTestJSON:test_delete_active_server): 200 GET http://10.180.1.21/compute/v2.1/servers/75114f97-fe50-4624-9333-303e411529ea 0.274s
2025-12-12 14:22:48.436 65502 INFO tempest.lib.common.rest_client [req-20f43e24-3e54-41ea-8969-5ef48c65d767 req-20f43e24-3e54-41ea-8969-5ef48c65d767 ] Request (ListServerFiltersTestJSON:test_list_servers_filter_by_server_name): 200 GET http://10.180.1.21/compute/v2.1/servers?name=tempest-ListServerFiltersTestJSON-instance-915715214 0.197s
2025-12-12 14:22:48.469 65510 WARNING tempest.lib.common.ssh [-] Failed to establish authenticated ssh connection to cirros@10.180.180.198 ([Errno None] Unable to connect to port 22 on 10.180.180.198). Number attempts: 6. Retry after 7 seconds.: paramiko.ssh_exception.NoValidConnectionsError: [Errno None] Unable to connect to port 22 on 10.180.180.198
2025-12-12 14:22:48.529 65512 INFO tempest.lib.common.rest_client [req-e2ed9a3f-ad58-402c-b4b3-c8fb46653bd4 req-e2ed9a3f-ad58-402c-b4b3-c8fb46653bd4 ] Request (HostsAdminNegativeTestJSON:tearDownClass): 200 GET http://10.180.1.21/networking/v2.0/security-groups?tenant_id=f009cbac197a4144a371acb0a3e017c2&name=default 0.188s
2025-12-12 14:22:48.602 65520 INFO tempest.lib.common.rest_client [req-be2bb7b8-bc0c-47e5-8e36-026112caead1 req-be2bb7b8-bc0c-47e5-8e36-026112caead1 ] Request (FloatingIPsAssociationNegativeTestJSON:test_associate_ip_to_server_with_floating_ip): 400 POST http://10.180.1.21/compute/v2.1/servers/06a99a15-5c8a-4be0-b393-80a104b9ba76/action 0.492s
2025-12-12 14:22:48.637 65532 INFO tempest.lib.common.rest_client [req-48d6cc9e-d9d3-4718-8ebb-0bbb0abcc1bf req-48d6cc9e-d9d3-4718-8ebb-0bbb0abcc1bf ] Request (ImagesTestJSON:test_create_image_from_suspended_server): 200 GET http://10.180.1.21/compute/v2.1/servers/5b9c3d1a-c314-4a12-8fe3-ce8ed596fb5f 0.390s
2025-12-12 14:22:48.668 65478 INFO tempest.lib.common.rest_client [req-a4de2758-a5e5-4fe7-b808-3b108362fbe0 req-a4de2758-a5e5-4fe7-b808-3b108362fbe0 ] Request (ServersTestJSON:test_create_server_specify_multibyte_character_name): 200 GET http://10.180.1.21/compute/v2.1/servers/f84d7aa1-a90b-4c95-9673-fb1a2af7187c 0.367s
2025-12-12 14:22:48.687 65512 INFO tempest.lib.common.rest_client [req-8e5a1276-3849-4092-8cef-04c899d7d301 req-8e5a1276-3849-4092-8cef-04c899d7d301 ] Request (HostsAdminNegativeTestJSON:tearDownClass): 204 DELETE http://10.180.1.21/networking/v2.0/security-groups/1e62bdf5-dab0-4562-a138-6c9c29186989 0.157s
2025-12-12 14:22:48.704 65480 INFO tempest.lib.common.rest_client [req-4661033b-1085-46c9-8947-669ba98dbf87 req-4661033b-1085-46c9-8947-669ba98dbf87 ] Request (AttachInterfacesUnderV243Test:_run_cleanups): 200 GET http://10.180.1.21/compute/v2.1/servers/5854d21a-d1a8-4043-aec8-b37ff25c40e7 0.402s
2025-12-12 14:22:48.726 65498 INFO tempest.lib.common.rest_client [req-15db50f4-fa31-4a24-b72b-760806d2f1f2 req-15db50f4-fa31-4a24-b72b-760806d2f1f2 ] Request (ServerRescueTestJSON:setUpClass): 200 GET http://10.180.1.21/compute/v2.1/servers/ab41ae41-e69d-47fb-a31a-16748fd3b0f2 0.377s
2025-12-12 14:22:48.759 65512 INFO tempest.lib.common.rest_client [req-479af243-99d3-4c3b-b961-5e8d5fde398c req-479af243-99d3-4c3b-b961-5e8d5fde398c ] Request (HostsAdminNegativeTestJSON:tearDownClass): 204 DELETE http://10.180.1.21/identity/v3/projects/f009cbac197a4144a371acb0a3e017c2 0.071s
2025-12-12 14:22:48.759 65512 INFO tempest.lib.common.dynamic_creds [-] Deleting project and security group for project: 533b15850d214e0dab8f85f6b7672a70
2025-12-12 14:22:48.764 65536 INFO tempest.lib.common.rest_client [req-6b597bc5-a58c-41d8-a52d-69ac6199f195 req-6b597bc5-a58c-41d8-a52d-69ac6199f195 ] Request (ServersAdminNegativeTestJSON:tearDownClass): 200 GET http://10.180.1.21/compute/v2.1/servers/6a4841b6-6076-4e9c-a6cf-a658957e2931 0.388s
2025-12-12 14:22:48.788 65526 INFO tempest.lib.common.rest_client [req-cb4e0b2e-dbce-40cf-ac23-7d6766997209 req-cb4e0b2e-dbce-40cf-ac23-7d6766997209 ] Request (VolumesAdminNegativeTest:test_update_attached_volume_with_nonexistent_volume_in_uri): 200 GET http://10.180.1.21/compute/v2.1/servers/50083ee5-9655-4cab-9d50-04a97baac626 0.392s
2025-12-12 14:22:48.840 65516 INFO tempest.lib.common.rest_client [req-7f4edca1-bfd6-4b33-a237-358d86528283 req-7f4edca1-bfd6-4b33-a237-358d86528283 ] Request (TenantUsagesTestJSON:setUpClass): 200 GET http://10.180.1.21/compute/v2.1/servers/3f69040e-7df3-4535-a3a7-90f3348ef346 0.409s
2025-12-12 14:22:48.867 65502 INFO tempest.lib.common.rest_client [req-dabb37f5-4bd8-487c-8454-73c0dfff210a req-dabb37f5-4bd8-487c-8454-73c0dfff210a ] Request (ListServerFiltersTestJSON:test_list_servers_filter_by_shutoff_status): 202 POST http://10.180.1.21/compute/v2.1/servers/c2f9fa49-4273-4885-b59d-0635ed739d65/action 0.425s
2025-12-12 14:22:48.916 65490 INFO tempest.lib.common.rest_client [req-61b3d5d7-04db-4c20-881b-325534326756 req-61b3d5d7-04db-4c20-881b-325534326756 ] Request (MigrationsAdminTest:test_resize_server_revert_deleted_flavor): 200 GET http://10.180.1.21/compute/v2.1/servers/293f93f2-c01d-42c8-b1a7-3056805c77de 0.430s
2025-12-12 14:22:48.918 65512 INFO tempest.lib.common.rest_client [req-d89787c9-d708-426b-84e0-42c24a800c38 req-d89787c9-d708-426b-84e0-42c24a800c38 ] Request (HostsAdminNegativeTestJSON:tearDownClass): 200 GET http://10.180.1.21/networking/v2.0/security-groups?tenant_id=533b15850d214e0dab8f85f6b7672a70&name=default 0.158s
2025-12-12 14:22:48.934 65484 INFO tempest.lib.common.rest_client [req-5003fc7e-6dd5-4179-b763-cb27853d6c64 req-5003fc7e-6dd5-4179-b763-cb27853d6c64 ] Request (ServersAdminTestJSON:test_create_server_with_scheduling_hint): 200 GET http://10.180.1.21/compute/v2.1/servers/b6f6871d-311c-4adb-824e-2907a12f4224 0.444s
2025-12-12 14:22:48.954 65494 INFO tempest.lib.common.rest_client [req-deeffb80-0b7e-4544-8685-fc40a7416488 req-deeffb80-0b7e-4544-8685-fc40a7416488 ] Request (VolumesAssistedSnapshotsTest:_run_cleanups): 200 GET http://10.180.1.21/compute/v2.1/servers/4ffc659b-b7a9-42ac-bcd0-0cae8b0ea818/os-volume_attachments 0.439s
2025-12-12 14:22:48.986 65494 INFO tempest.lib.common.rest_client [req-605d63c0-eb39-47f4-acf6-8dc453a42f7c req-605d63c0-eb39-47f4-acf6-8dc453a42f7c ] Request (VolumesAssistedSnapshotsTest:_run_cleanups): 200 GET http://10.180.1.21/volume/v3/volumes/47f77546-e67e-431f-9d50-fad84e2418eb 0.030s
2025-12-12 14:22:48.991 65529 INFO tempest.lib.common.rest_client [req-5b74fbe4-b25b-45bd-937b-1ee77a5c5203 req-5b74fbe4-b25b-45bd-937b-1ee77a5c5203 ] Request (ServerAddressesNegativeTestJSON:setUpClass): 200 GET http://10.180.1.21/compute/v2.1/servers/aab9317b-4ee6-48b3-905b-859a5996f33d 0.417s
2025-12-12 14:22:48.993 65494 INFO tempest.common.waiters [-] volume 47f77546-e67e-431f-9d50-fad84e2418eb reached available after waiting for 0.993242 seconds
2025-12-12 14:22:49.051 65512 INFO tempest.lib.common.rest_client [req-bf79d16a-aaa2-4935-9d12-5c9673ad3756 req-bf79d16a-aaa2-4935-9d12-5c9673ad3756 ] Request (HostsAdminNegativeTestJSON:tearDownClass): 204 DELETE http://10.180.1.21/networking/v2.0/security-groups/a2240cc8-01f2-487e-a8c6-38f09213ebd9 0.133s
2025-12-12 14:22:49.055 65494 INFO tempest.lib.common.rest_client [req-5e5d7120-f536-4c55-ba30-19ad1092f114 req-5e5d7120-f536-4c55-ba30-19ad1092f114 ] Request (VolumesAssistedSnapshotsTest:_run_cleanups): 202 DELETE http://10.180.1.21/volume/v3/volumes/47f77546-e67e-431f-9d50-fad84e2418eb 0.062s
2025-12-12 14:22:49.078 65486 INFO tempest.lib.common.rest_client [req-9396623f-8186-49ec-93f1-de05aba338df req-9396623f-8186-49ec-93f1-de05aba338df ] Request (FloatingIPsAssociationTestJSON:tearDownClass): 200 GET http://10.180.1.21/compute/v2.1/servers/aa9b6708-c53c-4117-9b75-9d506f393395 0.427s
2025-12-12 14:22:49.091 65494 INFO tempest.lib.common.rest_client [req-a225eeba-1c81-4076-a052-02458b2e99be req-a225eeba-1c81-4076-a052-02458b2e99be ] Request (VolumesAssistedSnapshotsTest:_run_cleanups): 200 GET http://10.180.1.21/volume/v3/volumes/47f77546-e67e-431f-9d50-fad84e2418eb 0.036s
2025-12-12 14:22:49.133 65530 INFO tempest.lib.common.rest_client [req-a3e409f7-5ef3-4953-a382-89025649f2ea req-a3e409f7-5ef3-4953-a382-89025649f2ea ] Request (ServersTestMultiNic:test_verify_multiple_nics_order): 200 GET http://10.180.1.21/compute/v2.1/servers/c1632a96-f334-4978-9f31-97f9329577e5 0.427s
2025-12-12 14:22:49.166 65512 INFO tempest.lib.common.rest_client [req-62c710b9-d34b-4f6e-bb04-8354143dd9da req-62c710b9-d34b-4f6e-bb04-8354143dd9da ] Request (HostsAdminNegativeTestJSON:tearDownClass): 204 DELETE http://10.180.1.21/identity/v3/projects/533b15850d214e0dab8f85f6b7672a70 0.115s
2025-12-12 14:22:49.216 65524 INFO tempest.lib.common.rest_client [req-8d38e789-6a37-450f-a0c4-1a3f4d03afa7 req-8d38e789-6a37-450f-a0c4-1a3f4d03afa7 ] Request (ServersListShow298Test:tearDownClass): 200 GET http://10.180.1.21/compute/v2.1/servers/1e4a9d58-f848-4ff2-8558-4f23c6082a5f 0.416s
2025-12-12 14:22:49.234 65512 INFO tempest.lib.common.rest_client [req-56de754c-878c-4ab2-ac7d-e8ab51f3f6d9 req-56de754c-878c-4ab2-ac7d-e8ab51f3f6d9 ] Request (ServerExternalEventsTest:setUpClass): 201 POST http://10.180.1.21/identity/v3/auth/tokens 0.066s
2025-12-12 14:22:49.265 65512 INFO tempest.lib.common.rest_client [req-bd368162-2bfe-4f29-8f08-a4288959e84a req-bd368162-2bfe-4f29-8f08-a4288959e84a ] Request (ServerExternalEventsTest:setUpClass): 201 POST http://10.180.1.21/identity/v3/auth/tokens 0.027s
2025-12-12 14:22:49.295 65512 INFO tempest.lib.common.rest_client [req-8a140e53-5746-49dc-8c22-3ed1b90eba5b req-8a140e53-5746-49dc-8c22-3ed1b90eba5b ] Request (ServerExternalEventsTest:setUpClass): 200 GET http://10.180.1.21/identity/v3/domains?name=Default 0.029s
2025-12-12 14:22:49.322 65502 INFO tempest.lib.common.rest_client [req-f528789e-262e-4577-8ec0-0f701e4f7472 req-f528789e-262e-4577-8ec0-0f701e4f7472 ] Request (ListServerFiltersTestJSON:test_list_servers_filter_by_shutoff_status): 200 GET http://10.180.1.21/compute/v2.1/servers/c2f9fa49-4273-4885-b59d-0635ed739d65 0.454s
2025-12-12 14:22:49.332 65512 INFO tempest.lib.common.rest_client [req-0c18bb78-9544-4ab5-b2f8-4010b5d6a74a req-0c18bb78-9544-4ab5-b2f8-4010b5d6a74a ] Request (ServerExternalEventsTest:setUpClass): 201 POST http://10.180.1.21/identity/v3/projects 0.036s
2025-12-12 14:22:49.401 65476 INFO tempest.lib.common.rest_client [req-0740c8d9-408b-49b9-bf04-0669913a8305 req-0740c8d9-408b-49b9-bf04-0669913a8305 ] Request (ImagesOneServerNegativeTestJSON:_run_cleanups): 200 GET http://10.180.1.21/compute/v2.1/servers/7a0d0769-31c5-4ae1-8520-a744f64d39c6 0.377s
2025-12-12 14:22:49.406 65512 INFO tempest.lib.common.rest_client [req-020c38af-2286-4162-9ae1-932b79c4699e req-020c38af-2286-4162-9ae1-932b79c4699e ] Request (ServerExternalEventsTest:setUpClass): 201 POST http://10.180.1.21/identity/v3/users 0.074s
2025-12-12 14:22:49.415 65520 INFO tempest.lib.common.rest_client [req-19bc5fe3-b7db-4efa-8a7b-797912a5cf1c req-19bc5fe3-b7db-4efa-8a7b-797912a5cf1c ] Request (FloatingIPsAssociationNegativeTestJSON:_run_cleanups): 202 DELETE http://10.180.1.21/compute/v2.1/os-floating-ips/9fc88aae-1beb-4638-acd2-78ae77a774e3 0.813s
2025-12-12 14:22:49.436 65512 INFO tempest.lib.common.rest_client [req-0ed28421-ee12-4407-afd3-72424d2b7829 req-0ed28421-ee12-4407-afd3-72424d2b7829 ] Request (ServerExternalEventsTest:setUpClass): 200 GET http://10.180.1.21/identity/v3/roles 0.030s
2025-12-12 14:22:49.469 65514 INFO tempest.lib.common.rest_client [req-1bb713a4-343a-469f-a85b-f76dba9119f4 req-1bb713a4-343a-469f-a85b-f76dba9119f4 ] Request (MultipleCreateTestJSON:tearDownClass): 200 GET http://10.180.1.21/compute/v2.1/servers/ab27fa56-f672-4096-a8f4-cce5ff4d5460 0.368s
2025-12-12 14:22:49.469 65508 INFO tempest.lib.common.rest_client [req-9c024889-6f5e-4835-8345-00aa37531772 req-9c024889-6f5e-4835-8345-00aa37531772 ] Request (ListImageFiltersTestJSON:setUpClass): 200 GET http://10.180.1.21/compute/v2.1/images/8480a96c-0246-4ea4-bd11-5ba473dc27b5 0.325s
2025-12-12 14:22:49.474 65512 INFO tempest.lib.common.rest_client [req-78fdfa89-9459-4373-adf2-dabbc9a3bde9 req-78fdfa89-9459-4373-adf2-dabbc9a3bde9 ] Request (ServerExternalEventsTest:setUpClass): 204 PUT http://10.180.1.21/identity/v3/projects/2794dfddd4814fdc8a1a2e9eae0d8b51/users/978d227edd2649a48d366fea8c8a567e/roles/e0dc0dd58c4e4e8a88cc3afc65380d65 0.037s
2025-12-12 14:22:49.474 65512 INFO tempest.lib.common.dynamic_creds [-] Dynamic test user 978d227edd2649a48d366fea8c8a567e is created with scope project and roles: ['member']
2025-12-12 14:22:49.474 65512 INFO tempest.lib.common.dynamic_creds [-] Acquired dynamic creds: credentials: Credentials: {'domain_id': 'default', 'domain_name': 'Default', 'username': 'tempest-ServerExternalEventsTest-1013131577-project-member', 'project_domain_id': 'default', 'project_domain_name': 'Default', 'project_id': '2794dfddd4814fdc8a1a2e9eae0d8b51', 'project_name': 'tempest-ServerExternalEventsTest-1013131577', 'tenant_id': '2794dfddd4814fdc8a1a2e9eae0d8b51', 'tenant_name': 'tempest-ServerExternalEventsTest-1013131577', 'user_domain_id': 'default', 'user_domain_name': 'Default', 'user_id': '978d227edd2649a48d366fea8c8a567e', 'system': None}, Network: None, Subnet: None, Router: None
2025-12-12 14:22:49.474 65512 INFO tempest.lib.common.dynamic_creds [-] Created isolated network resources for: credentials: Credentials: {'domain_id': 'default', 'domain_name': 'Default', 'username': 'tempest-ServerExternalEventsTest-1013131577-project-member', 'project_domain_id': 'default', 'project_domain_name': 'Default', 'project_id': '2794dfddd4814fdc8a1a2e9eae0d8b51', 'project_name': 'tempest-ServerExternalEventsTest-1013131577', 'tenant_id': '2794dfddd4814fdc8a1a2e9eae0d8b51', 'tenant_name': 'tempest-ServerExternalEventsTest-1013131577', 'user_domain_id': 'default', 'user_domain_name': 'Default', 'user_id': '978d227edd2649a48d366fea8c8a567e', 'system': None}, Network: None, Subnet: None, Router: None
2025-12-12 14:22:49.523 65534 INFO tempest.lib.common.rest_client [req-c66e71c2-2ee1-4d10-8056-4a735135373a req-c66e71c2-2ee1-4d10-8056-4a735135373a ] Request (SecurityGroupsTestJSON:test_server_security_groups): 200 GET http://10.180.1.21/compute/v2.1/servers/19b1f3f9-842e-4150-8890-b0b22393c3af 0.335s
2025-12-12 14:22:49.525 65474 INFO tempest.lib.common.rest_client [req-bb253dac-49b4-4632-b6f2-795e963a2f94 req-bb253dac-49b4-4632-b6f2-795e963a2f94 ] Request (ImagesOneServerTestJSON:tearDownClass): 200 GET http://10.180.1.21/compute/v2.1/servers/46f89cfb-14aa-483d-aa8a-bc91356272ca 0.308s
2025-12-12 14:22:49.546 65512 INFO tempest.lib.common.rest_client [req-2f25dab4-6115-4fed-827d-1dfbc6c7a8dc req-2f25dab4-6115-4fed-827d-1dfbc6c7a8dc ] Request (ServerExternalEventsTest:setUpClass): 201 POST http://10.180.1.21/identity/v3/auth/tokens 0.069s
2025-12-12 14:22:49.574 65522 INFO tempest.lib.common.rest_client [req-661f169c-f01d-43a4-b10b-6fea3dc23dfb req-661f169c-f01d-43a4-b10b-6fea3dc23dfb ] Request (ServerActionsTestOtherA:setUpClass): 200 GET http://10.180.1.21/compute/v2.1/servers/4a72fedd-b114-468e-8f34-0caec6ce73fa 0.333s
2025-12-12 14:22:49.580 65482 INFO tempest.lib.common.rest_client [req-a4e4ad98-8433-416a-ab64-8f7dad31016d req-a4e4ad98-8433-416a-ab64-8f7dad31016d ] Request (ServerTagsTestJSON:setUpClass): 200 GET http://10.180.1.21/compute/v2.1/servers/41af3ee5-0ee6-4957-bad0-5aef51d55bd5 0.279s
2025-12-12 14:22:49.616 65512 INFO tempest.lib.common.rest_client [req-35f8001a-f157-4b93-88dc-175bdfaeaa36 req-35f8001a-f157-4b93-88dc-175bdfaeaa36 ] Request (ServerExternalEventsTest:setUpClass): 201 POST http://10.180.1.21/identity/v3/projects 0.069s
2025-12-12 14:22:49.626 65538 INFO tempest.lib.common.rest_client [req-1f2e9443-1e1d-443e-8078-843aeefde78c req-1f2e9443-1e1d-443e-8078-843aeefde78c ] Request (ServerPasswordTestJSON:setUpClass): 200 GET http://10.180.1.21/compute/v2.1/servers/00362477-c89e-4f60-98a4-d4928081d55e 0.324s
2025-12-12 14:22:49.633 65488 INFO tempest.lib.common.rest_client [req-99d43aec-cd78-4ab2-a4d6-d29b90f7917b req-99d43aec-cd78-4ab2-a4d6-d29b90f7917b ] Request (DeleteServersTestJSON:test_delete_active_server): 200 GET http://10.180.1.21/compute/v2.1/servers/75114f97-fe50-4624-9333-303e411529ea 0.274s
2025-12-12 14:22:49.675 65512 INFO tempest.lib.common.rest_client [req-3f6ec307-fa96-450b-92ab-cb10792d5dad req-3f6ec307-fa96-450b-92ab-cb10792d5dad ] Request (ServerExternalEventsTest:setUpClass): 201 POST http://10.180.1.21/identity/v3/users 0.059s
2025-12-12 14:22:49.682 65508 INFO tempest.lib.common.rest_client [req-4c9baf41-40d6-4635-8de0-c8bb18016fcf req-4c9baf41-40d6-4635-8de0-c8bb18016fcf ] Request (ListImageFiltersTestJSON:setUpClass): 200 GET http://10.180.1.21/compute/v2.1/images/8480a96c-0246-4ea4-bd11-5ba473dc27b5 0.208s
2025-12-12 14:22:49.700 65512 INFO tempest.lib.common.rest_client [req-ca52df8d-c8b3-47bc-b015-7bb4148b0045 req-ca52df8d-c8b3-47bc-b015-7bb4148b0045 ] Request (ServerExternalEventsTest:setUpClass): 200 GET http://10.180.1.21/identity/v3/roles 0.024s
2025-12-12 14:22:49.728 65512 INFO tempest.lib.common.rest_client [req-155c5f7a-8896-4c6b-a3cb-6d9fb176e690 req-155c5f7a-8896-4c6b-a3cb-6d9fb176e690 ] Request (ServerExternalEventsTest:setUpClass): 204 PUT http://10.180.1.21/identity/v3/projects/b313fc31eb384246ba62fd786038bf41/users/de8fb99580554d3193c5938261ef0382/roles/47872bf8c0a2404a963e231e1d2862c3 0.028s
2025-12-12 14:22:49.790 65512 INFO tempest.lib.common.rest_client [req-a44f89f5-d465-4da0-a6f2-3774b8a35684 req-a44f89f5-d465-4da0-a6f2-3774b8a35684 ] Request (ServerExternalEventsTest:setUpClass): 200 GET http://10.180.1.21/identity/v3/roles 0.061s
2025-12-12 14:22:49.802 65532 INFO tempest.lib.common.rest_client [req-a8605e97-1935-4312-991c-fc8829850b7f req-a8605e97-1935-4312-991c-fc8829850b7f ] Request (ImagesTestJSON:test_create_image_from_suspended_server): 200 GET http://10.180.1.21/compute/v2.1/servers/5b9c3d1a-c314-4a12-8fe3-ce8ed596fb5f 0.156s
2025-12-12 14:22:49.814 65512 INFO tempest.lib.common.rest_client [req-4e3db54f-2879-4bfc-b22e-7620380932b7 req-4e3db54f-2879-4bfc-b22e-7620380932b7 ] Request (ServerExternalEventsTest:setUpClass): 204 PUT http://10.180.1.21/identity/v3/projects/b313fc31eb384246ba62fd786038bf41/users/de8fb99580554d3193c5938261ef0382/roles/47872bf8c0a2404a963e231e1d2862c3 0.023s
2025-12-12 14:22:49.814 65512 INFO tempest.lib.common.dynamic_creds [-] Dynamic test user de8fb99580554d3193c5938261ef0382 is created with scope project and roles: ['admin']
2025-12-12 14:22:49.814 65512 INFO tempest.lib.common.dynamic_creds [-] Acquired dynamic creds: credentials: Credentials: {'domain_id': 'default', 'domain_name': 'Default', 'username': 'tempest-ServerExternalEventsTest-200883177-project-admin', 'project_domain_id': 'default', 'project_domain_name': 'Default', 'project_id': 'b313fc31eb384246ba62fd786038bf41', 'project_name': 'tempest-ServerExternalEventsTest-200883177', 'tenant_id': 'b313fc31eb384246ba62fd786038bf41', 'tenant_name': 'tempest-ServerExternalEventsTest-200883177', 'user_domain_id': 'default', 'user_domain_name': 'Default', 'user_id': 'de8fb99580554d3193c5938261ef0382', 'system': None}, Network: None, Subnet: None, Router: None
2025-12-12 14:22:49.814 65512 INFO tempest.lib.common.dynamic_creds [-] Created isolated network resources for: credentials: Credentials: {'domain_id': 'default', 'domain_name': 'Default', 'username': 'tempest-ServerExternalEventsTest-200883177-project-admin', 'project_domain_id': 'default', 'project_domain_name': 'Default', 'project_id': 'b313fc31eb384246ba62fd786038bf41', 'project_name': 'tempest-ServerExternalEventsTest-200883177', 'tenant_id': 'b313fc31eb384246ba62fd786038bf41', 'tenant_name': 'tempest-ServerExternalEventsTest-200883177', 'user_domain_id': 'default', 'user_domain_name': 'Default', 'user_id': 'de8fb99580554d3193c5938261ef0382', 'system': None}, Network: None, Subnet: None, Router: None
2025-12-12 14:22:49.871 65478 INFO tempest.lib.common.rest_client [req-2f4b9452-21c9-462f-afca-7398d13b349a req-2f4b9452-21c9-462f-afca-7398d13b349a ] Request (ServersTestJSON:test_create_server_specify_multibyte_character_name): 200 GET http://10.180.1.21/compute/v2.1/servers/f84d7aa1-a90b-4c95-9673-fb1a2af7187c 0.194s
2025-12-12 14:22:49.927 65512 INFO tempest.lib.common.rest_client [req-7735d00e-252d-47ab-a779-a356e4af4e9a req-7735d00e-252d-47ab-a779-a356e4af4e9a ] Request (ServerExternalEventsTest:setUpClass): 201 POST http://10.180.1.21/identity/v3/auth/tokens 0.111s
2025-12-12 14:22:49.987 65512 INFO tempest.lib.common.rest_client [req-dddc2b74-278f-4e16-b8c3-cf4429f31265 req-dddc2b74-278f-4e16-b8c3-cf4429f31265 ] Request (ServerExternalEventsTest:setUpClass): 201 POST http://10.180.1.21/identity/v3/projects 0.058s
2025-12-12 14:22:50.026 65508 INFO tempest.lib.common.rest_client [req-48e251d7-1598-42d0-a3cf-cc38beceb4a7 req-48e251d7-1598-42d0-a3cf-cc38beceb4a7 ] Request (ListImageFiltersTestJSON:setUpClass): 200 GET http://10.180.1.21/compute/v2.1/servers/cd86f815-4b46-45b1-9a1c-ab2e28f63626 0.340s
2025-12-12 14:22:50.051 65512 INFO tempest.lib.common.rest_client [req-b4bea5ba-d7ca-4fce-a991-40ad98a6a2e1 req-b4bea5ba-d7ca-4fce-a991-40ad98a6a2e1 ] Request (ServerExternalEventsTest:setUpClass): 201 POST http://10.180.1.21/identity/v3/users 0.064s
2025-12-12 14:22:50.073 65512 INFO tempest.lib.common.rest_client [req-4728e057-1a1d-45d2-9c0a-c601a28eb36f req-4728e057-1a1d-45d2-9c0a-c601a28eb36f ] Request (ServerExternalEventsTest:setUpClass): 200 GET http://10.180.1.21/identity/v3/roles 0.022s
2025-12-12 14:22:50.086 65480 INFO tempest.lib.common.rest_client [req-167e967c-db28-42d0-afd2-8509da92860a req-167e967c-db28-42d0-afd2-8509da92860a ] Request (AttachInterfacesUnderV243Test:_run_cleanups): 200 GET http://10.180.1.21/compute/v2.1/servers/5854d21a-d1a8-4043-aec8-b37ff25c40e7 0.373s
2025-12-12 14:22:50.114 65512 INFO tempest.lib.common.rest_client [req-a723e6a5-1cd8-4d64-a2d3-f1588e20c0f5 req-a723e6a5-1cd8-4d64-a2d3-f1588e20c0f5 ] Request (ServerExternalEventsTest:setUpClass): 204 PUT http://10.180.1.21/identity/v3/projects/384c913d693346908cced5d697b4a27c/users/79ac4144773f442fb5e0d900cf9a179d/roles/47872bf8c0a2404a963e231e1d2862c3 0.040s
2025-12-12 14:22:50.130 65494 INFO tempest.lib.common.rest_client [req-df2bce4e-ce67-4f33-94fa-2602562a773c req-df2bce4e-ce67-4f33-94fa-2602562a773c ] Request (VolumesAssistedSnapshotsTest:_run_cleanups): 200 GET http://10.180.1.21/volume/v3/volumes/47f77546-e67e-431f-9d50-fad84e2418eb 0.031s
