2025-12-12 14:20:56.207 65534 INFO tempest.lib.common.rest_client [req-8ab632ad-b797-4179-bef1-4518ade9f62a req-8ab632ad-b797-4179-bef1-4518ade9f62a ] Request (SecurityGroupsTestJSON:test_list_security_groups_by_server): 200 GET http://10.180.1.21/compute/v2.1/servers/f1a5fdce-a940-43d4-83d7-716786c9ac34 6.269s
2025-12-12 14:20:56.220 65534 INFO tempest.common.waiters [-] State transition "BUILD/None" ==> "BUILD/spawning" after 26 second wait
2025-12-12 14:20:56.222 65538 INFO tempest.lib.common.rest_client [req-8a670827-d30e-4e5b-8942-a5b2d39fbd7d req-8a670827-d30e-4e5b-8942-a5b2d39fbd7d ] Request (InstanceActionsV221TestJSON:setUpClass): 200 GET http://10.180.1.21/identity/v3/domains?name=Default 0.030s
2025-12-12 14:20:56.233 65530 INFO tempest.lib.common.rest_client [req-8473cd73-3744-4780-9f4c-7470205c0507 req-8473cd73-3744-4780-9f4c-7470205c0507 ] Request (ServersTestMultiNic:setUpClass): 200 GET http://10.180.1.21/identity/v3/domains?name=Default 0.042s
2025-12-12 14:20:56.258 65538 INFO tempest.lib.common.rest_client [req-8c37b477-756e-4e88-9210-0df786897575 req-8c37b477-756e-4e88-9210-0df786897575 ] Request (InstanceActionsV221TestJSON:setUpClass): 201 POST http://10.180.1.21/identity/v3/projects 0.035s
2025-12-12 14:20:56.266 65530 INFO tempest.lib.common.rest_client [req-8ef80faf-4979-411f-9790-1189ecdadcda req-8ef80faf-4979-411f-9790-1189ecdadcda ] Request (ServersTestMultiNic:setUpClass): 201 POST http://10.180.1.21/identity/v3/projects 0.032s
2025-12-12 14:20:56.279 65474 INFO tempest.lib.common.rest_client [req-369b52b2-6e26-4fa4-94b8-70e53f2315ac req-369b52b2-6e26-4fa4-94b8-70e53f2315ac ] Request (ImagesOneServerTestJSON:setUpClass): 200 GET http://10.180.1.21/compute/v2.1/servers/46f89cfb-14aa-483d-aa8a-bc91356272ca 5.872s
2025-12-12 14:20:56.338 65530 INFO tempest.lib.common.rest_client [req-afa731d7-1c8b-4e26-97fc-3e7e77a6c920 req-afa731d7-1c8b-4e26-97fc-3e7e77a6c920 ] Request (ServersTestMultiNic:setUpClass): 201 POST http://10.180.1.21/identity/v3/users 0.072s
2025-12-12 14:20:56.342 65538 INFO tempest.lib.common.rest_client [req-a2fb3f66-12bd-4f8b-9c14-485c8584c23d req-a2fb3f66-12bd-4f8b-9c14-485c8584c23d ] Request (InstanceActionsV221TestJSON:setUpClass): 201 POST http://10.180.1.21/identity/v3/users 0.083s
2025-12-12 14:20:56.351 65529 INFO tempest.lib.common.rest_client [req-3bce3893-93f8-4a40-abf0-217bc992bdf6 req-3bce3893-93f8-4a40-abf0-217bc992bdf6 ] Request (ServerDiagnosticsNegativeTest:tearDownClass): 200 GET http://10.180.1.21/compute/v2.1/servers/0151ed85-bba4-443a-b18f-58272c973e1e 4.814s
2025-12-12 14:20:56.370 65530 INFO tempest.lib.common.rest_client [req-9f63a5fb-de23-4698-a6fc-5aefc980b28c req-9f63a5fb-de23-4698-a6fc-5aefc980b28c ] Request (ServersTestMultiNic:setUpClass): 200 GET http://10.180.1.21/identity/v3/roles 0.031s
2025-12-12 14:20:56.374 65538 INFO tempest.lib.common.rest_client [req-1a8fe08f-735e-4732-bfef-a40127b17c56 req-1a8fe08f-735e-4732-bfef-a40127b17c56 ] Request (InstanceActionsV221TestJSON:setUpClass): 200 GET http://10.180.1.21/identity/v3/roles 0.031s
2025-12-12 14:20:56.386 65514 INFO tempest.lib.common.rest_client [req-be5ab6b5-7dfe-41f1-8f26-f3ed35db5ad3 req-be5ab6b5-7dfe-41f1-8f26-f3ed35db5ad3 ] Request (MultipleCreateTestJSON:test_multiple_create): 200 GET http://10.180.1.21/compute/v2.1/servers/5e915c8e-150a-4bfd-8005-a7a1a119057d 5.773s
2025-12-12 14:20:56.401 65514 INFO tempest.common.waiters [-] State transition "BUILD/spawning" ==> "ACTIVE/None" after 31 second wait
2025-12-12 14:20:56.405 65538 INFO tempest.lib.common.rest_client [req-f1c97f66-0040-43f1-88ad-780c57121454 req-f1c97f66-0040-43f1-88ad-780c57121454 ] Request (InstanceActionsV221TestJSON:setUpClass): 204 PUT http://10.180.1.21/identity/v3/projects/b816d77d6f3b4bc7a20d5b97ba068006/users/e811ab6f70dc4249aff2d47a11f3baf8/roles/e0dc0dd58c4e4e8a88cc3afc65380d65 0.031s
2025-12-12 14:20:56.405 65538 INFO tempest.lib.common.dynamic_creds [-] Dynamic test user e811ab6f70dc4249aff2d47a11f3baf8 is created with scope project and roles: ['member']
2025-12-12 14:20:56.406 65538 INFO tempest.lib.common.dynamic_creds [-] Acquired dynamic creds: credentials: Credentials: {'domain_id': 'default', 'domain_name': 'Default', 'username': 'tempest-InstanceActionsV221TestJSON-1421045681-project-member', 'project_domain_id': 'default', 'project_domain_name': 'Default', 'project_id': 'b816d77d6f3b4bc7a20d5b97ba068006', 'project_name': 'tempest-InstanceActionsV221TestJSON-1421045681', 'tenant_id': 'b816d77d6f3b4bc7a20d5b97ba068006', 'tenant_name': 'tempest-InstanceActionsV221TestJSON-1421045681', 'user_domain_id': 'default', 'user_domain_name': 'Default', 'user_id': 'e811ab6f70dc4249aff2d47a11f3baf8', 'system': None}, Network: None, Subnet: None, Router: None
2025-12-12 14:20:56.412 65530 INFO tempest.lib.common.rest_client [req-f65a3c95-d195-4777-a847-ee9d91ba2cdb req-f65a3c95-d195-4777-a847-ee9d91ba2cdb ] Request (ServersTestMultiNic:setUpClass): 204 PUT http://10.180.1.21/identity/v3/projects/bc44d2096bff489193193973fe3a3550/users/4e8520cf91b64499b55cebfca04cec5e/roles/e0dc0dd58c4e4e8a88cc3afc65380d65 0.042s
2025-12-12 14:20:56.412 65530 INFO tempest.lib.common.dynamic_creds [-] Dynamic test user 4e8520cf91b64499b55cebfca04cec5e is created with scope project and roles: ['member']
2025-12-12 14:20:56.412 65530 INFO tempest.lib.common.dynamic_creds [-] Acquired dynamic creds: credentials: Credentials: {'domain_id': 'default', 'domain_name': 'Default', 'username': 'tempest-ServersTestMultiNic-1259526584-project-member', 'project_domain_id': 'default', 'project_domain_name': 'Default', 'project_id': 'bc44d2096bff489193193973fe3a3550', 'project_name': 'tempest-ServersTestMultiNic-1259526584', 'tenant_id': 'bc44d2096bff489193193973fe3a3550', 'tenant_name': 'tempest-ServersTestMultiNic-1259526584', 'user_domain_id': 'default', 'user_domain_name': 'Default', 'user_id': '4e8520cf91b64499b55cebfca04cec5e', 'system': None}, Network: None, Subnet: None, Router: None
2025-12-12 14:20:56.428 65526 INFO tempest.lib.common.rest_client [req-cce6133a-7f17-4fac-b4b1-79871bc819a7 req-cce6133a-7f17-4fac-b4b1-79871bc819a7 ] Request (FlavorsAccessNegativeTestJSON:_run_cleanups): 200 GET http://10.180.1.21/compute/v2.1/flavors/detail 4.152s
2025-12-12 14:20:56.435 65516 INFO tempest.lib.common.rest_client [req-12709d09-2132-4dfb-b5b1-06a2b903b597 req-12709d09-2132-4dfb-b5b1-06a2b903b597 ] Request (ServersAdmin275Test:test_rebuild_update_server_275): 200 GET http://10.180.1.21/compute/v2.1/servers/20396b81-2041-4bf2-85c4-8ea66c838ec4 4.874s
2025-12-12 14:20:56.447 65516 INFO tempest.common.waiters [-] State transition "REBUILD/rebuild_spawning" ==> "ACTIVE/None" after 12 second wait
2025-12-12 14:20:56.459 65502 INFO tempest.lib.common.rest_client [req-daacc9f8-d6fb-43a8-a895-7a055f80ab3d req-daacc9f8-d6fb-43a8-a895-7a055f80ab3d ] Request (KeyPairsV22TestJSON:_run_cleanups): 204 DELETE http://10.180.1.21/compute/v2.1/os-keypairs/tempest-KeyPairsV22TestJSON-keypair-1582508301 4.157s
2025-12-12 14:20:56.473 65522 INFO tempest.lib.common.rest_client [req-2e18fcff-f3ab-440d-b9d4-db33a953ab8f req-2e18fcff-f3ab-440d-b9d4-db33a953ab8f ] Request (FlavorsAdminTestJSON:_run_cleanups): 202 DELETE http://10.180.1.21/compute/v2.1/flavors/34faf970-1b09-4944-93a0-cc0a9b83c9be 4.172s
2025-12-12 14:20:56.480 65498 INFO tempest.lib.common.rest_client [req-3b6ff395-832d-43c0-be63-f6f8c3d3e61d req-3b6ff395-832d-43c0-be63-f6f8c3d3e61d ] Request (AggregatesAdminNegativeTestJSON:test_aggregate_create_as_user): 403 POST http://10.180.1.21/compute/v2.1/os-aggregates 3.591s
2025-12-12 14:20:56.496 65538 INFO tempest.lib.common.rest_client [req-a3be173f-3ba7-4a5b-93d4-517f52ce269d req-a3be173f-3ba7-4a5b-93d4-517f52ce269d ] Request (InstanceActionsV221TestJSON:setUpClass): 201 POST http://10.180.1.21/identity/v3/auth/tokens 0.090s
2025-12-12 14:20:56.543 65530 INFO tempest.lib.common.rest_client [req-975e7ebc-015d-4742-aace-e7b9dcdc05c9 req-975e7ebc-015d-4742-aace-e7b9dcdc05c9 ] Request (ServersTestMultiNic:setUpClass): 201 POST http://10.180.1.21/identity/v3/auth/tokens 0.130s
2025-12-12 14:20:56.876 65538 INFO tempest.lib.common.rest_client [req-3244fe88-baef-487d-8ec6-b3049d2228db req-3244fe88-baef-487d-8ec6-b3049d2228db ] Request (InstanceActionsV221TestJSON:setUpClass): 201 POST http://10.180.1.21/networking/v2.0/networks 0.379s
2025-12-12 14:20:56.901 65504 INFO tempest.lib.common.rest_client [req-f0e9f32d-469a-414a-a7fe-6b7f0faee600 req-f0e9f32d-469a-414a-a7fe-6b7f0faee600 ] Request (ServersWithSpecificFlavorTestJSON:test_verify_created_server_ephemeral_disk): 200 GET http://10.180.1.21/compute/v2.1/servers/e2d32a5e-c350-4b2b-9243-c3b412193a82 3.638s
2025-12-12 14:20:56.912 65504 INFO tempest.common.waiters [-] State transition "BUILD/scheduling" ==> "BUILD/None" after 9 second wait
2025-12-12 14:20:57.140 65530 INFO tempest.lib.common.rest_client [req-d3041796-14b7-417f-9958-5a69d42a966b req-d3041796-14b7-417f-9958-5a69d42a966b ] Request (ServersTestMultiNic:setUpClass): 201 POST http://10.180.1.21/networking/v2.0/networks 0.596s
2025-12-12 14:20:57.475 65538 INFO tempest.lib.common.rest_client [req-d15e9dd3-2de4-4a9b-bce6-63b45220fae4 req-d15e9dd3-2de4-4a9b-bce6-63b45220fae4 ] Request (InstanceActionsV221TestJSON:setUpClass): 201 POST http://10.180.1.21/networking/v2.0/subnets 0.599s
2025-12-12 14:20:57.501 65536 INFO tempest.lib.common.rest_client [req-ba83077c-7e67-4f15-a7f3-1d72364b29bd req-ba83077c-7e67-4f15-a7f3-1d72364b29bd ] Request (ServersAdminNegativeTestJSON:test_migrate_server_invalid_state): 200 GET http://10.180.1.21/compute/v2.1/servers/6a4841b6-6076-4e9c-a6cf-a658957e2931 4.220s
2025-12-12 14:20:57.508 65536 INFO tempest.common.waiters [-] State transition "BUILD/scheduling" ==> "BUILD/None" after 10 second wait
2025-12-12 14:20:57.635 65530 INFO tempest.lib.common.rest_client [req-2b3d1dad-9042-451a-9455-214b07288ec4 req-2b3d1dad-9042-451a-9455-214b07288ec4 ] Request (ServersTestMultiNic:setUpClass): 201 POST http://10.180.1.21/networking/v2.0/subnets 0.495s
2025-12-12 14:20:57.989 65508 INFO tempest.lib.common.rest_client [req-4a702385-158a-4b7b-b7ec-03d3273cc258 req-4a702385-158a-4b7b-b7ec-03d3273cc258 ] Request (ListImageFiltersTestJSON:setUpClass): 204 PUT http://10.180.1.21/image/v2/images/bf832398-cecd-443d-b0ec-22b93bd61900/file 0.802s
2025-12-12 14:20:58.407 65538 INFO tempest.lib.common.rest_client [req-9b94d53c-3218-494e-86fe-34ab9388e36a req-9b94d53c-3218-494e-86fe-34ab9388e36a ] Request (InstanceActionsV221TestJSON:setUpClass): 201 POST http://10.180.1.21/networking/v2.0/routers 0.931s
2025-12-12 14:20:58.824 65530 INFO tempest.lib.common.rest_client [req-a5efd27c-f75d-427f-88c9-4cab7353d7cd req-a5efd27c-f75d-427f-88c9-4cab7353d7cd ] Request (ServersTestMultiNic:setUpClass): 201 POST http://10.180.1.21/networking/v2.0/routers 1.188s
2025-12-12 14:20:59.958 65530 INFO tempest.lib.common.rest_client [req-174a24de-ee92-4db3-ada0-497d53ff17e1 req-174a24de-ee92-4db3-ada0-497d53ff17e1 ] Request (ServersTestMultiNic:setUpClass): 200 PUT http://10.180.1.21/networking/v2.0/routers/01646879-1d00-4b3a-bed4-dd89742cdc2f/add_router_interface 1.132s
2025-12-12 14:20:59.958 65530 INFO tempest.lib.common.dynamic_creds [-] Created isolated network resources for: credentials: Credentials: {'domain_id': 'default', 'domain_name': 'Default', 'username': 'tempest-ServersTestMultiNic-1259526584-project-member', 'project_domain_id': 'default', 'project_domain_name': 'Default', 'project_id': 'bc44d2096bff489193193973fe3a3550', 'project_name': 'tempest-ServersTestMultiNic-1259526584', 'tenant_id': 'bc44d2096bff489193193973fe3a3550', 'tenant_name': 'tempest-ServersTestMultiNic-1259526584', 'user_domain_id': 'default', 'user_domain_name': 'Default', 'user_id': '4e8520cf91b64499b55cebfca04cec5e', 'system': None}, Network: {'id': 'f657f1e6-962f-47ad-a963-2482008171b8', 'name': 'tempest-ServersTestMultiNic-954102588-network', 'tenant_id': 'bc44d2096bff489193193973fe3a3550', 'project_id': 'bc44d2096bff489193193973fe3a3550', 'admin_state_up': True, 'mtu': 8950, 'status': 'ACTIVE', 'subnets': [], 'shared': False, 'port_security_enabled': True, 'router:external': False, 'provider:network_type': 'vlan', 'provider:physical_network': 'default', 'provider:segmentation_id': 244, 'availability_zone_hints': [], 'availability_zones': [], 'ipv4_address_scope': None, 'ipv6_address_scope': None, 'description': '', 'tags': [], 'created_at': '2025-12-12T14:20:57Z', 'updated_at': '2025-12-12T14:20:57Z', 'revision_number': 1}, Subnet: {'id': '7749bf7a-3d13-4d09-842b-f7c535544ef4', 'name': 'tempest-ServersTestMultiNic-954102588-subnet', 'tenant_id': 'bc44d2096bff489193193973fe3a3550', 'network_id': 'f657f1e6-962f-47ad-a963-2482008171b8', 'ip_version': 4, 'subnetpool_id': None, 'enable_dhcp': True, 'ipv6_ra_mode': None, 'ipv6_address_mode': None, 'gateway_ip': '192.168.128.1', 'cidr': '192.168.128.0/28', 'allocation_pools': [{'start': '192.168.128.2', 'end': '192.168.128.14'}], 'host_routes': [], 'dns_nameservers': [], 'description': '', 'router:external': False, 'service_types': [], 'tags': [], 'created_at': '2025-12-12T14:20:57Z', 'updated_at': '2025-12-12T14:20:57Z', 'revision_number': 0, 'project_id': 'bc44d2096bff489193193973fe3a3550'}, Router: {'id': '01646879-1d00-4b3a-bed4-dd89742cdc2f', 'name': 'tempest-ServersTestMultiNic-954102588-router', 'tenant_id': 'bc44d2096bff489193193973fe3a3550', 'admin_state_up': True, 'status': 'ACTIVE', 'external_gateway_info': {'network_id': '33aa2e0e-2ba4-483b-a42e-ad12556a74c6', 'external_fixed_ips': [{'subnet_id': 'f871220f-bf1e-4aa5-85c3-ace40e1a1bb2', 'ip_address': '10.180.180.161'}], 'enable_snat': True}, 'description': '', 'availability_zones': [], 'distributed': False, 'ha': False, 'availability_zone_hints': [], 'routes': [], 'flavor_id': None, 'tags': [], 'created_at': '2025-12-12T14:20:58Z', 'updated_at': '2025-12-12T14:20:58Z', 'revision_number': 2, 'project_id': 'bc44d2096bff489193193973fe3a3550'}
2025-12-12 14:21:00.084 65530 INFO tempest.lib.common.rest_client [req-00aa047c-80ec-4b33-959c-b9b409159cdf req-00aa047c-80ec-4b33-959c-b9b409159cdf ] Request (ServersTestMultiNic:setUpClass): 201 POST http://10.180.1.21/identity/v3/auth/tokens 0.122s
2025-12-12 14:21:00.085 65538 INFO tempest.lib.common.rest_client [req-c9d41a41-d559-4b8d-8b5e-da77da4c9dda req-c9d41a41-d559-4b8d-8b5e-da77da4c9dda ] Request (InstanceActionsV221TestJSON:setUpClass): 200 PUT http://10.180.1.21/networking/v2.0/routers/783a0db6-25f7-4857-8876-73fad5505f98/add_router_interface 1.678s
2025-12-12 14:21:00.085 65538 INFO tempest.lib.common.dynamic_creds [-] Created isolated network resources for: credentials: Credentials: {'domain_id': 'default', 'domain_name': 'Default', 'username': 'tempest-InstanceActionsV221TestJSON-1421045681-project-member', 'project_domain_id': 'default', 'project_domain_name': 'Default', 'project_id': 'b816d77d6f3b4bc7a20d5b97ba068006', 'project_name': 'tempest-InstanceActionsV221TestJSON-1421045681', 'tenant_id': 'b816d77d6f3b4bc7a20d5b97ba068006', 'tenant_name': 'tempest-InstanceActionsV221TestJSON-1421045681', 'user_domain_id': 'default', 'user_domain_name': 'Default', 'user_id': 'e811ab6f70dc4249aff2d47a11f3baf8', 'system': None}, Network: {'id': 'e62fba86-0632-4afa-9490-1123f16bd48e', 'name': 'tempest-InstanceActionsV221TestJSON-744677946-network', 'tenant_id': 'b816d77d6f3b4bc7a20d5b97ba068006', 'project_id': 'b816d77d6f3b4bc7a20d5b97ba068006', 'admin_state_up': True, 'mtu': 8950, 'status': 'ACTIVE', 'subnets': [], 'shared': False, 'port_security_enabled': True, 'router:external': False, 'provider:network_type': 'vlan', 'provider:physical_network': 'default', 'provider:segmentation_id': 647, 'availability_zone_hints': [], 'availability_zones': [], 'ipv4_address_scope': None, 'ipv6_address_scope': None, 'description': '', 'tags': [], 'created_at': '2025-12-12T14:20:56Z', 'updated_at': '2025-12-12T14:20:56Z', 'revision_number': 1}, Subnet: {'id': 'c03660d7-03e3-47f6-8536-9a8e4488e180', 'name': 'tempest-InstanceActionsV221TestJSON-744677946-subnet', 'tenant_id': 'b816d77d6f3b4bc7a20d5b97ba068006', 'network_id': 'e62fba86-0632-4afa-9490-1123f16bd48e', 'ip_version': 4, 'subnetpool_id': None, 'enable_dhcp': True, 'ipv6_ra_mode': None, 'ipv6_address_mode': None, 'gateway_ip': '192.168.128.1', 'cidr': '192.168.128.0/28', 'allocation_pools': [{'start': '192.168.128.2', 'end': '192.168.128.14'}], 'host_routes': [], 'dns_nameservers': [], 'description': '', 'router:external': False, 'service_types': [], 'tags': [], 'created_at': '2025-12-12T14:20:57Z', 'updated_at': '2025-12-12T14:20:57Z', 'revision_number': 0, 'project_id': 'b816d77d6f3b4bc7a20d5b97ba068006'}, Router: {'id': '783a0db6-25f7-4857-8876-73fad5505f98', 'name': 'tempest-InstanceActionsV221TestJSON-744677946-router', 'tenant_id': 'b816d77d6f3b4bc7a20d5b97ba068006', 'admin_state_up': True, 'status': 'ACTIVE', 'external_gateway_info': {'network_id': '33aa2e0e-2ba4-483b-a42e-ad12556a74c6', 'external_fixed_ips': [{'subnet_id': 'f871220f-bf1e-4aa5-85c3-ace40e1a1bb2', 'ip_address': '10.180.180.214'}], 'enable_snat': True}, 'description': '', 'availability_zones': [], 'distributed': False, 'ha': False, 'availability_zone_hints': [], 'routes': [], 'flavor_id': None, 'tags': [], 'created_at': '2025-12-12T14:20:57Z', 'updated_at': '2025-12-12T14:20:58Z', 'revision_number': 2, 'project_id': 'b816d77d6f3b4bc7a20d5b97ba068006'}
2025-12-12 14:21:00.182 65538 INFO tempest.lib.common.rest_client [req-f78a57f5-01b7-4181-bea0-806210dc09a1 req-f78a57f5-01b7-4181-bea0-806210dc09a1 ] Request (InstanceActionsV221TestJSON:setUpClass): 201 POST http://10.180.1.21/identity/v3/auth/tokens 0.093s
2025-12-12 14:21:00.225 65538 INFO tempest.lib.common.rest_client [req-43bb81c3-42d3-4fc2-8b14-ca5398386291 req-43bb81c3-42d3-4fc2-8b14-ca5398386291 ] Request (InstanceActionsV221TestJSON:test_get_list_deleted_instance_actions): 201 POST http://10.180.1.21/identity/v3/auth/tokens 0.036s
2025-12-12 14:21:00.226 65538 INFO tempest.lib.common.fixed_network [-] (InstanceActionsV221TestJSON:test_get_list_deleted_instance_actions) Found network {'id': 'e62fba86-0632-4afa-9490-1123f16bd48e', 'name': 'tempest-InstanceActionsV221TestJSON-744677946-network', 'tenant_id': 'b816d77d6f3b4bc7a20d5b97ba068006', 'project_id': 'b816d77d6f3b4bc7a20d5b97ba068006', 'admin_state_up': True, 'mtu': 8950, 'status': 'ACTIVE', 'subnets': [], 'shared': False, 'port_security_enabled': True, 'router:external': False, 'provider:network_type': 'vlan', 'provider:physical_network': 'default', 'provider:segmentation_id': 647, 'availability_zone_hints': [], 'availability_zones': [], 'ipv4_address_scope': None, 'ipv6_address_scope': None, 'description': '', 'tags': [], 'created_at': '2025-12-12T14:20:56Z', 'updated_at': '2025-12-12T14:20:56Z', 'revision_number': 1} available for tenant
2025-12-12 14:21:00.231 65476 INFO tempest.lib.common.rest_client [req-66ae4236-f803-4b6b-9623-8567ccef315e req-66ae4236-f803-4b6b-9623-8567ccef315e ] Request (ImagesOneServerNegativeTestJSON:setUpClass): 202 POST http://10.180.1.21/compute/v2.1/servers 7.887s
2025-12-12 14:21:00.327 65530 INFO tempest.lib.common.rest_client [req-7a5c48ab-3e92-4fd6-bf85-1ff2ff7c04c4 req-7a5c48ab-3e92-4fd6-bf85-1ff2ff7c04c4 ] Request (ServersTestMultiNic:test_verify_duplicate_network_nics): 201 POST http://10.180.1.21/networking/v2.0/networks 0.241s
2025-12-12 14:21:00.379 65512 INFO tempest.lib.common.rest_client [req-3bcaa5e0-ef2b-4c42-9c71-ebc0252d17de req-3bcaa5e0-ef2b-4c42-9c71-ebc0252d17de ] Request (DeleteServersAdminTestJSON:test_admin_delete_servers_of_others): 200 GET http://10.180.1.21/compute/v2.1/servers/db737254-91fd-44bc-bf01-c864227cdf07 6.488s
2025-12-12 14:21:00.449 65524 INFO tempest.lib.common.rest_client [req-c54a638f-77f1-402c-b14e-85a22a6ef96f req-c54a638f-77f1-402c-b14e-85a22a6ef96f ] Request (FloatingIPsTestJSON:test_allocate_floating_ip): 200 POST http://10.180.1.21/compute/v2.1/os-floating-ips 6.980s
2025-12-12 14:21:00.608 65482 INFO tempest.lib.common.rest_client [req-ad8926f4-055d-4198-bb62-c96e894fb9a8 req-ad8926f4-055d-4198-bb62-c96e894fb9a8 ] Request (QuotasAdminNegativeTest:test_create_server_when_cpu_quota_is_full): 200 GET http://10.180.1.21/compute/v2.1/os-quota-sets/dc47930c38434958926e65c46dbe295e 6.170s
2025-12-12 14:21:00.660 65530 INFO tempest.lib.common.rest_client [req-27e87861-f2de-43f4-954d-28b92c7ce6dd req-27e87861-f2de-43f4-954d-28b92c7ce6dd ] Request (ServersTestMultiNic:test_verify_duplicate_network_nics): 201 POST http://10.180.1.21/networking/v2.0/subnets 0.333s
2025-12-12 14:21:00.760 65518 INFO tempest.lib.common.rest_client [req-39f07129-b15d-42b6-b919-dd44596e953f req-39f07129-b15d-42b6-b919-dd44596e953f ] Request (ServerDiagnosticsV248Test:test_get_server_diagnostics): 200 GET http://10.180.1.21/compute/v2.1/servers/6887bb66-7186-4d58-be59-d0c53c3221c6 6.303s
2025-12-12 14:21:00.780 65518 INFO tempest.common.waiters [-] State transition "BUILD/None" ==> "BUILD/spawning" after 28 second wait
2025-12-12 14:21:00.918 65506 INFO tempest.lib.common.rest_client [req-85b1749e-b641-4187-8c63-a6958c6a4d6e req-85b1749e-b641-4187-8c63-a6958c6a4d6e ] Request (QuotasAdminTestV236:test_get_updated_quotas): 200 GET http://10.180.1.21/compute/v2.1/os-quota-sets/6814fe9740654d41943989f89f7497b7/detail 6.310s
2025-12-12 14:21:00.943 65530 INFO tempest.lib.common.rest_client [req-6c6227c3-cb90-48bf-9d6a-52a031cd73fc req-6c6227c3-cb90-48bf-9d6a-52a031cd73fc ] Request (ServersTestMultiNic:test_verify_duplicate_network_nics): 201 POST http://10.180.1.21/networking/v2.0/networks 0.282s
2025-12-12 14:21:00.971 65506 INFO tempest.lib.common.rest_client [req-1e594cca-f5c9-4775-ba29-209353d59c6f req-1e594cca-f5c9-4775-ba29-209353d59c6f ] Request (QuotasAdminTestV236:test_get_updated_quotas): 200 GET http://10.180.1.21/identity/v3/domains?name=Default 0.048s
2025-12-12 14:21:00.999 65490 INFO tempest.lib.common.rest_client [req-2448778c-0357-412a-92ab-f54d9982d5b7 req-2448778c-0357-412a-92ab-f54d9982d5b7 ] Request (MigrationsAdminTest:test_list_migrations_in_flavor_resize_situation): 200 GET http://10.180.1.21/compute/v2.1/servers/5f6e4f46-0745-42c0-a779-6cffb60e21ca 6.574s
2025-12-12 14:21:01.048 65506 INFO tempest.lib.common.rest_client [req-164ede57-cafd-4ef3-8c6c-c41206bedd5a req-164ede57-cafd-4ef3-8c6c-c41206bedd5a ] Request (QuotasAdminTestV236:test_get_updated_quotas): 201 POST http://10.180.1.21/identity/v3/users 0.076s
2025-12-12 14:21:01.078 65506 INFO tempest.lib.common.rest_client [req-77d7b4d0-275f-49a2-9165-c072d2fd8baf req-77d7b4d0-275f-49a2-9165-c072d2fd8baf ] Request (QuotasAdminTestV236:test_get_updated_quotas): 200 GET http://10.180.1.21/identity/v3/domains?name=Default 0.028s
2025-12-12 14:21:01.079 65532 INFO tempest.lib.common.rest_client [req-ce61af4b-933a-41e4-b8a8-0c4a58a52840 req-ce61af4b-933a-41e4-b8a8-0c4a58a52840 ] Request (ImagesTestJSON:test_create_image_from_stopped_server): 202 POST http://10.180.1.21/compute/v2.1/servers/2700ee2c-cc57-40e0-8069-f1b7ad2df7b4/action 5.970s
2025-12-12 14:21:01.192 65492 INFO tempest.lib.common.rest_client [req-d3888a24-ece1-4d0a-9fbc-8a0e40f3af5b req-d3888a24-ece1-4d0a-9fbc-8a0e40f3af5b ] Request (ServersTestFqdnHostnames:test_create_server_with_fqdn_name): 200 POST http://10.180.1.21/compute/v2.1/os-keypairs 5.518s
2025-12-12 14:21:01.265 65530 INFO tempest.lib.common.rest_client [req-77bbec6e-2238-4578-bd10-fa02a7d10da2 req-77bbec6e-2238-4578-bd10-fa02a7d10da2 ] Request (ServersTestMultiNic:test_verify_duplicate_network_nics): 201 POST http://10.180.1.21/networking/v2.0/subnets 0.321s
2025-12-12 14:21:01.303 65530 INFO tempest.lib.common.rest_client [req-e97209c8-108c-489a-b750-b05ea8fa94e1 req-e97209c8-108c-489a-b750-b05ea8fa94e1 ] Request (ServersTestMultiNic:test_verify_duplicate_network_nics): 201 POST http://10.180.1.21/identity/v3/auth/tokens 0.033s
2025-12-12 14:21:01.304 65530 INFO tempest.lib.common.fixed_network [-] (ServersTestMultiNic:test_verify_duplicate_network_nics) Found network {'id': 'f657f1e6-962f-47ad-a963-2482008171b8', 'name': 'tempest-ServersTestMultiNic-954102588-network', 'tenant_id': 'bc44d2096bff489193193973fe3a3550', 'project_id': 'bc44d2096bff489193193973fe3a3550', 'admin_state_up': True, 'mtu': 8950, 'status': 'ACTIVE', 'subnets': [], 'shared': False, 'port_security_enabled': True, 'router:external': False, 'provider:network_type': 'vlan', 'provider:physical_network': 'default', 'provider:segmentation_id': 244, 'availability_zone_hints': [], 'availability_zones': [], 'ipv4_address_scope': None, 'ipv6_address_scope': None, 'description': '', 'tags': [], 'created_at': '2025-12-12T14:20:57Z', 'updated_at': '2025-12-12T14:20:57Z', 'revision_number': 1} available for tenant
2025-12-12 14:21:01.502 65492 INFO tempest.lib.common.rest_client [req-13c87f22-4e5a-4f21-8df7-8ba6dc92baf3 req-13c87f22-4e5a-4f21-8df7-8ba6dc92baf3 ] Request (ServersTestFqdnHostnames:test_create_server_with_fqdn_name): 201 POST http://10.180.1.21/networking/v2.0/security-groups 0.309s
2025-12-12 14:21:02.016 65510 INFO tempest.lib.common.rest_client [req-5fc8d58b-8d74-4d14-8a38-80c47289e9c1 req-5fc8d58b-8d74-4d14-8a38-80c47289e9c1 ] Request (ServerActionsTestJSON:setUpClass): 200 GET http://10.180.1.21/compute/v2.1/servers/c4096314-270a-4270-9e1d-5ace8ddbd286 6.574s
2025-12-12 14:21:02.026 65510 INFO tempest.common.waiters [-] State transition "BUILD/None" ==> "BUILD/spawning" after 30 second wait
2025-12-12 14:21:02.049 65478 INFO tempest.lib.common.rest_client [req-eb8f14c3-905b-49c9-8d68-312f4d3aeb0b req-eb8f14c3-905b-49c9-8d68-312f4d3aeb0b ] Request (ServicesAdminNegativeTestJSON:test_get_service_by_invalid_params): 200 GET http://10.180.1.21/compute/v2.1/os-services?xxx=nova-compute 6.092s
2025-12-12 14:21:02.118 65492 INFO tempest.lib.common.rest_client [req-d8c26bf2-e972-4f12-9c21-6970021c0a3c req-d8c26bf2-e972-4f12-9c21-6970021c0a3c ] Request (ServersTestFqdnHostnames:test_create_server_with_fqdn_name): 201 POST http://10.180.1.21/networking/v2.0/security-group-rules 0.615s
2025-12-12 14:21:02.636 65488 INFO tempest.lib.common.rest_client [req-8ba5c4c8-47ca-4140-b7a7-e2210d639c2c req-8ba5c4c8-47ca-4140-b7a7-e2210d639c2c ] Request (SecurityGroupRulesTestJSON:test_security_group_rules_delete_when_peer_group_deleted): 200 POST http://10.180.1.21/compute/v2.1/os-security-groups 6.476s
2025-12-12 14:21:02.720 65492 INFO tempest.lib.common.rest_client [req-8744ccf7-6057-47fb-9cde-4e20896b9427 req-8744ccf7-6057-47fb-9cde-4e20896b9427 ] Request (ServersTestFqdnHostnames:test_create_server_with_fqdn_name): 201 POST http://10.180.1.21/networking/v2.0/security-group-rules 0.602s
2025-12-12 14:21:03.197 65492 INFO tempest.lib.common.rest_client [req-1f308b60-97cd-4302-bdde-907103ac19c1 req-1f308b60-97cd-4302-bdde-907103ac19c1 ] Request (ServersTestFqdnHostnames:test_create_server_with_fqdn_name): 201 POST http://10.180.1.21/networking/v2.0/floatingips 0.476s
2025-12-12 14:21:03.229 65492 INFO tempest.lib.common.rest_client [req-a5f6fbd9-8670-4493-a54a-3c2773af7df5 req-a5f6fbd9-8670-4493-a54a-3c2773af7df5 ] Request (ServersTestFqdnHostnames:test_create_server_with_fqdn_name): 201 POST http://10.180.1.21/identity/v3/auth/tokens 0.029s
2025-12-12 14:21:03.229 65492 INFO tempest.lib.common.fixed_network [-] (ServersTestFqdnHostnames:test_create_server_with_fqdn_name) Found network {'id': 'e1cfb019-a6b4-4c9a-88d0-8cb6cdf5d0b8', 'name': 'tempest-ServersTestFqdnHostnames-1911550210-network', 'tenant_id': 'ec5741daa3f3411bb74b3b965bbeef44', 'project_id': 'ec5741daa3f3411bb74b3b965bbeef44', 'admin_state_up': True, 'mtu': 8950, 'status': 'ACTIVE', 'subnets': [], 'shared': False, 'port_security_enabled': True, 'router:external': False, 'provider:network_type': 'vlan', 'provider:physical_network': 'default', 'provider:segmentation_id': 349, 'availability_zone_hints': [], 'availability_zones': [], 'ipv4_address_scope': None, 'ipv6_address_scope': None, 'description': '', 'tags': [], 'created_at': '2025-12-12T14:20:52Z', 'updated_at': '2025-12-12T14:20:52Z', 'revision_number': 1} available for tenant
2025-12-12 14:21:03.236 65486 INFO tempest.lib.common.rest_client [req-d108b8cf-f2fd-4447-82b2-b765dac6bcd4 req-d108b8cf-f2fd-4447-82b2-b765dac6bcd4 ] Request (FloatingIPsAssociationTestJSON:setUpClass): 200 POST http://10.180.1.21/compute/v2.1/os-floating-ips 7.476s
2025-12-12 14:21:03.268 65494 INFO tempest.lib.common.rest_client [req-a35c90c6-9b4e-4a3a-a5d6-4f44e4dee8b3 req-a35c90c6-9b4e-4a3a-a5d6-4f44e4dee8b3 ] Request (VolumesAssistedSnapshotsTest:test_volume_assisted_snapshot_create_delete): 200 GET http://10.180.1.21/compute/v2.1/servers/4ffc659b-b7a9-42ac-bcd0-0cae8b0ea818 7.032s
2025-12-12 14:21:03.275 65494 INFO tempest.common.waiters [-] State transition "BUILD/None" ==> "BUILD/spawning" after 31 second wait
2025-12-12 14:21:03.306 65486 INFO tempest.lib.common.rest_client [req-28b82a20-f1f5-4c17-9f9b-9282083a58cd req-28b82a20-f1f5-4c17-9f9b-9282083a58cd ] Request (FloatingIPsAssociationTestJSON:test_associate_already_associated_floating_ip): 201 POST http://10.180.1.21/identity/v3/auth/tokens 0.063s
2025-12-12 14:21:03.306 65486 INFO tempest.lib.common.fixed_network [-] (FloatingIPsAssociationTestJSON:test_associate_already_associated_floating_ip) Found network {'id': 'd139030f-74bb-44de-934c-f50aeb96b9c4', 'name': 'tempest-FloatingIPsAssociationTestJSON-649442954-network', 'tenant_id': 'e92570886f544d9ea9fe0947e8e93d9c', 'project_id': 'e92570886f544d9ea9fe0947e8e93d9c', 'admin_state_up': True, 'mtu': 8950, 'status': 'ACTIVE', 'subnets': [], 'shared': False, 'port_security_enabled': True, 'router:external': False, 'provider:network_type': 'vlan', 'provider:physical_network': 'default', 'provider:segmentation_id': 231, 'availability_zone_hints': [], 'availability_zones': [], 'ipv4_address_scope': None, 'ipv6_address_scope': None, 'description': '', 'tags': [], 'created_at': '2025-12-12T14:20:07Z', 'updated_at': '2025-12-12T14:20:07Z', 'revision_number': 1} available for tenant
2025-12-12 14:21:03.363 65514 INFO tempest.lib.common.rest_client [req-2bde12e3-6afb-41ae-83e8-0f8eb6584504 req-2bde12e3-6afb-41ae-83e8-0f8eb6584504 ] Request (MultipleCreateTestJSON:test_multiple_create): 200 GET http://10.180.1.21/compute/v2.1/servers/bad21c0b-6534-46b5-97a3-a26e5ecb5c96 6.962s
2025-12-12 14:21:03.382 65526 INFO tempest.lib.common.rest_client [req-4f11d152-401b-437b-95ac-2a9f2b2c4f17 req-4f11d152-401b-437b-95ac-2a9f2b2c4f17 ] Request (FlavorsAccessNegativeTestJSON:test_flavor_non_admin_remove): 200 POST http://10.180.1.21/compute/v2.1/flavors 6.931s
2025-12-12 14:21:03.416 65502 INFO tempest.lib.common.rest_client [req-3747ae69-b906-47cc-a47b-7188e755a99d req-3747ae69-b906-47cc-a47b-7188e755a99d ] Request (KeyPairsV22TestJSON:test_keypairsv22_create_list_show): 201 POST http://10.180.1.21/compute/v2.1/os-keypairs 6.955s
2025-12-12 14:21:03.453 65522 INFO tempest.lib.common.rest_client [req-b287ba1a-dad8-4953-b531-744ee30f8661 req-b287ba1a-dad8-4953-b531-744ee30f8661 ] Request (FlavorsAdminTestJSON:_run_cleanups): 200 GET http://10.180.1.21/compute/v2.1/flavors/detail 6.979s
2025-12-12 14:21:03.492 65498 INFO tempest.lib.common.rest_client [req-656361ad-c598-4561-b124-2586c27733aa req-656361ad-c598-4561-b124-2586c27733aa ] Request (AggregatesAdminNegativeTestJSON:test_aggregate_create_with_existent_aggregate_name): 200 POST http://10.180.1.21/compute/v2.1/os-aggregates 7.011s
2025-12-12 14:21:03.806 65500 INFO tempest.lib.common.rest_client [req-5a8bb174-c3e6-4d05-ad30-5bc8b15b4902 req-5a8bb174-c3e6-4d05-ad30-5bc8b15b4902 ] Request (AttachInterfacesTestJSON:test_create_list_show_delete_interfaces_by_fixed_ip): 200 GET http://10.180.1.21/compute/v2.1/servers/cc002961-d742-4255-88c7-f0a5a39424b1 7.069s
2025-12-12 14:21:03.814 65500 INFO tempest.common.waiters [-] State transition "BUILD/spawning" ==> "ACTIVE/None" after 33 second wait
2025-12-12 14:21:03.933 65516 INFO tempest.lib.common.rest_client [req-03747cfb-98d3-458e-8bf1-02ee32dd868f req-03747cfb-98d3-458e-8bf1-02ee32dd868f ] Request (ServersAdmin275Test:test_rebuild_update_server_275): 202 POST http://10.180.1.21/compute/v2.1/servers/20396b81-2041-4bf2-85c4-8ea66c838ec4/action 7.485s
2025-12-12 14:21:04.004 65480 INFO tempest.lib.common.rest_client [req-3c1919b0-ee35-4495-8f09-14d581053eb3 req-3c1919b0-ee35-4495-8f09-14d581053eb3 ] Request (AttachInterfacesUnderV243Test:test_add_remove_fixed_ip): 200 GET http://10.180.1.21/compute/v2.1/servers/5854d21a-d1a8-4043-aec8-b37ff25c40e7 7.056s
2025-12-12 14:21:04.124 65534 INFO tempest.lib.common.rest_client [req-663e1448-fbb8-4b61-a13c-27216b2c5d0e req-663e1448-fbb8-4b61-a13c-27216b2c5d0e ] Request (SecurityGroupsTestJSON:test_list_security_groups_by_server): 200 GET http://10.180.1.21/compute/v2.1/servers/f1a5fdce-a940-43d4-83d7-716786c9ac34 6.902s
2025-12-12 14:21:04.134 65534 INFO tempest.common.waiters [-] State transition "BUILD/spawning" ==> "ACTIVE/None" after 34 second wait
2025-12-12 14:21:04.143 65474 INFO tempest.lib.common.rest_client [req-45c6847e-e5c2-4190-8cda-0e6aaa78ba5d req-45c6847e-e5c2-4190-8cda-0e6aaa78ba5d ] Request (ImagesOneServerTestJSON:setUpClass): 200 GET http://10.180.1.21/compute/v2.1/servers/46f89cfb-14aa-483d-aa8a-bc91356272ca 6.853s
2025-12-12 14:21:04.153 65474 INFO tempest.common.waiters [-] State transition "BUILD/None" ==> "BUILD/spawning" after 23 second wait
2025-12-12 14:21:04.189 65529 INFO tempest.lib.common.rest_client [req-3c306499-a81c-418b-8ce7-3b4a31499be6 req-3c306499-a81c-418b-8ce7-3b4a31499be6 ] Request (ServerDiagnosticsNegativeTest:tearDownClass): 200 GET http://10.180.1.21/compute/v2.1/servers/0151ed85-bba4-443a-b18f-58272c973e1e 6.826s
2025-12-12 14:21:04.203 65504 INFO tempest.lib.common.rest_client [req-ea362174-a9a1-49c3-ad10-47c697cb41cc req-ea362174-a9a1-49c3-ad10-47c697cb41cc ] Request (ServersWithSpecificFlavorTestJSON:test_verify_created_server_ephemeral_disk): 200 GET http://10.180.1.21/compute/v2.1/servers/e2d32a5e-c350-4b2b-9243-c3b412193a82 6.289s
2025-12-12 14:21:04.227 65508 INFO tempest.lib.common.rest_client [req-15bba333-9041-49e4-b338-3567962b468a req-15bba333-9041-49e4-b338-3567962b468a ] Request (ListImageFiltersTestJSON:setUpClass): 200 GET http://10.180.1.21/compute/v2.1/images/bf832398-cecd-443d-b0ec-22b93bd61900 6.238s
2025-12-12 14:21:04.252 65536 INFO tempest.lib.common.rest_client [req-794c7f1c-279e-4feb-b447-de721037aa39 req-794c7f1c-279e-4feb-b447-de721037aa39 ] Request (ServersAdminNegativeTestJSON:test_migrate_server_invalid_state): 200 GET http://10.180.1.21/compute/v2.1/servers/6a4841b6-6076-4e9c-a6cf-a658957e2931 5.741s
2025-12-12 14:21:04.304 65476 INFO tempest.lib.common.rest_client [req-6d69bab1-a881-4e26-95af-6296220577cd req-6d69bab1-a881-4e26-95af-6296220577cd ] Request (ImagesOneServerNegativeTestJSON:setUpClass): 200 GET http://10.180.1.21/compute/v2.1/servers/7a0d0769-31c5-4ae1-8520-a744f64d39c6 4.071s
2025-12-12 14:21:04.541 65524 INFO tempest.lib.common.rest_client [req-87026c11-65ab-439a-965a-b2da48747e04 req-87026c11-65ab-439a-965a-b2da48747e04 ] Request (FloatingIPsTestJSON:test_allocate_floating_ip): 200 GET http://10.180.1.21/compute/v2.1/os-floating-ips/772f993b-5e79-4d15-89d2-7412d86f6823 4.090s
2025-12-12 14:21:04.611 65482 INFO tempest.lib.common.rest_client [req-ab300dc7-8e90-46df-aa9e-7cf6def26e78 req-ab300dc7-8e90-46df-aa9e-7cf6def26e78 ] Request (QuotasAdminNegativeTest:test_create_server_when_cpu_quota_is_full): 200 PUT http://10.180.1.21/compute/v2.1/os-quota-sets/dc47930c38434958926e65c46dbe295e 4.000s
2025-12-12 14:21:04.650 65538 INFO tempest.lib.common.rest_client [req-911bfb2b-82e4-4710-b535-98bcedff3106 req-911bfb2b-82e4-4710-b535-98bcedff3106 ] Request (InstanceActionsV221TestJSON:test_get_list_deleted_instance_actions): 202 POST http://10.180.1.21/compute/v2.1/servers 4.422s
2025-12-12 14:21:04.749 65482 INFO tempest.lib.common.rest_client [req-fcb32ed9-df25-437c-86eb-1fed6ba48f2d req-fcb32ed9-df25-437c-86eb-1fed6ba48f2d ] Request (QuotasAdminNegativeTest:test_create_server_when_cpu_quota_is_full): 201 POST http://10.180.1.21/identity/v3/auth/tokens 0.126s
2025-12-12 14:21:04.750 65482 INFO tempest.lib.common.fixed_network [-] (QuotasAdminNegativeTest:test_create_server_when_cpu_quota_is_full) Found network None available for tenant
2025-12-12 14:21:04.779 65506 INFO tempest.lib.common.rest_client [req-07e2968c-c0b5-46c8-9b9f-6551e28c4737 req-07e2968c-c0b5-46c8-9b9f-6551e28c4737 ] Request (QuotasAdminTestV236:test_get_updated_quotas): 200 PUT http://10.180.1.21/compute/v2.1/os-quota-sets/6814fe9740654d41943989f89f7497b7?user_id=6d9b29cc60a244a59c471e2eaeb4e102 3.700s
2025-12-12 14:21:04.860 65532 INFO tempest.lib.common.rest_client [req-39787ee1-9189-4edc-9357-5683aad66831 req-39787ee1-9189-4edc-9357-5683aad66831 ] Request (ImagesTestJSON:test_create_image_from_stopped_server): 200 GET http://10.180.1.21/compute/v2.1/servers/2700ee2c-cc57-40e0-8069-f1b7ad2df7b4 3.780s
2025-12-12 14:21:04.939 65512 INFO tempest.lib.common.rest_client [req-563e85b7-c713-4501-a556-48a51733753b req-563e85b7-c713-4501-a556-48a51733753b ] Request (DeleteServersAdminTestJSON:test_admin_delete_servers_of_others): 200 GET http://10.180.1.21/compute/v2.1/servers/db737254-91fd-44bc-bf01-c864227cdf07 3.545s
2025-12-12 14:21:04.993 65518 INFO tempest.lib.common.rest_client [req-2709a2a1-800a-497d-9605-f40462369bb4 req-2709a2a1-800a-497d-9605-f40462369bb4 ] Request (ServerDiagnosticsV248Test:test_get_server_diagnostics): 200 GET http://10.180.1.21/compute/v2.1/servers/6887bb66-7186-4d58-be59-d0c53c3221c6 3.212s
2025-12-12 14:21:05.005 65518 INFO tempest.common.waiters [-] State transition "BUILD/spawning" ==> "ACTIVE/None" after 33 second wait
2025-12-12 14:21:05.103 65490 INFO tempest.lib.common.rest_client [req-cd8c3ec2-4b3d-456c-ab3c-fdb1fe4d05d6 req-cd8c3ec2-4b3d-456c-ab3c-fdb1fe4d05d6 ] Request (MigrationsAdminTest:test_list_migrations_in_flavor_resize_situation): 200 GET http://10.180.1.21/compute/v2.1/servers/5f6e4f46-0745-42c0-a779-6cffb60e21ca 3.086s
2025-12-12 14:21:05.130 65478 INFO tempest.lib.common.rest_client [req-938f0368-1a99-407c-86ca-9cc54d169619 req-938f0368-1a99-407c-86ca-9cc54d169619 ] Request (ServicesAdminNegativeTestJSON:test_get_service_by_invalid_service_and_valid_host): 200 GET http://10.180.1.21/compute/v2.1/os-services 3.074s
2025-12-12 14:21:05.264 65488 INFO tempest.lib.common.rest_client [req-ab9c73c7-7359-4dde-91d2-790e09e776b4 req-ab9c73c7-7359-4dde-91d2-790e09e776b4 ] Request (SecurityGroupRulesTestJSON:test_security_group_rules_delete_when_peer_group_deleted): 200 POST http://10.180.1.21/compute/v2.1/os-security-groups 2.621s
2025-12-12 14:21:05.393 65530 INFO tempest.lib.common.rest_client [req-a165d0b9-2b77-4b74-a346-b6d6f99fda19 req-a165d0b9-2b77-4b74-a346-b6d6f99fda19 ] Request (ServersTestMultiNic:test_verify_duplicate_network_nics): 202 POST http://10.180.1.21/compute/v2.1/servers 4.088s
2025-12-12 14:21:05.421 65510 INFO tempest.lib.common.rest_client [req-5fef9c0f-ab79-4d49-a133-b29f963b7f79 req-5fef9c0f-ab79-4d49-a133-b29f963b7f79 ] Request (ServerActionsTestJSON:setUpClass): 200 GET http://10.180.1.21/compute/v2.1/servers/c4096314-270a-4270-9e1d-5ace8ddbd286 2.393s
2025-12-12 14:21:05.780 65486 INFO tempest.lib.common.rest_client [req-3b421eda-8816-4167-b4e3-647dd2410d6c req-3b421eda-8816-4167-b4e3-647dd2410d6c ] Request (FloatingIPsAssociationTestJSON:test_associate_already_associated_floating_ip): 202 POST http://10.180.1.21/compute/v2.1/servers 2.472s
2025-12-12 14:21:05.783 65492 INFO tempest.lib.common.rest_client [req-f00abe0a-5b25-47b9-a027-acb6afbf8df6 req-f00abe0a-5b25-47b9-a027-acb6afbf8df6 ] Request (ServersTestFqdnHostnames:test_create_server_with_fqdn_name): 202 POST http://10.180.1.21/compute/v2.1/servers 2.553s
2025-12-12 14:21:05.934 65514 INFO tempest.lib.common.rest_client [req-f1c1971a-25c7-49be-be6e-3018fc07749a req-f1c1971a-25c7-49be-be6e-3018fc07749a ] Request (MultipleCreateTestJSON:_run_cleanups): 204 DELETE http://10.180.1.21/compute/v2.1/servers/bad21c0b-6534-46b5-97a3-a26e5ecb5c96 2.563s
2025-12-12 14:21:05.957 65502 INFO tempest.lib.common.rest_client [req-da059ce3-1500-4517-9a5c-d18cf5277831 req-da059ce3-1500-4517-9a5c-d18cf5277831 ] Request (KeyPairsV22TestJSON:test_keypairsv22_create_list_show): 200 GET http://10.180.1.21/compute/v2.1/os-keypairs/tempest-keypair-158745015 2.539s
2025-12-12 14:21:05.988 65522 INFO tempest.lib.common.rest_client [req-a5e0a3ae-9571-4537-90e3-904c9e60bf30 req-a5e0a3ae-9571-4537-90e3-904c9e60bf30 ] Request (FlavorsAdminTestJSON:test_create_list_flavor_without_extra_data): 200 POST http://10.180.1.21/compute/v2.1/flavors 2.528s
2025-12-12 14:21:06.002 65498 INFO tempest.lib.common.rest_client [req-2c600691-17e7-405d-917c-ad375fc52530 req-2c600691-17e7-405d-917c-ad375fc52530 ] Request (AggregatesAdminNegativeTestJSON:test_aggregate_create_with_existent_aggregate_name): 409 POST http://10.180.1.21/compute/v2.1/os-aggregates 2.507s
2025-12-12 14:21:06.125 65500 INFO tempest.lib.common.rest_client [req-7afb2614-246e-4db5-9b92-59486c3575bf req-7afb2614-246e-4db5-9b92-59486c3575bf ] Request (AttachInterfacesTestJSON:test_create_list_show_delete_interfaces_by_fixed_ip): 200 GET http://10.180.1.21/compute/v2.1/servers/cc002961-d742-4255-88c7-f0a5a39424b1/os-interface 2.310s
2025-12-12 14:21:06.159 65526 INFO tempest.lib.common.rest_client [req-6f17c11a-a52a-425b-a5c0-473129c1e9bc req-6f17c11a-a52a-425b-a5c0-473129c1e9bc ] Request (FlavorsAccessNegativeTestJSON:test_flavor_non_admin_remove): 200 POST http://10.180.1.21/compute/v2.1/flavors/6836909/action 2.774s
2025-12-12 14:21:06.245 65516 INFO tempest.lib.common.rest_client [req-6487457f-1579-4f93-ba46-b00abc4f8fb7 req-6487457f-1579-4f93-ba46-b00abc4f8fb7 ] Request (ServersAdmin275Test:_run_cleanups): 200 GET http://10.180.1.21/compute/v2.1/servers/20396b81-2041-4bf2-85c4-8ea66c838ec4 2.298s
2025-12-12 14:21:06.289 65508 INFO tempest.lib.common.rest_client [req-ff4206b6-4786-4144-8b2c-80343be73e9c req-ff4206b6-4786-4144-8b2c-80343be73e9c ] Request (ListImageFiltersTestJSON:setUpClass): 200 GET http://10.180.1.21/compute/v2.1/images/bf832398-cecd-443d-b0ec-22b93bd61900 2.058s
2025-12-12 14:21:06.393 65508 INFO tempest.lib.common.rest_client [req-1505e900-2553-459a-9d9a-a380bd789ba5 req-1505e900-2553-459a-9d9a-a380bd789ba5 ] Request (ListImageFiltersTestJSON:setUpClass): 201 POST http://10.180.1.21/identity/v3/auth/tokens 0.096s
2025-12-12 14:21:06.393 65508 INFO tempest.lib.common.fixed_network [-] (ListImageFiltersTestJSON:setUpClass) Found network None available for tenant
2025-12-12 14:21:06.753 65534 INFO tempest.lib.common.rest_client [req-f76798cb-b0e5-4312-b656-eddd8909ae00 req-f76798cb-b0e5-4312-b656-eddd8909ae00 ] Request (SecurityGroupsTestJSON:test_list_security_groups_by_server): 202 POST http://10.180.1.21/compute/v2.1/servers/f1a5fdce-a940-43d4-83d7-716786c9ac34/action 2.618s
2025-12-12 14:21:06.788 65494 INFO tempest.lib.common.rest_client [req-ecc7ee90-769e-4193-9b69-9eab732bc712 req-ecc7ee90-769e-4193-9b69-9eab732bc712 ] Request (VolumesAssistedSnapshotsTest:test_volume_assisted_snapshot_create_delete): 200 GET http://10.180.1.21/compute/v2.1/servers/4ffc659b-b7a9-42ac-bcd0-0cae8b0ea818 2.512s
2025-12-12 14:21:06.855 65538 INFO tempest.lib.common.rest_client [req-6ef0ad98-86b7-477a-9c30-db1fc49a3e36 req-6ef0ad98-86b7-477a-9c30-db1fc49a3e36 ] Request (InstanceActionsV221TestJSON:test_get_list_deleted_instance_actions): 200 GET http://10.180.1.21/compute/v2.1/servers/6218957b-6329-4004-97ca-07231b55937a 2.204s
2025-12-12 14:21:06.862 65500 INFO tempest.lib.common.rest_client [req-04511593-3ee3-4487-a09e-7bcf1d1cae80 req-04511593-3ee3-4487-a09e-7bcf1d1cae80 ] Request (AttachInterfacesTestJSON:test_create_list_show_delete_interfaces_by_fixed_ip): 200 PUT http://10.180.1.21/networking/v2.0/floatingips/a489dccf-7f78-41a2-9d2a-ee75dfcb4418 0.733s
2025-12-12 14:21:07.002 65524 INFO tempest.lib.common.rest_client [req-01555fb3-c1ee-41fe-abce-82698f26e138 req-01555fb3-c1ee-41fe-abce-82698f26e138 ] Request (FloatingIPsTestJSON:test_allocate_floating_ip): 200 GET http://10.180.1.21/compute/v2.1/os-floating-ips 2.458s
2025-12-12 14:21:07.051 65506 INFO tempest.lib.common.rest_client [req-d4636bea-b688-4a32-b679-2a8efcd681db req-d4636bea-b688-4a32-b679-2a8efcd681db ] Request (QuotasAdminTestV236:test_get_updated_quotas): 200 GET http://10.180.1.21/compute/v2.1/os-quota-sets/6814fe9740654d41943989f89f7497b7?user_id=6d9b29cc60a244a59c471e2eaeb4e102 2.270s
2025-12-12 14:21:07.098 65482 INFO tempest.lib.common.rest_client [req-69a54656-b324-4343-bdaa-e9ff22c81511 req-69a54656-b324-4343-bdaa-e9ff22c81511 ] Request (QuotasAdminNegativeTest:test_create_server_when_cpu_quota_is_full): 403 POST http://10.180.1.21/compute/v2.1/servers 2.347s
2025-12-12 14:21:07.169 65506 INFO tempest.lib.common.rest_client [req-07e7e49e-3d5f-4393-88ba-ddc7a7ca83ed req-07e7e49e-3d5f-4393-88ba-ddc7a7ca83ed ] Request (QuotasAdminTestV236:_run_cleanups): 204 DELETE http://10.180.1.21/identity/v3/users/6d9b29cc60a244a59c471e2eaeb4e102 0.116s
2025-12-12 14:21:07.275 65506 INFO tempest.lib.common.rest_client [req-cbb82eb3-5299-46c6-9fed-52649dee3bc2 req-cbb82eb3-5299-46c6-9fed-52649dee3bc2 ] Request (QuotasAdminTestV236:_run_cleanups): 204 DELETE http://10.180.1.21/identity/v3/projects/6814fe9740654d41943989f89f7497b7 0.105s
2025-12-12 14:21:07.398 65506 INFO tempest.lib.common.rest_client [req-e61f26ed-cbcb-44d3-be28-fba592f48967 req-e61f26ed-cbcb-44d3-be28-fba592f48967 ] Request (QuotasAdminTestV236:tearDownClass): 204 DELETE http://10.180.1.21/identity/v3/users/b6dd8412250f426fad4628d1464a6565 0.121s
2025-12-12 14:21:07.523 65506 INFO tempest.lib.common.rest_client [req-e3915dbc-19e6-42a4-9f79-ccfd571fcfab req-e3915dbc-19e6-42a4-9f79-ccfd571fcfab ] Request (QuotasAdminTestV236:tearDownClass): 204 DELETE http://10.180.1.21/identity/v3/users/d84543c5f9f84d0b8f2c43e5bf961127 0.124s
2025-12-12 14:21:07.523 65506 INFO tempest.lib.common.dynamic_creds [-] Deleting project and security group for project: 47fd215970d3465ca03c5e6882696693
2025-12-12 14:21:07.595 65506 INFO tempest.lib.common.rest_client [req-f189a7f0-4233-4d1b-9fc8-d7e0c076048d req-f189a7f0-4233-4d1b-9fc8-d7e0c076048d ] Request (QuotasAdminTestV236:tearDownClass): 201 POST http://10.180.1.21/identity/v3/auth/tokens 0.071s
2025-12-12 14:21:07.624 65532 INFO tempest.lib.common.rest_client [req-c3b8491e-2f03-4ade-8b21-54d06ee2c0d5 req-c3b8491e-2f03-4ade-8b21-54d06ee2c0d5 ] Request (ImagesTestJSON:test_create_image_from_stopped_server): 202 POST http://10.180.1.21/compute/v2.1/servers/2700ee2c-cc57-40e0-8069-f1b7ad2df7b4/action 2.756s
2025-12-12 14:21:07.695 65480 INFO tempest.lib.common.rest_client [req-3b954fbd-8831-4735-972e-5157382650b4 req-3b954fbd-8831-4735-972e-5157382650b4 ] Request (AttachInterfacesUnderV243Test:test_add_remove_fixed_ip): 200 GET http://10.180.1.21/compute/v2.1/servers/5854d21a-d1a8-4043-aec8-b37ff25c40e7 2.683s
2025-12-12 14:21:07.729 65478 INFO tempest.lib.common.rest_client [req-6b074704-4760-4fb5-81d1-82e0ef6b23c6 req-6b074704-4760-4fb5-81d1-82e0ef6b23c6 ] Request (ServicesAdminNegativeTestJSON:test_get_service_by_invalid_service_and_valid_host): 200 GET http://10.180.1.21/compute/v2.1/os-services?host=devstack&binary=xxx 2.597s
2025-12-12 14:21:07.732 65518 INFO tempest.lib.common.rest_client [req-1d028a8d-8be6-4a8d-867b-b3163b519c04 req-1d028a8d-8be6-4a8d-867b-b3163b519c04 ] Request (ServerDiagnosticsV248Test:test_get_server_diagnostics): 200 GET http://10.180.1.21/compute/v2.1/servers/6887bb66-7186-4d58-be59-d0c53c3221c6/diagnostics 2.726s
2025-12-12 14:21:07.767 65529 INFO tempest.lib.common.rest_client [req-c643a4f9-fb76-4fd9-bf45-4e7fc539198a req-c643a4f9-fb76-4fd9-bf45-4e7fc539198a ] Request (ServerDiagnosticsNegativeTest:tearDownClass): 404 GET http://10.180.1.21/compute/v2.1/servers/0151ed85-bba4-443a-b18f-58272c973e1e 2.568s
2025-12-12 14:21:07.831 65506 INFO tempest.lib.common.rest_client [req-6e219517-b652-4c13-96cf-10f91e68f5dc req-6e219517-b652-4c13-96cf-10f91e68f5dc ] Request (QuotasAdminTestV236:tearDownClass): 200 GET http://10.180.1.21/networking/v2.0/security-groups?tenant_id=47fd215970d3465ca03c5e6882696693&name=default 0.235s
2025-12-12 14:21:07.858 65504 INFO tempest.lib.common.rest_client [req-120b9975-9a86-4abd-ae7d-ce3e9c08ca29 req-120b9975-9a86-4abd-ae7d-ce3e9c08ca29 ] Request (ServersWithSpecificFlavorTestJSON:test_verify_created_server_ephemeral_disk): 200 GET http://10.180.1.21/compute/v2.1/servers/e2d32a5e-c350-4b2b-9243-c3b412193a82 2.648s
2025-12-12 14:21:07.875 65529 INFO tempest.lib.common.rest_client [req-3581485a-8e1a-4c25-a286-601736d28f37 req-3581485a-8e1a-4c25-a286-601736d28f37 ] Request (ServerDiagnosticsNegativeTest:tearDownClass): 204 DELETE http://10.180.1.21/identity/v3/users/a09ed33e751e4039a05bdfb907fc7ce2 0.108s
2025-12-12 14:21:07.933 65536 INFO tempest.lib.common.rest_client [req-3974a6d7-5fe2-4027-ac2b-733178cc7618 req-3974a6d7-5fe2-4027-ac2b-733178cc7618 ] Request (ServersAdminNegativeTestJSON:test_migrate_server_invalid_state): 200 GET http://10.180.1.21/compute/v2.1/servers/6a4841b6-6076-4e9c-a6cf-a658957e2931 2.671s
2025-12-12 14:21:07.947 65506 INFO tempest.lib.common.rest_client [req-c078472d-3df9-4cbd-98ea-d40b8bab9adf req-c078472d-3df9-4cbd-98ea-d40b8bab9adf ] Request (QuotasAdminTestV236:tearDownClass): 204 DELETE http://10.180.1.21/networking/v2.0/security-groups/7c19a68c-d59d-49fe-b060-f7511eee08af 0.115s
2025-12-12 14:21:07.956 65474 INFO tempest.lib.common.rest_client [req-4e22ddf7-d4c1-4b70-ab99-82bc6c6a49cb req-4e22ddf7-d4c1-4b70-ab99-82bc6c6a49cb ] Request (ImagesOneServerTestJSON:setUpClass): 200 GET http://10.180.1.21/compute/v2.1/servers/46f89cfb-14aa-483d-aa8a-bc91356272ca 2.802s
