2025-12-12 14:21:52.346 65482 INFO tempest.lib.common.rest_client [req-bbf72b23-72c2-485f-b2c9-f0ae709c2cbd req-bbf72b23-72c2-485f-b2c9-f0ae709c2cbd ] Request (MultipleCreateNegativeTestJSON:test_max_count_less_than_one): 201 POST http://10.180.1.21/identity/v3/auth/tokens 0.027s
2025-12-12 14:21:52.346 65482 INFO tempest.lib.common.fixed_network [-] (MultipleCreateNegativeTestJSON:test_max_count_less_than_one) Found network None available for tenant
2025-12-12 14:21:52.364 65516 INFO tempest.lib.common.rest_client [req-7b5eb128-1172-4230-9f0c-63a0b5febc4e req-7b5eb128-1172-4230-9f0c-63a0b5febc4e ] Request (TenantUsagesTestJSON:setUpClass): 200 GET http://10.180.1.21/compute/v2.1/servers/3f69040e-7df3-4535-a3a7-90f3348ef346 2.201s
2025-12-12 14:21:52.376 65514 INFO tempest.lib.common.rest_client [req-2072bdce-52ef-4529-bb63-8be37654d248 req-2072bdce-52ef-4529-bb63-8be37654d248 ] Request (MultipleCreateTestJSON:test_multiple_create_with_reservation_return): 200 GET http://10.180.1.21/compute/v2.1/servers/6164d64c-75c5-469e-ac32-667842b3717a 2.168s
2025-12-12 14:21:52.447 65510 INFO tempest.lib.common.rest_client [req-4e3dadf5-a57d-48f1-a890-b391f6322f5f req-4e3dadf5-a57d-48f1-a890-b391f6322f5f ] Request (ServerActionsTestJSON:test_lock_unlock_server): 202 POST http://10.180.1.21/compute/v2.1/servers/c4096314-270a-4270-9e1d-5ace8ddbd286/action 2.030s
2025-12-12 14:21:52.476 65508 INFO tempest.lib.common.rest_client [req-5e92c7bf-6549-4dd6-b932-6cededb10600 req-5e92c7bf-6549-4dd6-b932-6cededb10600 ] Request (ListImageFiltersTestJSON:setUpClass): 200 GET http://10.180.1.21/compute/v2.1/servers/cd86f815-4b46-45b1-9a1c-ab2e28f63626 2.141s
2025-12-12 14:21:52.482 65536 INFO tempest.lib.common.rest_client [req-295024e5-92cd-49e2-bb65-df705d38b895 req-295024e5-92cd-49e2-bb65-df705d38b895 ] Request (ServersAdminNegativeTestJSON:test_reset_state_server_invalid_type): 400 POST http://10.180.1.21/compute/v2.1/servers/a43879c7-7378-4700-9581-8daabdafe5b2/action 1.953s
2025-12-12 14:21:52.498 65529 INFO tempest.lib.common.rest_client [req-20c72ead-9673-4b76-8173-d8febcf50a7b req-20c72ead-9673-4b76-8173-d8febcf50a7b ] Request (FlavorsV2TestJSON:test_list_flavors_detailed_limit_results): 200 GET http://10.180.1.21/compute/v2.1/flavors/detail?limit=1 1.937s
2025-12-12 14:21:52.508 65506 INFO tempest.lib.common.rest_client [req-fce43072-5d79-46c6-b92a-b4d81ad064e2 req-fce43072-5d79-46c6-b92a-b4d81ad064e2 ] Request (ServerActionsTestOtherB:setUpClass): 200 GET http://10.180.1.21/compute/v2.1/servers/7ae12d0f-3f25-42f8-be54-c6e8fb5ded3c 2.068s
2025-12-12 14:21:52.555 65538 INFO tempest.lib.common.rest_client [req-eb627373-c4bd-4c05-a63c-0bce7719dd1f req-eb627373-c4bd-4c05-a63c-0bce7719dd1f ] Request (InstanceActionsV221TestJSON:test_get_list_deleted_instance_actions): 200 GET http://10.180.1.21/compute/v2.1/servers/6218957b-6329-4004-97ca-07231b55937a 1.964s
2025-12-12 14:21:52.570 65524 INFO tempest.lib.common.rest_client [req-85349e68-c878-43f2-97b7-4158a9a5c9c7 req-85349e68-c878-43f2-97b7-4158a9a5c9c7 ] Request (ServersListShow298Test:test_list_show_update_rebuild_server_298): 200 GET http://10.180.1.21/compute/v2.1/servers/1e4a9d58-f848-4ff2-8558-4f23c6082a5f 1.897s
2025-12-12 14:21:52.606 65520 INFO tempest.lib.common.rest_client [req-6678dcd0-a90f-4a9b-9cba-d43f470665fa req-6678dcd0-a90f-4a9b-9cba-d43f470665fa ] Request (FloatingIPsAssociationNegativeTestJSON:setUpClass): 200 GET http://10.180.1.21/compute/v2.1/servers/06a99a15-5c8a-4be0-b393-80a104b9ba76 1.873s
2025-12-12 14:21:52.610 65476 INFO tempest.lib.common.rest_client [req-771ab7cc-5956-409c-962f-30518d623b50 req-771ab7cc-5956-409c-962f-30518d623b50 ] Request (ImagesOneServerNegativeTestJSON:test_create_image_specify_metadata_over_limits): 400 POST http://10.180.1.21/compute/v2.1/servers/7a0d0769-31c5-4ae1-8520-a744f64d39c6/action 1.252s
2025-12-12 14:21:52.681 65518 INFO tempest.lib.common.rest_client [req-2a728be0-84aa-4138-8cb3-f066103348c6 req-2a728be0-84aa-4138-8cb3-f066103348c6 ] Request (ServerDiagnosticsV248Test:tearDownClass): 200 GET http://10.180.1.21/compute/v2.1/servers/6887bb66-7186-4d58-be59-d0c53c3221c6 1.859s
2025-12-12 14:21:52.797 65488 INFO tempest.lib.common.rest_client [req-26dc14f8-686b-40fd-8ce1-12569934cb15 req-26dc14f8-686b-40fd-8ce1-12569934cb15 ] Request (SecurityGroupRulesTestJSON:tearDownClass): 202 DELETE http://10.180.1.21/compute/v2.1/os-security-groups/6fdcf2f2-0825-404e-a84f-6478be3ede67 1.244s
2025-12-12 14:21:52.824 65478 INFO tempest.lib.common.rest_client [req-84fa16f0-75d4-4293-8a64-eb2bf0df5c45 req-84fa16f0-75d4-4293-8a64-eb2bf0df5c45 ] Request (ServicesAdminNegativeV253TestJSON:test_get_service_with_valid_service_and_invalid_host): 200 GET http://10.180.1.21/compute/v2.1/os-services?host=xxx&binary=nova-scheduler 1.167s
2025-12-12 14:21:52.840 65474 INFO tempest.lib.common.rest_client [req-5038710c-03ce-4e2e-ae25-ebba26a8bb99 req-5038710c-03ce-4e2e-ae25-ebba26a8bb99 ] Request (ImagesOneServerTestJSON:test_create_delete_image): 204 DELETE http://10.180.1.21/compute/v2.1/images/8af4d2e1-314a-42f6-b6eb-dfa13df15f20 1.262s
2025-12-12 14:21:52.848 65522 INFO tempest.lib.common.rest_client [req-6e6c8142-5054-47b8-a37a-2b8514adecf7 req-6e6c8142-5054-47b8-a37a-2b8514adecf7 ] Request (FlavorsAdminTestJSON:test_is_public_string_variations): 200 GET http://10.180.1.21/compute/v2.1/flavors/detail?is_public=0 1.177s
2025-12-12 14:21:52.901 65490 INFO tempest.lib.common.rest_client [req-39200be3-2563-4366-b319-d7386aef0b6a req-39200be3-2563-4366-b319-d7386aef0b6a ] Request (MigrationsAdminTest:test_list_migrations_in_flavor_resize_situation): 200 POST http://10.180.1.21/compute/v2.1/os-keypairs 1.055s
2025-12-12 14:21:53.021 65490 INFO tempest.lib.common.rest_client [req-ef5afbb5-b8ff-467e-94cb-f8bb77152196 req-ef5afbb5-b8ff-467e-94cb-f8bb77152196 ] Request (MigrationsAdminTest:test_list_migrations_in_flavor_resize_situation): 201 POST http://10.180.1.21/networking/v2.0/security-groups 0.118s
2025-12-12 14:21:53.117 65498 INFO tempest.lib.common.rest_client [req-2af19f9e-47e8-48e7-a7ff-b1b44c4e9be2 req-2af19f9e-47e8-48e7-a7ff-b1b44c4e9be2 ] Request (AggregatesAdminNegativeTestJSON:_run_cleanups): 200 POST http://10.180.1.21/compute/v2.1/os-aggregates/7/action 1.446s
2025-12-12 14:21:53.144 65490 INFO tempest.lib.common.rest_client [req-733aacb5-4add-4174-9525-78f78b380611 req-733aacb5-4add-4174-9525-78f78b380611 ] Request (MigrationsAdminTest:test_list_migrations_in_flavor_resize_situation): 201 POST http://10.180.1.21/networking/v2.0/security-group-rules 0.122s
2025-12-12 14:21:53.186 65512 INFO tempest.lib.common.rest_client [req-f95e5eec-b223-4dda-884d-8b22038cd211 req-f95e5eec-b223-4dda-884d-8b22038cd211 ] Request (DeleteServersAdminTestJSON:test_delete_server_while_in_error_state): 202 POST http://10.180.1.21/compute/v2.1/servers/124876fe-a4f2-4140-8dee-d8bb72b5c9a5/action 1.066s
2025-12-12 14:21:53.195 65530 INFO tempest.lib.common.rest_client [req-f81962ba-7a7a-4ccb-9e9a-4ec08fcb2a24 req-f81962ba-7a7a-4ccb-9e9a-4ec08fcb2a24 ] Request (ServersTestMultiNic:_run_cleanups): 200 GET http://10.180.1.21/compute/v2.1/servers/b9c78b3b-dd43-4199-98a7-ff57fd129f43 1.236s
2025-12-12 14:21:53.238 65480 WARNING tempest.lib.common.ssh [-] Failed to establish authenticated ssh connection to cirros@10.180.180.158 ([Errno None] Unable to connect to port 22 on 10.180.180.158). Number attempts: 4. Retry after 5 seconds.: paramiko.ssh_exception.NoValidConnectionsError: [Errno None] Unable to connect to port 22 on 10.180.180.158
2025-12-12 14:21:53.281 65490 INFO tempest.lib.common.rest_client [req-7e45f1ce-4b16-4d8f-83c6-0fc69a8e1c0e req-7e45f1ce-4b16-4d8f-83c6-0fc69a8e1c0e ] Request (MigrationsAdminTest:test_list_migrations_in_flavor_resize_situation): 201 POST http://10.180.1.21/networking/v2.0/security-group-rules 0.136s
2025-12-12 14:21:53.416 65534 INFO tempest.lib.common.rest_client [req-ec7b34ec-0bb4-4ab6-96c6-be4f46eb4a02 req-ec7b34ec-0bb4-4ab6-96c6-be4f46eb4a02 ] Request (SecurityGroupsTestJSON:test_security_groups_create_list_delete): 202 DELETE http://10.180.1.21/compute/v2.1/os-security-groups/8f6b6454-e831-48ef-9aca-0dcb8731c08d 1.277s
2025-12-12 14:21:53.421 65482 INFO tempest.lib.common.rest_client [req-78c237f3-a81c-4aa9-bd96-21d7bfa10d2e req-78c237f3-a81c-4aa9-bd96-21d7bfa10d2e ] Request (MultipleCreateNegativeTestJSON:test_max_count_less_than_one): 400 POST http://10.180.1.21/compute/v2.1/servers 1.074s
2025-12-12 14:21:53.462 65482 INFO tempest.lib.common.rest_client [req-263205e7-bd46-4299-a186-d9a1c1030a73 req-263205e7-bd46-4299-a186-d9a1c1030a73 ] Request (MultipleCreateNegativeTestJSON:test_max_count_non_integer): 201 POST http://10.180.1.21/identity/v3/auth/tokens 0.037s
2025-12-12 14:21:53.463 65482 INFO tempest.lib.common.fixed_network [-] (MultipleCreateNegativeTestJSON:test_max_count_non_integer) Found network None available for tenant
2025-12-12 14:21:53.773 65510 INFO tempest.lib.common.rest_client [req-336f9a4c-f7b9-4f81-b28a-7a2e41a3f283 req-336f9a4c-f7b9-4f81-b28a-7a2e41a3f283 ] Request (ServerActionsTestJSON:test_lock_unlock_server): 200 GET http://10.180.1.21/compute/v2.1/servers/c4096314-270a-4270-9e1d-5ace8ddbd286 1.325s
2025-12-12 14:21:53.781 65536 INFO tempest.lib.common.rest_client [req-76b24bf2-5f85-47ed-aebd-2760390802d2 req-76b24bf2-5f85-47ed-aebd-2760390802d2 ] Request (ServersAdminNegativeTestJSON:test_reset_state_server_nonexistent_server): 404 POST http://10.180.1.21/compute/v2.1/servers/999/action 1.297s
2025-12-12 14:21:53.803 65529 INFO tempest.lib.common.rest_client [req-c0bfa49d-76de-4d6a-bc7a-6c25b68293a4 req-c0bfa49d-76de-4d6a-bc7a-6c25b68293a4 ] Request (FlavorsV2TestJSON:test_list_flavors_detailed_using_marker): 200 GET http://10.180.1.21/compute/v2.1/flavors/42 1.300s
2025-12-12 14:21:53.828 65490 INFO tempest.lib.common.rest_client [req-df5bdc68-29d6-4e26-a06d-17b8fde3e08d req-df5bdc68-29d6-4e26-a06d-17b8fde3e08d ] Request (MigrationsAdminTest:test_list_migrations_in_flavor_resize_situation): 201 POST http://10.180.1.21/networking/v2.0/floatingips 0.546s
2025-12-12 14:21:53.890 65486 INFO tempest.lib.common.rest_client [req-c2313ddc-f959-4fa9-8f20-aac0de2aff60 req-c2313ddc-f959-4fa9-8f20-aac0de2aff60 ] Request (FloatingIPsAssociationTestJSON:test_associate_already_associated_floating_ip): 409 POST http://10.180.1.21/compute/v2.1/servers/aa9b6708-c53c-4117-9b75-9d506f393395/action 1.655s
2025-12-12 14:21:53.980 65532 INFO tempest.lib.common.rest_client [req-f30a05d4-bad9-4243-807b-65f74b5e6085 req-f30a05d4-bad9-4243-807b-65f74b5e6085 ] Request (ImagesTestJSON:test_create_image_from_suspended_server): 200 GET http://10.180.1.21/compute/v2.1/servers/5b9c3d1a-c314-4a12-8fe3-ce8ed596fb5f 1.335s
2025-12-12 14:21:54.033 65476 INFO tempest.lib.common.rest_client [req-0b3d7e95-d2c7-4fb7-983d-9182713199bd req-0b3d7e95-d2c7-4fb7-983d-9182713199bd ] Request (ImagesOneServerNegativeTestJSON:tearDown): 200 GET http://10.180.1.21/compute/v2.1/servers/7a0d0769-31c5-4ae1-8520-a744f64d39c6 1.422s
2025-12-12 14:21:54.125 65478 INFO tempest.lib.common.rest_client [req-d9b8d4c6-e95b-4491-9451-44bf39e871b8 req-d9b8d4c6-e95b-4491-9451-44bf39e871b8 ] Request (ServicesAdminNegativeV253TestJSON:test_list_services_with_non_admin_user): 403 GET http://10.180.1.21/compute/v2.1/os-services 1.297s
2025-12-12 14:21:54.148 65474 INFO tempest.lib.common.rest_client [req-1c01b05a-47f0-4664-ac60-bdee8659efce req-1c01b05a-47f0-4664-ac60-bdee8659efce ] Request (ImagesOneServerTestJSON:test_create_delete_image): 404 GET http://10.180.1.21/compute/v2.1/images/8af4d2e1-314a-42f6-b6eb-dfa13df15f20 1.308s
2025-12-12 14:21:54.167 65488 INFO tempest.lib.common.rest_client [req-9865a3c3-2312-4a85-a99d-54274d502a2c req-9865a3c3-2312-4a85-a99d-54274d502a2c ] Request (SecurityGroupRulesTestJSON:tearDownClass): 202 DELETE http://10.180.1.21/compute/v2.1/os-security-groups/2cec6ef1-2e41-4ad2-aae3-e8eb67030301 1.370s
2025-12-12 14:21:54.181 65522 INFO tempest.lib.common.rest_client [req-6aef7295-67a5-4af6-b481-8919bce9521d req-6aef7295-67a5-4af6-b481-8919bce9521d ] Request (FlavorsAdminTestJSON:test_is_public_string_variations): 200 GET http://10.180.1.21/compute/v2.1/flavors/detail?is_public=t 1.328s
2025-12-12 14:21:54.188 65498 INFO tempest.lib.common.rest_client [req-6f115b3a-008d-467a-8527-23d43f730a90 req-6f115b3a-008d-467a-8527-23d43f730a90 ] Request (AggregatesAdminNegativeTestJSON:_run_cleanups): 200 DELETE http://10.180.1.21/compute/v2.1/os-aggregates/7 1.069s
2025-12-12 14:21:54.250 65494 WARNING tempest.lib.common.ssh [-] Failed to establish authenticated ssh connection to cirros@10.180.180.247 ([Errno None] Unable to connect to port 22 on 10.180.180.247). Number attempts: 6. Retry after 7 seconds.: paramiko.ssh_exception.NoValidConnectionsError: [Errno None] Unable to connect to port 22 on 10.180.180.247
2025-12-12 14:21:54.257 65478 INFO tempest.lib.common.rest_client [req-996eb2db-797e-4a3e-9d32-6857e7df4b64 req-996eb2db-797e-4a3e-9d32-6857e7df4b64 ] Request (ServicesAdminNegativeV253TestJSON:tearDownClass): 204 DELETE http://10.180.1.21/identity/v3/users/13dd9450b7934529b89c418e9574b803 0.130s
2025-12-12 14:21:54.260 65484 INFO tempest.lib.common.rest_client [req-85ec8cbb-e485-4707-9639-3582d0fb58de req-85ec8cbb-e485-4707-9639-3582d0fb58de ] Request (ServersAdminTestJSON:setUpClass): 200 GET http://10.180.1.21/compute/v2.1/servers/9cf6c29a-3424-4b88-9ba5-8120b124beb6 1.044s
2025-12-12 14:21:54.376 65512 INFO tempest.lib.common.rest_client [req-5b2b5a50-7541-4ebd-9ca9-5b68aaee9f3a req-5b2b5a50-7541-4ebd-9ca9-5b68aaee9f3a ] Request (DeleteServersAdminTestJSON:test_delete_server_while_in_error_state): 200 GET http://10.180.1.21/compute/v2.1/servers/124876fe-a4f2-4140-8dee-d8bb72b5c9a5 1.190s
2025-12-12 14:21:54.393 65502 INFO tempest.lib.common.rest_client [req-fb01f020-e364-4915-9160-f314ce453665 req-fb01f020-e364-4915-9160-f314ce453665 ] Request (ListServerFiltersTestJSON:setUpClass): 200 GET http://10.180.1.21/compute/v2.1/servers/c1004635-b318-489c-9e16-6cb545279953 1.117s
2025-12-12 14:21:54.403 65502 INFO tempest.common.waiters [-] State transition "BUILD/scheduling" ==> "BUILD/None" after 6 second wait
2025-12-12 14:21:54.409 65478 INFO tempest.lib.common.rest_client [req-0efc3307-edf9-4363-8430-0f15ad37abcc req-0efc3307-edf9-4363-8430-0f15ad37abcc ] Request (ServicesAdminNegativeV253TestJSON:tearDownClass): 204 DELETE http://10.180.1.21/identity/v3/users/6b376e3de1074cceab527039a5e43e36 0.151s
2025-12-12 14:21:54.409 65478 INFO tempest.lib.common.dynamic_creds [-] Deleting project and security group for project: 2157d2e1a79c418db899604bd75e3b9f
2025-12-12 14:21:54.485 65478 INFO tempest.lib.common.rest_client [req-a1277459-22f9-49b6-ae49-09a1f3fd3556 req-a1277459-22f9-49b6-ae49-09a1f3fd3556 ] Request (ServicesAdminNegativeV253TestJSON:tearDownClass): 201 POST http://10.180.1.21/identity/v3/auth/tokens 0.076s
2025-12-12 14:21:54.634 65504 WARNING tempest.lib.common.ssh [-] Failed to establish authenticated ssh connection to cirros@10.180.180.215 ([Errno None] Unable to connect to port 22 on 10.180.180.215). Number attempts: 3. Retry after 4 seconds.: paramiko.ssh_exception.NoValidConnectionsError: [Errno None] Unable to connect to port 22 on 10.180.180.215
2025-12-12 14:21:54.642 65526 INFO tempest.lib.common.rest_client [req-a4f4c13b-9563-40f0-aa9c-99d55cdc4490 req-a4f4c13b-9563-40f0-aa9c-99d55cdc4490 ] Request (VolumesAdminNegativeTest:test_update_attached_volume_with_nonexistent_volume_in_uri): 200 GET http://10.180.1.21/compute/v2.1/servers/50083ee5-9655-4cab-9d50-04a97baac626 1.314s
2025-12-12 14:21:54.660 65516 INFO tempest.lib.common.rest_client [req-2ebfae83-8483-4932-8ca8-9ff2591050b8 req-2ebfae83-8483-4932-8ca8-9ff2591050b8 ] Request (TenantUsagesTestJSON:setUpClass): 200 GET http://10.180.1.21/compute/v2.1/servers/3f69040e-7df3-4535-a3a7-90f3348ef346 1.288s
2025-12-12 14:21:54.819 65478 INFO tempest.lib.common.rest_client [req-e84240c4-2910-4d68-a630-7831babcbae1 req-e84240c4-2910-4d68-a630-7831babcbae1 ] Request (ServicesAdminNegativeV253TestJSON:tearDownClass): 200 GET http://10.180.1.21/networking/v2.0/security-groups?tenant_id=2157d2e1a79c418db899604bd75e3b9f&name=default 0.333s
2025-12-12 14:21:55.034 65534 INFO tempest.lib.common.rest_client [req-b29d89fa-081c-4765-9973-8fc7ccae3d05 req-b29d89fa-081c-4765-9973-8fc7ccae3d05 ] Request (SecurityGroupsTestJSON:test_security_groups_create_list_delete): 404 GET http://10.180.1.21/compute/v2.1/os-security-groups/8f6b6454-e831-48ef-9aca-0dcb8731c08d 1.617s
2025-12-12 14:21:55.039 65482 INFO tempest.lib.common.rest_client [req-5be6a3a0-7af8-4681-ba1a-f94e8da031fc req-5be6a3a0-7af8-4681-ba1a-f94e8da031fc ] Request (MultipleCreateNegativeTestJSON:test_max_count_non_integer): 400 POST http://10.180.1.21/compute/v2.1/servers 1.576s
2025-12-12 14:21:55.054 65514 INFO tempest.lib.common.rest_client [req-a887c885-1024-4a69-b092-ffeca0512f53 req-a887c885-1024-4a69-b092-ffeca0512f53 ] Request (MultipleCreateTestJSON:test_multiple_create_with_reservation_return): 200 GET http://10.180.1.21/compute/v2.1/servers/6164d64c-75c5-469e-ac32-667842b3717a 1.669s
2025-12-12 14:21:55.110 65482 INFO tempest.lib.common.rest_client [req-ee66faad-5452-4493-ac22-da5d19e52891 req-ee66faad-5452-4493-ac22-da5d19e52891 ] Request (MultipleCreateNegativeTestJSON:test_min_count_less_than_one): 201 POST http://10.180.1.21/identity/v3/auth/tokens 0.067s
2025-12-12 14:21:55.110 65482 INFO tempest.lib.common.fixed_network [-] (MultipleCreateNegativeTestJSON:test_min_count_less_than_one) Found network None available for tenant
2025-12-12 14:21:55.126 65478 INFO tempest.lib.common.rest_client [req-9a1c6e0d-cc4d-4730-ac57-879e2f5cf810 req-9a1c6e0d-cc4d-4730-ac57-879e2f5cf810 ] Request (ServicesAdminNegativeV253TestJSON:tearDownClass): 204 DELETE http://10.180.1.21/networking/v2.0/security-groups/6353da18-1094-45e7-93b2-ec55004c51ea 0.307s
2025-12-12 14:21:55.188 65478 INFO tempest.lib.common.rest_client [req-c07e1a0a-23ce-4c49-84f8-228dfa7844e9 req-c07e1a0a-23ce-4c49-84f8-228dfa7844e9 ] Request (ServicesAdminNegativeV253TestJSON:tearDownClass): 204 DELETE http://10.180.1.21/identity/v3/projects/2157d2e1a79c418db899604bd75e3b9f 0.061s
2025-12-12 14:21:55.188 65478 INFO tempest.lib.common.dynamic_creds [-] Deleting project and security group for project: a3e0dfd0a7c64d9fbfa780d68d6ebde1
2025-12-12 14:21:55.384 65506 INFO tempest.lib.common.rest_client [req-29a9b2ed-267e-4145-b352-62a42e235c84 req-29a9b2ed-267e-4145-b352-62a42e235c84 ] Request (ServerActionsTestOtherB:setUpClass): 200 GET http://10.180.1.21/compute/v2.1/servers/7ae12d0f-3f25-42f8-be54-c6e8fb5ded3c 1.866s
2025-12-12 14:21:55.518 65478 INFO tempest.lib.common.rest_client [req-e348abc9-f142-4607-8e4f-11ee12e660f8 req-e348abc9-f142-4607-8e4f-11ee12e660f8 ] Request (ServicesAdminNegativeV253TestJSON:tearDownClass): 200 GET http://10.180.1.21/networking/v2.0/security-groups?tenant_id=a3e0dfd0a7c64d9fbfa780d68d6ebde1&name=default 0.329s
2025-12-12 14:21:55.530 65492 WARNING tempest.lib.common.ssh [-] Failed to establish authenticated ssh connection to cirros@10.180.180.194 ([Errno None] Unable to connect to port 22 on 10.180.180.194). Number attempts: 1. Retry after 2 seconds.: paramiko.ssh_exception.NoValidConnectionsError: [Errno None] Unable to connect to port 22 on 10.180.180.194
2025-12-12 14:21:55.547 65508 INFO tempest.lib.common.rest_client [req-479ec03b-585d-42fa-8c7d-164ab684c51f req-479ec03b-585d-42fa-8c7d-164ab684c51f ] Request (ListImageFiltersTestJSON:setUpClass): 200 GET http://10.180.1.21/compute/v2.1/servers/cd86f815-4b46-45b1-9a1c-ab2e28f63626 2.063s
2025-12-12 14:21:55.594 65538 INFO tempest.lib.common.rest_client [req-6c5c207c-f08b-407e-bc57-a976b936d14d req-6c5c207c-f08b-407e-bc57-a976b936d14d ] Request (InstanceActionsV221TestJSON:test_get_list_deleted_instance_actions): 200 GET http://10.180.1.21/compute/v2.1/servers/6218957b-6329-4004-97ca-07231b55937a 2.028s
2025-12-12 14:21:55.683 65478 INFO tempest.lib.common.rest_client [req-136c5e7b-1548-4b01-afdd-2d0af2fd3e01 req-136c5e7b-1548-4b01-afdd-2d0af2fd3e01 ] Request (ServicesAdminNegativeV253TestJSON:tearDownClass): 204 DELETE http://10.180.1.21/networking/v2.0/security-groups/53f6fb5c-876f-4c7e-aad3-9f1c0b7d36d8 0.165s
2025-12-12 14:21:55.726 65524 INFO tempest.lib.common.rest_client [req-916d5b93-29f7-4228-9065-4fd9d68d28c3 req-916d5b93-29f7-4228-9065-4fd9d68d28c3 ] Request (ServersListShow298Test:test_list_show_update_rebuild_server_298): 200 GET http://10.180.1.21/compute/v2.1/servers/1e4a9d58-f848-4ff2-8558-4f23c6082a5f 2.140s
2025-12-12 14:21:55.735 65520 INFO tempest.lib.common.rest_client [req-f02a4ea9-f89f-43fa-8b58-8c7dd64789d5 req-f02a4ea9-f89f-43fa-8b58-8c7dd64789d5 ] Request (FloatingIPsAssociationNegativeTestJSON:setUpClass): 200 GET http://10.180.1.21/compute/v2.1/servers/06a99a15-5c8a-4be0-b393-80a104b9ba76 2.119s
2025-12-12 14:21:55.759 65518 INFO tempest.lib.common.rest_client [req-29174b0b-c039-414b-b1ad-783c43809e2e req-29174b0b-c039-414b-b1ad-783c43809e2e ] Request (ServerDiagnosticsV248Test:tearDownClass): 404 GET http://10.180.1.21/compute/v2.1/servers/6887bb66-7186-4d58-be59-d0c53c3221c6 2.066s
2025-12-12 14:21:55.812 65478 INFO tempest.lib.common.rest_client [req-f0f33813-6264-4477-98f8-92322bf78a3f req-f0f33813-6264-4477-98f8-92322bf78a3f ] Request (ServicesAdminNegativeV253TestJSON:tearDownClass): 204 DELETE http://10.180.1.21/identity/v3/projects/a3e0dfd0a7c64d9fbfa780d68d6ebde1 0.128s
2025-12-12 14:21:55.823 65510 INFO tempest.lib.common.rest_client [req-ec872418-af79-4f8e-b0f8-cca6803f53bd req-ec872418-af79-4f8e-b0f8-cca6803f53bd ] Request (ServerActionsTestJSON:test_lock_unlock_server): 409 POST http://10.180.1.21/compute/v2.1/servers/c4096314-270a-4270-9e1d-5ace8ddbd286/action 2.039s
2025-12-12 14:21:55.861 65529 INFO tempest.lib.common.rest_client [req-be42e986-c23e-4e8b-a1dc-34912a2c7147 req-be42e986-c23e-4e8b-a1dc-34912a2c7147 ] Request (FlavorsV2TestJSON:test_list_flavors_detailed_using_marker): 200 GET http://10.180.1.21/compute/v2.1/flavors/detail?marker=42 2.055s
2025-12-12 14:21:55.878 65490 INFO tempest.lib.common.rest_client [req-68f47d62-8d4e-4c22-a7e7-9431d94a7eab req-68f47d62-8d4e-4c22-a7e7-9431d94a7eab ] Request (MigrationsAdminTest:test_list_migrations_in_flavor_resize_situation): 200 GET http://10.180.1.21/compute/v2.1/os-migrations 2.050s
2025-12-12 14:21:55.906 65536 INFO tempest.lib.common.rest_client [req-e48aace6-4f45-481f-84a0-4330c63bd9ba req-e48aace6-4f45-481f-84a0-4330c63bd9ba ] Request (ServersAdminNegativeTestJSON:test_resize_server_using_overlimit_ram): 200 GET http://10.180.1.21/compute/v2.1/os-quota-sets/f12987525a3e4b5498c49ba4608fb97f 2.123s
2025-12-12 14:21:55.916 65518 INFO tempest.lib.common.rest_client [req-98a4f82b-4cd7-47cb-9e4e-6e358ec60b58 req-98a4f82b-4cd7-47cb-9e4e-6e358ec60b58 ] Request (ServerDiagnosticsV248Test:tearDownClass): 204 DELETE http://10.180.1.21/identity/v3/users/112f6016b6174601856f4e343b6ca9e9 0.156s
2025-12-12 14:21:55.948 65478 INFO tempest.lib.common.rest_client [req-ac206f03-84a5-49d9-89da-3746efffee1e req-ac206f03-84a5-49d9-89da-3746efffee1e ] Request (ServersTestJSON:setUpClass): 201 POST http://10.180.1.21/identity/v3/auth/tokens 0.134s
2025-12-12 14:21:55.981 65478 INFO tempest.lib.common.rest_client [req-2902b361-72ed-48a1-b2ec-535875da54ae req-2902b361-72ed-48a1-b2ec-535875da54ae ] Request (ServersTestJSON:setUpClass): 201 POST http://10.180.1.21/identity/v3/auth/tokens 0.030s
2025-12-12 14:21:56.008 65478 INFO tempest.lib.common.rest_client [req-eb0ce540-bd82-459e-a8d2-1c8cbb4aa46c req-eb0ce540-bd82-459e-a8d2-1c8cbb4aa46c ] Request (ServersTestJSON:setUpClass): 200 GET http://10.180.1.21/identity/v3/domains?name=Default 0.027s
2025-12-12 14:21:56.027 65518 INFO tempest.lib.common.rest_client [req-2e7f9c3b-a288-4665-8a28-424d91c97a1c req-2e7f9c3b-a288-4665-8a28-424d91c97a1c ] Request (ServerDiagnosticsV248Test:tearDownClass): 204 DELETE http://10.180.1.21/identity/v3/users/89f0e6af768f4161b28a59d2c115e31c 0.110s
2025-12-12 14:21:56.027 65518 INFO tempest.lib.common.dynamic_creds [-] Deleting project and security group for project: f18aa919bbcf4562be99ba9defcd5256
2025-12-12 14:21:56.080 65478 INFO tempest.lib.common.rest_client [req-b841971e-ea13-4309-a651-0fdfd50e2371 req-b841971e-ea13-4309-a651-0fdfd50e2371 ] Request (ServersTestJSON:setUpClass): 201 POST http://10.180.1.21/identity/v3/projects 0.071s
2025-12-12 14:21:56.084 65518 INFO tempest.lib.common.rest_client [req-2784651c-59a0-488d-8dc9-e3fcf7d54c34 req-2784651c-59a0-488d-8dc9-e3fcf7d54c34 ] Request (ServerDiagnosticsV248Test:tearDownClass): 201 POST http://10.180.1.21/identity/v3/auth/tokens 0.057s
2025-12-12 14:21:56.108 65476 INFO tempest.lib.common.rest_client [req-b4b0c3d5-7440-47fe-a678-e40bc68471fc req-b4b0c3d5-7440-47fe-a678-e40bc68471fc ] Request (ImagesOneServerNegativeTestJSON:setUp): 200 GET http://10.180.1.21/compute/v2.1/servers/7a0d0769-31c5-4ae1-8520-a744f64d39c6 2.065s
2025-12-12 14:21:56.143 65478 INFO tempest.lib.common.rest_client [req-0c8a9456-8e25-4d5a-9fee-45ae36c91262 req-0c8a9456-8e25-4d5a-9fee-45ae36c91262 ] Request (ServersTestJSON:setUpClass): 201 POST http://10.180.1.21/identity/v3/users 0.063s
2025-12-12 14:21:56.165 65478 INFO tempest.lib.common.rest_client [req-36f2ead6-72da-413f-889e-c770df803382 req-36f2ead6-72da-413f-889e-c770df803382 ] Request (ServersTestJSON:setUpClass): 200 GET http://10.180.1.21/identity/v3/roles 0.022s
2025-12-12 14:21:56.189 65478 INFO tempest.lib.common.rest_client [req-9c82951f-7ade-47b9-9bd8-d0619cbe3fe2 req-9c82951f-7ade-47b9-9bd8-d0619cbe3fe2 ] Request (ServersTestJSON:setUpClass): 204 PUT http://10.180.1.21/identity/v3/projects/89110618b6ef4ce68b2ca53e7e168139/users/e1c51fc43b7f44ce9b023d8cb769e029/roles/e0dc0dd58c4e4e8a88cc3afc65380d65 0.023s
2025-12-12 14:21:56.190 65478 INFO tempest.lib.common.dynamic_creds [-] Dynamic test user e1c51fc43b7f44ce9b023d8cb769e029 is created with scope project and roles: ['member']
2025-12-12 14:21:56.190 65478 INFO tempest.lib.common.dynamic_creds [-] Acquired dynamic creds: credentials: Credentials: {'domain_id': 'default', 'domain_name': 'Default', 'username': 'tempest-ServersTestJSON-1776500097-project-member', 'project_domain_id': 'default', 'project_domain_name': 'Default', 'project_id': '89110618b6ef4ce68b2ca53e7e168139', 'project_name': 'tempest-ServersTestJSON-1776500097', 'tenant_id': '89110618b6ef4ce68b2ca53e7e168139', 'tenant_name': 'tempest-ServersTestJSON-1776500097', 'user_domain_id': 'default', 'user_domain_name': 'Default', 'user_id': 'e1c51fc43b7f44ce9b023d8cb769e029', 'system': None}, Network: None, Subnet: None, Router: None
2025-12-12 14:21:56.246 65478 INFO tempest.lib.common.rest_client [req-7527caf5-443f-4d20-88b7-50c9f84e562b req-7527caf5-443f-4d20-88b7-50c9f84e562b ] Request (ServersTestJSON:setUpClass): 201 POST http://10.180.1.21/identity/v3/auth/tokens 0.055s
2025-12-12 14:21:56.276 65518 INFO tempest.lib.common.rest_client [req-8ac9a450-f044-45e1-9f03-166ae58dd2f2 req-8ac9a450-f044-45e1-9f03-166ae58dd2f2 ] Request (ServerDiagnosticsV248Test:tearDownClass): 200 GET http://10.180.1.21/networking/v2.0/security-groups?tenant_id=f18aa919bbcf4562be99ba9defcd5256&name=default 0.191s
2025-12-12 14:21:56.521 65478 INFO tempest.lib.common.rest_client [req-548a0a94-5840-496b-a79e-55fa63eb75ad req-548a0a94-5840-496b-a79e-55fa63eb75ad ] Request (ServersTestJSON:setUpClass): 201 POST http://10.180.1.21/networking/v2.0/networks 0.274s
2025-12-12 14:21:56.566 65474 INFO tempest.lib.common.rest_client [req-0f5d096f-9fa1-4ade-80ca-ac732e820ba5 req-0f5d096f-9fa1-4ade-80ca-ac732e820ba5 ] Request (ImagesOneServerTestJSON:test_create_image_specify_multibyte_character_image_name): 202 POST http://10.180.1.21/compute/v2.1/servers/46f89cfb-14aa-483d-aa8a-bc91356272ca/action 2.416s
2025-12-12 14:21:56.611 65518 INFO tempest.lib.common.rest_client [req-09b58cfd-4199-4bb5-9861-167ac0ff21dd req-09b58cfd-4199-4bb5-9861-167ac0ff21dd ] Request (ServerDiagnosticsV248Test:tearDownClass): 204 DELETE http://10.180.1.21/networking/v2.0/security-groups/e855ee67-7b4a-412b-adae-4805bbdc6ca0 0.334s
2025-12-12 14:21:56.701 65518 INFO tempest.lib.common.rest_client [req-55f1230f-8500-4dc7-a9d4-b357f0ff0a54 req-55f1230f-8500-4dc7-a9d4-b357f0ff0a54 ] Request (ServerDiagnosticsV248Test:tearDownClass): 204 DELETE http://10.180.1.21/identity/v3/projects/f18aa919bbcf4562be99ba9defcd5256 0.089s
2025-12-12 14:21:56.701 65518 INFO tempest.lib.common.dynamic_creds [-] Deleting project and security group for project: fe7561ca1ca5462f85737cd1676eaeb3
2025-12-12 14:21:56.812 65478 INFO tempest.lib.common.rest_client [req-5bb298bb-bbe2-4887-9134-42bd242c90e5 req-5bb298bb-bbe2-4887-9134-42bd242c90e5 ] Request (ServersTestJSON:setUpClass): 201 POST http://10.180.1.21/networking/v2.0/subnets 0.291s
2025-12-12 14:21:56.843 65488 INFO tempest.lib.common.rest_client [req-4c17e525-1108-4ce1-91f3-5012bbbd0ab7 req-4c17e525-1108-4ce1-91f3-5012bbbd0ab7 ] Request (SecurityGroupRulesTestJSON:tearDownClass): 202 DELETE http://10.180.1.21/compute/v2.1/os-security-groups/7db3255b-08d6-4021-96f1-78c3c49614c6 2.675s
2025-12-12 14:21:56.878 65498 INFO tempest.lib.common.rest_client [req-29a22eae-b0de-4454-81ea-752baa6735bf req-29a22eae-b0de-4454-81ea-752baa6735bf ] Request (AggregatesAdminNegativeTestJSON:test_aggregate_remove_nonexistent_host): 200 POST http://10.180.1.21/compute/v2.1/os-aggregates 2.689s
2025-12-12 14:21:56.911 65522 INFO tempest.lib.common.rest_client [req-fe7ad736-8dc8-43a8-aa6e-afac3f1dfc3f req-fe7ad736-8dc8-43a8-aa6e-afac3f1dfc3f ] Request (FlavorsAdminTestJSON:test_is_public_string_variations): 200 GET http://10.180.1.21/compute/v2.1/flavors/detail?is_public=true 2.724s
2025-12-12 14:21:56.950 65518 INFO tempest.lib.common.rest_client [req-d2a5aa91-eb0d-4a51-9ef0-d8a359f79510 req-d2a5aa91-eb0d-4a51-9ef0-d8a359f79510 ] Request (ServerDiagnosticsV248Test:tearDownClass): 200 GET http://10.180.1.21/networking/v2.0/security-groups?tenant_id=fe7561ca1ca5462f85737cd1676eaeb3&name=default 0.249s
2025-12-12 14:21:57.654 65478 INFO tempest.lib.common.rest_client [req-b32b2c5c-c6e6-4d79-88ec-081dedc7ed00 req-b32b2c5c-c6e6-4d79-88ec-081dedc7ed00 ] Request (ServersTestJSON:setUpClass): 201 POST http://10.180.1.21/networking/v2.0/routers 0.841s
2025-12-12 14:21:57.806 65518 INFO tempest.lib.common.rest_client [req-e6b42af3-2509-46fb-9b76-a60b8bd69b98 req-e6b42af3-2509-46fb-9b76-a60b8bd69b98 ] Request (ServerDiagnosticsV248Test:tearDownClass): 204 DELETE http://10.180.1.21/networking/v2.0/security-groups/f273d21b-8be7-448e-857d-e46771cf6eaf 0.855s
2025-12-12 14:21:57.835 65530 INFO tempest.lib.common.rest_client [req-bf4f79ea-0ae8-456c-98ad-26c59792bcea req-bf4f79ea-0ae8-456c-98ad-26c59792bcea ] Request (ServersTestMultiNic:_run_cleanups): 200 GET http://10.180.1.21/compute/v2.1/servers/b9c78b3b-dd43-4199-98a7-ff57fd129f43 3.626s
2025-12-12 14:21:57.848 65530 INFO tempest.common.waiters [-] State transition "ACTIVE/deleting" ==> "DELETED/None" after 4 second wait
2025-12-12 14:21:57.867 65488 INFO tempest.lib.common.rest_client [req-5d10885e-ca9d-4d56-b761-c8035eab8a39 req-5d10885e-ca9d-4d56-b761-c8035eab8a39 ] Request (SecurityGroupRulesTestJSON:tearDownClass): 200 PUT http://10.180.1.21/networking/v2.0/routers/4535dc68-a4fa-4998-82bb-b54d30305c07/remove_router_interface 1.023s
2025-12-12 14:21:57.963 65518 INFO tempest.lib.common.rest_client [req-61619d3a-884d-4d52-9542-703eae7c0efa req-61619d3a-884d-4d52-9542-703eae7c0efa ] Request (ServerDiagnosticsV248Test:tearDownClass): 204 DELETE http://10.180.1.21/identity/v3/projects/fe7561ca1ca5462f85737cd1676eaeb3 0.157s
2025-12-12 14:21:57.964 65518 INFO tempest.test [-] raised in SpiceDirectConsoleTestJSON.setUpClass. Invoking tearDownClass.
2025-12-12 14:21:57.970 65512 INFO tempest.lib.common.rest_client [req-ca4c6cd8-49cc-423a-8bf1-3ad3421fe33b req-ca4c6cd8-49cc-423a-8bf1-3ad3421fe33b ] Request (DeleteServersAdminTestJSON:test_delete_server_while_in_error_state): 204 DELETE http://10.180.1.21/compute/v2.1/servers/124876fe-a4f2-4140-8dee-d8bb72b5c9a5 3.584s
2025-12-12 14:21:58.071 65518 INFO tempest.lib.common.rest_client [req-675d71c6-826f-47e6-87b4-b08d15c02784 req-675d71c6-826f-47e6-87b4-b08d15c02784 ] Request (FlavorsV2NegativeTest:setUpClass): 201 POST http://10.180.1.21/identity/v3/auth/tokens 0.105s
2025-12-12 14:21:58.113 65518 INFO tempest.lib.common.rest_client [req-b9207cf9-e0af-4dd0-88ce-487633819bc2 req-b9207cf9-e0af-4dd0-88ce-487633819bc2 ] Request (FlavorsV2NegativeTest:setUpClass): 201 POST http://10.180.1.21/identity/v3/auth/tokens 0.039s
2025-12-12 14:21:58.152 65518 INFO tempest.lib.common.rest_client [req-d0c213ee-415c-4c2d-a06f-9e27ca93fdc5 req-d0c213ee-415c-4c2d-a06f-9e27ca93fdc5 ] Request (FlavorsV2NegativeTest:setUpClass): 200 GET http://10.180.1.21/identity/v3/domains?name=Default 0.038s
2025-12-12 14:21:58.187 65518 INFO tempest.lib.common.rest_client [req-4ccfbe76-b6c1-414d-a9cb-f12cf2793c7c req-4ccfbe76-b6c1-414d-a9cb-f12cf2793c7c ] Request (FlavorsV2NegativeTest:setUpClass): 201 POST http://10.180.1.21/identity/v3/projects 0.034s
2025-12-12 14:21:58.256 65518 INFO tempest.lib.common.rest_client [req-ec998fb9-77cf-4f96-aa22-9e22660a4a4d req-ec998fb9-77cf-4f96-aa22-9e22660a4a4d ] Request (FlavorsV2NegativeTest:setUpClass): 201 POST http://10.180.1.21/identity/v3/users 0.069s
2025-12-12 14:21:58.277 65518 INFO tempest.lib.common.rest_client [req-d3d8088a-8663-4a63-b759-f2aee419b9e3 req-d3d8088a-8663-4a63-b759-f2aee419b9e3 ] Request (FlavorsV2NegativeTest:setUpClass): 200 GET http://10.180.1.21/identity/v3/roles 0.020s
2025-12-12 14:21:58.282 65500 WARNING tempest.lib.common.ssh [-] Failed to establish authenticated ssh connection to cirros@10.180.180.252 ([Errno None] Unable to connect to port 22 on 10.180.180.252). Number attempts: 7. Retry after 8 seconds.: paramiko.ssh_exception.NoValidConnectionsError: [Errno None] Unable to connect to port 22 on 10.180.180.252
2025-12-12 14:21:58.317 65518 INFO tempest.lib.common.rest_client [req-1d89f157-c5b9-4ccf-9030-e20d2f6a3a2e req-1d89f157-c5b9-4ccf-9030-e20d2f6a3a2e ] Request (FlavorsV2NegativeTest:setUpClass): 204 PUT http://10.180.1.21/identity/v3/projects/bd7e47e05f484556bcb6fa49ac062651/users/6f185211ac9343a5bf1681d976ed8280/roles/e0dc0dd58c4e4e8a88cc3afc65380d65 0.039s
2025-12-12 14:21:58.317 65518 INFO tempest.lib.common.dynamic_creds [-] Dynamic test user 6f185211ac9343a5bf1681d976ed8280 is created with scope project and roles: ['member']
2025-12-12 14:21:58.318 65518 INFO tempest.lib.common.dynamic_creds [-] Acquired dynamic creds: credentials: Credentials: {'domain_id': 'default', 'domain_name': 'Default', 'username': 'tempest-FlavorsV2NegativeTest-76742906-project-member', 'project_domain_id': 'default', 'project_domain_name': 'Default', 'project_id': 'bd7e47e05f484556bcb6fa49ac062651', 'project_name': 'tempest-FlavorsV2NegativeTest-76742906', 'tenant_id': 'bd7e47e05f484556bcb6fa49ac062651', 'tenant_name': 'tempest-FlavorsV2NegativeTest-76742906', 'user_domain_id': 'default', 'user_domain_name': 'Default', 'user_id': '6f185211ac9343a5bf1681d976ed8280', 'system': None}, Network: None, Subnet: None, Router: None
2025-12-12 14:21:58.318 65518 INFO tempest.lib.common.dynamic_creds [-] Created isolated network resources for: credentials: Credentials: {'domain_id': 'default', 'domain_name': 'Default', 'username': 'tempest-FlavorsV2NegativeTest-76742906-project-member', 'project_domain_id': 'default', 'project_domain_name': 'Default', 'project_id': 'bd7e47e05f484556bcb6fa49ac062651', 'project_name': 'tempest-FlavorsV2NegativeTest-76742906', 'tenant_id': 'bd7e47e05f484556bcb6fa49ac062651', 'tenant_name': 'tempest-FlavorsV2NegativeTest-76742906', 'user_domain_id': 'default', 'user_domain_name': 'Default', 'user_id': '6f185211ac9343a5bf1681d976ed8280', 'system': None}, Network: None, Subnet: None, Router: None
2025-12-12 14:21:58.384 65488 INFO tempest.lib.common.rest_client [req-667f215b-e06b-464e-b161-a9f10d24f388 req-667f215b-e06b-464e-b161-a9f10d24f388 ] Request (SecurityGroupRulesTestJSON:tearDownClass): 204 DELETE http://10.180.1.21/networking/v2.0/routers/4535dc68-a4fa-4998-82bb-b54d30305c07 0.516s
2025-12-12 14:21:58.390 65518 INFO tempest.lib.common.rest_client [req-aba7a9d2-cc5e-4ef0-a6b3-25dceced2825 req-aba7a9d2-cc5e-4ef0-a6b3-25dceced2825 ] Request (FlavorsV2NegativeTest:setUpClass): 201 POST http://10.180.1.21/identity/v3/auth/tokens 0.069s
2025-12-12 14:21:58.454 65486 INFO tempest.lib.common.rest_client [req-f89db150-5abf-4fde-b7cf-5cc9d711b13f req-f89db150-5abf-4fde-b7cf-5cc9d711b13f ] Request (FloatingIPsAssociationTestJSON:_run_cleanups): 202 POST http://10.180.1.21/compute/v2.1/servers/61bd5995-701e-430f-9aae-4b266089e313/action 4.563s
2025-12-12 14:21:58.490 65532 INFO tempest.lib.common.rest_client [req-d3bd1c38-fa45-4f49-96a6-f9355239e9da req-d3bd1c38-fa45-4f49-96a6-f9355239e9da ] Request (ImagesTestJSON:test_create_image_from_suspended_server): 200 GET http://10.180.1.21/compute/v2.1/servers/5b9c3d1a-c314-4a12-8fe3-ce8ed596fb5f 3.501s
2025-12-12 14:21:58.496 65482 INFO tempest.lib.common.rest_client [req-f73784ba-3976-4968-a335-aebde5e024f9 req-f73784ba-3976-4968-a335-aebde5e024f9 ] Request (MultipleCreateNegativeTestJSON:test_min_count_less_than_one): 400 POST http://10.180.1.21/compute/v2.1/servers 3.385s
2025-12-12 14:21:58.573 65482 INFO tempest.lib.common.rest_client [req-6632b067-d704-4dfa-b589-98110886dafa req-6632b067-d704-4dfa-b589-98110886dafa ] Request (MultipleCreateNegativeTestJSON:test_min_count_non_integer): 201 POST http://10.180.1.21/identity/v3/auth/tokens 0.072s
2025-12-12 14:21:58.573 65482 INFO tempest.lib.common.fixed_network [-] (MultipleCreateNegativeTestJSON:test_min_count_non_integer) Found network None available for tenant
2025-12-12 14:21:58.601 65488 INFO tempest.lib.common.rest_client [req-b857e7e1-8364-4796-8bde-f05e20d6055f req-b857e7e1-8364-4796-8bde-f05e20d6055f ] Request (SecurityGroupRulesTestJSON:tearDownClass): 204 DELETE http://10.180.1.21/networking/v2.0/subnets/21eaaee2-b655-4d59-8e53-20f2fdf3307d 0.217s
2025-12-12 14:21:58.602 65492 WARNING tempest.lib.common.ssh [-] Failed to establish authenticated ssh connection to cirros@10.180.180.194 ([Errno None] Unable to connect to port 22 on 10.180.180.194). Number attempts: 2. Retry after 3 seconds.: paramiko.ssh_exception.NoValidConnectionsError: [Errno None] Unable to connect to port 22 on 10.180.180.194
2025-12-12 14:21:58.684 65484 INFO tempest.lib.common.rest_client [req-7a6142da-c05b-4c93-8193-ae3438109eb2 req-7a6142da-c05b-4c93-8193-ae3438109eb2 ] Request (ServersAdminTestJSON:setUpClass): 200 GET http://10.180.1.21/compute/v2.1/servers/9cf6c29a-3424-4b88-9ba5-8120b124beb6 3.411s
2025-12-12 14:21:58.746 65480 WARNING tempest.lib.common.ssh [-] Failed to establish authenticated ssh connection to cirros@10.180.180.158 ([Errno None] Unable to connect to port 22 on 10.180.180.158). Number attempts: 5. Retry after 6 seconds.: paramiko.ssh_exception.NoValidConnectionsError: [Errno None] Unable to connect to port 22 on 10.180.180.158
2025-12-12 14:21:58.765 65478 INFO tempest.lib.common.rest_client [req-4db81d3f-05ff-4be2-91f2-1af6bd5d57e5 req-4db81d3f-05ff-4be2-91f2-1af6bd5d57e5 ] Request (ServersTestJSON:setUpClass): 200 PUT http://10.180.1.21/networking/v2.0/routers/28ff1423-ad42-4fab-a9bf-8ef5488a567e/add_router_interface 1.110s
2025-12-12 14:21:58.765 65478 INFO tempest.lib.common.dynamic_creds [-] Created isolated network resources for: credentials: Credentials: {'domain_id': 'default', 'domain_name': 'Default', 'username': 'tempest-ServersTestJSON-1776500097-project-member', 'project_domain_id': 'default', 'project_domain_name': 'Default', 'project_id': '89110618b6ef4ce68b2ca53e7e168139', 'project_name': 'tempest-ServersTestJSON-1776500097', 'tenant_id': '89110618b6ef4ce68b2ca53e7e168139', 'tenant_name': 'tempest-ServersTestJSON-1776500097', 'user_domain_id': 'default', 'user_domain_name': 'Default', 'user_id': 'e1c51fc43b7f44ce9b023d8cb769e029', 'system': None}, Network: {'id': 'cf4d249b-6964-440e-8a07-c9defb8178fa', 'name': 'tempest-ServersTestJSON-1496853381-network', 'tenant_id': '89110618b6ef4ce68b2ca53e7e168139', 'project_id': '89110618b6ef4ce68b2ca53e7e168139', 'admin_state_up': True, 'mtu': 8950, 'status': 'ACTIVE', 'subnets': [], 'shared': False, 'port_security_enabled': True, 'router:external': False, 'provider:network_type': 'vlan', 'provider:physical_network': 'default', 'provider:segmentation_id': 497, 'availability_zone_hints': [], 'availability_zones': [], 'ipv4_address_scope': None, 'ipv6_address_scope': None, 'description': '', 'tags': [], 'created_at': '2025-12-12T14:21:56Z', 'updated_at': '2025-12-12T14:21:56Z', 'revision_number': 1}, Subnet: {'id': '172b245a-9367-4f79-b43c-70a93030e9d7', 'name': 'tempest-ServersTestJSON-1496853381-subnet', 'tenant_id': '89110618b6ef4ce68b2ca53e7e168139', 'network_id': 'cf4d249b-6964-440e-8a07-c9defb8178fa', 'ip_version': 4, 'subnetpool_id': None, 'enable_dhcp': True, 'ipv6_ra_mode': None, 'ipv6_address_mode': None, 'gateway_ip': '192.168.128.1', 'cidr': '192.168.128.0/28', 'allocation_pools': [{'start': '192.168.128.2', 'end': '192.168.128.14'}], 'host_routes': [], 'dns_nameservers': [], 'description': '', 'router:external': False, 'service_types': [], 'tags': [], 'created_at': '2025-12-12T14:21:56Z', 'updated_at': '2025-12-12T14:21:56Z', 'revision_number': 0, 'project_id': '89110618b6ef4ce68b2ca53e7e168139'}, Router: {'id': '28ff1423-ad42-4fab-a9bf-8ef5488a567e', 'name': 'tempest-ServersTestJSON-1496853381-router', 'tenant_id': '89110618b6ef4ce68b2ca53e7e168139', 'admin_state_up': True, 'status': 'ACTIVE', 'external_gateway_info': {'network_id': '33aa2e0e-2ba4-483b-a42e-ad12556a74c6', 'external_fixed_ips': [{'subnet_id': 'f871220f-bf1e-4aa5-85c3-ace40e1a1bb2', 'ip_address': '10.180.180.151'}], 'enable_snat': True}, 'description': '', 'availability_zones': [], 'distributed': False, 'ha': False, 'availability_zone_hints': [], 'routes': [], 'flavor_id': None, 'tags': [], 'created_at': '2025-12-12T14:21:56Z', 'updated_at': '2025-12-12T14:21:57Z', 'revision_number': 2, 'project_id': '89110618b6ef4ce68b2ca53e7e168139'}
2025-12-12 14:21:58.849 65478 INFO tempest.lib.common.rest_client [req-d5194bcc-209f-48a9-843b-c435ee22917e req-d5194bcc-209f-48a9-843b-c435ee22917e ] Request (ServersTestJSON:setUpClass): 201 POST http://10.180.1.21/identity/v3/auth/tokens 0.080s
2025-12-12 14:21:58.853 65534 INFO tempest.lib.common.rest_client [req-6b633fb5-a6fc-47d4-8a3e-1d4ac50c90a6 req-6b633fb5-a6fc-47d4-8a3e-1d4ac50c90a6 ] Request (SecurityGroupsTestJSON:test_security_groups_create_list_delete): 202 DELETE http://10.180.1.21/compute/v2.1/os-security-groups/af3a5381-ea1e-48f2-8f01-6dd29fc762c4 3.819s
2025-12-12 14:21:58.934 65478 INFO tempest.lib.common.rest_client [req-aaeda7f7-df87-4190-8098-2ef983c27182 req-aaeda7f7-df87-4190-8098-2ef983c27182 ] Request (ServersTestJSON:setUpClass): 200 GET http://10.180.1.21/identity/v3/projects/89110618b6ef4ce68b2ca53e7e168139 0.085s
2025-12-12 14:21:58.934 65478 INFO tempest.lib.common.dynamic_creds [-] Using the existing project 89110618b6ef4ce68b2ca53e7e168139 for scope project and roles: ['reader']
2025-12-12 14:21:58.971 65478 INFO tempest.lib.common.rest_client [req-b834ad01-679d-4e49-859e-523c9655ddac req-b834ad01-679d-4e49-859e-523c9655ddac ] Request (ServersTestJSON:setUpClass): 201 POST http://10.180.1.21/identity/v3/users 0.036s
2025-12-12 14:21:58.973 65502 INFO tempest.lib.common.rest_client [req-b436c223-1149-44fc-8a50-7a05d7c74064 req-b436c223-1149-44fc-8a50-7a05d7c74064 ] Request (ListServerFiltersTestJSON:setUpClass): 200 GET http://10.180.1.21/compute/v2.1/servers/c1004635-b318-489c-9e16-6cb545279953 3.569s
2025-12-12 14:21:58.974 65488 INFO tempest.lib.common.rest_client [req-0403bd5b-dc7a-4728-8177-b04cceaaed4c req-0403bd5b-dc7a-4728-8177-b04cceaaed4c ] Request (SecurityGroupRulesTestJSON:tearDownClass): 204 DELETE http://10.180.1.21/networking/v2.0/networks/d15e0ff7-9678-4fbf-8cd1-fc189258f8c5 0.372s
2025-12-12 14:21:58.993 65478 INFO tempest.lib.common.rest_client [req-08737ebb-514c-41ec-a448-13e82236f0c4 req-08737ebb-514c-41ec-a448-13e82236f0c4 ] Request (ServersTestJSON:setUpClass): 200 GET http://10.180.1.21/identity/v3/roles 0.021s
2025-12-12 14:21:59.001 65526 INFO tempest.lib.common.rest_client [req-a274d3eb-783f-476a-b3e5-aab8c0674d47 req-a274d3eb-783f-476a-b3e5-aab8c0674d47 ] Request (VolumesAdminNegativeTest:test_update_attached_volume_with_nonexistent_volume_in_uri): 200 GET http://10.180.1.21/compute/v2.1/servers/50083ee5-9655-4cab-9d50-04a97baac626 3.343s
2025-12-12 14:21:59.037 65478 INFO tempest.lib.common.rest_client [req-7056540c-a42b-4b51-a8fd-e35f9e6d9e38 req-7056540c-a42b-4b51-a8fd-e35f9e6d9e38 ] Request (ServersTestJSON:setUpClass): 204 PUT http://10.180.1.21/identity/v3/projects/89110618b6ef4ce68b2ca53e7e168139/users/34824fa99f964046947bfd2aace7fb83/roles/eb2b78a26eb749109b148851e8e14dbf 0.044s
2025-12-12 14:21:59.038 65478 INFO tempest.lib.common.dynamic_creds [-] Dynamic test user 34824fa99f964046947bfd2aace7fb83 is created with scope project and roles: ['reader']
2025-12-12 14:21:59.038 65478 INFO tempest.lib.common.dynamic_creds [-] Acquired dynamic creds: credentials: Credentials: {'domain_id': 'default', 'domain_name': 'Default', 'username': 'tempest-ServersTestJSON-1776500097-project-reader', 'project_domain_id': 'default', 'project_domain_name': 'Default', 'project_id': '89110618b6ef4ce68b2ca53e7e168139', 'project_name': 'tempest-ServersTestJSON-1776500097', 'tenant_id': '89110618b6ef4ce68b2ca53e7e168139', 'tenant_name': 'tempest-ServersTestJSON-1776500097', 'user_domain_id': 'default', 'user_domain_name': 'Default', 'user_id': '34824fa99f964046947bfd2aace7fb83', 'system': None}, Network: None, Subnet: None, Router: None
2025-12-12 14:21:59.038 65478 INFO tempest.lib.common.dynamic_creds [-] Network resources are not created for requested scope: project and credentials: Credentials: {'domain_id': 'default', 'domain_name': 'Default', 'username': 'tempest-ServersTestJSON-1776500097-project-reader', 'project_domain_id': 'default', 'project_domain_name': 'Default', 'project_id': '89110618b6ef4ce68b2ca53e7e168139', 'project_name': 'tempest-ServersTestJSON-1776500097', 'tenant_id': '89110618b6ef4ce68b2ca53e7e168139', 'tenant_name': 'tempest-ServersTestJSON-1776500097', 'user_domain_id': 'default', 'user_domain_name': 'Default', 'user_id': '34824fa99f964046947bfd2aace7fb83', 'system': None}, Network: None, Subnet: None, Router: None
2025-12-12 14:21:59.057 65516 INFO tempest.lib.common.rest_client [req-5c6cea65-1b19-47d5-a67c-4ad3fc7b1e47 req-5c6cea65-1b19-47d5-a67c-4ad3fc7b1e47 ] Request (TenantUsagesTestJSON:setUpClass): 200 GET http://10.180.1.21/compute/v2.1/servers/3f69040e-7df3-4535-a3a7-90f3348ef346 3.388s
2025-12-12 14:21:59.073 65529 INFO tempest.lib.common.rest_client [req-3e540d46-e87b-4bd3-b57c-17061727c451 req-3e540d46-e87b-4bd3-b57c-17061727c451 ] Request (FlavorsV2TestJSON:test_list_flavors_filter_by_min_disk): 200 GET http://10.180.1.21/compute/v2.1/flavors/42 3.203s
2025-12-12 14:21:59.080 65488 INFO tempest.lib.common.rest_client [req-907f7aed-855f-4cdb-962c-64de039b37dd req-907f7aed-855f-4cdb-962c-64de039b37dd ] Request (SecurityGroupRulesTestJSON:tearDownClass): 204 DELETE http://10.180.1.21/identity/v3/users/b6f6a549a31e47e0a045756036040f4c 0.106s
2025-12-12 14:21:59.080 65488 INFO tempest.lib.common.dynamic_creds [-] Deleting project and security group for project: 7dc3dec07dc148bab94abfaf5ad984de
2025-12-12 14:21:59.087 65490 INFO tempest.lib.common.rest_client [req-f09602cc-7457-4366-be91-6c535b8ac4f9 req-f09602cc-7457-4366-be91-6c535b8ac4f9 ] Request (MigrationsAdminTest:test_resize_server_revert_deleted_flavor): 200 GET http://10.180.1.21/compute/v2.1/flavors/42 3.203s
2025-12-12 14:21:59.106 65536 INFO tempest.lib.common.rest_client [req-877e70e4-b9a5-4875-a4a6-8510d8c34800 req-877e70e4-b9a5-4875-a4a6-8510d8c34800 ] Request (ServersAdminNegativeTestJSON:test_resize_server_using_overlimit_ram): 200 POST http://10.180.1.21/compute/v2.1/flavors 3.197s
2025-12-12 14:21:59.127 65510 INFO tempest.lib.common.rest_client [req-5f4ad135-2d57-4dc9-b6a4-c351cc624adc req-5f4ad135-2d57-4dc9-b6a4-c351cc624adc ] Request (ServerActionsTestJSON:test_lock_unlock_server): 202 POST http://10.180.1.21/compute/v2.1/servers/c4096314-270a-4270-9e1d-5ace8ddbd286/action 3.304s
2025-12-12 14:21:59.128 65488 INFO tempest.lib.common.rest_client [req-f19b483f-101a-496c-94a0-bc5af032d467 req-f19b483f-101a-496c-94a0-bc5af032d467 ] Request (SecurityGroupRulesTestJSON:tearDownClass): 200 GET http://10.180.1.21/networking/v2.0/security-groups?tenant_id=7dc3dec07dc148bab94abfaf5ad984de&name=default 0.048s
2025-12-12 14:21:59.148 65476 INFO tempest.lib.common.rest_client [req-f8db3296-1875-4b22-8303-895384363759 req-f8db3296-1875-4b22-8303-895384363759 ] Request (ImagesOneServerNegativeTestJSON:test_create_image_specify_name_over_character_limit): 400 POST http://10.180.1.21/compute/v2.1/servers/7a0d0769-31c5-4ae1-8520-a744f64d39c6/action 3.031s
2025-12-12 14:21:59.149 65478 INFO tempest.lib.common.rest_client [req-27d962bb-b4dc-4148-8d80-06b473ff72f1 req-27d962bb-b4dc-4148-8d80-06b473ff72f1 ] Request (ServersTestJSON:setUpClass): 201 POST http://10.180.1.21/identity/v3/auth/tokens 0.107s
2025-12-12 14:21:59.230 65478 INFO tempest.lib.common.rest_client [req-0b8d6b54-593d-46e0-99d2-3c64771e7921 req-0b8d6b54-593d-46e0-99d2-3c64771e7921 ] Request (ServersTestJSON:test_create_server_specify_multibyte_character_name): 201 POST http://10.180.1.21/identity/v3/auth/tokens 0.075s
