2025-12-12 14:23:12.235 65476 INFO tempest.lib.common.rest_client [req-3e5fa95f-94b5-4e0c-b0bf-be09ec4bda91 req-3e5fa95f-94b5-4e0c-b0bf-be09ec4bda91 ] Request (ImagesOneServerNegativeTestJSON:_run_cleanups): 202 POST http://10.180.1.21/compute/v2.1/servers 7.895s
2025-12-12 14:23:12.264 65478 INFO tempest.lib.common.rest_client [req-6f229b5a-a88f-4a2d-8376-0107e4a95523 req-6f229b5a-a88f-4a2d-8376-0107e4a95523 ] Request (ServersTestJSON:test_create_server_specify_multibyte_character_name): 200 GET http://10.180.1.21/compute/v2.1/servers/f84d7aa1-a90b-4c95-9673-fb1a2af7187c 6.962s
2025-12-12 14:23:12.269 65474 INFO tempest.lib.common.rest_client [req-c37636cb-178a-432b-842a-ecf4c55cfdd7 req-c37636cb-178a-432b-842a-ecf4c55cfdd7 ] Request (ImagesOneServerTestJSON:tearDownClass): 204 DELETE http://10.180.1.21/identity/v3/users/f682931c5c9a406db2d6b1d000cfeb29 0.110s
2025-12-12 14:23:12.270 65474 INFO tempest.lib.common.dynamic_creds [-] Deleting project and security group for project: 0ca984047abf4272b00b44b551249fa1
2025-12-12 14:23:12.273 65478 INFO tempest.common.waiters [-] State transition "BUILD/spawning" ==> "ACTIVE/None" after 66 second wait
2025-12-12 14:23:12.297 65480 INFO tempest.lib.common.rest_client [req-75d3c51f-41c6-42e5-9eb0-3992b34ca2a5 req-75d3c51f-41c6-42e5-9eb0-3992b34ca2a5 ] Request (AttachInterfacesUnderV243Test:_run_cleanups): 404 GET http://10.180.1.21/compute/v2.1/servers/5854d21a-d1a8-4043-aec8-b37ff25c40e7 6.867s
2025-12-12 14:23:12.311 65474 INFO tempest.lib.common.rest_client [req-a7e28abf-6674-49b0-b4cc-a5d3fb9595d4 req-a7e28abf-6674-49b0-b4cc-a5d3fb9595d4 ] Request (ImagesOneServerTestJSON:tearDownClass): 200 GET http://10.180.1.21/networking/v2.0/security-groups?tenant_id=0ca984047abf4272b00b44b551249fa1&name=default 0.041s
2025-12-12 14:23:12.315 65494 INFO tempest.lib.common.rest_client [req-f9112a76-19ca-4904-8be6-6ea3021bdedc req-f9112a76-19ca-4904-8be6-6ea3021bdedc ] Request (VolumesAssistedSnapshotsTest:tearDownClass): 200 GET http://10.180.1.21/compute/v2.1/servers/4ffc659b-b7a9-42ac-bcd0-0cae8b0ea818 6.948s
2025-12-12 14:23:12.355 65478 INFO tempest.lib.common.rest_client [req-92b78853-8030-4748-b172-4e853a146a12 req-92b78853-8030-4748-b172-4e853a146a12 ] Request (ServersTestJSON:test_create_server_with_admin_password): 201 POST http://10.180.1.21/identity/v3/auth/tokens 0.077s
2025-12-12 14:23:12.356 65478 INFO tempest.lib.common.fixed_network [-] (ServersTestJSON:test_create_server_with_admin_password) Found network {'id': 'cf4d249b-6964-440e-8a07-c9defb8178fa', 'name': 'tempest-ServersTestJSON-1496853381-network', 'tenant_id': '89110618b6ef4ce68b2ca53e7e168139', 'project_id': '89110618b6ef4ce68b2ca53e7e168139', 'admin_state_up': True, 'mtu': 8950, 'status': 'ACTIVE', 'subnets': [], 'shared': False, 'port_security_enabled': True, 'router:external': False, 'provider:network_type': 'vlan', 'provider:physical_network': 'default', 'provider:segmentation_id': 497, 'availability_zone_hints': [], 'availability_zones': [], 'ipv4_address_scope': None, 'ipv6_address_scope': None, 'description': '', 'tags': [], 'created_at': '2025-12-12T14:21:56Z', 'updated_at': '2025-12-12T14:21:56Z', 'revision_number': 1} available for tenant
2025-12-12 14:23:12.370 65520 INFO tempest.lib.common.rest_client [req-cb7f17fa-7d43-43ff-9eeb-83ad76f5ec95 req-cb7f17fa-7d43-43ff-9eeb-83ad76f5ec95 ] Request (FloatingIPsAssociationNegativeTestJSON:tearDownClass): 200 GET http://10.180.1.21/compute/v2.1/servers/06a99a15-5c8a-4be0-b393-80a104b9ba76 6.864s
2025-12-12 14:23:12.391 65498 INFO tempest.lib.common.rest_client [req-51ab6b6d-0e65-4134-9d49-aa82f4ec086c req-51ab6b6d-0e65-4134-9d49-aa82f4ec086c ] Request (ServerRescueTestJSON:setUpClass): 200 GET http://10.180.1.21/compute/v2.1/servers/ab41ae41-e69d-47fb-a31a-16748fd3b0f2 6.831s
2025-12-12 14:23:12.400 65498 INFO tempest.common.waiters [-] State transition "BUILD/scheduling" ==> "BUILD/None" after 37 second wait
2025-12-12 14:23:12.434 65474 INFO tempest.lib.common.rest_client [req-0ef160bc-8bf4-46aa-8492-59669fc64100 req-0ef160bc-8bf4-46aa-8492-59669fc64100 ] Request (ImagesOneServerTestJSON:tearDownClass): 204 DELETE http://10.180.1.21/networking/v2.0/security-groups/e7967e01-0ab6-4598-9f7f-f0c6118c1952 0.122s
2025-12-12 14:23:12.562 65474 INFO tempest.lib.common.rest_client [req-8ac7312e-ed0e-4889-833e-9b5b5890e301 req-8ac7312e-ed0e-4889-833e-9b5b5890e301 ] Request (ImagesOneServerTestJSON:tearDownClass): 204 DELETE http://10.180.1.21/identity/v3/projects/0ca984047abf4272b00b44b551249fa1 0.128s
2025-12-12 14:23:12.582 65526 INFO tempest.lib.common.rest_client [req-02bc9419-1d8a-4580-a5b5-46ff5e5ffc75 req-02bc9419-1d8a-4580-a5b5-46ff5e5ffc75 ] Request (VolumesAdminNegativeTest:test_update_attached_volume_with_nonexistent_volume_in_uri): 200 GET http://10.180.1.21/compute/v2.1/servers/50083ee5-9655-4cab-9d50-04a97baac626 6.670s
2025-12-12 14:23:12.595 65526 INFO tempest.common.waiters [-] State transition "BUILD/spawning" ==> "ACTIVE/None" after 80 second wait
2025-12-12 14:23:12.604 65490 INFO tempest.lib.common.rest_client [req-594f775a-9304-4732-9af6-5a4b8a2006f8 req-594f775a-9304-4732-9af6-5a4b8a2006f8 ] Request (MigrationsAdminTest:test_resize_server_revert_deleted_flavor): 200 GET http://10.180.1.21/compute/v2.1/servers/293f93f2-c01d-42c8-b1a7-3056805c77de 6.979s
2025-12-12 14:23:12.619 65490 INFO tempest.common.waiters [-] State transition "BUILD/networking" ==> "BUILD/spawning" after 61 second wait
2025-12-12 14:23:12.654 65474 INFO tempest.lib.common.rest_client [req-0cb7c75e-880c-4403-8e81-347ace7953b1 req-0cb7c75e-880c-4403-8e81-347ace7953b1 ] Request (InstanceActionsTestJSON:setUpClass): 201 POST http://10.180.1.21/identity/v3/auth/tokens 0.090s
2025-12-12 14:23:12.675 65484 INFO tempest.lib.common.rest_client [req-44ff8dff-3ab1-4ca6-b1eb-caa4db902cbf req-44ff8dff-3ab1-4ca6-b1eb-caa4db902cbf ] Request (ServersAdminTestJSON:test_create_server_with_scheduling_hint): 200 GET http://10.180.1.21/compute/v2.1/servers/b6f6871d-311c-4adb-824e-2907a12f4224 6.665s
2025-12-12 14:23:12.691 65530 INFO tempest.lib.common.rest_client [req-85fe0f0e-82da-489b-9f4c-10cac15371a3 req-85fe0f0e-82da-489b-9f4c-10cac15371a3 ] Request (ServersTestMultiNic:test_verify_multiple_nics_order): 200 GET http://10.180.1.21/compute/v2.1/servers/c1632a96-f334-4978-9f31-97f9329577e5 6.615s
2025-12-12 14:23:12.696 65474 INFO tempest.lib.common.rest_client [req-ef71009a-cb53-4bc3-85df-50860a6f3ac9 req-ef71009a-cb53-4bc3-85df-50860a6f3ac9 ] Request (InstanceActionsTestJSON:setUpClass): 201 POST http://10.180.1.21/identity/v3/auth/tokens 0.037s
2025-12-12 14:23:12.699 65530 INFO tempest.common.waiters [-] State transition "BUILD/scheduling" ==> "BUILD/None" after 36 second wait
2025-12-12 14:23:12.725 65474 INFO tempest.lib.common.rest_client [req-c48e8d37-c588-4a67-9031-bed58e868dda req-c48e8d37-c588-4a67-9031-bed58e868dda ] Request (InstanceActionsTestJSON:setUpClass): 200 GET http://10.180.1.21/identity/v3/domains?name=Default 0.028s
2025-12-12 14:23:12.759 65474 INFO tempest.lib.common.rest_client [req-68ce676b-a329-4cac-8c8e-56523485235e req-68ce676b-a329-4cac-8c8e-56523485235e ] Request (InstanceActionsTestJSON:setUpClass): 201 POST http://10.180.1.21/identity/v3/projects 0.033s
2025-12-12 14:23:12.824 65486 INFO tempest.lib.common.rest_client [req-a55f3cda-232d-4a71-871b-04256f7726a8 req-a55f3cda-232d-4a71-871b-04256f7726a8 ] Request (FloatingIPsAssociationTestJSON:tearDownClass): 200 GET http://10.180.1.21/compute/v2.1/servers/aa9b6708-c53c-4117-9b75-9d506f393395 6.428s
2025-12-12 14:23:12.921 65474 INFO tempest.lib.common.rest_client [req-6ce7981d-a371-4fec-a729-b925843007ac req-6ce7981d-a371-4fec-a729-b925843007ac ] Request (InstanceActionsTestJSON:setUpClass): 201 POST http://10.180.1.21/identity/v3/users 0.161s
2025-12-12 14:23:12.940 65526 INFO tempest.lib.common.rest_client [req-0ae556c6-397d-4a05-ad6f-680a7429e3db req-0ae556c6-397d-4a05-ad6f-680a7429e3db ] Request (VolumesAdminNegativeTest:test_update_attached_volume_with_nonexistent_volume_in_uri): 202 POST http://10.180.1.21/volume/v3/volumes 0.344s
2025-12-12 14:23:12.954 65529 INFO tempest.lib.common.rest_client [req-1d683730-cd76-4f93-97dc-508e5a988a49 req-1d683730-cd76-4f93-97dc-508e5a988a49 ] Request (ServerAddressesNegativeTestJSON:setUpClass): 200 GET http://10.180.1.21/compute/v2.1/servers/aab9317b-4ee6-48b3-905b-859a5996f33d 6.623s
2025-12-12 14:23:12.963 65474 INFO tempest.lib.common.rest_client [req-05f191e8-79ca-4ba8-a914-31346a36f486 req-05f191e8-79ca-4ba8-a914-31346a36f486 ] Request (InstanceActionsTestJSON:setUpClass): 200 GET http://10.180.1.21/identity/v3/roles 0.040s
2025-12-12 14:23:12.967 65529 INFO tempest.common.waiters [-] State transition "BUILD/None" ==> "BUILD/spawning" after 48 second wait
2025-12-12 14:23:13.018 65526 INFO tempest.lib.common.rest_client [req-56013cf1-2b13-49db-846b-644bd158fea4 req-56013cf1-2b13-49db-846b-644bd158fea4 ] Request (VolumesAdminNegativeTest:test_update_attached_volume_with_nonexistent_volume_in_uri): 200 GET http://10.180.1.21/volume/v3/volumes/5ff0036e-6ed0-4e93-b664-3e4ce8824096 0.068s
2025-12-12 14:23:13.034 65474 INFO tempest.lib.common.rest_client [req-8340be13-33f1-4c15-9b57-260215520974 req-8340be13-33f1-4c15-9b57-260215520974 ] Request (InstanceActionsTestJSON:setUpClass): 204 PUT http://10.180.1.21/identity/v3/projects/9209f0dd88bc43129ae91f27d8212239/users/8d4b5db5a0c44a3fbdebf4bdd6d21145/roles/e0dc0dd58c4e4e8a88cc3afc65380d65 0.070s
2025-12-12 14:23:13.034 65474 INFO tempest.lib.common.dynamic_creds [-] Dynamic test user 8d4b5db5a0c44a3fbdebf4bdd6d21145 is created with scope project and roles: ['member']
2025-12-12 14:23:13.034 65474 INFO tempest.lib.common.dynamic_creds [-] Acquired dynamic creds: credentials: Credentials: {'domain_id': 'default', 'domain_name': 'Default', 'username': 'tempest-InstanceActionsTestJSON-1092979101-project-member', 'project_domain_id': 'default', 'project_domain_name': 'Default', 'project_id': '9209f0dd88bc43129ae91f27d8212239', 'project_name': 'tempest-InstanceActionsTestJSON-1092979101', 'tenant_id': '9209f0dd88bc43129ae91f27d8212239', 'tenant_name': 'tempest-InstanceActionsTestJSON-1092979101', 'user_domain_id': 'default', 'user_domain_name': 'Default', 'user_id': '8d4b5db5a0c44a3fbdebf4bdd6d21145', 'system': None}, Network: None, Subnet: None, Router: None
2025-12-12 14:23:13.109 65524 INFO tempest.lib.common.rest_client [req-dc2aa4ac-c382-4b64-b3c3-06fc442860ce req-dc2aa4ac-c382-4b64-b3c3-06fc442860ce ] Request (ServersListShow298Test:tearDownClass): 200 GET http://10.180.1.21/compute/v2.1/servers/1e4a9d58-f848-4ff2-8558-4f23c6082a5f 6.623s
2025-12-12 14:23:13.132 65514 INFO tempest.lib.common.rest_client [req-d20286ae-a8bb-4a18-bc78-015c49681e33 req-d20286ae-a8bb-4a18-bc78-015c49681e33 ] Request (MultipleCreateTestJSON:tearDownClass): 404 GET http://10.180.1.21/compute/v2.1/servers/ab27fa56-f672-4096-a8f4-cce5ff4d5460 6.528s
2025-12-12 14:23:13.135 65474 INFO tempest.lib.common.rest_client [req-92498fd7-8372-47e7-b614-ecca2ca260e0 req-92498fd7-8372-47e7-b614-ecca2ca260e0 ] Request (InstanceActionsTestJSON:setUpClass): 201 POST http://10.180.1.21/identity/v3/auth/tokens 0.100s
2025-12-12 14:23:13.200 65508 INFO tempest.lib.common.rest_client [req-eaeba1f9-fc16-4101-85f6-4deb0d45c6d0 req-eaeba1f9-fc16-4101-85f6-4deb0d45c6d0 ] Request (ListImageFiltersTestJSON:setUpClass): 200 GET http://10.180.1.21/compute/v2.1/images/c23cabf5-e61f-4bee-97cd-12e1e1f2a135 3.209s
2025-12-12 14:23:13.312 65534 INFO tempest.lib.common.rest_client [req-1cf56fc9-02e0-4c3b-bdc1-a3952cc2cc33 req-1cf56fc9-02e0-4c3b-bdc1-a3952cc2cc33 ] Request (SecurityGroupsTestJSON:test_server_security_groups): 200 GET http://10.180.1.21/compute/v2.1/servers/19b1f3f9-842e-4150-8890-b0b22393c3af 6.771s
2025-12-12 14:23:13.320 65534 INFO tempest.common.waiters [-] State transition "BUILD/None" ==> "BUILD/spawning" after 61 second wait
2025-12-12 14:23:13.349 65532 INFO tempest.lib.common.rest_client [req-fd979abb-3f09-4095-9f37-56b58d189aed req-fd979abb-3f09-4095-9f37-56b58d189aed ] Request (ImagesTestJSON:test_create_image_from_suspended_server): 200 GET http://10.180.1.21/compute/v2.1/images/a295432d-48a7-4bd3-a67f-aab9f1351225 2.353s
2025-12-12 14:23:13.350 65492 INFO tempest.lib.common.rest_client [req-2d516513-78a1-4c27-9d13-9ee52ace4aa1 req-2d516513-78a1-4c27-9d13-9ee52ace4aa1 ] Request (ServersTestFqdnHostnames:tearDownClass): 200 GET http://10.180.1.21/compute/v2.1/servers/4b6fe349-335e-4202-ab76-04f6ccc036ee 3.036s
2025-12-12 14:23:13.355 65504 WARNING tempest.lib.common.ssh [-] Failed to establish authenticated ssh connection to cirros@10.180.180.215 ([Errno None] Unable to connect to port 22 on 10.180.180.215). Number attempts: 11. Retry after 12 seconds.: paramiko.ssh_exception.NoValidConnectionsError: [Errno None] Unable to connect to port 22 on 10.180.180.215
2025-12-12 14:23:13.441 65536 INFO tempest.lib.common.rest_client [req-a7c2ec05-903c-4797-9d74-6b11501f6a5d req-a7c2ec05-903c-4797-9d74-6b11501f6a5d ] Request (ServersAdminNegativeTestJSON:tearDownClass): 200 GET http://10.180.1.21/compute/v2.1/servers/a43879c7-7378-4700-9581-8daabdafe5b2 2.259s
2025-12-12 14:23:13.457 65502 INFO tempest.lib.common.rest_client [req-40f5111a-be1e-4fe4-8156-ea10440a26d2 req-40f5111a-be1e-4fe4-8156-ea10440a26d2 ] Request (ListServerFiltersTestJSON:test_list_servers_filtered_by_name_regex): 200 GET http://10.180.1.21/compute/v2.1/servers?name=%5E.%2A%5C-instance%5C-%5B0-9%5D%2B%24 2.312s
2025-12-12 14:23:13.484 65506 WARNING tempest.lib.common.ssh [-] Failed to establish authenticated ssh connection to cirros@10.180.180.154 ([Errno None] Unable to connect to port 22 on 10.180.180.154). Number attempts: 8. Retry after 9 seconds.: paramiko.ssh_exception.NoValidConnectionsError: [Errno None] Unable to connect to port 22 on 10.180.180.154
2025-12-12 14:23:13.496 65474 INFO tempest.lib.common.rest_client [req-f54b188b-1534-4ab9-acbd-f41fe7c59ebe req-f54b188b-1534-4ab9-acbd-f41fe7c59ebe ] Request (InstanceActionsTestJSON:setUpClass): 201 POST http://10.180.1.21/networking/v2.0/networks 0.361s
2025-12-12 14:23:13.530 65522 INFO tempest.lib.common.rest_client [req-f939e928-e617-4b00-8375-ab15e5410343 req-f939e928-e617-4b00-8375-ab15e5410343 ] Request (ServerActionsTestOtherA:setUpClass): 200 GET http://10.180.1.21/compute/v2.1/servers/4a72fedd-b114-468e-8f34-0caec6ce73fa 2.329s
2025-12-12 14:23:13.575 65516 INFO tempest.lib.common.rest_client [req-3f312da0-1bfa-4f2d-95e9-943bea1a6830 req-3f312da0-1bfa-4f2d-95e9-943bea1a6830 ] Request (TenantUsagesTestJSON:test_get_usage_tenant_with_non_admin_user): 200 GET http://10.180.1.21/compute/v2.1/os-simple-tenant-usage/3d4597cbb8f54cbfba1946c0d5a5f354?start=2025-12-11T14%3A23%3A05.245263&end=2025-12-13T14%3A23%3A05.245263 1.450s
2025-12-12 14:23:13.602 65538 INFO tempest.lib.common.rest_client [req-fffc3525-8b18-4c33-9050-c4d5a04a8134 req-fffc3525-8b18-4c33-9050-c4d5a04a8134 ] Request (ServerPasswordTestJSON:setUpClass): 200 GET http://10.180.1.21/compute/v2.1/servers/00362477-c89e-4f60-98a4-d4928081d55e 1.589s
2025-12-12 14:23:13.620 65480 INFO tempest.lib.common.rest_client [req-3019ed02-1c9a-4106-8b9b-14f1d862a54c req-3019ed02-1c9a-4106-8b9b-14f1d862a54c ] Request (AttachInterfacesUnderV243Test:_run_cleanups): 202 DELETE http://10.180.1.21/compute/v2.1/os-keypairs/tempest-keypair-1617683540 1.322s
2025-12-12 14:23:13.698 65474 INFO tempest.lib.common.rest_client [req-1fbd2691-37a2-4fba-9335-1c437af511e8 req-1fbd2691-37a2-4fba-9335-1c437af511e8 ] Request (InstanceActionsTestJSON:setUpClass): 201 POST http://10.180.1.21/networking/v2.0/subnets 0.200s
2025-12-12 14:23:13.718 65476 INFO tempest.lib.common.rest_client [req-865631f0-6a19-4cc1-9406-ef21eedbb5fa req-865631f0-6a19-4cc1-9406-ef21eedbb5fa ] Request (ImagesOneServerNegativeTestJSON:_run_cleanups): 200 GET http://10.180.1.21/compute/v2.1/servers/90cfd88c-286e-4c87-bf27-909873359997 1.480s
2025-12-12 14:23:13.844 65480 INFO tempest.lib.common.rest_client [req-997d5d96-03cc-41e9-a8c5-3548fc60259f req-997d5d96-03cc-41e9-a8c5-3548fc60259f ] Request (AttachInterfacesUnderV243Test:_run_cleanups): 204 DELETE http://10.180.1.21/networking/v2.0/security-groups/a2db4f55-6f81-4a38-ac72-8ba8935079c5 0.224s
2025-12-12 14:23:14.068 65526 INFO tempest.lib.common.rest_client [req-650b944b-07ab-4d4f-9463-c6b07d10da73 req-650b944b-07ab-4d4f-9463-c6b07d10da73 ] Request (VolumesAdminNegativeTest:test_update_attached_volume_with_nonexistent_volume_in_uri): 200 GET http://10.180.1.21/volume/v3/volumes/5ff0036e-6ed0-4e93-b664-3e4ce8824096 0.037s
2025-12-12 14:23:14.081 65526 INFO tempest.common.waiters [-] volume 5ff0036e-6ed0-4e93-b664-3e4ce8824096 reached available after waiting for 1.081219 seconds
2025-12-12 14:23:14.397 65480 INFO tempest.lib.common.rest_client [req-8fbb596a-7522-464a-b7b9-4c5761e24a27 req-8fbb596a-7522-464a-b7b9-4c5761e24a27 ] Request (AttachInterfacesUnderV243Test:_run_cleanups): 404 GET http://10.180.1.21/networking/v2.0/security-groups/a2db4f55-6f81-4a38-ac72-8ba8935079c5 0.549s
2025-12-12 14:23:14.667 65474 INFO tempest.lib.common.rest_client [req-e9ae2505-eb17-4daa-8616-cf0e7db8d61a req-e9ae2505-eb17-4daa-8616-cf0e7db8d61a ] Request (InstanceActionsTestJSON:setUpClass): 201 POST http://10.180.1.21/networking/v2.0/routers 0.968s
2025-12-12 14:23:14.704 65488 INFO tempest.lib.common.rest_client [req-86d8a771-b4a7-4be6-98e2-759145792a88 req-86d8a771-b4a7-4be6-98e2-759145792a88 ] Request (DeleteServersTestJSON:test_delete_active_server): 200 GET http://10.180.1.21/compute/v2.1/servers/75114f97-fe50-4624-9333-303e411529ea 2.040s
2025-12-12 14:23:14.712 65488 INFO tempest.common.waiters [-] State transition "BUILD/None" ==> "BUILD/networking" after 49 second wait
2025-12-12 14:23:14.960 65480 INFO tempest.lib.common.rest_client [req-582ffc72-2702-4c2e-9e00-55b39acb157d req-582ffc72-2702-4c2e-9e00-55b39acb157d ] Request (AttachInterfacesUnderV243Test:_run_cleanups): 204 DELETE http://10.180.1.21/networking/v2.0/floatingips/d763a253-2801-4beb-b0a9-73f95ac2bc68 0.563s
2025-12-12 14:23:15.916 65474 INFO tempest.lib.common.rest_client [req-90d5550c-5f8d-4fb0-80d1-11a07aa2d216 req-90d5550c-5f8d-4fb0-80d1-11a07aa2d216 ] Request (InstanceActionsTestJSON:setUpClass): 200 PUT http://10.180.1.21/networking/v2.0/routers/09f7f3ab-8760-41ec-aa4b-39463fe985c6/add_router_interface 1.248s
2025-12-12 14:23:15.916 65474 INFO tempest.lib.common.dynamic_creds [-] Created isolated network resources for: credentials: Credentials: {'domain_id': 'default', 'domain_name': 'Default', 'username': 'tempest-InstanceActionsTestJSON-1092979101-project-member', 'project_domain_id': 'default', 'project_domain_name': 'Default', 'project_id': '9209f0dd88bc43129ae91f27d8212239', 'project_name': 'tempest-InstanceActionsTestJSON-1092979101', 'tenant_id': '9209f0dd88bc43129ae91f27d8212239', 'tenant_name': 'tempest-InstanceActionsTestJSON-1092979101', 'user_domain_id': 'default', 'user_domain_name': 'Default', 'user_id': '8d4b5db5a0c44a3fbdebf4bdd6d21145', 'system': None}, Network: {'id': 'f16ea9d5-3016-4746-8747-20bc1a0d5a8e', 'name': 'tempest-InstanceActionsTestJSON-801656862-network', 'tenant_id': '9209f0dd88bc43129ae91f27d8212239', 'project_id': '9209f0dd88bc43129ae91f27d8212239', 'admin_state_up': True, 'mtu': 8950, 'status': 'ACTIVE', 'subnets': [], 'shared': False, 'port_security_enabled': True, 'router:external': False, 'provider:network_type': 'vlan', 'provider:physical_network': 'default', 'provider:segmentation_id': 631, 'availability_zone_hints': [], 'availability_zones': [], 'ipv4_address_scope': None, 'ipv6_address_scope': None, 'description': '', 'tags': [], 'created_at': '2025-12-12T14:23:13Z', 'updated_at': '2025-12-12T14:23:13Z', 'revision_number': 1}, Subnet: {'id': 'b3466c0f-238b-4e73-9feb-b04d6e9c0475', 'name': 'tempest-InstanceActionsTestJSON-801656862-subnet', 'tenant_id': '9209f0dd88bc43129ae91f27d8212239', 'network_id': 'f16ea9d5-3016-4746-8747-20bc1a0d5a8e', 'ip_version': 4, 'subnetpool_id': None, 'enable_dhcp': True, 'ipv6_ra_mode': None, 'ipv6_address_mode': None, 'gateway_ip': '192.168.128.1', 'cidr': '192.168.128.0/28', 'allocation_pools': [{'start': '192.168.128.2', 'end': '192.168.128.14'}], 'host_routes': [], 'dns_nameservers': [], 'description': '', 'router:external': False, 'service_types': [], 'tags': [], 'created_at': '2025-12-12T14:23:13Z', 'updated_at': '2025-12-12T14:23:13Z', 'revision_number': 0, 'project_id': '9209f0dd88bc43129ae91f27d8212239'}, Router: {'id': '09f7f3ab-8760-41ec-aa4b-39463fe985c6', 'name': 'tempest-InstanceActionsTestJSON-801656862-router', 'tenant_id': '9209f0dd88bc43129ae91f27d8212239', 'admin_state_up': True, 'status': 'ACTIVE', 'external_gateway_info': {'network_id': '33aa2e0e-2ba4-483b-a42e-ad12556a74c6', 'external_fixed_ips': [{'subnet_id': 'f871220f-bf1e-4aa5-85c3-ace40e1a1bb2', 'ip_address': '10.180.180.224'}], 'enable_snat': True}, 'description': '', 'availability_zones': [], 'distributed': False, 'ha': False, 'availability_zone_hints': [], 'routes': [], 'flavor_id': None, 'tags': [], 'created_at': '2025-12-12T14:23:13Z', 'updated_at': '2025-12-12T14:23:14Z', 'revision_number': 2, 'project_id': '9209f0dd88bc43129ae91f27d8212239'}
2025-12-12 14:23:16.042 65474 INFO tempest.lib.common.rest_client [req-295e8831-68ab-4000-8498-f9c7e38ae22f req-295e8831-68ab-4000-8498-f9c7e38ae22f ] Request (InstanceActionsTestJSON:setUpClass): 201 POST http://10.180.1.21/identity/v3/auth/tokens 0.123s
2025-12-12 14:23:16.082 65474 INFO tempest.lib.common.rest_client [req-3bdecb15-55ed-446d-bfee-49788b6c83b5 req-3bdecb15-55ed-446d-bfee-49788b6c83b5 ] Request (InstanceActionsTestJSON:setUpClass): 201 POST http://10.180.1.21/identity/v3/auth/tokens 0.036s
2025-12-12 14:23:16.082 65474 INFO tempest.lib.common.fixed_network [-] (InstanceActionsTestJSON:setUpClass) Found network {'id': 'f16ea9d5-3016-4746-8747-20bc1a0d5a8e', 'name': 'tempest-InstanceActionsTestJSON-801656862-network', 'tenant_id': '9209f0dd88bc43129ae91f27d8212239', 'project_id': '9209f0dd88bc43129ae91f27d8212239', 'admin_state_up': True, 'mtu': 8950, 'status': 'ACTIVE', 'subnets': [], 'shared': False, 'port_security_enabled': True, 'router:external': False, 'provider:network_type': 'vlan', 'provider:physical_network': 'default', 'provider:segmentation_id': 631, 'availability_zone_hints': [], 'availability_zones': [], 'ipv4_address_scope': None, 'ipv6_address_scope': None, 'description': '', 'tags': [], 'created_at': '2025-12-12T14:23:13Z', 'updated_at': '2025-12-12T14:23:13Z', 'revision_number': 1} available for tenant
2025-12-12 14:23:16.085 65482 INFO tempest.lib.common.rest_client [req-79b7cd3b-5104-40a0-936f-d25a75a16910 req-79b7cd3b-5104-40a0-936f-d25a75a16910 ] Request (ServerTagsTestJSON:setUpClass): 200 GET http://10.180.1.21/compute/v2.1/servers/41af3ee5-0ee6-4957-bad0-5aef51d55bd5 3.240s
2025-12-12 14:23:16.168 65512 INFO tempest.lib.common.rest_client [req-1513d322-7ec9-4f70-ba5a-38cc0772d70b req-1513d322-7ec9-4f70-ba5a-38cc0772d70b ] Request (ServerExternalEventsTest:test_create_server_external_events): 200 GET http://10.180.1.21/compute/v2.1/servers/f694fcb6-053b-4649-ac63-7fa98b1373eb 3.197s
2025-12-12 14:23:16.197 65514 INFO tempest.lib.common.rest_client [req-160a082d-fd85-4522-a338-7220e5a4ce15 req-160a082d-fd85-4522-a338-7220e5a4ce15 ] Request (MultipleCreateTestJSON:tearDownClass): 404 GET http://10.180.1.21/compute/v2.1/servers/6164d64c-75c5-469e-ac32-667842b3717a 3.064s
2025-12-12 14:23:16.237 65478 INFO tempest.lib.common.rest_client [req-4b868f78-0e91-4d44-911d-7400a5fcdd39 req-4b868f78-0e91-4d44-911d-7400a5fcdd39 ] Request (ServersTestJSON:test_create_server_with_admin_password): 202 POST http://10.180.1.21/compute/v2.1/servers 3.881s
2025-12-12 14:23:16.328 65508 INFO tempest.lib.common.rest_client [req-f0cfcf61-59a6-46a5-9010-fa357bdfca90 req-f0cfcf61-59a6-46a5-9010-fa357bdfca90 ] Request (ListImageFiltersTestJSON:setUpClass): 200 GET http://10.180.1.21/compute/v2.1/servers/c993d5a4-49d6-43aa-a1f0-4aac91fad953 3.125s
2025-12-12 14:23:16.330 65494 INFO tempest.lib.common.rest_client [req-8e625041-8ebd-4bba-9ff3-33623b23e815 req-8e625041-8ebd-4bba-9ff3-33623b23e815 ] Request (VolumesAssistedSnapshotsTest:tearDownClass): 200 GET http://10.180.1.21/compute/v2.1/servers/4ffc659b-b7a9-42ac-bcd0-0cae8b0ea818 3.003s
2025-12-12 14:23:16.369 65532 INFO tempest.lib.common.rest_client [req-a4e7df3b-30b9-4a89-88f8-d5b9b562e14c req-a4e7df3b-30b9-4a89-88f8-d5b9b562e14c ] Request (ImagesTestJSON:test_create_image_from_suspended_server): 200 GET http://10.180.1.21/compute/v2.1/images/a295432d-48a7-4bd3-a67f-aab9f1351225 3.016s
2025-12-12 14:23:16.407 65532 INFO tempest.lib.common.rest_client [req-91d41b92-8274-41a6-b367-733bc7758f74 req-91d41b92-8274-41a6-b367-733bc7758f74 ] Request (ImagesTestJSON:test_create_image_from_suspended_server): 200 GET http://10.180.1.21/image/v2/images/a295432d-48a7-4bd3-a67f-aab9f1351225/tasks 0.032s
2025-12-12 14:23:16.409 65520 INFO tempest.lib.common.rest_client [req-610277d7-0c2a-46e3-8ee8-41ec5738a54c req-610277d7-0c2a-46e3-8ee8-41ec5738a54c ] Request (FloatingIPsAssociationNegativeTestJSON:tearDownClass): 200 GET http://10.180.1.21/compute/v2.1/servers/06a99a15-5c8a-4be0-b393-80a104b9ba76 3.028s
2025-12-12 14:23:16.443 65498 INFO tempest.lib.common.rest_client [req-a55ea1be-a297-4c5f-9461-ca9910e923f0 req-a55ea1be-a297-4c5f-9461-ca9910e923f0 ] Request (ServerRescueTestJSON:setUpClass): 200 GET http://10.180.1.21/compute/v2.1/servers/ab41ae41-e69d-47fb-a31a-16748fd3b0f2 3.042s
2025-12-12 14:23:16.461 65502 INFO tempest.lib.common.rest_client [req-6426a678-68a6-4f15-9654-dd81ae9a39da req-6426a678-68a6-4f15-9654-dd81ae9a39da ] Request (ListServerFiltersTestJSON:test_list_servers_filtered_by_name_regex): 200 GET http://10.180.1.21/compute/v2.1/servers?name=%5E.%2A%5C-instance%5C-.%2A%24 3.000s
2025-12-12 14:23:16.508 65516 INFO tempest.lib.common.rest_client [req-ee39fdba-99ff-47cd-9441-990a96d6dde4 req-ee39fdba-99ff-47cd-9441-990a96d6dde4 ] Request (TenantUsagesTestJSON:test_list_usage_all_tenants): 200 GET http://10.180.1.21/compute/v2.1/os-simple-tenant-usage?start=2025-12-11T14%3A23%3A05.245263&end=2025-12-13T14%3A23%3A05.245263&detailed=1 2.927s
2025-12-12 14:23:16.571 65490 INFO tempest.lib.common.rest_client [req-f14b4586-264e-4fab-9fc0-5bb6baf44260 req-f14b4586-264e-4fab-9fc0-5bb6baf44260 ] Request (MigrationsAdminTest:test_resize_server_revert_deleted_flavor): 200 GET http://10.180.1.21/compute/v2.1/servers/293f93f2-c01d-42c8-b1a7-3056805c77de 2.951s
2025-12-12 14:23:16.584 65484 INFO tempest.lib.common.rest_client [req-73e628e1-99eb-4ada-a606-60329c2aa7f5 req-73e628e1-99eb-4ada-a606-60329c2aa7f5 ] Request (ServersAdminTestJSON:test_create_server_with_scheduling_hint): 200 GET http://10.180.1.21/compute/v2.1/servers/b6f6871d-311c-4adb-824e-2907a12f4224 2.898s
2025-12-12 14:23:16.620 65530 INFO tempest.lib.common.rest_client [req-e22c6226-4b88-40a9-b1a9-de6a4e9a6f52 req-e22c6226-4b88-40a9-b1a9-de6a4e9a6f52 ] Request (ServersTestMultiNic:test_verify_multiple_nics_order): 200 GET http://10.180.1.21/compute/v2.1/servers/c1632a96-f334-4978-9f31-97f9329577e5 2.920s
2025-12-12 14:23:16.654 65486 INFO tempest.lib.common.rest_client [req-54050ac3-a5bd-4631-b2ee-eb2ec91bd1a0 req-54050ac3-a5bd-4631-b2ee-eb2ec91bd1a0 ] Request (FloatingIPsAssociationTestJSON:tearDownClass): 200 GET http://10.180.1.21/compute/v2.1/servers/aa9b6708-c53c-4117-9b75-9d506f393395 2.817s
2025-12-12 14:23:16.784 65529 INFO tempest.lib.common.rest_client [req-73b3bfe6-799b-4fa6-a66c-13284380c741 req-73b3bfe6-799b-4fa6-a66c-13284380c741 ] Request (ServerAddressesNegativeTestJSON:setUpClass): 200 GET http://10.180.1.21/compute/v2.1/servers/aab9317b-4ee6-48b3-905b-859a5996f33d 2.816s
2025-12-12 14:23:16.811 65524 INFO tempest.lib.common.rest_client [req-1425bef1-191e-4816-af2f-cd9a796dd305 req-1425bef1-191e-4816-af2f-cd9a796dd305 ] Request (ServersListShow298Test:tearDownClass): 404 GET http://10.180.1.21/compute/v2.1/servers/1e4a9d58-f848-4ff2-8558-4f23c6082a5f 2.689s
2025-12-12 14:23:16.895 65526 INFO tempest.lib.common.rest_client [req-8e5f4961-51e6-4bb5-9ee1-8165f01b4d32 req-8e5f4961-51e6-4bb5-9ee1-8165f01b4d32 ] Request (VolumesAdminNegativeTest:test_update_attached_volume_with_nonexistent_volume_in_uri): 404 PUT http://10.180.1.21/compute/v2.1/servers/50083ee5-9655-4cab-9d50-04a97baac626/os-volume_attachments/31646404-c881-4f70-8766-f7e75f34bcef 2.813s
2025-12-12 14:23:16.924 65524 INFO tempest.lib.common.rest_client [req-6833ebd1-c7b8-49b5-9aba-1eb60498d2cd req-6833ebd1-c7b8-49b5-9aba-1eb60498d2cd ] Request (ServersListShow298Test:tearDownClass): 204 DELETE http://10.180.1.21/identity/v3/users/b56cb261b5714f67ab06609c1c8ff417 0.111s
2025-12-12 14:23:16.924 65524 INFO tempest.lib.common.dynamic_creds [-] Deleting project and security group for project: 0bc48543d199422b9c3224d5602ed961
2025-12-12 14:23:16.965 65526 INFO tempest.lib.common.rest_client [req-276c6e3b-932b-4b1d-b707-3764e566504f req-276c6e3b-932b-4b1d-b707-3764e566504f ] Request (VolumesAdminNegativeTest:tearDownClass): 202 DELETE http://10.180.1.21/volume/v3/volumes/5ff0036e-6ed0-4e93-b664-3e4ce8824096 0.063s
2025-12-12 14:23:16.997 65526 INFO tempest.lib.common.rest_client [req-eef1f529-b327-4d16-b50a-8d296790f726 req-eef1f529-b327-4d16-b50a-8d296790f726 ] Request (VolumesAdminNegativeTest:tearDownClass): 200 GET http://10.180.1.21/volume/v3/volumes/5ff0036e-6ed0-4e93-b664-3e4ce8824096 0.031s
2025-12-12 14:23:17.030 65492 INFO tempest.lib.common.rest_client [req-0460a7c7-c826-44ab-aaeb-46caafef95ca req-0460a7c7-c826-44ab-aaeb-46caafef95ca ] Request (ServersTestFqdnHostnames:tearDownClass): 200 GET http://10.180.1.21/compute/v2.1/servers/4b6fe349-335e-4202-ab76-04f6ccc036ee 2.664s
2025-12-12 14:23:17.040 65492 INFO tempest.common.waiters [-] State transition "ACTIVE/deleting" ==> "DELETED/None" after 4 second wait
2025-12-12 14:23:17.043 65524 INFO tempest.lib.common.rest_client [req-51294493-5804-4cd9-b09a-c589450c0e79 req-51294493-5804-4cd9-b09a-c589450c0e79 ] Request (ServersListShow298Test:tearDownClass): 201 POST http://10.180.1.21/identity/v3/auth/tokens 0.118s
2025-12-12 14:23:17.097 65534 INFO tempest.lib.common.rest_client [req-9b32b084-deac-4f0e-a022-e08ac752a84a req-9b32b084-deac-4f0e-a022-e08ac752a84a ] Request (SecurityGroupsTestJSON:test_server_security_groups): 200 GET http://10.180.1.21/compute/v2.1/servers/19b1f3f9-842e-4150-8890-b0b22393c3af 2.776s
2025-12-12 14:23:17.154 65514 INFO tempest.lib.common.rest_client [req-6a6629e5-8bf0-43af-a7fa-9338209cc8e4 req-6a6629e5-8bf0-43af-a7fa-9338209cc8e4 ] Request (MultipleCreateTestJSON:tearDownClass): 200 PUT http://10.180.1.21/networking/v2.0/routers/45ed28d6-e7a8-47dc-852c-b3de2eefb324/remove_router_interface 0.956s
2025-12-12 14:23:17.200 65536 INFO tempest.lib.common.rest_client [req-2262f09b-438c-460b-a80b-6e3e14993d0d req-2262f09b-438c-460b-a80b-6e3e14993d0d ] Request (ServersAdminNegativeTestJSON:tearDownClass): 200 GET http://10.180.1.21/compute/v2.1/servers/a43879c7-7378-4700-9581-8daabdafe5b2 2.751s
2025-12-12 14:23:17.337 65524 INFO tempest.lib.common.rest_client [req-a933a20a-9969-42bb-986e-9a4d9d47e0c6 req-a933a20a-9969-42bb-986e-9a4d9d47e0c6 ] Request (ServersListShow298Test:tearDownClass): 200 GET http://10.180.1.21/networking/v2.0/security-groups?tenant_id=0bc48543d199422b9c3224d5602ed961&name=default 0.293s
2025-12-12 14:23:17.360 65522 INFO tempest.lib.common.rest_client [req-9d9eec3d-9926-4cd7-a7b1-29f06d501592 req-9d9eec3d-9926-4cd7-a7b1-29f06d501592 ] Request (ServerActionsTestOtherA:setUpClass): 200 GET http://10.180.1.21/compute/v2.1/servers/4a72fedd-b114-468e-8f34-0caec6ce73fa 2.814s
2025-12-12 14:23:17.449 65538 INFO tempest.lib.common.rest_client [req-9aa9cbe9-b000-400f-860e-3663f184b44e req-9aa9cbe9-b000-400f-860e-3663f184b44e ] Request (ServerPasswordTestJSON:setUpClass): 200 GET http://10.180.1.21/compute/v2.1/servers/00362477-c89e-4f60-98a4-d4928081d55e 2.834s
2025-12-12 14:23:17.474 65480 INFO tempest.lib.common.rest_client [req-74e14769-c00d-4820-95d8-186183a3f09d req-74e14769-c00d-4820-95d8-186183a3f09d ] Request (AttachInterfacesUnderV243Test:tearDownClass): 404 DELETE http://10.180.1.21/compute/v2.1/servers/5854d21a-d1a8-4043-aec8-b37ff25c40e7 2.512s
2025-12-12 14:23:17.540 65524 INFO tempest.lib.common.rest_client [req-21525f8e-0a02-4012-8dac-a2bf654bda98 req-21525f8e-0a02-4012-8dac-a2bf654bda98 ] Request (ServersListShow298Test:tearDownClass): 204 DELETE http://10.180.1.21/networking/v2.0/security-groups/49e6a03a-2ff5-43a9-a79b-18fa5cf7eea8 0.202s
2025-12-12 14:23:17.602 65476 INFO tempest.lib.common.rest_client [req-a0647d07-8657-48ed-ba8f-213716661c87 req-a0647d07-8657-48ed-ba8f-213716661c87 ] Request (ImagesOneServerNegativeTestJSON:_run_cleanups): 200 GET http://10.180.1.21/compute/v2.1/servers/90cfd88c-286e-4c87-bf27-909873359997 2.875s
2025-12-12 14:23:17.640 65514 INFO tempest.lib.common.rest_client [req-1d97047c-8ec3-4d5d-8053-7a7c40318ae9 req-1d97047c-8ec3-4d5d-8053-7a7c40318ae9 ] Request (MultipleCreateTestJSON:tearDownClass): 204 DELETE http://10.180.1.21/networking/v2.0/routers/45ed28d6-e7a8-47dc-852c-b3de2eefb324 0.484s
2025-12-12 14:23:17.665 65524 INFO tempest.lib.common.rest_client [req-1ba38b53-59ec-4841-bd25-b5408dcae925 req-1ba38b53-59ec-4841-bd25-b5408dcae925 ] Request (ServersListShow298Test:tearDownClass): 204 DELETE http://10.180.1.21/identity/v3/projects/0bc48543d199422b9c3224d5602ed961 0.125s
2025-12-12 14:23:17.752 65524 INFO tempest.lib.common.rest_client [req-606d85ac-1b1f-4963-868a-642a6c3b2538 req-606d85ac-1b1f-4963-868a-642a6c3b2538 ] Request (AttachVolumeShelveTestJSON:setUpClass): 201 POST http://10.180.1.21/identity/v3/auth/tokens 0.085s
2025-12-12 14:23:17.789 65524 INFO tempest.lib.common.rest_client [req-a227896b-cedc-4c2f-a5f1-170947a0d0bb req-a227896b-cedc-4c2f-a5f1-170947a0d0bb ] Request (AttachVolumeShelveTestJSON:setUpClass): 201 POST http://10.180.1.21/identity/v3/auth/tokens 0.034s
2025-12-12 14:23:17.837 65524 INFO tempest.lib.common.rest_client [req-33863f66-dec0-4fd6-852f-bfa3db56960d req-33863f66-dec0-4fd6-852f-bfa3db56960d ] Request (AttachVolumeShelveTestJSON:setUpClass): 200 GET http://10.180.1.21/identity/v3/domains?name=Default 0.048s
2025-12-12 14:23:17.864 65488 INFO tempest.lib.common.rest_client [req-b268d1e9-8979-44c0-9387-b0e7b5cfba23 req-b268d1e9-8979-44c0-9387-b0e7b5cfba23 ] Request (DeleteServersTestJSON:test_delete_active_server): 200 GET http://10.180.1.21/compute/v2.1/servers/75114f97-fe50-4624-9333-303e411529ea 2.149s
2025-12-12 14:23:17.876 65488 INFO tempest.common.waiters [-] State transition "BUILD/networking" ==> "BUILD/spawning" after 52 second wait
2025-12-12 14:23:17.886 65524 INFO tempest.lib.common.rest_client [req-e99c1098-fc37-4646-9e32-81e18fc5d168 req-e99c1098-fc37-4646-9e32-81e18fc5d168 ] Request (AttachVolumeShelveTestJSON:setUpClass): 201 POST http://10.180.1.21/identity/v3/projects 0.048s
2025-12-12 14:23:17.897 65514 INFO tempest.lib.common.rest_client [req-e4a7f7f9-7ccf-480b-943f-3498badb2842 req-e4a7f7f9-7ccf-480b-943f-3498badb2842 ] Request (MultipleCreateTestJSON:tearDownClass): 204 DELETE http://10.180.1.21/networking/v2.0/subnets/65e8a161-7811-4cba-b5a7-4ba0a17d6f35 0.256s
2025-12-12 14:23:17.997 65524 INFO tempest.lib.common.rest_client [req-cef56c25-56cd-427b-a87f-71604e4a8665 req-cef56c25-56cd-427b-a87f-71604e4a8665 ] Request (AttachVolumeShelveTestJSON:setUpClass): 201 POST http://10.180.1.21/identity/v3/users 0.110s
2025-12-12 14:23:18.027 65526 INFO tempest.lib.common.rest_client [req-1fbdd8c1-16d2-452d-b039-e3093f8cebd7 req-1fbdd8c1-16d2-452d-b039-e3093f8cebd7 ] Request (VolumesAdminNegativeTest:tearDownClass): 404 GET http://10.180.1.21/volume/v3/volumes/5ff0036e-6ed0-4e93-b664-3e4ce8824096 0.022s
2025-12-12 14:23:18.040 65524 INFO tempest.lib.common.rest_client [req-9f46d464-6bd1-4428-a0fe-ec253a597904 req-9f46d464-6bd1-4428-a0fe-ec253a597904 ] Request (AttachVolumeShelveTestJSON:setUpClass): 200 GET http://10.180.1.21/identity/v3/roles 0.043s
2025-12-12 14:23:18.090 65524 INFO tempest.lib.common.rest_client [req-f97dfd4f-9fa3-4ab8-9028-7e130aae48d6 req-f97dfd4f-9fa3-4ab8-9028-7e130aae48d6 ] Request (AttachVolumeShelveTestJSON:setUpClass): 204 PUT http://10.180.1.21/identity/v3/projects/ad1aea30d62c45e193c5a54c429ce7ba/users/10dd394ea47044e0ad78daacb6aa161a/roles/e0dc0dd58c4e4e8a88cc3afc65380d65 0.049s
2025-12-12 14:23:18.090 65524 INFO tempest.lib.common.dynamic_creds [-] Dynamic test user 10dd394ea47044e0ad78daacb6aa161a is created with scope project and roles: ['member']
2025-12-12 14:23:18.091 65524 INFO tempest.lib.common.dynamic_creds [-] Acquired dynamic creds: credentials: Credentials: {'domain_id': 'default', 'domain_name': 'Default', 'username': 'tempest-AttachVolumeShelveTestJSON-1482826837-project-member', 'project_domain_id': 'default', 'project_domain_name': 'Default', 'project_id': 'ad1aea30d62c45e193c5a54c429ce7ba', 'project_name': 'tempest-AttachVolumeShelveTestJSON-1482826837', 'tenant_id': 'ad1aea30d62c45e193c5a54c429ce7ba', 'tenant_name': 'tempest-AttachVolumeShelveTestJSON-1482826837', 'user_domain_id': 'default', 'user_domain_name': 'Default', 'user_id': '10dd394ea47044e0ad78daacb6aa161a', 'system': None}, Network: None, Subnet: None, Router: None
2025-12-12 14:23:18.173 65524 INFO tempest.lib.common.rest_client [req-e4539eb4-8625-4ae3-8842-606ee7596b5e req-e4539eb4-8625-4ae3-8842-606ee7596b5e ] Request (AttachVolumeShelveTestJSON:setUpClass): 201 POST http://10.180.1.21/identity/v3/auth/tokens 0.082s
2025-12-12 14:23:18.201 65478 INFO tempest.lib.common.rest_client [req-3290bad2-cd54-4c18-b877-816a3e6395c6 req-3290bad2-cd54-4c18-b877-816a3e6395c6 ] Request (ServersTestJSON:_run_cleanups): 204 DELETE http://10.180.1.21/compute/v2.1/servers/75ef7aa2-4afe-41d6-8e54-be264cfcc350 1.962s
2025-12-12 14:23:18.282 65508 INFO tempest.lib.common.rest_client [req-94d0d385-ea83-4153-a841-c0ef17077aaa req-94d0d385-ea83-4153-a841-c0ef17077aaa ] Request (ListImageFiltersTestJSON:test_list_images_filter_by_changes_since): 200 GET http://10.180.1.21/compute/v2.1/images?changes-since=2025-12-12T14%3A20%3A56Z 1.944s
2025-12-12 14:23:18.328 65514 INFO tempest.lib.common.rest_client [req-090f4130-757e-4bd1-bc80-914cc82728bd req-090f4130-757e-4bd1-bc80-914cc82728bd ] Request (MultipleCreateTestJSON:tearDownClass): 204 DELETE http://10.180.1.21/networking/v2.0/networks/900c858d-e629-4f7f-b301-68de5133ff7e 0.431s
2025-12-12 14:23:18.422 65532 INFO tempest.lib.common.rest_client [req-1707120c-67c6-4ff8-ad7e-099b6588a84b req-1707120c-67c6-4ff8-ad7e-099b6588a84b ] Request (ImagesTestJSON:_run_cleanups): 204 DELETE http://10.180.1.21/compute/v2.1/images/a295432d-48a7-4bd3-a67f-aab9f1351225 2.014s
2025-12-12 14:23:18.441 65514 INFO tempest.lib.common.rest_client [req-a70d598e-a858-49b6-97df-552e2ede66dc req-a70d598e-a858-49b6-97df-552e2ede66dc ] Request (MultipleCreateTestJSON:tearDownClass): 204 DELETE http://10.180.1.21/identity/v3/users/ea485ec50b264dfeb9e93ff0ae5a7544 0.112s
2025-12-12 14:23:18.441 65514 INFO tempest.lib.common.dynamic_creds [-] Deleting project and security group for project: 3f0b5fd1c88e44d3952279db674447a6
2025-12-12 14:23:18.469 65514 INFO tempest.lib.common.rest_client [req-30a02f4e-ce22-4df4-8abe-3f240f0eaf02 req-30a02f4e-ce22-4df4-8abe-3f240f0eaf02 ] Request (MultipleCreateTestJSON:tearDownClass): 200 GET http://10.180.1.21/networking/v2.0/security-groups?tenant_id=3f0b5fd1c88e44d3952279db674447a6&name=default 0.028s
2025-12-12 14:23:18.493 65502 INFO tempest.lib.common.rest_client [req-dc49a19a-af1f-4467-b68b-9237a1aa7519 req-dc49a19a-af1f-4467-b68b-9237a1aa7519 ] Request (ListServerFiltersTestJSON:test_list_servers_filtered_by_name_regex): 200 GET http://10.180.1.21/compute/v2.1/servers?name=-915715214 2.030s
2025-12-12 14:23:18.528 65474 INFO tempest.lib.common.rest_client [req-4bb10622-c3d0-44ef-b8aa-bd149a0b86d9 req-4bb10622-c3d0-44ef-b8aa-bd149a0b86d9 ] Request (InstanceActionsTestJSON:setUpClass): 202 POST http://10.180.1.21/compute/v2.1/servers 2.445s
2025-12-12 14:23:18.613 65514 INFO tempest.lib.common.rest_client [req-f2a39f23-59ce-455b-8605-c1ff86f3cfa7 req-f2a39f23-59ce-455b-8605-c1ff86f3cfa7 ] Request (MultipleCreateTestJSON:tearDownClass): 204 DELETE http://10.180.1.21/networking/v2.0/security-groups/56595715-0840-4b10-bc63-51b1434520cd 0.143s
2025-12-12 14:23:18.622 65524 INFO tempest.lib.common.rest_client [req-dfd48561-ee8b-40fe-89a8-2235473c0f59 req-dfd48561-ee8b-40fe-89a8-2235473c0f59 ] Request (AttachVolumeShelveTestJSON:setUpClass): 201 POST http://10.180.1.21/networking/v2.0/networks 0.448s
2025-12-12 14:23:18.632 65516 INFO tempest.lib.common.rest_client [req-1cb200c1-b8f8-4371-abc9-167faae6bcc0 req-1cb200c1-b8f8-4371-abc9-167faae6bcc0 ] Request (TenantUsagesTestJSON:tearDownClass): 204 DELETE http://10.180.1.21/compute/v2.1/servers/3f69040e-7df3-4535-a3a7-90f3348ef346 2.110s
2025-12-12 14:23:18.716 65482 INFO tempest.lib.common.rest_client [req-b1af4d08-3279-4510-be37-70c3ae24cbf2 req-b1af4d08-3279-4510-be37-70c3ae24cbf2 ] Request (ServerTagsTestJSON:setUpClass): 200 GET http://10.180.1.21/compute/v2.1/servers/41af3ee5-0ee6-4957-bad0-5aef51d55bd5 1.612s
2025-12-12 14:23:18.729 65482 INFO tempest.common.waiters [-] State transition "BUILD/spawning" ==> "ACTIVE/None" after 68 second wait
2025-12-12 14:23:18.794 65512 INFO tempest.lib.common.rest_client [req-9657c76e-3ae6-4c6a-9567-ab2be2fe6f62 req-9657c76e-3ae6-4c6a-9567-ab2be2fe6f62 ] Request (ServerExternalEventsTest:test_create_server_external_events): 200 GET http://10.180.1.21/compute/v2.1/servers/f694fcb6-053b-4649-ac63-7fa98b1373eb 1.614s
2025-12-12 14:23:18.817 65514 INFO tempest.lib.common.rest_client [req-10881079-41ac-4027-9b7c-8a110fa46412 req-10881079-41ac-4027-9b7c-8a110fa46412 ] Request (MultipleCreateTestJSON:tearDownClass): 204 DELETE http://10.180.1.21/identity/v3/projects/3f0b5fd1c88e44d3952279db674447a6 0.204s
2025-12-12 14:23:18.880 65494 INFO tempest.lib.common.rest_client [req-18d03e02-6440-4795-b7a1-126f5268d1d9 req-18d03e02-6440-4795-b7a1-126f5268d1d9 ] Request (VolumesAssistedSnapshotsTest:tearDownClass): 200 GET http://10.180.1.21/compute/v2.1/servers/4ffc659b-b7a9-42ac-bcd0-0cae8b0ea818 1.541s
2025-12-12 14:23:18.883 65520 INFO tempest.lib.common.rest_client [req-44ce5b6d-14ac-4d62-981d-5458cca02d5d req-44ce5b6d-14ac-4d62-981d-5458cca02d5d ] Request (FloatingIPsAssociationNegativeTestJSON:tearDownClass): 200 GET http://10.180.1.21/compute/v2.1/servers/06a99a15-5c8a-4be0-b393-80a104b9ba76 1.463s
2025-12-12 14:23:18.917 65514 INFO tempest.lib.common.rest_client [req-6db983ec-f16a-45f8-af52-1081c6928ec7 req-6db983ec-f16a-45f8-af52-1081c6928ec7 ] Request (QuotasTestJSON:setUpClass): 201 POST http://10.180.1.21/identity/v3/auth/tokens 0.097s
2025-12-12 14:23:18.949 65480 INFO tempest.lib.common.rest_client [req-76b4f64c-26e0-4f8b-814c-0ef5c4b3ccef req-76b4f64c-26e0-4f8b-814c-0ef5c4b3ccef ] Request (AttachInterfacesUnderV243Test:tearDownClass): 404 GET http://10.180.1.21/compute/v2.1/servers/5854d21a-d1a8-4043-aec8-b37ff25c40e7 1.474s
2025-12-12 14:23:18.970 65498 INFO tempest.lib.common.rest_client [req-6290bc51-e0fe-4c9a-af09-3b889502f267 req-6290bc51-e0fe-4c9a-af09-3b889502f267 ] Request (ServerRescueTestJSON:setUpClass): 200 GET http://10.180.1.21/compute/v2.1/servers/ab41ae41-e69d-47fb-a31a-16748fd3b0f2 1.518s
2025-12-12 14:23:18.972 65514 INFO tempest.lib.common.rest_client [req-4ec8c926-115c-4d93-8ba3-d7d6d29ca0ef req-4ec8c926-115c-4d93-8ba3-d7d6d29ca0ef ] Request (QuotasTestJSON:setUpClass): 201 POST http://10.180.1.21/identity/v3/auth/tokens 0.053s
2025-12-12 14:23:19.006 65524 INFO tempest.lib.common.rest_client [req-c35d3a03-f8c7-4855-9513-dcd259c871c6 req-c35d3a03-f8c7-4855-9513-dcd259c871c6 ] Request (AttachVolumeShelveTestJSON:setUpClass): 201 POST http://10.180.1.21/networking/v2.0/subnets 0.383s
2025-12-12 14:23:19.024 65514 INFO tempest.lib.common.rest_client [req-4b07bdf9-acf0-4bf9-b784-1854845e1bf4 req-4b07bdf9-acf0-4bf9-b784-1854845e1bf4 ] Request (QuotasTestJSON:setUpClass): 200 GET http://10.180.1.21/identity/v3/domains?name=Default 0.051s
2025-12-12 14:23:19.062 65514 INFO tempest.lib.common.rest_client [req-4db428ea-888e-44c4-9572-c1e9b67fc5d6 req-4db428ea-888e-44c4-9572-c1e9b67fc5d6 ] Request (QuotasTestJSON:setUpClass): 201 POST http://10.180.1.21/identity/v3/projects 0.037s
2025-12-12 14:23:19.148 65514 INFO tempest.lib.common.rest_client [req-c836f9f8-a2d5-48b1-bce8-71532ce4ee94 req-c836f9f8-a2d5-48b1-bce8-71532ce4ee94 ] Request (QuotasTestJSON:setUpClass): 201 POST http://10.180.1.21/identity/v3/users 0.085s
2025-12-12 14:23:19.174 65514 INFO tempest.lib.common.rest_client [req-bb156fab-e002-4923-9bc2-e1ffea0b9114 req-bb156fab-e002-4923-9bc2-e1ffea0b9114 ] Request (QuotasTestJSON:setUpClass): 200 GET http://10.180.1.21/identity/v3/roles 0.026s
2025-12-12 14:23:19.213 65514 INFO tempest.lib.common.rest_client [req-f442f758-a7dc-413b-bf9f-568181dbaa11 req-f442f758-a7dc-413b-bf9f-568181dbaa11 ] Request (QuotasTestJSON:setUpClass): 204 PUT http://10.180.1.21/identity/v3/projects/a1e56af388a74e5899ba5fe766224eca/users/a6aa12b6622e4c549e91c560891423a2/roles/e0dc0dd58c4e4e8a88cc3afc65380d65 0.038s
2025-12-12 14:23:19.214 65514 INFO tempest.lib.common.dynamic_creds [-] Dynamic test user a6aa12b6622e4c549e91c560891423a2 is created with scope project and roles: ['member']
2025-12-12 14:23:19.214 65514 INFO tempest.lib.common.dynamic_creds [-] Acquired dynamic creds: credentials: Credentials: {'domain_id': 'default', 'domain_name': 'Default', 'username': 'tempest-QuotasTestJSON-526008529-project-member', 'project_domain_id': 'default', 'project_domain_name': 'Default', 'project_id': 'a1e56af388a74e5899ba5fe766224eca', 'project_name': 'tempest-QuotasTestJSON-526008529', 'tenant_id': 'a1e56af388a74e5899ba5fe766224eca', 'tenant_name': 'tempest-QuotasTestJSON-526008529', 'user_domain_id': 'default', 'user_domain_name': 'Default', 'user_id': 'a6aa12b6622e4c549e91c560891423a2', 'system': None}, Network: None, Subnet: None, Router: None
2025-12-12 14:23:19.214 65514 INFO tempest.lib.common.dynamic_creds [-] Created isolated network resources for: credentials: Credentials: {'domain_id': 'default', 'domain_name': 'Default', 'username': 'tempest-QuotasTestJSON-526008529-project-member', 'project_domain_id': 'default', 'project_domain_name': 'Default', 'project_id': 'a1e56af388a74e5899ba5fe766224eca', 'project_name': 'tempest-QuotasTestJSON-526008529', 'tenant_id': 'a1e56af388a74e5899ba5fe766224eca', 'tenant_name': 'tempest-QuotasTestJSON-526008529', 'user_domain_id': 'default', 'user_domain_name': 'Default', 'user_id': 'a6aa12b6622e4c549e91c560891423a2', 'system': None}, Network: None, Subnet: None, Router: None
2025-12-12 14:23:19.293 65514 INFO tempest.lib.common.rest_client [req-4be4a7ea-284e-45b5-bd12-f745c8a7b1f8 req-4be4a7ea-284e-45b5-bd12-f745c8a7b1f8 ] Request (QuotasTestJSON:setUpClass): 201 POST http://10.180.1.21/identity/v3/auth/tokens 0.073s
2025-12-12 14:23:19.294 65514 WARNING tempest.lib.common.rest_client [-] Deprecated: "tenant_id" property is deprecated for removal, use "project_id" instead
2025-12-12 14:23:19.765 65524 INFO tempest.lib.common.rest_client [req-b42988f5-e9e1-4a8f-a1d0-fd50867009e2 req-b42988f5-e9e1-4a8f-a1d0-fd50867009e2 ] Request (AttachVolumeShelveTestJSON:setUpClass): 201 POST http://10.180.1.21/networking/v2.0/routers 0.757s
2025-12-12 14:23:19.784 65480 INFO tempest.lib.common.rest_client [req-c50317e6-e3aa-478b-b707-ad56d95c8fef req-c50317e6-e3aa-478b-b707-ad56d95c8fef ] Request (AttachInterfacesUnderV243Test:tearDownClass): 200 PUT http://10.180.1.21/networking/v2.0/routers/03180df7-9beb-4b06-8bb7-88380a61fbc2/remove_router_interface 0.835s
2025-12-12 14:23:19.791 65484 INFO tempest.lib.common.rest_client [req-e26c9412-31aa-4f53-95be-53d110739cdb req-e26c9412-31aa-4f53-95be-53d110739cdb ] Request (ServersAdminTestJSON:test_create_server_with_scheduling_hint): 200 GET http://10.180.1.21/compute/v2.1/servers/b6f6871d-311c-4adb-824e-2907a12f4224 2.199s
2025-12-12 14:23:20.289 65480 INFO tempest.lib.common.rest_client [req-8b753bef-f36a-4cca-8468-d5199ef89933 req-8b753bef-f36a-4cca-8468-d5199ef89933 ] Request (AttachInterfacesUnderV243Test:tearDownClass): 204 DELETE http://10.180.1.21/networking/v2.0/routers/03180df7-9beb-4b06-8bb7-88380a61fbc2 0.504s
2025-12-12 14:23:20.314 65530 INFO tempest.lib.common.rest_client [req-07774179-49b9-49a4-992a-8be3df80ed98 req-07774179-49b9-49a4-992a-8be3df80ed98 ] Request (ServersTestMultiNic:test_verify_multiple_nics_order): 200 GET http://10.180.1.21/compute/v2.1/servers/c1632a96-f334-4978-9f31-97f9329577e5 2.684s
2025-12-12 14:23:20.343 65486 INFO tempest.lib.common.rest_client [req-dd42c313-2112-4bb0-a3d7-14eeaa2bd904 req-dd42c313-2112-4bb0-a3d7-14eeaa2bd904 ] Request (FloatingIPsAssociationTestJSON:tearDownClass): 404 GET http://10.180.1.21/compute/v2.1/servers/aa9b6708-c53c-4117-9b75-9d506f393395 2.679s
2025-12-12 14:23:20.357 65490 INFO tempest.lib.common.rest_client [req-54ca8d61-10f1-43d5-b52c-fcacf43da0ff req-54ca8d61-10f1-43d5-b52c-fcacf43da0ff ] Request (MigrationsAdminTest:test_resize_server_revert_deleted_flavor): 200 GET http://10.180.1.21/compute/v2.1/servers/293f93f2-c01d-42c8-b1a7-3056805c77de 2.776s
2025-12-12 14:23:20.367 65490 INFO tempest.common.waiters [-] State transition "BUILD/spawning" ==> "ACTIVE/None" after 69 second wait
2025-12-12 14:23:20.453 65526 INFO tempest.lib.common.rest_client [req-df5ad2be-5abc-4d7a-8a9d-742ae9c39058 req-df5ad2be-5abc-4d7a-8a9d-742ae9c39058 ] Request (VolumesAdminNegativeTest:tearDownClass): 204 DELETE http://10.180.1.21/compute/v2.1/servers/50083ee5-9655-4cab-9d50-04a97baac626 2.426s
2025-12-12 14:23:20.550 65480 INFO tempest.lib.common.rest_client [req-150737ce-5fff-4ee4-98f7-e6f76ab3c95a req-150737ce-5fff-4ee4-98f7-e6f76ab3c95a ] Request (AttachInterfacesUnderV243Test:tearDownClass): 204 DELETE http://10.180.1.21/networking/v2.0/subnets/7cb6dd5d-1164-48f2-bfb8-0d1d9844ce2a 0.261s
