2025-12-12 14:24:12.225 65536 INFO tempest.lib.common.rest_client [req-fac9d3cf-302b-4dfb-8ed7-113b767e8426 req-fac9d3cf-302b-4dfb-8ed7-113b767e8426 ] Request (ServersTestBootFromVolume:setUpClass): 200 GET http://10.180.1.21/compute/v2.1/servers/1b6ad893-e013-4fd5-a829-535d1ea6e001 0.892s
2025-12-12 14:24:12.246 65488 INFO tempest.lib.common.rest_client [req-e57ffaa1-db63-4c2a-950e-c7469d4c3eab req-e57ffaa1-db63-4c2a-950e-c7469d4c3eab ] Request (DeleteServersTestJSON:test_delete_active_server): 200 GET http://10.180.1.21/compute/v2.1/servers/75114f97-fe50-4624-9333-303e411529ea 0.833s
2025-12-12 14:24:12.303 65502 INFO tempest.lib.common.rest_client [req-df63596d-e212-4415-8fcf-14df472a0251 req-df63596d-e212-4415-8fcf-14df472a0251 ] Request (ListServerFiltersTestJSON:tearDownClass): 204 DELETE http://10.180.1.21/compute/v2.1/servers/b1ad9d15-7ef4-404a-9751-ecdd02ea768b 0.886s
2025-12-12 14:24:12.354 65526 INFO tempest.lib.common.rest_client [req-13fddc28-757a-4370-8fe0-2de2e5649748 req-13fddc28-757a-4370-8fe0-2de2e5649748 ] Request (ServerShowV247Test:test_update_rebuild_list_server): 202 POST http://10.180.1.21/compute/v2.1/servers 0.905s
2025-12-12 14:24:12.371 65530 INFO tempest.lib.common.rest_client [req-2e50141f-32e0-4e4c-9034-322e8335ddd5 req-2e50141f-32e0-4e4c-9034-322e8335ddd5 ] Request (ServersTestMultiNic:_run_cleanups): 200 GET http://10.180.1.21/compute/v2.1/servers/c1632a96-f334-4978-9f31-97f9329577e5 0.868s
2025-12-12 14:24:12.406 65494 INFO tempest.lib.common.rest_client [req-20188867-c96c-4fe4-9928-d542e53d9b32 req-20188867-c96c-4fe4-9928-d542e53d9b32 ] Request (ServersTestJSON:setUpClass): 200 GET http://10.180.1.21/compute/v2.1/servers/7fcab9cb-9a0f-4a50-9244-687889443a31 0.881s
2025-12-12 14:24:12.434 65514 INFO tempest.lib.common.rest_client [req-5d75aca7-6e8b-4341-809b-a4cb82e84fd0 req-5d75aca7-6e8b-4341-809b-a4cb82e84fd0 ] Request (VolumesTestJSON:test_volume_list_param_limit): 200 GET http://10.180.1.21/compute/v2.1/os-volumes?limit=2 0.863s
2025-12-12 14:24:12.458 65492 INFO tempest.lib.common.rest_client [req-18f19d3a-07b7-4338-a71a-8b84b62e348c req-18f19d3a-07b7-4338-a71a-8b84b62e348c ] Request (ServerDiskConfigTestJSON:test_rebuild_server_with_auto_disk_config): 200 GET http://10.180.1.21/compute/v2.1/servers/93721179-407a-43d9-b0bf-157433a09519 0.881s
2025-12-12 14:24:12.481 65476 INFO tempest.lib.common.rest_client [req-3332b4a7-2f94-48f3-9af8-123bba9ee569 req-3332b4a7-2f94-48f3-9af8-123bba9ee569 ] Request (ImagesOneServerNegativeTestJSON:test_delete_image_that_is_not_yet_active): 404 GET http://10.180.1.21/compute/v2.1/images/790825ff-9344-4100-b5fb-4721ce889ec7 0.800s
2025-12-12 14:24:12.559 65474 INFO tempest.lib.common.rest_client [req-b159220f-7192-4a93-a83a-4fa4e684f5a4 req-b159220f-7192-4a93-a83a-4fa4e684f5a4 ] Request (InstanceActionsTestJSON:test_list_instance_actions): 200 GET http://10.180.1.21/compute/v2.1/servers/ec8bb91b-69ed-4ee1-ad06-d68bd993c8e7 0.912s
2025-12-12 14:24:12.578 65532 INFO tempest.lib.common.rest_client [req-a191260c-dfe5-41f1-af22-352f883d4bd1 req-a191260c-dfe5-41f1-af22-352f883d4bd1 ] Request (ImagesTestJSON:test_create_server_from_snapshot): 200 GET http://10.180.1.21/compute/v2.1/servers/3f3bec5b-2834-497c-a454-a152cb992309 0.720s
2025-12-12 14:24:12.615 65508 INFO tempest.lib.common.rest_client [req-5c5b7ad3-b27f-478d-87a1-3849d2c7e800 req-5c5b7ad3-b27f-478d-87a1-3849d2c7e800 ] Request (ListImageFiltersTestJSON:tearDownClass): 200 GET http://10.180.1.21/compute/v2.1/servers/cd86f815-4b46-45b1-9a1c-ab2e28f63626 0.680s
2025-12-12 14:24:12.650 65510 INFO tempest.lib.common.rest_client [req-8603c1f7-ab0f-4e7a-a989-dc1f370ceb56 req-8603c1f7-ab0f-4e7a-a989-dc1f370ceb56 ] Request (ServerActionsTestJSON:test_rebuild_server): 200 GET http://10.180.1.21/compute/v2.1/servers/274d0ccd-c707-4a68-b280-16de2bc74d73 0.497s
2025-12-12 14:24:12.667 65478 INFO tempest.lib.common.rest_client [req-2681f532-40cf-47d5-b000-edfb45d7cb6d req-2681f532-40cf-47d5-b000-edfb45d7cb6d ] Request (ServersTestJSON:test_create_server_with_ipv6_addr_only): 200 GET http://10.180.1.21/compute/v2.1/servers/75bf0b85-db28-4efa-a517-d7256873b09d 0.547s
2025-12-12 14:24:12.738 65482 INFO tempest.lib.common.rest_client [req-b3d9761d-30b2-43a6-b117-ccac9f1d681a req-b3d9761d-30b2-43a6-b117-ccac9f1d681a ] Request (ServerTagsTestJSON:tearDownClass): 200 GET http://10.180.1.21/compute/v2.1/servers/41af3ee5-0ee6-4957-bad0-5aef51d55bd5 0.499s
2025-12-12 14:24:12.887 65502 INFO tempest.lib.common.rest_client [req-3c2e78bc-e336-4e95-95ea-bbc79e9d6757 req-3c2e78bc-e336-4e95-95ea-bbc79e9d6757 ] Request (ListServerFiltersTestJSON:tearDownClass): 200 GET http://10.180.1.21/compute/v2.1/servers/b1ad9d15-7ef4-404a-9751-ecdd02ea768b 0.583s
2025-12-12 14:24:12.951 65486 INFO tempest.lib.common.rest_client [req-b3b86afb-404e-488d-af01-883b175ba20c req-b3b86afb-404e-488d-af01-883b175ba20c ] Request (ServerMetadataNegativeTestJSON:setUpClass): 200 GET http://10.180.1.21/compute/v2.1/servers/5d352184-7074-4fab-b4ac-cc11a6b936b1 0.620s
2025-12-12 14:24:12.990 65526 INFO tempest.lib.common.rest_client [req-d2041247-699c-4114-a827-77d4aa5fe497 req-d2041247-699c-4114-a827-77d4aa5fe497 ] Request (ServerShowV247Test:test_update_rebuild_list_server): 200 PUT http://10.180.1.21/compute/v2.1/servers/30b01b2b-2cbf-4c34-86cd-529a95a9c3ec 0.634s
2025-12-12 14:24:13.007 65506 INFO tempest.lib.common.rest_client [req-e1835dfb-11ce-483e-83db-bfe8823a45bd req-e1835dfb-11ce-483e-83db-bfe8823a45bd ] Request (ServerActionsTestOtherB:test_create_backup): 200 GET http://10.180.1.21/image/v2/images/4420ebad-90bb-4083-ad61-fa47fb6880b2 0.021s
2025-12-12 14:24:13.049 65480 INFO tempest.lib.common.rest_client [req-86a1c207-67d2-4941-933b-8067dcf02beb req-86a1c207-67d2-4941-933b-8067dcf02beb ] Request (ServerShowV257Test:test_rebuild_server): 200 GET http://10.180.1.21/compute/v2.1/servers/e2e03e5c-4a71-4555-9cd4-d67e178064ec 0.660s
2025-12-12 14:24:13.093 65514 INFO tempest.lib.common.rest_client [req-8ef1ed64-e1e4-471a-ade5-9fcc57a363ff req-8ef1ed64-e1e4-471a-ade5-9fcc57a363ff ] Request (VolumesTestJSON:test_volume_list_param_offset_and_limit): 200 GET http://10.180.1.21/compute/v2.1/os-volumes 0.654s
2025-12-12 14:24:13.123 65516 INFO tempest.lib.common.rest_client [req-6b687dec-ed31-4759-8fbe-bcaeefded3d1 req-6b687dec-ed31-4759-8fbe-bcaeefded3d1 ] Request (FloatingIPDetailsTestJSON:_run_cleanups): 202 DELETE http://10.180.1.21/compute/v2.1/os-floating-ips/b98baf2d-d3c9-46b1-bc0d-894eaa7d6fcb 0.966s
2025-12-12 14:24:13.156 65504 INFO tempest.lib.common.rest_client [req-9e1dd3e1-87df-4df3-a756-af4b66d67c52 req-9e1dd3e1-87df-4df3-a756-af4b66d67c52 ] Request (ServersWithSpecificFlavorTestJSON:test_verify_created_server_ephemeral_disk): 200 GET http://10.180.1.21/compute/v2.1/servers/b22ccce7-c54a-4577-9de0-1fd9c10cd189 0.691s
2025-12-12 14:24:13.214 65534 INFO tempest.lib.common.rest_client [req-1dbbe552-e587-44d7-8839-a217cc02f505 req-1dbbe552-e587-44d7-8839-a217cc02f505 ] Request (SecurityGroupsTestJSON:test_server_security_groups): 200 GET http://10.180.1.21/compute/v2.1/servers/19b1f3f9-842e-4150-8890-b0b22393c3af 0.710s
2025-12-12 14:24:13.281 65476 INFO tempest.lib.common.rest_client [req-da218e24-148a-446b-b236-a1e22665b521 req-da218e24-148a-446b-b236-a1e22665b521 ] Request (ImagesOneServerNegativeTestJSON:tearDown): 200 GET http://10.180.1.21/compute/v2.1/servers/90cfd88c-286e-4c87-bf27-909873359997 0.799s
2025-12-12 14:24:13.306 65484 INFO tempest.lib.common.rest_client [req-8c38b58d-63de-4f6a-8457-5c8af9a5d13f req-8c38b58d-63de-4f6a-8457-5c8af9a5d13f ] Request (ServersAdminTestJSON:test_inject_network_info): 200 GET http://10.180.1.21/compute/v2.1/servers/99b1ff9c-38b7-4947-81bb-d200a3b2a09a 0.777s
2025-12-12 14:24:13.347 65524 INFO tempest.lib.common.rest_client [req-8abef9fd-7340-49e0-9eb6-745602e8d198 req-8abef9fd-7340-49e0-9eb6-745602e8d198 ] Request (AttachVolumeShelveTestJSON:test_attach_volume_shelved_or_offload_server): 200 GET http://10.180.1.21/compute/v2.1/servers/e0d3e3c8-6471-4345-8677-369612674769 0.756s
2025-12-12 14:24:13.384 65512 INFO tempest.lib.common.rest_client [req-2c55fd11-c1d0-46a9-b75a-80e68708c814 req-2c55fd11-c1d0-46a9-b75a-80e68708c814 ] Request (ServerExternalEventsTest:tearDownClass): 200 GET http://10.180.1.21/compute/v2.1/servers/f694fcb6-053b-4649-ac63-7fa98b1373eb 0.665s
2025-12-12 14:24:13.392 65512 INFO tempest.common.waiters [-] State transition "ACTIVE/deleting" ==> "DELETED/None" after 4 second wait
2025-12-12 14:24:13.452 65498 INFO tempest.lib.common.rest_client [req-30ab317d-53f1-49dc-8706-aaa1eb245344 req-30ab317d-53f1-49dc-8706-aaa1eb245344 ] Request (ServerRescueTestJSON:test_rescue_unrescue_instance): 200 GET http://10.180.1.21/compute/v2.1/servers/8a23da27-ce6c-4453-9036-65eeeda3ce0d 0.532s
2025-12-12 14:24:13.504 65490 INFO tempest.lib.common.rest_client [req-ef774d75-c462-4dac-beb5-04c58281e6ed req-ef774d75-c462-4dac-beb5-04c58281e6ed ] Request (MigrationsAdminTest:test_resize_server_revert_deleted_flavor): 200 GET http://10.180.1.21/compute/v2.1/servers/293f93f2-c01d-42c8-b1a7-3056805c77de 0.645s
2025-12-12 14:24:13.523 65538 INFO tempest.lib.common.rest_client [req-c8e18675-1edb-460a-8731-062566a5d870 req-c8e18675-1edb-460a-8731-062566a5d870 ] Request (ServerPasswordTestJSON:tearDownClass): 200 GET http://10.180.1.21/compute/v2.1/servers/00362477-c89e-4f60-98a4-d4928081d55e 0.526s
2025-12-12 14:24:13.562 65526 INFO tempest.lib.common.rest_client [req-b55a7186-c155-48fd-8a16-bf53c782393f req-b55a7186-c155-48fd-8a16-bf53c782393f ] Request (ServerShowV247Test:test_update_rebuild_list_server): 200 GET http://10.180.1.21/compute/v2.1/servers/30b01b2b-2cbf-4c34-86cd-529a95a9c3ec 0.565s
2025-12-12 14:24:13.590 65529 INFO tempest.lib.common.rest_client [req-55765abc-2d09-41a6-beb8-89450c03f4b4 req-55765abc-2d09-41a6-beb8-89450c03f4b4 ] Request (ServerAddressesNegativeTestJSON:tearDownClass): 200 GET http://10.180.1.21/compute/v2.1/servers/aab9317b-4ee6-48b3-905b-859a5996f33d 0.526s
2025-12-12 14:24:13.609 65514 INFO tempest.lib.common.rest_client [req-b926ff4b-11e6-4a30-93d9-8ae7051ba1ab req-b926ff4b-11e6-4a30-93d9-8ae7051ba1ab ] Request (VolumesTestJSON:test_volume_list_param_offset_and_limit): 200 GET http://10.180.1.21/compute/v2.1/os-volumes?offset=1&limit=1 0.513s
2025-12-12 14:24:13.659 65536 INFO tempest.lib.common.rest_client [req-f6a115f2-6080-4151-8cb0-cef86d7aa009 req-f6a115f2-6080-4151-8cb0-cef86d7aa009 ] Request (ServersTestBootFromVolume:setUpClass): 200 GET http://10.180.1.21/compute/v2.1/servers/1b6ad893-e013-4fd5-a829-535d1ea6e001 0.425s
2025-12-12 14:24:13.677 65488 INFO tempest.lib.common.rest_client [req-90171b5f-14fb-4209-8040-b3321596a2cd req-90171b5f-14fb-4209-8040-b3321596a2cd ] Request (DeleteServersTestJSON:test_delete_active_server): 404 GET http://10.180.1.21/compute/v2.1/servers/75114f97-fe50-4624-9333-303e411529ea 0.422s
2025-12-12 14:24:13.735 65530 INFO tempest.lib.common.rest_client [req-57ef2377-9fab-4b5f-959f-93e210fb0f8e req-57ef2377-9fab-4b5f-959f-93e210fb0f8e ] Request (ServersTestMultiNic:_run_cleanups): 200 GET http://10.180.1.21/compute/v2.1/servers/c1632a96-f334-4978-9f31-97f9329577e5 0.355s
2025-12-12 14:24:13.753 65488 INFO tempest.lib.common.rest_client [req-7be32946-75c6-4366-9c60-8dcc43f6be87 req-7be32946-75c6-4366-9c60-8dcc43f6be87 ] Request (DeleteServersTestJSON:test_delete_server_while_in_attached_volume): 201 POST http://10.180.1.21/identity/v3/auth/tokens 0.070s
2025-12-12 14:24:13.753 65488 INFO tempest.lib.common.fixed_network [-] (DeleteServersTestJSON:test_delete_server_while_in_attached_volume) Found network {'id': 'a4ff8134-dcbb-4e42-9d1c-f09ddfa7a154', 'name': 'tempest-DeleteServersTestJSON-431352460-network', 'tenant_id': '0630960dcbf44781be05184565d81932', 'project_id': '0630960dcbf44781be05184565d81932', 'admin_state_up': True, 'mtu': 8950, 'status': 'ACTIVE', 'subnets': [], 'shared': False, 'port_security_enabled': True, 'router:external': False, 'provider:network_type': 'vlan', 'provider:physical_network': 'default', 'provider:segmentation_id': 79, 'availability_zone_hints': [], 'availability_zones': [], 'ipv4_address_scope': None, 'ipv6_address_scope': None, 'description': '', 'tags': [], 'created_at': '2025-12-12T14:22:17Z', 'updated_at': '2025-12-12T14:22:17Z', 'revision_number': 1} available for tenant
2025-12-12 14:24:13.774 65516 INFO tempest.lib.common.rest_client [req-763c5461-2725-4cb4-8ae8-5e514528b691 req-763c5461-2725-4cb4-8ae8-5e514528b691 ] Request (FloatingIPDetailsTestJSON:test_list_floating_ips): 200 GET http://10.180.1.21/compute/v2.1/os-floating-ips 0.649s
2025-12-12 14:24:13.790 65494 INFO tempest.lib.common.rest_client [req-7fc50572-1397-42cd-bef9-14c589ecdb3d req-7fc50572-1397-42cd-bef9-14c589ecdb3d ] Request (ServersTestJSON:setUpClass): 200 GET http://10.180.1.21/compute/v2.1/servers/7fcab9cb-9a0f-4a50-9244-687889443a31 0.375s
2025-12-12 14:24:13.826 65492 INFO tempest.lib.common.rest_client [req-da46d615-8cfe-4881-8f9a-3a46239511dc req-da46d615-8cfe-4881-8f9a-3a46239511dc ] Request (ServerDiskConfigTestJSON:test_rebuild_server_with_auto_disk_config): 200 GET http://10.180.1.21/compute/v2.1/servers/93721179-407a-43d9-b0bf-157433a09519 0.357s
2025-12-12 14:24:13.920 65474 INFO tempest.lib.common.rest_client [req-54fb4d62-be53-4cc0-8e7d-c466d30ba963 req-54fb4d62-be53-4cc0-8e7d-c466d30ba963 ] Request (InstanceActionsTestJSON:test_list_instance_actions): 200 GET http://10.180.1.21/compute/v2.1/servers/ec8bb91b-69ed-4ee1-ad06-d68bd993c8e7 0.353s
2025-12-12 14:24:13.954 65514 INFO tempest.lib.common.rest_client [req-455eb9aa-12fe-4b99-b4dc-98a9b0b718a0 req-455eb9aa-12fe-4b99-b4dc-98a9b0b718a0 ] Request (VolumesTestJSON:test_volume_list_with_detail_param_limit): 200 GET http://10.180.1.21/compute/v2.1/os-volumes/detail?limit=2 0.341s
2025-12-12 14:24:13.979 65532 INFO tempest.lib.common.rest_client [req-3b77b78f-356a-4d4c-b612-93d7eacd1eff req-3b77b78f-356a-4d4c-b612-93d7eacd1eff ] Request (ImagesTestJSON:test_create_server_from_snapshot): 200 GET http://10.180.1.21/compute/v2.1/servers/3f3bec5b-2834-497c-a454-a152cb992309 0.393s
2025-12-12 14:24:14.026 65506 INFO tempest.lib.common.rest_client [req-91b3fb11-07e3-4068-a795-60c833b812b4 req-91b3fb11-07e3-4068-a795-60c833b812b4 ] Request (ServerActionsTestOtherB:test_create_backup): 200 GET http://10.180.1.21/image/v2/images/4420ebad-90bb-4083-ad61-fa47fb6880b2 0.017s
2025-12-12 14:24:14.031 65508 INFO tempest.lib.common.rest_client [req-46e2aef8-289a-4ce7-ba52-1c0f47ff26e1 req-46e2aef8-289a-4ce7-ba52-1c0f47ff26e1 ] Request (ListImageFiltersTestJSON:tearDownClass): 200 GET http://10.180.1.21/compute/v2.1/servers/cd86f815-4b46-45b1-9a1c-ab2e28f63626 0.409s
2025-12-12 14:24:14.035 65510 INFO tempest.lib.common.rest_client [req-09b2737d-2c46-45ae-ade1-3cbb546046da req-09b2737d-2c46-45ae-ade1-3cbb546046da ] Request (ServerActionsTestJSON:test_rebuild_server): 200 GET http://10.180.1.21/compute/v2.1/servers/274d0ccd-c707-4a68-b280-16de2bc74d73 0.377s
2025-12-12 14:24:14.101 65482 INFO tempest.lib.common.rest_client [req-bf4954bf-89d8-4f3b-8c48-6e033e85190e req-bf4954bf-89d8-4f3b-8c48-6e033e85190e ] Request (ServerTagsTestJSON:tearDownClass): 200 GET http://10.180.1.21/compute/v2.1/servers/41af3ee5-0ee6-4957-bad0-5aef51d55bd5 0.354s
2025-12-12 14:24:14.173 65478 INFO tempest.lib.common.rest_client [req-81361771-fbc7-42a7-8b4b-53f3d488c61a req-81361771-fbc7-42a7-8b4b-53f3d488c61a ] Request (ServersTestJSON:test_create_server_with_ipv6_addr_only): 200 GET http://10.180.1.21/compute/v2.1/servers/75bf0b85-db28-4efa-a517-d7256873b09d 0.497s
2025-12-12 14:24:14.554 65488 INFO tempest.lib.common.rest_client [req-92bf199e-d56e-47a7-816f-4cee12f78117 req-92bf199e-d56e-47a7-816f-4cee12f78117 ] Request (DeleteServersTestJSON:test_delete_server_while_in_attached_volume): 202 POST http://10.180.1.21/compute/v2.1/servers 0.800s
2025-12-12 14:24:14.637 65516 INFO tempest.lib.common.rest_client [req-f8ce0f65-a6dc-4114-8f92-41c44da164cb req-f8ce0f65-a6dc-4114-8f92-41c44da164cb ] Request (FloatingIPDetailsTestJSON:tearDownClass): 202 DELETE http://10.180.1.21/compute/v2.1/os-floating-ips/6b970cba-d50d-4e57-a40a-36267937b5af 0.859s
2025-12-12 14:24:14.742 65502 INFO tempest.lib.common.rest_client [req-ec0892ad-c090-4f0e-8bf4-928105374a5e req-ec0892ad-c090-4f0e-8bf4-928105374a5e ] Request (ListServerFiltersTestJSON:tearDownClass): 200 GET http://10.180.1.21/compute/v2.1/servers/b1ad9d15-7ef4-404a-9751-ecdd02ea768b 0.845s
2025-12-12 14:24:14.757 65486 INFO tempest.lib.common.rest_client [req-f3aa49f4-5983-4890-9f91-90836e239378 req-f3aa49f4-5983-4890-9f91-90836e239378 ] Request (ServerMetadataNegativeTestJSON:setUpClass): 200 GET http://10.180.1.21/compute/v2.1/servers/5d352184-7074-4fab-b4ac-cc11a6b936b1 0.798s
2025-12-12 14:24:14.787 65514 INFO tempest.lib.common.rest_client [req-c4df9a2a-2d1c-438a-b3f0-fca70d5ad55c req-c4df9a2a-2d1c-438a-b3f0-fca70d5ad55c ] Request (VolumesTestJSON:test_volume_list_with_detail_param_offset_and_limit): 200 GET http://10.180.1.21/compute/v2.1/os-volumes/detail 0.828s
2025-12-12 14:24:14.840 65480 INFO tempest.lib.common.rest_client [req-42d0b80c-359d-48ec-9272-0b2cbae98157 req-42d0b80c-359d-48ec-9272-0b2cbae98157 ] Request (ServerShowV257Test:test_rebuild_server): 200 GET http://10.180.1.21/compute/v2.1/servers/e2e03e5c-4a71-4555-9cd4-d67e178064ec 0.782s
2025-12-12 14:24:14.860 65504 INFO tempest.lib.common.rest_client [req-512c89d4-63a8-4a07-885a-e3f301afa2ed req-512c89d4-63a8-4a07-885a-e3f301afa2ed ] Request (ServersWithSpecificFlavorTestJSON:test_verify_created_server_ephemeral_disk): 200 GET http://10.180.1.21/compute/v2.1/servers/b22ccce7-c54a-4577-9de0-1fd9c10cd189 0.696s
2025-12-12 14:24:14.960 65534 INFO tempest.lib.common.rest_client [req-bf218ef6-a6f1-4e43-aa39-650b10802da9 req-bf218ef6-a6f1-4e43-aa39-650b10802da9 ] Request (SecurityGroupsTestJSON:test_server_security_groups): 200 GET http://10.180.1.21/compute/v2.1/servers/19b1f3f9-842e-4150-8890-b0b22393c3af 0.735s
2025-12-12 14:24:14.993 65476 INFO tempest.lib.common.rest_client [req-0161b460-a78c-4902-a1a7-94fe47ed191c req-0161b460-a78c-4902-a1a7-94fe47ed191c ] Request (ImagesOneServerNegativeTestJSON:tearDown): 200 GET http://10.180.1.21/compute/v2.1/servers/90cfd88c-286e-4c87-bf27-909873359997 0.697s
2025-12-12 14:24:15.003 65476 INFO tempest.common.waiters [-] State transition "ACTIVE/image_pending_upload" ==> "ACTIVE/image_uploading" after 2 second wait
2025-12-12 14:24:15.042 65484 INFO tempest.lib.common.rest_client [req-7d93fb63-bc68-45ae-ba94-091d50dee56c req-7d93fb63-bc68-45ae-ba94-091d50dee56c ] Request (ServersAdminTestJSON:test_inject_network_info): 200 GET http://10.180.1.21/compute/v2.1/servers/99b1ff9c-38b7-4947-81bb-d200a3b2a09a 0.725s
2025-12-12 14:24:15.053 65506 INFO tempest.lib.common.rest_client [req-2bf6ca3f-bbcc-45ab-8769-443860275379 req-2bf6ca3f-bbcc-45ab-8769-443860275379 ] Request (ServerActionsTestOtherB:test_create_backup): 200 GET http://10.180.1.21/image/v2/images/4420ebad-90bb-4083-ad61-fa47fb6880b2 0.025s
2025-12-12 14:24:15.068 65524 INFO tempest.lib.common.rest_client [req-d7bf5add-daad-449b-990c-5caf0c2c2f44 req-d7bf5add-daad-449b-990c-5caf0c2c2f44 ] Request (AttachVolumeShelveTestJSON:test_attach_volume_shelved_or_offload_server): 200 GET http://10.180.1.21/compute/v2.1/servers/e0d3e3c8-6471-4345-8677-369612674769 0.707s
2025-12-12 14:24:15.125 65512 INFO tempest.lib.common.rest_client [req-b1274e77-0bf3-4c57-8e08-b2a9dc2f04c8 req-b1274e77-0bf3-4c57-8e08-b2a9dc2f04c8 ] Request (ServerExternalEventsTest:tearDownClass): 200 GET http://10.180.1.21/compute/v2.1/servers/f694fcb6-053b-4649-ac63-7fa98b1373eb 0.731s
2025-12-12 14:24:15.131 65498 INFO tempest.lib.common.rest_client [req-63f413cc-9cb7-4529-b52b-edf50eba6fa7 req-63f413cc-9cb7-4529-b52b-edf50eba6fa7 ] Request (ServerRescueTestJSON:test_rescue_unrescue_instance): 200 GET http://10.180.1.21/compute/v2.1/servers/8a23da27-ce6c-4453-9036-65eeeda3ce0d 0.668s
2025-12-12 14:24:15.204 65538 INFO tempest.lib.common.rest_client [req-f45bc7d2-9b7e-419c-a763-462c39df83f5 req-f45bc7d2-9b7e-419c-a763-462c39df83f5 ] Request (ServerPasswordTestJSON:tearDownClass): 200 GET http://10.180.1.21/compute/v2.1/servers/00362477-c89e-4f60-98a4-d4928081d55e 0.670s
2025-12-12 14:24:15.252 65488 INFO tempest.lib.common.rest_client [req-a616768b-f088-4770-bd1b-f81b9d03bdf9 req-a616768b-f088-4770-bd1b-f81b9d03bdf9 ] Request (DeleteServersTestJSON:test_delete_server_while_in_attached_volume): 200 GET http://10.180.1.21/compute/v2.1/servers/df5abcb5-583f-4b28-a074-3a3221d74d87 0.696s
2025-12-12 14:24:15.277 65490 INFO tempest.lib.common.rest_client [req-428db5aa-0aca-4bca-95a2-a5eb7e8d2ca0 req-428db5aa-0aca-4bca-95a2-a5eb7e8d2ca0 ] Request (MigrationsAdminTest:test_resize_server_revert_deleted_flavor): 200 GET http://10.180.1.21/compute/v2.1/servers/293f93f2-c01d-42c8-b1a7-3056805c77de 0.763s
2025-12-12 14:24:15.306 65526 INFO tempest.lib.common.rest_client [req-2a5e3343-2c75-436f-aa6e-4f55825ca294 req-2a5e3343-2c75-436f-aa6e-4f55825ca294 ] Request (ServerShowV247Test:test_update_rebuild_list_server): 200 GET http://10.180.1.21/compute/v2.1/servers/30b01b2b-2cbf-4c34-86cd-529a95a9c3ec 0.732s
2025-12-12 14:24:15.334 65529 INFO tempest.lib.common.rest_client [req-09807aec-899b-4aac-acbb-5ea627a70575 req-09807aec-899b-4aac-acbb-5ea627a70575 ] Request (ServerAddressesNegativeTestJSON:tearDownClass): 200 GET http://10.180.1.21/compute/v2.1/servers/aab9317b-4ee6-48b3-905b-859a5996f33d 0.733s
2025-12-12 14:24:15.384 65536 INFO tempest.lib.common.rest_client [req-8a9db88e-2a97-4553-a7e2-93c73f980f20 req-8a9db88e-2a97-4553-a7e2-93c73f980f20 ] Request (ServersTestBootFromVolume:setUpClass): 200 GET http://10.180.1.21/compute/v2.1/servers/1b6ad893-e013-4fd5-a829-535d1ea6e001 0.717s
2025-12-12 14:24:15.438 65530 INFO tempest.lib.common.rest_client [req-45ca735f-c4d9-4a5c-b57c-6ed032aea070 req-45ca735f-c4d9-4a5c-b57c-6ed032aea070 ] Request (ServersTestMultiNic:_run_cleanups): 200 GET http://10.180.1.21/compute/v2.1/servers/c1632a96-f334-4978-9f31-97f9329577e5 0.690s
2025-12-12 14:24:15.477 65514 INFO tempest.lib.common.rest_client [req-078b417f-25d8-4167-96fb-2c9d8d1a496b req-078b417f-25d8-4167-96fb-2c9d8d1a496b ] Request (VolumesTestJSON:test_volume_list_with_detail_param_offset_and_limit): 200 GET http://10.180.1.21/compute/v2.1/os-volumes/detail?offset=1&limit=1 0.686s
2025-12-12 14:24:15.540 65494 INFO tempest.lib.common.rest_client [req-f7414316-5faa-4e65-a62d-3d63adf23b51 req-f7414316-5faa-4e65-a62d-3d63adf23b51 ] Request (ServersTestJSON:setUpClass): 200 GET http://10.180.1.21/compute/v2.1/servers/7fcab9cb-9a0f-4a50-9244-687889443a31 0.742s
2025-12-12 14:24:15.587 65522 WARNING tempest.lib.common.ssh [-] Failed to establish authenticated ssh connection to cirros@10.180.180.201 ([Errno None] Unable to connect to port 22 on 10.180.180.201). Number attempts: 4. Retry after 5 seconds.: paramiko.ssh_exception.NoValidConnectionsError: [Errno None] Unable to connect to port 22 on 10.180.180.201
2025-12-12 14:24:15.603 65492 INFO tempest.lib.common.rest_client [req-c0070241-5739-44d1-b9d1-d10856182003 req-c0070241-5739-44d1-b9d1-d10856182003 ] Request (ServerDiskConfigTestJSON:test_rebuild_server_with_auto_disk_config): 200 GET http://10.180.1.21/compute/v2.1/servers/93721179-407a-43d9-b0bf-157433a09519 0.769s
2025-12-12 14:24:15.675 65516 INFO tempest.lib.common.rest_client [req-d055e0be-2a7a-47b6-9c5f-09c1bc1b8462 req-d055e0be-2a7a-47b6-9c5f-09c1bc1b8462 ] Request (FloatingIPDetailsTestJSON:tearDownClass): 202 DELETE http://10.180.1.21/compute/v2.1/os-floating-ips/9bbae729-735c-4de8-8fe9-379a6946225f 1.038s
2025-12-12 14:24:15.732 65474 INFO tempest.lib.common.rest_client [req-7a9c91df-4c8a-468e-a6b2-e03533f988ef req-7a9c91df-4c8a-468e-a6b2-e03533f988ef ] Request (InstanceActionsTestJSON:test_list_instance_actions): 200 GET http://10.180.1.21/compute/v2.1/servers/ec8bb91b-69ed-4ee1-ad06-d68bd993c8e7 0.799s
2025-12-12 14:24:15.739 65474 INFO tempest.common.waiters [-] State transition "HARD_REBOOT/rebooting_hard" ==> "HARD_REBOOT/reboot_started_hard" after 3 second wait
2025-12-12 14:24:15.803 65508 INFO tempest.lib.common.rest_client [req-eeee4ddc-065a-42a2-80ac-908a01475238 req-eeee4ddc-065a-42a2-80ac-908a01475238 ] Request (ListImageFiltersTestJSON:tearDownClass): 200 GET http://10.180.1.21/compute/v2.1/servers/cd86f815-4b46-45b1-9a1c-ab2e28f63626 0.764s
2025-12-12 14:24:15.847 65532 INFO tempest.lib.common.rest_client [req-15533ad9-f7d8-46b1-98a2-1303f8af4c80 req-15533ad9-f7d8-46b1-98a2-1303f8af4c80 ] Request (ImagesTestJSON:test_create_server_from_snapshot): 200 GET http://10.180.1.21/compute/v2.1/servers/3f3bec5b-2834-497c-a454-a152cb992309 0.859s
2025-12-12 14:24:15.865 65510 INFO tempest.lib.common.rest_client [req-b2a7931f-3bc2-485b-8cee-bf1fc76bda7e req-b2a7931f-3bc2-485b-8cee-bf1fc76bda7e ] Request (ServerActionsTestJSON:test_rebuild_server): 200 GET http://10.180.1.21/compute/v2.1/servers/274d0ccd-c707-4a68-b280-16de2bc74d73 0.820s
2025-12-12 14:24:15.935 65482 INFO tempest.lib.common.rest_client [req-1ba65733-7862-4c86-8af3-2f82a52d1d21 req-1ba65733-7862-4c86-8af3-2f82a52d1d21 ] Request (ServerTagsTestJSON:tearDownClass): 200 GET http://10.180.1.21/compute/v2.1/servers/41af3ee5-0ee6-4957-bad0-5aef51d55bd5 0.824s
2025-12-12 14:24:15.981 65514 INFO tempest.lib.common.rest_client [req-7563cc98-f8d7-4af6-b29b-ce33acd3504e req-7563cc98-f8d7-4af6-b29b-ce33acd3504e ] Request (VolumesTestJSON:test_volume_list_with_details): 200 GET http://10.180.1.21/compute/v2.1/os-volumes/detail 0.500s
2025-12-12 14:24:16.020 65478 INFO tempest.lib.common.rest_client [req-4e29a70f-95f3-40ee-a46e-2866ae1a5ec8 req-4e29a70f-95f3-40ee-a46e-2866ae1a5ec8 ] Request (ServersTestJSON:test_create_server_with_ipv6_addr_only): 200 GET http://10.180.1.21/compute/v2.1/servers/75bf0b85-db28-4efa-a517-d7256873b09d 0.839s
2025-12-12 14:24:16.027 65478 INFO tempest.common.waiters [-] State transition "BUILD/spawning" ==> "ACTIVE/None" after 48 second wait
2025-12-12 14:24:16.043 65514 INFO tempest.lib.common.rest_client [req-e67d41f3-61a9-4e83-8b80-7f2baf88858c req-e67d41f3-61a9-4e83-8b80-7f2baf88858c ] Request (VolumesTestJSON:tearDownClass): 202 DELETE http://10.180.1.21/volume/v3/volumes/7fe9d4b4-6337-4c38-a521-7ab6e4824a2c 0.056s
2025-12-12 14:24:16.084 65506 INFO tempest.lib.common.rest_client [req-5c5af180-f8f0-4eea-8a15-3a01504ed0b4 req-5c5af180-f8f0-4eea-8a15-3a01504ed0b4 ] Request (ServerActionsTestOtherB:test_create_backup): 200 GET http://10.180.1.21/image/v2/images/4420ebad-90bb-4083-ad61-fa47fb6880b2 0.028s
2025-12-12 14:24:16.085 65514 INFO tempest.lib.common.rest_client [req-9de38bca-1186-42a6-a8ce-af3f74754cbf req-9de38bca-1186-42a6-a8ce-af3f74754cbf ] Request (VolumesTestJSON:tearDownClass): 200 GET http://10.180.1.21/volume/v3/volumes/7fe9d4b4-6337-4c38-a521-7ab6e4824a2c 0.041s
2025-12-12 14:24:16.109 65502 INFO tempest.lib.common.rest_client [req-b44ddd7c-918e-4909-b7f3-f9e902bd3c69 req-b44ddd7c-918e-4909-b7f3-f9e902bd3c69 ] Request (ListServerFiltersTestJSON:tearDownClass): 200 GET http://10.180.1.21/compute/v2.1/servers/b1ad9d15-7ef4-404a-9751-ecdd02ea768b 0.357s
2025-12-12 14:24:16.118 65502 INFO tempest.common.waiters [-] State transition "ACTIVE/deleting" ==> "DELETED/None" after 4 second wait
2025-12-12 14:24:16.177 65486 INFO tempest.lib.common.rest_client [req-a6cc8eef-b953-4584-b05a-c46cb711ffe9 req-a6cc8eef-b953-4584-b05a-c46cb711ffe9 ] Request (ServerMetadataNegativeTestJSON:setUpClass): 200 GET http://10.180.1.21/compute/v2.1/servers/5d352184-7074-4fab-b4ac-cc11a6b936b1 0.412s
2025-12-12 14:24:16.239 65480 INFO tempest.lib.common.rest_client [req-c026036f-297f-4bac-a048-c536754a5ffb req-c026036f-297f-4bac-a048-c536754a5ffb ] Request (ServerShowV257Test:test_rebuild_server): 200 GET http://10.180.1.21/compute/v2.1/servers/e2e03e5c-4a71-4555-9cd4-d67e178064ec 0.386s
2025-12-12 14:24:16.301 65504 INFO tempest.lib.common.rest_client [req-4fac1695-308e-47a0-99d2-76ea4bb6ffb8 req-4fac1695-308e-47a0-99d2-76ea4bb6ffb8 ] Request (ServersWithSpecificFlavorTestJSON:test_verify_created_server_ephemeral_disk): 200 GET http://10.180.1.21/compute/v2.1/servers/b22ccce7-c54a-4577-9de0-1fd9c10cd189 0.433s
2025-12-12 14:24:16.375 65534 INFO tempest.lib.common.rest_client [req-14ae10bc-875c-4742-9b61-0b35cc144caa req-14ae10bc-875c-4742-9b61-0b35cc144caa ] Request (SecurityGroupsTestJSON:test_server_security_groups): 200 GET http://10.180.1.21/compute/v2.1/servers/19b1f3f9-842e-4150-8890-b0b22393c3af 0.406s
2025-12-12 14:24:16.461 65516 INFO tempest.lib.common.rest_client [req-750d0b3b-c8cd-4b76-8a3a-85bf3711b62e req-750d0b3b-c8cd-4b76-8a3a-85bf3711b62e ] Request (FloatingIPDetailsTestJSON:tearDownClass): 202 DELETE http://10.180.1.21/compute/v2.1/os-floating-ips/34999f9d-b3a7-4385-927b-7d5612a851b1 0.786s
2025-12-12 14:24:16.495 65476 INFO tempest.lib.common.rest_client [req-1c7f0f7e-3513-4260-b152-c28d44a68ffb req-1c7f0f7e-3513-4260-b152-c28d44a68ffb ] Request (ImagesOneServerNegativeTestJSON:tearDown): 200 GET http://10.180.1.21/compute/v2.1/servers/90cfd88c-286e-4c87-bf27-909873359997 0.491s
2025-12-12 14:24:16.548 65484 INFO tempest.lib.common.rest_client [req-090f9bc5-a414-45ef-8b65-bb2f36e64b63 req-090f9bc5-a414-45ef-8b65-bb2f36e64b63 ] Request (ServersAdminTestJSON:test_inject_network_info): 200 GET http://10.180.1.21/compute/v2.1/servers/99b1ff9c-38b7-4947-81bb-d200a3b2a09a 0.489s
2025-12-12 14:24:16.623 65524 INFO tempest.lib.common.rest_client [req-53fae814-4a87-4af4-85cf-58911306d0d2 req-53fae814-4a87-4af4-85cf-58911306d0d2 ] Request (AttachVolumeShelveTestJSON:test_attach_volume_shelved_or_offload_server): 200 GET http://10.180.1.21/compute/v2.1/servers/e0d3e3c8-6471-4345-8677-369612674769 0.536s
2025-12-12 14:24:16.655 65478 INFO tempest.lib.common.rest_client [req-5181f3a5-2bce-4e1a-a7d4-b2a65a908b6e req-5181f3a5-2bce-4e1a-a7d4-b2a65a908b6e ] Request (ServersTestJSON:test_create_server_with_ipv6_addr_only): 200 GET http://10.180.1.21/compute/v2.1/servers/75bf0b85-db28-4efa-a517-d7256873b09d 0.627s
2025-12-12 14:24:16.707 65512 INFO tempest.lib.common.rest_client [req-9ea30237-0fec-486c-b08a-1d75ffa867b9 req-9ea30237-0fec-486c-b08a-1d75ffa867b9 ] Request (ServerExternalEventsTest:tearDownClass): 200 GET http://10.180.1.21/compute/v2.1/servers/f694fcb6-053b-4649-ac63-7fa98b1373eb 0.573s
2025-12-12 14:24:16.723 65498 INFO tempest.lib.common.rest_client [req-17bcec08-4636-4c53-b974-37d594c54e71 req-17bcec08-4636-4c53-b974-37d594c54e71 ] Request (ServerRescueTestJSON:test_rescue_unrescue_instance): 200 GET http://10.180.1.21/compute/v2.1/servers/8a23da27-ce6c-4453-9036-65eeeda3ce0d 0.584s
2025-12-12 14:24:16.779 65538 INFO tempest.lib.common.rest_client [req-832aeb66-b96f-4d1c-9570-84aa7ea86b94 req-832aeb66-b96f-4d1c-9570-84aa7ea86b94 ] Request (ServerPasswordTestJSON:tearDownClass): 200 GET http://10.180.1.21/compute/v2.1/servers/00362477-c89e-4f60-98a4-d4928081d55e 0.563s
2025-12-12 14:24:16.795 65488 INFO tempest.lib.common.rest_client [req-b0d79fc9-3d44-4241-b115-6b0873ff5afc req-b0d79fc9-3d44-4241-b115-6b0873ff5afc ] Request (DeleteServersTestJSON:test_delete_server_while_in_attached_volume): 200 GET http://10.180.1.21/compute/v2.1/servers/df5abcb5-583f-4b28-a074-3a3221d74d87 0.535s
2025-12-12 14:24:16.900 65526 INFO tempest.lib.common.rest_client [req-ab3e92a2-4b99-4931-80cc-58632cd08e81 req-ab3e92a2-4b99-4931-80cc-58632cd08e81 ] Request (ServerShowV247Test:test_update_rebuild_list_server): 200 GET http://10.180.1.21/compute/v2.1/servers/30b01b2b-2cbf-4c34-86cd-529a95a9c3ec 0.585s
2025-12-12 14:24:16.930 65490 INFO tempest.lib.common.rest_client [req-79dfdfb3-f156-46d1-912f-b6d57e259b0d req-79dfdfb3-f156-46d1-912f-b6d57e259b0d ] Request (MigrationsAdminTest:test_resize_server_revert_deleted_flavor): 200 GET http://10.180.1.21/compute/v2.1/servers/293f93f2-c01d-42c8-b1a7-3056805c77de 0.644s
2025-12-12 14:24:16.989 65529 INFO tempest.lib.common.rest_client [req-00bc9127-3ffe-4437-a060-e70595d9e82e req-00bc9127-3ffe-4437-a060-e70595d9e82e ] Request (ServerAddressesNegativeTestJSON:tearDownClass): 200 GET http://10.180.1.21/compute/v2.1/servers/aab9317b-4ee6-48b3-905b-859a5996f33d 0.647s
2025-12-12 14:24:17.003 65536 INFO tempest.lib.common.rest_client [req-b10fc8c4-b7d0-4870-aed7-5c41b8629fe0 req-b10fc8c4-b7d0-4870-aed7-5c41b8629fe0 ] Request (ServersTestBootFromVolume:setUpClass): 200 GET http://10.180.1.21/compute/v2.1/servers/1b6ad893-e013-4fd5-a829-535d1ea6e001 0.611s
2025-12-12 14:24:17.014 65536 INFO tempest.common.waiters [-] State transition "BUILD/scheduling" ==> "BUILD/None" after 9 second wait
2025-12-12 14:24:17.053 65530 INFO tempest.lib.common.rest_client [req-dac69c4e-de40-42af-95ea-5c47ec8f63b6 req-dac69c4e-de40-42af-95ea-5c47ec8f63b6 ] Request (ServersTestMultiNic:_run_cleanups): 200 GET http://10.180.1.21/compute/v2.1/servers/c1632a96-f334-4978-9f31-97f9329577e5 0.607s
2025-12-12 14:24:17.070 65494 INFO tempest.lib.common.rest_client [req-dd892307-ce89-4c0a-9f9f-624aa2dbc01d req-dd892307-ce89-4c0a-9f9f-624aa2dbc01d ] Request (ServersTestJSON:setUpClass): 200 GET http://10.180.1.21/compute/v2.1/servers/7fcab9cb-9a0f-4a50-9244-687889443a31 0.520s
2025-12-12 14:24:17.109 65492 INFO tempest.lib.common.rest_client [req-acd112fa-bf11-4e08-be20-675680061ac2 req-acd112fa-bf11-4e08-be20-675680061ac2 ] Request (ServerDiskConfigTestJSON:test_rebuild_server_with_auto_disk_config): 200 GET http://10.180.1.21/compute/v2.1/servers/93721179-407a-43d9-b0bf-157433a09519 0.497s
2025-12-12 14:24:17.110 65506 INFO tempest.lib.common.rest_client [req-9a098b75-e454-4453-bae7-8cf592a55075 req-9a098b75-e454-4453-bae7-8cf592a55075 ] Request (ServerActionsTestOtherB:test_create_backup): 200 GET http://10.180.1.21/image/v2/images/4420ebad-90bb-4083-ad61-fa47fb6880b2 0.024s
2025-12-12 14:24:17.112 65514 INFO tempest.lib.common.rest_client [req-8b610f44-d735-4781-8e97-8e2424e9a9a4 req-8b610f44-d735-4781-8e97-8e2424e9a9a4 ] Request (VolumesTestJSON:tearDownClass): 404 GET http://10.180.1.21/volume/v3/volumes/7fe9d4b4-6337-4c38-a521-7ab6e4824a2c 0.018s
2025-12-12 14:24:17.172 65514 INFO tempest.lib.common.rest_client [req-e9c5b96b-61ef-438c-a5d4-c107be03a9ee req-e9c5b96b-61ef-438c-a5d4-c107be03a9ee ] Request (VolumesTestJSON:tearDownClass): 202 DELETE http://10.180.1.21/volume/v3/volumes/3bc2f7d0-7640-480d-af4c-4dc5e35bf8fa 0.060s
2025-12-12 14:24:17.190 65478 INFO tempest.lib.common.rest_client [req-e2700dfe-81cb-44f0-a018-e5500cac1773 req-e2700dfe-81cb-44f0-a018-e5500cac1773 ] Request (ServersTestJSON:_run_cleanups): 204 DELETE http://10.180.1.21/compute/v2.1/servers/75bf0b85-db28-4efa-a517-d7256873b09d 0.526s
2025-12-12 14:24:17.205 65514 INFO tempest.lib.common.rest_client [req-244fe54d-c60f-41eb-827e-c3d5a588dcb8 req-244fe54d-c60f-41eb-827e-c3d5a588dcb8 ] Request (VolumesTestJSON:tearDownClass): 200 GET http://10.180.1.21/volume/v3/volumes/3bc2f7d0-7640-480d-af4c-4dc5e35bf8fa 0.032s
2025-12-12 14:24:17.251 65474 INFO tempest.lib.common.rest_client [req-053ba15d-6196-42ae-a047-60a476e3679c req-053ba15d-6196-42ae-a047-60a476e3679c ] Request (InstanceActionsTestJSON:test_list_instance_actions): 200 GET http://10.180.1.21/compute/v2.1/servers/ec8bb91b-69ed-4ee1-ad06-d68bd993c8e7 0.509s
2025-12-12 14:24:17.259 65474 INFO tempest.common.waiters [-] State transition "HARD_REBOOT/reboot_started_hard" ==> "ACTIVE/None" after 5 second wait
2025-12-12 14:24:17.298 65508 INFO tempest.lib.common.rest_client [req-37cd6a50-670a-43ac-b84b-07d767fb346c req-37cd6a50-670a-43ac-b84b-07d767fb346c ] Request (ListImageFiltersTestJSON:tearDownClass): 200 GET http://10.180.1.21/compute/v2.1/servers/cd86f815-4b46-45b1-9a1c-ab2e28f63626 0.486s
2025-12-12 14:24:17.426 65532 INFO tempest.lib.common.rest_client [req-ecfc74f2-be53-43d9-8095-4f4e549cb561 req-ecfc74f2-be53-43d9-8095-4f4e549cb561 ] Request (ImagesTestJSON:test_create_server_from_snapshot): 200 GET http://10.180.1.21/compute/v2.1/servers/3f3bec5b-2834-497c-a454-a152cb992309 0.569s
2025-12-12 14:24:17.429 65516 INFO tempest.lib.common.rest_client [req-42bfc266-eedc-43f1-97db-9a3fa0c2de50 req-42bfc266-eedc-43f1-97db-9a3fa0c2de50 ] Request (FloatingIPDetailsTestJSON:tearDownClass): 200 PUT http://10.180.1.21/networking/v2.0/routers/a5f85844-04b1-4a6d-8116-7cc594c1f043/remove_router_interface 0.967s
2025-12-12 14:24:17.448 65510 INFO tempest.lib.common.rest_client [req-3bc9bd62-e40b-4e93-a2a0-4978b82bfd3a req-3bc9bd62-e40b-4e93-a2a0-4978b82bfd3a ] Request (ServerActionsTestJSON:test_rebuild_server): 200 GET http://10.180.1.21/compute/v2.1/servers/274d0ccd-c707-4a68-b280-16de2bc74d73 0.572s
2025-12-12 14:24:17.516 65482 INFO tempest.lib.common.rest_client [req-fd12b65f-659a-4dca-b022-3e24a6220401 req-fd12b65f-659a-4dca-b022-3e24a6220401 ] Request (ServerTagsTestJSON:tearDownClass): 200 GET http://10.180.1.21/compute/v2.1/servers/41af3ee5-0ee6-4957-bad0-5aef51d55bd5 0.571s
2025-12-12 14:24:17.555 65502 INFO tempest.lib.common.rest_client [req-8db9dbff-0002-4d7b-9a04-695959d0560d req-8db9dbff-0002-4d7b-9a04-695959d0560d ] Request (ListServerFiltersTestJSON:tearDownClass): 200 GET http://10.180.1.21/compute/v2.1/servers/b1ad9d15-7ef4-404a-9751-ecdd02ea768b 0.433s
2025-12-12 14:24:17.596 65486 INFO tempest.lib.common.rest_client [req-ddb24c52-ea26-4392-a760-823bb5f4e4bd req-ddb24c52-ea26-4392-a760-823bb5f4e4bd ] Request (ServerMetadataNegativeTestJSON:setUpClass): 200 GET http://10.180.1.21/compute/v2.1/servers/5d352184-7074-4fab-b4ac-cc11a6b936b1 0.408s
2025-12-12 14:24:17.725 65480 INFO tempest.lib.common.rest_client [req-3bcec331-c44a-463e-8faf-318b19926178 req-3bcec331-c44a-463e-8faf-318b19926178 ] Request (ServerShowV257Test:test_rebuild_server): 200 GET http://10.180.1.21/compute/v2.1/servers/e2e03e5c-4a71-4555-9cd4-d67e178064ec 0.473s
2025-12-12 14:24:17.771 65474 INFO tempest.lib.common.rest_client [req-28ad5e6b-59cd-4900-861e-0484ffc5a3d7 req-28ad5e6b-59cd-4900-861e-0484ffc5a3d7 ] Request (InstanceActionsTestJSON:test_list_instance_actions): 200 GET http://10.180.1.21/compute/v2.1/servers/ec8bb91b-69ed-4ee1-ad06-d68bd993c8e7/os-instance-actions 0.510s
2025-12-12 14:24:17.838 65478 INFO tempest.lib.common.rest_client [req-b9ca70ce-8f9c-4c8f-af8d-71ec167ab451 req-b9ca70ce-8f9c-4c8f-af8d-71ec167ab451 ] Request (ServersTestJSON:_run_cleanups): 200 GET http://10.180.1.21/compute/v2.1/servers/75bf0b85-db28-4efa-a517-d7256873b09d 0.647s
2025-12-12 14:24:17.918 65504 INFO tempest.lib.common.rest_client [req-4b7e151f-2e26-437e-b2f5-4cb7341029c2 req-4b7e151f-2e26-437e-b2f5-4cb7341029c2 ] Request (ServersWithSpecificFlavorTestJSON:test_verify_created_server_ephemeral_disk): 200 GET http://10.180.1.21/compute/v2.1/servers/b22ccce7-c54a-4577-9de0-1fd9c10cd189 0.605s
2025-12-12 14:24:17.924 65534 INFO tempest.lib.common.rest_client [req-924522ae-14bd-4923-91c3-05c2800bea8c req-924522ae-14bd-4923-91c3-05c2800bea8c ] Request (SecurityGroupsTestJSON:test_server_security_groups): 200 GET http://10.180.1.21/compute/v2.1/servers/19b1f3f9-842e-4150-8890-b0b22393c3af 0.540s
2025-12-12 14:24:17.951 65516 INFO tempest.lib.common.rest_client [req-b1684b25-1829-4a1a-b897-97bcb1064b50 req-b1684b25-1829-4a1a-b897-97bcb1064b50 ] Request (FloatingIPDetailsTestJSON:tearDownClass): 204 DELETE http://10.180.1.21/networking/v2.0/routers/a5f85844-04b1-4a6d-8116-7cc594c1f043 0.522s
2025-12-12 14:24:17.998 65484 INFO tempest.lib.common.rest_client [req-633173ce-ac64-436d-ade6-714d3a3b17e1 req-633173ce-ac64-436d-ade6-714d3a3b17e1 ] Request (ServersAdminTestJSON:test_inject_network_info): 200 GET http://10.180.1.21/compute/v2.1/servers/99b1ff9c-38b7-4947-81bb-d200a3b2a09a 0.442s
2025-12-12 14:24:18.069 65524 INFO tempest.lib.common.rest_client [req-44e5d431-5def-48bd-985f-b17e9801d612 req-44e5d431-5def-48bd-985f-b17e9801d612 ] Request (AttachVolumeShelveTestJSON:test_attach_volume_shelved_or_offload_server): 200 GET http://10.180.1.21/compute/v2.1/servers/e0d3e3c8-6471-4345-8677-369612674769 0.432s
2025-12-12 14:24:18.104 65476 INFO tempest.lib.common.rest_client [req-2b86f8b7-cc61-4f68-8762-574eaa5fa3e7 req-2b86f8b7-cc61-4f68-8762-574eaa5fa3e7 ] Request (ImagesOneServerNegativeTestJSON:tearDown): 200 GET http://10.180.1.21/compute/v2.1/servers/90cfd88c-286e-4c87-bf27-909873359997 0.599s
2025-12-12 14:24:18.110 65516 INFO tempest.lib.common.rest_client [req-869671b4-101a-4703-b578-e65d87fe7069 req-869671b4-101a-4703-b578-e65d87fe7069 ] Request (FloatingIPDetailsTestJSON:tearDownClass): 204 DELETE http://10.180.1.21/networking/v2.0/subnets/22dbb008-46da-4709-b875-8a9a59e096d2 0.158s
2025-12-12 14:24:18.147 65506 INFO tempest.lib.common.rest_client [req-27793095-ee23-4b18-9a32-3d58c2c12f99 req-27793095-ee23-4b18-9a32-3d58c2c12f99 ] Request (ServerActionsTestOtherB:test_create_backup): 200 GET http://10.180.1.21/image/v2/images/4420ebad-90bb-4083-ad61-fa47fb6880b2 0.033s
2025-12-12 14:24:18.186 65512 INFO tempest.lib.common.rest_client [req-73e83ada-54cf-4e16-bc08-cf6ffe2fcea6 req-73e83ada-54cf-4e16-bc08-cf6ffe2fcea6 ] Request (ServerExternalEventsTest:tearDownClass): 200 GET http://10.180.1.21/compute/v2.1/servers/f694fcb6-053b-4649-ac63-7fa98b1373eb 0.467s
2025-12-12 14:24:18.197 65498 INFO tempest.lib.common.rest_client [req-3d53cfac-a036-46da-85ed-99c0657b213d req-3d53cfac-a036-46da-85ed-99c0657b213d ] Request (ServerRescueTestJSON:test_rescue_unrescue_instance): 200 GET http://10.180.1.21/compute/v2.1/servers/8a23da27-ce6c-4453-9036-65eeeda3ce0d 0.463s
2025-12-12 14:24:18.240 65514 INFO tempest.lib.common.rest_client [req-7a713cc4-f622-43d1-81cb-272b86890447 req-7a713cc4-f622-43d1-81cb-272b86890447 ] Request (VolumesTestJSON:tearDownClass): 404 GET http://10.180.1.21/volume/v3/volumes/3bc2f7d0-7640-480d-af4c-4dc5e35bf8fa 0.020s
2025-12-12 14:24:18.274 65516 INFO tempest.lib.common.rest_client [req-98481972-5905-4df2-8885-f24742db2466 req-98481972-5905-4df2-8885-f24742db2466 ] Request (FloatingIPDetailsTestJSON:tearDownClass): 204 DELETE http://10.180.1.21/networking/v2.0/networks/8968b513-0b4a-4bce-8479-61a3410bae8c 0.160s
2025-12-12 14:24:18.288 65538 INFO tempest.lib.common.rest_client [req-899cca38-895c-4546-ae70-811dd8d011a6 req-899cca38-895c-4546-ae70-811dd8d011a6 ] Request (ServerPasswordTestJSON:tearDownClass): 200 GET http://10.180.1.21/compute/v2.1/servers/00362477-c89e-4f60-98a4-d4928081d55e 0.498s
2025-12-12 14:24:18.300 65514 INFO tempest.lib.common.rest_client [req-6d9dd62a-ec4f-4ddd-9700-0858e3ac3a28 req-6d9dd62a-ec4f-4ddd-9700-0858e3ac3a28 ] Request (VolumesTestJSON:tearDownClass): 202 DELETE http://10.180.1.21/volume/v3/volumes/304efc8d-c4e9-4098-8234-cc309acce023 0.060s
2025-12-12 14:24:18.307 65474 INFO tempest.lib.common.rest_client [req-5c8f9537-77b6-472c-8c4b-2d42084e9a26 req-5c8f9537-77b6-472c-8c4b-2d42084e9a26 ] Request (InstanceActionsTestJSON:tearDownClass): 204 DELETE http://10.180.1.21/compute/v2.1/servers/ec8bb91b-69ed-4ee1-ad06-d68bd993c8e7 0.532s
2025-12-12 14:24:18.339 65514 INFO tempest.lib.common.rest_client [req-ec121a4a-6704-42ca-996d-54fc4a4956dc req-ec121a4a-6704-42ca-996d-54fc4a4956dc ] Request (VolumesTestJSON:tearDownClass): 200 GET http://10.180.1.21/volume/v3/volumes/304efc8d-c4e9-4098-8234-cc309acce023 0.038s
2025-12-12 14:24:18.357 65488 INFO tempest.lib.common.rest_client [req-c4002922-d35b-4cf4-b9b6-aeb6c3d45134 req-c4002922-d35b-4cf4-b9b6-aeb6c3d45134 ] Request (DeleteServersTestJSON:test_delete_server_while_in_attached_volume): 200 GET http://10.180.1.21/compute/v2.1/servers/df5abcb5-583f-4b28-a074-3a3221d74d87 0.552s
2025-12-12 14:24:18.388 65526 INFO tempest.lib.common.rest_client [req-65321731-1c45-4a31-9ebc-7f2ac5f388a9 req-65321731-1c45-4a31-9ebc-7f2ac5f388a9 ] Request (ServerShowV247Test:test_update_rebuild_list_server): 200 GET http://10.180.1.21/compute/v2.1/servers/30b01b2b-2cbf-4c34-86cd-529a95a9c3ec 0.477s
2025-12-12 14:24:18.457 65516 INFO tempest.lib.common.rest_client [req-ee9f830f-ef70-468c-9024-0f33ac6431e3 req-ee9f830f-ef70-468c-9024-0f33ac6431e3 ] Request (FloatingIPDetailsTestJSON:tearDownClass): 204 DELETE http://10.180.1.21/identity/v3/users/ecab2381224749a9b74e4a0bf98eafc7 0.183s
2025-12-12 14:24:18.458 65516 INFO tempest.lib.common.dynamic_creds [-] Deleting project and security group for project: 796af029d9c04a94bf489372002e9225
2025-12-12 14:24:18.489 65529 INFO tempest.lib.common.rest_client [req-43d97679-c5e9-4eae-bb29-795a91f185bb req-43d97679-c5e9-4eae-bb29-795a91f185bb ] Request (ServerAddressesNegativeTestJSON:tearDownClass): 200 GET http://10.180.1.21/compute/v2.1/servers/aab9317b-4ee6-48b3-905b-859a5996f33d 0.484s
2025-12-12 14:24:18.514 65516 INFO tempest.lib.common.rest_client [req-71f9ba9b-08fb-4737-a63f-9ffec4ef9b48 req-71f9ba9b-08fb-4737-a63f-9ffec4ef9b48 ] Request (FloatingIPDetailsTestJSON:tearDownClass): 200 GET http://10.180.1.21/networking/v2.0/security-groups?tenant_id=796af029d9c04a94bf489372002e9225&name=default 0.056s
2025-12-12 14:24:18.550 65490 INFO tempest.lib.common.rest_client [req-01be7923-e5d1-4b70-9e40-6a544ed3dbfa req-01be7923-e5d1-4b70-9e40-6a544ed3dbfa ] Request (MigrationsAdminTest:test_resize_server_revert_deleted_flavor): 200 GET http://10.180.1.21/compute/v2.1/servers/293f93f2-c01d-42c8-b1a7-3056805c77de 0.609s
2025-12-12 14:24:18.566 65536 INFO tempest.lib.common.rest_client [req-69b3af8e-d1ce-4f69-9428-ba5e7e703e39 req-69b3af8e-d1ce-4f69-9428-ba5e7e703e39 ] Request (ServersTestBootFromVolume:setUpClass): 200 GET http://10.180.1.21/compute/v2.1/servers/1b6ad893-e013-4fd5-a829-535d1ea6e001 0.550s
2025-12-12 14:24:18.622 65516 INFO tempest.lib.common.rest_client [req-c7969152-0ffc-4168-ac8b-bfe8b1a5704c req-c7969152-0ffc-4168-ac8b-bfe8b1a5704c ] Request (FloatingIPDetailsTestJSON:tearDownClass): 204 DELETE http://10.180.1.21/networking/v2.0/security-groups/a4355ae7-c008-4cce-b21b-4371168b3785 0.107s
2025-12-12 14:24:18.632 65494 INFO tempest.lib.common.rest_client [req-78cc0c26-ead3-45ab-81cb-7c3c197d5967 req-78cc0c26-ead3-45ab-81cb-7c3c197d5967 ] Request (ServersTestJSON:setUpClass): 200 GET http://10.180.1.21/compute/v2.1/servers/7fcab9cb-9a0f-4a50-9244-687889443a31 0.553s
2025-12-12 14:24:18.633 65500 WARNING tempest.lib.common.ssh [-] Failed to establish authenticated ssh connection to cirros@10.180.180.252 ([Errno None] Unable to connect to port 22 on 10.180.180.252). Number attempts: 16. Retry after 17 seconds.: paramiko.ssh_exception.NoValidConnectionsError: [Errno None] Unable to connect to port 22 on 10.180.180.252
2025-12-12 14:24:18.655 65530 INFO tempest.lib.common.rest_client [req-2e9d7bc2-cb14-4c2a-8222-c2f157303cd6 req-2e9d7bc2-cb14-4c2a-8222-c2f157303cd6 ] Request (ServersTestMultiNic:_run_cleanups): 200 GET http://10.180.1.21/compute/v2.1/servers/c1632a96-f334-4978-9f31-97f9329577e5 0.594s
2025-12-12 14:24:18.700 65492 INFO tempest.lib.common.rest_client [req-c259dc8c-b9bd-4a91-917e-e3a4e9c29bb6 req-c259dc8c-b9bd-4a91-917e-e3a4e9c29bb6 ] Request (ServerDiskConfigTestJSON:test_rebuild_server_with_auto_disk_config): 200 GET http://10.180.1.21/compute/v2.1/servers/93721179-407a-43d9-b0bf-157433a09519 0.576s
2025-12-12 14:24:18.754 65516 INFO tempest.lib.common.rest_client [req-9cc191b9-2d12-4e77-8e33-d3083c769f51 req-9cc191b9-2d12-4e77-8e33-d3083c769f51 ] Request (FloatingIPDetailsTestJSON:tearDownClass): 204 DELETE http://10.180.1.21/identity/v3/projects/796af029d9c04a94bf489372002e9225 0.132s
2025-12-12 14:24:18.781 65508 INFO tempest.lib.common.rest_client [req-7e71f139-351c-485a-8659-836e61b979ef req-7e71f139-351c-485a-8659-836e61b979ef ] Request (ListImageFiltersTestJSON:tearDownClass): 200 GET http://10.180.1.21/compute/v2.1/servers/cd86f815-4b46-45b1-9a1c-ab2e28f63626 0.470s
2025-12-12 14:24:18.790 65474 INFO tempest.lib.common.rest_client [req-59cfc8b8-ef9d-40fb-9a49-05e24d3653b5 req-59cfc8b8-ef9d-40fb-9a49-05e24d3653b5 ] Request (InstanceActionsTestJSON:tearDownClass): 200 GET http://10.180.1.21/compute/v2.1/servers/ec8bb91b-69ed-4ee1-ad06-d68bd993c8e7 0.483s
2025-12-12 14:24:18.855 65510 INFO tempest.lib.common.rest_client [req-9f8ab18f-da4c-471f-9da3-48ba62586fbd req-9f8ab18f-da4c-471f-9da3-48ba62586fbd ] Request (ServerActionsTestJSON:test_rebuild_server): 200 GET http://10.180.1.21/compute/v2.1/servers/274d0ccd-c707-4a68-b280-16de2bc74d73 0.396s
2025-12-12 14:24:18.856 65516 INFO tempest.lib.common.rest_client [req-bd1b7334-ce16-4399-be18-2bff781be5e2 req-bd1b7334-ce16-4399-be18-2bff781be5e2 ] Request (SecurityGroupRulesNegativeTestJSON:setUpClass): 201 POST http://10.180.1.21/identity/v3/auth/tokens 0.100s
2025-12-12 14:24:18.918 65516 INFO tempest.lib.common.rest_client [req-da3e83b3-b509-4898-a254-4c619ccbd909 req-da3e83b3-b509-4898-a254-4c619ccbd909 ] Request (SecurityGroupRulesNegativeTestJSON:setUpClass): 201 POST http://10.180.1.21/identity/v3/auth/tokens 0.060s
2025-12-12 14:24:18.957 65516 INFO tempest.lib.common.rest_client [req-976e2b36-d6da-4ef4-8db6-802923dbf4de req-976e2b36-d6da-4ef4-8db6-802923dbf4de ] Request (SecurityGroupRulesNegativeTestJSON:setUpClass): 200 GET http://10.180.1.21/identity/v3/domains?name=Default 0.038s
2025-12-12 14:24:18.968 65482 INFO tempest.lib.common.rest_client [req-54a91f2f-783a-4493-87cc-d67416735c77 req-54a91f2f-783a-4493-87cc-d67416735c77 ] Request (ServerTagsTestJSON:tearDownClass): 200 GET http://10.180.1.21/compute/v2.1/servers/41af3ee5-0ee6-4957-bad0-5aef51d55bd5 0.439s
2025-12-12 14:24:18.976 65532 INFO tempest.lib.common.rest_client [req-45789ccf-9db8-4c38-a56d-5e291baf3c8d req-45789ccf-9db8-4c38-a56d-5e291baf3c8d ] Request (ImagesTestJSON:test_create_server_from_snapshot): 200 GET http://10.180.1.21/compute/v2.1/servers/3f3bec5b-2834-497c-a454-a152cb992309 0.541s
2025-12-12 14:24:18.984 65532 INFO tempest.common.waiters [-] State transition "BUILD/spawning" ==> "ACTIVE/None" after 50 second wait
2025-12-12 14:24:18.994 65516 INFO tempest.lib.common.rest_client [req-74bac2e9-d088-4225-bd84-762d2c32e12b req-74bac2e9-d088-4225-bd84-762d2c32e12b ] Request (SecurityGroupRulesNegativeTestJSON:setUpClass): 201 POST http://10.180.1.21/identity/v3/projects 0.036s
