2025-11-14 15:48:07.565 66113 INFO tempest.lib.common.rest_client [req-b6db3fb4-497e-436e-a0e9-e42dcb4a4892 req-b6db3fb4-497e-436e-a0e9-e42dcb4a4892 ] Request (QuotasAdminTestV257:setUpClass): 201 POST http://10.180.1.21/identity/v3/projects 0.035s
2025-11-14 15:48:07.583 66135 INFO tempest.lib.common.rest_client [req-d13f9a28-ef25-4f2d-83c9-2f2a34f785db req-d13f9a28-ef25-4f2d-83c9-2f2a34f785db ] Request (ServerDiagnosticsNegativeTest:setUpClass): 204 PUT http://10.180.1.21/identity/v3/projects/c910e3ce5b564a7791fd980b3795932b/users/207cec6c61fd4a21990b4ee168ce2cee/roles/b0f576b11492432bbdcef3e12cef3531 0.034s
2025-11-14 15:48:07.583 66135 INFO tempest.lib.common.dynamic_creds [-] Dynamic test user 207cec6c61fd4a21990b4ee168ce2cee is created with scope project and roles: ['member']
2025-11-14 15:48:07.583 66135 INFO tempest.lib.common.dynamic_creds [-] Acquired dynamic creds: credentials: Credentials: {'domain_id': 'default', 'domain_name': 'Default', 'username': 'tempest-ServerDiagnosticsNegativeTest-1397181397-project-member', 'project_domain_id': 'default', 'project_domain_name': 'Default', 'project_id': 'c910e3ce5b564a7791fd980b3795932b', 'project_name': 'tempest-ServerDiagnosticsNegativeTest-1397181397', 'tenant_id': 'c910e3ce5b564a7791fd980b3795932b', 'tenant_name': 'tempest-ServerDiagnosticsNegativeTest-1397181397', 'user_domain_id': 'default', 'user_domain_name': 'Default', 'user_id': '207cec6c61fd4a21990b4ee168ce2cee', 'system': None}, Network: None, Subnet: None, Router: None
2025-11-14 15:48:07.584 66135 INFO tempest.lib.common.dynamic_creds [-] Created isolated network resources for: credentials: Credentials: {'domain_id': 'default', 'domain_name': 'Default', 'username': 'tempest-ServerDiagnosticsNegativeTest-1397181397-project-member', 'project_domain_id': 'default', 'project_domain_name': 'Default', 'project_id': 'c910e3ce5b564a7791fd980b3795932b', 'project_name': 'tempest-ServerDiagnosticsNegativeTest-1397181397', 'tenant_id': 'c910e3ce5b564a7791fd980b3795932b', 'tenant_name': 'tempest-ServerDiagnosticsNegativeTest-1397181397', 'user_domain_id': 'default', 'user_domain_name': 'Default', 'user_id': '207cec6c61fd4a21990b4ee168ce2cee', 'system': None}, Network: None, Subnet: None, Router: None
2025-11-14 15:48:07.615 66105 INFO tempest.lib.common.rest_client [req-79a457d1-c9ea-4a2e-9a38-cd0c14cd6088 req-79a457d1-c9ea-4a2e-9a38-cd0c14cd6088 ] Request (ServersWithSpecificFlavorTestJSON:test_verify_created_server_ephemeral_disk): 200 GET http://10.180.1.21/compute/v2.1/servers/9297d849-a966-48da-ba6a-453c42b99e44 6.160s
2025-11-14 15:48:07.653 66121 INFO tempest.lib.common.rest_client [req-e46d48ea-4cb8-47a0-b264-7ef1c0312444 req-e46d48ea-4cb8-47a0-b264-7ef1c0312444 ] Request (FlavorsExtraSpecsTestJSON:tearDownClass): 202 DELETE http://10.180.1.21/compute/v2.1/flavors/614924270 6.178s
2025-11-14 15:48:07.661 66087 INFO tempest.lib.common.rest_client [req-03585448-3919-400b-b6d9-d563b24214b8 req-03585448-3919-400b-b6d9-d563b24214b8 ] Request (HostsAdminNegativeTestJSON:test_update_host_with_non_admin_user): 403 PUT http://10.180.1.21/compute/v2.1/os-hosts/devstack 6.181s
2025-11-14 15:48:07.671 66135 INFO tempest.lib.common.rest_client [req-3b58a7b5-fabb-4f53-99e8-7922fe7a5de0 req-3b58a7b5-fabb-4f53-99e8-7922fe7a5de0 ] Request (ServerDiagnosticsNegativeTest:setUpClass): 201 POST http://10.180.1.21/identity/v3/auth/tokens 0.084s
2025-11-14 15:48:07.685 66113 INFO tempest.lib.common.rest_client [req-80549e82-798c-42e7-a541-0fd505e85615 req-80549e82-798c-42e7-a541-0fd505e85615 ] Request (QuotasAdminTestV257:setUpClass): 201 POST http://10.180.1.21/identity/v3/users 0.119s
2025-11-14 15:48:07.709 66135 INFO tempest.lib.common.rest_client [req-06c63a01-1511-4dda-903f-6abd7552dd94 req-06c63a01-1511-4dda-903f-6abd7552dd94 ] Request (ServerDiagnosticsNegativeTest:setUpClass): 201 POST http://10.180.1.21/identity/v3/projects 0.037s
2025-11-14 15:48:07.712 66113 INFO tempest.lib.common.rest_client [req-ea1d2c96-cb79-44d9-bbba-5d01993c92e0 req-ea1d2c96-cb79-44d9-bbba-5d01993c92e0 ] Request (QuotasAdminTestV257:setUpClass): 200 GET http://10.180.1.21/identity/v3/roles 0.026s
2025-11-14 15:48:07.780 66135 INFO tempest.lib.common.rest_client [req-eb3434fd-6c75-4b52-91cc-b3b2c99e55ce req-eb3434fd-6c75-4b52-91cc-b3b2c99e55ce ] Request (ServerDiagnosticsNegativeTest:setUpClass): 201 POST http://10.180.1.21/identity/v3/users 0.070s
2025-11-14 15:48:07.787 66113 INFO tempest.lib.common.rest_client [req-81d7de52-d347-41ac-81ab-132be8624f81 req-81d7de52-d347-41ac-81ab-132be8624f81 ] Request (QuotasAdminTestV257:setUpClass): 204 PUT http://10.180.1.21/identity/v3/projects/9ba265c17682464aaff1f05a995d0a3a/users/aef993a3f5784f91a76cc784ac8df1e9/roles/86283fb74b0b4fe2b258b241fdb39ad4 0.075s
2025-11-14 15:48:07.839 66113 INFO tempest.lib.common.rest_client [req-ce08ae13-f15c-47f9-bc80-efc9ade66d03 req-ce08ae13-f15c-47f9-bc80-efc9ade66d03 ] Request (QuotasAdminTestV257:setUpClass): 200 GET http://10.180.1.21/identity/v3/roles 0.051s
2025-11-14 15:48:07.841 66135 INFO tempest.lib.common.rest_client [req-89005a34-c6f9-46f2-88e1-f2e13d540953 req-89005a34-c6f9-46f2-88e1-f2e13d540953 ] Request (ServerDiagnosticsNegativeTest:setUpClass): 200 GET http://10.180.1.21/identity/v3/roles 0.060s
2025-11-14 15:48:07.858 66113 INFO tempest.lib.common.rest_client [req-53773f8f-e377-44c8-b3ca-dd726a9787e4 req-53773f8f-e377-44c8-b3ca-dd726a9787e4 ] Request (QuotasAdminTestV257:setUpClass): 204 PUT http://10.180.1.21/identity/v3/projects/9ba265c17682464aaff1f05a995d0a3a/users/aef993a3f5784f91a76cc784ac8df1e9/roles/86283fb74b0b4fe2b258b241fdb39ad4 0.018s
2025-11-14 15:48:07.859 66113 INFO tempest.lib.common.dynamic_creds [-] Dynamic test user aef993a3f5784f91a76cc784ac8df1e9 is created with scope project and roles: ['admin']
2025-11-14 15:48:07.859 66113 INFO tempest.lib.common.dynamic_creds [-] Acquired dynamic creds: credentials: Credentials: {'domain_id': 'default', 'domain_name': 'Default', 'username': 'tempest-QuotasAdminTestV257-1764459266-project-admin', 'project_domain_id': 'default', 'project_domain_name': 'Default', 'project_id': '9ba265c17682464aaff1f05a995d0a3a', 'project_name': 'tempest-QuotasAdminTestV257-1764459266', 'tenant_id': '9ba265c17682464aaff1f05a995d0a3a', 'tenant_name': 'tempest-QuotasAdminTestV257-1764459266', 'user_domain_id': 'default', 'user_domain_name': 'Default', 'user_id': 'aef993a3f5784f91a76cc784ac8df1e9', 'system': None}, Network: None, Subnet: None, Router: None
2025-11-14 15:48:07.859 66113 INFO tempest.lib.common.dynamic_creds [-] Created isolated network resources for: credentials: Credentials: {'domain_id': 'default', 'domain_name': 'Default', 'username': 'tempest-QuotasAdminTestV257-1764459266-project-admin', 'project_domain_id': 'default', 'project_domain_name': 'Default', 'project_id': '9ba265c17682464aaff1f05a995d0a3a', 'project_name': 'tempest-QuotasAdminTestV257-1764459266', 'tenant_id': '9ba265c17682464aaff1f05a995d0a3a', 'tenant_name': 'tempest-QuotasAdminTestV257-1764459266', 'user_domain_id': 'default', 'user_domain_name': 'Default', 'user_id': 'aef993a3f5784f91a76cc784ac8df1e9', 'system': None}, Network: None, Subnet: None, Router: None
2025-11-14 15:48:07.873 66135 INFO tempest.lib.common.rest_client [req-4c43976c-20b7-49ef-b070-3732d91f82f0 req-4c43976c-20b7-49ef-b070-3732d91f82f0 ] Request (ServerDiagnosticsNegativeTest:setUpClass): 204 PUT http://10.180.1.21/identity/v3/projects/9a6067df698f4fe59a2e84f43fde315c/users/b92ecce0ea7042df9426178d16e7504f/roles/86283fb74b0b4fe2b258b241fdb39ad4 0.032s
2025-11-14 15:48:07.944 66135 INFO tempest.lib.common.rest_client [req-29ca08cc-9a52-451b-b9c5-649b272d89fe req-29ca08cc-9a52-451b-b9c5-649b272d89fe ] Request (ServerDiagnosticsNegativeTest:setUpClass): 200 GET http://10.180.1.21/identity/v3/roles 0.070s
2025-11-14 15:48:07.950 66139 INFO tempest.lib.common.rest_client [req-d1e37238-e47a-445b-ac02-a74574695a4e req-d1e37238-e47a-445b-ac02-a74574695a4e ] Request (ServersAaction247Test:tearDownClass): 200 GET http://10.180.1.21/compute/v2.1/servers/c6aecf44-9a23-47a2-b1aa-6530b4119b1d 6.467s
2025-11-14 15:48:07.967 66135 INFO tempest.lib.common.rest_client [req-d39dd164-5651-4baa-acec-b89ea2a0e574 req-d39dd164-5651-4baa-acec-b89ea2a0e574 ] Request (ServerDiagnosticsNegativeTest:setUpClass): 204 PUT http://10.180.1.21/identity/v3/projects/9a6067df698f4fe59a2e84f43fde315c/users/b92ecce0ea7042df9426178d16e7504f/roles/86283fb74b0b4fe2b258b241fdb39ad4 0.022s
2025-11-14 15:48:07.967 66135 INFO tempest.lib.common.dynamic_creds [-] Dynamic test user b92ecce0ea7042df9426178d16e7504f is created with scope project and roles: ['admin']
2025-11-14 15:48:07.967 66135 INFO tempest.lib.common.dynamic_creds [-] Acquired dynamic creds: credentials: Credentials: {'domain_id': 'default', 'domain_name': 'Default', 'username': 'tempest-ServerDiagnosticsNegativeTest-1131235755-project-admin', 'project_domain_id': 'default', 'project_domain_name': 'Default', 'project_id': '9a6067df698f4fe59a2e84f43fde315c', 'project_name': 'tempest-ServerDiagnosticsNegativeTest-1131235755', 'tenant_id': '9a6067df698f4fe59a2e84f43fde315c', 'tenant_name': 'tempest-ServerDiagnosticsNegativeTest-1131235755', 'user_domain_id': 'default', 'user_domain_name': 'Default', 'user_id': 'b92ecce0ea7042df9426178d16e7504f', 'system': None}, Network: None, Subnet: None, Router: None
2025-11-14 15:48:07.967 66135 INFO tempest.lib.common.dynamic_creds [-] Created isolated network resources for: credentials: Credentials: {'domain_id': 'default', 'domain_name': 'Default', 'username': 'tempest-ServerDiagnosticsNegativeTest-1131235755-project-admin', 'project_domain_id': 'default', 'project_domain_name': 'Default', 'project_id': '9a6067df698f4fe59a2e84f43fde315c', 'project_name': 'tempest-ServerDiagnosticsNegativeTest-1131235755', 'tenant_id': '9a6067df698f4fe59a2e84f43fde315c', 'tenant_name': 'tempest-ServerDiagnosticsNegativeTest-1131235755', 'user_domain_id': 'default', 'user_domain_name': 'Default', 'user_id': 'b92ecce0ea7042df9426178d16e7504f', 'system': None}, Network: None, Subnet: None, Router: None
2025-11-14 15:48:07.969 66113 INFO tempest.lib.common.rest_client [req-e6286a12-1331-4894-95b0-4ea39fe29d2b req-e6286a12-1331-4894-95b0-4ea39fe29d2b ] Request (QuotasAdminTestV257:setUpClass): 201 POST http://10.180.1.21/identity/v3/auth/tokens 0.107s
2025-11-14 15:48:07.970 66113 WARNING tempest.lib.common.rest_client [-] Deprecated: "tenant_id" property is deprecated for removal, use "project_id" instead
2025-11-14 15:48:08.049 66093 INFO tempest.lib.common.rest_client [req-edc68846-7484-40f2-a466-4b6e5fbbbc21 req-edc68846-7484-40f2-a466-4b6e5fbbbc21 ] Request (ServersV294TestFqdnHostnames:setUpClass): 200 GET http://10.180.1.21/compute/v2.1/servers/f7d9d4f0-1777-4d0d-a5d2-e7e1bf18322d 6.586s
2025-11-14 15:48:08.057 66135 INFO tempest.lib.common.rest_client [req-5b372665-6618-49ff-979e-ad64dab44ced req-5b372665-6618-49ff-979e-ad64dab44ced ] Request (ServerDiagnosticsNegativeTest:setUpClass): 201 POST http://10.180.1.21/identity/v3/auth/tokens 0.087s
2025-11-14 15:48:08.060 66093 INFO tempest.common.waiters [-] State transition "BUILD/spawning" ==> "ACTIVE/None" after 30 second wait
2025-11-14 15:48:08.139 66135 INFO tempest.lib.common.rest_client [req-40dbf4f5-2493-4056-bacd-56d110530d89 req-40dbf4f5-2493-4056-bacd-56d110530d89 ] Request (ServerDiagnosticsNegativeTest:test_get_server_diagnostics_by_non_admin): 201 POST http://10.180.1.21/identity/v3/auth/tokens 0.076s
2025-11-14 15:48:08.140 66135 INFO tempest.lib.common.fixed_network [-] (ServerDiagnosticsNegativeTest:test_get_server_diagnostics_by_non_admin) Found network None available for tenant
2025-11-14 15:48:08.208 66115 INFO tempest.lib.common.rest_client [req-687bfd37-7ce8-4ed7-828e-71fca2fac034 req-687bfd37-7ce8-4ed7-828e-71fca2fac034 ] Request (MigrationsAdminTest:test_list_migrations_in_flavor_resize_situation): 200 GET http://10.180.1.21/compute/v2.1/servers/39266117-e82e-48ae-932a-be04b1a7351a 6.642s
2025-11-14 15:48:08.245 66111 INFO tempest.lib.common.rest_client [req-f808fdc1-d14d-4ad7-ac7a-701fd93d28fe req-f808fdc1-d14d-4ad7-ac7a-701fd93d28fe ] Request (VolumesAssistedSnapshotsTest:test_volume_assisted_snapshot_create_delete): 200 GET http://10.180.1.21/compute/v2.1/servers/db942a2d-671b-4036-a80b-d2375145cd29 6.335s
2025-11-14 15:48:08.320 66081 INFO tempest.lib.common.rest_client [req-99a194c7-ef2c-466b-9c72-359d44de5e9c req-99a194c7-ef2c-466b-9c72-359d44de5e9c ] Request (DeleteServersAdminTestJSON:test_admin_delete_servers_of_others): 200 GET http://10.180.1.21/compute/v2.1/servers/c703d7aa-62d6-422e-b4ae-ba6ba1e3bad3 6.210s
2025-11-14 15:48:08.450 66103 INFO tempest.lib.common.rest_client [req-764f2406-4ee3-42c1-9d7c-fc5275c927b1 req-764f2406-4ee3-42c1-9d7c-fc5275c927b1 ] Request (FloatingIPsTestJSON:test_allocate_floating_ip): 200 GET http://10.180.1.21/compute/v2.1/os-floating-ips 6.349s
2025-11-14 15:48:08.513 66079 INFO tempest.lib.common.rest_client [req-b004a1c4-f9a1-4eb1-80fd-3be333a69bb8 req-b004a1c4-f9a1-4eb1-80fd-3be333a69bb8 ] Request (AttachInterfacesV270Test:test_create_get_list_interfaces): 200 GET http://10.180.1.21/compute/v2.1/servers/85d0ed1d-6306-4999-832b-f4e69233fec7 5.652s
2025-11-14 15:48:08.559 66085 INFO tempest.lib.common.rest_client [req-d696b748-8144-45d3-b3c7-010016b4c047 req-d696b748-8144-45d3-b3c7-010016b4c047 ] Request (ImagesMetadataTestJSON:setUp): 200 PUT http://10.180.1.21/compute/v2.1/images/62c429ab-eb1d-4edd-bf13-b9633498c0a5/metadata 6.419s
2025-11-14 15:48:08.662 66096 INFO tempest.lib.common.rest_client [req-da94440b-2d58-4bea-bf6e-1d514c9d1d56 req-da94440b-2d58-4bea-bf6e-1d514c9d1d56 ] Request (FlavorsAccessNegativeTestJSON:test_flavor_non_admin_add): 403 POST http://10.180.1.21/compute/v2.1/flavors/580307374/action 4.621s
2025-11-14 15:48:08.687 66101 INFO tempest.lib.common.rest_client [req-8a0958b8-8b53-4c43-baa0-6263cf378059 req-8a0958b8-8b53-4c43-baa0-6263cf378059 ] Request (FlavorsAdminTestJSON:_run_cleanups): 200 GET http://10.180.1.21/compute/v2.1/flavors/detail 4.605s
2025-11-14 15:48:08.695 66120 INFO tempest.lib.common.rest_client [req-0a6edf8d-8787-47e2-aeaa-3bc0c7ce8910 req-0a6edf8d-8787-47e2-aeaa-3bc0c7ce8910 ] Request (AggregatesAdminNegativeTestJSON:test_aggregate_create_aggregate_name_length_exceeds_255): 400 POST http://10.180.1.21/compute/v2.1/os-aggregates 4.565s
2025-11-14 15:48:08.696 66129 INFO tempest.lib.common.rest_client [req-542f406a-d21b-4304-aa92-dfedcfe8cacc req-542f406a-d21b-4304-aa92-dfedcfe8cacc ] Request (QuotasAdminNegativeTest:_run_cleanups): 200 PUT http://10.180.1.21/compute/v2.1/os-quota-sets/15a5484b497f46f599874a3c58b97d28 4.673s
2025-11-14 15:48:08.717 66091 INFO tempest.lib.common.rest_client [req-a6f8487b-0639-4b9c-94c8-8ec2e2ab7498 req-a6f8487b-0639-4b9c-94c8-8ec2e2ab7498 ] Request (FlavorsV2TestJSON:test_list_flavors_detailed_limit_results): 200 GET http://10.180.1.21/compute/v2.1/flavors/detail?limit=1 4.578s
2025-11-14 15:48:08.719 66099 INFO tempest.lib.common.rest_client [req-dfd0cc93-19d9-4806-a305-dfc429aa28a1 req-dfd0cc93-19d9-4806-a305-dfc429aa28a1 ] Request (KeyPairsNegativeTestJSON:test_create_keypair_with_duplicate_name): 202 DELETE http://10.180.1.21/compute/v2.1/os-keypairs/tempest-keypair-1358340267 4.545s
2025-11-14 15:48:08.983 66137 INFO tempest.lib.common.rest_client [req-a6c8a64d-0f50-46f0-843c-572c0c5450e0 req-a6c8a64d-0f50-46f0-843c-572c0c5450e0 ] Request (QuotasAdminTestJSON:_run_cleanups): 200 PUT http://10.180.1.21/compute/v2.1/os-quota-sets/4f793b661cb04196a20ef35f0c7807c7 4.344s
2025-11-14 15:48:09.087 66109 INFO tempest.lib.common.rest_client [req-c764963e-1467-43f2-ba1e-438863ca830c req-c764963e-1467-43f2-ba1e-438863ca830c ] Request (TenantUsagesTestJSON:test_get_usage_tenant): 200 GET http://10.180.1.21/compute/v2.1/os-simple-tenant-usage/b98fe43dcbf04e7d9ad4ba82b5b64f73?start=2025-11-13T15%3A48%3A05.696736&end=2025-11-15T15%3A48%3A05.696736 3.390s
2025-11-14 15:48:09.120 66137 INFO tempest.lib.common.rest_client [req-362e6975-551b-4fd1-819d-8ec6f9feec6e req-362e6975-551b-4fd1-819d-8ec6f9feec6e ] Request (QuotasAdminTestJSON:tearDownClass): 204 DELETE http://10.180.1.21/identity/v3/users/895c4a4d70ae4557b01cccec28a23330 0.133s
2025-11-14 15:48:09.243 66124 INFO tempest.lib.common.rest_client [req-25404e5d-4b39-40f5-820a-f35390b2ad54 req-25404e5d-4b39-40f5-820a-f35390b2ad54 ] Request (ImagesNegativeTestJSON:test_create_image_from_deleted_server): 200 GET http://10.180.1.21/compute/v2.1/servers/02b3b44e-96bb-47a0-8aa0-7026d987cad8 2.783s
2025-11-14 15:48:09.246 66137 INFO tempest.lib.common.rest_client [req-a64bf29f-b486-403e-a45a-20a36f62d11d req-a64bf29f-b486-403e-a45a-20a36f62d11d ] Request (QuotasAdminTestJSON:tearDownClass): 204 DELETE http://10.180.1.21/identity/v3/users/9d3339e455bf4109a6a87fc92bc56729 0.126s
2025-11-14 15:48:09.247 66137 INFO tempest.lib.common.dynamic_creds [-] Deleting project and security group for project: 94196bb4e1fd406ebe56190843418bea
2025-11-14 15:48:09.318 66137 INFO tempest.lib.common.rest_client [req-4a85de6a-cd61-4ef0-9c39-c8f9d8ef1c8e req-4a85de6a-cd61-4ef0-9c39-c8f9d8ef1c8e ] Request (QuotasAdminTestJSON:tearDownClass): 201 POST http://10.180.1.21/identity/v3/auth/tokens 0.071s
2025-11-14 15:48:09.380 66128 INFO tempest.lib.common.rest_client [req-6b9380d6-7027-49b7-abc3-c62c89a29c6f req-6b9380d6-7027-49b7-abc3-c62c89a29c6f ] Request (DeleteServersTestJSON:test_delete_active_server): 202 POST http://10.180.1.21/compute/v2.1/servers 3.810s
2025-11-14 15:48:09.433 66077 INFO tempest.lib.common.rest_client [req-2238f8d3-81e5-411a-a405-32cf2b83cc37 req-2238f8d3-81e5-411a-a405-32cf2b83cc37 ] Request (AbsoluteLimitsTestJSON:test_absLimits_get): 200 GET http://10.180.1.21/compute/v2.1/limits 2.798s
2025-11-14 15:48:09.573 66077 INFO tempest.lib.common.rest_client [req-e2c69bdf-9336-4c37-8c01-377e9e1f1655 req-e2c69bdf-9336-4c37-8c01-377e9e1f1655 ] Request (AbsoluteLimitsTestJSON:tearDownClass): 204 DELETE http://10.180.1.21/identity/v3/users/721138d6fa2f43c697fd914f7666afff 0.129s
2025-11-14 15:48:09.574 66077 INFO tempest.lib.common.dynamic_creds [-] Deleting project and security group for project: c8a8a5b8f071433cbb18398dc216bfb1
2025-11-14 15:48:09.585 66137 INFO tempest.lib.common.rest_client [req-af4955bd-e08f-48b2-9a52-8ee1b52e819f req-af4955bd-e08f-48b2-9a52-8ee1b52e819f ] Request (QuotasAdminTestJSON:tearDownClass): 200 GET http://10.180.1.21/networking/v2.0/security-groups?tenant_id=94196bb4e1fd406ebe56190843418bea&name=default 0.267s
2025-11-14 15:48:09.587 66117 INFO tempest.lib.common.rest_client [req-139d5172-44ee-4817-b6c5-5bc3a572eff8 req-139d5172-44ee-4817-b6c5-5bc3a572eff8 ] Request (ListImagesTestJSON:test_get_image): 200 GET http://10.180.1.21/compute/v2.1/images/d68ffece-ab91-4610-b535-fa1fb25ade93 2.411s
2025-11-14 15:48:09.662 66077 INFO tempest.lib.common.rest_client [req-4f7cd1aa-6560-4fd6-a92e-2a74c0582b1f req-4f7cd1aa-6560-4fd6-a92e-2a74c0582b1f ] Request (AbsoluteLimitsTestJSON:tearDownClass): 201 POST http://10.180.1.21/identity/v3/auth/tokens 0.088s
2025-11-14 15:48:09.751 66137 INFO tempest.lib.common.rest_client [req-b722ee1a-0f23-4cf2-93d5-7a44eb6cc25b req-b722ee1a-0f23-4cf2-93d5-7a44eb6cc25b ] Request (QuotasAdminTestJSON:tearDownClass): 204 DELETE http://10.180.1.21/networking/v2.0/security-groups/d3f2d790-1c1e-430b-b60d-aeaee7a788dd 0.165s
2025-11-14 15:48:09.860 66137 INFO tempest.lib.common.rest_client [req-d08b691e-30e4-48a5-b1b4-951204c6dff8 req-d08b691e-30e4-48a5-b1b4-951204c6dff8 ] Request (QuotasAdminTestJSON:tearDownClass): 204 DELETE http://10.180.1.21/identity/v3/projects/94196bb4e1fd406ebe56190843418bea 0.108s
2025-11-14 15:48:09.860 66137 INFO tempest.lib.common.dynamic_creds [-] Deleting project and security group for project: 4f793b661cb04196a20ef35f0c7807c7
2025-11-14 15:48:10.081 66125 INFO tempest.lib.common.rest_client [req-60b00ae4-3f08-4985-98c2-f4daf71727c8 req-60b00ae4-3f08-4985-98c2-f4daf71727c8 ] Request (ServersAdmin275Test:test_rebuild_update_server_275): 202 POST http://10.180.1.21/compute/v2.1/servers/50f11559-b8c7-41a2-aa43-255a28ffa58c/action 3.226s
2025-11-14 15:48:10.104 66141 INFO tempest.lib.common.rest_client [req-1751155e-a8f6-469e-bc5e-c1bdd4719112 req-1751155e-a8f6-469e-bc5e-c1bdd4719112 ] Request (ServersAdminNegativeTestJSON:setUpClass): 200 GET http://10.180.1.21/compute/v2.1/servers/eec6a484-ab00-402e-a369-c3009065c553 2.818s
2025-11-14 15:48:10.130 66121 INFO tempest.lib.common.rest_client [req-ccfd5de1-8ca2-4780-8a00-f5d0c29d1d86 req-ccfd5de1-8ca2-4780-8a00-f5d0c29d1d86 ] Request (FlavorsExtraSpecsTestJSON:tearDownClass): 200 GET http://10.180.1.21/compute/v2.1/flavors/detail 2.477s
2025-11-14 15:48:10.137 66087 INFO tempest.lib.common.rest_client [req-46285cd1-acc9-41b3-aaf0-9eed4d012658 req-46285cd1-acc9-41b3-aaf0-9eed4d012658 ] Request (HostsAdminNegativeTestJSON:test_update_host_without_param): 400 PUT http://10.180.1.21/compute/v2.1/os-hosts/devstack 2.472s
2025-11-14 15:48:10.142 66077 INFO tempest.lib.common.rest_client [req-09472640-5050-4eaa-a66e-181345764471 req-09472640-5050-4eaa-a66e-181345764471 ] Request (AbsoluteLimitsTestJSON:tearDownClass): 200 GET http://10.180.1.21/networking/v2.0/security-groups?tenant_id=c8a8a5b8f071433cbb18398dc216bfb1&name=default 0.480s
2025-11-14 15:48:10.208 66137 INFO tempest.lib.common.rest_client [req-4e426f0e-47ce-4366-b8e7-5d4b1d575393 req-4e426f0e-47ce-4366-b8e7-5d4b1d575393 ] Request (QuotasAdminTestJSON:tearDownClass): 200 GET http://10.180.1.21/networking/v2.0/security-groups?tenant_id=4f793b661cb04196a20ef35f0c7807c7&name=default 0.347s
2025-11-14 15:48:10.216 66121 INFO tempest.lib.common.rest_client [req-326b4dc8-59f1-432e-a022-b589925a47e9 req-326b4dc8-59f1-432e-a022-b589925a47e9 ] Request (FlavorsExtraSpecsTestJSON:tearDownClass): 204 DELETE http://10.180.1.21/identity/v3/users/3cd6a9c8758d4e5d9bbd88fcf9d76b57 0.079s
2025-11-14 15:48:10.348 66077 INFO tempest.lib.common.rest_client [req-7905a5ef-61f4-4281-9be8-39db1a28e5e2 req-7905a5ef-61f4-4281-9be8-39db1a28e5e2 ] Request (AbsoluteLimitsTestJSON:tearDownClass): 204 DELETE http://10.180.1.21/networking/v2.0/security-groups/08ebe022-0c37-40c9-91a1-f3f53a308fd4 0.205s
2025-11-14 15:48:10.361 66121 INFO tempest.lib.common.rest_client [req-006d37ac-ca10-4543-8709-79d2dc2311b2 req-006d37ac-ca10-4543-8709-79d2dc2311b2 ] Request (FlavorsExtraSpecsTestJSON:tearDownClass): 204 DELETE http://10.180.1.21/identity/v3/users/42f49668e7e840c5af9f752fd24b0b3c 0.145s
2025-11-14 15:48:10.362 66121 INFO tempest.lib.common.dynamic_creds [-] Deleting project and security group for project: be780c39ea464f4989f9b6081c8de27e
2025-11-14 15:48:10.400 66093 INFO tempest.lib.common.rest_client [req-b3d7880f-4846-4e8e-8384-e70fe87ff99c req-b3d7880f-4846-4e8e-8384-e70fe87ff99c ] Request (ServersV294TestFqdnHostnames:setUpClass): 200 GET http://10.180.1.21/compute/v2.1/servers/f7d9d4f0-1777-4d0d-a5d2-e7e1bf18322d/os-interface 2.339s
2025-11-14 15:48:10.433 66121 INFO tempest.lib.common.rest_client [req-60857bcc-252d-4d5d-bf52-eea1eef0dbd2 req-60857bcc-252d-4d5d-bf52-eea1eef0dbd2 ] Request (FlavorsExtraSpecsTestJSON:tearDownClass): 201 POST http://10.180.1.21/identity/v3/auth/tokens 0.071s
2025-11-14 15:48:10.489 66137 INFO tempest.lib.common.rest_client [req-f75089c0-10d8-4e65-a773-063999f9a55c req-f75089c0-10d8-4e65-a773-063999f9a55c ] Request (QuotasAdminTestJSON:tearDownClass): 204 DELETE http://10.180.1.21/networking/v2.0/security-groups/1fe171aa-8f46-410a-90ed-455f10d81d2d 0.280s
2025-11-14 15:48:10.499 66077 INFO tempest.lib.common.rest_client [req-5b976e21-25fa-4347-9a10-1bb1cbba85dc req-5b976e21-25fa-4347-9a10-1bb1cbba85dc ] Request (AbsoluteLimitsTestJSON:tearDownClass): 204 DELETE http://10.180.1.21/identity/v3/projects/c8a8a5b8f071433cbb18398dc216bfb1 0.150s
2025-11-14 15:48:10.548 66083 INFO tempest.lib.common.rest_client [req-d571558f-99ac-4909-bbf3-4b6adafef9f6 req-d571558f-99ac-4909-bbf3-4b6adafef9f6 ] Request (ServersAdminTestJSON:setUpClass): 200 GET http://10.180.1.21/compute/v2.1/servers/1e92795e-cf30-4175-9e31-c29278f3e9e0 3.184s
2025-11-14 15:48:10.560 66083 INFO tempest.common.waiters [-] State transition "BUILD/spawning" ==> "ACTIVE/None" after 30 second wait
2025-11-14 15:48:10.568 66077 INFO tempest.lib.common.rest_client [req-59f07734-9bf6-4fb9-b529-ebea0f304299 req-59f07734-9bf6-4fb9-b529-ebea0f304299 ] Request (ServerMetadataNegativeTestJSON:setUpClass): 201 POST http://10.180.1.21/identity/v3/auth/tokens 0.066s
2025-11-14 15:48:10.607 66137 INFO tempest.lib.common.rest_client [req-45d77e9e-dfc8-4be9-8fda-7fbbb560994d req-45d77e9e-dfc8-4be9-8fda-7fbbb560994d ] Request (QuotasAdminTestJSON:tearDownClass): 204 DELETE http://10.180.1.21/identity/v3/projects/4f793b661cb04196a20ef35f0c7807c7 0.118s
2025-11-14 15:48:10.685 66077 INFO tempest.lib.common.rest_client [req-c542a26c-a280-4324-9e70-738d25862e02 req-c542a26c-a280-4324-9e70-738d25862e02 ] Request (ServerMetadataNegativeTestJSON:setUpClass): 201 POST http://10.180.1.21/identity/v3/auth/tokens 0.115s
2025-11-14 15:48:10.714 66137 INFO tempest.lib.common.rest_client [req-5b42cd77-2d24-4b11-8371-fb5fe8d1edcb req-5b42cd77-2d24-4b11-8371-fb5fe8d1edcb ] Request (FloatingIPDetailsNegativeTestJSON:setUpClass): 201 POST http://10.180.1.21/identity/v3/auth/tokens 0.105s
2025-11-14 15:48:10.750 66077 INFO tempest.lib.common.rest_client [req-548bb98f-2129-4f18-aa8e-90324f02c7b7 req-548bb98f-2129-4f18-aa8e-90324f02c7b7 ] Request (ServerMetadataNegativeTestJSON:setUpClass): 200 GET http://10.180.1.21/identity/v3/domains?name=Default 0.064s
2025-11-14 15:48:10.764 66137 INFO tempest.lib.common.rest_client [req-69692a7e-1941-401a-8bdc-cd1bf6f38bc9 req-69692a7e-1941-401a-8bdc-cd1bf6f38bc9 ] Request (FloatingIPDetailsNegativeTestJSON:setUpClass): 201 POST http://10.180.1.21/identity/v3/auth/tokens 0.048s
2025-11-14 15:48:10.799 66077 INFO tempest.lib.common.rest_client [req-c7db17b8-88d3-481e-b186-2be2b555a865 req-c7db17b8-88d3-481e-b186-2be2b555a865 ] Request (ServerMetadataNegativeTestJSON:setUpClass): 201 POST http://10.180.1.21/identity/v3/projects 0.048s
2025-11-14 15:48:10.809 66137 INFO tempest.lib.common.rest_client [req-f8af1186-c0df-4f26-91a5-8db7e93a0d2e req-f8af1186-c0df-4f26-91a5-8db7e93a0d2e ] Request (FloatingIPDetailsNegativeTestJSON:setUpClass): 200 GET http://10.180.1.21/identity/v3/domains?name=Default 0.044s
2025-11-14 15:48:10.888 66137 INFO tempest.lib.common.rest_client [req-36b8e553-abc6-4622-a4ac-d4fabd1dacd3 req-36b8e553-abc6-4622-a4ac-d4fabd1dacd3 ] Request (FloatingIPDetailsNegativeTestJSON:setUpClass): 201 POST http://10.180.1.21/identity/v3/projects 0.078s
2025-11-14 15:48:10.888 66077 INFO tempest.lib.common.rest_client [req-729c72bb-b671-48e1-9aaa-830e1104cfdb req-729c72bb-b671-48e1-9aaa-830e1104cfdb ] Request (ServerMetadataNegativeTestJSON:setUpClass): 201 POST http://10.180.1.21/identity/v3/users 0.089s
2025-11-14 15:48:10.951 66077 INFO tempest.lib.common.rest_client [req-b8ad56c6-a48c-4ddf-9261-971c53fc5ada req-b8ad56c6-a48c-4ddf-9261-971c53fc5ada ] Request (ServerMetadataNegativeTestJSON:setUpClass): 200 GET http://10.180.1.21/identity/v3/roles 0.062s
2025-11-14 15:48:10.963 66137 INFO tempest.lib.common.rest_client [req-0acf0633-02f2-4620-8deb-d1211b13c597 req-0acf0633-02f2-4620-8deb-d1211b13c597 ] Request (FloatingIPDetailsNegativeTestJSON:setUpClass): 201 POST http://10.180.1.21/identity/v3/users 0.074s
2025-11-14 15:48:10.997 66077 INFO tempest.lib.common.rest_client [req-9c6bb8b1-99bc-48cf-a5a9-90bff8b071be req-9c6bb8b1-99bc-48cf-a5a9-90bff8b071be ] Request (ServerMetadataNegativeTestJSON:setUpClass): 204 PUT http://10.180.1.21/identity/v3/projects/85db5c8415744defa437bd02a64803e4/users/235d0527ebce4426896eaee338e968c9/roles/b0f576b11492432bbdcef3e12cef3531 0.046s
2025-11-14 15:48:10.997 66077 INFO tempest.lib.common.dynamic_creds [-] Dynamic test user 235d0527ebce4426896eaee338e968c9 is created with scope project and roles: ['member']
2025-11-14 15:48:10.998 66077 INFO tempest.lib.common.dynamic_creds [-] Acquired dynamic creds: credentials: Credentials: {'domain_id': 'default', 'domain_name': 'Default', 'username': 'tempest-ServerMetadataNegativeTestJSON-170156206-project-member', 'project_domain_id': 'default', 'project_domain_name': 'Default', 'project_id': '85db5c8415744defa437bd02a64803e4', 'project_name': 'tempest-ServerMetadataNegativeTestJSON-170156206', 'tenant_id': '85db5c8415744defa437bd02a64803e4', 'tenant_name': 'tempest-ServerMetadataNegativeTestJSON-170156206', 'user_domain_id': 'default', 'user_domain_name': 'Default', 'user_id': '235d0527ebce4426896eaee338e968c9', 'system': None}, Network: None, Subnet: None, Router: None
2025-11-14 15:48:11.052 66077 INFO tempest.lib.common.rest_client [req-7971b229-3576-4f02-a574-3ca1ef1febd9 req-7971b229-3576-4f02-a574-3ca1ef1febd9 ] Request (ServerMetadataNegativeTestJSON:setUpClass): 201 POST http://10.180.1.21/identity/v3/auth/tokens 0.054s
2025-11-14 15:48:11.059 66137 INFO tempest.lib.common.rest_client [req-cfacdcbf-243e-4a79-8b35-b3bbac274a68 req-cfacdcbf-243e-4a79-8b35-b3bbac274a68 ] Request (FloatingIPDetailsNegativeTestJSON:setUpClass): 200 GET http://10.180.1.21/identity/v3/roles 0.095s
2025-11-14 15:48:11.098 66137 INFO tempest.lib.common.rest_client [req-4d8267f7-456f-4051-9680-9fb9e4630d41 req-4d8267f7-456f-4051-9680-9fb9e4630d41 ] Request (FloatingIPDetailsNegativeTestJSON:setUpClass): 204 PUT http://10.180.1.21/identity/v3/projects/37625ff865764f73a55db178947b7d02/users/968ee83f496246dcaa393f1f9b4bef38/roles/b0f576b11492432bbdcef3e12cef3531 0.038s
2025-11-14 15:48:11.098 66137 INFO tempest.lib.common.dynamic_creds [-] Dynamic test user 968ee83f496246dcaa393f1f9b4bef38 is created with scope project and roles: ['member']
2025-11-14 15:48:11.098 66137 INFO tempest.lib.common.dynamic_creds [-] Acquired dynamic creds: credentials: Credentials: {'domain_id': 'default', 'domain_name': 'Default', 'username': 'tempest-FloatingIPDetailsNegativeTestJSON-1786751589-project-member', 'project_domain_id': 'default', 'project_domain_name': 'Default', 'project_id': '37625ff865764f73a55db178947b7d02', 'project_name': 'tempest-FloatingIPDetailsNegativeTestJSON-1786751589', 'tenant_id': '37625ff865764f73a55db178947b7d02', 'tenant_name': 'tempest-FloatingIPDetailsNegativeTestJSON-1786751589', 'user_domain_id': 'default', 'user_domain_name': 'Default', 'user_id': '968ee83f496246dcaa393f1f9b4bef38', 'system': None}, Network: None, Subnet: None, Router: None
2025-11-14 15:48:11.167 66137 INFO tempest.lib.common.rest_client [req-96748fdc-4d46-498b-ae66-dc25b21dbb26 req-96748fdc-4d46-498b-ae66-dc25b21dbb26 ] Request (FloatingIPDetailsNegativeTestJSON:setUpClass): 201 POST http://10.180.1.21/identity/v3/auth/tokens 0.069s
2025-11-14 15:48:11.600 66093 INFO tempest.lib.common.rest_client [req-1591156f-978d-476b-8929-dca37660d903 req-1591156f-978d-476b-8929-dca37660d903 ] Request (ServersV294TestFqdnHostnames:setUpClass): 200 PUT http://10.180.1.21/networking/v2.0/floatingips/1f0c1725-77b6-4e61-81fb-c00a21f98501 1.192s
2025-11-14 15:48:11.863 66121 INFO tempest.lib.common.rest_client [req-c85cd7a8-e94b-414e-af51-c3f58c028b47 req-c85cd7a8-e94b-414e-af51-c3f58c028b47 ] Request (FlavorsExtraSpecsTestJSON:tearDownClass): 200 GET http://10.180.1.21/networking/v2.0/security-groups?tenant_id=be780c39ea464f4989f9b6081c8de27e&name=default 1.429s
2025-11-14 15:48:12.143 66077 INFO tempest.lib.common.rest_client [req-4081593f-d903-43bd-a1be-3e72979b35bb req-4081593f-d903-43bd-a1be-3e72979b35bb ] Request (ServerMetadataNegativeTestJSON:setUpClass): 201 POST http://10.180.1.21/networking/v2.0/networks 1.090s
2025-11-14 15:48:12.186 66131 INFO tempest.lib.common.rest_client [req-1786919f-1c57-42c9-bd0a-5ffaf07cb0f4 req-1786919f-1c57-42c9-bd0a-5ffaf07cb0f4 ] Request (ImagesOneServerTestJSON:setUpClass): 200 GET http://10.180.1.21/compute/v2.1/servers/5e2cf383-312b-404f-acff-2ecb75678600 4.057s
2025-11-14 15:48:12.264 66121 INFO tempest.lib.common.rest_client [req-1d58f60e-0aa9-48b4-8146-c018dcc3892b req-1d58f60e-0aa9-48b4-8146-c018dcc3892b ] Request (FlavorsExtraSpecsTestJSON:tearDownClass): 204 DELETE http://10.180.1.21/networking/v2.0/security-groups/db721ae6-880f-4092-8caa-722634dc0e16 0.401s
2025-11-14 15:48:12.280 66137 INFO tempest.lib.common.rest_client [req-0b84993b-2693-4b10-9724-da88a3ad277d req-0b84993b-2693-4b10-9724-da88a3ad277d ] Request (FloatingIPDetailsNegativeTestJSON:setUpClass): 201 POST http://10.180.1.21/networking/v2.0/networks 1.112s
2025-11-14 15:48:12.370 66121 INFO tempest.lib.common.rest_client [req-362b786c-ba13-45d7-8d25-9e0b6b398f1c req-362b786c-ba13-45d7-8d25-9e0b6b398f1c ] Request (FlavorsExtraSpecsTestJSON:tearDownClass): 204 DELETE http://10.180.1.21/identity/v3/projects/be780c39ea464f4989f9b6081c8de27e 0.105s
2025-11-14 15:48:12.370 66121 INFO tempest.lib.common.dynamic_creds [-] Deleting project and security group for project: 05bd8b8ae7094a1692262548ae01fe9a
2025-11-14 15:48:12.574 66077 INFO tempest.lib.common.rest_client [req-85dc38e6-d40a-4a76-b558-d2525eae82d6 req-85dc38e6-d40a-4a76-b558-d2525eae82d6 ] Request (ServerMetadataNegativeTestJSON:setUpClass): 201 POST http://10.180.1.21/networking/v2.0/subnets 0.430s
2025-11-14 15:48:12.592 66137 INFO tempest.lib.common.rest_client [req-5718cca7-ca15-4125-8d7e-a1ea3faf4772 req-5718cca7-ca15-4125-8d7e-a1ea3faf4772 ] Request (FloatingIPDetailsNegativeTestJSON:setUpClass): 201 POST http://10.180.1.21/networking/v2.0/subnets 0.312s
2025-11-14 15:48:12.669 66133 INFO tempest.lib.common.rest_client [req-39d0c823-b7ca-49c2-b2d2-f0a5722acdeb req-39d0c823-b7ca-49c2-b2d2-f0a5722acdeb ] Request (ServersTestJSON:setUpClass): 200 GET http://10.180.1.21/compute/v2.1/servers/a1908e71-31f9-4308-b4d6-7908d3208c5a 4.494s
2025-11-14 15:48:12.676 66133 INFO tempest.common.waiters [-] State transition "BUILD/networking" ==> "BUILD/spawning" after 16 second wait
2025-11-14 15:48:12.720 66121 INFO tempest.lib.common.rest_client [req-11c63185-ab1e-4e37-aa2d-4d5e4524e83f req-11c63185-ab1e-4e37-aa2d-4d5e4524e83f ] Request (FlavorsExtraSpecsTestJSON:tearDownClass): 200 GET http://10.180.1.21/networking/v2.0/security-groups?tenant_id=05bd8b8ae7094a1692262548ae01fe9a&name=default 0.349s
2025-11-14 15:48:13.336 66077 INFO tempest.lib.common.rest_client [req-47b4a802-0193-4eb1-a9fb-816d5bc5fd2d req-47b4a802-0193-4eb1-a9fb-816d5bc5fd2d ] Request (ServerMetadataNegativeTestJSON:setUpClass): 201 POST http://10.180.1.21/networking/v2.0/routers 0.761s
2025-11-14 15:48:13.419 66137 INFO tempest.lib.common.rest_client [req-46fb3af8-0a0b-46ca-8616-b9a997383b3a req-46fb3af8-0a0b-46ca-8616-b9a997383b3a ] Request (FloatingIPDetailsNegativeTestJSON:setUpClass): 201 POST http://10.180.1.21/networking/v2.0/routers 0.826s
2025-11-14 15:48:13.460 66089 INFO tempest.lib.common.rest_client [req-1865af45-c6ad-4868-bb8a-607ecbde48c3 req-1865af45-c6ad-4868-bb8a-607ecbde48c3 ] Request (ListImageFiltersTestJSON:setUpClass): 200 GET http://10.180.1.21/compute/v2.1/servers/1c598208-a4d0-46b8-9a9c-107353e957b9 5.188s
2025-11-14 15:48:13.494 66135 INFO tempest.lib.common.rest_client [req-961c5786-da2e-4374-a339-0e1fecfc44c0 req-961c5786-da2e-4374-a339-0e1fecfc44c0 ] Request (ServerDiagnosticsNegativeTest:test_get_server_diagnostics_by_non_admin): 202 POST http://10.180.1.21/compute/v2.1/servers 5.353s
2025-11-14 15:48:13.567 66121 INFO tempest.lib.common.rest_client [req-fdec28d0-8121-4694-a5c9-f1d9cffddc49 req-fdec28d0-8121-4694-a5c9-f1d9cffddc49 ] Request (FlavorsExtraSpecsTestJSON:tearDownClass): 204 DELETE http://10.180.1.21/networking/v2.0/security-groups/deb984d0-438c-4f7e-a412-fc93ebbdd696 0.846s
2025-11-14 15:48:13.836 66121 INFO tempest.lib.common.rest_client [req-b47815a0-2713-4ce0-8c59-a4d7619297a5 req-b47815a0-2713-4ce0-8c59-a4d7619297a5 ] Request (FlavorsExtraSpecsTestJSON:tearDownClass): 204 DELETE http://10.180.1.21/identity/v3/projects/05bd8b8ae7094a1692262548ae01fe9a 0.268s
2025-11-14 15:48:13.864 66085 INFO tempest.lib.common.rest_client [req-4d4358e7-d9d1-4993-b106-ecffb0ec3534 req-4d4358e7-d9d1-4993-b106-ecffb0ec3534 ] Request (ImagesMetadataTestJSON:test_set_image_metadata_item): 200 PUT http://10.180.1.21/compute/v2.1/images/62c429ab-eb1d-4edd-bf13-b9633498c0a5/metadata/os_version 5.304s
2025-11-14 15:48:13.949 66121 INFO tempest.lib.common.rest_client [req-e7f658c3-05f8-4007-aad3-4c027ddcb8c9 req-e7f658c3-05f8-4007-aad3-4c027ddcb8c9 ] Request (HypervisorAdminV253TestBase:setUpClass): 201 POST http://10.180.1.21/identity/v3/auth/tokens 0.112s
2025-11-14 15:48:13.984 66121 INFO tempest.lib.common.rest_client [req-31824aac-3680-4349-a718-58fd8ff0b9cc req-31824aac-3680-4349-a718-58fd8ff0b9cc ] Request (HypervisorAdminV253TestBase:setUpClass): 201 POST http://10.180.1.21/identity/v3/auth/tokens 0.032s
2025-11-14 15:48:14.014 66121 INFO tempest.lib.common.rest_client [req-dd474110-ee9e-4a3e-89a0-fa406df72663 req-dd474110-ee9e-4a3e-89a0-fa406df72663 ] Request (HypervisorAdminV253TestBase:setUpClass): 200 GET http://10.180.1.21/identity/v3/domains?name=Default 0.030s
2025-11-14 15:48:14.068 66121 INFO tempest.lib.common.rest_client [req-f55871cf-f8e6-4e8c-9575-fe74bf51871f req-f55871cf-f8e6-4e8c-9575-fe74bf51871f ] Request (HypervisorAdminV253TestBase:setUpClass): 201 POST http://10.180.1.21/identity/v3/projects 0.053s
2025-11-14 15:48:14.178 66121 INFO tempest.lib.common.rest_client [req-0453bd74-6965-4e26-8b54-cce3c9f0b2f8 req-0453bd74-6965-4e26-8b54-cce3c9f0b2f8 ] Request (HypervisorAdminV253TestBase:setUpClass): 201 POST http://10.180.1.21/identity/v3/users 0.110s
2025-11-14 15:48:14.212 66121 INFO tempest.lib.common.rest_client [req-64b1c5ab-e112-49c0-a9bd-277bec690152 req-64b1c5ab-e112-49c0-a9bd-277bec690152 ] Request (HypervisorAdminV253TestBase:setUpClass): 200 GET http://10.180.1.21/identity/v3/roles 0.033s
2025-11-14 15:48:14.302 66121 INFO tempest.lib.common.rest_client [req-2c5d401e-c601-4476-ab30-4df0606320b5 req-2c5d401e-c601-4476-ab30-4df0606320b5 ] Request (HypervisorAdminV253TestBase:setUpClass): 204 PUT http://10.180.1.21/identity/v3/projects/0b54fddc9208486a81bcce8e3ff403e0/users/d9e47b0e33b54cb08f68de691363ce71/roles/b0f576b11492432bbdcef3e12cef3531 0.089s
2025-11-14 15:48:14.303 66121 INFO tempest.lib.common.dynamic_creds [-] Dynamic test user d9e47b0e33b54cb08f68de691363ce71 is created with scope project and roles: ['member']
2025-11-14 15:48:14.303 66121 INFO tempest.lib.common.dynamic_creds [-] Acquired dynamic creds: credentials: Credentials: {'domain_id': 'default', 'domain_name': 'Default', 'username': 'tempest-HypervisorAdminV253TestBase-769214357-project-member', 'project_domain_id': 'default', 'project_domain_name': 'Default', 'project_id': '0b54fddc9208486a81bcce8e3ff403e0', 'project_name': 'tempest-HypervisorAdminV253TestBase-769214357', 'tenant_id': '0b54fddc9208486a81bcce8e3ff403e0', 'tenant_name': 'tempest-HypervisorAdminV253TestBase-769214357', 'user_domain_id': 'default', 'user_domain_name': 'Default', 'user_id': 'd9e47b0e33b54cb08f68de691363ce71', 'system': None}, Network: None, Subnet: None, Router: None
2025-11-14 15:48:14.306 66121 INFO tempest.lib.common.dynamic_creds [-] Created isolated network resources for: credentials: Credentials: {'domain_id': 'default', 'domain_name': 'Default', 'username': 'tempest-HypervisorAdminV253TestBase-769214357-project-member', 'project_domain_id': 'default', 'project_domain_name': 'Default', 'project_id': '0b54fddc9208486a81bcce8e3ff403e0', 'project_name': 'tempest-HypervisorAdminV253TestBase-769214357', 'tenant_id': '0b54fddc9208486a81bcce8e3ff403e0', 'tenant_name': 'tempest-HypervisorAdminV253TestBase-769214357', 'user_domain_id': 'default', 'user_domain_name': 'Default', 'user_id': 'd9e47b0e33b54cb08f68de691363ce71', 'system': None}, Network: None, Subnet: None, Router: None
2025-11-14 15:48:14.449 66121 INFO tempest.lib.common.rest_client [req-40670ba0-ba8a-4429-9665-ad19d8e2e531 req-40670ba0-ba8a-4429-9665-ad19d8e2e531 ] Request (HypervisorAdminV253TestBase:setUpClass): 201 POST http://10.180.1.21/identity/v3/auth/tokens 0.132s
2025-11-14 15:48:14.567 66121 INFO tempest.lib.common.rest_client [req-265d8ff5-fc38-49ef-9b24-38812a876ea4 req-265d8ff5-fc38-49ef-9b24-38812a876ea4 ] Request (HypervisorAdminV253TestBase:setUpClass): 201 POST http://10.180.1.21/identity/v3/projects 0.118s
2025-11-14 15:48:14.663 66121 INFO tempest.lib.common.rest_client [req-cd85a000-3d75-473f-bc57-450ca29d5be7 req-cd85a000-3d75-473f-bc57-450ca29d5be7 ] Request (HypervisorAdminV253TestBase:setUpClass): 201 POST http://10.180.1.21/identity/v3/users 0.095s
2025-11-14 15:48:14.693 66121 INFO tempest.lib.common.rest_client [req-928635f9-aec7-48b9-9438-1b58c5d842de req-928635f9-aec7-48b9-9438-1b58c5d842de ] Request (HypervisorAdminV253TestBase:setUpClass): 200 GET http://10.180.1.21/identity/v3/roles 0.030s
2025-11-14 15:48:14.736 66121 INFO tempest.lib.common.rest_client [req-1efd2470-e946-47a5-a706-a1c3b56ce268 req-1efd2470-e946-47a5-a706-a1c3b56ce268 ] Request (HypervisorAdminV253TestBase:setUpClass): 204 PUT http://10.180.1.21/identity/v3/projects/1f3356349baf485fb0d75b4dd7015615/users/8ce442cc332a4e62a7b4867c61e2f358/roles/86283fb74b0b4fe2b258b241fdb39ad4 0.042s
2025-11-14 15:48:14.755 66077 INFO tempest.lib.common.rest_client [req-903421b5-44ab-48ef-9d83-a02e89865708 req-903421b5-44ab-48ef-9d83-a02e89865708 ] Request (ServerMetadataNegativeTestJSON:setUpClass): 200 PUT http://10.180.1.21/networking/v2.0/routers/b14aab9e-537a-4e28-8eff-a90cb41ebd83/add_router_interface 1.419s
2025-11-14 15:48:14.756 66077 INFO tempest.lib.common.dynamic_creds [-] Created isolated network resources for: credentials: Credentials: {'domain_id': 'default', 'domain_name': 'Default', 'username': 'tempest-ServerMetadataNegativeTestJSON-170156206-project-member', 'project_domain_id': 'default', 'project_domain_name': 'Default', 'project_id': '85db5c8415744defa437bd02a64803e4', 'project_name': 'tempest-ServerMetadataNegativeTestJSON-170156206', 'tenant_id': '85db5c8415744defa437bd02a64803e4', 'tenant_name': 'tempest-ServerMetadataNegativeTestJSON-170156206', 'user_domain_id': 'default', 'user_domain_name': 'Default', 'user_id': '235d0527ebce4426896eaee338e968c9', 'system': None}, Network: {'id': 'a17078ee-d882-4b40-b077-5517204ce959', 'name': 'tempest-ServerMetadataNegativeTestJSON-1994350859-network', 'tenant_id': '85db5c8415744defa437bd02a64803e4', 'project_id': '85db5c8415744defa437bd02a64803e4', 'admin_state_up': True, 'mtu': 8950, 'status': 'ACTIVE', 'subnets': [], 'shared': False, 'port_security_enabled': True, 'router:external': False, 'provider:network_type': 'vlan', 'provider:physical_network': 'default', 'provider:segmentation_id': 399, 'availability_zone_hints': [], 'availability_zones': [], 'ipv4_address_scope': None, 'ipv6_address_scope': None, 'description': '', 'tags': [], 'created_at': '2025-11-14T15:48:12Z', 'updated_at': '2025-11-14T15:48:12Z', 'revision_number': 1}, Subnet: {'id': '10149d49-aa79-4b14-b168-4b2850072216', 'name': 'tempest-ServerMetadataNegativeTestJSON-1994350859-subnet', 'tenant_id': '85db5c8415744defa437bd02a64803e4', 'network_id': 'a17078ee-d882-4b40-b077-5517204ce959', 'ip_version': 4, 'subnetpool_id': None, 'enable_dhcp': True, 'ipv6_ra_mode': None, 'ipv6_address_mode': None, 'gateway_ip': '192.168.128.1', 'cidr': '192.168.128.0/28', 'allocation_pools': [{'start': '192.168.128.2', 'end': '192.168.128.14'}], 'host_routes': [], 'dns_nameservers': [], 'description': '', 'router:external': False, 'service_types': [], 'tags': [], 'created_at': '2025-11-14T15:48:12Z', 'updated_at': '2025-11-14T15:48:12Z', 'revision_number': 0, 'project_id': '85db5c8415744defa437bd02a64803e4'}, Router: {'id': 'b14aab9e-537a-4e28-8eff-a90cb41ebd83', 'name': 'tempest-ServerMetadataNegativeTestJSON-1994350859-router', 'tenant_id': '85db5c8415744defa437bd02a64803e4', 'admin_state_up': True, 'status': 'ACTIVE', 'external_gateway_info': {'network_id': 'd73dad0e-4241-45f8-a094-99d6aaf64838', 'external_fixed_ips': [{'subnet_id': 'ec14fcfb-5338-4f91-a96e-51f8d91033a0', 'ip_address': '10.180.180.207'}], 'enable_snat': True}, 'description': '', 'availability_zones': [], 'distributed': False, 'ha': False, 'availability_zone_hints': [], 'routes': [], 'flavor_id': None, 'tags': [], 'created_at': '2025-11-14T15:48:12Z', 'updated_at': '2025-11-14T15:48:13Z', 'revision_number': 2, 'project_id': '85db5c8415744defa437bd02a64803e4'}
2025-11-14 15:48:14.818 66121 INFO tempest.lib.common.rest_client [req-24f71c7e-19f9-4141-9c07-fe0b8d6d9f7d req-24f71c7e-19f9-4141-9c07-fe0b8d6d9f7d ] Request (HypervisorAdminV253TestBase:setUpClass): 200 GET http://10.180.1.21/identity/v3/roles 0.081s
2025-11-14 15:48:14.842 66121 INFO tempest.lib.common.rest_client [req-f36b34ec-881e-4bd6-b483-56e9f592f9fa req-f36b34ec-881e-4bd6-b483-56e9f592f9fa ] Request (HypervisorAdminV253TestBase:setUpClass): 204 PUT http://10.180.1.21/identity/v3/projects/1f3356349baf485fb0d75b4dd7015615/users/8ce442cc332a4e62a7b4867c61e2f358/roles/86283fb74b0b4fe2b258b241fdb39ad4 0.023s
2025-11-14 15:48:14.842 66121 INFO tempest.lib.common.dynamic_creds [-] Dynamic test user 8ce442cc332a4e62a7b4867c61e2f358 is created with scope project and roles: ['admin']
2025-11-14 15:48:14.842 66121 INFO tempest.lib.common.dynamic_creds [-] Acquired dynamic creds: credentials: Credentials: {'domain_id': 'default', 'domain_name': 'Default', 'username': 'tempest-HypervisorAdminV253TestBase-749601315-project-admin', 'project_domain_id': 'default', 'project_domain_name': 'Default', 'project_id': '1f3356349baf485fb0d75b4dd7015615', 'project_name': 'tempest-HypervisorAdminV253TestBase-749601315', 'tenant_id': '1f3356349baf485fb0d75b4dd7015615', 'tenant_name': 'tempest-HypervisorAdminV253TestBase-749601315', 'user_domain_id': 'default', 'user_domain_name': 'Default', 'user_id': '8ce442cc332a4e62a7b4867c61e2f358', 'system': None}, Network: None, Subnet: None, Router: None
2025-11-14 15:48:14.843 66121 INFO tempest.lib.common.dynamic_creds [-] Created isolated network resources for: credentials: Credentials: {'domain_id': 'default', 'domain_name': 'Default', 'username': 'tempest-HypervisorAdminV253TestBase-749601315-project-admin', 'project_domain_id': 'default', 'project_domain_name': 'Default', 'project_id': '1f3356349baf485fb0d75b4dd7015615', 'project_name': 'tempest-HypervisorAdminV253TestBase-749601315', 'tenant_id': '1f3356349baf485fb0d75b4dd7015615', 'tenant_name': 'tempest-HypervisorAdminV253TestBase-749601315', 'user_domain_id': 'default', 'user_domain_name': 'Default', 'user_id': '8ce442cc332a4e62a7b4867c61e2f358', 'system': None}, Network: None, Subnet: None, Router: None
2025-11-14 15:48:14.858 66137 INFO tempest.lib.common.rest_client [req-87c8b5f7-bb07-416f-b3fc-92204cada75e req-87c8b5f7-bb07-416f-b3fc-92204cada75e ] Request (FloatingIPDetailsNegativeTestJSON:setUpClass): 200 PUT http://10.180.1.21/networking/v2.0/routers/0eae1907-bdb6-4fdb-b893-1b9e25c4883f/add_router_interface 1.439s
2025-11-14 15:48:14.858 66137 INFO tempest.lib.common.dynamic_creds [-] Created isolated network resources for: credentials: Credentials: {'domain_id': 'default', 'domain_name': 'Default', 'username': 'tempest-FloatingIPDetailsNegativeTestJSON-1786751589-project-member', 'project_domain_id': 'default', 'project_domain_name': 'Default', 'project_id': '37625ff865764f73a55db178947b7d02', 'project_name': 'tempest-FloatingIPDetailsNegativeTestJSON-1786751589', 'tenant_id': '37625ff865764f73a55db178947b7d02', 'tenant_name': 'tempest-FloatingIPDetailsNegativeTestJSON-1786751589', 'user_domain_id': 'default', 'user_domain_name': 'Default', 'user_id': '968ee83f496246dcaa393f1f9b4bef38', 'system': None}, Network: {'id': 'a3884131-7e53-4b76-9247-fcaa96a4618c', 'name': 'tempest-FloatingIPDetailsNegativeTestJSON-384734837-network', 'tenant_id': '37625ff865764f73a55db178947b7d02', 'project_id': '37625ff865764f73a55db178947b7d02', 'admin_state_up': True, 'mtu': 8950, 'status': 'ACTIVE', 'subnets': [], 'shared': False, 'port_security_enabled': True, 'router:external': False, 'provider:network_type': 'vlan', 'provider:physical_network': 'default', 'provider:segmentation_id': 113, 'availability_zone_hints': [], 'availability_zones': [], 'ipv4_address_scope': None, 'ipv6_address_scope': None, 'description': '', 'tags': [], 'created_at': '2025-11-14T15:48:12Z', 'updated_at': '2025-11-14T15:48:12Z', 'revision_number': 1}, Subnet: {'id': 'e92a3fa6-0c46-490d-9029-fa2f0772e0d2', 'name': 'tempest-FloatingIPDetailsNegativeTestJSON-384734837-subnet', 'tenant_id': '37625ff865764f73a55db178947b7d02', 'network_id': 'a3884131-7e53-4b76-9247-fcaa96a4618c', 'ip_version': 4, 'subnetpool_id': None, 'enable_dhcp': True, 'ipv6_ra_mode': None, 'ipv6_address_mode': None, 'gateway_ip': '192.168.128.1', 'cidr': '192.168.128.0/28', 'allocation_pools': [{'start': '192.168.128.2', 'end': '192.168.128.14'}], 'host_routes': [], 'dns_nameservers': [], 'description': '', 'router:external': False, 'service_types': [], 'tags': [], 'created_at': '2025-11-14T15:48:12Z', 'updated_at': '2025-11-14T15:48:12Z', 'revision_number': 0, 'project_id': '37625ff865764f73a55db178947b7d02'}, Router: {'id': '0eae1907-bdb6-4fdb-b893-1b9e25c4883f', 'name': 'tempest-FloatingIPDetailsNegativeTestJSON-384734837-router', 'tenant_id': '37625ff865764f73a55db178947b7d02', 'admin_state_up': True, 'status': 'ACTIVE', 'external_gateway_info': {'network_id': 'd73dad0e-4241-45f8-a094-99d6aaf64838', 'external_fixed_ips': [{'subnet_id': 'ec14fcfb-5338-4f91-a96e-51f8d91033a0', 'ip_address': '10.180.180.157'}], 'enable_snat': True}, 'description': '', 'availability_zones': [], 'distributed': False, 'ha': False, 'availability_zone_hints': [], 'routes': [], 'flavor_id': None, 'tags': [], 'created_at': '2025-11-14T15:48:12Z', 'updated_at': '2025-11-14T15:48:13Z', 'revision_number': 2, 'project_id': '37625ff865764f73a55db178947b7d02'}
