2025-11-14 15:50:21.083 66089 INFO tempest.lib.common.rest_client [req-0535ce37-27b4-4566-83fa-8f9a606a9027 req-0535ce37-27b4-4566-83fa-8f9a606a9027 ] Request (ListImageFiltersTestJSON:test_list_images_filter_by_server_id): 200 GET http://10.180.1.21/compute/v2.1/images?server=2ab1cd4b-f2c0-4264-8463-8127a733a1c5 2.277s
2025-11-14 15:50:21.149 66133 INFO tempest.lib.common.rest_client [req-15236f60-72e5-4851-be0b-dfa6791739e6 req-15236f60-72e5-4851-be0b-dfa6791739e6 ] Request (ServersNegativeTestJSON:setUpClass): 200 GET http://10.180.1.21/compute/v2.1/servers/ff256d3f-af88-4f01-bdfd-cf89e06ab364 1.843s
2025-11-14 15:50:21.174 66120 INFO tempest.lib.common.rest_client [req-95a986d2-56bf-4e0b-ae7c-fabba1fe6f62 req-95a986d2-56bf-4e0b-ae7c-fabba1fe6f62 ] Request (InstanceActionsV221TestJSON:test_get_list_deleted_instance_actions): 204 DELETE http://10.180.1.21/compute/v2.1/servers/7ed036d1-8188-4aab-9d6d-8d7e46147812 2.123s
2025-11-14 15:50:21.190 66124 WARNING tempest.lib.common.ssh [-] Failed to establish authenticated ssh connection to cirros@10.180.180.182 ([Errno None] Unable to connect to port 22 on 10.180.180.182). Number attempts: 5. Retry after 6 seconds.: paramiko.ssh_exception.NoValidConnectionsError: [Errno None] Unable to connect to port 22 on 10.180.180.182
2025-11-14 15:50:21.206 66103 INFO tempest.lib.common.rest_client [req-f3389c11-50cc-4696-95c5-02003029530d req-f3389c11-50cc-4696-95c5-02003029530d ] Request (ServerDiskConfigTestJSON:test_rebuild_server_with_manual_disk_config): 200 GET http://10.180.1.21/compute/v2.1/servers/a22f589e-7c40-4023-9a4c-9ab2a76faa94 1.834s
2025-11-14 15:50:21.233 66131 INFO tempest.lib.common.rest_client [req-eebb019d-bec5-4b91-a35d-cad2be46f17e req-eebb019d-bec5-4b91-a35d-cad2be46f17e ] Request (ListServersNegativeTestJSON:setUpClass): 200 GET http://10.180.1.21/compute/v2.1/servers/1bda7a65-0231-4753-9762-43e9b13bd893 1.849s
2025-11-14 15:50:21.293 66083 INFO tempest.lib.common.rest_client [req-14f707d3-7c31-4b7d-a078-a67f84a3df6d req-14f707d3-7c31-4b7d-a078-a67f84a3df6d ] Request (ServersAdminTestJSON:test_list_servers_filter_by_error_status): 202 POST http://10.180.1.21/compute/v2.1/servers/ad85eef0-cef7-4900-b193-1737a6c2f17b/action 1.892s
2025-11-14 15:50:21.340 66115 INFO tempest.lib.common.rest_client [req-cee181d0-ccb8-41b6-a170-62bb7c4813c3 req-cee181d0-ccb8-41b6-a170-62bb7c4813c3 ] Request (MigrationsAdminTest:test_resize_server_revert_deleted_flavor): 202 POST http://10.180.1.21/compute/v2.1/servers/9809fc8b-3842-4ce3-bb63-8ea37ee3bf51/action 1.947s
2025-11-14 15:50:21.452 66101 INFO tempest.lib.common.rest_client [req-6fea14d0-0b8e-42ba-b672-96f715e14547 req-6fea14d0-0b8e-42ba-b672-96f715e14547 ] Request (SecurityGroupRulesTestJSON:test_security_group_rules_create_with_optional_group_id): 200 POST http://10.180.1.21/compute/v2.1/os-security-groups 1.847s
2025-11-14 15:50:21.569 66128 INFO tempest.lib.common.rest_client [req-e883ed7d-28bf-495b-893c-cdfa29dc4e0f req-e883ed7d-28bf-495b-893c-cdfa29dc4e0f ] Request (DeleteServersTestJSON:test_delete_server_while_in_attached_volume): 200 GET http://10.180.1.21/volume/v3/volumes/abf7c28d-f540-4663-b4f2-d36b819413f6 0.041s
2025-11-14 15:50:21.702 66121 INFO tempest.lib.common.rest_client [req-245b29bc-4338-4121-80d5-b098bebad58b req-245b29bc-4338-4121-80d5-b098bebad58b ] Request (ServerExternalEventsTest:test_create_server_external_events): 200 GET http://10.180.1.21/compute/v2.1/servers/ca5962fe-3e41-4fae-8860-90fa7278e0fc 1.617s
2025-11-14 15:50:22.607 66128 INFO tempest.lib.common.rest_client [req-949e930e-6940-418f-8b7e-d0c7b933c900 req-949e930e-6940-418f-8b7e-d0c7b933c900 ] Request (DeleteServersTestJSON:test_delete_server_while_in_attached_volume): 200 GET http://10.180.1.21/volume/v3/volumes/abf7c28d-f540-4663-b4f2-d36b819413f6 0.026s
2025-11-14 15:50:22.814 66129 WARNING tempest.lib.common.ssh [-] Failed to establish authenticated ssh connection to cirros@10.180.180.237 ([Errno None] Unable to connect to port 22 on 10.180.180.237). Number attempts: 9. Retry after 10 seconds.: paramiko.ssh_exception.NoValidConnectionsError: [Errno None] Unable to connect to port 22 on 10.180.180.237
2025-11-14 15:50:23.308 66105 INFO tempest.lib.common.rest_client [req-b4b2e917-32dd-494a-8efa-8e49dd0483b5 req-b4b2e917-32dd-494a-8efa-8e49dd0483b5 ] Request (ServersWithSpecificFlavorTestJSON:test_verify_created_server_ephemeral_disk): 200 GET http://10.180.1.21/compute/v2.1/servers/b6cda94b-2894-4cf0-8522-6593df9723bd 3.184s
2025-11-14 15:50:23.313 66141 INFO tempest.lib.common.rest_client [req-cd69bc18-1b43-41e1-9c16-3f8bcc65fb58 req-cd69bc18-1b43-41e1-9c16-3f8bcc65fb58 ] Request (ServersAdminNegativeTestJSON:tearDownClass): 200 GET http://10.180.1.21/compute/v2.1/servers/eec6a484-ab00-402e-a369-c3009065c553 3.056s
2025-11-14 15:50:23.322 66105 INFO tempest.lib.common.ssh [-] Creating ssh connection to '10.180.180.175:22' as 'cirros' with public key authentication
2025-11-14 15:50:23.564 66087 INFO tempest.lib.common.rest_client [req-765405cf-989a-4462-97bd-bddf6bed8f54 req-765405cf-989a-4462-97bd-bddf6bed8f54 ] Request (ImagesOneServerNegativeTestJSON:setUpClass): 200 GET http://10.180.1.21/compute/v2.1/servers/585a3d16-ee0c-4b71-9c0d-17b4bc968d09 3.196s
2025-11-14 15:50:23.578 66087 INFO tempest.common.waiters [-] State transition "BUILD/None" ==> "BUILD/spawning" after 8 second wait
2025-11-14 15:50:23.642 66137 INFO tempest.lib.common.rest_client [req-c56e10f5-bacc-422d-8340-59015560b96a req-c56e10f5-bacc-422d-8340-59015560b96a ] Request (ServersTestMultiNic:test_verify_multiple_nics_order): 200 GET http://10.180.1.21/compute/v2.1/servers/f8d61ded-ddf7-4ec9-88e7-92ffb6934733 3.361s
2025-11-14 15:50:23.652 66137 INFO tempest.common.waiters [-] State transition "BUILD/block_device_mapping" ==> "BUILD/spawning" after 8 second wait
2025-11-14 15:50:23.658 66099 INFO tempest.lib.common.rest_client [req-4d67b140-912e-4bf1-ba7a-923560e52d61 req-4d67b140-912e-4bf1-ba7a-923560e52d61 ] Request (ServerPasswordTestJSON:setUpClass): 200 GET http://10.180.1.21/compute/v2.1/servers/5cefb589-9947-4fc1-89b4-d888f8c8f644 3.211s
2025-11-14 15:50:23.661 66128 INFO tempest.lib.common.rest_client [req-205d5e22-4c61-4651-a26c-025043f0e694 req-205d5e22-4c61-4651-a26c-025043f0e694 ] Request (DeleteServersTestJSON:test_delete_server_while_in_attached_volume): 200 GET http://10.180.1.21/volume/v3/volumes/abf7c28d-f540-4663-b4f2-d36b819413f6 0.047s
2025-11-14 15:50:23.665 66099 INFO tempest.common.waiters [-] State transition "BUILD/None" ==> "BUILD/networking" after 7 second wait
2025-11-14 15:50:23.672 66096 INFO tempest.lib.common.rest_client [req-c5b5ad4a-a8fb-43c4-9428-8b6f11330a03 req-c5b5ad4a-a8fb-43c4-9428-8b6f11330a03 ] Request (KeyPairsV22TestJSON:test_keypairsv22_create_list_show_with_type): 200 GET http://10.180.1.21/compute/v2.1/os-keypairs/tempest-keypair-657370893 2.901s
2025-11-14 15:50:23.703 66111 INFO tempest.lib.common.rest_client [req-7998fed3-5ddc-4a75-800b-5c5a61b4d664 req-7998fed3-5ddc-4a75-800b-5c5a61b4d664 ] Request (VolumesAssistedSnapshotsTest:test_volume_assisted_snapshot_create_delete): 204 DELETE http://10.180.1.21/compute/v2.1/os-assisted-volume-snapshots/None?delete_info=%7B%22volume_id%22%3A+%22b697b167-e710-40c5-8992-c508c36ac340%22%7D 2.705s
2025-11-14 15:50:23.740 66111 INFO tempest.lib.common.rest_client [req-da6af913-e1e6-4322-a2f3-b1b4a28d1746 req-da6af913-e1e6-4322-a2f3-b1b4a28d1746 ] Request (VolumesAssistedSnapshotsTest:_run_cleanups): 200 GET http://10.180.1.21/volume/v3/volumes/b697b167-e710-40c5-8992-c508c36ac340 0.036s
2025-11-14 15:50:23.814 66081 INFO tempest.lib.common.rest_client [req-73a06368-ab72-45b1-97d4-beaa5175564b req-73a06368-ab72-45b1-97d4-beaa5175564b ] Request (SecurityGroupRulesNegativeTestJSON:test_create_security_group_rule_with_invalid_from_port): 400 POST http://10.180.1.21/compute/v2.1/os-security-group-rules 2.738s
2025-11-14 15:50:23.873 66089 INFO tempest.lib.common.rest_client [req-15b3bd21-d1ea-44e2-aea0-837c49991e55 req-15b3bd21-d1ea-44e2-aea0-837c49991e55 ] Request (ListImageFiltersTestJSON:test_list_images_filter_by_server_ref): 200 GET http://10.180.1.21/compute/v2.1/images?server=http%3A%2F%2F10.180.1.21%2Fcompute%2Fv2.1%2Fservers%2F1c598208-a4d0-46b8-9a9c-107353e957b9 2.786s
2025-11-14 15:50:23.942 66109 INFO tempest.lib.common.rest_client [req-7de64968-cc2d-4fb3-a713-863acc77ff38 req-7de64968-cc2d-4fb3-a713-863acc77ff38 ] Request (FloatingIPsAssociationNegativeTestJSON:test_associate_nonexistent_floating_ip): 404 POST http://10.180.1.21/compute/v2.1/servers/8f0bf665-b21b-42ed-816d-69dee2f40654/action 3.268s
2025-11-14 15:50:23.964 66077 INFO tempest.lib.common.rest_client [req-256f2d9a-dcc2-44a8-86bb-dd3203fe7d80 req-256f2d9a-dcc2-44a8-86bb-dd3203fe7d80 ] Request (AttachVolumeNegativeTest:test_attach_attached_volume_to_different_server): 200 GET http://10.180.1.21/compute/v2.1/servers/a57486e1-82e3-48d5-99fe-c89b300a2136 2.805s
2025-11-14 15:50:24.029 66120 INFO tempest.lib.common.rest_client [req-93596271-3000-486c-9a1c-0053fed34f2f req-93596271-3000-486c-9a1c-0053fed34f2f ] Request (InstanceActionsV221TestJSON:test_get_list_deleted_instance_actions): 200 GET http://10.180.1.21/compute/v2.1/servers/7ed036d1-8188-4aab-9d6d-8d7e46147812 2.854s
2025-11-14 15:50:24.104 66083 INFO tempest.lib.common.rest_client [req-bc35a2e1-98c3-4acb-a549-69c06d214a40 req-bc35a2e1-98c3-4acb-a549-69c06d214a40 ] Request (ServersAdminTestJSON:test_list_servers_filter_by_error_status): 200 GET http://10.180.1.21/compute/v2.1/servers?status=error 2.810s
2025-11-14 15:50:24.186 66091 INFO tempest.lib.common.rest_client [req-b9236cd2-4fe9-482b-9a36-e6c5501d4668 req-b9236cd2-4fe9-482b-9a36-e6c5501d4668 ] Request (ServersNegativeTestMultiTenantJSON:tearDownClass): 200 GET http://10.180.1.21/compute/v2.1/servers/34008711-b51b-467b-b972-bfda1023d696 2.832s
2025-11-14 15:50:24.193 66115 INFO tempest.lib.common.rest_client [req-0ad05af7-f606-4559-b6ab-17d09ca1d06f req-0ad05af7-f606-4559-b6ab-17d09ca1d06f ] Request (MigrationsAdminTest:test_resize_server_revert_deleted_flavor): 200 GET http://10.180.1.21/compute/v2.1/servers/9809fc8b-3842-4ce3-bb63-8ea37ee3bf51 2.853s
2025-11-14 15:50:24.196 66091 INFO tempest.common.waiters [-] State transition "ACTIVE/deleting" ==> "DELETED/None" after 4 second wait
2025-11-14 15:50:24.257 66108 INFO tempest.lib.common.rest_client [req-2682292a-832c-4911-8d49-6f551b9c12f9 req-2682292a-832c-4911-8d49-6f551b9c12f9 ] Request (FloatingIPsAssociationTestJSON:test_associate_already_associated_floating_ip): 200 GET http://10.180.1.21/compute/v2.1/servers/ea69b3a2-9de2-4cc1-87f6-9b00f2a8cbb4 2.585s
2025-11-14 15:50:24.367 66079 INFO tempest.lib.common.rest_client [req-1eeec17a-4184-4b9e-85e4-9c472a16bb96 req-1eeec17a-4184-4b9e-85e4-9c472a16bb96 ] Request (InstanceActionsTestJSON:test_list_instance_actions): 200 GET http://10.180.1.21/compute/v2.1/servers/75578ccd-2b34-4948-9afa-ac94e9fd8b4b 2.456s
2025-11-14 15:50:24.376 66079 INFO tempest.common.waiters [-] State transition "HARD_REBOOT/rebooting_hard" ==> "HARD_REBOOT/reboot_started_hard" after 4 second wait
2025-11-14 15:50:24.387 66101 INFO tempest.lib.common.rest_client [req-e78aa7cd-9af5-4619-9304-7174327e9bd8 req-e78aa7cd-9af5-4619-9304-7174327e9bd8 ] Request (SecurityGroupRulesTestJSON:test_security_group_rules_create_with_optional_group_id): 200 POST http://10.180.1.21/compute/v2.1/os-security-group-rules 2.932s
2025-11-14 15:50:24.389 66101 WARNING tempest.lib.common.rest_client [-] Deprecated: "tenant_id" property is deprecated for removal, use "project_id" instead
2025-11-14 15:50:24.426 66133 INFO tempest.lib.common.rest_client [req-3db772ca-f78b-45a7-b38c-73229a0c66ae req-3db772ca-f78b-45a7-b38c-73229a0c66ae ] Request (ServersNegativeTestJSON:setUpClass): 200 GET http://10.180.1.21/compute/v2.1/servers/ff256d3f-af88-4f01-bdfd-cf89e06ab364 2.268s
2025-11-14 15:50:24.443 66103 INFO tempest.lib.common.rest_client [req-13f76d45-50b4-4e08-8b12-cdd3d6724f7b req-13f76d45-50b4-4e08-8b12-cdd3d6724f7b ] Request (ServerDiskConfigTestJSON:test_rebuild_server_with_manual_disk_config): 200 GET http://10.180.1.21/compute/v2.1/servers/a22f589e-7c40-4023-9a4c-9ab2a76faa94 2.228s
2025-11-14 15:50:24.491 66131 INFO tempest.lib.common.rest_client [req-26489f87-9443-4c5c-88a6-babce9454492 req-26489f87-9443-4c5c-88a6-babce9454492 ] Request (ListServersNegativeTestJSON:setUpClass): 200 GET http://10.180.1.21/compute/v2.1/servers/1bda7a65-0231-4753-9762-43e9b13bd893 2.248s
2025-11-14 15:50:24.523 66096 INFO tempest.lib.common.rest_client [req-e347df92-d83c-4662-861c-1aca965e11fc req-e347df92-d83c-4662-861c-1aca965e11fc ] Request (KeyPairsV22TestJSON:test_keypairsv22_create_list_show_with_type): 200 GET http://10.180.1.21/compute/v2.1/os-keypairs 0.847s
2025-11-14 15:50:24.660 66121 INFO tempest.lib.common.rest_client [req-1b56a32f-d84b-46dc-bc67-dd39ec40eaff req-1b56a32f-d84b-46dc-bc67-dd39ec40eaff ] Request (ServerExternalEventsTest:test_create_server_external_events): 200 GET http://10.180.1.21/compute/v2.1/servers/ca5962fe-3e41-4fae-8860-90fa7278e0fc 1.948s
2025-11-14 15:50:24.665 66081 INFO tempest.lib.common.rest_client [req-19f8d8db-1d94-4ae5-8a95-aef995cae419 req-19f8d8db-1d94-4ae5-8a95-aef995cae419 ] Request (SecurityGroupRulesNegativeTestJSON:test_create_security_group_rule_with_invalid_id): 400 POST http://10.180.1.21/compute/v2.1/os-security-group-rules 0.849s
2025-11-14 15:50:24.720 66128 INFO tempest.lib.common.rest_client [req-78e24d0f-0bda-40ea-baad-ac5b241a59b9 req-78e24d0f-0bda-40ea-baad-ac5b241a59b9 ] Request (DeleteServersTestJSON:test_delete_server_while_in_attached_volume): 200 GET http://10.180.1.21/volume/v3/volumes/abf7c28d-f540-4663-b4f2-d36b819413f6 0.045s
2025-11-14 15:50:24.732 66111 INFO tempest.lib.common.rest_client [req-4fff8f2b-9636-40c7-8d46-1c7dc7b777de req-4fff8f2b-9636-40c7-8d46-1c7dc7b777de ] Request (VolumesAssistedSnapshotsTest:_run_cleanups): 202 DELETE http://10.180.1.21/compute/v2.1/servers/db942a2d-671b-4036-a80b-d2375145cd29/os-volume_attachments/b697b167-e710-40c5-8992-c508c36ac340 0.984s
2025-11-14 15:50:24.740 66089 INFO tempest.lib.common.rest_client [req-be55c450-71bf-4633-940d-cce080427749 req-be55c450-71bf-4633-940d-cce080427749 ] Request (ListImageFiltersTestJSON:test_list_images_filter_by_server_ref): 200 GET http://10.180.1.21/compute/v2.1/images?server=http%3A%2F%2F10.180.1.21%2Fcompute%2Fservers%2F1c598208-a4d0-46b8-9a9c-107353e957b9 0.865s
2025-11-14 15:50:24.798 66083 INFO tempest.lib.common.rest_client [req-6d413b29-3606-429a-943c-53a36a554a1a req-6d413b29-3606-429a-943c-53a36a554a1a ] Request (ServersAdminTestJSON:test_list_servers_filter_by_error_status): 202 POST http://10.180.1.21/compute/v2.1/servers/ad85eef0-cef7-4900-b193-1737a6c2f17b/action 0.690s
2025-11-14 15:50:24.798 66109 INFO tempest.lib.common.rest_client [req-0ee609d2-45fc-4eda-a25a-690f0c931e37 req-0ee609d2-45fc-4eda-a25a-690f0c931e37 ] Request (FloatingIPsAssociationNegativeTestJSON:test_dissociate_nonexistent_floating_ip): 404 POST http://10.180.1.21/compute/v2.1/servers/8f0bf665-b21b-42ed-816d-69dee2f40654/action 0.855s
2025-11-14 15:50:24.981 66101 INFO tempest.lib.common.rest_client [req-a30dc092-3b96-49ea-8536-b2c8d57df409 req-a30dc092-3b96-49ea-8536-b2c8d57df409 ] Request (SecurityGroupRulesTestJSON:test_security_group_rules_delete_when_peer_group_deleted): 200 POST http://10.180.1.21/compute/v2.1/os-security-groups 0.588s
2025-11-14 15:50:25.002 66096 INFO tempest.lib.common.rest_client [req-8285a3cb-1fd8-432f-8b98-9daede027ffd req-8285a3cb-1fd8-432f-8b98-9daede027ffd ] Request (KeyPairsV22TestJSON:_run_cleanups): 204 DELETE http://10.180.1.21/compute/v2.1/os-keypairs/tempest-keypair-657370893 0.477s
2025-11-14 15:50:25.016 66141 INFO tempest.lib.common.rest_client [req-2a19733c-9a5a-4f1c-9c3f-05c47ed94cce req-2a19733c-9a5a-4f1c-9c3f-05c47ed94cce ] Request (ServersAdminNegativeTestJSON:tearDownClass): 200 GET http://10.180.1.21/compute/v2.1/servers/eec6a484-ab00-402e-a369-c3009065c553 0.694s
2025-11-14 15:50:25.160 66096 INFO tempest.lib.common.rest_client [req-a8cfa409-76b6-422b-a55b-2f3c1bfa9670 req-a8cfa409-76b6-422b-a55b-2f3c1bfa9670 ] Request (KeyPairsV22TestJSON:tearDownClass): 204 DELETE http://10.180.1.21/identity/v3/users/cf66021bb36a487a8b91f28a1d8a714a 0.156s
2025-11-14 15:50:25.161 66096 INFO tempest.lib.common.dynamic_creds [-] Deleting project and security group for project: 382d671da173425b871459b1737b84be
2025-11-14 15:50:25.238 66096 INFO tempest.lib.common.rest_client [req-2828dff1-3c6c-4e01-8218-5720e7c91782 req-2828dff1-3c6c-4e01-8218-5720e7c91782 ] Request (KeyPairsV22TestJSON:tearDownClass): 201 POST http://10.180.1.21/identity/v3/auth/tokens 0.077s
2025-11-14 15:50:25.372 66087 INFO tempest.lib.common.rest_client [req-9daf3e91-6bdb-4568-8297-6b39ec6ce711 req-9daf3e91-6bdb-4568-8297-6b39ec6ce711 ] Request (ImagesOneServerNegativeTestJSON:setUpClass): 200 GET http://10.180.1.21/compute/v2.1/servers/585a3d16-ee0c-4b71-9c0d-17b4bc968d09 0.792s
2025-11-14 15:50:25.515 66096 INFO tempest.lib.common.rest_client [req-fe4a7c92-e250-4994-948f-7f7406e6803b req-fe4a7c92-e250-4994-948f-7f7406e6803b ] Request (KeyPairsV22TestJSON:tearDownClass): 200 GET http://10.180.1.21/networking/v2.0/security-groups?tenant_id=382d671da173425b871459b1737b84be&name=default 0.276s
2025-11-14 15:50:25.542 66137 INFO tempest.lib.common.rest_client [req-ddb8603c-f783-4bbd-bf15-3b0be1fd3644 req-ddb8603c-f783-4bbd-bf15-3b0be1fd3644 ] Request (ServersTestMultiNic:test_verify_multiple_nics_order): 200 GET http://10.180.1.21/compute/v2.1/servers/f8d61ded-ddf7-4ec9-88e7-92ffb6934733 0.888s
2025-11-14 15:50:25.684 66096 INFO tempest.lib.common.rest_client [req-109d2fea-4891-4fd6-a842-86e90298afab req-109d2fea-4891-4fd6-a842-86e90298afab ] Request (KeyPairsV22TestJSON:tearDownClass): 204 DELETE http://10.180.1.21/networking/v2.0/security-groups/4997558b-fac0-460d-a77f-2186883ecb57 0.168s
2025-11-14 15:50:25.724 66117 WARNING tempest.lib.common.ssh [-] Failed to establish authenticated ssh connection to cirros@10.180.180.144 ([Errno None] Unable to connect to port 22 on 10.180.180.144). Number attempts: 6. Retry after 7 seconds.: paramiko.ssh_exception.NoValidConnectionsError: [Errno None] Unable to connect to port 22 on 10.180.180.144
2025-11-14 15:50:25.764 66096 INFO tempest.lib.common.rest_client [req-c5971376-3c17-4520-b69e-e7d96fab8fda req-c5971376-3c17-4520-b69e-e7d96fab8fda ] Request (KeyPairsV22TestJSON:tearDownClass): 204 DELETE http://10.180.1.21/identity/v3/projects/382d671da173425b871459b1737b84be 0.080s
2025-11-14 15:50:25.772 66128 INFO tempest.lib.common.rest_client [req-97d4ab14-da19-4c66-8061-1e64b8f274f8 req-97d4ab14-da19-4c66-8061-1e64b8f274f8 ] Request (DeleteServersTestJSON:test_delete_server_while_in_attached_volume): 200 GET http://10.180.1.21/volume/v3/volumes/abf7c28d-f540-4663-b4f2-d36b819413f6 0.043s
2025-11-14 15:50:25.779 66081 INFO tempest.lib.common.rest_client [req-63ae43fc-10f5-4fbd-8966-683ab059c6a6 req-63ae43fc-10f5-4fbd-8966-683ab059c6a6 ] Request (SecurityGroupRulesNegativeTestJSON:test_create_security_group_rule_with_invalid_ip_protocol): 200 POST http://10.180.1.21/compute/v2.1/os-security-groups 1.111s
2025-11-14 15:50:25.779 66128 INFO tempest.common.waiters [-] Attachment 6d158c0b-5e7b-4eb2-8849-9af93e835471 created for volume abf7c28d-f540-4663-b4f2-d36b819413f6 to server 9acbc312-a3a2-4758-87cd-5576c4f1f8dc after waiting for 8.779766 seconds
2025-11-14 15:50:25.811 66128 INFO tempest.lib.common.rest_client [req-407464dc-cdb3-46db-8cc5-b2464eff2935 req-407464dc-cdb3-46db-8cc5-b2464eff2935 ] Request (DeleteServersTestJSON:test_delete_server_while_in_attached_volume): 200 GET http://10.180.1.21/volume/v3/volumes/abf7c28d-f540-4663-b4f2-d36b819413f6 0.031s
2025-11-14 15:50:25.822 66128 INFO tempest.common.waiters [-] volume abf7c28d-f540-4663-b4f2-d36b819413f6 reached in-use after waiting for 0.822834 seconds
2025-11-14 15:50:25.836 66111 INFO tempest.lib.common.rest_client [req-afe30d7c-f656-4e36-9fb5-e97de5743783 req-afe30d7c-f656-4e36-9fb5-e97de5743783 ] Request (VolumesAssistedSnapshotsTest:_run_cleanups): 200 GET http://10.180.1.21/compute/v2.1/servers/db942a2d-671b-4036-a80b-d2375145cd29/os-volume_attachments 1.099s
2025-11-14 15:50:25.843 66096 INFO tempest.lib.common.rest_client [req-fea291f7-3723-4229-b9c8-bb23a3cadbad req-fea291f7-3723-4229-b9c8-bb23a3cadbad ] Request (MultipleCreateTestJSON:setUpClass): 201 POST http://10.180.1.21/identity/v3/auth/tokens 0.077s
2025-11-14 15:50:25.887 66096 INFO tempest.lib.common.rest_client [req-8e48853c-d096-4632-b96c-9a41d9d4e346 req-8e48853c-d096-4632-b96c-9a41d9d4e346 ] Request (MultipleCreateTestJSON:setUpClass): 201 POST http://10.180.1.21/identity/v3/auth/tokens 0.040s
2025-11-14 15:50:25.917 66096 INFO tempest.lib.common.rest_client [req-c428ef16-c56c-464e-94ae-fefafa7283b7 req-c428ef16-c56c-464e-94ae-fefafa7283b7 ] Request (MultipleCreateTestJSON:setUpClass): 200 GET http://10.180.1.21/identity/v3/domains?name=Default 0.030s
2025-11-14 15:50:25.919 66089 INFO tempest.lib.common.rest_client [req-2b303701-32f1-4866-b7ec-ea5691e355f8 req-2b303701-32f1-4866-b7ec-ea5691e355f8 ] Request (ListImageFiltersTestJSON:test_list_images_filter_by_status): 200 GET http://10.180.1.21/compute/v2.1/images?status=ACTIVE 1.176s
2025-11-14 15:50:25.931 66099 INFO tempest.lib.common.rest_client [req-fa90b160-fb67-4a9d-879a-1e612888c657 req-fa90b160-fb67-4a9d-879a-1e612888c657 ] Request (ServerPasswordTestJSON:setUpClass): 200 GET http://10.180.1.21/compute/v2.1/servers/5cefb589-9947-4fc1-89b4-d888f8c8f644 1.265s
2025-11-14 15:50:25.939 66099 INFO tempest.common.waiters [-] State transition "BUILD/networking" ==> "BUILD/spawning" after 9 second wait
2025-11-14 15:50:25.967 66096 INFO tempest.lib.common.rest_client [req-a6de5a6d-8367-417d-aab8-cce2a29b7e7f req-a6de5a6d-8367-417d-aab8-cce2a29b7e7f ] Request (MultipleCreateTestJSON:setUpClass): 201 POST http://10.180.1.21/identity/v3/projects 0.048s
2025-11-14 15:50:26.041 66109 INFO tempest.lib.common.rest_client [req-b3c610cc-f787-44ee-937e-98909cfe7fbc req-b3c610cc-f787-44ee-937e-98909cfe7fbc ] Request (FloatingIPsAssociationNegativeTestJSON:tearDownClass): 204 DELETE http://10.180.1.21/compute/v2.1/servers/8f0bf665-b21b-42ed-816d-69dee2f40654 1.240s
2025-11-14 15:50:26.043 66096 INFO tempest.lib.common.rest_client [req-97a79119-548f-4770-940b-ddaa8acd0bb2 req-97a79119-548f-4770-940b-ddaa8acd0bb2 ] Request (MultipleCreateTestJSON:setUpClass): 201 POST http://10.180.1.21/identity/v3/users 0.076s
2025-11-14 15:50:26.074 66096 INFO tempest.lib.common.rest_client [req-20e9b75c-ac30-4e91-882d-0abf4fc15a6e req-20e9b75c-ac30-4e91-882d-0abf4fc15a6e ] Request (MultipleCreateTestJSON:setUpClass): 200 GET http://10.180.1.21/identity/v3/roles 0.030s
2025-11-14 15:50:26.103 66096 INFO tempest.lib.common.rest_client [req-2ba0cf5c-9825-4ec0-8820-7ea1a0ee7688 req-2ba0cf5c-9825-4ec0-8820-7ea1a0ee7688 ] Request (MultipleCreateTestJSON:setUpClass): 204 PUT http://10.180.1.21/identity/v3/projects/81064933e6fe4abf9c18f13d18c58037/users/ffa6631776ba4f168d3d2a0168b858e1/roles/b0f576b11492432bbdcef3e12cef3531 0.028s
2025-11-14 15:50:26.103 66096 INFO tempest.lib.common.dynamic_creds [-] Dynamic test user ffa6631776ba4f168d3d2a0168b858e1 is created with scope project and roles: ['member']
2025-11-14 15:50:26.103 66096 INFO tempest.lib.common.dynamic_creds [-] Acquired dynamic creds: credentials: Credentials: {'domain_id': 'default', 'domain_name': 'Default', 'username': 'tempest-MultipleCreateTestJSON-1754149764-project-member', 'project_domain_id': 'default', 'project_domain_name': 'Default', 'project_id': '81064933e6fe4abf9c18f13d18c58037', 'project_name': 'tempest-MultipleCreateTestJSON-1754149764', 'tenant_id': '81064933e6fe4abf9c18f13d18c58037', 'tenant_name': 'tempest-MultipleCreateTestJSON-1754149764', 'user_domain_id': 'default', 'user_domain_name': 'Default', 'user_id': 'ffa6631776ba4f168d3d2a0168b858e1', 'system': None}, Network: None, Subnet: None, Router: None
2025-11-14 15:50:26.111 66083 INFO tempest.lib.common.rest_client [req-50bfa415-c94d-43f4-ba9e-644c378deef9 req-50bfa415-c94d-43f4-ba9e-644c378deef9 ] Request (ServersAdminTestJSON:test_list_servers_filter_by_error_status): 200 GET http://10.180.1.21/compute/v2.1/servers/ad85eef0-cef7-4900-b193-1737a6c2f17b 1.312s
2025-11-14 15:50:26.123 66077 INFO tempest.lib.common.rest_client [req-fdbb645f-1a12-42ce-b7c5-c932ab8ff5bb req-fdbb645f-1a12-42ce-b7c5-c932ab8ff5bb ] Request (AttachVolumeNegativeTest:test_attach_attached_volume_to_different_server): 200 GET http://10.180.1.21/compute/v2.1/servers/a57486e1-82e3-48d5-99fe-c89b300a2136 1.150s
2025-11-14 15:50:26.170 66096 INFO tempest.lib.common.rest_client [req-8bccc688-2db9-48d6-9540-3f98c0c14d1e req-8bccc688-2db9-48d6-9540-3f98c0c14d1e ] Request (MultipleCreateTestJSON:setUpClass): 201 POST http://10.180.1.21/identity/v3/auth/tokens 0.066s
2025-11-14 15:50:26.247 66101 INFO tempest.lib.common.rest_client [req-a3f970e5-a6bb-414e-8253-63f961eef71f req-a3f970e5-a6bb-414e-8253-63f961eef71f ] Request (SecurityGroupRulesTestJSON:test_security_group_rules_delete_when_peer_group_deleted): 200 POST http://10.180.1.21/compute/v2.1/os-security-groups 1.262s
2025-11-14 15:50:26.291 66120 INFO tempest.lib.common.rest_client [req-7f4c96e2-9fa1-4513-878a-1cb33ef24f32 req-7f4c96e2-9fa1-4513-878a-1cb33ef24f32 ] Request (InstanceActionsV221TestJSON:test_get_list_deleted_instance_actions): 200 GET http://10.180.1.21/compute/v2.1/servers/7ed036d1-8188-4aab-9d6d-8d7e46147812 1.248s
2025-11-14 15:50:26.300 66120 INFO tempest.common.waiters [-] State transition "ACTIVE/deleting" ==> "DELETED/None" after 2 second wait
2025-11-14 15:50:26.429 66105 WARNING tempest.lib.common.ssh [-] Failed to establish authenticated ssh connection to cirros@10.180.180.175 ([Errno None] Unable to connect to port 22 on 10.180.180.175). Number attempts: 1. Retry after 2 seconds.: paramiko.ssh_exception.NoValidConnectionsError: [Errno None] Unable to connect to port 22 on 10.180.180.175
2025-11-14 15:50:26.525 66096 INFO tempest.lib.common.rest_client [req-5b99d5cc-e5c8-492e-9bf8-ea9a5ff03be7 req-5b99d5cc-e5c8-492e-9bf8-ea9a5ff03be7 ] Request (MultipleCreateTestJSON:setUpClass): 201 POST http://10.180.1.21/networking/v2.0/networks 0.355s
2025-11-14 15:50:26.552 66091 INFO tempest.lib.common.rest_client [req-151b6298-1f51-48a9-a24c-8c01a364ec2c req-151b6298-1f51-48a9-a24c-8c01a364ec2c ] Request (ServersNegativeTestMultiTenantJSON:tearDownClass): 200 GET http://10.180.1.21/compute/v2.1/servers/34008711-b51b-467b-b972-bfda1023d696 1.354s
2025-11-14 15:50:26.671 66108 INFO tempest.lib.common.rest_client [req-66ec6ea0-07d6-4f57-a81d-ae0b796d19af req-66ec6ea0-07d6-4f57-a81d-ae0b796d19af ] Request (FloatingIPsAssociationTestJSON:test_associate_already_associated_floating_ip): 200 GET http://10.180.1.21/compute/v2.1/servers/ea69b3a2-9de2-4cc1-87f6-9b00f2a8cbb4 1.399s
2025-11-14 15:50:26.680 66108 INFO tempest.common.waiters [-] State transition "BUILD/None" ==> "BUILD/networking" after 9 second wait
2025-11-14 15:50:26.775 66115 INFO tempest.lib.common.rest_client [req-eba005e7-1b7f-4a93-b07b-e653e65eea51 req-eba005e7-1b7f-4a93-b07b-e653e65eea51 ] Request (MigrationsAdminTest:test_resize_server_revert_deleted_flavor): 200 GET http://10.180.1.21/compute/v2.1/servers/9809fc8b-3842-4ce3-bb63-8ea37ee3bf51 1.571s
2025-11-14 15:50:26.816 66096 INFO tempest.lib.common.rest_client [req-681ee987-3b6f-4a13-9667-8b46c4493ee3 req-681ee987-3b6f-4a13-9667-8b46c4493ee3 ] Request (MultipleCreateTestJSON:setUpClass): 201 POST http://10.180.1.21/networking/v2.0/subnets 0.290s
2025-11-14 15:50:26.920 66133 INFO tempest.lib.common.rest_client [req-7ebd23a0-cc52-498c-9bd7-7b0a6958071a req-7ebd23a0-cc52-498c-9bd7-7b0a6958071a ] Request (ServersNegativeTestJSON:setUpClass): 200 GET http://10.180.1.21/compute/v2.1/servers/ff256d3f-af88-4f01-bdfd-cf89e06ab364 1.482s
2025-11-14 15:50:27.007 66079 INFO tempest.lib.common.rest_client [req-8b2426b8-4771-4fdb-8604-a4b5b11f2e2c req-8b2426b8-4771-4fdb-8604-a4b5b11f2e2c ] Request (InstanceActionsTestJSON:test_list_instance_actions): 200 GET http://10.180.1.21/compute/v2.1/servers/75578ccd-2b34-4948-9afa-ac94e9fd8b4b 1.630s
2025-11-14 15:50:27.015 66079 INFO tempest.common.waiters [-] State transition "HARD_REBOOT/reboot_started_hard" ==> "ACTIVE/None" after 7 second wait
2025-11-14 15:50:27.026 66103 INFO tempest.lib.common.rest_client [req-98af28a2-c661-4cc9-bb87-006adf72fec6 req-98af28a2-c661-4cc9-bb87-006adf72fec6 ] Request (ServerDiskConfigTestJSON:test_rebuild_server_with_manual_disk_config): 200 GET http://10.180.1.21/compute/v2.1/servers/a22f589e-7c40-4023-9a4c-9ab2a76faa94 1.571s
2025-11-14 15:50:27.354 66131 INFO tempest.lib.common.rest_client [req-858d4b44-f75a-445d-8142-a6f85de09996 req-858d4b44-f75a-445d-8142-a6f85de09996 ] Request (ListServersNegativeTestJSON:setUpClass): 200 GET http://10.180.1.21/compute/v2.1/servers/1bda7a65-0231-4753-9762-43e9b13bd893 1.850s
2025-11-14 15:50:27.623 66096 INFO tempest.lib.common.rest_client [req-11a4458c-bf68-4b19-a29c-bcb1e0388d1d req-11a4458c-bf68-4b19-a29c-bcb1e0388d1d ] Request (MultipleCreateTestJSON:setUpClass): 201 POST http://10.180.1.21/networking/v2.0/routers 0.806s
2025-11-14 15:50:27.646 66081 INFO tempest.lib.common.rest_client [req-7ec7d191-f60c-4cc4-b2f2-ae7466b40b4d req-7ec7d191-f60c-4cc4-b2f2-ae7466b40b4d ] Request (SecurityGroupRulesNegativeTestJSON:test_create_security_group_rule_with_invalid_ip_protocol): 400 POST http://10.180.1.21/compute/v2.1/os-security-group-rules 1.864s
2025-11-14 15:50:27.690 66121 INFO tempest.lib.common.rest_client [req-098ba034-a12e-4041-b26f-acf1a2fdc3ca req-098ba034-a12e-4041-b26f-acf1a2fdc3ca ] Request (ServerExternalEventsTest:test_create_server_external_events): 200 GET http://10.180.1.21/compute/v2.1/servers/ca5962fe-3e41-4fae-8860-90fa7278e0fc 2.022s
2025-11-14 15:50:27.701 66124 INFO paramiko.transport [-] Connected (version 2.0, client dropbear_2020.81)
2025-11-14 15:50:27.754 66128 INFO tempest.lib.common.rest_client [req-8000b3b1-1336-401a-98d5-870d216078c5 req-8000b3b1-1336-401a-98d5-870d216078c5 ] Request (DeleteServersTestJSON:test_delete_server_while_in_attached_volume): 204 DELETE http://10.180.1.21/compute/v2.1/servers/9acbc312-a3a2-4758-87cd-5576c4f1f8dc 1.931s
2025-11-14 15:50:27.765 66089 INFO tempest.lib.common.rest_client [req-776af90a-1960-4351-ba58-d5bf0c962426 req-776af90a-1960-4351-ba58-d5bf0c962426 ] Request (ListImageFiltersTestJSON:test_list_images_filter_by_type): 200 GET http://10.180.1.21/compute/v2.1/images?type=snapshot 1.841s
2025-11-14 15:50:27.810 66124 INFO paramiko.transport [-] Authentication (publickey) successful!
2025-11-14 15:50:27.810 66124 INFO tempest.lib.common.ssh [-] ssh connection to cirros@10.180.180.182 successfully created
2025-11-14 15:50:28.693 66096 INFO tempest.lib.common.rest_client [req-3c481c1b-feb3-4ffe-b33a-5d42e68f5b89 req-3c481c1b-feb3-4ffe-b33a-5d42e68f5b89 ] Request (MultipleCreateTestJSON:setUpClass): 200 PUT http://10.180.1.21/networking/v2.0/routers/8247de14-fc7c-44a2-acf6-5171a826e6db/add_router_interface 1.069s
2025-11-14 15:50:28.693 66096 INFO tempest.lib.common.dynamic_creds [-] Created isolated network resources for: credentials: Credentials: {'domain_id': 'default', 'domain_name': 'Default', 'username': 'tempest-MultipleCreateTestJSON-1754149764-project-member', 'project_domain_id': 'default', 'project_domain_name': 'Default', 'project_id': '81064933e6fe4abf9c18f13d18c58037', 'project_name': 'tempest-MultipleCreateTestJSON-1754149764', 'tenant_id': '81064933e6fe4abf9c18f13d18c58037', 'tenant_name': 'tempest-MultipleCreateTestJSON-1754149764', 'user_domain_id': 'default', 'user_domain_name': 'Default', 'user_id': 'ffa6631776ba4f168d3d2a0168b858e1', 'system': None}, Network: {'id': '1f570b57-1d81-401e-860f-08e71eec4971', 'name': 'tempest-MultipleCreateTestJSON-998795973-network', 'tenant_id': '81064933e6fe4abf9c18f13d18c58037', 'project_id': '81064933e6fe4abf9c18f13d18c58037', 'admin_state_up': True, 'mtu': 8950, 'status': 'ACTIVE', 'subnets': [], 'shared': False, 'port_security_enabled': True, 'router:external': False, 'provider:network_type': 'vlan', 'provider:physical_network': 'default', 'provider:segmentation_id': 815, 'availability_zone_hints': [], 'availability_zones': [], 'ipv4_address_scope': None, 'ipv6_address_scope': None, 'description': '', 'tags': [], 'created_at': '2025-11-14T15:50:26Z', 'updated_at': '2025-11-14T15:50:26Z', 'revision_number': 1}, Subnet: {'id': 'e443c906-0819-4226-8922-9763332f084c', 'name': 'tempest-MultipleCreateTestJSON-998795973-subnet', 'tenant_id': '81064933e6fe4abf9c18f13d18c58037', 'network_id': '1f570b57-1d81-401e-860f-08e71eec4971', 'ip_version': 4, 'subnetpool_id': None, 'enable_dhcp': True, 'ipv6_ra_mode': None, 'ipv6_address_mode': None, 'gateway_ip': '192.168.128.1', 'cidr': '192.168.128.0/28', 'allocation_pools': [{'start': '192.168.128.2', 'end': '192.168.128.14'}], 'host_routes': [], 'dns_nameservers': [], 'description': '', 'router:external': False, 'service_types': [], 'tags': [], 'created_at': '2025-11-14T15:50:26Z', 'updated_at': '2025-11-14T15:50:26Z', 'revision_number': 0, 'project_id': '81064933e6fe4abf9c18f13d18c58037'}, Router: {'id': '8247de14-fc7c-44a2-acf6-5171a826e6db', 'name': 'tempest-MultipleCreateTestJSON-998795973-router', 'tenant_id': '81064933e6fe4abf9c18f13d18c58037', 'admin_state_up': True, 'status': 'ACTIVE', 'external_gateway_info': {'network_id': 'd73dad0e-4241-45f8-a094-99d6aaf64838', 'external_fixed_ips': [{'subnet_id': 'ec14fcfb-5338-4f91-a96e-51f8d91033a0', 'ip_address': '10.180.180.236'}], 'enable_snat': True}, 'description': '', 'availability_zones': [], 'distributed': False, 'ha': False, 'availability_zone_hints': [], 'routes': [], 'flavor_id': None, 'tags': [], 'created_at': '2025-11-14T15:50:26Z', 'updated_at': '2025-11-14T15:50:27Z', 'revision_number': 2, 'project_id': '81064933e6fe4abf9c18f13d18c58037'}
2025-11-14 15:50:28.851 66096 INFO tempest.lib.common.rest_client [req-d63fe54d-eb26-4f1b-8034-3b45457bf4fe req-d63fe54d-eb26-4f1b-8034-3b45457bf4fe ] Request (MultipleCreateTestJSON:setUpClass): 201 POST http://10.180.1.21/identity/v3/auth/tokens 0.154s
2025-11-14 15:50:28.864 66141 INFO tempest.lib.common.rest_client [req-9538a095-74ac-4c10-b168-f3f94822fe03 req-9538a095-74ac-4c10-b168-f3f94822fe03 ] Request (ServersAdminNegativeTestJSON:tearDownClass): 200 GET http://10.180.1.21/compute/v2.1/servers/eec6a484-ab00-402e-a369-c3009065c553 2.840s
2025-11-14 15:50:28.921 66096 INFO tempest.lib.common.rest_client [req-251982d4-7262-4b3b-bc56-c9ab45eb1cc8 req-251982d4-7262-4b3b-bc56-c9ab45eb1cc8 ] Request (MultipleCreateTestJSON:test_multiple_create): 201 POST http://10.180.1.21/identity/v3/auth/tokens 0.066s
2025-11-14 15:50:28.922 66096 INFO tempest.lib.common.fixed_network [-] (MultipleCreateTestJSON:test_multiple_create) Found network {'id': '1f570b57-1d81-401e-860f-08e71eec4971', 'name': 'tempest-MultipleCreateTestJSON-998795973-network', 'tenant_id': '81064933e6fe4abf9c18f13d18c58037', 'project_id': '81064933e6fe4abf9c18f13d18c58037', 'admin_state_up': True, 'mtu': 8950, 'status': 'ACTIVE', 'subnets': [], 'shared': False, 'port_security_enabled': True, 'router:external': False, 'provider:network_type': 'vlan', 'provider:physical_network': 'default', 'provider:segmentation_id': 815, 'availability_zone_hints': [], 'availability_zones': [], 'ipv4_address_scope': None, 'ipv6_address_scope': None, 'description': '', 'tags': [], 'created_at': '2025-11-14T15:50:26Z', 'updated_at': '2025-11-14T15:50:26Z', 'revision_number': 1} available for tenant
2025-11-14 15:50:29.016 66109 INFO tempest.lib.common.rest_client [req-c774a6be-4521-46b9-8b26-c06bb7835cb8 req-c774a6be-4521-46b9-8b26-c06bb7835cb8 ] Request (FloatingIPsAssociationNegativeTestJSON:tearDownClass): 200 GET http://10.180.1.21/compute/v2.1/servers/8f0bf665-b21b-42ed-816d-69dee2f40654 2.974s
2025-11-14 15:50:29.296 66083 INFO tempest.lib.common.rest_client [req-584bb623-f64e-4468-af6e-734493847ee0 req-584bb623-f64e-4468-af6e-734493847ee0 ] Request (ServersAdminTestJSON:test_list_servers_filter_by_exist_host): 200 GET http://10.180.1.21/compute/v2.1/servers/ad85eef0-cef7-4900-b193-1737a6c2f17b 3.177s
2025-11-14 15:50:29.473 66101 INFO tempest.lib.common.rest_client [req-b881d561-1df2-4b4f-b624-605ed131c5a7 req-b881d561-1df2-4b4f-b624-605ed131c5a7 ] Request (SecurityGroupRulesTestJSON:test_security_group_rules_delete_when_peer_group_deleted): 200 POST http://10.180.1.21/compute/v2.1/os-security-group-rules 3.223s
2025-11-14 15:50:29.492 66087 INFO tempest.lib.common.rest_client [req-4a6ced25-1ce7-4bc1-98b9-adb4fb155708 req-4a6ced25-1ce7-4bc1-98b9-adb4fb155708 ] Request (ImagesOneServerNegativeTestJSON:setUpClass): 200 GET http://10.180.1.21/compute/v2.1/servers/585a3d16-ee0c-4b71-9c0d-17b4bc968d09 3.111s
2025-11-14 15:50:29.500 66105 WARNING tempest.lib.common.ssh [-] Failed to establish authenticated ssh connection to cirros@10.180.180.175 ([Errno None] Unable to connect to port 22 on 10.180.180.175). Number attempts: 2. Retry after 3 seconds.: paramiko.ssh_exception.NoValidConnectionsError: [Errno None] Unable to connect to port 22 on 10.180.180.175
2025-11-14 15:50:29.580 66111 INFO tempest.lib.common.rest_client [req-e4564fbc-d696-4285-939e-1ed9aaf3afec req-e4564fbc-d696-4285-939e-1ed9aaf3afec ] Request (VolumesAssistedSnapshotsTest:_run_cleanups): 200 GET http://10.180.1.21/compute/v2.1/servers/db942a2d-671b-4036-a80b-d2375145cd29/os-volume_attachments 2.741s
2025-11-14 15:50:29.621 66111 INFO tempest.lib.common.rest_client [req-e9dcfe33-4ddf-4285-9f61-624defa2370a req-e9dcfe33-4ddf-4285-9f61-624defa2370a ] Request (VolumesAssistedSnapshotsTest:_run_cleanups): 200 GET http://10.180.1.21/volume/v3/volumes/b697b167-e710-40c5-8992-c508c36ac340 0.039s
2025-11-14 15:50:29.630 66111 INFO tempest.common.waiters [-] volume b697b167-e710-40c5-8992-c508c36ac340 reached available after waiting for 0.630407 seconds
2025-11-14 15:50:29.685 66111 INFO tempest.lib.common.rest_client [req-be9378f8-3fc8-46f7-8c48-b85dd94536b1 req-be9378f8-3fc8-46f7-8c48-b85dd94536b1 ] Request (VolumesAssistedSnapshotsTest:_run_cleanups): 202 DELETE http://10.180.1.21/volume/v3/volumes/b697b167-e710-40c5-8992-c508c36ac340 0.054s
2025-11-14 15:50:29.689 66137 INFO tempest.lib.common.rest_client [req-ff67f038-9006-422d-a932-4411d26c76f9 req-ff67f038-9006-422d-a932-4411d26c76f9 ] Request (ServersTestMultiNic:test_verify_multiple_nics_order): 200 GET http://10.180.1.21/compute/v2.1/servers/f8d61ded-ddf7-4ec9-88e7-92ffb6934733 3.139s
2025-11-14 15:50:29.696 66099 INFO tempest.lib.common.rest_client [req-80c3bd95-7876-4221-a898-abf91d215544 req-80c3bd95-7876-4221-a898-abf91d215544 ] Request (ServerPasswordTestJSON:setUpClass): 200 GET http://10.180.1.21/compute/v2.1/servers/5cefb589-9947-4fc1-89b4-d888f8c8f644 2.754s
2025-11-14 15:50:29.712 66111 INFO tempest.lib.common.rest_client [req-a3db642d-2595-472e-876f-3abc69c57aae req-a3db642d-2595-472e-876f-3abc69c57aae ] Request (VolumesAssistedSnapshotsTest:_run_cleanups): 200 GET http://10.180.1.21/volume/v3/volumes/b697b167-e710-40c5-8992-c508c36ac340 0.027s
2025-11-14 15:50:29.735 66079 INFO tempest.lib.common.rest_client [req-1fd47f4a-5a18-40e3-b1a9-008541d74907 req-1fd47f4a-5a18-40e3-b1a9-008541d74907 ] Request (InstanceActionsTestJSON:test_list_instance_actions): 200 GET http://10.180.1.21/compute/v2.1/servers/75578ccd-2b34-4948-9afa-ac94e9fd8b4b/os-instance-actions 2.719s
2025-11-14 15:50:29.767 66077 INFO tempest.lib.common.rest_client [req-b08fea30-1fac-4cee-803a-13d3a2f0226d req-b08fea30-1fac-4cee-803a-13d3a2f0226d ] Request (AttachVolumeNegativeTest:test_attach_attached_volume_to_different_server): 200 GET http://10.180.1.21/compute/v2.1/servers/a57486e1-82e3-48d5-99fe-c89b300a2136 2.635s
2025-11-14 15:50:29.774 66077 INFO tempest.common.waiters [-] State transition "BUILD/scheduling" ==> "BUILD/None" after 9 second wait
2025-11-14 15:50:29.819 66120 INFO tempest.lib.common.rest_client [req-da048ad2-01c0-4c70-ab2b-87c13c717502 req-da048ad2-01c0-4c70-ab2b-87c13c717502 ] Request (InstanceActionsV221TestJSON:test_get_list_deleted_instance_actions): 200 GET http://10.180.1.21/compute/v2.1/servers/7ed036d1-8188-4aab-9d6d-8d7e46147812 2.517s
2025-11-14 15:50:29.856 66091 INFO tempest.lib.common.rest_client [req-30ab4fb2-d2f3-459a-9522-3bb3856ec66f req-30ab4fb2-d2f3-459a-9522-3bb3856ec66f ] Request (ServersNegativeTestMultiTenantJSON:tearDownClass): 200 GET http://10.180.1.21/compute/v2.1/servers/34008711-b51b-467b-b972-bfda1023d696 2.295s
2025-11-14 15:50:29.999 66081 INFO tempest.lib.common.rest_client [req-9064651e-a8ae-4c2e-8fad-4c35f7743b94 req-9064651e-a8ae-4c2e-8fad-4c35f7743b94 ] Request (SecurityGroupRulesNegativeTestJSON:test_create_security_group_rule_with_invalid_port_range): 200 POST http://10.180.1.21/compute/v2.1/os-security-groups 2.351s
2025-11-14 15:50:30.052 66108 INFO tempest.lib.common.rest_client [req-7aa5b179-5639-406c-9751-17aac55c1985 req-7aa5b179-5639-406c-9751-17aac55c1985 ] Request (FloatingIPsAssociationTestJSON:test_associate_already_associated_floating_ip): 200 GET http://10.180.1.21/compute/v2.1/servers/ea69b3a2-9de2-4cc1-87f6-9b00f2a8cbb4 2.368s
2025-11-14 15:50:30.058 66108 INFO tempest.common.waiters [-] State transition "BUILD/networking" ==> "BUILD/spawning" after 13 second wait
2025-11-14 15:50:30.112 66089 INFO tempest.lib.common.rest_client [req-84000e34-114e-4da6-95a8-b6a0c4644f60 req-84000e34-114e-4da6-95a8-b6a0c4644f60 ] Request (ListImageFiltersTestJSON:test_list_images_limit_results): 200 GET http://10.180.1.21/compute/v2.1/images?limit=1 2.340s
2025-11-14 15:50:30.172 66128 INFO tempest.lib.common.rest_client [req-d8e8def3-6174-4b7d-b0d4-d5e624230f4c req-d8e8def3-6174-4b7d-b0d4-d5e624230f4c ] Request (DeleteServersTestJSON:test_delete_server_while_in_attached_volume): 200 GET http://10.180.1.21/compute/v2.1/servers/9acbc312-a3a2-4758-87cd-5576c4f1f8dc 2.417s
2025-11-14 15:50:30.271 66115 INFO tempest.lib.common.rest_client [req-ae0d3ae6-b78e-4084-ab1c-3bee5eab2b98 req-ae0d3ae6-b78e-4084-ab1c-3bee5eab2b98 ] Request (MigrationsAdminTest:test_resize_server_revert_deleted_flavor): 200 GET http://10.180.1.21/compute/v2.1/servers/9809fc8b-3842-4ce3-bb63-8ea37ee3bf51 2.485s
2025-11-14 15:50:30.294 66124 INFO tempest.lib.common.rest_client [req-4e5a795f-f251-487e-bf3e-907c7b9dd54d req-4e5a795f-f251-487e-bf3e-907c7b9dd54d ] Request (AttachInterfacesUnderV243Test:test_add_remove_fixed_ip): 200 GET http://10.180.1.21/compute/v2.1/servers/0c0c6d3e-f4d2-458f-aa69-19f87a37f162/os-interface 2.483s
2025-11-14 15:50:30.351 66133 INFO tempest.lib.common.rest_client [req-0d72d37b-4885-4f1d-8781-6a82330f845a req-0d72d37b-4885-4f1d-8781-6a82330f845a ] Request (ServersNegativeTestJSON:setUpClass): 200 GET http://10.180.1.21/compute/v2.1/servers/ff256d3f-af88-4f01-bdfd-cf89e06ab364 2.424s
2025-11-14 15:50:30.361 66103 INFO tempest.lib.common.rest_client [req-3d77c5fb-319b-4518-ad8e-5cea791d0e8e req-3d77c5fb-319b-4518-ad8e-5cea791d0e8e ] Request (ServerDiskConfigTestJSON:test_rebuild_server_with_manual_disk_config): 200 GET http://10.180.1.21/compute/v2.1/servers/a22f589e-7c40-4023-9a4c-9ab2a76faa94 2.325s
2025-11-14 15:50:30.417 66131 INFO tempest.lib.common.rest_client [req-cb745e7d-d425-45e7-a08f-1f20b13fb3a7 req-cb745e7d-d425-45e7-a08f-1f20b13fb3a7 ] Request (ListServersNegativeTestJSON:setUpClass): 200 GET http://10.180.1.21/compute/v2.1/servers/1bda7a65-0231-4753-9762-43e9b13bd893 2.051s
2025-11-14 15:50:30.521 66121 INFO tempest.lib.common.rest_client [req-37e99efe-f8cd-4e06-849e-cfcc5276dc79 req-37e99efe-f8cd-4e06-849e-cfcc5276dc79 ] Request (ServerExternalEventsTest:test_create_server_external_events): 200 GET http://10.180.1.21/compute/v2.1/servers/ca5962fe-3e41-4fae-8860-90fa7278e0fc 1.821s
2025-11-14 15:50:30.531 66121 INFO tempest.common.waiters [-] State transition "BUILD/spawning" ==> "ACTIVE/None" after 15 second wait
2025-11-14 15:50:30.661 66083 INFO tempest.lib.common.rest_client [req-4824693d-7bd4-4bcb-bf43-eb1dea79864b req-4824693d-7bd4-4bcb-bf43-eb1dea79864b ] Request (ServersAdminTestJSON:test_list_servers_filter_by_exist_host): 200 GET http://10.180.1.21/compute/v2.1/servers?host=cpu-1&all_tenants=1 1.350s
2025-11-14 15:50:30.768 66111 INFO tempest.lib.common.rest_client [req-43ed19b6-7130-4f74-b2fd-35485b5f0b14 req-43ed19b6-7130-4f74-b2fd-35485b5f0b14 ] Request (VolumesAssistedSnapshotsTest:_run_cleanups): 200 GET http://10.180.1.21/volume/v3/volumes/b697b167-e710-40c5-8992-c508c36ac340 0.043s
2025-11-14 15:50:30.896 66101 INFO tempest.lib.common.rest_client [req-c01a82f6-37cc-4dc7-b3b1-4fada5e9a0b1 req-c01a82f6-37cc-4dc7-b3b1-4fada5e9a0b1 ] Request (SecurityGroupRulesTestJSON:test_security_group_rules_delete_when_peer_group_deleted): 202 DELETE http://10.180.1.21/compute/v2.1/os-security-groups/eef27e5b-d42e-4c36-8189-f4956de63761 1.421s
2025-11-14 15:50:30.983 66079 INFO tempest.lib.common.rest_client [req-23afae38-65be-41d9-b584-86b1b3928fed req-23afae38-65be-41d9-b584-86b1b3928fed ] Request (InstanceActionsTestJSON:tearDownClass): 204 DELETE http://10.180.1.21/compute/v2.1/servers/75578ccd-2b34-4948-9afa-ac94e9fd8b4b 1.243s
2025-11-14 15:50:31.051 66141 INFO tempest.lib.common.rest_client [req-34b713d0-b68f-4ede-8c8b-5fe151222ff0 req-34b713d0-b68f-4ede-8c8b-5fe151222ff0 ] Request (ServersAdminNegativeTestJSON:tearDownClass): 200 GET http://10.180.1.21/compute/v2.1/servers/eec6a484-ab00-402e-a369-c3009065c553 1.174s
2025-11-14 15:50:31.071 66096 INFO tempest.lib.common.rest_client [req-3dda3d35-49c5-4cb9-ba0a-221f6ce8eee6 req-3dda3d35-49c5-4cb9-ba0a-221f6ce8eee6 ] Request (MultipleCreateTestJSON:test_multiple_create): 202 POST http://10.180.1.21/compute/v2.1/servers 2.148s
2025-11-14 15:50:31.115 66081 INFO tempest.lib.common.rest_client [req-25fc85ee-7f4c-40c6-805a-d5ebd11de1ad req-25fc85ee-7f4c-40c6-805a-d5ebd11de1ad ] Request (SecurityGroupRulesNegativeTestJSON:test_create_security_group_rule_with_invalid_port_range): 400 POST http://10.180.1.21/compute/v2.1/os-security-group-rules 1.112s
2025-11-14 15:50:31.158 66109 INFO tempest.lib.common.rest_client [req-eb482311-aef9-4f68-91cb-a8e80a1bbcb4 req-eb482311-aef9-4f68-91cb-a8e80a1bbcb4 ] Request (FloatingIPsAssociationNegativeTestJSON:tearDownClass): 200 GET http://10.180.1.21/compute/v2.1/servers/8f0bf665-b21b-42ed-816d-69dee2f40654 1.128s
2025-11-14 15:50:31.168 66109 INFO tempest.common.waiters [-] State transition "ACTIVE/deleting" ==> "DELETED/None" after 2 second wait
2025-11-14 15:50:31.191 66089 INFO tempest.lib.common.rest_client [req-a98c577b-9eb5-475c-944d-699be12bb739 req-a98c577b-9eb5-475c-944d-699be12bb739 ] Request (ListImageFiltersTestJSON:test_list_images_with_detail_filter_by_changes_since): 200 GET http://10.180.1.21/compute/v2.1/images/detail?changes-since=2025-11-14T15%3A47%3A24Z 1.071s
2025-11-14 15:50:31.226 66124 INFO tempest.lib.common.rest_client [req-ccb4f630-3a72-403c-8718-2322caac0bdf req-ccb4f630-3a72-403c-8718-2322caac0bdf ] Request (AttachInterfacesUnderV243Test:test_add_remove_fixed_ip): 200 GET http://10.180.1.21/compute/v2.1/servers/0c0c6d3e-f4d2-458f-aa69-19f87a37f162/os-interface/7dcf2e2a-4e77-459c-9936-568c34f49a33 0.929s
2025-11-14 15:50:31.363 66121 INFO tempest.lib.common.rest_client [req-7f23d234-81c4-4a17-abca-d5ac7cc9d22f req-7f23d234-81c4-4a17-abca-d5ac7cc9d22f ] Request (ServerExternalEventsTest:test_create_server_external_events): 200 POST http://10.180.1.21/compute/v2.1/os-server-external-events 0.831s
2025-11-14 15:50:31.396 66087 INFO tempest.lib.common.rest_client [req-ad28859c-9936-49fc-b711-c46deb25428c req-ad28859c-9936-49fc-b711-c46deb25428c ] Request (ImagesOneServerNegativeTestJSON:setUpClass): 200 GET http://10.180.1.21/compute/v2.1/servers/585a3d16-ee0c-4b71-9c0d-17b4bc968d09 0.896s
2025-11-14 15:50:31.437 66083 INFO tempest.lib.common.rest_client [req-3c45da81-2c43-4e8c-a064-10d54b149445 req-3c45da81-2c43-4e8c-a064-10d54b149445 ] Request (ServersAdminTestJSON:test_list_servers_filter_by_exist_host): 200 GET http://10.180.1.21/compute/v2.1/servers?host=nonexistent_host&all_tenants=1 0.769s
2025-11-14 15:50:31.582 66137 INFO tempest.lib.common.rest_client [req-583e0be6-c232-476a-8d48-6b6c44246516 req-583e0be6-c232-476a-8d48-6b6c44246516 ] Request (ServersTestMultiNic:test_verify_multiple_nics_order): 200 GET http://10.180.1.21/compute/v2.1/servers/f8d61ded-ddf7-4ec9-88e7-92ffb6934733 0.884s
2025-11-14 15:50:31.587 66099 INFO tempest.lib.common.rest_client [req-3e2d0e97-98af-46f9-9256-fd03787f47d6 req-3e2d0e97-98af-46f9-9256-fd03787f47d6 ] Request (ServerPasswordTestJSON:setUpClass): 200 GET http://10.180.1.21/compute/v2.1/servers/5cefb589-9947-4fc1-89b4-d888f8c8f644 0.880s
2025-11-14 15:50:31.654 66077 INFO tempest.lib.common.rest_client [req-67ed531a-7405-4ca1-aaab-84a05c4941d8 req-67ed531a-7405-4ca1-aaab-84a05c4941d8 ] Request (AttachVolumeNegativeTest:test_attach_attached_volume_to_different_server): 200 GET http://10.180.1.21/compute/v2.1/servers/a57486e1-82e3-48d5-99fe-c89b300a2136 0.878s
2025-11-14 15:50:31.668 66120 INFO tempest.lib.common.rest_client [req-11c3acfa-74c1-4176-9ff5-8fb30adb3df2 req-11c3acfa-74c1-4176-9ff5-8fb30adb3df2 ] Request (InstanceActionsV221TestJSON:test_get_list_deleted_instance_actions): 200 GET http://10.180.1.21/compute/v2.1/servers/7ed036d1-8188-4aab-9d6d-8d7e46147812 0.834s
2025-11-14 15:50:31.708 66101 INFO tempest.lib.common.rest_client [req-8935c3d1-ff7e-4932-99fc-bf6778e0a937 req-8935c3d1-ff7e-4932-99fc-bf6778e0a937 ] Request (SecurityGroupRulesTestJSON:test_security_group_rules_delete_when_peer_group_deleted): 200 GET http://10.180.1.21/compute/v2.1/os-security-groups/657802e4-ffb9-4950-8ad1-dd40c9185888 0.812s
