2025-12-08 18:19:13.721 65833 INFO tempest.lib.common.rest_client [req-6f03c3a9-74db-43e9-9c77-26f73f34b3e1 req-6f03c3a9-74db-43e9-9c77-26f73f34b3e1 ] Request (InstanceUsageAuditLogNegativeTestJSON:tearDownClass): 204 DELETE http://10.180.1.21/identity/v3/users/6da218d09eef47f59a5d49cc6bf0a405 0.170s
2025-12-08 18:19:13.721 65833 INFO tempest.lib.common.dynamic_creds [-] Deleting project and security group for project: f52714822500439795ec212b42e34a38
2025-12-08 18:19:13.747 65867 INFO tempest.lib.common.rest_client [req-2c08424c-b140-43da-a8dc-da449f333269 req-2c08424c-b140-43da-a8dc-da449f333269 ] Request (AZAdminV2TestJSON:tearDownClass): 200 GET http://10.180.1.21/networking/v2.0/security-groups?tenant_id=74f817ce18a445a78f2409458e9cc4f1&name=default 0.812s
2025-12-08 18:19:13.796 65833 INFO tempest.lib.common.rest_client [req-84ef7d40-848b-419c-9538-ed6856ba894b req-84ef7d40-848b-419c-9538-ed6856ba894b ] Request (InstanceUsageAuditLogNegativeTestJSON:tearDownClass): 201 POST http://10.180.1.21/identity/v3/auth/tokens 0.074s
2025-12-08 18:19:13.845 65851 INFO tempest.lib.common.rest_client [req-9b786fcd-2664-404c-8518-7a28aab3b01e req-9b786fcd-2664-404c-8518-7a28aab3b01e ] Request (ListImagesTestJSON:tearDownClass): 204 DELETE http://10.180.1.21/networking/v2.0/security-groups/5a373777-a19c-4c98-8919-8c5d88e6be8b 0.747s
2025-12-08 18:19:13.894 65845 INFO tempest.lib.common.rest_client [req-6c39fb45-2210-4ff2-913f-0aad727f6ae9 req-6c39fb45-2210-4ff2-913f-0aad727f6ae9 ] Request (ServerDiagnosticsV248Test:test_get_server_diagnostics): 200 GET http://10.180.1.21/compute/v2.1/servers/557fa942-6596-472f-859f-f44c0e0e36e0 3.630s
2025-12-08 18:19:13.926 65851 INFO tempest.lib.common.rest_client [req-199b6572-8e9a-4dd3-ade5-3e136a288b40 req-199b6572-8e9a-4dd3-ade5-3e136a288b40 ] Request (ListImagesTestJSON:tearDownClass): 204 DELETE http://10.180.1.21/identity/v3/projects/9e9a5ee80e564f59ade5c72b73e89777 0.081s
2025-12-08 18:19:13.964 65849 INFO tempest.lib.common.rest_client [req-7b056890-3a65-4c8e-997b-3297eedbc428 req-7b056890-3a65-4c8e-997b-3297eedbc428 ] Request (AggregatesAdminNegativeTestJSON:test_aggregate_add_existent_host): 200 POST http://10.180.1.21/compute/v2.1/os-aggregates/1/action 3.478s
2025-12-08 18:19:13.969 65855 INFO tempest.lib.common.rest_client [req-def416fa-9f31-486e-b95f-3e7a72859a8c req-def416fa-9f31-486e-b95f-3e7a72859a8c ] Request (QuotaClassesAdminTestJSON:tearDownClass): 204 DELETE http://10.180.1.21/networking/v2.0/security-groups/22a50219-060c-4be4-b1fd-c7e6b1883d48 0.463s
2025-12-08 18:19:13.986 65851 INFO tempest.lib.common.rest_client [req-a1bf0359-c34d-4a16-9a1c-97ed8a7c6a55 req-a1bf0359-c34d-4a16-9a1c-97ed8a7c6a55 ] Request (SecurityGroupsTestJSON:setUpClass): 201 POST http://10.180.1.21/identity/v3/auth/tokens 0.056s
2025-12-08 18:19:14.020 65875 INFO tempest.lib.common.rest_client [req-6399b245-d440-4b8e-92c9-2d6b313ed91c req-6399b245-d440-4b8e-92c9-2d6b313ed91c ] Request (ServersWithSpecificFlavorTestJSON:test_verify_created_server_ephemeral_disk): 200 GET http://10.180.1.21/compute/v2.1/flavors/42 2.838s
2025-12-08 18:19:14.053 65855 INFO tempest.lib.common.rest_client [req-93656ff5-fb9b-4692-8e9c-2aa862203a8f req-93656ff5-fb9b-4692-8e9c-2aa862203a8f ] Request (QuotaClassesAdminTestJSON:tearDownClass): 204 DELETE http://10.180.1.21/identity/v3/projects/4edf4967a4fb4e8d9674ae4cbf3ff2af 0.084s
2025-12-08 18:19:14.054 65855 INFO tempest.lib.common.dynamic_creds [-] Deleting project and security group for project: 311e2f88e235458ababaa031e5b964d1
2025-12-08 18:19:14.063 65857 INFO tempest.lib.common.rest_client [req-aafb72f9-cbf5-43c4-9a3b-e3dbc6007216 req-aafb72f9-cbf5-43c4-9a3b-e3dbc6007216 ] Request (FlavorsV255TestJSON:test_crud_flavor): 200 PUT http://10.180.1.21/compute/v2.1/flavors/800248893 2.163s
2025-12-08 18:19:14.073 65851 INFO tempest.lib.common.rest_client [req-31257180-151b-4a5a-a4a4-cddc723db9ff req-31257180-151b-4a5a-a4a4-cddc723db9ff ] Request (SecurityGroupsTestJSON:setUpClass): 201 POST http://10.180.1.21/identity/v3/auth/tokens 0.085s
2025-12-08 18:19:14.093 65839 INFO tempest.lib.common.rest_client [req-8687d8fa-66f9-4c37-840f-73866a2f4d13 req-8687d8fa-66f9-4c37-840f-73866a2f4d13 ] Request (FlavorsV261TestJSON:test_crud_flavor): 200 PUT http://10.180.1.21/compute/v2.1/flavors/213318978 2.128s
2025-12-08 18:19:14.097 65867 INFO tempest.lib.common.rest_client [req-fb035d86-4f15-4bdf-96c5-a4e5052ac112 req-fb035d86-4f15-4bdf-96c5-a4e5052ac112 ] Request (AZAdminV2TestJSON:tearDownClass): 204 DELETE http://10.180.1.21/networking/v2.0/security-groups/6511caf3-b0eb-4957-b8db-ed90573cef80 0.350s
2025-12-08 18:19:14.116 65851 INFO tempest.lib.common.rest_client [req-70a74bc7-809c-4661-89c9-c5c8aa23d40a req-70a74bc7-809c-4661-89c9-c5c8aa23d40a ] Request (SecurityGroupsTestJSON:setUpClass): 200 GET http://10.180.1.21/identity/v3/domains?name=Default 0.043s
2025-12-08 18:19:14.180 65867 INFO tempest.lib.common.rest_client [req-9db3f945-7350-4d77-b884-0d3eadd3abb9 req-9db3f945-7350-4d77-b884-0d3eadd3abb9 ] Request (AZAdminV2TestJSON:tearDownClass): 204 DELETE http://10.180.1.21/identity/v3/projects/74f817ce18a445a78f2409458e9cc4f1 0.082s
2025-12-08 18:19:14.180 65867 INFO tempest.lib.common.dynamic_creds [-] Deleting project and security group for project: f9da9e776bb74c1cbfda61483c59ebea
2025-12-08 18:19:14.199 65883 INFO tempest.lib.common.rest_client [req-e4f05e82-2d0f-4ece-939d-db2606b5c865 req-e4f05e82-2d0f-4ece-939d-db2606b5c865 ] Request (VolumesAssistedSnapshotsTest:setUpClass): 200 PUT http://10.180.1.21/networking/v2.0/routers/03d4d82a-2804-4cc7-82ec-1198a5b21cea/add_router_interface 1.374s
2025-12-08 18:19:14.199 65883 INFO tempest.lib.common.dynamic_creds [-] Created isolated network resources for: credentials: Credentials: {'domain_id': 'default', 'domain_name': 'Default', 'username': 'tempest-VolumesAssistedSnapshotsTest-1813873363-project', 'project_domain_id': 'default', 'project_domain_name': 'Default', 'project_id': '887fcbc113054df5b3cf1a42bcc215b6', 'project_name': 'tempest-VolumesAssistedSnapshotsTest-1813873363', 'tenant_id': '887fcbc113054df5b3cf1a42bcc215b6', 'tenant_name': 'tempest-VolumesAssistedSnapshotsTest-1813873363', 'user_domain_id': 'default', 'user_domain_name': 'Default', 'user_id': '267b4e8f796e46a0a8030f0f7f641457', 'system': None}, Network: {'id': '0b92c098-578c-4f2b-834b-7fb7d8974ee9', 'name': 'tempest-VolumesAssistedSnapshotsTest-1872185421-network', 'tenant_id': '887fcbc113054df5b3cf1a42bcc215b6', 'project_id': '887fcbc113054df5b3cf1a42bcc215b6', 'admin_state_up': True, 'mtu': 8950, 'status': 'ACTIVE', 'subnets': [], 'shared': False, 'port_security_enabled': True, 'router:external': False, 'provider:network_type': 'vlan', 'provider:physical_network': 'default', 'provider:segmentation_id': 509, 'availability_zone_hints': [], 'availability_zones': [], 'ipv4_address_scope': None, 'ipv6_address_scope': None, 'description': '', 'tags': [], 'created_at': '2025-12-08T18:19:11Z', 'updated_at': '2025-12-08T18:19:11Z', 'revision_number': 1}, Subnet: {'id': '130c7869-d16c-48a1-ac72-8ea6cc425f54', 'name': 'tempest-VolumesAssistedSnapshotsTest-1872185421-subnet', 'tenant_id': '887fcbc113054df5b3cf1a42bcc215b6', 'network_id': '0b92c098-578c-4f2b-834b-7fb7d8974ee9', 'ip_version': 4, 'subnetpool_id': None, 'enable_dhcp': True, 'ipv6_ra_mode': None, 'ipv6_address_mode': None, 'gateway_ip': '192.168.128.1', 'cidr': '192.168.128.0/28', 'allocation_pools': [{'start': '192.168.128.2', 'end': '192.168.128.14'}], 'host_routes': [], 'dns_nameservers': [], 'description': '', 'router:external': False, 'service_types': [], 'tags': [], 'created_at': '2025-12-08T18:19:11Z', 'updated_at': '2025-12-08T18:19:11Z', 'revision_number': 0, 'project_id': '887fcbc113054df5b3cf1a42bcc215b6'}, Router: {'id': '03d4d82a-2804-4cc7-82ec-1198a5b21cea', 'name': 'tempest-VolumesAssistedSnapshotsTest-1872185421-router', 'tenant_id': '887fcbc113054df5b3cf1a42bcc215b6', 'admin_state_up': True, 'status': 'ACTIVE', 'external_gateway_info': {'network_id': 'abbeb410-51da-4df5-aa4c-f18a16b13546', 'external_fixed_ips': [{'subnet_id': '74848fa8-f53d-4fb7-90ea-ba2892691de7', 'ip_address': '10.180.180.232'}], 'enable_snat': True}, 'description': '', 'availability_zones': [], 'distributed': False, 'ha': False, 'availability_zone_hints': [], 'routes': [], 'flavor_id': None, 'tags': [], 'created_at': '2025-12-08T18:19:11Z', 'updated_at': '2025-12-08T18:19:12Z', 'revision_number': 2, 'project_id': '887fcbc113054df5b3cf1a42bcc215b6'}
2025-12-08 18:19:14.221 65877 INFO tempest.lib.common.rest_client [req-537eb3b2-daa7-4c1b-9778-1d07a0ffd285 req-537eb3b2-daa7-4c1b-9778-1d07a0ffd285 ] Request (TenantUsagesTestJSON:setUpClass): 200 GET http://10.180.1.21/compute/v2.1/servers/aed5f6dd-d2c3-4e02-80c0-0d52e8c6fe46 2.492s
2025-12-08 18:19:14.223 65851 INFO tempest.lib.common.rest_client [req-28ba641f-ad90-4aa0-b18a-b3ded6eab823 req-28ba641f-ad90-4aa0-b18a-b3ded6eab823 ] Request (SecurityGroupsTestJSON:setUpClass): 201 POST http://10.180.1.21/identity/v3/projects 0.106s
2025-12-08 18:19:14.259 65833 INFO tempest.lib.common.rest_client [req-6a6d5f84-7d45-44b1-acbc-7b338b37581f req-6a6d5f84-7d45-44b1-acbc-7b338b37581f ] Request (InstanceUsageAuditLogNegativeTestJSON:tearDownClass): 200 GET http://10.180.1.21/networking/v2.0/security-groups?tenant_id=f52714822500439795ec212b42e34a38&name=default 0.463s
2025-12-08 18:19:14.283 65853 INFO tempest.lib.common.rest_client [req-7b89d34f-36f6-456a-a93d-9380209d7176 req-7b89d34f-36f6-456a-a93d-9380209d7176 ] Request (ImagesTestJSON:test_create_image_from_stopped_server): 200 GET http://10.180.1.21/compute/v2.1/servers/113a9d1a-8de0-4575-bc95-0f91369f501e 2.273s
2025-12-08 18:19:14.301 65883 INFO tempest.lib.common.rest_client [req-9c662900-a7ab-4d86-aff2-9ceef28b5f2a req-9c662900-a7ab-4d86-aff2-9ceef28b5f2a ] Request (VolumesAssistedSnapshotsTest:setUpClass): 201 POST http://10.180.1.21/identity/v3/auth/tokens 0.099s
2025-12-08 18:19:14.303 65829 INFO tempest.lib.common.rest_client [req-f71a22e5-71a4-4751-af8d-775e9469af6a req-f71a22e5-71a4-4751-af8d-775e9469af6a ] Request (HypervisorAdminNegativeUnderV252Test:test_search_nonexistent_hypervisor): 404 GET http://10.180.1.21/compute/v2.1/os-hypervisors/nonexistent_hypervisor_name/search 2.190s
2025-12-08 18:19:14.334 65855 INFO tempest.lib.common.rest_client [req-c084213c-7b34-4960-aa83-e468bb0eb8e7 req-c084213c-7b34-4960-aa83-e468bb0eb8e7 ] Request (QuotaClassesAdminTestJSON:tearDownClass): 200 GET http://10.180.1.21/networking/v2.0/security-groups?tenant_id=311e2f88e235458ababaa031e5b964d1&name=default 0.280s
2025-12-08 18:19:14.355 65851 INFO tempest.lib.common.rest_client [req-80701932-1fe8-40ca-9eea-d235ce2f2813 req-80701932-1fe8-40ca-9eea-d235ce2f2813 ] Request (SecurityGroupsTestJSON:setUpClass): 201 POST http://10.180.1.21/identity/v3/users 0.131s
2025-12-08 18:19:14.366 65837 INFO tempest.lib.common.rest_client [req-7ed13fec-1d78-4aaf-af5e-363f517bf993 req-7ed13fec-1d78-4aaf-af5e-363f517bf993 ] Request (FlavorMetadataValidation:_run_cleanups): 202 DELETE http://10.180.1.21/compute/v2.1/flavors/1347424959 2.237s
2025-12-08 18:19:14.379 65847 INFO tempest.lib.common.rest_client [req-329b5914-1733-4b89-af8b-194434937c14 req-329b5914-1733-4b89-af8b-194434937c14 ] Request (FlavorsV2TestJSON:test_list_flavors_detailed_filter_by_min_ram): 200 GET http://10.180.1.21/compute/v2.1/flavors/42 2.216s
2025-12-08 18:19:14.516 65851 INFO tempest.lib.common.rest_client [req-a876d4f3-590f-4e82-8766-e3140b2e1d81 req-a876d4f3-590f-4e82-8766-e3140b2e1d81 ] Request (SecurityGroupsTestJSON:setUpClass): 200 GET http://10.180.1.21/identity/v3/roles 0.161s
2025-12-08 18:19:14.529 65867 INFO tempest.lib.common.rest_client [req-efcb83b3-c4ff-4bea-a7bd-23c32dfc2c1c req-efcb83b3-c4ff-4bea-a7bd-23c32dfc2c1c ] Request (AZAdminV2TestJSON:tearDownClass): 200 GET http://10.180.1.21/networking/v2.0/security-groups?tenant_id=f9da9e776bb74c1cbfda61483c59ebea&name=default 0.348s
2025-12-08 18:19:14.533 65833 INFO tempest.lib.common.rest_client [req-f3a2a974-beca-4bc0-8ab4-4181a75d3749 req-f3a2a974-beca-4bc0-8ab4-4181a75d3749 ] Request (InstanceUsageAuditLogNegativeTestJSON:tearDownClass): 204 DELETE http://10.180.1.21/networking/v2.0/security-groups/1f368918-1d93-46bb-bfa6-286354fac46b 0.274s
2025-12-08 18:19:14.556 65889 INFO tempest.lib.common.rest_client [req-c44c3c47-92b1-43da-a17b-a486bf90e6bb req-c44c3c47-92b1-43da-a17b-a486bf90e6bb ] Request (FlavorsAccessNegativeTestJSON:test_add_flavor_access_duplicate): 200 POST http://10.180.1.21/compute/v2.1/flavors/1080123590/action 2.508s
2025-12-08 18:19:14.566 65851 INFO tempest.lib.common.rest_client [req-828d3251-1868-4db8-9645-6b8d73934a02 req-828d3251-1868-4db8-9645-6b8d73934a02 ] Request (SecurityGroupsTestJSON:setUpClass): 204 PUT http://10.180.1.21/identity/v3/projects/557844f0f0e541f88ba5ef9384507e73/users/d54a0c2613f94709a418b47452cce698/roles/c57b3231750d489aaaf4120f21718dc1 0.050s
2025-12-08 18:19:14.567 65851 INFO tempest.lib.common.dynamic_creds [-] Dynamic test user d54a0c2613f94709a418b47452cce698 is created with scope project and roles: ['member']
2025-12-08 18:19:14.567 65851 INFO tempest.lib.common.dynamic_creds [-] Acquired dynamic creds: credentials: Credentials: {'domain_id': 'default', 'domain_name': 'Default', 'username': 'tempest-SecurityGroupsTestJSON-1734216756-project-member', 'project_domain_id': 'default', 'project_domain_name': 'Default', 'project_id': '557844f0f0e541f88ba5ef9384507e73', 'project_name': 'tempest-SecurityGroupsTestJSON-1734216756', 'tenant_id': '557844f0f0e541f88ba5ef9384507e73', 'tenant_name': 'tempest-SecurityGroupsTestJSON-1734216756', 'user_domain_id': 'default', 'user_domain_name': 'Default', 'user_id': 'd54a0c2613f94709a418b47452cce698', 'system': None}, Network: None, Subnet: None, Router: None
2025-12-08 18:19:14.597 65835 INFO tempest.lib.common.rest_client [req-44c82a14-8753-4961-bf5c-144590945fd1 req-44c82a14-8753-4961-bf5c-144590945fd1 ] Request (FlavorsAccessTestJSON:test_flavor_access_add_remove): 200 GET http://10.180.1.21/compute/v2.1/flavors/detail 2.278s
2025-12-08 18:19:14.654 65869 INFO tempest.lib.common.rest_client [req-a2ab24bf-0518-4182-a8c1-9278ac86324c req-a2ab24bf-0518-4182-a8c1-9278ac86324c ] Request (HypervisorAdminV253TestBase:test_list_show_detail_hypervisors): 200 GET http://10.180.1.21/compute/v2.1/os-hypervisors/305539d2-2999-4f63-afef-b02ee1ec189d 2.305s
2025-12-08 18:19:14.662 65833 INFO tempest.lib.common.rest_client [req-82beb7ed-9b1c-46f6-85ac-d1d564bca9c1 req-82beb7ed-9b1c-46f6-85ac-d1d564bca9c1 ] Request (InstanceUsageAuditLogNegativeTestJSON:tearDownClass): 204 DELETE http://10.180.1.21/identity/v3/projects/f52714822500439795ec212b42e34a38 0.128s
2025-12-08 18:19:14.663 65833 INFO tempest.lib.common.dynamic_creds [-] Deleting project and security group for project: a47a979ef0954b428170b4289e17d3e2
2025-12-08 18:19:14.670 65855 INFO tempest.lib.common.rest_client [req-88ad80ec-758b-45b4-a634-476c7242bfe2 req-88ad80ec-758b-45b4-a634-476c7242bfe2 ] Request (QuotaClassesAdminTestJSON:tearDownClass): 204 DELETE http://10.180.1.21/networking/v2.0/security-groups/1f6566c8-cc27-496e-aa22-cdfd73f02286 0.335s
2025-12-08 18:19:14.685 65843 INFO tempest.lib.common.rest_client [req-70c22df0-1e12-45bb-8133-32ae37ae3291 req-70c22df0-1e12-45bb-8133-32ae37ae3291 ] Request (HostsAdminTestJSON:test_list_hosts_with_nonexistent_zone): 200 GET http://10.180.1.21/compute/v2.1/os-hosts?zone=xxx 2.302s
2025-12-08 18:19:14.686 65831 INFO tempest.lib.common.rest_client [req-04ccffd7-d580-4fd9-a055-850d5b54adb4 req-04ccffd7-d580-4fd9-a055-850d5b54adb4 ] Request (NetworksTest:test_list_all_networks): 200 GET http://10.180.1.21/compute/v2.1/os-networks 2.387s
2025-12-08 18:19:14.698 65851 INFO tempest.lib.common.rest_client [req-45a8a8a1-2c1d-49ef-8d8f-14a3cd9c3ba5 req-45a8a8a1-2c1d-49ef-8d8f-14a3cd9c3ba5 ] Request (SecurityGroupsTestJSON:setUpClass): 201 POST http://10.180.1.21/identity/v3/auth/tokens 0.131s
2025-12-08 18:19:14.711 65861 INFO tempest.lib.common.rest_client [req-556fb882-a5de-4505-90be-d9b84fd9a2cb req-556fb882-a5de-4505-90be-d9b84fd9a2cb ] Request (ServicesAdminNegativeV253TestJSON:test_get_service_by_invalid_params): 200 GET http://10.180.1.21/compute/v2.1/os-services 2.239s
2025-12-08 18:19:14.724 65863 INFO tempest.lib.common.rest_client [req-17f614eb-924c-4894-929f-4e1841e65a88 req-17f614eb-924c-4894-929f-4e1841e65a88 ] Request (HypervisorAdminUnderV252Test:test_search_hypervisor): 200 GET http://10.180.1.21/compute/v2.1/os-hypervisors 2.286s
2025-12-08 18:19:14.752 65881 INFO tempest.lib.common.rest_client [req-f6fe3a9e-38cc-450c-a68a-da5959ae27c8 req-f6fe3a9e-38cc-450c-a68a-da5959ae27c8 ] Request (HypervisorAdminTestJSON:test_get_hypervisor_show_details): 200 GET http://10.180.1.21/compute/v2.1/os-hypervisors 2.220s
2025-12-08 18:19:14.778 65872 INFO tempest.lib.common.rest_client [req-8d71b30c-a159-47e8-b51e-bbb9fcad8168 req-8d71b30c-a159-47e8-b51e-bbb9fcad8168 ] Request (ServicesAdminNegativeTestJSON:test_get_service_by_invalid_service_and_valid_host): 200 GET http://10.180.1.21/compute/v2.1/os-services 2.218s
2025-12-08 18:19:14.788 65885 INFO tempest.lib.common.rest_client [req-6b44310f-3288-477d-847f-830eede590f7 req-6b44310f-3288-477d-847f-830eede590f7 ] Request (MultipleCreateNegativeTestJSON:test_min_count_non_integer): 400 POST http://10.180.1.21/compute/v2.1/servers 2.129s
2025-12-08 18:19:14.852 65869 INFO tempest.lib.common.rest_client [req-cba928e3-14a4-4763-a9f2-6dc366c25a5f req-cba928e3-14a4-4763-a9f2-6dc366c25a5f ] Request (HypervisorAdminV253TestBase:tearDownClass): 204 DELETE http://10.180.1.21/identity/v3/users/3685a70f1b844938a66e9c669b56c2c1 0.181s
2025-12-08 18:19:14.854 65833 INFO tempest.lib.common.rest_client [req-9fece9ff-a01d-4762-a551-d59ada30d61e req-9fece9ff-a01d-4762-a551-d59ada30d61e ] Request (InstanceUsageAuditLogNegativeTestJSON:tearDownClass): 200 GET http://10.180.1.21/networking/v2.0/security-groups?tenant_id=a47a979ef0954b428170b4289e17d3e2&name=default 0.191s
2025-12-08 18:19:14.862 65867 INFO tempest.lib.common.rest_client [req-ac4a731a-7d90-43b6-8f91-a32ebc19d6b3 req-ac4a731a-7d90-43b6-8f91-a32ebc19d6b3 ] Request (AZAdminV2TestJSON:tearDownClass): 204 DELETE http://10.180.1.21/networking/v2.0/security-groups/277e4c82-0a98-47d7-b76d-dfcdfbc1b8c8 0.333s
2025-12-08 18:19:14.888 65855 INFO tempest.lib.common.rest_client [req-a25f337d-dc3d-48b5-81ef-d6d609629909 req-a25f337d-dc3d-48b5-81ef-d6d609629909 ] Request (QuotaClassesAdminTestJSON:tearDownClass): 204 DELETE http://10.180.1.21/identity/v3/projects/311e2f88e235458ababaa031e5b964d1 0.218s
2025-12-08 18:19:14.905 65883 INFO tempest.lib.common.rest_client [req-e8b8cdd4-b1cb-45c8-a881-82b12053b5e4 req-e8b8cdd4-b1cb-45c8-a881-82b12053b5e4 ] Request (VolumesAssistedSnapshotsTest:test_volume_assisted_snapshot_create_delete): 202 POST http://10.180.1.21/volume/v3/volumes 0.600s
2025-12-08 18:19:14.943 65833 INFO tempest.lib.common.rest_client [req-4c31e1e4-1c6c-4cfd-b1f7-ef4b3584cdb2 req-4c31e1e4-1c6c-4cfd-b1f7-ef4b3584cdb2 ] Request (InstanceUsageAuditLogNegativeTestJSON:tearDownClass): 204 DELETE http://10.180.1.21/networking/v2.0/security-groups/f9130459-abcf-4c51-8935-89aecfb13052 0.088s
2025-12-08 18:19:14.986 65883 INFO tempest.lib.common.rest_client [req-d5b9224f-e6d3-47c9-a169-bc542be8b138 req-d5b9224f-e6d3-47c9-a169-bc542be8b138 ] Request (VolumesAssistedSnapshotsTest:test_volume_assisted_snapshot_create_delete): 200 GET http://10.180.1.21/volume/v3/volumes/5ea2ae32-5fc0-414b-9287-ab0dc460b0cd 0.073s
2025-12-08 18:19:15.011 65831 INFO tempest.lib.common.rest_client [req-9bc482aa-0ec5-46fb-8fbd-c8979b2b49bc req-9bc482aa-0ec5-46fb-8fbd-c8979b2b49bc ] Request (NetworksTest:tearDownClass): 204 DELETE http://10.180.1.21/identity/v3/users/39557e89a0374aadad25fa0809cd9b5b 0.321s
2025-12-08 18:19:15.066 65879 INFO tempest.lib.common.rest_client [req-7cc143a0-0901-4ee4-a244-5ffc92f95185 req-7cc143a0-0901-4ee4-a244-5ffc92f95185 ] Request (FlavorsExtraSpecsTestJSON:test_flavor_non_admin_get_all_keys): 200 GET http://10.180.1.21/compute/v2.1/flavors/1924329511/os-extra_specs 2.568s
2025-12-08 18:19:15.168 65885 INFO tempest.lib.common.rest_client [req-89ffa51c-8a00-4fe7-af7d-baae5fcad397 req-89ffa51c-8a00-4fe7-af7d-baae5fcad397 ] Request (MultipleCreateNegativeTestJSON:tearDownClass): 204 DELETE http://10.180.1.21/identity/v3/users/a439486e6f4c498abc790d6a5ecb6111 0.378s
2025-12-08 18:19:15.168 65885 INFO tempest.lib.common.dynamic_creds [-] Deleting project and security group for project: 2ba37ae77da4471a8d59f4c656e47ab3
2025-12-08 18:19:15.224 65869 INFO tempest.lib.common.rest_client [req-14147e96-8f32-48cd-aa63-33ba8afc0cde req-14147e96-8f32-48cd-aa63-33ba8afc0cde ] Request (HypervisorAdminV253TestBase:tearDownClass): 204 DELETE http://10.180.1.21/identity/v3/users/29b665ef036042d28ee1d02b8ed978bf 0.370s
2025-12-08 18:19:15.224 65869 INFO tempest.lib.common.dynamic_creds [-] Deleting project and security group for project: 6b133d9ba17e443192340eb489639d82
2025-12-08 18:19:15.329 65867 INFO tempest.lib.common.rest_client [req-69c1ed8b-581d-4858-92e4-f98378e6bc41 req-69c1ed8b-581d-4858-92e4-f98378e6bc41 ] Request (AZAdminV2TestJSON:tearDownClass): 204 DELETE http://10.180.1.21/identity/v3/projects/f9da9e776bb74c1cbfda61483c59ebea 0.466s
2025-12-08 18:19:15.355 65855 INFO tempest.lib.common.rest_client [req-769ab64a-d9c3-4f21-b42c-6a962d62c86b req-769ab64a-d9c3-4f21-b42c-6a962d62c86b ] Request (FloatingIPDetailsTestJSON:setUpClass): 201 POST http://10.180.1.21/identity/v3/auth/tokens 0.465s
2025-12-08 18:19:15.419 65831 INFO tempest.lib.common.rest_client [req-87257598-1775-40ab-b362-8c811bbda180 req-87257598-1775-40ab-b362-8c811bbda180 ] Request (NetworksTest:tearDownClass): 204 DELETE http://10.180.1.21/identity/v3/users/ad53c2f3c91a427fa38d817f748b401f 0.407s
2025-12-08 18:19:15.419 65831 INFO tempest.lib.common.dynamic_creds [-] Deleting project and security group for project: 28cb68ebd2834dc2b49b8544c5aead6a
2025-12-08 18:19:15.436 65833 INFO tempest.lib.common.rest_client [req-4800c414-53b5-4b8e-93a7-7ac257693d04 req-4800c414-53b5-4b8e-93a7-7ac257693d04 ] Request (InstanceUsageAuditLogNegativeTestJSON:tearDownClass): 204 DELETE http://10.180.1.21/identity/v3/projects/a47a979ef0954b428170b4289e17d3e2 0.493s
2025-12-08 18:19:15.490 65851 INFO tempest.lib.common.rest_client [req-bb471851-0def-4634-9c23-1f106cb82d11 req-bb471851-0def-4634-9c23-1f106cb82d11 ] Request (SecurityGroupsTestJSON:setUpClass): 201 POST http://10.180.1.21/networking/v2.0/networks 0.791s
2025-12-08 18:19:15.497 65885 INFO tempest.lib.common.rest_client [req-9ed59c51-872a-4e95-849b-e74d1d8459d8 req-9ed59c51-872a-4e95-849b-e74d1d8459d8 ] Request (MultipleCreateNegativeTestJSON:tearDownClass): 201 POST http://10.180.1.21/identity/v3/auth/tokens 0.329s
2025-12-08 18:19:15.526 65869 INFO tempest.lib.common.rest_client [req-4eb528fb-8799-46f8-9a2e-126cca69dcce req-4eb528fb-8799-46f8-9a2e-126cca69dcce ] Request (HypervisorAdminV253TestBase:tearDownClass): 201 POST http://10.180.1.21/identity/v3/auth/tokens 0.302s
2025-12-08 18:19:15.543 65867 INFO tempest.lib.common.rest_client [req-8786384c-327d-47cc-a361-c7d5898faec6 req-8786384c-327d-47cc-a361-c7d5898faec6 ] Request (HostsAdminNegativeTestJSON:setUpClass): 201 POST http://10.180.1.21/identity/v3/auth/tokens 0.212s
2025-12-08 18:19:15.549 65855 INFO tempest.lib.common.rest_client [req-80de98f5-75a8-425b-89df-9f0e6953e2ea req-80de98f5-75a8-425b-89df-9f0e6953e2ea ] Request (FloatingIPDetailsTestJSON:setUpClass): 201 POST http://10.180.1.21/identity/v3/auth/tokens 0.187s
2025-12-08 18:19:15.566 65831 INFO tempest.lib.common.rest_client [req-693da22c-6b92-4dc5-b260-52eb3a53905d req-693da22c-6b92-4dc5-b260-52eb3a53905d ] Request (NetworksTest:tearDownClass): 201 POST http://10.180.1.21/identity/v3/auth/tokens 0.146s
2025-12-08 18:19:15.598 65833 INFO tempest.lib.common.rest_client [req-66491b42-c514-4704-94e9-800b4730263b req-66491b42-c514-4704-94e9-800b4730263b ] Request (ServerExternalEventsTest:setUpClass): 201 POST http://10.180.1.21/identity/v3/auth/tokens 0.160s
2025-12-08 18:19:15.647 65867 INFO tempest.lib.common.rest_client [req-f9f12ce1-e209-4633-bf74-1ae06d16524f req-f9f12ce1-e209-4633-bf74-1ae06d16524f ] Request (HostsAdminNegativeTestJSON:setUpClass): 201 POST http://10.180.1.21/identity/v3/auth/tokens 0.100s
2025-12-08 18:19:15.672 65855 INFO tempest.lib.common.rest_client [req-5d9671ce-dea3-4ca7-8abc-f93b5afd3454 req-5d9671ce-dea3-4ca7-8abc-f93b5afd3454 ] Request (FloatingIPDetailsTestJSON:setUpClass): 200 GET http://10.180.1.21/identity/v3/domains?name=Default 0.123s
2025-12-08 18:19:15.681 65865 INFO tempest.lib.common.rest_client [req-b6038afd-7e74-44d7-81c9-ede5b7108bf1 req-b6038afd-7e74-44d7-81c9-ede5b7108bf1 ] Request (QuotasAdminTestV236:test_get_updated_quotas): 200 PUT http://10.180.1.21/compute/v2.1/os-quota-sets/d89429555eb545d981b52ea01b66d164 2.698s
2025-12-08 18:19:15.698 65867 INFO tempest.lib.common.rest_client [req-5249de4e-6a06-441c-a8b3-d4fd9fc89ba4 req-5249de4e-6a06-441c-a8b3-d4fd9fc89ba4 ] Request (HostsAdminNegativeTestJSON:setUpClass): 200 GET http://10.180.1.21/identity/v3/domains?name=Default 0.051s
2025-12-08 18:19:15.698 65833 INFO tempest.lib.common.rest_client [req-186437a9-82cf-4966-97d9-1690b525d7cf req-186437a9-82cf-4966-97d9-1690b525d7cf ] Request (ServerExternalEventsTest:setUpClass): 201 POST http://10.180.1.21/identity/v3/auth/tokens 0.096s
2025-12-08 18:19:15.741 65867 INFO tempest.lib.common.rest_client [req-fd6207c4-9af1-40d4-aa2f-255d81b7a531 req-fd6207c4-9af1-40d4-aa2f-255d81b7a531 ] Request (HostsAdminNegativeTestJSON:setUpClass): 201 POST http://10.180.1.21/identity/v3/projects 0.042s
2025-12-08 18:19:15.741 65855 INFO tempest.lib.common.rest_client [req-357cf4d9-bdfb-42c2-a471-c8f92292d22c req-357cf4d9-bdfb-42c2-a471-c8f92292d22c ] Request (FloatingIPDetailsTestJSON:setUpClass): 201 POST http://10.180.1.21/identity/v3/projects 0.068s
2025-12-08 18:19:15.770 65851 INFO tempest.lib.common.rest_client [req-a52567d0-a239-4b99-ab88-6d819a3c0112 req-a52567d0-a239-4b99-ab88-6d819a3c0112 ] Request (SecurityGroupsTestJSON:setUpClass): 201 POST http://10.180.1.21/networking/v2.0/subnets 0.279s
2025-12-08 18:19:15.806 65855 INFO tempest.lib.common.rest_client [req-cf343cbf-3ea6-48ca-bb51-f74d95e64fa6 req-cf343cbf-3ea6-48ca-bb51-f74d95e64fa6 ] Request (FloatingIPDetailsTestJSON:setUpClass): 201 POST http://10.180.1.21/identity/v3/users 0.064s
2025-12-08 18:19:15.806 65833 INFO tempest.lib.common.rest_client [req-db69a994-f4dd-4af3-9c16-2ddc71f76529 req-db69a994-f4dd-4af3-9c16-2ddc71f76529 ] Request (ServerExternalEventsTest:setUpClass): 200 GET http://10.180.1.21/identity/v3/domains?name=Default 0.108s
2025-12-08 18:19:15.823 65885 INFO tempest.lib.common.rest_client [req-b7f3dda2-1227-4c73-b84f-a39eeca8675c req-b7f3dda2-1227-4c73-b84f-a39eeca8675c ] Request (MultipleCreateNegativeTestJSON:tearDownClass): 200 GET http://10.180.1.21/networking/v2.0/security-groups?tenant_id=2ba37ae77da4471a8d59f4c656e47ab3&name=default 0.325s
2025-12-08 18:19:15.825 65855 INFO tempest.lib.common.rest_client [req-e99e6c69-285e-4309-94bd-4734d0125c82 req-e99e6c69-285e-4309-94bd-4734d0125c82 ] Request (FloatingIPDetailsTestJSON:setUpClass): 200 GET http://10.180.1.21/identity/v3/roles 0.018s
2025-12-08 18:19:15.827 65867 INFO tempest.lib.common.rest_client [req-12670c84-ed34-4b58-b759-13c4958735b7 req-12670c84-ed34-4b58-b759-13c4958735b7 ] Request (HostsAdminNegativeTestJSON:setUpClass): 201 POST http://10.180.1.21/identity/v3/users 0.086s
2025-12-08 18:19:15.858 65833 INFO tempest.lib.common.rest_client [req-52a06622-8757-4d80-9ac9-2aaeb9bb6cae req-52a06622-8757-4d80-9ac9-2aaeb9bb6cae ] Request (ServerExternalEventsTest:setUpClass): 201 POST http://10.180.1.21/identity/v3/projects 0.050s
2025-12-08 18:19:15.910 65855 INFO tempest.lib.common.rest_client [req-a1020639-12a8-42fc-879d-e1f120b73b78 req-a1020639-12a8-42fc-879d-e1f120b73b78 ] Request (FloatingIPDetailsTestJSON:setUpClass): 204 PUT http://10.180.1.21/identity/v3/projects/33d3a122069f4b6e93108a4e40f3f776/users/33d83bfde6034ef1b9a84fc704c20428/roles/c57b3231750d489aaaf4120f21718dc1 0.085s
2025-12-08 18:19:15.911 65855 INFO tempest.lib.common.dynamic_creds [-] Dynamic test user 33d83bfde6034ef1b9a84fc704c20428 is created with scope project and roles: ['member']
2025-12-08 18:19:15.911 65855 INFO tempest.lib.common.dynamic_creds [-] Acquired dynamic creds: credentials: Credentials: {'domain_id': 'default', 'domain_name': 'Default', 'username': 'tempest-FloatingIPDetailsTestJSON-130366701-project-member', 'project_domain_id': 'default', 'project_domain_name': 'Default', 'project_id': '33d3a122069f4b6e93108a4e40f3f776', 'project_name': 'tempest-FloatingIPDetailsTestJSON-130366701', 'tenant_id': '33d3a122069f4b6e93108a4e40f3f776', 'tenant_name': 'tempest-FloatingIPDetailsTestJSON-130366701', 'user_domain_id': 'default', 'user_domain_name': 'Default', 'user_id': '33d83bfde6034ef1b9a84fc704c20428', 'system': None}, Network: None, Subnet: None, Router: None
2025-12-08 18:19:15.917 65867 INFO tempest.lib.common.rest_client [req-31c070d0-60cd-429a-8d5f-deaad314a9e5 req-31c070d0-60cd-429a-8d5f-deaad314a9e5 ] Request (HostsAdminNegativeTestJSON:setUpClass): 200 GET http://10.180.1.21/identity/v3/roles 0.089s
2025-12-08 18:19:15.939 65873 INFO tempest.lib.common.rest_client [req-107fedb8-5a9f-404d-a274-5790c686ea30 req-107fedb8-5a9f-404d-a274-5790c686ea30 ] Request (SecurityGroupsTestAdminJSON:test_list_security_groups_list_all_tenants_filter): 200 POST http://10.180.1.21/compute/v2.1/os-security-groups 2.722s
2025-12-08 18:19:15.961 65827 INFO tempest.lib.common.rest_client [req-d18fd791-e7f2-4806-ad12-e14aba608bfa req-d18fd791-e7f2-4806-ad12-e14aba608bfa ] Request (FlavorsAdminTestJSON:_run_cleanups): 202 DELETE http://10.180.1.21/compute/v2.1/flavors/1332851128 2.494s
2025-12-08 18:19:15.969 65833 INFO tempest.lib.common.rest_client [req-11804800-b19f-49de-8c6e-549e7a430e69 req-11804800-b19f-49de-8c6e-549e7a430e69 ] Request (ServerExternalEventsTest:setUpClass): 201 POST http://10.180.1.21/identity/v3/users 0.111s
2025-12-08 18:19:15.971 65869 INFO tempest.lib.common.rest_client [req-f0a22d74-ca2a-4086-998e-4fdd18fc86aa req-f0a22d74-ca2a-4086-998e-4fdd18fc86aa ] Request (HypervisorAdminV253TestBase:tearDownClass): 200 GET http://10.180.1.21/networking/v2.0/security-groups?tenant_id=6b133d9ba17e443192340eb489639d82&name=default 0.444s
2025-12-08 18:19:15.971 65855 INFO tempest.lib.common.rest_client [req-388460b9-2d9d-4961-85f5-8d62039a1391 req-388460b9-2d9d-4961-85f5-8d62039a1391 ] Request (FloatingIPDetailsTestJSON:setUpClass): 201 POST http://10.180.1.21/identity/v3/auth/tokens 0.060s
2025-12-08 18:19:15.990 65867 INFO tempest.lib.common.rest_client [req-9691daff-97d2-485a-9dd2-3317a6527501 req-9691daff-97d2-485a-9dd2-3317a6527501 ] Request (HostsAdminNegativeTestJSON:setUpClass): 204 PUT http://10.180.1.21/identity/v3/projects/f9608bcc9f8a460e984067a5cc0f7adb/users/ad5f75fd4ace40e89326f34e5b2177a4/roles/c57b3231750d489aaaf4120f21718dc1 0.073s
2025-12-08 18:19:15.991 65867 INFO tempest.lib.common.dynamic_creds [-] Dynamic test user ad5f75fd4ace40e89326f34e5b2177a4 is created with scope project and roles: ['member']
2025-12-08 18:19:15.991 65867 INFO tempest.lib.common.dynamic_creds [-] Acquired dynamic creds: credentials: Credentials: {'domain_id': 'default', 'domain_name': 'Default', 'username': 'tempest-HostsAdminNegativeTestJSON-944005893-project-member', 'project_domain_id': 'default', 'project_domain_name': 'Default', 'project_id': 'f9608bcc9f8a460e984067a5cc0f7adb', 'project_name': 'tempest-HostsAdminNegativeTestJSON-944005893', 'tenant_id': 'f9608bcc9f8a460e984067a5cc0f7adb', 'tenant_name': 'tempest-HostsAdminNegativeTestJSON-944005893', 'user_domain_id': 'default', 'user_domain_name': 'Default', 'user_id': 'ad5f75fd4ace40e89326f34e5b2177a4', 'system': None}, Network: None, Subnet: None, Router: None
2025-12-08 18:19:15.991 65867 INFO tempest.lib.common.dynamic_creds [-] Created isolated network resources for: credentials: Credentials: {'domain_id': 'default', 'domain_name': 'Default', 'username': 'tempest-HostsAdminNegativeTestJSON-944005893-project-member', 'project_domain_id': 'default', 'project_domain_name': 'Default', 'project_id': 'f9608bcc9f8a460e984067a5cc0f7adb', 'project_name': 'tempest-HostsAdminNegativeTestJSON-944005893', 'tenant_id': 'f9608bcc9f8a460e984067a5cc0f7adb', 'tenant_name': 'tempest-HostsAdminNegativeTestJSON-944005893', 'user_domain_id': 'default', 'user_domain_name': 'Default', 'user_id': 'ad5f75fd4ace40e89326f34e5b2177a4', 'system': None}, Network: None, Subnet: None, Router: None
2025-12-08 18:19:16.003 65887 INFO tempest.lib.common.rest_client [req-bd9c440b-fa42-4179-bb01-3bfcb4992320 req-bd9c440b-fa42-4179-bb01-3bfcb4992320 ] Request (ServersAdmin275Test:test_rebuild_update_server_275): 200 GET http://10.180.1.21/compute/v2.1/servers/3667e23b-1f77-4d3b-9b17-00c68b78c862 2.733s
2025-12-08 18:19:16.036 65883 INFO tempest.lib.common.rest_client [req-50214a70-7638-4768-82c6-f59d526ee0bb req-50214a70-7638-4768-82c6-f59d526ee0bb ] Request (VolumesAssistedSnapshotsTest:test_volume_assisted_snapshot_create_delete): 200 GET http://10.180.1.21/volume/v3/volumes/5ea2ae32-5fc0-414b-9287-ab0dc460b0cd 0.042s
2025-12-08 18:19:16.044 65883 INFO tempest.common.waiters [-] volume 5ea2ae32-5fc0-414b-9287-ab0dc460b0cd reached available after waiting for 2.044392 seconds
2025-12-08 18:19:16.065 65849 INFO tempest.lib.common.rest_client [req-f07810a1-1a2a-4201-98b0-14e50d66860b req-f07810a1-1a2a-4201-98b0-14e50d66860b ] Request (AggregatesAdminNegativeTestJSON:test_aggregate_add_existent_host): 409 POST http://10.180.1.21/compute/v2.1/os-aggregates/1/action 2.099s
2025-12-08 18:19:16.104 65833 INFO tempest.lib.common.rest_client [req-c515902e-379e-491a-91d0-f2c99e5c74b0 req-c515902e-379e-491a-91d0-f2c99e5c74b0 ] Request (ServerExternalEventsTest:setUpClass): 200 GET http://10.180.1.21/identity/v3/roles 0.134s
2025-12-08 18:19:16.156 65867 INFO tempest.lib.common.rest_client [req-546a9b18-f5ae-42f5-9926-86f5a710f6db req-546a9b18-f5ae-42f5-9926-86f5a710f6db ] Request (HostsAdminNegativeTestJSON:setUpClass): 201 POST http://10.180.1.21/identity/v3/auth/tokens 0.162s
2025-12-08 18:19:16.180 65875 INFO tempest.lib.common.rest_client [req-c1ddb53c-7145-4103-874d-01dc97d6f2bc req-c1ddb53c-7145-4103-874d-01dc97d6f2bc ] Request (ServersWithSpecificFlavorTestJSON:test_verify_created_server_ephemeral_disk): 200 POST http://10.180.1.21/compute/v2.1/flavors 2.156s
2025-12-08 18:19:16.183 65833 INFO tempest.lib.common.rest_client [req-068e7bd2-f0fd-48d9-b79a-34f299680a53 req-068e7bd2-f0fd-48d9-b79a-34f299680a53 ] Request (ServerExternalEventsTest:setUpClass): 204 PUT http://10.180.1.21/identity/v3/projects/a956bbc46db4406a8cd971a8abecd78f/users/5c047d1c5abc47289e63afd4dae31817/roles/c57b3231750d489aaaf4120f21718dc1 0.079s
2025-12-08 18:19:16.183 65833 INFO tempest.lib.common.dynamic_creds [-] Dynamic test user 5c047d1c5abc47289e63afd4dae31817 is created with scope project and roles: ['member']
2025-12-08 18:19:16.184 65833 INFO tempest.lib.common.dynamic_creds [-] Acquired dynamic creds: credentials: Credentials: {'domain_id': 'default', 'domain_name': 'Default', 'username': 'tempest-ServerExternalEventsTest-1681596344-project-member', 'project_domain_id': 'default', 'project_domain_name': 'Default', 'project_id': 'a956bbc46db4406a8cd971a8abecd78f', 'project_name': 'tempest-ServerExternalEventsTest-1681596344', 'tenant_id': 'a956bbc46db4406a8cd971a8abecd78f', 'tenant_name': 'tempest-ServerExternalEventsTest-1681596344', 'user_domain_id': 'default', 'user_domain_name': 'Default', 'user_id': '5c047d1c5abc47289e63afd4dae31817', 'system': None}, Network: None, Subnet: None, Router: None
2025-12-08 18:19:16.184 65833 INFO tempest.lib.common.dynamic_creds [-] Created isolated network resources for: credentials: Credentials: {'domain_id': 'default', 'domain_name': 'Default', 'username': 'tempest-ServerExternalEventsTest-1681596344-project-member', 'project_domain_id': 'default', 'project_domain_name': 'Default', 'project_id': 'a956bbc46db4406a8cd971a8abecd78f', 'project_name': 'tempest-ServerExternalEventsTest-1681596344', 'tenant_id': 'a956bbc46db4406a8cd971a8abecd78f', 'tenant_name': 'tempest-ServerExternalEventsTest-1681596344', 'user_domain_id': 'default', 'user_domain_name': 'Default', 'user_id': '5c047d1c5abc47289e63afd4dae31817', 'system': None}, Network: None, Subnet: None, Router: None
2025-12-08 18:19:16.186 65831 INFO tempest.lib.common.rest_client [req-2f871234-26ce-4508-8f5d-1605cc2b8793 req-2f871234-26ce-4508-8f5d-1605cc2b8793 ] Request (NetworksTest:tearDownClass): 200 GET http://10.180.1.21/networking/v2.0/security-groups?tenant_id=28cb68ebd2834dc2b49b8544c5aead6a&name=default 0.620s
2025-12-08 18:19:16.190 65867 INFO tempest.lib.common.rest_client [req-8d73719d-9a77-4260-bd8a-5f30b3508c75 req-8d73719d-9a77-4260-bd8a-5f30b3508c75 ] Request (HostsAdminNegativeTestJSON:setUpClass): 201 POST http://10.180.1.21/identity/v3/projects 0.033s
2025-12-08 18:19:16.215 65857 INFO tempest.lib.common.rest_client [req-89644bc0-7c0a-40e3-9d37-64c4e444456a req-89644bc0-7c0a-40e3-9d37-64c4e444456a ] Request (FlavorsV255TestJSON:test_crud_flavor): 200 GET http://10.180.1.21/compute/v2.1/flavors/detail 2.145s
2025-12-08 18:19:16.246 65839 INFO tempest.lib.common.rest_client [req-47101c32-78b0-43e0-a49e-4bc146ef01a7 req-47101c32-78b0-43e0-a49e-4bc146ef01a7 ] Request (FlavorsV261TestJSON:test_crud_flavor): 200 GET http://10.180.1.21/compute/v2.1/flavors/detail 2.151s
2025-12-08 18:19:16.262 65833 INFO tempest.lib.common.rest_client [req-e1c4a09b-2b68-4b78-a8d5-6bfa86ecffe5 req-e1c4a09b-2b68-4b78-a8d5-6bfa86ecffe5 ] Request (ServerExternalEventsTest:setUpClass): 201 POST http://10.180.1.21/identity/v3/auth/tokens 0.073s
2025-12-08 18:19:16.266 65829 INFO tempest.lib.common.rest_client [req-a24f2d75-8057-43fe-9c4a-560ccba959c0 req-a24f2d75-8057-43fe-9c4a-560ccba959c0 ] Request (HypervisorAdminNegativeUnderV252Test:test_show_servers_with_non_admin_user): 200 GET http://10.180.1.21/compute/v2.1/os-hypervisors 1.961s
2025-12-08 18:19:16.273 65885 INFO tempest.lib.common.rest_client [req-961b11a0-c9be-4b39-ad96-49b4146c8a37 req-961b11a0-c9be-4b39-ad96-49b4146c8a37 ] Request (MultipleCreateNegativeTestJSON:tearDownClass): 204 DELETE http://10.180.1.21/networking/v2.0/security-groups/037940ee-d44d-4e3c-b0f5-c87549f05d13 0.449s
2025-12-08 18:19:16.290 65867 INFO tempest.lib.common.rest_client [req-7ba693c9-d09a-4531-9cdc-ed6cb574d254 req-7ba693c9-d09a-4531-9cdc-ed6cb574d254 ] Request (HostsAdminNegativeTestJSON:setUpClass): 201 POST http://10.180.1.21/identity/v3/users 0.099s
2025-12-08 18:19:16.291 65837 INFO tempest.lib.common.rest_client [req-9b32313f-e63d-428c-b310-a6c93dfd537b req-9b32313f-e63d-428c-b310-a6c93dfd537b ] Request (FlavorMetadataValidation:_run_cleanups): 200 GET http://10.180.1.21/compute/v2.1/flavors/detail 1.923s
2025-12-08 18:19:16.315 65833 INFO tempest.lib.common.rest_client [req-f4176bad-35af-4265-bfb7-bf61d56e48a4 req-f4176bad-35af-4265-bfb7-bf61d56e48a4 ] Request (ServerExternalEventsTest:setUpClass): 201 POST http://10.180.1.21/identity/v3/projects 0.053s
2025-12-08 18:19:16.316 65847 INFO tempest.lib.common.rest_client [req-b057ba99-f7c3-4481-9b8b-f104110183c8 req-b057ba99-f7c3-4481-9b8b-f104110183c8 ] Request (FlavorsV2TestJSON:test_list_flavors_detailed_filter_by_min_ram): 200 GET http://10.180.1.21/compute/v2.1/flavors/detail?minRam=193 1.935s
2025-12-08 18:19:16.357 65869 INFO tempest.lib.common.rest_client [req-13efb8bc-4b22-479d-b0a7-9dc989a6c50b req-13efb8bc-4b22-479d-b0a7-9dc989a6c50b ] Request (HypervisorAdminV253TestBase:tearDownClass): 204 DELETE http://10.180.1.21/networking/v2.0/security-groups/dab0e3c4-e0f4-415d-8fe3-b08c80b9c336 0.386s
2025-12-08 18:19:16.376 65867 INFO tempest.lib.common.rest_client [req-1ee540a7-a263-450d-87d0-6659ecc3f52a req-1ee540a7-a263-450d-87d0-6659ecc3f52a ] Request (HostsAdminNegativeTestJSON:setUpClass): 200 GET http://10.180.1.21/identity/v3/roles 0.085s
2025-12-08 18:19:16.445 65885 INFO tempest.lib.common.rest_client [req-71e83dff-1ade-4d99-bc5d-4cd85d13a22c req-71e83dff-1ade-4d99-bc5d-4cd85d13a22c ] Request (MultipleCreateNegativeTestJSON:tearDownClass): 204 DELETE http://10.180.1.21/identity/v3/projects/2ba37ae77da4471a8d59f4c656e47ab3 0.172s
2025-12-08 18:19:16.446 65885 INFO tempest.test [-] raised in ServerStableDeviceRescueTestIDE.setUpClass. Invoking tearDownClass.
2025-12-08 18:19:16.451 65837 INFO tempest.lib.common.rest_client [req-20b90904-3195-4a1b-a3b1-8d1ae65468a4 req-20b90904-3195-4a1b-a3b1-8d1ae65468a4 ] Request (FlavorMetadataValidation:tearDownClass): 204 DELETE http://10.180.1.21/identity/v3/users/3ad586941df44503ab690982ac768d51 0.144s
2025-12-08 18:19:16.530 65833 INFO tempest.lib.common.rest_client [req-9b42d30b-cc0b-445c-bc5a-9138129c23d9 req-9b42d30b-cc0b-445c-bc5a-9138129c23d9 ] Request (ServerExternalEventsTest:setUpClass): 201 POST http://10.180.1.21/identity/v3/users 0.214s
2025-12-08 18:19:16.537 65869 INFO tempest.lib.common.rest_client [req-b21b35e7-3a31-4574-85eb-bd6f3a375ba3 req-b21b35e7-3a31-4574-85eb-bd6f3a375ba3 ] Request (HypervisorAdminV253TestBase:tearDownClass): 204 DELETE http://10.180.1.21/identity/v3/projects/6b133d9ba17e443192340eb489639d82 0.179s
2025-12-08 18:19:16.537 65869 INFO tempest.lib.common.dynamic_creds [-] Deleting project and security group for project: 6944292f869e4426908397e75a30be5e
2025-12-08 18:19:16.615 65867 INFO tempest.lib.common.rest_client [req-6b6b9454-4bee-4a7f-a062-a63357c6ff1e req-6b6b9454-4bee-4a7f-a062-a63357c6ff1e ] Request (HostsAdminNegativeTestJSON:setUpClass): 204 PUT http://10.180.1.21/identity/v3/projects/e4f1ec5bd22d4e239442a8fe408c2d32/users/cdbe3b97abca49aaaf299307b5aba9ac/roles/230d74edb3824144a775e64485a4774a 0.239s
2025-12-08 18:19:16.667 65885 INFO tempest.lib.common.rest_client [req-c5f6c694-9691-4f67-81e2-2532bf32bd34 req-c5f6c694-9691-4f67-81e2-2532bf32bd34 ] Request (ServerRescueNegativeTestJSON:setUpClass): 201 POST http://10.180.1.21/identity/v3/auth/tokens 0.218s
2025-12-08 18:19:16.685 65851 INFO tempest.lib.common.rest_client [req-28462f3d-ad61-459c-b64a-31c390d47cae req-28462f3d-ad61-459c-b64a-31c390d47cae ] Request (SecurityGroupsTestJSON:setUpClass): 201 POST http://10.180.1.21/networking/v2.0/routers 0.915s
2025-12-08 18:19:16.725 65837 INFO tempest.lib.common.rest_client [req-27c3c1ce-073c-4879-a9ca-9db8df6540b1 req-27c3c1ce-073c-4879-a9ca-9db8df6540b1 ] Request (FlavorMetadataValidation:tearDownClass): 204 DELETE http://10.180.1.21/identity/v3/users/ca304fbce6d44ec8bbcbf41bbf123d81 0.273s
2025-12-08 18:19:16.725 65837 INFO tempest.lib.common.dynamic_creds [-] Deleting project and security group for project: 08b1feb3c3434b0aa7b3d7223b9b37e0
2025-12-08 18:19:16.795 65833 INFO tempest.lib.common.rest_client [req-b77b65a8-52db-4e15-928d-521a4ba826e4 req-b77b65a8-52db-4e15-928d-521a4ba826e4 ] Request (ServerExternalEventsTest:setUpClass): 200 GET http://10.180.1.21/identity/v3/roles 0.264s
2025-12-08 18:19:16.812 65889 INFO tempest.lib.common.rest_client [req-e607cdfd-b80d-4c57-bef2-8f9b4c910220 req-e607cdfd-b80d-4c57-bef2-8f9b4c910220 ] Request (FlavorsAccessNegativeTestJSON:test_add_flavor_access_duplicate): 409 POST http://10.180.1.21/compute/v2.1/flavors/1080123590/action 2.255s
2025-12-08 18:19:16.816 65867 INFO tempest.lib.common.rest_client [req-e4eefb88-757f-4215-8f2b-adf3af0d82b0 req-e4eefb88-757f-4215-8f2b-adf3af0d82b0 ] Request (HostsAdminNegativeTestJSON:setUpClass): 200 GET http://10.180.1.21/identity/v3/roles 0.200s
2025-12-08 18:19:16.820 65885 INFO tempest.lib.common.rest_client [req-2b778b90-7f54-4434-a009-3c4c815acbaf req-2b778b90-7f54-4434-a009-3c4c815acbaf ] Request (ServerRescueNegativeTestJSON:setUpClass): 201 POST http://10.180.1.21/identity/v3/auth/tokens 0.150s
2025-12-08 18:19:16.838 65855 INFO tempest.lib.common.rest_client [req-a7c840db-9ecc-4fe3-904e-457550b7ead7 req-a7c840db-9ecc-4fe3-904e-457550b7ead7 ] Request (FloatingIPDetailsTestJSON:setUpClass): 201 POST http://10.180.1.21/networking/v2.0/networks 0.866s
2025-12-08 18:19:16.839 65831 INFO tempest.lib.common.rest_client [req-10ef75e5-fbfd-44a9-8c51-3d7782313c7f req-10ef75e5-fbfd-44a9-8c51-3d7782313c7f ] Request (NetworksTest:tearDownClass): 204 DELETE http://10.180.1.21/networking/v2.0/security-groups/25782752-4612-4abb-afdf-b137daa22886 0.653s
2025-12-08 18:19:16.846 65835 INFO tempest.lib.common.rest_client [req-65ed65f0-cec9-4ab6-bf32-f79e575ee8d8 req-65ed65f0-cec9-4ab6-bf32-f79e575ee8d8 ] Request (FlavorsAccessTestJSON:_run_cleanups): 202 DELETE http://10.180.1.21/compute/v2.1/flavors/1825692722 2.241s
2025-12-08 18:19:16.848 65837 INFO tempest.lib.common.rest_client [req-47671b21-1fcd-4617-9be2-b69ab1b0887d req-47671b21-1fcd-4617-9be2-b69ab1b0887d ] Request (FlavorMetadataValidation:tearDownClass): 201 POST http://10.180.1.21/identity/v3/auth/tokens 0.123s
2025-12-08 18:19:16.853 65833 INFO tempest.lib.common.rest_client [req-e209b460-17fa-410c-ab33-78cf5f8b3171 req-e209b460-17fa-410c-ab33-78cf5f8b3171 ] Request (ServerExternalEventsTest:setUpClass): 204 PUT http://10.180.1.21/identity/v3/projects/20a6b19fbf464a33a457717b01cc4c27/users/db5b9a3f7ca34d48878a89fa2df37b9a/roles/230d74edb3824144a775e64485a4774a 0.058s
2025-12-08 18:19:16.867 65861 INFO tempest.lib.common.rest_client [req-afde08e0-fb77-4cb9-ab85-d93f126ce41f req-afde08e0-fb77-4cb9-ab85-d93f126ce41f ] Request (ServicesAdminNegativeV253TestJSON:test_get_service_by_invalid_params): 200 GET http://10.180.1.21/compute/v2.1/os-services?xxx=nova-compute 2.154s
2025-12-08 18:19:16.898 65863 INFO tempest.lib.common.rest_client [req-e0b47857-69b6-4ff5-8d70-dd5fe90b65fe req-e0b47857-69b6-4ff5-8d70-dd5fe90b65fe ] Request (HypervisorAdminUnderV252Test:test_search_hypervisor): 200 GET http://10.180.1.21/compute/v2.1/os-hypervisors/domain-c8.fc996f14-c53b-4953-92e3-bdfa48f5cc28/search 2.173s
2025-12-08 18:19:16.904 65867 INFO tempest.lib.common.rest_client [req-2a5f445a-5d2f-4891-8562-335df4b494be req-2a5f445a-5d2f-4891-8562-335df4b494be ] Request (HostsAdminNegativeTestJSON:setUpClass): 204 PUT http://10.180.1.21/identity/v3/projects/e4f1ec5bd22d4e239442a8fe408c2d32/users/cdbe3b97abca49aaaf299307b5aba9ac/roles/230d74edb3824144a775e64485a4774a 0.087s
2025-12-08 18:19:16.905 65867 INFO tempest.lib.common.dynamic_creds [-] Dynamic test user cdbe3b97abca49aaaf299307b5aba9ac is created with scope project and roles: ['admin']
2025-12-08 18:19:16.905 65867 INFO tempest.lib.common.dynamic_creds [-] Acquired dynamic creds: credentials: Credentials: {'domain_id': 'default', 'domain_name': 'Default', 'username': 'tempest-HostsAdminNegativeTestJSON-1744481324-project-admin', 'project_domain_id': 'default', 'project_domain_name': 'Default', 'project_id': 'e4f1ec5bd22d4e239442a8fe408c2d32', 'project_name': 'tempest-HostsAdminNegativeTestJSON-1744481324', 'tenant_id': 'e4f1ec5bd22d4e239442a8fe408c2d32', 'tenant_name': 'tempest-HostsAdminNegativeTestJSON-1744481324', 'user_domain_id': 'default', 'user_domain_name': 'Default', 'user_id': 'cdbe3b97abca49aaaf299307b5aba9ac', 'system': None}, Network: None, Subnet: None, Router: None
2025-12-08 18:19:16.905 65867 INFO tempest.lib.common.dynamic_creds [-] Created isolated network resources for: credentials: Credentials: {'domain_id': 'default', 'domain_name': 'Default', 'username': 'tempest-HostsAdminNegativeTestJSON-1744481324-project-admin', 'project_domain_id': 'default', 'project_domain_name': 'Default', 'project_id': 'e4f1ec5bd22d4e239442a8fe408c2d32', 'project_name': 'tempest-HostsAdminNegativeTestJSON-1744481324', 'tenant_id': 'e4f1ec5bd22d4e239442a8fe408c2d32', 'tenant_name': 'tempest-HostsAdminNegativeTestJSON-1744481324', 'user_domain_id': 'default', 'user_domain_name': 'Default', 'user_id': 'cdbe3b97abca49aaaf299307b5aba9ac', 'system': None}, Network: None, Subnet: None, Router: None
2025-12-08 18:19:16.926 65881 INFO tempest.lib.common.rest_client [req-0b3923ab-fae8-46b1-81a3-55e8f80f18eb req-0b3923ab-fae8-46b1-81a3-55e8f80f18eb ] Request (HypervisorAdminTestJSON:test_get_hypervisor_show_details): 200 GET http://10.180.1.21/compute/v2.1/os-hypervisors/1 2.172s
2025-12-08 18:19:16.953 65872 INFO tempest.lib.common.rest_client [req-73563f16-163b-4e23-8b43-3070273a5cf9 req-73563f16-163b-4e23-8b43-3070273a5cf9 ] Request (ServicesAdminNegativeTestJSON:test_get_service_by_invalid_service_and_valid_host): 200 GET http://10.180.1.21/compute/v2.1/os-services?host=devstack&binary=xxx 2.171s
2025-12-08 18:19:16.960 65885 INFO tempest.lib.common.rest_client [req-550fc633-cc83-4637-80e8-d25de1944c5e req-550fc633-cc83-4637-80e8-d25de1944c5e ] Request (ServerRescueNegativeTestJSON:setUpClass): 200 GET http://10.180.1.21/identity/v3/domains?name=Default 0.138s
2025-12-08 18:19:16.970 65869 INFO tempest.lib.common.rest_client [req-317ff826-8de5-4f29-89ed-e5be42ea7c54 req-317ff826-8de5-4f29-89ed-e5be42ea7c54 ] Request (HypervisorAdminV253TestBase:tearDownClass): 200 GET http://10.180.1.21/networking/v2.0/security-groups?tenant_id=6944292f869e4426908397e75a30be5e&name=default 0.432s
2025-12-08 18:19:16.986 65833 INFO tempest.lib.common.rest_client [req-b00fcbc9-411f-4447-925f-2880e9aaa631 req-b00fcbc9-411f-4447-925f-2880e9aaa631 ] Request (ServerExternalEventsTest:setUpClass): 200 GET http://10.180.1.21/identity/v3/roles 0.132s
2025-12-08 18:19:17.019 65831 INFO tempest.lib.common.rest_client [req-3c34b84d-7d9b-406c-b60e-d522d0a0b371 req-3c34b84d-7d9b-406c-b60e-d522d0a0b371 ] Request (NetworksTest:tearDownClass): 204 DELETE http://10.180.1.21/identity/v3/projects/28cb68ebd2834dc2b49b8544c5aead6a 0.179s
2025-12-08 18:19:17.020 65831 INFO tempest.lib.common.dynamic_creds [-] Deleting project and security group for project: a00752c03a5545ebbedb43d7fbf19073
