2025-12-08 18:20:34.550 65841 INFO tempest.lib.common.rest_client [req-816b0c28-1ddf-47df-a2fe-595821c6f2b1 req-816b0c28-1ddf-47df-a2fe-595821c6f2b1 ] Request (ServersTestManualDisk:setUpClass): 200 PUT http://10.180.1.21/networking/v2.0/routers/bf3065e3-5d87-4eff-88f1-ef94637fa93f/add_router_interface 1.002s
2025-12-08 18:20:34.551 65841 INFO tempest.lib.common.dynamic_creds [-] Created isolated network resources for: credentials: Credentials: {'domain_id': 'default', 'domain_name': 'Default', 'username': 'tempest-ServersTestManualDisk-885771844-project-member', 'project_domain_id': 'default', 'project_domain_name': 'Default', 'project_id': '215146070c1747e996ff0faaad8f86d7', 'project_name': 'tempest-ServersTestManualDisk-885771844', 'tenant_id': '215146070c1747e996ff0faaad8f86d7', 'tenant_name': 'tempest-ServersTestManualDisk-885771844', 'user_domain_id': 'default', 'user_domain_name': 'Default', 'user_id': '1cb40b145b9b4c29a49985848ec35193', 'system': None}, Network: {'id': '4498fc07-455f-4fcb-b383-25e5bd4c9a49', 'name': 'tempest-ServersTestManualDisk-820775944-network', 'tenant_id': '215146070c1747e996ff0faaad8f86d7', 'project_id': '215146070c1747e996ff0faaad8f86d7', 'admin_state_up': True, 'mtu': 8950, 'status': 'ACTIVE', 'subnets': [], 'shared': False, 'port_security_enabled': True, 'router:external': False, 'provider:network_type': 'vlan', 'provider:physical_network': 'default', 'provider:segmentation_id': 214, 'availability_zone_hints': [], 'availability_zones': [], 'ipv4_address_scope': None, 'ipv6_address_scope': None, 'description': '', 'tags': [], 'created_at': '2025-12-08T18:20:31Z', 'updated_at': '2025-12-08T18:20:32Z', 'revision_number': 1}, Subnet: {'id': 'ce9a46a6-229b-498c-bf71-cc478cde17c7', 'name': 'tempest-ServersTestManualDisk-820775944-subnet', 'tenant_id': '215146070c1747e996ff0faaad8f86d7', 'network_id': '4498fc07-455f-4fcb-b383-25e5bd4c9a49', 'ip_version': 4, 'subnetpool_id': None, 'enable_dhcp': True, 'ipv6_ra_mode': None, 'ipv6_address_mode': None, 'gateway_ip': '192.168.128.1', 'cidr': '192.168.128.0/28', 'allocation_pools': [{'start': '192.168.128.2', 'end': '192.168.128.14'}], 'host_routes': [], 'dns_nameservers': [], 'description': '', 'router:external': False, 'service_types': [], 'tags': [], 'created_at': '2025-12-08T18:20:32Z', 'updated_at': '2025-12-08T18:20:32Z', 'revision_number': 0, 'project_id': '215146070c1747e996ff0faaad8f86d7'}, Router: {'id': 'bf3065e3-5d87-4eff-88f1-ef94637fa93f', 'name': 'tempest-ServersTestManualDisk-820775944-router', 'tenant_id': '215146070c1747e996ff0faaad8f86d7', 'admin_state_up': True, 'status': 'ACTIVE', 'external_gateway_info': {'network_id': 'abbeb410-51da-4df5-aa4c-f18a16b13546', 'external_fixed_ips': [{'subnet_id': '74848fa8-f53d-4fb7-90ea-ba2892691de7', 'ip_address': '10.180.180.194'}], 'enable_snat': True}, 'description': '', 'availability_zones': [], 'distributed': False, 'ha': False, 'availability_zone_hints': [], 'routes': [], 'flavor_id': None, 'tags': [], 'created_at': '2025-12-08T18:20:32Z', 'updated_at': '2025-12-08T18:20:33Z', 'revision_number': 2, 'project_id': '215146070c1747e996ff0faaad8f86d7'}
2025-12-08 18:20:34.651 65841 INFO tempest.lib.common.rest_client [req-f9fcee7c-8a4e-4b15-8cf8-d4bde2e6ba9c req-f9fcee7c-8a4e-4b15-8cf8-d4bde2e6ba9c ] Request (ServersTestManualDisk:setUpClass): 201 POST http://10.180.1.21/identity/v3/auth/tokens 0.091s
2025-12-08 18:20:34.784 65829 INFO tempest.lib.common.rest_client [req-fc563917-1c65-4a6b-ba82-e08c5dfe0dcf req-fc563917-1c65-4a6b-ba82-e08c5dfe0dcf ] Request (SecurityGroupRulesNegativeTestJSON:test_create_security_group_rule_with_invalid_ip_protocol): 400 POST http://10.180.1.21/compute/v2.1/os-security-group-rules 6.202s
2025-12-08 18:20:34.829 65847 INFO tempest.lib.common.rest_client [req-e0d687f2-75f9-4b4a-9350-f26576602017 req-e0d687f2-75f9-4b4a-9350-f26576602017 ] Request (ListImageFiltersTestJSON:setUpClass): 200 GET http://10.180.1.21/compute/v2.1/images/c2f33215-76d4-4d7f-97dc-eb2cd92d9edc 6.197s
2025-12-08 18:20:34.846 65867 INFO tempest.lib.common.rest_client [req-1160cba3-9903-4d74-b5d3-09df4091c441 req-1160cba3-9903-4d74-b5d3-09df4091c441 ] Request (HostsAdminNegativeTestJSON:test_update_nonexistent_host): 404 PUT http://10.180.1.21/compute/v2.1/os-hosts/nonexistent_hostname 6.208s
2025-12-08 18:20:34.965 65867 INFO tempest.lib.common.rest_client [req-57e60fed-d4d3-43f3-9cbe-7077fed419a6 req-57e60fed-d4d3-43f3-9cbe-7077fed419a6 ] Request (HostsAdminNegativeTestJSON:tearDownClass): 204 DELETE http://10.180.1.21/identity/v3/users/ad5f75fd4ace40e89326f34e5b2177a4 0.118s
2025-12-08 18:20:35.004 65845 INFO tempest.lib.common.rest_client [req-c37c6fc1-eaec-4b78-8e42-cbadeedb4bad req-c37c6fc1-eaec-4b78-8e42-cbadeedb4bad ] Request (AttachInterfacesUnderV243Test:setUpClass): 201 POST http://10.180.1.21/networking/v2.0/subnets 1.005s
2025-12-08 18:20:35.086 65867 INFO tempest.lib.common.rest_client [req-d6bed545-9bd5-4cdb-9e76-80369fdcd435 req-d6bed545-9bd5-4cdb-9e76-80369fdcd435 ] Request (HostsAdminNegativeTestJSON:tearDownClass): 204 DELETE http://10.180.1.21/identity/v3/users/cdbe3b97abca49aaaf299307b5aba9ac 0.118s
2025-12-08 18:20:35.086 65867 INFO tempest.lib.common.dynamic_creds [-] Deleting project and security group for project: e4f1ec5bd22d4e239442a8fe408c2d32
2025-12-08 18:20:35.114 65869 INFO tempest.lib.common.rest_client [req-f83a8e0c-6f3c-42fb-b710-82e18b257f43 req-f83a8e0c-6f3c-42fb-b710-82e18b257f43 ] Request (VolumesAdminNegativeTest:tearDownClass): 200 GET http://10.180.1.21/compute/v2.1/servers/cd5316b7-8c6a-4e8c-8da8-02414b0392af 6.428s
2025-12-08 18:20:35.159 65867 INFO tempest.lib.common.rest_client [req-518a4115-17cb-4abb-a4cb-f0f4d3cf891d req-518a4115-17cb-4abb-a4cb-f0f4d3cf891d ] Request (HostsAdminNegativeTestJSON:tearDownClass): 201 POST http://10.180.1.21/identity/v3/auth/tokens 0.073s
2025-12-08 18:20:35.226 65853 INFO tempest.lib.common.rest_client [req-302484c9-46d9-4f95-b23b-3d807f15281f req-302484c9-46d9-4f95-b23b-3d807f15281f ] Request (ImagesTestJSON:_run_cleanups): 204 DELETE http://10.180.1.21/compute/v2.1/servers/113a9d1a-8de0-4575-bc95-0f91369f501e 6.446s
2025-12-08 18:20:35.385 65847 INFO tempest.lib.common.rest_client [req-898cd57b-5130-46e9-a2bf-031e158fc9d5 req-898cd57b-5130-46e9-a2bf-031e158fc9d5 ] Request (ListImageFiltersTestJSON:setUpClass): 201 POST http://10.180.1.21/image/v2/images 0.548s
2025-12-08 18:20:35.465 65853 INFO tempest.lib.common.rest_client [req-c9f9677d-edf3-4952-a572-de76ecae3cef req-c9f9677d-edf3-4952-a572-de76ecae3cef ] Request (ImagesTestJSON:test_create_image_from_suspended_server): 201 POST http://10.180.1.21/identity/v3/auth/tokens 0.227s
2025-12-08 18:20:35.467 65853 INFO tempest.lib.common.fixed_network [-] (ImagesTestJSON:test_create_image_from_suspended_server) Found network {'id': 'a3aa29a3-57cc-4a97-9446-ebf34011d712', 'name': 'tempest-ImagesTestJSON-1359612356-network', 'tenant_id': '58363b8039ac47ea9c97987f4417a6bd', 'project_id': '58363b8039ac47ea9c97987f4417a6bd', 'admin_state_up': True, 'mtu': 8950, 'status': 'ACTIVE', 'subnets': [], 'shared': False, 'port_security_enabled': True, 'router:external': False, 'provider:network_type': 'vlan', 'provider:physical_network': 'default', 'provider:segmentation_id': 838, 'availability_zone_hints': [], 'availability_zones': [], 'ipv4_address_scope': None, 'ipv6_address_scope': None, 'description': '', 'tags': [], 'created_at': '2025-12-08T18:19:02Z', 'updated_at': '2025-12-08T18:19:02Z', 'revision_number': 1} available for tenant
2025-12-08 18:20:35.631 65831 WARNING tempest.lib.common.ssh [-] Failed to establish authenticated ssh connection to cirros@10.180.180.146 ([Errno None] Unable to connect to port 22 on 10.180.180.146). Number attempts: 4. Retry after 5 seconds.: paramiko.ssh_exception.NoValidConnectionsError: [Errno None] Unable to connect to port 22 on 10.180.180.146
2025-12-08 18:20:35.701 65867 INFO tempest.lib.common.rest_client [req-27a2c49c-1940-4b42-927f-391e5c8fff61 req-27a2c49c-1940-4b42-927f-391e5c8fff61 ] Request (HostsAdminNegativeTestJSON:tearDownClass): 200 GET http://10.180.1.21/networking/v2.0/security-groups?tenant_id=e4f1ec5bd22d4e239442a8fe408c2d32&name=default 0.541s
2025-12-08 18:20:36.036 65845 INFO tempest.lib.common.rest_client [req-2909a0a1-61d1-4794-b067-a45dac6a79e0 req-2909a0a1-61d1-4794-b067-a45dac6a79e0 ] Request (AttachInterfacesUnderV243Test:setUpClass): 201 POST http://10.180.1.21/networking/v2.0/routers 1.031s
2025-12-08 18:20:36.315 65867 INFO tempest.lib.common.rest_client [req-d48bf9de-5c52-4ce9-84b5-75d5f65c8fff req-d48bf9de-5c52-4ce9-84b5-75d5f65c8fff ] Request (HostsAdminNegativeTestJSON:tearDownClass): 204 DELETE http://10.180.1.21/networking/v2.0/security-groups/decfb323-ebc3-4319-ba05-3da2da1bc03a 0.613s
2025-12-08 18:20:36.408 65867 INFO tempest.lib.common.rest_client [req-900782c3-d086-4a7b-8299-1f46eaf62508 req-900782c3-d086-4a7b-8299-1f46eaf62508 ] Request (HostsAdminNegativeTestJSON:tearDownClass): 204 DELETE http://10.180.1.21/identity/v3/projects/e4f1ec5bd22d4e239442a8fe408c2d32 0.092s
2025-12-08 18:20:36.409 65867 INFO tempest.lib.common.dynamic_creds [-] Deleting project and security group for project: f9608bcc9f8a460e984067a5cc0f7adb
2025-12-08 18:20:36.969 65865 WARNING tempest.lib.common.ssh [-] Failed to establish authenticated ssh connection to cirros@10.180.180.174 ([Errno None] Unable to connect to port 22 on 10.180.180.174). Number attempts: 4. Retry after 5 seconds.: paramiko.ssh_exception.NoValidConnectionsError: [Errno None] Unable to connect to port 22 on 10.180.180.174
2025-12-08 18:20:37.015 65883 WARNING tempest.lib.common.ssh [-] Failed to establish authenticated ssh connection to cirros@10.180.180.130 ([Errno None] Unable to connect to port 22 on 10.180.180.130). Number attempts: 5. Retry after 6 seconds.: paramiko.ssh_exception.NoValidConnectionsError: [Errno None] Unable to connect to port 22 on 10.180.180.130
2025-12-08 18:20:37.188 65847 INFO tempest.lib.common.rest_client [req-eef3d701-281d-475c-9b5d-d20b5e56bc75 req-eef3d701-281d-475c-9b5d-d20b5e56bc75 ] Request (ListImageFiltersTestJSON:setUpClass): 204 PUT http://10.180.1.21/image/v2/images/e116c2ac-583a-4039-b937-190e508c0912/file 0.802s
2025-12-08 18:20:37.264 65845 INFO tempest.lib.common.rest_client [req-bf49ddf8-06f8-47b6-b810-ee4a8bc2eb09 req-bf49ddf8-06f8-47b6-b810-ee4a8bc2eb09 ] Request (AttachInterfacesUnderV243Test:setUpClass): 200 PUT http://10.180.1.21/networking/v2.0/routers/5e32291c-14d0-4a30-8aac-1e854bd764d6/add_router_interface 1.227s
2025-12-08 18:20:37.264 65845 INFO tempest.lib.common.dynamic_creds [-] Created isolated network resources for: credentials: Credentials: {'domain_id': 'default', 'domain_name': 'Default', 'username': 'tempest-AttachInterfacesUnderV243Test-412668467-project-member', 'project_domain_id': 'default', 'project_domain_name': 'Default', 'project_id': '7b428fc10375450f98957bb6aa8b721c', 'project_name': 'tempest-AttachInterfacesUnderV243Test-412668467', 'tenant_id': '7b428fc10375450f98957bb6aa8b721c', 'tenant_name': 'tempest-AttachInterfacesUnderV243Test-412668467', 'user_domain_id': 'default', 'user_domain_name': 'Default', 'user_id': 'af306791d0564330b5f97eb5bd77ec25', 'system': None}, Network: {'id': '4b39209e-ed4a-4d96-8dcd-0d52d30f2559', 'name': 'tempest-AttachInterfacesUnderV243Test-1036632166-network', 'tenant_id': '7b428fc10375450f98957bb6aa8b721c', 'project_id': '7b428fc10375450f98957bb6aa8b721c', 'admin_state_up': True, 'mtu': 8950, 'status': 'ACTIVE', 'subnets': [], 'shared': False, 'port_security_enabled': True, 'router:external': False, 'provider:network_type': 'vlan', 'provider:physical_network': 'default', 'provider:segmentation_id': 377, 'availability_zone_hints': [], 'availability_zones': [], 'ipv4_address_scope': None, 'ipv6_address_scope': None, 'description': '', 'tags': [], 'created_at': '2025-12-08T18:20:33Z', 'updated_at': '2025-12-08T18:20:33Z', 'revision_number': 1}, Subnet: {'id': 'b797c296-ef50-403f-90c2-b44c352d925a', 'name': 'tempest-AttachInterfacesUnderV243Test-1036632166-subnet', 'tenant_id': '7b428fc10375450f98957bb6aa8b721c', 'network_id': '4b39209e-ed4a-4d96-8dcd-0d52d30f2559', 'ip_version': 4, 'subnetpool_id': None, 'enable_dhcp': True, 'ipv6_ra_mode': None, 'ipv6_address_mode': None, 'gateway_ip': '192.168.128.1', 'cidr': '192.168.128.0/28', 'allocation_pools': [{'start': '192.168.128.2', 'end': '192.168.128.14'}], 'host_routes': [], 'dns_nameservers': [], 'description': '', 'router:external': False, 'service_types': [], 'tags': [], 'created_at': '2025-12-08T18:20:34Z', 'updated_at': '2025-12-08T18:20:34Z', 'revision_number': 0, 'project_id': '7b428fc10375450f98957bb6aa8b721c'}, Router: {'id': '5e32291c-14d0-4a30-8aac-1e854bd764d6', 'name': 'tempest-AttachInterfacesUnderV243Test-1036632166-router', 'tenant_id': '7b428fc10375450f98957bb6aa8b721c', 'admin_state_up': True, 'status': 'ACTIVE', 'external_gateway_info': {'network_id': 'abbeb410-51da-4df5-aa4c-f18a16b13546', 'external_fixed_ips': [{'subnet_id': '74848fa8-f53d-4fb7-90ea-ba2892691de7', 'ip_address': '10.180.180.132'}], 'enable_snat': True}, 'description': '', 'availability_zones': [], 'distributed': False, 'ha': False, 'availability_zone_hints': [], 'routes': [], 'flavor_id': None, 'tags': [], 'created_at': '2025-12-08T18:20:35Z', 'updated_at': '2025-12-08T18:20:35Z', 'revision_number': 2, 'project_id': '7b428fc10375450f98957bb6aa8b721c'}
2025-12-08 18:20:37.523 65845 INFO tempest.lib.common.rest_client [req-0b8feda8-5b6f-46cc-9e66-1a7e34e4881f req-0b8feda8-5b6f-46cc-9e66-1a7e34e4881f ] Request (AttachInterfacesUnderV243Test:setUpClass): 201 POST http://10.180.1.21/identity/v3/auth/tokens 0.255s
2025-12-08 18:20:37.568 65867 INFO tempest.lib.common.rest_client [req-27b9aeab-4f3e-412e-b2ef-1bad221bb3cb req-27b9aeab-4f3e-412e-b2ef-1bad221bb3cb ] Request (HostsAdminNegativeTestJSON:tearDownClass): 200 GET http://10.180.1.21/networking/v2.0/security-groups?tenant_id=f9608bcc9f8a460e984067a5cc0f7adb&name=default 1.159s
2025-12-08 18:20:37.712 65867 INFO tempest.lib.common.rest_client [req-8c9bdf4f-45e5-4b58-b06c-dd6aebdef602 req-8c9bdf4f-45e5-4b58-b06c-dd6aebdef602 ] Request (HostsAdminNegativeTestJSON:tearDownClass): 204 DELETE http://10.180.1.21/networking/v2.0/security-groups/49c7f714-3966-491c-87b7-91cf48beda4a 0.143s
2025-12-08 18:20:37.862 65867 INFO tempest.lib.common.rest_client [req-ee1054df-2de0-4b84-8a47-1f938e5dd087 req-ee1054df-2de0-4b84-8a47-1f938e5dd087 ] Request (HostsAdminNegativeTestJSON:tearDownClass): 204 DELETE http://10.180.1.21/identity/v3/projects/f9608bcc9f8a460e984067a5cc0f7adb 0.150s
2025-12-08 18:20:37.994 65877 INFO tempest.lib.common.rest_client [req-0a97e9e2-871c-403b-aeea-8b12522e1c2f req-0a97e9e2-871c-403b-aeea-8b12522e1c2f ] Request (FloatingIPsAssociationNegativeTestJSON:setUpClass): 202 POST http://10.180.1.21/compute/v2.1/servers 8.283s
2025-12-08 18:20:38.094 65867 INFO tempest.lib.common.rest_client [req-c90afc45-fdff-4663-8231-dbcc1b3821f6 req-c90afc45-fdff-4663-8231-dbcc1b3821f6 ] Request (HypervisorAdminV228Test:setUpClass): 201 POST http://10.180.1.21/identity/v3/auth/tokens 0.230s
2025-12-08 18:20:38.142 65867 INFO tempest.lib.common.rest_client [req-fb54bcc4-c693-4e87-8cc5-12255cd0ed14 req-fb54bcc4-c693-4e87-8cc5-12255cd0ed14 ] Request (HypervisorAdminV228Test:setUpClass): 201 POST http://10.180.1.21/identity/v3/auth/tokens 0.043s
2025-12-08 18:20:38.169 65867 INFO tempest.lib.common.rest_client [req-582b3be5-02f7-40a7-bb32-fa6ba2dc0f1f req-582b3be5-02f7-40a7-bb32-fa6ba2dc0f1f ] Request (HypervisorAdminV228Test:setUpClass): 200 GET http://10.180.1.21/identity/v3/domains?name=Default 0.027s
2025-12-08 18:20:38.210 65867 INFO tempest.lib.common.rest_client [req-c6822aeb-0ca3-4703-94ef-a4fcf459c264 req-c6822aeb-0ca3-4703-94ef-a4fcf459c264 ] Request (HypervisorAdminV228Test:setUpClass): 201 POST http://10.180.1.21/identity/v3/projects 0.040s
2025-12-08 18:20:38.225 65859 INFO tempest.lib.common.rest_client [req-a0d8477b-4751-498e-ac8f-8979b7382448 req-a0d8477b-4751-498e-ac8f-8979b7382448 ] Request (FloatingIPsAssociationTestJSON:test_associate_already_associated_floating_ip): 202 POST http://10.180.1.21/compute/v2.1/servers/42eeead3-1f0f-405e-aba3-8afcf6f24f17/action 10.070s
2025-12-08 18:20:38.260 65872 INFO tempest.lib.common.rest_client [req-a05d887f-dfc4-4df3-81b4-686859d0ed80 req-a05d887f-dfc4-4df3-81b4-686859d0ed80 ] Request (ImagesMetadataTestJSON:setUp): 200 PUT http://10.180.1.21/compute/v2.1/images/76740d22-b332-42d4-9146-2553e8a3b450/metadata 8.209s
2025-12-08 18:20:38.275 65867 INFO tempest.lib.common.rest_client [req-0bbb6571-ea29-4ad5-a37b-899dd7e8d548 req-0bbb6571-ea29-4ad5-a37b-899dd7e8d548 ] Request (HypervisorAdminV228Test:setUpClass): 201 POST http://10.180.1.21/identity/v3/users 0.065s
2025-12-08 18:20:38.298 65867 INFO tempest.lib.common.rest_client [req-b665e0cb-83ec-4132-a91a-15ef4800df36 req-b665e0cb-83ec-4132-a91a-15ef4800df36 ] Request (HypervisorAdminV228Test:setUpClass): 200 GET http://10.180.1.21/identity/v3/roles 0.022s
2025-12-08 18:20:38.327 65867 INFO tempest.lib.common.rest_client [req-b16e4100-e745-43da-8add-b0eee8fc818b req-b16e4100-e745-43da-8add-b0eee8fc818b ] Request (HypervisorAdminV228Test:setUpClass): 204 PUT http://10.180.1.21/identity/v3/projects/5ef705148f5e4d47a326b9c507031818/users/996b9d8df66d401a9bf0f5b1156be440/roles/c57b3231750d489aaaf4120f21718dc1 0.029s
2025-12-08 18:20:38.327 65867 INFO tempest.lib.common.dynamic_creds [-] Dynamic test user 996b9d8df66d401a9bf0f5b1156be440 is created with scope project and roles: ['member']
2025-12-08 18:20:38.328 65867 INFO tempest.lib.common.dynamic_creds [-] Acquired dynamic creds: credentials: Credentials: {'domain_id': 'default', 'domain_name': 'Default', 'username': 'tempest-HypervisorAdminV228Test-1598478703-project-member', 'project_domain_id': 'default', 'project_domain_name': 'Default', 'project_id': '5ef705148f5e4d47a326b9c507031818', 'project_name': 'tempest-HypervisorAdminV228Test-1598478703', 'tenant_id': '5ef705148f5e4d47a326b9c507031818', 'tenant_name': 'tempest-HypervisorAdminV228Test-1598478703', 'user_domain_id': 'default', 'user_domain_name': 'Default', 'user_id': '996b9d8df66d401a9bf0f5b1156be440', 'system': None}, Network: None, Subnet: None, Router: None
2025-12-08 18:20:38.328 65867 INFO tempest.lib.common.dynamic_creds [-] Created isolated network resources for: credentials: Credentials: {'domain_id': 'default', 'domain_name': 'Default', 'username': 'tempest-HypervisorAdminV228Test-1598478703-project-member', 'project_domain_id': 'default', 'project_domain_name': 'Default', 'project_id': '5ef705148f5e4d47a326b9c507031818', 'project_name': 'tempest-HypervisorAdminV228Test-1598478703', 'tenant_id': '5ef705148f5e4d47a326b9c507031818', 'tenant_name': 'tempest-HypervisorAdminV228Test-1598478703', 'user_domain_id': 'default', 'user_domain_name': 'Default', 'user_id': '996b9d8df66d401a9bf0f5b1156be440', 'system': None}, Network: None, Subnet: None, Router: None
2025-12-08 18:20:38.434 65867 INFO tempest.lib.common.rest_client [req-3817e386-4f96-474a-a840-a402f330e386 req-3817e386-4f96-474a-a840-a402f330e386 ] Request (HypervisorAdminV228Test:setUpClass): 201 POST http://10.180.1.21/identity/v3/auth/tokens 0.102s
2025-12-08 18:20:38.451 65879 INFO tempest.lib.common.rest_client [req-e6bf79ca-a289-43ac-855e-1d08306dd7e4 req-e6bf79ca-a289-43ac-855e-1d08306dd7e4 ] Request (QuotasAdminNegativeTest:_run_cleanups): 200 PUT http://10.180.1.21/compute/v2.1/os-quota-sets/b6919a29c26f4cb9aaa4ebdf0cecf719 8.107s
2025-12-08 18:20:38.456 65855 INFO tempest.lib.common.rest_client [req-309df1af-e8fe-4465-9117-daadc0425058 req-309df1af-e8fe-4465-9117-daadc0425058 ] Request (AbsoluteLimitsNegativeTestJSON:test_max_metadata_exceed_limit): 403 POST http://10.180.1.21/compute/v2.1/servers 7.991s
2025-12-08 18:20:38.522 65867 INFO tempest.lib.common.rest_client [req-e3760066-2996-4b1e-9072-3ea99df39d01 req-e3760066-2996-4b1e-9072-3ea99df39d01 ] Request (HypervisorAdminV228Test:setUpClass): 201 POST http://10.180.1.21/identity/v3/projects 0.087s
2025-12-08 18:20:38.604 65855 INFO tempest.lib.common.rest_client [req-fc924b79-5cdb-46dc-b1a0-2841732183fb req-fc924b79-5cdb-46dc-b1a0-2841732183fb ] Request (AbsoluteLimitsNegativeTestJSON:tearDownClass): 204 DELETE http://10.180.1.21/identity/v3/users/8c218874fa0c46b288e348c1888e38c5 0.146s
2025-12-08 18:20:38.604 65855 INFO tempest.lib.common.dynamic_creds [-] Deleting project and security group for project: bb5664f68e7e42ba8a805c7a94f7c7ea
2025-12-08 18:20:38.637 65885 INFO tempest.lib.common.rest_client [req-6488d5d6-62ed-4012-b104-140b0bb4966d req-6488d5d6-62ed-4012-b104-140b0bb4966d ] Request (ServerRescueNegativeTestJSON:setUpClass): 200 GET http://10.180.1.21/compute/v2.1/servers/df731613-d8d1-4881-8e94-eeb316e464ad 8.080s
2025-12-08 18:20:38.657 65855 INFO tempest.lib.common.rest_client [req-9c7b67dd-c477-4d89-a1f8-f6da8ebc89cb req-9c7b67dd-c477-4d89-a1f8-f6da8ebc89cb ] Request (AbsoluteLimitsNegativeTestJSON:tearDownClass): 201 POST http://10.180.1.21/identity/v3/auth/tokens 0.052s
2025-12-08 18:20:38.658 65867 INFO tempest.lib.common.rest_client [req-c46353be-b92c-4031-a135-dcf27889f7d6 req-c46353be-b92c-4031-a135-dcf27889f7d6 ] Request (HypervisorAdminV228Test:setUpClass): 201 POST http://10.180.1.21/identity/v3/users 0.136s
2025-12-08 18:20:38.662 65839 INFO tempest.lib.common.rest_client [req-f9179497-74a6-4475-a80d-e4a7f571e6ac req-f9179497-74a6-4475-a80d-e4a7f571e6ac ] Request (DeleteServersTestJSON:test_delete_active_server): 200 GET http://10.180.1.21/compute/v2.1/servers/83e9ae3a-118a-4a8e-a3f6-9044ebcc726b 8.098s
2025-12-08 18:20:38.673 65839 INFO tempest.common.waiters [-] State transition "BUILD/spawning" ==> "ACTIVE/None" after 35 second wait
2025-12-08 18:20:38.684 65867 INFO tempest.lib.common.rest_client [req-82f50736-5b77-4d29-9d17-ae32bf186af9 req-82f50736-5b77-4d29-9d17-ae32bf186af9 ] Request (HypervisorAdminV228Test:setUpClass): 200 GET http://10.180.1.21/identity/v3/roles 0.025s
2025-12-08 18:20:38.710 65867 INFO tempest.lib.common.rest_client [req-36d7471f-dde1-4e01-86ce-21e2a810e462 req-36d7471f-dde1-4e01-86ce-21e2a810e462 ] Request (HypervisorAdminV228Test:setUpClass): 204 PUT http://10.180.1.21/identity/v3/projects/38f6557b14b942da95d1b1b831f5b876/users/d8af970fccdb47318a27add9aa3c3fbf/roles/230d74edb3824144a775e64485a4774a 0.025s
2025-12-08 18:20:38.724 65835 INFO tempest.lib.common.rest_client [req-0ad13b13-fc0b-4e1b-ad78-459f9a27ecec req-0ad13b13-fc0b-4e1b-ad78-459f9a27ecec ] Request (ServerDiagnosticsNegativeTest:tearDownClass): 200 GET http://10.180.1.21/compute/v2.1/servers/b861e920-384f-418c-815f-c18bed729c1e 8.028s
2025-12-08 18:20:38.767 65867 INFO tempest.lib.common.rest_client [req-4f18150e-a296-4f21-8a5c-be68073f32d7 req-4f18150e-a296-4f21-8a5c-be68073f32d7 ] Request (HypervisorAdminV228Test:setUpClass): 200 GET http://10.180.1.21/identity/v3/roles 0.057s
2025-12-08 18:20:38.795 65867 INFO tempest.lib.common.rest_client [req-e66e25af-d2d6-4c8b-a9ba-1b8c5562e7a9 req-e66e25af-d2d6-4c8b-a9ba-1b8c5562e7a9 ] Request (HypervisorAdminV228Test:setUpClass): 204 PUT http://10.180.1.21/identity/v3/projects/38f6557b14b942da95d1b1b831f5b876/users/d8af970fccdb47318a27add9aa3c3fbf/roles/230d74edb3824144a775e64485a4774a 0.025s
2025-12-08 18:20:38.795 65867 INFO tempest.lib.common.dynamic_creds [-] Dynamic test user d8af970fccdb47318a27add9aa3c3fbf is created with scope project and roles: ['admin']
2025-12-08 18:20:38.795 65867 INFO tempest.lib.common.dynamic_creds [-] Acquired dynamic creds: credentials: Credentials: {'domain_id': 'default', 'domain_name': 'Default', 'username': 'tempest-HypervisorAdminV228Test-1165050825-project-admin', 'project_domain_id': 'default', 'project_domain_name': 'Default', 'project_id': '38f6557b14b942da95d1b1b831f5b876', 'project_name': 'tempest-HypervisorAdminV228Test-1165050825', 'tenant_id': '38f6557b14b942da95d1b1b831f5b876', 'tenant_name': 'tempest-HypervisorAdminV228Test-1165050825', 'user_domain_id': 'default', 'user_domain_name': 'Default', 'user_id': 'd8af970fccdb47318a27add9aa3c3fbf', 'system': None}, Network: None, Subnet: None, Router: None
2025-12-08 18:20:38.795 65867 INFO tempest.lib.common.dynamic_creds [-] Created isolated network resources for: credentials: Credentials: {'domain_id': 'default', 'domain_name': 'Default', 'username': 'tempest-HypervisorAdminV228Test-1165050825-project-admin', 'project_domain_id': 'default', 'project_domain_name': 'Default', 'project_id': '38f6557b14b942da95d1b1b831f5b876', 'project_name': 'tempest-HypervisorAdminV228Test-1165050825', 'tenant_id': '38f6557b14b942da95d1b1b831f5b876', 'tenant_name': 'tempest-HypervisorAdminV228Test-1165050825', 'user_domain_id': 'default', 'user_domain_name': 'Default', 'user_id': 'd8af970fccdb47318a27add9aa3c3fbf', 'system': None}, Network: None, Subnet: None, Router: None
2025-12-08 18:20:38.799 65875 INFO tempest.lib.common.rest_client [req-1d006707-3aa1-45a7-89ae-fe42a55adb42 req-1d006707-3aa1-45a7-89ae-fe42a55adb42 ] Request (ServersWithSpecificFlavorTestJSON:test_verify_created_server_ephemeral_disk): 200 GET http://10.180.1.21/compute/v2.1/servers/b443b67f-c498-43be-8978-c3c2176dfe3e/os-interface 7.967s
2025-12-08 18:20:38.919 65867 INFO tempest.lib.common.rest_client [req-377c0ba3-c0d9-47fd-95ae-6596e0bbf05b req-377c0ba3-c0d9-47fd-95ae-6596e0bbf05b ] Request (HypervisorAdminV228Test:setUpClass): 201 POST http://10.180.1.21/identity/v3/auth/tokens 0.121s
2025-12-08 18:20:38.932 65855 INFO tempest.lib.common.rest_client [req-148eaae8-5ea1-4798-b31d-e11dda91497b req-148eaae8-5ea1-4798-b31d-e11dda91497b ] Request (AbsoluteLimitsNegativeTestJSON:tearDownClass): 200 GET http://10.180.1.21/networking/v2.0/security-groups?tenant_id=bb5664f68e7e42ba8a805c7a94f7c7ea&name=default 0.275s
2025-12-08 18:20:38.954 65851 INFO tempest.lib.common.rest_client [req-fcffc8d5-e190-482a-9b1d-e89806746352 req-fcffc8d5-e190-482a-9b1d-e89806746352 ] Request (SecurityGroupsTestJSON:test_security_group_create_get_delete): 404 GET http://10.180.1.21/compute/v2.1/os-security-groups/4cd68f39-03d0-4431-8468-0211f62a5d64 8.056s
2025-12-08 18:20:39.092 65855 INFO tempest.lib.common.rest_client [req-a8bac097-555d-436c-8c5f-c2f9208de6f4 req-a8bac097-555d-436c-8c5f-c2f9208de6f4 ] Request (AbsoluteLimitsNegativeTestJSON:tearDownClass): 204 DELETE http://10.180.1.21/networking/v2.0/security-groups/f08e58ce-d992-42b1-ab32-22da0ee28475 0.159s
2025-12-08 18:20:39.139 65863 INFO tempest.lib.common.rest_client [req-062fc91b-7ddd-479a-a46e-9e490bc46814 req-062fc91b-7ddd-479a-a46e-9e490bc46814 ] Request (ServerActionsV293TestJSON:setUpClass): 200 GET http://10.180.1.21/compute/v2.1/servers/0ebc601d-2fbd-424e-8ad3-8c2eec7a8772 8.302s
2025-12-08 18:20:39.154 65863 INFO tempest.common.waiters [-] State transition "BUILD/spawning" ==> "ACTIVE/None" after 29 second wait
2025-12-08 18:20:39.192 65857 INFO tempest.lib.common.rest_client [req-9aeceee6-2f3f-4eb1-8c01-3aa41c2fb9a8 req-9aeceee6-2f3f-4eb1-8c01-3aa41c2fb9a8 ] Request (ImagesOneServerTestJSON:test_create_delete_image): 200 GET http://10.180.1.21/compute/v2.1/images/0d52609f-34b0-4b6b-b7a5-dc278bfbdd0d 8.089s
2025-12-08 18:20:39.250 65855 INFO tempest.lib.common.rest_client [req-6e22bebb-b057-4200-bd3f-a60647ed0de9 req-6e22bebb-b057-4200-bd3f-a60647ed0de9 ] Request (AbsoluteLimitsNegativeTestJSON:tearDownClass): 204 DELETE http://10.180.1.21/identity/v3/projects/bb5664f68e7e42ba8a805c7a94f7c7ea 0.156s
2025-12-08 18:20:39.311 65855 INFO tempest.lib.common.rest_client [req-b5e2a88d-2871-4c8d-8134-bde9ba61d19f req-b5e2a88d-2871-4c8d-8134-bde9ba61d19f ] Request (ServerDiskConfigTestJSON:setUpClass): 201 POST http://10.180.1.21/identity/v3/auth/tokens 0.060s
2025-12-08 18:20:39.333 65873 INFO tempest.lib.common.rest_client [req-b1a15883-ed71-47bb-884c-ace12b6c1867 req-b1a15883-ed71-47bb-884c-ace12b6c1867 ] Request (ServersNegativeTestJSON:setUpClass): 200 GET http://10.180.1.21/compute/v2.1/servers/8fe183a6-3240-45f9-80f6-1347af3f8d96 8.323s
2025-12-08 18:20:39.340 65873 INFO tempest.common.waiters [-] State transition "BUILD/None" ==> "BUILD/spawning" after 23 second wait
2025-12-08 18:20:39.349 65855 INFO tempest.lib.common.rest_client [req-0d3badf2-919f-4f9b-889c-ec1212bb2446 req-0d3badf2-919f-4f9b-889c-ec1212bb2446 ] Request (ServerDiskConfigTestJSON:setUpClass): 201 POST http://10.180.1.21/identity/v3/auth/tokens 0.035s
2025-12-08 18:20:39.359 65861 INFO tempest.lib.common.rest_client [req-3116fe51-8a64-4a26-8fe7-fb456f137356 req-3116fe51-8a64-4a26-8fe7-fb456f137356 ] Request (ImagesNegativeTestJSON:test_create_image_from_deleted_server): 200 GET http://10.180.1.21/compute/v2.1/servers/2c4faf25-ca44-4ec2-8ea7-9750ec78817b 8.069s
2025-12-08 18:20:39.372 65861 INFO tempest.common.waiters [-] State transition "BUILD/None" ==> "BUILD/spawning" after 22 second wait
2025-12-08 18:20:39.403 65855 INFO tempest.lib.common.rest_client [req-505d05d8-024b-4ce5-8da0-0ffd6e26e1ae req-505d05d8-024b-4ce5-8da0-0ffd6e26e1ae ] Request (ServerDiskConfigTestJSON:setUpClass): 200 GET http://10.180.1.21/identity/v3/domains?name=Default 0.053s
2025-12-08 18:20:39.455 65855 INFO tempest.lib.common.rest_client [req-aa0d1ef8-8ee3-40d0-a791-19705fd1687d req-aa0d1ef8-8ee3-40d0-a791-19705fd1687d ] Request (ServerDiskConfigTestJSON:setUpClass): 201 POST http://10.180.1.21/identity/v3/projects 0.052s
2025-12-08 18:20:39.459 65833 INFO tempest.lib.common.rest_client [req-18b2d86b-85c3-472e-9bf5-848851d6bfa1 req-18b2d86b-85c3-472e-9bf5-848851d6bfa1 ] Request (InstanceActionsTestJSON:setUpClass): 200 GET http://10.180.1.21/compute/v2.1/servers/ccc219a5-80b7-4384-8b03-b98a9d06f1cd 7.307s
2025-12-08 18:20:39.469 65875 INFO tempest.lib.common.rest_client [req-abd3a180-014d-4c5d-a287-909c6e2a11a2 req-abd3a180-014d-4c5d-a287-909c6e2a11a2 ] Request (ServersWithSpecificFlavorTestJSON:test_verify_created_server_ephemeral_disk): 200 PUT http://10.180.1.21/networking/v2.0/floatingips/e3806fa9-ce2f-41f0-b155-551a9e7ea658 0.668s
2025-12-08 18:20:39.497 65837 INFO tempest.lib.common.rest_client [req-c4dfa513-b2f4-4fdb-b32f-81d5d0111fef req-c4dfa513-b2f4-4fdb-b32f-81d5d0111fef ] Request (MigrationsAdminTest:test_list_migrations_in_flavor_resize_situation): 200 GET http://10.180.1.21/compute/v2.1/servers/bfc0a027-f5ed-4274-9891-2c37225f2bf8 7.880s
2025-12-08 18:20:39.511 65837 INFO tempest.common.waiters [-] State transition "RESIZE/resize_prep" ==> "RESIZE/resize_migrated" after 26 second wait
2025-12-08 18:20:39.548 65855 INFO tempest.lib.common.rest_client [req-92ff438b-c9c8-4767-b62b-c55ee3722b89 req-92ff438b-c9c8-4767-b62b-c55ee3722b89 ] Request (ServerDiskConfigTestJSON:setUpClass): 201 POST http://10.180.1.21/identity/v3/users 0.091s
2025-12-08 18:20:39.556 65881 INFO tempest.lib.common.rest_client [req-5461070a-b9c6-4214-9cd6-1b75893af921 req-5461070a-b9c6-4214-9cd6-1b75893af921 ] Request (ServersTestJSON:test_create_server_specify_multibyte_character_name): 200 GET http://10.180.1.21/compute/v2.1/servers/8ceda13c-2833-4288-a8d0-4e61335977a8 7.121s
2025-12-08 18:20:39.572 65827 INFO tempest.lib.common.rest_client [req-13563c6e-db06-487a-a547-0f81501834a0 req-13563c6e-db06-487a-a547-0f81501834a0 ] Request (FlavorsAdminTestJSON:test_create_list_flavor_without_extra_data): 200 GET http://10.180.1.21/compute/v2.1/flavors/1786378242 6.686s
2025-12-08 18:20:39.579 65849 INFO tempest.lib.common.rest_client [req-dcc1ac80-91a3-44c8-9bd7-c55cc1a9d6c1 req-dcc1ac80-91a3-44c8-9bd7-c55cc1a9d6c1 ] Request (AggregatesAdminNegativeTestJSON:test_aggregate_delete_as_user): 403 DELETE http://10.180.1.21/compute/v2.1/os-aggregates/5 6.663s
2025-12-08 18:20:39.584 65855 INFO tempest.lib.common.rest_client [req-9576ddda-ea2a-47b5-a497-6d9346428e73 req-9576ddda-ea2a-47b5-a497-6d9346428e73 ] Request (ServerDiskConfigTestJSON:setUpClass): 200 GET http://10.180.1.21/identity/v3/roles 0.036s
2025-12-08 18:20:39.600 65889 INFO tempest.lib.common.rest_client [req-0b011a92-9632-4d51-9486-cb4129135640 req-0b011a92-9632-4d51-9486-cb4129135640 ] Request (FlavorsAccessNegativeTestJSON:_run_cleanups): 202 DELETE http://10.180.1.21/compute/v2.1/flavors/587290175 6.522s
2025-12-08 18:20:39.608 65843 INFO tempest.lib.common.rest_client [req-6fbc2457-080e-4679-8296-f8f0479419d6 req-6fbc2457-080e-4679-8296-f8f0479419d6 ] Request (ServerDiagnosticsTest:tearDownClass): 204 DELETE http://10.180.1.21/compute/v2.1/servers/749b6fab-8eb0-4ad6-b136-24960a753176 6.742s
2025-12-08 18:20:39.625 65855 INFO tempest.lib.common.rest_client [req-5f480e7b-7966-4f1d-bde9-5fff2134f24a req-5f480e7b-7966-4f1d-bde9-5fff2134f24a ] Request (ServerDiskConfigTestJSON:setUpClass): 204 PUT http://10.180.1.21/identity/v3/projects/3db76c7384e74a92b6391aaa73ad1ad0/users/4d75eb17cffc4de3b5c715e488f2c50e/roles/c57b3231750d489aaaf4120f21718dc1 0.040s
2025-12-08 18:20:39.625 65855 INFO tempest.lib.common.dynamic_creds [-] Dynamic test user 4d75eb17cffc4de3b5c715e488f2c50e is created with scope project and roles: ['member']
2025-12-08 18:20:39.626 65855 INFO tempest.lib.common.dynamic_creds [-] Acquired dynamic creds: credentials: Credentials: {'domain_id': 'default', 'domain_name': 'Default', 'username': 'tempest-ServerDiskConfigTestJSON-1498547308-project-member', 'project_domain_id': 'default', 'project_domain_name': 'Default', 'project_id': '3db76c7384e74a92b6391aaa73ad1ad0', 'project_name': 'tempest-ServerDiskConfigTestJSON-1498547308', 'tenant_id': '3db76c7384e74a92b6391aaa73ad1ad0', 'tenant_name': 'tempest-ServerDiskConfigTestJSON-1498547308', 'user_domain_id': 'default', 'user_domain_name': 'Default', 'user_id': '4d75eb17cffc4de3b5c715e488f2c50e', 'system': None}, Network: None, Subnet: None, Router: None
2025-12-08 18:20:39.631 65887 INFO tempest.lib.common.rest_client [req-3f0a4927-8336-4ba9-934a-3ea38acf9344 req-3f0a4927-8336-4ba9-934a-3ea38acf9344 ] Request (ServersAdmin275Test:tearDownClass): 404 GET http://10.180.1.21/compute/v2.1/servers/3667e23b-1f77-4d3b-9b17-00c68b78c862 4.895s
2025-12-08 18:20:39.697 65855 INFO tempest.lib.common.rest_client [req-6cd1cbba-2845-479c-b46e-8d2fcd317e09 req-6cd1cbba-2845-479c-b46e-8d2fcd317e09 ] Request (ServerDiskConfigTestJSON:setUpClass): 201 POST http://10.180.1.21/identity/v3/auth/tokens 0.071s
2025-12-08 18:20:39.757 65829 INFO tempest.lib.common.rest_client [req-fd947f5f-b3fd-4401-8502-2e65ec11a9c6 req-fd947f5f-b3fd-4401-8502-2e65ec11a9c6 ] Request (SecurityGroupRulesNegativeTestJSON:test_create_security_group_rule_with_invalid_port_range): 200 POST http://10.180.1.21/compute/v2.1/os-security-groups 4.972s
2025-12-08 18:20:39.781 65887 INFO tempest.lib.common.rest_client [req-e88f40fb-8725-428e-9274-1be1ba71ea0f req-e88f40fb-8725-428e-9274-1be1ba71ea0f ] Request (ServersAdmin275Test:tearDownClass): 204 DELETE http://10.180.1.21/identity/v3/users/4f040ab407de43a4815c3a838a07192d 0.149s
2025-12-08 18:20:39.849 65841 INFO tempest.lib.common.rest_client [req-9cf1c062-e082-417e-b209-7f35f98ca403 req-9cf1c062-e082-417e-b209-7f35f98ca403 ] Request (ServersTestManualDisk:setUpClass): 200 POST http://10.180.1.21/compute/v2.1/os-keypairs 5.196s
2025-12-08 18:20:39.881 65869 INFO tempest.lib.common.rest_client [req-76557a97-a2ae-4cff-aa5c-870d9d674e6b req-76557a97-a2ae-4cff-aa5c-870d9d674e6b ] Request (VolumesAdminNegativeTest:tearDownClass): 404 GET http://10.180.1.21/compute/v2.1/servers/cd5316b7-8c6a-4e8c-8da8-02414b0392af 3.755s
2025-12-08 18:20:39.933 65847 INFO tempest.lib.common.rest_client [req-1f52f595-c34a-45a4-82c2-d6c9fe7e5c96 req-1f52f595-c34a-45a4-82c2-d6c9fe7e5c96 ] Request (ListImageFiltersTestJSON:setUpClass): 200 GET http://10.180.1.21/compute/v2.1/images/e116c2ac-583a-4039-b937-190e508c0912 2.745s
2025-12-08 18:20:39.948 65887 INFO tempest.lib.common.rest_client [req-9a296067-ed94-412d-9ee6-49f7ae1c0fca req-9a296067-ed94-412d-9ee6-49f7ae1c0fca ] Request (ServersAdmin275Test:tearDownClass): 204 DELETE http://10.180.1.21/identity/v3/users/a582bc697ef14e76806d2fd4c6dd2785 0.166s
2025-12-08 18:20:39.948 65887 INFO tempest.lib.common.dynamic_creds [-] Deleting project and security group for project: ac9b5394d0584367ad2d02590b9963c6
2025-12-08 18:20:40.018 65887 INFO tempest.lib.common.rest_client [req-8422de2c-e6d3-4967-a4e2-cc249f3f8a17 req-8422de2c-e6d3-4967-a4e2-cc249f3f8a17 ] Request (ServersAdmin275Test:tearDownClass): 201 POST http://10.180.1.21/identity/v3/auth/tokens 0.069s
2025-12-08 18:20:40.041 65841 INFO tempest.lib.common.rest_client [req-3808aed1-4c91-40ff-9825-d28ddf6a36ee req-3808aed1-4c91-40ff-9825-d28ddf6a36ee ] Request (ServersTestManualDisk:setUpClass): 201 POST http://10.180.1.21/networking/v2.0/security-groups 0.190s
2025-12-08 18:20:40.167 65845 INFO tempest.lib.common.rest_client [req-9b202828-d720-4c5e-af11-994e783db1fe req-9b202828-d720-4c5e-af11-994e783db1fe ] Request (ValidationResourcesFixture:setUp): 200 POST http://10.180.1.21/compute/v2.1/os-keypairs 2.641s
2025-12-08 18:20:40.190 65855 INFO tempest.lib.common.rest_client [req-a34a9f9f-a1b4-4f3f-807a-312b20b4b817 req-a34a9f9f-a1b4-4f3f-807a-312b20b4b817 ] Request (ServerDiskConfigTestJSON:setUpClass): 201 POST http://10.180.1.21/networking/v2.0/networks 0.492s
2025-12-08 18:20:40.464 65887 INFO tempest.lib.common.rest_client [req-01de2e49-fcf4-408e-a65a-6bb03f119e29 req-01de2e49-fcf4-408e-a65a-6bb03f119e29 ] Request (ServersAdmin275Test:tearDownClass): 200 GET http://10.180.1.21/networking/v2.0/security-groups?tenant_id=ac9b5394d0584367ad2d02590b9963c6&name=default 0.445s
2025-12-08 18:20:40.564 65841 INFO tempest.lib.common.rest_client [req-4152efe3-592a-41ef-b0d6-e926b9e1afcc req-4152efe3-592a-41ef-b0d6-e926b9e1afcc ] Request (ServersTestManualDisk:setUpClass): 201 POST http://10.180.1.21/networking/v2.0/security-group-rules 0.523s
2025-12-08 18:20:40.669 65845 INFO tempest.lib.common.rest_client [req-a967cfe2-27dd-49e6-9830-29d12690350f req-a967cfe2-27dd-49e6-9830-29d12690350f ] Request (ValidationResourcesFixture:setUp): 201 POST http://10.180.1.21/networking/v2.0/security-groups 0.500s
2025-12-08 18:20:40.860 65855 INFO tempest.lib.common.rest_client [req-8f4cacc3-aaf9-4264-b5c1-a83c64bd050e req-8f4cacc3-aaf9-4264-b5c1-a83c64bd050e ] Request (ServerDiskConfigTestJSON:setUpClass): 201 POST http://10.180.1.21/networking/v2.0/subnets 0.669s
2025-12-08 18:20:40.905 65869 INFO tempest.lib.common.rest_client [req-53607335-ff73-40f4-a311-3f81d89e628b req-53607335-ff73-40f4-a311-3f81d89e628b ] Request (VolumesAdminNegativeTest:tearDownClass): 200 PUT http://10.180.1.21/networking/v2.0/routers/2d4bf131-42f8-4ef2-991d-4de95b8e98a2/remove_router_interface 1.024s
2025-12-08 18:20:40.930 65877 INFO tempest.lib.common.rest_client [req-ddc50324-aced-41ed-9ebc-323a971d363c req-ddc50324-aced-41ed-9ebc-323a971d363c ] Request (FloatingIPsAssociationNegativeTestJSON:setUpClass): 200 GET http://10.180.1.21/compute/v2.1/servers/4f6098b5-950f-4556-be94-deb7c47b2f7b 2.933s
2025-12-08 18:20:41.069 65841 INFO tempest.lib.common.rest_client [req-d261988c-4626-4978-a0de-6702b90a1ae9 req-d261988c-4626-4978-a0de-6702b90a1ae9 ] Request (ServersTestManualDisk:setUpClass): 201 POST http://10.180.1.21/networking/v2.0/security-group-rules 0.504s
2025-12-08 18:20:41.073 65887 INFO tempest.lib.common.rest_client [req-d60b0951-6107-4f09-9b23-c12db64a35da req-d60b0951-6107-4f09-9b23-c12db64a35da ] Request (ServersAdmin275Test:tearDownClass): 204 DELETE http://10.180.1.21/networking/v2.0/security-groups/ca654b9c-63a2-4503-b97e-992dbdc2e8bb 0.609s
2025-12-08 18:20:41.138 65831 WARNING tempest.lib.common.ssh [-] Failed to establish authenticated ssh connection to cirros@10.180.180.146 ([Errno None] Unable to connect to port 22 on 10.180.180.146). Number attempts: 5. Retry after 6 seconds.: paramiko.ssh_exception.NoValidConnectionsError: [Errno None] Unable to connect to port 22 on 10.180.180.146
2025-12-08 18:20:41.162 65887 INFO tempest.lib.common.rest_client [req-60c4aa30-d115-44fb-bbdb-a8f2b20359bf req-60c4aa30-d115-44fb-bbdb-a8f2b20359bf ] Request (ServersAdmin275Test:tearDownClass): 204 DELETE http://10.180.1.21/identity/v3/projects/ac9b5394d0584367ad2d02590b9963c6 0.088s
2025-12-08 18:20:41.162 65887 INFO tempest.lib.common.dynamic_creds [-] Deleting project and security group for project: a93e845617884205b0c2b82076c80c9a
2025-12-08 18:20:41.178 65845 INFO tempest.lib.common.rest_client [req-ef686986-c7e9-4ec8-9ca8-11246ddfbf41 req-ef686986-c7e9-4ec8-9ca8-11246ddfbf41 ] Request (ValidationResourcesFixture:setUp): 201 POST http://10.180.1.21/networking/v2.0/security-group-rules 0.509s
2025-12-08 18:20:41.646 65869 INFO tempest.lib.common.rest_client [req-4d96c440-9896-431c-823c-798fa60d8f7f req-4d96c440-9896-431c-823c-798fa60d8f7f ] Request (VolumesAdminNegativeTest:tearDownClass): 204 DELETE http://10.180.1.21/networking/v2.0/routers/2d4bf131-42f8-4ef2-991d-4de95b8e98a2 0.740s
2025-12-08 18:20:41.835 65855 INFO tempest.lib.common.rest_client [req-816614c6-5744-443e-80dc-2eec571bf320 req-816614c6-5744-443e-80dc-2eec571bf320 ] Request (ServerDiskConfigTestJSON:setUpClass): 201 POST http://10.180.1.21/networking/v2.0/routers 0.974s
2025-12-08 18:20:41.981 65887 INFO tempest.lib.common.rest_client [req-ad5eecf2-dadb-4d7d-a387-bb76b7514afc req-ad5eecf2-dadb-4d7d-a387-bb76b7514afc ] Request (ServersAdmin275Test:tearDownClass): 200 GET http://10.180.1.21/networking/v2.0/security-groups?tenant_id=a93e845617884205b0c2b82076c80c9a&name=default 0.818s
2025-12-08 18:20:42.086 65845 INFO tempest.lib.common.rest_client [req-e44694da-6378-401b-966b-c250ea2eaa73 req-e44694da-6378-401b-966b-c250ea2eaa73 ] Request (ValidationResourcesFixture:setUp): 201 POST http://10.180.1.21/networking/v2.0/security-group-rules 0.907s
2025-12-08 18:20:42.175 65841 INFO tempest.lib.common.rest_client [req-84784b40-bdd5-48e8-8053-1af0215e025d req-84784b40-bdd5-48e8-8053-1af0215e025d ] Request (ServersTestManualDisk:setUpClass): 201 POST http://10.180.1.21/networking/v2.0/floatingips 1.105s
2025-12-08 18:20:42.240 65853 INFO tempest.lib.common.rest_client [req-8d0d15ab-d82a-40e7-b269-6673af94521e req-8d0d15ab-d82a-40e7-b269-6673af94521e ] Request (ImagesTestJSON:test_create_image_from_suspended_server): 202 POST http://10.180.1.21/compute/v2.1/servers 6.770s
2025-12-08 18:20:42.311 65869 INFO tempest.lib.common.rest_client [req-71cf41c1-838c-44e7-b4b1-99d2f57a2224 req-71cf41c1-838c-44e7-b4b1-99d2f57a2224 ] Request (VolumesAdminNegativeTest:tearDownClass): 204 DELETE http://10.180.1.21/networking/v2.0/subnets/8145019f-67a6-46b3-9c45-ff8a69ee7ed3 0.665s
2025-12-08 18:20:42.317 65841 INFO tempest.lib.common.rest_client [req-2cd8f043-643e-4247-9c46-4e8b8adeb2ac req-2cd8f043-643e-4247-9c46-4e8b8adeb2ac ] Request (ServersTestManualDisk:setUpClass): 201 POST http://10.180.1.21/identity/v3/auth/tokens 0.137s
2025-12-08 18:20:42.317 65841 INFO tempest.lib.common.fixed_network [-] (ServersTestManualDisk:setUpClass) Found network {'id': '4498fc07-455f-4fcb-b383-25e5bd4c9a49', 'name': 'tempest-ServersTestManualDisk-820775944-network', 'tenant_id': '215146070c1747e996ff0faaad8f86d7', 'project_id': '215146070c1747e996ff0faaad8f86d7', 'admin_state_up': True, 'mtu': 8950, 'status': 'ACTIVE', 'subnets': [], 'shared': False, 'port_security_enabled': True, 'router:external': False, 'provider:network_type': 'vlan', 'provider:physical_network': 'default', 'provider:segmentation_id': 214, 'availability_zone_hints': [], 'availability_zones': [], 'ipv4_address_scope': None, 'ipv6_address_scope': None, 'description': '', 'tags': [], 'created_at': '2025-12-08T18:20:31Z', 'updated_at': '2025-12-08T18:20:32Z', 'revision_number': 1} available for tenant
2025-12-08 18:20:42.477 65865 WARNING tempest.lib.common.ssh [-] Failed to establish authenticated ssh connection to cirros@10.180.180.174 ([Errno None] Unable to connect to port 22 on 10.180.180.174). Number attempts: 5. Retry after 6 seconds.: paramiko.ssh_exception.NoValidConnectionsError: [Errno None] Unable to connect to port 22 on 10.180.180.174
2025-12-08 18:20:42.520 65872 INFO tempest.lib.common.rest_client [req-a962a311-dece-4629-a94e-e9b03faaf286 req-a962a311-dece-4629-a94e-e9b03faaf286 ] Request (ImagesMetadataTestJSON:test_set_image_metadata_item): 200 PUT http://10.180.1.21/compute/v2.1/images/76740d22-b332-42d4-9146-2553e8a3b450/metadata/os_version 4.259s
2025-12-08 18:20:42.530 65887 INFO tempest.lib.common.rest_client [req-b74416c2-7376-444f-ab90-682030b2c8bb req-b74416c2-7376-444f-ab90-682030b2c8bb ] Request (ServersAdmin275Test:tearDownClass): 204 DELETE http://10.180.1.21/networking/v2.0/security-groups/178ff5a5-130c-474a-8bd8-2b8582d781c6 0.548s
2025-12-08 18:20:42.698 65887 INFO tempest.lib.common.rest_client [req-8f0f5f84-6e1a-44b1-b5a1-689b76dd7c03 req-8f0f5f84-6e1a-44b1-b5a1-689b76dd7c03 ] Request (ServersAdmin275Test:tearDownClass): 204 DELETE http://10.180.1.21/identity/v3/projects/a93e845617884205b0c2b82076c80c9a 0.167s
2025-12-08 18:20:42.702 65879 INFO tempest.lib.common.rest_client [req-37b70f1f-c748-441d-ba18-600e566aedb5 req-37b70f1f-c748-441d-ba18-600e566aedb5 ] Request (QuotasAdminNegativeTest:test_create_server_when_instances_quota_is_full): 200 GET http://10.180.1.21/compute/v2.1/os-quota-sets/b6919a29c26f4cb9aaa4ebdf0cecf719 4.244s
2025-12-08 18:20:42.713 65885 INFO tempest.lib.common.rest_client [req-ce86e569-ce31-4907-bcb0-733a5f6fea10 req-ce86e569-ce31-4907-bcb0-733a5f6fea10 ] Request (ServerRescueNegativeTestJSON:test_rescue_non_existent_server): 404 POST http://10.180.1.21/compute/v2.1/servers/11ed20e6-c4bb-4516-9d0c-a641be0c0336/action 4.065s
2025-12-08 18:20:42.779 65887 INFO tempest.lib.common.rest_client [req-253d8c70-6711-4279-b47c-734c254ec832 req-253d8c70-6711-4279-b47c-734c254ec832 ] Request (ServerShowV254Test:setUpClass): 201 POST http://10.180.1.21/identity/v3/auth/tokens 0.079s
2025-12-08 18:20:42.830 65887 INFO tempest.lib.common.rest_client [req-8fadafab-c607-4d93-a791-e48a5e513a04 req-8fadafab-c607-4d93-a791-e48a5e513a04 ] Request (ServerShowV254Test:setUpClass): 201 POST http://10.180.1.21/identity/v3/auth/tokens 0.049s
2025-12-08 18:20:42.899 65887 INFO tempest.lib.common.rest_client [req-c927daaa-b7db-47a2-b1b3-6d0906f8b0b9 req-c927daaa-b7db-47a2-b1b3-6d0906f8b0b9 ] Request (ServerShowV254Test:setUpClass): 200 GET http://10.180.1.21/identity/v3/domains?name=Default 0.068s
2025-12-08 18:20:42.909 65839 INFO tempest.lib.common.rest_client [req-990a5cad-56d3-40fb-b1c4-75646429c7ca req-990a5cad-56d3-40fb-b1c4-75646429c7ca ] Request (DeleteServersTestJSON:test_delete_active_server): 204 DELETE http://10.180.1.21/compute/v2.1/servers/83e9ae3a-118a-4a8e-a3f6-9044ebcc726b 4.236s
2025-12-08 18:20:42.955 65887 INFO tempest.lib.common.rest_client [req-7260ec56-4663-4c14-acd4-04c6e7f3cadb req-7260ec56-4663-4c14-acd4-04c6e7f3cadb ] Request (ServerShowV254Test:setUpClass): 201 POST http://10.180.1.21/identity/v3/projects 0.055s
2025-12-08 18:20:42.963 65885 INFO tempest.lib.common.rest_client [req-efe1eaf7-828f-4072-973c-75cc1a8b2587 req-efe1eaf7-828f-4072-973c-75cc1a8b2587 ] Request (ServerRescueNegativeTestJSON:test_rescued_vm_attach_volume): 202 POST http://10.180.1.21/volume/v3/volumes 0.249s
2025-12-08 18:20:43.015 65885 INFO tempest.lib.common.rest_client [req-4ed331f9-9a7a-4fb9-a050-71e62b13d931 req-4ed331f9-9a7a-4fb9-a050-71e62b13d931 ] Request (ServerRescueNegativeTestJSON:test_rescued_vm_attach_volume): 200 GET http://10.180.1.21/volume/v3/volumes/d0e44752-c868-4faa-b224-599f2fee996e 0.041s
2025-12-08 18:20:43.057 65887 INFO tempest.lib.common.rest_client [req-3b82b5b1-ee63-499a-852c-846c1277a7d6 req-3b82b5b1-ee63-499a-852c-846c1277a7d6 ] Request (ServerShowV254Test:setUpClass): 201 POST http://10.180.1.21/identity/v3/users 0.102s
2025-12-08 18:20:43.086 65887 INFO tempest.lib.common.rest_client [req-13139be1-fd58-4d2b-84ff-2e720db52bad req-13139be1-fd58-4d2b-84ff-2e720db52bad ] Request (ServerShowV254Test:setUpClass): 200 GET http://10.180.1.21/identity/v3/roles 0.028s
2025-12-08 18:20:43.108 65867 INFO tempest.lib.common.rest_client [req-890d79b8-def0-4c24-a93c-b523ff11c043 req-890d79b8-def0-4c24-a93c-b523ff11c043 ] Request (HypervisorAdminV228Test:test_get_list_hypervisor_details): 200 GET http://10.180.1.21/compute/v2.1/os-hypervisors 4.187s
2025-12-08 18:20:43.117 65887 INFO tempest.lib.common.rest_client [req-d918c1be-5326-48f8-8fcc-9ad529302bd8 req-d918c1be-5326-48f8-8fcc-9ad529302bd8 ] Request (ServerShowV254Test:setUpClass): 204 PUT http://10.180.1.21/identity/v3/projects/f1b1ea3096f54da08d05a4e255a1b4c3/users/74f7c1d2ebff40f48a72058aa58ff79c/roles/c57b3231750d489aaaf4120f21718dc1 0.031s
2025-12-08 18:20:43.118 65887 INFO tempest.lib.common.dynamic_creds [-] Dynamic test user 74f7c1d2ebff40f48a72058aa58ff79c is created with scope project and roles: ['member']
2025-12-08 18:20:43.118 65887 INFO tempest.lib.common.dynamic_creds [-] Acquired dynamic creds: credentials: Credentials: {'domain_id': 'default', 'domain_name': 'Default', 'username': 'tempest-ServerShowV254Test-1327009151-project-member', 'project_domain_id': 'default', 'project_domain_name': 'Default', 'project_id': 'f1b1ea3096f54da08d05a4e255a1b4c3', 'project_name': 'tempest-ServerShowV254Test-1327009151', 'tenant_id': 'f1b1ea3096f54da08d05a4e255a1b4c3', 'tenant_name': 'tempest-ServerShowV254Test-1327009151', 'user_domain_id': 'default', 'user_domain_name': 'Default', 'user_id': '74f7c1d2ebff40f48a72058aa58ff79c', 'system': None}, Network: None, Subnet: None, Router: None
