2025-12-08 18:19:46.907 65872 INFO tempest.lib.common.rest_client [req-58005d28-2b06-4f90-b669-0fd41aece020 req-58005d28-2b06-4f90-b669-0fd41aece020 ] Request (ImagesMetadataTestJSON:setUp): 200 PUT http://10.180.1.21/compute/v2.1/images/76740d22-b332-42d4-9146-2553e8a3b450/metadata 3.790s
2025-12-08 18:19:47.591 65863 INFO tempest.lib.common.rest_client [req-795f7fbb-c97f-4bff-95b1-2218115cff37 req-795f7fbb-c97f-4bff-95b1-2218115cff37 ] Request (ServerActionsV293TestJSON:setUpClass): 200 GET http://10.180.1.21/volume/v3/volumes/94fd4f02-09bc-4b64-9d00-730c5b6ac8e9 0.033s
2025-12-08 18:19:47.671 65861 INFO tempest.lib.common.rest_client [req-53f3eb91-d43e-442c-9d7e-7b73f8454e98 req-53f3eb91-d43e-442c-9d7e-7b73f8454e98 ] Request (ServicesAdminNegativeV253TestJSON:tearDownClass): 200 GET http://10.180.1.21/networking/v2.0/security-groups?tenant_id=762de703141c4143a2075ca9c622c751&name=default 1.086s
2025-12-08 18:19:47.682 65829 INFO tempest.lib.common.rest_client [req-8ba4799b-0bf1-4e83-91dc-908e139d2f74 req-8ba4799b-0bf1-4e83-91dc-908e139d2f74 ] Request (SecurityGroupRulesNegativeTestJSON:setUpClass): 201 POST http://10.180.1.21/networking/v2.0/routers 1.335s
2025-12-08 18:19:47.762 65835 INFO tempest.lib.common.rest_client [req-4ae8c459-467d-4b64-bed9-42db3ff8c9c3 req-4ae8c459-467d-4b64-bed9-42db3ff8c9c3 ] Request (FlavorsAccessTestJSON:tearDownClass): 204 DELETE http://10.180.1.21/networking/v2.0/security-groups/f266432e-099f-4cb5-a9d7-843cd902e4b3 1.114s
2025-12-08 18:19:47.899 65835 INFO tempest.lib.common.rest_client [req-59ec256c-5554-468d-8a3d-07069b2d893b req-59ec256c-5554-468d-8a3d-07069b2d893b ] Request (FlavorsAccessTestJSON:tearDownClass): 204 DELETE http://10.180.1.21/identity/v3/projects/ac812bf1a7294e3481e50a162e30ef92 0.136s
2025-12-08 18:19:47.949 65861 INFO tempest.lib.common.rest_client [req-12f9f93b-aa81-4012-bc5f-18c491aa7ea5 req-12f9f93b-aa81-4012-bc5f-18c491aa7ea5 ] Request (ServicesAdminNegativeV253TestJSON:tearDownClass): 204 DELETE http://10.180.1.21/networking/v2.0/security-groups/c5a32097-d7f6-4611-aeeb-3c642ed55f0b 0.277s
2025-12-08 18:19:47.966 65835 INFO tempest.lib.common.rest_client [req-a919f045-8d68-4c44-980d-b09837ae1832 req-a919f045-8d68-4c44-980d-b09837ae1832 ] Request (ServerDiagnosticsNegativeTest:setUpClass): 201 POST http://10.180.1.21/identity/v3/auth/tokens 0.066s
2025-12-08 18:19:47.989 65833 INFO tempest.lib.common.rest_client [req-319f4453-e1f0-4751-9c73-623129e2980a req-319f4453-e1f0-4751-9c73-623129e2980a ] Request (ServerExternalEventsTest:test_create_server_external_events): 200 GET http://10.180.1.21/compute/v2.1/servers/56cc3025-7bb7-4b0c-95a5-e822b8935e5a 4.699s
2025-12-08 18:19:48.002 65833 INFO tempest.common.waiters [-] State transition "BUILD/spawning" ==> "ACTIVE/None" after 14 second wait
2025-12-08 18:19:48.014 65835 INFO tempest.lib.common.rest_client [req-93901c36-d4a9-49a7-96a7-7454ab531f58 req-93901c36-d4a9-49a7-96a7-7454ab531f58 ] Request (ServerDiagnosticsNegativeTest:setUpClass): 201 POST http://10.180.1.21/identity/v3/auth/tokens 0.044s
2025-12-08 18:19:48.050 65835 INFO tempest.lib.common.rest_client [req-55102037-f0ae-44e1-84d2-01d0bb70c286 req-55102037-f0ae-44e1-84d2-01d0bb70c286 ] Request (ServerDiagnosticsNegativeTest:setUpClass): 200 GET http://10.180.1.21/identity/v3/domains?name=Default 0.036s
2025-12-08 18:19:48.072 65861 INFO tempest.lib.common.rest_client [req-32d688d1-f781-452c-b8b5-800deb457d12 req-32d688d1-f781-452c-b8b5-800deb457d12 ] Request (ServicesAdminNegativeV253TestJSON:tearDownClass): 204 DELETE http://10.180.1.21/identity/v3/projects/762de703141c4143a2075ca9c622c751 0.122s
2025-12-08 18:19:48.126 65835 INFO tempest.lib.common.rest_client [req-a73f434d-f0b4-4582-a1c3-3c47fd81d06e req-a73f434d-f0b4-4582-a1c3-3c47fd81d06e ] Request (ServerDiagnosticsNegativeTest:setUpClass): 201 POST http://10.180.1.21/identity/v3/projects 0.075s
2025-12-08 18:19:48.141 65861 INFO tempest.lib.common.rest_client [req-cc50cfdf-4fb1-4e27-ad86-4b4984d9ad11 req-cc50cfdf-4fb1-4e27-ad86-4b4984d9ad11 ] Request (TenantUsagesNegativeTestJSON:setUpClass): 201 POST http://10.180.1.21/identity/v3/auth/tokens 0.068s
2025-12-08 18:19:48.176 65861 INFO tempest.lib.common.rest_client [req-4e1ae112-81b3-429f-8ff5-a6972984aebe req-4e1ae112-81b3-429f-8ff5-a6972984aebe ] Request (TenantUsagesNegativeTestJSON:setUpClass): 201 POST http://10.180.1.21/identity/v3/auth/tokens 0.032s
2025-12-08 18:19:48.211 65861 INFO tempest.lib.common.rest_client [req-7e8f11b6-1ea2-447e-a817-958dc33fee6b req-7e8f11b6-1ea2-447e-a817-958dc33fee6b ] Request (TenantUsagesNegativeTestJSON:setUpClass): 200 GET http://10.180.1.21/identity/v3/domains?name=Default 0.034s
2025-12-08 18:19:48.226 65835 INFO tempest.lib.common.rest_client [req-426e782d-761a-4b0b-96bf-5770fa97c983 req-426e782d-761a-4b0b-96bf-5770fa97c983 ] Request (ServerDiagnosticsNegativeTest:setUpClass): 201 POST http://10.180.1.21/identity/v3/users 0.099s
2025-12-08 18:19:48.246 65861 INFO tempest.lib.common.rest_client [req-c143d8a9-8d90-4c71-8fa9-ceb00bebab9d req-c143d8a9-8d90-4c71-8fa9-ceb00bebab9d ] Request (TenantUsagesNegativeTestJSON:setUpClass): 201 POST http://10.180.1.21/identity/v3/projects 0.034s
2025-12-08 18:19:48.254 65835 INFO tempest.lib.common.rest_client [req-405d9d1d-8b3b-44ac-9b67-5c92a31dcd74 req-405d9d1d-8b3b-44ac-9b67-5c92a31dcd74 ] Request (ServerDiagnosticsNegativeTest:setUpClass): 200 GET http://10.180.1.21/identity/v3/roles 0.027s
2025-12-08 18:19:48.322 65861 INFO tempest.lib.common.rest_client [req-45a7ff81-ee45-4e64-b3fb-2acc9372f9a0 req-45a7ff81-ee45-4e64-b3fb-2acc9372f9a0 ] Request (TenantUsagesNegativeTestJSON:setUpClass): 201 POST http://10.180.1.21/identity/v3/users 0.075s
2025-12-08 18:19:48.323 65835 INFO tempest.lib.common.rest_client [req-49de3558-1b13-4b6e-aac2-dc0a03328546 req-49de3558-1b13-4b6e-aac2-dc0a03328546 ] Request (ServerDiagnosticsNegativeTest:setUpClass): 204 PUT http://10.180.1.21/identity/v3/projects/a78e65e870de43abb065b428780b380a/users/7c1f9bb2b753496bb13048ea56f5587a/roles/c57b3231750d489aaaf4120f21718dc1 0.068s
2025-12-08 18:19:48.323 65835 INFO tempest.lib.common.dynamic_creds [-] Dynamic test user 7c1f9bb2b753496bb13048ea56f5587a is created with scope project and roles: ['member']
2025-12-08 18:19:48.323 65835 INFO tempest.lib.common.dynamic_creds [-] Acquired dynamic creds: credentials: Credentials: {'domain_id': 'default', 'domain_name': 'Default', 'username': 'tempest-ServerDiagnosticsNegativeTest-1872254845-project-member', 'project_domain_id': 'default', 'project_domain_name': 'Default', 'project_id': 'a78e65e870de43abb065b428780b380a', 'project_name': 'tempest-ServerDiagnosticsNegativeTest-1872254845', 'tenant_id': 'a78e65e870de43abb065b428780b380a', 'tenant_name': 'tempest-ServerDiagnosticsNegativeTest-1872254845', 'user_domain_id': 'default', 'user_domain_name': 'Default', 'user_id': '7c1f9bb2b753496bb13048ea56f5587a', 'system': None}, Network: None, Subnet: None, Router: None
2025-12-08 18:19:48.323 65835 INFO tempest.lib.common.dynamic_creds [-] Created isolated network resources for: credentials: Credentials: {'domain_id': 'default', 'domain_name': 'Default', 'username': 'tempest-ServerDiagnosticsNegativeTest-1872254845-project-member', 'project_domain_id': 'default', 'project_domain_name': 'Default', 'project_id': 'a78e65e870de43abb065b428780b380a', 'project_name': 'tempest-ServerDiagnosticsNegativeTest-1872254845', 'tenant_id': 'a78e65e870de43abb065b428780b380a', 'tenant_name': 'tempest-ServerDiagnosticsNegativeTest-1872254845', 'user_domain_id': 'default', 'user_domain_name': 'Default', 'user_id': '7c1f9bb2b753496bb13048ea56f5587a', 'system': None}, Network: None, Subnet: None, Router: None
2025-12-08 18:19:48.353 65881 INFO tempest.lib.common.rest_client [req-3a9678b8-59ec-44c7-ac2a-d5b671671a8b req-3a9678b8-59ec-44c7-ac2a-d5b671671a8b ] Request (FloatingIPsTestJSON:test_allocate_floating_ip): 200 GET http://10.180.1.21/compute/v2.1/os-floating-ips 5.397s
2025-12-08 18:19:48.378 65861 INFO tempest.lib.common.rest_client [req-cab472fc-9464-49f9-9461-569ecf1efaa1 req-cab472fc-9464-49f9-9461-569ecf1efaa1 ] Request (TenantUsagesNegativeTestJSON:setUpClass): 200 GET http://10.180.1.21/identity/v3/roles 0.056s
2025-12-08 18:19:48.394 65835 INFO tempest.lib.common.rest_client [req-07c1da7d-e86b-4db6-b577-a4e65730702e req-07c1da7d-e86b-4db6-b577-a4e65730702e ] Request (ServerDiagnosticsNegativeTest:setUpClass): 201 POST http://10.180.1.21/identity/v3/auth/tokens 0.068s
2025-12-08 18:19:48.415 65861 INFO tempest.lib.common.rest_client [req-1a227783-aeb4-40e5-9803-10610dccb6ca req-1a227783-aeb4-40e5-9803-10610dccb6ca ] Request (TenantUsagesNegativeTestJSON:setUpClass): 204 PUT http://10.180.1.21/identity/v3/projects/428c315d11414b8581f32067ad1e74ce/users/78ff97828a4947ae8aaaecfaf987ff68/roles/c57b3231750d489aaaf4120f21718dc1 0.036s
2025-12-08 18:19:48.415 65861 INFO tempest.lib.common.dynamic_creds [-] Dynamic test user 78ff97828a4947ae8aaaecfaf987ff68 is created with scope project and roles: ['member']
2025-12-08 18:19:48.416 65861 INFO tempest.lib.common.dynamic_creds [-] Acquired dynamic creds: credentials: Credentials: {'domain_id': 'default', 'domain_name': 'Default', 'username': 'tempest-TenantUsagesNegativeTestJSON-1647487769-project-member', 'project_domain_id': 'default', 'project_domain_name': 'Default', 'project_id': '428c315d11414b8581f32067ad1e74ce', 'project_name': 'tempest-TenantUsagesNegativeTestJSON-1647487769', 'tenant_id': '428c315d11414b8581f32067ad1e74ce', 'tenant_name': 'tempest-TenantUsagesNegativeTestJSON-1647487769', 'user_domain_id': 'default', 'user_domain_name': 'Default', 'user_id': '78ff97828a4947ae8aaaecfaf987ff68', 'system': None}, Network: None, Subnet: None, Router: None
2025-12-08 18:19:48.416 65861 INFO tempest.lib.common.dynamic_creds [-] Created isolated network resources for: credentials: Credentials: {'domain_id': 'default', 'domain_name': 'Default', 'username': 'tempest-TenantUsagesNegativeTestJSON-1647487769-project-member', 'project_domain_id': 'default', 'project_domain_name': 'Default', 'project_id': '428c315d11414b8581f32067ad1e74ce', 'project_name': 'tempest-TenantUsagesNegativeTestJSON-1647487769', 'tenant_id': '428c315d11414b8581f32067ad1e74ce', 'tenant_name': 'tempest-TenantUsagesNegativeTestJSON-1647487769', 'user_domain_id': 'default', 'user_domain_name': 'Default', 'user_id': '78ff97828a4947ae8aaaecfaf987ff68', 'system': None}, Network: None, Subnet: None, Router: None
2025-12-08 18:19:48.422 65835 INFO tempest.lib.common.rest_client [req-8c500b21-b1ef-463c-a125-0fb98f0f74ac req-8c500b21-b1ef-463c-a125-0fb98f0f74ac ] Request (ServerDiagnosticsNegativeTest:setUpClass): 201 POST http://10.180.1.21/identity/v3/projects 0.028s
2025-12-08 18:19:48.474 65835 INFO tempest.lib.common.rest_client [req-d8c84c29-2e0d-4b9b-9969-6f3d654947e1 req-d8c84c29-2e0d-4b9b-9969-6f3d654947e1 ] Request (ServerDiagnosticsNegativeTest:setUpClass): 201 POST http://10.180.1.21/identity/v3/users 0.051s
2025-12-08 18:19:48.484 65861 INFO tempest.lib.common.rest_client [req-033d7395-b0bd-47bf-8ba3-0dab273476eb req-033d7395-b0bd-47bf-8ba3-0dab273476eb ] Request (TenantUsagesNegativeTestJSON:setUpClass): 201 POST http://10.180.1.21/identity/v3/auth/tokens 0.064s
2025-12-08 18:19:48.493 65835 INFO tempest.lib.common.rest_client [req-36470f37-f4d5-42d4-9108-166408eb4bf5 req-36470f37-f4d5-42d4-9108-166408eb4bf5 ] Request (ServerDiagnosticsNegativeTest:setUpClass): 200 GET http://10.180.1.21/identity/v3/roles 0.018s
2025-12-08 18:19:48.514 65861 INFO tempest.lib.common.rest_client [req-00b7d1e0-a09d-45e5-aac5-28a1b8a30c71 req-00b7d1e0-a09d-45e5-aac5-28a1b8a30c71 ] Request (TenantUsagesNegativeTestJSON:setUpClass): 201 POST http://10.180.1.21/identity/v3/projects 0.029s
2025-12-08 18:19:48.526 65835 INFO tempest.lib.common.rest_client [req-3cbcdf8c-cfe7-4766-9aea-2d3c2aeba9f4 req-3cbcdf8c-cfe7-4766-9aea-2d3c2aeba9f4 ] Request (ServerDiagnosticsNegativeTest:setUpClass): 204 PUT http://10.180.1.21/identity/v3/projects/69dfe0e665c04b40b93f4044b0b83717/users/44a4cbb195944fdd996c360a0c9f47a1/roles/230d74edb3824144a775e64485a4774a 0.032s
2025-12-08 18:19:48.579 65835 INFO tempest.lib.common.rest_client [req-c877582e-25b0-4624-86e8-5fd57f0a516d req-c877582e-25b0-4624-86e8-5fd57f0a516d ] Request (ServerDiagnosticsNegativeTest:setUpClass): 200 GET http://10.180.1.21/identity/v3/roles 0.053s
2025-12-08 18:19:48.589 65861 INFO tempest.lib.common.rest_client [req-857f7c0c-cd6f-4121-a100-fa74e01fa28c req-857f7c0c-cd6f-4121-a100-fa74e01fa28c ] Request (TenantUsagesNegativeTestJSON:setUpClass): 201 POST http://10.180.1.21/identity/v3/users 0.075s
2025-12-08 18:19:48.598 65835 INFO tempest.lib.common.rest_client [req-9c841754-df39-4a8c-88f2-589e7654c240 req-9c841754-df39-4a8c-88f2-589e7654c240 ] Request (ServerDiagnosticsNegativeTest:setUpClass): 204 PUT http://10.180.1.21/identity/v3/projects/69dfe0e665c04b40b93f4044b0b83717/users/44a4cbb195944fdd996c360a0c9f47a1/roles/230d74edb3824144a775e64485a4774a 0.018s
2025-12-08 18:19:48.599 65835 INFO tempest.lib.common.dynamic_creds [-] Dynamic test user 44a4cbb195944fdd996c360a0c9f47a1 is created with scope project and roles: ['admin']
2025-12-08 18:19:48.599 65835 INFO tempest.lib.common.dynamic_creds [-] Acquired dynamic creds: credentials: Credentials: {'domain_id': 'default', 'domain_name': 'Default', 'username': 'tempest-ServerDiagnosticsNegativeTest-248402256-project-admin', 'project_domain_id': 'default', 'project_domain_name': 'Default', 'project_id': '69dfe0e665c04b40b93f4044b0b83717', 'project_name': 'tempest-ServerDiagnosticsNegativeTest-248402256', 'tenant_id': '69dfe0e665c04b40b93f4044b0b83717', 'tenant_name': 'tempest-ServerDiagnosticsNegativeTest-248402256', 'user_domain_id': 'default', 'user_domain_name': 'Default', 'user_id': '44a4cbb195944fdd996c360a0c9f47a1', 'system': None}, Network: None, Subnet: None, Router: None
2025-12-08 18:19:48.599 65835 INFO tempest.lib.common.dynamic_creds [-] Created isolated network resources for: credentials: Credentials: {'domain_id': 'default', 'domain_name': 'Default', 'username': 'tempest-ServerDiagnosticsNegativeTest-248402256-project-admin', 'project_domain_id': 'default', 'project_domain_name': 'Default', 'project_id': '69dfe0e665c04b40b93f4044b0b83717', 'project_name': 'tempest-ServerDiagnosticsNegativeTest-248402256', 'tenant_id': '69dfe0e665c04b40b93f4044b0b83717', 'tenant_name': 'tempest-ServerDiagnosticsNegativeTest-248402256', 'user_domain_id': 'default', 'user_domain_name': 'Default', 'user_id': '44a4cbb195944fdd996c360a0c9f47a1', 'system': None}, Network: None, Subnet: None, Router: None
2025-12-08 18:19:48.641 65863 INFO tempest.lib.common.rest_client [req-013614ed-8f35-48f0-b66f-cb822bd9367e req-013614ed-8f35-48f0-b66f-cb822bd9367e ] Request (ServerActionsV293TestJSON:setUpClass): 200 GET http://10.180.1.21/volume/v3/volumes/94fd4f02-09bc-4b64-9d00-730c5b6ac8e9 0.042s
2025-12-08 18:19:48.665 65861 INFO tempest.lib.common.rest_client [req-f4c49806-96bc-40bb-8684-ae03fa7d2343 req-f4c49806-96bc-40bb-8684-ae03fa7d2343 ] Request (TenantUsagesNegativeTestJSON:setUpClass): 200 GET http://10.180.1.21/identity/v3/roles 0.075s
2025-12-08 18:19:48.708 65861 INFO tempest.lib.common.rest_client [req-1cb1da69-eab8-4dc9-848f-dcf0d3118d3d req-1cb1da69-eab8-4dc9-848f-dcf0d3118d3d ] Request (TenantUsagesNegativeTestJSON:setUpClass): 204 PUT http://10.180.1.21/identity/v3/projects/7fe4d01d2e784d45adcc59680c19280a/users/cd56c327d6ec493db803339f3f16a127/roles/230d74edb3824144a775e64485a4774a 0.042s
2025-12-08 18:19:48.766 65835 INFO tempest.lib.common.rest_client [req-b47b784a-87e2-4746-8f35-40826ad8624f req-b47b784a-87e2-4746-8f35-40826ad8624f ] Request (ServerDiagnosticsNegativeTest:setUpClass): 201 POST http://10.180.1.21/identity/v3/auth/tokens 0.165s
2025-12-08 18:19:48.803 65861 INFO tempest.lib.common.rest_client [req-d5d00262-0dea-4e33-9c49-8308fc7aa56c req-d5d00262-0dea-4e33-9c49-8308fc7aa56c ] Request (TenantUsagesNegativeTestJSON:setUpClass): 200 GET http://10.180.1.21/identity/v3/roles 0.094s
2025-12-08 18:19:48.835 65829 INFO tempest.lib.common.rest_client [req-e7bfaf5c-89bb-4457-a270-4f0a27575a4d req-e7bfaf5c-89bb-4457-a270-4f0a27575a4d ] Request (SecurityGroupRulesNegativeTestJSON:setUpClass): 200 PUT http://10.180.1.21/networking/v2.0/routers/2e256901-313b-41d5-8b9a-6506bde07e80/add_router_interface 1.152s
2025-12-08 18:19:48.835 65829 INFO tempest.lib.common.dynamic_creds [-] Created isolated network resources for: credentials: Credentials: {'domain_id': 'default', 'domain_name': 'Default', 'username': 'tempest-SecurityGroupRulesNegativeTestJSON-941177129-project-member', 'project_domain_id': 'default', 'project_domain_name': 'Default', 'project_id': '05fb6a503cfb4ff4a49fbd977c632758', 'project_name': 'tempest-SecurityGroupRulesNegativeTestJSON-941177129', 'tenant_id': '05fb6a503cfb4ff4a49fbd977c632758', 'tenant_name': 'tempest-SecurityGroupRulesNegativeTestJSON-941177129', 'user_domain_id': 'default', 'user_domain_name': 'Default', 'user_id': 'de5748d7c5e44d42b388c78a44c1d2d0', 'system': None}, Network: {'id': 'a0d88d8c-114a-4325-989a-781bbf33eab0', 'name': 'tempest-SecurityGroupRulesNegativeTestJSON-1551665906-network', 'tenant_id': '05fb6a503cfb4ff4a49fbd977c632758', 'project_id': '05fb6a503cfb4ff4a49fbd977c632758', 'admin_state_up': True, 'mtu': 8950, 'status': 'ACTIVE', 'subnets': [], 'shared': False, 'port_security_enabled': True, 'router:external': False, 'provider:network_type': 'vlan', 'provider:physical_network': 'default', 'provider:segmentation_id': 748, 'availability_zone_hints': [], 'availability_zones': [], 'ipv4_address_scope': None, 'ipv6_address_scope': None, 'description': '', 'tags': [], 'created_at': '2025-12-08T18:19:45Z', 'updated_at': '2025-12-08T18:19:45Z', 'revision_number': 1}, Subnet: {'id': '2b0cea9e-5bc2-411f-a395-5e8302ed1fb8', 'name': 'tempest-SecurityGroupRulesNegativeTestJSON-1551665906-subnet', 'tenant_id': '05fb6a503cfb4ff4a49fbd977c632758', 'network_id': 'a0d88d8c-114a-4325-989a-781bbf33eab0', 'ip_version': 4, 'subnetpool_id': None, 'enable_dhcp': True, 'ipv6_ra_mode': None, 'ipv6_address_mode': None, 'gateway_ip': '192.168.128.1', 'cidr': '192.168.128.0/28', 'allocation_pools': [{'start': '192.168.128.2', 'end': '192.168.128.14'}], 'host_routes': [], 'dns_nameservers': [], 'description': '', 'router:external': False, 'service_types': [], 'tags': [], 'created_at': '2025-12-08T18:19:46Z', 'updated_at': '2025-12-08T18:19:46Z', 'revision_number': 0, 'project_id': '05fb6a503cfb4ff4a49fbd977c632758'}, Router: {'id': '2e256901-313b-41d5-8b9a-6506bde07e80', 'name': 'tempest-SecurityGroupRulesNegativeTestJSON-1551665906-router', 'tenant_id': '05fb6a503cfb4ff4a49fbd977c632758', 'admin_state_up': True, 'status': 'ACTIVE', 'external_gateway_info': {'network_id': 'abbeb410-51da-4df5-aa4c-f18a16b13546', 'external_fixed_ips': [{'subnet_id': '74848fa8-f53d-4fb7-90ea-ba2892691de7', 'ip_address': '10.180.180.240'}], 'enable_snat': True}, 'description': '', 'availability_zones': [], 'distributed': False, 'ha': False, 'availability_zone_hints': [], 'routes': [], 'flavor_id': None, 'tags': [], 'created_at': '2025-12-08T18:19:46Z', 'updated_at': '2025-12-08T18:19:47Z', 'revision_number': 2, 'project_id': '05fb6a503cfb4ff4a49fbd977c632758'}
2025-12-08 18:19:48.838 65861 INFO tempest.lib.common.rest_client [req-22375225-2467-45a3-9309-a24832e0800e req-22375225-2467-45a3-9309-a24832e0800e ] Request (TenantUsagesNegativeTestJSON:setUpClass): 204 PUT http://10.180.1.21/identity/v3/projects/7fe4d01d2e784d45adcc59680c19280a/users/cd56c327d6ec493db803339f3f16a127/roles/230d74edb3824144a775e64485a4774a 0.035s
2025-12-08 18:19:48.838 65861 INFO tempest.lib.common.dynamic_creds [-] Dynamic test user cd56c327d6ec493db803339f3f16a127 is created with scope project and roles: ['admin']
2025-12-08 18:19:48.839 65861 INFO tempest.lib.common.dynamic_creds [-] Acquired dynamic creds: credentials: Credentials: {'domain_id': 'default', 'domain_name': 'Default', 'username': 'tempest-TenantUsagesNegativeTestJSON-1050932392-project-admin', 'project_domain_id': 'default', 'project_domain_name': 'Default', 'project_id': '7fe4d01d2e784d45adcc59680c19280a', 'project_name': 'tempest-TenantUsagesNegativeTestJSON-1050932392', 'tenant_id': '7fe4d01d2e784d45adcc59680c19280a', 'tenant_name': 'tempest-TenantUsagesNegativeTestJSON-1050932392', 'user_domain_id': 'default', 'user_domain_name': 'Default', 'user_id': 'cd56c327d6ec493db803339f3f16a127', 'system': None}, Network: None, Subnet: None, Router: None
2025-12-08 18:19:48.839 65861 INFO tempest.lib.common.dynamic_creds [-] Created isolated network resources for: credentials: Credentials: {'domain_id': 'default', 'domain_name': 'Default', 'username': 'tempest-TenantUsagesNegativeTestJSON-1050932392-project-admin', 'project_domain_id': 'default', 'project_domain_name': 'Default', 'project_id': '7fe4d01d2e784d45adcc59680c19280a', 'project_name': 'tempest-TenantUsagesNegativeTestJSON-1050932392', 'tenant_id': '7fe4d01d2e784d45adcc59680c19280a', 'tenant_name': 'tempest-TenantUsagesNegativeTestJSON-1050932392', 'user_domain_id': 'default', 'user_domain_name': 'Default', 'user_id': 'cd56c327d6ec493db803339f3f16a127', 'system': None}, Network: None, Subnet: None, Router: None
2025-12-08 18:19:48.867 65835 INFO tempest.lib.common.rest_client [req-b8a89808-e1b1-4a41-bf44-7b73b303dbae req-b8a89808-e1b1-4a41-bf44-7b73b303dbae ] Request (ServerDiagnosticsNegativeTest:test_get_server_diagnostics_by_non_admin): 201 POST http://10.180.1.21/identity/v3/auth/tokens 0.093s
2025-12-08 18:19:48.868 65835 INFO tempest.lib.common.fixed_network [-] (ServerDiagnosticsNegativeTest:test_get_server_diagnostics_by_non_admin) Found network None available for tenant
2025-12-08 18:19:48.932 65829 INFO tempest.lib.common.rest_client [req-f8842180-724e-4d09-891d-f31527830098 req-f8842180-724e-4d09-891d-f31527830098 ] Request (SecurityGroupRulesNegativeTestJSON:setUpClass): 201 POST http://10.180.1.21/identity/v3/auth/tokens 0.092s
2025-12-08 18:19:48.953 65861 INFO tempest.lib.common.rest_client [req-ea30225c-fe1a-4276-8343-1ae60055da12 req-ea30225c-fe1a-4276-8343-1ae60055da12 ] Request (TenantUsagesNegativeTestJSON:setUpClass): 201 POST http://10.180.1.21/identity/v3/auth/tokens 0.110s
2025-12-08 18:19:49.491 65855 INFO tempest.lib.common.rest_client [req-0ffbce03-a526-4200-9285-ecbea48646a1 req-0ffbce03-a526-4200-9285-ecbea48646a1 ] Request (FloatingIPDetailsTestJSON:test_get_floating_ip_details): 200 POST http://10.180.1.21/compute/v2.1/os-floating-ips 5.940s
2025-12-08 18:19:49.515 65827 INFO tempest.lib.common.rest_client [req-6901dbe6-e909-4940-8364-9309144e3dfb req-6901dbe6-e909-4940-8364-9309144e3dfb ] Request (FlavorsAdminTestJSON:test_create_flavor_with_int_id): 200 POST http://10.180.1.21/compute/v2.1/flavors 5.297s
2025-12-08 18:19:49.534 65839 INFO tempest.lib.common.rest_client [req-13472147-b4d2-4938-b6ae-ab52f451d11f req-13472147-b4d2-4938-b6ae-ab52f451d11f ] Request (FlavorsV2NegativeTest:test_boot_with_low_ram): 400 POST http://10.180.1.21/compute/v2.1/servers 5.485s
2025-12-08 18:19:49.614 65839 INFO tempest.lib.common.rest_client [req-ce3e0510-af8f-4024-b2cb-227a1d123f0f req-ce3e0510-af8f-4024-b2cb-227a1d123f0f ] Request (FlavorsV2NegativeTest:_run_cleanups): 204 DELETE http://10.180.1.21/image/v2/images/0437ee34-4046-49dd-938c-7281061a93ad 0.079s
2025-12-08 18:19:49.635 65857 INFO tempest.lib.common.rest_client [req-9de6ff58-7e8e-45cd-8d41-540211ddc89f req-9de6ff58-7e8e-45cd-8d41-540211ddc89f ] Request (ImagesOneServerTestJSON:setUpClass): 200 GET http://10.180.1.21/compute/v2.1/servers/266e3a39-8296-4250-8e2a-e9914f67a66c 5.241s
2025-12-08 18:19:49.646 65841 INFO tempest.lib.common.rest_client [req-b54ffd36-ef79-4148-9a25-ce563e21541d req-b54ffd36-ef79-4148-9a25-ce563e21541d ] Request (QuotaClassesAdmin257Test:test_update_default_quotas): 200 GET http://10.180.1.21/compute/v2.1/os-quota-class-sets/default 5.073s
2025-12-08 18:19:49.699 65863 INFO tempest.lib.common.rest_client [req-516b2f9d-4264-422d-9e18-e7052e70e7ce req-516b2f9d-4264-422d-9e18-e7052e70e7ce ] Request (ServerActionsV293TestJSON:setUpClass): 200 GET http://10.180.1.21/volume/v3/volumes/94fd4f02-09bc-4b64-9d00-730c5b6ac8e9 0.050s
2025-12-08 18:19:49.766 65839 INFO tempest.lib.common.rest_client [req-f105c71e-7e76-4ca4-8d98-fe5da5afe372 req-f105c71e-7e76-4ca4-8d98-fe5da5afe372 ] Request (FlavorsV2NegativeTest:tearDownClass): 204 DELETE http://10.180.1.21/identity/v3/users/94341a4516664fbcb8847629d7a0ed95 0.150s
2025-12-08 18:19:49.766 65839 INFO tempest.lib.common.dynamic_creds [-] Deleting project and security group for project: 3d83246a94d74de5a31a5622569332ea
2025-12-08 18:19:49.845 65839 INFO tempest.lib.common.rest_client [req-f700f8d0-c2c5-4acb-a591-59a75ac9e3c6 req-f700f8d0-c2c5-4acb-a591-59a75ac9e3c6 ] Request (FlavorsV2NegativeTest:tearDownClass): 201 POST http://10.180.1.21/identity/v3/auth/tokens 0.078s
2025-12-08 18:19:49.890 65873 INFO tempest.lib.common.rest_client [req-243ce4e7-0065-47b4-9eab-3eaf89fe522f req-243ce4e7-0065-47b4-9eab-3eaf89fe522f ] Request (SecurityGroupsTestAdminJSON:_run_cleanups): 202 DELETE http://10.180.1.21/compute/v2.1/os-security-groups/f476acec-af70-41e2-b535-2b03ac94f9e4 5.193s
2025-12-08 18:19:50.081 65885 INFO tempest.lib.common.rest_client [req-2f926688-1336-4aed-bae7-5cae2c3cf25b req-2f926688-1336-4aed-bae7-5cae2c3cf25b ] Request (ServerRescueNegativeTestJSON:setUpClass): 200 GET http://10.180.1.21/compute/v2.1/servers/e98d72b5-10c6-4975-bdab-65277f084a3a 5.381s
2025-12-08 18:19:50.115 65849 INFO tempest.lib.common.rest_client [req-fff68c10-88c6-40d2-bb69-b630f639bca3 req-fff68c10-88c6-40d2-bb69-b630f639bca3 ] Request (AggregatesAdminNegativeTestJSON:test_aggregate_add_non_exist_host): 200 POST http://10.180.1.21/compute/v2.1/os-aggregates 5.378s
2025-12-08 18:19:50.142 65839 INFO tempest.lib.common.rest_client [req-38eeb523-fe5e-469a-a9a4-305e853fa3ca req-38eeb523-fe5e-469a-a9a4-305e853fa3ca ] Request (FlavorsV2NegativeTest:tearDownClass): 200 GET http://10.180.1.21/networking/v2.0/security-groups?tenant_id=3d83246a94d74de5a31a5622569332ea&name=default 0.296s
2025-12-08 18:19:50.171 65875 INFO tempest.lib.common.rest_client [req-8494f6a1-de00-4fcd-bf57-f1bc6b89ecf8 req-8494f6a1-de00-4fcd-bf57-f1bc6b89ecf8 ] Request (ValidationResourcesFixture:setUp): 200 POST http://10.180.1.21/compute/v2.1/os-keypairs 5.429s
2025-12-08 18:19:50.265 65843 INFO tempest.lib.common.rest_client [req-2be8275f-5190-4f08-9f02-72dcbbb9646a req-2be8275f-5190-4f08-9f02-72dcbbb9646a ] Request (HostsAdminTestJSON:test_show_host_detail): 200 GET http://10.180.1.21/compute/v2.1/os-hosts/cpu-1 5.504s
2025-12-08 18:19:50.276 65839 INFO tempest.lib.common.rest_client [req-e07b6bcb-5583-4f90-be1d-4d0bf8117f30 req-e07b6bcb-5583-4f90-be1d-4d0bf8117f30 ] Request (FlavorsV2NegativeTest:tearDownClass): 204 DELETE http://10.180.1.21/networking/v2.0/security-groups/9227b6c4-d8d0-45b8-a3f0-007511af8fe3 0.134s
2025-12-08 18:19:50.294 65889 INFO tempest.lib.common.rest_client [req-8bbc4cfb-c9a0-42ef-b391-3ec4cbc26613 req-8bbc4cfb-c9a0-42ef-b391-3ec4cbc26613 ] Request (FlavorsAccessNegativeTestJSON:_run_cleanups): 202 DELETE http://10.180.1.21/compute/v2.1/flavors/704984225 5.523s
2025-12-08 18:19:50.302 65865 INFO tempest.lib.common.rest_client [req-85162ccf-540c-4b4a-8f6d-6d0178068cc4 req-85162ccf-540c-4b4a-8f6d-6d0178068cc4 ] Request (ServersTestFqdnHostnames:test_create_server_with_fqdn_name): 202 POST http://10.180.1.21/compute/v2.1/servers 6.070s
2025-12-08 18:19:50.314 65847 INFO tempest.lib.common.rest_client [req-7fc67d08-7260-46cc-9f2a-5238aebc64fe req-7fc67d08-7260-46cc-9f2a-5238aebc64fe ] Request (FlavorsV2TestJSON:test_list_flavors_filter_by_min_ram): 200 GET http://10.180.1.21/compute/v2.1/flavors/42 5.541s
2025-12-08 18:19:50.336 65875 INFO tempest.lib.common.rest_client [req-36bc81d6-ad0b-4ccd-b501-93642d495903 req-36bc81d6-ad0b-4ccd-b501-93642d495903 ] Request (ValidationResourcesFixture:setUp): 201 POST http://10.180.1.21/networking/v2.0/security-groups 0.163s
2025-12-08 18:19:50.437 65839 INFO tempest.lib.common.rest_client [req-dff7c5bd-c306-471f-86e2-1ef8a90b7238 req-dff7c5bd-c306-471f-86e2-1ef8a90b7238 ] Request (FlavorsV2NegativeTest:tearDownClass): 204 DELETE http://10.180.1.21/identity/v3/projects/3d83246a94d74de5a31a5622569332ea 0.160s
2025-12-08 18:19:50.461 65843 INFO tempest.lib.common.rest_client [req-bc58500c-c915-4a52-a16d-9857d7b8fd9f req-bc58500c-c915-4a52-a16d-9857d7b8fd9f ] Request (HostsAdminTestJSON:tearDownClass): 204 DELETE http://10.180.1.21/identity/v3/users/1e91e6f764f74837b5ab98d7c475b865 0.193s
2025-12-08 18:19:50.474 65875 INFO tempest.lib.common.rest_client [req-e34b23a0-389d-42c4-8fcc-0be1bb4f023c req-e34b23a0-389d-42c4-8fcc-0be1bb4f023c ] Request (ValidationResourcesFixture:setUp): 201 POST http://10.180.1.21/networking/v2.0/security-group-rules 0.136s
2025-12-08 18:19:50.518 65839 INFO tempest.lib.common.rest_client [req-11b43711-deb4-47c8-b180-bfec8d8c548f req-11b43711-deb4-47c8-b180-bfec8d8c548f ] Request (DeleteServersTestJSON:setUpClass): 201 POST http://10.180.1.21/identity/v3/auth/tokens 0.078s
2025-12-08 18:19:50.549 65851 INFO tempest.lib.common.rest_client [req-2bb4186b-7b40-465f-8ef1-0e7807f4b774 req-2bb4186b-7b40-465f-8ef1-0e7807f4b774 ] Request (SecurityGroupsTestJSON:test_list_security_groups_by_server): 200 GET http://10.180.1.21/compute/v2.1/servers/22fb04dc-ab9e-4d0c-a87a-a6423eb05a89 5.538s
2025-12-08 18:19:50.570 65851 INFO tempest.common.waiters [-] State transition "BUILD/None" ==> "BUILD/spawning" after 6 second wait
2025-12-08 18:19:50.577 65843 INFO tempest.lib.common.rest_client [req-9d742348-5ea8-4b80-a3e3-41ae481a9f80 req-9d742348-5ea8-4b80-a3e3-41ae481a9f80 ] Request (HostsAdminTestJSON:tearDownClass): 204 DELETE http://10.180.1.21/identity/v3/users/a04dbf4563f04668968e8b6deaa82733 0.115s
2025-12-08 18:19:50.577 65843 INFO tempest.lib.common.dynamic_creds [-] Deleting project and security group for project: 1244ef6864d040c29c4651dede7c971a
2025-12-08 18:19:50.588 65839 INFO tempest.lib.common.rest_client [req-50053cfc-4799-4848-9cce-fa5192d7c8ce req-50053cfc-4799-4848-9cce-fa5192d7c8ce ] Request (DeleteServersTestJSON:setUpClass): 201 POST http://10.180.1.21/identity/v3/auth/tokens 0.067s
2025-12-08 18:19:50.606 65837 INFO tempest.lib.common.rest_client [req-c380e1ca-dc63-4747-aec0-f8462053641c req-c380e1ca-dc63-4747-aec0-f8462053641c ] Request (MigrationsAdminTest:test_list_migrations_in_flavor_resize_situation): 200 GET http://10.180.1.21/compute/v2.1/servers/bfc0a027-f5ed-4274-9891-2c37225f2bf8 5.797s
2025-12-08 18:19:50.617 65837 INFO tempest.common.waiters [-] State transition "BUILD/None" ==> "BUILD/spawning" after 7 second wait
2025-12-08 18:19:50.636 65875 INFO tempest.lib.common.rest_client [req-565992ef-9064-40ad-b96b-adab533c94b8 req-565992ef-9064-40ad-b96b-adab533c94b8 ] Request (ValidationResourcesFixture:setUp): 201 POST http://10.180.1.21/networking/v2.0/security-group-rules 0.161s
2025-12-08 18:19:50.646 65843 INFO tempest.lib.common.rest_client [req-8f82b47d-9205-47e4-8445-64ac3af3293e req-8f82b47d-9205-47e4-8445-64ac3af3293e ] Request (HostsAdminTestJSON:tearDownClass): 201 POST http://10.180.1.21/identity/v3/auth/tokens 0.069s
2025-12-08 18:19:50.667 65887 INFO tempest.lib.common.rest_client [req-588e6f86-e690-49e7-9173-ffa7437e750b req-588e6f86-e690-49e7-9173-ffa7437e750b ] Request (ServersAdmin275Test:test_rebuild_update_server_275): 200 GET http://10.180.1.21/compute/v2.1/servers/3667e23b-1f77-4d3b-9b17-00c68b78c862 5.471s
2025-12-08 18:19:50.696 65839 INFO tempest.lib.common.rest_client [req-8ed64b5f-6b12-4fce-8099-17d70176e2f7 req-8ed64b5f-6b12-4fce-8099-17d70176e2f7 ] Request (DeleteServersTestJSON:setUpClass): 200 GET http://10.180.1.21/identity/v3/domains?name=Default 0.107s
2025-12-08 18:19:50.716 65877 INFO tempest.lib.common.rest_client [req-890f52e1-d35b-4f6a-a23c-868b78a0f2bd req-890f52e1-d35b-4f6a-a23c-868b78a0f2bd ] Request (TenantUsagesTestJSON:test_get_usage_tenant_with_non_admin_user): 200 GET http://10.180.1.21/compute/v2.1/os-simple-tenant-usage/65fb6df53c254846861d988d466dc2b7?start=2025-12-07T18%3A19%3A42.549344&end=2025-12-09T18%3A19%3A42.549344 4.501s
2025-12-08 18:19:50.759 65863 INFO tempest.lib.common.rest_client [req-8970900b-4936-45d3-b37d-e6cab8a9b026 req-8970900b-4936-45d3-b37d-e6cab8a9b026 ] Request (ServerActionsV293TestJSON:setUpClass): 200 GET http://10.180.1.21/volume/v3/volumes/94fd4f02-09bc-4b64-9d00-730c5b6ac8e9 0.043s
2025-12-08 18:19:50.786 65839 INFO tempest.lib.common.rest_client [req-7c88bae4-2011-402a-a0a4-36c8e75a6679 req-7c88bae4-2011-402a-a0a4-36c8e75a6679 ] Request (DeleteServersTestJSON:setUpClass): 201 POST http://10.180.1.21/identity/v3/projects 0.089s
2025-12-08 18:19:50.885 65839 INFO tempest.lib.common.rest_client [req-26cfbe89-0427-4101-872c-6b54f08cb9a8 req-26cfbe89-0427-4101-872c-6b54f08cb9a8 ] Request (DeleteServersTestJSON:setUpClass): 201 POST http://10.180.1.21/identity/v3/users 0.098s
2025-12-08 18:19:50.910 65839 INFO tempest.lib.common.rest_client [req-37703691-aea9-440d-a836-5151f9036497 req-37703691-aea9-440d-a836-5151f9036497 ] Request (DeleteServersTestJSON:setUpClass): 200 GET http://10.180.1.21/identity/v3/roles 0.024s
2025-12-08 18:19:50.932 65843 INFO tempest.lib.common.rest_client [req-fe467bc7-6296-4954-a6b1-4588cc74871e req-fe467bc7-6296-4954-a6b1-4588cc74871e ] Request (HostsAdminTestJSON:tearDownClass): 200 GET http://10.180.1.21/networking/v2.0/security-groups?tenant_id=1244ef6864d040c29c4651dede7c971a&name=default 0.285s
2025-12-08 18:19:50.944 65839 INFO tempest.lib.common.rest_client [req-33178806-4a13-48e0-b18f-79a4b94656b5 req-33178806-4a13-48e0-b18f-79a4b94656b5 ] Request (DeleteServersTestJSON:setUpClass): 204 PUT http://10.180.1.21/identity/v3/projects/c82b5c5f27ee4e358aa62064ace5be91/users/9ac4bed1ad954332bb66cb55746d5724/roles/c57b3231750d489aaaf4120f21718dc1 0.033s
2025-12-08 18:19:50.944 65839 INFO tempest.lib.common.dynamic_creds [-] Dynamic test user 9ac4bed1ad954332bb66cb55746d5724 is created with scope project and roles: ['member']
2025-12-08 18:19:50.944 65839 INFO tempest.lib.common.dynamic_creds [-] Acquired dynamic creds: credentials: Credentials: {'domain_id': 'default', 'domain_name': 'Default', 'username': 'tempest-DeleteServersTestJSON-1171898101-project-member', 'project_domain_id': 'default', 'project_domain_name': 'Default', 'project_id': 'c82b5c5f27ee4e358aa62064ace5be91', 'project_name': 'tempest-DeleteServersTestJSON-1171898101', 'tenant_id': 'c82b5c5f27ee4e358aa62064ace5be91', 'tenant_name': 'tempest-DeleteServersTestJSON-1171898101', 'user_domain_id': 'default', 'user_domain_name': 'Default', 'user_id': '9ac4bed1ad954332bb66cb55746d5724', 'system': None}, Network: None, Subnet: None, Router: None
2025-12-08 18:19:50.992 65869 INFO tempest.lib.common.rest_client [req-323956a2-6406-4848-9f87-0e99d5dc84ab req-323956a2-6406-4848-9f87-0e99d5dc84ab ] Request (VolumesAdminNegativeTest:test_update_attached_volume_with_nonexistent_volume_in_uri): 200 GET http://10.180.1.21/compute/v2.1/servers/cd5316b7-8c6a-4e8c-8da8-02414b0392af 5.471s
2025-12-08 18:19:51.001 65869 INFO tempest.common.waiters [-] State transition "BUILD/None" ==> "BUILD/networking" after 7 second wait
2025-12-08 18:19:51.016 65839 INFO tempest.lib.common.rest_client [req-20fcad98-462a-4177-bfe7-f96a56c315a9 req-20fcad98-462a-4177-bfe7-f96a56c315a9 ] Request (DeleteServersTestJSON:setUpClass): 201 POST http://10.180.1.21/identity/v3/auth/tokens 0.071s
2025-12-08 18:19:51.172 65843 INFO tempest.lib.common.rest_client [req-6ec0a57c-77be-48ef-970f-224feef7c409 req-6ec0a57c-77be-48ef-970f-224feef7c409 ] Request (HostsAdminTestJSON:tearDownClass): 204 DELETE http://10.180.1.21/networking/v2.0/security-groups/d001fe57-2efc-4d0d-af72-d04c84aeed4e 0.239s
2025-12-08 18:19:51.212 65875 INFO tempest.lib.common.rest_client [req-1d611bf2-f5eb-4074-8b34-6f25fb73a1af req-1d611bf2-f5eb-4074-8b34-6f25fb73a1af ] Request (ValidationResourcesFixture:setUp): 201 POST http://10.180.1.21/networking/v2.0/floatingips 0.576s
2025-12-08 18:19:51.264 65843 INFO tempest.lib.common.rest_client [req-868ce2ce-6829-4c9a-bdd3-c03979ac46a2 req-868ce2ce-6829-4c9a-bdd3-c03979ac46a2 ] Request (HostsAdminTestJSON:tearDownClass): 204 DELETE http://10.180.1.21/identity/v3/projects/1244ef6864d040c29c4651dede7c971a 0.091s
2025-12-08 18:19:51.264 65843 INFO tempest.lib.common.dynamic_creds [-] Deleting project and security group for project: a16ec4db3bb644ba900afe256f1c9cf6
2025-12-08 18:19:51.325 65875 INFO tempest.lib.common.rest_client [req-851235ad-39b9-4e09-b681-756872ec199f req-851235ad-39b9-4e09-b681-756872ec199f ] Request (ServersWithSpecificFlavorTestJSON:test_verify_created_server_ephemeral_disk): 201 POST http://10.180.1.21/identity/v3/auth/tokens 0.107s
2025-12-08 18:19:51.326 65875 INFO tempest.lib.common.fixed_network [-] (ServersWithSpecificFlavorTestJSON:test_verify_created_server_ephemeral_disk) Found network {'id': '85f41542-fd1a-43df-8af4-5e705ca286bf', 'name': 'tempest-ServersWithSpecificFlavorTestJSON-31944791-network', 'tenant_id': 'ef4d770a7e8c469ebeb8c00c8b9973ed', 'project_id': 'ef4d770a7e8c469ebeb8c00c8b9973ed', 'admin_state_up': True, 'mtu': 8950, 'status': 'ACTIVE', 'subnets': [], 'shared': False, 'port_security_enabled': True, 'router:external': False, 'provider:network_type': 'vlan', 'provider:physical_network': 'default', 'provider:segmentation_id': 995, 'availability_zone_hints': [], 'availability_zones': [], 'ipv4_address_scope': None, 'ipv6_address_scope': None, 'description': '', 'tags': [], 'created_at': '2025-12-08T18:19:03Z', 'updated_at': '2025-12-08T18:19:03Z', 'revision_number': 1} available for tenant
2025-12-08 18:19:51.613 65839 INFO tempest.lib.common.rest_client [req-14a60293-681d-4076-8338-5d7b2e0713b0 req-14a60293-681d-4076-8338-5d7b2e0713b0 ] Request (DeleteServersTestJSON:setUpClass): 201 POST http://10.180.1.21/networking/v2.0/networks 0.596s
2025-12-08 18:19:51.760 65843 INFO tempest.lib.common.rest_client [req-2abbddf0-dfe0-4d55-af19-1ba4064fba06 req-2abbddf0-dfe0-4d55-af19-1ba4064fba06 ] Request (HostsAdminTestJSON:tearDownClass): 200 GET http://10.180.1.21/networking/v2.0/security-groups?tenant_id=a16ec4db3bb644ba900afe256f1c9cf6&name=default 0.495s
2025-12-08 18:19:51.804 65863 INFO tempest.lib.common.rest_client [req-93e8a931-f866-4df3-9e02-f336ccf5c828 req-93e8a931-f866-4df3-9e02-f336ccf5c828 ] Request (ServerActionsV293TestJSON:setUpClass): 200 GET http://10.180.1.21/volume/v3/volumes/94fd4f02-09bc-4b64-9d00-730c5b6ac8e9 0.027s
2025-12-08 18:19:51.918 65839 INFO tempest.lib.common.rest_client [req-c4c5cc42-b08e-4084-b622-b7721486a40d req-c4c5cc42-b08e-4084-b622-b7721486a40d ] Request (DeleteServersTestJSON:setUpClass): 201 POST http://10.180.1.21/networking/v2.0/subnets 0.304s
2025-12-08 18:19:52.033 65853 INFO tempest.lib.common.rest_client [req-8a01966e-7aa4-4257-abd3-7c9e5b31d2d6 req-8a01966e-7aa4-4257-abd3-7c9e5b31d2d6 ] Request (ImagesTestJSON:test_create_image_from_stopped_server): 200 GET http://10.180.1.21/compute/v2.1/servers/113a9d1a-8de0-4575-bc95-0f91369f501e 5.567s
2025-12-08 18:19:52.042 65867 INFO tempest.lib.common.rest_client [req-58212e58-88fb-4265-9180-3243918dac06 req-58212e58-88fb-4265-9180-3243918dac06 ] Request (HostsAdminNegativeTestJSON:test_show_host_detail_with_nonexistent_hostname): 404 GET http://10.180.1.21/compute/v2.1/os-hosts/nonexistent_hostname 5.567s
2025-12-08 18:19:52.064 65879 INFO tempest.lib.common.rest_client [req-26036f35-d3b1-4cf4-b86c-49f25fea3fc8 req-26036f35-d3b1-4cf4-b86c-49f25fea3fc8 ] Request (FlavorsExtraSpecsTestJSON:test_flavor_set_get_update_show_unset_keys): 200 DELETE http://10.180.1.21/compute/v2.1/flavors/1924329511/os-extra_specs/hw:numa_nodes 5.576s
2025-12-08 18:19:52.130 65843 INFO tempest.lib.common.rest_client [req-bdcff34e-44f1-4aaa-8837-29d6194ddb09 req-bdcff34e-44f1-4aaa-8837-29d6194ddb09 ] Request (HostsAdminTestJSON:tearDownClass): 204 DELETE http://10.180.1.21/networking/v2.0/security-groups/4ab8d0ab-ad75-4420-990d-01a01241939d 0.370s
2025-12-08 18:19:52.216 65843 INFO tempest.lib.common.rest_client [req-5fe2bbbc-143b-4b0a-8fd3-3b96eee24782 req-5fe2bbbc-143b-4b0a-8fd3-3b96eee24782 ] Request (HostsAdminTestJSON:tearDownClass): 204 DELETE http://10.180.1.21/identity/v3/projects/a16ec4db3bb644ba900afe256f1c9cf6 0.086s
2025-12-08 18:19:52.242 65872 INFO tempest.lib.common.rest_client [req-46e87015-3bfd-4152-985d-777ce25102c9 req-46e87015-3bfd-4152-985d-777ce25102c9 ] Request (ImagesMetadataTestJSON:test_delete_image_metadata_item): 204 DELETE http://10.180.1.21/compute/v2.1/images/76740d22-b332-42d4-9146-2553e8a3b450/metadata/os_version 5.334s
2025-12-08 18:19:52.291 65843 INFO tempest.lib.common.rest_client [req-08e34388-aba7-4b27-81bf-eeb2b1762d40 req-08e34388-aba7-4b27-81bf-eeb2b1762d40 ] Request (ServerDiagnosticsTest:setUpClass): 201 POST http://10.180.1.21/identity/v3/auth/tokens 0.072s
2025-12-08 18:19:52.322 65843 INFO tempest.lib.common.rest_client [req-d8783436-7f45-43d4-83f5-cc3a6f8e2536 req-d8783436-7f45-43d4-83f5-cc3a6f8e2536 ] Request (ServerDiagnosticsTest:setUpClass): 201 POST http://10.180.1.21/identity/v3/auth/tokens 0.027s
2025-12-08 18:19:52.346 65843 INFO tempest.lib.common.rest_client [req-ccfee60f-555e-4131-888e-9a4c9c102c92 req-ccfee60f-555e-4131-888e-9a4c9c102c92 ] Request (ServerDiagnosticsTest:setUpClass): 200 GET http://10.180.1.21/identity/v3/domains?name=Default 0.023s
2025-12-08 18:19:52.375 65843 INFO tempest.lib.common.rest_client [req-79f4a6d9-33f3-4ba8-a43a-44414b32ed27 req-79f4a6d9-33f3-4ba8-a43a-44414b32ed27 ] Request (ServerDiagnosticsTest:setUpClass): 201 POST http://10.180.1.21/identity/v3/projects 0.029s
2025-12-08 18:19:52.441 65843 INFO tempest.lib.common.rest_client [req-ccee8bf7-e2ec-414f-88c5-6018bc59711b req-ccee8bf7-e2ec-414f-88c5-6018bc59711b ] Request (ServerDiagnosticsTest:setUpClass): 201 POST http://10.180.1.21/identity/v3/users 0.065s
2025-12-08 18:19:52.465 65843 INFO tempest.lib.common.rest_client [req-4616e9dc-c203-4d0b-a556-3555c738bbaf req-4616e9dc-c203-4d0b-a556-3555c738bbaf ] Request (ServerDiagnosticsTest:setUpClass): 200 GET http://10.180.1.21/identity/v3/roles 0.024s
2025-12-08 18:19:52.495 65843 INFO tempest.lib.common.rest_client [req-dd74bc32-ab98-472a-920b-5793786a8b75 req-dd74bc32-ab98-472a-920b-5793786a8b75 ] Request (ServerDiagnosticsTest:setUpClass): 204 PUT http://10.180.1.21/identity/v3/projects/6e3f84e76766483897d2c91383f3f584/users/5696b3f9fbdd466fa1980776276f90de/roles/c57b3231750d489aaaf4120f21718dc1 0.029s
2025-12-08 18:19:52.495 65843 INFO tempest.lib.common.dynamic_creds [-] Dynamic test user 5696b3f9fbdd466fa1980776276f90de is created with scope project and roles: ['member']
2025-12-08 18:19:52.495 65843 INFO tempest.lib.common.dynamic_creds [-] Acquired dynamic creds: credentials: Credentials: {'domain_id': 'default', 'domain_name': 'Default', 'username': 'tempest-ServerDiagnosticsTest-589060635-project-member', 'project_domain_id': 'default', 'project_domain_name': 'Default', 'project_id': '6e3f84e76766483897d2c91383f3f584', 'project_name': 'tempest-ServerDiagnosticsTest-589060635', 'tenant_id': '6e3f84e76766483897d2c91383f3f584', 'tenant_name': 'tempest-ServerDiagnosticsTest-589060635', 'user_domain_id': 'default', 'user_domain_name': 'Default', 'user_id': '5696b3f9fbdd466fa1980776276f90de', 'system': None}, Network: None, Subnet: None, Router: None
2025-12-08 18:19:52.495 65843 INFO tempest.lib.common.dynamic_creds [-] Created isolated network resources for: credentials: Credentials: {'domain_id': 'default', 'domain_name': 'Default', 'username': 'tempest-ServerDiagnosticsTest-589060635-project-member', 'project_domain_id': 'default', 'project_domain_name': 'Default', 'project_id': '6e3f84e76766483897d2c91383f3f584', 'project_name': 'tempest-ServerDiagnosticsTest-589060635', 'tenant_id': '6e3f84e76766483897d2c91383f3f584', 'tenant_name': 'tempest-ServerDiagnosticsTest-589060635', 'user_domain_id': 'default', 'user_domain_name': 'Default', 'user_id': '5696b3f9fbdd466fa1980776276f90de', 'system': None}, Network: None, Subnet: None, Router: None
2025-12-08 18:19:52.571 65843 INFO tempest.lib.common.rest_client [req-c2714db0-7928-4191-9d6e-88032dedca20 req-c2714db0-7928-4191-9d6e-88032dedca20 ] Request (ServerDiagnosticsTest:setUpClass): 201 POST http://10.180.1.21/identity/v3/auth/tokens 0.072s
2025-12-08 18:19:52.636 65843 INFO tempest.lib.common.rest_client [req-815b298c-32c6-405e-aeed-9fb3e52b1754 req-815b298c-32c6-405e-aeed-9fb3e52b1754 ] Request (ServerDiagnosticsTest:setUpClass): 201 POST http://10.180.1.21/identity/v3/projects 0.065s
2025-12-08 18:19:52.698 65843 INFO tempest.lib.common.rest_client [req-94bd1c09-301c-43aa-a74a-847828ffabea req-94bd1c09-301c-43aa-a74a-847828ffabea ] Request (ServerDiagnosticsTest:setUpClass): 201 POST http://10.180.1.21/identity/v3/users 0.061s
2025-12-08 18:19:52.778 65843 INFO tempest.lib.common.rest_client [req-cd7e6448-9cdb-428f-8677-1550272c7c4e req-cd7e6448-9cdb-428f-8677-1550272c7c4e ] Request (ServerDiagnosticsTest:setUpClass): 200 GET http://10.180.1.21/identity/v3/roles 0.079s
2025-12-08 18:19:52.816 65843 INFO tempest.lib.common.rest_client [req-80d7053c-3c73-4a84-9360-2eb79fdcfcdc req-80d7053c-3c73-4a84-9360-2eb79fdcfcdc ] Request (ServerDiagnosticsTest:setUpClass): 204 PUT http://10.180.1.21/identity/v3/projects/7dbb4bedb3f1481aa0c9c87fd0dcfbbd/users/68070c4c6fb34aca9b830a99c84041e1/roles/230d74edb3824144a775e64485a4774a 0.037s
2025-12-08 18:19:52.841 65863 INFO tempest.lib.common.rest_client [req-48a51fbf-e968-4743-b5ae-2376e0b205c1 req-48a51fbf-e968-4743-b5ae-2376e0b205c1 ] Request (ServerActionsV293TestJSON:setUpClass): 200 GET http://10.180.1.21/volume/v3/volumes/94fd4f02-09bc-4b64-9d00-730c5b6ac8e9 0.028s
2025-12-08 18:19:52.877 65843 INFO tempest.lib.common.rest_client [req-95f69416-32cd-4ead-a2a2-1a20b6cd0e88 req-95f69416-32cd-4ead-a2a2-1a20b6cd0e88 ] Request (ServerDiagnosticsTest:setUpClass): 200 GET http://10.180.1.21/identity/v3/roles 0.060s
2025-12-08 18:19:52.886 65839 INFO tempest.lib.common.rest_client [req-beeae0ae-d061-426f-84c8-15b072137f62 req-beeae0ae-d061-426f-84c8-15b072137f62 ] Request (DeleteServersTestJSON:setUpClass): 201 POST http://10.180.1.21/networking/v2.0/routers 0.968s
2025-12-08 18:19:52.895 65843 INFO tempest.lib.common.rest_client [req-26301358-dfe0-4fb1-9883-430b3dbd1e55 req-26301358-dfe0-4fb1-9883-430b3dbd1e55 ] Request (ServerDiagnosticsTest:setUpClass): 204 PUT http://10.180.1.21/identity/v3/projects/7dbb4bedb3f1481aa0c9c87fd0dcfbbd/users/68070c4c6fb34aca9b830a99c84041e1/roles/230d74edb3824144a775e64485a4774a 0.017s
2025-12-08 18:19:52.895 65843 INFO tempest.lib.common.dynamic_creds [-] Dynamic test user 68070c4c6fb34aca9b830a99c84041e1 is created with scope project and roles: ['admin']
2025-12-08 18:19:52.895 65843 INFO tempest.lib.common.dynamic_creds [-] Acquired dynamic creds: credentials: Credentials: {'domain_id': 'default', 'domain_name': 'Default', 'username': 'tempest-ServerDiagnosticsTest-1485280045-project-admin', 'project_domain_id': 'default', 'project_domain_name': 'Default', 'project_id': '7dbb4bedb3f1481aa0c9c87fd0dcfbbd', 'project_name': 'tempest-ServerDiagnosticsTest-1485280045', 'tenant_id': '7dbb4bedb3f1481aa0c9c87fd0dcfbbd', 'tenant_name': 'tempest-ServerDiagnosticsTest-1485280045', 'user_domain_id': 'default', 'user_domain_name': 'Default', 'user_id': '68070c4c6fb34aca9b830a99c84041e1', 'system': None}, Network: None, Subnet: None, Router: None
2025-12-08 18:19:52.895 65843 INFO tempest.lib.common.dynamic_creds [-] Created isolated network resources for: credentials: Credentials: {'domain_id': 'default', 'domain_name': 'Default', 'username': 'tempest-ServerDiagnosticsTest-1485280045-project-admin', 'project_domain_id': 'default', 'project_domain_name': 'Default', 'project_id': '7dbb4bedb3f1481aa0c9c87fd0dcfbbd', 'project_name': 'tempest-ServerDiagnosticsTest-1485280045', 'tenant_id': '7dbb4bedb3f1481aa0c9c87fd0dcfbbd', 'tenant_name': 'tempest-ServerDiagnosticsTest-1485280045', 'user_domain_id': 'default', 'user_domain_name': 'Default', 'user_id': '68070c4c6fb34aca9b830a99c84041e1', 'system': None}, Network: None, Subnet: None, Router: None
2025-12-08 18:19:52.976 65843 INFO tempest.lib.common.rest_client [req-0c384cc3-f5ef-4f0b-8e9c-fbb00a9d0de7 req-0c384cc3-f5ef-4f0b-8e9c-fbb00a9d0de7 ] Request (ServerDiagnosticsTest:setUpClass): 201 POST http://10.180.1.21/identity/v3/auth/tokens 0.078s
2025-12-08 18:19:53.045 65843 INFO tempest.lib.common.rest_client [req-726e06be-e6ea-486e-9cd8-e632b1b64d3e req-726e06be-e6ea-486e-9cd8-e632b1b64d3e ] Request (ServerDiagnosticsTest:test_get_server_diagnostics): 201 POST http://10.180.1.21/identity/v3/auth/tokens 0.064s
2025-12-08 18:19:53.045 65843 INFO tempest.lib.common.fixed_network [-] (ServerDiagnosticsTest:test_get_server_diagnostics) Found network None available for tenant
2025-12-08 18:19:53.391 65883 INFO tempest.lib.common.rest_client [req-378af4d6-3255-4336-a3a4-d345261eb680 req-378af4d6-3255-4336-a3a4-d345261eb680 ] Request (VolumesAssistedSnapshotsTest:test_volume_assisted_snapshot_create_delete): 200 GET http://10.180.1.21/compute/v2.1/servers/9f51fa28-ea48-423e-ba45-4494b0a0d945 6.335s
2025-12-08 18:19:53.398 65859 INFO tempest.lib.common.rest_client [req-6471ae8a-4c5d-4f00-a4c9-90a0c7a81e7c req-6471ae8a-4c5d-4f00-a4c9-90a0c7a81e7c ] Request (FloatingIPsAssociationTestJSON:test_associate_already_associated_floating_ip): 202 POST http://10.180.1.21/compute/v2.1/servers 6.949s
2025-12-08 18:19:53.520 65831 INFO tempest.lib.common.rest_client [req-d4883955-6137-4b8f-81c7-662e819bb612 req-d4883955-6137-4b8f-81c7-662e819bb612 ] Request (ServerActionsTestOtherA:setUpClass): 200 GET http://10.180.1.21/compute/v2.1/servers/2b7a4d7f-5605-4148-b487-df63eec67406 5.840s
