2025-12-08 18:23:19.115 65865 INFO tempest.lib.common.dynamic_creds [-] Created isolated network resources for: credentials: Credentials: {'domain_id': 'default', 'domain_name': 'Default', 'username': 'tempest-ServerRescueTestJSON-1121830031-project-member', 'project_domain_id': 'default', 'project_domain_name': 'Default', 'project_id': '046bda3499f042aebd5ab73c52650d64', 'project_name': 'tempest-ServerRescueTestJSON-1121830031', 'tenant_id': '046bda3499f042aebd5ab73c52650d64', 'tenant_name': 'tempest-ServerRescueTestJSON-1121830031', 'user_domain_id': 'default', 'user_domain_name': 'Default', 'user_id': '14528564cc2f42ccbae852a8ebad8cfd', 'system': None}, Network: {'id': 'dc90525f-6855-4a5f-9ac8-4fe895c6f5b1', 'name': 'tempest-ServerRescueTestJSON-1903964224-network', 'tenant_id': '046bda3499f042aebd5ab73c52650d64', 'project_id': '046bda3499f042aebd5ab73c52650d64', 'admin_state_up': True, 'mtu': 8950, 'status': 'ACTIVE', 'subnets': [], 'shared': False, 'port_security_enabled': True, 'router:external': False, 'provider:network_type': 'vlan', 'provider:physical_network': 'default', 'provider:segmentation_id': 465, 'availability_zone_hints': [], 'availability_zones': [], 'ipv4_address_scope': None, 'ipv6_address_scope': None, 'description': '', 'tags': [], 'created_at': '2025-12-08T18:23:17Z', 'updated_at': '2025-12-08T18:23:17Z', 'revision_number': 1}, Subnet: {'id': '98e3e21d-2b58-4268-9204-2e59300e4d7d', 'name': 'tempest-ServerRescueTestJSON-1903964224-subnet', 'tenant_id': '046bda3499f042aebd5ab73c52650d64', 'network_id': 'dc90525f-6855-4a5f-9ac8-4fe895c6f5b1', 'ip_version': 4, 'subnetpool_id': None, 'enable_dhcp': False, 'ipv6_ra_mode': None, 'ipv6_address_mode': None, 'gateway_ip': '192.168.128.1', 'cidr': '192.168.128.0/28', 'allocation_pools': [{'start': '192.168.128.2', 'end': '192.168.128.14'}], 'host_routes': [], 'dns_nameservers': [], 'description': '', 'router:external': False, 'service_types': [], 'tags': [], 'created_at': '2025-12-08T18:23:17Z', 'updated_at': '2025-12-08T18:23:17Z', 'revision_number': 0, 'project_id': '046bda3499f042aebd5ab73c52650d64'}, Router: {'id': '758f3c03-cb61-49e5-8625-3602668b566c', 'name': 'tempest-ServerRescueTestJSON-1903964224-router', 'tenant_id': '046bda3499f042aebd5ab73c52650d64', 'admin_state_up': True, 'status': 'ACTIVE', 'external_gateway_info': {'network_id': 'abbeb410-51da-4df5-aa4c-f18a16b13546', 'external_fixed_ips': [{'subnet_id': '74848fa8-f53d-4fb7-90ea-ba2892691de7', 'ip_address': '10.180.180.158'}], 'enable_snat': True}, 'description': '', 'availability_zones': [], 'distributed': False, 'ha': False, 'availability_zone_hints': [], 'routes': [], 'flavor_id': None, 'tags': [], 'created_at': '2025-12-08T18:23:17Z', 'updated_at': '2025-12-08T18:23:17Z', 'revision_number': 2, 'project_id': '046bda3499f042aebd5ab73c52650d64'}
2025-12-08 18:23:19.183 65837 INFO tempest.lib.common.rest_client [req-1e66cf7a-7c30-4cb2-a520-6a91848e415a req-1e66cf7a-7c30-4cb2-a520-6a91848e415a ] Request (MigrationsAdminTest:test_resize_server_revert_deleted_flavor): 200 GET http://10.180.1.21/compute/v2.1/servers/6e91b4f9-f873-4571-a58f-956b44f6c167 2.323s
2025-12-08 18:23:19.193 65837 INFO tempest.common.waiters [-] State transition "RESIZE/resize_migrated" ==> "RESIZE/resize_finish" after 52 second wait
2025-12-08 18:23:19.233 65865 INFO tempest.lib.common.rest_client [req-1ad9f89c-df0d-4e14-829c-3bb893abef6f req-1ad9f89c-df0d-4e14-829c-3bb893abef6f ] Request (ServerRescueTestJSON:setUpClass): 201 POST http://10.180.1.21/identity/v3/auth/tokens 0.115s
2025-12-08 18:23:19.267 65865 INFO tempest.lib.common.rest_client [req-76140ee3-aa64-45fd-96de-d9f457214866 req-76140ee3-aa64-45fd-96de-d9f457214866 ] Request (ServerRescueTestJSON:setUpClass): 201 POST http://10.180.1.21/identity/v3/auth/tokens 0.029s
2025-12-08 18:23:19.268 65865 INFO tempest.lib.common.fixed_network [-] (ServerRescueTestJSON:setUpClass) Found network {'id': 'dc90525f-6855-4a5f-9ac8-4fe895c6f5b1', 'name': 'tempest-ServerRescueTestJSON-1903964224-network', 'tenant_id': '046bda3499f042aebd5ab73c52650d64', 'project_id': '046bda3499f042aebd5ab73c52650d64', 'admin_state_up': True, 'mtu': 8950, 'status': 'ACTIVE', 'subnets': [], 'shared': False, 'port_security_enabled': True, 'router:external': False, 'provider:network_type': 'vlan', 'provider:physical_network': 'default', 'provider:segmentation_id': 465, 'availability_zone_hints': [], 'availability_zones': [], 'ipv4_address_scope': None, 'ipv6_address_scope': None, 'description': '', 'tags': [], 'created_at': '2025-12-08T18:23:17Z', 'updated_at': '2025-12-08T18:23:17Z', 'revision_number': 1} available for tenant
2025-12-08 18:23:19.269 65861 INFO tempest.lib.common.rest_client [req-a66b0512-5db5-480e-9f59-b80cd2c24e37 req-a66b0512-5db5-480e-9f59-b80cd2c24e37 ] Request (ServerMetadataTestJSON:setUp): 200 PUT http://10.180.1.21/compute/v2.1/servers/9ee35ab5-4380-4cfb-9157-aaed37c3490c/metadata 2.401s
2025-12-08 18:23:19.352 65849 INFO tempest.lib.common.rest_client [req-7ce026f8-eb94-4f9e-af9e-762abbdcc607 req-7ce026f8-eb94-4f9e-af9e-762abbdcc607 ] Request (ServersTestMultiNic:test_verify_multiple_nics_order): 200 GET http://10.180.1.21/compute/v2.1/servers/0842aa8c-6aad-46b9-93c0-df7903450ed6 2.376s
2025-12-08 18:23:19.443 65859 INFO tempest.lib.common.rest_client [req-15e84117-11d9-4955-9bd8-f1f9aa08c665 req-15e84117-11d9-4955-9bd8-f1f9aa08c665 ] Request (InstanceActionsV221TestJSON:test_get_list_deleted_instance_actions): 200 GET http://10.180.1.21/compute/v2.1/servers/32891ef3-1b7f-483e-969a-15ef49118a06 2.389s
2025-12-08 18:23:19.505 65841 INFO tempest.lib.common.rest_client [req-562f5bf2-9ef2-4732-87ee-de190de5c002 req-562f5bf2-9ef2-4732-87ee-de190de5c002 ] Request (ServersV294TestFqdnHostnames:setUpClass): 200 GET http://10.180.1.21/compute/v2.1/servers/8ef652e3-789f-4efb-a392-06c2cbaa9d7f 2.383s
2025-12-08 18:23:19.632 65855 INFO tempest.lib.common.rest_client [req-f896f1f3-475b-4cdb-90ed-1dfd597f27d7 req-f896f1f3-475b-4cdb-90ed-1dfd597f27d7 ] Request (ServerDiskConfigTestJSON:test_rebuild_server_with_manual_disk_config): 200 GET http://10.180.1.21/compute/v2.1/servers/1226c5a5-d6c8-45af-b7a3-5e02752501cd 2.510s
2025-12-08 18:23:19.653 65845 INFO tempest.lib.common.rest_client [req-f9a49a2a-3cdd-44ed-8afb-0668f1f8f680 req-f9a49a2a-3cdd-44ed-8afb-0668f1f8f680 ] Request (AttachInterfacesUnderV243Test:_run_cleanups): 404 GET http://10.180.1.21/compute/v2.1/servers/a2acee82-0940-4d6b-a72e-3d844ca6304a 2.466s
2025-12-08 18:23:19.791 65869 INFO tempest.lib.common.rest_client [req-b56f4a81-833b-4519-af6f-1cf5444b0dde req-b56f4a81-833b-4519-af6f-1cf5444b0dde ] Request (ListServersNegativeTestJSON:setUpClass): 200 GET http://10.180.1.21/compute/v2.1/servers/276f7ca4-c93c-430c-aead-2960ac7bf894 2.432s
2025-12-08 18:23:19.798 65869 INFO tempest.common.waiters [-] State transition "BUILD/spawning" ==> "ACTIVE/None" after 59 second wait
2025-12-08 18:23:19.846 65839 INFO tempest.lib.common.rest_client [req-a705c8f0-6505-4e52-adf0-7784c098202e req-a705c8f0-6505-4e52-adf0-7784c098202e ] Request (DeleteServersTestJSON:test_delete_server_while_in_shelved_state): 200 GET http://10.180.1.21/compute/v2.1/servers/830a1e31-8ae2-45b5-b2b7-5ee9a3efbafc 2.426s
2025-12-08 18:23:20.005 65889 INFO tempest.lib.common.rest_client [req-04aceec8-ee1a-4d14-91c2-48833d68615c req-04aceec8-ee1a-4d14-91c2-48833d68615c ] Request (ServersAdminTestJSON:test_create_server_with_scheduling_hint): 200 GET http://10.180.1.21/compute/v2.1/servers/1aef519e-f731-4936-8459-c5c1c12ab648 2.479s
2025-12-08 18:23:20.061 65831 INFO tempest.lib.common.rest_client [req-357aad72-eb6a-4502-9813-6ce32a634963 req-357aad72-eb6a-4502-9813-6ce32a634963 ] Request (ServerActionsTestOtherA:test_rebuild_server_with_volume_attached): 200 GET http://10.180.1.21/compute/v2.1/servers/784838a3-d86b-48f7-ba1b-f2ab3b7b8c79 2.470s
2025-12-08 18:23:20.121 65881 INFO tempest.lib.common.rest_client [req-27d5c10b-d598-4450-9a01-3e483de39e01 req-27d5c10b-d598-4450-9a01-3e483de39e01 ] Request (ServersTestJSON:test_create_specify_keypair): 200 GET http://10.180.1.21/compute/v2.1/servers/4afc2904-2f86-4d8a-b48b-8eb883959653 2.281s
2025-12-08 18:23:20.178 65883 INFO tempest.lib.common.rest_client [req-4b678de9-7ea3-4a27-9b1b-3ce44cf47b78 req-4b678de9-7ea3-4a27-9b1b-3ce44cf47b78 ] Request (DeleteServersAdminTestJSON:test_admin_delete_servers_of_others): 200 GET http://10.180.1.21/compute/v2.1/servers/7a0a28b1-3009-415a-ac7b-a294d50cc43f 1.958s
2025-12-08 18:23:20.202 65851 INFO tempest.lib.common.rest_client [req-6eed9dfc-6a0b-4f3a-8369-42c00d841603 req-6eed9dfc-6a0b-4f3a-8369-42c00d841603 ] Request (SecurityGroupsTestJSON:tearDownClass): 404 GET http://10.180.1.21/compute/v2.1/servers/fd6db774-81e6-4c34-9449-86a6f3faac98 1.839s
2025-12-08 18:23:20.268 65847 INFO tempest.lib.common.rest_client [req-b59a26d1-a9e6-4be9-aaf3-f2d75696d38f req-b59a26d1-a9e6-4be9-aaf3-f2d75696d38f ] Request (ListImageFiltersTestJSON:test_list_images_filter_by_type): 200 GET http://10.180.1.21/compute/v2.1/images?type=snapshot 1.484s
2025-12-08 18:23:20.325 65873 INFO tempest.lib.common.rest_client [req-f35483ed-ab6f-45b1-910a-98010a69ecfe req-f35483ed-ab6f-45b1-910a-98010a69ecfe ] Request (ServersNegativeTestJSON:test_shelve_shelved_server): 409 POST http://10.180.1.21/compute/v2.1/servers/8fe183a6-3240-45f9-80f6-1347af3f8d96/action 1.302s
2025-12-08 18:23:20.747 65865 INFO tempest.lib.common.rest_client [req-dde62a8e-ae18-4d98-8e22-9d5288241327 req-dde62a8e-ae18-4d98-8e22-9d5288241327 ] Request (ServerRescueTestJSON:setUpClass): 202 POST http://10.180.1.21/compute/v2.1/servers 1.479s
2025-12-08 18:23:20.789 65861 INFO tempest.lib.common.rest_client [req-d37358ec-5a86-4cb7-91fb-e7f0d115b18b req-d37358ec-5a86-4cb7-91fb-e7f0d115b18b ] Request (ServerMetadataTestJSON:test_list_server_metadata): 200 GET http://10.180.1.21/compute/v2.1/servers/9ee35ab5-4380-4cfb-9157-aaed37c3490c/metadata 1.519s
2025-12-08 18:23:20.812 65829 INFO tempest.lib.common.rest_client [req-abedb799-9ab4-47f1-b36e-67625a886b18 req-abedb799-9ab4-47f1-b36e-67625a886b18 ] Request (ServerGroupTestJSON:_run_cleanups): 404 GET http://10.180.1.21/compute/v2.1/servers/c1ec2ac3-ae8c-4acb-b304-8e6967a889c1 1.467s
2025-12-08 18:23:20.874 65853 INFO tempest.lib.common.rest_client [req-a6b763ed-5d10-46c2-be73-8c65810b0250 req-a6b763ed-5d10-46c2-be73-8c65810b0250 ] Request (ImagesTestJSON:test_create_server_from_snapshot): 200 GET http://10.180.1.21/compute/v2.1/servers/28cc2415-ac28-4d40-ab70-d7c4c473a517 1.408s
2025-12-08 18:23:20.932 65875 INFO tempest.lib.common.rest_client [req-f64e9b49-050c-41e6-a01b-f96de2a82882 req-f64e9b49-050c-41e6-a01b-f96de2a82882 ] Request (ServersWithSpecificFlavorTestJSON:test_verify_created_server_ephemeral_disk): 200 GET http://10.180.1.21/compute/v2.1/servers/3611d0e8-84e2-4533-aa78-5cde40f3a0a5 1.409s
2025-12-08 18:23:20.993 65879 INFO tempest.lib.common.rest_client [req-92eb9d8e-e3a9-41b9-bd3b-7e3e2dc13ec1 req-92eb9d8e-e3a9-41b9-bd3b-7e3e2dc13ec1 ] Request (ServersNegativeTestMultiTenantJSON:setUpClass): 200 GET http://10.180.1.21/compute/v2.1/servers/a616e448-7125-4c0f-8334-3d1375d1e425 1.411s
2025-12-08 18:23:21.011 65845 INFO tempest.lib.common.rest_client [req-65a117e7-eaa7-432c-bb46-f91c0ae59760 req-65a117e7-eaa7-432c-bb46-f91c0ae59760 ] Request (AttachInterfacesUnderV243Test:_run_cleanups): 202 DELETE http://10.180.1.21/compute/v2.1/os-keypairs/tempest-keypair-585664777 1.357s
2025-12-08 18:23:21.078 65863 INFO tempest.lib.common.rest_client [req-f26dc261-e7d0-4dac-9a44-f16ac161e754 req-f26dc261-e7d0-4dac-9a44-f16ac161e754 ] Request (ServerRescueTestJSONUnderV235:setUpClass): 200 GET http://10.180.1.21/compute/v2.1/servers/80604c0f-8b5c-4517-a5b7-3f182c9f20c2 1.382s
2025-12-08 18:23:21.130 65845 INFO tempest.lib.common.rest_client [req-20d2871b-c962-4125-ade7-b96a0d241c37 req-20d2871b-c962-4125-ade7-b96a0d241c37 ] Request (AttachInterfacesUnderV243Test:_run_cleanups): 204 DELETE http://10.180.1.21/networking/v2.0/security-groups/f5f4e2ba-1aba-4e2f-b2b3-f074dce37c65 0.118s
2025-12-08 18:23:21.143 65845 INFO tempest.lib.common.rest_client [req-879ba0d1-105b-4cd4-b9bd-c8b8cc1151a8 req-879ba0d1-105b-4cd4-b9bd-c8b8cc1151a8 ] Request (AttachInterfacesUnderV243Test:_run_cleanups): 404 GET http://10.180.1.21/networking/v2.0/security-groups/f5f4e2ba-1aba-4e2f-b2b3-f074dce37c65 0.012s
2025-12-08 18:23:21.237 65857 WARNING tempest.lib.common.ssh [-] Failed to establish authenticated ssh connection to cirros@10.180.180.223 ([Errno None] Unable to connect to port 22 on 10.180.180.223). Number attempts: 1. Retry after 2 seconds.: paramiko.ssh_exception.NoValidConnectionsError: [Errno None] Unable to connect to port 22 on 10.180.180.223
2025-12-08 18:23:21.253 65869 INFO tempest.lib.common.rest_client [req-b1cdaac4-7890-4aa3-bc21-cdabfba8ac68 req-b1cdaac4-7890-4aa3-bc21-cdabfba8ac68 ] Request (ListServersNegativeTestJSON:setUpClass): 200 GET http://10.180.1.21/compute/v2.1/servers/727bdb5a-85fa-4643-8696-b1044f4afda3 1.454s
2025-12-08 18:23:21.384 65837 INFO tempest.lib.common.rest_client [req-65278dc6-1d30-4a6e-9e81-fb1bfe9d1a27 req-65278dc6-1d30-4a6e-9e81-fb1bfe9d1a27 ] Request (MigrationsAdminTest:test_resize_server_revert_deleted_flavor): 200 GET http://10.180.1.21/compute/v2.1/servers/6e91b4f9-f873-4571-a58f-956b44f6c167 1.190s
2025-12-08 18:23:21.397 65837 INFO tempest.common.waiters [-] State transition "RESIZE/resize_finish" ==> "VERIFY_RESIZE/None" after 54 second wait
2025-12-08 18:23:21.400 65845 INFO tempest.lib.common.rest_client [req-345f5d59-cd76-4eef-8b28-68acb9cf79c1 req-345f5d59-cd76-4eef-8b28-68acb9cf79c1 ] Request (AttachInterfacesUnderV243Test:_run_cleanups): 204 DELETE http://10.180.1.21/networking/v2.0/floatingips/a333a428-fad6-4c70-b739-50b28787ad52 0.257s
2025-12-08 18:23:21.402 65851 INFO tempest.lib.common.rest_client [req-1a20ba04-7720-448b-b5e8-44ee362e0d57 req-1a20ba04-7720-448b-b5e8-44ee362e0d57 ] Request (SecurityGroupsTestJSON:tearDownClass): 404 DELETE http://10.180.1.21/compute/v2.1/os-security-groups/b8cc39f4-dfae-4ed4-9d3e-c8cab1dc3756 1.199s
2025-12-08 18:23:21.462 65847 INFO tempest.lib.common.rest_client [req-dd230e66-8ecf-41e4-8efd-6dc6285f0d71 req-dd230e66-8ecf-41e4-8efd-6dc6285f0d71 ] Request (ListImageFiltersTestJSON:test_list_images_limit_results): 200 GET http://10.180.1.21/compute/v2.1/images?limit=1 1.191s
2025-12-08 18:23:21.556 65873 INFO tempest.lib.common.rest_client [req-5a6d4651-18c0-431d-9055-09ca1ace5cfb req-5a6d4651-18c0-431d-9055-09ca1ace5cfb ] Request (ServersNegativeTestJSON:test_shelve_shelved_server): 202 POST http://10.180.1.21/compute/v2.1/servers/8fe183a6-3240-45f9-80f6-1347af3f8d96/action 1.230s
2025-12-08 18:23:21.612 65849 INFO tempest.lib.common.rest_client [req-f3dcbd4b-305a-44c0-8d21-ae95b2856e89 req-f3dcbd4b-305a-44c0-8d21-ae95b2856e89 ] Request (ServersTestMultiNic:test_verify_multiple_nics_order): 200 GET http://10.180.1.21/compute/v2.1/servers/0842aa8c-6aad-46b9-93c0-df7903450ed6 1.248s
2025-12-08 18:23:21.706 65859 INFO tempest.lib.common.rest_client [req-b8784a0b-d432-410e-858f-5b9b22f90fb3 req-b8784a0b-d432-410e-858f-5b9b22f90fb3 ] Request (InstanceActionsV221TestJSON:test_get_list_deleted_instance_actions): 200 GET http://10.180.1.21/compute/v2.1/servers/32891ef3-1b7f-483e-969a-15ef49118a06 1.254s
2025-12-08 18:23:21.765 65841 INFO tempest.lib.common.rest_client [req-21ebade8-7b41-4f67-8d74-6d3bc7f12ee4 req-21ebade8-7b41-4f67-8d74-6d3bc7f12ee4 ] Request (ServersV294TestFqdnHostnames:setUpClass): 200 GET http://10.180.1.21/compute/v2.1/servers/8ef652e3-789f-4efb-a392-06c2cbaa9d7f 1.247s
2025-12-08 18:23:21.890 65855 INFO tempest.lib.common.rest_client [req-2a40e61a-55da-4674-8d03-ec545f609b12 req-2a40e61a-55da-4674-8d03-ec545f609b12 ] Request (ServerDiskConfigTestJSON:test_rebuild_server_with_manual_disk_config): 200 GET http://10.180.1.21/compute/v2.1/servers/1226c5a5-d6c8-45af-b7a3-5e02752501cd 1.247s
2025-12-08 18:23:21.900 65855 INFO tempest.common.waiters [-] State transition "REBUILD/rebuilding" ==> "REBUILD/rebuild_spawning" after 2 second wait
2025-12-08 18:23:21.952 65865 INFO tempest.lib.common.rest_client [req-16596f09-5b5a-420b-b175-a9e5b4161320 req-16596f09-5b5a-420b-b175-a9e5b4161320 ] Request (ServerRescueTestJSON:setUpClass): 200 GET http://10.180.1.21/compute/v2.1/servers/3b608ef9-304d-45f7-886c-89acbd568d61 1.203s
2025-12-08 18:23:22.052 65861 INFO tempest.lib.common.rest_client [req-1499a243-8e65-454c-a664-9422f88752a1 req-1499a243-8e65-454c-a664-9422f88752a1 ] Request (ServerMetadataTestJSON:setUp): 200 PUT http://10.180.1.21/compute/v2.1/servers/9ee35ab5-4380-4cfb-9157-aaed37c3490c/metadata 1.261s
2025-12-08 18:23:22.085 65829 INFO tempest.lib.common.rest_client [req-7040059d-7d3e-4f5a-85cf-3517b34343a3 req-7040059d-7d3e-4f5a-85cf-3517b34343a3 ] Request (ServerGroupTestJSON:test_list_server_groups): 200 GET http://10.180.1.21/compute/v2.1/os-server-groups 1.271s
2025-12-08 18:23:22.137 65839 INFO tempest.lib.common.rest_client [req-0d5f07d4-8f55-416a-9fe2-8e1b825df37c req-0d5f07d4-8f55-416a-9fe2-8e1b825df37c ] Request (DeleteServersTestJSON:test_delete_server_while_in_shelved_state): 200 GET http://10.180.1.21/compute/v2.1/servers/830a1e31-8ae2-45b5-b2b7-5ee9a3efbafc 1.282s
2025-12-08 18:23:22.332 65889 INFO tempest.lib.common.rest_client [req-bfdd999b-b399-4d97-807c-b7d757733d6d req-bfdd999b-b399-4d97-807c-b7d757733d6d ] Request (ServersAdminTestJSON:test_create_server_with_scheduling_hint): 200 GET http://10.180.1.21/compute/v2.1/servers/1aef519e-f731-4936-8459-c5c1c12ab648 1.318s
2025-12-08 18:23:22.340 65889 INFO tempest.common.waiters [-] State transition "BUILD/spawning" ==> "ACTIVE/None" after 49 second wait
2025-12-08 18:23:22.419 65889 INFO tempest.lib.common.rest_client [req-cfe7660e-a89e-4e68-ba39-ab3cf2ed1f1a req-cfe7660e-a89e-4e68-ba39-ab3cf2ed1f1a ] Request (ServersAdminTestJSON:test_inject_network_info): 201 POST http://10.180.1.21/identity/v3/auth/tokens 0.075s
2025-12-08 18:23:22.420 65889 INFO tempest.lib.common.fixed_network [-] (ServersAdminTestJSON:test_inject_network_info) Found network {'id': '14efadfd-c443-488c-b76f-591191ec895f', 'name': 'tempest-ServersAdminTestJSON-1652648707-network', 'tenant_id': '019c86cd0cb14000aed25bb2482eb39f', 'project_id': '019c86cd0cb14000aed25bb2482eb39f', 'admin_state_up': True, 'mtu': 8950, 'status': 'ACTIVE', 'subnets': [], 'shared': False, 'port_security_enabled': True, 'router:external': False, 'provider:network_type': 'vlan', 'provider:physical_network': 'default', 'provider:segmentation_id': 211, 'availability_zone_hints': [], 'availability_zones': [], 'ipv4_address_scope': None, 'ipv6_address_scope': None, 'description': '', 'tags': [], 'created_at': '2025-12-08T18:21:27Z', 'updated_at': '2025-12-08T18:21:27Z', 'revision_number': 1} available for tenant
2025-12-08 18:23:22.422 65831 INFO tempest.lib.common.rest_client [req-2eeb6037-01de-4e37-8fe3-b73837d8ed08 req-2eeb6037-01de-4e37-8fe3-b73837d8ed08 ] Request (ServerActionsTestOtherA:test_rebuild_server_with_volume_attached): 200 GET http://10.180.1.21/compute/v2.1/servers/784838a3-d86b-48f7-ba1b-f2ab3b7b8c79 1.353s
2025-12-08 18:23:22.428 65831 INFO tempest.common.waiters [-] State transition "BUILD/scheduling" ==> "BUILD/None" after 6 second wait
2025-12-08 18:23:22.510 65881 INFO tempest.lib.common.rest_client [req-f5f1ce64-1c3c-4f36-b822-ab6dfb538b4f req-f5f1ce64-1c3c-4f36-b822-ab6dfb538b4f ] Request (ServersTestJSON:test_create_specify_keypair): 200 GET http://10.180.1.21/compute/v2.1/servers/4afc2904-2f86-4d8a-b48b-8eb883959653 1.376s
2025-12-08 18:23:22.603 65883 INFO tempest.lib.common.rest_client [req-80a40ca5-5b29-4111-a3b5-2b58d7c27750 req-80a40ca5-5b29-4111-a3b5-2b58d7c27750 ] Request (DeleteServersAdminTestJSON:test_admin_delete_servers_of_others): 200 GET http://10.180.1.21/compute/v2.1/servers/7a0a28b1-3009-415a-ac7b-a294d50cc43f 1.417s
2025-12-08 18:23:22.610 65883 INFO tempest.common.waiters [-] State transition "BUILD/None" ==> "BUILD/networking" after 37 second wait
2025-12-08 18:23:22.696 65869 INFO tempest.lib.common.rest_client [req-2196ab42-5c0d-4bba-907c-bf18bb18ebe8 req-2196ab42-5c0d-4bba-907c-bf18bb18ebe8 ] Request (ListServersNegativeTestJSON:setUpClass): 200 GET http://10.180.1.21/compute/v2.1/servers/e1b909d5-04cf-4a24-8598-5ce15a309c3a 1.435s
2025-12-08 18:23:22.820 65837 INFO tempest.lib.common.rest_client [req-7c93834d-3815-43cb-97c0-7822b391d77e req-7c93834d-3815-43cb-97c0-7822b391d77e ] Request (MigrationsAdminTest:test_resize_server_revert_deleted_flavor): 202 POST http://10.180.1.21/compute/v2.1/servers/6e91b4f9-f873-4571-a58f-956b44f6c167/action 1.421s
2025-12-08 18:23:22.840 65845 INFO tempest.lib.common.rest_client [req-4320bfb3-af69-46cd-b935-98bbf313be12 req-4320bfb3-af69-46cd-b935-98bbf313be12 ] Request (AttachInterfacesUnderV243Test:tearDownClass): 404 DELETE http://10.180.1.21/compute/v2.1/servers/a2acee82-0940-4d6b-a72e-3d844ca6304a 1.438s
2025-12-08 18:23:22.858 65851 INFO tempest.lib.common.rest_client [req-70b0ab46-b7ec-4783-a6cf-ab31e2fe11b6 req-70b0ab46-b7ec-4783-a6cf-ab31e2fe11b6 ] Request (SecurityGroupsTestJSON:tearDownClass): 404 DELETE http://10.180.1.21/compute/v2.1/os-security-groups/aa96ab4a-8a16-4875-8013-1f1b9504c258 1.456s
2025-12-08 18:23:22.933 65847 INFO tempest.lib.common.rest_client [req-4b968c04-765a-4a56-b8d3-5a02c9ed488b req-4b968c04-765a-4a56-b8d3-5a02c9ed488b ] Request (ListImageFiltersTestJSON:test_list_images_with_detail_filter_by_changes_since): 200 GET http://10.180.1.21/compute/v2.1/images/detail?changes-since=2025-12-08T18%3A20%3A19Z 1.466s
2025-12-08 18:23:23.069 65873 INFO tempest.lib.common.rest_client [req-57f105fe-be9b-4138-a006-fca8589e2ffe req-57f105fe-be9b-4138-a006-fca8589e2ffe ] Request (ServersNegativeTestJSON:tearDown): 200 GET http://10.180.1.21/compute/v2.1/servers/8fe183a6-3240-45f9-80f6-1347af3f8d96 1.513s
2025-12-08 18:23:23.143 65853 INFO tempest.lib.common.rest_client [req-adea979c-85c5-40d7-83e1-1aec1ad41788 req-adea979c-85c5-40d7-83e1-1aec1ad41788 ] Request (ImagesTestJSON:test_create_server_from_snapshot): 200 GET http://10.180.1.21/compute/v2.1/servers/28cc2415-ac28-4d40-ab70-d7c4c473a517 1.260s
2025-12-08 18:23:23.364 65835 INFO tempest.lib.common.rest_client [req-91a7cfc7-3fae-406c-bae5-3cc33aa7fea4 req-91a7cfc7-3fae-406c-bae5-3cc33aa7fea4 ] Request (AttachInterfacesTestJSON:test_create_list_show_delete_interfaces_by_fixed_ip): 200 POST http://10.180.1.21/compute/v2.1/servers/ba2cea24-64fe-4b5d-8332-50a198aec2ef/os-interface 10.895s
2025-12-08 18:23:23.421 65879 INFO tempest.lib.common.rest_client [req-ce655f80-3e77-4880-8378-e73042012ddc req-ce655f80-3e77-4880-8378-e73042012ddc ] Request (ServersNegativeTestMultiTenantJSON:setUpClass): 200 GET http://10.180.1.21/compute/v2.1/servers/a616e448-7125-4c0f-8334-3d1375d1e425 1.418s
2025-12-08 18:23:23.470 65875 INFO tempest.lib.common.rest_client [req-327b8e72-617f-4600-983d-e232c45791e4 req-327b8e72-617f-4600-983d-e232c45791e4 ] Request (ServersWithSpecificFlavorTestJSON:test_verify_created_server_ephemeral_disk): 200 GET http://10.180.1.21/compute/v2.1/servers/3611d0e8-84e2-4533-aa78-5cde40f3a0a5 1.526s
2025-12-08 18:23:23.478 65875 INFO tempest.common.waiters [-] State transition "BUILD/scheduling" ==> "BUILD/None" after 5 second wait
2025-12-08 18:23:23.492 65861 INFO tempest.lib.common.rest_client [req-3905f958-3091-4a59-b568-b1794045af12 req-3905f958-3091-4a59-b568-b1794045af12 ] Request (ServerMetadataTestJSON:test_set_server_metadata): 200 PUT http://10.180.1.21/compute/v2.1/servers/9ee35ab5-4380-4cfb-9157-aaed37c3490c/metadata 1.439s
2025-12-08 18:23:23.519 65829 INFO tempest.lib.common.rest_client [req-3485f258-3835-4baa-ad5a-fb587a8d068a req-3485f258-3835-4baa-ad5a-fb587a8d068a ] Request (ServerGroupTestJSON:test_show_server_group): 200 GET http://10.180.1.21/compute/v2.1/os-server-groups/4a00e356-e406-4a96-bc73-6603bb6269a0 1.431s
2025-12-08 18:23:23.521 65863 INFO tempest.lib.common.rest_client [req-a1ce66e1-5e4b-4f81-a38d-4af47c93d2ac req-a1ce66e1-5e4b-4f81-a38d-4af47c93d2ac ] Request (ServerRescueTestJSONUnderV235:setUpClass): 200 GET http://10.180.1.21/compute/v2.1/servers/80604c0f-8b5c-4517-a5b7-3f182c9f20c2 1.434s
2025-12-08 18:23:23.574 65849 INFO tempest.lib.common.rest_client [req-ccf5952e-867b-40e3-9525-e9672f3764d2 req-ccf5952e-867b-40e3-9525-e9672f3764d2 ] Request (ServersTestMultiNic:test_verify_multiple_nics_order): 200 GET http://10.180.1.21/compute/v2.1/servers/0842aa8c-6aad-46b9-93c0-df7903450ed6 0.953s
2025-12-08 18:23:23.649 65869 INFO tempest.lib.common.rest_client [req-d6da06a6-69df-4948-9bf1-128dc1a75ebe req-d6da06a6-69df-4948-9bf1-128dc1a75ebe ] Request (ListServersNegativeTestJSON:setUpClass): 204 DELETE http://10.180.1.21/compute/v2.1/servers/e1b909d5-04cf-4a24-8598-5ce15a309c3a 0.945s
2025-12-08 18:23:23.732 65859 INFO tempest.lib.common.rest_client [req-42357764-2f1f-4e45-ab24-935618d06b53 req-42357764-2f1f-4e45-ab24-935618d06b53 ] Request (InstanceActionsV221TestJSON:test_get_list_deleted_instance_actions): 200 GET http://10.180.1.21/compute/v2.1/servers/32891ef3-1b7f-483e-969a-15ef49118a06 1.018s
2025-12-08 18:23:23.742 65857 WARNING tempest.lib.common.ssh [-] Failed to establish authenticated ssh connection to cirros@10.180.180.223 ([Errno None] Unable to connect to port 22 on 10.180.180.223). Number attempts: 2. Retry after 3 seconds.: paramiko.ssh_exception.NoValidConnectionsError: [Errno None] Unable to connect to port 22 on 10.180.180.223
2025-12-08 18:23:23.794 65841 INFO tempest.lib.common.rest_client [req-fbbf5ab7-ca3f-4f3f-93ed-e4528b46fc07 req-fbbf5ab7-ca3f-4f3f-93ed-e4528b46fc07 ] Request (ServersV294TestFqdnHostnames:setUpClass): 200 GET http://10.180.1.21/compute/v2.1/servers/8ef652e3-789f-4efb-a392-06c2cbaa9d7f 1.018s
2025-12-08 18:23:23.850 65889 INFO tempest.lib.common.rest_client [req-ee1ca1ec-7df8-4fb5-a478-d3cc010ff79c req-ee1ca1ec-7df8-4fb5-a478-d3cc010ff79c ] Request (ServersAdminTestJSON:test_inject_network_info): 202 POST http://10.180.1.21/compute/v2.1/servers 1.430s
2025-12-08 18:23:23.870 65845 INFO tempest.lib.common.rest_client [req-5a53ede3-a9d7-4196-b18d-ba95c1d79b00 req-5a53ede3-a9d7-4196-b18d-ba95c1d79b00 ] Request (AttachInterfacesUnderV243Test:tearDownClass): 404 GET http://10.180.1.21/compute/v2.1/servers/a2acee82-0940-4d6b-a72e-3d844ca6304a 1.030s
2025-12-08 18:23:23.899 65837 INFO tempest.lib.common.rest_client [req-d5a0b07e-f963-4b9d-8455-c0097335784d req-d5a0b07e-f963-4b9d-8455-c0097335784d ] Request (MigrationsAdminTest:test_resize_server_revert_deleted_flavor): 200 GET http://10.180.1.21/compute/v2.1/servers/6e91b4f9-f873-4571-a58f-956b44f6c167 1.078s
2025-12-08 18:23:24.076 65851 INFO tempest.lib.common.rest_client [req-bdaabaea-5859-4173-876c-07b8b82bc4e2 req-bdaabaea-5859-4173-876c-07b8b82bc4e2 ] Request (SecurityGroupsTestJSON:tearDownClass): 404 DELETE http://10.180.1.21/compute/v2.1/os-security-groups/3850c29f-8bd3-4c7d-a61a-2020ba9662db 1.217s
2025-12-08 18:23:24.117 65847 INFO tempest.lib.common.rest_client [req-7262115e-7d89-436a-96a8-f4ee5869e8d0 req-7262115e-7d89-436a-96a8-f4ee5869e8d0 ] Request (ListImageFiltersTestJSON:test_list_images_with_detail_filter_by_name): 200 GET http://10.180.1.21/compute/v2.1/images/detail?name=tempest-ListImageFiltersTestJSON-image-713956174 1.177s
2025-12-08 18:23:24.231 65855 INFO tempest.lib.common.rest_client [req-6fc03e72-a3c6-4595-b616-654860d10cdc req-6fc03e72-a3c6-4595-b616-654860d10cdc ] Request (ServerDiskConfigTestJSON:test_rebuild_server_with_manual_disk_config): 200 GET http://10.180.1.21/compute/v2.1/servers/1226c5a5-d6c8-45af-b7a3-5e02752501cd 1.330s
2025-12-08 18:23:24.239 65865 INFO tempest.lib.common.rest_client [req-bb74d168-2c85-4246-9f1f-7cf178f1e840 req-bb74d168-2c85-4246-9f1f-7cf178f1e840 ] Request (ServerRescueTestJSON:setUpClass): 200 GET http://10.180.1.21/compute/v2.1/servers/3b608ef9-304d-45f7-886c-89acbd568d61 1.280s
2025-12-08 18:23:24.289 65839 INFO tempest.lib.common.rest_client [req-7adc5814-278e-41c6-a1f7-f3d7225f23a1 req-7adc5814-278e-41c6-a1f7-f3d7225f23a1 ] Request (DeleteServersTestJSON:test_delete_server_while_in_shelved_state): 200 GET http://10.180.1.21/compute/v2.1/servers/830a1e31-8ae2-45b5-b2b7-5ee9a3efbafc 1.144s
2025-12-08 18:23:24.337 65835 INFO tempest.lib.common.rest_client [req-0b7782db-98e8-456f-ba70-8de8417b920d req-0b7782db-98e8-456f-ba70-8de8417b920d ] Request (AttachInterfacesTestJSON:test_create_list_show_delete_interfaces_by_fixed_ip): 200 GET http://10.180.1.21/compute/v2.1/servers/ba2cea24-64fe-4b5d-8332-50a198aec2ef/os-interface/a974f4bb-1d41-4ab4-bb33-c81f359ccdb9 0.971s
2025-12-08 18:23:24.368 65861 INFO tempest.lib.common.rest_client [req-11685787-db2c-4d92-8f19-7cee7d59451a req-11685787-db2c-4d92-8f19-7cee7d59451a ] Request (ServerMetadataTestJSON:test_set_server_metadata): 200 GET http://10.180.1.21/compute/v2.1/servers/9ee35ab5-4380-4cfb-9157-aaed37c3490c/metadata 0.874s
2025-12-08 18:23:24.373 65831 INFO tempest.lib.common.rest_client [req-672cead7-2645-4263-8bfc-075d2cf3f4e5 req-672cead7-2645-4263-8bfc-075d2cf3f4e5 ] Request (ServerActionsTestOtherA:test_rebuild_server_with_volume_attached): 200 GET http://10.180.1.21/compute/v2.1/servers/784838a3-d86b-48f7-ba1b-f2ab3b7b8c79 0.943s
2025-12-08 18:23:24.392 65829 INFO tempest.lib.common.rest_client [req-91a74b51-81e7-43f4-b96f-bc2cfcb3935e req-91a74b51-81e7-43f4-b96f-bc2cfcb3935e ] Request (ServerGroupTestJSON:tearDownClass): 404 DELETE http://10.180.1.21/compute/v2.1/servers/c1ec2ac3-ae8c-4acb-b304-8e6967a889c1 0.869s
2025-12-08 18:23:24.452 65881 INFO tempest.lib.common.rest_client [req-4fb0790a-e88f-4db6-a051-e3f2cc1cbb16 req-4fb0790a-e88f-4db6-a051-e3f2cc1cbb16 ] Request (ServersTestJSON:test_create_specify_keypair): 200 GET http://10.180.1.21/compute/v2.1/servers/4afc2904-2f86-4d8a-b48b-8eb883959653 0.935s
2025-12-08 18:23:24.460 65881 INFO tempest.common.waiters [-] State transition "BUILD/None" ==> "BUILD/networking" after 34 second wait
2025-12-08 18:23:24.551 65883 INFO tempest.lib.common.rest_client [req-8f1fc432-4e0b-4c15-aa22-5b3e9561f276 req-8f1fc432-4e0b-4c15-aa22-5b3e9561f276 ] Request (DeleteServersAdminTestJSON:test_admin_delete_servers_of_others): 200 GET http://10.180.1.21/compute/v2.1/servers/7a0a28b1-3009-415a-ac7b-a294d50cc43f 0.939s
2025-12-08 18:23:24.559 65883 INFO tempest.common.waiters [-] State transition "BUILD/networking" ==> "BUILD/spawning" after 39 second wait
2025-12-08 18:23:24.642 65869 INFO tempest.lib.common.rest_client [req-faeb6eb9-2101-4137-9e35-dd0e07fe46c6 req-faeb6eb9-2101-4137-9e35-dd0e07fe46c6 ] Request (ListServersNegativeTestJSON:setUpClass): 200 GET http://10.180.1.21/compute/v2.1/servers/e1b909d5-04cf-4a24-8598-5ce15a309c3a 0.992s
2025-12-08 18:23:24.658 65889 INFO tempest.lib.common.rest_client [req-e9034454-361d-4db7-a09a-ceac2738762b req-e9034454-361d-4db7-a09a-ceac2738762b ] Request (ServersAdminTestJSON:test_inject_network_info): 200 GET http://10.180.1.21/compute/v2.1/servers/320d3120-3e5c-4911-bd25-7c76e414a5f4 0.806s
2025-12-08 18:23:24.667 65845 INFO tempest.lib.common.rest_client [req-d53de1e6-06eb-4473-82cb-58b209137f32 req-d53de1e6-06eb-4473-82cb-58b209137f32 ] Request (AttachInterfacesUnderV243Test:tearDownClass): 200 PUT http://10.180.1.21/networking/v2.0/routers/5e32291c-14d0-4a30-8aac-1e854bd764d6/remove_router_interface 0.796s
2025-12-08 18:23:24.732 65851 INFO tempest.lib.common.rest_client [req-8a89d525-577a-4aac-9c5e-ddbf4a168bdf req-8a89d525-577a-4aac-9c5e-ddbf4a168bdf ] Request (SecurityGroupsTestJSON:tearDownClass): 404 DELETE http://10.180.1.21/compute/v2.1/os-security-groups/5b6b51a3-2923-42d8-9cde-d9d60b89abee 0.656s
2025-12-08 18:23:24.791 65847 INFO tempest.lib.common.rest_client [req-384b8530-d537-46e0-b282-b1b484eb25bf req-384b8530-d537-46e0-b282-b1b484eb25bf ] Request (ListImageFiltersTestJSON:test_list_images_with_detail_filter_by_server_ref): 200 GET http://10.180.1.21/compute/v2.1/images/detail?server=http%3A%2F%2F10.180.1.21%2Fcompute%2Fv2.1%2Fservers%2Fe991a87e-b232-4178-83af-35c53bac3812 0.667s
2025-12-08 18:23:25.130 65845 INFO tempest.lib.common.rest_client [req-ffa1071b-ea72-4cfb-b193-f4793ef2edbc req-ffa1071b-ea72-4cfb-b193-f4793ef2edbc ] Request (AttachInterfacesUnderV243Test:tearDownClass): 204 DELETE http://10.180.1.21/networking/v2.0/routers/5e32291c-14d0-4a30-8aac-1e854bd764d6 0.462s
2025-12-08 18:23:25.149 65853 INFO tempest.lib.common.rest_client [req-3e399080-5f54-419b-ae70-bb8032b34026 req-3e399080-5f54-419b-ae70-bb8032b34026 ] Request (ImagesTestJSON:test_create_server_from_snapshot): 200 GET http://10.180.1.21/compute/v2.1/servers/28cc2415-ac28-4d40-ab70-d7c4c473a517 0.998s
2025-12-08 18:23:25.184 65873 INFO tempest.lib.common.rest_client [req-38cbea59-f88e-421e-8778-c5d1688cde34 req-38cbea59-f88e-421e-8778-c5d1688cde34 ] Request (ServersNegativeTestJSON:tearDown): 200 GET http://10.180.1.21/compute/v2.1/servers/8fe183a6-3240-45f9-80f6-1347af3f8d96 1.106s
2025-12-08 18:23:25.276 65835 INFO tempest.lib.common.rest_client [req-60ceba1f-e5aa-465d-ab3a-2eb29d776bc6 req-60ceba1f-e5aa-465d-ab3a-2eb29d776bc6 ] Request (AttachInterfacesTestJSON:test_create_list_show_delete_interfaces_by_fixed_ip): 200 GET http://10.180.1.21/compute/v2.1/servers/ba2cea24-64fe-4b5d-8332-50a198aec2ef/os-interface 0.934s
2025-12-08 18:23:25.280 65861 INFO tempest.lib.common.rest_client [req-44033c70-04c3-42b0-a5da-66ecb12978ff req-44033c70-04c3-42b0-a5da-66ecb12978ff ] Request (ServerMetadataTestJSON:setUp): 200 PUT http://10.180.1.21/compute/v2.1/servers/9ee35ab5-4380-4cfb-9157-aaed37c3490c/metadata 0.910s
2025-12-08 18:23:25.313 65829 INFO tempest.lib.common.rest_client [req-f533c996-4d06-4d0b-8ae0-3ea3109d1d9b req-f533c996-4d06-4d0b-8ae0-3ea3109d1d9b ] Request (ServerGroupTestJSON:tearDownClass): 404 GET http://10.180.1.21/compute/v2.1/servers/c1ec2ac3-ae8c-4acb-b304-8e6967a889c1 0.921s
2025-12-08 18:23:25.365 65845 INFO tempest.lib.common.rest_client [req-73990d47-0b70-4d2d-9455-27174da83889 req-73990d47-0b70-4d2d-9455-27174da83889 ] Request (AttachInterfacesUnderV243Test:tearDownClass): 204 DELETE http://10.180.1.21/networking/v2.0/subnets/b797c296-ef50-403f-90c2-b44c352d925a 0.235s
2025-12-08 18:23:25.414 65879 INFO tempest.lib.common.rest_client [req-4c60fd14-9d0b-41c6-b1c3-9acd44481607 req-4c60fd14-9d0b-41c6-b1c3-9acd44481607 ] Request (ServersNegativeTestMultiTenantJSON:setUpClass): 200 GET http://10.180.1.21/compute/v2.1/servers/a616e448-7125-4c0f-8334-3d1375d1e425 0.984s
2025-12-08 18:23:25.655 65845 INFO tempest.lib.common.rest_client [req-20db3680-077b-4fc3-b7a1-635f03fbc4b5 req-20db3680-077b-4fc3-b7a1-635f03fbc4b5 ] Request (AttachInterfacesUnderV243Test:tearDownClass): 204 DELETE http://10.180.1.21/networking/v2.0/networks/4b39209e-ed4a-4d96-8dcd-0d52d30f2559 0.289s
2025-12-08 18:23:25.678 65875 INFO tempest.lib.common.rest_client [req-0e3160f7-c354-4632-8f09-4f41ee931608 req-0e3160f7-c354-4632-8f09-4f41ee931608 ] Request (ServersWithSpecificFlavorTestJSON:test_verify_created_server_ephemeral_disk): 200 GET http://10.180.1.21/compute/v2.1/servers/3611d0e8-84e2-4533-aa78-5cde40f3a0a5 1.195s
2025-12-08 18:23:25.718 65863 INFO tempest.lib.common.rest_client [req-1e9e4233-d923-4eb4-92b6-5d35c0e2221c req-1e9e4233-d923-4eb4-92b6-5d35c0e2221c ] Request (ServerRescueTestJSONUnderV235:setUpClass): 200 GET http://10.180.1.21/compute/v2.1/servers/80604c0f-8b5c-4517-a5b7-3f182c9f20c2 1.190s
2025-12-08 18:23:25.758 65845 INFO tempest.lib.common.rest_client [req-f77e7454-964c-4545-90fe-2d930ff56369 req-f77e7454-964c-4545-90fe-2d930ff56369 ] Request (AttachInterfacesUnderV243Test:tearDownClass): 204 DELETE http://10.180.1.21/identity/v3/users/af306791d0564330b5f97eb5bd77ec25 0.102s
2025-12-08 18:23:25.758 65845 INFO tempest.lib.common.dynamic_creds [-] Deleting project and security group for project: 7b428fc10375450f98957bb6aa8b721c
2025-12-08 18:23:25.777 65851 INFO tempest.lib.common.rest_client [req-756cdab8-6752-4a55-87ba-d2be9e8c5990 req-756cdab8-6752-4a55-87ba-d2be9e8c5990 ] Request (SecurityGroupsTestJSON:tearDownClass): 404 DELETE http://10.180.1.21/compute/v2.1/os-security-groups/49471458-9cc5-4937-8523-c4eb74000f3b 1.040s
2025-12-08 18:23:25.779 65849 INFO tempest.lib.common.rest_client [req-d3482faa-240b-40ce-9ed0-b09ac0c2e0ff req-d3482faa-240b-40ce-9ed0-b09ac0c2e0ff ] Request (ServersTestMultiNic:test_verify_multiple_nics_order): 200 GET http://10.180.1.21/compute/v2.1/servers/0842aa8c-6aad-46b9-93c0-df7903450ed6 1.196s
2025-12-08 18:23:25.827 65847 INFO tempest.lib.common.rest_client [req-8e5c064a-424b-4c59-8da7-33378d489da1 req-8e5c064a-424b-4c59-8da7-33378d489da1 ] Request (ListImageFiltersTestJSON:test_list_images_with_detail_filter_by_server_ref): 200 GET http://10.180.1.21/compute/v2.1/images/detail?server=http%3A%2F%2F10.180.1.21%2Fcompute%2Fservers%2Fe991a87e-b232-4178-83af-35c53bac3812 1.030s
2025-12-08 18:23:25.859 65845 INFO tempest.lib.common.rest_client [req-36f510c0-fb98-4e28-bc3e-0362d22fcd5e req-36f510c0-fb98-4e28-bc3e-0362d22fcd5e ] Request (AttachInterfacesUnderV243Test:tearDownClass): 200 GET http://10.180.1.21/networking/v2.0/security-groups?tenant_id=7b428fc10375450f98957bb6aa8b721c&name=default 0.101s
2025-12-08 18:23:25.881 65859 INFO tempest.lib.common.rest_client [req-90420a5d-4a3b-457c-b024-605fc16590f7 req-90420a5d-4a3b-457c-b024-605fc16590f7 ] Request (InstanceActionsV221TestJSON:test_get_list_deleted_instance_actions): 200 GET http://10.180.1.21/compute/v2.1/servers/32891ef3-1b7f-483e-969a-15ef49118a06 1.137s
2025-12-08 18:23:25.928 65841 INFO tempest.lib.common.rest_client [req-bb2c02db-7f84-4aa9-902b-124bfbbe894c req-bb2c02db-7f84-4aa9-902b-124bfbbe894c ] Request (ServersV294TestFqdnHostnames:setUpClass): 200 GET http://10.180.1.21/compute/v2.1/servers/8ef652e3-789f-4efb-a392-06c2cbaa9d7f 1.122s
2025-12-08 18:23:26.061 65845 INFO tempest.lib.common.rest_client [req-842db62b-f592-4dd5-a594-3c6267023b65 req-842db62b-f592-4dd5-a594-3c6267023b65 ] Request (AttachInterfacesUnderV243Test:tearDownClass): 204 DELETE http://10.180.1.21/networking/v2.0/security-groups/caa361b6-89ed-4320-9766-460de1d5d403 0.201s
2025-12-08 18:23:26.177 65845 INFO tempest.lib.common.rest_client [req-6050510d-6afc-41da-bbc7-5081362a29e7 req-6050510d-6afc-41da-bbc7-5081362a29e7 ] Request (AttachInterfacesUnderV243Test:tearDownClass): 204 DELETE http://10.180.1.21/identity/v3/projects/7b428fc10375450f98957bb6aa8b721c 0.115s
2025-12-08 18:23:26.239 65845 INFO tempest.lib.common.rest_client [req-9a35d15c-9558-479d-965a-2d89d0e2ca5e req-9a35d15c-9558-479d-965a-2d89d0e2ca5e ] Request (ServersListShow296Test:setUpClass): 201 POST http://10.180.1.21/identity/v3/auth/tokens 0.060s
2025-12-08 18:23:26.276 65845 INFO tempest.lib.common.rest_client [req-5afb8394-1b42-4e10-9363-3b47a75a501c req-5afb8394-1b42-4e10-9363-3b47a75a501c ] Request (ServersListShow296Test:setUpClass): 201 POST http://10.180.1.21/identity/v3/auth/tokens 0.033s
2025-12-08 18:23:26.304 65845 INFO tempest.lib.common.rest_client [req-f205563b-36fb-4ee2-9bf8-4dfe86e138b4 req-f205563b-36fb-4ee2-9bf8-4dfe86e138b4 ] Request (ServersListShow296Test:setUpClass): 200 GET http://10.180.1.21/identity/v3/domains?name=Default 0.027s
2025-12-08 18:23:26.332 65845 INFO tempest.lib.common.rest_client [req-dbe77f6e-96bf-4841-9654-639b9716040e req-dbe77f6e-96bf-4841-9654-639b9716040e ] Request (ServersListShow296Test:setUpClass): 201 POST http://10.180.1.21/identity/v3/projects 0.028s
2025-12-08 18:23:26.394 65845 INFO tempest.lib.common.rest_client [req-51112f65-d733-4970-90d6-d072cf1ddebc req-51112f65-d733-4970-90d6-d072cf1ddebc ] Request (ServersListShow296Test:setUpClass): 201 POST http://10.180.1.21/identity/v3/users 0.061s
2025-12-08 18:23:26.419 65845 INFO tempest.lib.common.rest_client [req-2fc3bafa-eb73-463c-ac69-5dad90639908 req-2fc3bafa-eb73-463c-ac69-5dad90639908 ] Request (ServersListShow296Test:setUpClass): 200 GET http://10.180.1.21/identity/v3/roles 0.024s
2025-12-08 18:23:26.450 65845 INFO tempest.lib.common.rest_client [req-931cca14-3a08-4788-ab86-0f7fff37bbde req-931cca14-3a08-4788-ab86-0f7fff37bbde ] Request (ServersListShow296Test:setUpClass): 204 PUT http://10.180.1.21/identity/v3/projects/f0ce19b8fcf24067acad44a09bbb08bd/users/b0f8befe23ea414798443601ada6506d/roles/c57b3231750d489aaaf4120f21718dc1 0.030s
2025-12-08 18:23:26.450 65845 INFO tempest.lib.common.dynamic_creds [-] Dynamic test user b0f8befe23ea414798443601ada6506d is created with scope project and roles: ['member']
2025-12-08 18:23:26.450 65845 INFO tempest.lib.common.dynamic_creds [-] Acquired dynamic creds: credentials: Credentials: {'domain_id': 'default', 'domain_name': 'Default', 'username': 'tempest-ServersListShow296Test-1155974946-project-member', 'project_domain_id': 'default', 'project_domain_name': 'Default', 'project_id': 'f0ce19b8fcf24067acad44a09bbb08bd', 'project_name': 'tempest-ServersListShow296Test-1155974946', 'tenant_id': 'f0ce19b8fcf24067acad44a09bbb08bd', 'tenant_name': 'tempest-ServersListShow296Test-1155974946', 'user_domain_id': 'default', 'user_domain_name': 'Default', 'user_id': 'b0f8befe23ea414798443601ada6506d', 'system': None}, Network: None, Subnet: None, Router: None
2025-12-08 18:23:26.450 65845 INFO tempest.lib.common.dynamic_creds [-] Created isolated network resources for: credentials: Credentials: {'domain_id': 'default', 'domain_name': 'Default', 'username': 'tempest-ServersListShow296Test-1155974946-project-member', 'project_domain_id': 'default', 'project_domain_name': 'Default', 'project_id': 'f0ce19b8fcf24067acad44a09bbb08bd', 'project_name': 'tempest-ServersListShow296Test-1155974946', 'tenant_id': 'f0ce19b8fcf24067acad44a09bbb08bd', 'tenant_name': 'tempest-ServersListShow296Test-1155974946', 'user_domain_id': 'default', 'user_domain_name': 'Default', 'user_id': 'b0f8befe23ea414798443601ada6506d', 'system': None}, Network: None, Subnet: None, Router: None
2025-12-08 18:23:26.470 65837 INFO tempest.lib.common.rest_client [req-b2df4785-bda8-4a59-ae64-635b55a00af3 req-b2df4785-bda8-4a59-ae64-635b55a00af3 ] Request (MigrationsAdminTest:test_resize_server_revert_deleted_flavor): 200 GET http://10.180.1.21/compute/v2.1/servers/6e91b4f9-f873-4571-a58f-956b44f6c167 1.564s
2025-12-08 18:23:26.487 65855 INFO tempest.lib.common.rest_client [req-54e875dc-0c59-49f5-973f-3dc99f6bfeab req-54e875dc-0c59-49f5-973f-3dc99f6bfeab ] Request (ServerDiskConfigTestJSON:test_rebuild_server_with_manual_disk_config): 200 GET http://10.180.1.21/compute/v2.1/servers/1226c5a5-d6c8-45af-b7a3-5e02752501cd 1.246s
2025-12-08 18:23:26.538 65845 INFO tempest.lib.common.rest_client [req-71aa66b7-057e-4f63-96cd-0aceb6473526 req-71aa66b7-057e-4f63-96cd-0aceb6473526 ] Request (ServersListShow296Test:setUpClass): 201 POST http://10.180.1.21/identity/v3/auth/tokens 0.084s
2025-12-08 18:23:26.552 65865 INFO tempest.lib.common.rest_client [req-828a835b-72c9-4d38-96c0-6a12935faf2c req-828a835b-72c9-4d38-96c0-6a12935faf2c ] Request (ServerRescueTestJSON:setUpClass): 200 GET http://10.180.1.21/compute/v2.1/servers/3b608ef9-304d-45f7-886c-89acbd568d61 1.303s
2025-12-08 18:23:26.572 65845 INFO tempest.lib.common.rest_client [req-26c75d38-ceda-4cc2-a62d-c59a4262cb17 req-26c75d38-ceda-4cc2-a62d-c59a4262cb17 ] Request (ServersListShow296Test:test_list_show_update_rebuild_server_296): 201 POST http://10.180.1.21/identity/v3/auth/tokens 0.029s
2025-12-08 18:23:26.572 65845 INFO tempest.lib.common.fixed_network [-] (ServersListShow296Test:test_list_show_update_rebuild_server_296) Found network None available for tenant
2025-12-08 18:23:26.587 65835 INFO tempest.lib.common.rest_client [req-de0c7e62-febf-421c-9140-cb718b2afd89 req-de0c7e62-febf-421c-9140-cb718b2afd89 ] Request (AttachInterfacesTestJSON:test_create_list_show_delete_interfaces_by_fixed_ip): 200 GET http://10.180.1.21/compute/v2.1/servers/ba2cea24-64fe-4b5d-8332-50a198aec2ef/os-interface/9c745cda-7fd8-476d-8653-3da3e6c7a217 1.308s
2025-12-08 18:23:26.643 65839 INFO tempest.lib.common.rest_client [req-98ef34e9-8b53-4ed5-b109-116e1883d466 req-98ef34e9-8b53-4ed5-b109-116e1883d466 ] Request (DeleteServersTestJSON:test_delete_server_while_in_shelved_state): 200 GET http://10.180.1.21/compute/v2.1/servers/830a1e31-8ae2-45b5-b2b7-5ee9a3efbafc 1.344s
2025-12-08 18:23:26.648 65861 INFO tempest.lib.common.rest_client [req-dcfc7ab6-51f4-4053-8a5e-43d59472d3fa req-dcfc7ab6-51f4-4053-8a5e-43d59472d3fa ] Request (ServerMetadataTestJSON:test_set_server_metadata_item): 200 PUT http://10.180.1.21/compute/v2.1/servers/9ee35ab5-4380-4cfb-9157-aaed37c3490c/metadata/nova 1.367s
2025-12-08 18:23:26.653 65829 INFO tempest.lib.common.rest_client [req-ec2f3d7c-99c1-40cd-be6b-618c7eb84df2 req-ec2f3d7c-99c1-40cd-be6b-618c7eb84df2 ] Request (ServerGroupTestJSON:tearDownClass): 404 DELETE http://10.180.1.21/compute/v2.1/os-server-groups/f13ae934-1f46-43f8-94ff-0f78c0a1fccf 1.339s
2025-12-08 18:23:26.704 65831 INFO tempest.lib.common.rest_client [req-e48f6f03-0154-43c3-9985-9f16a469b671 req-e48f6f03-0154-43c3-9985-9f16a469b671 ] Request (ServerActionsTestOtherA:test_rebuild_server_with_volume_attached): 200 GET http://10.180.1.21/compute/v2.1/servers/784838a3-d86b-48f7-ba1b-f2ab3b7b8c79 1.323s
2025-12-08 18:23:26.766 65881 INFO tempest.lib.common.rest_client [req-770849ee-5a65-4660-bf75-75158b120534 req-770849ee-5a65-4660-bf75-75158b120534 ] Request (ServersTestJSON:test_create_specify_keypair): 200 GET http://10.180.1.21/compute/v2.1/servers/4afc2904-2f86-4d8a-b48b-8eb883959653 1.304s
2025-12-08 18:23:26.774 65881 INFO tempest.common.waiters [-] State transition "BUILD/networking" ==> "BUILD/spawning" after 36 second wait
2025-12-08 18:23:26.835 65883 INFO tempest.lib.common.rest_client [req-d37f436c-6d5c-4261-9565-95e18fedfe75 req-d37f436c-6d5c-4261-9565-95e18fedfe75 ] Request (DeleteServersAdminTestJSON:test_admin_delete_servers_of_others): 200 GET http://10.180.1.21/compute/v2.1/servers/7a0a28b1-3009-415a-ac7b-a294d50cc43f 1.275s
2025-12-08 18:23:26.848 65869 INFO tempest.lib.common.rest_client [req-5cb0c52a-77dd-4ccb-80ba-064d7510c661 req-5cb0c52a-77dd-4ccb-80ba-064d7510c661 ] Request (ListServersNegativeTestJSON:setUpClass): 200 GET http://10.180.1.21/compute/v2.1/servers/e1b909d5-04cf-4a24-8598-5ce15a309c3a 1.198s
2025-12-08 18:23:26.867 65851 INFO tempest.lib.common.rest_client [req-576bac3c-d7ea-47a7-941b-8979802412cc req-576bac3c-d7ea-47a7-941b-8979802412cc ] Request (SecurityGroupsTestJSON:tearDownClass): 404 DELETE http://10.180.1.21/compute/v2.1/os-security-groups/4cd68f39-03d0-4431-8468-0211f62a5d64 1.089s
2025-12-08 18:23:26.903 65889 INFO tempest.lib.common.rest_client [req-f628e5d9-1570-41b2-a946-3dc9d3218104 req-f628e5d9-1570-41b2-a946-3dc9d3218104 ] Request (ServersAdminTestJSON:test_inject_network_info): 200 GET http://10.180.1.21/compute/v2.1/servers/320d3120-3e5c-4911-bd25-7c76e414a5f4 1.235s
2025-12-08 18:23:26.961 65847 INFO tempest.lib.common.rest_client [req-4f4b109a-789d-4b11-b541-65511b8f122c req-4f4b109a-789d-4b11-b541-65511b8f122c ] Request (ListImageFiltersTestJSON:test_list_images_with_detail_filter_by_status): 200 GET http://10.180.1.21/compute/v2.1/images/detail?status=ACTIVE 1.128s
2025-12-08 18:23:26.973 65853 INFO tempest.lib.common.rest_client [req-fd33b647-d110-4a1e-a2ad-7950438f434b req-fd33b647-d110-4a1e-a2ad-7950438f434b ] Request (ImagesTestJSON:test_create_server_from_snapshot): 200 GET http://10.180.1.21/compute/v2.1/servers/28cc2415-ac28-4d40-ab70-d7c4c473a517 0.815s
2025-12-08 18:23:27.064 65879 INFO tempest.lib.common.rest_client [req-8ae392df-721c-4446-9906-d055215a64ba req-8ae392df-721c-4446-9906-d055215a64ba ] Request (ServersNegativeTestMultiTenantJSON:setUpClass): 200 GET http://10.180.1.21/compute/v2.1/servers/a616e448-7125-4c0f-8334-3d1375d1e425 0.642s
2025-12-08 18:23:27.082 65873 INFO tempest.lib.common.rest_client [req-99ea4650-e440-4c25-8ffb-e9db2841d54d req-99ea4650-e440-4c25-8ffb-e9db2841d54d ] Request (ServersNegativeTestJSON:tearDown): 200 GET http://10.180.1.21/compute/v2.1/servers/8fe183a6-3240-45f9-80f6-1347af3f8d96 0.888s
2025-12-08 18:23:27.154 65835 INFO tempest.lib.common.rest_client [req-42dbe150-eadd-443a-935b-e72369927e47 req-42dbe150-eadd-443a-935b-e72369927e47 ] Request (AttachInterfacesTestJSON:test_create_list_show_delete_interfaces_by_fixed_ip): 202 DELETE http://10.180.1.21/compute/v2.1/servers/ba2cea24-64fe-4b5d-8332-50a198aec2ef/os-interface/a974f4bb-1d41-4ab4-bb33-c81f359ccdb9 0.564s
2025-12-08 18:23:27.180 65861 INFO tempest.lib.common.rest_client [req-5f239a80-584d-447d-ab98-85f5e985de6d req-5f239a80-584d-447d-ab98-85f5e985de6d ] Request (ServerMetadataTestJSON:test_set_server_metadata_item): 200 GET http://10.180.1.21/compute/v2.1/servers/9ee35ab5-4380-4cfb-9157-aaed37c3490c/metadata 0.531s
2025-12-08 18:23:27.187 65829 INFO tempest.lib.common.rest_client [req-8a7272bc-c76b-4074-9111-994e3b353647 req-8a7272bc-c76b-4074-9111-994e3b353647 ] Request (ServerGroupTestJSON:tearDownClass): 404 DELETE http://10.180.1.21/compute/v2.1/os-server-groups/49ddcb21-f97b-4ee2-887a-11d7c029e8c3 0.534s
2025-12-08 18:23:27.248 65857 WARNING tempest.lib.common.ssh [-] Failed to establish authenticated ssh connection to cirros@10.180.180.223 ([Errno None] Unable to connect to port 22 on 10.180.180.223). Number attempts: 3. Retry after 4 seconds.: paramiko.ssh_exception.NoValidConnectionsError: [Errno None] Unable to connect to port 22 on 10.180.180.223
2025-12-08 18:23:27.260 65845 INFO tempest.lib.common.rest_client [req-38a5ec77-93a3-493f-a571-364bb24151d1 req-38a5ec77-93a3-493f-a571-364bb24151d1 ] Request (ServersListShow296Test:test_list_show_update_rebuild_server_296): 202 POST http://10.180.1.21/compute/v2.1/servers 0.687s
2025-12-08 18:23:27.275 65875 INFO tempest.lib.common.rest_client [req-5c8f4af4-549f-443b-ad72-1166ab366a16 req-5c8f4af4-549f-443b-ad72-1166ab366a16 ] Request (ServersWithSpecificFlavorTestJSON:test_verify_created_server_ephemeral_disk): 200 GET http://10.180.1.21/compute/v2.1/servers/3611d0e8-84e2-4533-aa78-5cde40f3a0a5 0.589s
