2025-12-08 18:23:37.328 65835 INFO tempest.lib.common.rest_client [req-b56157be-14c4-47ea-a3e4-c2ac9d62fa5a req-b56157be-14c4-47ea-a3e4-c2ac9d62fa5a ] Request (AttachInterfacesTestJSON:_run_cleanups): 204 DELETE http://10.180.1.21/compute/v2.1/servers/ba2cea24-64fe-4b5d-8332-50a198aec2ef 1.795s
2025-12-08 18:23:37.645 65881 INFO tempest.lib.common.rest_client [req-4afbed52-0b28-4334-b103-bdb51531b01e req-4afbed52-0b28-4334-b103-bdb51531b01e ] Request (ServersTestJSON:test_create_specify_keypair): 200 GET http://10.180.1.21/compute/v2.1/servers/4afc2904-2f86-4d8a-b48b-8eb883959653 2.318s
2025-12-08 18:23:37.660 65881 INFO tempest.common.waiters [-] State transition "BUILD/spawning" ==> "ACTIVE/None" after 47 second wait
2025-12-08 18:23:37.757 65853 INFO tempest.lib.common.rest_client [req-370c6761-25e3-4fc8-8b74-f5a6ed93e448 req-370c6761-25e3-4fc8-8b74-f5a6ed93e448 ] Request (ImagesTestJSON:test_create_server_from_snapshot): 200 GET http://10.180.1.21/compute/v2.1/servers/28cc2415-ac28-4d40-ab70-d7c4c473a517 2.126s
2025-12-08 18:23:37.770 65853 INFO tempest.common.waiters [-] State transition "BUILD/None" ==> "BUILD/spawning" after 23 second wait
2025-12-08 18:23:37.772 65879 INFO tempest.lib.common.rest_client [req-be84b0f9-7da4-40e6-98d9-baa1023d8ef6 req-be84b0f9-7da4-40e6-98d9-baa1023d8ef6 ] Request (ServersNegativeTestMultiTenantJSON:setUpClass): 200 GET http://10.180.1.21/compute/v2.1/servers/a616e448-7125-4c0f-8334-3d1375d1e425 2.049s
2025-12-08 18:23:37.876 65875 INFO tempest.lib.common.rest_client [req-9709fba1-1350-4c60-bc1c-b537be65b6fa req-9709fba1-1350-4c60-bc1c-b537be65b6fa ] Request (ServersWithSpecificFlavorTestJSON:test_verify_created_server_ephemeral_disk): 200 GET http://10.180.1.21/compute/v2.1/servers/3611d0e8-84e2-4533-aa78-5cde40f3a0a5 2.066s
2025-12-08 18:23:37.928 65883 INFO tempest.lib.common.rest_client [req-fcef088d-f740-4d99-a835-a779dd5a2ab4 req-fcef088d-f740-4d99-a835-a779dd5a2ab4 ] Request (DeleteServersAdminTestJSON:test_admin_delete_servers_of_others): 200 GET http://10.180.1.21/compute/v2.1/servers/7a0a28b1-3009-415a-ac7b-a294d50cc43f 1.972s
2025-12-08 18:23:37.937 65859 INFO tempest.lib.common.rest_client [req-deff566d-08be-4fd8-91a6-06cbeaf8239d req-deff566d-08be-4fd8-91a6-06cbeaf8239d ] Request (ServerPasswordTestJSON:setUpClass): 201 POST http://10.180.1.21/networking/v2.0/routers 0.845s
2025-12-08 18:23:37.959 65861 INFO tempest.lib.common.rest_client [req-8fcd4233-5902-4f9a-9fe6-534206ebbed1 req-8fcd4233-5902-4f9a-9fe6-534206ebbed1 ] Request (ServerMetadataTestJSON:tearDownClass): 200 GET http://10.180.1.21/compute/v2.1/servers/9ee35ab5-4380-4cfb-9157-aaed37c3490c 1.949s
2025-12-08 18:23:37.968 65861 INFO tempest.common.waiters [-] State transition "ACTIVE/deleting" ==> "DELETED/None" after 5 second wait
2025-12-08 18:23:38.086 65849 INFO tempest.lib.common.rest_client [req-4b5dd337-2d2c-4004-8d1b-41a5ea6a1087 req-4b5dd337-2d2c-4004-8d1b-41a5ea6a1087 ] Request (ServersTestMultiNic:test_verify_multiple_nics_order): 200 GET http://10.180.1.21/compute/v2.1/servers/0842aa8c-6aad-46b9-93c0-df7903450ed6 1.902s
2025-12-08 18:23:38.110 65873 INFO tempest.lib.common.rest_client [req-51074956-d84b-40e7-bec6-3ae28172005e req-51074956-d84b-40e7-bec6-3ae28172005e ] Request (ServersNegativeTestJSON:tearDown): 200 GET http://10.180.1.21/compute/v2.1/servers/8fe183a6-3240-45f9-80f6-1347af3f8d96 1.991s
2025-12-08 18:23:38.185 65841 INFO tempest.lib.common.rest_client [req-c2d7fce4-8fea-4925-8100-e1df5004dcde req-c2d7fce4-8fea-4925-8100-e1df5004dcde ] Request (ServersV294TestFqdnHostnames:setUpClass): 200 GET http://10.180.1.21/compute/v2.1/servers/8ef652e3-789f-4efb-a392-06c2cbaa9d7f 1.846s
2025-12-08 18:23:38.475 65863 INFO tempest.lib.common.rest_client [req-33ea9fb3-e07a-47b7-b456-b5babf31a49a req-33ea9fb3-e07a-47b7-b456-b5babf31a49a ] Request (ServerRescueTestJSONUnderV235:setUpClass): 200 GET http://10.180.1.21/compute/v2.1/servers/80604c0f-8b5c-4517-a5b7-3f182c9f20c2 2.117s
2025-12-08 18:23:38.483 65863 INFO tempest.common.waiters [-] State transition "BUILD/spawning" ==> "ACTIVE/None" after 37 second wait
2025-12-08 18:23:38.494 65845 INFO tempest.lib.common.rest_client [req-258c3050-c644-4a8e-b279-8aa8831b8b7d req-258c3050-c644-4a8e-b279-8aa8831b8b7d ] Request (ServersListShow296Test:test_list_show_update_rebuild_server_296): 200 GET http://10.180.1.21/compute/v2.1/servers/ab30edcc-0993-463e-8b54-a84df2118eed 1.971s
2025-12-08 18:23:38.553 65865 INFO tempest.lib.common.rest_client [req-7dd1f835-8d9a-4a73-8c3d-88bfaa5d8c38 req-7dd1f835-8d9a-4a73-8c3d-88bfaa5d8c38 ] Request (ServerRescueTestJSON:setUpClass): 200 GET http://10.180.1.21/compute/v2.1/servers/3b608ef9-304d-45f7-886c-89acbd568d61 1.947s
2025-12-08 18:23:38.568 65851 INFO tempest.lib.common.rest_client [req-5aca9fb6-2e7d-490a-8919-de71b4a2598a req-5aca9fb6-2e7d-490a-8919-de71b4a2598a ] Request (SecurityGroupsTestJSON:tearDownClass): 200 GET http://10.180.1.21/compute/v2.1/servers/22fb04dc-ab9e-4d0c-a87a-a6423eb05a89 1.948s
2025-12-08 18:23:38.610 65855 INFO tempest.lib.common.rest_client [req-369dceeb-0299-40e7-b639-82703f57f841 req-369dceeb-0299-40e7-b639-82703f57f841 ] Request (ServerDiskConfigTestJSON:test_resize_server_from_auto_to_manual): 200 GET http://10.180.1.21/compute/v2.1/servers/576577eb-6572-4d42-8ab6-93af8e2b1eff 1.940s
2025-12-08 18:23:38.655 65831 INFO tempest.lib.common.rest_client [req-750a355c-9752-4020-a9b8-356150651cdb req-750a355c-9752-4020-a9b8-356150651cdb ] Request (ServerActionsTestOtherA:test_rebuild_server_with_volume_attached): 200 GET http://10.180.1.21/compute/v2.1/servers/784838a3-d86b-48f7-ba1b-f2ab3b7b8c79 1.966s
2025-12-08 18:23:38.813 65837 INFO tempest.lib.common.rest_client [req-4d14cf38-27bd-4060-a29f-4f64425bc10f req-4d14cf38-27bd-4060-a29f-4f64425bc10f ] Request (MigrationsAdminTest:test_resize_server_revert_deleted_flavor): 200 GET http://10.180.1.21/compute/v2.1/servers/6e91b4f9-f873-4571-a58f-956b44f6c167 2.003s
2025-12-08 18:23:38.841 65859 INFO tempest.lib.common.rest_client [req-76aef7a1-8f46-40e1-a8a2-29a51a0902a4 req-76aef7a1-8f46-40e1-a8a2-29a51a0902a4 ] Request (ServerPasswordTestJSON:setUpClass): 200 PUT http://10.180.1.21/networking/v2.0/routers/03151b74-e86d-43ba-89f2-ec3bdc9a453b/add_router_interface 0.904s
2025-12-08 18:23:38.841 65859 INFO tempest.lib.common.dynamic_creds [-] Created isolated network resources for: credentials: Credentials: {'domain_id': 'default', 'domain_name': 'Default', 'username': 'tempest-ServerPasswordTestJSON-361082223-project-member', 'project_domain_id': 'default', 'project_domain_name': 'Default', 'project_id': '97b477d1f1f4456ca4ffb0ca96d490ae', 'project_name': 'tempest-ServerPasswordTestJSON-361082223', 'tenant_id': '97b477d1f1f4456ca4ffb0ca96d490ae', 'tenant_name': 'tempest-ServerPasswordTestJSON-361082223', 'user_domain_id': 'default', 'user_domain_name': 'Default', 'user_id': 'f79ed016ea3d4ef79921fdd26c4f81ed', 'system': None}, Network: {'id': '5677cc66-d464-4416-841c-0776b38768bd', 'name': 'tempest-ServerPasswordTestJSON-382316918-network', 'tenant_id': '97b477d1f1f4456ca4ffb0ca96d490ae', 'project_id': '97b477d1f1f4456ca4ffb0ca96d490ae', 'admin_state_up': True, 'mtu': 8950, 'status': 'ACTIVE', 'subnets': [], 'shared': False, 'port_security_enabled': True, 'router:external': False, 'provider:network_type': 'vlan', 'provider:physical_network': 'default', 'provider:segmentation_id': 920, 'availability_zone_hints': [], 'availability_zones': [], 'ipv4_address_scope': None, 'ipv6_address_scope': None, 'description': '', 'tags': [], 'created_at': '2025-12-08T18:23:36Z', 'updated_at': '2025-12-08T18:23:36Z', 'revision_number': 1}, Subnet: {'id': '0be2b232-a1b3-46d0-b003-fe717a6f0593', 'name': 'tempest-ServerPasswordTestJSON-382316918-subnet', 'tenant_id': '97b477d1f1f4456ca4ffb0ca96d490ae', 'network_id': '5677cc66-d464-4416-841c-0776b38768bd', 'ip_version': 4, 'subnetpool_id': None, 'enable_dhcp': True, 'ipv6_ra_mode': None, 'ipv6_address_mode': None, 'gateway_ip': '192.168.128.1', 'cidr': '192.168.128.0/28', 'allocation_pools': [{'start': '192.168.128.2', 'end': '192.168.128.14'}], 'host_routes': [], 'dns_nameservers': [], 'description': '', 'router:external': False, 'service_types': [], 'tags': [], 'created_at': '2025-12-08T18:23:36Z', 'updated_at': '2025-12-08T18:23:36Z', 'revision_number': 0, 'project_id': '97b477d1f1f4456ca4ffb0ca96d490ae'}, Router: {'id': '03151b74-e86d-43ba-89f2-ec3bdc9a453b', 'name': 'tempest-ServerPasswordTestJSON-382316918-router', 'tenant_id': '97b477d1f1f4456ca4ffb0ca96d490ae', 'admin_state_up': True, 'status': 'ACTIVE', 'external_gateway_info': {'network_id': 'abbeb410-51da-4df5-aa4c-f18a16b13546', 'external_fixed_ips': [{'subnet_id': '74848fa8-f53d-4fb7-90ea-ba2892691de7', 'ip_address': '10.180.180.234'}], 'enable_snat': True}, 'description': '', 'availability_zones': [], 'distributed': False, 'ha': False, 'availability_zone_hints': [], 'routes': [], 'flavor_id': None, 'tags': [], 'created_at': '2025-12-08T18:23:37Z', 'updated_at': '2025-12-08T18:23:37Z', 'revision_number': 2, 'project_id': '97b477d1f1f4456ca4ffb0ca96d490ae'}
2025-12-08 18:23:38.885 65835 INFO tempest.lib.common.rest_client [req-84e5a1aa-bb85-4846-86c5-3b783df3f0a0 req-84e5a1aa-bb85-4846-86c5-3b783df3f0a0 ] Request (AttachInterfacesTestJSON:_run_cleanups): 200 GET http://10.180.1.21/compute/v2.1/servers/ba2cea24-64fe-4b5d-8332-50a198aec2ef 1.555s
2025-12-08 18:23:38.904 65847 INFO tempest.lib.common.rest_client [req-bb9f1bd2-9b03-496c-ab7a-56ad9a5deea2 req-bb9f1bd2-9b03-496c-ab7a-56ad9a5deea2 ] Request (ListImageFiltersTestJSON:tearDownClass): 200 GET http://10.180.1.21/compute/v2.1/servers/e991a87e-b232-4178-83af-35c53bac3812 1.448s
2025-12-08 18:23:38.916 65847 INFO tempest.common.waiters [-] State transition "ACTIVE/deleting" ==> "DELETED/None" after 6 second wait
2025-12-08 18:23:38.967 65859 INFO tempest.lib.common.rest_client [req-b1dccc5a-c37a-4f3f-8182-ddf17c545730 req-b1dccc5a-c37a-4f3f-8182-ddf17c545730 ] Request (ServerPasswordTestJSON:setUpClass): 201 POST http://10.180.1.21/identity/v3/auth/tokens 0.122s
2025-12-08 18:23:39.023 65859 INFO tempest.lib.common.rest_client [req-cf3e6d5a-8675-4d16-98a6-e967d1722640 req-cf3e6d5a-8675-4d16-98a6-e967d1722640 ] Request (ServerPasswordTestJSON:setUpClass): 201 POST http://10.180.1.21/identity/v3/auth/tokens 0.052s
2025-12-08 18:23:39.024 65859 INFO tempest.lib.common.fixed_network [-] (ServerPasswordTestJSON:setUpClass) Found network {'id': '5677cc66-d464-4416-841c-0776b38768bd', 'name': 'tempest-ServerPasswordTestJSON-382316918-network', 'tenant_id': '97b477d1f1f4456ca4ffb0ca96d490ae', 'project_id': '97b477d1f1f4456ca4ffb0ca96d490ae', 'admin_state_up': True, 'mtu': 8950, 'status': 'ACTIVE', 'subnets': [], 'shared': False, 'port_security_enabled': True, 'router:external': False, 'provider:network_type': 'vlan', 'provider:physical_network': 'default', 'provider:segmentation_id': 920, 'availability_zone_hints': [], 'availability_zones': [], 'ipv4_address_scope': None, 'ipv6_address_scope': None, 'description': '', 'tags': [], 'created_at': '2025-12-08T18:23:36Z', 'updated_at': '2025-12-08T18:23:36Z', 'revision_number': 1} available for tenant
2025-12-08 18:23:39.058 65839 INFO tempest.lib.common.rest_client [req-af4e943f-454c-4b1d-93e1-96bd3b8fe41a req-af4e943f-454c-4b1d-93e1-96bd3b8fe41a ] Request (DeleteServersTestJSON:test_delete_server_while_in_shelved_state): 200 GET http://10.180.1.21/compute/v2.1/servers/830a1e31-8ae2-45b5-b2b7-5ee9a3efbafc 1.206s
2025-12-08 18:23:39.089 65881 INFO tempest.lib.common.rest_client [req-98c82ac0-bb74-408d-b54f-86779b35f8f7 req-98c82ac0-bb74-408d-b54f-86779b35f8f7 ] Request (ServersTestJSON:test_create_specify_keypair): 200 GET http://10.180.1.21/compute/v2.1/servers/4afc2904-2f86-4d8a-b48b-8eb883959653 1.428s
2025-12-08 18:23:39.148 65869 INFO tempest.lib.common.rest_client [req-188bc792-0f9c-4c8a-b19d-4f70d71b85b2 req-188bc792-0f9c-4c8a-b19d-4f70d71b85b2 ] Request (ListServersNegativeTestJSON:setUpClass): 200 GET http://10.180.1.21/compute/v2.1/servers/e1b909d5-04cf-4a24-8598-5ce15a309c3a 1.278s
2025-12-08 18:23:39.149 65889 INFO tempest.lib.common.rest_client [req-ae8ea326-0cce-426e-8a68-5934561c6db6 req-ae8ea326-0cce-426e-8a68-5934561c6db6 ] Request (ServersAdminTestJSON:test_inject_network_info): 200 GET http://10.180.1.21/compute/v2.1/servers/320d3120-3e5c-4911-bd25-7c76e414a5f4 0.903s
2025-12-08 18:23:39.162 65889 INFO tempest.common.waiters [-] State transition "BUILD/scheduling" ==> "BUILD/None" after 15 second wait
2025-12-08 18:23:39.240 65863 INFO tempest.lib.common.rest_client [req-3440c508-887a-4ee8-938a-6d16c3743ff6 req-3440c508-887a-4ee8-938a-6d16c3743ff6 ] Request (ServerRescueTestJSONUnderV235:setUpClass): 200 POST http://10.180.1.21/compute/v2.1/servers/80604c0f-8b5c-4517-a5b7-3f182c9f20c2/action 0.757s
2025-12-08 18:23:39.302 65879 INFO tempest.lib.common.rest_client [req-1972359a-5d98-4e03-8307-bb3ba9532bb7 req-1972359a-5d98-4e03-8307-bb3ba9532bb7 ] Request (ServersNegativeTestMultiTenantJSON:setUpClass): 200 GET http://10.180.1.21/compute/v2.1/servers/a616e448-7125-4c0f-8334-3d1375d1e425 0.519s
2025-12-08 18:23:39.310 65853 INFO tempest.lib.common.rest_client [req-459bded2-18c7-4ee7-90cd-451841bca9b7 req-459bded2-18c7-4ee7-90cd-451841bca9b7 ] Request (ImagesTestJSON:test_create_server_from_snapshot): 200 GET http://10.180.1.21/compute/v2.1/servers/28cc2415-ac28-4d40-ab70-d7c4c473a517 0.538s
2025-12-08 18:23:39.359 65883 INFO tempest.lib.common.rest_client [req-bbd9be0a-c5c8-40f3-964e-b9d97e01805c req-bbd9be0a-c5c8-40f3-964e-b9d97e01805c ] Request (DeleteServersAdminTestJSON:test_admin_delete_servers_of_others): 200 GET http://10.180.1.21/compute/v2.1/servers/7a0a28b1-3009-415a-ac7b-a294d50cc43f 0.418s
2025-12-08 18:23:39.361 65875 INFO tempest.lib.common.rest_client [req-338d552e-c400-4260-8581-b88c4709072d req-338d552e-c400-4260-8581-b88c4709072d ] Request (ServersWithSpecificFlavorTestJSON:test_verify_created_server_ephemeral_disk): 200 GET http://10.180.1.21/compute/v2.1/servers/3611d0e8-84e2-4533-aa78-5cde40f3a0a5 0.477s
2025-12-08 18:23:39.433 65861 INFO tempest.lib.common.rest_client [req-655cae2c-a5c1-4e93-89c4-ed77e8fb265a req-655cae2c-a5c1-4e93-89c4-ed77e8fb265a ] Request (ServerMetadataTestJSON:tearDownClass): 200 GET http://10.180.1.21/compute/v2.1/servers/9ee35ab5-4380-4cfb-9157-aaed37c3490c 0.461s
2025-12-08 18:23:39.492 65849 INFO tempest.lib.common.rest_client [req-5e741c8d-592c-491f-afee-37c644a03fd1 req-5e741c8d-592c-491f-afee-37c644a03fd1 ] Request (ServersTestMultiNic:test_verify_multiple_nics_order): 200 GET http://10.180.1.21/compute/v2.1/servers/0842aa8c-6aad-46b9-93c0-df7903450ed6 0.392s
2025-12-08 18:23:39.576 65881 INFO tempest.lib.common.rest_client [req-6c4f6b41-5c54-48a3-8a9d-de1160a2177f req-6c4f6b41-5c54-48a3-8a9d-de1160a2177f ] Request (ServersTestJSON:_run_cleanups): 204 DELETE http://10.180.1.21/compute/v2.1/servers/4afc2904-2f86-4d8a-b48b-8eb883959653 0.476s
2025-12-08 18:23:39.768 65873 INFO tempest.lib.common.rest_client [req-b9ef49ae-571d-47fd-8891-04eddc3c2146 req-b9ef49ae-571d-47fd-8891-04eddc3c2146 ] Request (ServersNegativeTestJSON:tearDown): 200 GET http://10.180.1.21/compute/v2.1/servers/8fe183a6-3240-45f9-80f6-1347af3f8d96 0.649s
2025-12-08 18:23:39.775 65873 INFO tempest.common.waiters [-] State transition "SHELVED_OFFLOADED/unshelving" ==> "SHELVED_OFFLOADED/spawning" after 16 second wait
2025-12-08 18:23:39.855 65841 INFO tempest.lib.common.rest_client [req-b38dd336-8806-4d44-9138-fa635e3ed56d req-b38dd336-8806-4d44-9138-fa635e3ed56d ] Request (ServersV294TestFqdnHostnames:setUpClass): 200 GET http://10.180.1.21/compute/v2.1/servers/8ef652e3-789f-4efb-a392-06c2cbaa9d7f 0.653s
2025-12-08 18:23:39.902 65859 INFO tempest.lib.common.rest_client [req-31ac6a52-1ab5-4ab3-bf54-9d155f4c9e36 req-31ac6a52-1ab5-4ab3-bf54-9d155f4c9e36 ] Request (ServerPasswordTestJSON:setUpClass): 202 POST http://10.180.1.21/compute/v2.1/servers 0.877s
2025-12-08 18:23:39.975 65845 INFO tempest.lib.common.rest_client [req-09b8117e-277f-49b0-aaf5-0d2ae6a825b8 req-09b8117e-277f-49b0-aaf5-0d2ae6a825b8 ] Request (ServersListShow296Test:test_list_show_update_rebuild_server_296): 200 GET http://10.180.1.21/compute/v2.1/servers/ab30edcc-0993-463e-8b54-a84df2118eed 0.468s
2025-12-08 18:23:39.991 65845 INFO tempest.common.waiters [-] State transition "BUILD/scheduling" ==> "BUILD/None" after 12 second wait
2025-12-08 18:23:40.037 65863 INFO tempest.lib.common.rest_client [req-6dc37774-e403-4d29-aeb3-8af643c9dcdd req-6dc37774-e403-4d29-aeb3-8af643c9dcdd ] Request (ServerRescueTestJSONUnderV235:setUpClass): 200 GET http://10.180.1.21/compute/v2.1/servers/80604c0f-8b5c-4517-a5b7-3f182c9f20c2 0.796s
2025-12-08 18:23:40.065 65865 INFO tempest.lib.common.rest_client [req-a4288fd8-3fdd-4bad-bf2b-4db4ae5a429c req-a4288fd8-3fdd-4bad-bf2b-4db4ae5a429c ] Request (ServerRescueTestJSON:setUpClass): 200 GET http://10.180.1.21/compute/v2.1/servers/3b608ef9-304d-45f7-886c-89acbd568d61 0.501s
2025-12-08 18:23:40.131 65851 INFO tempest.lib.common.rest_client [req-48bb3f53-3df8-4ac7-928f-6920a4b4a36e req-48bb3f53-3df8-4ac7-928f-6920a4b4a36e ] Request (SecurityGroupsTestJSON:tearDownClass): 200 GET http://10.180.1.21/compute/v2.1/servers/22fb04dc-ab9e-4d0c-a87a-a6423eb05a89 0.553s
2025-12-08 18:23:40.205 65855 INFO tempest.lib.common.rest_client [req-e5b9e719-674f-4550-84b8-6ba441b757ef req-e5b9e719-674f-4550-84b8-6ba441b757ef ] Request (ServerDiskConfigTestJSON:test_resize_server_from_auto_to_manual): 200 GET http://10.180.1.21/compute/v2.1/servers/576577eb-6572-4d42-8ab6-93af8e2b1eff 0.585s
2025-12-08 18:23:40.221 65881 INFO tempest.lib.common.rest_client [req-f737cb67-7394-4902-8d22-2c7d774b4d49 req-f737cb67-7394-4902-8d22-2c7d774b4d49 ] Request (ServersTestJSON:_run_cleanups): 200 GET http://10.180.1.21/compute/v2.1/servers/4afc2904-2f86-4d8a-b48b-8eb883959653 0.644s
2025-12-08 18:23:40.262 65831 INFO tempest.lib.common.rest_client [req-40f9ae44-933d-402e-a246-79daf1aaf442 req-40f9ae44-933d-402e-a246-79daf1aaf442 ] Request (ServerActionsTestOtherA:test_rebuild_server_with_volume_attached): 200 GET http://10.180.1.21/compute/v2.1/servers/784838a3-d86b-48f7-ba1b-f2ab3b7b8c79 0.599s
2025-12-08 18:23:40.345 65835 INFO tempest.lib.common.rest_client [req-16c505c9-a98c-422d-9af4-0d2c591d2bdb req-16c505c9-a98c-422d-9af4-0d2c591d2bdb ] Request (AttachInterfacesTestJSON:_run_cleanups): 200 GET http://10.180.1.21/compute/v2.1/servers/ba2cea24-64fe-4b5d-8332-50a198aec2ef 0.447s
2025-12-08 18:23:40.372 65837 INFO tempest.lib.common.rest_client [req-ca1a3be1-8712-4277-b181-2375c6cc3fa7 req-ca1a3be1-8712-4277-b181-2375c6cc3fa7 ] Request (MigrationsAdminTest:test_resize_server_revert_deleted_flavor): 200 GET http://10.180.1.21/compute/v2.1/servers/6e91b4f9-f873-4571-a58f-956b44f6c167 0.550s
2025-12-08 18:23:40.397 65859 INFO tempest.lib.common.rest_client [req-5c4d9472-e9cb-4f8c-b4b6-ae76f019b0e8 req-5c4d9472-e9cb-4f8c-b4b6-ae76f019b0e8 ] Request (ServerPasswordTestJSON:setUpClass): 200 GET http://10.180.1.21/compute/v2.1/servers/949b4d95-5290-4b42-9ee0-31fea5402a31 0.493s
2025-12-08 18:23:40.450 65847 INFO tempest.lib.common.rest_client [req-17c134a4-569d-4c43-803f-7de6f840bf74 req-17c134a4-569d-4c43-803f-7de6f840bf74 ] Request (ListImageFiltersTestJSON:tearDownClass): 200 GET http://10.180.1.21/compute/v2.1/servers/e991a87e-b232-4178-83af-35c53bac3812 0.532s
2025-12-08 18:23:40.577 65839 INFO tempest.lib.common.rest_client [req-43ec4592-332f-4430-91bc-082e05550026 req-43ec4592-332f-4430-91bc-082e05550026 ] Request (DeleteServersTestJSON:test_delete_server_while_in_shelved_state): 200 GET http://10.180.1.21/compute/v2.1/servers/830a1e31-8ae2-45b5-b2b7-5ee9a3efbafc 0.510s
2025-12-08 18:23:40.579 65869 INFO tempest.lib.common.rest_client [req-ce15fcf8-2e97-4075-b2b8-e3e26df3706e req-ce15fcf8-2e97-4075-b2b8-e3e26df3706e ] Request (ListServersNegativeTestJSON:setUpClass): 200 GET http://10.180.1.21/compute/v2.1/servers/e1b909d5-04cf-4a24-8598-5ce15a309c3a 0.421s
2025-12-08 18:23:40.634 65889 INFO tempest.lib.common.rest_client [req-b546ddeb-abf1-4248-a672-5abc642ed70d req-b546ddeb-abf1-4248-a672-5abc642ed70d ] Request (ServersAdminTestJSON:test_inject_network_info): 200 GET http://10.180.1.21/compute/v2.1/servers/320d3120-3e5c-4911-bd25-7c76e414a5f4 0.470s
2025-12-08 18:23:40.641 65879 INFO tempest.lib.common.rest_client [req-f62ffca6-163d-4dbd-b5c5-a1e52c76cd82 req-f62ffca6-163d-4dbd-b5c5-a1e52c76cd82 ] Request (ServersNegativeTestMultiTenantJSON:setUpClass): 200 GET http://10.180.1.21/compute/v2.1/servers/a616e448-7125-4c0f-8334-3d1375d1e425 0.330s
2025-12-08 18:23:40.712 65883 INFO tempest.lib.common.rest_client [req-dc3cbf46-f451-4f84-a154-c912e329230f req-dc3cbf46-f451-4f84-a154-c912e329230f ] Request (DeleteServersAdminTestJSON:test_admin_delete_servers_of_others): 200 GET http://10.180.1.21/compute/v2.1/servers/7a0a28b1-3009-415a-ac7b-a294d50cc43f 0.342s
2025-12-08 18:23:40.723 65883 INFO tempest.common.waiters [-] State transition "ACTIVE/deleting" ==> "DELETED/None" after 3 second wait
2025-12-08 18:23:40.762 65853 INFO tempest.lib.common.rest_client [req-a54da67c-6191-43e8-8e26-488041ef742e req-a54da67c-6191-43e8-8e26-488041ef742e ] Request (ImagesTestJSON:test_create_server_from_snapshot): 200 GET http://10.180.1.21/compute/v2.1/servers/28cc2415-ac28-4d40-ab70-d7c4c473a517 0.439s
2025-12-08 18:23:40.789 65875 INFO tempest.lib.common.rest_client [req-ac39a2f6-0d2f-4733-90d1-39d8b2630037 req-ac39a2f6-0d2f-4733-90d1-39d8b2630037 ] Request (ServersWithSpecificFlavorTestJSON:test_verify_created_server_ephemeral_disk): 200 GET http://10.180.1.21/compute/v2.1/servers/3611d0e8-84e2-4533-aa78-5cde40f3a0a5 0.417s
2025-12-08 18:23:40.848 65861 INFO tempest.lib.common.rest_client [req-4f6edc25-00ac-4e51-99d8-9538af2302f0 req-4f6edc25-00ac-4e51-99d8-9538af2302f0 ] Request (ServerMetadataTestJSON:tearDownClass): 200 GET http://10.180.1.21/compute/v2.1/servers/9ee35ab5-4380-4cfb-9157-aaed37c3490c 0.406s
2025-12-08 18:23:40.877 65849 INFO tempest.lib.common.rest_client [req-52ff0c1f-4322-40c9-95e2-1f47ae6ebf7d req-52ff0c1f-4322-40c9-95e2-1f47ae6ebf7d ] Request (ServersTestMultiNic:test_verify_multiple_nics_order): 200 GET http://10.180.1.21/compute/v2.1/servers/0842aa8c-6aad-46b9-93c0-df7903450ed6 0.375s
2025-12-08 18:23:40.962 65841 INFO tempest.lib.common.rest_client [req-287f320f-7e87-4ed4-9389-015c2aefa993 req-287f320f-7e87-4ed4-9389-015c2aefa993 ] Request (ServersV294TestFqdnHostnames:setUpClass): 200 GET http://10.180.1.21/compute/v2.1/servers/8ef652e3-789f-4efb-a392-06c2cbaa9d7f 0.094s
2025-12-08 18:23:41.075 65873 INFO tempest.lib.common.rest_client [req-90443a94-0023-4606-9965-d610906dff3a req-90443a94-0023-4606-9965-d610906dff3a ] Request (ServersNegativeTestJSON:tearDown): 200 GET http://10.180.1.21/compute/v2.1/servers/8fe183a6-3240-45f9-80f6-1347af3f8d96 0.298s
2025-12-08 18:23:41.100 65845 INFO tempest.lib.common.rest_client [req-8b352f15-b164-455f-8e5f-297270a57525 req-8b352f15-b164-455f-8e5f-297270a57525 ] Request (ServersListShow296Test:test_list_show_update_rebuild_server_296): 200 GET http://10.180.1.21/compute/v2.1/servers/ab30edcc-0993-463e-8b54-a84df2118eed 0.108s
2025-12-08 18:23:41.156 65865 INFO tempest.lib.common.rest_client [req-47d08ec9-f858-4e11-8af6-ec8f6fa19c59 req-47d08ec9-f858-4e11-8af6-ec8f6fa19c59 ] Request (ServerRescueTestJSON:setUpClass): 200 GET http://10.180.1.21/compute/v2.1/servers/3b608ef9-304d-45f7-886c-89acbd568d61 0.079s
2025-12-08 18:23:41.246 65863 INFO tempest.lib.common.rest_client [req-6514611d-42c9-4f53-89ac-c03c4dd0980f req-6514611d-42c9-4f53-89ac-c03c4dd0980f ] Request (ServerRescueTestJSONUnderV235:setUpClass): 200 GET http://10.180.1.21/compute/v2.1/servers/80604c0f-8b5c-4517-a5b7-3f182c9f20c2 0.200s
2025-12-08 18:23:41.259 65851 INFO tempest.lib.common.rest_client [req-d167fa56-c6de-416e-9934-2419d1eec672 req-d167fa56-c6de-416e-9934-2419d1eec672 ] Request (SecurityGroupsTestJSON:tearDownClass): 200 GET http://10.180.1.21/compute/v2.1/servers/22fb04dc-ab9e-4d0c-a87a-a6423eb05a89 0.116s
2025-12-08 18:23:41.306 65855 INFO tempest.lib.common.rest_client [req-f550e1af-f9fd-42ed-b92d-8a203b3823f3 req-f550e1af-f9fd-42ed-b92d-8a203b3823f3 ] Request (ServerDiskConfigTestJSON:test_resize_server_from_auto_to_manual): 200 GET http://10.180.1.21/compute/v2.1/servers/576577eb-6572-4d42-8ab6-93af8e2b1eff 0.089s
2025-12-08 18:23:41.376 65881 INFO tempest.lib.common.rest_client [req-d2f27df4-a470-4c03-a516-fe21c080694c req-d2f27df4-a470-4c03-a516-fe21c080694c ] Request (ServersTestJSON:_run_cleanups): 200 GET http://10.180.1.21/compute/v2.1/servers/4afc2904-2f86-4d8a-b48b-8eb883959653 0.142s
2025-12-08 18:23:41.389 65831 INFO tempest.lib.common.rest_client [req-fb5c51ff-5dc0-44f3-8caa-7e13b0da5d7a req-fb5c51ff-5dc0-44f3-8caa-7e13b0da5d7a ] Request (ServerActionsTestOtherA:test_rebuild_server_with_volume_attached): 200 GET http://10.180.1.21/compute/v2.1/servers/784838a3-d86b-48f7-ba1b-f2ab3b7b8c79 0.116s
2025-12-08 18:23:41.448 65835 INFO tempest.lib.common.rest_client [req-12018d4f-f33c-4ad1-affb-ed1349dff6f9 req-12018d4f-f33c-4ad1-affb-ed1349dff6f9 ] Request (AttachInterfacesTestJSON:_run_cleanups): 200 GET http://10.180.1.21/compute/v2.1/servers/ba2cea24-64fe-4b5d-8332-50a198aec2ef 0.094s
2025-12-08 18:23:41.459 65835 INFO tempest.common.waiters [-] State transition "ACTIVE/deleting" ==> "DELETED/None" after 3 second wait
2025-12-08 18:23:41.523 65837 INFO tempest.lib.common.rest_client [req-dfc9afe7-760e-4ec4-b443-c0569ec16b4f req-dfc9afe7-760e-4ec4-b443-c0569ec16b4f ] Request (MigrationsAdminTest:test_resize_server_revert_deleted_flavor): 200 GET http://10.180.1.21/compute/v2.1/servers/6e91b4f9-f873-4571-a58f-956b44f6c167 0.137s
2025-12-08 18:23:41.538 65859 INFO tempest.lib.common.rest_client [req-11a9cc0c-686f-4660-9c04-ec8bbff19614 req-11a9cc0c-686f-4660-9c04-ec8bbff19614 ] Request (ServerPasswordTestJSON:setUpClass): 200 GET http://10.180.1.21/compute/v2.1/servers/949b4d95-5290-4b42-9ee0-31fea5402a31 0.132s
2025-12-08 18:23:41.592 65847 INFO tempest.lib.common.rest_client [req-2add2115-b5fe-4eb8-88e1-527fb02828ff req-2add2115-b5fe-4eb8-88e1-527fb02828ff ] Request (ListImageFiltersTestJSON:tearDownClass): 200 GET http://10.180.1.21/compute/v2.1/servers/e991a87e-b232-4178-83af-35c53bac3812 0.129s
2025-12-08 18:23:41.749 65869 INFO tempest.lib.common.rest_client [req-99c3c64e-d407-49e4-aecb-5c228055b0c4 req-99c3c64e-d407-49e4-aecb-5c228055b0c4 ] Request (ListServersNegativeTestJSON:setUpClass): 200 GET http://10.180.1.21/compute/v2.1/servers/e1b909d5-04cf-4a24-8598-5ce15a309c3a 0.160s
2025-12-08 18:23:41.786 65839 INFO tempest.lib.common.rest_client [req-ed973691-eadd-4a1f-95ff-a1ca1266f885 req-ed973691-eadd-4a1f-95ff-a1ca1266f885 ] Request (DeleteServersTestJSON:test_delete_server_while_in_shelved_state): 200 GET http://10.180.1.21/compute/v2.1/servers/830a1e31-8ae2-45b5-b2b7-5ee9a3efbafc 0.201s
2025-12-08 18:23:41.799 65839 INFO tempest.common.waiters [-] State transition "BUILD/spawning" ==> "ACTIVE/None" after 33 second wait
2025-12-08 18:23:41.866 65889 INFO tempest.lib.common.rest_client [req-e2719149-0aa8-47dd-a963-eff30b2cdbb5 req-e2719149-0aa8-47dd-a963-eff30b2cdbb5 ] Request (ServersAdminTestJSON:test_inject_network_info): 200 GET http://10.180.1.21/compute/v2.1/servers/320d3120-3e5c-4911-bd25-7c76e414a5f4 0.221s
2025-12-08 18:23:42.188 65879 INFO tempest.lib.common.rest_client [req-fcc94d84-1ca3-40d8-8df7-b687b32d9cdb req-fcc94d84-1ca3-40d8-8df7-b687b32d9cdb ] Request (ServersNegativeTestMultiTenantJSON:setUpClass): 200 GET http://10.180.1.21/compute/v2.1/servers/a616e448-7125-4c0f-8334-3d1375d1e425 0.535s
2025-12-08 18:23:42.199 65883 INFO tempest.lib.common.rest_client [req-20161e10-0d31-40b9-9e28-74f9cf2b5f7c req-20161e10-0d31-40b9-9e28-74f9cf2b5f7c ] Request (DeleteServersAdminTestJSON:test_admin_delete_servers_of_others): 200 GET http://10.180.1.21/compute/v2.1/servers/7a0a28b1-3009-415a-ac7b-a294d50cc43f 0.474s
2025-12-08 18:23:42.200 65879 INFO tempest.common.waiters [-] State transition "BUILD/None" ==> "BUILD/block_device_mapping" after 28 second wait
2025-12-08 18:23:42.291 65853 INFO tempest.lib.common.rest_client [req-a7ebc8c5-2aa2-4a24-9fd6-ca32e5df1821 req-a7ebc8c5-2aa2-4a24-9fd6-ca32e5df1821 ] Request (ImagesTestJSON:test_create_server_from_snapshot): 200 GET http://10.180.1.21/compute/v2.1/servers/28cc2415-ac28-4d40-ab70-d7c4c473a517 0.515s
2025-12-08 18:23:42.357 65875 INFO tempest.lib.common.rest_client [req-a533f7b8-72f9-4541-ae6a-b069df5267de req-a533f7b8-72f9-4541-ae6a-b069df5267de ] Request (ServersWithSpecificFlavorTestJSON:test_verify_created_server_ephemeral_disk): 200 GET http://10.180.1.21/compute/v2.1/servers/3611d0e8-84e2-4533-aa78-5cde40f3a0a5 0.557s
2025-12-08 18:23:42.441 65861 INFO tempest.lib.common.rest_client [req-33a29443-cad6-4d81-bbe2-7f83b1b32d8b req-33a29443-cad6-4d81-bbe2-7f83b1b32d8b ] Request (ServerMetadataTestJSON:tearDownClass): 200 GET http://10.180.1.21/compute/v2.1/servers/9ee35ab5-4380-4cfb-9157-aaed37c3490c 0.584s
2025-12-08 18:23:42.500 65849 INFO tempest.lib.common.rest_client [req-1127b519-0578-4f7f-8e08-d0ca666dd884 req-1127b519-0578-4f7f-8e08-d0ca666dd884 ] Request (ServersTestMultiNic:test_verify_multiple_nics_order): 200 GET http://10.180.1.21/compute/v2.1/servers/0842aa8c-6aad-46b9-93c0-df7903450ed6 0.613s
2025-12-08 18:23:42.570 65841 INFO tempest.lib.common.rest_client [req-67c8132a-686a-414f-92cd-68cf243cdd2b req-67c8132a-686a-414f-92cd-68cf243cdd2b ] Request (ServersV294TestFqdnHostnames:setUpClass): 200 GET http://10.180.1.21/compute/v2.1/servers/8ef652e3-789f-4efb-a392-06c2cbaa9d7f 0.597s
2025-12-08 18:23:42.691 65839 INFO tempest.lib.common.rest_client [req-1aee3a82-091d-49c0-a0a5-a7647836f00d req-1aee3a82-091d-49c0-a0a5-a7647836f00d ] Request (DeleteServersTestJSON:test_delete_server_while_in_shelved_state): 202 POST http://10.180.1.21/compute/v2.1/servers/830a1e31-8ae2-45b5-b2b7-5ee9a3efbafc/action 0.891s
2025-12-08 18:23:42.695 65873 INFO tempest.lib.common.rest_client [req-04384b3e-7f78-42ef-88a4-462360c2c07b req-04384b3e-7f78-42ef-88a4-462360c2c07b ] Request (ServersNegativeTestJSON:tearDown): 200 GET http://10.180.1.21/compute/v2.1/servers/8fe183a6-3240-45f9-80f6-1347af3f8d96 0.609s
2025-12-08 18:23:42.759 65865 INFO tempest.lib.common.rest_client [req-1fd774a9-9624-4dcb-b444-9def8c070026 req-1fd774a9-9624-4dcb-b444-9def8c070026 ] Request (ServerRescueTestJSON:setUpClass): 200 GET http://10.180.1.21/compute/v2.1/servers/3b608ef9-304d-45f7-886c-89acbd568d61 0.585s
2025-12-08 18:23:42.780 65845 INFO tempest.lib.common.rest_client [req-ee76f6e7-4bff-42dc-9e8f-a97ab5242899 req-ee76f6e7-4bff-42dc-9e8f-a97ab5242899 ] Request (ServersListShow296Test:test_list_show_update_rebuild_server_296): 200 GET http://10.180.1.21/compute/v2.1/servers/ab30edcc-0993-463e-8b54-a84df2118eed 0.669s
2025-12-08 18:23:42.854 65851 INFO tempest.lib.common.rest_client [req-ba047027-0d1a-4ccd-a65b-0d265f6201d4 req-ba047027-0d1a-4ccd-a65b-0d265f6201d4 ] Request (SecurityGroupsTestJSON:tearDownClass): 200 GET http://10.180.1.21/compute/v2.1/servers/22fb04dc-ab9e-4d0c-a87a-a6423eb05a89 0.585s
2025-12-08 18:23:42.877 65863 INFO tempest.lib.common.rest_client [req-2d3af96e-49bf-49ed-b448-d6d1eacf0245 req-2d3af96e-49bf-49ed-b448-d6d1eacf0245 ] Request (ServerRescueTestJSONUnderV235:setUpClass): 200 GET http://10.180.1.21/compute/v2.1/servers/80604c0f-8b5c-4517-a5b7-3f182c9f20c2 0.620s
2025-12-08 18:23:42.915 65855 INFO tempest.lib.common.rest_client [req-09c7ed6a-f57e-4c58-b648-cb89e20094e0 req-09c7ed6a-f57e-4c58-b648-cb89e20094e0 ] Request (ServerDiskConfigTestJSON:test_resize_server_from_auto_to_manual): 200 GET http://10.180.1.21/compute/v2.1/servers/576577eb-6572-4d42-8ab6-93af8e2b1eff 0.601s
2025-12-08 18:23:42.932 65881 INFO tempest.lib.common.rest_client [req-23a944cf-947f-45a5-959b-1e38cc30112a req-23a944cf-947f-45a5-959b-1e38cc30112a ] Request (ServersTestJSON:_run_cleanups): 200 GET http://10.180.1.21/compute/v2.1/servers/4afc2904-2f86-4d8a-b48b-8eb883959653 0.544s
2025-12-08 18:23:42.994 65831 INFO tempest.lib.common.rest_client [req-250e2a99-cd09-4d4d-a6c5-5b8eed3d7a90 req-250e2a99-cd09-4d4d-a6c5-5b8eed3d7a90 ] Request (ServerActionsTestOtherA:test_rebuild_server_with_volume_attached): 200 GET http://10.180.1.21/compute/v2.1/servers/784838a3-d86b-48f7-ba1b-f2ab3b7b8c79 0.594s
2025-12-08 18:23:43.023 65835 INFO tempest.lib.common.rest_client [req-34fa228e-92be-42fb-ab77-3d6a527889f9 req-34fa228e-92be-42fb-ab77-3d6a527889f9 ] Request (AttachInterfacesTestJSON:_run_cleanups): 200 GET http://10.180.1.21/compute/v2.1/servers/ba2cea24-64fe-4b5d-8332-50a198aec2ef 0.561s
2025-12-08 18:23:43.078 65859 INFO tempest.lib.common.rest_client [req-0e8cecd4-0098-4478-8eb2-7e1135a4914e req-0e8cecd4-0098-4478-8eb2-7e1135a4914e ] Request (ServerPasswordTestJSON:setUpClass): 200 GET http://10.180.1.21/compute/v2.1/servers/949b4d95-5290-4b42-9ee0-31fea5402a31 0.532s
2025-12-08 18:23:43.151 65847 INFO tempest.lib.common.rest_client [req-9ad4c149-f314-4550-bfc1-1a05901575af req-9ad4c149-f314-4550-bfc1-1a05901575af ] Request (ListImageFiltersTestJSON:tearDownClass): 200 GET http://10.180.1.21/compute/v2.1/servers/e991a87e-b232-4178-83af-35c53bac3812 0.551s
2025-12-08 18:23:43.173 65837 INFO tempest.lib.common.rest_client [req-00e50804-9c90-4074-b348-8187838c314e req-00e50804-9c90-4074-b348-8187838c314e ] Request (MigrationsAdminTest:test_resize_server_revert_deleted_flavor): 200 GET http://10.180.1.21/compute/v2.1/servers/6e91b4f9-f873-4571-a58f-956b44f6c167 0.637s
2025-12-08 18:23:43.254 65869 INFO tempest.lib.common.rest_client [req-c74874ff-a592-453d-9210-88b242492f37 req-c74874ff-a592-453d-9210-88b242492f37 ] Request (ListServersNegativeTestJSON:setUpClass): 200 GET http://10.180.1.21/compute/v2.1/servers/e1b909d5-04cf-4a24-8598-5ce15a309c3a 0.492s
2025-12-08 18:23:43.272 65839 INFO tempest.lib.common.rest_client [req-8ce2e91d-57f9-42a5-867a-b4e2e343c41f req-8ce2e91d-57f9-42a5-867a-b4e2e343c41f ] Request (DeleteServersTestJSON:test_delete_server_while_in_shelved_state): 200 GET http://10.180.1.21/compute/v2.1/servers/830a1e31-8ae2-45b5-b2b7-5ee9a3efbafc 0.581s
2025-12-08 18:23:43.311 65889 INFO tempest.lib.common.rest_client [req-af8c52b3-14ea-4869-8d2f-100310434bf2 req-af8c52b3-14ea-4869-8d2f-100310434bf2 ] Request (ServersAdminTestJSON:test_inject_network_info): 200 GET http://10.180.1.21/compute/v2.1/servers/320d3120-3e5c-4911-bd25-7c76e414a5f4 0.431s
2025-12-08 18:23:43.364 65883 INFO tempest.lib.common.rest_client [req-7808e76a-8d6b-44d2-9304-5b37f7f7f6cf req-7808e76a-8d6b-44d2-9304-5b37f7f7f6cf ] Request (DeleteServersAdminTestJSON:test_admin_delete_servers_of_others): 200 GET http://10.180.1.21/compute/v2.1/servers/7a0a28b1-3009-415a-ac7b-a294d50cc43f 0.158s
2025-12-08 18:23:43.414 65879 INFO tempest.lib.common.rest_client [req-f6b630e0-6de3-42bc-852d-198d9e173efb req-f6b630e0-6de3-42bc-852d-198d9e173efb ] Request (ServersNegativeTestMultiTenantJSON:setUpClass): 200 GET http://10.180.1.21/compute/v2.1/servers/a616e448-7125-4c0f-8334-3d1375d1e425 0.213s
2025-12-08 18:23:43.423 65879 INFO tempest.common.waiters [-] State transition "BUILD/block_device_mapping" ==> "BUILD/spawning" after 29 second wait
2025-12-08 18:23:43.464 65875 INFO tempest.lib.common.rest_client [req-37c6d1d8-b88b-4c6e-beb6-cb3846b77100 req-37c6d1d8-b88b-4c6e-beb6-cb3846b77100 ] Request (ServersWithSpecificFlavorTestJSON:test_verify_created_server_ephemeral_disk): 200 GET http://10.180.1.21/compute/v2.1/servers/3611d0e8-84e2-4533-aa78-5cde40f3a0a5 0.097s
2025-12-08 18:23:43.482 65853 INFO tempest.lib.common.rest_client [req-1a91d129-b302-4e5b-96c7-568f99c8b601 req-1a91d129-b302-4e5b-96c7-568f99c8b601 ] Request (ImagesTestJSON:test_create_server_from_snapshot): 200 GET http://10.180.1.21/compute/v2.1/servers/28cc2415-ac28-4d40-ab70-d7c4c473a517 0.184s
2025-12-08 18:23:43.527 65861 INFO tempest.lib.common.rest_client [req-51082af6-83f6-4c37-9af1-7b72a43d945a req-51082af6-83f6-4c37-9af1-7b72a43d945a ] Request (ServerMetadataTestJSON:tearDownClass): 200 GET http://10.180.1.21/compute/v2.1/servers/9ee35ab5-4380-4cfb-9157-aaed37c3490c 0.077s
2025-12-08 18:23:43.571 65849 INFO tempest.lib.common.rest_client [req-255e0bd0-feb5-4706-bd8b-2dc534ef88d7 req-255e0bd0-feb5-4706-bd8b-2dc534ef88d7 ] Request (ServersTestMultiNic:test_verify_multiple_nics_order): 200 GET http://10.180.1.21/compute/v2.1/servers/0842aa8c-6aad-46b9-93c0-df7903450ed6 0.061s
2025-12-08 18:23:43.640 65841 INFO tempest.lib.common.rest_client [req-02c99957-9356-4cb3-9608-820888e2a922 req-02c99957-9356-4cb3-9608-820888e2a922 ] Request (ServersV294TestFqdnHostnames:setUpClass): 200 GET http://10.180.1.21/compute/v2.1/servers/8ef652e3-789f-4efb-a392-06c2cbaa9d7f 0.060s
2025-12-08 18:23:43.771 65857 WARNING tempest.lib.common.ssh [-] Failed to establish authenticated ssh connection to cirros@10.180.180.223 ([Errno None] Unable to connect to port 22 on 10.180.180.223). Number attempts: 6. Retry after 7 seconds.: paramiko.ssh_exception.NoValidConnectionsError: [Errno None] Unable to connect to port 22 on 10.180.180.223
2025-12-08 18:23:43.824 65865 INFO tempest.lib.common.rest_client [req-d6991a84-30bb-4944-bdc2-5d8e7738361a req-d6991a84-30bb-4944-bdc2-5d8e7738361a ] Request (ServerRescueTestJSON:setUpClass): 200 GET http://10.180.1.21/compute/v2.1/servers/3b608ef9-304d-45f7-886c-89acbd568d61 0.056s
2025-12-08 18:23:43.846 65873 INFO tempest.lib.common.rest_client [req-da96eae6-23e0-4b60-8485-61b500267271 req-da96eae6-23e0-4b60-8485-61b500267271 ] Request (ServersNegativeTestJSON:tearDown): 200 GET http://10.180.1.21/compute/v2.1/servers/8fe183a6-3240-45f9-80f6-1347af3f8d96 0.138s
2025-12-08 18:23:43.888 65845 INFO tempest.lib.common.rest_client [req-9a6208c5-cd5d-49a5-b66b-47a58b7866f3 req-9a6208c5-cd5d-49a5-b66b-47a58b7866f3 ] Request (ServersListShow296Test:test_list_show_update_rebuild_server_296): 200 GET http://10.180.1.21/compute/v2.1/servers/ab30edcc-0993-463e-8b54-a84df2118eed 0.097s
2025-12-08 18:23:43.928 65851 INFO tempest.lib.common.rest_client [req-3cd2d2fe-2141-40da-8c5e-22a937fa1d57 req-3cd2d2fe-2141-40da-8c5e-22a937fa1d57 ] Request (SecurityGroupsTestJSON:tearDownClass): 200 GET http://10.180.1.21/compute/v2.1/servers/22fb04dc-ab9e-4d0c-a87a-a6423eb05a89 0.067s
2025-12-08 18:23:43.985 65855 INFO tempest.lib.common.rest_client [req-84c45a48-9748-4673-920d-6458016375fc req-84c45a48-9748-4673-920d-6458016375fc ] Request (ServerDiskConfigTestJSON:test_resize_server_from_auto_to_manual): 200 GET http://10.180.1.21/compute/v2.1/servers/576577eb-6572-4d42-8ab6-93af8e2b1eff 0.061s
2025-12-08 18:23:43.994 65855 INFO tempest.common.waiters [-] State transition "BUILD/scheduling" ==> "BUILD/None" after 11 second wait
2025-12-08 18:23:44.000 65863 INFO tempest.lib.common.rest_client [req-593eefff-b6fd-4b99-a898-75b195d2cb5f req-593eefff-b6fd-4b99-a898-75b195d2cb5f ] Request (ServerRescueTestJSONUnderV235:setUpClass): 200 GET http://10.180.1.21/compute/v2.1/servers/80604c0f-8b5c-4517-a5b7-3f182c9f20c2 0.113s
2025-12-08 18:23:44.072 65881 INFO tempest.lib.common.rest_client [req-c4a3d59b-576e-42c9-a827-0fa8b6b8c3f9 req-c4a3d59b-576e-42c9-a827-0fa8b6b8c3f9 ] Request (ServersTestJSON:_run_cleanups): 200 GET http://10.180.1.21/compute/v2.1/servers/4afc2904-2f86-4d8a-b48b-8eb883959653 0.129s
2025-12-08 18:23:44.079 65881 INFO tempest.common.waiters [-] State transition "ACTIVE/deleting" ==> "DELETED/None" after 4 second wait
2025-12-08 18:23:44.087 65831 INFO tempest.lib.common.rest_client [req-4239f48a-94c7-41b3-85a6-2dcda069e420 req-4239f48a-94c7-41b3-85a6-2dcda069e420 ] Request (ServerActionsTestOtherA:test_rebuild_server_with_volume_attached): 200 GET http://10.180.1.21/compute/v2.1/servers/784838a3-d86b-48f7-ba1b-f2ab3b7b8c79 0.081s
2025-12-08 18:23:44.135 65835 INFO tempest.lib.common.rest_client [req-14ef589a-fd9e-41ed-b940-69b70d8afeba req-14ef589a-fd9e-41ed-b940-69b70d8afeba ] Request (AttachInterfacesTestJSON:_run_cleanups): 200 GET http://10.180.1.21/compute/v2.1/servers/ba2cea24-64fe-4b5d-8332-50a198aec2ef 0.102s
2025-12-08 18:23:44.151 65859 INFO tempest.lib.common.rest_client [req-1716aa97-df84-4065-aecf-a358cab58ab2 req-1716aa97-df84-4065-aecf-a358cab58ab2 ] Request (ServerPasswordTestJSON:setUpClass): 200 GET http://10.180.1.21/compute/v2.1/servers/949b4d95-5290-4b42-9ee0-31fea5402a31 0.065s
2025-12-08 18:23:44.232 65847 INFO tempest.lib.common.rest_client [req-f71bf403-e3d0-4f2e-9e8f-8990ea053871 req-f71bf403-e3d0-4f2e-9e8f-8990ea053871 ] Request (ListImageFiltersTestJSON:tearDownClass): 200 GET http://10.180.1.21/compute/v2.1/servers/e991a87e-b232-4178-83af-35c53bac3812 0.070s
2025-12-08 18:23:44.343 65837 INFO tempest.lib.common.rest_client [req-35a97e50-47c1-4c2d-8cbf-fbae75a6829f req-35a97e50-47c1-4c2d-8cbf-fbae75a6829f ] Request (MigrationsAdminTest:test_resize_server_revert_deleted_flavor): 200 GET http://10.180.1.21/compute/v2.1/servers/6e91b4f9-f873-4571-a58f-956b44f6c167 0.162s
2025-12-08 18:23:44.379 65869 INFO tempest.lib.common.rest_client [req-7338dc6d-d544-4102-b9be-b07402049899 req-7338dc6d-d544-4102-b9be-b07402049899 ] Request (ListServersNegativeTestJSON:setUpClass): 200 GET http://10.180.1.21/compute/v2.1/servers/e1b909d5-04cf-4a24-8598-5ce15a309c3a 0.115s
2025-12-08 18:23:44.464 65889 INFO tempest.lib.common.rest_client [req-875b5e61-27c2-4ec8-8be9-e22ab98d8408 req-875b5e61-27c2-4ec8-8be9-e22ab98d8408 ] Request (ServersAdminTestJSON:test_inject_network_info): 200 GET http://10.180.1.21/compute/v2.1/servers/320d3120-3e5c-4911-bd25-7c76e414a5f4 0.146s
2025-12-08 18:23:44.488 65839 INFO tempest.lib.common.rest_client [req-8fe277e6-7867-4b25-98ae-68a580f010a3 req-8fe277e6-7867-4b25-98ae-68a580f010a3 ] Request (DeleteServersTestJSON:test_delete_server_while_in_shelved_state): 200 GET http://10.180.1.21/compute/v2.1/servers/830a1e31-8ae2-45b5-b2b7-5ee9a3efbafc 0.207s
2025-12-08 18:23:44.528 65883 INFO tempest.lib.common.rest_client [req-958bfff2-3b7f-4f15-bff5-fed32e941d84 req-958bfff2-3b7f-4f15-bff5-fed32e941d84 ] Request (DeleteServersAdminTestJSON:test_admin_delete_servers_of_others): 200 GET http://10.180.1.21/compute/v2.1/servers/7a0a28b1-3009-415a-ac7b-a294d50cc43f 0.156s
2025-12-08 18:23:44.621 65875 INFO tempest.lib.common.rest_client [req-22ce6167-1257-423b-a4c2-522fc3e0784a req-22ce6167-1257-423b-a4c2-522fc3e0784a ] Request (ServersWithSpecificFlavorTestJSON:test_verify_created_server_ephemeral_disk): 200 GET http://10.180.1.21/compute/v2.1/servers/3611d0e8-84e2-4533-aa78-5cde40f3a0a5 0.149s
2025-12-08 18:23:44.651 65879 INFO tempest.lib.common.rest_client [req-bc90dbf1-b4cd-4689-9686-9078bd82ba0e req-bc90dbf1-b4cd-4689-9686-9078bd82ba0e ] Request (ServersNegativeTestMultiTenantJSON:setUpClass): 200 GET http://10.180.1.21/compute/v2.1/servers/a616e448-7125-4c0f-8334-3d1375d1e425 0.227s
2025-12-08 18:23:44.728 65853 INFO tempest.lib.common.rest_client [req-e5519879-efb1-4a0e-84c0-01dc56d457ab req-e5519879-efb1-4a0e-84c0-01dc56d457ab ] Request (ImagesTestJSON:test_create_server_from_snapshot): 200 GET http://10.180.1.21/compute/v2.1/servers/28cc2415-ac28-4d40-ab70-d7c4c473a517 0.236s
2025-12-08 18:23:44.758 65861 INFO tempest.lib.common.rest_client [req-640a1f64-b517-4da6-a8bf-d48ec8541c89 req-640a1f64-b517-4da6-a8bf-d48ec8541c89 ] Request (ServerMetadataTestJSON:tearDownClass): 200 GET http://10.180.1.21/compute/v2.1/servers/9ee35ab5-4380-4cfb-9157-aaed37c3490c 0.222s
2025-12-08 18:23:44.841 65841 INFO tempest.lib.common.rest_client [req-2354086f-6dd2-4053-8247-62a8cfe35df7 req-2354086f-6dd2-4053-8247-62a8cfe35df7 ] Request (ServersV294TestFqdnHostnames:setUpClass): 200 GET http://10.180.1.21/compute/v2.1/servers/8ef652e3-789f-4efb-a392-06c2cbaa9d7f 0.188s
2025-12-08 18:23:44.893 65849 INFO tempest.lib.common.rest_client [req-e2556474-0bb3-490b-8fc5-ff2337dc1eb5 req-e2556474-0bb3-490b-8fc5-ff2337dc1eb5 ] Request (ServersTestMultiNic:test_verify_multiple_nics_order): 200 GET http://10.180.1.21/compute/v2.1/servers/0842aa8c-6aad-46b9-93c0-df7903450ed6 0.314s
2025-12-08 18:23:44.903 65849 INFO tempest.common.waiters [-] State transition "BUILD/None" ==> "BUILD/block_device_mapping" after 29 second wait
2025-12-08 18:23:44.910 65865 INFO tempest.lib.common.rest_client [req-850b9fd8-519d-43b1-bcc3-68213df5279c req-850b9fd8-519d-43b1-bcc3-68213df5279c ] Request (ServerRescueTestJSON:setUpClass): 200 GET http://10.180.1.21/compute/v2.1/servers/3b608ef9-304d-45f7-886c-89acbd568d61 0.077s
2025-12-08 18:23:44.991 65845 INFO tempest.lib.common.rest_client [req-d9fdd4f6-a830-42e0-af10-8aee2b1ef89d req-d9fdd4f6-a830-42e0-af10-8aee2b1ef89d ] Request (ServersListShow296Test:test_list_show_update_rebuild_server_296): 200 GET http://10.180.1.21/compute/v2.1/servers/ab30edcc-0993-463e-8b54-a84df2118eed 0.091s
2025-12-08 18:23:45.020 65873 INFO tempest.lib.common.rest_client [req-5139cd90-a2cd-4a91-a0a2-b3b35fec4a03 req-5139cd90-a2cd-4a91-a0a2-b3b35fec4a03 ] Request (ServersNegativeTestJSON:tearDown): 200 GET http://10.180.1.21/compute/v2.1/servers/8fe183a6-3240-45f9-80f6-1347af3f8d96 0.165s
2025-12-08 18:23:45.074 65851 INFO tempest.lib.common.rest_client [req-2be183f2-9ab0-40b1-bb70-62272639346f req-2be183f2-9ab0-40b1-bb70-62272639346f ] Request (SecurityGroupsTestJSON:tearDownClass): 200 GET http://10.180.1.21/compute/v2.1/servers/22fb04dc-ab9e-4d0c-a87a-a6423eb05a89 0.138s
2025-12-08 18:23:45.088 65855 INFO tempest.lib.common.rest_client [req-18aaf907-3273-45d6-89bd-b3812194ca32 req-18aaf907-3273-45d6-89bd-b3812194ca32 ] Request (ServerDiskConfigTestJSON:test_resize_server_from_auto_to_manual): 200 GET http://10.180.1.21/compute/v2.1/servers/576577eb-6572-4d42-8ab6-93af8e2b1eff 0.093s
2025-12-08 18:23:45.219 65881 INFO tempest.lib.common.rest_client [req-d0386ece-a22f-454d-8c07-ec31f3e80e38 req-d0386ece-a22f-454d-8c07-ec31f3e80e38 ] Request (ServersTestJSON:_run_cleanups): 200 GET http://10.180.1.21/compute/v2.1/servers/4afc2904-2f86-4d8a-b48b-8eb883959653 0.139s
2025-12-08 18:23:45.253 65863 INFO tempest.lib.common.rest_client [req-0368b7c2-0d05-466a-b20a-d2d91473b5a7 req-0368b7c2-0d05-466a-b20a-d2d91473b5a7 ] Request (ServerRescueTestJSONUnderV235:setUpClass): 200 GET http://10.180.1.21/compute/v2.1/servers/80604c0f-8b5c-4517-a5b7-3f182c9f20c2 0.243s
2025-12-08 18:23:45.288 65831 INFO tempest.lib.common.rest_client [req-fddf6729-dafd-4c82-990e-83d5bceb2af9 req-fddf6729-dafd-4c82-990e-83d5bceb2af9 ] Request (ServerActionsTestOtherA:test_rebuild_server_with_volume_attached): 200 GET http://10.180.1.21/compute/v2.1/servers/784838a3-d86b-48f7-ba1b-f2ab3b7b8c79 0.193s
2025-12-08 18:23:45.326 65835 INFO tempest.lib.common.rest_client [req-fba0f83d-a59c-4c6b-860f-23f3bc3ac8df req-fba0f83d-a59c-4c6b-860f-23f3bc3ac8df ] Request (AttachInterfacesTestJSON:_run_cleanups): 200 GET http://10.180.1.21/compute/v2.1/servers/ba2cea24-64fe-4b5d-8332-50a198aec2ef 0.182s
2025-12-08 18:23:45.352 65859 INFO tempest.lib.common.rest_client [req-54ac0357-f56e-42c7-9bd1-716ad9c0c159 req-54ac0357-f56e-42c7-9bd1-716ad9c0c159 ] Request (ServerPasswordTestJSON:setUpClass): 200 GET http://10.180.1.21/compute/v2.1/servers/949b4d95-5290-4b42-9ee0-31fea5402a31 0.191s
2025-12-08 18:23:45.419 65847 INFO tempest.lib.common.rest_client [req-6f1dbf40-e64e-4571-b362-9a92be56706e req-6f1dbf40-e64e-4571-b362-9a92be56706e ] Request (ListImageFiltersTestJSON:tearDownClass): 200 GET http://10.180.1.21/compute/v2.1/servers/e991a87e-b232-4178-83af-35c53bac3812 0.179s
2025-12-08 18:23:45.516 65869 INFO tempest.lib.common.rest_client [req-403db590-5abc-4b44-83ca-22f41750c2d5 req-403db590-5abc-4b44-83ca-22f41750c2d5 ] Request (ListServersNegativeTestJSON:setUpClass): 200 GET http://10.180.1.21/compute/v2.1/servers/e1b909d5-04cf-4a24-8598-5ce15a309c3a 0.125s
2025-12-08 18:23:45.541 65837 INFO tempest.lib.common.rest_client [req-f67c1dd0-a8f2-4b4e-a9a4-c1aeeca3801a req-f67c1dd0-a8f2-4b4e-a9a4-c1aeeca3801a ] Request (MigrationsAdminTest:test_resize_server_revert_deleted_flavor): 200 GET http://10.180.1.21/compute/v2.1/servers/6e91b4f9-f873-4571-a58f-956b44f6c167 0.189s
2025-12-08 18:23:45.583 65889 INFO tempest.lib.common.rest_client [req-cf6ddc9b-b40e-47ac-a03b-08001325a854 req-cf6ddc9b-b40e-47ac-a03b-08001325a854 ] Request (ServersAdminTestJSON:test_inject_network_info): 200 GET http://10.180.1.21/compute/v2.1/servers/320d3120-3e5c-4911-bd25-7c76e414a5f4 0.110s
2025-12-08 18:23:45.750 65885 WARNING tempest.lib.common.ssh [-] Failed to establish authenticated ssh connection to cirros@10.180.180.152 ([Errno None] Unable to connect to port 22 on 10.180.180.152). Number attempts: 11. Retry after 12 seconds.: paramiko.ssh_exception.NoValidConnectionsError: [Errno None] Unable to connect to port 22 on 10.180.180.152
2025-12-08 18:23:46.162 65883 INFO tempest.lib.common.rest_client [req-2cb34971-d3ee-4721-9a4d-c76709972e28 req-2cb34971-d3ee-4721-9a4d-c76709972e28 ] Request (DeleteServersAdminTestJSON:test_admin_delete_servers_of_others): 200 GET http://10.180.1.21/compute/v2.1/servers/7a0a28b1-3009-415a-ac7b-a294d50cc43f 0.624s
2025-12-08 18:23:46.201 65839 INFO tempest.lib.common.rest_client [req-f55e2918-4394-4203-86e1-8b64590e9825 req-f55e2918-4394-4203-86e1-8b64590e9825 ] Request (DeleteServersTestJSON:test_delete_server_while_in_shelved_state): 200 GET http://10.180.1.21/compute/v2.1/servers/830a1e31-8ae2-45b5-b2b7-5ee9a3efbafc 0.705s
2025-12-08 18:23:46.213 65839 INFO tempest.common.waiters [-] State transition "ACTIVE/shelving" ==> "ACTIVE/shelving_image_pending_upload" after 3 second wait
2025-12-08 18:23:46.260 65875 INFO tempest.lib.common.rest_client [req-485bdf7f-f9ad-4724-9707-aa0b49a43b59 req-485bdf7f-f9ad-4724-9707-aa0b49a43b59 ] Request (ServersWithSpecificFlavorTestJSON:test_verify_created_server_ephemeral_disk): 200 GET http://10.180.1.21/compute/v2.1/servers/3611d0e8-84e2-4533-aa78-5cde40f3a0a5 0.624s
