2025-12-08 18:21:06.164 65881 INFO tempest.lib.common.rest_client [req-f776e1b2-77aa-426b-b637-e0305b6b5229 req-f776e1b2-77aa-426b-b637-e0305b6b5229 ] Request (ServersTestJSON:_run_cleanups): 404 GET http://10.180.1.21/compute/v2.1/servers/da8f6656-6244-4387-ad14-2435651512cc 1.053s
2025-12-08 18:21:06.164 65833 INFO tempest.common.waiters [-] State transition "HARD_REBOOT/rebooting_hard" ==> "HARD_REBOOT/reboot_started_hard" after 3 second wait
2025-12-08 18:21:06.270 65835 INFO tempest.lib.common.rest_client [req-30169ffa-9ddd-4a60-8cad-92bde12f8298 req-30169ffa-9ddd-4a60-8cad-92bde12f8298 ] Request (KeyPairsV2TestJSON:test_keypairs_create_list_delete): 200 POST http://10.180.1.21/compute/v2.1/os-keypairs 1.071s
2025-12-08 18:21:06.276 65881 INFO tempest.lib.common.rest_client [req-00ddf0c9-100a-475b-a70b-32b77c945169 req-00ddf0c9-100a-475b-a70b-32b77c945169 ] Request (ServersTestJSON:test_create_server_with_ipv6_addr_only): 201 POST http://10.180.1.21/identity/v3/auth/tokens 0.106s
2025-12-08 18:21:06.277 65881 INFO tempest.lib.common.fixed_network [-] (ServersTestJSON:test_create_server_with_ipv6_addr_only) Found network {'id': '80176bbd-d7ce-4c67-90d9-626082f10670', 'name': 'tempest-ServersTestJSON-55906640-network', 'tenant_id': 'b51980b85f9a40ab9415e7f79e79614c', 'project_id': 'b51980b85f9a40ab9415e7f79e79614c', 'admin_state_up': True, 'mtu': 8950, 'status': 'ACTIVE', 'subnets': [], 'shared': False, 'port_security_enabled': True, 'router:external': False, 'provider:network_type': 'vlan', 'provider:physical_network': 'default', 'provider:segmentation_id': 750, 'availability_zone_hints': [], 'availability_zones': [], 'ipv4_address_scope': None, 'ipv6_address_scope': None, 'description': '', 'tags': [], 'created_at': '2025-12-08T18:20:23Z', 'updated_at': '2025-12-08T18:20:23Z', 'revision_number': 1} available for tenant
2025-12-08 18:21:06.314 65829 INFO tempest.lib.common.rest_client [req-75f9c438-8849-4503-abc6-3f346b8ea98a req-75f9c438-8849-4503-abc6-3f346b8ea98a ] Request (SecurityGroupRulesNegativeTestJSON:tearDownClass): 202 DELETE http://10.180.1.21/compute/v2.1/os-security-groups/90a51516-bd26-4405-8e69-293a81e06733 1.144s
2025-12-08 18:21:07.013 65879 INFO tempest.lib.common.rest_client [req-d4998e5d-71d3-421d-b530-431364e28b48 req-d4998e5d-71d3-421d-b530-431364e28b48 ] Request (ServerMetadataNegativeTestJSON:setUpClass): 201 POST http://10.180.1.21/networking/v2.0/routers 0.857s
2025-12-08 18:21:07.084 65863 WARNING tempest.lib.common.ssh [-] Failed to establish authenticated ssh connection to cirros@10.180.180.236 ([Errno None] Unable to connect to port 22 on 10.180.180.236). Number attempts: 5. Retry after 6 seconds.: paramiko.ssh_exception.NoValidConnectionsError: [Errno None] Unable to connect to port 22 on 10.180.180.236
2025-12-08 18:21:07.124 65853 INFO tempest.lib.common.rest_client [req-cd024903-f45d-454d-a20c-571d1d552eba req-cd024903-f45d-454d-a20c-571d1d552eba ] Request (ImagesTestJSON:test_create_image_from_suspended_server): 200 GET http://10.180.1.21/compute/v2.1/servers/57b4f275-a40f-4455-bbd7-47ef6bdbb082 1.834s
2025-12-08 18:21:07.190 65867 INFO tempest.lib.common.rest_client [req-b0fd60d1-f8eb-4ec6-80b5-dc327dc5c593 req-b0fd60d1-f8eb-4ec6-80b5-dc327dc5c593 ] Request (VolumesSnapshotsTestJSON:_run_cleanups): 202 DELETE http://10.180.1.21/compute/v2.1/os-volumes/542548f3-0aa4-4704-9098-585148424f22 1.814s
2025-12-08 18:21:07.239 65889 INFO tempest.lib.common.rest_client [req-6965340f-8fb6-4b0c-a138-bdd2e38d21ba req-6965340f-8fb6-4b0c-a138-bdd2e38d21ba ] Request (FlavorsExtraSpecsNegativeTestJSON:test_flavor_non_admin_unset_keys): 200 POST http://10.180.1.21/compute/v2.1/flavors/1823923360/os-extra_specs 1.856s
2025-12-08 18:21:07.629 65829 INFO tempest.lib.common.rest_client [req-4e05738d-6ea1-4718-9c27-8973d3d91ba5 req-4e05738d-6ea1-4718-9c27-8973d3d91ba5 ] Request (SecurityGroupRulesNegativeTestJSON:tearDownClass): 200 PUT http://10.180.1.21/networking/v2.0/routers/2e256901-313b-41d5-8b9a-6506bde07e80/remove_router_interface 1.314s
2025-12-08 18:21:07.662 65877 INFO tempest.lib.common.rest_client [req-8a7134bf-9bf3-412f-8236-40ba58ad56e3 req-8a7134bf-9bf3-412f-8236-40ba58ad56e3 ] Request (FloatingIPsAssociationNegativeTestJSON:setUpClass): 200 GET http://10.180.1.21/compute/v2.1/servers/4f6098b5-950f-4556-be94-deb7c47b2f7b 2.348s
2025-12-08 18:21:07.674 65877 INFO tempest.common.waiters [-] State transition "BUILD/spawning" ==> "ACTIVE/None" after 27 second wait
2025-12-08 18:21:07.679 65887 INFO tempest.lib.common.rest_client [req-0eebe607-9f3e-4c6f-b498-50e2711250b9 req-0eebe607-9f3e-4c6f-b498-50e2711250b9 ] Request (ServerShowV254Test:test_rebuild_server): 200 GET http://10.180.1.21/compute/v2.1/servers/227d0261-904a-443c-8e69-9e442fb883ea 2.162s
2025-12-08 18:21:07.689 65887 INFO tempest.common.waiters [-] State transition "BUILD/networking" ==> "BUILD/spawning" after 15 second wait
2025-12-08 18:21:07.928 65875 WARNING tempest.lib.common.ssh [-] Failed to establish authenticated ssh connection to cirros@10.180.180.197 ([Errno None] Unable to connect to port 22 on 10.180.180.197). Number attempts: 4. Retry after 5 seconds.: paramiko.ssh_exception.NoValidConnectionsError: [Errno None] Unable to connect to port 22 on 10.180.180.197
2025-12-08 18:21:08.091 65879 INFO tempest.lib.common.rest_client [req-7b0a37ad-e596-4bfe-9a00-b39570ec622b req-7b0a37ad-e596-4bfe-9a00-b39570ec622b ] Request (ServerMetadataNegativeTestJSON:setUpClass): 200 PUT http://10.180.1.21/networking/v2.0/routers/50ee44f3-e57b-4233-bb4f-b39473ab9930/add_router_interface 1.077s
2025-12-08 18:21:08.092 65879 INFO tempest.lib.common.dynamic_creds [-] Created isolated network resources for: credentials: Credentials: {'domain_id': 'default', 'domain_name': 'Default', 'username': 'tempest-ServerMetadataNegativeTestJSON-1900175863-project-member', 'project_domain_id': 'default', 'project_domain_name': 'Default', 'project_id': '6922f094decc49a081f1b9e7a06ebb36', 'project_name': 'tempest-ServerMetadataNegativeTestJSON-1900175863', 'tenant_id': '6922f094decc49a081f1b9e7a06ebb36', 'tenant_name': 'tempest-ServerMetadataNegativeTestJSON-1900175863', 'user_domain_id': 'default', 'user_domain_name': 'Default', 'user_id': '58cb442fc22e49f5a5674261d633d420', 'system': None}, Network: {'id': 'eae9f024-6497-440f-9fa7-0d8ad29786d5', 'name': 'tempest-ServerMetadataNegativeTestJSON-406712976-network', 'tenant_id': '6922f094decc49a081f1b9e7a06ebb36', 'project_id': '6922f094decc49a081f1b9e7a06ebb36', 'admin_state_up': True, 'mtu': 8950, 'status': 'ACTIVE', 'subnets': [], 'shared': False, 'port_security_enabled': True, 'router:external': False, 'provider:network_type': 'vlan', 'provider:physical_network': 'default', 'provider:segmentation_id': 286, 'availability_zone_hints': [], 'availability_zones': [], 'ipv4_address_scope': None, 'ipv6_address_scope': None, 'description': '', 'tags': [], 'created_at': '2025-12-08T18:21:05Z', 'updated_at': '2025-12-08T18:21:05Z', 'revision_number': 1}, Subnet: {'id': '4cdf354f-f224-4496-8aab-6912d6cc5ea8', 'name': 'tempest-ServerMetadataNegativeTestJSON-406712976-subnet', 'tenant_id': '6922f094decc49a081f1b9e7a06ebb36', 'network_id': 'eae9f024-6497-440f-9fa7-0d8ad29786d5', 'ip_version': 4, 'subnetpool_id': None, 'enable_dhcp': True, 'ipv6_ra_mode': None, 'ipv6_address_mode': None, 'gateway_ip': '192.168.128.1', 'cidr': '192.168.128.0/28', 'allocation_pools': [{'start': '192.168.128.2', 'end': '192.168.128.14'}], 'host_routes': [], 'dns_nameservers': [], 'description': '', 'router:external': False, 'service_types': [], 'tags': [], 'created_at': '2025-12-08T18:21:06Z', 'updated_at': '2025-12-08T18:21:06Z', 'revision_number': 0, 'project_id': '6922f094decc49a081f1b9e7a06ebb36'}, Router: {'id': '50ee44f3-e57b-4233-bb4f-b39473ab9930', 'name': 'tempest-ServerMetadataNegativeTestJSON-406712976-router', 'tenant_id': '6922f094decc49a081f1b9e7a06ebb36', 'admin_state_up': True, 'status': 'ACTIVE', 'external_gateway_info': {'network_id': 'abbeb410-51da-4df5-aa4c-f18a16b13546', 'external_fixed_ips': [{'subnet_id': '74848fa8-f53d-4fb7-90ea-ba2892691de7', 'ip_address': '10.180.180.225'}], 'enable_snat': True}, 'description': '', 'availability_zones': [], 'distributed': False, 'ha': False, 'availability_zone_hints': [], 'routes': [], 'flavor_id': None, 'tags': [], 'created_at': '2025-12-08T18:21:06Z', 'updated_at': '2025-12-08T18:21:06Z', 'revision_number': 2, 'project_id': '6922f094decc49a081f1b9e7a06ebb36'}
2025-12-08 18:21:08.159 65829 INFO tempest.lib.common.rest_client [req-6284ddb9-964a-441e-8009-abc121f421ab req-6284ddb9-964a-441e-8009-abc121f421ab ] Request (SecurityGroupRulesNegativeTestJSON:tearDownClass): 204 DELETE http://10.180.1.21/networking/v2.0/routers/2e256901-313b-41d5-8b9a-6506bde07e80 0.529s
2025-12-08 18:21:08.190 65845 INFO tempest.lib.common.rest_client [req-401a19e4-0700-4af2-9f7c-b928662da691 req-401a19e4-0700-4af2-9f7c-b928662da691 ] Request (AttachInterfacesUnderV243Test:test_add_remove_fixed_ip): 200 GET http://10.180.1.21/compute/v2.1/servers/a2acee82-0940-4d6b-a72e-3d844ca6304a 2.587s
2025-12-08 18:21:08.200 65845 INFO tempest.common.waiters [-] State transition "BUILD/None" ==> "BUILD/networking" after 15 second wait
2025-12-08 18:21:08.225 65879 INFO tempest.lib.common.rest_client [req-b0b322c8-8f5c-42ba-8830-6ca64a306c2e req-b0b322c8-8f5c-42ba-8830-6ca64a306c2e ] Request (ServerMetadataNegativeTestJSON:setUpClass): 201 POST http://10.180.1.21/identity/v3/auth/tokens 0.130s
2025-12-08 18:21:08.274 65879 INFO tempest.lib.common.rest_client [req-d6656c77-31e8-4200-b950-9d5b7fd96481 req-d6656c77-31e8-4200-b950-9d5b7fd96481 ] Request (ServerMetadataNegativeTestJSON:setUpClass): 201 POST http://10.180.1.21/identity/v3/auth/tokens 0.040s
2025-12-08 18:21:08.274 65879 INFO tempest.lib.common.fixed_network [-] (ServerMetadataNegativeTestJSON:setUpClass) Found network {'id': 'eae9f024-6497-440f-9fa7-0d8ad29786d5', 'name': 'tempest-ServerMetadataNegativeTestJSON-406712976-network', 'tenant_id': '6922f094decc49a081f1b9e7a06ebb36', 'project_id': '6922f094decc49a081f1b9e7a06ebb36', 'admin_state_up': True, 'mtu': 8950, 'status': 'ACTIVE', 'subnets': [], 'shared': False, 'port_security_enabled': True, 'router:external': False, 'provider:network_type': 'vlan', 'provider:physical_network': 'default', 'provider:segmentation_id': 286, 'availability_zone_hints': [], 'availability_zones': [], 'ipv4_address_scope': None, 'ipv6_address_scope': None, 'description': '', 'tags': [], 'created_at': '2025-12-08T18:21:05Z', 'updated_at': '2025-12-08T18:21:05Z', 'revision_number': 1} available for tenant
2025-12-08 18:21:08.277 65841 INFO tempest.lib.common.rest_client [req-09988c85-bbe8-473f-96e4-ab64b5f3e205 req-09988c85-bbe8-473f-96e4-ab64b5f3e205 ] Request (ServersTestManualDisk:setUpClass): 200 GET http://10.180.1.21/compute/v2.1/servers/bcb95a17-0553-42c3-8aa4-2dbdf4912247 2.747s
2025-12-08 18:21:08.317 65827 INFO tempest.lib.common.rest_client [req-028b60a4-0a11-40db-8050-6e51ab16fb08 req-028b60a4-0a11-40db-8050-6e51ab16fb08 ] Request (FlavorsAdminTestJSON:test_is_public_string_variations): 200 GET http://10.180.1.21/compute/v2.1/flavors/detail?is_public=false 2.423s
2025-12-08 18:21:08.400 65829 INFO tempest.lib.common.rest_client [req-9d871dc4-438e-42b6-8d35-3638516b974a req-9d871dc4-438e-42b6-8d35-3638516b974a ] Request (SecurityGroupRulesNegativeTestJSON:tearDownClass): 204 DELETE http://10.180.1.21/networking/v2.0/subnets/2b0cea9e-5bc2-411f-a395-5e8302ed1fb8 0.241s
2025-12-08 18:21:08.430 65861 INFO tempest.lib.common.rest_client [req-385d34cc-fcdc-4068-94b9-78579f0d84e6 req-385d34cc-fcdc-4068-94b9-78579f0d84e6 ] Request (ImagesNegativeTestJSON:test_create_image_from_deleted_server): 200 GET http://10.180.1.21/compute/v2.1/servers/2c4faf25-ca44-4ec2-8ea7-9750ec78817b 2.813s
2025-12-08 18:21:08.519 65849 INFO tempest.lib.common.rest_client [req-9b8317c9-53a7-45aa-9f81-80ff387eebe5 req-9b8317c9-53a7-45aa-9f81-80ff387eebe5 ] Request (AggregatesAdminNegativeTestJSON:_run_cleanups): 200 POST http://10.180.1.21/compute/v2.1/os-aggregates/7/action 2.621s
2025-12-08 18:21:08.683 65859 INFO tempest.lib.common.rest_client [req-ff87417d-34a7-45ec-87da-398e62992e4d req-ff87417d-34a7-45ec-87da-398e62992e4d ] Request (FloatingIPsAssociationTestJSON:tearDownClass): 200 GET http://10.180.1.21/compute/v2.1/servers/42eeead3-1f0f-405e-aba3-8afcf6f24f17 2.619s
2025-12-08 18:21:08.778 65829 INFO tempest.lib.common.rest_client [req-da9dc56a-b3c0-4494-9f79-7d405d848a7c req-da9dc56a-b3c0-4494-9f79-7d405d848a7c ] Request (SecurityGroupRulesNegativeTestJSON:tearDownClass): 204 DELETE http://10.180.1.21/networking/v2.0/networks/a0d88d8c-114a-4325-989a-781bbf33eab0 0.377s
2025-12-08 18:21:08.880 65839 INFO tempest.lib.common.rest_client [req-e80dbd38-1f68-40ee-9716-91fd4ae047b1 req-e80dbd38-1f68-40ee-9716-91fd4ae047b1 ] Request (DeleteServersTestJSON:test_delete_server_while_in_attached_volume): 200 GET http://10.180.1.21/compute/v2.1/servers/1c0c7c6b-bdee-4a24-aa09-9b80f440e784 2.677s
2025-12-08 18:21:08.892 65839 INFO tempest.common.waiters [-] State transition "BUILD/scheduling" ==> "BUILD/None" after 6 second wait
2025-12-08 18:21:08.943 65835 INFO tempest.lib.common.rest_client [req-da646fb4-c896-490e-ba5e-3f71852634a1 req-da646fb4-c896-490e-ba5e-3f71852634a1 ] Request (KeyPairsV2TestJSON:test_keypairs_create_list_delete): 200 POST http://10.180.1.21/compute/v2.1/os-keypairs 2.671s
2025-12-08 18:21:08.945 65851 INFO tempest.lib.common.rest_client [req-261e9337-4a92-43de-9fca-eda310205354 req-261e9337-4a92-43de-9fca-eda310205354 ] Request (SecurityGroupsTestJSON:test_security_groups_create_list_delete): 200 GET http://10.180.1.21/compute/v2.1/os-security-groups 2.988s
2025-12-08 18:21:09.013 65829 INFO tempest.lib.common.rest_client [req-759cf0e4-7540-464a-952b-3d2e717d5dab req-759cf0e4-7540-464a-952b-3d2e717d5dab ] Request (SecurityGroupRulesNegativeTestJSON:tearDownClass): 204 DELETE http://10.180.1.21/identity/v3/users/de5748d7c5e44d42b388c78a44c1d2d0 0.233s
2025-12-08 18:21:09.013 65829 INFO tempest.lib.common.dynamic_creds [-] Deleting project and security group for project: 05fb6a503cfb4ff4a49fbd977c632758
2025-12-08 18:21:09.063 65883 WARNING tempest.lib.common.ssh [-] Failed to establish authenticated ssh connection to cirros@10.180.180.130 ([Errno None] Unable to connect to port 22 on 10.180.180.130). Number attempts: 9. Retry after 10 seconds.: paramiko.ssh_exception.NoValidConnectionsError: [Errno None] Unable to connect to port 22 on 10.180.180.130
2025-12-08 18:21:09.127 65829 INFO tempest.lib.common.rest_client [req-003031b9-3315-4098-a875-2812913cbac7 req-003031b9-3315-4098-a875-2812913cbac7 ] Request (SecurityGroupRulesNegativeTestJSON:tearDownClass): 200 GET http://10.180.1.21/networking/v2.0/security-groups?tenant_id=05fb6a503cfb4ff4a49fbd977c632758&name=default 0.114s
2025-12-08 18:21:09.209 65885 INFO tempest.lib.common.rest_client [req-58b60572-04b1-438e-8b4b-81633c573673 req-58b60572-04b1-438e-8b4b-81633c573673 ] Request (ServerRescueNegativeTestJSON:_run_cleanups): 200 GET http://10.180.1.21/compute/v2.1/servers/df731613-d8d1-4881-8e94-eeb316e464ad 2.841s
2025-12-08 18:21:09.219 65885 INFO tempest.common.waiters [-] State transition "RESCUE/unrescuing" ==> "ACTIVE/None" after 4 second wait
2025-12-08 18:21:09.316 65829 INFO tempest.lib.common.rest_client [req-52adeb61-715a-4a1c-b325-12d97ee18f79 req-52adeb61-715a-4a1c-b325-12d97ee18f79 ] Request (SecurityGroupRulesNegativeTestJSON:tearDownClass): 204 DELETE http://10.180.1.21/networking/v2.0/security-groups/9985678d-741c-41fd-9313-a37d3e6f0c5b 0.189s
2025-12-08 18:21:09.347 65855 INFO tempest.lib.common.rest_client [req-4515379e-04b6-408b-861b-b5c0ab2fe88d req-4515379e-04b6-408b-861b-b5c0ab2fe88d ] Request (ServerDiskConfigTestJSON:test_rebuild_server_with_auto_disk_config): 200 GET http://10.180.1.21/compute/v2.1/servers/b9943e44-2ebe-4c5b-844e-15e5415ad2a0 2.845s
2025-12-08 18:21:09.388 65885 INFO tempest.lib.common.rest_client [req-d249bc2e-d02e-4ff7-a6a7-b9d79a560edb req-d249bc2e-d02e-4ff7-a6a7-b9d79a560edb ] Request (ServerRescueNegativeTestJSON:test_rescued_vm_detach_volume): 202 POST http://10.180.1.21/volume/v3/volumes 0.168s
2025-12-08 18:21:09.423 65885 INFO tempest.lib.common.rest_client [req-9a76b48d-6970-461a-8969-c64a172f4d09 req-9a76b48d-6970-461a-8969-c64a172f4d09 ] Request (ServerRescueNegativeTestJSON:test_rescued_vm_detach_volume): 200 GET http://10.180.1.21/volume/v3/volumes/4e8fe48a-2a9d-488e-b92b-ca4aeb75e761 0.028s
2025-12-08 18:21:09.448 65829 INFO tempest.lib.common.rest_client [req-bf7b70bc-a661-4c45-96fb-a95731e6080e req-bf7b70bc-a661-4c45-96fb-a95731e6080e ] Request (SecurityGroupRulesNegativeTestJSON:tearDownClass): 204 DELETE http://10.180.1.21/identity/v3/projects/05fb6a503cfb4ff4a49fbd977c632758 0.131s
2025-12-08 18:21:09.528 65829 INFO tempest.lib.common.rest_client [req-e605e5ba-1387-4201-ba4a-a51f6994ee9d req-e605e5ba-1387-4201-ba4a-a51f6994ee9d ] Request (ServerGroupTestJSON:setUpClass): 201 POST http://10.180.1.21/identity/v3/auth/tokens 0.079s
2025-12-08 18:21:09.578 65829 INFO tempest.lib.common.rest_client [req-cadfeba3-a087-41c7-979e-800bd044b825 req-cadfeba3-a087-41c7-979e-800bd044b825 ] Request (ServerGroupTestJSON:setUpClass): 201 POST http://10.180.1.21/identity/v3/auth/tokens 0.044s
2025-12-08 18:21:09.616 65829 INFO tempest.lib.common.rest_client [req-1f57f043-aeac-4064-813c-962fe9660a18 req-1f57f043-aeac-4064-813c-962fe9660a18 ] Request (ServerGroupTestJSON:setUpClass): 200 GET http://10.180.1.21/identity/v3/domains?name=Default 0.038s
2025-12-08 18:21:09.625 65837 INFO tempest.lib.common.rest_client [req-87fc44bd-cf62-4351-a40c-df8acacf744d req-87fc44bd-cf62-4351-a40c-df8acacf744d ] Request (MigrationsAdminTest:test_list_migrations_in_flavor_resize_situation): 200 GET http://10.180.1.21/compute/v2.1/servers/bfc0a027-f5ed-4274-9891-2c37225f2bf8 3.096s
2025-12-08 18:21:09.657 65829 INFO tempest.lib.common.rest_client [req-3b1389b8-2baf-4f0c-8f0d-20d2e8fc2b95 req-3b1389b8-2baf-4f0c-8f0d-20d2e8fc2b95 ] Request (ServerGroupTestJSON:setUpClass): 201 POST http://10.180.1.21/identity/v3/projects 0.039s
2025-12-08 18:21:09.669 65857 INFO tempest.lib.common.rest_client [req-0706dad7-97e6-4c92-a629-0fad779f22d8 req-0706dad7-97e6-4c92-a629-0fad779f22d8 ] Request (ImagesOneServerTestJSON:test_create_image_specify_multibyte_character_image_name): 200 GET http://10.180.1.21/compute/v2.1/images/306475b1-4002-40ba-958c-ca7a861f4611 3.072s
2025-12-08 18:21:09.741 65873 INFO tempest.lib.common.rest_client [req-c92b0d28-cc21-458a-917e-1c338c37bb45 req-c92b0d28-cc21-458a-917e-1c338c37bb45 ] Request (ServersNegativeTestJSON:setUpClass): 200 GET http://10.180.1.21/compute/v2.1/servers/58139534-bca0-4170-b66e-4a60de31c922 3.115s
2025-12-08 18:21:09.765 65829 INFO tempest.lib.common.rest_client [req-1de5634e-c234-4718-ba25-b85bc8fc92a7 req-1de5634e-c234-4718-ba25-b85bc8fc92a7 ] Request (ServerGroupTestJSON:setUpClass): 201 POST http://10.180.1.21/identity/v3/users 0.107s
2025-12-08 18:21:09.785 65881 INFO tempest.lib.common.rest_client [req-489ecc55-8660-4266-b1a0-065b2a870589 req-489ecc55-8660-4266-b1a0-065b2a870589 ] Request (ServersTestJSON:test_create_server_with_ipv6_addr_only): 202 POST http://10.180.1.21/compute/v2.1/servers 3.508s
2025-12-08 18:21:09.795 65829 INFO tempest.lib.common.rest_client [req-094d1784-c2cb-40bc-ab84-66f7a182883d req-094d1784-c2cb-40bc-ab84-66f7a182883d ] Request (ServerGroupTestJSON:setUpClass): 200 GET http://10.180.1.21/identity/v3/roles 0.030s
2025-12-08 18:21:09.823 65869 INFO tempest.lib.common.rest_client [req-6cb437d7-0f2f-4fb2-b311-72a09cc284ff req-6cb437d7-0f2f-4fb2-b311-72a09cc284ff ] Request (AttachInterfacesV270Test:test_create_get_list_interfaces): 200 GET http://10.180.1.21/compute/v2.1/servers/679ee6dd-393a-461b-b79f-c82aaf0a311f 2.939s
2025-12-08 18:21:09.862 65829 INFO tempest.lib.common.rest_client [req-35fa0fc8-a95b-4540-b9f4-8d0ba1fc6919 req-35fa0fc8-a95b-4540-b9f4-8d0ba1fc6919 ] Request (ServerGroupTestJSON:setUpClass): 204 PUT http://10.180.1.21/identity/v3/projects/e5b9e1be94c341ce9d8fe24e5d2dd7e0/users/9bb0a962b2f346e08bcd824024eebe6a/roles/c57b3231750d489aaaf4120f21718dc1 0.066s
2025-12-08 18:21:09.862 65829 INFO tempest.lib.common.dynamic_creds [-] Dynamic test user 9bb0a962b2f346e08bcd824024eebe6a is created with scope project and roles: ['member']
2025-12-08 18:21:09.862 65829 INFO tempest.lib.common.dynamic_creds [-] Acquired dynamic creds: credentials: Credentials: {'domain_id': 'default', 'domain_name': 'Default', 'username': 'tempest-ServerGroupTestJSON-693151133-project-member', 'project_domain_id': 'default', 'project_domain_name': 'Default', 'project_id': 'e5b9e1be94c341ce9d8fe24e5d2dd7e0', 'project_name': 'tempest-ServerGroupTestJSON-693151133', 'tenant_id': 'e5b9e1be94c341ce9d8fe24e5d2dd7e0', 'tenant_name': 'tempest-ServerGroupTestJSON-693151133', 'user_domain_id': 'default', 'user_domain_name': 'Default', 'user_id': '9bb0a962b2f346e08bcd824024eebe6a', 'system': None}, Network: None, Subnet: None, Router: None
2025-12-08 18:21:09.902 65865 INFO tempest.lib.common.rest_client [req-dd881b73-771e-4ad0-9729-b19c7e770126 req-dd881b73-771e-4ad0-9729-b19c7e770126 ] Request (ServersTestFqdnHostnames:tearDownClass): 200 GET http://10.180.1.21/compute/v2.1/servers/1590e55d-ce81-49c6-be3d-33cebe1e4e73 3.001s
2025-12-08 18:21:09.915 65847 INFO tempest.lib.common.rest_client [req-b43434c0-7d25-40bb-9f98-aa136d2d64fd req-b43434c0-7d25-40bb-9f98-aa136d2d64fd ] Request (ListImageFiltersTestJSON:setUpClass): 200 GET http://10.180.1.21/compute/v2.1/servers/e991a87e-b232-4178-83af-35c53bac3812 2.769s
2025-12-08 18:21:09.946 65867 INFO tempest.lib.common.rest_client [req-b334d0ce-9461-428f-882f-964b3c314616 req-b334d0ce-9461-428f-882f-964b3c314616 ] Request (VolumesSnapshotsTestJSON:_run_cleanups): 404 GET http://10.180.1.21/compute/v2.1/os-volumes/542548f3-0aa4-4704-9098-585148424f22 2.755s
2025-12-08 18:21:09.952 65889 INFO tempest.lib.common.rest_client [req-7857fdd7-b133-4b07-a988-99d8157a06ba req-7857fdd7-b133-4b07-a988-99d8157a06ba ] Request (FlavorsExtraSpecsNegativeTestJSON:test_flavor_non_admin_unset_keys): 403 DELETE http://10.180.1.21/compute/v2.1/flavors/1823923360/os-extra_specs/hw:numa_nodes 2.712s
2025-12-08 18:21:09.959 65829 INFO tempest.lib.common.rest_client [req-07440ef3-1e07-47ba-810e-9322109b4b95 req-07440ef3-1e07-47ba-810e-9322109b4b95 ] Request (ServerGroupTestJSON:setUpClass): 201 POST http://10.180.1.21/identity/v3/auth/tokens 0.097s
2025-12-08 18:21:10.277 65829 INFO tempest.lib.common.rest_client [req-3bf15bfb-fc0f-4649-ae74-cc84a389c1c0 req-3bf15bfb-fc0f-4649-ae74-cc84a389c1c0 ] Request (ServerGroupTestJSON:setUpClass): 201 POST http://10.180.1.21/networking/v2.0/networks 0.316s
2025-12-08 18:21:10.482 65885 INFO tempest.lib.common.rest_client [req-69395eb8-bf04-4e22-bcef-22adda70fbdb req-69395eb8-bf04-4e22-bcef-22adda70fbdb ] Request (ServerRescueNegativeTestJSON:test_rescued_vm_detach_volume): 200 GET http://10.180.1.21/volume/v3/volumes/4e8fe48a-2a9d-488e-b92b-ca4aeb75e761 0.050s
2025-12-08 18:21:10.486 65833 INFO tempest.lib.common.rest_client [req-0c3a1c26-33cc-49df-bb5e-6986ba89fb47 req-0c3a1c26-33cc-49df-bb5e-6986ba89fb47 ] Request (InstanceActionsTestJSON:test_list_instance_actions): 200 GET http://10.180.1.21/compute/v2.1/servers/ccc219a5-80b7-4384-8b03-b98a9d06f1cd 3.320s
2025-12-08 18:21:10.490 65885 INFO tempest.common.waiters [-] volume 4e8fe48a-2a9d-488e-b92b-ca4aeb75e761 reached available after waiting for 1.490166 seconds
2025-12-08 18:21:10.495 65833 INFO tempest.common.waiters [-] State transition "HARD_REBOOT/reboot_started_hard" ==> "ACTIVE/None" after 7 second wait
2025-12-08 18:21:10.616 65829 INFO tempest.lib.common.rest_client [req-564705af-aa8f-4446-bca6-c42aa3f2f51c req-564705af-aa8f-4446-bca6-c42aa3f2f51c ] Request (ServerGroupTestJSON:setUpClass): 201 POST http://10.180.1.21/networking/v2.0/subnets 0.338s
2025-12-08 18:21:11.722 65829 INFO tempest.lib.common.rest_client [req-c78e1338-42ee-43d3-8049-b2e1a2905830 req-c78e1338-42ee-43d3-8049-b2e1a2905830 ] Request (ServerGroupTestJSON:setUpClass): 201 POST http://10.180.1.21/networking/v2.0/routers 1.105s
2025-12-08 18:21:11.839 65853 INFO tempest.lib.common.rest_client [req-c6917d1c-c63b-48f4-8e53-7de48345d37e req-c6917d1c-c63b-48f4-8e53-7de48345d37e ] Request (ImagesTestJSON:test_create_image_from_suspended_server): 200 GET http://10.180.1.21/compute/v2.1/servers/57b4f275-a40f-4455-bbd7-47ef6bdbb082 3.702s
2025-12-08 18:21:11.847 65853 INFO tempest.common.waiters [-] State transition "BUILD/spawning" ==> "ACTIVE/None" after 26 second wait
2025-12-08 18:21:12.669 65877 INFO tempest.lib.common.rest_client [req-bfdac8f9-976a-450d-8017-fc346c620738 req-bfdac8f9-976a-450d-8017-fc346c620738 ] Request (FloatingIPsAssociationNegativeTestJSON:test_associate_ip_to_server_with_floating_ip): 200 POST http://10.180.1.21/compute/v2.1/os-floating-ips 4.994s
2025-12-08 18:21:12.688 65827 INFO tempest.lib.common.rest_client [req-fc9c66ba-0003-41c5-8ee9-bc8ec082ff7d req-fc9c66ba-0003-41c5-8ee9-bc8ec082ff7d ] Request (FlavorsAdminTestJSON:test_is_public_string_variations): 200 GET http://10.180.1.21/compute/v2.1/flavors/detail?is_public=no 4.366s
2025-12-08 18:21:12.709 65849 INFO tempest.lib.common.rest_client [req-0675045f-8e79-44a1-bb6c-b6ce646289c5 req-0675045f-8e79-44a1-bb6c-b6ce646289c5 ] Request (AggregatesAdminNegativeTestJSON:_run_cleanups): 200 DELETE http://10.180.1.21/compute/v2.1/os-aggregates/7 4.187s
2025-12-08 18:21:12.754 65829 INFO tempest.lib.common.rest_client [req-556d4633-7997-4db7-94a6-f433ed2e5f32 req-556d4633-7997-4db7-94a6-f433ed2e5f32 ] Request (ServerGroupTestJSON:setUpClass): 200 PUT http://10.180.1.21/networking/v2.0/routers/2b249b81-727e-450d-810e-e62b3022937d/add_router_interface 1.032s
2025-12-08 18:21:12.754 65829 INFO tempest.lib.common.dynamic_creds [-] Created isolated network resources for: credentials: Credentials: {'domain_id': 'default', 'domain_name': 'Default', 'username': 'tempest-ServerGroupTestJSON-693151133-project-member', 'project_domain_id': 'default', 'project_domain_name': 'Default', 'project_id': 'e5b9e1be94c341ce9d8fe24e5d2dd7e0', 'project_name': 'tempest-ServerGroupTestJSON-693151133', 'tenant_id': 'e5b9e1be94c341ce9d8fe24e5d2dd7e0', 'tenant_name': 'tempest-ServerGroupTestJSON-693151133', 'user_domain_id': 'default', 'user_domain_name': 'Default', 'user_id': '9bb0a962b2f346e08bcd824024eebe6a', 'system': None}, Network: {'id': '0a85daf6-341d-4cc3-a1a8-2fd2876128eb', 'name': 'tempest-ServerGroupTestJSON-1030905160-network', 'tenant_id': 'e5b9e1be94c341ce9d8fe24e5d2dd7e0', 'project_id': 'e5b9e1be94c341ce9d8fe24e5d2dd7e0', 'admin_state_up': True, 'mtu': 8950, 'status': 'ACTIVE', 'subnets': [], 'shared': False, 'port_security_enabled': True, 'router:external': False, 'provider:network_type': 'vlan', 'provider:physical_network': 'default', 'provider:segmentation_id': 804, 'availability_zone_hints': [], 'availability_zones': [], 'ipv4_address_scope': None, 'ipv6_address_scope': None, 'description': '', 'tags': [], 'created_at': '2025-12-08T18:21:10Z', 'updated_at': '2025-12-08T18:21:10Z', 'revision_number': 1}, Subnet: {'id': '0b779430-ac2c-4ef0-8a51-2002929e49d3', 'name': 'tempest-ServerGroupTestJSON-1030905160-subnet', 'tenant_id': 'e5b9e1be94c341ce9d8fe24e5d2dd7e0', 'network_id': '0a85daf6-341d-4cc3-a1a8-2fd2876128eb', 'ip_version': 4, 'subnetpool_id': None, 'enable_dhcp': True, 'ipv6_ra_mode': None, 'ipv6_address_mode': None, 'gateway_ip': '192.168.128.1', 'cidr': '192.168.128.0/28', 'allocation_pools': [{'start': '192.168.128.2', 'end': '192.168.128.14'}], 'host_routes': [], 'dns_nameservers': [], 'description': '', 'router:external': False, 'service_types': [], 'tags': [], 'created_at': '2025-12-08T18:21:10Z', 'updated_at': '2025-12-08T18:21:10Z', 'revision_number': 0, 'project_id': 'e5b9e1be94c341ce9d8fe24e5d2dd7e0'}, Router: {'id': '2b249b81-727e-450d-810e-e62b3022937d', 'name': 'tempest-ServerGroupTestJSON-1030905160-router', 'tenant_id': 'e5b9e1be94c341ce9d8fe24e5d2dd7e0', 'admin_state_up': True, 'status': 'ACTIVE', 'external_gateway_info': {'network_id': 'abbeb410-51da-4df5-aa4c-f18a16b13546', 'external_fixed_ips': [{'subnet_id': '74848fa8-f53d-4fb7-90ea-ba2892691de7', 'ip_address': '10.180.180.247'}], 'enable_snat': True}, 'description': '', 'availability_zones': [], 'distributed': False, 'ha': False, 'availability_zone_hints': [], 'routes': [], 'flavor_id': None, 'tags': [], 'created_at': '2025-12-08T18:21:11Z', 'updated_at': '2025-12-08T18:21:11Z', 'revision_number': 2, 'project_id': 'e5b9e1be94c341ce9d8fe24e5d2dd7e0'}
2025-12-08 18:21:12.898 65829 INFO tempest.lib.common.rest_client [req-7f4a4e15-34c8-42e4-9042-5ba36a8e205d req-7f4a4e15-34c8-42e4-9042-5ba36a8e205d ] Request (ServerGroupTestJSON:setUpClass): 201 POST http://10.180.1.21/identity/v3/auth/tokens 0.138s
2025-12-08 18:21:12.913 65887 INFO tempest.lib.common.rest_client [req-a1e9a94d-9aa7-46ed-8c06-63917cf95737 req-a1e9a94d-9aa7-46ed-8c06-63917cf95737 ] Request (ServerShowV254Test:test_rebuild_server): 200 GET http://10.180.1.21/compute/v2.1/servers/227d0261-904a-443c-8e69-9e442fb883ea 4.223s
2025-12-08 18:21:12.957 65835 INFO tempest.lib.common.rest_client [req-bd0a0c45-8fe4-4f94-a4ec-9f0acea83b31 req-bd0a0c45-8fe4-4f94-a4ec-9f0acea83b31 ] Request (KeyPairsV2TestJSON:test_keypairs_create_list_delete): 200 POST http://10.180.1.21/compute/v2.1/os-keypairs 4.007s
2025-12-08 18:21:13.176 65831 INFO paramiko.transport [-] Connected (version 2.0, client dropbear_2020.81)
2025-12-08 18:21:13.194 65851 INFO tempest.lib.common.rest_client [req-999e8e30-03d7-4bad-b44d-71e243caa557 req-999e8e30-03d7-4bad-b44d-71e243caa557 ] Request (SecurityGroupsTestJSON:test_server_security_groups): 200 POST http://10.180.1.21/compute/v2.1/os-security-groups 4.239s
2025-12-08 18:21:13.254 65831 INFO paramiko.transport [-] Authentication (publickey) successful!
2025-12-08 18:21:13.255 65831 INFO tempest.lib.common.ssh [-] ssh connection to cirros@10.180.180.146 successfully created
2025-12-08 18:21:13.404 65845 INFO tempest.lib.common.rest_client [req-a207d96f-b7fb-4771-b556-014cb189e454 req-a207d96f-b7fb-4771-b556-014cb189e454 ] Request (AttachInterfacesUnderV243Test:test_add_remove_fixed_ip): 200 GET http://10.180.1.21/compute/v2.1/servers/a2acee82-0940-4d6b-a72e-3d844ca6304a 4.202s
2025-12-08 18:21:13.412 65879 INFO tempest.lib.common.rest_client [req-d283119a-e519-4848-aaf5-7bf9eae02fe1 req-d283119a-e519-4848-aaf5-7bf9eae02fe1 ] Request (ServerMetadataNegativeTestJSON:setUpClass): 202 POST http://10.180.1.21/compute/v2.1/servers 5.136s
2025-12-08 18:21:13.413 65845 INFO tempest.common.waiters [-] State transition "BUILD/networking" ==> "BUILD/spawning" after 20 second wait
2025-12-08 18:21:13.539 65861 INFO tempest.lib.common.rest_client [req-7d857cbf-3ef7-4c26-928a-281f7b35f429 req-7d857cbf-3ef7-4c26-928a-281f7b35f429 ] Request (ImagesNegativeTestJSON:test_create_image_from_deleted_server): 200 GET http://10.180.1.21/compute/v2.1/servers/2c4faf25-ca44-4ec2-8ea7-9750ec78817b 4.096s
2025-12-08 18:21:13.581 65841 INFO tempest.lib.common.rest_client [req-0d2fc70f-0af2-414e-8f8b-278f568fbfd0 req-0d2fc70f-0af2-414e-8f8b-278f568fbfd0 ] Request (ServersTestManualDisk:setUpClass): 200 GET http://10.180.1.21/compute/v2.1/servers/bcb95a17-0553-42c3-8aa4-2dbdf4912247 4.292s
2025-12-08 18:21:13.592 65863 WARNING tempest.lib.common.ssh [-] Failed to establish authenticated ssh connection to cirros@10.180.180.236 ([Errno None] Unable to connect to port 22 on 10.180.180.236). Number attempts: 6. Retry after 7 seconds.: paramiko.ssh_exception.NoValidConnectionsError: [Errno None] Unable to connect to port 22 on 10.180.180.236
2025-12-08 18:21:13.625 65859 INFO tempest.lib.common.rest_client [req-290942d2-944f-4db4-923d-a7a04208c108 req-290942d2-944f-4db4-923d-a7a04208c108 ] Request (FloatingIPsAssociationTestJSON:tearDownClass): 200 GET http://10.180.1.21/compute/v2.1/servers/42eeead3-1f0f-405e-aba3-8afcf6f24f17 3.931s
2025-12-08 18:21:13.707 65881 INFO tempest.lib.common.rest_client [req-c17de0cf-78fb-4bc0-809b-2813f72877e6 req-c17de0cf-78fb-4bc0-809b-2813f72877e6 ] Request (ServersTestJSON:test_create_server_with_ipv6_addr_only): 200 GET http://10.180.1.21/compute/v2.1/servers/73211073-76e7-4f36-bdc0-cb3902e5ebbb 3.918s
2025-12-08 18:21:13.720 65839 INFO tempest.lib.common.rest_client [req-a087361c-01c4-43b7-b917-f86052d3ba04 req-a087361c-01c4-43b7-b917-f86052d3ba04 ] Request (DeleteServersTestJSON:test_delete_server_while_in_attached_volume): 200 GET http://10.180.1.21/compute/v2.1/servers/1c0c7c6b-bdee-4a24-aa09-9b80f440e784 3.827s
2025-12-08 18:21:13.737 65867 INFO tempest.lib.common.rest_client [req-9f2d25dc-5abc-4a74-b6fe-ba6c417b4d51 req-9f2d25dc-5abc-4a74-b6fe-ba6c417b4d51 ] Request (VolumesSnapshotsTestJSON:tearDownClass): 404 DELETE http://10.180.1.21/compute/v2.1/os-volumes/542548f3-0aa4-4704-9098-585148424f22 3.787s
2025-12-08 18:21:13.750 65889 INFO tempest.lib.common.rest_client [req-4df93cb1-6492-4bb7-ac57-3fa700c0fe31 req-4df93cb1-6492-4bb7-ac57-3fa700c0fe31 ] Request (FlavorsExtraSpecsNegativeTestJSON:test_flavor_non_admin_update_specific_key): 200 POST http://10.180.1.21/compute/v2.1/flavors/1823923360/os-extra_specs 3.794s
2025-12-08 18:21:13.813 65885 INFO tempest.lib.common.rest_client [req-b29a0da3-24cb-451c-bdc6-e96b3e58cf98 req-b29a0da3-24cb-451c-bdc6-e96b3e58cf98 ] Request (ServerRescueNegativeTestJSON:test_rescued_vm_detach_volume): 200 POST http://10.180.1.21/compute/v2.1/os-keypairs 3.322s
2025-12-08 18:21:13.867 65833 INFO tempest.lib.common.rest_client [req-d04a44b3-eba6-4bc7-9007-9a92fceac970 req-d04a44b3-eba6-4bc7-9007-9a92fceac970 ] Request (InstanceActionsTestJSON:test_list_instance_actions): 200 GET http://10.180.1.21/compute/v2.1/servers/ccc219a5-80b7-4384-8b03-b98a9d06f1cd/os-instance-actions 3.372s
2025-12-08 18:21:13.999 65885 INFO tempest.lib.common.rest_client [req-6405cdf7-3503-46d7-bef6-00f55c47f825 req-6405cdf7-3503-46d7-bef6-00f55c47f825 ] Request (ServerRescueNegativeTestJSON:test_rescued_vm_detach_volume): 201 POST http://10.180.1.21/networking/v2.0/security-groups 0.184s
2025-12-08 18:21:14.038 65855 INFO tempest.lib.common.rest_client [req-ba083255-5142-43b3-b15a-88db1ea6b212 req-ba083255-5142-43b3-b15a-88db1ea6b212 ] Request (ServerDiskConfigTestJSON:test_rebuild_server_with_auto_disk_config): 200 GET http://10.180.1.21/compute/v2.1/servers/b9943e44-2ebe-4c5b-844e-15e5415ad2a0 3.679s
2025-12-08 18:21:14.045 65855 INFO tempest.common.waiters [-] State transition "BUILD/None" ==> "BUILD/spawning" after 21 second wait
2025-12-08 18:21:14.083 65857 INFO tempest.lib.common.rest_client [req-8de6e8bd-1d6c-42e1-a033-4b3bf2eecc36 req-8de6e8bd-1d6c-42e1-a033-4b3bf2eecc36 ] Request (ImagesOneServerTestJSON:test_create_image_specify_multibyte_character_image_name): 200 GET http://10.180.1.21/compute/v2.1/images/306475b1-4002-40ba-958c-ca7a861f4611 3.408s
2025-12-08 18:21:14.196 65885 INFO tempest.lib.common.rest_client [req-2786154f-81f0-43f6-8ca5-b89b541b9a26 req-2786154f-81f0-43f6-8ca5-b89b541b9a26 ] Request (ServerRescueNegativeTestJSON:test_rescued_vm_detach_volume): 201 POST http://10.180.1.21/networking/v2.0/security-group-rules 0.197s
2025-12-08 18:21:14.266 65837 INFO tempest.lib.common.rest_client [req-d63d7198-aa61-414b-a552-21b8318dd796 req-d63d7198-aa61-414b-a552-21b8318dd796 ] Request (MigrationsAdminTest:test_list_migrations_in_flavor_resize_situation): 200 GET http://10.180.1.21/compute/v2.1/servers/bfc0a027-f5ed-4274-9891-2c37225f2bf8 3.631s
2025-12-08 18:21:14.386 65885 INFO tempest.lib.common.rest_client [req-93e153dc-4ef1-440a-b392-9bf7768f137d req-93e153dc-4ef1-440a-b392-9bf7768f137d ] Request (ServerRescueNegativeTestJSON:test_rescued_vm_detach_volume): 201 POST http://10.180.1.21/networking/v2.0/security-group-rules 0.190s
2025-12-08 18:21:14.424 65873 INFO tempest.lib.common.rest_client [req-bf545e28-1e9a-4079-b918-0b7cf54b8539 req-bf545e28-1e9a-4079-b918-0b7cf54b8539 ] Request (ServersNegativeTestJSON:setUpClass): 200 GET http://10.180.1.21/compute/v2.1/servers/58139534-bca0-4170-b66e-4a60de31c922 3.672s
2025-12-08 18:21:14.432 65873 INFO tempest.common.waiters [-] State transition "BUILD/None" ==> "BUILD/spawning" after 16 second wait
2025-12-08 18:21:14.441 65869 INFO tempest.lib.common.rest_client [req-860b7807-3cef-4b27-aae8-9536b9fa45b7 req-860b7807-3cef-4b27-aae8-9536b9fa45b7 ] Request (AttachInterfacesV270Test:test_create_get_list_interfaces): 200 GET http://10.180.1.21/compute/v2.1/servers/679ee6dd-393a-461b-b79f-c82aaf0a311f 3.599s
2025-12-08 18:21:15.034 65885 INFO tempest.lib.common.rest_client [req-214ae5f0-278a-46dd-a245-5842fb82e8ca req-214ae5f0-278a-46dd-a245-5842fb82e8ca ] Request (ServerRescueNegativeTestJSON:test_rescued_vm_detach_volume): 201 POST http://10.180.1.21/networking/v2.0/floatingips 0.647s
2025-12-08 18:21:15.068 65865 INFO tempest.lib.common.rest_client [req-04310d3b-0e42-4e4a-abeb-98ae8b344c18 req-04310d3b-0e42-4e4a-abeb-98ae8b344c18 ] Request (ServersTestFqdnHostnames:tearDownClass): 200 GET http://10.180.1.21/compute/v2.1/servers/1590e55d-ce81-49c6-be3d-33cebe1e4e73 4.156s
2025-12-08 18:21:15.082 65847 INFO tempest.lib.common.rest_client [req-52dd2261-d6be-4102-ab48-4c19e32741d2 req-52dd2261-d6be-4102-ab48-4c19e32741d2 ] Request (ListImageFiltersTestJSON:setUpClass): 200 GET http://10.180.1.21/compute/v2.1/servers/e991a87e-b232-4178-83af-35c53bac3812 4.153s
2025-12-08 18:21:15.147 65885 INFO tempest.lib.common.rest_client [req-6c44e6a0-7d47-4a5a-b51b-84a0e75b4df5 req-6c44e6a0-7d47-4a5a-b51b-84a0e75b4df5 ] Request (ServerRescueNegativeTestJSON:test_rescued_vm_detach_volume): 201 POST http://10.180.1.21/identity/v3/auth/tokens 0.107s
2025-12-08 18:21:15.149 65885 INFO tempest.lib.common.fixed_network [-] (ServerRescueNegativeTestJSON:test_rescued_vm_detach_volume) Found network {'id': '3d1b9086-66a0-4d07-9b5d-41ff743e0d81', 'name': 'tempest-ServerRescueNegativeTestJSON-1451616896-network', 'tenant_id': '056b84b3193d44dba1e5862ce03c16e9', 'project_id': '056b84b3193d44dba1e5862ce03c16e9', 'admin_state_up': True, 'mtu': 8950, 'status': 'ACTIVE', 'subnets': [], 'shared': False, 'port_security_enabled': True, 'router:external': False, 'provider:network_type': 'vlan', 'provider:physical_network': 'default', 'provider:segmentation_id': 136, 'availability_zone_hints': [], 'availability_zones': [], 'ipv4_address_scope': None, 'ipv6_address_scope': None, 'description': '', 'tags': [], 'created_at': '2025-12-08T18:19:18Z', 'updated_at': '2025-12-08T18:19:18Z', 'revision_number': 1} available for tenant
2025-12-08 18:21:15.194 65853 INFO tempest.lib.common.rest_client [req-f81126d6-dea7-45b6-973c-2a0c81d67e69 req-f81126d6-dea7-45b6-973c-2a0c81d67e69 ] Request (ImagesTestJSON:test_create_image_from_suspended_server): 202 POST http://10.180.1.21/compute/v2.1/servers/57b4f275-a40f-4455-bbd7-47ef6bdbb082/action 3.346s
2025-12-08 18:21:15.214 65827 INFO tempest.lib.common.rest_client [req-6b243f61-75b4-417d-aacb-6bbdf0ce6001 req-6b243f61-75b4-417d-aacb-6bbdf0ce6001 ] Request (FlavorsAdminTestJSON:test_is_public_string_variations): 200 GET http://10.180.1.21/compute/v2.1/flavors/detail?is_public=0 2.523s
2025-12-08 18:21:15.238 65849 INFO tempest.lib.common.rest_client [req-9fadab52-a858-45ac-9814-f935e423ca0e req-9fadab52-a858-45ac-9814-f935e423ca0e ] Request (AggregatesAdminNegativeTestJSON:test_aggregate_remove_nonexistent_host): 200 POST http://10.180.1.21/compute/v2.1/os-aggregates 2.525s
2025-12-08 18:21:15.334 65829 INFO tempest.lib.common.rest_client [req-caae1ee2-3b1f-4afe-8b2b-e2b12e192953 req-caae1ee2-3b1f-4afe-8b2b-e2b12e192953 ] Request (ServerGroupTestJSON:setUp): 200 POST http://10.180.1.21/compute/v2.1/os-server-groups 2.434s
2025-12-08 18:21:15.345 65835 INFO tempest.lib.common.rest_client [req-daa6c0a0-0ea7-483f-a689-abf98e9a2d8f req-daa6c0a0-0ea7-483f-a689-abf98e9a2d8f ] Request (KeyPairsV2TestJSON:test_keypairs_create_list_delete): 200 GET http://10.180.1.21/compute/v2.1/os-keypairs 2.386s
2025-12-08 18:21:15.504 65851 INFO tempest.lib.common.rest_client [req-93da5b57-675a-4d0a-bf0c-ea8d3a97dc70 req-93da5b57-675a-4d0a-bf0c-ea8d3a97dc70 ] Request (SecurityGroupsTestJSON:test_server_security_groups): 200 POST http://10.180.1.21/compute/v2.1/os-security-groups 2.305s
2025-12-08 18:21:15.596 65851 INFO tempest.lib.common.rest_client [req-d676dd4a-c795-4cf2-a786-3006f20ed8ac req-d676dd4a-c795-4cf2-a786-3006f20ed8ac ] Request (SecurityGroupsTestJSON:test_server_security_groups): 201 POST http://10.180.1.21/identity/v3/auth/tokens 0.086s
2025-12-08 18:21:15.597 65851 INFO tempest.lib.common.fixed_network [-] (SecurityGroupsTestJSON:test_server_security_groups) Found network {'id': '2c7d8164-775e-4fc1-b44e-6f2f38778302', 'name': 'tempest-SecurityGroupsTestJSON-93742729-network', 'tenant_id': '557844f0f0e541f88ba5ef9384507e73', 'project_id': '557844f0f0e541f88ba5ef9384507e73', 'admin_state_up': True, 'mtu': 8950, 'status': 'ACTIVE', 'subnets': [], 'shared': False, 'port_security_enabled': True, 'router:external': False, 'provider:network_type': 'vlan', 'provider:physical_network': 'default', 'provider:segmentation_id': 269, 'availability_zone_hints': [], 'availability_zones': [], 'ipv4_address_scope': None, 'ipv6_address_scope': None, 'description': '', 'tags': [], 'created_at': '2025-12-08T18:19:15Z', 'updated_at': '2025-12-08T18:19:15Z', 'revision_number': 1} available for tenant
2025-12-08 18:21:16.135 65831 INFO tempest.lib.common.rest_client [req-8d76057c-98d4-4d1a-9b3d-ba497d9cd5b0 req-8d76057c-98d4-4d1a-9b3d-ba497d9cd5b0 ] Request (ServerActionsTestOtherA:setUp): 200 GET http://10.180.1.21/compute/v2.1/servers/2b7a4d7f-5605-4148-b487-df63eec67406 2.879s
2025-12-08 18:21:16.225 65831 INFO tempest.lib.common.rest_client [req-a6fe8ec1-f9d8-44ef-9d0a-876c100a7d20 req-a6fe8ec1-f9d8-44ef-9d0a-876c100a7d20 ] Request (ServerActionsTestOtherA:test_rebuild_server_in_stop_state): 201 POST http://10.180.1.21/identity/v3/auth/tokens 0.074s
2025-12-08 18:21:16.225 65831 INFO tempest.lib.common.fixed_network [-] (ServerActionsTestOtherA:test_rebuild_server_in_stop_state) Found network {'id': 'b1d920d7-81d0-4325-abd1-e16f1956694a', 'name': 'tempest-ServerActionsTestOtherA-374414849-network', 'tenant_id': 'dd6bec33c6fc4ccc8224a6b37894ba0d', 'project_id': 'dd6bec33c6fc4ccc8224a6b37894ba0d', 'admin_state_up': True, 'mtu': 8950, 'status': 'ACTIVE', 'subnets': [], 'shared': False, 'port_security_enabled': True, 'router:external': False, 'provider:network_type': 'vlan', 'provider:physical_network': 'default', 'provider:segmentation_id': 461, 'availability_zone_hints': [], 'availability_zones': [], 'ipv4_address_scope': None, 'ipv6_address_scope': None, 'description': '', 'tags': [], 'created_at': '2025-12-08T18:19:20Z', 'updated_at': '2025-12-08T18:19:20Z', 'revision_number': 1} available for tenant
2025-12-08 18:21:16.340 65879 INFO tempest.lib.common.rest_client [req-45b61aea-39ff-47c1-8dce-87ed2c8a7468 req-45b61aea-39ff-47c1-8dce-87ed2c8a7468 ] Request (ServerMetadataNegativeTestJSON:setUpClass): 200 GET http://10.180.1.21/compute/v2.1/servers/6a146594-3a86-484f-9ddb-638406ee41d0 2.926s
2025-12-08 18:21:16.365 65867 INFO tempest.lib.common.rest_client [req-3289a915-70ef-46da-80ab-c702f2ccb48e req-3289a915-70ef-46da-80ab-c702f2ccb48e ] Request (VolumesSnapshotsTestJSON:tearDownClass): 404 GET http://10.180.1.21/compute/v2.1/os-volumes/542548f3-0aa4-4704-9098-585148424f22 2.627s
2025-12-08 18:21:16.375 65889 INFO tempest.lib.common.rest_client [req-83fc3d86-c7b9-4f4f-8d9c-94b438fc283a req-83fc3d86-c7b9-4f4f-8d9c-94b438fc283a ] Request (FlavorsExtraSpecsNegativeTestJSON:test_flavor_non_admin_update_specific_key): 403 PUT http://10.180.1.21/compute/v2.1/flavors/1823923360/os-extra_specs/hw:numa_nodes 2.623s
2025-12-08 18:21:16.496 65833 INFO tempest.lib.common.rest_client [req-79d25722-d1f3-4d1b-8cd6-300498e6cc6f req-79d25722-d1f3-4d1b-8cd6-300498e6cc6f ] Request (InstanceActionsTestJSON:tearDownClass): 204 DELETE http://10.180.1.21/compute/v2.1/servers/ccc219a5-80b7-4384-8b03-b98a9d06f1cd 2.625s
2025-12-08 18:21:16.500 65867 INFO tempest.lib.common.rest_client [req-7481eb7e-102c-4619-83c9-c27427baa8e9 req-7481eb7e-102c-4619-83c9-c27427baa8e9 ] Request (VolumesSnapshotsTestJSON:tearDownClass): 204 DELETE http://10.180.1.21/identity/v3/users/2b5ddd4c49f645dca637b0620d3fd8ae 0.135s
2025-12-08 18:21:16.500 65875 WARNING tempest.lib.common.ssh [-] Failed to establish authenticated ssh connection to cirros@10.180.180.197 ([Errno None] Unable to connect to port 22 on 10.180.180.197). Number attempts: 5. Retry after 6 seconds.: paramiko.ssh_exception.NoValidConnectionsError: [Errno None] Unable to connect to port 22 on 10.180.180.197
2025-12-08 18:21:16.500 65867 INFO tempest.lib.common.dynamic_creds [-] Deleting project and security group for project: 6c538804b5cb41e9aa9efb87d15751a0
2025-12-08 18:21:16.589 65867 INFO tempest.lib.common.rest_client [req-755f9d9c-f785-44ed-9b76-bbafb705fd84 req-755f9d9c-f785-44ed-9b76-bbafb705fd84 ] Request (VolumesSnapshotsTestJSON:tearDownClass): 201 POST http://10.180.1.21/identity/v3/auth/tokens 0.089s
2025-12-08 18:21:16.637 65887 INFO tempest.lib.common.rest_client [req-f3f22c94-52c0-4342-84ee-d9f00203c637 req-f3f22c94-52c0-4342-84ee-d9f00203c637 ] Request (ServerShowV254Test:test_rebuild_server): 200 GET http://10.180.1.21/compute/v2.1/servers/227d0261-904a-443c-8e69-9e442fb883ea 2.711s
2025-12-08 18:21:16.646 65887 INFO tempest.common.waiters [-] State transition "BUILD/spawning" ==> "ACTIVE/None" after 24 second wait
2025-12-08 18:21:16.839 65867 INFO tempest.lib.common.rest_client [req-02859839-0758-427e-a0ac-cc0cc44d5094 req-02859839-0758-427e-a0ac-cc0cc44d5094 ] Request (VolumesSnapshotsTestJSON:tearDownClass): 200 GET http://10.180.1.21/networking/v2.0/security-groups?tenant_id=6c538804b5cb41e9aa9efb87d15751a0&name=default 0.250s
2025-12-08 18:21:17.121 65867 INFO tempest.lib.common.rest_client [req-59060e49-c6d1-48dd-b10c-f2c0fabce7a9 req-59060e49-c6d1-48dd-b10c-f2c0fabce7a9 ] Request (VolumesSnapshotsTestJSON:tearDownClass): 204 DELETE http://10.180.1.21/networking/v2.0/security-groups/1448e7d5-9f2f-41a3-afa8-8da45e1c8123 0.281s
2025-12-08 18:21:17.208 65877 INFO tempest.lib.common.rest_client [req-59bd6a9a-564d-4bdb-a3a6-45c238d80a12 req-59bd6a9a-564d-4bdb-a3a6-45c238d80a12 ] Request (FloatingIPsAssociationNegativeTestJSON:test_associate_ip_to_server_with_floating_ip): 202 POST http://10.180.1.21/compute/v2.1/servers/4f6098b5-950f-4556-be94-deb7c47b2f7b/action 4.537s
2025-12-08 18:21:17.236 65845 INFO tempest.lib.common.rest_client [req-b5c59662-54d3-4eef-b8b4-9a98a8cfa16f req-b5c59662-54d3-4eef-b8b4-9a98a8cfa16f ] Request (AttachInterfacesUnderV243Test:test_add_remove_fixed_ip): 200 GET http://10.180.1.21/compute/v2.1/servers/a2acee82-0940-4d6b-a72e-3d844ca6304a 2.822s
2025-12-08 18:21:17.238 65867 INFO tempest.lib.common.rest_client [req-d9a805d1-726a-4152-af25-c73e42deb17f req-d9a805d1-726a-4152-af25-c73e42deb17f ] Request (VolumesSnapshotsTestJSON:tearDownClass): 204 DELETE http://10.180.1.21/identity/v3/projects/6c538804b5cb41e9aa9efb87d15751a0 0.117s
2025-12-08 18:21:17.291 65861 INFO tempest.lib.common.rest_client [req-9f6bfe44-2161-45f9-a48b-9d689cdf3878 req-9f6bfe44-2161-45f9-a48b-9d689cdf3878 ] Request (ImagesNegativeTestJSON:test_create_image_from_deleted_server): 200 GET http://10.180.1.21/compute/v2.1/servers/2c4faf25-ca44-4ec2-8ea7-9750ec78817b 2.739s
2025-12-08 18:21:17.323 65859 INFO tempest.lib.common.rest_client [req-bdd14521-d96c-4ca2-a34f-d2ebcb004237 req-bdd14521-d96c-4ca2-a34f-d2ebcb004237 ] Request (FloatingIPsAssociationTestJSON:tearDownClass): 404 GET http://10.180.1.21/compute/v2.1/servers/42eeead3-1f0f-405e-aba3-8afcf6f24f17 2.685s
2025-12-08 18:21:17.373 65841 INFO tempest.lib.common.rest_client [req-a402508e-7d92-43a5-b2d4-3fdc540dd680 req-a402508e-7d92-43a5-b2d4-3fdc540dd680 ] Request (ServersTestManualDisk:setUpClass): 200 GET http://10.180.1.21/compute/v2.1/servers/bcb95a17-0553-42c3-8aa4-2dbdf4912247 2.784s
2025-12-08 18:21:17.382 65841 INFO tempest.common.waiters [-] State transition "BUILD/spawning" ==> "ACTIVE/None" after 25 second wait
2025-12-08 18:21:17.399 65881 INFO tempest.lib.common.rest_client [req-dd660807-ee22-49ee-8089-6b94bb4e77fb req-dd660807-ee22-49ee-8089-6b94bb4e77fb ] Request (ServersTestJSON:test_create_server_with_ipv6_addr_only): 200 GET http://10.180.1.21/compute/v2.1/servers/73211073-76e7-4f36-bdc0-cb3902e5ebbb 2.684s
2025-12-08 18:21:17.436 65839 INFO tempest.lib.common.rest_client [req-8395fd32-8f97-41f7-b6ef-8bfcc8504556 req-8395fd32-8f97-41f7-b6ef-8bfcc8504556 ] Request (DeleteServersTestJSON:test_delete_server_while_in_attached_volume): 200 GET http://10.180.1.21/compute/v2.1/servers/1c0c7c6b-bdee-4a24-aa09-9b80f440e784 2.705s
2025-12-08 18:21:17.488 65857 INFO tempest.lib.common.rest_client [req-99421b40-9453-4d9d-89a1-8e8eaf6c6b4a req-99421b40-9453-4d9d-89a1-8e8eaf6c6b4a ] Request (ImagesOneServerTestJSON:test_create_image_specify_multibyte_character_image_name): 200 GET http://10.180.1.21/compute/v2.1/images/306475b1-4002-40ba-958c-ca7a861f4611 2.397s
2025-12-08 18:21:17.561 65855 INFO tempest.lib.common.rest_client [req-de8411ab-aeeb-45ff-a601-59466854e0c8 req-de8411ab-aeeb-45ff-a601-59466854e0c8 ] Request (ServerDiskConfigTestJSON:test_rebuild_server_with_auto_disk_config): 200 GET http://10.180.1.21/compute/v2.1/servers/b9943e44-2ebe-4c5b-844e-15e5415ad2a0 2.515s
2025-12-08 18:21:17.735 65853 INFO tempest.lib.common.rest_client [req-fcef97eb-3492-4355-9997-4b6bc27c41a9 req-fcef97eb-3492-4355-9997-4b6bc27c41a9 ] Request (ImagesTestJSON:test_create_image_from_suspended_server): 200 GET http://10.180.1.21/compute/v2.1/servers/57b4f275-a40f-4455-bbd7-47ef6bdbb082 2.541s
