2025-12-12 19:00:06.061 66031 INFO tempest.lib.common.fixed_network [-] (SecurityGroupsTestJSON:test_list_security_groups_by_server) Found network {'id': '922eeeeb-e124-4ae5-97a4-0e995b16f7ec', 'name': 'tempest-SecurityGroupsTestJSON-437359683-network', 'tenant_id': '37fc01876567476f9b93d765b2cfddc8', 'project_id': '37fc01876567476f9b93d765b2cfddc8', 'admin_state_up': True, 'mtu': 8950, 'status': 'ACTIVE', 'subnets': [], 'shared': False, 'port_security_enabled': True, 'router:external': False, 'provider:network_type': 'vlan', 'provider:physical_network': 'default', 'provider:segmentation_id': 956, 'availability_zone_hints': [], 'availability_zones': [], 'ipv4_address_scope': None, 'ipv6_address_scope': None, 'description': '', 'tags': [], 'created_at': '2025-12-12T18:59:52Z', 'updated_at': '2025-12-12T18:59:52Z', 'revision_number': 1} available for tenant
2025-12-12 19:00:06.103 66015 INFO tempest.lib.common.rest_client [req-52b2a307-7795-4f66-bbf0-4acd6cff94a4 req-52b2a307-7795-4f66-bbf0-4acd6cff94a4 ] Request (HostsAdminTestJSON:setUpClass): 201 POST http://10.180.1.21/identity/v3/auth/tokens 0.078s
2025-12-12 19:00:06.151 66015 INFO tempest.lib.common.rest_client [req-b0b25142-bd92-4951-a36f-3892e13cecde req-b0b25142-bd92-4951-a36f-3892e13cecde ] Request (HostsAdminTestJSON:setUpClass): 201 POST http://10.180.1.21/identity/v3/auth/tokens 0.045s
2025-12-12 19:00:06.152 66019 WARNING tempest.lib.common.ssh [-] Failed to establish authenticated ssh connection to cirros@10.180.180.196 ([Errno None] Unable to connect to port 22 on 10.180.180.196). Number attempts: 5. Retry after 6 seconds.: paramiko.ssh_exception.NoValidConnectionsError: [Errno None] Unable to connect to port 22 on 10.180.180.196
2025-12-12 19:00:06.184 66015 INFO tempest.lib.common.rest_client [req-c63136f8-b836-430d-bbb1-3ed03a222d52 req-c63136f8-b836-430d-bbb1-3ed03a222d52 ] Request (HostsAdminTestJSON:setUpClass): 200 GET http://10.180.1.21/identity/v3/domains?name=Default 0.033s
2025-12-12 19:00:06.219 66015 INFO tempest.lib.common.rest_client [req-9947acf2-a092-45e4-9ced-e54aed6ab0db req-9947acf2-a092-45e4-9ced-e54aed6ab0db ] Request (HostsAdminTestJSON:setUpClass): 201 POST http://10.180.1.21/identity/v3/projects 0.034s
2025-12-12 19:00:06.304 66015 INFO tempest.lib.common.rest_client [req-1ee001ea-125d-4922-85ba-9112600a85e3 req-1ee001ea-125d-4922-85ba-9112600a85e3 ] Request (HostsAdminTestJSON:setUpClass): 201 POST http://10.180.1.21/identity/v3/users 0.084s
2025-12-12 19:00:06.339 66015 INFO tempest.lib.common.rest_client [req-9790366f-ddca-4cdd-8e23-0e4659640948 req-9790366f-ddca-4cdd-8e23-0e4659640948 ] Request (HostsAdminTestJSON:setUpClass): 200 GET http://10.180.1.21/identity/v3/roles 0.035s
2025-12-12 19:00:06.372 66009 INFO tempest.lib.common.rest_client [req-32ec4c28-9c23-4fed-9ca6-c7131759f7ca req-32ec4c28-9c23-4fed-9ca6-c7131759f7ca ] Request (ServerDiskConfigTestJSON:test_rebuild_server_with_manual_disk_config): 200 GET http://10.180.1.21/compute/v2.1/servers/f5428ab0-a7ec-4ed0-8a03-dbcd584f22f7 6.473s
2025-12-12 19:00:06.388 66015 INFO tempest.lib.common.rest_client [req-38d71767-52aa-4f36-b943-daa9c24b4420 req-38d71767-52aa-4f36-b943-daa9c24b4420 ] Request (HostsAdminTestJSON:setUpClass): 204 PUT http://10.180.1.21/identity/v3/projects/fdc8a330c95c457bb0f641267eeb26cf/users/063b05d3fdf84c2181b2d8ca1f61421f/roles/1d286719b83842558f802d745f50f707 0.049s
2025-12-12 19:00:06.389 66015 INFO tempest.lib.common.dynamic_creds [-] Dynamic test user 063b05d3fdf84c2181b2d8ca1f61421f is created with scope project and roles: ['member']
2025-12-12 19:00:06.389 66015 INFO tempest.lib.common.dynamic_creds [-] Acquired dynamic creds: credentials: Credentials: {'domain_id': 'default', 'domain_name': 'Default', 'username': 'tempest-HostsAdminTestJSON-344005760-project-member', 'project_domain_id': 'default', 'project_domain_name': 'Default', 'project_id': 'fdc8a330c95c457bb0f641267eeb26cf', 'project_name': 'tempest-HostsAdminTestJSON-344005760', 'tenant_id': 'fdc8a330c95c457bb0f641267eeb26cf', 'tenant_name': 'tempest-HostsAdminTestJSON-344005760', 'user_domain_id': 'default', 'user_domain_name': 'Default', 'user_id': '063b05d3fdf84c2181b2d8ca1f61421f', 'system': None}, Network: None, Subnet: None, Router: None
2025-12-12 19:00:06.389 66015 INFO tempest.lib.common.dynamic_creds [-] Created isolated network resources for: credentials: Credentials: {'domain_id': 'default', 'domain_name': 'Default', 'username': 'tempest-HostsAdminTestJSON-344005760-project-member', 'project_domain_id': 'default', 'project_domain_name': 'Default', 'project_id': 'fdc8a330c95c457bb0f641267eeb26cf', 'project_name': 'tempest-HostsAdminTestJSON-344005760', 'tenant_id': 'fdc8a330c95c457bb0f641267eeb26cf', 'tenant_name': 'tempest-HostsAdminTestJSON-344005760', 'user_domain_id': 'default', 'user_domain_name': 'Default', 'user_id': '063b05d3fdf84c2181b2d8ca1f61421f', 'system': None}, Network: None, Subnet: None, Router: None
2025-12-12 19:00:06.397 66003 INFO tempest.lib.common.rest_client [req-d338e2a7-14de-4853-89ea-cabc3257f20e req-d338e2a7-14de-4853-89ea-cabc3257f20e ] Request (ListServerFiltersTestJSON:setUpClass): 200 GET http://10.180.1.21/compute/v2.1/servers/e5d2cc50-4ee6-4e64-9b52-888968a717ca 6.462s
2025-12-12 19:00:06.409 65995 INFO tempest.lib.common.rest_client [req-6e0a8b4b-212b-40ac-ae45-cffb27106089 req-6e0a8b4b-212b-40ac-ae45-cffb27106089 ] Request (HypervisorAdminNegativeTestJSON:test_show_hypervisor_with_non_admin_user): 403 GET http://10.180.1.21/compute/v2.1/os-hypervisors/1 6.334s
2025-12-12 19:00:06.519 66015 INFO tempest.lib.common.rest_client [req-0a6f29b9-49b2-458b-88b3-a262a60f9e7a req-0a6f29b9-49b2-458b-88b3-a262a60f9e7a ] Request (HostsAdminTestJSON:setUpClass): 201 POST http://10.180.1.21/identity/v3/auth/tokens 0.126s
2025-12-12 19:00:06.630 66015 INFO tempest.lib.common.rest_client [req-446ae9ac-2ea6-47bf-91f5-68585dd9f7e2 req-446ae9ac-2ea6-47bf-91f5-68585dd9f7e2 ] Request (HostsAdminTestJSON:setUpClass): 201 POST http://10.180.1.21/identity/v3/projects 0.110s
2025-12-12 19:00:06.648 66039 INFO tempest.lib.common.rest_client [req-03051d07-2e3d-4367-8b79-121b39f6d9f4 req-03051d07-2e3d-4367-8b79-121b39f6d9f4 ] Request (ServersTestBootFromVolume:setUpClass): 200 GET http://10.180.1.21/volume/v3/volumes/78aedba8-1717-4210-afe1-44eb7ae91932 0.043s
2025-12-12 19:00:06.700 66015 INFO tempest.lib.common.rest_client [req-82686f84-25f1-41cf-ae21-a17b45008bd5 req-82686f84-25f1-41cf-ae21-a17b45008bd5 ] Request (HostsAdminTestJSON:setUpClass): 201 POST http://10.180.1.21/identity/v3/users 0.069s
2025-12-12 19:00:06.730 66015 INFO tempest.lib.common.rest_client [req-1a09e7f4-0623-42c7-9206-7cf2435d10f9 req-1a09e7f4-0623-42c7-9206-7cf2435d10f9 ] Request (HostsAdminTestJSON:setUpClass): 200 GET http://10.180.1.21/identity/v3/roles 0.029s
2025-12-12 19:00:06.768 66015 INFO tempest.lib.common.rest_client [req-ef937127-0f45-452d-abfc-be1269d9165b req-ef937127-0f45-452d-abfc-be1269d9165b ] Request (HostsAdminTestJSON:setUpClass): 204 PUT http://10.180.1.21/identity/v3/projects/420c579cda974e37a97867c71dced67f/users/38c253b445c9436698c3b125f667ffb9/roles/faf6c581404c4620a7a530ef8ce0a87b 0.038s
2025-12-12 19:00:06.831 66015 INFO tempest.lib.common.rest_client [req-bfbf6d38-66e9-4f82-a785-ef53b26e19ec req-bfbf6d38-66e9-4f82-a785-ef53b26e19ec ] Request (HostsAdminTestJSON:setUpClass): 200 GET http://10.180.1.21/identity/v3/roles 0.062s
2025-12-12 19:00:06.861 66015 INFO tempest.lib.common.rest_client [req-2cd5e0d9-8a08-46d4-9698-bad6b55d33da req-2cd5e0d9-8a08-46d4-9698-bad6b55d33da ] Request (HostsAdminTestJSON:setUpClass): 204 PUT http://10.180.1.21/identity/v3/projects/420c579cda974e37a97867c71dced67f/users/38c253b445c9436698c3b125f667ffb9/roles/faf6c581404c4620a7a530ef8ce0a87b 0.030s
2025-12-12 19:00:06.861 66015 INFO tempest.lib.common.dynamic_creds [-] Dynamic test user 38c253b445c9436698c3b125f667ffb9 is created with scope project and roles: ['admin']
2025-12-12 19:00:06.862 66015 INFO tempest.lib.common.dynamic_creds [-] Acquired dynamic creds: credentials: Credentials: {'domain_id': 'default', 'domain_name': 'Default', 'username': 'tempest-HostsAdminTestJSON-1042391278-project-admin', 'project_domain_id': 'default', 'project_domain_name': 'Default', 'project_id': '420c579cda974e37a97867c71dced67f', 'project_name': 'tempest-HostsAdminTestJSON-1042391278', 'tenant_id': '420c579cda974e37a97867c71dced67f', 'tenant_name': 'tempest-HostsAdminTestJSON-1042391278', 'user_domain_id': 'default', 'user_domain_name': 'Default', 'user_id': '38c253b445c9436698c3b125f667ffb9', 'system': None}, Network: None, Subnet: None, Router: None
2025-12-12 19:00:06.862 66015 INFO tempest.lib.common.dynamic_creds [-] Created isolated network resources for: credentials: Credentials: {'domain_id': 'default', 'domain_name': 'Default', 'username': 'tempest-HostsAdminTestJSON-1042391278-project-admin', 'project_domain_id': 'default', 'project_domain_name': 'Default', 'project_id': '420c579cda974e37a97867c71dced67f', 'project_name': 'tempest-HostsAdminTestJSON-1042391278', 'tenant_id': '420c579cda974e37a97867c71dced67f', 'tenant_name': 'tempest-HostsAdminTestJSON-1042391278', 'user_domain_id': 'default', 'user_domain_name': 'Default', 'user_id': '38c253b445c9436698c3b125f667ffb9', 'system': None}, Network: None, Subnet: None, Router: None
2025-12-12 19:00:06.950 66015 INFO tempest.lib.common.rest_client [req-30f9f4d5-e5cf-40e9-8afe-0cce58ab8f2f req-30f9f4d5-e5cf-40e9-8afe-0cce58ab8f2f ] Request (HostsAdminTestJSON:setUpClass): 201 POST http://10.180.1.21/identity/v3/auth/tokens 0.083s
2025-12-12 19:00:07.159 66043 INFO tempest.lib.common.rest_client [req-dc831050-9c2b-4927-b556-9ac6dd4b4c5c req-dc831050-9c2b-4927-b556-9ac6dd4b4c5c ] Request (VolumesAdminNegativeTest:setUpClass): 201 POST http://10.180.1.21/networking/v2.0/routers 1.685s
2025-12-12 19:00:07.377 65993 WARNING tempest.lib.common.ssh [-] Failed to establish authenticated ssh connection to cirros@10.180.180.209 ([Errno None] Unable to connect to port 22 on 10.180.180.209). Number attempts: 4. Retry after 5 seconds.: paramiko.ssh_exception.NoValidConnectionsError: [Errno None] Unable to connect to port 22 on 10.180.180.209
2025-12-12 19:00:07.693 66039 INFO tempest.lib.common.rest_client [req-879d12a7-79e9-443f-85d0-c707fd816085 req-879d12a7-79e9-443f-85d0-c707fd816085 ] Request (ServersTestBootFromVolume:setUpClass): 200 GET http://10.180.1.21/volume/v3/volumes/78aedba8-1717-4210-afe1-44eb7ae91932 0.036s
2025-12-12 19:00:07.836 65997 INFO tempest.lib.common.rest_client [req-4eab80f1-989b-4206-9f89-40877b9be29c req-4eab80f1-989b-4206-9f89-40877b9be29c ] Request (FloatingIPDetailsTestJSON:setUpClass): 200 POST http://10.180.1.21/compute/v2.1/os-floating-ips 6.532s
2025-12-12 19:00:07.936 65999 WARNING tempest.lib.common.ssh [-] Failed to establish authenticated ssh connection to cirros@10.180.180.137 ([Errno None] Unable to connect to port 22 on 10.180.180.137). Number attempts: 9. Retry after 10 seconds.: paramiko.ssh_exception.NoValidConnectionsError: [Errno None] Unable to connect to port 22 on 10.180.180.137
2025-12-12 19:00:08.144 66043 INFO tempest.lib.common.rest_client [req-c49650f5-872a-4a62-87e7-5b7757ec67b6 req-c49650f5-872a-4a62-87e7-5b7757ec67b6 ] Request (VolumesAdminNegativeTest:setUpClass): 200 PUT http://10.180.1.21/networking/v2.0/routers/2beef8a2-c677-4a57-a401-9cb6cd9f0455/add_router_interface 0.984s
2025-12-12 19:00:08.145 66043 INFO tempest.lib.common.dynamic_creds [-] Created isolated network resources for: credentials: Credentials: {'domain_id': 'default', 'domain_name': 'Default', 'username': 'tempest-VolumesAdminNegativeTest-1751419250-project-admin', 'project_domain_id': 'default', 'project_domain_name': 'Default', 'project_id': 'bcc7e98e60be4e05a6601f5089e9406c', 'project_name': 'tempest-VolumesAdminNegativeTest-1751419250', 'tenant_id': 'bcc7e98e60be4e05a6601f5089e9406c', 'tenant_name': 'tempest-VolumesAdminNegativeTest-1751419250', 'user_domain_id': 'default', 'user_domain_name': 'Default', 'user_id': '3fc2cbd82a1841889c88d8290154c526', 'system': None}, Network: {'id': '0182e0e4-c160-48b5-924d-2c12b9b75299', 'name': 'tempest-VolumesAdminNegativeTest-1607235965-network', 'tenant_id': 'bcc7e98e60be4e05a6601f5089e9406c', 'project_id': 'bcc7e98e60be4e05a6601f5089e9406c', 'admin_state_up': True, 'mtu': 8950, 'status': 'ACTIVE', 'subnets': [], 'shared': False, 'port_security_enabled': True, 'router:external': False, 'provider:network_type': 'vlan', 'provider:physical_network': 'default', 'provider:segmentation_id': 962, 'availability_zone_hints': [], 'availability_zones': [], 'ipv4_address_scope': None, 'ipv6_address_scope': None, 'description': '', 'tags': [], 'created_at': '2025-12-12T19:00:04Z', 'updated_at': '2025-12-12T19:00:04Z', 'revision_number': 1}, Subnet: {'id': 'a8ad2d81-d2f0-406b-9e82-91f2d47467a3', 'name': 'tempest-VolumesAdminNegativeTest-1607235965-subnet', 'tenant_id': 'bcc7e98e60be4e05a6601f5089e9406c', 'network_id': '0182e0e4-c160-48b5-924d-2c12b9b75299', 'ip_version': 4, 'subnetpool_id': None, 'enable_dhcp': True, 'ipv6_ra_mode': None, 'ipv6_address_mode': None, 'gateway_ip': '192.168.128.1', 'cidr': '192.168.128.0/28', 'allocation_pools': [{'start': '192.168.128.2', 'end': '192.168.128.14'}], 'host_routes': [], 'dns_nameservers': [], 'description': '', 'router:external': False, 'service_types': [], 'tags': [], 'created_at': '2025-12-12T19:00:05Z', 'updated_at': '2025-12-12T19:00:05Z', 'revision_number': 0, 'project_id': 'bcc7e98e60be4e05a6601f5089e9406c'}, Router: {'id': '2beef8a2-c677-4a57-a401-9cb6cd9f0455', 'name': 'tempest-VolumesAdminNegativeTest-1607235965-router', 'tenant_id': 'bcc7e98e60be4e05a6601f5089e9406c', 'admin_state_up': True, 'status': 'ACTIVE', 'external_gateway_info': {'network_id': '84e9fccf-6671-41d9-97f7-60640c0675b2', 'external_fixed_ips': [{'subnet_id': 'b2cc3147-8748-48ac-b755-b1de55450ec3', 'ip_address': '10.180.180.207'}], 'enable_snat': True}, 'description': '', 'availability_zones': [], 'distributed': False, 'ha': False, 'availability_zone_hints': [], 'routes': [], 'flavor_id': None, 'tags': [], 'created_at': '2025-12-12T19:00:05Z', 'updated_at': '2025-12-12T19:00:06Z', 'revision_number': 2, 'project_id': 'bcc7e98e60be4e05a6601f5089e9406c'}
2025-12-12 19:00:08.187 66023 INFO tempest.lib.common.rest_client [req-7261da51-83f0-4e03-8004-1f2c0b08d4c9 req-7261da51-83f0-4e03-8004-1f2c0b08d4c9 ] Request (ServerRescueNegativeTestJSON:setUpClass): 200 GET http://10.180.1.21/compute/v2.1/servers/87a3c63d-794d-44ab-bad6-65c323d72ae7 6.775s
2025-12-12 19:00:08.254 66043 INFO tempest.lib.common.rest_client [req-e279e014-5ff8-421c-a823-88a112eb7666 req-e279e014-5ff8-421c-a823-88a112eb7666 ] Request (VolumesAdminNegativeTest:setUpClass): 201 POST http://10.180.1.21/identity/v3/auth/tokens 0.106s
2025-12-12 19:00:08.343 66043 INFO tempest.lib.common.rest_client [req-bc39dbe2-1e22-4f20-8f65-19ad25df102d req-bc39dbe2-1e22-4f20-8f65-19ad25df102d ] Request (VolumesAdminNegativeTest:setUpClass): 201 POST http://10.180.1.21/identity/v3/projects 0.089s
2025-12-12 19:00:08.451 66043 INFO tempest.lib.common.rest_client [req-5b57a2de-69d3-4e16-a3c2-74dd71bab034 req-5b57a2de-69d3-4e16-a3c2-74dd71bab034 ] Request (VolumesAdminNegativeTest:setUpClass): 201 POST http://10.180.1.21/identity/v3/users 0.108s
2025-12-12 19:00:08.483 66043 INFO tempest.lib.common.rest_client [req-f359badb-58e8-4fe0-8fed-b975f310035c req-f359badb-58e8-4fe0-8fed-b975f310035c ] Request (VolumesAdminNegativeTest:setUpClass): 200 GET http://10.180.1.21/identity/v3/roles 0.031s
2025-12-12 19:00:08.516 66017 INFO tempest.lib.common.rest_client [req-ac909ba1-8a49-44fc-b372-36b2449723f9 req-ac909ba1-8a49-44fc-b372-36b2449723f9 ] Request (FloatingIPsAssociationTestJSON:test_associate_disassociate_floating_ip): 202 POST http://10.180.1.21/compute/v2.1/servers/57d32fb8-885e-44ba-967b-69f4bd1f5744/action 8.492s
2025-12-12 19:00:08.540 66043 INFO tempest.lib.common.rest_client [req-cd6ebd31-eb62-4613-918a-9d3a49a98e20 req-cd6ebd31-eb62-4613-918a-9d3a49a98e20 ] Request (VolumesAdminNegativeTest:setUpClass): 204 PUT http://10.180.1.21/identity/v3/projects/bbefd152272e4d39bfd3ba5315563da7/users/aa9377b9860d4c5db480d4676f69a1ef/roles/faf6c581404c4620a7a530ef8ce0a87b 0.054s
2025-12-12 19:00:08.563 66001 INFO tempest.lib.common.rest_client [req-bc1aae65-81d5-444e-9a1c-b60ca4ecd9fd req-bc1aae65-81d5-444e-9a1c-b60ca4ecd9fd ] Request (ImagesOneServerTestJSON:test_create_image_specify_multibyte_character_image_name): 200 GET http://10.180.1.21/compute/v2.1/images/1f04bff9-afe0-49b1-9eb7-e369b9348e76 6.377s
2025-12-12 19:00:08.673 66041 INFO tempest.lib.common.rest_client [req-5a38f5ac-77fa-4be6-8c48-c8962a2484c6 req-5a38f5ac-77fa-4be6-8c48-c8962a2484c6 ] Request (AttachInterfacesV270Test:test_create_get_list_interfaces): 200 GET http://10.180.1.21/compute/v2.1/servers/c0c99008-1907-4d3a-b4f6-ee6e916e2c67 6.123s
2025-12-12 19:00:08.675 66043 INFO tempest.lib.common.rest_client [req-b4087f98-b0b8-42f7-9cae-fd8dadabf63e req-b4087f98-b0b8-42f7-9cae-fd8dadabf63e ] Request (VolumesAdminNegativeTest:setUpClass): 200 GET http://10.180.1.21/identity/v3/roles 0.134s
2025-12-12 19:00:08.677 65991 INFO tempest.lib.common.rest_client [req-88d6f0bd-b497-41d3-9ac8-3cb3a7d66ec9 req-88d6f0bd-b497-41d3-9ac8-3cb3a7d66ec9 ] Request (VolumesSnapshotsTestJSON:test_volume_snapshot_create_get_list_delete): 200 POST http://10.180.1.21/compute/v2.1/os-volumes 6.683s
2025-12-12 19:00:08.701 66005 INFO tempest.lib.common.rest_client [req-9aecf244-7013-420d-9d50-c03ace2c4bc5 req-9aecf244-7013-420d-9d50-c03ace2c4bc5 ] Request (FlavorsAdminTestJSON:test_is_public_string_variations): 200 POST http://10.180.1.21/compute/v2.1/flavors 5.894s
2025-12-12 19:00:08.711 66007 INFO tempest.lib.common.rest_client [req-f3f0a86b-6c1f-4411-9ce4-9e9afa88a408 req-f3f0a86b-6c1f-4411-9ce4-9e9afa88a408 ] Request (AggregatesAdminNegativeTestJSON:test_aggregate_list_as_user): 403 GET http://10.180.1.21/compute/v2.1/os-aggregates 5.081s
2025-12-12 19:00:08.717 66043 INFO tempest.lib.common.rest_client [req-5f768ece-ae3c-4eb3-9a19-c97449b70c07 req-5f768ece-ae3c-4eb3-9a19-c97449b70c07 ] Request (VolumesAdminNegativeTest:setUpClass): 204 PUT http://10.180.1.21/identity/v3/projects/bbefd152272e4d39bfd3ba5315563da7/users/aa9377b9860d4c5db480d4676f69a1ef/roles/9e8cdd92bfef4a689469167785236b13 0.042s
2025-12-12 19:00:08.718 66043 INFO tempest.lib.common.dynamic_creds [-] Dynamic test user aa9377b9860d4c5db480d4676f69a1ef is created with scope project and roles: ['admin', 'service']
2025-12-12 19:00:08.718 66043 INFO tempest.lib.common.dynamic_creds [-] Acquired dynamic creds: credentials: Credentials: {'domain_id': 'default', 'domain_name': 'Default', 'username': 'tempest-VolumesAdminNegativeTest-1096761355-project', 'project_domain_id': 'default', 'project_domain_name': 'Default', 'project_id': 'bbefd152272e4d39bfd3ba5315563da7', 'project_name': 'tempest-VolumesAdminNegativeTest-1096761355', 'tenant_id': 'bbefd152272e4d39bfd3ba5315563da7', 'tenant_name': 'tempest-VolumesAdminNegativeTest-1096761355', 'user_domain_id': 'default', 'user_domain_name': 'Default', 'user_id': 'aa9377b9860d4c5db480d4676f69a1ef', 'system': None}, Network: None, Subnet: None, Router: None
2025-12-12 19:00:08.735 66037 INFO tempest.lib.common.rest_client [req-914589b4-9711-4b9c-92d4-d9b32ad3e787 req-914589b4-9711-4b9c-92d4-d9b32ad3e787 ] Request (ImagesOneServerNegativeTestJSON:test_create_second_image_when_first_image_is_being_saved): 409 POST http://10.180.1.21/compute/v2.1/servers/6c8165f5-6769-4954-b9ac-de8551954377/action 5.968s
2025-12-12 19:00:08.755 66039 INFO tempest.lib.common.rest_client [req-3a214d5e-0517-491f-b239-e42324a86ff8 req-3a214d5e-0517-491f-b239-e42324a86ff8 ] Request (ServersTestBootFromVolume:setUpClass): 200 GET http://10.180.1.21/volume/v3/volumes/78aedba8-1717-4210-afe1-44eb7ae91932 0.046s
2025-12-12 19:00:08.765 66039 INFO tempest.common.waiters [-] volume 78aedba8-1717-4210-afe1-44eb7ae91932 reached available after waiting for 19.765072 seconds
2025-12-12 19:00:08.765 66013 INFO tempest.lib.common.rest_client [req-42d95820-37b1-42be-bfe3-fcfc2d6a437f req-42d95820-37b1-42be-bfe3-fcfc2d6a437f ] Request (FlavorsV2TestJSON:test_list_flavors_filter_by_min_ram): 200 GET http://10.180.1.21/compute/v2.1/flavors?minRam=193 5.111s
2025-12-12 19:00:08.812 66029 INFO tempest.lib.common.rest_client [req-2b2bc983-eb0b-4cce-a969-f17753ae300f req-2b2bc983-eb0b-4cce-a969-f17753ae300f ] Request (ListImageFiltersTestJSON:setUpClass): 200 GET http://10.180.1.21/compute/v2.1/images/646c4e81-77c7-406f-95e4-b89c08a05196 3.900s
2025-12-12 19:00:08.893 65985 INFO tempest.lib.common.rest_client [req-3f72fa06-fc13-4d01-bac2-daf4f9b4d0c2 req-3f72fa06-fc13-4d01-bac2-daf4f9b4d0c2 ] Request (ServersV294TestFqdnHostnames:setUpClass): 200 GET http://10.180.1.21/compute/v2.1/servers/68d8d59b-4fc8-4993-8c9e-31b2329c88dd/os-interface 5.253s
2025-12-12 19:00:09.029 66043 INFO tempest.lib.common.rest_client [req-bf7639bc-b253-40ba-a227-3b8f12003660 req-bf7639bc-b253-40ba-a227-3b8f12003660 ] Request (VolumesAdminNegativeTest:setUpClass): 201 POST http://10.180.1.21/networking/v2.0/networks 0.310s
2025-12-12 19:00:09.065 66021 INFO tempest.lib.common.rest_client [req-07d916f4-a420-4fda-9327-c31ca60ab527 req-07d916f4-a420-4fda-9327-c31ca60ab527 ] Request (ServersAdmin275Test:test_rebuild_update_server_275): 200 GET http://10.180.1.21/compute/v2.1/servers/6e10e846-cdb7-458e-b511-18ab1742228e 3.763s
2025-12-12 19:00:09.090 65989 INFO tempest.lib.common.rest_client [req-f4fdccd7-18e7-4618-8676-9f72036fb9d0 req-f4fdccd7-18e7-4618-8676-9f72036fb9d0 ] Request (MigrationsAdminTest:test_list_migrations_in_flavor_resize_situation): 200 GET http://10.180.1.21/compute/v2.1/servers/d5e8dd05-dc3c-4831-b4b0-ac100360f3e7 3.959s
2025-12-12 19:00:09.266 65987 WARNING tempest.lib.common.ssh [-] Failed to establish authenticated ssh connection to cirros@10.180.180.190 ([Errno None] Unable to connect to port 22 on 10.180.180.190). Number attempts: 6. Retry after 7 seconds.: paramiko.ssh_exception.NoValidConnectionsError: [Errno None] Unable to connect to port 22 on 10.180.180.190
2025-12-12 19:00:09.307 66043 INFO tempest.lib.common.rest_client [req-c63544ff-9b56-4f70-aa43-ddcf8dd2c13e req-c63544ff-9b56-4f70-aa43-ddcf8dd2c13e ] Request (VolumesAdminNegativeTest:setUpClass): 201 POST http://10.180.1.21/networking/v2.0/subnets 0.277s
2025-12-12 19:00:09.458 66033 INFO tempest.lib.common.rest_client [req-2b405609-42b6-4014-b4ec-27c13c05bb75 req-2b405609-42b6-4014-b4ec-27c13c05bb75 ] Request (SecurityGroupRulesTestJSON:test_security_group_rules_create_with_optional_group_id): 200 POST http://10.180.1.21/compute/v2.1/os-security-groups 3.700s
2025-12-12 19:00:09.700 65985 INFO tempest.lib.common.rest_client [req-8f062f5f-38f7-4ffd-b157-94282bdf9b52 req-8f062f5f-38f7-4ffd-b157-94282bdf9b52 ] Request (ServersV294TestFqdnHostnames:setUpClass): 200 PUT http://10.180.1.21/networking/v2.0/floatingips/2866c8ab-3f9f-43ba-815f-fbb2df490ec8 0.804s
2025-12-12 19:00:09.791 66025 INFO tempest.lib.common.rest_client [req-a0f550cc-2e42-435d-8d49-a05791181948 req-a0f550cc-2e42-435d-8d49-a05791181948 ] Request (ServersAdminNegativeTestJSON:test_migrate_server_invalid_state): 200 GET http://10.180.1.21/compute/v2.1/servers/f44db343-7e17-4780-9a67-245992ac1a63 4.209s
2025-12-12 19:00:10.030 65983 INFO tempest.lib.common.rest_client [req-627a4875-7d81-4ab6-bb41-0407a52dac2b req-627a4875-7d81-4ab6-bb41-0407a52dac2b ] Request (DeleteServersAdminTestJSON:test_delete_server_while_in_error_state): 200 GET http://10.180.1.21/compute/v2.1/servers/dbf29bd1-780c-4756-a203-4fad05a9d3b9 3.882s
2025-12-12 19:00:10.315 66031 INFO tempest.lib.common.rest_client [req-f72c2809-8d7d-481d-80b7-ba5997504dfe req-f72c2809-8d7d-481d-80b7-ba5997504dfe ] Request (SecurityGroupsTestJSON:test_list_security_groups_by_server): 202 POST http://10.180.1.21/compute/v2.1/servers 4.253s
2025-12-12 19:00:10.321 65995 INFO tempest.lib.common.rest_client [req-d9b79a07-39c7-4dae-ba9e-57ed8e065171 req-d9b79a07-39c7-4dae-ba9e-57ed8e065171 ] Request (HypervisorAdminNegativeTestJSON:test_show_nonexistent_hypervisor): 404 GET http://10.180.1.21/compute/v2.1/os-hypervisors/1cadf267-406a-409a-9767-674bd5dfd4b9 3.909s
2025-12-12 19:00:10.461 66003 INFO tempest.lib.common.rest_client [req-83794006-52ad-4f17-971a-ded9b5c739ab req-83794006-52ad-4f17-971a-ded9b5c739ab ] Request (ListServerFiltersTestJSON:setUpClass): 200 GET http://10.180.1.21/compute/v2.1/servers/97dc8cac-8241-4912-a3ed-689439ef7ff8 4.053s
2025-12-12 19:00:10.535 66043 INFO tempest.lib.common.rest_client [req-ea1b35c5-daa3-4029-a8e9-f41cde31e3f4 req-ea1b35c5-daa3-4029-a8e9-f41cde31e3f4 ] Request (VolumesAdminNegativeTest:setUpClass): 201 POST http://10.180.1.21/networking/v2.0/routers 1.227s
2025-12-12 19:00:10.624 66015 INFO tempest.lib.common.rest_client [req-f68927f6-0e84-4e83-8ea3-0532a92ff336 req-f68927f6-0e84-4e83-8ea3-0532a92ff336 ] Request (HostsAdminTestJSON:test_list_hosts): 200 GET http://10.180.1.21/compute/v2.1/os-hosts 3.672s
2025-12-12 19:00:10.632 65995 INFO tempest.lib.common.rest_client [req-a60d1ab3-1871-4b15-b905-3c601048fb71 req-a60d1ab3-1871-4b15-b905-3c601048fb71 ] Request (HypervisorAdminNegativeTestJSON:tearDownClass): 204 DELETE http://10.180.1.21/identity/v3/users/a92552abf4754ceb97b729c4ee27739c 0.304s
2025-12-12 19:00:10.692 66045 WARNING tempest.lib.common.ssh [-] Failed to establish authenticated ssh connection to cirros@10.180.180.183 ([Errno None] Unable to connect to port 22 on 10.180.180.183). Number attempts: 9. Retry after 10 seconds.: paramiko.ssh_exception.NoValidConnectionsError: [Errno None] Unable to connect to port 22 on 10.180.180.183
2025-12-12 19:00:10.695 66009 INFO tempest.lib.common.rest_client [req-7ba6a0b9-32d1-4b6d-b6ff-668a90a324f8 req-7ba6a0b9-32d1-4b6d-b6ff-668a90a324f8 ] Request (ServerDiskConfigTestJSON:test_rebuild_server_with_manual_disk_config): 200 GET http://10.180.1.21/compute/v2.1/servers/f5428ab0-a7ec-4ed0-8a03-dbcd584f22f7 3.315s
2025-12-12 19:00:10.705 66009 INFO tempest.common.waiters [-] State transition "BUILD/spawning" ==> "ACTIVE/None" after 34 second wait
2025-12-12 19:00:10.758 65995 INFO tempest.lib.common.rest_client [req-ef8628db-7fe4-47fc-8de5-4eeb467fd9f0 req-ef8628db-7fe4-47fc-8de5-4eeb467fd9f0 ] Request (HypervisorAdminNegativeTestJSON:tearDownClass): 204 DELETE http://10.180.1.21/identity/v3/users/dae7e041dd5c4e3c89ccf8c7ec04b4a5 0.126s
2025-12-12 19:00:10.758 65995 INFO tempest.lib.common.dynamic_creds [-] Deleting project and security group for project: 4fb0b56caace42469c60273eadba79aa
2025-12-12 19:00:10.865 65995 INFO tempest.lib.common.rest_client [req-1514b9ac-acdd-4319-841e-27240af688c0 req-1514b9ac-acdd-4319-841e-27240af688c0 ] Request (HypervisorAdminNegativeTestJSON:tearDownClass): 201 POST http://10.180.1.21/identity/v3/auth/tokens 0.107s
2025-12-12 19:00:11.604 65995 INFO tempest.lib.common.rest_client [req-d9c07d27-358a-4654-8e90-ca2c50054f7f req-d9c07d27-358a-4654-8e90-ca2c50054f7f ] Request (HypervisorAdminNegativeTestJSON:tearDownClass): 200 GET http://10.180.1.21/networking/v2.0/security-groups?tenant_id=4fb0b56caace42469c60273eadba79aa&name=default 0.738s
2025-12-12 19:00:11.725 66043 INFO tempest.lib.common.rest_client [req-d816aca4-882e-47b8-b09c-411453ee02eb req-d816aca4-882e-47b8-b09c-411453ee02eb ] Request (VolumesAdminNegativeTest:setUpClass): 200 PUT http://10.180.1.21/networking/v2.0/routers/62e28bd7-1c6f-4e6c-a47a-2e2858bb44ca/add_router_interface 1.188s
2025-12-12 19:00:11.725 66043 INFO tempest.lib.common.dynamic_creds [-] Created isolated network resources for: credentials: Credentials: {'domain_id': 'default', 'domain_name': 'Default', 'username': 'tempest-VolumesAdminNegativeTest-1096761355-project', 'project_domain_id': 'default', 'project_domain_name': 'Default', 'project_id': 'bbefd152272e4d39bfd3ba5315563da7', 'project_name': 'tempest-VolumesAdminNegativeTest-1096761355', 'tenant_id': 'bbefd152272e4d39bfd3ba5315563da7', 'tenant_name': 'tempest-VolumesAdminNegativeTest-1096761355', 'user_domain_id': 'default', 'user_domain_name': 'Default', 'user_id': 'aa9377b9860d4c5db480d4676f69a1ef', 'system': None}, Network: {'id': 'ee054a15-9b38-4caf-8fc7-47d3789f4478', 'name': 'tempest-VolumesAdminNegativeTest-301837906-network', 'tenant_id': 'bbefd152272e4d39bfd3ba5315563da7', 'project_id': 'bbefd152272e4d39bfd3ba5315563da7', 'admin_state_up': True, 'mtu': 8950, 'status': 'ACTIVE', 'subnets': [], 'shared': False, 'port_security_enabled': True, 'router:external': False, 'provider:network_type': 'vlan', 'provider:physical_network': 'default', 'provider:segmentation_id': 381, 'availability_zone_hints': [], 'availability_zones': [], 'ipv4_address_scope': None, 'ipv6_address_scope': None, 'description': '', 'tags': [], 'created_at': '2025-12-12T19:00:08Z', 'updated_at': '2025-12-12T19:00:08Z', 'revision_number': 1}, Subnet: {'id': 'b9106f20-1075-460d-9bb4-15a9949fdf28', 'name': 'tempest-VolumesAdminNegativeTest-301837906-subnet', 'tenant_id': 'bbefd152272e4d39bfd3ba5315563da7', 'network_id': 'ee054a15-9b38-4caf-8fc7-47d3789f4478', 'ip_version': 4, 'subnetpool_id': None, 'enable_dhcp': True, 'ipv6_ra_mode': None, 'ipv6_address_mode': None, 'gateway_ip': '192.168.128.1', 'cidr': '192.168.128.0/28', 'allocation_pools': [{'start': '192.168.128.2', 'end': '192.168.128.14'}], 'host_routes': [], 'dns_nameservers': [], 'description': '', 'router:external': False, 'service_types': [], 'tags': [], 'created_at': '2025-12-12T19:00:09Z', 'updated_at': '2025-12-12T19:00:09Z', 'revision_number': 0, 'project_id': 'bbefd152272e4d39bfd3ba5315563da7'}, Router: {'id': '62e28bd7-1c6f-4e6c-a47a-2e2858bb44ca', 'name': 'tempest-VolumesAdminNegativeTest-301837906-router', 'tenant_id': 'bbefd152272e4d39bfd3ba5315563da7', 'admin_state_up': True, 'status': 'ACTIVE', 'external_gateway_info': {'network_id': '84e9fccf-6671-41d9-97f7-60640c0675b2', 'external_fixed_ips': [{'subnet_id': 'b2cc3147-8748-48ac-b755-b1de55450ec3', 'ip_address': '10.180.180.150'}], 'enable_snat': True}, 'description': '', 'availability_zones': [], 'distributed': False, 'ha': False, 'availability_zone_hints': [], 'routes': [], 'flavor_id': None, 'tags': [], 'created_at': '2025-12-12T19:00:09Z', 'updated_at': '2025-12-12T19:00:10Z', 'revision_number': 2, 'project_id': 'bbefd152272e4d39bfd3ba5315563da7'}
2025-12-12 19:00:11.756 66017 INFO tempest.lib.common.rest_client [req-43c25469-1a15-4bb5-b59e-a03e3390f98e req-43c25469-1a15-4bb5-b59e-a03e3390f98e ] Request (FloatingIPsAssociationTestJSON:test_associate_disassociate_floating_ip): 200 GET http://10.180.1.21/compute/v2.1/os-floating-ips/6b01cf8c-28cb-4048-9739-122eb1170210 3.240s
2025-12-12 19:00:11.818 65991 INFO tempest.lib.common.rest_client [req-7cf3f3c2-2a50-4eeb-8e87-c51828be8d78 req-7cf3f3c2-2a50-4eeb-8e87-c51828be8d78 ] Request (VolumesSnapshotsTestJSON:test_volume_snapshot_create_get_list_delete): 200 GET http://10.180.1.21/compute/v2.1/os-volumes/b8e110f5-27bf-4fb9-8a79-6736380c095e 3.134s
2025-12-12 19:00:11.824 65991 INFO tempest.common.waiters [-] volume b8e110f5-27bf-4fb9-8a79-6736380c095e reached available after waiting for 0.824895 seconds
2025-12-12 19:00:11.843 66005 INFO tempest.lib.common.rest_client [req-ff336367-e7e4-479f-bfb5-6c0ff3b0be40 req-ff336367-e7e4-479f-bfb5-6c0ff3b0be40 ] Request (FlavorsAdminTestJSON:test_is_public_string_variations): 200 GET http://10.180.1.21/compute/v2.1/flavors/detail?is_public=f 3.139s
2025-12-12 19:00:11.844 65995 INFO tempest.lib.common.rest_client [req-17e500ba-cd14-4d90-801e-e884a968e5df req-17e500ba-cd14-4d90-801e-e884a968e5df ] Request (HypervisorAdminNegativeTestJSON:tearDownClass): 204 DELETE http://10.180.1.21/networking/v2.0/security-groups/bcc85684-9639-4877-bc24-dab0a1486634 0.239s
2025-12-12 19:00:11.862 66043 INFO tempest.lib.common.rest_client [req-3976bef0-8f08-4d7a-83c2-86c964636abb req-3976bef0-8f08-4d7a-83c2-86c964636abb ] Request (VolumesAdminNegativeTest:setUpClass): 201 POST http://10.180.1.21/identity/v3/auth/tokens 0.132s
2025-12-12 19:00:11.873 66007 INFO tempest.lib.common.rest_client [req-6d0a4081-0fe6-4bb4-8283-c94252103ff0 req-6d0a4081-0fe6-4bb4-8283-c94252103ff0 ] Request (AggregatesAdminNegativeTestJSON:test_aggregate_remove_host_as_user): 200 POST http://10.180.1.21/compute/v2.1/os-aggregates 3.160s
2025-12-12 19:00:11.896 65997 INFO tempest.lib.common.rest_client [req-8c3c647d-1b62-4072-b27d-a584693c385f req-8c3c647d-1b62-4072-b27d-a584693c385f ] Request (FloatingIPDetailsTestJSON:setUpClass): 200 POST http://10.180.1.21/compute/v2.1/os-floating-ips 4.057s
2025-12-12 19:00:11.954 65995 INFO tempest.lib.common.rest_client [req-cfe17aad-c736-44e9-8344-4b21de19ffb6 req-cfe17aad-c736-44e9-8344-4b21de19ffb6 ] Request (HypervisorAdminNegativeTestJSON:tearDownClass): 204 DELETE http://10.180.1.21/identity/v3/projects/4fb0b56caace42469c60273eadba79aa 0.110s
2025-12-12 19:00:11.955 65995 INFO tempest.lib.common.dynamic_creds [-] Deleting project and security group for project: 5031e69898da49a89ca36262dff092ea
2025-12-12 19:00:11.964 66043 INFO tempest.lib.common.rest_client [req-134a636a-200b-42ab-b30f-b734721cabf2 req-134a636a-200b-42ab-b30f-b734721cabf2 ] Request (VolumesAdminNegativeTest:test_update_attached_volume_with_nonexistent_volume_in_uri): 201 POST http://10.180.1.21/identity/v3/auth/tokens 0.093s
2025-12-12 19:00:11.964 66043 INFO tempest.lib.common.fixed_network [-] (VolumesAdminNegativeTest:test_update_attached_volume_with_nonexistent_volume_in_uri) Found network {'id': '86cdd89e-db0e-4917-91d2-38f72500c93f', 'name': 'tempest-VolumesAdminNegativeTest-1017903076-network', 'tenant_id': 'fd5d40deeddf430baae1517fa72e2214', 'project_id': 'fd5d40deeddf430baae1517fa72e2214', 'admin_state_up': True, 'mtu': 8950, 'status': 'ACTIVE', 'subnets': [], 'shared': False, 'port_security_enabled': True, 'router:external': False, 'provider:network_type': 'vlan', 'provider:physical_network': 'default', 'provider:segmentation_id': 591, 'availability_zone_hints': [], 'availability_zones': [], 'ipv4_address_scope': None, 'ipv6_address_scope': None, 'description': '', 'tags': [], 'created_at': '2025-12-12T19:00:00Z', 'updated_at': '2025-12-12T19:00:01Z', 'revision_number': 1} available for tenant
2025-12-12 19:00:12.092 65995 INFO tempest.lib.common.rest_client [req-67956678-c06d-4f1b-afbd-335510f4e2e5 req-67956678-c06d-4f1b-afbd-335510f4e2e5 ] Request (HypervisorAdminNegativeTestJSON:tearDownClass): 200 GET http://10.180.1.21/networking/v2.0/security-groups?tenant_id=5031e69898da49a89ca36262dff092ea&name=default 0.137s
2025-12-12 19:00:12.261 65995 INFO tempest.lib.common.rest_client [req-5d3f03b3-4f3c-4f52-bfd5-cfe4a02f34fd req-5d3f03b3-4f3c-4f52-bfd5-cfe4a02f34fd ] Request (HypervisorAdminNegativeTestJSON:tearDownClass): 204 DELETE http://10.180.1.21/networking/v2.0/security-groups/50457878-9931-431d-aef8-bd18853a863a 0.169s
2025-12-12 19:00:12.432 65995 INFO tempest.lib.common.rest_client [req-0d002721-7995-4dab-88e5-baf004d8ef0e req-0d002721-7995-4dab-88e5-baf004d8ef0e ] Request (HypervisorAdminNegativeTestJSON:tearDownClass): 204 DELETE http://10.180.1.21/identity/v3/projects/5031e69898da49a89ca36262dff092ea 0.170s
2025-12-12 19:00:12.582 65995 INFO tempest.lib.common.rest_client [req-e25e9a52-7d59-42dc-919d-2a6736939144 req-e25e9a52-7d59-42dc-919d-2a6736939144 ] Request (ListServersNegativeTestJSON:setUpClass): 201 POST http://10.180.1.21/identity/v3/auth/tokens 0.148s
2025-12-12 19:00:12.627 65995 INFO tempest.lib.common.rest_client [req-e6e8b9eb-4864-46d8-9569-ce9ce7a26fef req-e6e8b9eb-4864-46d8-9569-ce9ce7a26fef ] Request (ListServersNegativeTestJSON:setUpClass): 201 POST http://10.180.1.21/identity/v3/auth/tokens 0.041s
2025-12-12 19:00:12.661 66019 WARNING tempest.lib.common.ssh [-] Failed to establish authenticated ssh connection to cirros@10.180.180.196 ([Errno None] Unable to connect to port 22 on 10.180.180.196). Number attempts: 6. Retry after 7 seconds.: paramiko.ssh_exception.NoValidConnectionsError: [Errno None] Unable to connect to port 22 on 10.180.180.196
2025-12-12 19:00:12.671 65995 INFO tempest.lib.common.rest_client [req-69d25a81-a550-4b09-ba7b-bfac47b22d31 req-69d25a81-a550-4b09-ba7b-bfac47b22d31 ] Request (ListServersNegativeTestJSON:setUpClass): 200 GET http://10.180.1.21/identity/v3/domains?name=Default 0.043s
2025-12-12 19:00:12.717 65995 INFO tempest.lib.common.rest_client [req-40a5e4d6-5e2f-442d-9704-0e32a7db7701 req-40a5e4d6-5e2f-442d-9704-0e32a7db7701 ] Request (ListServersNegativeTestJSON:setUpClass): 201 POST http://10.180.1.21/identity/v3/projects 0.045s
2025-12-12 19:00:12.737 66039 INFO tempest.lib.common.rest_client [req-898cf7a8-257d-4bad-bebf-0982c2bc56cc req-898cf7a8-257d-4bad-bebf-0982c2bc56cc ] Request (ServersTestBootFromVolume:setUpClass): 202 POST http://10.180.1.21/compute/v2.1/servers 3.972s
2025-12-12 19:00:12.764 66013 INFO tempest.lib.common.rest_client [req-6788bce1-5c49-4fd9-8003-8c78f413ca3c req-6788bce1-5c49-4fd9-8003-8c78f413ca3c ] Request (FlavorsV2TestJSON:test_list_flavors_limit_results): 200 GET http://10.180.1.21/compute/v2.1/flavors?limit=1 3.984s
2025-12-12 19:00:12.819 65995 INFO tempest.lib.common.rest_client [req-f2567695-52ae-4c6a-ab2e-d859bb9a9029 req-f2567695-52ae-4c6a-ab2e-d859bb9a9029 ] Request (ListServersNegativeTestJSON:setUpClass): 201 POST http://10.180.1.21/identity/v3/users 0.101s
2025-12-12 19:00:12.847 65995 INFO tempest.lib.common.rest_client [req-44010299-0034-4fe5-97c4-55483e4e9fd4 req-44010299-0034-4fe5-97c4-55483e4e9fd4 ] Request (ListServersNegativeTestJSON:setUpClass): 200 GET http://10.180.1.21/identity/v3/roles 0.028s
2025-12-12 19:00:12.880 65995 INFO tempest.lib.common.rest_client [req-ae3b909c-d6e9-49dc-8ca1-950f70825168 req-ae3b909c-d6e9-49dc-8ca1-950f70825168 ] Request (ListServersNegativeTestJSON:setUpClass): 204 PUT http://10.180.1.21/identity/v3/projects/29c2f8cc328d4f6b985d258442c440b8/users/fea95beae5204764bed110847f92907f/roles/1d286719b83842558f802d745f50f707 0.032s
2025-12-12 19:00:12.880 65995 INFO tempest.lib.common.dynamic_creds [-] Dynamic test user fea95beae5204764bed110847f92907f is created with scope project and roles: ['member']
2025-12-12 19:00:12.881 65995 INFO tempest.lib.common.dynamic_creds [-] Acquired dynamic creds: credentials: Credentials: {'domain_id': 'default', 'domain_name': 'Default', 'username': 'tempest-ListServersNegativeTestJSON-1690492374-project-member', 'project_domain_id': 'default', 'project_domain_name': 'Default', 'project_id': '29c2f8cc328d4f6b985d258442c440b8', 'project_name': 'tempest-ListServersNegativeTestJSON-1690492374', 'tenant_id': '29c2f8cc328d4f6b985d258442c440b8', 'tenant_name': 'tempest-ListServersNegativeTestJSON-1690492374', 'user_domain_id': 'default', 'user_domain_name': 'Default', 'user_id': 'fea95beae5204764bed110847f92907f', 'system': None}, Network: None, Subnet: None, Router: None
2025-12-12 19:00:12.884 65993 WARNING tempest.lib.common.ssh [-] Failed to establish authenticated ssh connection to cirros@10.180.180.209 ([Errno None] Unable to connect to port 22 on 10.180.180.209). Number attempts: 5. Retry after 6 seconds.: paramiko.ssh_exception.NoValidConnectionsError: [Errno None] Unable to connect to port 22 on 10.180.180.209
2025-12-12 19:00:12.953 65995 INFO tempest.lib.common.rest_client [req-b36a0150-2782-4d32-b5af-9e628506fcec req-b36a0150-2782-4d32-b5af-9e628506fcec ] Request (ListServersNegativeTestJSON:setUpClass): 201 POST http://10.180.1.21/identity/v3/auth/tokens 0.072s
2025-12-12 19:00:13.347 65995 INFO tempest.lib.common.rest_client [req-b3a59149-eb98-4399-9e56-f3b0354503f7 req-b3a59149-eb98-4399-9e56-f3b0354503f7 ] Request (ListServersNegativeTestJSON:setUpClass): 201 POST http://10.180.1.21/networking/v2.0/networks 0.394s
2025-12-12 19:00:13.428 66035 WARNING tempest.lib.common.ssh [-] Failed to establish authenticated ssh connection to cirros@10.180.180.248 ([Errno None] Unable to connect to port 22 on 10.180.180.248). Number attempts: 9. Retry after 10 seconds.: paramiko.ssh_exception.NoValidConnectionsError: [Errno None] Unable to connect to port 22 on 10.180.180.248
2025-12-12 19:00:13.683 65995 INFO tempest.lib.common.rest_client [req-f03b9341-9ceb-46b2-ba6c-7c8becbf7a8c req-f03b9341-9ceb-46b2-ba6c-7c8becbf7a8c ] Request (ListServersNegativeTestJSON:setUpClass): 201 POST http://10.180.1.21/networking/v2.0/subnets 0.334s
2025-12-12 19:00:14.666 65995 INFO tempest.lib.common.rest_client [req-14d31a1e-3a4e-47ec-b174-2696ed3b6f17 req-14d31a1e-3a4e-47ec-b174-2696ed3b6f17 ] Request (ListServersNegativeTestJSON:setUpClass): 201 POST http://10.180.1.21/networking/v2.0/routers 0.982s
2025-12-12 19:00:15.308 66011 WARNING tempest.lib.common.ssh [-] Failed to establish authenticated ssh connection to cirros@10.180.180.161 ([Errno None] Unable to connect to port 22 on 10.180.180.161). Number attempts: 9. Retry after 10 seconds.: paramiko.ssh_exception.NoValidConnectionsError: [Errno None] Unable to connect to port 22 on 10.180.180.161
2025-12-12 19:00:15.868 65995 INFO tempest.lib.common.rest_client [req-bd354d44-1165-4008-93e0-25cb91a73a18 req-bd354d44-1165-4008-93e0-25cb91a73a18 ] Request (ListServersNegativeTestJSON:setUpClass): 200 PUT http://10.180.1.21/networking/v2.0/routers/c8135182-7eb8-4912-9196-e959422b3c68/add_router_interface 1.201s
2025-12-12 19:00:15.868 65995 INFO tempest.lib.common.dynamic_creds [-] Created isolated network resources for: credentials: Credentials: {'domain_id': 'default', 'domain_name': 'Default', 'username': 'tempest-ListServersNegativeTestJSON-1690492374-project-member', 'project_domain_id': 'default', 'project_domain_name': 'Default', 'project_id': '29c2f8cc328d4f6b985d258442c440b8', 'project_name': 'tempest-ListServersNegativeTestJSON-1690492374', 'tenant_id': '29c2f8cc328d4f6b985d258442c440b8', 'tenant_name': 'tempest-ListServersNegativeTestJSON-1690492374', 'user_domain_id': 'default', 'user_domain_name': 'Default', 'user_id': 'fea95beae5204764bed110847f92907f', 'system': None}, Network: {'id': 'f83e6c69-de0c-4306-ac88-4ad211e44d55', 'name': 'tempest-ListServersNegativeTestJSON-1504496554-network', 'tenant_id': '29c2f8cc328d4f6b985d258442c440b8', 'project_id': '29c2f8cc328d4f6b985d258442c440b8', 'admin_state_up': True, 'mtu': 8950, 'status': 'ACTIVE', 'subnets': [], 'shared': False, 'port_security_enabled': True, 'router:external': False, 'provider:network_type': 'vlan', 'provider:physical_network': 'default', 'provider:segmentation_id': 351, 'availability_zone_hints': [], 'availability_zones': [], 'ipv4_address_scope': None, 'ipv6_address_scope': None, 'description': '', 'tags': [], 'created_at': '2025-12-12T19:00:13Z', 'updated_at': '2025-12-12T19:00:13Z', 'revision_number': 1}, Subnet: {'id': '65b92096-1c2d-46e4-aac4-9f237f84994c', 'name': 'tempest-ListServersNegativeTestJSON-1504496554-subnet', 'tenant_id': '29c2f8cc328d4f6b985d258442c440b8', 'network_id': 'f83e6c69-de0c-4306-ac88-4ad211e44d55', 'ip_version': 4, 'subnetpool_id': None, 'enable_dhcp': True, 'ipv6_ra_mode': None, 'ipv6_address_mode': None, 'gateway_ip': '192.168.128.1', 'cidr': '192.168.128.0/28', 'allocation_pools': [{'start': '192.168.128.2', 'end': '192.168.128.14'}], 'host_routes': [], 'dns_nameservers': [], 'description': '', 'router:external': False, 'service_types': [], 'tags': [], 'created_at': '2025-12-12T19:00:13Z', 'updated_at': '2025-12-12T19:00:13Z', 'revision_number': 0, 'project_id': '29c2f8cc328d4f6b985d258442c440b8'}, Router: {'id': 'c8135182-7eb8-4912-9196-e959422b3c68', 'name': 'tempest-ListServersNegativeTestJSON-1504496554-router', 'tenant_id': '29c2f8cc328d4f6b985d258442c440b8', 'admin_state_up': True, 'status': 'ACTIVE', 'external_gateway_info': {'network_id': '84e9fccf-6671-41d9-97f7-60640c0675b2', 'external_fixed_ips': [{'subnet_id': 'b2cc3147-8748-48ac-b755-b1de55450ec3', 'ip_address': '10.180.180.172'}], 'enable_snat': True}, 'description': '', 'availability_zones': [], 'distributed': False, 'ha': False, 'availability_zone_hints': [], 'routes': [], 'flavor_id': None, 'tags': [], 'created_at': '2025-12-12T19:00:13Z', 'updated_at': '2025-12-12T19:00:14Z', 'revision_number': 2, 'project_id': '29c2f8cc328d4f6b985d258442c440b8'}
2025-12-12 19:00:15.985 65995 INFO tempest.lib.common.rest_client [req-51accb98-9218-41d7-a3c4-191e7840d8ba req-51accb98-9218-41d7-a3c4-191e7840d8ba ] Request (ListServersNegativeTestJSON:setUpClass): 201 POST http://10.180.1.21/identity/v3/auth/tokens 0.113s
2025-12-12 19:00:16.033 65995 INFO tempest.lib.common.rest_client [req-7722027e-3382-4790-828c-dc4015d9c846 req-7722027e-3382-4790-828c-dc4015d9c846 ] Request (ListServersNegativeTestJSON:setUpClass): 201 POST http://10.180.1.21/identity/v3/auth/tokens 0.043s
2025-12-12 19:00:16.034 65995 INFO tempest.lib.common.fixed_network [-] (ListServersNegativeTestJSON:setUpClass) Found network {'id': 'f83e6c69-de0c-4306-ac88-4ad211e44d55', 'name': 'tempest-ListServersNegativeTestJSON-1504496554-network', 'tenant_id': '29c2f8cc328d4f6b985d258442c440b8', 'project_id': '29c2f8cc328d4f6b985d258442c440b8', 'admin_state_up': True, 'mtu': 8950, 'status': 'ACTIVE', 'subnets': [], 'shared': False, 'port_security_enabled': True, 'router:external': False, 'provider:network_type': 'vlan', 'provider:physical_network': 'default', 'provider:segmentation_id': 351, 'availability_zone_hints': [], 'availability_zones': [], 'ipv4_address_scope': None, 'ipv6_address_scope': None, 'description': '', 'tags': [], 'created_at': '2025-12-12T19:00:13Z', 'updated_at': '2025-12-12T19:00:13Z', 'revision_number': 1} available for tenant
2025-12-12 19:00:18.448 65999 WARNING tempest.lib.common.ssh [-] Failed to establish authenticated ssh connection to cirros@10.180.180.137 ([Errno None] Unable to connect to port 22 on 10.180.180.137). Number attempts: 10. Retry after 11 seconds.: paramiko.ssh_exception.NoValidConnectionsError: [Errno None] Unable to connect to port 22 on 10.180.180.137
2025-12-12 19:00:18.689 66037 INFO tempest.lib.common.rest_client [req-fab6ad01-5c52-4d4d-b01a-459b1b81a7d3 req-fab6ad01-5c52-4d4d-b01a-459b1b81a7d3 ] Request (ImagesOneServerNegativeTestJSON:test_create_second_image_when_first_image_is_being_saved): 204 DELETE http://10.180.1.21/compute/v2.1/images/4cd7fa95-e6d9-457c-8cf1-e3881f933468 9.953s
2025-12-12 19:00:18.746 66029 INFO tempest.lib.common.rest_client [req-22b56915-6ce8-4406-864f-cccbe58ffd64 req-22b56915-6ce8-4406-864f-cccbe58ffd64 ] Request (ListImageFiltersTestJSON:setUpClass): 200 GET http://10.180.1.21/compute/v2.1/images/646c4e81-77c7-406f-95e4-b89c08a05196 9.930s
2025-12-12 19:00:18.900 66029 INFO tempest.lib.common.rest_client [req-022bfe24-7cd3-4886-84e0-668ad5703595 req-022bfe24-7cd3-4886-84e0-668ad5703595 ] Request (ListImageFiltersTestJSON:setUpClass): 201 POST http://10.180.1.21/identity/v3/auth/tokens 0.147s
2025-12-12 19:00:18.900 66029 INFO tempest.lib.common.fixed_network [-] (ListImageFiltersTestJSON:setUpClass) Found network None available for tenant
2025-12-12 19:00:18.966 66023 INFO tempest.lib.common.rest_client [req-46800587-8a93-4b4e-83ce-82e4722ee8cc req-46800587-8a93-4b4e-83ce-82e4722ee8cc ] Request (ServerRescueNegativeTestJSON:setUpClass): 200 GET http://10.180.1.21/compute/v2.1/servers/87a3c63d-794d-44ab-bad6-65c323d72ae7 9.770s
2025-12-12 19:00:18.978 66023 INFO tempest.common.waiters [-] State transition "ACTIVE/rescuing" ==> "RESCUE/None" after 10 second wait
2025-12-12 19:00:19.011 66001 INFO tempest.lib.common.rest_client [req-d94cd828-50ae-4eea-b3ce-57bb54c4b4fc req-d94cd828-50ae-4eea-b3ce-57bb54c4b4fc ] Request (ImagesOneServerTestJSON:test_create_image_specify_multibyte_character_image_name): 200 GET http://10.180.1.21/compute/v2.1/images/1f04bff9-afe0-49b1-9eb7-e369b9348e76 9.442s
2025-12-12 19:00:19.138 66033 INFO tempest.lib.common.rest_client [req-1adf0d3b-1ef6-4bc0-82e4-ec53eed72f03 req-1adf0d3b-1ef6-4bc0-82e4-ec53eed72f03 ] Request (SecurityGroupRulesTestJSON:test_security_group_rules_create_with_optional_group_id): 200 POST http://10.180.1.21/compute/v2.1/os-security-group-rules 9.674s
2025-12-12 19:00:19.141 66033 WARNING tempest.lib.common.rest_client [-] Deprecated: "tenant_id" property is deprecated for removal, use "project_id" instead
2025-12-12 19:00:19.244 66041 INFO tempest.lib.common.rest_client [req-18ca8fa7-4d15-4d90-83f0-e1b701994a22 req-18ca8fa7-4d15-4d90-83f0-e1b701994a22 ] Request (AttachInterfacesV270Test:test_create_get_list_interfaces): 200 GET http://10.180.1.21/compute/v2.1/servers/c0c99008-1907-4d3a-b4f6-ee6e916e2c67 9.556s
2025-12-12 19:00:19.256 66041 INFO tempest.common.waiters [-] State transition "BUILD/None" ==> "BUILD/spawning" after 11 second wait
2025-12-12 19:00:19.309 66021 INFO tempest.lib.common.rest_client [req-e21c60c8-d1bf-47d5-8a12-609c86eecb97 req-e21c60c8-d1bf-47d5-8a12-609c86eecb97 ] Request (ServersAdmin275Test:test_rebuild_update_server_275): 200 GET http://10.180.1.21/compute/v2.1/servers/6e10e846-cdb7-458e-b511-18ab1742228e 9.226s
2025-12-12 19:00:19.314 65985 INFO tempest.lib.common.rest_client [req-da658754-9708-4218-baf7-459f19ec301e req-da658754-9708-4218-baf7-459f19ec301e ] Request (ServersV294TestFqdnHostnames:setUpClass): 200 GET http://10.180.1.21/compute/v2.1/servers/68d8d59b-4fc8-4993-8c9e-31b2329c88dd 9.613s
2025-12-12 19:00:19.321 66021 INFO tempest.common.waiters [-] State transition "BUILD/networking" ==> "BUILD/spawning" after 10 second wait
2025-12-12 19:00:19.328 65985 INFO tempest.api.compute.base [-] Attempting to verify tagged devices in server 68d8d59b-4fc8-4993-8c9e-31b2329c88dd via the metadata service: http://169.254.169.254/openstack/latest/meta_data.json
2025-12-12 19:00:19.329 65985 INFO tempest.lib.common.ssh [-] Creating ssh connection to '10.180.180.128:22' as 'cirros' with public key authentication
