2025-12-12 19:01:22.236 66003 INFO tempest.lib.common.rest_client [req-8608bee8-92e1-464a-bc5c-3866dc6f2433 req-8608bee8-92e1-464a-bc5c-3866dc6f2433 ] Request (ListServerFiltersTestJSON:test_list_servers_filtered_by_ip): 200 GET http://10.180.1.21/compute/v2.1/servers/97dc8cac-8241-4912-a3ed-689439ef7ff8 2.689s
2025-12-12 19:01:22.324 65993 INFO tempest.lib.common.rest_client [req-1a895924-c60c-41ce-a3f7-956b40d2c6cc req-1a895924-c60c-41ce-a3f7-956b40d2c6cc ] Request (ServersWithSpecificFlavorTestJSON:test_verify_created_server_ephemeral_disk): 201 POST http://10.180.1.21/identity/v3/auth/tokens 0.134s
2025-12-12 19:01:22.325 65993 INFO tempest.lib.common.fixed_network [-] (ServersWithSpecificFlavorTestJSON:test_verify_created_server_ephemeral_disk) Found network {'id': 'd0ade77e-db62-42ae-9058-c33fcab1d2f9', 'name': 'tempest-ServersWithSpecificFlavorTestJSON-1207104058-network', 'tenant_id': '234a226c969b4965bfa2c411bb4c8d90', 'project_id': '234a226c969b4965bfa2c411bb4c8d90', 'admin_state_up': True, 'mtu': 8950, 'status': 'ACTIVE', 'subnets': [], 'shared': False, 'port_security_enabled': True, 'router:external': False, 'provider:network_type': 'vlan', 'provider:physical_network': 'default', 'provider:segmentation_id': 787, 'availability_zone_hints': [], 'availability_zones': [], 'ipv4_address_scope': None, 'ipv6_address_scope': None, 'description': '', 'tags': [], 'created_at': '2025-12-12T18:58:16Z', 'updated_at': '2025-12-12T18:58:16Z', 'revision_number': 1} available for tenant
2025-12-12 19:01:22.417 66001 INFO tempest.lib.common.rest_client [req-9328bf7e-a57a-4c0c-8216-d0d731135fa3 req-9328bf7e-a57a-4c0c-8216-d0d731135fa3 ] Request (ServersTestFqdnHostnames:setUpClass): 200 PUT http://10.180.1.21/networking/v2.0/routers/3407ee07-79c3-4963-9688-305d8325a976/add_router_interface 1.249s
2025-12-12 19:01:22.417 66001 INFO tempest.lib.common.dynamic_creds [-] Created isolated network resources for: credentials: Credentials: {'domain_id': 'default', 'domain_name': 'Default', 'username': 'tempest-ServersTestFqdnHostnames-507733180-project-member', 'project_domain_id': 'default', 'project_domain_name': 'Default', 'project_id': 'fd6e7f7b6a224cac8b8e52bf19032911', 'project_name': 'tempest-ServersTestFqdnHostnames-507733180', 'tenant_id': 'fd6e7f7b6a224cac8b8e52bf19032911', 'tenant_name': 'tempest-ServersTestFqdnHostnames-507733180', 'user_domain_id': 'default', 'user_domain_name': 'Default', 'user_id': 'd7e3ca1e6d7145f49596c1ab6466ca01', 'system': None}, Network: {'id': '5165f03c-e790-4121-b5d7-3c5176afdd7e', 'name': 'tempest-ServersTestFqdnHostnames-551605283-network', 'tenant_id': 'fd6e7f7b6a224cac8b8e52bf19032911', 'project_id': 'fd6e7f7b6a224cac8b8e52bf19032911', 'admin_state_up': True, 'mtu': 8950, 'status': 'ACTIVE', 'subnets': [], 'shared': False, 'port_security_enabled': True, 'router:external': False, 'provider:network_type': 'vlan', 'provider:physical_network': 'default', 'provider:segmentation_id': 587, 'availability_zone_hints': [], 'availability_zones': [], 'ipv4_address_scope': None, 'ipv6_address_scope': None, 'description': '', 'tags': [], 'created_at': '2025-12-12T19:01:19Z', 'updated_at': '2025-12-12T19:01:19Z', 'revision_number': 1}, Subnet: {'id': '8d655f41-48c8-414c-a4e2-e9771a4878ff', 'name': 'tempest-ServersTestFqdnHostnames-551605283-subnet', 'tenant_id': 'fd6e7f7b6a224cac8b8e52bf19032911', 'network_id': '5165f03c-e790-4121-b5d7-3c5176afdd7e', 'ip_version': 4, 'subnetpool_id': None, 'enable_dhcp': True, 'ipv6_ra_mode': None, 'ipv6_address_mode': None, 'gateway_ip': '192.168.128.1', 'cidr': '192.168.128.0/28', 'allocation_pools': [{'start': '192.168.128.2', 'end': '192.168.128.14'}], 'host_routes': [], 'dns_nameservers': [], 'description': '', 'router:external': False, 'service_types': [], 'tags': [], 'created_at': '2025-12-12T19:01:20Z', 'updated_at': '2025-12-12T19:01:20Z', 'revision_number': 0, 'project_id': 'fd6e7f7b6a224cac8b8e52bf19032911'}, Router: {'id': '3407ee07-79c3-4963-9688-305d8325a976', 'name': 'tempest-ServersTestFqdnHostnames-551605283-router', 'tenant_id': 'fd6e7f7b6a224cac8b8e52bf19032911', 'admin_state_up': True, 'status': 'ACTIVE', 'external_gateway_info': {'network_id': '84e9fccf-6671-41d9-97f7-60640c0675b2', 'external_fixed_ips': [{'subnet_id': 'b2cc3147-8748-48ac-b755-b1de55450ec3', 'ip_address': '10.180.180.218'}], 'enable_snat': True}, 'description': '', 'availability_zones': [], 'distributed': False, 'ha': False, 'availability_zone_hints': [], 'routes': [], 'flavor_id': None, 'tags': [], 'created_at': '2025-12-12T19:01:20Z', 'updated_at': '2025-12-12T19:01:20Z', 'revision_number': 2, 'project_id': 'fd6e7f7b6a224cac8b8e52bf19032911'}
2025-12-12 19:01:22.443 66021 INFO tempest.lib.common.rest_client [req-53699173-19a1-4b88-8f64-87da01ffab04 req-53699173-19a1-4b88-8f64-87da01ffab04 ] Request (ServersAdmin275Test:tearDownClass): 200 GET http://10.180.1.21/compute/v2.1/servers/6e10e846-cdb7-458e-b511-18ab1742228e 2.387s
2025-12-12 19:01:22.463 66021 INFO tempest.common.waiters [-] State transition "ACTIVE/deleting" ==> "DELETED/None" after 3 second wait
2025-12-12 19:01:22.475 66013 INFO tempest.lib.common.rest_client [req-86d3d2c6-c146-42ca-a8e4-fe6983bb8fda req-86d3d2c6-c146-42ca-a8e4-fe6983bb8fda ] Request (MultipleCreateTestJSON:test_multiple_create): 200 GET http://10.180.1.21/compute/v2.1/servers/4238d766-2a5d-40d7-b2f6-5cb9a5354760 2.759s
2025-12-12 19:01:22.497 66019 INFO tempest.lib.common.rest_client [req-2edc8180-538f-4bd1-a796-273e19b6ce1c req-2edc8180-538f-4bd1-a796-273e19b6ce1c ] Request (ServersTestJSON:test_verify_created_server_vcpus): 200 GET http://10.180.1.21/compute/v2.1/flavors/42 2.231s
2025-12-12 19:01:22.502 66019 INFO tempest.lib.common.ssh [-] Creating ssh connection to '10.180.180.196:22' as 'cirros' with public key authentication
2025-12-12 19:01:22.504 66031 INFO tempest.lib.common.rest_client [req-8b26ad8c-d6ce-49e7-a6c6-50e934c76fc8 req-8b26ad8c-d6ce-49e7-a6c6-50e934c76fc8 ] Request (SecurityGroupsTestJSON:test_security_groups_create_list_delete): 404 GET http://10.180.1.21/compute/v2.1/os-security-groups/a3553acc-3b6b-44fc-97d2-8921a3b6712e 2.298s
2025-12-12 19:01:22.506 66019 INFO paramiko.transport [-] Connected (version 2.0, client dropbear_2020.81)
2025-12-12 19:01:22.541 66043 INFO tempest.lib.common.rest_client [req-2ae8a0cf-d037-4d52-9116-900ae17eca8a req-2ae8a0cf-d037-4d52-9116-900ae17eca8a ] Request (VolumesAdminNegativeTest:tearDownClass): 404 GET http://10.180.1.21/compute/v2.1/servers/20855931-a02d-4b53-b998-3d89d4ff5d1a 2.028s
2025-12-12 19:01:22.551 66001 INFO tempest.lib.common.rest_client [req-00215cd6-25ef-4b27-9979-60ab41204ce3 req-00215cd6-25ef-4b27-9979-60ab41204ce3 ] Request (ServersTestFqdnHostnames:setUpClass): 201 POST http://10.180.1.21/identity/v3/auth/tokens 0.130s
2025-12-12 19:01:22.585 66045 INFO tempest.lib.common.rest_client [req-fc7b3553-4f25-4d17-a308-6f7b9912bf7e req-fc7b3553-4f25-4d17-a308-6f7b9912bf7e ] Request (AttachInterfacesUnderV243Test:tearDownClass): 404 DELETE http://10.180.1.21/compute/v2.1/servers/6abf58ca-ad6b-4fe8-844a-ca33e62a844d 2.057s
2025-12-12 19:01:22.610 66019 INFO paramiko.transport [-] Authentication (publickey) successful!
2025-12-12 19:01:22.611 66019 INFO tempest.lib.common.ssh [-] ssh connection to cirros@10.180.180.196 successfully created
2025-12-12 19:01:22.690 66037 INFO tempest.lib.common.rest_client [req-9548fac0-1957-4e7c-9928-69b8b1d1f3be req-9548fac0-1957-4e7c-9928-69b8b1d1f3be ] Request (ImagesOneServerNegativeTestJSON:_run_cleanups): 200 GET http://10.180.1.21/compute/v2.1/servers/7693f017-69b3-4ec4-ae3f-7e65ed34a471 2.048s
2025-12-12 19:01:22.729 66015 INFO tempest.lib.common.rest_client [req-33b66bfa-1ec0-4f8d-a84b-7ef413a0fcba req-33b66bfa-1ec0-4f8d-a84b-7ef413a0fcba ] Request (ServersAdminTestJSON:setUpClass): 200 GET http://10.180.1.21/compute/v2.1/servers/24f520ec-6a56-4f17-9ae4-2c856bf99582 2.365s
2025-12-12 19:01:22.755 66041 INFO tempest.lib.common.rest_client [req-a5ab4d70-21ab-4592-a973-deb7b577c792 req-a5ab4d70-21ab-4592-a973-deb7b577c792 ] Request (InstanceActionsTestJSON:setUpClass): 200 GET http://10.180.1.21/compute/v2.1/servers/9fa6e208-f913-4ecc-8548-ed6503fe6273 2.044s
2025-12-12 19:01:22.795 65983 INFO tempest.lib.common.rest_client [req-7ad2df61-1b82-4899-b178-12f9c7cec61d req-7ad2df61-1b82-4899-b178-12f9c7cec61d ] Request (InstanceActionsNegativeTestJSON:setUpClass): 200 GET http://10.180.1.21/compute/v2.1/servers/cdee3a32-ad51-4364-8440-4744e8df322f 2.014s
2025-12-12 19:01:22.875 66035 INFO tempest.lib.common.rest_client [req-fa74e0f5-8036-41a2-a05f-eec6aa045e3b req-fa74e0f5-8036-41a2-a05f-eec6aa045e3b ] Request (ServerActionsTestJSON:test_lock_unlock_server): 200 GET http://10.180.1.21/compute/v2.1/servers/7c6f8218-602d-44f3-8012-de5a96972785 2.001s
2025-12-12 19:01:22.892 66025 INFO tempest.lib.common.rest_client [req-4477d4f6-4bc1-4f97-ab40-8ed0b67a0040 req-4477d4f6-4bc1-4f97-ab40-8ed0b67a0040 ] Request (ServersAdminNegativeTestJSON:tearDownClass): 200 GET http://10.180.1.21/compute/v2.1/servers/f44db343-7e17-4780-9a67-245992ac1a63 1.959s
2025-12-12 19:01:22.899 66025 INFO tempest.common.waiters [-] State transition "SUSPENDED/deleting" ==> "DELETED/None" after 3 second wait
2025-12-12 19:01:22.903 66033 INFO tempest.lib.common.rest_client [req-e55f3bbe-fa54-400c-b811-104fd109257b req-e55f3bbe-fa54-400c-b811-104fd109257b ] Request (ServerGroup264TestJSON:test_create_get_server_group): 200 GET http://10.180.1.21/compute/v2.1/os-server-groups 1.810s
2025-12-12 19:01:22.955 66029 INFO tempest.lib.common.rest_client [req-6e19de4a-9105-48d0-a4c3-ec9e2c68ee35 req-6e19de4a-9105-48d0-a4c3-ec9e2c68ee35 ] Request (ListImageFiltersTestJSON:setUpClass): 200 GET http://10.180.1.21/compute/v2.1/images/2b17de9f-63a4-459f-8af1-578cd934c183 1.700s
2025-12-12 19:01:23.045 66007 INFO tempest.lib.common.rest_client [req-c3910a2e-3e4f-4b85-9307-c198fae59d5b req-c3910a2e-3e4f-4b85-9307-c198fae59d5b ] Request (ServerDiagnosticsTest:tearDownClass): 204 DELETE http://10.180.1.21/compute/v2.1/servers/ea5b8e29-ebe6-444b-bd2d-029201003ee6 1.414s
2025-12-12 19:01:23.046 65999 INFO tempest.lib.common.rest_client [req-0e7cd693-9532-4824-994d-95d55808bd08 req-0e7cd693-9532-4824-994d-95d55808bd08 ] Request (AttachInterfacesTestJSON:test_create_list_show_delete_interfaces_by_fixed_ip): 200 GET http://10.180.1.21/compute/v2.1/servers/b2d70982-54e7-459c-a0d8-48bf4b6e4345/os-interface/d24163e8-4f08-4908-9307-c4edb0d4ffb7 1.524s
2025-12-12 19:01:23.232 65995 INFO tempest.lib.common.rest_client [req-24f59be9-51bf-4316-8318-bf176ac5301c req-24f59be9-51bf-4316-8318-bf176ac5301c ] Request (ListServersNegativeTestJSON:setUpClass): 200 GET http://10.180.1.21/compute/v2.1/servers/428873b8-1e58-4924-86f3-8feca8f53342 1.415s
2025-12-12 19:01:23.305 66009 INFO tempest.lib.common.rest_client [req-311a506d-c851-457c-8587-c81e9744de01 req-311a506d-c851-457c-8587-c81e9744de01 ] Request (ServerDiskConfigTestJSON:test_resize_server_from_auto_to_manual): 200 GET http://10.180.1.21/compute/v2.1/servers/495fa98f-a9db-4214-87cc-d29209d3cb62 1.312s
2025-12-12 19:01:23.473 66043 INFO tempest.lib.common.rest_client [req-50592191-f0d7-48fe-8e88-9e36e27a2c0b req-50592191-f0d7-48fe-8e88-9e36e27a2c0b ] Request (VolumesAdminNegativeTest:tearDownClass): 200 PUT http://10.180.1.21/networking/v2.0/routers/5d63e3c3-c336-4cc0-96d8-402b8d88421a/remove_router_interface 0.930s
2025-12-12 19:01:23.514 66003 INFO tempest.lib.common.rest_client [req-ad35fcd7-c868-4057-bf9d-517db6f18d19 req-ad35fcd7-c868-4057-bf9d-517db6f18d19 ] Request (ListServerFiltersTestJSON:test_list_servers_filtered_by_ip): 200 GET http://10.180.1.21/compute/v2.1/servers/cd82f2fd-d657-4ece-8e90-9a47072f5546 1.264s
2025-12-12 19:01:23.703 66017 INFO tempest.lib.common.rest_client [req-b2a317d9-bf41-4516-aed3-262de27a90e9 req-b2a317d9-bf41-4516-aed3-262de27a90e9 ] Request (FloatingIPsAssociationNegativeTestJSON:setUpClass): 200 GET http://10.180.1.21/compute/v2.1/servers/d2fdffb8-76d1-4b74-819f-25eb29ca91ce 1.373s
2025-12-12 19:01:23.832 66013 INFO tempest.lib.common.rest_client [req-8828fc12-0bf8-4a06-92a0-34272e1c480e req-8828fc12-0bf8-4a06-92a0-34272e1c480e ] Request (MultipleCreateTestJSON:_run_cleanups): 204 DELETE http://10.180.1.21/compute/v2.1/servers/4238d766-2a5d-40d7-b2f6-5cb9a5354760 1.346s
2025-12-12 19:01:23.891 66039 WARNING tempest.lib.common.ssh [-] Failed to establish authenticated ssh connection to cirros@10.180.180.135 ([Errno None] Unable to connect to port 22 on 10.180.180.135). Number attempts: 6. Retry after 7 seconds.: paramiko.ssh_exception.NoValidConnectionsError: [Errno None] Unable to connect to port 22 on 10.180.180.135
2025-12-12 19:01:23.989 66043 INFO tempest.lib.common.rest_client [req-a31c5662-ec97-419d-83a7-0e6241d669d2 req-a31c5662-ec97-419d-83a7-0e6241d669d2 ] Request (VolumesAdminNegativeTest:tearDownClass): 204 DELETE http://10.180.1.21/networking/v2.0/routers/5d63e3c3-c336-4cc0-96d8-402b8d88421a 0.515s
2025-12-12 19:01:24.071 66031 INFO tempest.lib.common.rest_client [req-de0d9e53-4588-4846-82f2-2ed1d36a1199 req-de0d9e53-4588-4846-82f2-2ed1d36a1199 ] Request (SecurityGroupsTestJSON:test_security_groups_create_list_delete): 202 DELETE http://10.180.1.21/compute/v2.1/os-security-groups/325b680f-9b9b-42f1-a475-3bdb73c2839f 1.566s
2025-12-12 19:01:24.154 66001 INFO tempest.lib.common.rest_client [req-eedbe5b0-1cd9-4014-83a4-e266a44862ea req-eedbe5b0-1cd9-4014-83a4-e266a44862ea ] Request (ServersTestFqdnHostnames:test_create_server_with_fqdn_name): 200 POST http://10.180.1.21/compute/v2.1/os-keypairs 1.598s
2025-12-12 19:01:24.204 66045 INFO tempest.lib.common.rest_client [req-f600dc4e-dabb-4481-a063-295068afb588 req-f600dc4e-dabb-4481-a063-295068afb588 ] Request (AttachInterfacesUnderV243Test:tearDownClass): 404 GET http://10.180.1.21/compute/v2.1/servers/6abf58ca-ad6b-4fe8-844a-ca33e62a844d 1.618s
2025-12-12 19:01:24.205 65993 INFO tempest.lib.common.rest_client [req-ef752d20-e941-46c7-ab2f-2e8f29ef846f req-ef752d20-e941-46c7-ab2f-2e8f29ef846f ] Request (ServersWithSpecificFlavorTestJSON:test_verify_created_server_ephemeral_disk): 202 POST http://10.180.1.21/compute/v2.1/servers 1.879s
2025-12-12 19:01:24.272 66043 INFO tempest.lib.common.rest_client [req-6de0727a-1788-4b13-855c-2d56d98d21ed req-6de0727a-1788-4b13-855c-2d56d98d21ed ] Request (VolumesAdminNegativeTest:tearDownClass): 204 DELETE http://10.180.1.21/networking/v2.0/subnets/9dd2d8a0-acf0-429e-ad3a-fccf8c491771 0.283s
2025-12-12 19:01:24.342 66001 INFO tempest.lib.common.rest_client [req-8e3fce14-0c41-464b-971e-02cf24d71780 req-8e3fce14-0c41-464b-971e-02cf24d71780 ] Request (ServersTestFqdnHostnames:test_create_server_with_fqdn_name): 201 POST http://10.180.1.21/networking/v2.0/security-groups 0.186s
2025-12-12 19:01:24.362 66019 INFO tempest.lib.common.rest_client [req-50fa17a0-d270-49de-a7e8-57bf74e3ad5c req-50fa17a0-d270-49de-a7e8-57bf74e3ad5c ] Request (ServersTestJSON:tearDownClass): 204 DELETE http://10.180.1.21/compute/v2.1/servers/fdf56fa6-ad18-499e-a171-6242abb293bf 1.742s
2025-12-12 19:01:24.372 66023 INFO tempest.lib.common.rest_client [req-b65b0634-963d-4012-90ec-55047c53b566 req-b65b0634-963d-4012-90ec-55047c53b566 ] Request (ServerRescueNegativeTestJSON:test_rescued_vm_detach_volume): 200 GET http://10.180.1.21/compute/v2.1/servers/1eebb320-30e2-4d8b-b1fd-19e31fb35b77 1.695s
2025-12-12 19:01:24.387 66033 INFO tempest.lib.common.rest_client [req-41e34cce-63d0-4ad6-8d40-d629ca2694a8 req-41e34cce-63d0-4ad6-8d40-d629ca2694a8 ] Request (ServerGroup264TestJSON:test_create_get_server_group): 200 GET http://10.180.1.21/compute/v2.1/os-server-groups/8bf32a04-8061-4ef5-9990-14418a00c2a6 1.481s
2025-12-12 19:01:24.734 66043 INFO tempest.lib.common.rest_client [req-620e7e00-8b99-4b31-9e47-3260e1e9dd07 req-620e7e00-8b99-4b31-9e47-3260e1e9dd07 ] Request (VolumesAdminNegativeTest:tearDownClass): 204 DELETE http://10.180.1.21/networking/v2.0/networks/86cdd89e-db0e-4917-91d2-38f72500c93f 0.461s
2025-12-12 19:01:24.911 66001 INFO tempest.lib.common.rest_client [req-d5b7d6b0-b96c-4f7f-b546-5af4b19b0f3b req-d5b7d6b0-b96c-4f7f-b546-5af4b19b0f3b ] Request (ServersTestFqdnHostnames:test_create_server_with_fqdn_name): 201 POST http://10.180.1.21/networking/v2.0/security-group-rules 0.568s
2025-12-12 19:01:25.043 66011 INFO tempest.lib.common.rest_client [req-d8ab306f-ff85-4c08-854c-80be2ca31a27 req-d8ab306f-ff85-4c08-854c-80be2ca31a27 ] Request (ServersTestManualDisk:tearDownClass): 200 GET http://10.180.1.21/compute/v2.1/servers/a09c12be-0aaa-4934-a1b3-5af29feba8a6 2.137s
2025-12-12 19:01:25.229 66045 INFO tempest.lib.common.rest_client [req-8b738c22-03b7-4d70-88f2-48bba09569e1 req-8b738c22-03b7-4d70-88f2-48bba09569e1 ] Request (AttachInterfacesUnderV243Test:tearDownClass): 200 PUT http://10.180.1.21/networking/v2.0/routers/7e514333-f813-47a9-8f2f-fe869c2932f8/remove_router_interface 1.024s
2025-12-12 19:01:25.362 66001 INFO tempest.lib.common.rest_client [req-41474f06-6469-4c16-8664-7fc86dd017da req-41474f06-6469-4c16-8664-7fc86dd017da ] Request (ServersTestFqdnHostnames:test_create_server_with_fqdn_name): 201 POST http://10.180.1.21/networking/v2.0/security-group-rules 0.451s
2025-12-12 19:01:25.950 66043 INFO tempest.lib.common.rest_client [req-a4b6b79c-c7f5-408a-9b64-69852430f57e req-a4b6b79c-c7f5-408a-9b64-69852430f57e ] Request (VolumesAdminNegativeTest:tearDownClass): 200 PUT http://10.180.1.21/networking/v2.0/routers/2beef8a2-c677-4a57-a401-9cb6cd9f0455/remove_router_interface 1.215s
2025-12-12 19:01:25.993 65989 INFO tempest.lib.common.rest_client [req-3584a652-3332-4682-9354-fe5313a0261b req-3584a652-3332-4682-9354-fe5313a0261b ] Request (MigrationsAdminTest:test_list_migrations_in_flavor_resize_situation): 200 GET http://10.180.1.21/compute/v2.1/servers/d5e8dd05-dc3c-4831-b4b0-ac100360f3e7 2.972s
2025-12-12 19:01:26.079 65999 INFO tempest.lib.common.rest_client [req-64222b5a-4623-4749-9fd2-0278b2174199 req-64222b5a-4623-4749-9fd2-0278b2174199 ] Request (AttachInterfacesTestJSON:test_create_list_show_delete_interfaces_by_fixed_ip): 202 DELETE http://10.180.1.21/compute/v2.1/servers/b2d70982-54e7-459c-a0d8-48bf4b6e4345/os-interface/38d3255d-8d8f-4b7f-927e-5a7330420b08 3.026s
2025-12-12 19:01:26.475 66045 INFO tempest.lib.common.rest_client [req-4ef0b175-875e-45f1-b519-1a7ce673a765 req-4ef0b175-875e-45f1-b519-1a7ce673a765 ] Request (AttachInterfacesUnderV243Test:tearDownClass): 204 DELETE http://10.180.1.21/networking/v2.0/routers/7e514333-f813-47a9-8f2f-fe869c2932f8 1.245s
2025-12-12 19:01:26.708 66001 INFO tempest.lib.common.rest_client [req-09320bc7-93ce-4df4-a9b5-22454f774476 req-09320bc7-93ce-4df4-a9b5-22454f774476 ] Request (ServersTestFqdnHostnames:test_create_server_with_fqdn_name): 201 POST http://10.180.1.21/networking/v2.0/floatingips 1.345s
2025-12-12 19:01:26.758 66001 INFO tempest.lib.common.rest_client [req-88951f4e-d0a1-44d3-b9d6-e89ccfd1f6ff req-88951f4e-d0a1-44d3-b9d6-e89ccfd1f6ff ] Request (ServersTestFqdnHostnames:test_create_server_with_fqdn_name): 201 POST http://10.180.1.21/identity/v3/auth/tokens 0.044s
2025-12-12 19:01:26.758 66001 INFO tempest.lib.common.fixed_network [-] (ServersTestFqdnHostnames:test_create_server_with_fqdn_name) Found network {'id': '5165f03c-e790-4121-b5d7-3c5176afdd7e', 'name': 'tempest-ServersTestFqdnHostnames-551605283-network', 'tenant_id': 'fd6e7f7b6a224cac8b8e52bf19032911', 'project_id': 'fd6e7f7b6a224cac8b8e52bf19032911', 'admin_state_up': True, 'mtu': 8950, 'status': 'ACTIVE', 'subnets': [], 'shared': False, 'port_security_enabled': True, 'router:external': False, 'provider:network_type': 'vlan', 'provider:physical_network': 'default', 'provider:segmentation_id': 587, 'availability_zone_hints': [], 'availability_zones': [], 'ipv4_address_scope': None, 'ipv6_address_scope': None, 'description': '', 'tags': [], 'created_at': '2025-12-12T19:01:19Z', 'updated_at': '2025-12-12T19:01:19Z', 'revision_number': 1} available for tenant
2025-12-12 19:01:26.763 66007 INFO tempest.lib.common.rest_client [req-82458888-051f-4a56-aa60-0375a215380e req-82458888-051f-4a56-aa60-0375a215380e ] Request (ServerDiagnosticsTest:tearDownClass): 200 GET http://10.180.1.21/compute/v2.1/servers/ea5b8e29-ebe6-444b-bd2d-029201003ee6 3.717s
2025-12-12 19:01:26.895 66005 INFO tempest.lib.common.rest_client [req-c80f2406-cb58-4bfe-a68f-626c9a5d2dbc req-c80f2406-cb58-4bfe-a68f-626c9a5d2dbc ] Request (ServerDiagnosticsV248Test:test_get_server_diagnostics): 200 GET http://10.180.1.21/compute/v2.1/servers/1be995d0-3141-4dcd-ad9a-278d9874e457 3.796s
2025-12-12 19:01:27.135 66043 INFO tempest.lib.common.rest_client [req-8cf42f0f-9ab9-4812-bc05-718104c7ede3 req-8cf42f0f-9ab9-4812-bc05-718104c7ede3 ] Request (VolumesAdminNegativeTest:tearDownClass): 204 DELETE http://10.180.1.21/networking/v2.0/routers/2beef8a2-c677-4a57-a401-9cb6cd9f0455 1.185s
2025-12-12 19:01:27.268 66045 INFO tempest.lib.common.rest_client [req-d56ceecb-f36e-44f6-817e-b21f09a1c3a8 req-d56ceecb-f36e-44f6-817e-b21f09a1c3a8 ] Request (AttachInterfacesUnderV243Test:tearDownClass): 204 DELETE http://10.180.1.21/networking/v2.0/subnets/34ba1a6d-3834-45fd-a014-bec9f3259f9a 0.791s
2025-12-12 19:01:27.307 66021 INFO tempest.lib.common.rest_client [req-ae1d28a6-6b3b-4d9a-b167-2bb3b478e8e8 req-ae1d28a6-6b3b-4d9a-b167-2bb3b478e8e8 ] Request (ServersAdmin275Test:tearDownClass): 200 GET http://10.180.1.21/compute/v2.1/servers/6e10e846-cdb7-458e-b511-18ab1742228e 3.840s
2025-12-12 19:01:27.754 66043 INFO tempest.lib.common.rest_client [req-427519ce-8cf8-4a20-a297-c0bffe830c31 req-427519ce-8cf8-4a20-a297-c0bffe830c31 ] Request (VolumesAdminNegativeTest:tearDownClass): 204 DELETE http://10.180.1.21/networking/v2.0/subnets/a8ad2d81-d2f0-406b-9e82-91f2d47467a3 0.618s
2025-12-12 19:01:27.795 65987 WARNING tempest.lib.common.ssh [-] Failed to establish authenticated ssh connection to cirros@10.180.180.190 ([Errno None] Unable to connect to port 22 on 10.180.180.190). Number attempts: 12. Retry after 13 seconds.: paramiko.ssh_exception.NoValidConnectionsError: [Errno None] Unable to connect to port 22 on 10.180.180.190
2025-12-12 19:01:28.030 66045 INFO tempest.lib.common.rest_client [req-a4062dee-2982-4ee5-acbe-c3fbcb7adc26 req-a4062dee-2982-4ee5-acbe-c3fbcb7adc26 ] Request (AttachInterfacesUnderV243Test:tearDownClass): 204 DELETE http://10.180.1.21/networking/v2.0/networks/b1e15367-b861-4a6c-8f94-921ed2b0a66f 0.762s
2025-12-12 19:01:28.140 66045 INFO tempest.lib.common.rest_client [req-1e38d610-5a09-4bc7-8543-e1cce2a81416 req-1e38d610-5a09-4bc7-8543-e1cce2a81416 ] Request (AttachInterfacesUnderV243Test:tearDownClass): 204 DELETE http://10.180.1.21/identity/v3/users/bec6f0cea08240dc917d24fe566358ec 0.109s
2025-12-12 19:01:28.140 66045 INFO tempest.lib.common.dynamic_creds [-] Deleting project and security group for project: a47babe780ec4ae7b6c40f4531f09a38
2025-12-12 19:01:28.308 66003 INFO tempest.lib.common.rest_client [req-f63f51f8-ec1f-4cad-b68b-e8979924177c req-f63f51f8-ec1f-4cad-b68b-e8979924177c ] Request (ListServerFiltersTestJSON:test_list_servers_filtered_by_ip): 200 GET http://10.180.1.21/compute/v2.1/servers?ip=192.168.128.13 4.782s
2025-12-12 19:01:28.491 66043 INFO tempest.lib.common.rest_client [req-44323d70-b0dc-4922-a36d-ee6c0cb0b1af req-44323d70-b0dc-4922-a36d-ee6c0cb0b1af ] Request (VolumesAdminNegativeTest:tearDownClass): 204 DELETE http://10.180.1.21/networking/v2.0/networks/0182e0e4-c160-48b5-924d-2c12b9b75299 0.737s
2025-12-12 19:01:28.527 66037 INFO tempest.lib.common.rest_client [req-36b1240b-3e4c-41dc-abb9-7e9f8300220a req-36b1240b-3e4c-41dc-abb9-7e9f8300220a ] Request (ImagesOneServerNegativeTestJSON:_run_cleanups): 200 GET http://10.180.1.21/compute/v2.1/servers/7693f017-69b3-4ec4-ae3f-7e65ed34a471 4.821s
2025-12-12 19:01:28.534 66037 INFO tempest.common.waiters [-] State transition "BUILD/None" ==> "BUILD/spawning" after 31 second wait
2025-12-12 19:01:28.551 66045 INFO tempest.lib.common.rest_client [req-ff332c3b-e589-480e-8d3b-006d10c3fbad req-ff332c3b-e589-480e-8d3b-006d10c3fbad ] Request (AttachInterfacesUnderV243Test:tearDownClass): 200 GET http://10.180.1.21/networking/v2.0/security-groups?tenant_id=a47babe780ec4ae7b6c40f4531f09a38&name=default 0.410s
2025-12-12 19:01:29.407 66043 INFO tempest.lib.common.rest_client [req-6a4c09ba-b6bb-4498-91ef-4f8f165a0197 req-6a4c09ba-b6bb-4498-91ef-4f8f165a0197 ] Request (VolumesAdminNegativeTest:tearDownClass): 200 PUT http://10.180.1.21/networking/v2.0/routers/62e28bd7-1c6f-4e6c-a47a-2e2858bb44ca/remove_router_interface 0.915s
2025-12-12 19:01:29.528 66045 INFO tempest.lib.common.rest_client [req-1749aebe-7f5b-415c-92bb-74c5c5530ed9 req-1749aebe-7f5b-415c-92bb-74c5c5530ed9 ] Request (AttachInterfacesUnderV243Test:tearDownClass): 204 DELETE http://10.180.1.21/networking/v2.0/security-groups/01222f1e-a9e3-4e1b-969d-381d22ae95e7 0.975s
2025-12-12 19:01:29.559 66041 INFO tempest.lib.common.rest_client [req-cf914ae5-804a-46bc-94aa-f04bdbabaf59 req-cf914ae5-804a-46bc-94aa-f04bdbabaf59 ] Request (InstanceActionsTestJSON:setUpClass): 200 GET http://10.180.1.21/compute/v2.1/servers/9fa6e208-f913-4ecc-8548-ed6503fe6273 5.791s
2025-12-12 19:01:29.650 66015 INFO tempest.lib.common.rest_client [req-539bb34a-5d83-4891-b904-9ac5aa9cc57f req-539bb34a-5d83-4891-b904-9ac5aa9cc57f ] Request (ServersAdminTestJSON:setUpClass): 200 GET http://10.180.1.21/compute/v2.1/servers/24f520ec-6a56-4f17-9ae4-2c856bf99582 5.911s
2025-12-12 19:01:29.659 66015 INFO tempest.common.waiters [-] State transition "BUILD/spawning" ==> "ACTIVE/None" after 37 second wait
2025-12-12 19:01:29.665 66045 INFO tempest.lib.common.rest_client [req-7fc3eb91-3105-4d9d-b1c5-ac20c0a95318 req-7fc3eb91-3105-4d9d-b1c5-ac20c0a95318 ] Request (AttachInterfacesUnderV243Test:tearDownClass): 204 DELETE http://10.180.1.21/identity/v3/projects/a47babe780ec4ae7b6c40f4531f09a38 0.137s
2025-12-12 19:01:29.759 66045 INFO tempest.lib.common.rest_client [req-3f70b3a9-3796-4b85-879c-ca0bfe9a138a req-3f70b3a9-3796-4b85-879c-ca0bfe9a138a ] Request (ServersNegativeTestMultiTenantJSON:setUpClass): 201 POST http://10.180.1.21/identity/v3/auth/tokens 0.092s
2025-12-12 19:01:29.782 66013 INFO tempest.lib.common.rest_client [req-f4aafbca-2f6a-4f70-9e1e-d2c6bcfd2253 req-f4aafbca-2f6a-4f70-9e1e-d2c6bcfd2253 ] Request (MultipleCreateTestJSON:_run_cleanups): 204 DELETE http://10.180.1.21/compute/v2.1/servers/1e8088ef-6354-40a0-95ee-06732e7f088f 5.950s
2025-12-12 19:01:29.800 66045 INFO tempest.lib.common.rest_client [req-888c6ea3-da6d-4371-9727-f345f870ea85 req-888c6ea3-da6d-4371-9727-f345f870ea85 ] Request (ServersNegativeTestMultiTenantJSON:setUpClass): 201 POST http://10.180.1.21/identity/v3/auth/tokens 0.038s
2025-12-12 19:01:29.843 66045 INFO tempest.lib.common.rest_client [req-00f7367c-b3ae-4005-b43a-747d44d3a5ef req-00f7367c-b3ae-4005-b43a-747d44d3a5ef ] Request (ServersNegativeTestMultiTenantJSON:setUpClass): 200 GET http://10.180.1.21/identity/v3/domains?name=Default 0.043s
2025-12-12 19:01:29.878 66045 INFO tempest.lib.common.rest_client [req-4cdeb074-9619-416b-a487-c6bc3fc23e92 req-4cdeb074-9619-416b-a487-c6bc3fc23e92 ] Request (ServersNegativeTestMultiTenantJSON:setUpClass): 201 POST http://10.180.1.21/identity/v3/projects 0.034s
2025-12-12 19:01:29.878 65983 INFO tempest.lib.common.rest_client [req-42ce1c0a-b325-48b4-a721-2105f45cee6c req-42ce1c0a-b325-48b4-a721-2105f45cee6c ] Request (InstanceActionsNegativeTestJSON:setUpClass): 200 GET http://10.180.1.21/compute/v2.1/servers/cdee3a32-ad51-4364-8440-4744e8df322f 6.068s
2025-12-12 19:01:29.961 66025 INFO tempest.lib.common.rest_client [req-be269766-cf2e-4a83-ae03-a75bfb640b8a req-be269766-cf2e-4a83-ae03-a75bfb640b8a ] Request (ServersAdminNegativeTestJSON:tearDownClass): 200 GET http://10.180.1.21/compute/v2.1/servers/f44db343-7e17-4780-9a67-245992ac1a63 6.061s
2025-12-12 19:01:29.966 66045 INFO tempest.lib.common.rest_client [req-5d3f4ad0-faa4-45ce-9a48-1d4918aadc94 req-5d3f4ad0-faa4-45ce-9a48-1d4918aadc94 ] Request (ServersNegativeTestMultiTenantJSON:setUpClass): 201 POST http://10.180.1.21/identity/v3/users 0.087s
2025-12-12 19:01:30.006 66045 INFO tempest.lib.common.rest_client [req-bb78366b-2a51-4104-b5e6-202fc3d46a81 req-bb78366b-2a51-4104-b5e6-202fc3d46a81 ] Request (ServersNegativeTestMultiTenantJSON:setUpClass): 200 GET http://10.180.1.21/identity/v3/roles 0.039s
2025-12-12 19:01:30.010 66035 INFO tempest.lib.common.rest_client [req-2220bc9f-d6ce-4e5d-a324-9c316d6a774f req-2220bc9f-d6ce-4e5d-a324-9c316d6a774f ] Request (ServerActionsTestJSON:test_lock_unlock_server): 200 GET http://10.180.1.21/compute/v2.1/servers/7c6f8218-602d-44f3-8012-de5a96972785 6.125s
2025-12-12 19:01:30.014 66029 INFO tempest.lib.common.rest_client [req-9ccfd654-10f0-4406-bd31-8a6e81c1f667 req-9ccfd654-10f0-4406-bd31-8a6e81c1f667 ] Request (ListImageFiltersTestJSON:setUpClass): 200 GET http://10.180.1.21/compute/v2.1/images/2b17de9f-63a4-459f-8af1-578cd934c183 6.053s
2025-12-12 19:01:30.017 66035 INFO tempest.common.waiters [-] State transition "SHUTOFF/powering-on" ==> "ACTIVE/None" after 11 second wait
2025-12-12 19:01:30.040 66031 INFO tempest.lib.common.rest_client [req-30a36e27-fd08-4a91-8437-a09a7474833c req-30a36e27-fd08-4a91-8437-a09a7474833c ] Request (SecurityGroupsTestJSON:test_security_groups_create_list_delete): 404 GET http://10.180.1.21/compute/v2.1/os-security-groups/325b680f-9b9b-42f1-a475-3bdb73c2839f 5.968s
2025-12-12 19:01:30.057 66045 INFO tempest.lib.common.rest_client [req-8742119b-7faa-44e5-9744-b09ec05b81e9 req-8742119b-7faa-44e5-9744-b09ec05b81e9 ] Request (ServersNegativeTestMultiTenantJSON:setUpClass): 204 PUT http://10.180.1.21/identity/v3/projects/9236eeef7e5b4f5fbee26ad7fede9106/users/421f99d51af04aefbc077c8d6756a8aa/roles/1d286719b83842558f802d745f50f707 0.051s
2025-12-12 19:01:30.058 66045 INFO tempest.lib.common.dynamic_creds [-] Dynamic test user 421f99d51af04aefbc077c8d6756a8aa is created with scope project and roles: ['member']
2025-12-12 19:01:30.058 66045 INFO tempest.lib.common.dynamic_creds [-] Acquired dynamic creds: credentials: Credentials: {'domain_id': 'default', 'domain_name': 'Default', 'username': 'tempest-ServersNegativeTestMultiTenantJSON-1777378102-project-member', 'project_domain_id': 'default', 'project_domain_name': 'Default', 'project_id': '9236eeef7e5b4f5fbee26ad7fede9106', 'project_name': 'tempest-ServersNegativeTestMultiTenantJSON-1777378102', 'tenant_id': '9236eeef7e5b4f5fbee26ad7fede9106', 'tenant_name': 'tempest-ServersNegativeTestMultiTenantJSON-1777378102', 'user_domain_id': 'default', 'user_domain_name': 'Default', 'user_id': '421f99d51af04aefbc077c8d6756a8aa', 'system': None}, Network: None, Subnet: None, Router: None
2025-12-12 19:01:30.092 65993 INFO tempest.lib.common.rest_client [req-4fc7d4b8-bba4-4fd5-93b1-541b1c5b1795 req-4fc7d4b8-bba4-4fd5-93b1-541b1c5b1795 ] Request (ServersWithSpecificFlavorTestJSON:test_verify_created_server_ephemeral_disk): 200 GET http://10.180.1.21/compute/v2.1/servers/05319f69-2ac7-4649-a90a-3542d87a3e82 5.884s
2025-12-12 19:01:30.108 65995 INFO tempest.lib.common.rest_client [req-8d2875be-0901-4012-b612-fca299449d97 req-8d2875be-0901-4012-b612-fca299449d97 ] Request (ListServersNegativeTestJSON:setUpClass): 200 GET http://10.180.1.21/compute/v2.1/servers/428873b8-1e58-4924-86f3-8feca8f53342 5.866s
2025-12-12 19:01:30.119 66043 INFO tempest.lib.common.rest_client [req-68911d75-7e31-4ca0-a281-8b434b9a1547 req-68911d75-7e31-4ca0-a281-8b434b9a1547 ] Request (VolumesAdminNegativeTest:tearDownClass): 204 DELETE http://10.180.1.21/networking/v2.0/routers/62e28bd7-1c6f-4e6c-a47a-2e2858bb44ca 0.711s
2025-12-12 19:01:30.139 66045 INFO tempest.lib.common.rest_client [req-97edfb88-2825-41e6-9573-d8d73084869e req-97edfb88-2825-41e6-9573-d8d73084869e ] Request (ServersNegativeTestMultiTenantJSON:setUpClass): 201 POST http://10.180.1.21/identity/v3/auth/tokens 0.081s
2025-12-12 19:01:30.249 66043 INFO tempest.lib.common.rest_client [req-9353dd04-c6b6-4758-9195-5b73c2c13ad7 req-9353dd04-c6b6-4758-9195-5b73c2c13ad7 ] Request (VolumesAdminNegativeTest:tearDownClass): 204 DELETE http://10.180.1.21/networking/v2.0/subnets/b9106f20-1075-460d-9bb4-15a9949fdf28 0.129s
2025-12-12 19:01:30.270 66019 INFO tempest.lib.common.rest_client [req-3ae497a9-c6fe-468f-9433-55d82ad51708 req-3ae497a9-c6fe-468f-9433-55d82ad51708 ] Request (ServersTestJSON:tearDownClass): 200 GET http://10.180.1.21/compute/v2.1/servers/fdf56fa6-ad18-499e-a171-6242abb293bf 5.907s
2025-12-12 19:01:30.308 66033 INFO tempest.lib.common.rest_client [req-5116b52f-5a08-455d-bc60-389afc3d4510 req-5116b52f-5a08-455d-bc60-389afc3d4510 ] Request (ServerGroup264TestJSON:_run_cleanups): 204 DELETE http://10.180.1.21/compute/v2.1/os-server-groups/8bf32a04-8061-4ef5-9990-14418a00c2a6 5.917s
2025-12-12 19:01:30.311 66009 INFO tempest.lib.common.rest_client [req-78316f0b-f251-4295-9af0-00a649c9a280 req-78316f0b-f251-4295-9af0-00a649c9a280 ] Request (ServerDiskConfigTestJSON:test_resize_server_from_auto_to_manual): 200 GET http://10.180.1.21/compute/v2.1/servers/495fa98f-a9db-4214-87cc-d29209d3cb62 5.996s
2025-12-12 19:01:30.319 66009 INFO tempest.common.waiters [-] State transition "BUILD/spawning" ==> "ACTIVE/None" after 35 second wait
2025-12-12 19:01:30.468 66045 INFO tempest.lib.common.rest_client [req-877fd539-b34b-427c-a041-fd27be771d12 req-877fd539-b34b-427c-a041-fd27be771d12 ] Request (ServersNegativeTestMultiTenantJSON:setUpClass): 201 POST http://10.180.1.21/networking/v2.0/networks 0.328s
2025-12-12 19:01:30.516 66017 INFO tempest.lib.common.rest_client [req-46d756fa-de84-417b-afde-f6eec5ae7ca4 req-46d756fa-de84-417b-afde-f6eec5ae7ca4 ] Request (FloatingIPsAssociationNegativeTestJSON:setUpClass): 200 GET http://10.180.1.21/compute/v2.1/servers/d2fdffb8-76d1-4b74-819f-25eb29ca91ce 5.799s
2025-12-12 19:01:30.529 66023 INFO tempest.lib.common.rest_client [req-8397fc5d-4675-4922-b016-83f51f34ac32 req-8397fc5d-4675-4922-b016-83f51f34ac32 ] Request (ServerRescueNegativeTestJSON:test_rescued_vm_detach_volume): 200 GET http://10.180.1.21/compute/v2.1/servers/1eebb320-30e2-4d8b-b1fd-19e31fb35b77 5.139s
2025-12-12 19:01:30.566 66011 INFO tempest.lib.common.rest_client [req-03b4b61d-8575-414f-9234-e2715ac3b2d4 req-03b4b61d-8575-414f-9234-e2715ac3b2d4 ] Request (ServersTestManualDisk:tearDownClass): 404 GET http://10.180.1.21/compute/v2.1/servers/a09c12be-0aaa-4934-a1b3-5af29feba8a6 4.510s
2025-12-12 19:01:30.592 66043 INFO tempest.lib.common.rest_client [req-649a6aea-a919-4016-95cd-988bbf819cf5 req-649a6aea-a919-4016-95cd-988bbf819cf5 ] Request (VolumesAdminNegativeTest:tearDownClass): 204 DELETE http://10.180.1.21/networking/v2.0/networks/ee054a15-9b38-4caf-8fc7-47d3789f4478 0.342s
2025-12-12 19:01:30.707 66043 INFO tempest.lib.common.rest_client [req-96964480-64b3-47ba-9fd0-de0ef1e897dc req-96964480-64b3-47ba-9fd0-de0ef1e897dc ] Request (VolumesAdminNegativeTest:tearDownClass): 204 DELETE http://10.180.1.21/identity/v3/users/3d0dbcb1e90647448f7e7b4a3a27811b 0.114s
2025-12-12 19:01:30.735 65999 INFO tempest.lib.common.rest_client [req-6d6d8f8e-4005-45de-bb84-44b85a1f00e2 req-6d6d8f8e-4005-45de-bb84-44b85a1f00e2 ] Request (AttachInterfacesTestJSON:test_create_list_show_delete_interfaces_by_fixed_ip): 200 GET http://10.180.1.21/compute/v2.1/servers/b2d70982-54e7-459c-a0d8-48bf4b6e4345/os-interface 4.656s
2025-12-12 19:01:30.743 66045 INFO tempest.lib.common.rest_client [req-7b5e54b3-b8bf-4bb8-a21d-44be34991709 req-7b5e54b3-b8bf-4bb8-a21d-44be34991709 ] Request (ServersNegativeTestMultiTenantJSON:setUpClass): 201 POST http://10.180.1.21/networking/v2.0/subnets 0.275s
2025-12-12 19:01:30.827 66043 INFO tempest.lib.common.rest_client [req-2fdd66d7-212c-4b08-a337-f20f6aa2649e req-2fdd66d7-212c-4b08-a337-f20f6aa2649e ] Request (VolumesAdminNegativeTest:tearDownClass): 204 DELETE http://10.180.1.21/identity/v3/users/3fc2cbd82a1841889c88d8290154c526 0.120s
2025-12-12 19:01:30.950 66043 INFO tempest.lib.common.rest_client [req-28c0be0f-cddf-4ad0-8c02-f6abe792890e req-28c0be0f-cddf-4ad0-8c02-f6abe792890e ] Request (VolumesAdminNegativeTest:tearDownClass): 204 DELETE http://10.180.1.21/identity/v3/users/aa9377b9860d4c5db480d4676f69a1ef 0.122s
2025-12-12 19:01:30.950 66043 INFO tempest.lib.common.dynamic_creds [-] Deleting project and security group for project: bbefd152272e4d39bfd3ba5315563da7
2025-12-12 19:01:31.042 65989 INFO tempest.lib.common.rest_client [req-4e91f7a5-9b63-4a81-a28e-c073a23eaf5a req-4e91f7a5-9b63-4a81-a28e-c073a23eaf5a ] Request (MigrationsAdminTest:test_list_migrations_in_flavor_resize_situation): 200 GET http://10.180.1.21/compute/v2.1/servers/d5e8dd05-dc3c-4831-b4b0-ac100360f3e7 4.033s
2025-12-12 19:01:31.069 66043 INFO tempest.lib.common.rest_client [req-d55afc0d-70f7-4ba1-b17f-0fe67a35d9d9 req-d55afc0d-70f7-4ba1-b17f-0fe67a35d9d9 ] Request (VolumesAdminNegativeTest:tearDownClass): 200 GET http://10.180.1.21/networking/v2.0/security-groups?tenant_id=bbefd152272e4d39bfd3ba5315563da7&name=default 0.119s
2025-12-12 19:01:31.289 66043 INFO tempest.lib.common.rest_client [req-6b3f597e-9977-4fd5-a264-d001c8e7b440 req-6b3f597e-9977-4fd5-a264-d001c8e7b440 ] Request (VolumesAdminNegativeTest:tearDownClass): 204 DELETE http://10.180.1.21/networking/v2.0/security-groups/acb2bd87-00ee-4648-975f-d6f424804403 0.219s
2025-12-12 19:01:31.334 66007 INFO tempest.lib.common.rest_client [req-211c4891-d1ff-4e2e-abbe-3686be9d7705 req-211c4891-d1ff-4e2e-abbe-3686be9d7705 ] Request (ServerDiagnosticsTest:tearDownClass): 200 GET http://10.180.1.21/compute/v2.1/servers/ea5b8e29-ebe6-444b-bd2d-029201003ee6 3.559s
2025-12-12 19:01:31.342 66007 INFO tempest.common.waiters [-] State transition "ACTIVE/deleting" ==> "DELETED/None" after 5 second wait
2025-12-12 19:01:31.427 66043 INFO tempest.lib.common.rest_client [req-390be2a5-11a7-4d0b-926f-256e37361a37 req-390be2a5-11a7-4d0b-926f-256e37361a37 ] Request (VolumesAdminNegativeTest:tearDownClass): 204 DELETE http://10.180.1.21/identity/v3/projects/bbefd152272e4d39bfd3ba5315563da7 0.138s
2025-12-12 19:01:31.427 66043 INFO tempest.lib.common.dynamic_creds [-] Deleting project and security group for project: fd5d40deeddf430baae1517fa72e2214
2025-12-12 19:01:31.488 66005 INFO tempest.lib.common.rest_client [req-65b107ad-a103-472a-bca9-6d298d2f4d95 req-65b107ad-a103-472a-bca9-6d298d2f4d95 ] Request (ServerDiagnosticsV248Test:test_get_server_diagnostics): 200 GET http://10.180.1.21/compute/v2.1/servers/1be995d0-3141-4dcd-ad9a-278d9874e457 3.578s
2025-12-12 19:01:31.542 66043 INFO tempest.lib.common.rest_client [req-953498e4-6be5-470b-896d-86e71ebf4abd req-953498e4-6be5-470b-896d-86e71ebf4abd ] Request (VolumesAdminNegativeTest:tearDownClass): 200 GET http://10.180.1.21/networking/v2.0/security-groups?tenant_id=fd5d40deeddf430baae1517fa72e2214&name=default 0.114s
2025-12-12 19:01:31.610 66001 INFO tempest.lib.common.rest_client [req-8df2ab5f-6c6a-4fa3-9d42-711232156071 req-8df2ab5f-6c6a-4fa3-9d42-711232156071 ] Request (ServersTestFqdnHostnames:test_create_server_with_fqdn_name): 202 POST http://10.180.1.21/compute/v2.1/servers 4.851s
2025-12-12 19:01:31.649 66045 INFO tempest.lib.common.rest_client [req-2393acbc-9c21-4210-a0db-0a45d94ed89e req-2393acbc-9c21-4210-a0db-0a45d94ed89e ] Request (ServersNegativeTestMultiTenantJSON:setUpClass): 201 POST http://10.180.1.21/networking/v2.0/routers 0.905s
2025-12-12 19:01:31.782 66043 INFO tempest.lib.common.rest_client [req-26c648d2-fce0-406d-b7fc-f69930c547c4 req-26c648d2-fce0-406d-b7fc-f69930c547c4 ] Request (VolumesAdminNegativeTest:tearDownClass): 204 DELETE http://10.180.1.21/networking/v2.0/security-groups/496a1d6c-1571-4409-b8eb-75c044bff8cb 0.239s
2025-12-12 19:01:31.816 66021 INFO tempest.lib.common.rest_client [req-3addefe6-b2d1-40f9-976e-d6a765bd7075 req-3addefe6-b2d1-40f9-976e-d6a765bd7075 ] Request (ServersAdmin275Test:tearDownClass): 200 GET http://10.180.1.21/compute/v2.1/servers/6e10e846-cdb7-458e-b511-18ab1742228e 3.497s
2025-12-12 19:01:31.832 66003 INFO tempest.lib.common.rest_client [req-e94016bc-f265-4b33-b51e-21495aee9b82 req-e94016bc-f265-4b33-b51e-21495aee9b82 ] Request (ListServerFiltersTestJSON:test_list_servers_filtered_by_ip_regex): 200 GET http://10.180.1.21/compute/v2.1/servers/e5d2cc50-4ee6-4e64-9b52-888968a717ca 3.517s
2025-12-12 19:01:31.911 66043 INFO tempest.lib.common.rest_client [req-2ab140dc-4a45-4809-9023-40a18cee0517 req-2ab140dc-4a45-4809-9023-40a18cee0517 ] Request (VolumesAdminNegativeTest:tearDownClass): 204 DELETE http://10.180.1.21/identity/v3/projects/fd5d40deeddf430baae1517fa72e2214 0.129s
2025-12-12 19:01:31.912 66043 INFO tempest.lib.common.dynamic_creds [-] Deleting project and security group for project: bcc7e98e60be4e05a6601f5089e9406c
2025-12-12 19:01:31.959 66037 INFO tempest.lib.common.rest_client [req-861657ac-4a5b-4ee8-b685-020761b144a4 req-861657ac-4a5b-4ee8-b685-020761b144a4 ] Request (ImagesOneServerNegativeTestJSON:_run_cleanups): 200 GET http://10.180.1.21/compute/v2.1/servers/7693f017-69b3-4ec4-ae3f-7e65ed34a471 2.424s
2025-12-12 19:01:31.976 66043 INFO tempest.lib.common.rest_client [req-79c74709-b866-450d-84f3-6ae3d8d52d4a req-79c74709-b866-450d-84f3-6ae3d8d52d4a ] Request (VolumesAdminNegativeTest:tearDownClass): 200 GET http://10.180.1.21/networking/v2.0/security-groups?tenant_id=bcc7e98e60be4e05a6601f5089e9406c&name=default 0.063s
2025-12-12 19:01:32.007 66015 INFO tempest.lib.common.rest_client [req-92024a81-515a-4d8f-9e40-5ec2c3e8957b req-92024a81-515a-4d8f-9e40-5ec2c3e8957b ] Request (ServersAdminTestJSON:setUpClass): 200 GET http://10.180.1.21/compute/v2.1/servers/bb20d99f-fc49-47bf-a6b7-74ea966b71eb 2.348s
2025-12-12 19:01:32.078 66015 INFO tempest.lib.common.rest_client [req-512ceb4a-c294-419d-94d8-99639da43e5f req-512ceb4a-c294-419d-94d8-99639da43e5f ] Request (ServersAdminTestJSON:test_create_server_with_scheduling_hint): 201 POST http://10.180.1.21/identity/v3/auth/tokens 0.053s
2025-12-12 19:01:32.078 66015 INFO tempest.lib.common.fixed_network [-] (ServersAdminTestJSON:test_create_server_with_scheduling_hint) Found network {'id': 'dc9d8462-3539-4cc5-b21a-e1136a8df8e6', 'name': 'tempest-ServersAdminTestJSON-1580876213-network', 'tenant_id': 'b5c14a856d454048856539895f220c2c', 'project_id': 'b5c14a856d454048856539895f220c2c', 'admin_state_up': True, 'mtu': 8950, 'status': 'ACTIVE', 'subnets': [], 'shared': False, 'port_security_enabled': True, 'router:external': False, 'provider:network_type': 'vlan', 'provider:physical_network': 'default', 'provider:segmentation_id': 704, 'availability_zone_hints': [], 'availability_zones': [], 'ipv4_address_scope': None, 'ipv6_address_scope': None, 'description': '', 'tags': [], 'created_at': '2025-12-12T19:00:37Z', 'updated_at': '2025-12-12T19:00:37Z', 'revision_number': 1} available for tenant
2025-12-12 19:01:32.136 66043 INFO tempest.lib.common.rest_client [req-b30e5ca2-35db-42f0-b0db-03463cad484a req-b30e5ca2-35db-42f0-b0db-03463cad484a ] Request (VolumesAdminNegativeTest:tearDownClass): 204 DELETE http://10.180.1.21/networking/v2.0/security-groups/ed10af03-2653-4400-bc97-24352dbad07a 0.159s
2025-12-12 19:01:32.165 66013 INFO tempest.lib.common.rest_client [req-3dfd9a3a-40d2-4dc9-9706-a4115cfa1e95 req-3dfd9a3a-40d2-4dc9-9706-a4115cfa1e95 ] Request (MultipleCreateTestJSON:_run_cleanups): 200 GET http://10.180.1.21/compute/v2.1/servers/4238d766-2a5d-40d7-b2f6-5cb9a5354760 2.382s
2025-12-12 19:01:32.272 66043 INFO tempest.lib.common.rest_client [req-69b18268-2334-4104-9a91-7dcb3e877736 req-69b18268-2334-4104-9a91-7dcb3e877736 ] Request (VolumesAdminNegativeTest:tearDownClass): 204 DELETE http://10.180.1.21/identity/v3/projects/bcc7e98e60be4e05a6601f5089e9406c 0.135s
2025-12-12 19:01:32.565 66035 INFO tempest.lib.common.rest_client [req-4eceb6e2-ab26-4d1c-b3c3-5925739c163d req-4eceb6e2-ab26-4d1c-b3c3-5925739c163d ] Request (ServerActionsTestJSON:tearDown): 200 GET http://10.180.1.21/compute/v2.1/servers/7c6f8218-602d-44f3-8012-de5a96972785 2.547s
2025-12-12 19:01:32.642 66031 INFO tempest.lib.common.rest_client [req-56043145-bc05-43f0-8c1a-a5af57f9a3b7 req-56043145-bc05-43f0-8c1a-a5af57f9a3b7 ] Request (SecurityGroupsTestJSON:test_security_groups_create_list_delete): 200 GET http://10.180.1.21/compute/v2.1/os-security-groups 2.601s
2025-12-12 19:01:32.663 66033 INFO tempest.lib.common.rest_client [req-701fdc9d-b422-4fde-95f0-84fb78a145a7 req-701fdc9d-b422-4fde-95f0-84fb78a145a7 ] Request (ServerGroup264TestJSON:tearDownClass): 404 DELETE http://10.180.1.21/compute/v2.1/os-server-groups/8bf32a04-8061-4ef5-9990-14418a00c2a6 2.345s
2025-12-12 19:01:32.735 66045 INFO tempest.lib.common.rest_client [req-2acd757e-0a26-42f5-8084-9aa44c96ea9d req-2acd757e-0a26-42f5-8084-9aa44c96ea9d ] Request (ServersNegativeTestMultiTenantJSON:setUpClass): 200 PUT http://10.180.1.21/networking/v2.0/routers/239c67b3-49b8-49a3-a5bc-751599d82141/add_router_interface 1.085s
2025-12-12 19:01:32.735 66045 INFO tempest.lib.common.dynamic_creds [-] Created isolated network resources for: credentials: Credentials: {'domain_id': 'default', 'domain_name': 'Default', 'username': 'tempest-ServersNegativeTestMultiTenantJSON-1777378102-project-member', 'project_domain_id': 'default', 'project_domain_name': 'Default', 'project_id': '9236eeef7e5b4f5fbee26ad7fede9106', 'project_name': 'tempest-ServersNegativeTestMultiTenantJSON-1777378102', 'tenant_id': '9236eeef7e5b4f5fbee26ad7fede9106', 'tenant_name': 'tempest-ServersNegativeTestMultiTenantJSON-1777378102', 'user_domain_id': 'default', 'user_domain_name': 'Default', 'user_id': '421f99d51af04aefbc077c8d6756a8aa', 'system': None}, Network: {'id': '8033426d-3449-4534-bb51-86f8e1cbf396', 'name': 'tempest-ServersNegativeTestMultiTenantJSON-324841709-network', 'tenant_id': '9236eeef7e5b4f5fbee26ad7fede9106', 'project_id': '9236eeef7e5b4f5fbee26ad7fede9106', 'admin_state_up': True, 'mtu': 8950, 'status': 'ACTIVE', 'subnets': [], 'shared': False, 'port_security_enabled': True, 'router:external': False, 'provider:network_type': 'vlan', 'provider:physical_network': 'default', 'provider:segmentation_id': 128, 'availability_zone_hints': [], 'availability_zones': [], 'ipv4_address_scope': None, 'ipv6_address_scope': None, 'description': '', 'tags': [], 'created_at': '2025-12-12T19:01:30Z', 'updated_at': '2025-12-12T19:01:30Z', 'revision_number': 1}, Subnet: {'id': 'a5416d84-52c7-482a-a2d3-56fc6455814b', 'name': 'tempest-ServersNegativeTestMultiTenantJSON-324841709-subnet', 'tenant_id': '9236eeef7e5b4f5fbee26ad7fede9106', 'network_id': '8033426d-3449-4534-bb51-86f8e1cbf396', 'ip_version': 4, 'subnetpool_id': None, 'enable_dhcp': True, 'ipv6_ra_mode': None, 'ipv6_address_mode': None, 'gateway_ip': '192.168.128.1', 'cidr': '192.168.128.0/28', 'allocation_pools': [{'start': '192.168.128.2', 'end': '192.168.128.14'}], 'host_routes': [], 'dns_nameservers': [], 'description': '', 'router:external': False, 'service_types': [], 'tags': [], 'created_at': '2025-12-12T19:01:30Z', 'updated_at': '2025-12-12T19:01:30Z', 'revision_number': 0, 'project_id': '9236eeef7e5b4f5fbee26ad7fede9106'}, Router: {'id': '239c67b3-49b8-49a3-a5bc-751599d82141', 'name': 'tempest-ServersNegativeTestMultiTenantJSON-324841709-router', 'tenant_id': '9236eeef7e5b4f5fbee26ad7fede9106', 'admin_state_up': True, 'status': 'ACTIVE', 'external_gateway_info': {'network_id': '84e9fccf-6671-41d9-97f7-60640c0675b2', 'external_fixed_ips': [{'subnet_id': 'b2cc3147-8748-48ac-b755-b1de55450ec3', 'ip_address': '10.180.180.225'}], 'enable_snat': True}, 'description': '', 'availability_zones': [], 'distributed': False, 'ha': False, 'availability_zone_hints': [], 'routes': [], 'flavor_id': None, 'tags': [], 'created_at': '2025-12-12T19:01:30Z', 'updated_at': '2025-12-12T19:01:31Z', 'revision_number': 2, 'project_id': '9236eeef7e5b4f5fbee26ad7fede9106'}
2025-12-12 19:01:32.773 66009 INFO tempest.lib.common.rest_client [req-e4127ff3-ac6b-41bb-be18-a4490c21d443 req-e4127ff3-ac6b-41bb-be18-a4490c21d443 ] Request (ServerDiskConfigTestJSON:test_resize_server_from_auto_to_manual): 200 GET http://10.180.1.21/compute/v2.1/servers/495fa98f-a9db-4214-87cc-d29209d3cb62 2.453s
2025-12-12 19:01:32.790 66041 INFO tempest.lib.common.rest_client [req-053372d4-1330-4753-8848-52ca65805a17 req-053372d4-1330-4753-8848-52ca65805a17 ] Request (InstanceActionsTestJSON:setUpClass): 200 GET http://10.180.1.21/compute/v2.1/servers/9fa6e208-f913-4ecc-8548-ed6503fe6273 2.222s
2025-12-12 19:01:32.801 66011 INFO tempest.lib.common.rest_client [req-d24459d8-a5d2-4858-b4e2-d6fd8fa2bb8e req-d24459d8-a5d2-4858-b4e2-d6fd8fa2bb8e ] Request (ServersTestManualDisk:tearDownClass): 202 DELETE http://10.180.1.21/compute/v2.1/os-keypairs/tempest-keypair-1567318003 2.234s
2025-12-12 19:01:32.870 66045 INFO tempest.lib.common.rest_client [req-b1e4aea7-840d-40e3-ab1a-f4317dbaae27 req-b1e4aea7-840d-40e3-ab1a-f4317dbaae27 ] Request (ServersNegativeTestMultiTenantJSON:setUpClass): 201 POST http://10.180.1.21/identity/v3/auth/tokens 0.128s
2025-12-12 19:01:32.923 66011 INFO tempest.lib.common.rest_client [req-3d73e2f8-9bf1-4e22-bb7c-ad9d0e31907f req-3d73e2f8-9bf1-4e22-bb7c-ad9d0e31907f ] Request (ServersTestManualDisk:tearDownClass): 204 DELETE http://10.180.1.21/networking/v2.0/security-groups/ab442ce5-6c19-49f8-9295-22ca7019ba57 0.121s
2025-12-12 19:01:32.976 65983 INFO tempest.lib.common.rest_client [req-db8b5e19-a157-41c4-8ba8-5c7ec47d6302 req-db8b5e19-a157-41c4-8ba8-5c7ec47d6302 ] Request (InstanceActionsNegativeTestJSON:setUpClass): 200 GET http://10.180.1.21/compute/v2.1/servers/cdee3a32-ad51-4364-8440-4744e8df322f 2.085s
2025-12-12 19:01:32.976 66045 INFO tempest.lib.common.rest_client [req-6a123e5b-d35b-468c-a2f5-14ec34d49d06 req-6a123e5b-d35b-468c-a2f5-14ec34d49d06 ] Request (ServersNegativeTestMultiTenantJSON:setUpClass): 201 POST http://10.180.1.21/identity/v3/projects 0.106s
