2025-12-12 19:02:49.320 66045 INFO tempest.lib.common.rest_client [req-d1987b44-a08f-4324-b655-16c2d70f2aa9 req-d1987b44-a08f-4324-b655-16c2d70f2aa9 ] Request (ServersNegativeTestMultiTenantJSON:tearDownClass): 200 GET http://10.180.1.21/compute/v2.1/servers/880390f5-00f1-4dea-9345-29c06289b340 0.212s
2025-12-12 19:02:49.323 66025 INFO tempest.lib.common.rest_client [req-d8f3906e-52cd-44a5-8fce-96439ff421ad req-d8f3906e-52cd-44a5-8fce-96439ff421ad ] Request (ServerGroupTestJSON:test_create_delete_server_group_with_affinity_policy): 200 POST http://10.180.1.21/compute/v2.1/os-server-groups 0.195s
2025-12-12 19:02:49.400 66037 INFO tempest.lib.common.rest_client [req-fb7bc106-f3c3-43ae-99e8-9ccdd8a2d6d0 req-fb7bc106-f3c3-43ae-99e8-9ccdd8a2d6d0 ] Request (ImagesOneServerNegativeTestJSON:_run_cleanups): 200 GET http://10.180.1.21/compute/v2.1/servers/308330f8-1219-4c02-a129-22b29f0e33b2 0.263s
2025-12-12 19:02:49.418 66015 INFO tempest.lib.common.rest_client [req-f0c56af9-54f7-4f8c-83f9-791740dd7169 req-f0c56af9-54f7-4f8c-83f9-791740dd7169 ] Request (ServersAdminTestJSON:test_inject_network_info): 200 GET http://10.180.1.21/compute/v2.1/servers/1e7b8237-34ea-479e-b5a7-b1846661d61d 0.170s
2025-12-12 19:02:49.458 65993 WARNING tempest.lib.common.ssh [-] Failed to establish authenticated ssh connection to cirros@10.180.180.209 ([Errno None] Unable to connect to port 22 on 10.180.180.209). Number attempts: 6. Retry after 7 seconds.: paramiko.ssh_exception.NoValidConnectionsError: [Errno None] Unable to connect to port 22 on 10.180.180.209
2025-12-12 19:02:49.545 66007 INFO tempest.lib.common.rest_client [req-3c6d240d-c3d5-448b-8b82-e4d57e76718b req-3c6d240d-c3d5-448b-8b82-e4d57e76718b ] Request (ServerDiagnosticsNegativeTest:test_get_server_diagnostics_by_non_admin): 200 GET http://10.180.1.21/compute/v2.1/servers/8eda6816-6781-4ad9-9210-11fa623f24b0 0.290s
2025-12-12 19:02:49.637 65999 INFO tempest.lib.common.rest_client [req-62409dd2-29e6-4b6f-9391-06060bc446b5 req-62409dd2-29e6-4b6f-9391-06060bc446b5 ] Request (AttachInterfacesTestJSON:test_create_list_show_delete_interfaces_by_network_port): 200 GET http://10.180.1.21/compute/v2.1/servers/9df1a51a-2811-4486-a4c6-58d618f2ae7d 0.327s
2025-12-12 19:02:49.646 65989 INFO tempest.lib.common.rest_client [req-ab864f57-64ed-4bdd-956c-cf7f72c8f07f req-ab864f57-64ed-4bdd-956c-cf7f72c8f07f ] Request (MigrationsAdminTest:test_resize_server_revert_deleted_flavor): 200 GET http://10.180.1.21/compute/v2.1/servers/5e227f6c-9f13-416f-8e6d-2f7d931619fd 0.383s
2025-12-12 19:02:49.646 65999 INFO tempest.common.waiters [-] State transition "BUILD/None" ==> "BUILD/networking" after 23 second wait
2025-12-12 19:02:49.672 66025 INFO tempest.lib.common.rest_client [req-91a0acfa-f1db-4f98-8738-f7555c78edf7 req-91a0acfa-f1db-4f98-8738-f7555c78edf7 ] Request (ServerGroupTestJSON:test_create_delete_server_group_with_affinity_policy): 204 DELETE http://10.180.1.21/compute/v2.1/os-server-groups/f69cc58b-c0b7-4c13-aa06-c8b9ed7453b7 0.347s
2025-12-12 19:02:49.865 66009 INFO tempest.lib.common.rest_client [req-0e4e27bc-b327-48db-8983-bff9a25f10be req-0e4e27bc-b327-48db-8983-bff9a25f10be ] Request (ServerDiskConfigTestJSON:test_resize_server_from_auto_to_manual): 200 GET http://10.180.1.21/compute/v2.1/servers/495fa98f-a9db-4214-87cc-d29209d3cb62 0.395s
2025-12-12 19:02:49.904 66013 INFO tempest.lib.common.rest_client [req-be3dd756-6d09-449e-a25c-71d8c750f04d req-be3dd756-6d09-449e-a25c-71d8c750f04d ] Request (MultipleCreateTestJSON:test_multiple_create_with_reservation_return): 200 GET http://10.180.1.21/compute/v2.1/servers/6ee4f79a-b6f2-4f8c-b049-d00b38ac4a8e 0.426s
2025-12-12 19:02:49.928 66025 INFO tempest.lib.common.rest_client [req-18d5df21-a7fb-4df4-bb2b-2e1e3e99f40e req-18d5df21-a7fb-4df4-bb2b-2e1e3e99f40e ] Request (ServerGroupTestJSON:test_create_delete_server_group_with_affinity_policy): 200 GET http://10.180.1.21/compute/v2.1/os-server-groups 0.255s
2025-12-12 19:02:49.948 66005 INFO tempest.lib.common.rest_client [req-37ac8b1f-ace9-41f5-8d42-eeeeb374c880 req-37ac8b1f-ace9-41f5-8d42-eeeeb374c880 ] Request (InstanceActionsV221TestJSON:test_get_list_deleted_instance_actions): 200 GET http://10.180.1.21/compute/v2.1/servers/9da312a0-c6eb-4903-a7d8-e178aa54d2ea 0.403s
2025-12-12 19:02:49.964 66005 INFO tempest.common.waiters [-] State transition "BUILD/scheduling" ==> "BUILD/None" after 1 second wait
2025-12-12 19:02:50.013 66003 INFO tempest.lib.common.rest_client [req-dc86fcdc-0e0a-44ef-9c2a-ea316781c357 req-dc86fcdc-0e0a-44ef-9c2a-ea316781c357 ] Request (ListServerFiltersTestJSON:tearDownClass): 200 GET http://10.180.1.21/compute/v2.1/servers/97dc8cac-8241-4912-a3ed-689439ef7ff8 0.225s
2025-12-12 19:02:50.031 66021 INFO tempest.lib.common.rest_client [req-4aec7328-f1d6-4bbe-a09a-d33280d6ab07 req-4aec7328-f1d6-4bbe-a09a-d33280d6ab07 ] Request (ServerShowV257Test:test_rebuild_server): 200 GET http://10.180.1.21/compute/v2.1/servers/26432ad6-610e-49c2-8699-f1e7e128e5b8 0.172s
2025-12-12 19:02:50.041 66021 INFO tempest.common.waiters [-] State transition "REBUILD/rebuild_block_device_mapping" ==> "REBUILD/rebuild_spawning" after 3 second wait
2025-12-12 19:02:50.097 66025 INFO tempest.lib.common.rest_client [req-648d4e13-ed64-4ef2-8824-2f5a96eb667b req-648d4e13-ed64-4ef2-8824-2f5a96eb667b ] Request (ServerGroupTestJSON:test_create_delete_server_group_with_anti_affinity_policy): 200 POST http://10.180.1.21/compute/v2.1/os-server-groups 0.165s
2025-12-12 19:02:50.225 66017 INFO tempest.lib.common.rest_client [req-ed2bf56b-3fd8-49de-b9f3-9b647f7dc51d req-ed2bf56b-3fd8-49de-b9f3-9b647f7dc51d ] Request (ImagesTestJSON:test_create_image_from_stopped_server): 200 GET http://10.180.1.21/compute/v2.1/servers/4264998b-949d-4b01-8832-fb1df6214403 0.127s
2025-12-12 19:02:50.246 66025 INFO tempest.lib.common.rest_client [req-9ec8576d-2b31-4099-a0d3-0508fa050939 req-9ec8576d-2b31-4099-a0d3-0508fa050939 ] Request (ServerGroupTestJSON:test_create_delete_server_group_with_anti_affinity_policy): 204 DELETE http://10.180.1.21/compute/v2.1/os-server-groups/977ee956-1a85-4831-ab13-569e1db14f13 0.148s
2025-12-12 19:02:50.255 66029 INFO tempest.lib.common.rest_client [req-2a71902f-0da0-414d-a169-66d39d401135 req-2a71902f-0da0-414d-a169-66d39d401135 ] Request (ListImageFiltersTestJSON:tearDownClass): 200 GET http://10.180.1.21/compute/v2.1/servers/361e54c7-4309-48b3-ad3e-b2ebc783741c 0.311s
2025-12-12 19:02:50.340 65987 INFO tempest.lib.common.rest_client [req-d9d145d4-62ec-49f0-86c9-c67f0e6437bb req-d9d145d4-62ec-49f0-86c9-c67f0e6437bb ] Request (VolumesAssistedSnapshotsTest:tearDownClass): 200 GET http://10.180.1.21/compute/v2.1/servers/2b1b2fa1-cd4e-4359-bbe0-d7ca16d0cf20 0.096s
2025-12-12 19:02:50.364 66025 INFO tempest.lib.common.rest_client [req-fa6bd777-dd82-4bc8-81a6-05cd7fa186f8 req-fa6bd777-dd82-4bc8-81a6-05cd7fa186f8 ] Request (ServerGroupTestJSON:test_create_delete_server_group_with_anti_affinity_policy): 200 GET http://10.180.1.21/compute/v2.1/os-server-groups 0.118s
2025-12-12 19:02:50.370 66031 INFO tempest.lib.common.rest_client [req-3cfa7729-a041-439c-afc4-00f14e9ec616 req-3cfa7729-a041-439c-afc4-00f14e9ec616 ] Request (SecurityGroupsTestJSON:test_server_security_groups): 200 GET http://10.180.1.21/compute/v2.1/servers/77b3ca48-d2c6-4743-a44a-53b9aa84662a 0.252s
2025-12-12 19:02:50.403 66025 INFO tempest.lib.common.rest_client [req-94e8617a-fe78-45da-a1ed-a91402c67440 req-94e8617a-fe78-45da-a1ed-a91402c67440 ] Request (ServerGroupTestJSON:test_create_server_with_scheduler_hint_group): 201 POST http://10.180.1.21/identity/v3/auth/tokens 0.034s
2025-12-12 19:02:50.403 66025 INFO tempest.lib.common.fixed_network [-] (ServerGroupTestJSON:test_create_server_with_scheduler_hint_group) Found network {'id': 'd1672958-02a6-48dd-98df-2663748a2aa1', 'name': 'tempest-ServerGroupTestJSON-384169563-network', 'tenant_id': 'e096164b91f8483994f1dfefbca5fdff', 'project_id': 'e096164b91f8483994f1dfefbca5fdff', 'admin_state_up': True, 'mtu': 8950, 'status': 'ACTIVE', 'subnets': [], 'shared': False, 'port_security_enabled': True, 'router:external': False, 'provider:network_type': 'vlan', 'provider:physical_network': 'default', 'provider:segmentation_id': 715, 'availability_zone_hints': [], 'availability_zones': [], 'ipv4_address_scope': None, 'ipv6_address_scope': None, 'description': '', 'tags': [], 'created_at': '2025-12-12T19:02:41Z', 'updated_at': '2025-12-12T19:02:41Z', 'revision_number': 1} available for tenant
2025-12-12 19:02:50.429 66045 INFO tempest.lib.common.rest_client [req-73762b54-e22d-4d0c-a2b4-0f0b75c68779 req-73762b54-e22d-4d0c-a2b4-0f0b75c68779 ] Request (ServersNegativeTestMultiTenantJSON:tearDownClass): 200 GET http://10.180.1.21/compute/v2.1/servers/880390f5-00f1-4dea-9345-29c06289b340 0.094s
2025-12-12 19:02:50.489 66037 INFO tempest.lib.common.rest_client [req-983f7969-a2a7-4c3d-bc81-e34d43e8c3b2 req-983f7969-a2a7-4c3d-bc81-e34d43e8c3b2 ] Request (ImagesOneServerNegativeTestJSON:_run_cleanups): 200 GET http://10.180.1.21/compute/v2.1/servers/308330f8-1219-4c02-a129-22b29f0e33b2 0.080s
2025-12-12 19:02:50.560 66015 INFO tempest.lib.common.rest_client [req-40b76d8c-2a1e-4640-aff4-224f9a9907a0 req-40b76d8c-2a1e-4640-aff4-224f9a9907a0 ] Request (ServersAdminTestJSON:test_inject_network_info): 200 GET http://10.180.1.21/compute/v2.1/servers/1e7b8237-34ea-479e-b5a7-b1846661d61d 0.126s
2025-12-12 19:02:51.249 66007 INFO tempest.lib.common.rest_client [req-a6fa5c5e-0ee0-4f53-8c86-13a20a6db8b9 req-a6fa5c5e-0ee0-4f53-8c86-13a20a6db8b9 ] Request (ServerDiagnosticsNegativeTest:test_get_server_diagnostics_by_non_admin): 200 GET http://10.180.1.21/compute/v2.1/servers/8eda6816-6781-4ad9-9210-11fa623f24b0 0.690s
2025-12-12 19:02:51.381 66011 WARNING tempest.lib.common.ssh [-] Failed to establish authenticated ssh connection to cirros@10.180.180.181 ([Errno None] Unable to connect to port 22 on 10.180.180.181). Number attempts: 1. Retry after 2 seconds.: paramiko.ssh_exception.NoValidConnectionsError: [Errno None] Unable to connect to port 22 on 10.180.180.181
2025-12-12 19:02:51.428 66025 INFO tempest.lib.common.rest_client [req-0291cb58-7934-4a5f-82d4-b1218a2b7ed8 req-0291cb58-7934-4a5f-82d4-b1218a2b7ed8 ] Request (ServerGroupTestJSON:test_create_server_with_scheduler_hint_group): 202 POST http://10.180.1.21/compute/v2.1/servers 1.024s
2025-12-12 19:02:51.826 65999 INFO tempest.lib.common.rest_client [req-1d47a098-c4ea-4964-ab27-e3589d76e389 req-1d47a098-c4ea-4964-ab27-e3589d76e389 ] Request (AttachInterfacesTestJSON:test_create_list_show_delete_interfaces_by_network_port): 200 GET http://10.180.1.21/compute/v2.1/servers/9df1a51a-2811-4486-a4c6-58d618f2ae7d 1.176s
2025-12-12 19:02:51.836 65999 INFO tempest.common.waiters [-] State transition "BUILD/networking" ==> "BUILD/spawning" after 25 second wait
2025-12-12 19:02:51.868 65989 INFO tempest.lib.common.rest_client [req-6b18e1b2-046f-440f-8e3c-feb6126e359a req-6b18e1b2-046f-440f-8e3c-feb6126e359a ] Request (MigrationsAdminTest:test_resize_server_revert_deleted_flavor): 200 GET http://10.180.1.21/compute/v2.1/servers/5e227f6c-9f13-416f-8e6d-2f7d931619fd 1.209s
2025-12-12 19:02:52.026 66009 INFO tempest.lib.common.rest_client [req-81cfe701-2d73-463b-a3f6-af1f183a6bf3 req-81cfe701-2d73-463b-a3f6-af1f183a6bf3 ] Request (ServerDiskConfigTestJSON:test_resize_server_from_auto_to_manual): 200 GET http://10.180.1.21/compute/v2.1/servers/495fa98f-a9db-4214-87cc-d29209d3cb62 1.149s
2025-12-12 19:02:52.059 66013 INFO tempest.lib.common.rest_client [req-59d5de4a-be4f-46a8-96d7-31cf5a9336a1 req-59d5de4a-be4f-46a8-96d7-31cf5a9336a1 ] Request (MultipleCreateTestJSON:test_multiple_create_with_reservation_return): 200 GET http://10.180.1.21/compute/v2.1/servers/6ee4f79a-b6f2-4f8c-b049-d00b38ac4a8e 1.143s
2025-12-12 19:02:52.104 66005 INFO tempest.lib.common.rest_client [req-fbc57689-1ebc-43f8-8812-abdedcb73a1a req-fbc57689-1ebc-43f8-8812-abdedcb73a1a ] Request (InstanceActionsV221TestJSON:test_get_list_deleted_instance_actions): 200 GET http://10.180.1.21/compute/v2.1/servers/9da312a0-c6eb-4903-a7d8-e178aa54d2ea 1.138s
2025-12-12 19:02:52.148 66003 INFO tempest.lib.common.rest_client [req-2571bbdd-2499-42d6-9056-66728015213e req-2571bbdd-2499-42d6-9056-66728015213e ] Request (ListServerFiltersTestJSON:tearDownClass): 200 GET http://10.180.1.21/compute/v2.1/servers/97dc8cac-8241-4912-a3ed-689439ef7ff8 1.124s
2025-12-12 19:02:52.165 66021 INFO tempest.lib.common.rest_client [req-969dbaca-be66-446b-a90b-d5b3813950c6 req-969dbaca-be66-446b-a90b-d5b3813950c6 ] Request (ServerShowV257Test:test_rebuild_server): 200 GET http://10.180.1.21/compute/v2.1/servers/26432ad6-610e-49c2-8699-f1e7e128e5b8 1.123s
2025-12-12 19:02:52.218 66017 INFO tempest.lib.common.rest_client [req-71bc69fa-9dd0-4a8f-bb3d-aac4fc544b97 req-71bc69fa-9dd0-4a8f-bb3d-aac4fc544b97 ] Request (ImagesTestJSON:test_create_image_from_stopped_server): 200 GET http://10.180.1.21/compute/v2.1/servers/4264998b-949d-4b01-8832-fb1df6214403 0.985s
2025-12-12 19:02:52.229 66029 INFO tempest.lib.common.rest_client [req-043a66d1-3303-4973-9661-b0e3276660df req-043a66d1-3303-4973-9661-b0e3276660df ] Request (ListImageFiltersTestJSON:tearDownClass): 200 GET http://10.180.1.21/compute/v2.1/servers/361e54c7-4309-48b3-ad3e-b2ebc783741c 0.963s
2025-12-12 19:02:52.281 65987 INFO tempest.lib.common.rest_client [req-ce10702d-9524-402e-8585-56a52f1ac9e6 req-ce10702d-9524-402e-8585-56a52f1ac9e6 ] Request (VolumesAssistedSnapshotsTest:tearDownClass): 200 GET http://10.180.1.21/compute/v2.1/servers/2b1b2fa1-cd4e-4359-bbe0-d7ca16d0cf20 0.928s
2025-12-12 19:02:52.329 66025 INFO tempest.lib.common.rest_client [req-0c9b5b1f-b1d8-48bf-8291-6f202e5f4eae req-0c9b5b1f-b1d8-48bf-8291-6f202e5f4eae ] Request (ServerGroupTestJSON:test_create_server_with_scheduler_hint_group): 200 GET http://10.180.1.21/compute/v2.1/servers/55ab4771-9908-4640-a142-3cb40c0c6ee5 0.899s
2025-12-12 19:02:52.344 66031 INFO tempest.lib.common.rest_client [req-e3d84028-4d93-4416-a41d-2f5530c48904 req-e3d84028-4d93-4416-a41d-2f5530c48904 ] Request (SecurityGroupsTestJSON:test_server_security_groups): 200 GET http://10.180.1.21/compute/v2.1/servers/77b3ca48-d2c6-4743-a44a-53b9aa84662a 0.965s
2025-12-12 19:02:52.351 66031 INFO tempest.common.waiters [-] State transition "HARD_REBOOT/rebooting_hard" ==> "ACTIVE/None" after 5 second wait
2025-12-12 19:02:52.387 66045 INFO tempest.lib.common.rest_client [req-ed0793ba-d7e8-4188-bff8-88f712c71fbb req-ed0793ba-d7e8-4188-bff8-88f712c71fbb ] Request (ServersNegativeTestMultiTenantJSON:tearDownClass): 200 GET http://10.180.1.21/compute/v2.1/servers/880390f5-00f1-4dea-9345-29c06289b340 0.945s
2025-12-12 19:02:52.402 66037 INFO tempest.lib.common.rest_client [req-9b838e20-55fc-43a2-ac60-00fb1b1ec8e2 req-9b838e20-55fc-43a2-ac60-00fb1b1ec8e2 ] Request (ImagesOneServerNegativeTestJSON:_run_cleanups): 200 GET http://10.180.1.21/compute/v2.1/servers/308330f8-1219-4c02-a129-22b29f0e33b2 0.903s
2025-12-12 19:02:52.451 66015 INFO tempest.lib.common.rest_client [req-d325a8dd-2979-4a5e-ac66-466d87199cc1 req-d325a8dd-2979-4a5e-ac66-466d87199cc1 ] Request (ServersAdminTestJSON:test_inject_network_info): 200 GET http://10.180.1.21/compute/v2.1/servers/1e7b8237-34ea-479e-b5a7-b1846661d61d 0.880s
2025-12-12 19:02:52.460 66015 INFO tempest.common.waiters [-] State transition "BUILD/None" ==> "BUILD/networking" after 25 second wait
2025-12-12 19:02:52.561 66007 INFO tempest.lib.common.rest_client [req-022cf2d5-6d94-4fae-ae4d-0c189960487b req-022cf2d5-6d94-4fae-ae4d-0c189960487b ] Request (ServerDiagnosticsNegativeTest:test_get_server_diagnostics_by_non_admin): 200 GET http://10.180.1.21/compute/v2.1/servers/8eda6816-6781-4ad9-9210-11fa623f24b0 0.304s
2025-12-12 19:02:52.570 66007 INFO tempest.common.waiters [-] State transition "BUILD/spawning" ==> "ACTIVE/None" after 50 second wait
2025-12-12 19:02:52.620 66007 INFO tempest.lib.common.rest_client [req-9156f365-2fbb-474b-b3c3-42a88fd981fa req-9156f365-2fbb-474b-b3c3-42a88fd981fa ] Request (ServerDiagnosticsNegativeTest:test_get_server_diagnostics_by_non_admin): 403 GET http://10.180.1.21/compute/v2.1/servers/8eda6816-6781-4ad9-9210-11fa623f24b0/diagnostics 0.048s
2025-12-12 19:02:52.735 66007 INFO tempest.lib.common.rest_client [req-dc6c2631-fc09-44f8-ae36-09a4009f12a1 req-dc6c2631-fc09-44f8-ae36-09a4009f12a1 ] Request (ServerDiagnosticsNegativeTest:tearDownClass): 204 DELETE http://10.180.1.21/compute/v2.1/servers/8eda6816-6781-4ad9-9210-11fa623f24b0 0.111s
2025-12-12 19:02:52.927 66031 INFO tempest.lib.common.rest_client [req-be2eec9a-730d-488c-a041-cff872de1cb3 req-be2eec9a-730d-488c-a041-cff872de1cb3 ] Request (SecurityGroupsTestJSON:test_server_security_groups): 202 POST http://10.180.1.21/compute/v2.1/servers/77b3ca48-d2c6-4743-a44a-53b9aa84662a/action 0.575s
2025-12-12 19:02:52.993 66007 INFO tempest.lib.common.rest_client [req-a561e8c7-e4a8-4ecc-a4c5-b8516a79ebbd req-a561e8c7-e4a8-4ecc-a4c5-b8516a79ebbd ] Request (ServerDiagnosticsNegativeTest:tearDownClass): 200 GET http://10.180.1.21/compute/v2.1/servers/8eda6816-6781-4ad9-9210-11fa623f24b0 0.258s
2025-12-12 19:02:53.080 65999 INFO tempest.lib.common.rest_client [req-733fe4eb-6851-427b-ac13-306fa0819a7c req-733fe4eb-6851-427b-ac13-306fa0819a7c ] Request (AttachInterfacesTestJSON:test_create_list_show_delete_interfaces_by_network_port): 200 GET http://10.180.1.21/compute/v2.1/servers/9df1a51a-2811-4486-a4c6-58d618f2ae7d 0.243s
2025-12-12 19:02:53.202 65989 INFO tempest.lib.common.rest_client [req-dad14cfa-695d-4660-97b9-a2c9dc7e723d req-dad14cfa-695d-4660-97b9-a2c9dc7e723d ] Request (MigrationsAdminTest:test_resize_server_revert_deleted_flavor): 200 GET http://10.180.1.21/compute/v2.1/servers/5e227f6c-9f13-416f-8e6d-2f7d931619fd 0.326s
2025-12-12 19:02:53.247 66031 INFO tempest.lib.common.rest_client [req-7de1166f-9c92-442e-90b9-b63cdf0aa14f req-7de1166f-9c92-442e-90b9-b63cdf0aa14f ] Request (SecurityGroupsTestJSON:test_server_security_groups): 400 DELETE http://10.180.1.21/compute/v2.1/os-security-groups/f58ee46a-e357-48b1-97b1-a15a3870bc4e 0.319s
2025-12-12 19:02:53.398 66009 INFO tempest.lib.common.rest_client [req-cc617ce9-787b-439a-a5fc-5df85ed8e88d req-cc617ce9-787b-439a-a5fc-5df85ed8e88d ] Request (ServerDiskConfigTestJSON:test_resize_server_from_auto_to_manual): 200 GET http://10.180.1.21/compute/v2.1/servers/495fa98f-a9db-4214-87cc-d29209d3cb62 0.359s
2025-12-12 19:02:53.456 66013 INFO tempest.lib.common.rest_client [req-e9b77115-8e73-426e-8bde-f3fbb34514f4 req-e9b77115-8e73-426e-8bde-f3fbb34514f4 ] Request (MultipleCreateTestJSON:test_multiple_create_with_reservation_return): 200 GET http://10.180.1.21/compute/v2.1/servers/6ee4f79a-b6f2-4f8c-b049-d00b38ac4a8e 0.388s
2025-12-12 19:02:53.473 66005 INFO tempest.lib.common.rest_client [req-e0473872-03cc-4f6f-bbe2-9e683f872c1c req-e0473872-03cc-4f6f-bbe2-9e683f872c1c ] Request (InstanceActionsV221TestJSON:test_get_list_deleted_instance_actions): 200 GET http://10.180.1.21/compute/v2.1/servers/9da312a0-c6eb-4903-a7d8-e178aa54d2ea 0.359s
2025-12-12 19:02:53.519 66035 INFO paramiko.transport [-] Connected (version 2.0, client dropbear_2020.81)
2025-12-12 19:02:53.522 66003 INFO tempest.lib.common.rest_client [req-6a1bb64a-d2f9-4922-ab8c-3962a73a05a0 req-6a1bb64a-d2f9-4922-ab8c-3962a73a05a0 ] Request (ListServerFiltersTestJSON:tearDownClass): 200 GET http://10.180.1.21/compute/v2.1/servers/97dc8cac-8241-4912-a3ed-689439ef7ff8 0.365s
2025-12-12 19:02:53.541 66021 INFO tempest.lib.common.rest_client [req-fe72e131-3cd0-4b96-8996-6046ec9307a8 req-fe72e131-3cd0-4b96-8996-6046ec9307a8 ] Request (ServerShowV257Test:test_rebuild_server): 200 GET http://10.180.1.21/compute/v2.1/servers/26432ad6-610e-49c2-8699-f1e7e128e5b8 0.361s
2025-12-12 19:02:53.589 66017 INFO tempest.lib.common.rest_client [req-fc1a23a2-6c9a-4e73-9e94-31fd3ea96d50 req-fc1a23a2-6c9a-4e73-9e94-31fd3ea96d50 ] Request (ImagesTestJSON:test_create_image_from_stopped_server): 200 GET http://10.180.1.21/compute/v2.1/servers/4264998b-949d-4b01-8832-fb1df6214403 0.362s
2025-12-12 19:02:53.613 66029 INFO tempest.lib.common.rest_client [req-5253bca7-a32d-4288-acec-16b070c13d99 req-5253bca7-a32d-4288-acec-16b070c13d99 ] Request (ListImageFiltersTestJSON:tearDownClass): 200 GET http://10.180.1.21/compute/v2.1/servers/361e54c7-4309-48b3-ad3e-b2ebc783741c 0.376s
2025-12-12 19:02:53.622 66029 INFO tempest.common.waiters [-] State transition "ACTIVE/deleting" ==> "DELETED/None" after 5 second wait
2025-12-12 19:02:53.631 66035 INFO paramiko.transport [-] Authentication (publickey) successful!
2025-12-12 19:02:53.631 66035 INFO tempest.lib.common.ssh [-] ssh connection to cirros@10.180.180.248 successfully created
2025-12-12 19:02:53.681 66031 INFO tempest.lib.common.rest_client [req-0857f724-755e-495b-bce0-6f7214e18aaf req-0857f724-755e-495b-bce0-6f7214e18aaf ] Request (SecurityGroupsTestJSON:test_server_security_groups): 204 DELETE http://10.180.1.21/compute/v2.1/servers/77b3ca48-d2c6-4743-a44a-53b9aa84662a 0.433s
2025-12-12 19:02:53.689 65987 INFO tempest.lib.common.rest_client [req-f4067335-2a88-4d2a-a8ce-fdb5ff13365e req-f4067335-2a88-4d2a-a8ce-fdb5ff13365e ] Request (VolumesAssistedSnapshotsTest:tearDownClass): 200 GET http://10.180.1.21/compute/v2.1/servers/2b1b2fa1-cd4e-4359-bbe0-d7ca16d0cf20 0.399s
2025-12-12 19:02:53.736 66025 INFO tempest.lib.common.rest_client [req-b895196a-8ccf-4195-a7f1-455011680b8e req-b895196a-8ccf-4195-a7f1-455011680b8e ] Request (ServerGroupTestJSON:test_create_server_with_scheduler_hint_group): 200 GET http://10.180.1.21/compute/v2.1/servers/55ab4771-9908-4640-a142-3cb40c0c6ee5 0.398s
2025-12-12 19:02:53.743 66025 INFO tempest.common.waiters [-] State transition "BUILD/scheduling" ==> "BUILD/None" after 1 second wait
2025-12-12 19:02:53.750 66045 INFO tempest.lib.common.rest_client [req-068d745f-e527-428e-8d10-09fe4c2c2b03 req-068d745f-e527-428e-8d10-09fe4c2c2b03 ] Request (ServersNegativeTestMultiTenantJSON:tearDownClass): 200 GET http://10.180.1.21/compute/v2.1/servers/880390f5-00f1-4dea-9345-29c06289b340 0.356s
2025-12-12 19:02:53.796 66037 INFO tempest.lib.common.rest_client [req-e5a37abd-cade-4f89-a352-cad0c6f416af req-e5a37abd-cade-4f89-a352-cad0c6f416af ] Request (ImagesOneServerNegativeTestJSON:_run_cleanups): 200 GET http://10.180.1.21/compute/v2.1/servers/308330f8-1219-4c02-a129-22b29f0e33b2 0.386s
2025-12-12 19:02:53.937 66015 INFO tempest.lib.common.rest_client [req-95d043ad-3a4a-482e-b480-aa41d41b30a4 req-95d043ad-3a4a-482e-b480-aa41d41b30a4 ] Request (ServersAdminTestJSON:test_inject_network_info): 200 GET http://10.180.1.21/compute/v2.1/servers/1e7b8237-34ea-479e-b5a7-b1846661d61d 0.476s
2025-12-12 19:02:53.944 66015 INFO tempest.common.waiters [-] State transition "BUILD/networking" ==> "BUILD/spawning" after 26 second wait
2025-12-12 19:02:53.963 66035 INFO tempest.lib.common.rest_client [req-d4b5cf1c-0c6d-4446-9960-71db93dca417 req-d4b5cf1c-0c6d-4446-9960-71db93dca417 ] Request (ServerActionsTestJSON:tearDown): 200 GET http://10.180.1.21/compute/v2.1/servers/7c6f8218-602d-44f3-8012-de5a96972785 0.315s
2025-12-12 19:02:54.148 66031 INFO tempest.lib.common.rest_client [req-0ff9c326-32de-42ec-a7f6-8bb109fa10cc req-0ff9c326-32de-42ec-a7f6-8bb109fa10cc ] Request (SecurityGroupsTestJSON:test_server_security_groups): 200 GET http://10.180.1.21/compute/v2.1/servers/77b3ca48-d2c6-4743-a44a-53b9aa84662a 0.466s
2025-12-12 19:02:54.182 66035 INFO tempest.lib.common.rest_client [req-9e2c2cda-673a-425c-a87d-f96fac90426e req-9e2c2cda-673a-425c-a87d-f96fac90426e ] Request (ServerActionsTestJSON:setUp): 200 GET http://10.180.1.21/compute/v2.1/servers/7c6f8218-602d-44f3-8012-de5a96972785 0.209s
2025-12-12 19:02:54.266 66035 INFO tempest.lib.common.rest_client [req-e9eb3ef5-85a1-4c56-9d8d-dc171245ad74 req-e9eb3ef5-85a1-4c56-9d8d-dc171245ad74 ] Request (ServerActionsTestJSON:test_rebuild_server): 201 POST http://10.180.1.21/identity/v3/auth/tokens 0.071s
2025-12-12 19:02:54.267 66035 INFO tempest.lib.common.fixed_network [-] (ServerActionsTestJSON:test_rebuild_server) Found network {'id': 'f8aca55c-4152-4a66-8240-e5cb5efffe9c', 'name': 'tempest-ServerActionsTestJSON-980074746-network', 'tenant_id': 'fa11b46d9fe144f391233e6eb9c819d7', 'project_id': 'fa11b46d9fe144f391233e6eb9c819d7', 'admin_state_up': True, 'mtu': 8950, 'status': 'ACTIVE', 'subnets': [], 'shared': False, 'port_security_enabled': True, 'router:external': False, 'provider:network_type': 'vlan', 'provider:physical_network': 'default', 'provider:segmentation_id': 867, 'availability_zone_hints': [], 'availability_zones': [], 'ipv4_address_scope': None, 'ipv6_address_scope': None, 'description': '', 'tags': [], 'created_at': '2025-12-12T18:58:33Z', 'updated_at': '2025-12-12T18:58:33Z', 'revision_number': 1} available for tenant
2025-12-12 19:02:54.296 66007 INFO tempest.lib.common.rest_client [req-f1a29eb1-4552-41ff-b1a0-319dfb072af5 req-f1a29eb1-4552-41ff-b1a0-319dfb072af5 ] Request (ServerDiagnosticsNegativeTest:tearDownClass): 200 GET http://10.180.1.21/compute/v2.1/servers/8eda6816-6781-4ad9-9210-11fa623f24b0 0.292s
2025-12-12 19:02:54.324 65999 INFO tempest.lib.common.rest_client [req-fffa6122-3528-4e3e-bf8c-f7d3d37b8a48 req-fffa6122-3528-4e3e-bf8c-f7d3d37b8a48 ] Request (AttachInterfacesTestJSON:test_create_list_show_delete_interfaces_by_network_port): 200 GET http://10.180.1.21/compute/v2.1/servers/9df1a51a-2811-4486-a4c6-58d618f2ae7d 0.233s
2025-12-12 19:02:54.364 66035 INFO tempest.lib.common.rest_client [req-f64b58a7-aeda-48b6-8662-c9c16340f26c req-f64b58a7-aeda-48b6-8662-c9c16340f26c ] Request (ValidationResourcesFixture:setUp): 200 POST http://10.180.1.21/compute/v2.1/os-keypairs 0.095s
2025-12-12 19:02:54.450 66011 WARNING tempest.lib.common.ssh [-] Failed to establish authenticated ssh connection to cirros@10.180.180.181 ([Errno None] Unable to connect to port 22 on 10.180.180.181). Number attempts: 2. Retry after 3 seconds.: paramiko.ssh_exception.NoValidConnectionsError: [Errno None] Unable to connect to port 22 on 10.180.180.181
2025-12-12 19:02:54.531 66035 INFO tempest.lib.common.rest_client [req-0b950294-f0d7-4147-ae63-64c274924dfe req-0b950294-f0d7-4147-ae63-64c274924dfe ] Request (ValidationResourcesFixture:setUp): 201 POST http://10.180.1.21/networking/v2.0/security-groups 0.165s
2025-12-12 19:02:54.567 65989 INFO tempest.lib.common.rest_client [req-d10833dd-ae04-43b2-8887-babf59c48209 req-d10833dd-ae04-43b2-8887-babf59c48209 ] Request (MigrationsAdminTest:test_resize_server_revert_deleted_flavor): 200 GET http://10.180.1.21/compute/v2.1/servers/5e227f6c-9f13-416f-8e6d-2f7d931619fd 0.348s
2025-12-12 19:02:54.719 66035 INFO tempest.lib.common.rest_client [req-1a78cd5b-457e-4e2c-a4e0-e7568791d150 req-1a78cd5b-457e-4e2c-a4e0-e7568791d150 ] Request (ValidationResourcesFixture:setUp): 201 POST http://10.180.1.21/networking/v2.0/security-group-rules 0.188s
2025-12-12 19:02:54.728 66009 INFO tempest.lib.common.rest_client [req-990d7438-7361-4c14-909d-a1652647e40b req-990d7438-7361-4c14-909d-a1652647e40b ] Request (ServerDiskConfigTestJSON:test_resize_server_from_auto_to_manual): 200 GET http://10.180.1.21/compute/v2.1/servers/495fa98f-a9db-4214-87cc-d29209d3cb62 0.320s
2025-12-12 19:02:54.807 66013 INFO tempest.lib.common.rest_client [req-58837609-dc9e-4c41-ac1d-630aba9fb71d req-58837609-dc9e-4c41-ac1d-630aba9fb71d ] Request (MultipleCreateTestJSON:test_multiple_create_with_reservation_return): 200 GET http://10.180.1.21/compute/v2.1/servers/6ee4f79a-b6f2-4f8c-b049-d00b38ac4a8e 0.340s
2025-12-12 19:02:54.826 66035 INFO tempest.lib.common.rest_client [req-9c212244-cedd-46a5-9645-45959f05d69a req-9c212244-cedd-46a5-9645-45959f05d69a ] Request (ValidationResourcesFixture:setUp): 201 POST http://10.180.1.21/networking/v2.0/security-group-rules 0.106s
2025-12-12 19:02:54.837 66005 INFO tempest.lib.common.rest_client [req-88471b79-1f5c-43fd-afe0-621f5f6a9511 req-88471b79-1f5c-43fd-afe0-621f5f6a9511 ] Request (InstanceActionsV221TestJSON:test_get_list_deleted_instance_actions): 200 GET http://10.180.1.21/compute/v2.1/servers/9da312a0-c6eb-4903-a7d8-e178aa54d2ea 0.354s
2025-12-12 19:02:54.880 66003 INFO tempest.lib.common.rest_client [req-ea50f6e9-7286-4b84-b1de-228594be827d req-ea50f6e9-7286-4b84-b1de-228594be827d ] Request (ListServerFiltersTestJSON:tearDownClass): 200 GET http://10.180.1.21/compute/v2.1/servers/97dc8cac-8241-4912-a3ed-689439ef7ff8 0.346s
2025-12-12 19:02:54.905 66021 INFO tempest.lib.common.rest_client [req-3a1cc912-a957-4c90-8bfc-12b919cdab71 req-3a1cc912-a957-4c90-8bfc-12b919cdab71 ] Request (ServerShowV257Test:test_rebuild_server): 200 GET http://10.180.1.21/compute/v2.1/servers/26432ad6-610e-49c2-8699-f1e7e128e5b8 0.351s
2025-12-12 19:02:54.931 66017 INFO tempest.lib.common.rest_client [req-e8dc1aac-8c9a-4204-b42b-d37632836b42 req-e8dc1aac-8c9a-4204-b42b-d37632836b42 ] Request (ImagesTestJSON:test_create_image_from_stopped_server): 200 GET http://10.180.1.21/compute/v2.1/servers/4264998b-949d-4b01-8832-fb1df6214403 0.330s
2025-12-12 19:02:54.958 65987 INFO tempest.lib.common.rest_client [req-a7ebe203-ad6d-4941-9cef-2c52945cb7be req-a7ebe203-ad6d-4941-9cef-2c52945cb7be ] Request (VolumesAssistedSnapshotsTest:tearDownClass): 404 GET http://10.180.1.21/compute/v2.1/servers/2b1b2fa1-cd4e-4359-bbe0-d7ca16d0cf20 0.261s
2025-12-12 19:02:54.988 66029 INFO tempest.lib.common.rest_client [req-08ab8daa-de8b-4e4a-ab74-38fff41659d1 req-08ab8daa-de8b-4e4a-ab74-38fff41659d1 ] Request (ListImageFiltersTestJSON:tearDownClass): 200 GET http://10.180.1.21/compute/v2.1/servers/361e54c7-4309-48b3-ad3e-b2ebc783741c 0.365s
2025-12-12 19:02:55.011 66025 INFO tempest.lib.common.rest_client [req-6bdd9b29-d666-452f-9b13-3cfe0a3b5e6d req-6bdd9b29-d666-452f-9b13-3cfe0a3b5e6d ] Request (ServerGroupTestJSON:test_create_server_with_scheduler_hint_group): 200 GET http://10.180.1.21/compute/v2.1/servers/55ab4771-9908-4640-a142-3cb40c0c6ee5 0.265s
2025-12-12 19:02:55.049 66045 INFO tempest.lib.common.rest_client [req-bb063da8-acee-4d54-abb7-75efdad9659e req-bb063da8-acee-4d54-abb7-75efdad9659e ] Request (ServersNegativeTestMultiTenantJSON:tearDownClass): 200 GET http://10.180.1.21/compute/v2.1/servers/880390f5-00f1-4dea-9345-29c06289b340 0.291s
2025-12-12 19:02:55.066 66037 INFO tempest.lib.common.rest_client [req-2c1565bf-13b9-421a-be43-9caae30bf9ff req-2c1565bf-13b9-421a-be43-9caae30bf9ff ] Request (ImagesOneServerNegativeTestJSON:_run_cleanups): 200 GET http://10.180.1.21/compute/v2.1/servers/308330f8-1219-4c02-a129-22b29f0e33b2 0.258s
2025-12-12 19:02:55.093 65987 INFO tempest.lib.common.rest_client [req-4bc99c1a-2c66-44fa-89ee-63136fc08c69 req-4bc99c1a-2c66-44fa-89ee-63136fc08c69 ] Request (VolumesAssistedSnapshotsTest:tearDownClass): 202 DELETE http://10.180.1.21/compute/v2.1/os-keypairs/tempest-keypair-1424083256 0.134s
2025-12-12 19:02:55.126 66001 WARNING tempest.lib.common.ssh [-] Failed to establish authenticated ssh connection to cirros@10.180.180.171 ([Errno None] Unable to connect to port 22 on 10.180.180.171). Number attempts: 6. Retry after 7 seconds.: paramiko.ssh_exception.NoValidConnectionsError: [Errno None] Unable to connect to port 22 on 10.180.180.171
2025-12-12 19:02:55.262 65987 INFO tempest.lib.common.rest_client [req-fd9ad6bc-3822-4603-88e5-d9449605f132 req-fd9ad6bc-3822-4603-88e5-d9449605f132 ] Request (VolumesAssistedSnapshotsTest:tearDownClass): 204 DELETE http://10.180.1.21/networking/v2.0/security-groups/0dc4c6c0-c826-4e19-a455-d965e0b68de2 0.168s
2025-12-12 19:02:55.292 66035 INFO tempest.lib.common.rest_client [req-98b2cb38-0055-49f0-ad82-2eb0f1cdaa1f req-98b2cb38-0055-49f0-ad82-2eb0f1cdaa1f ] Request (ValidationResourcesFixture:setUp): 201 POST http://10.180.1.21/networking/v2.0/floatingips 0.466s
2025-12-12 19:02:55.337 66015 INFO tempest.lib.common.rest_client [req-17e394a8-ff91-4482-847d-3b117b5a2701 req-17e394a8-ff91-4482-847d-3b117b5a2701 ] Request (ServersAdminTestJSON:test_inject_network_info): 200 GET http://10.180.1.21/compute/v2.1/servers/1e7b8237-34ea-479e-b5a7-b1846661d61d 0.391s
2025-12-12 19:02:55.368 65987 INFO tempest.lib.common.rest_client [req-e982e269-3314-4df7-8be2-72e05fc2c1d3 req-e982e269-3314-4df7-8be2-72e05fc2c1d3 ] Request (VolumesAssistedSnapshotsTest:tearDownClass): 404 GET http://10.180.1.21/networking/v2.0/security-groups/0dc4c6c0-c826-4e19-a455-d965e0b68de2 0.105s
2025-12-12 19:02:55.495 66031 INFO tempest.lib.common.rest_client [req-c8b5766f-08a9-49e6-b313-8cdddd9236d8 req-c8b5766f-08a9-49e6-b313-8cdddd9236d8 ] Request (SecurityGroupsTestJSON:test_server_security_groups): 200 GET http://10.180.1.21/compute/v2.1/servers/77b3ca48-d2c6-4743-a44a-53b9aa84662a 0.339s
2025-12-12 19:02:55.763 65987 INFO tempest.lib.common.rest_client [req-ce9c8036-0dee-4c11-a769-a409f2cd0498 req-ce9c8036-0dee-4c11-a769-a409f2cd0498 ] Request (VolumesAssistedSnapshotsTest:tearDownClass): 204 DELETE http://10.180.1.21/networking/v2.0/floatingips/2e29ae53-4359-4369-9097-2d20f5fa2106 0.395s
2025-12-12 19:02:55.784 65987 INFO tempest.lib.common.rest_client [req-4a3ddb55-782e-4eb5-98ed-c682bd283795 req-4a3ddb55-782e-4eb5-98ed-c682bd283795 ] Request (VolumesAssistedSnapshotsTest:tearDownClass): 404 DELETE http://10.180.1.21/volume/v3/volumes/ec224e94-bcce-4815-96c0-d6f0d022ccbb 0.021s
2025-12-12 19:02:55.800 65987 INFO tempest.lib.common.rest_client [req-c0c14ccc-ee7b-40b8-be38-5ff873b54271 req-c0c14ccc-ee7b-40b8-be38-5ff873b54271 ] Request (VolumesAssistedSnapshotsTest:tearDownClass): 404 GET http://10.180.1.21/volume/v3/volumes/ec224e94-bcce-4815-96c0-d6f0d022ccbb 0.015s
2025-12-12 19:02:55.936 66039 WARNING tempest.lib.common.ssh [-] Failed to establish authenticated ssh connection to cirros@10.180.180.135 ([Errno None] Unable to connect to port 22 on 10.180.180.135). Number attempts: 13. Retry after 14 seconds.: paramiko.ssh_exception.NoValidConnectionsError: [Errno None] Unable to connect to port 22 on 10.180.180.135
2025-12-12 19:02:56.285 66007 INFO tempest.lib.common.rest_client [req-64a1eabf-ed93-4a5b-b450-a243b504b3c3 req-64a1eabf-ed93-4a5b-b450-a243b504b3c3 ] Request (ServerDiagnosticsNegativeTest:tearDownClass): 200 GET http://10.180.1.21/compute/v2.1/servers/8eda6816-6781-4ad9-9210-11fa623f24b0 0.981s
2025-12-12 19:02:56.718 65987 INFO tempest.lib.common.rest_client [req-ebf1e8ff-0807-4d35-8f50-c30b3655d1da req-ebf1e8ff-0807-4d35-8f50-c30b3655d1da ] Request (VolumesAssistedSnapshotsTest:tearDownClass): 200 PUT http://10.180.1.21/networking/v2.0/routers/f849d086-5513-4b04-b067-1fa7889c604d/remove_router_interface 0.917s
2025-12-12 19:02:56.809 65999 INFO tempest.lib.common.rest_client [req-b33577bb-ab8f-4823-ba2c-9cf9fa4c749b req-b33577bb-ab8f-4823-ba2c-9cf9fa4c749b ] Request (AttachInterfacesTestJSON:test_create_list_show_delete_interfaces_by_network_port): 200 GET http://10.180.1.21/compute/v2.1/servers/9df1a51a-2811-4486-a4c6-58d618f2ae7d 1.476s
2025-12-12 19:02:57.095 66035 INFO tempest.lib.common.rest_client [req-d5d465b8-041d-45b0-9695-f0bd492dd18a req-d5d465b8-041d-45b0-9695-f0bd492dd18a ] Request (ServerActionsTestJSON:test_rebuild_server): 202 POST http://10.180.1.21/compute/v2.1/servers 1.802s
2025-12-12 19:02:57.128 65989 INFO tempest.lib.common.rest_client [req-a6837c12-f050-466b-a59e-637f3d848839 req-a6837c12-f050-466b-a59e-637f3d848839 ] Request (MigrationsAdminTest:test_resize_server_revert_deleted_flavor): 200 GET http://10.180.1.21/compute/v2.1/servers/5e227f6c-9f13-416f-8e6d-2f7d931619fd 1.552s
2025-12-12 19:02:57.267 66009 INFO tempest.lib.common.rest_client [req-0237f259-8fa1-4d76-9667-b547df14514a req-0237f259-8fa1-4d76-9667-b547df14514a ] Request (ServerDiskConfigTestJSON:test_resize_server_from_auto_to_manual): 200 GET http://10.180.1.21/compute/v2.1/servers/495fa98f-a9db-4214-87cc-d29209d3cb62 1.529s
2025-12-12 19:02:57.307 65987 INFO tempest.lib.common.rest_client [req-317384c3-b843-4d96-b0c9-4c97114b2b67 req-317384c3-b843-4d96-b0c9-4c97114b2b67 ] Request (VolumesAssistedSnapshotsTest:tearDownClass): 204 DELETE http://10.180.1.21/networking/v2.0/routers/f849d086-5513-4b04-b067-1fa7889c604d 0.589s
2025-12-12 19:02:57.310 66013 INFO tempest.lib.common.rest_client [req-2d01b6f2-97a7-40fe-ae6a-94403ef5eea9 req-2d01b6f2-97a7-40fe-ae6a-94403ef5eea9 ] Request (MultipleCreateTestJSON:test_multiple_create_with_reservation_return): 200 GET http://10.180.1.21/compute/v2.1/servers/6ee4f79a-b6f2-4f8c-b049-d00b38ac4a8e 1.494s
2025-12-12 19:02:57.336 66003 INFO tempest.lib.common.rest_client [req-df155f8f-203d-4c26-a25c-88d8d637798a req-df155f8f-203d-4c26-a25c-88d8d637798a ] Request (ListServerFiltersTestJSON:tearDownClass): 404 GET http://10.180.1.21/compute/v2.1/servers/97dc8cac-8241-4912-a3ed-689439ef7ff8 1.446s
2025-12-12 19:02:57.365 66005 INFO tempest.lib.common.rest_client [req-f1ac9fa0-a99e-4df4-89f0-57ed7638a4a0 req-f1ac9fa0-a99e-4df4-89f0-57ed7638a4a0 ] Request (InstanceActionsV221TestJSON:test_get_list_deleted_instance_actions): 200 GET http://10.180.1.21/compute/v2.1/servers/9da312a0-c6eb-4903-a7d8-e178aa54d2ea 1.518s
2025-12-12 19:02:57.417 66021 INFO tempest.lib.common.rest_client [req-067de6e4-ddad-422d-95da-c20c2546e953 req-067de6e4-ddad-422d-95da-c20c2546e953 ] Request (ServerShowV257Test:test_rebuild_server): 200 GET http://10.180.1.21/compute/v2.1/servers/26432ad6-610e-49c2-8699-f1e7e128e5b8 1.502s
2025-12-12 19:02:57.431 66021 INFO tempest.common.waiters [-] State transition "REBUILD/rebuild_spawning" ==> "ACTIVE/None" after 10 second wait
2025-12-12 19:02:57.439 66017 INFO tempest.lib.common.rest_client [req-23bad7cd-8fd0-4952-a88c-aa016317910a req-23bad7cd-8fd0-4952-a88c-aa016317910a ] Request (ImagesTestJSON:test_create_image_from_stopped_server): 200 GET http://10.180.1.21/compute/v2.1/servers/4264998b-949d-4b01-8832-fb1df6214403 1.499s
2025-12-12 19:02:57.506 65987 INFO tempest.lib.common.rest_client [req-ec563305-99e7-4d13-8abd-d3310fe2fd53 req-ec563305-99e7-4d13-8abd-d3310fe2fd53 ] Request (VolumesAssistedSnapshotsTest:tearDownClass): 204 DELETE http://10.180.1.21/networking/v2.0/subnets/61e4be0f-5aea-4201-8f36-b5e2c2fbdeca 0.199s
2025-12-12 19:02:57.513 66025 INFO tempest.lib.common.rest_client [req-79bff3a8-2d9b-4678-a435-705582d32294 req-79bff3a8-2d9b-4678-a435-705582d32294 ] Request (ServerGroupTestJSON:test_create_server_with_scheduler_hint_group): 200 GET http://10.180.1.21/compute/v2.1/servers/55ab4771-9908-4640-a142-3cb40c0c6ee5 1.491s
2025-12-12 19:02:57.531 66029 INFO tempest.lib.common.rest_client [req-1e4ecfbb-c646-409b-86ae-d56f4a0e4f0a req-1e4ecfbb-c646-409b-86ae-d56f4a0e4f0a ] Request (ListImageFiltersTestJSON:tearDownClass): 200 GET http://10.180.1.21/compute/v2.1/servers/361e54c7-4309-48b3-ad3e-b2ebc783741c 1.535s
2025-12-12 19:02:57.599 66045 INFO tempest.lib.common.rest_client [req-8df1ea17-322d-466e-a728-d7f1f8e10d81 req-8df1ea17-322d-466e-a728-d7f1f8e10d81 ] Request (ServersNegativeTestMultiTenantJSON:tearDownClass): 200 GET http://10.180.1.21/compute/v2.1/servers/880390f5-00f1-4dea-9345-29c06289b340 1.541s
2025-12-12 19:02:57.616 66037 INFO tempest.lib.common.rest_client [req-b8907c55-d6c1-4fb8-bf3b-c4dcf3c89de1 req-b8907c55-d6c1-4fb8-bf3b-c4dcf3c89de1 ] Request (ImagesOneServerNegativeTestJSON:_run_cleanups): 200 GET http://10.180.1.21/compute/v2.1/servers/308330f8-1219-4c02-a129-22b29f0e33b2 1.537s
2025-12-12 19:02:57.745 66031 INFO tempest.lib.common.rest_client [req-35231809-87e2-4f94-9cd6-d104d15161d5 req-35231809-87e2-4f94-9cd6-d104d15161d5 ] Request (SecurityGroupsTestJSON:test_server_security_groups): 200 GET http://10.180.1.21/compute/v2.1/servers/77b3ca48-d2c6-4743-a44a-53b9aa84662a 1.240s
2025-12-12 19:02:57.756 66031 INFO tempest.common.waiters [-] State transition "ACTIVE/deleting" ==> "DELETED/None" after 3 second wait
2025-12-12 19:02:57.782 66023 INFO paramiko.transport [-] Connected (version 2.0, client dropbear_2020.81)
2025-12-12 19:02:57.788 66015 INFO tempest.lib.common.rest_client [req-17a1a339-fece-470f-b743-b12e6fee9cfd req-17a1a339-fece-470f-b743-b12e6fee9cfd ] Request (ServersAdminTestJSON:test_inject_network_info): 200 GET http://10.180.1.21/compute/v2.1/servers/1e7b8237-34ea-479e-b5a7-b1846661d61d 1.442s
2025-12-12 19:02:57.859 66035 INFO tempest.lib.common.rest_client [req-70721126-54d5-4785-befb-f4efc97c06ae req-70721126-54d5-4785-befb-f4efc97c06ae ] Request (ServerActionsTestJSON:test_rebuild_server): 200 GET http://10.180.1.21/compute/v2.1/servers/9c39b722-56ff-44fa-8f66-3e3432645a68 0.760s
2025-12-12 19:02:57.892 66023 INFO paramiko.transport [-] Authentication (publickey) successful!
2025-12-12 19:02:57.893 66023 INFO tempest.lib.common.ssh [-] ssh connection to cirros@10.180.180.201 successfully created
2025-12-12 19:02:57.905 65987 INFO tempest.lib.common.rest_client [req-ca79c0ed-c592-4cc9-848a-166b89b1ca07 req-ca79c0ed-c592-4cc9-848a-166b89b1ca07 ] Request (VolumesAssistedSnapshotsTest:tearDownClass): 204 DELETE http://10.180.1.21/networking/v2.0/networks/d13db148-3532-452c-8c04-2a9a32a8c145 0.398s
2025-12-12 19:02:57.912 66007 INFO tempest.lib.common.rest_client [req-aa89e4ca-dee7-4c4b-bbfe-5d6ad4ebf4ae req-aa89e4ca-dee7-4c4b-bbfe-5d6ad4ebf4ae ] Request (ServerDiagnosticsNegativeTest:tearDownClass): 200 GET http://10.180.1.21/compute/v2.1/servers/8eda6816-6781-4ad9-9210-11fa623f24b0 0.617s
2025-12-12 19:02:57.920 66007 INFO tempest.common.waiters [-] State transition "ACTIVE/deleting" ==> "DELETED/None" after 4 second wait
2025-12-12 19:02:57.955 66011 WARNING tempest.lib.common.ssh [-] Failed to establish authenticated ssh connection to cirros@10.180.180.181 ([Errno None] Unable to connect to port 22 on 10.180.180.181). Number attempts: 3. Retry after 4 seconds.: paramiko.ssh_exception.NoValidConnectionsError: [Errno None] Unable to connect to port 22 on 10.180.180.181
2025-12-12 19:02:57.956 66003 INFO tempest.lib.common.rest_client [req-8b03c86e-ec12-4604-8bb3-fa2f0bfc6b2e req-8b03c86e-ec12-4604-8bb3-fa2f0bfc6b2e ] Request (ListServerFiltersTestJSON:tearDownClass): 204 DELETE http://10.180.1.21/compute/v2.1/servers/e5d2cc50-4ee6-4e64-9b52-888968a717ca 0.620s
2025-12-12 19:02:57.999 66021 INFO tempest.lib.common.rest_client [req-ac70f63e-db47-46ab-90f0-7abd199fac40 req-ac70f63e-db47-46ab-90f0-7abd199fac40 ] Request (ServerShowV257Test:tearDownClass): 204 DELETE http://10.180.1.21/compute/v2.1/servers/26432ad6-610e-49c2-8699-f1e7e128e5b8 0.563s
2025-12-12 19:02:58.074 65999 INFO tempest.lib.common.rest_client [req-cd68bb38-fef0-472f-80c4-46b5b43c0ca5 req-cd68bb38-fef0-472f-80c4-46b5b43c0ca5 ] Request (AttachInterfacesTestJSON:test_create_list_show_delete_interfaces_by_network_port): 200 GET http://10.180.1.21/compute/v2.1/servers/9df1a51a-2811-4486-a4c6-58d618f2ae7d 0.257s
2025-12-12 19:02:58.232 66003 INFO tempest.lib.common.rest_client [req-51519427-086b-4dc0-8388-dab647283054 req-51519427-086b-4dc0-8388-dab647283054 ] Request (ListServerFiltersTestJSON:tearDownClass): 200 GET http://10.180.1.21/compute/v2.1/servers/e5d2cc50-4ee6-4e64-9b52-888968a717ca 0.275s
2025-12-12 19:02:58.305 66021 INFO tempest.lib.common.rest_client [req-eb03caa2-f3db-4d4d-813d-0641a2717663 req-eb03caa2-f3db-4d4d-813d-0641a2717663 ] Request (ServerShowV257Test:tearDownClass): 200 GET http://10.180.1.21/compute/v2.1/servers/26432ad6-610e-49c2-8699-f1e7e128e5b8 0.305s
2025-12-12 19:02:58.541 65989 INFO tempest.lib.common.rest_client [req-6cf330c7-5116-4c34-904f-3fc17912e9ba req-6cf330c7-5116-4c34-904f-3fc17912e9ba ] Request (MigrationsAdminTest:test_resize_server_revert_deleted_flavor): 200 GET http://10.180.1.21/compute/v2.1/servers/5e227f6c-9f13-416f-8e6d-2f7d931619fd 0.404s
2025-12-12 19:02:58.741 66009 INFO tempest.lib.common.rest_client [req-ed6fecc5-fde8-4507-adf6-716c40aa0762 req-ed6fecc5-fde8-4507-adf6-716c40aa0762 ] Request (ServerDiskConfigTestJSON:test_resize_server_from_auto_to_manual): 200 GET http://10.180.1.21/compute/v2.1/servers/495fa98f-a9db-4214-87cc-d29209d3cb62 0.461s
2025-12-12 19:02:58.811 65987 INFO tempest.lib.common.rest_client [req-a042fd16-a166-4bea-bc42-4ba690bfe0cd req-a042fd16-a166-4bea-bc42-4ba690bfe0cd ] Request (VolumesAssistedSnapshotsTest:tearDownClass): 200 PUT http://10.180.1.21/networking/v2.0/routers/58accfd9-b439-46c2-940e-4781f5cc9514/remove_router_interface 0.905s
2025-12-12 19:02:58.924 66013 INFO tempest.lib.common.rest_client [req-b9b94b00-3a7e-48b0-a300-5cde45d2e1e7 req-b9b94b00-3a7e-48b0-a300-5cde45d2e1e7 ] Request (MultipleCreateTestJSON:test_multiple_create_with_reservation_return): 200 GET http://10.180.1.21/compute/v2.1/servers/6ee4f79a-b6f2-4f8c-b049-d00b38ac4a8e 0.604s
2025-12-12 19:02:58.936 66013 INFO tempest.common.waiters [-] State transition "BUILD/spawning" ==> "ACTIVE/None" after 43 second wait
2025-12-12 19:02:59.013 66005 INFO tempest.lib.common.rest_client [req-720c3d02-bcd3-429c-9d88-7e17456c7b69 req-720c3d02-bcd3-429c-9d88-7e17456c7b69 ] Request (InstanceActionsV221TestJSON:test_get_list_deleted_instance_actions): 200 GET http://10.180.1.21/compute/v2.1/servers/9da312a0-c6eb-4903-a7d8-e178aa54d2ea 0.638s
2025-12-12 19:02:59.084 66017 INFO tempest.lib.common.rest_client [req-8be7041f-a3be-43fe-91b1-ad9593b8bcd2 req-8be7041f-a3be-43fe-91b1-ad9593b8bcd2 ] Request (ImagesTestJSON:test_create_image_from_stopped_server): 200 GET http://10.180.1.21/compute/v2.1/servers/4264998b-949d-4b01-8832-fb1df6214403 0.636s
2025-12-12 19:02:59.145 66025 INFO tempest.lib.common.rest_client [req-bb47b039-eb41-4ad9-86f4-dd69f7056805 req-bb47b039-eb41-4ad9-86f4-dd69f7056805 ] Request (ServerGroupTestJSON:test_create_server_with_scheduler_hint_group): 200 GET http://10.180.1.21/compute/v2.1/servers/55ab4771-9908-4640-a142-3cb40c0c6ee5 0.622s
2025-12-12 19:02:59.216 66029 INFO tempest.lib.common.rest_client [req-5a3c981c-f307-49e3-bf39-86011bb92fac req-5a3c981c-f307-49e3-bf39-86011bb92fac ] Request (ListImageFiltersTestJSON:tearDownClass): 200 GET http://10.180.1.21/compute/v2.1/servers/361e54c7-4309-48b3-ad3e-b2ebc783741c 0.677s
2025-12-12 19:02:59.241 66045 INFO tempest.lib.common.rest_client [req-02dfa5f2-ab83-4ff7-b428-70c0dc7a4d92 req-02dfa5f2-ab83-4ff7-b428-70c0dc7a4d92 ] Request (ServersNegativeTestMultiTenantJSON:tearDownClass): 404 GET http://10.180.1.21/compute/v2.1/servers/880390f5-00f1-4dea-9345-29c06289b340 0.626s
2025-12-12 19:02:59.300 65987 INFO tempest.lib.common.rest_client [req-d6c02d6d-b8bc-4e0a-8dd5-2c84c3120c3b req-d6c02d6d-b8bc-4e0a-8dd5-2c84c3120c3b ] Request (VolumesAssistedSnapshotsTest:tearDownClass): 204 DELETE http://10.180.1.21/networking/v2.0/routers/58accfd9-b439-46c2-940e-4781f5cc9514 0.488s
2025-12-12 19:02:59.321 66037 INFO tempest.lib.common.rest_client [req-78f85e0d-99ec-4bdd-9eb6-4c9c0c7b6ee7 req-78f85e0d-99ec-4bdd-9eb6-4c9c0c7b6ee7 ] Request (ImagesOneServerNegativeTestJSON:_run_cleanups): 200 GET http://10.180.1.21/compute/v2.1/servers/308330f8-1219-4c02-a129-22b29f0e33b2 0.688s
2025-12-12 19:02:59.448 65987 INFO tempest.lib.common.rest_client [req-848725de-0410-468a-a1aa-1b66d7bf9e5f req-848725de-0410-468a-a1aa-1b66d7bf9e5f ] Request (VolumesAssistedSnapshotsTest:tearDownClass): 204 DELETE http://10.180.1.21/networking/v2.0/subnets/ebacc953-98b3-4596-9e96-a7ec816fb0d1 0.148s
2025-12-12 19:02:59.470 66031 INFO tempest.lib.common.rest_client [req-a369deea-f3a1-4845-bccb-67bcefb947c3 req-a369deea-f3a1-4845-bccb-67bcefb947c3 ] Request (SecurityGroupsTestJSON:test_server_security_groups): 200 GET http://10.180.1.21/compute/v2.1/servers/77b3ca48-d2c6-4743-a44a-53b9aa84662a 0.712s
2025-12-12 19:02:59.676 66023 INFO tempest.lib.common.rest_client [req-57176b65-bf65-41cb-8526-a7338cbdc864 req-57176b65-bf65-41cb-8526-a7338cbdc864 ] Request (ServerRescueNegativeTestJSON:test_rescued_vm_detach_volume): 200 POST http://10.180.1.21/compute/v2.1/servers/1eebb320-30e2-4d8b-b1fd-19e31fb35b77/os-volume_attachments 1.783s
2025-12-12 19:02:59.713 66023 INFO tempest.lib.common.rest_client [req-13482366-5d4a-4d79-8e41-f861123f71e6 req-13482366-5d4a-4d79-8e41-f861123f71e6 ] Request (ServerRescueNegativeTestJSON:test_rescued_vm_detach_volume): 200 GET http://10.180.1.21/volume/v3/volumes/33425e73-8f97-4928-afed-0733d11034fb 0.035s
2025-12-12 19:02:59.772 65987 INFO tempest.lib.common.rest_client [req-fe0854db-3256-4b62-8801-6edb16ea80b3 req-fe0854db-3256-4b62-8801-6edb16ea80b3 ] Request (VolumesAssistedSnapshotsTest:tearDownClass): 204 DELETE http://10.180.1.21/networking/v2.0/networks/460f0a08-1d97-43eb-8ee3-3c9b2793bdb1 0.323s
2025-12-12 19:02:59.840 66035 INFO tempest.lib.common.rest_client [req-a0f8e6fa-9837-424d-9d61-238442377e94 req-a0f8e6fa-9837-424d-9d61-238442377e94 ] Request (ServerActionsTestJSON:test_rebuild_server): 200 GET http://10.180.1.21/compute/v2.1/servers/9c39b722-56ff-44fa-8f66-3e3432645a68 0.973s
2025-12-12 19:02:59.849 66035 INFO tempest.common.waiters [-] State transition "BUILD/scheduling" ==> "BUILD/None" after 2 second wait
2025-12-12 19:03:00.012 66045 INFO tempest.lib.common.rest_client [req-52eb8f0e-3971-40d1-900d-36758ff5cbbb req-52eb8f0e-3971-40d1-900d-36758ff5cbbb ] Request (ServersNegativeTestMultiTenantJSON:tearDownClass): 200 PUT http://10.180.1.21/networking/v2.0/routers/239c67b3-49b8-49a3-a5bc-751599d82141/remove_router_interface 0.770s
2025-12-12 19:03:00.021 65993 WARNING tempest.lib.common.ssh [-] Failed to establish authenticated ssh connection to cirros@10.180.180.209 ([Errno None] Unable to connect to port 22 on 10.180.180.209). Number attempts: 7. Retry after 8 seconds.: paramiko.ssh_exception.NoValidConnectionsError: [Errno None] Unable to connect to port 22 on 10.180.180.209
2025-12-12 19:03:00.069 66015 INFO tempest.lib.common.rest_client [req-b7855998-f5c6-435c-be5a-46825b709b69 req-b7855998-f5c6-435c-be5a-46825b709b69 ] Request (ServersAdminTestJSON:test_inject_network_info): 200 GET http://10.180.1.21/compute/v2.1/servers/1e7b8237-34ea-479e-b5a7-b1846661d61d 1.270s
