2025-11-21 13:47:56.872 66182 INFO tempest.lib.common.rest_client [req-5a17c4be-90f6-4057-ab34-ee52ddacd88e req-5a17c4be-90f6-4057-ab34-ee52ddacd88e ] Request (ServerShowV254Test:test_rebuild_server): 200 GET http://10.180.1.21/compute/v2.1/servers/cef78616-dcbd-4ccd-ab65-c9d52d8b8b2e 1.371s
2025-11-21 13:47:57.007 66206 INFO tempest.lib.common.rest_client [req-95560eba-761b-4ef5-9ba3-4780b7e23f3d req-95560eba-761b-4ef5-9ba3-4780b7e23f3d ] Request (ServerMetadataTestJSON:setUpClass): 200 GET http://10.180.1.21/compute/v2.1/servers/6aa4b17b-816c-4d84-8f74-a81185f3af65 1.447s
2025-11-21 13:47:57.040 66158 INFO tempest.lib.common.rest_client [req-251a95fb-23c4-43aa-bf66-988059224bd1 req-251a95fb-23c4-43aa-bf66-988059224bd1 ] Request (ServersV294TestFqdnHostnames:setUpClass): 200 GET http://10.180.1.21/compute/v2.1/servers/6215ea56-f99c-42f3-a2d5-f4d31952c8e6 1.502s
2025-11-21 13:47:57.051 66158 INFO tempest.common.waiters [-] State transition "BUILD/spawning" ==> "ACTIVE/None" after 41 second wait
2025-11-21 13:47:57.061 66150 INFO tempest.lib.common.rest_client [req-dcd51028-2ccb-4c3e-ad71-8c1b8c03b7dc req-dcd51028-2ccb-4c3e-ad71-8c1b8c03b7dc ] Request (DeleteServersAdminTestJSON:tearDownClass): 404 DELETE http://10.180.1.21/compute/v2.1/servers/27ce0779-2fa2-44d2-a424-072183c022a6 0.863s
2025-11-21 13:47:57.106 66186 INFO tempest.lib.common.rest_client [req-fb7215ab-74c2-4597-8c07-994fa15f3157 req-fb7215ab-74c2-4597-8c07-994fa15f3157 ] Request (ServerMetadataNegativeTestJSON:tearDownClass): 204 DELETE http://10.180.1.21/networking/v2.0/routers/b19a98bf-5ef3-481a-871e-f9aef8cc3f7a 0.524s
2025-11-21 13:47:57.143 66146 INFO tempest.lib.common.rest_client [req-d55a63fe-66c2-4ebf-88bb-0e958fbf1a57 req-d55a63fe-66c2-4ebf-88bb-0e958fbf1a57 ] Request (ServerActionsV293TestJSON:setUpClass): 200 GET http://10.180.1.21/volume/v3/volumes/0ec3463c-cdd6-4521-b484-dd20a13916e1 0.036s
2025-11-21 13:47:57.171 66200 INFO tempest.lib.common.rest_client [req-2b028bdf-d7f9-48d1-be29-bb08e548b334 req-2b028bdf-d7f9-48d1-be29-bb08e548b334 ] Request (SecurityGroupRulesTestJSON:tearDownClass): 202 DELETE http://10.180.1.21/compute/v2.1/os-security-groups/54bea1b7-3652-4c42-9a15-d68d0740e2da 1.438s
2025-11-21 13:47:57.270 66186 INFO tempest.lib.common.rest_client [req-af2b3478-505c-4976-b765-c2d159c29629 req-af2b3478-505c-4976-b765-c2d159c29629 ] Request (ServerMetadataNegativeTestJSON:tearDownClass): 204 DELETE http://10.180.1.21/networking/v2.0/subnets/9753159f-1964-4224-b360-ea16d62b758d 0.163s
2025-11-21 13:47:57.494 66166 INFO tempest.lib.common.rest_client [req-0271705c-e34e-4ca6-9940-b53800c64ac0 req-0271705c-e34e-4ca6-9940-b53800c64ac0 ] Request (FloatingIPsNegativeTestJSON:setUpClass): 200 GET http://10.180.1.21/compute/v2.1/os-floating-ips 1.234s
2025-11-21 13:47:57.524 66190 INFO tempest.lib.common.rest_client [req-94372ab3-a167-4975-91b1-a40bb0f32e89 req-94372ab3-a167-4975-91b1-a40bb0f32e89 ] Request (ServersListShow296Test:test_list_show_update_rebuild_server_296): 200 GET http://10.180.1.21/compute/v2.1/servers/detail 1.325s
2025-11-21 13:47:57.632 66186 INFO tempest.lib.common.rest_client [req-194d5e4a-66d1-4c16-a6d3-3d1313c1808b req-194d5e4a-66d1-4c16-a6d3-3d1313c1808b ] Request (ServerMetadataNegativeTestJSON:tearDownClass): 204 DELETE http://10.180.1.21/networking/v2.0/networks/b8a97270-da51-42c9-9e5e-10b2225f4bc2 0.361s
2025-11-21 13:47:57.729 66186 INFO tempest.lib.common.rest_client [req-109243ed-651b-4fbb-af17-daa9b2b78f0f req-109243ed-651b-4fbb-af17-daa9b2b78f0f ] Request (ServerMetadataNegativeTestJSON:tearDownClass): 204 DELETE http://10.180.1.21/identity/v3/users/d87bea227ec749ce944cacab8ac313ac 0.096s
2025-11-21 13:47:57.729 66186 INFO tempest.lib.common.dynamic_creds [-] Deleting project and security group for project: e9bd94f79bfc46e4948bb6758d3d74b0
2025-11-21 13:47:57.766 66186 INFO tempest.lib.common.rest_client [req-bddc3ae0-3e52-475c-89ae-07dec2cf93ea req-bddc3ae0-3e52-475c-89ae-07dec2cf93ea ] Request (ServerMetadataNegativeTestJSON:tearDownClass): 200 GET http://10.180.1.21/networking/v2.0/security-groups?tenant_id=e9bd94f79bfc46e4948bb6758d3d74b0&name=default 0.037s
2025-11-21 13:47:57.797 66170 INFO tempest.lib.common.rest_client [req-c9b32da7-9e22-4264-9e96-c1257146ab32 req-c9b32da7-9e22-4264-9e96-c1257146ab32 ] Request (ServerActionsTestOtherA:test_rebuild_server_in_stop_state): 202 POST http://10.180.1.21/compute/v2.1/servers/4b7f1c2f-2b1e-4d24-814b-c8095d875e3c/action 1.399s
2025-11-21 13:47:57.870 66186 INFO tempest.lib.common.rest_client [req-b5800bd1-6695-42ad-9cdc-a8194966d2cc req-b5800bd1-6695-42ad-9cdc-a8194966d2cc ] Request (ServerMetadataNegativeTestJSON:tearDownClass): 204 DELETE http://10.180.1.21/networking/v2.0/security-groups/faef4af0-512c-4f90-a00c-065908fadd11 0.103s
2025-11-21 13:47:57.875 66194 INFO tempest.lib.common.rest_client [req-5e2ea6c8-d07e-45c0-b9d8-70dd6e47f44c req-5e2ea6c8-d07e-45c0-b9d8-70dd6e47f44c ] Request (ServerShowV247Test:tearDownClass): 204 DELETE http://10.180.1.21/compute/v2.1/servers/b5967423-89e1-44eb-b4de-22d09adb51a8 1.454s
2025-11-21 13:47:57.906 66152 INFO tempest.lib.common.rest_client [req-8bf36a30-d618-4b06-a034-65f3f9b655fb req-8bf36a30-d618-4b06-a034-65f3f9b655fb ] Request (ServersAdminTestJSON:test_create_server_with_scheduling_hint): 200 GET http://10.180.1.21/compute/v2.1/servers/86ac6437-511a-4d72-aff0-0325e2d633f6 1.522s
2025-11-21 13:47:57.915 66152 INFO tempest.common.waiters [-] State transition "BUILD/spawning" ==> "ACTIVE/None" after 41 second wait
2025-11-21 13:47:57.938 66148 INFO tempest.lib.common.rest_client [req-b940ae4e-dc07-4650-a558-e91a69b2f7c0 req-b940ae4e-dc07-4650-a558-e91a69b2f7c0 ] Request (ServersNegativeTestMultiTenantJSON:tearDownClass): 200 GET http://10.180.1.21/compute/v2.1/servers/06f8fc6f-428c-4e40-8815-f0c78d27fa38 1.459s
2025-11-21 13:47:57.989 66186 INFO tempest.lib.common.rest_client [req-61c2dde1-8f22-41f2-a454-b138207b9068 req-61c2dde1-8f22-41f2-a454-b138207b9068 ] Request (ServerMetadataNegativeTestJSON:tearDownClass): 204 DELETE http://10.180.1.21/identity/v3/projects/e9bd94f79bfc46e4948bb6758d3d74b0 0.119s
2025-11-21 13:47:57.994 66152 INFO tempest.lib.common.rest_client [req-9c4e4616-6797-4be2-8ad7-28353c8da724 req-9c4e4616-6797-4be2-8ad7-28353c8da724 ] Request (ServersAdminTestJSON:test_inject_network_info): 201 POST http://10.180.1.21/identity/v3/auth/tokens 0.074s
2025-11-21 13:47:57.994 66152 INFO tempest.lib.common.fixed_network [-] (ServersAdminTestJSON:test_inject_network_info) Found network {'id': '35750304-6b31-495b-8dde-d4211a8c713c', 'name': 'tempest-ServersAdminTestJSON-1629426012-network', 'tenant_id': '06b3dfec7c0144928b4a59dbd27569b7', 'project_id': '06b3dfec7c0144928b4a59dbd27569b7', 'admin_state_up': True, 'mtu': 8950, 'status': 'ACTIVE', 'subnets': [], 'shared': False, 'port_security_enabled': True, 'router:external': False, 'provider:network_type': 'vlan', 'provider:physical_network': 'default', 'provider:segmentation_id': 714, 'availability_zone_hints': [], 'availability_zones': [], 'ipv4_address_scope': None, 'ipv6_address_scope': None, 'description': '', 'tags': [], 'created_at': '2025-11-21T13:46:13Z', 'updated_at': '2025-11-21T13:46:13Z', 'revision_number': 1} available for tenant
2025-11-21 13:47:58.003 66162 INFO tempest.lib.common.rest_client [req-1ece7999-7fa6-49b7-8b21-ea2280b05216 req-1ece7999-7fa6-49b7-8b21-ea2280b05216 ] Request (ServersAaction247Test:test_create_backup): 200 GET http://10.180.1.21/compute/v2.1/servers/3f20bd75-98ab-4798-834a-c0ffc3c6146d 1.439s
2025-11-21 13:47:58.017 66144 INFO tempest.lib.common.rest_client [req-75288e13-a065-457e-a75e-59128d6393c5 req-75288e13-a065-457e-a75e-59128d6393c5 ] Request (ServerDiskConfigTestJSON:test_rebuild_server_with_manual_disk_config): 200 GET http://10.180.1.21/compute/v2.1/servers/bcdf4a61-a2e8-4ca6-92fc-faddf5371290 1.488s
2025-11-21 13:47:58.024 66144 INFO tempest.common.waiters [-] State transition "REBUILD/rebuild_block_device_mapping" ==> "REBUILD/rebuild_spawning" after 7 second wait
2025-11-21 13:47:58.055 66186 INFO tempest.lib.common.rest_client [req-f016a8e8-2e14-4f01-9673-3e9804a2bfa4 req-f016a8e8-2e14-4f01-9673-3e9804a2bfa4 ] Request (ServerRescueNegativeTestJSON:setUpClass): 201 POST http://10.180.1.21/identity/v3/auth/tokens 0.063s
2025-11-21 13:47:58.061 66202 INFO tempest.lib.common.rest_client [req-01d9d5d8-8b6c-449b-8a43-90a4f8c95db0 req-01d9d5d8-8b6c-449b-8a43-90a4f8c95db0 ] Request (InstanceActionsTestJSON:setUpClass): 200 GET http://10.180.1.21/compute/v2.1/servers/6be541bd-06fd-4959-9987-d250011b3f1d 1.456s
2025-11-21 13:47:58.081 66160 INFO tempest.lib.common.rest_client [req-72f85c12-99fa-4d1a-bd9d-4232720665ba req-72f85c12-99fa-4d1a-bd9d-4232720665ba ] Request (FloatingIPsAssociationTestJSON:test_associate_already_associated_floating_ip): 200 GET http://10.180.1.21/compute/v2.1/servers/f604c16d-2a86-40d3-9891-5b33309b3047 1.452s
2025-11-21 13:47:58.113 66186 INFO tempest.lib.common.rest_client [req-75942aab-46cd-4297-b662-277b4a9981ef req-75942aab-46cd-4297-b662-277b4a9981ef ] Request (ServerRescueNegativeTestJSON:setUpClass): 201 POST http://10.180.1.21/identity/v3/auth/tokens 0.056s
2025-11-21 13:47:58.135 66180 INFO tempest.lib.common.rest_client [req-81e081e3-e6c9-4817-8d7c-d6cf71957983 req-81e081e3-e6c9-4817-8d7c-d6cf71957983 ] Request (ServerAddressesNegativeTestJSON:setUpClass): 200 GET http://10.180.1.21/compute/v2.1/servers/72111766-217d-469f-ad92-ca0ce0e67090 1.363s
2025-11-21 13:47:58.157 66186 INFO tempest.lib.common.rest_client [req-a642ba47-09d5-4f00-87b9-31b507fd5dc4 req-a642ba47-09d5-4f00-87b9-31b507fd5dc4 ] Request (ServerRescueNegativeTestJSON:setUpClass): 200 GET http://10.180.1.21/identity/v3/domains?name=Default 0.043s
2025-11-21 13:47:58.178 66150 INFO tempest.lib.common.rest_client [req-2663b46c-59cf-4e16-a0e0-6da6a3577ca9 req-2663b46c-59cf-4e16-a0e0-6da6a3577ca9 ] Request (DeleteServersAdminTestJSON:tearDownClass): 404 GET http://10.180.1.21/compute/v2.1/servers/27ce0779-2fa2-44d2-a424-072183c022a6 1.116s
2025-11-21 13:47:58.187 66186 INFO tempest.lib.common.rest_client [req-2460dbb9-8420-4c6a-91fb-b01baaca6109 req-2460dbb9-8420-4c6a-91fb-b01baaca6109 ] Request (ServerRescueNegativeTestJSON:setUpClass): 201 POST http://10.180.1.21/identity/v3/projects 0.029s
2025-11-21 13:47:58.198 66146 INFO tempest.lib.common.rest_client [req-b93d3f8a-ac57-492b-a866-2e71fca06419 req-b93d3f8a-ac57-492b-a866-2e71fca06419 ] Request (ServerActionsV293TestJSON:setUpClass): 200 GET http://10.180.1.21/volume/v3/volumes/0ec3463c-cdd6-4521-b484-dd20a13916e1 0.045s
2025-11-21 13:47:58.251 66158 INFO tempest.lib.common.rest_client [req-193bfc6f-7773-45c7-b080-19fdc135e029 req-193bfc6f-7773-45c7-b080-19fdc135e029 ] Request (ServersV294TestFqdnHostnames:setUpClass): 200 GET http://10.180.1.21/compute/v2.1/servers/6215ea56-f99c-42f3-a2d5-f4d31952c8e6/os-interface 1.199s
2025-11-21 13:47:58.276 66186 INFO tempest.lib.common.rest_client [req-acd0e0dd-397f-48b4-b78a-4a91ced7e1e7 req-acd0e0dd-397f-48b4-b78a-4a91ced7e1e7 ] Request (ServerRescueNegativeTestJSON:setUpClass): 201 POST http://10.180.1.21/identity/v3/users 0.088s
2025-11-21 13:47:58.277 66174 INFO tempest.lib.common.rest_client [req-f7fc1cf6-f1b2-49b9-92dd-824b02c2226f req-f7fc1cf6-f1b2-49b9-92dd-824b02c2226f ] Request (VolumesAdminNegativeTest:tearDownClass): 404 GET http://10.180.1.21/compute/v2.1/servers/2529ef4c-80d8-47b1-a73a-a02eea0ad8d8 1.096s
2025-11-21 13:47:58.301 66186 INFO tempest.lib.common.rest_client [req-799dd8fa-1fdb-4032-8243-269436ae8b91 req-799dd8fa-1fdb-4032-8243-269436ae8b91 ] Request (ServerRescueNegativeTestJSON:setUpClass): 200 GET http://10.180.1.21/identity/v3/roles 0.024s
2025-11-21 13:47:58.339 66186 INFO tempest.lib.common.rest_client [req-a97e290d-c658-4400-b6af-24528ed020fa req-a97e290d-c658-4400-b6af-24528ed020fa ] Request (ServerRescueNegativeTestJSON:setUpClass): 204 PUT http://10.180.1.21/identity/v3/projects/c4cffe8dfc424459a90e316ac4ac905f/users/f9310d3b6bf5430289df41fc742584c8/roles/8ef979910d5c414abdd4d092c9cdffef 0.038s
2025-11-21 13:47:58.339 66186 INFO tempest.lib.common.dynamic_creds [-] Dynamic test user f9310d3b6bf5430289df41fc742584c8 is created with scope project and roles: ['member']
2025-11-21 13:47:58.340 66186 INFO tempest.lib.common.dynamic_creds [-] Acquired dynamic creds: credentials: Credentials: {'domain_id': 'default', 'domain_name': 'Default', 'username': 'tempest-ServerRescueNegativeTestJSON-1644419569-project-member', 'project_domain_id': 'default', 'project_domain_name': 'Default', 'project_id': 'c4cffe8dfc424459a90e316ac4ac905f', 'project_name': 'tempest-ServerRescueNegativeTestJSON-1644419569', 'tenant_id': 'c4cffe8dfc424459a90e316ac4ac905f', 'tenant_name': 'tempest-ServerRescueNegativeTestJSON-1644419569', 'user_domain_id': 'default', 'user_domain_name': 'Default', 'user_id': 'f9310d3b6bf5430289df41fc742584c8', 'system': None}, Network: None, Subnet: None, Router: None
2025-11-21 13:47:58.406 66186 INFO tempest.lib.common.rest_client [req-2f60f50d-6311-4da0-953b-aba6457fb594 req-2f60f50d-6311-4da0-953b-aba6457fb594 ] Request (ServerRescueNegativeTestJSON:setUpClass): 201 POST http://10.180.1.21/identity/v3/auth/tokens 0.066s
2025-11-21 13:47:58.420 66200 INFO tempest.lib.common.rest_client [req-7bf634a4-a1bf-4f33-acf3-ce83c266c35e req-7bf634a4-a1bf-4f33-acf3-ce83c266c35e ] Request (SecurityGroupRulesTestJSON:tearDownClass): 202 DELETE http://10.180.1.21/compute/v2.1/os-security-groups/db8c666b-66e7-452f-9fc5-7d0fc66ac2f5 1.249s
2025-11-21 13:47:58.870 66158 INFO tempest.lib.common.rest_client [req-22adab3f-ca0f-40b9-9f7e-40757ecf0a42 req-22adab3f-ca0f-40b9-9f7e-40757ecf0a42 ] Request (ServersV294TestFqdnHostnames:setUpClass): 200 PUT http://10.180.1.21/networking/v2.0/floatingips/627a37ae-bfa8-44cd-8753-4090f86b39dd 0.615s
2025-11-21 13:47:58.928 66172 INFO tempest.lib.common.rest_client [req-94b3385a-2695-4926-9f58-b57aeee232ca req-94b3385a-2695-4926-9f58-b57aeee232ca ] Request (ImagesTestJSON:test_create_image_from_suspended_server): 200 GET http://10.180.1.21/compute/v2.1/servers/99f2cc13-a559-4379-8332-d432e8bac36b 1.549s
2025-11-21 13:47:58.937 66172 INFO tempest.common.waiters [-] State transition "BUILD/scheduling" ==> "BUILD/None" after 7 second wait
2025-11-21 13:47:59.210 66186 INFO tempest.lib.common.rest_client [req-e4433774-e632-42ff-bc23-8d02314d49ce req-e4433774-e632-42ff-bc23-8d02314d49ce ] Request (ServerRescueNegativeTestJSON:setUpClass): 201 POST http://10.180.1.21/networking/v2.0/networks 0.803s
2025-11-21 13:47:59.236 66174 INFO tempest.lib.common.rest_client [req-d6536f92-59f7-483c-b564-7def8a7d8337 req-d6536f92-59f7-483c-b564-7def8a7d8337 ] Request (VolumesAdminNegativeTest:tearDownClass): 200 PUT http://10.180.1.21/networking/v2.0/routers/1bdb03ac-ab16-436b-8cb0-fc2cc2612c30/remove_router_interface 0.959s
2025-11-21 13:47:59.254 66146 INFO tempest.lib.common.rest_client [req-2081121d-3b8e-47da-9620-fc374bb80324 req-2081121d-3b8e-47da-9620-fc374bb80324 ] Request (ServerActionsV293TestJSON:setUpClass): 200 GET http://10.180.1.21/volume/v3/volumes/0ec3463c-cdd6-4521-b484-dd20a13916e1 0.046s
2025-11-21 13:47:59.262 66168 INFO tempest.lib.common.rest_client [req-bc1d4f56-7567-4d0a-9cc3-6647e80268d5 req-bc1d4f56-7567-4d0a-9cc3-6647e80268d5 ] Request (MigrationsAdminTest:test_resize_server_revert_deleted_flavor): 200 GET http://10.180.1.21/compute/v2.1/servers/f4a490a2-f2b1-4eac-8c1a-a18758583c70 1.794s
2025-11-21 13:47:59.338 66166 INFO tempest.lib.common.rest_client [req-c2cb022b-025a-416c-9cc8-2eff6e93e7c4 req-c2cb022b-025a-416c-9cc8-2eff6e93e7c4 ] Request (FloatingIPsNegativeTestJSON:test_allocate_floating_ip_from_nonexistent_pool): 404 POST http://10.180.1.21/compute/v2.1/os-floating-ips 1.837s
2025-11-21 13:47:59.581 66186 INFO tempest.lib.common.rest_client [req-61fed17a-0bac-4724-9b5c-ca32c00bab88 req-61fed17a-0bac-4724-9b5c-ca32c00bab88 ] Request (ServerRescueNegativeTestJSON:setUpClass): 201 POST http://10.180.1.21/networking/v2.0/subnets 0.371s
2025-11-21 13:47:59.729 66196 WARNING tempest.lib.common.ssh [-] Failed to establish authenticated ssh connection to cirros@10.180.180.202 ([Errno None] Unable to connect to port 22 on 10.180.180.202). Number attempts: 1. Retry after 2 seconds.: paramiko.ssh_exception.NoValidConnectionsError: [Errno None] Unable to connect to port 22 on 10.180.180.202
2025-11-21 13:48:00.044 66174 INFO tempest.lib.common.rest_client [req-de686c1a-ca22-4f2f-8bd3-6c1b59833808 req-de686c1a-ca22-4f2f-8bd3-6c1b59833808 ] Request (VolumesAdminNegativeTest:tearDownClass): 204 DELETE http://10.180.1.21/networking/v2.0/routers/1bdb03ac-ab16-436b-8cb0-fc2cc2612c30 0.807s
2025-11-21 13:48:00.108 66192 INFO tempest.lib.common.rest_client [req-a1ad23ca-375d-494f-8ced-bc52756496cd req-a1ad23ca-375d-494f-8ced-bc52756496cd ] Request (ServerGroupTestJSON:_run_cleanups): 200 GET http://10.180.1.21/compute/v2.1/servers/d240b3f7-d3e9-49e0-81a0-013bd1c2fe0c 2.595s
2025-11-21 13:48:00.120 66200 INFO tempest.lib.common.rest_client [req-f31e0aa2-38aa-43ce-abc3-60ddd9b55965 req-f31e0aa2-38aa-43ce-abc3-60ddd9b55965 ] Request (SecurityGroupRulesTestJSON:tearDownClass): 200 PUT http://10.180.1.21/networking/v2.0/routers/37b8819e-8700-410a-b10a-c21fec3052cd/remove_router_interface 1.699s
2025-11-21 13:48:00.154 66190 INFO tempest.lib.common.rest_client [req-beca2123-66d7-4d81-bf92-402895aa509b req-beca2123-66d7-4d81-bf92-402895aa509b ] Request (ServersListShow296Test:test_list_show_update_rebuild_server_296): 200 GET http://10.180.1.21/compute/v2.1/servers/0548399d-ec7a-4d0c-b436-9ef93c4e2d37 2.617s
2025-11-21 13:48:00.158 66176 WARNING tempest.lib.common.ssh [-] Failed to establish authenticated ssh connection to cirros@10.180.180.254 ([Errno None] Unable to connect to port 22 on 10.180.180.254). Number attempts: 9. Retry after 10 seconds.: paramiko.ssh_exception.NoValidConnectionsError: [Errno None] Unable to connect to port 22 on 10.180.180.254
2025-11-21 13:48:00.274 66174 INFO tempest.lib.common.rest_client [req-36eb8f81-d9a5-4369-a64d-042ac2112c47 req-36eb8f81-d9a5-4369-a64d-042ac2112c47 ] Request (VolumesAdminNegativeTest:tearDownClass): 204 DELETE http://10.180.1.21/networking/v2.0/subnets/9a43b531-f129-4812-8075-d1065155a8bc 0.229s
2025-11-21 13:48:00.290 66146 INFO tempest.lib.common.rest_client [req-ae28b77d-d946-4e30-9f0f-271e9aa9dd9a req-ae28b77d-d946-4e30-9f0f-271e9aa9dd9a ] Request (ServerActionsV293TestJSON:setUpClass): 200 GET http://10.180.1.21/volume/v3/volumes/0ec3463c-cdd6-4521-b484-dd20a13916e1 0.027s
2025-11-21 13:48:00.856 66186 INFO tempest.lib.common.rest_client [req-c286f1db-8e7b-4b30-be6e-4cba610b9ae8 req-c286f1db-8e7b-4b30-be6e-4cba610b9ae8 ] Request (ServerRescueNegativeTestJSON:setUpClass): 201 POST http://10.180.1.21/networking/v2.0/routers 1.273s
2025-11-21 13:48:00.997 66156 INFO tempest.lib.common.rest_client [req-e19dc5e8-c71f-43ef-88f0-5e33eb655158 req-e19dc5e8-c71f-43ef-88f0-5e33eb655158 ] Request (FloatingIPsAssociationNegativeTestJSON:tearDownClass): 200 GET http://10.180.1.21/compute/v2.1/servers/957f14fc-23f1-4334-b672-b3a75398f716 3.226s
2025-11-21 13:48:01.103 66200 INFO tempest.lib.common.rest_client [req-0bf2ce14-f1db-4ee5-a455-3f605fcd7a54 req-0bf2ce14-f1db-4ee5-a455-3f605fcd7a54 ] Request (SecurityGroupRulesTestJSON:tearDownClass): 204 DELETE http://10.180.1.21/networking/v2.0/routers/37b8819e-8700-410a-b10a-c21fec3052cd 0.983s
2025-11-21 13:48:01.229 66174 INFO tempest.lib.common.rest_client [req-f7bc8fc4-e93e-4782-9c87-e57111e3106e req-f7bc8fc4-e93e-4782-9c87-e57111e3106e ] Request (VolumesAdminNegativeTest:tearDownClass): 204 DELETE http://10.180.1.21/networking/v2.0/networks/31b2ec29-0807-4adc-90ac-7109ca91bf6a 0.955s
2025-11-21 13:48:01.338 66146 INFO tempest.lib.common.rest_client [req-771619ff-c2b9-40a2-9171-159f956f79c7 req-771619ff-c2b9-40a2-9171-159f956f79c7 ] Request (ServerActionsV293TestJSON:setUpClass): 200 GET http://10.180.1.21/volume/v3/volumes/0ec3463c-cdd6-4521-b484-dd20a13916e1 0.040s
2025-11-21 13:48:01.346 66146 INFO tempest.common.waiters [-] volume 0ec3463c-cdd6-4521-b484-dd20a13916e1 reached available after waiting for 23.346434 seconds
2025-11-21 13:48:02.117 66186 INFO tempest.lib.common.rest_client [req-2d07b235-9d6e-418f-bc9a-2f26984314f3 req-2d07b235-9d6e-418f-bc9a-2f26984314f3 ] Request (ServerRescueNegativeTestJSON:setUpClass): 200 PUT http://10.180.1.21/networking/v2.0/routers/f413f881-4eff-441b-988c-bcfcc0929b2e/add_router_interface 1.261s
2025-11-21 13:48:02.118 66186 INFO tempest.lib.common.dynamic_creds [-] Created isolated network resources for: credentials: Credentials: {'domain_id': 'default', 'domain_name': 'Default', 'username': 'tempest-ServerRescueNegativeTestJSON-1644419569-project-member', 'project_domain_id': 'default', 'project_domain_name': 'Default', 'project_id': 'c4cffe8dfc424459a90e316ac4ac905f', 'project_name': 'tempest-ServerRescueNegativeTestJSON-1644419569', 'tenant_id': 'c4cffe8dfc424459a90e316ac4ac905f', 'tenant_name': 'tempest-ServerRescueNegativeTestJSON-1644419569', 'user_domain_id': 'default', 'user_domain_name': 'Default', 'user_id': 'f9310d3b6bf5430289df41fc742584c8', 'system': None}, Network: {'id': 'ce013ecc-9ca9-42db-8817-cf3b92f2ad2b', 'name': 'tempest-ServerRescueNegativeTestJSON-232286906-network', 'tenant_id': 'c4cffe8dfc424459a90e316ac4ac905f', 'project_id': 'c4cffe8dfc424459a90e316ac4ac905f', 'admin_state_up': True, 'mtu': 8950, 'status': 'ACTIVE', 'subnets': [], 'shared': False, 'port_security_enabled': True, 'router:external': False, 'provider:network_type': 'vlan', 'provider:physical_network': 'default', 'provider:segmentation_id': 863, 'availability_zone_hints': [], 'availability_zones': [], 'ipv4_address_scope': None, 'ipv6_address_scope': None, 'description': '', 'tags': [], 'created_at': '2025-11-21T13:47:59Z', 'updated_at': '2025-11-21T13:47:59Z', 'revision_number': 1}, Subnet: {'id': '19db4093-d546-482c-b69f-13d931b59420', 'name': 'tempest-ServerRescueNegativeTestJSON-232286906-subnet', 'tenant_id': 'c4cffe8dfc424459a90e316ac4ac905f', 'network_id': 'ce013ecc-9ca9-42db-8817-cf3b92f2ad2b', 'ip_version': 4, 'subnetpool_id': None, 'enable_dhcp': True, 'ipv6_ra_mode': None, 'ipv6_address_mode': None, 'gateway_ip': '192.168.128.1', 'cidr': '192.168.128.0/28', 'allocation_pools': [{'start': '192.168.128.2', 'end': '192.168.128.14'}], 'host_routes': [], 'dns_nameservers': [], 'description': '', 'router:external': False, 'service_types': [], 'tags': [], 'created_at': '2025-11-21T13:47:59Z', 'updated_at': '2025-11-21T13:47:59Z', 'revision_number': 0, 'project_id': 'c4cffe8dfc424459a90e316ac4ac905f'}, Router: {'id': 'f413f881-4eff-441b-988c-bcfcc0929b2e', 'name': 'tempest-ServerRescueNegativeTestJSON-232286906-router', 'tenant_id': 'c4cffe8dfc424459a90e316ac4ac905f', 'admin_state_up': True, 'status': 'ACTIVE', 'external_gateway_info': {'network_id': '3ac64614-4d7c-460a-922e-9878cc372b7c', 'external_fixed_ips': [{'subnet_id': '812d2220-2830-4581-9606-182761cf0351', 'ip_address': '10.180.180.211'}], 'enable_snat': True}, 'description': '', 'availability_zones': [], 'distributed': False, 'ha': False, 'availability_zone_hints': [], 'routes': [], 'flavor_id': None, 'tags': [], 'created_at': '2025-11-21T13:48:00Z', 'updated_at': '2025-11-21T13:48:00Z', 'revision_number': 2, 'project_id': 'c4cffe8dfc424459a90e316ac4ac905f'}
2025-11-21 13:48:02.153 66204 WARNING tempest.lib.common.ssh [-] Failed to establish authenticated ssh connection to cirros@10.180.180.235 ([Errno None] Unable to connect to port 22 on 10.180.180.235). Number attempts: 10. Retry after 11 seconds.: paramiko.ssh_exception.NoValidConnectionsError: [Errno None] Unable to connect to port 22 on 10.180.180.235
2025-11-21 13:48:02.155 66154 INFO tempest.lib.common.rest_client [req-4bed61b4-8d49-49df-a86b-ee9f82dafd59 req-4bed61b4-8d49-49df-a86b-ee9f82dafd59 ] Request (ServersAdminNegativeTestJSON:setUpClass): 200 GET http://10.180.1.21/compute/v2.1/servers/1ef08e8f-744d-4939-9433-a4301cd31e77 4.557s
2025-11-21 13:48:02.163 66154 INFO tempest.common.waiters [-] State transition "BUILD/None" ==> "BUILD/spawning" after 32 second wait
2025-11-21 13:48:02.220 66186 INFO tempest.lib.common.rest_client [req-dad20446-caf4-403c-823c-8666d60d0cc5 req-dad20446-caf4-403c-823c-8666d60d0cc5 ] Request (ServerRescueNegativeTestJSON:setUpClass): 201 POST http://10.180.1.21/identity/v3/auth/tokens 0.098s
2025-11-21 13:48:02.251 66186 INFO tempest.lib.common.rest_client [req-c9b31a37-fbe8-4212-a642-0a9a22573aaf req-c9b31a37-fbe8-4212-a642-0a9a22573aaf ] Request (ServerRescueNegativeTestJSON:setUpClass): 201 POST http://10.180.1.21/identity/v3/auth/tokens 0.027s
2025-11-21 13:48:02.252 66186 INFO tempest.lib.common.fixed_network [-] (ServerRescueNegativeTestJSON:setUpClass) Found network {'id': 'ce013ecc-9ca9-42db-8817-cf3b92f2ad2b', 'name': 'tempest-ServerRescueNegativeTestJSON-232286906-network', 'tenant_id': 'c4cffe8dfc424459a90e316ac4ac905f', 'project_id': 'c4cffe8dfc424459a90e316ac4ac905f', 'admin_state_up': True, 'mtu': 8950, 'status': 'ACTIVE', 'subnets': [], 'shared': False, 'port_security_enabled': True, 'router:external': False, 'provider:network_type': 'vlan', 'provider:physical_network': 'default', 'provider:segmentation_id': 863, 'availability_zone_hints': [], 'availability_zones': [], 'ipv4_address_scope': None, 'ipv6_address_scope': None, 'description': '', 'tags': [], 'created_at': '2025-11-21T13:47:59Z', 'updated_at': '2025-11-21T13:47:59Z', 'revision_number': 1} available for tenant
2025-11-21 13:48:02.401 66200 INFO tempest.lib.common.rest_client [req-77d2f64c-908a-479a-a3d6-d8c5b8a531d0 req-77d2f64c-908a-479a-a3d6-d8c5b8a531d0 ] Request (SecurityGroupRulesTestJSON:tearDownClass): 204 DELETE http://10.180.1.21/networking/v2.0/subnets/b01d663a-f718-4cdf-90b7-998008450aca 1.297s
2025-11-21 13:48:02.799 66196 WARNING tempest.lib.common.ssh [-] Failed to establish authenticated ssh connection to cirros@10.180.180.202 ([Errno None] Unable to connect to port 22 on 10.180.180.202). Number attempts: 2. Retry after 3 seconds.: paramiko.ssh_exception.NoValidConnectionsError: [Errno None] Unable to connect to port 22 on 10.180.180.202
2025-11-21 13:48:02.940 66178 INFO tempest.lib.common.rest_client [req-f6e2d2db-9d52-4d99-9ebb-0bf798943dd6 req-f6e2d2db-9d52-4d99-9ebb-0bf798943dd6 ] Request (ServerActionsTestOtherB:test_create_backup): 200 GET http://10.180.1.21/compute/v2.1/servers/eceafff8-7d28-4b9b-ade6-5736d5977efa 5.153s
2025-11-21 13:48:03.206 66174 INFO tempest.lib.common.rest_client [req-1ab788d4-e9cc-4a2f-8ccb-02b1449516c7 req-1ab788d4-e9cc-4a2f-8ccb-02b1449516c7 ] Request (VolumesAdminNegativeTest:tearDownClass): 200 PUT http://10.180.1.21/networking/v2.0/routers/0280775b-3502-4ace-a79f-820f9dfe3806/remove_router_interface 1.976s
2025-11-21 13:48:03.218 66200 INFO tempest.lib.common.rest_client [req-ae49ab80-6295-420c-a10b-dbf318c44f35 req-ae49ab80-6295-420c-a10b-dbf318c44f35 ] Request (SecurityGroupRulesTestJSON:tearDownClass): 204 DELETE http://10.180.1.21/networking/v2.0/networks/587aba53-9069-4e5d-b7d7-d65ab48b807f 0.817s
2025-11-21 13:48:03.255 66170 INFO tempest.lib.common.rest_client [req-db7840e7-274e-41b4-bf64-dcf824f06c4c req-db7840e7-274e-41b4-bf64-dcf824f06c4c ] Request (ServerActionsTestOtherA:test_rebuild_server_in_stop_state): 200 GET http://10.180.1.21/compute/v2.1/servers/4b7f1c2f-2b1e-4d24-814b-c8095d875e3c 5.450s
2025-11-21 13:48:03.281 66198 INFO tempest.lib.common.rest_client [req-aba01751-997e-4cb7-a280-4d43f032d15e req-aba01751-997e-4cb7-a280-4d43f032d15e ] Request (ServersTestBootFromVolume:setUpClass): 200 GET http://10.180.1.21/compute/v2.1/servers/54ad3472-0cca-4dca-91f2-8c343f706926 5.416s
2025-11-21 13:48:03.367 66200 INFO tempest.lib.common.rest_client [req-7a82ddd8-8008-42d9-be0a-598f466c1981 req-7a82ddd8-8008-42d9-be0a-598f466c1981 ] Request (SecurityGroupRulesTestJSON:tearDownClass): 204 DELETE http://10.180.1.21/identity/v3/users/1a3a8d730f29494aab60a48bb8695818 0.148s
2025-11-21 13:48:03.367 66200 INFO tempest.lib.common.dynamic_creds [-] Deleting project and security group for project: aba0b764d4684570971888dd6e4d6734
2025-11-21 13:48:03.666 66194 INFO tempest.lib.common.rest_client [req-c3d8120a-5621-462a-86d2-4b05bc2c9f6c req-c3d8120a-5621-462a-86d2-4b05bc2c9f6c ] Request (ServerShowV247Test:tearDownClass): 200 GET http://10.180.1.21/compute/v2.1/servers/b5967423-89e1-44eb-b4de-22d09adb51a8 5.790s
2025-11-21 13:48:03.685 66182 INFO tempest.lib.common.rest_client [req-ce2705cc-1f7a-40a8-9e96-e4f8af23850a req-ce2705cc-1f7a-40a8-9e96-e4f8af23850a ] Request (ServerShowV254Test:test_rebuild_server): 200 GET http://10.180.1.21/compute/v2.1/servers/cef78616-dcbd-4ccd-ab65-c9d52d8b8b2e 5.800s
2025-11-21 13:48:03.702 66182 INFO tempest.common.waiters [-] State transition "BUILD/scheduling" ==> "BUILD/None" after 12 second wait
2025-11-21 13:48:03.709 66200 INFO tempest.lib.common.rest_client [req-bc5a9949-d220-4e3d-a7d8-1e9e2e16e89e req-bc5a9949-d220-4e3d-a7d8-1e9e2e16e89e ] Request (SecurityGroupRulesTestJSON:tearDownClass): 200 GET http://10.180.1.21/networking/v2.0/security-groups?tenant_id=aba0b764d4684570971888dd6e4d6734&name=default 0.341s
2025-11-21 13:48:03.779 66174 INFO tempest.lib.common.rest_client [req-c6335593-0b78-4f12-836a-5ff5ec27ba8f req-c6335593-0b78-4f12-836a-5ff5ec27ba8f ] Request (VolumesAdminNegativeTest:tearDownClass): 204 DELETE http://10.180.1.21/networking/v2.0/routers/0280775b-3502-4ace-a79f-820f9dfe3806 0.573s
2025-11-21 13:48:03.872 66200 INFO tempest.lib.common.rest_client [req-770f98a7-ae73-49fa-a8c7-2f28c6be81b8 req-770f98a7-ae73-49fa-a8c7-2f28c6be81b8 ] Request (SecurityGroupRulesTestJSON:tearDownClass): 204 DELETE http://10.180.1.21/networking/v2.0/security-groups/50a2d6b8-e2e5-4697-80ae-e13876d933b6 0.163s
2025-11-21 13:48:03.988 66200 INFO tempest.lib.common.rest_client [req-5e8013b3-6a07-4fc2-a0de-8f4373328efe req-5e8013b3-6a07-4fc2-a0de-8f4373328efe ] Request (SecurityGroupRulesTestJSON:tearDownClass): 204 DELETE http://10.180.1.21/identity/v3/projects/aba0b764d4684570971888dd6e4d6734 0.115s
2025-11-21 13:48:04.092 66174 INFO tempest.lib.common.rest_client [req-78a8052e-e008-4ebf-b8ea-fb21390a842d req-78a8052e-e008-4ebf-b8ea-fb21390a842d ] Request (VolumesAdminNegativeTest:tearDownClass): 204 DELETE http://10.180.1.21/networking/v2.0/subnets/603091a5-0423-4a09-a01a-8aeaf96e61c2 0.312s
2025-11-21 13:48:04.171 66206 INFO tempest.lib.common.rest_client [req-45c85feb-8aaa-48ad-b736-5a6f2c017f56 req-45c85feb-8aaa-48ad-b736-5a6f2c017f56 ] Request (ServerMetadataTestJSON:setUpClass): 200 GET http://10.180.1.21/compute/v2.1/servers/6aa4b17b-816c-4d84-8f74-a81185f3af65 6.151s
2025-11-21 13:48:04.178 66206 INFO tempest.common.waiters [-] State transition "BUILD/None" ==> "BUILD/spawning" after 34 second wait
2025-11-21 13:48:04.194 66150 INFO tempest.lib.common.rest_client [req-18803297-d917-4990-a2c7-e54cc6ca2b3e req-18803297-d917-4990-a2c7-e54cc6ca2b3e ] Request (DeleteServersAdminTestJSON:tearDownClass): 404 DELETE http://10.180.1.21/compute/v2.1/servers/48ac772b-3b3b-403e-814d-b5290b17fcad 6.016s
2025-11-21 13:48:04.431 66174 INFO tempest.lib.common.rest_client [req-5c621eb1-56a6-47fe-a7e3-1156e2360c90 req-5c621eb1-56a6-47fe-a7e3-1156e2360c90 ] Request (VolumesAdminNegativeTest:tearDownClass): 204 DELETE http://10.180.1.21/networking/v2.0/networks/a6fc13a9-a7d9-4d4e-bc8e-09a9c7a1ef31 0.339s
2025-11-21 13:48:05.684 66174 INFO tempest.lib.common.rest_client [req-8859c002-97c1-47c7-9543-0f62a59f8b5c req-8859c002-97c1-47c7-9543-0f62a59f8b5c ] Request (VolumesAdminNegativeTest:tearDownClass): 200 PUT http://10.180.1.21/networking/v2.0/routers/a06e719c-6e9d-4091-98e4-80493f4f94a4/remove_router_interface 1.249s
2025-11-21 13:48:05.720 66158 INFO tempest.lib.common.rest_client [req-98e942e0-e9a2-4e75-8e3c-728b44e392ec req-98e942e0-e9a2-4e75-8e3c-728b44e392ec ] Request (ServersV294TestFqdnHostnames:setUpClass): 200 GET http://10.180.1.21/compute/v2.1/servers/6215ea56-f99c-42f3-a2d5-f4d31952c8e6 6.850s
2025-11-21 13:48:05.731 66158 INFO tempest.api.compute.base [-] Attempting to verify tagged devices in server 6215ea56-f99c-42f3-a2d5-f4d31952c8e6 via the metadata service: http://169.254.169.254/openstack/latest/meta_data.json
2025-11-21 13:48:05.731 66158 INFO tempest.lib.common.ssh [-] Creating ssh connection to '10.180.180.206:22' as 'cirros' with public key authentication
2025-11-21 13:48:05.867 66152 INFO tempest.lib.common.rest_client [req-624d3005-35ce-4ab8-a0e6-1b7a838c58e2 req-624d3005-35ce-4ab8-a0e6-1b7a838c58e2 ] Request (ServersAdminTestJSON:test_inject_network_info): 202 POST http://10.180.1.21/compute/v2.1/servers 7.872s
2025-11-21 13:48:06.231 66174 INFO tempest.lib.common.rest_client [req-9d1e7784-84de-4d6b-9ea7-4390feaa7d3a req-9d1e7784-84de-4d6b-9ea7-4390feaa7d3a ] Request (VolumesAdminNegativeTest:tearDownClass): 204 DELETE http://10.180.1.21/networking/v2.0/routers/a06e719c-6e9d-4091-98e4-80493f4f94a4 0.547s
2025-11-21 13:48:06.304 66148 INFO tempest.lib.common.rest_client [req-280458e8-0221-4624-ab56-3e1db36c2065 req-280458e8-0221-4624-ab56-3e1db36c2065 ] Request (ServersNegativeTestMultiTenantJSON:tearDownClass): 200 GET http://10.180.1.21/compute/v2.1/servers/06f8fc6f-428c-4e40-8815-f0c78d27fa38 7.357s
2025-11-21 13:48:06.384 66162 INFO tempest.lib.common.rest_client [req-8ccb8edd-e121-4364-b7a5-ea66c10fba1b req-8ccb8edd-e121-4364-b7a5-ea66c10fba1b ] Request (ServersAaction247Test:test_create_backup): 200 GET http://10.180.1.21/compute/v2.1/servers/3f20bd75-98ab-4798-834a-c0ffc3c6146d 7.370s
2025-11-21 13:48:06.510 66174 INFO tempest.lib.common.rest_client [req-44ab352a-d257-4467-8e9d-2e0bcbbfbb7a req-44ab352a-d257-4467-8e9d-2e0bcbbfbb7a ] Request (VolumesAdminNegativeTest:tearDownClass): 204 DELETE http://10.180.1.21/networking/v2.0/subnets/4f3d5d45-2f26-402c-87b4-5a0072f46aea 0.278s
2025-11-21 13:48:06.744 66202 INFO tempest.lib.common.rest_client [req-2ca4485e-f9dd-439f-b6a9-00e6264a552b req-2ca4485e-f9dd-439f-b6a9-00e6264a552b ] Request (InstanceActionsTestJSON:setUpClass): 200 GET http://10.180.1.21/compute/v2.1/servers/6be541bd-06fd-4959-9987-d250011b3f1d 7.674s
2025-11-21 13:48:06.975 66174 INFO tempest.lib.common.rest_client [req-886c5da4-c101-4432-8bb2-109e2b5d044c req-886c5da4-c101-4432-8bb2-109e2b5d044c ] Request (VolumesAdminNegativeTest:tearDownClass): 204 DELETE http://10.180.1.21/networking/v2.0/networks/bd434207-1181-49fd-af2f-6f54ef4e623d 0.465s
2025-11-21 13:48:07.053 66144 INFO tempest.lib.common.rest_client [req-a0a6e08f-7b22-46e9-8d93-126e744c96d9 req-a0a6e08f-7b22-46e9-8d93-126e744c96d9 ] Request (ServerDiskConfigTestJSON:test_rebuild_server_with_manual_disk_config): 200 GET http://10.180.1.21/compute/v2.1/servers/bcdf4a61-a2e8-4ca6-92fc-faddf5371290 8.028s
2025-11-21 13:48:07.060 66144 INFO tempest.common.waiters [-] State transition "REBUILD/rebuild_spawning" ==> "ACTIVE/None" after 16 second wait
2025-11-21 13:48:07.104 66174 INFO tempest.lib.common.rest_client [req-c6d5e8ad-d302-4391-857d-76c87b92a5a5 req-c6d5e8ad-d302-4391-857d-76c87b92a5a5 ] Request (VolumesAdminNegativeTest:tearDownClass): 204 DELETE http://10.180.1.21/identity/v3/users/f57cdfdf8c344604a7aa42a0fad72190 0.129s
2025-11-21 13:48:07.132 66180 INFO tempest.lib.common.rest_client [req-14021a73-4b57-4a92-a48a-ede8c250331f req-14021a73-4b57-4a92-a48a-ede8c250331f ] Request (ServerAddressesNegativeTestJSON:setUpClass): 200 GET http://10.180.1.21/compute/v2.1/servers/72111766-217d-469f-ad92-ca0ce0e67090 7.980s
2025-11-21 13:48:07.144 66160 INFO tempest.lib.common.rest_client [req-0c02d845-e88d-4b63-8a38-3fa628541adc req-0c02d845-e88d-4b63-8a38-3fa628541adc ] Request (FloatingIPsAssociationTestJSON:test_associate_already_associated_floating_ip): 200 GET http://10.180.1.21/compute/v2.1/servers/f604c16d-2a86-40d3-9891-5b33309b3047 8.050s
2025-11-21 13:48:07.160 66160 INFO tempest.common.waiters [-] State transition "BUILD/None" ==> "BUILD/spawning" after 36 second wait
2025-11-21 13:48:07.189 66166 INFO tempest.lib.common.rest_client [req-b115196b-5057-45dd-8519-6ca866d1363d req-b115196b-5057-45dd-8519-6ca866d1363d ] Request (FloatingIPsNegativeTestJSON:test_delete_nonexistent_floating_ip): 404 DELETE http://10.180.1.21/compute/v2.1/os-floating-ips/82b51dfd-54f1-4128-b10d-bdd80d7d4a67 7.850s
2025-11-21 13:48:07.215 66172 INFO tempest.lib.common.rest_client [req-e65fd08b-db0c-4d15-a9a4-9db79052d2d7 req-e65fd08b-db0c-4d15-a9a4-9db79052d2d7 ] Request (ImagesTestJSON:test_create_image_from_suspended_server): 200 GET http://10.180.1.21/compute/v2.1/servers/99f2cc13-a559-4379-8332-d432e8bac36b 7.276s
2025-11-21 13:48:07.219 66174 INFO tempest.lib.common.rest_client [req-1b69492a-b9a0-4a9f-93b8-f733d747df17 req-1b69492a-b9a0-4a9f-93b8-f733d747df17 ] Request (VolumesAdminNegativeTest:tearDownClass): 204 DELETE http://10.180.1.21/identity/v3/users/1090fc839e6242f1ac9d0cd14e731b55 0.114s
2025-11-21 13:48:07.382 66174 INFO tempest.lib.common.rest_client [req-a9b834e0-fe21-4285-8f10-075ade9ed625 req-a9b834e0-fe21-4285-8f10-075ade9ed625 ] Request (VolumesAdminNegativeTest:tearDownClass): 204 DELETE http://10.180.1.21/identity/v3/users/4fe896401c174714b5a4e61efe67dea1 0.162s
2025-11-21 13:48:07.384 66174 INFO tempest.lib.common.dynamic_creds [-] Deleting project and security group for project: c59a93f8dfbd439aa17af14eb6b7e988
2025-11-21 13:48:07.675 66168 INFO tempest.lib.common.rest_client [req-45cb1685-5b9b-4120-a880-c550bf0296c3 req-45cb1685-5b9b-4120-a880-c550bf0296c3 ] Request (MigrationsAdminTest:test_resize_server_revert_deleted_flavor): 200 GET http://10.180.1.21/compute/v2.1/servers/f4a490a2-f2b1-4eac-8c1a-a18758583c70 7.400s
2025-11-21 13:48:07.689 66190 INFO tempest.lib.common.rest_client [req-a10db802-4d00-474f-a1f3-153d5cf6b8bb req-a10db802-4d00-474f-a1f3-153d5cf6b8bb ] Request (ServersListShow296Test:test_list_show_update_rebuild_server_296): 200 PUT http://10.180.1.21/compute/v2.1/servers/0548399d-ec7a-4d0c-b436-9ef93c4e2d37 7.519s
2025-11-21 13:48:07.702 66174 INFO tempest.lib.common.rest_client [req-8a370aec-d3d9-4063-807d-e9189f513325 req-8a370aec-d3d9-4063-807d-e9189f513325 ] Request (VolumesAdminNegativeTest:tearDownClass): 200 GET http://10.180.1.21/networking/v2.0/security-groups?tenant_id=c59a93f8dfbd439aa17af14eb6b7e988&name=default 0.318s
2025-11-21 13:48:07.702 66192 INFO tempest.lib.common.rest_client [req-9392fbfb-c150-4e1c-b803-b0e008b20e98 req-9392fbfb-c150-4e1c-b803-b0e008b20e98 ] Request (ServerGroupTestJSON:_run_cleanups): 404 GET http://10.180.1.21/compute/v2.1/servers/d240b3f7-d3e9-49e0-81a0-013bd1c2fe0c 6.584s
2025-11-21 13:48:07.724 66156 INFO tempest.lib.common.rest_client [req-5b42b1c6-395a-482b-b056-4920a6a73d73 req-5b42b1c6-395a-482b-b056-4920a6a73d73 ] Request (FloatingIPsAssociationNegativeTestJSON:tearDownClass): 404 GET http://10.180.1.21/compute/v2.1/servers/957f14fc-23f1-4334-b672-b3a75398f716 5.720s
2025-11-21 13:48:08.069 66166 INFO tempest.lib.common.rest_client [req-07f5b938-900d-479f-8d06-8f52886599a2 req-07f5b938-900d-479f-8d06-8f52886599a2 ] Request (FloatingIPsNegativeTestJSON:tearDownClass): 200 PUT http://10.180.1.21/networking/v2.0/routers/08e2e63f-2a1f-4508-b0e4-bc38ec51c4e1/remove_router_interface 0.879s
2025-11-21 13:48:08.223 66174 INFO tempest.lib.common.rest_client [req-dc0bd251-9b0a-4972-9885-a07f2c84aee2 req-dc0bd251-9b0a-4972-9885-a07f2c84aee2 ] Request (VolumesAdminNegativeTest:tearDownClass): 204 DELETE http://10.180.1.21/networking/v2.0/security-groups/12b54335-eb35-490d-a8d9-d12ac5809eb9 0.520s
2025-11-21 13:48:08.312 66174 INFO tempest.lib.common.rest_client [req-0fc0f390-447f-4a9c-b003-e4bbfa929e0f req-0fc0f390-447f-4a9c-b003-e4bbfa929e0f ] Request (VolumesAdminNegativeTest:tearDownClass): 204 DELETE http://10.180.1.21/identity/v3/projects/c59a93f8dfbd439aa17af14eb6b7e988 0.089s
2025-11-21 13:48:08.313 66174 INFO tempest.lib.common.dynamic_creds [-] Deleting project and security group for project: dfb92808c9614672bb4ecea961a42533
2025-11-21 13:48:08.816 66158 WARNING tempest.lib.common.ssh [-] Failed to establish authenticated ssh connection to cirros@10.180.180.206 ([Errno None] Unable to connect to port 22 on 10.180.180.206). Number attempts: 1. Retry after 2 seconds.: paramiko.ssh_exception.NoValidConnectionsError: [Errno None] Unable to connect to port 22 on 10.180.180.206
2025-11-21 13:48:08.961 66156 INFO tempest.lib.common.rest_client [req-1b10186a-a7f0-4f0d-9909-443bb8af9b78 req-1b10186a-a7f0-4f0d-9909-443bb8af9b78 ] Request (FloatingIPsAssociationNegativeTestJSON:tearDownClass): 200 PUT http://10.180.1.21/networking/v2.0/routers/dd8ab217-edce-465c-ad2b-5aab63c6bbd5/remove_router_interface 1.236s
2025-11-21 13:48:09.383 66174 INFO tempest.lib.common.rest_client [req-5c9766b5-2a3a-45a5-aa48-4db2671fd1ce req-5c9766b5-2a3a-45a5-aa48-4db2671fd1ce ] Request (VolumesAdminNegativeTest:tearDownClass): 200 GET http://10.180.1.21/networking/v2.0/security-groups?tenant_id=dfb92808c9614672bb4ecea961a42533&name=default 1.070s
2025-11-21 13:48:09.391 66196 WARNING tempest.lib.common.ssh [-] Failed to establish authenticated ssh connection to cirros@10.180.180.202 ([Errno None] Unable to connect to port 22 on 10.180.180.202). Number attempts: 3. Retry after 4 seconds.: paramiko.ssh_exception.NoValidConnectionsError: [Errno None] Unable to connect to port 22 on 10.180.180.202
2025-11-21 13:48:09.834 66156 INFO tempest.lib.common.rest_client [req-d1a902d5-e2cf-41ec-a9cb-756e7df3c08a req-d1a902d5-e2cf-41ec-a9cb-756e7df3c08a ] Request (FloatingIPsAssociationNegativeTestJSON:tearDownClass): 204 DELETE http://10.180.1.21/networking/v2.0/routers/dd8ab217-edce-465c-ad2b-5aab63c6bbd5 0.872s
2025-11-21 13:48:09.938 66166 INFO tempest.lib.common.rest_client [req-a20ed0f8-c2d5-440c-8414-15dc3b7ef6c1 req-a20ed0f8-c2d5-440c-8414-15dc3b7ef6c1 ] Request (FloatingIPsNegativeTestJSON:tearDownClass): 204 DELETE http://10.180.1.21/networking/v2.0/routers/08e2e63f-2a1f-4508-b0e4-bc38ec51c4e1 1.868s
2025-11-21 13:48:10.060 66174 INFO tempest.lib.common.rest_client [req-166416a4-fd6f-4788-972b-1de65e746a6f req-166416a4-fd6f-4788-972b-1de65e746a6f ] Request (VolumesAdminNegativeTest:tearDownClass): 204 DELETE http://10.180.1.21/networking/v2.0/security-groups/a6c31fad-3591-4413-af30-5a5ba1b21b2f 0.676s
2025-11-21 13:48:10.106 66156 INFO tempest.lib.common.rest_client [req-7ffd730f-01c4-4c6b-99e5-125b46f90969 req-7ffd730f-01c4-4c6b-99e5-125b46f90969 ] Request (FloatingIPsAssociationNegativeTestJSON:tearDownClass): 204 DELETE http://10.180.1.21/networking/v2.0/subnets/78cd7e5d-189d-4443-a3d5-b07e37fcb1da 0.272s
2025-11-21 13:48:10.189 66174 INFO tempest.lib.common.rest_client [req-8fa70c24-e6f0-40db-963b-72c20f518aab req-8fa70c24-e6f0-40db-963b-72c20f518aab ] Request (VolumesAdminNegativeTest:tearDownClass): 204 DELETE http://10.180.1.21/identity/v3/projects/dfb92808c9614672bb4ecea961a42533 0.128s
2025-11-21 13:48:10.189 66174 INFO tempest.lib.common.dynamic_creds [-] Deleting project and security group for project: 655ba318f0ad4c09a6cdc4932ebb1b3f
2025-11-21 13:48:10.247 66166 INFO tempest.lib.common.rest_client [req-4c2f3d20-e43a-4a64-834a-9cf61b308026 req-4c2f3d20-e43a-4a64-834a-9cf61b308026 ] Request (FloatingIPsNegativeTestJSON:tearDownClass): 204 DELETE http://10.180.1.21/networking/v2.0/subnets/ef0ad2c7-73c1-4e3f-a48c-12012e1f1b50 0.308s
2025-11-21 13:48:10.340 66174 INFO tempest.lib.common.rest_client [req-67b4d8b8-8d10-4a1f-867c-d08c3c7d1eb7 req-67b4d8b8-8d10-4a1f-867c-d08c3c7d1eb7 ] Request (VolumesAdminNegativeTest:tearDownClass): 200 GET http://10.180.1.21/networking/v2.0/security-groups?tenant_id=655ba318f0ad4c09a6cdc4932ebb1b3f&name=default 0.150s
2025-11-21 13:48:10.459 66156 INFO tempest.lib.common.rest_client [req-f7827118-5c12-4697-ba9f-a46a80376bfa req-f7827118-5c12-4697-ba9f-a46a80376bfa ] Request (FloatingIPsAssociationNegativeTestJSON:tearDownClass): 204 DELETE http://10.180.1.21/networking/v2.0/networks/62f163be-5383-479b-82ff-90e2dec87f17 0.352s
2025-11-21 13:48:10.490 66166 INFO tempest.lib.common.rest_client [req-ad4978fc-8ae9-41d4-80ce-a415277e9761 req-ad4978fc-8ae9-41d4-80ce-a415277e9761 ] Request (FloatingIPsNegativeTestJSON:tearDownClass): 204 DELETE http://10.180.1.21/networking/v2.0/networks/059d6e1d-b084-480d-86e9-f951a6ad5beb 0.242s
2025-11-21 13:48:10.641 66186 INFO tempest.lib.common.rest_client [req-c6a19a5d-12ef-4721-b9b4-734fcd971af3 req-c6a19a5d-12ef-4721-b9b4-734fcd971af3 ] Request (ServerRescueNegativeTestJSON:setUpClass): 202 POST http://10.180.1.21/compute/v2.1/servers 8.389s
2025-11-21 13:48:10.648 66156 INFO tempest.lib.common.rest_client [req-30a1881e-6c6c-4eed-b46b-e102bc958e9f req-30a1881e-6c6c-4eed-b46b-e102bc958e9f ] Request (FloatingIPsAssociationNegativeTestJSON:tearDownClass): 204 DELETE http://10.180.1.21/identity/v3/users/193d1b4346bf4d40bd184cc729e057ea 0.188s
2025-11-21 13:48:10.648 66156 INFO tempest.lib.common.dynamic_creds [-] Deleting project and security group for project: ca3090d0ab424469aa3fa576736bca1b
2025-11-21 13:48:10.674 66176 WARNING tempest.lib.common.ssh [-] Failed to establish authenticated ssh connection to cirros@10.180.180.254 ([Errno None] Unable to connect to port 22 on 10.180.180.254). Number attempts: 10. Retry after 11 seconds.: paramiko.ssh_exception.NoValidConnectionsError: [Errno None] Unable to connect to port 22 on 10.180.180.254
2025-11-21 13:48:10.674 66174 INFO tempest.lib.common.rest_client [req-75f0bfeb-5c4a-4e1a-961c-7cb32850a515 req-75f0bfeb-5c4a-4e1a-961c-7cb32850a515 ] Request (VolumesAdminNegativeTest:tearDownClass): 204 DELETE http://10.180.1.21/networking/v2.0/security-groups/b4f44c49-bc4c-4f7a-848a-85f2e5d8de47 0.333s
2025-11-21 13:48:10.691 66166 INFO tempest.lib.common.rest_client [req-3666f86e-2c2b-45c1-a5be-7f0f52172e32 req-3666f86e-2c2b-45c1-a5be-7f0f52172e32 ] Request (FloatingIPsNegativeTestJSON:tearDownClass): 204 DELETE http://10.180.1.21/identity/v3/users/866979cf8c6a4abe8ca7ab03fa8011a1 0.200s
2025-11-21 13:48:10.691 66166 INFO tempest.lib.common.dynamic_creds [-] Deleting project and security group for project: e7e1132b6506412c8d5ed85d13d62d3a
2025-11-21 13:48:10.716 66156 INFO tempest.lib.common.rest_client [req-6812d313-7157-43a0-9b74-e351465d8fe9 req-6812d313-7157-43a0-9b74-e351465d8fe9 ] Request (FloatingIPsAssociationNegativeTestJSON:tearDownClass): 200 GET http://10.180.1.21/networking/v2.0/security-groups?tenant_id=ca3090d0ab424469aa3fa576736bca1b&name=default 0.068s
2025-11-21 13:48:10.736 66166 INFO tempest.lib.common.rest_client [req-ce76fe95-f8ce-4461-a083-cd764f4f5234 req-ce76fe95-f8ce-4461-a083-cd764f4f5234 ] Request (FloatingIPsNegativeTestJSON:tearDownClass): 200 GET http://10.180.1.21/networking/v2.0/security-groups?tenant_id=e7e1132b6506412c8d5ed85d13d62d3a&name=default 0.044s
2025-11-21 13:48:10.879 66156 INFO tempest.lib.common.rest_client [req-2861b2eb-dc8c-4fd0-947a-fc28869f86c4 req-2861b2eb-dc8c-4fd0-947a-fc28869f86c4 ] Request (FloatingIPsAssociationNegativeTestJSON:tearDownClass): 204 DELETE http://10.180.1.21/networking/v2.0/security-groups/40fa215c-6810-4862-9ddc-1bca888b2ee5 0.162s
2025-11-21 13:48:10.890 66146 INFO tempest.lib.common.rest_client [req-2d63faf2-579b-4ed0-b28d-213d0b47bd3f req-2d63faf2-579b-4ed0-b28d-213d0b47bd3f ] Request (ServerActionsV293TestJSON:setUpClass): 202 POST http://10.180.1.21/compute/v2.1/servers 9.543s
2025-11-21 13:48:10.965 66174 INFO tempest.lib.common.rest_client [req-418270af-9a2a-40ef-a255-db0738f2677d req-418270af-9a2a-40ef-a255-db0738f2677d ] Request (VolumesAdminNegativeTest:tearDownClass): 204 DELETE http://10.180.1.21/identity/v3/projects/655ba318f0ad4c09a6cdc4932ebb1b3f 0.290s
2025-11-21 13:48:10.976 66166 INFO tempest.lib.common.rest_client [req-3277f7fa-f220-4c63-9692-c090e48b2ba3 req-3277f7fa-f220-4c63-9692-c090e48b2ba3 ] Request (FloatingIPsNegativeTestJSON:tearDownClass): 204 DELETE http://10.180.1.21/networking/v2.0/security-groups/44af1efc-33ca-4211-8789-6da1621f51ec 0.239s
2025-11-21 13:48:10.983 66154 INFO tempest.lib.common.rest_client [req-0f7944ce-2cba-4517-8ea5-ac981dc441f4 req-0f7944ce-2cba-4517-8ea5-ac981dc441f4 ] Request (ServersAdminNegativeTestJSON:setUpClass): 200 GET http://10.180.1.21/compute/v2.1/servers/1ef08e8f-744d-4939-9433-a4301cd31e77 7.819s
2025-11-21 13:48:11.000 66174 INFO tempest.lib.common.rest_client [req-12c98b2a-bb9c-4ad4-b051-0ea04b7bc964 req-12c98b2a-bb9c-4ad4-b051-0ea04b7bc964 ] Request (KeyPairsNegativeTestJSON:setUpClass): 201 POST http://10.180.1.21/identity/v3/auth/tokens 0.033s
2025-11-21 13:48:11.011 66150 INFO tempest.lib.common.rest_client [req-fd7bf540-026d-49a0-8bce-670b58cc5e81 req-fd7bf540-026d-49a0-8bce-670b58cc5e81 ] Request (DeleteServersAdminTestJSON:tearDownClass): 404 GET http://10.180.1.21/compute/v2.1/servers/48ac772b-3b3b-403e-814d-b5290b17fcad 6.816s
2025-11-21 13:48:11.051 66156 INFO tempest.lib.common.rest_client [req-7d5c2754-0a6b-4e87-be1f-fc78d9ba85fc req-7d5c2754-0a6b-4e87-be1f-fc78d9ba85fc ] Request (FloatingIPsAssociationNegativeTestJSON:tearDownClass): 204 DELETE http://10.180.1.21/identity/v3/projects/ca3090d0ab424469aa3fa576736bca1b 0.171s
2025-11-21 13:48:11.104 66178 INFO tempest.lib.common.rest_client [req-7206e69a-ae2b-4d7a-a461-cba43bb1204d req-7206e69a-ae2b-4d7a-a461-cba43bb1204d ] Request (ServerActionsTestOtherB:test_create_backup): 200 GET http://10.180.1.21/compute/v2.1/servers/eceafff8-7d28-4b9b-ade6-5736d5977efa 7.146s
2025-11-21 13:48:11.114 66178 INFO tempest.common.waiters [-] State transition "ACTIVE/image_uploading" ==> "ACTIVE/None" after 20 second wait
2025-11-21 13:48:11.135 66174 INFO tempest.lib.common.rest_client [req-6c021fc6-1a3e-4fb1-8d0c-0a95c95fc877 req-6c021fc6-1a3e-4fb1-8d0c-0a95c95fc877 ] Request (KeyPairsNegativeTestJSON:setUpClass): 201 POST http://10.180.1.21/identity/v3/auth/tokens 0.130s
