2025-11-21 13:49:33.682 66198 INFO tempest.lib.common.rest_client [req-5b7d8a8b-e669-4e05-ad0e-aa457eb4c1ed req-5b7d8a8b-e669-4e05-ad0e-aa457eb4c1ed ] Request (ServersTestBootFromVolume:tearDownClass): 200 GET http://10.180.1.21/compute/v2.1/servers/54ad3472-0cca-4dca-91f2-8c343f706926 0.175s
2025-11-21 13:49:33.690 66204 INFO tempest.lib.common.rest_client [req-f43ec6c1-e06e-4f8b-9e32-6abcd739e938 req-f43ec6c1-e06e-4f8b-9e32-6abcd739e938 ] Request (HostsAdminNegativeTestJSON:test_reboot_host_with_non_admin_user): 403 GET http://10.180.1.21/compute/v2.1/os-hosts/devstack/reboot 0.157s
2025-11-21 13:49:33.736 66166 INFO tempest.lib.common.rest_client [req-8d0a4243-02b7-48a7-a2af-2b52e4f948b8 req-8d0a4243-02b7-48a7-a2af-2b52e4f948b8 ] Request (ListImageFiltersTestJSON:setUpClass): 200 GET http://10.180.1.21/compute/v2.1/images/2ab5928d-b287-4fb9-8e31-7911bdbeafc7 0.179s
2025-11-21 13:49:33.748 66172 INFO tempest.lib.common.rest_client [req-1d21897e-c79e-4f87-8222-ca28f8bb57a5 req-1d21897e-c79e-4f87-8222-ca28f8bb57a5 ] Request (ImagesTestJSON:test_create_server_from_snapshot): 200 GET http://10.180.1.21/compute/v2.1/servers/37471e59-1809-4df3-8c40-20921d04d18e 0.223s
2025-11-21 13:49:33.831 66180 INFO tempest.lib.common.rest_client [req-f34a38d8-3e94-49a9-bf96-387c3cffaea0 req-f34a38d8-3e94-49a9-bf96-387c3cffaea0 ] Request (ServersNegativeTestJSON:setUpClass): 200 GET http://10.180.1.21/compute/v2.1/servers/a35ced42-4317-49b4-b4cc-4ed7e2c85c64 0.197s
2025-11-21 13:49:33.844 66204 INFO tempest.lib.common.rest_client [req-55a3d19e-afd1-48e7-8e33-5e9643594946 req-55a3d19e-afd1-48e7-8e33-5e9643594946 ] Request (HostsAdminNegativeTestJSON:test_reboot_nonexistent_host): 404 GET http://10.180.1.21/compute/v2.1/os-hosts/nonexistent_hostname/reboot 0.153s
2025-11-21 13:49:33.908 66178 INFO tempest.lib.common.rest_client [req-2366a2c1-54ce-4348-b85d-eca8b75635a4 req-2366a2c1-54ce-4348-b85d-eca8b75635a4 ] Request (ServerActionsTestOtherB:test_resize_server_confirm_from_stopped): 200 GET http://10.180.1.21/compute/v2.1/servers/eceafff8-7d28-4b9b-ade6-5736d5977efa 0.248s
2025-11-21 13:49:33.918 66194 INFO tempest.lib.common.rest_client [req-60477a7d-fa53-4ed6-92e8-bc66728fd429 req-60477a7d-fa53-4ed6-92e8-bc66728fd429 ] Request (ServersListShow2100Test:test_list_show_rebuild_update_server_2100): 200 GET http://10.180.1.21/compute/v2.1/servers/93e1ade8-4c57-4db9-9da3-388e3eea91bd 0.200s
2025-11-21 13:49:33.960 66170 INFO tempest.lib.common.rest_client [req-f83bb6fc-1135-4f2e-9e6c-84b7b0636e40 req-f83bb6fc-1135-4f2e-9e6c-84b7b0636e40 ] Request (ServerActionsTestOtherA:test_rebuild_server_with_volume_attached): 200 GET http://10.180.1.21/compute/v2.1/servers/f160e4a5-1e91-495e-800e-116ec435d8e1 0.218s
2025-11-21 13:49:33.966 66204 INFO tempest.lib.common.rest_client [req-8ad1e031-762d-4bdd-bb79-c75ea309294b req-8ad1e031-762d-4bdd-bb79-c75ea309294b ] Request (HostsAdminNegativeTestJSON:test_show_host_detail_with_non_admin_user): 403 GET http://10.180.1.21/compute/v2.1/os-hosts/devstack 0.120s
2025-11-21 13:49:33.986 66182 INFO tempest.lib.common.rest_client [req-2188c7de-3b96-4b57-8c94-12a8f3c5964c req-2188c7de-3b96-4b57-8c94-12a8f3c5964c ] Request (ServerShowV254Test:tearDownClass): 200 GET http://10.180.1.21/compute/v2.1/servers/cef78616-dcbd-4ccd-ab65-c9d52d8b8b2e 0.195s
2025-11-21 13:49:34.076 66144 INFO tempest.lib.common.rest_client [req-5081431a-f6fa-417a-a789-3ba3187e6ea1 req-5081431a-f6fa-417a-a789-3ba3187e6ea1 ] Request (ServerDiskConfigTestJSON:test_resize_server_from_auto_to_manual): 200 GET http://10.180.1.21/compute/v2.1/servers/f75000e6-f3bf-4951-a541-3aa185339054 0.217s
2025-11-21 13:49:34.088 66174 INFO tempest.lib.common.rest_client [req-09b783cc-a987-4d24-8247-fbadc7ae0213 req-09b783cc-a987-4d24-8247-fbadc7ae0213 ] Request (DeleteServersTestJSON:test_delete_active_server): 200 GET http://10.180.1.21/compute/v2.1/servers/caceb296-5da2-4b4d-b955-5d7a238ff939 0.166s
2025-11-21 13:49:34.089 66204 INFO tempest.lib.common.rest_client [req-2d721b4f-c557-4bf1-86cf-1419f0576916 req-2d721b4f-c557-4bf1-86cf-1419f0576916 ] Request (HostsAdminNegativeTestJSON:test_show_host_detail_with_nonexistent_hostname): 404 GET http://10.180.1.21/compute/v2.1/os-hosts/nonexistent_hostname 0.121s
2025-11-21 13:49:34.099 66204 INFO tempest.lib.common.rest_client [req-59cbd1f9-15e8-4876-a178-dc697fb68b6f req-59cbd1f9-15e8-4876-a178-dc697fb68b6f ] Request (HostsAdminNegativeTestJSON:test_shutdown_host_with_non_admin_user): 403 GET http://10.180.1.21/compute/v2.1/os-hosts/devstack/shutdown 0.009s
2025-11-21 13:49:34.115 66204 INFO tempest.lib.common.rest_client [req-b65084a9-ba73-4bf5-93cb-36de45e258c1 req-b65084a9-ba73-4bf5-93cb-36de45e258c1 ] Request (HostsAdminNegativeTestJSON:test_shutdown_nonexistent_host): 404 GET http://10.180.1.21/compute/v2.1/os-hosts/nonexistent_hostname/shutdown 0.015s
2025-11-21 13:49:34.125 66204 INFO tempest.lib.common.rest_client [req-97e09dd2-d8af-4ab5-84fb-9d360573f588 req-97e09dd2-d8af-4ab5-84fb-9d360573f588 ] Request (HostsAdminNegativeTestJSON:test_startup_host_with_non_admin_user): 403 GET http://10.180.1.21/compute/v2.1/os-hosts/devstack/startup 0.008s
2025-11-21 13:49:34.140 66204 INFO tempest.lib.common.rest_client [req-72b01b15-f9c1-4a32-92bc-6ad280558299 req-72b01b15-f9c1-4a32-92bc-6ad280558299 ] Request (HostsAdminNegativeTestJSON:test_startup_nonexistent_host): 404 GET http://10.180.1.21/compute/v2.1/os-hosts/nonexistent_hostname/startup 0.013s
2025-11-21 13:49:34.147 66176 INFO tempest.lib.common.rest_client [req-4748ee8d-4769-450d-a87a-e30d2125bb36 req-4748ee8d-4769-450d-a87a-e30d2125bb36 ] Request (ServersWithSpecificFlavorTestJSON:test_verify_created_server_ephemeral_disk): 200 GET http://10.180.1.21/compute/v2.1/servers/bbf6a242-9873-44b9-8938-2f8df11a1018 0.112s
2025-11-21 13:49:34.150 66204 INFO tempest.lib.common.rest_client [req-5d703642-6057-431b-86d5-7941713be025 req-5d703642-6057-431b-86d5-7941713be025 ] Request (HostsAdminNegativeTestJSON:test_update_host_with_invalid_maintenance_mode): 400 PUT http://10.180.1.21/compute/v2.1/os-hosts/devstack 0.008s
2025-11-21 13:49:34.158 66204 INFO tempest.lib.common.rest_client [req-20842542-d241-4561-af15-fca89d685a8a req-20842542-d241-4561-af15-fca89d685a8a ] Request (HostsAdminNegativeTestJSON:test_update_host_with_invalid_status): 400 PUT http://10.180.1.21/compute/v2.1/os-hosts/devstack 0.006s
2025-11-21 13:49:34.167 66204 INFO tempest.lib.common.rest_client [req-42737378-8f12-4487-8253-3e1af7f57fe6 req-42737378-8f12-4487-8253-3e1af7f57fe6 ] Request (HostsAdminNegativeTestJSON:test_update_host_with_non_admin_user): 403 PUT http://10.180.1.21/compute/v2.1/os-hosts/devstack 0.008s
2025-11-21 13:49:34.176 66204 INFO tempest.lib.common.rest_client [req-1f38d7a6-8906-47d3-8246-7cd0f0c933ea req-1f38d7a6-8906-47d3-8246-7cd0f0c933ea ] Request (HostsAdminNegativeTestJSON:test_update_host_without_param): 400 PUT http://10.180.1.21/compute/v2.1/os-hosts/devstack 0.007s
2025-11-21 13:49:34.189 66204 INFO tempest.lib.common.rest_client [req-ebc2d0db-ff8d-4aea-99e9-e848f976a1f7 req-ebc2d0db-ff8d-4aea-99e9-e848f976a1f7 ] Request (HostsAdminNegativeTestJSON:test_update_nonexistent_host): 404 PUT http://10.180.1.21/compute/v2.1/os-hosts/nonexistent_hostname 0.012s
2025-11-21 13:49:34.337 66204 INFO tempest.lib.common.rest_client [req-27e20e0a-9e06-4eaf-b5a3-4395e2b006fc req-27e20e0a-9e06-4eaf-b5a3-4395e2b006fc ] Request (HostsAdminNegativeTestJSON:tearDownClass): 204 DELETE http://10.180.1.21/identity/v3/users/bde45d1d5221410c9cd1431f1395488a 0.146s
2025-11-21 13:49:34.373 66160 INFO tempest.lib.common.rest_client [req-f6da5ae0-95fa-47a9-8d2a-fe72675a7fc1 req-f6da5ae0-95fa-47a9-8d2a-fe72675a7fc1 ] Request (FloatingIPsAssociationTestJSON:tearDownClass): 200 GET http://10.180.1.21/compute/v2.1/servers/12a0d54d-187c-49b7-ba13-b6c1ddf4e9b1 0.087s
2025-11-21 13:49:34.387 66168 INFO tempest.lib.common.rest_client [req-8f7622d9-7e32-41cf-bc3e-362966f77df2 req-8f7622d9-7e32-41cf-bc3e-362966f77df2 ] Request (MigrationsAdminTest:test_resize_server_revert_deleted_flavor): 200 GET http://10.180.1.21/compute/v2.1/servers/f4a490a2-f2b1-4eac-8c1a-a18758583c70 0.154s
2025-11-21 13:49:34.433 66204 INFO tempest.lib.common.rest_client [req-700706d1-0346-4bc0-b280-1ed1c74dd80e req-700706d1-0346-4bc0-b280-1ed1c74dd80e ] Request (HostsAdminNegativeTestJSON:tearDownClass): 204 DELETE http://10.180.1.21/identity/v3/users/043840c5275a408890f4d1b0fa6c69f4 0.095s
2025-11-21 13:49:34.433 66204 INFO tempest.lib.common.dynamic_creds [-] Deleting project and security group for project: cca29f46a8a64ad1ad7e14602a94ac8d
2025-11-21 13:49:34.441 66154 INFO tempest.lib.common.rest_client [req-8a6791c8-950e-42b1-8d1b-ad90f397bece req-8a6791c8-950e-42b1-8d1b-ad90f397bece ] Request (ServersAdminNegativeTestJSON:tearDownClass): 200 GET http://10.180.1.21/compute/v2.1/servers/5c7a1693-62f2-454e-9406-0b4a132ebf25 0.139s
2025-11-21 13:49:34.519 66204 INFO tempest.lib.common.rest_client [req-563bc6fc-bf1d-42da-b4ba-4c5d794f6673 req-563bc6fc-bf1d-42da-b4ba-4c5d794f6673 ] Request (HostsAdminNegativeTestJSON:tearDownClass): 201 POST http://10.180.1.21/identity/v3/auth/tokens 0.085s
2025-11-21 13:49:34.553 66150 INFO tempest.lib.common.rest_client [req-ea716cff-0ab4-490d-bdba-b177684a2411 req-ea716cff-0ab4-490d-bdba-b177684a2411 ] Request (ServersAdmin275Test:_run_cleanups): 200 GET http://10.180.1.21/compute/v2.1/servers/a813d102-1b77-4214-8eab-2cd66e002912 0.060s
2025-11-21 13:49:34.562 66150 INFO tempest.common.waiters [-] State transition "REBUILD/rebuilding" ==> "REBUILD/rebuild_block_device_mapping" after 2 second wait
2025-11-21 13:49:34.627 66206 INFO tempest.lib.common.rest_client [req-d8e81c53-581a-470a-8346-809f210c824a req-d8e81c53-581a-470a-8346-809f210c824a ] Request (VolumesTestJSON:setUpClass): 200 GET http://10.180.1.21/volume/v3/volumes/a9a364a8-a337-4a14-86ca-14f9504c4e36 0.042s
2025-11-21 13:49:34.637 66206 INFO tempest.common.waiters [-] volume a9a364a8-a337-4a14-86ca-14f9504c4e36 reached available after waiting for 1.637001 seconds
2025-11-21 13:49:34.657 66196 INFO tempest.lib.common.rest_client [req-db738dbb-b451-40d5-8296-94793a7daf40 req-db738dbb-b451-40d5-8296-94793a7daf40 ] Request (ServersTestJSON:tearDownClass): 200 GET http://10.180.1.21/compute/v2.1/servers/670f59c3-10b0-431f-a8b0-ef6f82a938be 0.082s
2025-11-21 13:49:34.700 66206 INFO tempest.lib.common.rest_client [req-23056132-46ee-4ab7-849d-32c394784840 req-23056132-46ee-4ab7-849d-32c394784840 ] Request (VolumesTestJSON:setUpClass): 200 GET http://10.180.1.21/compute/v2.1/os-volumes/a9a364a8-a337-4a14-86ca-14f9504c4e36 0.063s
2025-11-21 13:49:34.731 66204 INFO tempest.lib.common.rest_client [req-03eb5586-7589-46fe-95d3-6bcc5174dea7 req-03eb5586-7589-46fe-95d3-6bcc5174dea7 ] Request (HostsAdminNegativeTestJSON:tearDownClass): 200 GET http://10.180.1.21/networking/v2.0/security-groups?tenant_id=cca29f46a8a64ad1ad7e14602a94ac8d&name=default 0.212s
2025-11-21 13:49:34.765 66186 INFO tempest.lib.common.rest_client [req-34e206fb-d539-467a-b05c-c2c5ad66a0e5 req-34e206fb-d539-467a-b05c-c2c5ad66a0e5 ] Request (ServerRescueNegativeTestJSON:test_rescued_vm_detach_volume): 200 GET http://10.180.1.21/compute/v2.1/servers/3a06a833-5aaa-4b5d-88b3-8a1d469580af 0.340s
2025-11-21 13:49:34.786 66152 INFO tempest.lib.common.rest_client [req-1cb21fa8-57ca-4962-b54a-65b8dccb6b54 req-1cb21fa8-57ca-4962-b54a-65b8dccb6b54 ] Request (ServersAdminTestJSON:tearDownClass): 200 GET http://10.180.1.21/compute/v2.1/servers/f3c53f67-85bf-4c18-9313-75eb90862f78 0.119s
2025-11-21 13:49:34.829 66198 INFO tempest.lib.common.rest_client [req-56b1149a-6cfd-493c-97d6-5d039cb93319 req-56b1149a-6cfd-493c-97d6-5d039cb93319 ] Request (ServersTestBootFromVolume:tearDownClass): 200 GET http://10.180.1.21/compute/v2.1/servers/54ad3472-0cca-4dca-91f2-8c343f706926 0.137s
2025-11-21 13:49:34.843 66204 INFO tempest.lib.common.rest_client [req-3dd11e0e-8cb5-4d4c-b4be-82433027ee2a req-3dd11e0e-8cb5-4d4c-b4be-82433027ee2a ] Request (HostsAdminNegativeTestJSON:tearDownClass): 204 DELETE http://10.180.1.21/networking/v2.0/security-groups/a69c1b9d-d70a-47fa-8f47-45a47d051c58 0.111s
2025-11-21 13:49:34.855 66206 INFO tempest.lib.common.rest_client [req-cc7f3589-9360-4ba2-96cb-115982934cd1 req-cc7f3589-9360-4ba2-96cb-115982934cd1 ] Request (VolumesTestJSON:test_volume_list): 200 GET http://10.180.1.21/compute/v2.1/os-volumes 0.149s
2025-11-21 13:49:34.877 66166 INFO tempest.lib.common.rest_client [req-ea7ab344-b573-4d09-be38-4ba4ec52a1fb req-ea7ab344-b573-4d09-be38-4ba4ec52a1fb ] Request (ListImageFiltersTestJSON:setUpClass): 200 GET http://10.180.1.21/compute/v2.1/images/2ab5928d-b287-4fb9-8e31-7911bdbeafc7 0.135s
2025-11-21 13:49:34.922 66172 INFO tempest.lib.common.rest_client [req-0ec64bbc-3632-4821-856d-9aec399fec27 req-0ec64bbc-3632-4821-856d-9aec399fec27 ] Request (ImagesTestJSON:test_create_server_from_snapshot): 200 GET http://10.180.1.21/compute/v2.1/servers/37471e59-1809-4df3-8c40-20921d04d18e 0.165s
2025-11-21 13:49:34.939 66180 INFO tempest.lib.common.rest_client [req-e78b12a2-f24a-47a1-a9d7-c1ecbb25c04d req-e78b12a2-f24a-47a1-a9d7-c1ecbb25c04d ] Request (ServersNegativeTestJSON:setUpClass): 200 GET http://10.180.1.21/compute/v2.1/servers/a35ced42-4317-49b4-b4cc-4ed7e2c85c64 0.090s
2025-11-21 13:49:34.958 66204 INFO tempest.lib.common.rest_client [req-92546718-e271-4228-ab90-6565b7e58f80 req-92546718-e271-4228-ab90-6565b7e58f80 ] Request (HostsAdminNegativeTestJSON:tearDownClass): 204 DELETE http://10.180.1.21/identity/v3/projects/cca29f46a8a64ad1ad7e14602a94ac8d 0.114s
2025-11-21 13:49:34.958 66204 INFO tempest.lib.common.dynamic_creds [-] Deleting project and security group for project: c84b53f37a064394b70a585262c0d0e3
2025-11-21 13:49:34.983 66206 INFO tempest.lib.common.rest_client [req-92397b8c-7378-44bc-ba47-08b33fdb77b5 req-92397b8c-7378-44bc-ba47-08b33fdb77b5 ] Request (VolumesTestJSON:test_volume_list_param_limit): 200 GET http://10.180.1.21/compute/v2.1/os-volumes?limit=2 0.124s
2025-11-21 13:49:35.062 66204 INFO tempest.lib.common.rest_client [req-c49e3642-a0ea-4430-82e5-719d778dd85e req-c49e3642-a0ea-4430-82e5-719d778dd85e ] Request (HostsAdminNegativeTestJSON:tearDownClass): 200 GET http://10.180.1.21/networking/v2.0/security-groups?tenant_id=c84b53f37a064394b70a585262c0d0e3&name=default 0.104s
2025-11-21 13:49:35.100 66194 INFO tempest.lib.common.rest_client [req-c46d0cce-7cad-4448-841d-a8108bb8eb89 req-c46d0cce-7cad-4448-841d-a8108bb8eb89 ] Request (ServersListShow2100Test:test_list_show_rebuild_update_server_2100): 200 GET http://10.180.1.21/compute/v2.1/servers/93e1ade8-4c57-4db9-9da3-388e3eea91bd 0.166s
2025-11-21 13:49:35.117 66178 INFO tempest.lib.common.rest_client [req-3b944859-f025-4235-9932-6e2238e7caf4 req-3b944859-f025-4235-9932-6e2238e7caf4 ] Request (ServerActionsTestOtherB:test_resize_server_confirm_from_stopped): 200 GET http://10.180.1.21/compute/v2.1/servers/eceafff8-7d28-4b9b-ade6-5736d5977efa 0.198s
2025-11-21 13:49:35.118 66194 INFO tempest.common.waiters [-] State transition "BUILD/None" ==> "BUILD/networking" after 62 second wait
2025-11-21 13:49:35.155 66206 INFO tempest.lib.common.rest_client [req-99beb6df-e3c7-4d48-9d3d-238dab1f2b19 req-99beb6df-e3c7-4d48-9d3d-238dab1f2b19 ] Request (VolumesTestJSON:test_volume_list_param_offset_and_limit): 200 GET http://10.180.1.21/compute/v2.1/os-volumes 0.167s
2025-11-21 13:49:35.174 66204 INFO tempest.lib.common.rest_client [req-50de5c23-8c5f-4540-831a-cff795916e3f req-50de5c23-8c5f-4540-831a-cff795916e3f ] Request (HostsAdminNegativeTestJSON:tearDownClass): 204 DELETE http://10.180.1.21/networking/v2.0/security-groups/aad8560c-499d-47ae-801f-ea06a5c65a16 0.111s
2025-11-21 13:49:35.207 66170 INFO tempest.lib.common.rest_client [req-9749ea1b-1a0a-4e30-bae2-14f3dcca5e87 req-9749ea1b-1a0a-4e30-bae2-14f3dcca5e87 ] Request (ServerActionsTestOtherA:test_rebuild_server_with_volume_attached): 200 GET http://10.180.1.21/compute/v2.1/servers/f160e4a5-1e91-495e-800e-116ec435d8e1 0.237s
2025-11-21 13:49:35.234 66182 INFO tempest.lib.common.rest_client [req-40fe9702-13d3-4e8c-89db-9a8496a4cfe9 req-40fe9702-13d3-4e8c-89db-9a8496a4cfe9 ] Request (ServerShowV254Test:tearDownClass): 200 GET http://10.180.1.21/compute/v2.1/servers/cef78616-dcbd-4ccd-ab65-c9d52d8b8b2e 0.235s
2025-11-21 13:49:35.286 66204 INFO tempest.lib.common.rest_client [req-24430d0a-2f84-4a96-b607-2a45306af5e2 req-24430d0a-2f84-4a96-b607-2a45306af5e2 ] Request (HostsAdminNegativeTestJSON:tearDownClass): 204 DELETE http://10.180.1.21/identity/v3/projects/c84b53f37a064394b70a585262c0d0e3 0.112s
2025-11-21 13:49:35.332 66144 INFO tempest.lib.common.rest_client [req-8085131c-76fa-4f2c-8d1a-8097810ea39b req-8085131c-76fa-4f2c-8d1a-8097810ea39b ] Request (ServerDiskConfigTestJSON:test_resize_server_from_auto_to_manual): 200 GET http://10.180.1.21/compute/v2.1/servers/f75000e6-f3bf-4951-a541-3aa185339054 0.247s
2025-11-21 13:49:35.365 66204 INFO tempest.lib.common.rest_client [req-4ebff620-97b0-4fb1-a2b6-e40cad088ac3 req-4ebff620-97b0-4fb1-a2b6-e40cad088ac3 ] Request (ServicesAdminNegativeV253TestJSON:setUpClass): 201 POST http://10.180.1.21/identity/v3/auth/tokens 0.077s
2025-11-21 13:49:35.375 66174 INFO tempest.lib.common.rest_client [req-a7947fd5-7955-4dd7-acce-84aac0821147 req-a7947fd5-7955-4dd7-acce-84aac0821147 ] Request (DeleteServersTestJSON:test_delete_active_server): 200 GET http://10.180.1.21/compute/v2.1/servers/caceb296-5da2-4b4d-b955-5d7a238ff939 0.278s
2025-11-21 13:49:35.414 66204 INFO tempest.lib.common.rest_client [req-cd70eec7-4fcf-44d3-a3e0-3f557df8ba2c req-cd70eec7-4fcf-44d3-a3e0-3f557df8ba2c ] Request (ServicesAdminNegativeV253TestJSON:setUpClass): 201 POST http://10.180.1.21/identity/v3/auth/tokens 0.047s
2025-11-21 13:49:35.415 66176 INFO tempest.lib.common.rest_client [req-f220c73e-468f-4d23-8f16-c5080cf76dc9 req-f220c73e-468f-4d23-8f16-c5080cf76dc9 ] Request (ServersWithSpecificFlavorTestJSON:test_verify_created_server_ephemeral_disk): 200 GET http://10.180.1.21/compute/v2.1/servers/bbf6a242-9873-44b9-8938-2f8df11a1018 0.258s
2025-11-21 13:49:35.421 66206 INFO tempest.lib.common.rest_client [req-d224fe56-c529-4825-a3ab-40b78098536d req-d224fe56-c529-4825-a3ab-40b78098536d ] Request (VolumesTestJSON:test_volume_list_param_offset_and_limit): 200 GET http://10.180.1.21/compute/v2.1/os-volumes?offset=1&limit=1 0.263s
2025-11-21 13:49:35.456 66204 INFO tempest.lib.common.rest_client [req-88b94c02-8731-4662-b3d6-339ca3fc1f9b req-88b94c02-8731-4662-b3d6-339ca3fc1f9b ] Request (ServicesAdminNegativeV253TestJSON:setUpClass): 200 GET http://10.180.1.21/identity/v3/domains?name=Default 0.041s
2025-11-21 13:49:35.494 66204 INFO tempest.lib.common.rest_client [req-6e7defcd-7b3b-445e-8356-bee926932e0c req-6e7defcd-7b3b-445e-8356-bee926932e0c ] Request (ServicesAdminNegativeV253TestJSON:setUpClass): 201 POST http://10.180.1.21/identity/v3/projects 0.037s
2025-11-21 13:49:35.506 66160 INFO tempest.lib.common.rest_client [req-fb3ec9fe-eb10-44d0-8a0b-72e22f616735 req-fb3ec9fe-eb10-44d0-8a0b-72e22f616735 ] Request (FloatingIPsAssociationTestJSON:tearDownClass): 200 GET http://10.180.1.21/compute/v2.1/servers/12a0d54d-187c-49b7-ba13-b6c1ddf4e9b1 0.124s
2025-11-21 13:49:35.538 66206 INFO tempest.lib.common.rest_client [req-9153d04e-dfa6-42c2-b273-05c3b993bb45 req-9153d04e-dfa6-42c2-b273-05c3b993bb45 ] Request (VolumesTestJSON:test_volume_list_with_detail_param_limit): 200 GET http://10.180.1.21/compute/v2.1/os-volumes/detail?limit=2 0.113s
2025-11-21 13:49:35.551 66168 INFO tempest.lib.common.rest_client [req-2f9eb86c-759b-475f-a734-8cd25e0bf98a req-2f9eb86c-759b-475f-a734-8cd25e0bf98a ] Request (MigrationsAdminTest:test_resize_server_revert_deleted_flavor): 200 GET http://10.180.1.21/compute/v2.1/servers/f4a490a2-f2b1-4eac-8c1a-a18758583c70 0.153s
2025-11-21 13:49:35.560 66168 INFO tempest.common.waiters [-] State transition "RESIZE/resize_finish" ==> "VERIFY_RESIZE/None" after 56 second wait
2025-11-21 13:49:35.574 66204 INFO tempest.lib.common.rest_client [req-08644519-3086-4e40-b587-7d30000b58e2 req-08644519-3086-4e40-b587-7d30000b58e2 ] Request (ServicesAdminNegativeV253TestJSON:setUpClass): 201 POST http://10.180.1.21/identity/v3/users 0.079s
2025-11-21 13:49:35.594 66206 INFO tempest.lib.common.rest_client [req-bac346b6-87c8-41bc-997b-fcbf5d58ae86 req-bac346b6-87c8-41bc-997b-fcbf5d58ae86 ] Request (VolumesTestJSON:test_volume_list_with_detail_param_offset_and_limit): 200 GET http://10.180.1.21/compute/v2.1/os-volumes/detail 0.052s
2025-11-21 13:49:35.607 66204 INFO tempest.lib.common.rest_client [req-57f2907c-fb43-4801-9d96-be428b9f455e req-57f2907c-fb43-4801-9d96-be428b9f455e ] Request (ServicesAdminNegativeV253TestJSON:setUpClass): 200 GET http://10.180.1.21/identity/v3/roles 0.030s
2025-11-21 13:49:35.610 66154 INFO tempest.lib.common.rest_client [req-4549fd27-00de-4593-8a0e-e258e4e0ea0e req-4549fd27-00de-4593-8a0e-e258e4e0ea0e ] Request (ServersAdminNegativeTestJSON:tearDownClass): 200 GET http://10.180.1.21/compute/v2.1/servers/5c7a1693-62f2-454e-9406-0b4a132ebf25 0.162s
2025-11-21 13:49:35.635 66204 INFO tempest.lib.common.rest_client [req-d2e7536c-869e-4fc9-9872-5b0c064b7cee req-d2e7536c-869e-4fc9-9872-5b0c064b7cee ] Request (ServicesAdminNegativeV253TestJSON:setUpClass): 204 PUT http://10.180.1.21/identity/v3/projects/b1b80ab6a09f4d59a6297c5b7df8fa1d/users/57ebc4cdd3144dd4ac4d5eb039503b6c/roles/8ef979910d5c414abdd4d092c9cdffef 0.027s
2025-11-21 13:49:35.635 66204 INFO tempest.lib.common.dynamic_creds [-] Dynamic test user 57ebc4cdd3144dd4ac4d5eb039503b6c is created with scope project and roles: ['member']
2025-11-21 13:49:35.636 66204 INFO tempest.lib.common.dynamic_creds [-] Acquired dynamic creds: credentials: Credentials: {'domain_id': 'default', 'domain_name': 'Default', 'username': 'tempest-ServicesAdminNegativeV253TestJSON-108758219-project-member', 'project_domain_id': 'default', 'project_domain_name': 'Default', 'project_id': 'b1b80ab6a09f4d59a6297c5b7df8fa1d', 'project_name': 'tempest-ServicesAdminNegativeV253TestJSON-108758219', 'tenant_id': 'b1b80ab6a09f4d59a6297c5b7df8fa1d', 'tenant_name': 'tempest-ServicesAdminNegativeV253TestJSON-108758219', 'user_domain_id': 'default', 'user_domain_name': 'Default', 'user_id': '57ebc4cdd3144dd4ac4d5eb039503b6c', 'system': None}, Network: None, Subnet: None, Router: None
2025-11-21 13:49:35.636 66204 INFO tempest.lib.common.dynamic_creds [-] Created isolated network resources for: credentials: Credentials: {'domain_id': 'default', 'domain_name': 'Default', 'username': 'tempest-ServicesAdminNegativeV253TestJSON-108758219-project-member', 'project_domain_id': 'default', 'project_domain_name': 'Default', 'project_id': 'b1b80ab6a09f4d59a6297c5b7df8fa1d', 'project_name': 'tempest-ServicesAdminNegativeV253TestJSON-108758219', 'tenant_id': 'b1b80ab6a09f4d59a6297c5b7df8fa1d', 'tenant_name': 'tempest-ServicesAdminNegativeV253TestJSON-108758219', 'user_domain_id': 'default', 'user_domain_name': 'Default', 'user_id': '57ebc4cdd3144dd4ac4d5eb039503b6c', 'system': None}, Network: None, Subnet: None, Router: None
2025-11-21 13:49:35.675 66150 INFO tempest.lib.common.rest_client [req-e56f53c2-77b4-48e8-8cad-78a51a0e3687 req-e56f53c2-77b4-48e8-8cad-78a51a0e3687 ] Request (ServersAdmin275Test:_run_cleanups): 200 GET http://10.180.1.21/compute/v2.1/servers/a813d102-1b77-4214-8eab-2cd66e002912 0.111s
2025-11-21 13:49:35.690 66150 INFO tempest.common.waiters [-] State transition "REBUILD/rebuild_block_device_mapping" ==> "REBUILD/rebuild_spawning" after 3 second wait
2025-11-21 13:49:35.720 66206 INFO tempest.lib.common.rest_client [req-01aa8a2c-c9f1-41bc-9418-11d1a52e69ea req-01aa8a2c-c9f1-41bc-9418-11d1a52e69ea ] Request (VolumesTestJSON:test_volume_list_with_detail_param_offset_and_limit): 200 GET http://10.180.1.21/compute/v2.1/os-volumes/detail?offset=1&limit=1 0.123s
2025-11-21 13:49:35.735 66168 INFO tempest.lib.common.rest_client [req-10a097a8-a181-4581-9117-dda0d778f822 req-10a097a8-a181-4581-9117-dda0d778f822 ] Request (MigrationsAdminTest:test_resize_server_revert_deleted_flavor): 202 POST http://10.180.1.21/compute/v2.1/servers/f4a490a2-f2b1-4eac-8c1a-a18758583c70/action 0.174s
2025-11-21 13:49:35.743 66204 INFO tempest.lib.common.rest_client [req-398a4e47-a780-4d5d-bab2-16d43f968273 req-398a4e47-a780-4d5d-bab2-16d43f968273 ] Request (ServicesAdminNegativeV253TestJSON:setUpClass): 201 POST http://10.180.1.21/identity/v3/auth/tokens 0.104s
2025-11-21 13:49:35.778 66206 INFO tempest.lib.common.rest_client [req-f75daee3-8448-4dde-9505-8fe77ba7412d req-f75daee3-8448-4dde-9505-8fe77ba7412d ] Request (VolumesTestJSON:test_volume_list_with_details): 200 GET http://10.180.1.21/compute/v2.1/os-volumes/detail 0.053s
2025-11-21 13:49:35.815 66196 INFO tempest.lib.common.rest_client [req-1246ecc6-d4a0-4406-8eff-f885efbf7315 req-1246ecc6-d4a0-4406-8eff-f885efbf7315 ] Request (ServersTestJSON:tearDownClass): 200 GET http://10.180.1.21/compute/v2.1/servers/670f59c3-10b0-431f-a8b0-ef6f82a938be 0.148s
2025-11-21 13:49:35.830 66204 INFO tempest.lib.common.rest_client [req-d1da9bb8-8355-40bd-8be2-a3516d6e8ba2 req-d1da9bb8-8355-40bd-8be2-a3516d6e8ba2 ] Request (ServicesAdminNegativeV253TestJSON:setUpClass): 201 POST http://10.180.1.21/identity/v3/projects 0.086s
2025-11-21 13:49:35.839 66206 INFO tempest.lib.common.rest_client [req-5731fe09-0ff9-4fa1-ae88-ead8e58b44f5 req-5731fe09-0ff9-4fa1-ae88-ead8e58b44f5 ] Request (VolumesTestJSON:tearDownClass): 202 DELETE http://10.180.1.21/volume/v3/volumes/a9a364a8-a337-4a14-86ca-14f9504c4e36 0.051s
2025-11-21 13:49:35.881 66206 INFO tempest.lib.common.rest_client [req-db5f3100-0a95-43d5-aaf8-faf61a0d6f8e req-db5f3100-0a95-43d5-aaf8-faf61a0d6f8e ] Request (VolumesTestJSON:tearDownClass): 200 GET http://10.180.1.21/volume/v3/volumes/a9a364a8-a337-4a14-86ca-14f9504c4e36 0.042s
2025-11-21 13:49:35.910 66186 INFO tempest.lib.common.rest_client [req-32821f2b-27fe-4e4c-9835-17db7d0303c8 req-32821f2b-27fe-4e4c-9835-17db7d0303c8 ] Request (ServerRescueNegativeTestJSON:test_rescued_vm_detach_volume): 200 GET http://10.180.1.21/compute/v2.1/servers/3a06a833-5aaa-4b5d-88b3-8a1d469580af 0.136s
2025-11-21 13:49:35.933 66204 INFO tempest.lib.common.rest_client [req-8f77cef9-51e2-4f0b-a487-c47d98fc9785 req-8f77cef9-51e2-4f0b-a487-c47d98fc9785 ] Request (ServicesAdminNegativeV253TestJSON:setUpClass): 201 POST http://10.180.1.21/identity/v3/users 0.103s
2025-11-21 13:49:35.936 66168 INFO tempest.lib.common.rest_client [req-c0ca4fd2-6618-4fce-ad71-70ded62f4a89 req-c0ca4fd2-6618-4fce-ad71-70ded62f4a89 ] Request (MigrationsAdminTest:test_resize_server_revert_deleted_flavor): 200 GET http://10.180.1.21/compute/v2.1/servers/f4a490a2-f2b1-4eac-8c1a-a18758583c70 0.200s
2025-11-21 13:49:35.967 66204 INFO tempest.lib.common.rest_client [req-2f94c39d-3db7-41cb-b003-bcb0228f8282 req-2f94c39d-3db7-41cb-b003-bcb0228f8282 ] Request (ServicesAdminNegativeV253TestJSON:setUpClass): 200 GET http://10.180.1.21/identity/v3/roles 0.034s
2025-11-21 13:49:36.008 66204 INFO tempest.lib.common.rest_client [req-255a74ea-c1c3-488d-9c21-583e9d5e1361 req-255a74ea-c1c3-488d-9c21-583e9d5e1361 ] Request (ServicesAdminNegativeV253TestJSON:setUpClass): 204 PUT http://10.180.1.21/identity/v3/projects/23b6f07f44ef423da7a73735f8dc73de/users/93fe04fe9d174226a461339fe35c0b6e/roles/5c824aadf48b48f99de38842317599f7 0.040s
2025-11-21 13:49:36.044 66152 INFO tempest.lib.common.rest_client [req-d5b4c7fd-3906-47b0-997e-edb8a096fc5a req-d5b4c7fd-3906-47b0-997e-edb8a096fc5a ] Request (ServersAdminTestJSON:tearDownClass): 200 GET http://10.180.1.21/compute/v2.1/servers/f3c53f67-85bf-4c18-9313-75eb90862f78 0.250s
2025-11-21 13:49:36.044 66198 INFO tempest.lib.common.rest_client [req-f28637e5-dd5b-487f-9905-c8f72650e3ae req-f28637e5-dd5b-487f-9905-c8f72650e3ae ] Request (ServersTestBootFromVolume:tearDownClass): 200 GET http://10.180.1.21/compute/v2.1/servers/54ad3472-0cca-4dca-91f2-8c343f706926 0.203s
2025-11-21 13:49:36.067 66204 INFO tempest.lib.common.rest_client [req-52f6825d-52ec-479d-9922-992cc7f115b8 req-52f6825d-52ec-479d-9922-992cc7f115b8 ] Request (ServicesAdminNegativeV253TestJSON:setUpClass): 200 GET http://10.180.1.21/identity/v3/roles 0.059s
2025-11-21 13:49:36.087 66166 INFO tempest.lib.common.rest_client [req-678eaad0-d2d5-4add-9f12-e26c49b51388 req-678eaad0-d2d5-4add-9f12-e26c49b51388 ] Request (ListImageFiltersTestJSON:setUpClass): 200 GET http://10.180.1.21/compute/v2.1/images/2ab5928d-b287-4fb9-8e31-7911bdbeafc7 0.202s
2025-11-21 13:49:36.091 66204 INFO tempest.lib.common.rest_client [req-a4ccccbf-e8ca-4810-8568-a9a1361e6ff4 req-a4ccccbf-e8ca-4810-8568-a9a1361e6ff4 ] Request (ServicesAdminNegativeV253TestJSON:setUpClass): 204 PUT http://10.180.1.21/identity/v3/projects/23b6f07f44ef423da7a73735f8dc73de/users/93fe04fe9d174226a461339fe35c0b6e/roles/5c824aadf48b48f99de38842317599f7 0.024s
2025-11-21 13:49:36.092 66204 INFO tempest.lib.common.dynamic_creds [-] Dynamic test user 93fe04fe9d174226a461339fe35c0b6e is created with scope project and roles: ['admin']
2025-11-21 13:49:36.092 66204 INFO tempest.lib.common.dynamic_creds [-] Acquired dynamic creds: credentials: Credentials: {'domain_id': 'default', 'domain_name': 'Default', 'username': 'tempest-ServicesAdminNegativeV253TestJSON-4865239-project-admin', 'project_domain_id': 'default', 'project_domain_name': 'Default', 'project_id': '23b6f07f44ef423da7a73735f8dc73de', 'project_name': 'tempest-ServicesAdminNegativeV253TestJSON-4865239', 'tenant_id': '23b6f07f44ef423da7a73735f8dc73de', 'tenant_name': 'tempest-ServicesAdminNegativeV253TestJSON-4865239', 'user_domain_id': 'default', 'user_domain_name': 'Default', 'user_id': '93fe04fe9d174226a461339fe35c0b6e', 'system': None}, Network: None, Subnet: None, Router: None
2025-11-21 13:49:36.092 66204 INFO tempest.lib.common.dynamic_creds [-] Created isolated network resources for: credentials: Credentials: {'domain_id': 'default', 'domain_name': 'Default', 'username': 'tempest-ServicesAdminNegativeV253TestJSON-4865239-project-admin', 'project_domain_id': 'default', 'project_domain_name': 'Default', 'project_id': '23b6f07f44ef423da7a73735f8dc73de', 'project_name': 'tempest-ServicesAdminNegativeV253TestJSON-4865239', 'tenant_id': '23b6f07f44ef423da7a73735f8dc73de', 'tenant_name': 'tempest-ServicesAdminNegativeV253TestJSON-4865239', 'user_domain_id': 'default', 'user_domain_name': 'Default', 'user_id': '93fe04fe9d174226a461339fe35c0b6e', 'system': None}, Network: None, Subnet: None, Router: None
2025-11-21 13:49:36.107 66172 INFO tempest.lib.common.rest_client [req-854d821c-5b75-4afd-97b2-ea69b7d32f6e req-854d821c-5b75-4afd-97b2-ea69b7d32f6e ] Request (ImagesTestJSON:test_create_server_from_snapshot): 200 GET http://10.180.1.21/compute/v2.1/servers/37471e59-1809-4df3-8c40-20921d04d18e 0.175s
2025-11-21 13:49:36.147 66180 INFO tempest.lib.common.rest_client [req-fa49fdaa-973e-49fa-870f-d8621838fd8b req-fa49fdaa-973e-49fa-870f-d8621838fd8b ] Request (ServersNegativeTestJSON:setUpClass): 200 GET http://10.180.1.21/compute/v2.1/servers/a35ced42-4317-49b4-b4cc-4ed7e2c85c64 0.194s
2025-11-21 13:49:36.174 66204 INFO tempest.lib.common.rest_client [req-74d7d7e3-c7b2-4703-92ee-f61741a672c2 req-74d7d7e3-c7b2-4703-92ee-f61741a672c2 ] Request (ServicesAdminNegativeV253TestJSON:setUpClass): 201 POST http://10.180.1.21/identity/v3/auth/tokens 0.079s
2025-11-21 13:49:36.191 66194 INFO tempest.lib.common.rest_client [req-a211f9f9-7e32-4262-8e0c-b440342db8ec req-a211f9f9-7e32-4262-8e0c-b440342db8ec ] Request (ServersListShow2100Test:test_list_show_rebuild_update_server_2100): 200 GET http://10.180.1.21/compute/v2.1/servers/93e1ade8-4c57-4db9-9da3-388e3eea91bd 0.071s
2025-11-21 13:49:36.205 66194 INFO tempest.common.waiters [-] State transition "BUILD/networking" ==> "BUILD/block_device_mapping" after 63 second wait
2025-11-21 13:49:36.251 66178 INFO tempest.lib.common.rest_client [req-188d9786-4758-4620-a80f-389df0a95a13 req-188d9786-4758-4620-a80f-389df0a95a13 ] Request (ServerActionsTestOtherB:test_resize_server_confirm_from_stopped): 200 GET http://10.180.1.21/compute/v2.1/servers/eceafff8-7d28-4b9b-ade6-5736d5977efa 0.121s
2025-11-21 13:49:36.274 66204 INFO tempest.lib.common.rest_client [req-eb63581f-dc23-4265-b10b-ebfef4ac4178 req-eb63581f-dc23-4265-b10b-ebfef4ac4178 ] Request (ServicesAdminNegativeV253TestJSON:test_disable_log_reason_with_invalid_service_id): 404 PUT http://10.180.1.21/compute/v2.1/os-services/c3ce59d3-426e-45fb-b145-55af14e2d9a3 0.098s
2025-11-21 13:49:36.299 66170 INFO tempest.lib.common.rest_client [req-5e527b65-4ed0-4a15-95f7-38e7f7aa1654 req-5e527b65-4ed0-4a15-95f7-38e7f7aa1654 ] Request (ServerActionsTestOtherA:test_rebuild_server_with_volume_attached): 200 GET http://10.180.1.21/compute/v2.1/servers/f160e4a5-1e91-495e-800e-116ec435d8e1 0.079s
2025-11-21 13:49:36.313 66204 INFO tempest.lib.common.rest_client [req-ee7ac597-ec5d-4f60-8a97-4c977495bd59 req-ee7ac597-ec5d-4f60-8a97-4c977495bd59 ] Request (ServicesAdminNegativeV253TestJSON:test_disable_service_with_invalid_service_id): 404 PUT http://10.180.1.21/compute/v2.1/os-services/c3ce59d3-426e-45fb-b145-55af14e2d9a3 0.037s
2025-11-21 13:49:36.329 66204 INFO tempest.lib.common.rest_client [req-9c9b6eee-969a-4b13-84c1-0ceea3a68bb7 req-9c9b6eee-969a-4b13-84c1-0ceea3a68bb7 ] Request (ServicesAdminNegativeV253TestJSON:test_enable_service_with_invalid_service_id): 404 PUT http://10.180.1.21/compute/v2.1/os-services/c3ce59d3-426e-45fb-b145-55af14e2d9a3 0.015s
2025-11-21 13:49:36.330 66182 INFO tempest.lib.common.rest_client [req-1d196419-7875-4746-b90d-0588dee8f187 req-1d196419-7875-4746-b90d-0588dee8f187 ] Request (ServerShowV254Test:tearDownClass): 200 GET http://10.180.1.21/compute/v2.1/servers/cef78616-dcbd-4ccd-ab65-c9d52d8b8b2e 0.086s
2025-11-21 13:49:36.351 66204 INFO tempest.lib.common.rest_client [req-0a06a543-20a0-40c2-bab4-8e5ec78c7b87 req-0a06a543-20a0-40c2-bab4-8e5ec78c7b87 ] Request (ServicesAdminNegativeV253TestJSON:test_get_service_by_invalid_params): 200 GET http://10.180.1.21/compute/v2.1/os-services 0.021s
2025-11-21 13:49:36.373 66204 INFO tempest.lib.common.rest_client [req-d1cd39e9-f931-4d35-a349-5855cff29597 req-d1cd39e9-f931-4d35-a349-5855cff29597 ] Request (ServicesAdminNegativeV253TestJSON:test_get_service_by_invalid_params): 200 GET http://10.180.1.21/compute/v2.1/os-services?xxx=nova-compute 0.019s
2025-11-21 13:49:36.399 66204 INFO tempest.lib.common.rest_client [req-08eb1323-4a18-4039-847b-d64af42a7e92 req-08eb1323-4a18-4039-847b-d64af42a7e92 ] Request (ServicesAdminNegativeV253TestJSON:test_get_service_by_invalid_service_and_valid_host): 200 GET http://10.180.1.21/compute/v2.1/os-services 0.023s
2025-11-21 13:49:36.446 66144 INFO tempest.lib.common.rest_client [req-21f89ec7-d153-4463-9632-b5727e3056e8 req-21f89ec7-d153-4463-9632-b5727e3056e8 ] Request (ServerDiskConfigTestJSON:test_resize_server_from_auto_to_manual): 200 GET http://10.180.1.21/compute/v2.1/servers/f75000e6-f3bf-4951-a541-3aa185339054 0.106s
2025-11-21 13:49:36.465 66204 INFO tempest.lib.common.rest_client [req-4926ee9b-6e6f-44a0-8971-65ff457a2d8c req-4926ee9b-6e6f-44a0-8971-65ff457a2d8c ] Request (ServicesAdminNegativeV253TestJSON:test_get_service_by_invalid_service_and_valid_host): 200 GET http://10.180.1.21/compute/v2.1/os-services?host=devstack&binary=xxx 0.063s
2025-11-21 13:49:36.491 66174 INFO tempest.lib.common.rest_client [req-7d28005b-7ed8-49c6-92b7-a5e2be376289 req-7d28005b-7ed8-49c6-92b7-a5e2be376289 ] Request (DeleteServersTestJSON:test_delete_active_server): 200 GET http://10.180.1.21/compute/v2.1/servers/caceb296-5da2-4b4d-b955-5d7a238ff939 0.107s
2025-11-21 13:49:36.520 66176 INFO tempest.lib.common.rest_client [req-faeae649-39fe-4192-864c-a9a360e34b05 req-faeae649-39fe-4192-864c-a9a360e34b05 ] Request (ServersWithSpecificFlavorTestJSON:test_verify_created_server_ephemeral_disk): 200 GET http://10.180.1.21/compute/v2.1/servers/bbf6a242-9873-44b9-8938-2f8df11a1018 0.094s
2025-11-21 13:49:36.526 66204 INFO tempest.lib.common.rest_client [req-737d1b89-fd23-4b4b-b619-f57a1dbe493b req-737d1b89-fd23-4b4b-b619-f57a1dbe493b ] Request (ServicesAdminNegativeV253TestJSON:test_get_service_with_valid_service_and_invalid_host): 200 GET http://10.180.1.21/compute/v2.1/os-services 0.058s
2025-11-21 13:49:36.556 66204 INFO tempest.lib.common.rest_client [req-370f86aa-1c03-4f5a-99db-b816acf6b2f1 req-370f86aa-1c03-4f5a-99db-b816acf6b2f1 ] Request (ServicesAdminNegativeV253TestJSON:test_get_service_with_valid_service_and_invalid_host): 200 GET http://10.180.1.21/compute/v2.1/os-services?host=xxx&binary=nova-scheduler 0.027s
2025-11-21 13:49:36.609 66160 INFO tempest.lib.common.rest_client [req-5425b105-b456-47c3-9a8a-22f7969d9a77 req-5425b105-b456-47c3-9a8a-22f7969d9a77 ] Request (FloatingIPsAssociationTestJSON:tearDownClass): 200 GET http://10.180.1.21/compute/v2.1/servers/12a0d54d-187c-49b7-ba13-b6c1ddf4e9b1 0.091s
2025-11-21 13:49:36.638 66204 INFO tempest.lib.common.rest_client [req-b20dfc02-2eed-4b4a-981e-960b196ef15e req-b20dfc02-2eed-4b4a-981e-960b196ef15e ] Request (ServicesAdminNegativeV253TestJSON:test_list_services_with_non_admin_user): 403 GET http://10.180.1.21/compute/v2.1/os-services 0.078s
2025-11-21 13:49:36.676 66154 INFO tempest.lib.common.rest_client [req-aa4c431b-3238-4e64-a347-5f9c08eaddc8 req-aa4c431b-3238-4e64-a347-5f9c08eaddc8 ] Request (ServersAdminNegativeTestJSON:tearDownClass): 200 GET http://10.180.1.21/compute/v2.1/servers/5c7a1693-62f2-454e-9406-0b4a132ebf25 0.058s
2025-11-21 13:49:36.743 66204 INFO tempest.lib.common.rest_client [req-653604c9-c908-4b08-ba5f-e0ab12e93373 req-653604c9-c908-4b08-ba5f-e0ab12e93373 ] Request (ServicesAdminNegativeV253TestJSON:tearDownClass): 204 DELETE http://10.180.1.21/identity/v3/users/57ebc4cdd3144dd4ac4d5eb039503b6c 0.104s
2025-11-21 13:49:36.759 66150 INFO tempest.lib.common.rest_client [req-2acdd5f1-a45f-4d87-83be-3530b24646ac req-2acdd5f1-a45f-4d87-83be-3530b24646ac ] Request (ServersAdmin275Test:_run_cleanups): 200 GET http://10.180.1.21/compute/v2.1/servers/a813d102-1b77-4214-8eab-2cd66e002912 0.068s
2025-11-21 13:49:36.854 66204 INFO tempest.lib.common.rest_client [req-eec774f1-f0b6-41e4-8064-c09a0675e0e1 req-eec774f1-f0b6-41e4-8064-c09a0675e0e1 ] Request (ServicesAdminNegativeV253TestJSON:tearDownClass): 204 DELETE http://10.180.1.21/identity/v3/users/93fe04fe9d174226a461339fe35c0b6e 0.110s
2025-11-21 13:49:36.854 66204 INFO tempest.lib.common.dynamic_creds [-] Deleting project and security group for project: b1b80ab6a09f4d59a6297c5b7df8fa1d
2025-11-21 13:49:36.896 66196 INFO tempest.lib.common.rest_client [req-c0f2c026-e175-4280-8e8c-23acf804e960 req-c0f2c026-e175-4280-8e8c-23acf804e960 ] Request (ServersTestJSON:tearDownClass): 200 GET http://10.180.1.21/compute/v2.1/servers/670f59c3-10b0-431f-a8b0-ef6f82a938be 0.070s
2025-11-21 13:49:36.911 66206 INFO tempest.lib.common.rest_client [req-0f47bd37-6043-4700-aadd-5489aa860de7 req-0f47bd37-6043-4700-aadd-5489aa860de7 ] Request (VolumesTestJSON:tearDownClass): 404 GET http://10.180.1.21/volume/v3/volumes/a9a364a8-a337-4a14-86ca-14f9504c4e36 0.016s
2025-11-21 13:49:36.923 66204 INFO tempest.lib.common.rest_client [req-4751a80d-78d6-491a-ac0e-95f3afaeed61 req-4751a80d-78d6-491a-ac0e-95f3afaeed61 ] Request (ServicesAdminNegativeV253TestJSON:tearDownClass): 201 POST http://10.180.1.21/identity/v3/auth/tokens 0.069s
2025-11-21 13:49:36.951 66206 INFO tempest.lib.common.rest_client [req-fd378453-ef12-4745-8f25-704396e1fd30 req-fd378453-ef12-4745-8f25-704396e1fd30 ] Request (VolumesTestJSON:tearDownClass): 202 DELETE http://10.180.1.21/volume/v3/volumes/d88c140d-d0d1-49f3-9ef1-85bf841fa40e 0.039s
2025-11-21 13:49:36.979 66206 INFO tempest.lib.common.rest_client [req-e23b1f25-a8cb-4490-a9cd-58fd1f4adc94 req-e23b1f25-a8cb-4490-a9cd-58fd1f4adc94 ] Request (VolumesTestJSON:tearDownClass): 200 GET http://10.180.1.21/volume/v3/volumes/d88c140d-d0d1-49f3-9ef1-85bf841fa40e 0.028s
2025-11-21 13:49:36.982 66186 INFO tempest.lib.common.rest_client [req-d836d29e-b5c4-4be4-bd68-8ba98881fe7f req-d836d29e-b5c4-4be4-bd68-8ba98881fe7f ] Request (ServerRescueNegativeTestJSON:test_rescued_vm_detach_volume): 200 GET http://10.180.1.21/compute/v2.1/servers/3a06a833-5aaa-4b5d-88b3-8a1d469580af 0.060s
2025-11-21 13:49:37.149 66204 INFO tempest.lib.common.rest_client [req-274798f0-cf78-4af3-b4ac-48f457fd3e6e req-274798f0-cf78-4af3-b4ac-48f457fd3e6e ] Request (ServicesAdminNegativeV253TestJSON:tearDownClass): 200 GET http://10.180.1.21/networking/v2.0/security-groups?tenant_id=b1b80ab6a09f4d59a6297c5b7df8fa1d&name=default 0.225s
2025-11-21 13:49:37.154 66168 INFO tempest.lib.common.rest_client [req-3d3600da-8da6-4f27-98cd-fd81833cd7ab req-3d3600da-8da6-4f27-98cd-fd81833cd7ab ] Request (MigrationsAdminTest:test_resize_server_revert_deleted_flavor): 200 GET http://10.180.1.21/compute/v2.1/servers/f4a490a2-f2b1-4eac-8c1a-a18758583c70 0.200s
2025-11-21 13:49:37.179 66198 INFO tempest.lib.common.rest_client [req-92ff72cb-d4a2-452d-b03e-cb74c69f27a3 req-92ff72cb-d4a2-452d-b03e-cb74c69f27a3 ] Request (ServersTestBootFromVolume:tearDownClass): 200 GET http://10.180.1.21/compute/v2.1/servers/54ad3472-0cca-4dca-91f2-8c343f706926 0.126s
2025-11-21 13:49:37.239 66166 INFO tempest.lib.common.rest_client [req-0295722b-38b4-429d-ba9d-0e002e6f2070 req-0295722b-38b4-429d-ba9d-0e002e6f2070 ] Request (ListImageFiltersTestJSON:setUpClass): 200 GET http://10.180.1.21/compute/v2.1/images/2ab5928d-b287-4fb9-8e31-7911bdbeafc7 0.147s
2025-11-21 13:49:37.241 66152 INFO tempest.lib.common.rest_client [req-d484d3c6-45fe-4e10-a33b-8754ccdd1742 req-d484d3c6-45fe-4e10-a33b-8754ccdd1742 ] Request (ServersAdminTestJSON:tearDownClass): 200 GET http://10.180.1.21/compute/v2.1/servers/f3c53f67-85bf-4c18-9313-75eb90862f78 0.188s
2025-11-21 13:49:37.279 66204 INFO tempest.lib.common.rest_client [req-9a3d24fa-3346-4924-b937-0585d3978109 req-9a3d24fa-3346-4924-b937-0585d3978109 ] Request (ServicesAdminNegativeV253TestJSON:tearDownClass): 204 DELETE http://10.180.1.21/networking/v2.0/security-groups/fae31f14-5228-4629-97fc-802fa391ff2b 0.127s
2025-11-21 13:49:37.305 66180 INFO tempest.lib.common.rest_client [req-020a6568-8bea-4c56-bedc-5a02e49cffc7 req-020a6568-8bea-4c56-bedc-5a02e49cffc7 ] Request (ServersNegativeTestJSON:setUpClass): 200 GET http://10.180.1.21/compute/v2.1/servers/a35ced42-4317-49b4-b4cc-4ed7e2c85c64 0.149s
2025-11-21 13:49:37.313 66172 INFO tempest.lib.common.rest_client [req-074bcca4-9e81-41a8-bc57-c1fd230cccf1 req-074bcca4-9e81-41a8-bc57-c1fd230cccf1 ] Request (ImagesTestJSON:test_create_server_from_snapshot): 200 GET http://10.180.1.21/compute/v2.1/servers/37471e59-1809-4df3-8c40-20921d04d18e 0.199s
2025-11-21 13:49:37.369 66204 INFO tempest.lib.common.rest_client [req-a25a6d62-42ef-472c-a8dc-c5add2de765c req-a25a6d62-42ef-472c-a8dc-c5add2de765c ] Request (ServicesAdminNegativeV253TestJSON:tearDownClass): 204 DELETE http://10.180.1.21/identity/v3/projects/b1b80ab6a09f4d59a6297c5b7df8fa1d 0.090s
2025-11-21 13:49:37.370 66204 INFO tempest.lib.common.dynamic_creds [-] Deleting project and security group for project: 23b6f07f44ef423da7a73735f8dc73de
2025-11-21 13:49:37.382 66194 INFO tempest.lib.common.rest_client [req-0af70985-597f-4c3e-a455-e3ca86771039 req-0af70985-597f-4c3e-a455-e3ca86771039 ] Request (ServersListShow2100Test:test_list_show_rebuild_update_server_2100): 200 GET http://10.180.1.21/compute/v2.1/servers/93e1ade8-4c57-4db9-9da3-388e3eea91bd 0.175s
2025-11-21 13:49:37.399 66194 INFO tempest.common.waiters [-] State transition "BUILD/block_device_mapping" ==> "BUILD/spawning" after 64 second wait
2025-11-21 13:49:37.434 66178 INFO tempest.lib.common.rest_client [req-fd50d5a3-b7f7-4b65-b639-52f26b7ad2f3 req-fd50d5a3-b7f7-4b65-b639-52f26b7ad2f3 ] Request (ServerActionsTestOtherB:test_resize_server_confirm_from_stopped): 200 GET http://10.180.1.21/compute/v2.1/servers/eceafff8-7d28-4b9b-ade6-5736d5977efa 0.174s
2025-11-21 13:49:37.449 66170 INFO tempest.lib.common.rest_client [req-601ce631-4d71-4815-8e22-ed35f13099e0 req-601ce631-4d71-4815-8e22-ed35f13099e0 ] Request (ServerActionsTestOtherA:test_rebuild_server_with_volume_attached): 200 GET http://10.180.1.21/compute/v2.1/servers/f160e4a5-1e91-495e-800e-116ec435d8e1 0.141s
2025-11-21 13:49:37.466 66182 INFO tempest.lib.common.rest_client [req-3bf21ba7-c03c-4758-bb6f-79a79cc45fd9 req-3bf21ba7-c03c-4758-bb6f-79a79cc45fd9 ] Request (ServerShowV254Test:tearDownClass): 404 GET http://10.180.1.21/compute/v2.1/servers/cef78616-dcbd-4ccd-ab65-c9d52d8b8b2e 0.123s
2025-11-21 13:49:37.516 66204 INFO tempest.lib.common.rest_client [req-b7911040-1d63-4097-96f4-04f79052d2e5 req-b7911040-1d63-4097-96f4-04f79052d2e5 ] Request (ServicesAdminNegativeV253TestJSON:tearDownClass): 200 GET http://10.180.1.21/networking/v2.0/security-groups?tenant_id=23b6f07f44ef423da7a73735f8dc73de&name=default 0.145s
2025-11-21 13:49:37.593 66182 INFO tempest.lib.common.rest_client [req-5926a297-9773-45f5-8eb7-c9b55d04b1e4 req-5926a297-9773-45f5-8eb7-c9b55d04b1e4 ] Request (ServerShowV254Test:tearDownClass): 204 DELETE http://10.180.1.21/identity/v3/users/b3b3825433e34c3eb77f0452b55ed18a 0.126s
2025-11-21 13:49:37.593 66182 INFO tempest.lib.common.dynamic_creds [-] Deleting project and security group for project: 4a9f792d6ee34bca8583bd4be402c4f9
2025-11-21 13:49:37.609 66204 INFO tempest.lib.common.rest_client [req-510f7f7f-d793-4418-acda-0e8995630601 req-510f7f7f-d793-4418-acda-0e8995630601 ] Request (ServicesAdminNegativeV253TestJSON:tearDownClass): 204 DELETE http://10.180.1.21/networking/v2.0/security-groups/93de8e11-005a-4975-b6f3-9ac6730f1744 0.093s
2025-11-21 13:49:37.629 66144 INFO tempest.lib.common.rest_client [req-cd8b8bc8-21b8-44d2-8442-f995549db037 req-cd8b8bc8-21b8-44d2-8442-f995549db037 ] Request (ServerDiskConfigTestJSON:test_resize_server_from_auto_to_manual): 200 GET http://10.180.1.21/compute/v2.1/servers/f75000e6-f3bf-4951-a541-3aa185339054 0.175s
2025-11-21 13:49:37.645 66174 INFO tempest.lib.common.rest_client [req-ab68b460-2caf-44df-8faa-b398547352b6 req-ab68b460-2caf-44df-8faa-b398547352b6 ] Request (DeleteServersTestJSON:test_delete_active_server): 200 GET http://10.180.1.21/compute/v2.1/servers/caceb296-5da2-4b4d-b955-5d7a238ff939 0.146s
2025-11-21 13:49:37.677 66182 INFO tempest.lib.common.rest_client [req-cc9f66c5-3de0-4172-a2eb-f29f4d3f1d09 req-cc9f66c5-3de0-4172-a2eb-f29f4d3f1d09 ] Request (ServerShowV254Test:tearDownClass): 201 POST http://10.180.1.21/identity/v3/auth/tokens 0.083s
2025-11-21 13:49:37.701 66176 INFO tempest.lib.common.rest_client [req-081ee6ac-90e8-48e4-8d1c-439d03fd248b req-081ee6ac-90e8-48e4-8d1c-439d03fd248b ] Request (ServersWithSpecificFlavorTestJSON:test_verify_created_server_ephemeral_disk): 200 GET http://10.180.1.21/compute/v2.1/servers/bbf6a242-9873-44b9-8938-2f8df11a1018 0.173s
2025-11-21 13:49:37.736 66160 INFO tempest.lib.common.rest_client [req-e33c0374-4d1b-4407-9dbb-8966b9973795 req-e33c0374-4d1b-4407-9dbb-8966b9973795 ] Request (FloatingIPsAssociationTestJSON:tearDownClass): 200 GET http://10.180.1.21/compute/v2.1/servers/12a0d54d-187c-49b7-ba13-b6c1ddf4e9b1 0.119s
2025-11-21 13:49:37.741 66204 INFO tempest.lib.common.rest_client [req-479ebd9a-048a-4a2d-8ef2-24c79efb055e req-479ebd9a-048a-4a2d-8ef2-24c79efb055e ] Request (ServicesAdminNegativeV253TestJSON:tearDownClass): 204 DELETE http://10.180.1.21/identity/v3/projects/23b6f07f44ef423da7a73735f8dc73de 0.131s
2025-11-21 13:49:37.783 66154 INFO tempest.lib.common.rest_client [req-d986420a-099c-46a4-aeab-0bda38e59873 req-d986420a-099c-46a4-aeab-0bda38e59873 ] Request (ServersAdminNegativeTestJSON:tearDownClass): 200 GET http://10.180.1.21/compute/v2.1/servers/5c7a1693-62f2-454e-9406-0b4a132ebf25 0.099s
2025-11-21 13:49:37.816 66204 INFO tempest.lib.common.rest_client [req-80cc155a-5068-4cbd-a7ab-f0ce87eef84d req-80cc155a-5068-4cbd-a7ab-f0ce87eef84d ] Request (ImagesOneServerNegativeTestJSON:setUpClass): 201 POST http://10.180.1.21/identity/v3/auth/tokens 0.072s
2025-11-21 13:49:37.841 66150 INFO tempest.lib.common.rest_client [req-4655ef21-10e0-46bf-9c72-66cb84b7e6c0 req-4655ef21-10e0-46bf-9c72-66cb84b7e6c0 ] Request (ServersAdmin275Test:_run_cleanups): 200 GET http://10.180.1.21/compute/v2.1/servers/a813d102-1b77-4214-8eab-2cd66e002912 0.070s
2025-11-21 13:49:37.851 66204 INFO tempest.lib.common.rest_client [req-185c775b-0cdd-4af4-a013-e32984d4a4fe req-185c775b-0cdd-4af4-a013-e32984d4a4fe ] Request (ImagesOneServerNegativeTestJSON:setUpClass): 201 POST http://10.180.1.21/identity/v3/auth/tokens 0.033s
2025-11-21 13:49:37.880 66204 INFO tempest.lib.common.rest_client [req-f6f4dd22-c067-44a4-bd46-b14b1eff8e83 req-f6f4dd22-c067-44a4-bd46-b14b1eff8e83 ] Request (ImagesOneServerNegativeTestJSON:setUpClass): 200 GET http://10.180.1.21/identity/v3/domains?name=Default 0.028s
2025-11-21 13:49:37.912 66204 INFO tempest.lib.common.rest_client [req-7cc5c150-81b6-4674-b389-1793d6227d67 req-7cc5c150-81b6-4674-b389-1793d6227d67 ] Request (ImagesOneServerNegativeTestJSON:setUpClass): 201 POST http://10.180.1.21/identity/v3/projects 0.031s
2025-11-21 13:49:37.959 66182 INFO tempest.lib.common.rest_client [req-12b95df2-9b29-4743-9151-3dbe989db1d2 req-12b95df2-9b29-4743-9151-3dbe989db1d2 ] Request (ServerShowV254Test:tearDownClass): 200 GET http://10.180.1.21/networking/v2.0/security-groups?tenant_id=4a9f792d6ee34bca8583bd4be402c4f9&name=default 0.282s
2025-11-21 13:49:37.986 66196 INFO tempest.lib.common.rest_client [req-23ddcde8-9179-48f0-b0fe-1d6c18948e4f req-23ddcde8-9179-48f0-b0fe-1d6c18948e4f ] Request (ServersTestJSON:tearDownClass): 200 GET http://10.180.1.21/compute/v2.1/servers/670f59c3-10b0-431f-a8b0-ef6f82a938be 0.080s
2025-11-21 13:49:37.999 66204 INFO tempest.lib.common.rest_client [req-c9ba3fc7-9488-48ad-ae66-0d1b06a3820d req-c9ba3fc7-9488-48ad-ae66-0d1b06a3820d ] Request (ImagesOneServerNegativeTestJSON:setUpClass): 201 POST http://10.180.1.21/identity/v3/users 0.086s
