2025-11-21 13:47:12.503 66190 INFO tempest.lib.common.dynamic_creds [-] Acquired dynamic creds: credentials: Credentials: {'domain_id': 'default', 'domain_name': 'Default', 'username': 'tempest-ServersListShow296Test-1312221363-project-member', 'project_domain_id': 'default', 'project_domain_name': 'Default', 'project_id': '359e353356894e3eb252292f654cc606', 'project_name': 'tempest-ServersListShow296Test-1312221363', 'tenant_id': '359e353356894e3eb252292f654cc606', 'tenant_name': 'tempest-ServersListShow296Test-1312221363', 'user_domain_id': 'default', 'user_domain_name': 'Default', 'user_id': '593b934af99d46d1a0de82062383b39a', 'system': None}, Network: None, Subnet: None, Router: None
2025-11-21 13:47:12.503 66190 INFO tempest.lib.common.dynamic_creds [-] Created isolated network resources for: credentials: Credentials: {'domain_id': 'default', 'domain_name': 'Default', 'username': 'tempest-ServersListShow296Test-1312221363-project-member', 'project_domain_id': 'default', 'project_domain_name': 'Default', 'project_id': '359e353356894e3eb252292f654cc606', 'project_name': 'tempest-ServersListShow296Test-1312221363', 'tenant_id': '359e353356894e3eb252292f654cc606', 'tenant_name': 'tempest-ServersListShow296Test-1312221363', 'user_domain_id': 'default', 'user_domain_name': 'Default', 'user_id': '593b934af99d46d1a0de82062383b39a', 'system': None}, Network: None, Subnet: None, Router: None
2025-11-21 13:47:12.519 66160 INFO tempest.lib.common.rest_client [req-9b50bcb8-a0a8-4e62-a279-4b07c23291f8 req-9b50bcb8-a0a8-4e62-a279-4b07c23291f8 ] Request (FloatingIPsAssociationTestJSON:setUpClass): 200 GET http://10.180.1.21/compute/v2.1/servers/12a0d54d-187c-49b7-ba13-b6c1ddf4e9b1 2.681s
2025-11-21 13:47:12.531 66160 INFO tempest.common.waiters [-] State transition "BUILD/None" ==> "BUILD/spawning" after 28 second wait
2025-11-21 13:47:12.592 66190 INFO tempest.lib.common.rest_client [req-de8ec20e-5138-4828-9e90-ad03081f95c5 req-de8ec20e-5138-4828-9e90-ad03081f95c5 ] Request (ServersListShow296Test:setUpClass): 201 POST http://10.180.1.21/identity/v3/auth/tokens 0.086s
2025-11-21 13:47:12.630 66190 INFO tempest.lib.common.rest_client [req-be7a45b0-9a55-43c8-a85c-181570199233 req-be7a45b0-9a55-43c8-a85c-181570199233 ] Request (ServersListShow296Test:test_list_show_update_rebuild_server_296): 201 POST http://10.180.1.21/identity/v3/auth/tokens 0.033s
2025-11-21 13:47:12.631 66190 INFO tempest.lib.common.fixed_network [-] (ServersListShow296Test:test_list_show_update_rebuild_server_296) Found network None available for tenant
2025-11-21 13:47:12.846 66178 INFO tempest.lib.common.rest_client [req-96397fcc-27c6-4684-8f27-d533bc818aeb req-96397fcc-27c6-4684-8f27-d533bc818aeb ] Request (ServerActionsTestOtherB:test_create_backup): 202 POST http://10.180.1.21/compute/v2.1/servers/eceafff8-7d28-4b9b-ade6-5736d5977efa/action 3.129s
2025-11-21 13:47:12.859 66178 INFO tempest.lib.common.rest_client [req-fdb4b884-6ed5-410b-981b-ac734c98782a req-fdb4b884-6ed5-410b-981b-ac734c98782a ] Request (ServerActionsTestOtherB:test_create_backup): 200 GET http://10.180.1.21/image/v2/images/65b7cb7b-8569-45e3-b201-5d827f11fc08 0.012s
2025-11-21 13:47:12.905 66180 INFO tempest.lib.common.rest_client [req-f59bec22-f679-4d50-b1cb-0716bceb7628 req-f59bec22-f679-4d50-b1cb-0716bceb7628 ] Request (ServerDiagnosticsNegativeTest:tearDownClass): 200 GET http://10.180.1.21/compute/v2.1/servers/15aba949-c04c-4021-add8-2e9d4e4771db 2.685s
2025-11-21 13:47:12.928 66196 INFO tempest.lib.common.rest_client [req-8ad78328-eb0f-4f72-b55b-d9b40fcb54d0 req-8ad78328-eb0f-4f72-b55b-d9b40fcb54d0 ] Request (ServersTestJSON:setUpClass): 202 POST http://10.180.1.21/compute/v2.1/servers 2.828s
2025-11-21 13:47:12.965 66144 INFO tempest.lib.common.rest_client [req-67496fb0-f32e-4486-9d6f-619d114325ea req-67496fb0-f32e-4486-9d6f-619d114325ea ] Request (ServerDiskConfigTestJSON:test_rebuild_server_with_manual_disk_config): 200 GET http://10.180.1.21/compute/v2.1/servers/bcdf4a61-a2e8-4ca6-92fc-faddf5371290 2.607s
2025-11-21 13:47:13.077 66146 INFO tempest.lib.common.rest_client [req-0ed7bbb2-d26c-4460-8457-f6b88a6d5207 req-0ed7bbb2-d26c-4460-8457-f6b88a6d5207 ] Request (SecurityGroupsTestAdminJSON:test_list_security_groups_list_all_tenants_filter): 200 POST http://10.180.1.21/compute/v2.1/os-security-groups 2.595s
2025-11-21 13:47:13.100 66184 INFO tempest.lib.common.rest_client [req-f72020a8-db5c-4a1f-aff3-07cfbad2e16e req-f72020a8-db5c-4a1f-aff3-07cfbad2e16e ] Request (ServerShowV257Test:tearDownClass): 200 GET http://10.180.1.21/compute/v2.1/servers/54b0945e-c9f5-4726-928e-de1d0ded5aae 2.724s
2025-11-21 13:47:13.112 66184 INFO tempest.common.waiters [-] State transition "ACTIVE/deleting" ==> "DELETED/None" after 7 second wait
2025-11-21 13:47:13.148 66202 INFO tempest.lib.common.rest_client [req-7184203f-3b06-4d74-b08c-97d86943b3df req-7184203f-3b06-4d74-b08c-97d86943b3df ] Request (KeyPairsV22TestJSON:test_keypairs_create_list_delete): 201 POST http://10.180.1.21/compute/v2.1/os-keypairs 2.348s
2025-11-21 13:47:13.302 66198 INFO tempest.lib.common.rest_client [req-deb4e2ec-fa9e-4e2e-99c8-1dcf7cf44f37 req-deb4e2ec-fa9e-4e2e-99c8-1dcf7cf44f37 ] Request (ServersTestBootFromVolume:setUpClass): 200 GET http://10.180.1.21/volume/v3/volumes/54d80a3e-5ce3-4d33-81c8-cec9bc49f0ea 0.039s
2025-11-21 13:47:13.331 66150 INFO tempest.lib.common.rest_client [req-42b7e497-7c58-4f6f-b250-e0ca656237fb req-42b7e497-7c58-4f6f-b250-e0ca656237fb ] Request (DeleteServersAdminTestJSON:test_delete_server_while_in_error_state): 200 GET http://10.180.1.21/compute/v2.1/servers/27ce0779-2fa2-44d2-a424-072183c022a6 2.467s
2025-11-21 13:47:13.676 66158 INFO tempest.lib.common.rest_client [req-7fdffb2e-e40d-45d9-b94f-9ab9f21aab4b req-7fdffb2e-e40d-45d9-b94f-9ab9f21aab4b ] Request (ServersV294TestFqdnHostnames:setUpClass): 202 POST http://10.180.1.21/compute/v2.1/servers 3.127s
2025-11-21 13:47:13.860 66182 INFO tempest.lib.common.rest_client [req-f59eaeb3-0b8c-43a7-b91b-d939d739eeb6 req-f59eaeb3-0b8c-43a7-b91b-d939d739eeb6 ] Request (ImagesMetadataTestJSON:test_delete_image_metadata_item): 204 DELETE http://10.180.1.21/compute/v2.1/images/aa5e0d6a-fa72-4db5-b63e-518a363344ab/metadata/os_version 2.813s
2025-11-21 13:47:13.867 66162 INFO tempest.lib.common.rest_client [req-f3934e75-4050-47f9-ad24-de9552be5724 req-f3934e75-4050-47f9-ad24-de9552be5724 ] Request (QuotasAdminNegativeTest:test_update_quota_normal_user): 403 PUT http://10.180.1.21/compute/v2.1/os-quota-sets/51776bf1a26641f5bbe1779f0d2defc7 2.728s
2025-11-21 13:47:13.876 66178 INFO tempest.lib.common.rest_client [req-c62a62ad-f27a-4522-b613-9f713f8abd68 req-c62a62ad-f27a-4522-b613-9f713f8abd68 ] Request (ServerActionsTestOtherB:test_create_backup): 200 GET http://10.180.1.21/image/v2/images/65b7cb7b-8569-45e3-b201-5d827f11fc08 0.016s
2025-11-21 13:47:13.890 66166 INFO tempest.lib.common.rest_client [req-a7823fdb-2e11-4f76-b9b8-a348b485e56e req-a7823fdb-2e11-4f76-b9b8-a348b485e56e ] Request (FlavorsAdminTestJSON:test_is_public_string_variations): 200 GET http://10.180.1.21/compute/v2.1/flavors/detail?is_public=f 2.735s
2025-11-21 13:47:13.899 66186 INFO tempest.lib.common.rest_client [req-5967030a-933d-48ab-abc4-22d8104ab509 req-5967030a-933d-48ab-abc4-22d8104ab509 ] Request (ServerMetadataNegativeTestJSON:test_set_server_metadata_blank_key): 400 PUT http://10.180.1.21/compute/v2.1/servers/4d8f46cd-1c36-4e43-8110-66e9c991f28d/metadata 2.735s
2025-11-21 13:47:13.904 66152 INFO tempest.lib.common.rest_client [req-f6ca6f1f-03ab-4875-b87b-d6555f74bb03 req-f6ca6f1f-03ab-4875-b87b-d6555f74bb03 ] Request (ServersAdminTestJSON:test_create_server_with_scheduling_hint): 202 POST http://10.180.1.21/compute/v2.1/servers 2.933s
2025-11-21 13:47:14.022 66200 INFO tempest.lib.common.rest_client [req-5c55cdf9-d22a-4f80-bdc9-1ed89e923a18 req-5c55cdf9-d22a-4f80-bdc9-1ed89e923a18 ] Request (TenantUsagesTestJSON:tearDownClass): 200 GET http://10.180.1.21/compute/v2.1/servers/350f3c86-063c-4ed5-895b-fc621b2fa825 2.526s
2025-11-21 13:47:14.027 66162 INFO tempest.lib.common.rest_client [req-6f086786-08cd-472b-a0be-c5a1fed1373a req-6f086786-08cd-472b-a0be-c5a1fed1373a ] Request (QuotasAdminNegativeTest:tearDownClass): 204 DELETE http://10.180.1.21/identity/v3/users/a5d96f25d20a463293995bfb57b3b9dc 0.156s
2025-11-21 13:47:14.084 66148 INFO tempest.lib.common.rest_client [req-c6764f4c-cdc5-460e-9c7c-dc43de41601e req-c6764f4c-cdc5-460e-9c7c-dc43de41601e ] Request (ServersNegativeTestMultiTenantJSON:setUpClass): 200 GET http://10.180.1.21/compute/v2.1/servers/06f8fc6f-428c-4e40-8815-f0c78d27fa38 2.491s
2025-11-21 13:47:14.154 66162 INFO tempest.lib.common.rest_client [req-731fc923-6067-4b03-a7b4-5bfe4ba43155 req-731fc923-6067-4b03-a7b4-5bfe4ba43155 ] Request (QuotasAdminNegativeTest:tearDownClass): 204 DELETE http://10.180.1.21/identity/v3/users/9162f3ab78d443d8b5c5ea7650a986c1 0.126s
2025-11-21 13:47:14.154 66162 INFO tempest.lib.common.dynamic_creds [-] Deleting project and security group for project: b58de0de4eed4da28006f18a504433da
2025-11-21 13:47:14.217 66162 INFO tempest.lib.common.rest_client [req-01ea91f6-96e0-4104-a2b8-2073a8d36f6f req-01ea91f6-96e0-4104-a2b8-2073a8d36f6f ] Request (QuotasAdminNegativeTest:tearDownClass): 201 POST http://10.180.1.21/identity/v3/auth/tokens 0.063s
2025-11-21 13:47:14.230 66174 INFO tempest.lib.common.rest_client [req-a4100929-78a0-44a6-b115-7f113be1d249 req-a4100929-78a0-44a6-b115-7f113be1d249 ] Request (VolumesAdminNegativeTest:test_update_attached_volume_with_nonexistent_volume_in_uri): 200 GET http://10.180.1.21/compute/v2.1/servers/2529ef4c-80d8-47b1-a73a-a02eea0ad8d8 2.446s
2025-11-21 13:47:14.270 66154 INFO tempest.lib.common.rest_client [req-1e358bf3-d987-4fee-a921-c850833bb374 req-1e358bf3-d987-4fee-a921-c850833bb374 ] Request (QuotasAdminTestV257:test_get_updated_quotas): 200 PUT http://10.180.1.21/compute/v2.1/os-quota-sets/fccd9064bf9847c0b0903fd471ebf92d 2.967s
2025-11-21 13:47:14.343 66198 INFO tempest.lib.common.rest_client [req-81a3e27f-3e3d-4d1d-a67c-f88efccb109d req-81a3e27f-3e3d-4d1d-a67c-f88efccb109d ] Request (ServersTestBootFromVolume:setUpClass): 200 GET http://10.180.1.21/volume/v3/volumes/54d80a3e-5ce3-4d33-81c8-cec9bc49f0ea 0.030s
2025-11-21 13:47:14.417 66162 INFO tempest.lib.common.rest_client [req-0f916a9d-a5ec-4523-a24e-2b9a2c8f9ecb req-0f916a9d-a5ec-4523-a24e-2b9a2c8f9ecb ] Request (QuotasAdminNegativeTest:tearDownClass): 200 GET http://10.180.1.21/networking/v2.0/security-groups?tenant_id=b58de0de4eed4da28006f18a504433da&name=default 0.200s
2025-11-21 13:47:14.422 66170 INFO tempest.lib.common.rest_client [req-c638a152-479d-4bbe-947b-7279900a49c8 req-c638a152-479d-4bbe-947b-7279900a49c8 ] Request (ServerActionsTestOtherA:test_rebuild_server_in_stop_state): 200 GET http://10.180.1.21/compute/v2.1/servers/4b7f1c2f-2b1e-4d24-814b-c8095d875e3c 2.295s
2025-11-21 13:47:14.560 66162 INFO tempest.lib.common.rest_client [req-07e6bcab-b876-4052-aa0a-90c9b194a860 req-07e6bcab-b876-4052-aa0a-90c9b194a860 ] Request (QuotasAdminNegativeTest:tearDownClass): 204 DELETE http://10.180.1.21/networking/v2.0/security-groups/d9a28dc9-3de6-4e0b-8396-e4c29736796b 0.142s
2025-11-21 13:47:14.594 66188 INFO tempest.lib.common.rest_client [req-66eab535-4be0-46b1-8b2b-817433610106 req-66eab535-4be0-46b1-8b2b-817433610106 ] Request (InstanceUsageAuditLogNegativeTestJSON:test_instance_usage_audit_logs_with_nonadmin_user): 403 GET http://10.180.1.21/compute/v2.1/os-instance_usage_audit_log 2.268s
2025-11-21 13:47:14.673 66162 INFO tempest.lib.common.rest_client [req-d1ffdd51-97a4-4045-a1d1-6f979e398e4e req-d1ffdd51-97a4-4045-a1d1-6f979e398e4e ] Request (QuotasAdminNegativeTest:tearDownClass): 204 DELETE http://10.180.1.21/identity/v3/projects/b58de0de4eed4da28006f18a504433da 0.112s
2025-11-21 13:47:14.674 66162 INFO tempest.lib.common.dynamic_creds [-] Deleting project and security group for project: 51776bf1a26641f5bbe1779f0d2defc7
2025-11-21 13:47:14.806 66162 INFO tempest.lib.common.rest_client [req-6b0af67d-bb44-4ae0-b181-b747706cdb41 req-6b0af67d-bb44-4ae0-b181-b747706cdb41 ] Request (QuotasAdminNegativeTest:tearDownClass): 200 GET http://10.180.1.21/networking/v2.0/security-groups?tenant_id=51776bf1a26641f5bbe1779f0d2defc7&name=default 0.132s
2025-11-21 13:47:14.897 66178 INFO tempest.lib.common.rest_client [req-c127a6dd-d7dd-433e-877b-a2923d5f2ad2 req-c127a6dd-d7dd-433e-877b-a2923d5f2ad2 ] Request (ServerActionsTestOtherB:test_create_backup): 200 GET http://10.180.1.21/image/v2/images/65b7cb7b-8569-45e3-b201-5d827f11fc08 0.020s
2025-11-21 13:47:14.904 66194 INFO tempest.lib.common.rest_client [req-d5ca043e-a086-42fd-a447-60769e68fcab req-d5ca043e-a086-42fd-a447-60769e68fcab ] Request (ServerShowV247Test:test_update_rebuild_list_server): 200 GET http://10.180.1.21/compute/v2.1/servers/detail 2.495s
2025-11-21 13:47:14.910 66206 INFO tempest.lib.common.rest_client [req-7cb6c836-5c9a-4183-a91b-801aab803b4e req-7cb6c836-5c9a-4183-a91b-801aab803b4e ] Request (MultipleCreateNegativeTestJSON:test_max_count_less_than_one): 400 POST http://10.180.1.21/compute/v2.1/servers 2.500s
2025-11-21 13:47:14.988 66206 INFO tempest.lib.common.rest_client [req-f709e4de-877f-4977-aaab-8d0028496d55 req-f709e4de-877f-4977-aaab-8d0028496d55 ] Request (MultipleCreateNegativeTestJSON:test_max_count_non_integer): 201 POST http://10.180.1.21/identity/v3/auth/tokens 0.073s
2025-11-21 13:47:14.988 66206 INFO tempest.lib.common.fixed_network [-] (MultipleCreateNegativeTestJSON:test_max_count_non_integer) Found network None available for tenant
2025-11-21 13:47:15.016 66162 INFO tempest.lib.common.rest_client [req-5bba4ce4-dd50-470b-8387-607a1282f93c req-5bba4ce4-dd50-470b-8387-607a1282f93c ] Request (QuotasAdminNegativeTest:tearDownClass): 204 DELETE http://10.180.1.21/networking/v2.0/security-groups/7331a093-9230-4487-90f8-c0fecf275a72 0.209s
2025-11-21 13:47:15.186 66162 INFO tempest.lib.common.rest_client [req-2735d4d3-871f-4f3b-94c0-38fd28de2d1f req-2735d4d3-871f-4f3b-94c0-38fd28de2d1f ] Request (QuotasAdminNegativeTest:tearDownClass): 204 DELETE http://10.180.1.21/identity/v3/projects/51776bf1a26641f5bbe1779f0d2defc7 0.169s
2025-11-21 13:47:15.217 66190 INFO tempest.lib.common.rest_client [req-7285fb8d-9fd9-4af1-ad2e-244c6559eab1 req-7285fb8d-9fd9-4af1-ad2e-244c6559eab1 ] Request (ServersListShow296Test:test_list_show_update_rebuild_server_296): 202 POST http://10.180.1.21/compute/v2.1/servers 2.585s
2025-11-21 13:47:15.271 66162 INFO tempest.lib.common.rest_client [req-8bf136d0-21d4-4469-a53a-f8056d910306 req-8bf136d0-21d4-4469-a53a-f8056d910306 ] Request (ImagesDeleteNegativeTestJSON:setUpClass): 201 POST http://10.180.1.21/identity/v3/auth/tokens 0.083s
2025-11-21 13:47:15.324 66162 INFO tempest.lib.common.rest_client [req-ea39b2a6-6a7d-43c8-87f7-ca77c7f30c42 req-ea39b2a6-6a7d-43c8-87f7-ca77c7f30c42 ] Request (ImagesDeleteNegativeTestJSON:setUpClass): 201 POST http://10.180.1.21/identity/v3/auth/tokens 0.050s
2025-11-21 13:47:15.349 66196 INFO tempest.lib.common.rest_client [req-447467ef-a24f-404c-a16d-3a4774254640 req-447467ef-a24f-404c-a16d-3a4774254640 ] Request (ServersTestJSON:setUpClass): 200 GET http://10.180.1.21/compute/v2.1/servers/670f59c3-10b0-431f-a8b0-ef6f82a938be 2.419s
2025-11-21 13:47:15.361 66162 INFO tempest.lib.common.rest_client [req-bed1cec7-d955-45d9-b4de-ae875e365247 req-bed1cec7-d955-45d9-b4de-ae875e365247 ] Request (ImagesDeleteNegativeTestJSON:setUpClass): 200 GET http://10.180.1.21/identity/v3/domains?name=Default 0.036s
2025-11-21 13:47:15.388 66198 INFO tempest.lib.common.rest_client [req-cb10f0e4-8934-4e9e-8c8f-69ff4eb9ca0b req-cb10f0e4-8934-4e9e-8c8f-69ff4eb9ca0b ] Request (ServersTestBootFromVolume:setUpClass): 200 GET http://10.180.1.21/volume/v3/volumes/54d80a3e-5ce3-4d33-81c8-cec9bc49f0ea 0.037s
2025-11-21 13:47:15.407 66162 INFO tempest.lib.common.rest_client [req-ce32fe0e-05a2-4aa3-9f36-eae90ee943d5 req-ce32fe0e-05a2-4aa3-9f36-eae90ee943d5 ] Request (ImagesDeleteNegativeTestJSON:setUpClass): 201 POST http://10.180.1.21/identity/v3/projects 0.045s
2025-11-21 13:47:15.477 66162 INFO tempest.lib.common.rest_client [req-2fb0aeba-03c9-4885-bf66-3ce104a1c8b8 req-2fb0aeba-03c9-4885-bf66-3ce104a1c8b8 ] Request (ImagesDeleteNegativeTestJSON:setUpClass): 201 POST http://10.180.1.21/identity/v3/users 0.070s
2025-11-21 13:47:15.510 66162 INFO tempest.lib.common.rest_client [req-dc1f2f2e-5b45-4277-86a8-a0fe9fd97d43 req-dc1f2f2e-5b45-4277-86a8-a0fe9fd97d43 ] Request (ImagesDeleteNegativeTestJSON:setUpClass): 200 GET http://10.180.1.21/identity/v3/roles 0.032s
2025-11-21 13:47:15.545 66162 INFO tempest.lib.common.rest_client [req-0425386d-9247-4f23-ac3a-d0c1f8286a6c req-0425386d-9247-4f23-ac3a-d0c1f8286a6c ] Request (ImagesDeleteNegativeTestJSON:setUpClass): 204 PUT http://10.180.1.21/identity/v3/projects/7fa2aea0514646e4819b5a7a3856f8ac/users/78320e957f4347fc8062461445c9a055/roles/8ef979910d5c414abdd4d092c9cdffef 0.035s
2025-11-21 13:47:15.546 66162 INFO tempest.lib.common.dynamic_creds [-] Dynamic test user 78320e957f4347fc8062461445c9a055 is created with scope project and roles: ['member']
2025-11-21 13:47:15.546 66162 INFO tempest.lib.common.dynamic_creds [-] Acquired dynamic creds: credentials: Credentials: {'domain_id': 'default', 'domain_name': 'Default', 'username': 'tempest-ImagesDeleteNegativeTestJSON-1218869078-project-member', 'project_domain_id': 'default', 'project_domain_name': 'Default', 'project_id': '7fa2aea0514646e4819b5a7a3856f8ac', 'project_name': 'tempest-ImagesDeleteNegativeTestJSON-1218869078', 'tenant_id': '7fa2aea0514646e4819b5a7a3856f8ac', 'tenant_name': 'tempest-ImagesDeleteNegativeTestJSON-1218869078', 'user_domain_id': 'default', 'user_domain_name': 'Default', 'user_id': '78320e957f4347fc8062461445c9a055', 'system': None}, Network: None, Subnet: None, Router: None
2025-11-21 13:47:15.546 66162 INFO tempest.lib.common.dynamic_creds [-] Created isolated network resources for: credentials: Credentials: {'domain_id': 'default', 'domain_name': 'Default', 'username': 'tempest-ImagesDeleteNegativeTestJSON-1218869078-project-member', 'project_domain_id': 'default', 'project_domain_name': 'Default', 'project_id': '7fa2aea0514646e4819b5a7a3856f8ac', 'project_name': 'tempest-ImagesDeleteNegativeTestJSON-1218869078', 'tenant_id': '7fa2aea0514646e4819b5a7a3856f8ac', 'tenant_name': 'tempest-ImagesDeleteNegativeTestJSON-1218869078', 'user_domain_id': 'default', 'user_domain_name': 'Default', 'user_id': '78320e957f4347fc8062461445c9a055', 'system': None}, Network: None, Subnet: None, Router: None
2025-11-21 13:47:15.638 66162 INFO tempest.lib.common.rest_client [req-c486c153-22bc-4214-9905-8ad05864662c req-c486c153-22bc-4214-9905-8ad05864662c ] Request (ImagesDeleteNegativeTestJSON:setUpClass): 201 POST http://10.180.1.21/identity/v3/auth/tokens 0.088s
2025-11-21 13:47:15.916 66178 INFO tempest.lib.common.rest_client [req-041db25c-fe31-4f10-96b4-e38e5379f1d8 req-041db25c-fe31-4f10-96b4-e38e5379f1d8 ] Request (ServerActionsTestOtherB:test_create_backup): 200 GET http://10.180.1.21/image/v2/images/65b7cb7b-8569-45e3-b201-5d827f11fc08 0.018s
2025-11-21 13:47:16.035 66156 INFO tempest.lib.common.rest_client [req-f180b328-86c6-4233-a7d0-281148c7ace3 req-f180b328-86c6-4233-a7d0-281148c7ace3 ] Request (FloatingIPsAssociationNegativeTestJSON:test_associate_ip_to_server_with_floating_ip): 202 POST http://10.180.1.21/compute/v2.1/servers/957f14fc-23f1-4334-b672-b3a75398f716/action 4.073s
2025-11-21 13:47:16.069 66202 INFO tempest.lib.common.rest_client [req-e066cb2e-606a-4a07-ac9d-d7315d9c8cb8 req-e066cb2e-606a-4a07-ac9d-d7315d9c8cb8 ] Request (KeyPairsV22TestJSON:test_keypairs_create_list_delete): 201 POST http://10.180.1.21/compute/v2.1/os-keypairs 2.919s
2025-11-21 13:47:16.186 66172 INFO tempest.lib.common.rest_client [req-a7fc54de-fd0d-4126-99a1-c83019e357fd req-a7fc54de-fd0d-4126-99a1-c83019e357fd ] Request (ImagesTestJSON:test_create_image_from_stopped_server): 200 GET http://10.180.1.21/compute/v2.1/servers/42a9c6f2-08f0-4548-9101-685fc3930c7d 3.022s
2025-11-21 13:47:16.297 66168 INFO tempest.lib.common.rest_client [req-c38c100d-9817-4a5e-b597-fcc0e733a2e4 req-c38c100d-9817-4a5e-b597-fcc0e733a2e4 ] Request (MigrationsAdminTest:test_list_migrations_in_flavor_resize_situation): 200 GET http://10.180.1.21/compute/v2.1/servers/ed55713e-8bf1-4960-8309-47498b163d02 3.031s
2025-11-21 13:47:16.340 66192 INFO tempest.lib.common.rest_client [req-a49dba9c-830c-4935-b323-ffefe4801168 req-a49dba9c-830c-4935-b323-ffefe4801168 ] Request (ServerGroupTestJSON:test_create_server_with_scheduler_hint_group): 200 GET http://10.180.1.21/compute/v2.1/servers/d240b3f7-d3e9-49e0-81a0-013bd1c2fe0c 2.943s
2025-11-21 13:47:16.423 66198 INFO tempest.lib.common.rest_client [req-444983bc-7587-4086-9ad7-8d559a716cf4 req-444983bc-7587-4086-9ad7-8d559a716cf4 ] Request (ServersTestBootFromVolume:setUpClass): 200 GET http://10.180.1.21/volume/v3/volumes/54d80a3e-5ce3-4d33-81c8-cec9bc49f0ea 0.026s
2025-11-21 13:47:16.425 66160 INFO tempest.lib.common.rest_client [req-95fc3f2a-cc6f-4e2d-bf19-62803354d3ce req-95fc3f2a-cc6f-4e2d-bf19-62803354d3ce ] Request (FloatingIPsAssociationTestJSON:setUpClass): 200 GET http://10.180.1.21/compute/v2.1/servers/12a0d54d-187c-49b7-ba13-b6c1ddf4e9b1 2.892s
2025-11-21 13:47:16.503 66158 INFO tempest.lib.common.rest_client [req-1dd34f1b-ef5c-4a1b-b3fd-76a91cfa6388 req-1dd34f1b-ef5c-4a1b-b3fd-76a91cfa6388 ] Request (ServersV294TestFqdnHostnames:setUpClass): 200 GET http://10.180.1.21/compute/v2.1/servers/6215ea56-f99c-42f3-a2d5-f4d31952c8e6 2.825s
2025-11-21 13:47:16.539 66182 INFO tempest.lib.common.rest_client [req-069f268a-aace-4e84-82b1-d4031bd80a37 req-069f268a-aace-4e84-82b1-d4031bd80a37 ] Request (ImagesMetadataTestJSON:test_delete_image_metadata_item): 200 GET http://10.180.1.21/compute/v2.1/images/aa5e0d6a-fa72-4db5-b63e-518a363344ab/metadata 2.679s
2025-11-21 13:47:16.556 66166 INFO tempest.lib.common.rest_client [req-f045c952-6a9c-40ab-9f2b-5fba8df87460 req-f045c952-6a9c-40ab-9f2b-5fba8df87460 ] Request (FlavorsAdminTestJSON:test_is_public_string_variations): 200 GET http://10.180.1.21/compute/v2.1/flavors/detail?is_public=false 2.660s
2025-11-21 13:47:16.561 66186 INFO tempest.lib.common.rest_client [req-f49765de-9217-425e-8a86-a364b688c2d4 req-f49765de-9217-425e-8a86-a364b688c2d4 ] Request (ServerMetadataNegativeTestJSON:test_set_server_metadata_missing_metadata): 400 PUT http://10.180.1.21/compute/v2.1/servers/4d8f46cd-1c36-4e43-8110-66e9c991f28d/metadata 2.656s
2025-11-21 13:47:16.610 66152 INFO tempest.lib.common.rest_client [req-5f7782cf-492e-43a2-ab89-66441d6e0bfd req-5f7782cf-492e-43a2-ab89-66441d6e0bfd ] Request (ServersAdminTestJSON:test_create_server_with_scheduling_hint): 200 GET http://10.180.1.21/compute/v2.1/servers/86ac6437-511a-4d72-aff0-0325e2d633f6 2.702s
2025-11-21 13:47:16.671 66180 INFO tempest.lib.common.rest_client [req-a5cfaaae-1555-4175-b2f3-6e316d572a0e req-a5cfaaae-1555-4175-b2f3-6e316d572a0e ] Request (ServerDiagnosticsNegativeTest:tearDownClass): 200 GET http://10.180.1.21/compute/v2.1/servers/15aba949-c04c-4021-add8-2e9d4e4771db 2.758s
2025-11-21 13:47:16.733 66144 INFO tempest.lib.common.rest_client [req-95b105c2-8f57-4869-bb7d-0d46a04332de req-95b105c2-8f57-4869-bb7d-0d46a04332de ] Request (ServerDiskConfigTestJSON:test_rebuild_server_with_manual_disk_config): 200 GET http://10.180.1.21/compute/v2.1/servers/bcdf4a61-a2e8-4ca6-92fc-faddf5371290 2.760s
2025-11-21 13:47:16.792 66184 INFO tempest.lib.common.rest_client [req-62104425-e622-4898-9895-c645a46b7900 req-62104425-e622-4898-9895-c645a46b7900 ] Request (ServerShowV257Test:tearDownClass): 200 GET http://10.180.1.21/compute/v2.1/servers/54b0945e-c9f5-4726-928e-de1d0ded5aae 2.675s
2025-11-21 13:47:16.934 66178 INFO tempest.lib.common.rest_client [req-9ca54e76-2f32-44c1-86c0-e9e34ab62a6a req-9ca54e76-2f32-44c1-86c0-e9e34ab62a6a ] Request (ServerActionsTestOtherB:test_create_backup): 200 GET http://10.180.1.21/image/v2/images/65b7cb7b-8569-45e3-b201-5d827f11fc08 0.017s
2025-11-21 13:47:16.942 66154 INFO tempest.lib.common.rest_client [req-28d87556-12b3-47af-afcd-f1155b5b15ad req-28d87556-12b3-47af-afcd-f1155b5b15ad ] Request (QuotasAdminTestV257:test_get_updated_quotas): 200 GET http://10.180.1.21/compute/v2.1/os-quota-sets/fccd9064bf9847c0b0903fd471ebf92d/detail 2.670s
2025-11-21 13:47:16.968 66154 INFO tempest.lib.common.rest_client [req-787e5ad9-c888-43e9-9766-509d3533451e req-787e5ad9-c888-43e9-9766-509d3533451e ] Request (QuotasAdminTestV257:test_get_updated_quotas): 200 GET http://10.180.1.21/identity/v3/domains?name=Default 0.022s
2025-11-21 13:47:16.998 66154 INFO tempest.lib.common.rest_client [req-f3940548-59d9-4ad4-aa21-98261b0e06bc req-f3940548-59d9-4ad4-aa21-98261b0e06bc ] Request (QuotasAdminTestV257:test_get_updated_quotas): 201 POST http://10.180.1.21/identity/v3/users 0.030s
2025-11-21 13:47:17.020 66154 INFO tempest.lib.common.rest_client [req-10b27f87-1697-4433-8c9c-bda332ab022c req-10b27f87-1697-4433-8c9c-bda332ab022c ] Request (QuotasAdminTestV257:test_get_updated_quotas): 200 GET http://10.180.1.21/identity/v3/domains?name=Default 0.021s
2025-11-21 13:47:17.047 66150 INFO tempest.lib.common.rest_client [req-5b421516-49e3-42e0-b802-d2cf154f9709 req-5b421516-49e3-42e0-b802-d2cf154f9709 ] Request (DeleteServersAdminTestJSON:test_delete_server_while_in_error_state): 200 GET http://10.180.1.21/compute/v2.1/servers/27ce0779-2fa2-44d2-a424-072183c022a6 2.706s
2025-11-21 13:47:17.052 66188 INFO tempest.lib.common.rest_client [req-44122641-82d3-4247-a99b-626cac2d20ca req-44122641-82d3-4247-a99b-626cac2d20ca ] Request (InstanceUsageAuditLogNegativeTestJSON:test_instance_usage_audit_logs_with_nonadmin_user): 403 GET http://10.180.1.21/compute/v2.1/os-instance_usage_audit_log/2025-11-21%2013%3A47%3A14 2.457s
2025-11-21 13:47:17.054 66150 INFO tempest.common.waiters [-] State transition "BUILD/spawning" ==> "ACTIVE/None" after 35 second wait
2025-11-21 13:47:17.125 66194 INFO tempest.lib.common.rest_client [req-2b8b1c42-01d7-4a0c-ba98-f3df5eabcaea req-2b8b1c42-01d7-4a0c-ba98-f3df5eabcaea ] Request (ServerShowV247Test:tearDownClass): 204 DELETE http://10.180.1.21/compute/v2.1/servers/78b545b3-1f84-4ea8-b180-f9039f2ea4b1 2.210s
2025-11-21 13:47:17.131 66206 INFO tempest.lib.common.rest_client [req-b08e6e9d-26a2-4c7b-8c59-d967cf7f5255 req-b08e6e9d-26a2-4c7b-8c59-d967cf7f5255 ] Request (MultipleCreateNegativeTestJSON:test_max_count_non_integer): 400 POST http://10.180.1.21/compute/v2.1/servers 2.142s
2025-11-21 13:47:17.163 66188 INFO tempest.lib.common.rest_client [req-55f8008d-ce41-40f5-b776-fd4479b224e1 req-55f8008d-ce41-40f5-b776-fd4479b224e1 ] Request (InstanceUsageAuditLogNegativeTestJSON:tearDownClass): 204 DELETE http://10.180.1.21/identity/v3/users/aa9f8cd14a9e482c8f34a48863216af8 0.109s
2025-11-21 13:47:17.201 66206 INFO tempest.lib.common.rest_client [req-7bfa9f60-bb51-4f29-b512-5d6bb9c26d67 req-7bfa9f60-bb51-4f29-b512-5d6bb9c26d67 ] Request (MultipleCreateNegativeTestJSON:test_min_count_less_than_one): 201 POST http://10.180.1.21/identity/v3/auth/tokens 0.063s
2025-11-21 13:47:17.201 66206 INFO tempest.lib.common.fixed_network [-] (MultipleCreateNegativeTestJSON:test_min_count_less_than_one) Found network None available for tenant
2025-11-21 13:47:17.210 66200 INFO tempest.lib.common.rest_client [req-be304304-b5f9-451e-8585-207e71bc8e6d req-be304304-b5f9-451e-8585-207e71bc8e6d ] Request (TenantUsagesTestJSON:tearDownClass): 200 GET http://10.180.1.21/compute/v2.1/servers/350f3c86-063c-4ed5-895b-fc621b2fa825 2.175s
2025-11-21 13:47:17.268 66188 INFO tempest.lib.common.rest_client [req-323ca39b-8954-412b-9146-d0e73b18f95c req-323ca39b-8954-412b-9146-d0e73b18f95c ] Request (InstanceUsageAuditLogNegativeTestJSON:tearDownClass): 204 DELETE http://10.180.1.21/identity/v3/users/6b1700f17a8941cbad4bd85db7fd7f33 0.104s
2025-11-21 13:47:17.268 66188 INFO tempest.lib.common.dynamic_creds [-] Deleting project and security group for project: 7caed569e27e48808294f49ad5526cac
2025-11-21 13:47:17.286 66148 INFO tempest.lib.common.rest_client [req-1d2b7b49-6c3e-41dd-8b6f-c9d98186c115 req-1d2b7b49-6c3e-41dd-8b6f-c9d98186c115 ] Request (ServersNegativeTestMultiTenantJSON:setUpClass): 200 GET http://10.180.1.21/compute/v2.1/servers/06f8fc6f-428c-4e40-8815-f0c78d27fa38 2.193s
2025-11-21 13:47:17.353 66188 INFO tempest.lib.common.rest_client [req-5355c492-86e0-4584-8900-9409c7f73a48 req-5355c492-86e0-4584-8900-9409c7f73a48 ] Request (InstanceUsageAuditLogNegativeTestJSON:tearDownClass): 201 POST http://10.180.1.21/identity/v3/auth/tokens 0.084s
2025-11-21 13:47:17.462 66198 INFO tempest.lib.common.rest_client [req-a34f7b20-42a8-4a61-b0a2-d7bbdf74d605 req-a34f7b20-42a8-4a61-b0a2-d7bbdf74d605 ] Request (ServersTestBootFromVolume:setUpClass): 200 GET http://10.180.1.21/volume/v3/volumes/54d80a3e-5ce3-4d33-81c8-cec9bc49f0ea 0.032s
2025-11-21 13:47:17.553 66190 INFO tempest.lib.common.rest_client [req-875ed5ee-7af1-40ba-9b8e-048f91c3856e req-875ed5ee-7af1-40ba-9b8e-048f91c3856e ] Request (ServersListShow296Test:test_list_show_update_rebuild_server_296): 200 GET http://10.180.1.21/compute/v2.1/servers/0548399d-ec7a-4d0c-b436-9ef93c4e2d37 2.334s
2025-11-21 13:47:17.564 66188 INFO tempest.lib.common.rest_client [req-41160eee-4826-46be-9054-d0ad976c32e8 req-41160eee-4826-46be-9054-d0ad976c32e8 ] Request (InstanceUsageAuditLogNegativeTestJSON:tearDownClass): 200 GET http://10.180.1.21/networking/v2.0/security-groups?tenant_id=7caed569e27e48808294f49ad5526cac&name=default 0.210s
2025-11-21 13:47:17.664 66188 INFO tempest.lib.common.rest_client [req-6e110202-0955-4917-a388-7d43dc89c69b req-6e110202-0955-4917-a388-7d43dc89c69b ] Request (InstanceUsageAuditLogNegativeTestJSON:tearDownClass): 204 DELETE http://10.180.1.21/networking/v2.0/security-groups/550f2fa9-1cad-4188-aeec-d6cb07b060c1 0.099s
2025-11-21 13:47:17.749 66188 INFO tempest.lib.common.rest_client [req-946601c8-f0bb-4d2b-b771-b7d7700d79c6 req-946601c8-f0bb-4d2b-b771-b7d7700d79c6 ] Request (InstanceUsageAuditLogNegativeTestJSON:tearDownClass): 204 DELETE http://10.180.1.21/identity/v3/projects/7caed569e27e48808294f49ad5526cac 0.085s
2025-11-21 13:47:17.749 66188 INFO tempest.lib.common.dynamic_creds [-] Deleting project and security group for project: 91368d3f9f144c458726582fd266e714
2025-11-21 13:47:17.870 66188 INFO tempest.lib.common.rest_client [req-df3cf31b-06fc-4adc-bfe3-a212a243a718 req-df3cf31b-06fc-4adc-bfe3-a212a243a718 ] Request (InstanceUsageAuditLogNegativeTestJSON:tearDownClass): 200 GET http://10.180.1.21/networking/v2.0/security-groups?tenant_id=91368d3f9f144c458726582fd266e714&name=default 0.121s
2025-11-21 13:47:17.908 66174 INFO tempest.lib.common.rest_client [req-9010b6b9-3b2a-4628-8fbb-246d1c9f89c3 req-9010b6b9-3b2a-4628-8fbb-246d1c9f89c3 ] Request (VolumesAdminNegativeTest:test_update_attached_volume_with_nonexistent_volume_in_uri): 200 GET http://10.180.1.21/compute/v2.1/servers/2529ef4c-80d8-47b1-a73a-a02eea0ad8d8 2.666s
2025-11-21 13:47:17.917 66174 INFO tempest.common.waiters [-] State transition "BUILD/spawning" ==> "ACTIVE/None" after 34 second wait
2025-11-21 13:47:17.955 66178 INFO tempest.lib.common.rest_client [req-5c915e1d-501c-4c0c-9651-ac98a299a701 req-5c915e1d-501c-4c0c-9651-ac98a299a701 ] Request (ServerActionsTestOtherB:test_create_backup): 200 GET http://10.180.1.21/image/v2/images/65b7cb7b-8569-45e3-b201-5d827f11fc08 0.020s
2025-11-21 13:47:18.081 66188 INFO tempest.lib.common.rest_client [req-6d4cd0ab-bbf1-4ac1-8428-c8ba3fd36503 req-6d4cd0ab-bbf1-4ac1-8428-c8ba3fd36503 ] Request (InstanceUsageAuditLogNegativeTestJSON:tearDownClass): 204 DELETE http://10.180.1.21/networking/v2.0/security-groups/778c0a44-818b-48c4-8053-112d690fb5f3 0.211s
2025-11-21 13:47:18.151 66170 INFO tempest.lib.common.rest_client [req-66a4b277-6732-48e2-b61c-712d038c769f req-66a4b277-6732-48e2-b61c-712d038c769f ] Request (ServerActionsTestOtherA:test_rebuild_server_in_stop_state): 200 GET http://10.180.1.21/compute/v2.1/servers/4b7f1c2f-2b1e-4d24-814b-c8095d875e3c 2.717s
2025-11-21 13:47:18.158 66174 INFO tempest.lib.common.rest_client [req-9da135d0-3ad9-492e-b0eb-198dbfbd8dd6 req-9da135d0-3ad9-492e-b0eb-198dbfbd8dd6 ] Request (VolumesAdminNegativeTest:test_update_attached_volume_with_nonexistent_volume_in_uri): 202 POST http://10.180.1.21/volume/v3/volumes 0.240s
2025-11-21 13:47:18.207 66174 INFO tempest.lib.common.rest_client [req-c01df688-6ac4-4f9d-9f29-fdb94330dd89 req-c01df688-6ac4-4f9d-9f29-fdb94330dd89 ] Request (VolumesAdminNegativeTest:test_update_attached_volume_with_nonexistent_volume_in_uri): 200 GET http://10.180.1.21/volume/v3/volumes/b969379f-39e3-4560-81bf-ea1c5602cc7e 0.041s
2025-11-21 13:47:18.247 66188 INFO tempest.lib.common.rest_client [req-aa13c959-0f97-4975-93de-09b4b54bbf10 req-aa13c959-0f97-4975-93de-09b4b54bbf10 ] Request (InstanceUsageAuditLogNegativeTestJSON:tearDownClass): 204 DELETE http://10.180.1.21/identity/v3/projects/91368d3f9f144c458726582fd266e714 0.165s
2025-11-21 13:47:18.256 66146 INFO tempest.lib.common.rest_client [req-e764e2fd-c79f-438e-9fa3-b4fa42d96ea9 req-e764e2fd-c79f-438e-9fa3-b4fa42d96ea9 ] Request (SecurityGroupsTestAdminJSON:test_list_security_groups_list_all_tenants_filter): 200 GET http://10.180.1.21/compute/v2.1/os-security-groups?all_tenants=true 5.174s
2025-11-21 13:47:18.335 66188 INFO tempest.lib.common.rest_client [req-dccc7403-3bcd-4640-a4e4-51ba924e880a req-dccc7403-3bcd-4640-a4e4-51ba924e880a ] Request (AZV2TestJSON:setUpClass): 201 POST http://10.180.1.21/identity/v3/auth/tokens 0.085s
2025-11-21 13:47:18.372 66188 INFO tempest.lib.common.rest_client [req-18f891a2-71de-4eff-9509-fb5b7a6c14bd req-18f891a2-71de-4eff-9509-fb5b7a6c14bd ] Request (AZV2TestJSON:setUpClass): 201 POST http://10.180.1.21/identity/v3/auth/tokens 0.034s
2025-11-21 13:47:18.391 66162 INFO tempest.lib.common.rest_client [req-affdd7de-1d92-4feb-aeda-ed966be3d355 req-affdd7de-1d92-4feb-aeda-ed966be3d355 ] Request (ImagesDeleteNegativeTestJSON:test_delete_image_blank_id): 404 DELETE http://10.180.1.21/compute/v2.1/images/ 2.752s
2025-11-21 13:47:18.404 66188 INFO tempest.lib.common.rest_client [req-469a241d-67b3-4dfc-950b-cfb89b80a688 req-469a241d-67b3-4dfc-950b-cfb89b80a688 ] Request (AZV2TestJSON:setUpClass): 200 GET http://10.180.1.21/identity/v3/domains?name=Default 0.032s
2025-11-21 13:47:18.435 66202 INFO tempest.lib.common.rest_client [req-61f5616d-ef7e-4f63-8f2b-91de5aa3041a req-61f5616d-ef7e-4f63-8f2b-91de5aa3041a ] Request (KeyPairsV22TestJSON:test_keypairs_create_list_delete): 201 POST http://10.180.1.21/compute/v2.1/os-keypairs 2.363s
2025-11-21 13:47:18.442 66188 INFO tempest.lib.common.rest_client [req-f62e697e-38e0-4897-a61a-3eb61c5db270 req-f62e697e-38e0-4897-a61a-3eb61c5db270 ] Request (AZV2TestJSON:setUpClass): 201 POST http://10.180.1.21/identity/v3/projects 0.037s
2025-11-21 13:47:18.506 66198 INFO tempest.lib.common.rest_client [req-2a14940c-b6f2-45ad-a147-10faa4bc22da req-2a14940c-b6f2-45ad-a147-10faa4bc22da ] Request (ServersTestBootFromVolume:setUpClass): 200 GET http://10.180.1.21/volume/v3/volumes/54d80a3e-5ce3-4d33-81c8-cec9bc49f0ea 0.035s
2025-11-21 13:47:18.527 66188 INFO tempest.lib.common.rest_client [req-a4abb5bc-a83a-414a-9793-248ca3d134c2 req-a4abb5bc-a83a-414a-9793-248ca3d134c2 ] Request (AZV2TestJSON:setUpClass): 201 POST http://10.180.1.21/identity/v3/users 0.085s
2025-11-21 13:47:18.555 66188 INFO tempest.lib.common.rest_client [req-603ea0ae-babe-468e-b4f4-12e496c8eaef req-603ea0ae-babe-468e-b4f4-12e496c8eaef ] Request (AZV2TestJSON:setUpClass): 200 GET http://10.180.1.21/identity/v3/roles 0.027s
2025-11-21 13:47:18.602 66188 INFO tempest.lib.common.rest_client [req-3968ffad-fa13-4b63-b1a0-48ec5778603e req-3968ffad-fa13-4b63-b1a0-48ec5778603e ] Request (AZV2TestJSON:setUpClass): 204 PUT http://10.180.1.21/identity/v3/projects/3bc3afac4c67423391f8db21bc81fd97/users/95747198d883485ebd4f2f0d09a6ced8/roles/8ef979910d5c414abdd4d092c9cdffef 0.046s
2025-11-21 13:47:18.602 66188 INFO tempest.lib.common.dynamic_creds [-] Dynamic test user 95747198d883485ebd4f2f0d09a6ced8 is created with scope project and roles: ['member']
2025-11-21 13:47:18.603 66188 INFO tempest.lib.common.dynamic_creds [-] Acquired dynamic creds: credentials: Credentials: {'domain_id': 'default', 'domain_name': 'Default', 'username': 'tempest-AZV2TestJSON-457941965-project-member', 'project_domain_id': 'default', 'project_domain_name': 'Default', 'project_id': '3bc3afac4c67423391f8db21bc81fd97', 'project_name': 'tempest-AZV2TestJSON-457941965', 'tenant_id': '3bc3afac4c67423391f8db21bc81fd97', 'tenant_name': 'tempest-AZV2TestJSON-457941965', 'user_domain_id': 'default', 'user_domain_name': 'Default', 'user_id': '95747198d883485ebd4f2f0d09a6ced8', 'system': None}, Network: None, Subnet: None, Router: None
2025-11-21 13:47:18.603 66188 INFO tempest.lib.common.dynamic_creds [-] Created isolated network resources for: credentials: Credentials: {'domain_id': 'default', 'domain_name': 'Default', 'username': 'tempest-AZV2TestJSON-457941965-project-member', 'project_domain_id': 'default', 'project_domain_name': 'Default', 'project_id': '3bc3afac4c67423391f8db21bc81fd97', 'project_name': 'tempest-AZV2TestJSON-457941965', 'tenant_id': '3bc3afac4c67423391f8db21bc81fd97', 'tenant_name': 'tempest-AZV2TestJSON-457941965', 'user_domain_id': 'default', 'user_domain_name': 'Default', 'user_id': '95747198d883485ebd4f2f0d09a6ced8', 'system': None}, Network: None, Subnet: None, Router: None
2025-11-21 13:47:18.705 66188 INFO tempest.lib.common.rest_client [req-5b2cf941-c043-40be-9bc9-76bc52bddda3 req-5b2cf941-c043-40be-9bc9-76bc52bddda3 ] Request (AZV2TestJSON:setUpClass): 201 POST http://10.180.1.21/identity/v3/auth/tokens 0.098s
2025-11-21 13:47:18.895 66176 WARNING tempest.lib.common.ssh [-] Failed to establish authenticated ssh connection to cirros@10.180.180.254 ([Errno None] Unable to connect to port 22 on 10.180.180.254). Number attempts: 5. Retry after 6 seconds.: paramiko.ssh_exception.NoValidConnectionsError: [Errno None] Unable to connect to port 22 on 10.180.180.254
2025-11-21 13:47:18.974 66178 INFO tempest.lib.common.rest_client [req-044e6b1a-7753-4c8e-bf98-42171c25e8b8 req-044e6b1a-7753-4c8e-bf98-42171c25e8b8 ] Request (ServerActionsTestOtherB:test_create_backup): 200 GET http://10.180.1.21/image/v2/images/65b7cb7b-8569-45e3-b201-5d827f11fc08 0.018s
2025-11-21 13:47:18.991 66196 INFO tempest.lib.common.rest_client [req-0254ce0a-70d2-4964-93d7-766983c66c30 req-0254ce0a-70d2-4964-93d7-766983c66c30 ] Request (ServersTestJSON:setUpClass): 200 GET http://10.180.1.21/compute/v2.1/servers/670f59c3-10b0-431f-a8b0-ef6f82a938be 2.630s
2025-11-21 13:47:19.121 66156 INFO tempest.lib.common.rest_client [req-2e01c5e7-699f-451f-a816-17ce57587981 req-2e01c5e7-699f-451f-a816-17ce57587981 ] Request (FloatingIPsAssociationNegativeTestJSON:test_associate_ip_to_server_with_floating_ip): 200 POST http://10.180.1.21/compute/v2.1/os-floating-ips 3.086s
2025-11-21 13:47:19.142 66166 INFO tempest.lib.common.rest_client [req-3eef3fe9-1ca0-46ca-9595-9f6aea2cf558 req-3eef3fe9-1ca0-46ca-9595-9f6aea2cf558 ] Request (FlavorsAdminTestJSON:test_is_public_string_variations): 200 GET http://10.180.1.21/compute/v2.1/flavors/detail?is_public=no 2.583s
2025-11-21 13:47:19.147 66186 INFO tempest.lib.common.rest_client [req-4f0b6b53-5a9e-4cf7-bccf-d6b14ca98d82 req-4f0b6b53-5a9e-4cf7-bccf-d6b14ca98d82 ] Request (ServerMetadataNegativeTestJSON:test_update_metadata_non_existent_server): 404 POST http://10.180.1.21/compute/v2.1/servers/91b6d84e-c141-45a5-b108-427b28077a8b/metadata 2.585s
2025-11-21 13:47:19.194 66182 INFO tempest.lib.common.rest_client [req-8aade31b-b8d8-43e8-8033-fb71a98d50f9 req-8aade31b-b8d8-43e8-8033-fb71a98d50f9 ] Request (ImagesMetadataTestJSON:setUp): 200 PUT http://10.180.1.21/compute/v2.1/images/aa5e0d6a-fa72-4db5-b63e-518a363344ab/metadata 2.652s
2025-11-21 13:47:19.259 66174 INFO tempest.lib.common.rest_client [req-6ffa180c-16e2-4fb6-bdfe-e822149944a3 req-6ffa180c-16e2-4fb6-bdfe-e822149944a3 ] Request (VolumesAdminNegativeTest:test_update_attached_volume_with_nonexistent_volume_in_uri): 200 GET http://10.180.1.21/volume/v3/volumes/b969379f-39e3-4560-81bf-ea1c5602cc7e 0.038s
2025-11-21 13:47:19.263 66150 INFO tempest.lib.common.rest_client [req-d22dab1b-195c-4f59-9365-62fd14f0beb0 req-d22dab1b-195c-4f59-9365-62fd14f0beb0 ] Request (DeleteServersAdminTestJSON:test_delete_server_while_in_error_state): 202 POST http://10.180.1.21/compute/v2.1/servers/27ce0779-2fa2-44d2-a424-072183c022a6/action 2.208s
2025-11-21 13:47:19.266 66174 INFO tempest.common.waiters [-] volume b969379f-39e3-4560-81bf-ea1c5602cc7e reached available after waiting for 1.266315 seconds
2025-11-21 13:47:19.325 66194 INFO tempest.lib.common.rest_client [req-90abe053-f15c-45f8-940b-e0e5834232e2 req-90abe053-f15c-45f8-940b-e0e5834232e2 ] Request (ServerShowV247Test:tearDownClass): 200 GET http://10.180.1.21/compute/v2.1/servers/78b545b3-1f84-4ea8-b180-f9039f2ea4b1 2.199s
2025-11-21 13:47:19.362 66154 INFO tempest.lib.common.rest_client [req-a99ddecd-2f8c-4869-b02a-faed5647f6ba req-a99ddecd-2f8c-4869-b02a-faed5647f6ba ] Request (QuotasAdminTestV257:test_get_updated_quotas): 200 PUT http://10.180.1.21/compute/v2.1/os-quota-sets/fccd9064bf9847c0b0903fd471ebf92d?user_id=05542af9ca5346f1970d9893ad8479d0 2.342s
2025-11-21 13:47:19.368 66206 INFO tempest.lib.common.rest_client [req-d41c6d7d-85b0-49bf-9a17-8fd9b546a99f req-d41c6d7d-85b0-49bf-9a17-8fd9b546a99f ] Request (MultipleCreateNegativeTestJSON:test_min_count_less_than_one): 400 POST http://10.180.1.21/compute/v2.1/servers 2.166s
2025-11-21 13:47:19.435 66206 INFO tempest.lib.common.rest_client [req-3e2d8f5f-d72b-41eb-8755-3d43742e63db req-3e2d8f5f-d72b-41eb-8755-3d43742e63db ] Request (MultipleCreateNegativeTestJSON:test_min_count_non_integer): 201 POST http://10.180.1.21/identity/v3/auth/tokens 0.061s
2025-11-21 13:47:19.436 66206 INFO tempest.lib.common.fixed_network [-] (MultipleCreateNegativeTestJSON:test_min_count_non_integer) Found network None available for tenant
2025-11-21 13:47:19.446 66172 INFO tempest.lib.common.rest_client [req-247802ba-e1e7-49c9-8b00-63896dba9451 req-247802ba-e1e7-49c9-8b00-63896dba9451 ] Request (ImagesTestJSON:test_create_image_from_stopped_server): 200 GET http://10.180.1.21/compute/v2.1/servers/42a9c6f2-08f0-4548-9101-685fc3930c7d 2.252s
2025-11-21 13:47:19.555 66198 INFO tempest.lib.common.rest_client [req-c26f4cbf-0b5a-4396-af4e-d2f482502cea req-c26f4cbf-0b5a-4396-af4e-d2f482502cea ] Request (ServersTestBootFromVolume:setUpClass): 200 GET http://10.180.1.21/volume/v3/volumes/54d80a3e-5ce3-4d33-81c8-cec9bc49f0ea 0.042s
2025-11-21 13:47:19.557 66168 INFO tempest.lib.common.rest_client [req-0c0ffc69-7c99-4103-b5dc-4d43f9f99ce4 req-0c0ffc69-7c99-4103-b5dc-4d43f9f99ce4 ] Request (MigrationsAdminTest:test_list_migrations_in_flavor_resize_situation): 200 GET http://10.180.1.21/compute/v2.1/servers/ed55713e-8bf1-4960-8309-47498b163d02 2.253s
2025-11-21 13:47:19.596 66192 INFO tempest.lib.common.rest_client [req-061a0862-22f2-4663-983f-594dd25aca1e req-061a0862-22f2-4663-983f-594dd25aca1e ] Request (ServerGroupTestJSON:test_create_server_with_scheduler_hint_group): 200 GET http://10.180.1.21/compute/v2.1/servers/d240b3f7-d3e9-49e0-81a0-013bd1c2fe0c 2.248s
2025-11-21 13:47:19.605 66192 INFO tempest.common.waiters [-] State transition "BUILD/None" ==> "BUILD/spawning" after 30 second wait
2025-11-21 13:47:19.667 66158 INFO tempest.lib.common.rest_client [req-7ac6e916-ce92-437d-9656-19a7b84f2a22 req-7ac6e916-ce92-437d-9656-19a7b84f2a22 ] Request (ServersV294TestFqdnHostnames:setUpClass): 200 GET http://10.180.1.21/compute/v2.1/servers/6215ea56-f99c-42f3-a2d5-f4d31952c8e6 2.152s
2025-11-21 13:47:19.723 66160 INFO tempest.lib.common.rest_client [req-59034887-ae95-424f-839a-71346d90ea80 req-59034887-ae95-424f-839a-71346d90ea80 ] Request (FloatingIPsAssociationTestJSON:setUpClass): 200 GET http://10.180.1.21/compute/v2.1/servers/12a0d54d-187c-49b7-ba13-b6c1ddf4e9b1 2.291s
2025-11-21 13:47:19.744 66152 INFO tempest.lib.common.rest_client [req-77c9a160-e654-4e21-bbaa-28d5b661f86c req-77c9a160-e654-4e21-bbaa-28d5b661f86c ] Request (ServersAdminTestJSON:test_create_server_with_scheduling_hint): 200 GET http://10.180.1.21/compute/v2.1/servers/86ac6437-511a-4d72-aff0-0325e2d633f6 2.125s
2025-11-21 13:47:19.800 66180 INFO tempest.lib.common.rest_client [req-56a782c3-1a6b-45ff-bd22-77e967db1207 req-56a782c3-1a6b-45ff-bd22-77e967db1207 ] Request (ServerDiagnosticsNegativeTest:tearDownClass): 200 GET http://10.180.1.21/compute/v2.1/servers/15aba949-c04c-4021-add8-2e9d4e4771db 2.120s
2025-11-21 13:47:19.813 66144 INFO tempest.lib.common.rest_client [req-aacf3c1a-386c-44c5-b02d-83f9686bec6f req-aacf3c1a-386c-44c5-b02d-83f9686bec6f ] Request (ServerDiskConfigTestJSON:test_rebuild_server_with_manual_disk_config): 200 GET http://10.180.1.21/compute/v2.1/servers/bcdf4a61-a2e8-4ca6-92fc-faddf5371290 2.072s
2025-11-21 13:47:19.841 66200 INFO tempest.lib.common.rest_client [req-ec77873d-03a8-4185-a7c8-6ba4bedea065 req-ec77873d-03a8-4185-a7c8-6ba4bedea065 ] Request (TenantUsagesTestJSON:tearDownClass): 404 GET http://10.180.1.21/compute/v2.1/servers/350f3c86-063c-4ed5-895b-fc621b2fa825 1.624s
2025-11-21 13:47:19.878 66184 INFO tempest.lib.common.rest_client [req-8b85989b-bcdc-4c92-9f78-bfa46c741a49 req-8b85989b-bcdc-4c92-9f78-bfa46c741a49 ] Request (ServerShowV257Test:tearDownClass): 200 GET http://10.180.1.21/compute/v2.1/servers/54b0945e-c9f5-4726-928e-de1d0ded5aae 2.077s
2025-11-21 13:47:19.945 66148 INFO tempest.lib.common.rest_client [req-c56e87b9-fa4e-43fd-9354-69069d6ba47e req-c56e87b9-fa4e-43fd-9354-69069d6ba47e ] Request (ServersNegativeTestMultiTenantJSON:setUpClass): 200 GET http://10.180.1.21/compute/v2.1/servers/06f8fc6f-428c-4e40-8815-f0c78d27fa38 1.648s
2025-11-21 13:47:19.968 66162 INFO tempest.lib.common.rest_client [req-b5fcbb96-3f5a-49ba-ac9c-47158bfc06cb req-b5fcbb96-3f5a-49ba-ac9c-47158bfc06cb ] Request (ImagesDeleteNegativeTestJSON:test_delete_image_negative_image_id): 404 DELETE http://10.180.1.21/compute/v2.1/images/-1 1.573s
2025-11-21 13:47:19.974 66146 INFO tempest.lib.common.rest_client [req-615e0ca9-a660-49ce-9b76-ac95e58f3cca req-615e0ca9-a660-49ce-9b76-ac95e58f3cca ] Request (SecurityGroupsTestAdminJSON:test_list_security_groups_list_all_tenants_filter): 200 GET http://10.180.1.21/compute/v2.1/os-security-groups?all_tenants=true 1.703s
2025-11-21 13:47:19.984 66202 INFO tempest.lib.common.rest_client [req-c2ac362e-976b-4f64-850b-f3c843f99ab0 req-c2ac362e-976b-4f64-850b-f3c843f99ab0 ] Request (KeyPairsV22TestJSON:test_keypairs_create_list_delete): 200 GET http://10.180.1.21/compute/v2.1/os-keypairs 1.546s
2025-11-21 13:47:19.984 66204 WARNING tempest.lib.common.ssh [-] Failed to establish authenticated ssh connection to cirros@10.180.180.235 ([Errno None] Unable to connect to port 22 on 10.180.180.235). Number attempts: 6. Retry after 7 seconds.: paramiko.ssh_exception.NoValidConnectionsError: [Errno None] Unable to connect to port 22 on 10.180.180.235
2025-11-21 13:47:19.986 66200 INFO tempest.lib.common.rest_client [req-b68caa0a-a54c-41a2-888d-9714747b41ee req-b68caa0a-a54c-41a2-888d-9714747b41ee ] Request (TenantUsagesTestJSON:tearDownClass): 204 DELETE http://10.180.1.21/identity/v3/users/18b72b92f6ee46ec8fc27a57cebbd659 0.144s
2025-11-21 13:47:20.001 66178 INFO tempest.lib.common.rest_client [req-a4c48880-eae9-4817-ba0d-6d460ce6aa1f req-a4c48880-eae9-4817-ba0d-6d460ce6aa1f ] Request (ServerActionsTestOtherB:test_create_backup): 200 GET http://10.180.1.21/image/v2/images/65b7cb7b-8569-45e3-b201-5d827f11fc08 0.025s
2025-11-21 13:47:20.051 66190 INFO tempest.lib.common.rest_client [req-7971f164-a77f-4a84-a978-299efa2a90a8 req-7971f164-a77f-4a84-a978-299efa2a90a8 ] Request (ServersListShow296Test:test_list_show_update_rebuild_server_296): 200 GET http://10.180.1.21/compute/v2.1/servers/0548399d-ec7a-4d0c-b436-9ef93c4e2d37 1.485s
2025-11-21 13:47:20.121 66188 INFO tempest.lib.common.rest_client [req-e2229803-652c-4899-9eb5-5827027e2593 req-e2229803-652c-4899-9eb5-5827027e2593 ] Request (AZV2TestJSON:test_get_availability_zone_list_with_non_admin_user): 200 GET http://10.180.1.21/compute/v2.1/os-availability-zone 1.414s
2025-11-21 13:47:20.133 66166 INFO tempest.lib.common.rest_client [req-b404888f-2168-430a-af68-c903b272e61c req-b404888f-2168-430a-af68-c903b272e61c ] Request (FlavorsAdminTestJSON:test_is_public_string_variations): 200 GET http://10.180.1.21/compute/v2.1/flavors/detail?is_public=0 0.988s
2025-11-21 13:47:20.134 66200 INFO tempest.lib.common.rest_client [req-3217e66e-3ea8-4cc6-bfec-f67661cf0eac req-3217e66e-3ea8-4cc6-bfec-f67661cf0eac ] Request (TenantUsagesTestJSON:tearDownClass): 204 DELETE http://10.180.1.21/identity/v3/users/e3bbf2cba18248078209b46340f113a4 0.148s
2025-11-21 13:47:20.135 66200 INFO tempest.lib.common.dynamic_creds [-] Deleting project and security group for project: 65eb2dae008549259c476b0b6e6ecde0
2025-11-21 13:47:20.141 66186 INFO tempest.lib.common.rest_client [req-b9d5bd6c-8d28-43ff-a1a7-d49a2bfbf80d req-b9d5bd6c-8d28-43ff-a1a7-d49a2bfbf80d ] Request (ServerMetadataNegativeTestJSON:test_update_metadata_with_blank_key): 400 POST http://10.180.1.21/compute/v2.1/servers/4d8f46cd-1c36-4e43-8110-66e9c991f28d/metadata 0.992s
2025-11-21 13:47:20.212 66170 INFO tempest.lib.common.rest_client [req-104f6716-4604-43b3-8a32-028f23ef8e8a req-104f6716-4604-43b3-8a32-028f23ef8e8a ] Request (ServerActionsTestOtherA:test_rebuild_server_in_stop_state): 200 GET http://10.180.1.21/compute/v2.1/servers/4b7f1c2f-2b1e-4d24-814b-c8095d875e3c 1.046s
2025-11-21 13:47:20.215 66200 INFO tempest.lib.common.rest_client [req-75fb187f-35c1-4ed1-81af-c810a60f0aea req-75fb187f-35c1-4ed1-81af-c810a60f0aea ] Request (TenantUsagesTestJSON:tearDownClass): 201 POST http://10.180.1.21/identity/v3/auth/tokens 0.080s
