2025-11-21 13:48:56.687 66172 INFO tempest.lib.common.rest_client [req-091f8da6-2285-4b92-95ed-a6dc29455269 req-091f8da6-2285-4b92-95ed-a6dc29455269 ] Request (ImagesTestJSON:test_create_server_from_snapshot): 200 GET http://10.180.1.21/compute/v2.1/servers/37471e59-1809-4df3-8c40-20921d04d18e 0.261s
2025-11-21 13:48:56.713 66144 INFO tempest.lib.common.rest_client [req-0b1e0600-81f0-4c82-a069-9d446aba8a3e req-0b1e0600-81f0-4c82-a069-9d446aba8a3e ] Request (ServerDiskConfigTestJSON:test_resize_server_from_auto_to_manual): 200 GET http://10.180.1.21/compute/v2.1/servers/f75000e6-f3bf-4951-a541-3aa185339054 0.307s
2025-11-21 13:48:56.747 66166 INFO tempest.lib.common.rest_client [req-f42caeb7-97e0-45c5-a8b8-d12a2a7b939e req-f42caeb7-97e0-45c5-a8b8-d12a2a7b939e ] Request (ListImageFiltersTestJSON:setUpClass): 200 GET http://10.180.1.21/compute/v2.1/servers/47ff3955-5d9b-4d90-b8b1-276a0ce58a21 0.304s
2025-11-21 13:48:56.767 66170 INFO tempest.lib.common.rest_client [req-ffccb901-5a87-4c91-a4c0-0c71f68c5bce req-ffccb901-5a87-4c91-a4c0-0c71f68c5bce ] Request (ServerActionsTestOtherA:test_rebuild_server_with_volume_attached): 200 GET http://10.180.1.21/compute/v2.1/servers/f160e4a5-1e91-495e-800e-116ec435d8e1 0.276s
2025-11-21 13:48:56.814 66182 INFO tempest.lib.common.rest_client [req-de2a2dfe-d5ba-4a49-8b79-a7ceac00ac3c req-de2a2dfe-d5ba-4a49-8b79-a7ceac00ac3c ] Request (ServerShowV254Test:tearDownClass): 200 GET http://10.180.1.21/compute/v2.1/servers/cef78616-dcbd-4ccd-ab65-c9d52d8b8b2e 0.315s
2025-11-21 13:48:56.826 66202 INFO tempest.lib.common.rest_client [req-57e995b9-e2a8-445f-9ca0-32a96c921e2d req-57e995b9-e2a8-445f-9ca0-32a96c921e2d ] Request (InstanceActionsTestJSON:tearDownClass): 200 GET http://10.180.1.21/compute/v2.1/servers/6be541bd-06fd-4959-9987-d250011b3f1d 0.266s
2025-11-21 13:48:56.878 66174 INFO tempest.lib.common.rest_client [req-049a063c-b565-466e-ba33-8b0503680fc3 req-049a063c-b565-466e-ba33-8b0503680fc3 ] Request (DeleteServersTestJSON:test_delete_active_server): 200 GET http://10.180.1.21/compute/v2.1/servers/caceb296-5da2-4b4d-b955-5d7a238ff939 0.167s
2025-11-21 13:48:56.945 66186 INFO tempest.lib.common.rest_client [req-af5fd43f-1f9d-476e-9aa8-ff1574924fca req-af5fd43f-1f9d-476e-9aa8-ff1574924fca ] Request (ServerRescueNegativeTestJSON:setUpClass): 200 GET http://10.180.1.21/compute/v2.1/servers/d78d36e6-a542-4ba8-9e29-b8a7b28c559e 0.228s
2025-11-21 13:48:56.955 66206 INFO tempest.lib.common.rest_client [req-eaa4104a-f00a-4d71-acab-205a9271db20 req-eaa4104a-f00a-4d71-acab-205a9271db20 ] Request (ServerMetadataTestJSON:tearDownClass): 200 GET http://10.180.1.21/compute/v2.1/servers/6aa4b17b-816c-4d84-8f74-a81185f3af65 0.166s
2025-11-21 13:48:56.956 66186 INFO tempest.common.waiters [-] State transition "BUILD/spawning" ==> "ACTIVE/None" after 42 second wait
2025-11-21 13:48:57.009 66204 INFO tempest.lib.common.rest_client [req-cb91e4a0-ae80-4423-afa0-035f7189b1be req-cb91e4a0-ae80-4423-afa0-035f7189b1be ] Request (VolumesAssistedSnapshotsTest:tearDownClass): 200 GET http://10.180.1.21/compute/v2.1/servers/5b701040-025c-4246-ad54-f2cf478e998d 0.128s
2025-11-21 13:48:57.022 66190 INFO tempest.lib.common.rest_client [req-c2242632-d0e0-41b8-a9ca-330d6b2ca468 req-c2242632-d0e0-41b8-a9ca-330d6b2ca468 ] Request (ServersListShow296Test:tearDownClass): 200 GET http://10.180.1.21/compute/v2.1/servers/0548399d-ec7a-4d0c-b436-9ef93c4e2d37 0.130s
2025-11-21 13:48:57.069 66176 INFO tempest.lib.common.rest_client [req-79873955-69b4-4ebc-9f8a-afee7c1c6bc2 req-79873955-69b4-4ebc-9f8a-afee7c1c6bc2 ] Request (ServersWithSpecificFlavorTestJSON:test_verify_created_server_ephemeral_disk): 200 GET http://10.180.1.21/compute/v2.1/servers/bbf6a242-9873-44b9-8938-2f8df11a1018 0.138s
2025-11-21 13:48:57.146 66180 INFO tempest.lib.common.rest_client [req-a82e35af-aa74-41cd-a684-d52a708e4191 req-a82e35af-aa74-41cd-a684-d52a708e4191 ] Request (ServerAddressesNegativeTestJSON:tearDownClass): 200 GET http://10.180.1.21/compute/v2.1/servers/72111766-217d-469f-ad92-ca0ce0e67090 0.161s
2025-11-21 13:48:57.155 66186 INFO tempest.lib.common.rest_client [req-ad153bdf-d723-405e-97ef-1ab8117824be req-ad153bdf-d723-405e-97ef-1ab8117824be ] Request (ServerRescueNegativeTestJSON:setUpClass): 200 POST http://10.180.1.21/compute/v2.1/servers/d78d36e6-a542-4ba8-9e29-b8a7b28c559e/action 0.198s
2025-11-21 13:48:57.216 66156 INFO tempest.lib.common.rest_client [req-a8b98024-0271-4ae3-9b9a-f6e16697d728 req-a8b98024-0271-4ae3-9b9a-f6e16697d728 ] Request (AttachInterfacesUnderV243Test:test_add_remove_fixed_ip): 200 GET http://10.180.1.21/compute/v2.1/servers/2f32bb1d-11e2-4469-a1e0-5fbc1baab3d9 0.180s
2025-11-21 13:48:57.227 66158 INFO paramiko.transport [-] Connected (version 2.0, client dropbear_2020.81)
2025-11-21 13:48:57.311 66168 INFO tempest.lib.common.rest_client [req-709405bb-a61e-4481-93d3-fe063fb97c8b req-709405bb-a61e-4481-93d3-fe063fb97c8b ] Request (MigrationsAdminTest:test_resize_server_revert_deleted_flavor): 200 GET http://10.180.1.21/compute/v2.1/servers/f4a490a2-f2b1-4eac-8c1a-a18758583c70 0.298s
2025-11-21 13:48:57.330 66186 INFO tempest.lib.common.rest_client [req-6b6652e2-92c6-4113-8acf-ce8b992d470e req-6b6652e2-92c6-4113-8acf-ce8b992d470e ] Request (ServerRescueNegativeTestJSON:setUpClass): 200 GET http://10.180.1.21/compute/v2.1/servers/d78d36e6-a542-4ba8-9e29-b8a7b28c559e 0.174s
2025-11-21 13:48:57.336 66158 INFO paramiko.transport [-] Authentication (publickey) successful!
2025-11-21 13:48:57.337 66158 INFO tempest.lib.common.ssh [-] ssh connection to cirros@10.180.180.206 successfully created
2025-11-21 13:48:57.355 66158 INFO tempest.lib.common.ssh [-] Creating ssh connection to '10.180.180.206:22' as 'cirros' with public key authentication
2025-11-21 13:48:57.358 66158 INFO paramiko.transport [-] Connected (version 2.0, client dropbear_2020.81)
2025-11-21 13:48:57.364 66198 INFO tempest.lib.common.rest_client [req-7837474a-961e-42f8-a054-e146975798f5 req-7837474a-961e-42f8-a054-e146975798f5 ] Request (ServersTestBootFromVolume:tearDownClass): 200 GET http://10.180.1.21/compute/v2.1/servers/54ad3472-0cca-4dca-91f2-8c343f706926 0.198s
2025-11-21 13:48:57.395 66160 INFO tempest.lib.common.rest_client [req-6d551a8c-a591-44a9-b8fa-b766afba2138 req-6d551a8c-a591-44a9-b8fa-b766afba2138 ] Request (FloatingIPsAssociationTestJSON:tearDownClass): 200 GET http://10.180.1.21/compute/v2.1/servers/f604c16d-2a86-40d3-9891-5b33309b3047 0.156s
2025-11-21 13:48:57.419 66158 INFO paramiko.transport [-] Authentication (publickey) successful!
2025-11-21 13:48:57.419 66158 INFO tempest.lib.common.ssh [-] ssh connection to cirros@10.180.180.206 successfully created
2025-11-21 13:48:57.433 66150 INFO tempest.lib.common.rest_client [req-81b57bf7-a315-47d9-bcf5-43c97a1a7614 req-81b57bf7-a315-47d9-bcf5-43c97a1a7614 ] Request (ServersAdmin275Test:test_rebuild_update_server_275): 200 GET http://10.180.1.21/compute/v2.1/servers/a813d102-1b77-4214-8eab-2cd66e002912 0.119s
2025-11-21 13:48:57.810 66152 INFO tempest.lib.common.rest_client [req-11b79e42-2c4a-40fc-ac19-8a30142693c4 req-11b79e42-2c4a-40fc-ac19-8a30142693c4 ] Request (ServersAdminTestJSON:test_rebuild_server_in_error_state): 200 GET http://10.180.1.21/compute/v2.1/servers/5cef20ed-d9f0-4237-ae9d-da401b953904 0.376s
2025-11-21 13:48:57.832 66194 INFO tempest.lib.common.rest_client [req-d4ec216a-2b32-43b6-8a58-ac49898bfdc3 req-d4ec216a-2b32-43b6-8a58-ac49898bfdc3 ] Request (ServersListShow2100Test:test_list_show_rebuild_update_server_2100): 200 GET http://10.180.1.21/compute/v2.1/servers/93e1ade8-4c57-4db9-9da3-388e3eea91bd 0.318s
2025-11-21 13:48:57.962 66154 INFO tempest.lib.common.rest_client [req-da275b6d-8b22-46f5-9899-58c51bfb803e req-da275b6d-8b22-46f5-9899-58c51bfb803e ] Request (ServersAdminNegativeTestJSON:test_migrate_server_invalid_state): 200 GET http://10.180.1.21/compute/v2.1/servers/5c7a1693-62f2-454e-9406-0b4a132ebf25 0.364s
2025-11-21 13:48:57.971 66154 INFO tempest.common.waiters [-] State transition "BUILD/None" ==> "BUILD/block_device_mapping" after 37 second wait
2025-11-21 13:48:57.985 66178 INFO tempest.lib.common.rest_client [req-82b60418-8e25-4a00-affb-505219f726ee req-82b60418-8e25-4a00-affb-505219f726ee ] Request (ServerActionsTestOtherB:test_resize_server_confirm_from_stopped): 200 GET http://10.180.1.21/compute/v2.1/servers/eceafff8-7d28-4b9b-ade6-5736d5977efa 0.362s
2025-11-21 13:48:58.018 66172 INFO tempest.lib.common.rest_client [req-298f911d-17bb-4101-b1d1-0a4bb04419f3 req-298f911d-17bb-4101-b1d1-0a4bb04419f3 ] Request (ImagesTestJSON:test_create_server_from_snapshot): 200 GET http://10.180.1.21/compute/v2.1/servers/37471e59-1809-4df3-8c40-20921d04d18e 0.322s
2025-11-21 13:48:58.068 66166 INFO tempest.lib.common.rest_client [req-c30b4762-128e-429d-8002-6f5867da383a req-c30b4762-128e-429d-8002-6f5867da383a ] Request (ListImageFiltersTestJSON:setUpClass): 200 GET http://10.180.1.21/compute/v2.1/servers/47ff3955-5d9b-4d90-b8b1-276a0ce58a21 0.314s
2025-11-21 13:48:58.092 66144 INFO tempest.lib.common.rest_client [req-91faae09-a297-4e1d-8869-92e254394447 req-91faae09-a297-4e1d-8869-92e254394447 ] Request (ServerDiskConfigTestJSON:test_resize_server_from_auto_to_manual): 200 GET http://10.180.1.21/compute/v2.1/servers/f75000e6-f3bf-4951-a541-3aa185339054 0.369s
2025-11-21 13:48:58.140 66170 INFO tempest.lib.common.rest_client [req-5904c470-257c-4b14-a5fe-39b113d17d31 req-5904c470-257c-4b14-a5fe-39b113d17d31 ] Request (ServerActionsTestOtherA:test_rebuild_server_with_volume_attached): 200 GET http://10.180.1.21/compute/v2.1/servers/f160e4a5-1e91-495e-800e-116ec435d8e1 0.364s
2025-11-21 13:48:58.147 66170 INFO tempest.common.waiters [-] State transition "BUILD/scheduling" ==> "BUILD/None" after 4 second wait
2025-11-21 13:48:58.156 66182 INFO tempest.lib.common.rest_client [req-42496fa4-320c-4719-8aab-68518128b54c req-42496fa4-320c-4719-8aab-68518128b54c ] Request (ServerShowV254Test:tearDownClass): 200 GET http://10.180.1.21/compute/v2.1/servers/cef78616-dcbd-4ccd-ab65-c9d52d8b8b2e 0.332s
2025-11-21 13:48:58.195 66202 INFO tempest.lib.common.rest_client [req-f7ad9b87-1380-4128-94bc-e2952bf148de req-f7ad9b87-1380-4128-94bc-e2952bf148de ] Request (InstanceActionsTestJSON:tearDownClass): 200 GET http://10.180.1.21/compute/v2.1/servers/6be541bd-06fd-4959-9987-d250011b3f1d 0.360s
2025-11-21 13:48:58.241 66174 INFO tempest.lib.common.rest_client [req-88fad7b5-ea54-40a6-9a6f-b85466a9dd2f req-88fad7b5-ea54-40a6-9a6f-b85466a9dd2f ] Request (DeleteServersTestJSON:test_delete_active_server): 200 GET http://10.180.1.21/compute/v2.1/servers/caceb296-5da2-4b4d-b955-5d7a238ff939 0.353s
2025-11-21 13:48:58.292 66206 INFO tempest.lib.common.rest_client [req-76f6202b-bda3-41b0-ad44-06073014c278 req-76f6202b-bda3-41b0-ad44-06073014c278 ] Request (ServerMetadataTestJSON:tearDownClass): 200 GET http://10.180.1.21/compute/v2.1/servers/6aa4b17b-816c-4d84-8f74-a81185f3af65 0.326s
2025-11-21 13:48:58.306 66204 INFO tempest.lib.common.rest_client [req-c320afd6-0759-4937-9926-6323d3a2972f req-c320afd6-0759-4937-9926-6323d3a2972f ] Request (VolumesAssistedSnapshotsTest:tearDownClass): 200 GET http://10.180.1.21/compute/v2.1/servers/5b701040-025c-4246-ad54-f2cf478e998d 0.288s
2025-11-21 13:48:58.367 66176 INFO tempest.lib.common.rest_client [req-b9520416-f3cb-4a2d-9623-aed1a4a2e309 req-b9520416-f3cb-4a2d-9623-aed1a4a2e309 ] Request (ServersWithSpecificFlavorTestJSON:test_verify_created_server_ephemeral_disk): 200 GET http://10.180.1.21/compute/v2.1/servers/bbf6a242-9873-44b9-8938-2f8df11a1018 0.289s
2025-11-21 13:48:58.388 66190 INFO tempest.lib.common.rest_client [req-46246c35-bc85-4dc6-a1fd-2cfe1da221c5 req-46246c35-bc85-4dc6-a1fd-2cfe1da221c5 ] Request (ServersListShow296Test:tearDownClass): 200 GET http://10.180.1.21/compute/v2.1/servers/0548399d-ec7a-4d0c-b436-9ef93c4e2d37 0.353s
2025-11-21 13:48:58.426 66180 INFO tempest.lib.common.rest_client [req-fe5b1ce0-735d-487f-8699-c9c8c68cc2b2 req-fe5b1ce0-735d-487f-8699-c9c8c68cc2b2 ] Request (ServerAddressesNegativeTestJSON:tearDownClass): 200 GET http://10.180.1.21/compute/v2.1/servers/72111766-217d-469f-ad92-ca0ce0e67090 0.272s
2025-11-21 13:48:58.487 66156 INFO tempest.lib.common.rest_client [req-edb33956-1ae4-45e8-a42b-30ca4514be65 req-edb33956-1ae4-45e8-a42b-30ca4514be65 ] Request (AttachInterfacesUnderV243Test:test_add_remove_fixed_ip): 200 GET http://10.180.1.21/compute/v2.1/servers/2f32bb1d-11e2-4469-a1e0-5fbc1baab3d9 0.259s
2025-11-21 13:48:58.638 66168 INFO tempest.lib.common.rest_client [req-b47e5a4a-a5b3-4cba-b57d-a0b1708832f2 req-b47e5a4a-a5b3-4cba-b57d-a0b1708832f2 ] Request (MigrationsAdminTest:test_resize_server_revert_deleted_flavor): 200 GET http://10.180.1.21/compute/v2.1/servers/f4a490a2-f2b1-4eac-8c1a-a18758583c70 0.315s
2025-11-21 13:48:58.674 66186 INFO tempest.lib.common.rest_client [req-2e1c51e7-9283-4989-9235-cf798e1ec278 req-2e1c51e7-9283-4989-9235-cf798e1ec278 ] Request (ServerRescueNegativeTestJSON:setUpClass): 200 GET http://10.180.1.21/compute/v2.1/servers/d78d36e6-a542-4ba8-9e29-b8a7b28c559e 0.337s
2025-11-21 13:48:58.734 66198 INFO tempest.lib.common.rest_client [req-83501379-5d53-4f2d-bf5a-e21e96a5f960 req-83501379-5d53-4f2d-bf5a-e21e96a5f960 ] Request (ServersTestBootFromVolume:tearDownClass): 200 GET http://10.180.1.21/compute/v2.1/servers/54ad3472-0cca-4dca-91f2-8c343f706926 0.356s
2025-11-21 13:48:58.742 66198 INFO tempest.common.waiters [-] State transition "ACTIVE/deleting" ==> "DELETED/None" after 5 second wait
2025-11-21 13:48:58.753 66160 INFO tempest.lib.common.rest_client [req-cc28da53-e1fe-46a4-acf8-13a0cf3f639d req-cc28da53-e1fe-46a4-acf8-13a0cf3f639d ] Request (FloatingIPsAssociationTestJSON:tearDownClass): 200 GET http://10.180.1.21/compute/v2.1/servers/f604c16d-2a86-40d3-9891-5b33309b3047 0.351s
2025-11-21 13:48:58.801 66150 INFO tempest.lib.common.rest_client [req-1734e0b2-31ab-40d8-8805-9688fc760a7a req-1734e0b2-31ab-40d8-8805-9688fc760a7a ] Request (ServersAdmin275Test:test_rebuild_update_server_275): 200 GET http://10.180.1.21/compute/v2.1/servers/a813d102-1b77-4214-8eab-2cd66e002912 0.344s
2025-11-21 13:48:58.971 66194 INFO tempest.lib.common.rest_client [req-d1a3567b-e478-4f55-b4f9-2f1549b103f1 req-d1a3567b-e478-4f55-b4f9-2f1549b103f1 ] Request (ServersListShow2100Test:test_list_show_rebuild_update_server_2100): 200 GET http://10.180.1.21/compute/v2.1/servers/93e1ade8-4c57-4db9-9da3-388e3eea91bd 0.123s
2025-11-21 13:48:58.982 66152 INFO tempest.lib.common.rest_client [req-7757c2f9-5b7f-4314-99d2-3f23d0472b3c req-7757c2f9-5b7f-4314-99d2-3f23d0472b3c ] Request (ServersAdminTestJSON:test_rebuild_server_in_error_state): 200 GET http://10.180.1.21/compute/v2.1/servers/5cef20ed-d9f0-4237-ae9d-da401b953904 0.161s
2025-11-21 13:48:58.992 66152 INFO tempest.common.waiters [-] State transition "REBUILD/rebuild_spawning" ==> "ACTIVE/None" after 9 second wait
2025-11-21 13:48:59.120 66154 INFO tempest.lib.common.rest_client [req-12d7254f-2701-4932-bcce-c8ea560b21ea req-12d7254f-2701-4932-bcce-c8ea560b21ea ] Request (ServersAdminNegativeTestJSON:test_migrate_server_invalid_state): 200 GET http://10.180.1.21/compute/v2.1/servers/5c7a1693-62f2-454e-9406-0b4a132ebf25 0.146s
2025-11-21 13:48:59.129 66154 INFO tempest.common.waiters [-] State transition "BUILD/block_device_mapping" ==> "BUILD/spawning" after 39 second wait
2025-11-21 13:48:59.147 66152 INFO tempest.lib.common.rest_client [req-f477c192-8784-440c-98ff-6593740fed6f req-f477c192-8784-440c-98ff-6593740fed6f ] Request (ServersAdminTestJSON:test_rebuild_server_in_error_state): 200 GET http://10.180.1.21/compute/v2.1/servers/5cef20ed-d9f0-4237-ae9d-da401b953904 0.155s
2025-11-21 13:48:59.212 66172 INFO tempest.lib.common.rest_client [req-6de250c8-f6bd-4ae1-8c16-44cc72cc7dea req-6de250c8-f6bd-4ae1-8c16-44cc72cc7dea ] Request (ImagesTestJSON:test_create_server_from_snapshot): 200 GET http://10.180.1.21/compute/v2.1/servers/37471e59-1809-4df3-8c40-20921d04d18e 0.186s
2025-11-21 13:48:59.244 66178 INFO tempest.lib.common.rest_client [req-f8a7d896-c318-4858-b39c-31f9e6497ef0 req-f8a7d896-c318-4858-b39c-31f9e6497ef0 ] Request (ServerActionsTestOtherB:test_resize_server_confirm_from_stopped): 200 GET http://10.180.1.21/compute/v2.1/servers/eceafff8-7d28-4b9b-ade6-5736d5977efa 0.249s
2025-11-21 13:48:59.282 66166 INFO tempest.lib.common.rest_client [req-b4721e51-f023-4716-978f-4e2f640de262 req-b4721e51-f023-4716-978f-4e2f640de262 ] Request (ListImageFiltersTestJSON:setUpClass): 200 GET http://10.180.1.21/compute/v2.1/servers/47ff3955-5d9b-4d90-b8b1-276a0ce58a21 0.205s
2025-11-21 13:48:59.328 66170 INFO tempest.lib.common.rest_client [req-0437ccaa-5355-4b21-8ce1-05ff0004310b req-0437ccaa-5355-4b21-8ce1-05ff0004310b ] Request (ServerActionsTestOtherA:test_rebuild_server_with_volume_attached): 200 GET http://10.180.1.21/compute/v2.1/servers/f160e4a5-1e91-495e-800e-116ec435d8e1 0.179s
2025-11-21 13:48:59.370 66144 INFO tempest.lib.common.rest_client [req-b1d61643-fa68-4b9e-b9a6-5456caca8cb9 req-b1d61643-fa68-4b9e-b9a6-5456caca8cb9 ] Request (ServerDiskConfigTestJSON:test_resize_server_from_auto_to_manual): 200 GET http://10.180.1.21/compute/v2.1/servers/f75000e6-f3bf-4951-a541-3aa185339054 0.271s
2025-11-21 13:48:59.431 66182 INFO tempest.lib.common.rest_client [req-0c948fcb-b580-4030-9594-3bce1170bac2 req-0c948fcb-b580-4030-9594-3bce1170bac2 ] Request (ServerShowV254Test:tearDownClass): 200 GET http://10.180.1.21/compute/v2.1/servers/cef78616-dcbd-4ccd-ab65-c9d52d8b8b2e 0.263s
2025-11-21 13:48:59.468 66152 INFO tempest.lib.common.rest_client [req-b7de556e-f673-4652-9e57-63e200db1da6 req-b7de556e-f673-4652-9e57-63e200db1da6 ] Request (ServersAdminTestJSON:_run_cleanups): 202 POST http://10.180.1.21/compute/v2.1/servers/5cef20ed-d9f0-4237-ae9d-da401b953904/action 0.310s
2025-11-21 13:48:59.507 66202 INFO tempest.lib.common.rest_client [req-4e13c2d8-eaec-495e-a619-2bca9ef597e1 req-4e13c2d8-eaec-495e-a619-2bca9ef597e1 ] Request (InstanceActionsTestJSON:tearDownClass): 200 GET http://10.180.1.21/compute/v2.1/servers/6be541bd-06fd-4959-9987-d250011b3f1d 0.305s
2025-11-21 13:48:59.528 66174 INFO tempest.lib.common.rest_client [req-b4a1195f-7433-4966-8d3a-776023edd275 req-b4a1195f-7433-4966-8d3a-776023edd275 ] Request (DeleteServersTestJSON:test_delete_active_server): 200 GET http://10.180.1.21/compute/v2.1/servers/caceb296-5da2-4b4d-b955-5d7a238ff939 0.277s
2025-11-21 13:48:59.573 66206 INFO tempest.lib.common.rest_client [req-d2276030-76a8-4fc5-9cac-0812de695751 req-d2276030-76a8-4fc5-9cac-0812de695751 ] Request (ServerMetadataTestJSON:tearDownClass): 200 GET http://10.180.1.21/compute/v2.1/servers/6aa4b17b-816c-4d84-8f74-a81185f3af65 0.272s
2025-11-21 13:48:59.582 66204 INFO tempest.lib.common.rest_client [req-339ddec4-ed7e-474e-a90d-a97f59871bde req-339ddec4-ed7e-474e-a90d-a97f59871bde ] Request (VolumesAssistedSnapshotsTest:tearDownClass): 200 GET http://10.180.1.21/compute/v2.1/servers/5b701040-025c-4246-ad54-f2cf478e998d 0.268s
2025-11-21 13:48:59.619 66176 INFO tempest.lib.common.rest_client [req-bc7d7736-72ac-4ee0-8344-ba62ec4806f8 req-bc7d7736-72ac-4ee0-8344-ba62ec4806f8 ] Request (ServersWithSpecificFlavorTestJSON:test_verify_created_server_ephemeral_disk): 200 GET http://10.180.1.21/compute/v2.1/servers/bbf6a242-9873-44b9-8938-2f8df11a1018 0.242s
2025-11-21 13:48:59.644 66190 INFO tempest.lib.common.rest_client [req-5c6f3996-6add-4610-9093-8093334ad617 req-5c6f3996-6add-4610-9093-8093334ad617 ] Request (ServersListShow296Test:tearDownClass): 200 GET http://10.180.1.21/compute/v2.1/servers/0548399d-ec7a-4d0c-b436-9ef93c4e2d37 0.242s
2025-11-21 13:48:59.685 66180 INFO tempest.lib.common.rest_client [req-644e9cfd-b9e8-42cf-aaa0-262b3c081df1 req-644e9cfd-b9e8-42cf-aaa0-262b3c081df1 ] Request (ServerAddressesNegativeTestJSON:tearDownClass): 200 GET http://10.180.1.21/compute/v2.1/servers/72111766-217d-469f-ad92-ca0ce0e67090 0.251s
2025-11-21 13:48:59.734 66156 INFO tempest.lib.common.rest_client [req-dd7a1a2d-bdc5-4128-b15d-3a38863263cb req-dd7a1a2d-bdc5-4128-b15d-3a38863263cb ] Request (AttachInterfacesUnderV243Test:test_add_remove_fixed_ip): 200 GET http://10.180.1.21/compute/v2.1/servers/2f32bb1d-11e2-4469-a1e0-5fbc1baab3d9 0.238s
2025-11-21 13:48:59.750 66152 INFO tempest.lib.common.rest_client [req-0520d529-c605-4304-804f-ddb76b491a09 req-0520d529-c605-4304-804f-ddb76b491a09 ] Request (ServersAdminTestJSON:_run_cleanups): 200 GET http://10.180.1.21/compute/v2.1/servers/5cef20ed-d9f0-4237-ae9d-da401b953904 0.275s
2025-11-21 13:48:59.822 66168 INFO tempest.lib.common.rest_client [req-22f6a8e7-e2d7-413a-bdb2-d72844062292 req-22f6a8e7-e2d7-413a-bdb2-d72844062292 ] Request (MigrationsAdminTest:test_resize_server_revert_deleted_flavor): 200 GET http://10.180.1.21/compute/v2.1/servers/f4a490a2-f2b1-4eac-8c1a-a18758583c70 0.169s
2025-11-21 13:48:59.832 66146 WARNING tempest.lib.common.ssh [-] Failed to establish authenticated ssh connection to cirros@10.180.180.223 ([Errno None] Unable to connect to port 22 on 10.180.180.223). Number attempts: 1. Retry after 2 seconds.: paramiko.ssh_exception.NoValidConnectionsError: [Errno None] Unable to connect to port 22 on 10.180.180.223
2025-11-21 13:48:59.849 66186 INFO tempest.lib.common.rest_client [req-f88d9c2b-73a6-45a3-98a2-68b8b317827c req-f88d9c2b-73a6-45a3-98a2-68b8b317827c ] Request (ServerRescueNegativeTestJSON:setUpClass): 200 GET http://10.180.1.21/compute/v2.1/servers/d78d36e6-a542-4ba8-9e29-b8a7b28c559e 0.156s
2025-11-21 13:48:59.881 66198 INFO tempest.lib.common.rest_client [req-d8cde2b7-e056-4107-83b5-fbd884574017 req-d8cde2b7-e056-4107-83b5-fbd884574017 ] Request (ServersTestBootFromVolume:tearDownClass): 200 GET http://10.180.1.21/compute/v2.1/servers/54ad3472-0cca-4dca-91f2-8c343f706926 0.137s
2025-11-21 13:48:59.914 66160 INFO tempest.lib.common.rest_client [req-eaef86ef-bcc7-4b8d-bdda-f3eec3e42044 req-eaef86ef-bcc7-4b8d-bdda-f3eec3e42044 ] Request (FloatingIPsAssociationTestJSON:tearDownClass): 200 GET http://10.180.1.21/compute/v2.1/servers/f604c16d-2a86-40d3-9891-5b33309b3047 0.153s
2025-11-21 13:48:59.943 66150 INFO tempest.lib.common.rest_client [req-a75a465a-18a0-47ad-9e5e-7049f492039f req-a75a465a-18a0-47ad-9e5e-7049f492039f ] Request (ServersAdmin275Test:test_rebuild_update_server_275): 200 GET http://10.180.1.21/compute/v2.1/servers/a813d102-1b77-4214-8eab-2cd66e002912 0.127s
2025-11-21 13:49:00.061 66194 INFO tempest.lib.common.rest_client [req-125bdd62-9dfa-4558-9df9-b6f80da11b4f req-125bdd62-9dfa-4558-9df9-b6f80da11b4f ] Request (ServersListShow2100Test:test_list_show_rebuild_update_server_2100): 200 GET http://10.180.1.21/compute/v2.1/servers/93e1ade8-4c57-4db9-9da3-388e3eea91bd 0.068s
2025-11-21 13:49:00.235 66154 INFO tempest.lib.common.rest_client [req-8735e5f6-3ba2-487b-8ef9-8257ef5b89a0 req-8735e5f6-3ba2-487b-8ef9-8257ef5b89a0 ] Request (ServersAdminNegativeTestJSON:test_migrate_server_invalid_state): 200 GET http://10.180.1.21/compute/v2.1/servers/5c7a1693-62f2-454e-9406-0b4a132ebf25 0.104s
2025-11-21 13:49:00.272 66172 INFO tempest.lib.common.rest_client [req-ae32f8f9-f266-4dab-9f6c-0d71c288d0cf req-ae32f8f9-f266-4dab-9f6c-0d71c288d0cf ] Request (ImagesTestJSON:test_create_server_from_snapshot): 200 GET http://10.180.1.21/compute/v2.1/servers/37471e59-1809-4df3-8c40-20921d04d18e 0.050s
2025-11-21 13:49:00.369 66166 INFO tempest.lib.common.rest_client [req-2da07a2a-a4d3-42a9-9186-30b16b4246e1 req-2da07a2a-a4d3-42a9-9186-30b16b4246e1 ] Request (ListImageFiltersTestJSON:setUpClass): 200 GET http://10.180.1.21/compute/v2.1/servers/47ff3955-5d9b-4d90-b8b1-276a0ce58a21 0.079s
2025-11-21 13:49:00.400 66178 INFO tempest.lib.common.rest_client [req-7126e9ac-d8ad-451e-969f-6dc350380cf7 req-7126e9ac-d8ad-451e-969f-6dc350380cf7 ] Request (ServerActionsTestOtherB:test_resize_server_confirm_from_stopped): 200 GET http://10.180.1.21/compute/v2.1/servers/eceafff8-7d28-4b9b-ade6-5736d5977efa 0.147s
2025-11-21 13:49:00.442 66170 INFO tempest.lib.common.rest_client [req-b4cc2ba6-f2ff-4db5-9538-31dfb5bb8126 req-b4cc2ba6-f2ff-4db5-9538-31dfb5bb8126 ] Request (ServerActionsTestOtherA:test_rebuild_server_with_volume_attached): 200 GET http://10.180.1.21/compute/v2.1/servers/f160e4a5-1e91-495e-800e-116ec435d8e1 0.106s
2025-11-21 13:49:00.549 66182 INFO tempest.lib.common.rest_client [req-eea0c174-a577-41d5-98d7-3087dee7f941 req-eea0c174-a577-41d5-98d7-3087dee7f941 ] Request (ServerShowV254Test:tearDownClass): 200 GET http://10.180.1.21/compute/v2.1/servers/cef78616-dcbd-4ccd-ab65-c9d52d8b8b2e 0.104s
2025-11-21 13:49:00.569 66144 INFO tempest.lib.common.rest_client [req-4b979581-96f0-4f34-aba6-bf8fe71e6720 req-4b979581-96f0-4f34-aba6-bf8fe71e6720 ] Request (ServerDiskConfigTestJSON:test_resize_server_from_auto_to_manual): 200 GET http://10.180.1.21/compute/v2.1/servers/f75000e6-f3bf-4951-a541-3aa185339054 0.190s
2025-11-21 13:49:00.576 66144 INFO tempest.common.waiters [-] State transition "BUILD/spawning" ==> "ACTIVE/None" after 45 second wait
2025-11-21 13:49:00.607 66202 INFO tempest.lib.common.rest_client [req-8b8216d8-9878-4927-9215-e0b379ee5472 req-8b8216d8-9878-4927-9215-e0b379ee5472 ] Request (InstanceActionsTestJSON:tearDownClass): 200 GET http://10.180.1.21/compute/v2.1/servers/6be541bd-06fd-4959-9987-d250011b3f1d 0.084s
2025-11-21 13:49:00.630 66174 INFO tempest.lib.common.rest_client [req-9b7036e7-2f5b-45c1-96e8-d856c9f3c614 req-9b7036e7-2f5b-45c1-96e8-d856c9f3c614 ] Request (DeleteServersTestJSON:test_delete_active_server): 200 GET http://10.180.1.21/compute/v2.1/servers/caceb296-5da2-4b4d-b955-5d7a238ff939 0.094s
2025-11-21 13:49:00.718 66206 INFO tempest.lib.common.rest_client [req-39f13e41-bd17-4ff7-9fa1-c2705186eb1a req-39f13e41-bd17-4ff7-9fa1-c2705186eb1a ] Request (ServerMetadataTestJSON:tearDownClass): 200 GET http://10.180.1.21/compute/v2.1/servers/6aa4b17b-816c-4d84-8f74-a81185f3af65 0.137s
2025-11-21 13:49:00.731 66196 INFO paramiko.transport [-] Connected (version 2.0, client dropbear_2020.81)
2025-11-21 13:49:00.746 66144 INFO tempest.lib.common.rest_client [req-ffeefaf0-6954-4183-a873-75d2c8f161c4 req-ffeefaf0-6954-4183-a873-75d2c8f161c4 ] Request (ServerDiskConfigTestJSON:test_resize_server_from_auto_to_manual): 200 GET http://10.180.1.21/compute/v2.1/servers/f75000e6-f3bf-4951-a541-3aa185339054 0.169s
2025-11-21 13:49:00.788 66204 INFO tempest.lib.common.rest_client [req-425dc4e4-60af-43e0-a441-22be72d881ac req-425dc4e4-60af-43e0-a441-22be72d881ac ] Request (VolumesAssistedSnapshotsTest:tearDownClass): 200 GET http://10.180.1.21/compute/v2.1/servers/5b701040-025c-4246-ad54-f2cf478e998d 0.197s
2025-11-21 13:49:00.802 66176 INFO tempest.lib.common.rest_client [req-aa35911c-feba-4cf6-bbb1-78232e97d628 req-aa35911c-feba-4cf6-bbb1-78232e97d628 ] Request (ServersWithSpecificFlavorTestJSON:test_verify_created_server_ephemeral_disk): 200 GET http://10.180.1.21/compute/v2.1/servers/bbf6a242-9873-44b9-8938-2f8df11a1018 0.172s
2025-11-21 13:49:00.844 66196 INFO paramiko.transport [-] Authentication (publickey) successful!
2025-11-21 13:49:00.845 66196 INFO tempest.lib.common.ssh [-] ssh connection to cirros@10.180.180.202 successfully created
2025-11-21 13:49:00.858 66190 INFO tempest.lib.common.rest_client [req-3393a03f-b0c0-47c8-9dc3-1aa68a6dc8cc req-3393a03f-b0c0-47c8-9dc3-1aa68a6dc8cc ] Request (ServersListShow296Test:tearDownClass): 200 GET http://10.180.1.21/compute/v2.1/servers/0548399d-ec7a-4d0c-b436-9ef93c4e2d37 0.201s
2025-11-21 13:49:00.858 66180 INFO tempest.lib.common.rest_client [req-6ad930f8-b1ea-4708-8480-d81bf314a423 req-6ad930f8-b1ea-4708-8480-d81bf314a423 ] Request (ServerAddressesNegativeTestJSON:tearDownClass): 200 GET http://10.180.1.21/compute/v2.1/servers/72111766-217d-469f-ad92-ca0ce0e67090 0.162s
2025-11-21 13:49:00.912 66156 INFO tempest.lib.common.rest_client [req-46f91d25-7b64-451e-a151-075139e5b828 req-46f91d25-7b64-451e-a151-075139e5b828 ] Request (AttachInterfacesUnderV243Test:test_add_remove_fixed_ip): 200 GET http://10.180.1.21/compute/v2.1/servers/2f32bb1d-11e2-4469-a1e0-5fbc1baab3d9 0.171s
2025-11-21 13:49:00.912 66144 INFO tempest.lib.common.rest_client [req-16c13853-2925-4b7a-9741-700f958bbdb2 req-16c13853-2925-4b7a-9741-700f958bbdb2 ] Request (ServerDiskConfigTestJSON:test_resize_server_from_auto_to_manual): 200 PUT http://10.180.1.21/compute/v2.1/servers/f75000e6-f3bf-4951-a541-3aa185339054 0.159s
2025-11-21 13:49:01.044 66152 INFO tempest.lib.common.rest_client [req-2de80bdc-5744-4c48-9384-112e35d53b9b req-2de80bdc-5744-4c48-9384-112e35d53b9b ] Request (ServersAdminTestJSON:_run_cleanups): 200 GET http://10.180.1.21/compute/v2.1/servers/5cef20ed-d9f0-4237-ae9d-da401b953904 0.285s
2025-11-21 13:49:01.047 66168 INFO tempest.lib.common.rest_client [req-82c5fb79-2b04-467c-9052-552d64b71298 req-82c5fb79-2b04-467c-9052-552d64b71298 ] Request (MigrationsAdminTest:test_resize_server_revert_deleted_flavor): 200 GET http://10.180.1.21/compute/v2.1/servers/f4a490a2-f2b1-4eac-8c1a-a18758583c70 0.218s
2025-11-21 13:49:01.095 66196 INFO tempest.lib.common.rest_client [req-6eaa6074-c407-4cb7-bb1a-6a0add821685 req-6eaa6074-c407-4cb7-bb1a-6a0add821685 ] Request (ServersTestJSON:test_list_servers): 200 GET http://10.180.1.21/compute/v2.1/servers 0.238s
2025-11-21 13:49:01.151 66198 INFO tempest.lib.common.rest_client [req-47fcfcde-5f8c-4199-b513-8d52b2f01c35 req-47fcfcde-5f8c-4199-b513-8d52b2f01c35 ] Request (ServersTestBootFromVolume:tearDownClass): 200 GET http://10.180.1.21/compute/v2.1/servers/54ad3472-0cca-4dca-91f2-8c343f706926 0.258s
2025-11-21 13:49:01.180 66186 INFO tempest.lib.common.rest_client [req-716b3b61-de73-4663-afdc-97ea1a721b14 req-716b3b61-de73-4663-afdc-97ea1a721b14 ] Request (ServerRescueNegativeTestJSON:setUpClass): 200 GET http://10.180.1.21/compute/v2.1/servers/d78d36e6-a542-4ba8-9e29-b8a7b28c559e 0.322s
2025-11-21 13:49:01.243 66160 INFO tempest.lib.common.rest_client [req-04bd734a-6cdd-468d-86b6-673055162468 req-04bd734a-6cdd-468d-86b6-673055162468 ] Request (FloatingIPsAssociationTestJSON:tearDownClass): 200 GET http://10.180.1.21/compute/v2.1/servers/f604c16d-2a86-40d3-9891-5b33309b3047 0.321s
2025-11-21 13:49:01.250 66144 INFO tempest.lib.common.rest_client [req-a370bd91-3642-4231-abdd-1b405c889eba req-a370bd91-3642-4231-abdd-1b405c889eba ] Request (ServerDiskConfigTestJSON:test_resize_server_from_auto_to_manual): 200 GET http://10.180.1.21/compute/v2.1/servers/f75000e6-f3bf-4951-a541-3aa185339054 0.332s
2025-11-21 13:49:01.301 66150 INFO tempest.lib.common.rest_client [req-b31557e1-5c34-4d61-93f2-b22dd54cc1eb req-b31557e1-5c34-4d61-93f2-b22dd54cc1eb ] Request (ServersAdmin275Test:test_rebuild_update_server_275): 200 GET http://10.180.1.21/compute/v2.1/servers/a813d102-1b77-4214-8eab-2cd66e002912 0.348s
2025-11-21 13:49:01.312 66194 INFO tempest.lib.common.rest_client [req-1ee02ed5-cb85-41cb-9b03-84783507ce94 req-1ee02ed5-cb85-41cb-9b03-84783507ce94 ] Request (ServersListShow2100Test:test_list_show_rebuild_update_server_2100): 200 GET http://10.180.1.21/compute/v2.1/servers/93e1ade8-4c57-4db9-9da3-388e3eea91bd 0.238s
2025-11-21 13:49:01.400 66154 INFO tempest.lib.common.rest_client [req-fafad3b0-aefb-4135-8d6c-4c6c53e19e87 req-fafad3b0-aefb-4135-8d6c-4c6c53e19e87 ] Request (ServersAdminNegativeTestJSON:test_migrate_server_invalid_state): 200 GET http://10.180.1.21/compute/v2.1/servers/5c7a1693-62f2-454e-9406-0b4a132ebf25 0.157s
2025-11-21 13:49:01.453 66196 INFO tempest.lib.common.rest_client [req-b408d202-0f96-4d6f-88e4-cf73637860c3 req-b408d202-0f96-4d6f-88e4-cf73637860c3 ] Request (ServersTestJSON:test_list_servers_with_detail): 200 GET http://10.180.1.21/compute/v2.1/servers/detail 0.354s
2025-11-21 13:49:01.500 66172 INFO tempest.lib.common.rest_client [req-0d7ebc38-2a65-41b1-a495-66debdfb2bb8 req-0d7ebc38-2a65-41b1-a495-66debdfb2bb8 ] Request (ImagesTestJSON:test_create_server_from_snapshot): 200 GET http://10.180.1.21/compute/v2.1/servers/37471e59-1809-4df3-8c40-20921d04d18e 0.220s
2025-11-21 13:49:01.505 66144 INFO tempest.lib.common.rest_client [req-2e6a0994-908c-4fd5-afff-115936a2f5dd req-2e6a0994-908c-4fd5-afff-115936a2f5dd ] Request (ServerDiskConfigTestJSON:test_resize_server_from_auto_to_manual): 200 GET http://10.180.1.21/compute/v2.1/servers/f75000e6-f3bf-4951-a541-3aa185339054 0.247s
2025-11-21 13:49:01.507 66172 INFO tempest.common.waiters [-] State transition "BUILD/scheduling" ==> "BUILD/None" after 5 second wait
2025-11-21 13:49:01.553 66166 INFO tempest.lib.common.rest_client [req-0cdc3276-d0ff-4499-8f81-97c0bb6114f9 req-0cdc3276-d0ff-4499-8f81-97c0bb6114f9 ] Request (ListImageFiltersTestJSON:setUpClass): 200 GET http://10.180.1.21/compute/v2.1/servers/47ff3955-5d9b-4d90-b8b1-276a0ce58a21 0.173s
2025-11-21 13:49:01.607 66170 INFO tempest.lib.common.rest_client [req-bc907134-cf32-48ab-9b55-40ff70c2695c req-bc907134-cf32-48ab-9b55-40ff70c2695c ] Request (ServerActionsTestOtherA:test_rebuild_server_with_volume_attached): 200 GET http://10.180.1.21/compute/v2.1/servers/f160e4a5-1e91-495e-800e-116ec435d8e1 0.154s
2025-11-21 13:49:01.620 66196 INFO tempest.lib.common.rest_client [req-52fceef3-fb3a-4c74-83ed-d59c144d3ef5 req-52fceef3-fb3a-4c74-83ed-d59c144d3ef5 ] Request (ServersTestJSON:test_verify_created_server_vcpus): 200 GET http://10.180.1.21/compute/v2.1/flavors/42 0.157s
2025-11-21 13:49:01.622 66196 INFO tempest.lib.common.ssh [-] Creating ssh connection to '10.180.180.202:22' as 'cirros' with public key authentication
2025-11-21 13:49:01.626 66196 INFO paramiko.transport [-] Connected (version 2.0, client dropbear_2020.81)
2025-11-21 13:49:01.631 66178 INFO tempest.lib.common.rest_client [req-a720aee1-bf4f-4b41-b0c0-556d0e5cfcd4 req-a720aee1-bf4f-4b41-b0c0-556d0e5cfcd4 ] Request (ServerActionsTestOtherB:test_resize_server_confirm_from_stopped): 200 GET http://10.180.1.21/compute/v2.1/servers/eceafff8-7d28-4b9b-ade6-5736d5977efa 0.222s
2025-11-21 13:49:01.703 66182 INFO tempest.lib.common.rest_client [req-311294c5-7a47-4364-a5f6-d64e33e3dbed req-311294c5-7a47-4364-a5f6-d64e33e3dbed ] Request (ServerShowV254Test:tearDownClass): 200 GET http://10.180.1.21/compute/v2.1/servers/cef78616-dcbd-4ccd-ab65-c9d52d8b8b2e 0.141s
2025-11-21 13:49:01.730 66196 INFO paramiko.transport [-] Authentication (publickey) successful!
2025-11-21 13:49:01.731 66196 INFO tempest.lib.common.ssh [-] ssh connection to cirros@10.180.180.202 successfully created
2025-11-21 13:49:01.762 66202 INFO tempest.lib.common.rest_client [req-b7668a52-c96f-4ad9-863a-e014e1ebb798 req-b7668a52-c96f-4ad9-863a-e014e1ebb798 ] Request (InstanceActionsTestJSON:tearDownClass): 200 GET http://10.180.1.21/compute/v2.1/servers/6be541bd-06fd-4959-9987-d250011b3f1d 0.142s
2025-11-21 13:49:01.814 66174 INFO tempest.lib.common.rest_client [req-c0d84eb3-dbc7-4a76-b0e8-56b71a064517 req-c0d84eb3-dbc7-4a76-b0e8-56b71a064517 ] Request (DeleteServersTestJSON:test_delete_active_server): 200 GET http://10.180.1.21/compute/v2.1/servers/caceb296-5da2-4b4d-b955-5d7a238ff939 0.176s
2025-11-21 13:49:01.875 66206 INFO tempest.lib.common.rest_client [req-a0e26076-2c22-41d6-bd6c-11a92404e4c4 req-a0e26076-2c22-41d6-bd6c-11a92404e4c4 ] Request (ServerMetadataTestJSON:tearDownClass): 200 GET http://10.180.1.21/compute/v2.1/servers/6aa4b17b-816c-4d84-8f74-a81185f3af65 0.148s
2025-11-21 13:49:01.929 66144 INFO tempest.lib.common.rest_client [req-c70e4b83-e099-46b7-9a60-11d5d212f4f9 req-c70e4b83-e099-46b7-9a60-11d5d212f4f9 ] Request (ServerDiskConfigTestJSON:test_resize_server_from_auto_to_manual): 202 POST http://10.180.1.21/compute/v2.1/servers/f75000e6-f3bf-4951-a541-3aa185339054/action 0.417s
2025-11-21 13:49:01.961 66196 INFO tempest.lib.common.rest_client [req-9ff8c5dd-7021-4d48-8005-31fc3fc65d4d req-9ff8c5dd-7021-4d48-8005-31fc3fc65d4d ] Request (ServersTestJSON:tearDownClass): 204 DELETE http://10.180.1.21/compute/v2.1/servers/670f59c3-10b0-431f-a8b0-ef6f82a938be 0.223s
2025-11-21 13:49:01.994 66204 INFO tempest.lib.common.rest_client [req-8385ce38-0787-4255-8387-d325f96100ce req-8385ce38-0787-4255-8387-d325f96100ce ] Request (VolumesAssistedSnapshotsTest:tearDownClass): 200 GET http://10.180.1.21/compute/v2.1/servers/5b701040-025c-4246-ad54-f2cf478e998d 0.199s
2025-11-21 13:49:02.013 66176 INFO tempest.lib.common.rest_client [req-f1b0f071-862b-4151-8e08-dca30e043338 req-f1b0f071-862b-4151-8e08-dca30e043338 ] Request (ServersWithSpecificFlavorTestJSON:test_verify_created_server_ephemeral_disk): 200 GET http://10.180.1.21/compute/v2.1/servers/bbf6a242-9873-44b9-8938-2f8df11a1018 0.203s
2025-11-21 13:49:02.035 66190 INFO tempest.lib.common.rest_client [req-b5f0b80c-afa3-4c8f-870e-cefd1265f975 req-b5f0b80c-afa3-4c8f-870e-cefd1265f975 ] Request (ServersListShow296Test:tearDownClass): 404 GET http://10.180.1.21/compute/v2.1/servers/0548399d-ec7a-4d0c-b436-9ef93c4e2d37 0.160s
2025-11-21 13:49:02.059 66180 INFO tempest.lib.common.rest_client [req-69a7b429-42f2-4858-90de-5a77a503584f req-69a7b429-42f2-4858-90de-5a77a503584f ] Request (ServerAddressesNegativeTestJSON:tearDownClass): 200 GET http://10.180.1.21/compute/v2.1/servers/72111766-217d-469f-ad92-ca0ce0e67090 0.191s
2025-11-21 13:49:02.087 66156 INFO tempest.lib.common.rest_client [req-5a06d984-1d62-43db-80f6-5570e219a595 req-5a06d984-1d62-43db-80f6-5570e219a595 ] Request (AttachInterfacesUnderV243Test:test_add_remove_fixed_ip): 200 GET http://10.180.1.21/compute/v2.1/servers/2f32bb1d-11e2-4469-a1e0-5fbc1baab3d9 0.164s
2025-11-21 13:49:02.191 66144 INFO tempest.lib.common.rest_client [req-12042682-b9f7-438b-861c-c2f757eafe66 req-12042682-b9f7-438b-861c-c2f757eafe66 ] Request (ServerDiskConfigTestJSON:test_resize_server_from_auto_to_manual): 200 GET http://10.180.1.21/compute/v2.1/servers/f75000e6-f3bf-4951-a541-3aa185339054 0.261s
2025-11-21 13:49:02.194 66190 INFO tempest.lib.common.rest_client [req-aabca46e-6e03-4d1c-8c66-9a1933d22644 req-aabca46e-6e03-4d1c-8c66-9a1933d22644 ] Request (ServersListShow296Test:tearDownClass): 204 DELETE http://10.180.1.21/identity/v3/users/593b934af99d46d1a0de82062383b39a 0.158s
2025-11-21 13:49:02.194 66190 INFO tempest.lib.common.dynamic_creds [-] Deleting project and security group for project: 359e353356894e3eb252292f654cc606
2025-11-21 13:49:02.276 66190 INFO tempest.lib.common.rest_client [req-860a2de0-acd9-4dd1-837f-b8f57e954bf3 req-860a2de0-acd9-4dd1-837f-b8f57e954bf3 ] Request (ServersListShow296Test:tearDownClass): 201 POST http://10.180.1.21/identity/v3/auth/tokens 0.082s
2025-11-21 13:49:02.300 66196 INFO tempest.lib.common.rest_client [req-940b7700-2615-4b54-8a80-bf254466e1f8 req-940b7700-2615-4b54-8a80-bf254466e1f8 ] Request (ServersTestJSON:tearDownClass): 200 GET http://10.180.1.21/compute/v2.1/servers/670f59c3-10b0-431f-a8b0-ef6f82a938be 0.338s
2025-11-21 13:49:02.356 66152 INFO tempest.lib.common.rest_client [req-d127b871-d648-4aa2-a48c-2fc54f5f3611 req-d127b871-d648-4aa2-a48c-2fc54f5f3611 ] Request (ServersAdminTestJSON:_run_cleanups): 200 GET http://10.180.1.21/compute/v2.1/servers/5cef20ed-d9f0-4237-ae9d-da401b953904 0.303s
2025-11-21 13:49:02.414 66168 INFO tempest.lib.common.rest_client [req-8e89fd54-94ef-418d-a898-6899bace550d req-8e89fd54-94ef-418d-a898-6899bace550d ] Request (MigrationsAdminTest:test_resize_server_revert_deleted_flavor): 200 GET http://10.180.1.21/compute/v2.1/servers/f4a490a2-f2b1-4eac-8c1a-a18758583c70 0.360s
2025-11-21 13:49:02.428 66198 INFO tempest.lib.common.rest_client [req-be77fb6d-58d1-427a-ae41-526279766c48 req-be77fb6d-58d1-427a-ae41-526279766c48 ] Request (ServersTestBootFromVolume:tearDownClass): 200 GET http://10.180.1.21/compute/v2.1/servers/54ad3472-0cca-4dca-91f2-8c343f706926 0.270s
2025-11-21 13:49:02.454 66190 INFO tempest.lib.common.rest_client [req-c935717b-6e7c-4448-bc1a-a111b817aef6 req-c935717b-6e7c-4448-bc1a-a111b817aef6 ] Request (ServersListShow296Test:tearDownClass): 200 GET http://10.180.1.21/networking/v2.0/security-groups?tenant_id=359e353356894e3eb252292f654cc606&name=default 0.178s
2025-11-21 13:49:02.528 66160 INFO tempest.lib.common.rest_client [req-c1a01b83-fd7a-474a-b160-aa66d8211aec req-c1a01b83-fd7a-474a-b160-aa66d8211aec ] Request (FloatingIPsAssociationTestJSON:tearDownClass): 200 GET http://10.180.1.21/compute/v2.1/servers/f604c16d-2a86-40d3-9891-5b33309b3047 0.276s
2025-11-21 13:49:02.533 66190 INFO tempest.lib.common.rest_client [req-a796168c-302b-40ed-9456-e395afce1c40 req-a796168c-302b-40ed-9456-e395afce1c40 ] Request (ServersListShow296Test:tearDownClass): 204 DELETE http://10.180.1.21/networking/v2.0/security-groups/ac74bb0f-cd75-4a79-a0ca-22c7aad29cdc 0.078s
2025-11-21 13:49:02.548 66186 INFO tempest.lib.common.rest_client [req-a2eb89f1-031c-4941-aeb3-1eb6c71afb2c req-a2eb89f1-031c-4941-aeb3-1eb6c71afb2c ] Request (ServerRescueNegativeTestJSON:setUpClass): 200 GET http://10.180.1.21/compute/v2.1/servers/d78d36e6-a542-4ba8-9e29-b8a7b28c559e 0.360s
2025-11-21 13:49:02.586 66150 INFO tempest.lib.common.rest_client [req-049bcda8-64cb-40f9-8064-df5da6b966d9 req-049bcda8-64cb-40f9-8064-df5da6b966d9 ] Request (ServersAdmin275Test:test_rebuild_update_server_275): 200 GET http://10.180.1.21/compute/v2.1/servers/a813d102-1b77-4214-8eab-2cd66e002912 0.275s
2025-11-21 13:49:02.597 66190 INFO tempest.lib.common.rest_client [req-0f1429ae-77a2-4f10-99db-9093481bffe2 req-0f1429ae-77a2-4f10-99db-9093481bffe2 ] Request (ServersListShow296Test:tearDownClass): 204 DELETE http://10.180.1.21/identity/v3/projects/359e353356894e3eb252292f654cc606 0.064s
2025-11-21 13:49:02.617 66194 INFO tempest.lib.common.rest_client [req-d7a18b4c-7c2c-4278-bf83-90a2afc58b8c req-d7a18b4c-7c2c-4278-bf83-90a2afc58b8c ] Request (ServersListShow2100Test:test_list_show_rebuild_update_server_2100): 200 GET http://10.180.1.21/compute/v2.1/servers/93e1ade8-4c57-4db9-9da3-388e3eea91bd 0.293s
2025-11-21 13:49:02.694 66172 INFO tempest.lib.common.rest_client [req-86a38957-9e6e-4e12-87df-3f8bdd1e2d9b req-86a38957-9e6e-4e12-87df-3f8bdd1e2d9b ] Request (ImagesTestJSON:test_create_server_from_snapshot): 200 GET http://10.180.1.21/compute/v2.1/servers/37471e59-1809-4df3-8c40-20921d04d18e 0.186s
2025-11-21 13:49:02.779 66166 INFO tempest.lib.common.rest_client [req-4f7f395e-a8a9-40ef-96ee-eff71b1cf0c8 req-4f7f395e-a8a9-40ef-96ee-eff71b1cf0c8 ] Request (ListImageFiltersTestJSON:setUpClass): 200 GET http://10.180.1.21/compute/v2.1/servers/47ff3955-5d9b-4d90-b8b1-276a0ce58a21 0.217s
2025-11-21 13:49:02.806 66154 INFO tempest.lib.common.rest_client [req-ec45c82d-9fc0-44f7-ba15-19e29de93d10 req-ec45c82d-9fc0-44f7-ba15-19e29de93d10 ] Request (ServersAdminNegativeTestJSON:test_migrate_server_invalid_state): 200 GET http://10.180.1.21/compute/v2.1/servers/5c7a1693-62f2-454e-9406-0b4a132ebf25 0.397s
2025-11-21 13:49:02.850 66170 INFO tempest.lib.common.rest_client [req-2437ab2d-a427-4e8e-b484-96450393573b req-2437ab2d-a427-4e8e-b484-96450393573b ] Request (ServerActionsTestOtherA:test_rebuild_server_with_volume_attached): 200 GET http://10.180.1.21/compute/v2.1/servers/f160e4a5-1e91-495e-800e-116ec435d8e1 0.234s
2025-11-21 13:49:02.896 66146 WARNING tempest.lib.common.ssh [-] Failed to establish authenticated ssh connection to cirros@10.180.180.223 ([Errno None] Unable to connect to port 22 on 10.180.180.223). Number attempts: 2. Retry after 3 seconds.: paramiko.ssh_exception.NoValidConnectionsError: [Errno None] Unable to connect to port 22 on 10.180.180.223
2025-11-21 13:49:02.923 66182 INFO tempest.lib.common.rest_client [req-413256c4-0045-4733-93c4-76f33324fdf7 req-413256c4-0045-4733-93c4-76f33324fdf7 ] Request (ServerShowV254Test:tearDownClass): 200 GET http://10.180.1.21/compute/v2.1/servers/cef78616-dcbd-4ccd-ab65-c9d52d8b8b2e 0.209s
2025-11-21 13:49:02.937 66178 INFO tempest.lib.common.rest_client [req-5eae2fb6-f98b-4202-96c8-59066de15407 req-5eae2fb6-f98b-4202-96c8-59066de15407 ] Request (ServerActionsTestOtherB:test_resize_server_confirm_from_stopped): 200 GET http://10.180.1.21/compute/v2.1/servers/eceafff8-7d28-4b9b-ade6-5736d5977efa 0.298s
2025-11-21 13:49:02.945 66178 INFO tempest.common.waiters [-] State transition "RESIZE/resize_prep" ==> "RESIZE/resize_migrating" after 33 second wait
2025-11-21 13:49:02.992 66174 INFO tempest.lib.common.rest_client [req-d8eefe41-ff4e-4c6c-8b5b-347ab7bbddfb req-d8eefe41-ff4e-4c6c-8b5b-347ab7bbddfb ] Request (DeleteServersTestJSON:test_delete_active_server): 200 GET http://10.180.1.21/compute/v2.1/servers/caceb296-5da2-4b4d-b955-5d7a238ff939 0.168s
2025-11-21 13:49:02.998 66202 INFO tempest.lib.common.rest_client [req-ceee6a6f-83d3-4a20-9e7a-91d5a13ed9ee req-ceee6a6f-83d3-4a20-9e7a-91d5a13ed9ee ] Request (InstanceActionsTestJSON:tearDownClass): 200 GET http://10.180.1.21/compute/v2.1/servers/6be541bd-06fd-4959-9987-d250011b3f1d 0.228s
2025-11-21 13:49:03.061 66206 INFO tempest.lib.common.rest_client [req-f5ab6fa6-8871-4792-8596-6aeb588190c5 req-f5ab6fa6-8871-4792-8596-6aeb588190c5 ] Request (ServerMetadataTestJSON:tearDownClass): 200 GET http://10.180.1.21/compute/v2.1/servers/6aa4b17b-816c-4d84-8f74-a81185f3af65 0.179s
2025-11-21 13:49:03.070 66204 INFO tempest.lib.common.rest_client [req-f6850649-e967-4db6-9a33-1b4739517d9d req-f6850649-e967-4db6-9a33-1b4739517d9d ] Request (VolumesAssistedSnapshotsTest:tearDownClass): 200 GET http://10.180.1.21/compute/v2.1/servers/5b701040-025c-4246-ad54-f2cf478e998d 0.066s
2025-11-21 13:49:03.119 66176 INFO tempest.lib.common.rest_client [req-138b94a8-5b85-4efb-a7e4-97a66c4062a3 req-138b94a8-5b85-4efb-a7e4-97a66c4062a3 ] Request (ServersWithSpecificFlavorTestJSON:test_verify_created_server_ephemeral_disk): 200 GET http://10.180.1.21/compute/v2.1/servers/bbf6a242-9873-44b9-8938-2f8df11a1018 0.098s
2025-11-21 13:49:03.137 66180 INFO tempest.lib.common.rest_client [req-a8a18bf4-ec77-4a19-8b28-7d7cec2f0ff7 req-a8a18bf4-ec77-4a19-8b28-7d7cec2f0ff7 ] Request (ServerAddressesNegativeTestJSON:tearDownClass): 200 GET http://10.180.1.21/compute/v2.1/servers/72111766-217d-469f-ad92-ca0ce0e67090 0.064s
2025-11-21 13:49:03.171 66156 INFO tempest.lib.common.rest_client [req-97d93f60-345b-4f30-8378-a69408a86ea2 req-97d93f60-345b-4f30-8378-a69408a86ea2 ] Request (AttachInterfacesUnderV243Test:test_add_remove_fixed_ip): 200 GET http://10.180.1.21/compute/v2.1/servers/2f32bb1d-11e2-4469-a1e0-5fbc1baab3d9 0.074s
2025-11-21 13:49:03.309 66144 INFO tempest.lib.common.rest_client [req-3a8f853b-0d24-4a17-bd58-58417086cf0c req-3a8f853b-0d24-4a17-bd58-58417086cf0c ] Request (ServerDiskConfigTestJSON:test_resize_server_from_auto_to_manual): 200 GET http://10.180.1.21/compute/v2.1/servers/f75000e6-f3bf-4951-a541-3aa185339054 0.107s
2025-11-21 13:49:03.427 66196 INFO tempest.lib.common.rest_client [req-e57cc629-706a-4c40-99b0-980d05bac8ae req-e57cc629-706a-4c40-99b0-980d05bac8ae ] Request (ServersTestJSON:tearDownClass): 200 GET http://10.180.1.21/compute/v2.1/servers/670f59c3-10b0-431f-a8b0-ef6f82a938be 0.119s
2025-11-21 13:49:03.482 66152 INFO tempest.lib.common.rest_client [req-1660adc9-b7d8-4b6f-9f08-0960000ef25d req-1660adc9-b7d8-4b6f-9f08-0960000ef25d ] Request (ServersAdminTestJSON:_run_cleanups): 200 GET http://10.180.1.21/compute/v2.1/servers/5cef20ed-d9f0-4237-ae9d-da401b953904 0.116s
2025-11-21 13:49:03.489 66152 INFO tempest.common.waiters [-] State transition "REBUILD/rebuilding" ==> "REBUILD/rebuild_spawning" after 4 second wait
2025-11-21 13:49:03.527 66168 INFO tempest.lib.common.rest_client [req-c8fe2571-e76f-4ace-9958-ff90e420e569 req-c8fe2571-e76f-4ace-9958-ff90e420e569 ] Request (MigrationsAdminTest:test_resize_server_revert_deleted_flavor): 200 GET http://10.180.1.21/compute/v2.1/servers/f4a490a2-f2b1-4eac-8c1a-a18758583c70 0.103s
2025-11-21 13:49:03.543 66198 INFO tempest.lib.common.rest_client [req-842e3811-a881-489c-b6b9-d9104d15c0f4 req-842e3811-a881-489c-b6b9-d9104d15c0f4 ] Request (ServersTestBootFromVolume:tearDownClass): 200 GET http://10.180.1.21/compute/v2.1/servers/54ad3472-0cca-4dca-91f2-8c343f706926 0.107s
2025-11-21 13:49:03.614 66160 INFO tempest.lib.common.rest_client [req-9bcdabb2-214b-4a82-8406-4ec1123f1cf5 req-9bcdabb2-214b-4a82-8406-4ec1123f1cf5 ] Request (FloatingIPsAssociationTestJSON:tearDownClass): 200 GET http://10.180.1.21/compute/v2.1/servers/f604c16d-2a86-40d3-9891-5b33309b3047 0.078s
2025-11-21 13:49:03.693 66186 INFO tempest.lib.common.rest_client [req-343c9c99-0d66-4a3f-9db1-2be0ae0f4277 req-343c9c99-0d66-4a3f-9db1-2be0ae0f4277 ] Request (ServerRescueNegativeTestJSON:setUpClass): 200 GET http://10.180.1.21/compute/v2.1/servers/d78d36e6-a542-4ba8-9e29-b8a7b28c559e 0.136s
2025-11-21 13:49:03.696 66150 INFO tempest.lib.common.rest_client [req-283b133a-862c-48d6-b85b-a738532434b5 req-283b133a-862c-48d6-b85b-a738532434b5 ] Request (ServersAdmin275Test:test_rebuild_update_server_275): 200 GET http://10.180.1.21/compute/v2.1/servers/a813d102-1b77-4214-8eab-2cd66e002912 0.099s
2025-11-21 13:49:03.772 66172 INFO tempest.lib.common.rest_client [req-e30c21ef-ff90-4265-bb06-e8d1e5728bcb req-e30c21ef-ff90-4265-bb06-e8d1e5728bcb ] Request (ImagesTestJSON:test_create_server_from_snapshot): 200 GET http://10.180.1.21/compute/v2.1/servers/37471e59-1809-4df3-8c40-20921d04d18e 0.060s
2025-11-21 13:49:03.776 66194 INFO tempest.lib.common.rest_client [req-cfaf1cfc-75c4-4b4f-a90e-30fcd11e1c9f req-cfaf1cfc-75c4-4b4f-a90e-30fcd11e1c9f ] Request (ServersListShow2100Test:test_list_show_rebuild_update_server_2100): 200 GET http://10.180.1.21/compute/v2.1/servers/93e1ade8-4c57-4db9-9da3-388e3eea91bd 0.145s
2025-11-21 13:49:03.851 66166 INFO tempest.lib.common.rest_client [req-33a382eb-5aa8-44c5-9f97-837f77166db6 req-33a382eb-5aa8-44c5-9f97-837f77166db6 ] Request (ListImageFiltersTestJSON:setUpClass): 200 GET http://10.180.1.21/compute/v2.1/servers/47ff3955-5d9b-4d90-b8b1-276a0ce58a21 0.060s
2025-11-21 13:49:03.908 66170 INFO tempest.lib.common.rest_client [req-6a4db383-770e-4b9e-95f1-99fb1dfa3857 req-6a4db383-770e-4b9e-95f1-99fb1dfa3857 ] Request (ServerActionsTestOtherA:test_rebuild_server_with_volume_attached): 200 GET http://10.180.1.21/compute/v2.1/servers/f160e4a5-1e91-495e-800e-116ec435d8e1 0.051s
