2025-11-21 13:48:16.211 66156 INFO tempest.lib.common.rest_client [req-ac539e99-e462-43d8-ab4a-df6bd0367fac req-ac539e99-e462-43d8-ab4a-df6bd0367fac ] Request (ListImagesTestJSON:tearDownClass): 204 DELETE http://10.180.1.21/networking/v2.0/security-groups/1c62fb87-d38f-4414-bbcf-cbcad1d9a645 0.121s
2025-11-21 13:48:16.226 66148 INFO tempest.lib.common.rest_client [req-ab38dd8a-5520-43a9-991f-d6090c1428f9 req-ab38dd8a-5520-43a9-991f-d6090c1428f9 ] Request (ServersNegativeTestMultiTenantJSON:tearDownClass): 204 DELETE http://10.180.1.21/identity/v3/projects/d11bb3b72fdb4f36b0e3e5a5e800fb2c 0.115s
2025-11-21 13:48:16.226 66148 INFO tempest.lib.common.dynamic_creds [-] Deleting project and security group for project: 6284c3d61bc947869abc3e3aefb14846
2025-11-21 13:48:16.274 66204 INFO tempest.lib.common.rest_client [req-b1b63e88-c280-4ad7-9163-6cfcac3c9e6e req-b1b63e88-c280-4ad7-9163-6cfcac3c9e6e ] Request (VolumesAssistedSnapshotsTest:test_volume_assisted_snapshot_create_delete): 200 POST http://10.180.1.21/compute/v2.1/servers/5b701040-025c-4246-ad54-f2cf478e998d/os-volume_attachments 2.488s
2025-11-21 13:48:16.278 66148 INFO tempest.lib.common.rest_client [req-2576defd-39b8-4750-850d-c9a4e095a07b req-2576defd-39b8-4750-850d-c9a4e095a07b ] Request (ServersNegativeTestMultiTenantJSON:tearDownClass): 200 GET http://10.180.1.21/networking/v2.0/security-groups?tenant_id=6284c3d61bc947869abc3e3aefb14846&name=default 0.051s
2025-11-21 13:48:16.285 66192 INFO tempest.lib.common.rest_client [req-4aa6d4ec-c006-4f09-a551-cffa0a67b578 req-4aa6d4ec-c006-4f09-a551-cffa0a67b578 ] Request (ServerGroupTestJSON:tearDownClass): 404 DELETE http://10.180.1.21/compute/v2.1/os-server-groups/d023da1f-e96a-46b5-9d46-ceabde0313c7 1.755s
2025-11-21 13:48:16.302 66206 INFO tempest.lib.common.rest_client [req-590a5c84-f58c-4242-88f0-77b2c7805245 req-590a5c84-f58c-4242-88f0-77b2c7805245 ] Request (ServerMetadataTestJSON:setUpClass): 200 GET http://10.180.1.21/compute/v2.1/servers/6aa4b17b-816c-4d84-8f74-a81185f3af65 1.806s
2025-11-21 13:48:16.310 66206 INFO tempest.common.waiters [-] State transition "BUILD/spawning" ==> "ACTIVE/None" after 46 second wait
2025-11-21 13:48:16.314 66204 INFO tempest.lib.common.rest_client [req-cae73b5e-289c-4ee8-9c7d-f57d8f60af1d req-cae73b5e-289c-4ee8-9c7d-f57d8f60af1d ] Request (VolumesAssistedSnapshotsTest:test_volume_assisted_snapshot_create_delete): 200 GET http://10.180.1.21/volume/v3/volumes/fe7e6d12-0fe6-42b3-847c-eb3860514545 0.039s
2025-11-21 13:48:16.320 66156 INFO tempest.lib.common.rest_client [req-ed53831d-48e7-4e36-80d8-0c36745bfc7b req-ed53831d-48e7-4e36-80d8-0c36745bfc7b ] Request (ListImagesTestJSON:tearDownClass): 204 DELETE http://10.180.1.21/identity/v3/projects/1edea27f08a445b093b066a4ec464334 0.109s
2025-11-21 13:48:16.326 66166 INFO tempest.lib.common.rest_client [req-04934457-30aa-4f0c-a023-e8ea68646737 req-04934457-30aa-4f0c-a023-e8ea68646737 ] Request (ListImageFiltersTestJSON:setUpClass): 200 GET http://10.180.1.21/compute/v2.1/images/2c0bc1b6-a5da-4e03-83ad-6920c89427db 1.775s
2025-11-21 13:48:16.339 66174 INFO tempest.lib.common.rest_client [req-1a9fe0b5-f033-4eff-ba23-6b0c7d576177 req-1a9fe0b5-f033-4eff-ba23-6b0c7d576177 ] Request (KeyPairsNegativeTestJSON:test_create_keypair_with_duplicate_name): 409 POST http://10.180.1.21/compute/v2.1/os-keypairs 1.765s
2025-11-21 13:48:16.369 66148 INFO tempest.lib.common.rest_client [req-138415c8-e2a5-40ea-ae10-6a4b7ebdb7f0 req-138415c8-e2a5-40ea-ae10-6a4b7ebdb7f0 ] Request (ServersNegativeTestMultiTenantJSON:tearDownClass): 204 DELETE http://10.180.1.21/networking/v2.0/security-groups/e285eaec-686f-4ae5-a9aa-59215e24189f 0.091s
2025-11-21 13:48:16.378 66156 INFO tempest.lib.common.rest_client [req-ac49e2b5-38b5-43cd-a0b8-74deb0173c9e req-ac49e2b5-38b5-43cd-a0b8-74deb0173c9e ] Request (AttachInterfacesUnderV243Test:setUpClass): 201 POST http://10.180.1.21/identity/v3/auth/tokens 0.056s
2025-11-21 13:48:16.413 66150 INFO tempest.lib.common.rest_client [req-655f38ff-e7b4-42e6-816b-ee4c18cede7d req-655f38ff-e7b4-42e6-816b-ee4c18cede7d ] Request (HypervisorAdminNegativeUnderV252Test:test_search_hypervisor_with_non_admin_user): 403 GET http://10.180.1.21/compute/v2.1/os-hypervisors/domain-c8.fc996f14-c53b-4953-92e3-bdfa48f5cc28/search 1.722s
2025-11-21 13:48:16.438 66154 INFO tempest.lib.common.rest_client [req-69dd5ef5-e39d-43b1-932f-1d8501782442 req-69dd5ef5-e39d-43b1-932f-1d8501782442 ] Request (ServersAdminNegativeTestJSON:test_migrate_non_existent_server): 404 POST http://10.180.1.21/compute/v2.1/servers/6eecb4f4-52de-4f96-9b3f-ae44a63bc104/action 1.292s
2025-11-21 13:48:16.465 66148 INFO tempest.lib.common.rest_client [req-5b0056e9-4c46-465e-adb4-7944178bbbbc req-5b0056e9-4c46-465e-adb4-7944178bbbbc ] Request (ServersNegativeTestMultiTenantJSON:tearDownClass): 204 DELETE http://10.180.1.21/identity/v3/projects/6284c3d61bc947869abc3e3aefb14846 0.096s
2025-11-21 13:48:16.483 66162 INFO tempest.lib.common.rest_client [req-03786d39-9f77-4897-8320-b2af231a77ae req-03786d39-9f77-4897-8320-b2af231a77ae ] Request (ServersAaction247Test:test_create_backup): 200 GET http://10.180.1.21/compute/v2.1/servers/3f20bd75-98ab-4798-834a-c0ffc3c6146d 1.301s
2025-11-21 13:48:16.493 66156 INFO tempest.lib.common.rest_client [req-3a416971-e04e-43ce-9771-5896d2d289cc req-3a416971-e04e-43ce-9771-5896d2d289cc ] Request (AttachInterfacesUnderV243Test:setUpClass): 201 POST http://10.180.1.21/identity/v3/auth/tokens 0.112s
2025-11-21 13:48:16.495 66162 INFO tempest.common.waiters [-] State transition "BUILD/spawning" ==> "ACTIVE/None" after 42 second wait
2025-11-21 13:48:16.499 66202 INFO tempest.lib.common.rest_client [req-d39a09e1-197f-4be6-97b2-02d2e1cb0e3b req-d39a09e1-197f-4be6-97b2-02d2e1cb0e3b ] Request (InstanceActionsTestJSON:setUpClass): 200 GET http://10.180.1.21/compute/v2.1/servers/6be541bd-06fd-4959-9987-d250011b3f1d 1.191s
2025-11-21 13:48:16.528 66156 INFO tempest.lib.common.rest_client [req-47cd275f-50a6-484b-bf2c-fbceff978fcd req-47cd275f-50a6-484b-bf2c-fbceff978fcd ] Request (AttachInterfacesUnderV243Test:setUpClass): 200 GET http://10.180.1.21/identity/v3/domains?name=Default 0.034s
2025-11-21 13:48:16.536 66154 INFO tempest.lib.common.rest_client [req-e1a88f62-34e8-4160-85cf-7aa3b5b95f72 req-e1a88f62-34e8-4160-85cf-7aa3b5b95f72 ] Request (ServersAdminNegativeTestJSON:test_migrate_server_invalid_state): 201 POST http://10.180.1.21/identity/v3/auth/tokens 0.093s
2025-11-21 13:48:16.536 66154 INFO tempest.lib.common.fixed_network [-] (ServersAdminNegativeTestJSON:test_migrate_server_invalid_state) Found network None available for tenant
2025-11-21 13:48:16.553 66180 INFO tempest.lib.common.rest_client [req-670b0ea3-ceb7-4ab0-8944-2003d225ddba req-670b0ea3-ceb7-4ab0-8944-2003d225ddba ] Request (ServerAddressesNegativeTestJSON:setUpClass): 200 GET http://10.180.1.21/compute/v2.1/servers/72111766-217d-469f-ad92-ca0ce0e67090 1.171s
2025-11-21 13:48:16.562 66180 INFO tempest.common.waiters [-] State transition "BUILD/None" ==> "BUILD/networking" after 36 second wait
2025-11-21 13:48:16.567 66172 INFO tempest.lib.common.rest_client [req-ca29a523-348b-460a-be84-3bdb6d7701e7 req-ca29a523-348b-460a-be84-3bdb6d7701e7 ] Request (ImagesTestJSON:test_create_image_from_suspended_server): 200 GET http://10.180.1.21/compute/v2.1/servers/99f2cc13-a559-4379-8332-d432e8bac36b 1.167s
2025-11-21 13:48:16.567 66156 INFO tempest.lib.common.rest_client [req-27606bc5-b974-4ee8-9efa-b88210179f5f req-27606bc5-b974-4ee8-9efa-b88210179f5f ] Request (AttachInterfacesUnderV243Test:setUpClass): 201 POST http://10.180.1.21/identity/v3/projects 0.036s
2025-11-21 13:48:16.660 66156 INFO tempest.lib.common.rest_client [req-ca20acc9-d5e9-4e16-a8d5-a06642a14fdd req-ca20acc9-d5e9-4e16-a8d5-a06642a14fdd ] Request (AttachInterfacesUnderV243Test:setUpClass): 201 POST http://10.180.1.21/identity/v3/users 0.092s
2025-11-21 13:48:16.662 66168 INFO tempest.lib.common.rest_client [req-f6a10790-c34a-4bb6-bf1b-85349a358941 req-f6a10790-c34a-4bb6-bf1b-85349a358941 ] Request (MigrationsAdminTest:test_resize_server_revert_deleted_flavor): 200 GET http://10.180.1.21/compute/v2.1/servers/f4a490a2-f2b1-4eac-8c1a-a18758583c70 1.184s
2025-11-21 13:48:16.693 66156 INFO tempest.lib.common.rest_client [req-2024541a-8ccf-4d6b-9799-14c549a0f388 req-2024541a-8ccf-4d6b-9799-14c549a0f388 ] Request (AttachInterfacesUnderV243Test:setUpClass): 200 GET http://10.180.1.21/identity/v3/roles 0.032s
2025-11-21 13:48:16.736 66156 INFO tempest.lib.common.rest_client [req-89287a39-05e6-4039-8213-540187e29d4e req-89287a39-05e6-4039-8213-540187e29d4e ] Request (AttachInterfacesUnderV243Test:setUpClass): 204 PUT http://10.180.1.21/identity/v3/projects/41f69a1056bc454e83bd9561cf12c506/users/d68c01d2bad24cc1b6305141afa0e5ed/roles/8ef979910d5c414abdd4d092c9cdffef 0.042s
2025-11-21 13:48:16.736 66156 INFO tempest.lib.common.dynamic_creds [-] Dynamic test user d68c01d2bad24cc1b6305141afa0e5ed is created with scope project and roles: ['member']
2025-11-21 13:48:16.736 66156 INFO tempest.lib.common.dynamic_creds [-] Acquired dynamic creds: credentials: Credentials: {'domain_id': 'default', 'domain_name': 'Default', 'username': 'tempest-AttachInterfacesUnderV243Test-2037762512-project-member', 'project_domain_id': 'default', 'project_domain_name': 'Default', 'project_id': '41f69a1056bc454e83bd9561cf12c506', 'project_name': 'tempest-AttachInterfacesUnderV243Test-2037762512', 'tenant_id': '41f69a1056bc454e83bd9561cf12c506', 'tenant_name': 'tempest-AttachInterfacesUnderV243Test-2037762512', 'user_domain_id': 'default', 'user_domain_name': 'Default', 'user_id': 'd68c01d2bad24cc1b6305141afa0e5ed', 'system': None}, Network: None, Subnet: None, Router: None
2025-11-21 13:48:16.743 66178 INFO tempest.lib.common.rest_client [req-6b6e7729-d5fe-4190-b5a7-0713711e6eb5 req-6b6e7729-d5fe-4190-b5a7-0713711e6eb5 ] Request (ServerActionsTestOtherB:setUp): 200 GET http://10.180.1.21/compute/v2.1/servers/eceafff8-7d28-4b9b-ade6-5736d5977efa 1.271s
2025-11-21 13:48:16.815 66156 INFO tempest.lib.common.rest_client [req-f874857b-cfcf-4396-b351-fadeabecbc5f req-f874857b-cfcf-4396-b351-fadeabecbc5f ] Request (AttachInterfacesUnderV243Test:setUpClass): 201 POST http://10.180.1.21/identity/v3/auth/tokens 0.078s
2025-11-21 13:48:16.859 66160 INFO tempest.lib.common.rest_client [req-dde5cf84-1c56-4bc9-9922-53a1fa7be91c req-dde5cf84-1c56-4bc9-9922-53a1fa7be91c ] Request (FloatingIPsAssociationTestJSON:test_associate_already_associated_floating_ip): 200 GET http://10.180.1.21/compute/v2.1/servers/f604c16d-2a86-40d3-9891-5b33309b3047 1.350s
2025-11-21 13:48:16.875 66146 INFO tempest.lib.common.rest_client [req-4300ec1e-3de8-4c63-9a9c-f194119f1680 req-4300ec1e-3de8-4c63-9a9c-f194119f1680 ] Request (ServerActionsV293TestJSON:setUpClass): 200 GET http://10.180.1.21/compute/v2.1/servers/263cd2fb-7eeb-4395-b1e9-b829940ebd35 1.289s
2025-11-21 13:48:16.973 66170 INFO tempest.lib.common.rest_client [req-7dd4af81-579e-48dd-b47b-648220e4132e req-7dd4af81-579e-48dd-b47b-648220e4132e ] Request (ServerActionsTestOtherA:_run_cleanups): 204 DELETE http://10.180.1.21/compute/v2.1/servers/4b7f1c2f-2b1e-4d24-814b-c8095d875e3c 0.811s
2025-11-21 13:48:17.009 66196 WARNING tempest.lib.common.ssh [-] Failed to establish authenticated ssh connection to cirros@10.180.180.202 ([Errno None] Unable to connect to port 22 on 10.180.180.202). Number attempts: 4. Retry after 5 seconds.: paramiko.ssh_exception.NoValidConnectionsError: [Errno None] Unable to connect to port 22 on 10.180.180.202
2025-11-21 13:48:17.150 66186 INFO tempest.lib.common.rest_client [req-2e44d984-c34e-44bb-af32-448e9122ea2c req-2e44d984-c34e-44bb-af32-448e9122ea2c ] Request (ServerRescueNegativeTestJSON:setUpClass): 200 GET http://10.180.1.21/compute/v2.1/servers/d78d36e6-a542-4ba8-9e29-b8a7b28c559e 1.388s
2025-11-21 13:48:17.159 66192 INFO tempest.lib.common.rest_client [req-24bcaea5-4d78-4a8a-bf38-a1c8deff1416 req-24bcaea5-4d78-4a8a-bf38-a1c8deff1416 ] Request (ServerGroupTestJSON:tearDownClass): 404 DELETE http://10.180.1.21/compute/v2.1/os-server-groups/afcfd3f8-2307-4f2d-8600-8765f56b2041 0.873s
2025-11-21 13:48:17.172 66156 INFO tempest.lib.common.rest_client [req-24541b1b-1b2f-4d30-ad09-ad13f01fe8aa req-24541b1b-1b2f-4d30-ad09-ad13f01fe8aa ] Request (AttachInterfacesUnderV243Test:setUpClass): 201 POST http://10.180.1.21/networking/v2.0/networks 0.355s
2025-11-21 13:48:17.178 66190 INFO tempest.lib.common.rest_client [req-4eb30c5e-3c3c-4b59-96db-b4b4dbee468a req-4eb30c5e-3c3c-4b59-96db-b4b4dbee468a ] Request (ServersListShow296Test:test_list_show_update_rebuild_server_296): 200 GET http://10.180.1.21/compute/v2.1/servers/0548399d-ec7a-4d0c-b436-9ef93c4e2d37 0.929s
2025-11-21 13:48:17.188 66190 INFO tempest.common.waiters [-] State transition "REBUILD/rebuild_block_device_mapping" ==> "REBUILD/rebuild_spawning" after 5 second wait
2025-11-21 13:48:17.233 66166 INFO tempest.lib.common.rest_client [req-f6660f57-a74f-4965-b226-a8bb9ea481d2 req-f6660f57-a74f-4965-b226-a8bb9ea481d2 ] Request (ListImageFiltersTestJSON:setUpClass): 200 GET http://10.180.1.21/compute/v2.1/images/2c0bc1b6-a5da-4e03-83ad-6920c89427db 0.904s
2025-11-21 13:48:17.256 66174 INFO tempest.lib.common.rest_client [req-19978a59-fa09-4b0e-bd29-0dfa8688202d req-19978a59-fa09-4b0e-bd29-0dfa8688202d ] Request (KeyPairsNegativeTestJSON:test_create_keypair_with_duplicate_name): 202 DELETE http://10.180.1.21/compute/v2.1/os-keypairs/tempest-keypair-1896473327 0.916s
2025-11-21 13:48:17.262 66206 INFO tempest.lib.common.rest_client [req-cc542502-bca1-408e-9c87-e76f0549cb3e req-cc542502-bca1-408e-9c87-e76f0549cb3e ] Request (ServerMetadataTestJSON:setUp): 200 PUT http://10.180.1.21/compute/v2.1/servers/6aa4b17b-816c-4d84-8f74-a81185f3af65/metadata 0.951s
2025-11-21 13:48:17.271 66150 INFO tempest.lib.common.rest_client [req-0108bb4f-9529-4e07-9dec-92edc9530d46 req-0108bb4f-9529-4e07-9dec-92edc9530d46 ] Request (HypervisorAdminNegativeUnderV252Test:test_search_nonexistent_hypervisor): 404 GET http://10.180.1.21/compute/v2.1/os-hypervisors/nonexistent_hypervisor_name/search 0.855s
2025-11-21 13:48:17.369 66156 INFO tempest.lib.common.rest_client [req-7ff0f507-3798-4ad8-89b7-4288decb89a8 req-7ff0f507-3798-4ad8-89b7-4288decb89a8 ] Request (AttachInterfacesUnderV243Test:setUpClass): 201 POST http://10.180.1.21/networking/v2.0/subnets 0.194s
2025-11-21 13:48:17.372 66204 INFO tempest.lib.common.rest_client [req-de6d82dd-9df5-4d32-b3a5-82f931fbfedc req-de6d82dd-9df5-4d32-b3a5-82f931fbfedc ] Request (VolumesAssistedSnapshotsTest:test_volume_assisted_snapshot_create_delete): 200 GET http://10.180.1.21/volume/v3/volumes/fe7e6d12-0fe6-42b3-847c-eb3860514545 0.048s
2025-11-21 13:48:17.397 66144 INFO tempest.lib.common.rest_client [req-c23da0a9-8365-4b92-ab5b-27506ce62d94 req-c23da0a9-8365-4b92-ab5b-27506ce62d94 ] Request (ServerDiskConfigTestJSON:test_resize_server_from_auto_to_manual): 200 GET http://10.180.1.21/compute/v2.1/servers/f75000e6-f3bf-4951-a541-3aa185339054 0.866s
2025-11-21 13:48:17.672 66166 INFO tempest.lib.common.rest_client [req-a9bd0291-60fa-4b50-9094-7d64a6c70bba req-a9bd0291-60fa-4b50-9094-7d64a6c70bba ] Request (ListImageFiltersTestJSON:setUpClass): 201 POST http://10.180.1.21/image/v2/images 0.434s
2025-11-21 13:48:17.782 66162 INFO tempest.lib.common.rest_client [req-6e97bdf6-ca28-47db-973b-ebdf55ecd12b req-6e97bdf6-ca28-47db-973b-ebdf55ecd12b ] Request (ServersAaction247Test:test_create_backup): 202 POST http://10.180.1.21/compute/v2.1/servers/3f20bd75-98ab-4798-834a-c0ffc3c6146d/action 1.286s
2025-11-21 13:48:18.249 66156 INFO tempest.lib.common.rest_client [req-36f911d1-f826-44fd-a1af-6a003016b6cc req-36f911d1-f826-44fd-a1af-6a003016b6cc ] Request (AttachInterfacesUnderV243Test:setUpClass): 201 POST http://10.180.1.21/networking/v2.0/routers 0.879s
2025-11-21 13:48:18.292 66194 INFO tempest.lib.common.rest_client [req-00e02701-e66b-48c3-823c-1c31c9dcd89a req-00e02701-e66b-48c3-823c-1c31c9dcd89a ] Request (ServerShowV247Test:tearDownClass): 200 GET http://10.180.1.21/compute/v2.1/servers/b5967423-89e1-44eb-b4de-22d09adb51a8 1.682s
2025-11-21 13:48:18.349 66178 INFO tempest.lib.common.rest_client [req-e99e6b67-bc11-45ba-bfeb-6475a7109b6e req-e99e6b67-bc11-45ba-bfeb-6475a7109b6e ] Request (ServerActionsTestOtherB:test_resize_server_confirm_from_stopped): 202 POST http://10.180.1.21/compute/v2.1/servers/eceafff8-7d28-4b9b-ade6-5736d5977efa/action 1.596s
2025-11-21 13:48:18.424 66204 INFO tempest.lib.common.rest_client [req-83937475-1ecc-4f63-a490-56c176b27797 req-83937475-1ecc-4f63-a490-56c176b27797 ] Request (VolumesAssistedSnapshotsTest:test_volume_assisted_snapshot_create_delete): 200 GET http://10.180.1.21/volume/v3/volumes/fe7e6d12-0fe6-42b3-847c-eb3860514545 0.040s
2025-11-21 13:48:18.479 66158 WARNING tempest.lib.common.ssh [-] Failed to establish authenticated ssh connection to cirros@10.180.180.206 ([Errno None] Unable to connect to port 22 on 10.180.180.206). Number attempts: 3. Retry after 4 seconds.: paramiko.ssh_exception.NoValidConnectionsError: [Errno None] Unable to connect to port 22 on 10.180.180.206
2025-11-21 13:48:19.282 66156 INFO tempest.lib.common.rest_client [req-f4116153-ecf4-48b2-8c33-2270b83810a7 req-f4116153-ecf4-48b2-8c33-2270b83810a7 ] Request (AttachInterfacesUnderV243Test:setUpClass): 200 PUT http://10.180.1.21/networking/v2.0/routers/4af71e42-e908-441d-bb8c-2d5c378adf4b/add_router_interface 1.033s
2025-11-21 13:48:19.283 66156 INFO tempest.lib.common.dynamic_creds [-] Created isolated network resources for: credentials: Credentials: {'domain_id': 'default', 'domain_name': 'Default', 'username': 'tempest-AttachInterfacesUnderV243Test-2037762512-project-member', 'project_domain_id': 'default', 'project_domain_name': 'Default', 'project_id': '41f69a1056bc454e83bd9561cf12c506', 'project_name': 'tempest-AttachInterfacesUnderV243Test-2037762512', 'tenant_id': '41f69a1056bc454e83bd9561cf12c506', 'tenant_name': 'tempest-AttachInterfacesUnderV243Test-2037762512', 'user_domain_id': 'default', 'user_domain_name': 'Default', 'user_id': 'd68c01d2bad24cc1b6305141afa0e5ed', 'system': None}, Network: {'id': 'f80bfd34-24c8-486d-a849-8c598c1755f8', 'name': 'tempest-AttachInterfacesUnderV243Test-177505214-network', 'tenant_id': '41f69a1056bc454e83bd9561cf12c506', 'project_id': '41f69a1056bc454e83bd9561cf12c506', 'admin_state_up': True, 'mtu': 8950, 'status': 'ACTIVE', 'subnets': [], 'shared': False, 'port_security_enabled': True, 'router:external': False, 'provider:network_type': 'vlan', 'provider:physical_network': 'default', 'provider:segmentation_id': 990, 'availability_zone_hints': [], 'availability_zones': [], 'ipv4_address_scope': None, 'ipv6_address_scope': None, 'description': '', 'tags': [], 'created_at': '2025-11-21T13:48:17Z', 'updated_at': '2025-11-21T13:48:17Z', 'revision_number': 1}, Subnet: {'id': '3aceb574-c8ac-4067-91fc-24faea848a9a', 'name': 'tempest-AttachInterfacesUnderV243Test-177505214-subnet', 'tenant_id': '41f69a1056bc454e83bd9561cf12c506', 'network_id': 'f80bfd34-24c8-486d-a849-8c598c1755f8', 'ip_version': 4, 'subnetpool_id': None, 'enable_dhcp': True, 'ipv6_ra_mode': None, 'ipv6_address_mode': None, 'gateway_ip': '192.168.128.1', 'cidr': '192.168.128.0/28', 'allocation_pools': [{'start': '192.168.128.2', 'end': '192.168.128.14'}], 'host_routes': [], 'dns_nameservers': [], 'description': '', 'router:external': False, 'service_types': [], 'tags': [], 'created_at': '2025-11-21T13:48:17Z', 'updated_at': '2025-11-21T13:48:17Z', 'revision_number': 0, 'project_id': '41f69a1056bc454e83bd9561cf12c506'}, Router: {'id': '4af71e42-e908-441d-bb8c-2d5c378adf4b', 'name': 'tempest-AttachInterfacesUnderV243Test-177505214-router', 'tenant_id': '41f69a1056bc454e83bd9561cf12c506', 'admin_state_up': True, 'status': 'ACTIVE', 'external_gateway_info': {'network_id': '3ac64614-4d7c-460a-922e-9878cc372b7c', 'external_fixed_ips': [{'subnet_id': '812d2220-2830-4581-9606-182761cf0351', 'ip_address': '10.180.180.191'}], 'enable_snat': True}, 'description': '', 'availability_zones': [], 'distributed': False, 'ha': False, 'availability_zone_hints': [], 'routes': [], 'flavor_id': None, 'tags': [], 'created_at': '2025-11-21T13:48:17Z', 'updated_at': '2025-11-21T13:48:17Z', 'revision_number': 2, 'project_id': '41f69a1056bc454e83bd9561cf12c506'}
2025-11-21 13:48:19.373 66156 INFO tempest.lib.common.rest_client [req-1ac10cf3-3ee7-4906-b3e1-f7f29b457c32 req-1ac10cf3-3ee7-4906-b3e1-f7f29b457c32 ] Request (AttachInterfacesUnderV243Test:setUpClass): 201 POST http://10.180.1.21/identity/v3/auth/tokens 0.086s
2025-11-21 13:48:19.395 66166 INFO tempest.lib.common.rest_client [req-f46a96bc-7250-41a5-bd20-dcd6c955e824 req-f46a96bc-7250-41a5-bd20-dcd6c955e824 ] Request (ListImageFiltersTestJSON:setUpClass): 204 PUT http://10.180.1.21/image/v2/images/f1d0ab1b-a4cd-46e4-b7ea-3fa617ed92ea/file 0.722s
2025-11-21 13:48:19.438 66198 INFO tempest.lib.common.rest_client [req-243e7694-c8c1-4e6d-b76b-4d3638132f0e req-243e7694-c8c1-4e6d-b76b-4d3638132f0e ] Request (ServersTestBootFromVolume:setUpClass): 200 GET http://10.180.1.21/compute/v2.1/servers/54ad3472-0cca-4dca-91f2-8c343f706926 2.657s
2025-11-21 13:48:19.448 66198 INFO tempest.common.waiters [-] State transition "BUILD/spawning" ==> "ACTIVE/None" after 45 second wait
2025-11-21 13:48:19.475 66204 INFO tempest.lib.common.rest_client [req-4b9a3b31-536d-4f65-a13d-6660a437ce8e req-4b9a3b31-536d-4f65-a13d-6660a437ce8e ] Request (VolumesAssistedSnapshotsTest:test_volume_assisted_snapshot_create_delete): 200 GET http://10.180.1.21/volume/v3/volumes/fe7e6d12-0fe6-42b3-847c-eb3860514545 0.044s
2025-11-21 13:48:19.591 66154 INFO tempest.lib.common.rest_client [req-c939509b-57e7-4e7e-80d7-40ea918b758f req-c939509b-57e7-4e7e-80d7-40ea918b758f ] Request (ServersAdminNegativeTestJSON:test_migrate_server_invalid_state): 202 POST http://10.180.1.21/compute/v2.1/servers 3.054s
2025-11-21 13:48:19.742 66182 INFO tempest.lib.common.rest_client [req-6aede6d9-6422-4aaf-ad5e-7343d8700703 req-6aede6d9-6422-4aaf-ad5e-7343d8700703 ] Request (ServerShowV254Test:test_rebuild_server): 200 GET http://10.180.1.21/compute/v2.1/servers/cef78616-dcbd-4ccd-ab65-c9d52d8b8b2e 2.890s
2025-11-21 13:48:19.747 66152 INFO tempest.lib.common.rest_client [req-d74cc4c1-c455-4af0-8f7f-6146a31c398e req-d74cc4c1-c455-4af0-8f7f-6146a31c398e ] Request (ServersAdminTestJSON:test_inject_network_info): 200 GET http://10.180.1.21/compute/v2.1/servers/f3c53f67-85bf-4c18-9313-75eb90862f78 2.832s
2025-11-21 13:48:19.756 66192 INFO tempest.lib.common.rest_client [req-a12e4bd2-bc95-4e64-93d7-fa42dd0e1f10 req-a12e4bd2-bc95-4e64-93d7-fa42dd0e1f10 ] Request (ServerGroupTestJSON:tearDownClass): 404 DELETE http://10.180.1.21/compute/v2.1/os-server-groups/5a2d2430-48d0-4e04-8b7d-b5f3bb7f9956 2.596s
2025-11-21 13:48:19.763 66174 INFO tempest.lib.common.rest_client [req-fc715018-7712-4257-aa78-795b1c9dcbe5 req-fc715018-7712-4257-aa78-795b1c9dcbe5 ] Request (KeyPairsNegativeTestJSON:test_create_keypair_with_empty_name_string): 400 POST http://10.180.1.21/compute/v2.1/os-keypairs 2.505s
2025-11-21 13:48:19.815 66206 INFO tempest.lib.common.rest_client [req-c870802e-9a3e-4a2c-81cf-cb59de12164b req-c870802e-9a3e-4a2c-81cf-cb59de12164b ] Request (ServerMetadataTestJSON:test_delete_server_metadata_item): 204 DELETE http://10.180.1.21/compute/v2.1/servers/6aa4b17b-816c-4d84-8f74-a81185f3af65/metadata/key1 2.552s
2025-11-21 13:48:19.841 66150 INFO tempest.lib.common.rest_client [req-61dc6d34-96f9-405f-9f1c-699dd8a248ae req-61dc6d34-96f9-405f-9f1c-699dd8a248ae ] Request (HypervisorAdminNegativeUnderV252Test:test_show_servers_with_non_admin_user): 200 GET http://10.180.1.21/compute/v2.1/os-hypervisors 2.568s
2025-11-21 13:48:19.853 66170 INFO tempest.lib.common.rest_client [req-df7a69e6-265e-40a9-bd76-6f726ad0ebf7 req-df7a69e6-265e-40a9-bd76-6f726ad0ebf7 ] Request (ServerActionsTestOtherA:_run_cleanups): 200 GET http://10.180.1.21/compute/v2.1/servers/4b7f1c2f-2b1e-4d24-814b-c8095d875e3c 2.879s
2025-11-21 13:48:20.081 66202 INFO tempest.lib.common.rest_client [req-894e2f9c-cb51-4e19-b44c-d4364b83bfc5 req-894e2f9c-cb51-4e19-b44c-d4364b83bfc5 ] Request (InstanceActionsTestJSON:setUpClass): 200 GET http://10.180.1.21/compute/v2.1/servers/6be541bd-06fd-4959-9987-d250011b3f1d 2.572s
2025-11-21 13:48:20.087 66202 INFO tempest.common.waiters [-] State transition "BUILD/None" ==> "BUILD/block_device_mapping" after 32 second wait
2025-11-21 13:48:20.109 66180 INFO tempest.lib.common.rest_client [req-1e13b42f-a3f9-4016-8798-007d33ea8a79 req-1e13b42f-a3f9-4016-8798-007d33ea8a79 ] Request (ServerAddressesNegativeTestJSON:setUpClass): 200 GET http://10.180.1.21/compute/v2.1/servers/72111766-217d-469f-ad92-ca0ce0e67090 2.545s
2025-11-21 13:48:20.117 66180 INFO tempest.common.waiters [-] State transition "BUILD/networking" ==> "BUILD/spawning" after 40 second wait
2025-11-21 13:48:20.156 66172 INFO tempest.lib.common.rest_client [req-91c425ac-87b0-49ea-9e5f-2f67760d3307 req-91c425ac-87b0-49ea-9e5f-2f67760d3307 ] Request (ImagesTestJSON:test_create_image_from_suspended_server): 200 GET http://10.180.1.21/compute/v2.1/servers/99f2cc13-a559-4379-8332-d432e8bac36b 2.579s
2025-11-21 13:48:20.179 66168 INFO tempest.lib.common.rest_client [req-6b0de235-c185-45db-b952-c5314a831da0 req-6b0de235-c185-45db-b952-c5314a831da0 ] Request (MigrationsAdminTest:test_resize_server_revert_deleted_flavor): 200 GET http://10.180.1.21/compute/v2.1/servers/f4a490a2-f2b1-4eac-8c1a-a18758583c70 2.506s
2025-11-21 13:48:20.237 66162 INFO tempest.lib.common.rest_client [req-96d855db-1ebb-419c-8681-f993979802bf req-96d855db-1ebb-419c-8681-f993979802bf ] Request (ServersAaction247Test:tearDownClass): 204 DELETE http://10.180.1.21/compute/v2.1/servers/3f20bd75-98ab-4798-834a-c0ffc3c6146d 2.449s
2025-11-21 13:48:20.323 66146 INFO tempest.lib.common.rest_client [req-9b83066b-2e82-4c77-90e2-84110d30d40a req-9b83066b-2e82-4c77-90e2-84110d30d40a ] Request (ServerActionsV293TestJSON:setUpClass): 200 GET http://10.180.1.21/compute/v2.1/servers/263cd2fb-7eeb-4395-b1e9-b829940ebd35 2.434s
2025-11-21 13:48:20.341 66146 INFO tempest.common.waiters [-] State transition "BUILD/scheduling" ==> "BUILD/None" after 8 second wait
2025-11-21 13:48:20.347 66160 INFO tempest.lib.common.rest_client [req-f78f7398-ed05-4821-80d0-db98bc32acca req-f78f7398-ed05-4821-80d0-db98bc32acca ] Request (FloatingIPsAssociationTestJSON:test_associate_already_associated_floating_ip): 200 GET http://10.180.1.21/compute/v2.1/servers/f604c16d-2a86-40d3-9891-5b33309b3047 2.475s
2025-11-21 13:48:20.355 66160 INFO tempest.common.waiters [-] State transition "BUILD/spawning" ==> "ACTIVE/None" after 49 second wait
2025-11-21 13:48:20.404 66186 INFO tempest.lib.common.rest_client [req-7684a3a8-4cad-448c-a9d3-49fbc1cde6ae req-7684a3a8-4cad-448c-a9d3-49fbc1cde6ae ] Request (ServerRescueNegativeTestJSON:setUpClass): 200 GET http://10.180.1.21/compute/v2.1/servers/d78d36e6-a542-4ba8-9e29-b8a7b28c559e 2.246s
2025-11-21 13:48:20.413 66186 INFO tempest.common.waiters [-] State transition "BUILD/scheduling" ==> "BUILD/None" after 6 second wait
2025-11-21 13:48:20.442 66190 INFO tempest.lib.common.rest_client [req-bdda8a81-437a-44a7-abcc-a01b0f47223a req-bdda8a81-437a-44a7-abcc-a01b0f47223a ] Request (ServersListShow296Test:test_list_show_update_rebuild_server_296): 200 GET http://10.180.1.21/compute/v2.1/servers/0548399d-ec7a-4d0c-b436-9ef93c4e2d37 2.251s
2025-11-21 13:48:20.528 66204 INFO tempest.lib.common.rest_client [req-6ceb09fa-b4f6-4ec8-8435-9f4c8dc71625 req-6ceb09fa-b4f6-4ec8-8435-9f4c8dc71625 ] Request (VolumesAssistedSnapshotsTest:test_volume_assisted_snapshot_create_delete): 200 GET http://10.180.1.21/volume/v3/volumes/fe7e6d12-0fe6-42b3-847c-eb3860514545 0.044s
2025-11-21 13:48:20.582 66144 INFO tempest.lib.common.rest_client [req-7a12eb55-b2d9-4776-a39c-4daf4376dbea req-7a12eb55-b2d9-4776-a39c-4daf4376dbea ] Request (ServerDiskConfigTestJSON:test_resize_server_from_auto_to_manual): 200 GET http://10.180.1.21/compute/v2.1/servers/f75000e6-f3bf-4951-a541-3aa185339054 2.173s
2025-11-21 13:48:20.590 66144 INFO tempest.common.waiters [-] State transition "BUILD/scheduling" ==> "BUILD/None" after 5 second wait
2025-11-21 13:48:20.608 66178 INFO tempest.lib.common.rest_client [req-aa608650-4531-4a31-ba48-9359e941b5bc req-aa608650-4531-4a31-ba48-9359e941b5bc ] Request (ServerActionsTestOtherB:test_resize_server_confirm_from_stopped): 200 GET http://10.180.1.21/compute/v2.1/servers/eceafff8-7d28-4b9b-ade6-5736d5977efa 2.258s
2025-11-21 13:48:20.706 66194 INFO tempest.lib.common.rest_client [req-2f3e1f22-3d59-4fac-9f66-c3818524e505 req-2f3e1f22-3d59-4fac-9f66-c3818524e505 ] Request (ServerShowV247Test:tearDownClass): 200 GET http://10.180.1.21/compute/v2.1/servers/b5967423-89e1-44eb-b4de-22d09adb51a8 1.397s
2025-11-21 13:48:20.755 66166 INFO tempest.lib.common.rest_client [req-0522ad61-d7df-4801-81a3-20a57ae3ab99 req-0522ad61-d7df-4801-81a3-20a57ae3ab99 ] Request (ListImageFiltersTestJSON:setUpClass): 200 GET http://10.180.1.21/compute/v2.1/images/f1d0ab1b-a4cd-46e4-b7ea-3fa617ed92ea 1.359s
2025-11-21 13:48:20.776 66156 INFO tempest.lib.common.rest_client [req-ff5f65e9-2533-4e0f-b9b1-47ca9af1a649 req-ff5f65e9-2533-4e0f-b9b1-47ca9af1a649 ] Request (ValidationResourcesFixture:setUp): 200 POST http://10.180.1.21/compute/v2.1/os-keypairs 1.401s
2025-11-21 13:48:20.885 66156 INFO tempest.lib.common.rest_client [req-daed2626-ec2b-4fda-bcf6-584d8ab75dc0 req-daed2626-ec2b-4fda-bcf6-584d8ab75dc0 ] Request (ValidationResourcesFixture:setUp): 201 POST http://10.180.1.21/networking/v2.0/security-groups 0.106s
2025-11-21 13:48:20.934 66198 INFO tempest.lib.common.rest_client [req-7d99a3ed-ecab-4a8b-91a0-30718f394ce4 req-7d99a3ed-ecab-4a8b-91a0-30718f394ce4 ] Request (ServersTestBootFromVolume:setUpClass): 200 GET http://10.180.1.21/compute/v2.1/servers/54ad3472-0cca-4dca-91f2-8c343f706926/os-interface 1.486s
2025-11-21 13:48:20.951 66154 INFO tempest.lib.common.rest_client [req-cbc6dadc-58f5-45a9-8783-f713781fd2ae req-cbc6dadc-58f5-45a9-8783-f713781fd2ae ] Request (ServersAdminNegativeTestJSON:test_migrate_server_invalid_state): 200 GET http://10.180.1.21/compute/v2.1/servers/5c7a1693-62f2-454e-9406-0b4a132ebf25 1.358s
2025-11-21 13:48:20.962 66192 INFO tempest.lib.common.rest_client [req-dfe9a99a-8c68-413f-944d-e46e2f1384e4 req-dfe9a99a-8c68-413f-944d-e46e2f1384e4 ] Request (ServerGroupTestJSON:tearDownClass): 404 DELETE http://10.180.1.21/compute/v2.1/os-server-groups/e8901989-d33e-4ade-96e8-266e0507c8e2 1.204s
2025-11-21 13:48:20.990 66174 INFO tempest.lib.common.rest_client [req-2517e334-ced7-4b53-b0b8-852cf69bb0dd req-2517e334-ced7-4b53-b0b8-852cf69bb0dd ] Request (KeyPairsNegativeTestJSON:test_create_keypair_with_empty_public_key): 400 POST http://10.180.1.21/compute/v2.1/os-keypairs 1.221s
2025-11-21 13:48:20.990 66206 INFO tempest.lib.common.rest_client [req-21a3a224-2d2d-43ff-80d2-a4987006a396 req-21a3a224-2d2d-43ff-80d2-a4987006a396 ] Request (ServerMetadataTestJSON:test_delete_server_metadata_item): 200 GET http://10.180.1.21/compute/v2.1/servers/6aa4b17b-816c-4d84-8f74-a81185f3af65/metadata 1.174s
2025-11-21 13:48:20.995 66150 INFO tempest.lib.common.rest_client [req-03d9025a-5fe2-430f-9d61-b99a165de78b req-03d9025a-5fe2-430f-9d61-b99a165de78b ] Request (HypervisorAdminNegativeUnderV252Test:test_show_servers_with_non_admin_user): 403 GET http://10.180.1.21/compute/v2.1/os-hypervisors/1/servers 1.151s
2025-11-21 13:48:21.041 66156 INFO tempest.lib.common.rest_client [req-ec9aa001-925e-4f80-9d13-83beb7f7b8ab req-ec9aa001-925e-4f80-9d13-83beb7f7b8ab ] Request (ValidationResourcesFixture:setUp): 201 POST http://10.180.1.21/networking/v2.0/security-group-rules 0.155s
2025-11-21 13:48:21.553 66198 INFO tempest.lib.common.rest_client [req-60783822-1427-4765-8b70-b46f9b284c4a req-60783822-1427-4765-8b70-b46f9b284c4a ] Request (ServersTestBootFromVolume:setUpClass): 200 PUT http://10.180.1.21/networking/v2.0/floatingips/2228a910-ddc8-4e6b-90ef-b81364d14b53 0.616s
2025-11-21 13:48:21.578 66204 INFO tempest.lib.common.rest_client [req-fed25082-3117-484e-9d7f-4b7f2054ed21 req-fed25082-3117-484e-9d7f-4b7f2054ed21 ] Request (VolumesAssistedSnapshotsTest:test_volume_assisted_snapshot_create_delete): 200 GET http://10.180.1.21/volume/v3/volumes/fe7e6d12-0fe6-42b3-847c-eb3860514545 0.040s
2025-11-21 13:48:21.585 66162 INFO tempest.lib.common.rest_client [req-dee2879e-c72a-491b-a749-739996512934 req-dee2879e-c72a-491b-a749-739996512934 ] Request (ServersAaction247Test:tearDownClass): 200 GET http://10.180.1.21/compute/v2.1/servers/3f20bd75-98ab-4798-834a-c0ffc3c6146d 1.346s
2025-11-21 13:48:21.729 66182 INFO tempest.lib.common.rest_client [req-6be5a0df-1e2a-4e58-9826-c460eba47449 req-6be5a0df-1e2a-4e58-9826-c460eba47449 ] Request (ServerShowV254Test:test_rebuild_server): 200 GET http://10.180.1.21/compute/v2.1/servers/cef78616-dcbd-4ccd-ab65-c9d52d8b8b2e 0.977s
2025-11-21 13:48:21.744 66156 INFO tempest.lib.common.rest_client [req-773df277-1542-4959-b200-38a10c758e22 req-773df277-1542-4959-b200-38a10c758e22 ] Request (ValidationResourcesFixture:setUp): 201 POST http://10.180.1.21/networking/v2.0/security-group-rules 0.702s
2025-11-21 13:48:21.782 66166 INFO tempest.lib.common.rest_client [req-b30ad37b-41e5-4ee7-b728-c032dc08e63d req-b30ad37b-41e5-4ee7-b728-c032dc08e63d ] Request (ListImageFiltersTestJSON:setUpClass): 200 GET http://10.180.1.21/compute/v2.1/images/f1d0ab1b-a4cd-46e4-b7ea-3fa617ed92ea 1.022s
2025-11-21 13:48:22.168 66166 INFO tempest.lib.common.rest_client [req-1b2bf3d5-f30e-4996-bddd-f0c1bfc56b59 req-1b2bf3d5-f30e-4996-bddd-f0c1bfc56b59 ] Request (ListImageFiltersTestJSON:setUpClass): 201 POST http://10.180.1.21/image/v2/images 0.381s
2025-11-21 13:48:22.189 66176 WARNING tempest.lib.common.ssh [-] Failed to establish authenticated ssh connection to cirros@10.180.180.254 ([Errno None] Unable to connect to port 22 on 10.180.180.254). Number attempts: 11. Retry after 12 seconds.: paramiko.ssh_exception.NoValidConnectionsError: [Errno None] Unable to connect to port 22 on 10.180.180.254
2025-11-21 13:48:22.244 66156 INFO tempest.lib.common.rest_client [req-3c76c795-efa7-4c1d-afdc-310b42533d66 req-3c76c795-efa7-4c1d-afdc-310b42533d66 ] Request (ValidationResourcesFixture:setUp): 201 POST http://10.180.1.21/networking/v2.0/floatingips 0.499s
2025-11-21 13:48:22.300 66156 INFO tempest.lib.common.rest_client [req-4473d34e-33dd-4de5-8027-fccff33de57c req-4473d34e-33dd-4de5-8027-fccff33de57c ] Request (AttachInterfacesUnderV243Test:test_add_remove_fixed_ip): 201 POST http://10.180.1.21/identity/v3/auth/tokens 0.053s
2025-11-21 13:48:22.301 66156 INFO tempest.lib.common.fixed_network [-] (AttachInterfacesUnderV243Test:test_add_remove_fixed_ip) Found network {'id': 'f80bfd34-24c8-486d-a849-8c598c1755f8', 'name': 'tempest-AttachInterfacesUnderV243Test-177505214-network', 'tenant_id': '41f69a1056bc454e83bd9561cf12c506', 'project_id': '41f69a1056bc454e83bd9561cf12c506', 'admin_state_up': True, 'mtu': 8950, 'status': 'ACTIVE', 'subnets': [], 'shared': False, 'port_security_enabled': True, 'router:external': False, 'provider:network_type': 'vlan', 'provider:physical_network': 'default', 'provider:segmentation_id': 990, 'availability_zone_hints': [], 'availability_zones': [], 'ipv4_address_scope': None, 'ipv6_address_scope': None, 'description': '', 'tags': [], 'created_at': '2025-11-21T13:48:17Z', 'updated_at': '2025-11-21T13:48:17Z', 'revision_number': 1} available for tenant
2025-11-21 13:48:22.348 66152 INFO tempest.lib.common.rest_client [req-8dc8c1d0-9b6f-4790-98ae-708a1590a074 req-8dc8c1d0-9b6f-4790-98ae-708a1590a074 ] Request (ServersAdminTestJSON:test_inject_network_info): 200 GET http://10.180.1.21/compute/v2.1/servers/f3c53f67-85bf-4c18-9313-75eb90862f78 1.578s
2025-11-21 13:48:22.549 66170 INFO tempest.lib.common.rest_client [req-5982bd00-05ec-44b4-8010-7c1d55feb76d req-5982bd00-05ec-44b4-8010-7c1d55feb76d ] Request (ServerActionsTestOtherA:_run_cleanups): 200 GET http://10.180.1.21/compute/v2.1/servers/4b7f1c2f-2b1e-4d24-814b-c8095d875e3c 1.687s
2025-11-21 13:48:22.559 66170 INFO tempest.common.waiters [-] State transition "SHUTOFF/deleting" ==> "DELETED/None" after 3 second wait
2025-11-21 13:48:22.577 66192 INFO tempest.lib.common.rest_client [req-4b07ab55-4920-4f4e-a2e6-01e6a54f12c1 req-4b07ab55-4920-4f4e-a2e6-01e6a54f12c1 ] Request (ServerGroupTestJSON:tearDownClass): 204 DELETE http://10.180.1.21/compute/v2.1/os-server-groups/d61482f5-a0f6-45cb-ab3a-9e4f41ab2dd2 1.615s
2025-11-21 13:48:22.585 66174 INFO tempest.lib.common.rest_client [req-f8c15396-4c25-4458-aac9-af16719ab4d9 req-f8c15396-4c25-4458-aac9-af16719ab4d9 ] Request (KeyPairsNegativeTestJSON:test_create_keypair_with_long_keynames): 400 POST http://10.180.1.21/compute/v2.1/os-keypairs 1.593s
2025-11-21 13:48:22.637 66204 INFO tempest.lib.common.rest_client [req-eba4e49e-5ad3-4892-802e-60a568ac8f9a req-eba4e49e-5ad3-4892-802e-60a568ac8f9a ] Request (VolumesAssistedSnapshotsTest:test_volume_assisted_snapshot_create_delete): 200 GET http://10.180.1.21/volume/v3/volumes/fe7e6d12-0fe6-42b3-847c-eb3860514545 0.043s
2025-11-21 13:48:22.740 66206 INFO tempest.lib.common.rest_client [req-49841e5e-45da-40fe-9a9e-475964023957 req-49841e5e-45da-40fe-9a9e-475964023957 ] Request (ServerMetadataTestJSON:setUp): 200 PUT http://10.180.1.21/compute/v2.1/servers/6aa4b17b-816c-4d84-8f74-a81185f3af65/metadata 1.748s
2025-11-21 13:48:22.754 66150 INFO tempest.lib.common.rest_client [req-cc8734c5-20c9-4b26-af4d-00a86a33a99f req-cc8734c5-20c9-4b26-af4d-00a86a33a99f ] Request (HypervisorAdminNegativeUnderV252Test:test_show_servers_with_nonexistent_hypervisor): 404 GET http://10.180.1.21/compute/v2.1/os-hypervisors/b63f9b82-3e35-4c5c-a408-e2380d9b0fe4/servers 1.758s
2025-11-21 13:48:22.903 66150 INFO tempest.lib.common.rest_client [req-87b0f08b-1d2e-4f4a-aa45-7dd5ea65f8cf req-87b0f08b-1d2e-4f4a-aa45-7dd5ea65f8cf ] Request (HypervisorAdminNegativeUnderV252Test:tearDownClass): 204 DELETE http://10.180.1.21/identity/v3/users/f63482014e4f4b2298547268443dd2d2 0.147s
2025-11-21 13:48:23.007 66150 INFO tempest.lib.common.rest_client [req-940db93e-5ea0-493f-95ab-a0716e030f96 req-940db93e-5ea0-493f-95ab-a0716e030f96 ] Request (HypervisorAdminNegativeUnderV252Test:tearDownClass): 204 DELETE http://10.180.1.21/identity/v3/users/ead8d2905b4e4d83b1371d4f95214792 0.104s
2025-11-21 13:48:23.007 66150 INFO tempest.lib.common.dynamic_creds [-] Deleting project and security group for project: 4e3e657970314576b84b689ff83716f8
2025-11-21 13:48:23.086 66150 INFO tempest.lib.common.rest_client [req-d4508d9a-fe90-4e31-8f5c-5ab6410f186c req-d4508d9a-fe90-4e31-8f5c-5ab6410f186c ] Request (HypervisorAdminNegativeUnderV252Test:tearDownClass): 201 POST http://10.180.1.21/identity/v3/auth/tokens 0.078s
2025-11-21 13:48:23.481 66192 INFO tempest.lib.common.rest_client [req-80289c2d-ea95-47e0-aeef-0178320dc8cb req-80289c2d-ea95-47e0-aeef-0178320dc8cb ] Request (ServerGroupTestJSON:tearDownClass): 200 PUT http://10.180.1.21/networking/v2.0/routers/bf1373fd-4d64-4af7-b2e5-cb734796950b/remove_router_interface 0.903s
2025-11-21 13:48:23.580 66202 INFO tempest.lib.common.rest_client [req-4920285b-2dbb-4367-b035-1f5562cd9908 req-4920285b-2dbb-4367-b035-1f5562cd9908 ] Request (InstanceActionsTestJSON:setUpClass): 200 GET http://10.180.1.21/compute/v2.1/servers/6be541bd-06fd-4959-9987-d250011b3f1d 2.491s
2025-11-21 13:48:23.587 66202 INFO tempest.common.waiters [-] State transition "BUILD/block_device_mapping" ==> "BUILD/spawning" after 35 second wait
2025-11-21 13:48:23.691 66204 INFO tempest.lib.common.rest_client [req-3deff0ce-3891-4397-9e01-c009400918cc req-3deff0ce-3891-4397-9e01-c009400918cc ] Request (VolumesAssistedSnapshotsTest:test_volume_assisted_snapshot_create_delete): 200 GET http://10.180.1.21/volume/v3/volumes/fe7e6d12-0fe6-42b3-847c-eb3860514545 0.037s
2025-11-21 13:48:23.698 66204 INFO tempest.common.waiters [-] Attachment dc614b1e-1d07-4fc3-9010-5cf589d6e581 created for volume fe7e6d12-0fe6-42b3-847c-eb3860514545 to server 5b701040-025c-4246-ad54-f2cf478e998d after waiting for 7.698313 seconds
2025-11-21 13:48:23.733 66204 INFO tempest.lib.common.rest_client [req-0110b19a-48ae-4b76-9d46-48fe1b2f5021 req-0110b19a-48ae-4b76-9d46-48fe1b2f5021 ] Request (VolumesAssistedSnapshotsTest:test_volume_assisted_snapshot_create_delete): 200 GET http://10.180.1.21/volume/v3/volumes/fe7e6d12-0fe6-42b3-847c-eb3860514545 0.035s
2025-11-21 13:48:23.741 66204 INFO tempest.common.waiters [-] volume fe7e6d12-0fe6-42b3-847c-eb3860514545 reached in-use after waiting for 0.741642 seconds
2025-11-21 13:48:23.785 66150 INFO tempest.lib.common.rest_client [req-0beddd8c-7b22-4534-925a-a08cd5250228 req-0beddd8c-7b22-4534-925a-a08cd5250228 ] Request (HypervisorAdminNegativeUnderV252Test:tearDownClass): 200 GET http://10.180.1.21/networking/v2.0/security-groups?tenant_id=4e3e657970314576b84b689ff83716f8&name=default 0.698s
2025-11-21 13:48:23.915 66166 INFO tempest.lib.common.rest_client [req-da4d0b97-a8cd-43f7-868b-28e2ea2e6229 req-da4d0b97-a8cd-43f7-868b-28e2ea2e6229 ] Request (ListImageFiltersTestJSON:setUpClass): 204 PUT http://10.180.1.21/image/v2/images/b2220b5b-5726-4312-877f-5f52e38aec8b/file 0.746s
2025-11-21 13:48:24.182 66192 INFO tempest.lib.common.rest_client [req-fd10b9f1-17f0-4269-b2b9-b106e2135540 req-fd10b9f1-17f0-4269-b2b9-b106e2135540 ] Request (ServerGroupTestJSON:tearDownClass): 204 DELETE http://10.180.1.21/networking/v2.0/routers/bf1373fd-4d64-4af7-b2e5-cb734796950b 0.701s
2025-11-21 13:48:24.364 66150 INFO tempest.lib.common.rest_client [req-0fe3a41c-e64a-4651-a226-cd9b7fac5b92 req-0fe3a41c-e64a-4651-a226-cd9b7fac5b92 ] Request (HypervisorAdminNegativeUnderV252Test:tearDownClass): 204 DELETE http://10.180.1.21/networking/v2.0/security-groups/d9e966e5-de14-40b2-abb3-d11cdec04e03 0.578s
2025-11-21 13:48:24.442 66150 INFO tempest.lib.common.rest_client [req-bf569686-b43e-43bd-99b3-64c8fe84d08f req-bf569686-b43e-43bd-99b3-64c8fe84d08f ] Request (HypervisorAdminNegativeUnderV252Test:tearDownClass): 204 DELETE http://10.180.1.21/identity/v3/projects/4e3e657970314576b84b689ff83716f8 0.078s
2025-11-21 13:48:24.442 66150 INFO tempest.lib.common.dynamic_creds [-] Deleting project and security group for project: 6228823b1b624f8f9f75cf0c82f6e20d
2025-11-21 13:48:24.494 66192 INFO tempest.lib.common.rest_client [req-77c6ef27-1240-4ef5-bea3-00b5ce66a438 req-77c6ef27-1240-4ef5-bea3-00b5ce66a438 ] Request (ServerGroupTestJSON:tearDownClass): 204 DELETE http://10.180.1.21/networking/v2.0/subnets/49ff00c9-0434-4eb1-9a95-3ea4dad05e60 0.311s
2025-11-21 13:48:24.553 66180 INFO tempest.lib.common.rest_client [req-7f60886b-858f-4387-a016-95e5278c2a32 req-7f60886b-858f-4387-a016-95e5278c2a32 ] Request (ServerAddressesNegativeTestJSON:setUpClass): 200 GET http://10.180.1.21/compute/v2.1/servers/72111766-217d-469f-ad92-ca0ce0e67090 3.434s
2025-11-21 13:48:24.570 66160 INFO tempest.lib.common.rest_client [req-85351443-ef50-4158-b626-aac4eac531e2 req-85351443-ef50-4158-b626-aac4eac531e2 ] Request (FloatingIPsAssociationTestJSON:test_associate_already_associated_floating_ip): 202 POST http://10.180.1.21/compute/v2.1/servers/12a0d54d-187c-49b7-ba13-b6c1ddf4e9b1/action 4.214s
2025-11-21 13:48:24.690 66150 INFO tempest.lib.common.rest_client [req-3b1114eb-a2fc-4c49-85a4-edc6df07c979 req-3b1114eb-a2fc-4c49-85a4-edc6df07c979 ] Request (HypervisorAdminNegativeUnderV252Test:tearDownClass): 200 GET http://10.180.1.21/networking/v2.0/security-groups?tenant_id=6228823b1b624f8f9f75cf0c82f6e20d&name=default 0.248s
2025-11-21 13:48:24.799 66172 INFO tempest.lib.common.rest_client [req-0b575c4c-0fb5-4f64-a176-6667015c9bb8 req-0b575c4c-0fb5-4f64-a176-6667015c9bb8 ] Request (ImagesTestJSON:test_create_image_from_suspended_server): 200 GET http://10.180.1.21/compute/v2.1/servers/99f2cc13-a559-4379-8332-d432e8bac36b 3.631s
2025-11-21 13:48:24.809 66172 INFO tempest.common.waiters [-] State transition "BUILD/None" ==> "BUILD/networking" after 33 second wait
2025-11-21 13:48:24.861 66192 INFO tempest.lib.common.rest_client [req-8e76ac3f-9137-4fbd-83c5-b05f7bf432dd req-8e76ac3f-9137-4fbd-83c5-b05f7bf432dd ] Request (ServerGroupTestJSON:tearDownClass): 204 DELETE http://10.180.1.21/networking/v2.0/networks/673d2a91-0df8-4195-95ba-c292d9fe88d1 0.367s
2025-11-21 13:48:24.946 66150 INFO tempest.lib.common.rest_client [req-671ca870-3dde-46b0-abfd-d2ea843bb1b6 req-671ca870-3dde-46b0-abfd-d2ea843bb1b6 ] Request (HypervisorAdminNegativeUnderV252Test:tearDownClass): 204 DELETE http://10.180.1.21/networking/v2.0/security-groups/690aeff1-7b10-435e-84ab-54dd3da2a0d7 0.255s
2025-11-21 13:48:24.986 66192 INFO tempest.lib.common.rest_client [req-2bb27ca5-6548-483d-8e66-9bb6ea07026d req-2bb27ca5-6548-483d-8e66-9bb6ea07026d ] Request (ServerGroupTestJSON:tearDownClass): 204 DELETE http://10.180.1.21/identity/v3/users/50bc804533bf4194ad18e280b51d76e3 0.124s
2025-11-21 13:48:24.986 66192 INFO tempest.lib.common.dynamic_creds [-] Deleting project and security group for project: c131f56de9d8479389743350c366e67e
2025-11-21 13:48:25.013 66168 INFO tempest.lib.common.rest_client [req-4fb5a373-fb41-41aa-a606-24f1961e0bec req-4fb5a373-fb41-41aa-a606-24f1961e0bec ] Request (MigrationsAdminTest:test_resize_server_revert_deleted_flavor): 200 GET http://10.180.1.21/compute/v2.1/servers/f4a490a2-f2b1-4eac-8c1a-a18758583c70 3.822s
2025-11-21 13:48:25.022 66168 INFO tempest.common.waiters [-] State transition "BUILD/None" ==> "BUILD/spawning" after 36 second wait
2025-11-21 13:48:25.060 66146 INFO tempest.lib.common.rest_client [req-381a1d03-f925-4bda-bf62-5a12704161cd req-381a1d03-f925-4bda-bf62-5a12704161cd ] Request (ServerActionsV293TestJSON:setUpClass): 200 GET http://10.180.1.21/compute/v2.1/servers/263cd2fb-7eeb-4395-b1e9-b829940ebd35 3.717s
2025-11-21 13:48:25.061 66192 INFO tempest.lib.common.rest_client [req-70a3d78e-7fd5-47a3-ae76-2c58a6a74dc4 req-70a3d78e-7fd5-47a3-ae76-2c58a6a74dc4 ] Request (ServerGroupTestJSON:tearDownClass): 200 GET http://10.180.1.21/networking/v2.0/security-groups?tenant_id=c131f56de9d8479389743350c366e67e&name=default 0.075s
2025-11-21 13:48:25.100 66150 INFO tempest.lib.common.rest_client [req-bb8dfced-9df2-4c11-a05f-4240f82c87e3 req-bb8dfced-9df2-4c11-a05f-4240f82c87e3 ] Request (HypervisorAdminNegativeUnderV252Test:tearDownClass): 204 DELETE http://10.180.1.21/identity/v3/projects/6228823b1b624f8f9f75cf0c82f6e20d 0.153s
2025-11-21 13:48:25.101 66150 INFO tempest.test [-] raised in LiveMigrationNegativeTest.setUpClass. Invoking tearDownClass.
2025-11-21 13:48:25.159 66192 INFO tempest.lib.common.rest_client [req-988ee662-1e23-45e9-b16d-8c47c90b1fd7 req-988ee662-1e23-45e9-b16d-8c47c90b1fd7 ] Request (ServerGroupTestJSON:tearDownClass): 204 DELETE http://10.180.1.21/networking/v2.0/security-groups/29c3066f-92d6-4fd9-a20b-96651c82bc4b 0.097s
2025-11-21 13:48:25.176 66150 INFO tempest.lib.common.rest_client [req-c2030d3e-48eb-429d-bf9c-ee1db3d3cecc req-c2030d3e-48eb-429d-bf9c-ee1db3d3cecc ] Request (ServersAdmin275Test:setUpClass): 201 POST http://10.180.1.21/identity/v3/auth/tokens 0.069s
2025-11-21 13:48:25.188 66186 INFO tempest.lib.common.rest_client [req-4db548ad-54d1-4d1a-a4b9-cb9be15dc593 req-4db548ad-54d1-4d1a-a4b9-cb9be15dc593 ] Request (ServerRescueNegativeTestJSON:setUpClass): 200 GET http://10.180.1.21/compute/v2.1/servers/d78d36e6-a542-4ba8-9e29-b8a7b28c559e 3.774s
2025-11-21 13:48:25.205 66190 INFO tempest.lib.common.rest_client [req-602e8c28-9661-43fd-b9fc-3291bfc27a71 req-602e8c28-9661-43fd-b9fc-3291bfc27a71 ] Request (ServersListShow296Test:test_list_show_update_rebuild_server_296): 200 GET http://10.180.1.21/compute/v2.1/servers/0548399d-ec7a-4d0c-b436-9ef93c4e2d37 3.751s
2025-11-21 13:48:25.213 66150 INFO tempest.lib.common.rest_client [req-9d119987-c557-4cc4-9c14-556a3cbb952f req-9d119987-c557-4cc4-9c14-556a3cbb952f ] Request (ServersAdmin275Test:setUpClass): 201 POST http://10.180.1.21/identity/v3/auth/tokens 0.035s
2025-11-21 13:48:25.218 66190 INFO tempest.common.waiters [-] State transition "REBUILD/rebuild_spawning" ==> "ACTIVE/None" after 13 second wait
2025-11-21 13:48:25.242 66150 INFO tempest.lib.common.rest_client [req-8ac05158-ab04-4c4d-9895-d8a3668a07c2 req-8ac05158-ab04-4c4d-9895-d8a3668a07c2 ] Request (ServersAdmin275Test:setUpClass): 200 GET http://10.180.1.21/identity/v3/domains?name=Default 0.028s
2025-11-21 13:48:25.277 66192 INFO tempest.lib.common.rest_client [req-54c95988-405f-4e67-9ac4-a3425e169106 req-54c95988-405f-4e67-9ac4-a3425e169106 ] Request (ServerGroupTestJSON:tearDownClass): 204 DELETE http://10.180.1.21/identity/v3/projects/c131f56de9d8479389743350c366e67e 0.118s
2025-11-21 13:48:25.304 66150 INFO tempest.lib.common.rest_client [req-9abc8ca5-b057-4460-a61b-454ed78ed88e req-9abc8ca5-b057-4460-a61b-454ed78ed88e ] Request (ServersAdmin275Test:setUpClass): 201 POST http://10.180.1.21/identity/v3/projects 0.061s
2025-11-21 13:48:25.304 66192 INFO tempest.lib.common.rest_client [req-8d54be95-06cb-48c5-9089-854088353318 req-8d54be95-06cb-48c5-9089-854088353318 ] Request (QuotasTestJSON:setUpClass): 201 POST http://10.180.1.21/identity/v3/auth/tokens 0.025s
2025-11-21 13:48:25.312 66144 INFO tempest.lib.common.rest_client [req-a6976d0c-b678-4ee1-b0b3-3f1b2c7c6232 req-a6976d0c-b678-4ee1-b0b3-3f1b2c7c6232 ] Request (ServerDiskConfigTestJSON:test_resize_server_from_auto_to_manual): 200 GET http://10.180.1.21/compute/v2.1/servers/f75000e6-f3bf-4951-a541-3aa185339054 3.721s
2025-11-21 13:48:25.339 66198 INFO tempest.lib.common.rest_client [req-2648053a-bd6a-485e-aa40-b0aee3051dd1 req-2648053a-bd6a-485e-aa40-b0aee3051dd1 ] Request (ServersTestBootFromVolume:setUpClass): 200 GET http://10.180.1.21/compute/v2.1/servers/54ad3472-0cca-4dca-91f2-8c343f706926 3.785s
2025-11-21 13:48:25.348 66198 INFO tempest.lib.common.ssh [-] Creating ssh connection to '10.180.180.178:22' as 'cirros' with public key authentication
