2025-11-23 05:59:56.044 66566 INFO tempest.lib.common.rest_client [req-8d5bc324-aac7-452c-b2be-50a002fbde37 req-8d5bc324-aac7-452c-b2be-50a002fbde37 ] Request (AttachVolumeShelveTestJSON:test_attach_volume_shelved_or_offload_server): 200 GET http://10.180.1.21/compute/v2.1/servers/ebc9c295-f385-49f8-81f2-8f513e50319e 1.366s
2025-11-23 05:59:56.363 66506 INFO tempest.lib.common.rest_client [req-401ca0f2-bc25-4742-b9c2-93ddba8ebdd1 req-401ca0f2-bc25-4742-b9c2-93ddba8ebdd1 ] Request (DeleteServersTestJSON:test_delete_server_while_in_building_state): 202 POST http://10.180.1.21/compute/v2.1/servers 1.699s
2025-11-23 05:59:56.456 66559 INFO tempest.lib.common.rest_client [req-8003984b-d65b-4cf0-a60b-b7a1ccfac3ee req-8003984b-d65b-4cf0-a60b-b7a1ccfac3ee ] Request (InstanceActionsTestJSON:tearDownClass): 200 GET http://10.180.1.21/compute/v2.1/servers/3e52ced3-9d26-4856-b2f9-acbc1b9f128c 1.666s
2025-11-23 05:59:56.530 66518 INFO tempest.lib.common.rest_client [req-3ec51284-1052-482b-b634-4b80d708e576 req-3ec51284-1052-482b-b634-4b80d708e576 ] Request (ServersAdmin275Test:tearDownClass): 200 GET http://10.180.1.21/compute/v2.1/servers/ebfcc6bf-10d9-4333-9339-e73e32dbdd39 1.721s
2025-11-23 05:59:56.613 66534 INFO tempest.lib.common.rest_client [req-0cdfd7b2-6cda-458e-b679-1b9e5faa6107 req-0cdfd7b2-6cda-458e-b679-1b9e5faa6107 ] Request (MultipleCreateTestJSON:tearDownClass): 200 GET http://10.180.1.21/compute/v2.1/servers/7941dfab-4a0c-4990-b236-8bddc711102b 1.714s
2025-11-23 05:59:56.747 66536 INFO tempest.lib.common.rest_client [req-22990395-c325-4b07-9d13-9868b55147f2 req-22990395-c325-4b07-9d13-9868b55147f2 ] Request (ServersAdminTestJSON:test_create_server_with_scheduling_hint): 200 GET http://10.180.1.21/compute/v2.1/servers/453efbb2-259c-44c7-8a0f-60ca0730df02 1.814s
2025-11-23 05:59:56.810 66556 INFO tempest.lib.common.rest_client [req-219259be-7295-48e1-b5c5-687466991568 req-219259be-7295-48e1-b5c5-687466991568 ] Request (AttachInterfacesUnderV243Test:test_add_remove_fixed_ip): 200 GET http://10.180.1.21/compute/v2.1/servers/2c3c8031-e2e3-482a-87f0-56789461f744 1.841s
2025-11-23 05:59:56.876 66512 INFO tempest.lib.common.rest_client [req-0bd9aaee-a287-4988-b578-a77ecd061e9d req-0bd9aaee-a287-4988-b578-a77ecd061e9d ] Request (ServersAdminNegativeTestJSON:tearDownClass): 200 GET http://10.180.1.21/compute/v2.1/servers/057e767b-5cf6-48c0-86c0-daf4cad0a153 1.858s
2025-11-23 05:59:56.923 66528 INFO tempest.lib.common.rest_client [req-eba736a8-3467-4ba7-9df3-3a7d25b4bb04 req-eba736a8-3467-4ba7-9df3-3a7d25b4bb04 ] Request (ServersWithSpecificFlavorTestJSON:test_verify_created_server_ephemeral_disk): 200 GET http://10.180.1.21/compute/v2.1/servers/b9f50b0e-1ec5-4bb4-948e-1d02f17d4b54 1.875s
2025-11-23 05:59:56.974 66560 INFO tempest.lib.common.rest_client [req-d44bebc1-6488-4bd3-97f5-890d10ebb376 req-d44bebc1-6488-4bd3-97f5-890d10ebb376 ] Request (ServerPasswordTestJSON:setUpClass): 200 GET http://10.180.1.21/compute/v2.1/servers/b2702e5b-4b3b-4f65-9ca7-d77c654a4d5f 1.899s
2025-11-23 05:59:57.037 66545 INFO tempest.lib.common.rest_client [req-ef7ba5ae-f240-4faa-8882-ad97647a7517 req-ef7ba5ae-f240-4faa-8882-ad97647a7517 ] Request (ServersTestJSON:_run_cleanups): 200 GET http://10.180.1.21/compute/v2.1/servers/250e94f0-8cea-4f68-abc9-e8f6c6d32369 1.943s
2025-11-23 05:59:57.147 66524 INFO tempest.lib.common.rest_client [req-b73e2223-e563-4352-a7a1-8ccbf595f9d0 req-b73e2223-e563-4352-a7a1-8ccbf595f9d0 ] Request (ServersTestMultiNic:test_verify_duplicate_network_nics): 200 GET http://10.180.1.21/compute/v2.1/servers/bc7361f6-d942-4256-87fb-5a4b2ab09418 1.912s
2025-11-23 05:59:57.194 66546 INFO tempest.lib.common.rest_client [req-662416c8-507b-4be4-89b3-8ee0ab9f77a6 req-662416c8-507b-4be4-89b3-8ee0ab9f77a6 ] Request (AttachVolumeTestJSON:test_attach_detach_volume): 200 GET http://10.180.1.21/compute/v2.1/servers/0c2694f7-00b5-495b-bc4c-8df4f4dec357 1.904s
2025-11-23 05:59:57.243 66562 INFO tempest.lib.common.rest_client [req-14e00bc3-07be-4cfa-8e30-c8403bf58065 req-14e00bc3-07be-4cfa-8e30-c8403bf58065 ] Request (SecurityGroupsTestJSON:test_list_security_groups_by_server): 200 GET http://10.180.1.21/compute/v2.1/servers/6ea678b3-ac34-4277-b8d7-d6dc781b9b32 1.948s
2025-11-23 05:59:57.356 66504 INFO tempest.lib.common.rest_client [req-cc08f861-c5cf-4205-aafd-311249f3fe82 req-cc08f861-c5cf-4205-aafd-311249f3fe82 ] Request (ServerAddressesTestJSON:setUpClass): 200 GET http://10.180.1.21/compute/v2.1/servers/636bbd47-c446-4a5e-8431-a3b2f7604674 1.847s
2025-11-23 05:59:57.413 66540 INFO tempest.lib.common.rest_client [req-27fae7f1-6457-4d36-b3fb-46e906cc0590 req-27fae7f1-6457-4d36-b3fb-46e906cc0590 ] Request (ServerActionsTestOtherA:test_rebuild_server_in_stop_state): 200 GET http://10.180.1.21/compute/v2.1/servers/b4b4223b-2e0b-4ba4-a034-d5803cd81c5c 1.799s
2025-11-23 05:59:57.474 66532 INFO tempest.lib.common.rest_client [req-687cbfd1-eac0-4cb7-abfb-f72ca9cf353e req-687cbfd1-eac0-4cb7-abfb-f72ca9cf353e ] Request (ServersTestBootFromVolume:setUpClass): 200 GET http://10.180.1.21/compute/v2.1/servers/ffef8fdf-9ac7-45d5-a9bd-a497a5002eca/os-interface 1.834s
2025-11-23 05:59:57.615 66520 WARNING tempest.lib.common.ssh [-] Failed to establish authenticated ssh connection to cirros@10.180.180.150 ([Errno None] Unable to connect to port 22 on 10.180.180.150). Number attempts: 5. Retry after 6 seconds.: paramiko.ssh_exception.NoValidConnectionsError: [Errno None] Unable to connect to port 22 on 10.180.180.150
2025-11-23 05:59:57.653 66530 INFO tempest.lib.common.rest_client [req-10c83d5d-e3df-4fd6-aea0-e67c207314c8 req-10c83d5d-e3df-4fd6-aea0-e67c207314c8 ] Request (ServersTestJSON:tearDownClass): 200 GET http://10.180.1.21/compute/v2.1/servers/3a2c227b-b3d0-42c1-95c0-89c0ab60edd4 1.805s
2025-11-23 05:59:57.731 66514 INFO tempest.lib.common.rest_client [req-a47a6c67-4928-498f-890a-ccaf239a6a6a req-a47a6c67-4928-498f-890a-ccaf239a6a6a ] Request (VolumesAssistedSnapshotsTest:test_volume_assisted_snapshot_create_delete): 200 POST http://10.180.1.21/compute/v2.1/servers/e5664cd0-53bb-4fbd-9f18-ef729483e14d/os-volume_attachments 3.044s
2025-11-23 05:59:57.776 66522 INFO tempest.lib.common.rest_client [req-686b7ee8-a94a-4534-97ad-24859f08d3a1 req-686b7ee8-a94a-4534-97ad-24859f08d3a1 ] Request (FloatingIPsAssociationTestJSON:tearDownClass): 200 GET http://10.180.1.21/compute/v2.1/servers/3f7e7bd1-0c0d-4a09-81ce-56f60ddbfed0 1.690s
2025-11-23 05:59:57.781 66514 INFO tempest.lib.common.rest_client [req-52538f0b-46bf-4d72-bc41-5acc1653feab req-52538f0b-46bf-4d72-bc41-5acc1653feab ] Request (VolumesAssistedSnapshotsTest:test_volume_assisted_snapshot_create_delete): 200 GET http://10.180.1.21/volume/v3/volumes/a8321f86-275f-43f2-b6df-3ed7e2b639fd 0.048s
2025-11-23 05:59:57.786 66522 INFO tempest.common.waiters [-] State transition "ACTIVE/deleting" ==> "DELETED/None" after 4 second wait
2025-11-23 05:59:57.879 66510 INFO tempest.lib.common.rest_client [req-2ee113e4-ee23-4084-858e-03b93ea34886 req-2ee113e4-ee23-4084-858e-03b93ea34886 ] Request (ServerShowV247Test:test_update_rebuild_list_server): 200 GET http://10.180.1.21/compute/v2.1/servers/12269969-7599-4653-9dc0-b7cf962f03b9 1.679s
2025-11-23 05:59:57.892 66542 INFO tempest.lib.common.rest_client [req-a263380d-9a37-4460-9e99-7ad7234b2414 req-a263380d-9a37-4460-9e99-7ad7234b2414 ] Request (ImagesOneServerNegativeTestJSON:setUpClass): 200 GET http://10.180.1.21/compute/v2.1/servers/f3867698-a131-4a61-a36c-e974372173be 1.602s
2025-11-23 05:59:57.899 66542 INFO tempest.common.waiters [-] State transition "BUILD/None" ==> "BUILD/networking" after 27 second wait
2025-11-23 05:59:57.942 66550 INFO tempest.lib.common.rest_client [req-14eb450c-753f-4456-bb2f-28917810714e req-14eb450c-753f-4456-bb2f-28917810714e ] Request (ListImageFiltersTestJSON:setUpClass): 200 GET http://10.180.1.21/compute/v2.1/images/935e4a82-0f55-48bf-81ab-2abe81bb60ee 1.615s
2025-11-23 05:59:58.138 66532 INFO tempest.lib.common.rest_client [req-ea8dfd99-0a31-4088-b67e-33fe60203b38 req-ea8dfd99-0a31-4088-b67e-33fe60203b38 ] Request (ServersTestBootFromVolume:setUpClass): 200 PUT http://10.180.1.21/networking/v2.0/floatingips/3939ed10-51d2-4357-98d7-241e4d15aad9 0.661s
2025-11-23 05:59:58.227 66506 INFO tempest.lib.common.rest_client [req-c80a1256-9e7b-46d1-b0b2-043bfff5d089 req-c80a1256-9e7b-46d1-b0b2-043bfff5d089 ] Request (DeleteServersTestJSON:test_delete_server_while_in_building_state): 200 GET http://10.180.1.21/compute/v2.1/servers/79dd1e4b-4a65-4f85-a3bd-72f09a4455c8 1.862s
2025-11-23 05:59:58.257 66526 INFO tempest.lib.common.rest_client [req-c6a247e6-c9c9-4899-be05-a080bb861140 req-c6a247e6-c9c9-4899-be05-a080bb861140 ] Request (DeleteServersAdminTestJSON:test_admin_delete_servers_of_others): 200 GET http://10.180.1.21/compute/v2.1/servers/d2cb7a72-1a45-4b17-9679-01939348afd5 1.824s
2025-11-23 05:59:58.264 66526 INFO tempest.common.waiters [-] State transition "BUILD/networking" ==> "BUILD/spawning" after 33 second wait
2025-11-23 05:59:58.296 66548 INFO tempest.lib.common.rest_client [req-43755faa-09e9-4bd4-b7cf-4f3a80b78a80 req-43755faa-09e9-4bd4-b7cf-4f3a80b78a80 ] Request (ServerAddressesNegativeTestJSON:setUpClass): 200 GET http://10.180.1.21/compute/v2.1/servers/47b580ec-1dbf-4911-bfe9-f29725d83c6e 1.590s
2025-11-23 05:59:58.350 66538 INFO tempest.lib.common.rest_client [req-80d6cfa3-7888-43b0-89e3-ef43a3dadc1d req-80d6cfa3-7888-43b0-89e3-ef43a3dadc1d ] Request (ServersListShow298Test:test_list_show_update_rebuild_server_298): 200 GET http://10.180.1.21/compute/v2.1/servers/2a8d8483-a90b-4993-8b30-30536a1c568e 1.609s
2025-11-23 05:59:58.402 66516 INFO tempest.lib.common.rest_client [req-15b1eb30-6bbf-4c82-aec6-d94112e14bda req-15b1eb30-6bbf-4c82-aec6-d94112e14bda ] Request (ImagesOneServerTestJSON:tearDownClass): 200 GET http://10.180.1.21/compute/v2.1/servers/4a439b3d-f672-4d62-b02e-116db7391aaa 1.558s
2025-11-23 05:59:58.417 66508 INFO tempest.lib.common.rest_client [req-09c7dc17-e011-4210-8737-62007edf19ec req-09c7dc17-e011-4210-8737-62007edf19ec ] Request (AttachInterfacesV270Test:test_create_get_list_interfaces): 200 GET http://10.180.1.21/compute/v2.1/servers/d65d3f14-307b-421e-b6ad-23dd6c03cd7a 1.469s
2025-11-23 05:59:58.481 66566 INFO tempest.lib.common.rest_client [req-3a091246-7031-4b24-bd8a-7e5c10783113 req-3a091246-7031-4b24-bd8a-7e5c10783113 ] Request (AttachVolumeShelveTestJSON:test_attach_volume_shelved_or_offload_server): 200 GET http://10.180.1.21/compute/v2.1/servers/ebc9c295-f385-49f8-81f2-8f513e50319e 1.427s
2025-11-23 05:59:58.490 66566 INFO tempest.common.waiters [-] State transition "BUILD/scheduling" ==> "BUILD/None" after 21 second wait
2025-11-23 05:59:58.550 66559 INFO tempest.lib.common.rest_client [req-9a0969c4-b2db-451f-bab6-305f71f9e549 req-9a0969c4-b2db-451f-bab6-305f71f9e549 ] Request (InstanceActionsTestJSON:tearDownClass): 200 GET http://10.180.1.21/compute/v2.1/servers/3e52ced3-9d26-4856-b2f9-acbc1b9f128c 1.085s
2025-11-23 05:59:58.676 66518 INFO tempest.lib.common.rest_client [req-cdd402b8-fd7d-4564-ba9b-9da3d5f0ede8 req-cdd402b8-fd7d-4564-ba9b-9da3d5f0ede8 ] Request (ServersAdmin275Test:tearDownClass): 200 GET http://10.180.1.21/compute/v2.1/servers/ebfcc6bf-10d9-4333-9339-e73e32dbdd39 1.137s
2025-11-23 05:59:58.723 66534 INFO tempest.lib.common.rest_client [req-f8796332-ea87-47a2-9f41-9f9a837806f3 req-f8796332-ea87-47a2-9f41-9f9a837806f3 ] Request (MultipleCreateTestJSON:tearDownClass): 200 GET http://10.180.1.21/compute/v2.1/servers/7941dfab-4a0c-4990-b236-8bddc711102b 1.098s
2025-11-23 05:59:58.827 66514 INFO tempest.lib.common.rest_client [req-1c542945-9cf9-4fac-8878-863e34477593 req-1c542945-9cf9-4fac-8878-863e34477593 ] Request (VolumesAssistedSnapshotsTest:test_volume_assisted_snapshot_create_delete): 200 GET http://10.180.1.21/volume/v3/volumes/a8321f86-275f-43f2-b6df-3ed7e2b639fd 0.035s
2025-11-23 05:59:59.431 66556 INFO tempest.lib.common.rest_client [req-1d48c56e-2e4c-4b1f-86f4-8bbe9f93c2f5 req-1d48c56e-2e4c-4b1f-86f4-8bbe9f93c2f5 ] Request (AttachInterfacesUnderV243Test:test_add_remove_fixed_ip): 200 GET http://10.180.1.21/compute/v2.1/servers/2c3c8031-e2e3-482a-87f0-56789461f744 1.613s
2025-11-23 05:59:59.476 66536 INFO tempest.lib.common.rest_client [req-fcfbe5f8-4ddc-46aa-926c-c46a72fa3687 req-fcfbe5f8-4ddc-46aa-926c-c46a72fa3687 ] Request (ServersAdminTestJSON:test_create_server_with_scheduling_hint): 200 GET http://10.180.1.21/compute/v2.1/servers/453efbb2-259c-44c7-8a0f-60ca0730df02 1.719s
2025-11-23 05:59:59.516 66512 INFO tempest.lib.common.rest_client [req-ec65f4b8-b530-4584-a0d1-23b35a7154de req-ec65f4b8-b530-4584-a0d1-23b35a7154de ] Request (ServersAdminNegativeTestJSON:tearDownClass): 200 GET http://10.180.1.21/compute/v2.1/servers/057e767b-5cf6-48c0-86c0-daf4cad0a153 1.632s
2025-11-23 05:59:59.552 66550 INFO tempest.lib.common.rest_client [req-58d39f03-f9d4-43bc-8a18-3bb7bcbab295 req-58d39f03-f9d4-43bc-8a18-3bb7bcbab295 ] Request (ListImageFiltersTestJSON:setUpClass): 200 GET http://10.180.1.21/compute/v2.1/images/935e4a82-0f55-48bf-81ab-2abe81bb60ee 1.603s
2025-11-23 05:59:59.563 66528 INFO tempest.lib.common.rest_client [req-3d2ff971-5bbb-4dd9-a864-ee96791c147f req-3d2ff971-5bbb-4dd9-a864-ee96791c147f ] Request (ServersWithSpecificFlavorTestJSON:test_verify_created_server_ephemeral_disk): 200 GET http://10.180.1.21/compute/v2.1/servers/b9f50b0e-1ec5-4bb4-948e-1d02f17d4b54 1.632s
2025-11-23 05:59:59.613 66560 INFO tempest.lib.common.rest_client [req-ec5138b8-87a4-4cba-aac2-247841994c33 req-ec5138b8-87a4-4cba-aac2-247841994c33 ] Request (ServerPasswordTestJSON:setUpClass): 200 GET http://10.180.1.21/compute/v2.1/servers/b2702e5b-4b3b-4f65-9ca7-d77c654a4d5f 1.632s
2025-11-23 05:59:59.631 66545 INFO tempest.lib.common.rest_client [req-c57faaea-e074-4bab-98af-b04e2294ca65 req-c57faaea-e074-4bab-98af-b04e2294ca65 ] Request (ServersTestJSON:_run_cleanups): 200 GET http://10.180.1.21/compute/v2.1/servers/250e94f0-8cea-4f68-abc9-e8f6c6d32369 1.585s
2025-11-23 05:59:59.880 66514 INFO tempest.lib.common.rest_client [req-420c83aa-6e3c-4ca8-9c67-5426123e31f7 req-420c83aa-6e3c-4ca8-9c67-5426123e31f7 ] Request (VolumesAssistedSnapshotsTest:test_volume_assisted_snapshot_create_delete): 200 GET http://10.180.1.21/volume/v3/volumes/a8321f86-275f-43f2-b6df-3ed7e2b639fd 0.044s
2025-11-23 05:59:59.900 66532 INFO tempest.lib.common.rest_client [req-3d8b0873-f653-46e6-bf3a-4e3260c5d539 req-3d8b0873-f653-46e6-bf3a-4e3260c5d539 ] Request (ServersTestBootFromVolume:setUpClass): 200 GET http://10.180.1.21/compute/v2.1/servers/ffef8fdf-9ac7-45d5-a9bd-a497a5002eca 1.762s
2025-11-23 05:59:59.914 66532 INFO tempest.lib.common.ssh [-] Creating ssh connection to '10.180.180.149:22' as 'cirros' with public key authentication
2025-11-23 05:59:59.927 66524 INFO tempest.lib.common.rest_client [req-19d800a3-db80-498b-b7a2-b7c7c8288811 req-19d800a3-db80-498b-b7a2-b7c7c8288811 ] Request (ServersTestMultiNic:test_verify_duplicate_network_nics): 200 GET http://10.180.1.21/compute/v2.1/servers/bc7361f6-d942-4256-87fb-5a4b2ab09418 1.770s
2025-11-23 05:59:59.974 66546 INFO tempest.lib.common.rest_client [req-093ec422-02e4-4305-b009-f7d5ebf2a5b5 req-093ec422-02e4-4305-b009-f7d5ebf2a5b5 ] Request (AttachVolumeTestJSON:test_attach_detach_volume): 200 GET http://10.180.1.21/compute/v2.1/servers/0c2694f7-00b5-495b-bc4c-8df4f4dec357 1.771s
2025-11-23 06:00:00.027 66562 INFO tempest.lib.common.rest_client [req-e030c814-65ee-449c-a301-49faaf59aa87 req-e030c814-65ee-449c-a301-49faaf59aa87 ] Request (SecurityGroupsTestJSON:test_list_security_groups_by_server): 200 GET http://10.180.1.21/compute/v2.1/servers/6ea678b3-ac34-4277-b8d7-d6dc781b9b32 1.776s
2025-11-23 06:00:00.147 66506 INFO tempest.lib.common.rest_client [req-4c71bf48-dcc1-4acd-b835-f9269b590b11 req-4c71bf48-dcc1-4acd-b835-f9269b590b11 ] Request (DeleteServersTestJSON:test_delete_server_while_in_building_state): 204 DELETE http://10.180.1.21/compute/v2.1/servers/79dd1e4b-4a65-4f85-a3bd-72f09a4455c8 1.913s
2025-11-23 06:00:00.176 66504 INFO tempest.lib.common.rest_client [req-55a2eaeb-ac73-464d-95e1-e7265eb3a42b req-55a2eaeb-ac73-464d-95e1-e7265eb3a42b ] Request (ServerAddressesTestJSON:setUpClass): 200 GET http://10.180.1.21/compute/v2.1/servers/636bbd47-c446-4a5e-8431-a3b2f7604674 1.810s
2025-11-23 06:00:00.197 66540 INFO tempest.lib.common.rest_client [req-21ba2b2a-e366-4fa4-a084-5b2d123ce90a req-21ba2b2a-e366-4fa4-a084-5b2d123ce90a ] Request (ServerActionsTestOtherA:test_rebuild_server_in_stop_state): 200 GET http://10.180.1.21/compute/v2.1/servers/b4b4223b-2e0b-4ba4-a034-d5803cd81c5c 1.775s
2025-11-23 06:00:00.234 66530 INFO tempest.lib.common.rest_client [req-7aa5e2d2-5a9c-448c-accc-90b053a3034d req-7aa5e2d2-5a9c-448c-accc-90b053a3034d ] Request (ServersTestJSON:tearDownClass): 200 GET http://10.180.1.21/compute/v2.1/servers/3a2c227b-b3d0-42c1-95c0-89c0ab60edd4 1.571s
2025-11-23 06:00:00.267 66522 INFO tempest.lib.common.rest_client [req-4c821489-e41b-4f44-8fcd-d0bffce4d57a req-4c821489-e41b-4f44-8fcd-d0bffce4d57a ] Request (FloatingIPsAssociationTestJSON:tearDownClass): 200 GET http://10.180.1.21/compute/v2.1/servers/3f7e7bd1-0c0d-4a09-81ce-56f60ddbfed0 1.480s
2025-11-23 06:00:00.299 66510 INFO tempest.lib.common.rest_client [req-d17b7e90-4004-46c2-8282-a92e485870c9 req-d17b7e90-4004-46c2-8282-a92e485870c9 ] Request (ServerShowV247Test:test_update_rebuild_list_server): 200 GET http://10.180.1.21/compute/v2.1/servers/12269969-7599-4653-9dc0-b7cf962f03b9 1.409s
2025-11-23 06:00:00.394 66542 INFO tempest.lib.common.rest_client [req-78161ac6-340a-44d4-9fb6-7d71da4f3664 req-78161ac6-340a-44d4-9fb6-7d71da4f3664 ] Request (ImagesOneServerNegativeTestJSON:setUpClass): 200 GET http://10.180.1.21/compute/v2.1/servers/f3867698-a131-4a61-a36c-e974372173be 1.493s
2025-11-23 06:00:00.403 66542 INFO tempest.common.waiters [-] State transition "BUILD/networking" ==> "BUILD/spawning" after 30 second wait
2025-11-23 06:00:00.419 66526 INFO tempest.lib.common.rest_client [req-30060344-72ce-45f2-85ee-e3fcdff0c9b3 req-30060344-72ce-45f2-85ee-e3fcdff0c9b3 ] Request (DeleteServersAdminTestJSON:test_admin_delete_servers_of_others): 200 GET http://10.180.1.21/compute/v2.1/servers/d2cb7a72-1a45-4b17-9679-01939348afd5 1.154s
2025-11-23 06:00:00.453 66548 INFO tempest.lib.common.rest_client [req-5f2691f9-b97a-43f6-b028-099ab974f1d4 req-5f2691f9-b97a-43f6-b028-099ab974f1d4 ] Request (ServerAddressesNegativeTestJSON:setUpClass): 200 GET http://10.180.1.21/compute/v2.1/servers/47b580ec-1dbf-4911-bfe9-f29725d83c6e 1.143s
2025-11-23 06:00:00.487 66538 INFO tempest.lib.common.rest_client [req-29025ce3-58c8-4457-bcaf-0ef7edd97c30 req-29025ce3-58c8-4457-bcaf-0ef7edd97c30 ] Request (ServersListShow298Test:test_list_show_update_rebuild_server_298): 200 GET http://10.180.1.21/compute/v2.1/servers/2a8d8483-a90b-4993-8b30-30536a1c568e 1.123s
2025-11-23 06:00:00.519 66516 INFO tempest.lib.common.rest_client [req-6874282d-dedf-4a49-a9a3-0f309bfec415 req-6874282d-dedf-4a49-a9a3-0f309bfec415 ] Request (ImagesOneServerTestJSON:tearDownClass): 200 GET http://10.180.1.21/compute/v2.1/servers/4a439b3d-f672-4d62-b02e-116db7391aaa 1.107s
2025-11-23 06:00:00.549 66508 INFO tempest.lib.common.rest_client [req-4827f035-8c0f-4c00-8137-8a1e1fc7ba2a req-4827f035-8c0f-4c00-8137-8a1e1fc7ba2a ] Request (AttachInterfacesV270Test:test_create_get_list_interfaces): 200 GET http://10.180.1.21/compute/v2.1/servers/d65d3f14-307b-421e-b6ad-23dd6c03cd7a 1.123s
2025-11-23 06:00:00.586 66566 INFO tempest.lib.common.rest_client [req-ba1feb92-b56b-49c6-9b58-8136bb180797 req-ba1feb92-b56b-49c6-9b58-8136bb180797 ] Request (AttachVolumeShelveTestJSON:test_attach_volume_shelved_or_offload_server): 200 GET http://10.180.1.21/compute/v2.1/servers/ebc9c295-f385-49f8-81f2-8f513e50319e 1.095s
2025-11-23 06:00:00.607 66559 INFO tempest.lib.common.rest_client [req-b4a58a4f-718e-464c-b994-8744dba3fbde req-b4a58a4f-718e-464c-b994-8744dba3fbde ] Request (InstanceActionsTestJSON:tearDownClass): 404 GET http://10.180.1.21/compute/v2.1/servers/3e52ced3-9d26-4856-b2f9-acbc1b9f128c 1.044s
2025-11-23 06:00:00.653 66550 INFO tempest.lib.common.rest_client [req-dd46618c-b5d7-400f-810e-d5e2fbc60e0b req-dd46618c-b5d7-400f-810e-d5e2fbc60e0b ] Request (ListImageFiltersTestJSON:setUpClass): 200 GET http://10.180.1.21/compute/v2.1/servers/985a1e1a-4441-4496-a53d-172817604c1c 1.098s
2025-11-23 06:00:00.677 66518 INFO tempest.lib.common.rest_client [req-b49961ff-c6e1-4226-ad34-b43d8d9a882f req-b49961ff-c6e1-4226-ad34-b43d8d9a882f ] Request (ServersAdmin275Test:tearDownClass): 200 GET http://10.180.1.21/compute/v2.1/servers/ebfcc6bf-10d9-4333-9339-e73e32dbdd39 0.987s
2025-11-23 06:00:00.723 66534 INFO tempest.lib.common.rest_client [req-f5967258-fba5-4eac-8cd4-82fbfe82b3b5 req-f5967258-fba5-4eac-8cd4-82fbfe82b3b5 ] Request (MultipleCreateTestJSON:tearDownClass): 200 GET http://10.180.1.21/compute/v2.1/servers/7941dfab-4a0c-4990-b236-8bddc711102b 0.991s
2025-11-23 06:00:00.761 66506 INFO tempest.lib.common.rest_client [req-82e0877f-4c53-4d7b-adce-73a911392ca1 req-82e0877f-4c53-4d7b-adce-73a911392ca1 ] Request (DeleteServersTestJSON:test_delete_server_while_in_building_state): 404 GET http://10.180.1.21/compute/v2.1/servers/79dd1e4b-4a65-4f85-a3bd-72f09a4455c8 0.613s
2025-11-23 06:00:00.816 66556 INFO tempest.lib.common.rest_client [req-ff1898c9-cb55-4a71-bdd8-6eb92f95bb55 req-ff1898c9-cb55-4a71-bdd8-6eb92f95bb55 ] Request (AttachInterfacesUnderV243Test:test_add_remove_fixed_ip): 200 GET http://10.180.1.21/compute/v2.1/servers/2c3c8031-e2e3-482a-87f0-56789461f744 0.376s
2025-11-23 06:00:00.820 66506 INFO tempest.lib.common.rest_client [req-64181b15-8d4f-4b9f-82c4-03cd64ce292d req-64181b15-8d4f-4b9f-82c4-03cd64ce292d ] Request (DeleteServersTestJSON:test_delete_server_while_in_shelved_state): 201 POST http://10.180.1.21/identity/v3/auth/tokens 0.054s
2025-11-23 06:00:00.820 66506 INFO tempest.lib.common.fixed_network [-] (DeleteServersTestJSON:test_delete_server_while_in_shelved_state) Found network {'id': '6fcd6191-dcd8-4cc2-8d7d-2a7a9dc77b9a', 'name': 'tempest-DeleteServersTestJSON-699944808-network', 'tenant_id': 'a1b5ba32a1064619bf2c3ab6037ca5cf', 'project_id': 'a1b5ba32a1064619bf2c3ab6037ca5cf', 'admin_state_up': True, 'mtu': 8950, 'status': 'ACTIVE', 'subnets': [], 'shared': False, 'port_security_enabled': True, 'router:external': False, 'provider:network_type': 'vlan', 'provider:physical_network': 'default', 'provider:segmentation_id': 18, 'availability_zone_hints': [], 'availability_zones': [], 'ipv4_address_scope': None, 'ipv6_address_scope': None, 'description': '', 'tags': [], 'created_at': '2025-11-23T05:57:42Z', 'updated_at': '2025-11-23T05:57:42Z', 'revision_number': 1} available for tenant
2025-11-23 06:00:00.929 66536 INFO tempest.lib.common.rest_client [req-0c4c5217-4434-455c-964c-8a6278eea869 req-0c4c5217-4434-455c-964c-8a6278eea869 ] Request (ServersAdminTestJSON:test_create_server_with_scheduling_hint): 200 GET http://10.180.1.21/compute/v2.1/servers/453efbb2-259c-44c7-8a0f-60ca0730df02 0.444s
2025-11-23 06:00:00.942 66512 INFO tempest.lib.common.rest_client [req-decb5ba6-5cf7-4424-9469-faa227fade88 req-decb5ba6-5cf7-4424-9469-faa227fade88 ] Request (ServersAdminNegativeTestJSON:tearDownClass): 200 GET http://10.180.1.21/compute/v2.1/servers/057e767b-5cf6-48c0-86c0-daf4cad0a153 0.417s
2025-11-23 06:00:00.946 66514 INFO tempest.lib.common.rest_client [req-cbcf7c3e-6dd7-4b2c-95c1-d8e3ed2c988d req-cbcf7c3e-6dd7-4b2c-95c1-d8e3ed2c988d ] Request (VolumesAssistedSnapshotsTest:test_volume_assisted_snapshot_create_delete): 200 GET http://10.180.1.21/volume/v3/volumes/a8321f86-275f-43f2-b6df-3ed7e2b639fd 0.053s
2025-11-23 06:00:01.003 66528 INFO tempest.lib.common.rest_client [req-3f9bae07-81b8-4751-98dd-a57b63456f2d req-3f9bae07-81b8-4751-98dd-a57b63456f2d ] Request (ServersWithSpecificFlavorTestJSON:test_verify_created_server_ephemeral_disk): 200 GET http://10.180.1.21/compute/v2.1/servers/b9f50b0e-1ec5-4bb4-948e-1d02f17d4b54 0.429s
2025-11-23 06:00:01.018 66560 INFO tempest.lib.common.rest_client [req-de7800a8-ee7d-4dd2-9714-6a53a1c92750 req-de7800a8-ee7d-4dd2-9714-6a53a1c92750 ] Request (ServerPasswordTestJSON:setUpClass): 200 GET http://10.180.1.21/compute/v2.1/servers/b2702e5b-4b3b-4f65-9ca7-d77c654a4d5f 0.397s
2025-11-23 06:00:01.085 66545 INFO tempest.lib.common.rest_client [req-bb883c1e-d02b-45dd-bbfa-72ca54417fbe req-bb883c1e-d02b-45dd-bbfa-72ca54417fbe ] Request (ServersTestJSON:_run_cleanups): 200 GET http://10.180.1.21/compute/v2.1/servers/250e94f0-8cea-4f68-abc9-e8f6c6d32369 0.446s
2025-11-23 06:00:01.509 66550 INFO tempest.lib.common.rest_client [req-9f7c373f-2849-457e-9417-bded6ad31063 req-9f7c373f-2849-457e-9417-bded6ad31063 ] Request (ListImageFiltersTestJSON:setUpClass): 202 POST http://10.180.1.21/compute/v2.1/servers/448779d0-a6fc-48a9-a202-49f12e7c4530/action 0.847s
2025-11-23 06:00:01.522 66559 INFO tempest.lib.common.rest_client [req-1d14039f-44be-4372-b806-56d3686e4f02 req-1d14039f-44be-4372-b806-56d3686e4f02 ] Request (InstanceActionsTestJSON:tearDownClass): 200 PUT http://10.180.1.21/networking/v2.0/routers/b6d6b32c-aab8-4bfe-86b8-8babfea355d6/remove_router_interface 0.914s
2025-11-23 06:00:01.670 66506 INFO tempest.lib.common.rest_client [req-acbef4a7-18ba-4018-ae41-b7122ae2ccea req-acbef4a7-18ba-4018-ae41-b7122ae2ccea ] Request (DeleteServersTestJSON:test_delete_server_while_in_shelved_state): 202 POST http://10.180.1.21/compute/v2.1/servers 0.849s
2025-11-23 06:00:01.851 66546 INFO tempest.lib.common.rest_client [req-45727dad-f7d8-4260-9d7d-2012ecdc1e51 req-45727dad-f7d8-4260-9d7d-2012ecdc1e51 ] Request (AttachVolumeTestJSON:test_attach_detach_volume): 200 GET http://10.180.1.21/compute/v2.1/servers/0c2694f7-00b5-495b-bc4c-8df4f4dec357 0.868s
2025-11-23 06:00:01.876 66524 INFO tempest.lib.common.rest_client [req-1a222569-53d5-4353-9f9e-5f4972f40bef req-1a222569-53d5-4353-9f9e-5f4972f40bef ] Request (ServersTestMultiNic:test_verify_duplicate_network_nics): 200 GET http://10.180.1.21/compute/v2.1/servers/bc7361f6-d942-4256-87fb-5a4b2ab09418 0.936s
2025-11-23 06:00:01.886 66524 INFO tempest.common.waiters [-] State transition "BUILD/spawning" ==> "ACTIVE/None" after 57 second wait
2025-11-23 06:00:01.982 66562 INFO tempest.lib.common.rest_client [req-7668c07f-8764-4249-baa9-3a662b7ceb86 req-7668c07f-8764-4249-baa9-3a662b7ceb86 ] Request (SecurityGroupsTestJSON:test_list_security_groups_by_server): 200 GET http://10.180.1.21/compute/v2.1/servers/6ea678b3-ac34-4277-b8d7-d6dc781b9b32 0.945s
2025-11-23 06:00:01.997 66514 INFO tempest.lib.common.rest_client [req-0ada1fed-b39b-4f73-a489-a6156e8b26bc req-0ada1fed-b39b-4f73-a489-a6156e8b26bc ] Request (VolumesAssistedSnapshotsTest:test_volume_assisted_snapshot_create_delete): 200 GET http://10.180.1.21/volume/v3/volumes/a8321f86-275f-43f2-b6df-3ed7e2b639fd 0.042s
2025-11-23 06:00:02.067 66559 INFO tempest.lib.common.rest_client [req-f4fdda61-7179-42ae-b22a-c2935342a0c6 req-f4fdda61-7179-42ae-b22a-c2935342a0c6 ] Request (InstanceActionsTestJSON:tearDownClass): 204 DELETE http://10.180.1.21/networking/v2.0/routers/b6d6b32c-aab8-4bfe-86b8-8babfea355d6 0.544s
2025-11-23 06:00:02.103 66540 INFO tempest.lib.common.rest_client [req-7acb67ad-8b15-44b0-980f-64ebb3c8f475 req-7acb67ad-8b15-44b0-980f-64ebb3c8f475 ] Request (ServerActionsTestOtherA:test_rebuild_server_in_stop_state): 200 GET http://10.180.1.21/compute/v2.1/servers/b4b4223b-2e0b-4ba4-a034-d5803cd81c5c 0.891s
2025-11-23 06:00:02.172 66504 INFO tempest.lib.common.rest_client [req-ef17a4d5-5b91-468a-a084-3a24542eb97c req-ef17a4d5-5b91-468a-a084-3a24542eb97c ] Request (ServerAddressesTestJSON:setUpClass): 200 GET http://10.180.1.21/compute/v2.1/servers/636bbd47-c446-4a5e-8431-a3b2f7604674 0.987s
2025-11-23 06:00:02.182 66504 INFO tempest.common.waiters [-] State transition "BUILD/spawning" ==> "ACTIVE/None" after 50 second wait
2025-11-23 06:00:02.203 66530 INFO tempest.lib.common.rest_client [req-3618249a-6188-47ef-bb0a-ac888c97b0a6 req-3618249a-6188-47ef-bb0a-ac888c97b0a6 ] Request (ServersTestJSON:tearDownClass): 200 GET http://10.180.1.21/compute/v2.1/servers/3a2c227b-b3d0-42c1-95c0-89c0ab60edd4 0.957s
2025-11-23 06:00:02.214 66530 INFO tempest.common.waiters [-] State transition "ACTIVE/deleting" ==> "DELETED/None" after 5 second wait
2025-11-23 06:00:02.257 66522 INFO tempest.lib.common.rest_client [req-49833913-ad9e-43d0-a01b-d9e8210a4e1e req-49833913-ad9e-43d0-a01b-d9e8210a4e1e ] Request (FloatingIPsAssociationTestJSON:tearDownClass): 200 GET http://10.180.1.21/compute/v2.1/servers/3f7e7bd1-0c0d-4a09-81ce-56f60ddbfed0 0.981s
2025-11-23 06:00:02.276 66510 INFO tempest.lib.common.rest_client [req-11298809-d46b-472c-b6f2-645d86d80e49 req-11298809-d46b-472c-b6f2-645d86d80e49 ] Request (ServerShowV247Test:test_update_rebuild_list_server): 200 GET http://10.180.1.21/compute/v2.1/servers/12269969-7599-4653-9dc0-b7cf962f03b9 0.968s
2025-11-23 06:00:02.286 66510 INFO tempest.common.waiters [-] State transition "REBUILD/rebuild_spawning" ==> "ACTIVE/None" after 9 second wait
2025-11-23 06:00:02.293 66559 INFO tempest.lib.common.rest_client [req-b4a8d437-65ed-4383-b39b-d3cca754b51b req-b4a8d437-65ed-4383-b39b-d3cca754b51b ] Request (InstanceActionsTestJSON:tearDownClass): 204 DELETE http://10.180.1.21/networking/v2.0/subnets/af2cd07e-64a5-4568-9247-791a1bb18eb4 0.225s
2025-11-23 06:00:02.449 66542 INFO tempest.lib.common.rest_client [req-ff2270e8-bbbc-4c25-ae0d-5d686aec8bbb req-ff2270e8-bbbc-4c25-ae0d-5d686aec8bbb ] Request (ImagesOneServerNegativeTestJSON:setUpClass): 200 GET http://10.180.1.21/compute/v2.1/servers/f3867698-a131-4a61-a36c-e974372173be 1.045s
2025-11-23 06:00:02.478 66526 INFO tempest.lib.common.rest_client [req-47c3d582-4c16-42be-84f4-461c9ef7a8b1 req-47c3d582-4c16-42be-84f4-461c9ef7a8b1 ] Request (DeleteServersAdminTestJSON:test_admin_delete_servers_of_others): 200 GET http://10.180.1.21/compute/v2.1/servers/d2cb7a72-1a45-4b17-9679-01939348afd5 1.050s
2025-11-23 06:00:02.511 66548 INFO tempest.lib.common.rest_client [req-970aa8ac-2275-46b4-a622-44e9c2ba7f24 req-970aa8ac-2275-46b4-a622-44e9c2ba7f24 ] Request (ServerAddressesNegativeTestJSON:setUpClass): 200 GET http://10.180.1.21/compute/v2.1/servers/47b580ec-1dbf-4911-bfe9-f29725d83c6e 1.049s
2025-11-23 06:00:02.521 66548 INFO tempest.common.waiters [-] State transition "BUILD/scheduling" ==> "BUILD/None" after 19 second wait
2025-11-23 06:00:02.564 66550 INFO tempest.lib.common.rest_client [req-d392f638-c4d2-45e8-b29e-682fa66ac7e2 req-d392f638-c4d2-45e8-b29e-682fa66ac7e2 ] Request (ListImageFiltersTestJSON:setUpClass): 200 GET http://10.180.1.21/compute/v2.1/images/27e168c9-32cc-48d2-a0d8-4dfd2fb8063c 1.053s
2025-11-23 06:00:02.570 66538 INFO tempest.lib.common.rest_client [req-f3e0c319-6f42-4b37-876c-d3349c38b1b0 req-f3e0c319-6f42-4b37-876c-d3349c38b1b0 ] Request (ServersListShow298Test:test_list_show_update_rebuild_server_298): 200 GET http://10.180.1.21/compute/v2.1/servers/2a8d8483-a90b-4993-8b30-30536a1c568e 1.071s
2025-11-23 06:00:02.611 66559 INFO tempest.lib.common.rest_client [req-2d5f82b7-0bae-4dde-932a-d351cc538634 req-2d5f82b7-0bae-4dde-932a-d351cc538634 ] Request (InstanceActionsTestJSON:tearDownClass): 204 DELETE http://10.180.1.21/networking/v2.0/networks/d76b338c-25f6-45cc-8859-648935834f96 0.318s
2025-11-23 06:00:02.655 66516 INFO tempest.lib.common.rest_client [req-4e44d748-8baa-4238-9566-cfe1f8dcbeef req-4e44d748-8baa-4238-9566-cfe1f8dcbeef ] Request (ImagesOneServerTestJSON:tearDownClass): 200 GET http://10.180.1.21/compute/v2.1/servers/4a439b3d-f672-4d62-b02e-116db7391aaa 1.124s
2025-11-23 06:00:02.663 66508 INFO tempest.lib.common.rest_client [req-4557fc52-f967-4a43-82bc-459229b7fd93 req-4557fc52-f967-4a43-82bc-459229b7fd93 ] Request (AttachInterfacesV270Test:test_create_get_list_interfaces): 200 GET http://10.180.1.21/compute/v2.1/servers/d65d3f14-307b-421e-b6ad-23dd6c03cd7a 1.098s
2025-11-23 06:00:02.727 66559 INFO tempest.lib.common.rest_client [req-280ded28-df05-48fb-a883-034cec54332d req-280ded28-df05-48fb-a883-034cec54332d ] Request (InstanceActionsTestJSON:tearDownClass): 204 DELETE http://10.180.1.21/identity/v3/users/292f9dfd020b41f096e99fc62f6849fd 0.115s
2025-11-23 06:00:02.727 66559 INFO tempest.lib.common.dynamic_creds [-] Deleting project and security group for project: 550f851acac5410cb6a834376fb63f20
2025-11-23 06:00:02.731 66566 INFO tempest.lib.common.rest_client [req-a6a82636-9226-42dd-9e44-0524c7a65442 req-a6a82636-9226-42dd-9e44-0524c7a65442 ] Request (AttachVolumeShelveTestJSON:test_attach_volume_shelved_or_offload_server): 200 GET http://10.180.1.21/compute/v2.1/servers/ebc9c295-f385-49f8-81f2-8f513e50319e 1.135s
2025-11-23 06:00:02.748 66506 INFO tempest.lib.common.rest_client [req-d085a841-7a51-4f29-b9c9-494866ef2800 req-d085a841-7a51-4f29-b9c9-494866ef2800 ] Request (DeleteServersTestJSON:test_delete_server_while_in_shelved_state): 200 GET http://10.180.1.21/compute/v2.1/servers/f905be7d-6643-4b39-b429-607a2c7db889 1.077s
2025-11-23 06:00:02.775 66559 INFO tempest.lib.common.rest_client [req-e80ba8ab-3fc9-4b2a-852c-bec303b5ccdc req-e80ba8ab-3fc9-4b2a-852c-bec303b5ccdc ] Request (InstanceActionsTestJSON:tearDownClass): 200 GET http://10.180.1.21/networking/v2.0/security-groups?tenant_id=550f851acac5410cb6a834376fb63f20&name=default 0.047s
2025-11-23 06:00:02.829 66534 INFO tempest.lib.common.rest_client [req-931e28c4-d7fa-45b5-bd42-e8dcde175e06 req-931e28c4-d7fa-45b5-bd42-e8dcde175e06 ] Request (MultipleCreateTestJSON:tearDownClass): 200 GET http://10.180.1.21/compute/v2.1/servers/7941dfab-4a0c-4990-b236-8bddc711102b 1.092s
2025-11-23 06:00:02.849 66518 INFO tempest.lib.common.rest_client [req-8cfa45d9-893f-4a18-8aab-ee9f45d5733a req-8cfa45d9-893f-4a18-8aab-ee9f45d5733a ] Request (ServersAdmin275Test:tearDownClass): 200 GET http://10.180.1.21/compute/v2.1/servers/ebfcc6bf-10d9-4333-9339-e73e32dbdd39 1.160s
2025-11-23 06:00:02.887 66524 INFO tempest.lib.common.rest_client [req-50b1461c-6316-4921-9955-3b3fb5a6c3ca req-50b1461c-6316-4921-9955-3b3fb5a6c3ca ] Request (ServersTestMultiNic:test_verify_duplicate_network_nics): 200 GET http://10.180.1.21/compute/v2.1/servers/bc7361f6-d942-4256-87fb-5a4b2ab09418/ips 1.000s
2025-11-23 06:00:02.905 66556 INFO tempest.lib.common.rest_client [req-066b0a3a-6d22-4416-9956-6684ad7cf9f9 req-066b0a3a-6d22-4416-9956-6684ad7cf9f9 ] Request (AttachInterfacesUnderV243Test:test_add_remove_fixed_ip): 200 GET http://10.180.1.21/compute/v2.1/servers/2c3c8031-e2e3-482a-87f0-56789461f744 1.076s
2025-11-23 06:00:02.928 66559 INFO tempest.lib.common.rest_client [req-6aa8f981-1110-4865-a5d6-82650321cd91 req-6aa8f981-1110-4865-a5d6-82650321cd91 ] Request (InstanceActionsTestJSON:tearDownClass): 204 DELETE http://10.180.1.21/networking/v2.0/security-groups/e71ca9c6-206d-4610-b757-ee64b34e5235 0.153s
2025-11-23 06:00:02.985 66512 INFO tempest.lib.common.rest_client [req-776bccb4-1c26-4e95-bfba-b61c3b07e834 req-776bccb4-1c26-4e95-bfba-b61c3b07e834 ] Request (ServersAdminNegativeTestJSON:tearDownClass): 200 GET http://10.180.1.21/compute/v2.1/servers/057e767b-5cf6-48c0-86c0-daf4cad0a153 1.027s
2025-11-23 06:00:03.031 66532 WARNING tempest.lib.common.ssh [-] Failed to establish authenticated ssh connection to cirros@10.180.180.149 ([Errno None] Unable to connect to port 22 on 10.180.180.149). Number attempts: 1. Retry after 2 seconds.: paramiko.ssh_exception.NoValidConnectionsError: [Errno None] Unable to connect to port 22 on 10.180.180.149
2025-11-23 06:00:03.057 66514 INFO tempest.lib.common.rest_client [req-fc8c7157-10aa-4888-82f6-3b07e3c060f6 req-fc8c7157-10aa-4888-82f6-3b07e3c060f6 ] Request (VolumesAssistedSnapshotsTest:test_volume_assisted_snapshot_create_delete): 200 GET http://10.180.1.21/volume/v3/volumes/a8321f86-275f-43f2-b6df-3ed7e2b639fd 0.052s
2025-11-23 06:00:03.080 66528 INFO tempest.lib.common.rest_client [req-08358012-7575-4a51-8cde-ed00b2c56b0d req-08358012-7575-4a51-8cde-ed00b2c56b0d ] Request (ServersWithSpecificFlavorTestJSON:test_verify_created_server_ephemeral_disk): 200 GET http://10.180.1.21/compute/v2.1/servers/b9f50b0e-1ec5-4bb4-948e-1d02f17d4b54 1.065s
2025-11-23 06:00:03.084 66559 INFO tempest.lib.common.rest_client [req-bb587ac2-58e8-4ee3-a806-30837819b9d3 req-bb587ac2-58e8-4ee3-a806-30837819b9d3 ] Request (InstanceActionsTestJSON:tearDownClass): 204 DELETE http://10.180.1.21/identity/v3/projects/550f851acac5410cb6a834376fb63f20 0.155s
2025-11-23 06:00:03.096 66528 INFO tempest.common.waiters [-] State transition "BUILD/scheduling" ==> "BUILD/None" after 23 second wait
2025-11-23 06:00:03.103 66536 INFO tempest.lib.common.rest_client [req-ff1a714f-87ec-46a0-986a-7dbf90c13342 req-ff1a714f-87ec-46a0-986a-7dbf90c13342 ] Request (ServersAdminTestJSON:test_create_server_with_scheduling_hint): 200 GET http://10.180.1.21/compute/v2.1/servers/453efbb2-259c-44c7-8a0f-60ca0730df02 1.159s
2025-11-23 06:00:03.152 66560 INFO tempest.lib.common.rest_client [req-e8c4307e-63c3-461b-aeb5-42f0ac5e9c21 req-e8c4307e-63c3-461b-aeb5-42f0ac5e9c21 ] Request (ServerPasswordTestJSON:setUpClass): 200 GET http://10.180.1.21/compute/v2.1/servers/b2702e5b-4b3b-4f65-9ca7-d77c654a4d5f 1.122s
2025-11-23 06:00:03.175 66559 INFO tempest.lib.common.rest_client [req-3e5a41b3-84a5-4d81-b71a-83606d77ad79 req-3e5a41b3-84a5-4d81-b71a-83606d77ad79 ] Request (TestVersions:setUpClass): 201 POST http://10.180.1.21/identity/v3/auth/tokens 0.090s
2025-11-23 06:00:03.184 66545 INFO tempest.lib.common.rest_client [req-3ef1dfe3-6aed-4cb8-a55b-8f07ae442aba req-3ef1dfe3-6aed-4cb8-a55b-8f07ae442aba ] Request (ServersTestJSON:_run_cleanups): 200 GET http://10.180.1.21/compute/v2.1/servers/250e94f0-8cea-4f68-abc9-e8f6c6d32369 1.087s
2025-11-23 06:00:03.188 66504 INFO tempest.lib.common.rest_client [req-f8556c23-129d-43d0-a47c-0e1899ceb919 req-f8556c23-129d-43d0-a47c-0e1899ceb919 ] Request (ServerAddressesTestJSON:test_list_server_addresses): 200 GET http://10.180.1.21/compute/v2.1/servers/636bbd47-c446-4a5e-8431-a3b2f7604674/ips 1.005s
2025-11-23 06:00:03.207 66559 INFO tempest.lib.common.rest_client [req-30097e09-5a8e-4e19-8d2b-a98dfdc04916 req-30097e09-5a8e-4e19-8d2b-a98dfdc04916 ] Request (TestVersions:setUpClass): 201 POST http://10.180.1.21/identity/v3/auth/tokens 0.028s
2025-11-23 06:00:03.237 66559 INFO tempest.lib.common.rest_client [req-dfc40285-e8f8-4ca8-8282-0f52db125f1c req-dfc40285-e8f8-4ca8-8282-0f52db125f1c ] Request (TestVersions:setUpClass): 200 GET http://10.180.1.21/identity/v3/domains?name=Default 0.030s
2025-11-23 06:00:03.272 66559 INFO tempest.lib.common.rest_client [req-5c490f0d-218e-4648-96a1-1d357e785154 req-5c490f0d-218e-4648-96a1-1d357e785154 ] Request (TestVersions:setUpClass): 201 POST http://10.180.1.21/identity/v3/projects 0.035s
2025-11-23 06:00:03.293 66546 INFO tempest.lib.common.rest_client [req-bfb5a774-f1f5-4caf-b92d-801be6422cac req-bfb5a774-f1f5-4caf-b92d-801be6422cac ] Request (AttachVolumeTestJSON:test_attach_detach_volume): 200 GET http://10.180.1.21/compute/v2.1/servers/0c2694f7-00b5-495b-bc4c-8df4f4dec357 0.432s
2025-11-23 06:00:03.350 66559 INFO tempest.lib.common.rest_client [req-8768d5ca-54e0-4162-bb17-ed84b733a903 req-8768d5ca-54e0-4162-bb17-ed84b733a903 ] Request (TestVersions:setUpClass): 201 POST http://10.180.1.21/identity/v3/users 0.077s
2025-11-23 06:00:03.354 66510 INFO tempest.lib.common.rest_client [req-bb51d0ea-68c2-4e2d-b40c-9dc2511d4955 req-bb51d0ea-68c2-4e2d-b40c-9dc2511d4955 ] Request (ServerShowV247Test:test_update_rebuild_list_server): 200 GET http://10.180.1.21/compute/v2.1/servers/detail 1.067s
2025-11-23 06:00:03.377 66559 INFO tempest.lib.common.rest_client [req-d96abda3-6a5c-47d6-8d49-c5fee4eb5806 req-d96abda3-6a5c-47d6-8d49-c5fee4eb5806 ] Request (TestVersions:setUpClass): 200 GET http://10.180.1.21/identity/v3/roles 0.026s
2025-11-23 06:00:03.383 66524 INFO tempest.lib.common.rest_client [req-ad6f013d-41b9-4e49-b312-c21461333ced req-ad6f013d-41b9-4e49-b312-c21461333ced ] Request (ServersTestMultiNic:_run_cleanups): 204 DELETE http://10.180.1.21/compute/v2.1/servers/bc7361f6-d942-4256-87fb-5a4b2ab09418 0.493s
2025-11-23 06:00:03.414 66562 INFO tempest.lib.common.rest_client [req-5a6d333c-2faa-4a47-b8c7-16d9f6becbe1 req-5a6d333c-2faa-4a47-b8c7-16d9f6becbe1 ] Request (SecurityGroupsTestJSON:test_list_security_groups_by_server): 200 GET http://10.180.1.21/compute/v2.1/servers/6ea678b3-ac34-4277-b8d7-d6dc781b9b32 0.418s
2025-11-23 06:00:03.414 66559 INFO tempest.lib.common.rest_client [req-6695d1dd-a5d5-40ec-8a3e-e0e7a82964bf req-6695d1dd-a5d5-40ec-8a3e-e0e7a82964bf ] Request (TestVersions:setUpClass): 204 PUT http://10.180.1.21/identity/v3/projects/c62ac26142ad493c909873575b67a59c/users/0e3f0351fd824cb8833f995e8ff7c745/roles/089d9a6317c34e0c8c1587cdd15bec65 0.036s
2025-11-23 06:00:03.414 66559 INFO tempest.lib.common.dynamic_creds [-] Dynamic test user 0e3f0351fd824cb8833f995e8ff7c745 is created with scope project and roles: ['member']
2025-11-23 06:00:03.415 66559 INFO tempest.lib.common.dynamic_creds [-] Acquired dynamic creds: credentials: Credentials: {'domain_id': 'default', 'domain_name': 'Default', 'username': 'tempest-TestVersions-233756462-project-member', 'project_domain_id': 'default', 'project_domain_name': 'Default', 'project_id': 'c62ac26142ad493c909873575b67a59c', 'project_name': 'tempest-TestVersions-233756462', 'tenant_id': 'c62ac26142ad493c909873575b67a59c', 'tenant_name': 'tempest-TestVersions-233756462', 'user_domain_id': 'default', 'user_domain_name': 'Default', 'user_id': '0e3f0351fd824cb8833f995e8ff7c745', 'system': None}, Network: None, Subnet: None, Router: None
2025-11-23 06:00:03.415 66559 INFO tempest.lib.common.dynamic_creds [-] Created isolated network resources for: credentials: Credentials: {'domain_id': 'default', 'domain_name': 'Default', 'username': 'tempest-TestVersions-233756462-project-member', 'project_domain_id': 'default', 'project_domain_name': 'Default', 'project_id': 'c62ac26142ad493c909873575b67a59c', 'project_name': 'tempest-TestVersions-233756462', 'tenant_id': 'c62ac26142ad493c909873575b67a59c', 'tenant_name': 'tempest-TestVersions-233756462', 'user_domain_id': 'default', 'user_domain_name': 'Default', 'user_id': '0e3f0351fd824cb8833f995e8ff7c745', 'system': None}, Network: None, Subnet: None, Router: None
2025-11-23 06:00:03.440 66540 INFO tempest.lib.common.rest_client [req-9b1d0563-c6f7-4feb-94e5-fc044c25aa3c req-9b1d0563-c6f7-4feb-94e5-fc044c25aa3c ] Request (ServerActionsTestOtherA:test_rebuild_server_in_stop_state): 200 GET http://10.180.1.21/compute/v2.1/servers/b4b4223b-2e0b-4ba4-a034-d5803cd81c5c 0.320s
2025-11-23 06:00:03.448 66504 INFO tempest.lib.common.rest_client [req-7a9b026f-496e-402f-b81c-c7fa957f517a req-7a9b026f-496e-402f-b81c-c7fa957f517a ] Request (ServerAddressesTestJSON:test_list_server_addresses_by_network): 200 GET http://10.180.1.21/compute/v2.1/servers/636bbd47-c446-4a5e-8431-a3b2f7604674/ips 0.256s
2025-11-23 06:00:03.512 66559 INFO tempest.lib.common.rest_client [req-cf62a051-aaf4-4687-94f8-040ba79ca4db req-cf62a051-aaf4-4687-94f8-040ba79ca4db ] Request (TestVersions:setUpClass): 201 POST http://10.180.1.21/identity/v3/auth/tokens 0.091s
2025-11-23 06:00:03.518 66522 INFO tempest.lib.common.rest_client [req-28383bd5-4d48-45a6-815b-0dcf642e769f req-28383bd5-4d48-45a6-815b-0dcf642e769f ] Request (FloatingIPsAssociationTestJSON:tearDownClass): 200 GET http://10.180.1.21/compute/v2.1/servers/3f7e7bd1-0c0d-4a09-81ce-56f60ddbfed0 0.251s
2025-11-23 06:00:03.524 66530 INFO tempest.lib.common.rest_client [req-14840bf3-0337-44a0-9bb0-93aa4b727d7b req-14840bf3-0337-44a0-9bb0-93aa4b727d7b ] Request (ServersTestJSON:tearDownClass): 200 GET http://10.180.1.21/compute/v2.1/servers/3a2c227b-b3d0-42c1-95c0-89c0ab60edd4 0.309s
2025-11-23 06:00:03.593 66510 INFO tempest.lib.common.rest_client [req-aab05213-d9cb-4e8c-ad84-7753605285c2 req-aab05213-d9cb-4e8c-ad84-7753605285c2 ] Request (ServerShowV247Test:tearDownClass): 204 DELETE http://10.180.1.21/compute/v2.1/servers/12269969-7599-4653-9dc0-b7cf962f03b9 0.224s
2025-11-23 06:00:03.620 66504 INFO tempest.lib.common.rest_client [req-72e57e13-3b57-4e79-b71f-069d3f626910 req-72e57e13-3b57-4e79-b71f-069d3f626910 ] Request (ServerAddressesTestJSON:test_list_server_addresses_by_network): 200 GET http://10.180.1.21/compute/v2.1/servers/636bbd47-c446-4a5e-8431-a3b2f7604674/ips/tempest-ServerAddressesTestJSON-352232002-network 0.169s
2025-11-23 06:00:03.652 66524 INFO tempest.lib.common.rest_client [req-21a3fc9d-cba4-4ff2-880a-c825cb711995 req-21a3fc9d-cba4-4ff2-880a-c825cb711995 ] Request (ServersTestMultiNic:_run_cleanups): 200 GET http://10.180.1.21/compute/v2.1/servers/bc7361f6-d942-4256-87fb-5a4b2ab09418 0.269s
2025-11-23 06:00:03.837 66542 INFO tempest.lib.common.rest_client [req-41db1f25-891b-4752-8557-c6628764d8fb req-41db1f25-891b-4752-8557-c6628764d8fb ] Request (ImagesOneServerNegativeTestJSON:setUpClass): 200 GET http://10.180.1.21/compute/v2.1/servers/f3867698-a131-4a61-a36c-e974372173be 0.378s
2025-11-23 06:00:03.841 66559 INFO tempest.lib.common.rest_client [-] Request (TestVersions:test_get_version_details): 200 GET http://10.180.1.21/compute/ 0.327s
2025-11-23 06:00:03.851 66526 INFO tempest.lib.common.rest_client [req-ba112f0f-cccb-4fd4-96a6-8d39a056c66b req-ba112f0f-cccb-4fd4-96a6-8d39a056c66b ] Request (DeleteServersAdminTestJSON:test_admin_delete_servers_of_others): 200 GET http://10.180.1.21/compute/v2.1/servers/d2cb7a72-1a45-4b17-9679-01939348afd5 0.365s
2025-11-23 06:00:03.891 66550 INFO tempest.lib.common.rest_client [req-e5f70c5f-597d-4e25-93e1-f8f4f2f9e7f2 req-e5f70c5f-597d-4e25-93e1-f8f4f2f9e7f2 ] Request (ListImageFiltersTestJSON:setUpClass): 200 GET http://10.180.1.21/compute/v2.1/images/27e168c9-32cc-48d2-a0d8-4dfd2fb8063c 0.321s
2025-11-23 06:00:03.920 66548 INFO tempest.lib.common.rest_client [req-a8049e9c-474b-46df-824a-841e4c498485 req-a8049e9c-474b-46df-824a-841e4c498485 ] Request (ServerAddressesNegativeTestJSON:setUpClass): 200 GET http://10.180.1.21/compute/v2.1/servers/47b580ec-1dbf-4911-bfe9-f29725d83c6e 0.397s
2025-11-23 06:00:03.971 66538 INFO tempest.lib.common.rest_client [req-43219c8b-0464-439a-b8fc-60f6b9b130dd req-43219c8b-0464-439a-b8fc-60f6b9b130dd ] Request (ServersListShow298Test:test_list_show_update_rebuild_server_298): 200 GET http://10.180.1.21/compute/v2.1/servers/2a8d8483-a90b-4993-8b30-30536a1c568e 0.386s
2025-11-23 06:00:03.978 66510 INFO tempest.lib.common.rest_client [req-c943914c-b46b-44fb-8389-6c267f98be58 req-c943914c-b46b-44fb-8389-6c267f98be58 ] Request (ServerShowV247Test:tearDownClass): 200 GET http://10.180.1.21/compute/v2.1/servers/12269969-7599-4653-9dc0-b7cf962f03b9 0.385s
2025-11-23 06:00:03.985 66538 INFO tempest.common.waiters [-] State transition "BUILD/None" ==> "BUILD/block_device_mapping" after 33 second wait
2025-11-23 06:00:04.065 66516 INFO tempest.lib.common.rest_client [req-28d26b60-ba70-4c97-84ac-2b3132acce77 req-28d26b60-ba70-4c97-84ac-2b3132acce77 ] Request (ImagesOneServerTestJSON:tearDownClass): 200 GET http://10.180.1.21/compute/v2.1/servers/4a439b3d-f672-4d62-b02e-116db7391aaa 0.399s
2025-11-23 06:00:04.086 66504 INFO tempest.lib.common.rest_client [req-db820ae2-b74e-453a-ad78-1489e74ad993 req-db820ae2-b74e-453a-ad78-1489e74ad993 ] Request (ServerAddressesTestJSON:tearDownClass): 204 DELETE http://10.180.1.21/compute/v2.1/servers/636bbd47-c446-4a5e-8431-a3b2f7604674 0.463s
2025-11-23 06:00:04.116 66514 INFO tempest.lib.common.rest_client [req-8908eea8-20cc-4471-91c4-9c793864466d req-8908eea8-20cc-4471-91c4-9c793864466d ] Request (VolumesAssistedSnapshotsTest:test_volume_assisted_snapshot_create_delete): 200 GET http://10.180.1.21/volume/v3/volumes/a8321f86-275f-43f2-b6df-3ed7e2b639fd 0.050s
2025-11-23 06:00:04.124 66520 WARNING tempest.lib.common.ssh [-] Failed to establish authenticated ssh connection to cirros@10.180.180.150 ([Errno None] Unable to connect to port 22 on 10.180.180.150). Number attempts: 6. Retry after 7 seconds.: paramiko.ssh_exception.NoValidConnectionsError: [Errno None] Unable to connect to port 22 on 10.180.180.150
2025-11-23 06:00:04.145 66508 INFO tempest.lib.common.rest_client [req-f96e96ea-53d6-4282-9cb7-cf743416a793 req-f96e96ea-53d6-4282-9cb7-cf743416a793 ] Request (AttachInterfacesV270Test:test_create_get_list_interfaces): 200 GET http://10.180.1.21/compute/v2.1/servers/d65d3f14-307b-421e-b6ad-23dd6c03cd7a 0.472s
2025-11-23 06:00:04.164 66566 INFO tempest.lib.common.rest_client [req-c33e32cb-b32f-414a-9932-6acfe93370d7 req-c33e32cb-b32f-414a-9932-6acfe93370d7 ] Request (AttachVolumeShelveTestJSON:test_attach_volume_shelved_or_offload_server): 200 GET http://10.180.1.21/compute/v2.1/servers/ebc9c295-f385-49f8-81f2-8f513e50319e 0.417s
2025-11-23 06:00:04.210 66506 INFO tempest.lib.common.rest_client [req-f209a0ea-57de-46a7-aa46-beb3d743e126 req-f209a0ea-57de-46a7-aa46-beb3d743e126 ] Request (DeleteServersTestJSON:test_delete_server_while_in_shelved_state): 200 GET http://10.180.1.21/compute/v2.1/servers/f905be7d-6643-4b39-b429-607a2c7db889 0.447s
2025-11-23 06:00:04.214 66559 INFO tempest.lib.common.rest_client [req-bdb4f0c2-d97b-48d0-ae1b-3e895b21b20d req-bdb4f0c2-d97b-48d0-ae1b-3e895b21b20d ] Request (TestVersions:test_get_version_details): 200 GET http://10.180.1.21/compute/v2/ 0.371s
2025-11-23 06:00:04.238 66534 INFO tempest.lib.common.rest_client [req-dc42cad0-1752-4358-8dbc-e477894a4e09 req-dc42cad0-1752-4358-8dbc-e477894a4e09 ] Request (MultipleCreateTestJSON:tearDownClass): 200 GET http://10.180.1.21/compute/v2.1/servers/7941dfab-4a0c-4990-b236-8bddc711102b 0.402s
2025-11-23 06:00:04.303 66518 INFO tempest.lib.common.rest_client [req-8d73520d-1d95-4cd9-8de8-033f16163edb req-8d73520d-1d95-4cd9-8de8-033f16163edb ] Request (ServersAdmin275Test:tearDownClass): 200 GET http://10.180.1.21/compute/v2.1/servers/ebfcc6bf-10d9-4333-9339-e73e32dbdd39 0.440s
