2025-11-23 06:01:06.977 66548 INFO tempest.lib.common.rest_client [req-416aeb30-2f46-4e76-9898-d4fa2539de8e req-416aeb30-2f46-4e76-9898-d4fa2539de8e ] Request (ServerAddressesNegativeTestJSON:tearDownClass): 200 GET http://10.180.1.21/compute/v2.1/servers/47b580ec-1dbf-4911-bfe9-f29725d83c6e 0.153s
2025-11-23 06:01:07.023 66524 INFO tempest.lib.common.rest_client [req-77b56201-2a54-476c-bae8-1037a21683f1 req-77b56201-2a54-476c-bae8-1037a21683f1 ] Request (ServersTestMultiNic:test_verify_multiple_nics_order): 200 GET http://10.180.1.21/compute/v2.1/servers/f02212a0-0618-4a84-8ae9-9ca19464eef0 0.082s
2025-11-23 06:01:07.027 66545 INFO tempest.lib.common.rest_client [req-3a609ffd-c6c7-440d-8cda-20b448909f29 req-3a609ffd-c6c7-440d-8cda-20b448909f29 ] Request (ServersTestJSON:test_create_specify_keypair): 200 GET http://10.180.1.21/compute/v2.1/servers/a53d3c8b-3d47-45c7-8d15-f61d13d347bf 0.147s
2025-11-23 06:01:07.063 66512 INFO tempest.lib.common.rest_client [req-a703e16a-1cff-4b5c-b381-ae91b30f2fe6 req-a703e16a-1cff-4b5c-b381-ae91b30f2fe6 ] Request (KeyPairsV2TestJSON:test_keypair_create_with_pub_key): 200 POST http://10.180.1.21/compute/v2.1/os-keypairs 0.086s
2025-11-23 06:01:07.084 66536 INFO tempest.lib.common.rest_client [req-6b9740fe-4b98-43a5-a3ab-f8edd2ecd629 req-6b9740fe-4b98-43a5-a3ab-f8edd2ecd629 ] Request (ServersAdminTestJSON:test_inject_network_info): 200 GET http://10.180.1.21/compute/v2.1/servers/f0bdc13e-ff72-4887-8332-76712e0c436e 0.130s
2025-11-23 06:01:07.124 66506 INFO tempest.lib.common.rest_client [req-0b0da364-5d6b-4f9f-8d19-c5b0dcf7fc1b req-0b0da364-5d6b-4f9f-8d19-c5b0dcf7fc1b ] Request (DeleteServersTestJSON:test_delete_server_while_in_shelved_state): 200 GET http://10.180.1.21/compute/v2.1/servers/f905be7d-6643-4b39-b429-607a2c7db889 0.131s
2025-11-23 06:01:07.131 66506 INFO tempest.common.waiters [-] State transition "BUILD/None" ==> "BUILD/networking" after 65 second wait
2025-11-23 06:01:07.151 66550 INFO tempest.lib.common.rest_client [req-f5078b72-b1dc-41e6-88a8-d31a6435b56b req-f5078b72-b1dc-41e6-88a8-d31a6435b56b ] Request (ListImageFiltersTestJSON:tearDownClass): 200 GET http://10.180.1.21/compute/v2.1/servers/448779d0-a6fc-48a9-a202-49f12e7c4530 0.124s
2025-11-23 06:01:07.167 66512 INFO tempest.lib.common.rest_client [req-7eb7cef0-bd3c-4834-bfd1-ddd3d65152af req-7eb7cef0-bd3c-4834-bfd1-ddd3d65152af ] Request (KeyPairsV2TestJSON:_run_cleanups): 202 DELETE http://10.180.1.21/compute/v2.1/os-keypairs/tempest-keypair-423572983 0.101s
2025-11-23 06:01:07.178 66518 INFO tempest.lib.common.rest_client [req-e174e5ed-e0eb-4197-a735-5301e245b843 req-e174e5ed-e0eb-4197-a735-5301e245b843 ] Request (ListServerFiltersTestJSON:setUpClass): 200 GET http://10.180.1.21/compute/v2.1/servers/3dd97624-0e38-4225-972e-6fad881fae16 0.125s
2025-11-23 06:01:07.222 66516 INFO tempest.lib.common.rest_client [req-646916b8-8b17-4507-97ac-ffb41b960c04 req-646916b8-8b17-4507-97ac-ffb41b960c04 ] Request (ServersTestFqdnHostnames:test_create_server_with_fqdn_name): 200 GET http://10.180.1.21/compute/v2.1/servers/0a8867bd-6921-44c7-bbdd-aff26dbaa536 0.141s
2025-11-23 06:01:07.236 66562 INFO tempest.lib.common.rest_client [req-400dc08e-55b7-48ec-a327-95b14fc4885a req-400dc08e-55b7-48ec-a327-95b14fc4885a ] Request (SecurityGroupsTestJSON:test_server_security_groups): 200 GET http://10.180.1.21/compute/v2.1/servers/ab487eef-9174-471a-a84a-b6a31a81cd0b 0.128s
2025-11-23 06:01:07.267 66512 INFO tempest.lib.common.rest_client [req-9578bb33-a596-4462-a4cb-41dd26aa935e req-9578bb33-a596-4462-a4cb-41dd26aa935e ] Request (KeyPairsV2TestJSON:test_keypairs_create_list_delete): 200 POST http://10.180.1.21/compute/v2.1/os-keypairs 0.097s
2025-11-23 06:01:07.275 66534 INFO tempest.lib.common.rest_client [req-de3f8fd2-9b49-4107-9ad2-7e3664539c0a req-de3f8fd2-9b49-4107-9ad2-7e3664539c0a ] Request (ServerActionsV293TestJSON:setUpClass): 200 GET http://10.180.1.21/compute/v2.1/servers/f1802d4b-0a6e-408d-8aac-f75e82089087 0.111s
2025-11-23 06:01:07.295 66512 INFO tempest.lib.common.rest_client [req-36b006b4-2f73-49b7-8b74-34d3dae80146 req-36b006b4-2f73-49b7-8b74-34d3dae80146 ] Request (KeyPairsV2TestJSON:test_keypairs_create_list_delete): 200 POST http://10.180.1.21/compute/v2.1/os-keypairs 0.027s
2025-11-23 06:01:07.327 66512 INFO tempest.lib.common.rest_client [req-2143ef9e-7622-4244-8ccd-2aa2e70fb4ed req-2143ef9e-7622-4244-8ccd-2aa2e70fb4ed ] Request (KeyPairsV2TestJSON:test_keypairs_create_list_delete): 200 POST http://10.180.1.21/compute/v2.1/os-keypairs 0.030s
2025-11-23 06:01:07.341 66512 INFO tempest.lib.common.rest_client [req-f6422ce9-de3a-463f-b975-9101c4a442ce req-f6422ce9-de3a-463f-b975-9101c4a442ce ] Request (KeyPairsV2TestJSON:test_keypairs_create_list_delete): 200 GET http://10.180.1.21/compute/v2.1/os-keypairs 0.012s
2025-11-23 06:01:07.360 66512 INFO tempest.lib.common.rest_client [req-50ae509f-2ac9-458c-831a-ca5cc77a7429 req-50ae509f-2ac9-458c-831a-ca5cc77a7429 ] Request (KeyPairsV2TestJSON:_run_cleanups): 202 DELETE http://10.180.1.21/compute/v2.1/os-keypairs/tempest-KeyPairsV2TestJSON-keypair-1671389857 0.018s
2025-11-23 06:01:07.381 66512 INFO tempest.lib.common.rest_client [req-e8c59bba-1d6c-4aed-b3d5-335e08b900bd req-e8c59bba-1d6c-4aed-b3d5-335e08b900bd ] Request (KeyPairsV2TestJSON:_run_cleanups): 202 DELETE http://10.180.1.21/compute/v2.1/os-keypairs/tempest-KeyPairsV2TestJSON-keypair-1429524767 0.020s
2025-11-23 06:01:07.402 66512 INFO tempest.lib.common.rest_client [req-741b9986-ae62-405e-99fd-bd9786434c55 req-741b9986-ae62-405e-99fd-bd9786434c55 ] Request (KeyPairsV2TestJSON:_run_cleanups): 202 DELETE http://10.180.1.21/compute/v2.1/os-keypairs/tempest-KeyPairsV2TestJSON-keypair-863282099 0.020s
2025-11-23 06:01:07.514 66508 INFO tempest.lib.common.rest_client [req-6ee20143-482b-4a1d-b6a2-591e7e7a4221 req-6ee20143-482b-4a1d-b6a2-591e7e7a4221 ] Request (AttachInterfacesV270Test:tearDownClass): 200 GET http://10.180.1.21/compute/v2.1/servers/d65d3f14-307b-421e-b6ad-23dd6c03cd7a 0.087s
2025-11-23 06:01:07.521 66512 INFO tempest.lib.common.rest_client [req-b5ffe611-9e10-4b8b-a832-eaf0b46952fb req-b5ffe611-9e10-4b8b-a832-eaf0b46952fb ] Request (KeyPairsV2TestJSON:tearDownClass): 204 DELETE http://10.180.1.21/identity/v3/users/36b7397f6ae1430aabc57578241ceb92 0.117s
2025-11-23 06:01:07.521 66512 INFO tempest.lib.common.dynamic_creds [-] Deleting project and security group for project: 2b862075456b4bdf8b24074eba850254
2025-11-23 06:01:07.533 66540 INFO tempest.lib.common.rest_client [req-0687cadc-244d-43d8-8962-00dda3c4b233 req-0687cadc-244d-43d8-8962-00dda3c4b233 ] Request (ServerActionsTestOtherA:test_rebuild_server_in_stop_state): 200 GET http://10.180.1.21/compute/v2.1/servers/b4b4223b-2e0b-4ba4-a034-d5803cd81c5c 0.151s
2025-11-23 06:01:07.571 66530 INFO tempest.lib.common.rest_client [req-8d25009c-502d-4777-80f6-b56776eb1451 req-8d25009c-502d-4777-80f6-b56776eb1451 ] Request (ServerActionsTestOtherB:setUpClass): 200 GET http://10.180.1.21/compute/v2.1/servers/df416dc7-bfb9-4113-aafc-f17fc7b5497a 0.124s
2025-11-23 06:01:07.621 66512 INFO tempest.lib.common.rest_client [req-98e00ce0-1129-4aa3-8305-a237c95e7a26 req-98e00ce0-1129-4aa3-8305-a237c95e7a26 ] Request (KeyPairsV2TestJSON:tearDownClass): 201 POST http://10.180.1.21/identity/v3/auth/tokens 0.099s
2025-11-23 06:01:07.823 66512 INFO tempest.lib.common.rest_client [req-6471fbef-17ff-48e4-bc59-5116e8476d07 req-6471fbef-17ff-48e4-bc59-5116e8476d07 ] Request (KeyPairsV2TestJSON:tearDownClass): 200 GET http://10.180.1.21/networking/v2.0/security-groups?tenant_id=2b862075456b4bdf8b24074eba850254&name=default 0.202s
2025-11-23 06:01:07.900 66542 INFO tempest.lib.common.rest_client [req-fb1ae3c5-9e03-4432-a7ba-8c1348a2ca29 req-fb1ae3c5-9e03-4432-a7ba-8c1348a2ca29 ] Request (ImagesOneServerNegativeTestJSON:_run_cleanups): 200 GET http://10.180.1.21/compute/v2.1/servers/f3867698-a131-4a61-a36c-e974372173be 0.294s
2025-11-23 06:01:07.979 66512 INFO tempest.lib.common.rest_client [req-3ff08103-817a-44f6-bbd2-ba2e8cb2b57c req-3ff08103-817a-44f6-bbd2-ba2e8cb2b57c ] Request (KeyPairsV2TestJSON:tearDownClass): 204 DELETE http://10.180.1.21/networking/v2.0/security-groups/3ae2e1b8-9aa6-4643-9f48-33e31a6d9486 0.156s
2025-11-23 06:01:08.019 66560 INFO tempest.lib.common.rest_client [req-5a8005e6-b2a4-43ab-a70d-24aa5dcf05c6 req-5a8005e6-b2a4-43ab-a70d-24aa5dcf05c6 ] Request (ServerPasswordTestJSON:setUpClass): 200 GET http://10.180.1.21/compute/v2.1/servers/b2702e5b-4b3b-4f65-9ca7-d77c654a4d5f 0.498s
2025-11-23 06:01:08.034 66510 INFO tempest.lib.common.rest_client [req-a2f5cdb1-448c-4617-bc02-8c2184f34bb1 req-a2f5cdb1-448c-4617-bc02-8c2184f34bb1 ] Request (ServerShowV247Test:tearDownClass): 200 GET http://10.180.1.21/compute/v2.1/servers/71dcd7fe-76e0-4ede-bb44-27ce2f2d2620 0.335s
2025-11-23 06:01:08.072 66512 INFO tempest.lib.common.rest_client [req-eff2eb1a-c5ee-4e1c-99aa-d11f3b2ed276 req-eff2eb1a-c5ee-4e1c-99aa-d11f3b2ed276 ] Request (KeyPairsV2TestJSON:tearDownClass): 204 DELETE http://10.180.1.21/identity/v3/projects/2b862075456b4bdf8b24074eba850254 0.092s
2025-11-23 06:01:08.114 66514 INFO tempest.lib.common.rest_client [req-11cf6bf1-8e8e-4925-9ad8-8fbe82c48ba2 req-11cf6bf1-8e8e-4925-9ad8-8fbe82c48ba2 ] Request (VolumesAssistedSnapshotsTest:tearDownClass): 200 GET http://10.180.1.21/compute/v2.1/servers/e5664cd0-53bb-4fbd-9f18-ef729483e14d 0.343s
2025-11-23 06:01:08.128 66526 INFO tempest.lib.common.rest_client [req-d722803f-b87b-4045-925d-1afe42e05270 req-d722803f-b87b-4045-925d-1afe42e05270 ] Request (DeleteServersAdminTestJSON:test_delete_server_while_in_error_state): 200 GET http://10.180.1.21/compute/v2.1/servers/37393567-3860-4949-831f-949c62f71483 0.329s
2025-11-23 06:01:08.169 66512 INFO tempest.lib.common.rest_client [req-dbe59f0a-5d20-4a6f-977e-57f9cb1d7439 req-dbe59f0a-5d20-4a6f-977e-57f9cb1d7439 ] Request (AbsoluteLimitsNegativeTestJSON:setUpClass): 201 POST http://10.180.1.21/identity/v3/auth/tokens 0.094s
2025-11-23 06:01:08.192 66504 INFO tempest.lib.common.rest_client [req-fcefc2e2-996b-4f25-bcd7-e92ebb1c3830 req-fcefc2e2-996b-4f25-bcd7-e92ebb1c3830 ] Request (ServerRescueNegativeTestJSON:setUpClass): 200 GET http://10.180.1.21/compute/v2.1/servers/2b85032c-f1e6-47fb-94d7-e5a5186b3fc3 0.281s
2025-11-23 06:01:08.217 66538 INFO tempest.lib.common.rest_client [req-21f7cd80-d644-4561-a788-42d8f57b104d req-21f7cd80-d644-4561-a788-42d8f57b104d ] Request (ServersListShow298Test:tearDownClass): 200 GET http://10.180.1.21/compute/v2.1/servers/2a8d8483-a90b-4993-8b30-30536a1c568e 0.308s
2025-11-23 06:01:08.220 66512 INFO tempest.lib.common.rest_client [req-cf6b66bf-0813-4d7f-b24c-e8c6a986ec3a req-cf6b66bf-0813-4d7f-b24c-e8c6a986ec3a ] Request (AbsoluteLimitsNegativeTestJSON:setUpClass): 201 POST http://10.180.1.21/identity/v3/auth/tokens 0.049s
2025-11-23 06:01:08.224 66556 INFO tempest.lib.common.rest_client [req-563dbde7-b292-40dd-83b3-d9275b403572 req-563dbde7-b292-40dd-83b3-d9275b403572 ] Request (AttachInterfacesUnderV243Test:test_add_remove_fixed_ip): 200 GET http://10.180.1.21/compute/v2.1/servers/2c3c8031-e2e3-482a-87f0-56789461f744/ips 0.297s
2025-11-23 06:01:08.250 66512 INFO tempest.lib.common.rest_client [req-939ea0e7-087f-4306-af1e-5d179ee6908b req-939ea0e7-087f-4306-af1e-5d179ee6908b ] Request (AbsoluteLimitsNegativeTestJSON:setUpClass): 200 GET http://10.180.1.21/identity/v3/domains?name=Default 0.029s
2025-11-23 06:01:08.284 66512 INFO tempest.lib.common.rest_client [req-fde03bab-312d-464c-8095-c9ef11e3911a req-fde03bab-312d-464c-8095-c9ef11e3911a ] Request (AbsoluteLimitsNegativeTestJSON:setUpClass): 201 POST http://10.180.1.21/identity/v3/projects 0.034s
2025-11-23 06:01:08.307 66548 INFO tempest.lib.common.rest_client [req-19f3f57f-1647-4ad7-b8b7-7cd8a8d737e4 req-19f3f57f-1647-4ad7-b8b7-7cd8a8d737e4 ] Request (ServerAddressesNegativeTestJSON:tearDownClass): 200 GET http://10.180.1.21/compute/v2.1/servers/47b580ec-1dbf-4911-bfe9-f29725d83c6e 0.322s
2025-11-23 06:01:08.328 66520 INFO tempest.lib.common.rest_client [req-ba6fc20c-38ff-41ca-9e90-1b0c9e1278db req-ba6fc20c-38ff-41ca-9e90-1b0c9e1278db ] Request (AttachInterfacesTestJSON:_run_cleanups): 200 GET http://10.180.1.21/compute/v2.1/servers/e1b66308-90ea-4e05-afe2-f8087e9d4773 0.357s
2025-11-23 06:01:08.359 66512 INFO tempest.lib.common.rest_client [req-1b76c204-2cb9-4d24-9b19-02efabc1a518 req-1b76c204-2cb9-4d24-9b19-02efabc1a518 ] Request (AbsoluteLimitsNegativeTestJSON:setUpClass): 201 POST http://10.180.1.21/identity/v3/users 0.074s
2025-11-23 06:01:08.375 66524 INFO tempest.lib.common.rest_client [req-cbda559a-3a7e-4f97-89c9-dbd518b9aee0 req-cbda559a-3a7e-4f97-89c9-dbd518b9aee0 ] Request (ServersTestMultiNic:test_verify_multiple_nics_order): 200 GET http://10.180.1.21/compute/v2.1/servers/f02212a0-0618-4a84-8ae9-9ca19464eef0 0.344s
2025-11-23 06:01:08.380 66512 INFO tempest.lib.common.rest_client [req-8616f4cb-76d3-4ee3-af77-85a1a3dadb13 req-8616f4cb-76d3-4ee3-af77-85a1a3dadb13 ] Request (AbsoluteLimitsNegativeTestJSON:setUpClass): 200 GET http://10.180.1.21/identity/v3/roles 0.021s
2025-11-23 06:01:08.417 66512 INFO tempest.lib.common.rest_client [req-8bc5a29c-88e1-4d7e-afc0-ed1f22ee6006 req-8bc5a29c-88e1-4d7e-afc0-ed1f22ee6006 ] Request (AbsoluteLimitsNegativeTestJSON:setUpClass): 204 PUT http://10.180.1.21/identity/v3/projects/c022cd16e79c45549df8be7f9deb2ca7/users/c621eae011754b0a9181ea109cb15d45/roles/089d9a6317c34e0c8c1587cdd15bec65 0.036s
2025-11-23 06:01:08.417 66512 INFO tempest.lib.common.dynamic_creds [-] Dynamic test user c621eae011754b0a9181ea109cb15d45 is created with scope project and roles: ['member']
2025-11-23 06:01:08.417 66512 INFO tempest.lib.common.dynamic_creds [-] Acquired dynamic creds: credentials: Credentials: {'domain_id': 'default', 'domain_name': 'Default', 'username': 'tempest-AbsoluteLimitsNegativeTestJSON-2128783700-project-member', 'project_domain_id': 'default', 'project_domain_name': 'Default', 'project_id': 'c022cd16e79c45549df8be7f9deb2ca7', 'project_name': 'tempest-AbsoluteLimitsNegativeTestJSON-2128783700', 'tenant_id': 'c022cd16e79c45549df8be7f9deb2ca7', 'tenant_name': 'tempest-AbsoluteLimitsNegativeTestJSON-2128783700', 'user_domain_id': 'default', 'user_domain_name': 'Default', 'user_id': 'c621eae011754b0a9181ea109cb15d45', 'system': None}, Network: None, Subnet: None, Router: None
2025-11-23 06:01:08.418 66512 INFO tempest.lib.common.dynamic_creds [-] Created isolated network resources for: credentials: Credentials: {'domain_id': 'default', 'domain_name': 'Default', 'username': 'tempest-AbsoluteLimitsNegativeTestJSON-2128783700-project-member', 'project_domain_id': 'default', 'project_domain_name': 'Default', 'project_id': 'c022cd16e79c45549df8be7f9deb2ca7', 'project_name': 'tempest-AbsoluteLimitsNegativeTestJSON-2128783700', 'tenant_id': 'c022cd16e79c45549df8be7f9deb2ca7', 'tenant_name': 'tempest-AbsoluteLimitsNegativeTestJSON-2128783700', 'user_domain_id': 'default', 'user_domain_name': 'Default', 'user_id': 'c621eae011754b0a9181ea109cb15d45', 'system': None}, Network: None, Subnet: None, Router: None
2025-11-23 06:01:08.432 66545 INFO tempest.lib.common.rest_client [req-1ef6c8bb-fdb0-49ff-984e-b3a2d1209fe9 req-1ef6c8bb-fdb0-49ff-984e-b3a2d1209fe9 ] Request (ServersTestJSON:test_create_specify_keypair): 200 GET http://10.180.1.21/compute/v2.1/servers/a53d3c8b-3d47-45c7-8d15-f61d13d347bf 0.395s
2025-11-23 06:01:08.451 66536 INFO tempest.lib.common.rest_client [req-0b82fcf7-27b3-48c6-a7f2-2b6479853e28 req-0b82fcf7-27b3-48c6-a7f2-2b6479853e28 ] Request (ServersAdminTestJSON:test_inject_network_info): 200 GET http://10.180.1.21/compute/v2.1/servers/f0bdc13e-ff72-4887-8332-76712e0c436e 0.359s
2025-11-23 06:01:08.509 66512 INFO tempest.lib.common.rest_client [req-036c8c68-d26b-4fad-a67a-3687ad53a1b0 req-036c8c68-d26b-4fad-a67a-3687ad53a1b0 ] Request (AbsoluteLimitsNegativeTestJSON:setUpClass): 201 POST http://10.180.1.21/identity/v3/auth/tokens 0.087s
2025-11-23 06:01:08.560 66550 INFO tempest.lib.common.rest_client [req-c5f08cfe-fb28-4b10-af0b-dc242a1ac068 req-c5f08cfe-fb28-4b10-af0b-dc242a1ac068 ] Request (ListImageFiltersTestJSON:tearDownClass): 200 GET http://10.180.1.21/compute/v2.1/servers/448779d0-a6fc-48a9-a202-49f12e7c4530 0.399s
2025-11-23 06:01:08.589 66506 INFO tempest.lib.common.rest_client [req-860b871e-e2d8-4d6f-a301-3a6380299949 req-860b871e-e2d8-4d6f-a301-3a6380299949 ] Request (DeleteServersTestJSON:test_delete_server_while_in_shelved_state): 200 GET http://10.180.1.21/compute/v2.1/servers/f905be7d-6643-4b39-b429-607a2c7db889 0.456s
2025-11-23 06:01:08.595 66506 INFO tempest.common.waiters [-] State transition "BUILD/networking" ==> "BUILD/block_device_mapping" after 66 second wait
2025-11-23 06:01:08.626 66518 INFO tempest.lib.common.rest_client [req-520601bd-1a3f-4f3f-a9a6-a3601d600f58 req-520601bd-1a3f-4f3f-a9a6-a3601d600f58 ] Request (ListServerFiltersTestJSON:setUpClass): 200 GET http://10.180.1.21/compute/v2.1/servers/3dd97624-0e38-4225-972e-6fad881fae16 0.439s
2025-11-23 06:01:08.666 66516 INFO tempest.lib.common.rest_client [req-7375f158-e5c2-485c-b9f8-ba756367199f req-7375f158-e5c2-485c-b9f8-ba756367199f ] Request (ServersTestFqdnHostnames:test_create_server_with_fqdn_name): 200 GET http://10.180.1.21/compute/v2.1/servers/0a8867bd-6921-44c7-bbdd-aff26dbaa536 0.435s
2025-11-23 06:01:08.708 66562 INFO tempest.lib.common.rest_client [req-acb623b0-3026-4368-b633-ef7fd08e5acb req-acb623b0-3026-4368-b633-ef7fd08e5acb ] Request (SecurityGroupsTestJSON:test_server_security_groups): 200 GET http://10.180.1.21/compute/v2.1/servers/ab487eef-9174-471a-a84a-b6a31a81cd0b 0.462s
2025-11-23 06:01:08.755 66528 WARNING tempest.lib.common.ssh [-] Failed to establish authenticated ssh connection to cirros@10.180.180.235 ([Errno None] Unable to connect to port 22 on 10.180.180.235). Number attempts: 3. Retry after 4 seconds.: paramiko.ssh_exception.NoValidConnectionsError: [Errno None] Unable to connect to port 22 on 10.180.180.235
2025-11-23 06:01:08.756 66534 INFO tempest.lib.common.rest_client [req-d0be0ede-d195-4624-9b53-2f1175033175 req-d0be0ede-d195-4624-9b53-2f1175033175 ] Request (ServerActionsV293TestJSON:setUpClass): 200 GET http://10.180.1.21/compute/v2.1/servers/f1802d4b-0a6e-408d-8aac-f75e82089087 0.470s
2025-11-23 06:01:08.796 66512 INFO tempest.lib.common.rest_client [req-498ab75c-aad3-4481-9ca6-fe87037361a8 req-498ab75c-aad3-4481-9ca6-fe87037361a8 ] Request (AbsoluteLimitsNegativeTestJSON:test_max_metadata_exceed_limit): 200 GET http://10.180.1.21/compute/v2.1/limits 0.286s
2025-11-23 06:01:08.828 66508 INFO tempest.lib.common.rest_client [req-5948e5f7-a844-4933-89d9-e5fa6c2d9a67 req-5948e5f7-a844-4933-89d9-e5fa6c2d9a67 ] Request (AttachInterfacesV270Test:tearDownClass): 200 GET http://10.180.1.21/compute/v2.1/servers/d65d3f14-307b-421e-b6ad-23dd6c03cd7a 0.305s
2025-11-23 06:01:08.832 66512 INFO tempest.lib.common.rest_client [req-cca9037f-34f6-4e27-8808-e5af99bdd101 req-cca9037f-34f6-4e27-8808-e5af99bdd101 ] Request (AbsoluteLimitsNegativeTestJSON:test_max_metadata_exceed_limit): 201 POST http://10.180.1.21/identity/v3/auth/tokens 0.029s
2025-11-23 06:01:08.832 66512 INFO tempest.lib.common.fixed_network [-] (AbsoluteLimitsNegativeTestJSON:test_max_metadata_exceed_limit) Found network None available for tenant
2025-11-23 06:01:08.839 66508 INFO tempest.common.waiters [-] State transition "ACTIVE/deleting" ==> "DELETED/None" after 3 second wait
2025-11-23 06:01:08.904 66530 INFO tempest.lib.common.rest_client [req-93173f5e-3cea-4b82-9749-b8023839702e req-93173f5e-3cea-4b82-9749-b8023839702e ] Request (ServerActionsTestOtherB:setUpClass): 200 GET http://10.180.1.21/compute/v2.1/servers/df416dc7-bfb9-4113-aafc-f17fc7b5497a 0.319s
2025-11-23 06:01:08.927 66540 INFO tempest.lib.common.rest_client [req-f249f99b-3af5-44c1-89e2-bdbe68a02167 req-f249f99b-3af5-44c1-89e2-bdbe68a02167 ] Request (ServerActionsTestOtherA:test_rebuild_server_in_stop_state): 200 GET http://10.180.1.21/compute/v2.1/servers/b4b4223b-2e0b-4ba4-a034-d5803cd81c5c 0.384s
2025-11-23 06:01:08.987 66542 INFO tempest.lib.common.rest_client [req-c24a1ada-16d2-4100-b9fa-fee9e15459ec req-c24a1ada-16d2-4100-b9fa-fee9e15459ec ] Request (ImagesOneServerNegativeTestJSON:_run_cleanups): 200 GET http://10.180.1.21/compute/v2.1/servers/f3867698-a131-4a61-a36c-e974372173be 0.080s
2025-11-23 06:01:09.083 66512 INFO tempest.lib.common.rest_client [req-3c2f13e6-a265-489c-a687-82302b44becc req-3c2f13e6-a265-489c-a687-82302b44becc ] Request (AbsoluteLimitsNegativeTestJSON:test_max_metadata_exceed_limit): 403 POST http://10.180.1.21/compute/v2.1/servers 0.250s
2025-11-23 06:01:09.136 66560 INFO tempest.lib.common.rest_client [req-618bed67-b913-4757-b9ad-13fd0700e34e req-618bed67-b913-4757-b9ad-13fd0700e34e ] Request (ServerPasswordTestJSON:setUpClass): 200 GET http://10.180.1.21/compute/v2.1/servers/b2702e5b-4b3b-4f65-9ca7-d77c654a4d5f 0.107s
2025-11-23 06:01:09.144 66560 INFO tempest.common.waiters [-] State transition "BUILD/spawning" ==> "ACTIVE/None" after 73 second wait
2025-11-23 06:01:09.160 66510 INFO tempest.lib.common.rest_client [req-98e91a61-a153-4080-b494-c37aad48e054 req-98e91a61-a153-4080-b494-c37aad48e054 ] Request (ServerShowV247Test:tearDownClass): 200 GET http://10.180.1.21/compute/v2.1/servers/71dcd7fe-76e0-4ede-bb44-27ce2f2d2620 0.113s
2025-11-23 06:01:09.197 66514 INFO tempest.lib.common.rest_client [req-50a84900-f16c-4f97-8b1a-6677fbb44ea4 req-50a84900-f16c-4f97-8b1a-6677fbb44ea4 ] Request (VolumesAssistedSnapshotsTest:tearDownClass): 200 GET http://10.180.1.21/compute/v2.1/servers/e5664cd0-53bb-4fbd-9f18-ef729483e14d 0.068s
2025-11-23 06:01:09.212 66526 INFO tempest.lib.common.rest_client [req-fba83749-2347-4d14-ab43-0ef9eb9b321c req-fba83749-2347-4d14-ab43-0ef9eb9b321c ] Request (DeleteServersAdminTestJSON:test_delete_server_while_in_error_state): 200 GET http://10.180.1.21/compute/v2.1/servers/37393567-3860-4949-831f-949c62f71483 0.070s
2025-11-23 06:01:09.220 66512 INFO tempest.lib.common.rest_client [req-40a40819-95ca-4e3b-8157-84dd62a0c936 req-40a40819-95ca-4e3b-8157-84dd62a0c936 ] Request (AbsoluteLimitsNegativeTestJSON:tearDownClass): 204 DELETE http://10.180.1.21/identity/v3/users/c621eae011754b0a9181ea109cb15d45 0.134s
2025-11-23 06:01:09.220 66512 INFO tempest.lib.common.dynamic_creds [-] Deleting project and security group for project: c022cd16e79c45549df8be7f9deb2ca7
2025-11-23 06:01:09.254 66560 INFO tempest.lib.common.rest_client [req-61639720-e785-4753-ba34-ece062e60370 req-61639720-e785-4753-ba34-ece062e60370 ] Request (ServerPasswordTestJSON:test_delete_server_password): 204 DELETE http://10.180.1.21/compute/v2.1/servers/b2702e5b-4b3b-4f65-9ca7-d77c654a4d5f/os-server-password 0.110s
2025-11-23 06:01:09.264 66504 INFO tempest.lib.common.rest_client [req-fea9514f-b94c-410b-a310-8f3a3089c15d req-fea9514f-b94c-410b-a310-8f3a3089c15d ] Request (ServerRescueNegativeTestJSON:setUpClass): 200 GET http://10.180.1.21/compute/v2.1/servers/2b85032c-f1e6-47fb-94d7-e5a5186b3fc3 0.064s
2025-11-23 06:01:09.284 66556 INFO tempest.lib.common.rest_client [req-6bdeb155-1df8-4926-a501-e6a8e8e99947 req-6bdeb155-1df8-4926-a501-e6a8e8e99947 ] Request (AttachInterfacesUnderV243Test:test_add_remove_fixed_ip): 200 GET http://10.180.1.21/compute/v2.1/servers/2c3c8031-e2e3-482a-87f0-56789461f744/ips 0.058s
2025-11-23 06:01:09.288 66512 INFO tempest.lib.common.rest_client [req-4c3a8aba-ac2a-4a27-81d0-b6445a5904ab req-4c3a8aba-ac2a-4a27-81d0-b6445a5904ab ] Request (AbsoluteLimitsNegativeTestJSON:tearDownClass): 201 POST http://10.180.1.21/identity/v3/auth/tokens 0.068s
2025-11-23 06:01:09.311 66560 INFO tempest.lib.common.rest_client [req-e5612c9c-6817-45a0-b8b9-e74881092702 req-e5612c9c-6817-45a0-b8b9-e74881092702 ] Request (ServerPasswordTestJSON:test_get_server_password): 200 GET http://10.180.1.21/compute/v2.1/servers/b2702e5b-4b3b-4f65-9ca7-d77c654a4d5f/os-server-password 0.056s
2025-11-23 06:01:09.463 66512 INFO tempest.lib.common.rest_client [req-432a068d-f4ef-471f-99c9-87cc96a1b265 req-432a068d-f4ef-471f-99c9-87cc96a1b265 ] Request (AbsoluteLimitsNegativeTestJSON:tearDownClass): 200 GET http://10.180.1.21/networking/v2.0/security-groups?tenant_id=c022cd16e79c45549df8be7f9deb2ca7&name=default 0.174s
2025-11-23 06:01:09.489 66538 INFO tempest.lib.common.rest_client [req-bfe16552-513d-4faf-92cd-058ea2ad46a6 req-bfe16552-513d-4faf-92cd-058ea2ad46a6 ] Request (ServersListShow298Test:tearDownClass): 200 GET http://10.180.1.21/compute/v2.1/servers/2a8d8483-a90b-4993-8b30-30536a1c568e 0.261s
2025-11-23 06:01:09.600 66512 INFO tempest.lib.common.rest_client [req-a300ad1d-f0d1-4793-8266-99cb470725bf req-a300ad1d-f0d1-4793-8266-99cb470725bf ] Request (AbsoluteLimitsNegativeTestJSON:tearDownClass): 204 DELETE http://10.180.1.21/networking/v2.0/security-groups/13d0e81b-2c55-41db-92a8-876dc204fbc8 0.137s
2025-11-23 06:01:09.627 66556 INFO tempest.lib.common.rest_client [req-88dd660d-2e40-4992-b6b1-e4f5d0fe33b1 req-88dd660d-2e40-4992-b6b1-e4f5d0fe33b1 ] Request (AttachInterfacesUnderV243Test:test_add_remove_fixed_ip): 200 GET http://10.180.1.21/compute/v2.1/servers/2c3c8031-e2e3-482a-87f0-56789461f744 0.340s
2025-11-23 06:01:09.643 66548 INFO tempest.lib.common.rest_client [req-23ec9e18-f412-4339-8575-4a33aa37010f req-23ec9e18-f412-4339-8575-4a33aa37010f ] Request (ServerAddressesNegativeTestJSON:tearDownClass): 200 GET http://10.180.1.21/compute/v2.1/servers/47b580ec-1dbf-4911-bfe9-f29725d83c6e 0.327s
2025-11-23 06:01:09.668 66512 INFO tempest.lib.common.rest_client [req-7b717397-1499-4737-905b-a268997562df req-7b717397-1499-4737-905b-a268997562df ] Request (AbsoluteLimitsNegativeTestJSON:tearDownClass): 204 DELETE http://10.180.1.21/identity/v3/projects/c022cd16e79c45549df8be7f9deb2ca7 0.067s
2025-11-23 06:01:09.706 66520 INFO tempest.lib.common.rest_client [req-35650a48-bf14-445f-8538-8574b7e5dfdd req-35650a48-bf14-445f-8538-8574b7e5dfdd ] Request (AttachInterfacesTestJSON:_run_cleanups): 200 GET http://10.180.1.21/compute/v2.1/servers/e1b66308-90ea-4e05-afe2-f8087e9d4773 0.371s
2025-11-23 06:01:09.707 66560 INFO tempest.lib.common.rest_client [req-17fe7ff0-30aa-4a67-9a87-d3a9072a8048 req-17fe7ff0-30aa-4a67-9a87-d3a9072a8048 ] Request (ServerPasswordTestJSON:tearDownClass): 204 DELETE http://10.180.1.21/compute/v2.1/servers/b2702e5b-4b3b-4f65-9ca7-d77c654a4d5f 0.390s
2025-11-23 06:01:09.750 66512 INFO tempest.lib.common.rest_client [req-1bd5cfc0-8530-4621-850e-a5a920984015 req-1bd5cfc0-8530-4621-850e-a5a920984015 ] Request (ExtensionsTest:setUpClass): 201 POST http://10.180.1.21/identity/v3/auth/tokens 0.080s
2025-11-23 06:01:09.763 66545 INFO tempest.lib.common.rest_client [req-fb4a540d-da9e-4551-8b67-e9a6022cc8e2 req-fb4a540d-da9e-4551-8b67-e9a6022cc8e2 ] Request (ServersTestJSON:test_create_specify_keypair): 200 GET http://10.180.1.21/compute/v2.1/servers/a53d3c8b-3d47-45c7-8d15-f61d13d347bf 0.318s
2025-11-23 06:01:09.780 66524 INFO tempest.lib.common.rest_client [req-c1755ed0-db7d-4ccd-b853-b33b7347cd66 req-c1755ed0-db7d-4ccd-b853-b33b7347cd66 ] Request (ServersTestMultiNic:test_verify_multiple_nics_order): 200 GET http://10.180.1.21/compute/v2.1/servers/f02212a0-0618-4a84-8ae9-9ca19464eef0 0.396s
2025-11-23 06:01:09.798 66512 INFO tempest.lib.common.rest_client [req-32fb179e-5798-4bad-86c2-d3e8873cd7a3 req-32fb179e-5798-4bad-86c2-d3e8873cd7a3 ] Request (ExtensionsTest:setUpClass): 201 POST http://10.180.1.21/identity/v3/auth/tokens 0.044s
2025-11-23 06:01:09.838 66512 INFO tempest.lib.common.rest_client [req-8336c03a-6dfc-447a-ba19-4a757a434092 req-8336c03a-6dfc-447a-ba19-4a757a434092 ] Request (ExtensionsTest:setUpClass): 200 GET http://10.180.1.21/identity/v3/domains?name=Default 0.039s
2025-11-23 06:01:09.849 66536 INFO tempest.lib.common.rest_client [req-25f1a5ab-e5be-430a-8ba9-4821d5a85edf req-25f1a5ab-e5be-430a-8ba9-4821d5a85edf ] Request (ServersAdminTestJSON:test_inject_network_info): 200 GET http://10.180.1.21/compute/v2.1/servers/f0bdc13e-ff72-4887-8332-76712e0c436e 0.385s
2025-11-23 06:01:09.867 66550 INFO tempest.lib.common.rest_client [req-876b1d0d-82f9-4123-89b6-c7c6207ee625 req-876b1d0d-82f9-4123-89b6-c7c6207ee625 ] Request (ListImageFiltersTestJSON:tearDownClass): 200 GET http://10.180.1.21/compute/v2.1/servers/448779d0-a6fc-48a9-a202-49f12e7c4530 0.299s
2025-11-23 06:01:09.884 66512 INFO tempest.lib.common.rest_client [req-fec9cb6b-8eab-474d-b5c1-1d9403f0596b req-fec9cb6b-8eab-474d-b5c1-1d9403f0596b ] Request (ExtensionsTest:setUpClass): 201 POST http://10.180.1.21/identity/v3/projects 0.045s
2025-11-23 06:01:09.949 66518 INFO tempest.lib.common.rest_client [req-83e7f846-5c3b-46f9-a333-9cb50cdd09c2 req-83e7f846-5c3b-46f9-a333-9cb50cdd09c2 ] Request (ListServerFiltersTestJSON:setUpClass): 200 GET http://10.180.1.21/compute/v2.1/servers/3dd97624-0e38-4225-972e-6fad881fae16 0.315s
2025-11-23 06:01:09.987 66512 INFO tempest.lib.common.rest_client [req-3b6eb7f6-771c-40d3-9ea4-6e0fddf3b62e req-3b6eb7f6-771c-40d3-9ea4-6e0fddf3b62e ] Request (ExtensionsTest:setUpClass): 201 POST http://10.180.1.21/identity/v3/users 0.103s
2025-11-23 06:01:09.992 66556 INFO tempest.lib.common.rest_client [req-764dcc36-63a2-4be3-b26b-5831dc3d9606 req-764dcc36-63a2-4be3-b26b-5831dc3d9606 ] Request (AttachInterfacesUnderV243Test:test_add_remove_fixed_ip): 202 POST http://10.180.1.21/compute/v2.1/servers/2c3c8031-e2e3-482a-87f0-56789461f744/action 0.357s
2025-11-23 06:01:10.014 66512 INFO tempest.lib.common.rest_client [req-3c0ab8e8-ac55-4fd0-970c-0f301953ba0d req-3c0ab8e8-ac55-4fd0-970c-0f301953ba0d ] Request (ExtensionsTest:setUpClass): 200 GET http://10.180.1.21/identity/v3/roles 0.026s
2025-11-23 06:01:10.026 66506 INFO tempest.lib.common.rest_client [req-7fa149b0-63b2-4fc8-9f27-1fa116a3ec03 req-7fa149b0-63b2-4fc8-9f27-1fa116a3ec03 ] Request (DeleteServersTestJSON:test_delete_server_while_in_shelved_state): 200 GET http://10.180.1.21/compute/v2.1/servers/f905be7d-6643-4b39-b429-607a2c7db889 0.430s
2025-11-23 06:01:10.033 66506 INFO tempest.common.waiters [-] State transition "BUILD/block_device_mapping" ==> "BUILD/spawning" after 68 second wait
2025-11-23 06:01:10.055 66512 INFO tempest.lib.common.rest_client [req-9b780ba3-4c15-41dd-a9aa-c5e00975c9f2 req-9b780ba3-4c15-41dd-a9aa-c5e00975c9f2 ] Request (ExtensionsTest:setUpClass): 204 PUT http://10.180.1.21/identity/v3/projects/603574384f3844f1946e50ba1347281c/users/f0936d9855834089a54a910054908bc8/roles/089d9a6317c34e0c8c1587cdd15bec65 0.040s
2025-11-23 06:01:10.056 66512 INFO tempest.lib.common.dynamic_creds [-] Dynamic test user f0936d9855834089a54a910054908bc8 is created with scope project and roles: ['member']
2025-11-23 06:01:10.056 66512 INFO tempest.lib.common.dynamic_creds [-] Acquired dynamic creds: credentials: Credentials: {'domain_id': 'default', 'domain_name': 'Default', 'username': 'tempest-ExtensionsTest-357428951-project-member', 'project_domain_id': 'default', 'project_domain_name': 'Default', 'project_id': '603574384f3844f1946e50ba1347281c', 'project_name': 'tempest-ExtensionsTest-357428951', 'tenant_id': '603574384f3844f1946e50ba1347281c', 'tenant_name': 'tempest-ExtensionsTest-357428951', 'user_domain_id': 'default', 'user_domain_name': 'Default', 'user_id': 'f0936d9855834089a54a910054908bc8', 'system': None}, Network: None, Subnet: None, Router: None
2025-11-23 06:01:10.056 66512 INFO tempest.lib.common.dynamic_creds [-] Created isolated network resources for: credentials: Credentials: {'domain_id': 'default', 'domain_name': 'Default', 'username': 'tempest-ExtensionsTest-357428951-project-member', 'project_domain_id': 'default', 'project_domain_name': 'Default', 'project_id': '603574384f3844f1946e50ba1347281c', 'project_name': 'tempest-ExtensionsTest-357428951', 'tenant_id': '603574384f3844f1946e50ba1347281c', 'tenant_name': 'tempest-ExtensionsTest-357428951', 'user_domain_id': 'default', 'user_domain_name': 'Default', 'user_id': 'f0936d9855834089a54a910054908bc8', 'system': None}, Network: None, Subnet: None, Router: None
2025-11-23 06:01:10.064 66516 INFO tempest.lib.common.rest_client [req-0d3dfd53-8d01-4443-9e24-2b284c1cd92a req-0d3dfd53-8d01-4443-9e24-2b284c1cd92a ] Request (ServersTestFqdnHostnames:test_create_server_with_fqdn_name): 200 GET http://10.180.1.21/compute/v2.1/servers/0a8867bd-6921-44c7-bbdd-aff26dbaa536 0.391s
2025-11-23 06:01:10.127 66562 INFO tempest.lib.common.rest_client [req-f2592db0-1ed0-431d-ae24-2429eeb77519 req-f2592db0-1ed0-431d-ae24-2429eeb77519 ] Request (SecurityGroupsTestJSON:test_server_security_groups): 200 GET http://10.180.1.21/compute/v2.1/servers/ab487eef-9174-471a-a84a-b6a31a81cd0b 0.409s
2025-11-23 06:01:10.144 66560 INFO tempest.lib.common.rest_client [req-fb8f46ba-e63c-43e5-864f-03a9a1a6cc62 req-fb8f46ba-e63c-43e5-864f-03a9a1a6cc62 ] Request (ServerPasswordTestJSON:tearDownClass): 200 GET http://10.180.1.21/compute/v2.1/servers/b2702e5b-4b3b-4f65-9ca7-d77c654a4d5f 0.437s
2025-11-23 06:01:10.158 66512 INFO tempest.lib.common.rest_client [req-b982de83-1150-4edf-8bf9-d88da34bf892 req-b982de83-1150-4edf-8bf9-d88da34bf892 ] Request (ExtensionsTest:setUpClass): 201 POST http://10.180.1.21/identity/v3/auth/tokens 0.097s
2025-11-23 06:01:10.186 66534 INFO tempest.lib.common.rest_client [req-b9e01661-4a24-465f-b02a-3dd7cc41663f req-b9e01661-4a24-465f-b02a-3dd7cc41663f ] Request (ServerActionsV293TestJSON:setUpClass): 200 GET http://10.180.1.21/compute/v2.1/servers/f1802d4b-0a6e-408d-8aac-f75e82089087 0.420s
2025-11-23 06:01:10.206 66508 INFO tempest.lib.common.rest_client [req-0b59d481-f9b1-456e-aa64-7bfff8f1f345 req-0b59d481-f9b1-456e-aa64-7bfff8f1f345 ] Request (AttachInterfacesV270Test:tearDownClass): 200 GET http://10.180.1.21/compute/v2.1/servers/d65d3f14-307b-421e-b6ad-23dd6c03cd7a 0.365s
2025-11-23 06:01:10.235 66530 INFO tempest.lib.common.rest_client [req-9a8918ae-176d-4ccd-b797-fa5a46392b2f req-9a8918ae-176d-4ccd-b797-fa5a46392b2f ] Request (ServerActionsTestOtherB:setUpClass): 200 GET http://10.180.1.21/compute/v2.1/servers/df416dc7-bfb9-4113-aafc-f17fc7b5497a 0.323s
2025-11-23 06:01:10.242 66530 INFO tempest.common.waiters [-] State transition "BUILD/scheduling" ==> "BUILD/None" after 20 second wait
2025-11-23 06:01:10.261 66556 INFO tempest.lib.common.rest_client [req-f68e8ffe-14b7-4a6b-8b14-23aa48a908ae req-f68e8ffe-14b7-4a6b-8b14-23aa48a908ae ] Request (AttachInterfacesUnderV243Test:test_add_remove_fixed_ip): 200 GET http://10.180.1.21/compute/v2.1/servers/2c3c8031-e2e3-482a-87f0-56789461f744/ips 0.268s
2025-11-23 06:01:10.297 66540 INFO tempest.lib.common.rest_client [req-8ab8d37d-6de8-412c-84c2-bda2764175b6 req-8ab8d37d-6de8-412c-84c2-bda2764175b6 ] Request (ServerActionsTestOtherA:test_rebuild_server_in_stop_state): 200 GET http://10.180.1.21/compute/v2.1/servers/b4b4223b-2e0b-4ba4-a034-d5803cd81c5c 0.363s
2025-11-23 06:01:10.317 66542 INFO tempest.lib.common.rest_client [req-c773fe94-c43a-4529-a927-98c507b0ab1b req-c773fe94-c43a-4529-a927-98c507b0ab1b ] Request (ImagesOneServerNegativeTestJSON:_run_cleanups): 200 GET http://10.180.1.21/compute/v2.1/servers/f3867698-a131-4a61-a36c-e974372173be 0.321s
2025-11-23 06:01:10.360 66512 INFO tempest.lib.common.rest_client [req-6af7d22e-3df2-430e-a404-d675b6e432eb req-6af7d22e-3df2-430e-a404-d675b6e432eb ] Request (ExtensionsTest:test_get_extension): 200 GET http://10.180.1.21/compute/v2.1/extensions/os-consoles 0.201s
2025-11-23 06:01:10.375 66510 INFO tempest.lib.common.rest_client [req-d3f4fa57-b35a-4e59-9034-a2fdcafe67f4 req-d3f4fa57-b35a-4e59-9034-a2fdcafe67f4 ] Request (ServerShowV247Test:tearDownClass): 200 GET http://10.180.1.21/compute/v2.1/servers/71dcd7fe-76e0-4ede-bb44-27ce2f2d2620 0.205s
2025-11-23 06:01:10.381 66514 INFO tempest.lib.common.rest_client [req-1a74d413-091b-4bfa-a2ec-8c9992f9780f req-1a74d413-091b-4bfa-a2ec-8c9992f9780f ] Request (VolumesAssistedSnapshotsTest:tearDownClass): 404 GET http://10.180.1.21/compute/v2.1/servers/e5664cd0-53bb-4fbd-9f18-ef729483e14d 0.177s
2025-11-23 06:01:10.421 66526 INFO tempest.lib.common.rest_client [req-ca62dc73-90d2-427e-8a0c-11aeb81fcf4b req-ca62dc73-90d2-427e-8a0c-11aeb81fcf4b ] Request (DeleteServersAdminTestJSON:test_delete_server_while_in_error_state): 200 GET http://10.180.1.21/compute/v2.1/servers/37393567-3860-4949-831f-949c62f71483 0.202s
2025-11-23 06:01:10.437 66512 INFO tempest.lib.common.rest_client [req-80fd3602-bc9a-47b6-afec-45dc118b2769 req-80fd3602-bc9a-47b6-afec-45dc118b2769 ] Request (ExtensionsTest:test_list_extensions): 200 GET http://10.180.1.21/compute/v2.1/extensions 0.076s
2025-11-23 06:01:10.438 66504 INFO tempest.lib.common.rest_client [req-1eee360c-3bb9-4462-bdf3-4d3643d6c45a req-1eee360c-3bb9-4462-bdf3-4d3643d6c45a ] Request (ServerRescueNegativeTestJSON:setUpClass): 200 GET http://10.180.1.21/compute/v2.1/servers/2b85032c-f1e6-47fb-94d7-e5a5186b3fc3 0.164s
2025-11-23 06:01:10.453 66514 INFO tempest.lib.common.rest_client [req-d8dc7faa-ed5f-465c-a300-2a7936f4b1f5 req-d8dc7faa-ed5f-465c-a300-2a7936f4b1f5 ] Request (VolumesAssistedSnapshotsTest:tearDownClass): 202 DELETE http://10.180.1.21/compute/v2.1/os-keypairs/tempest-keypair-890657433 0.071s
2025-11-23 06:01:10.544 66514 INFO tempest.lib.common.rest_client [req-30892969-3edd-4623-9411-49ad1317d3cc req-30892969-3edd-4623-9411-49ad1317d3cc ] Request (VolumesAssistedSnapshotsTest:tearDownClass): 204 DELETE http://10.180.1.21/networking/v2.0/security-groups/881b2a02-d4ae-49a9-bcd8-5d058f606edd 0.091s
2025-11-23 06:01:10.549 66566 WARNING tempest.lib.common.ssh [-] Failed to establish authenticated ssh connection to cirros@10.180.180.201 ([Errno None] Unable to connect to port 22 on 10.180.180.201). Number attempts: 4. Retry after 5 seconds.: paramiko.ssh_exception.NoValidConnectionsError: [Errno None] Unable to connect to port 22 on 10.180.180.201
2025-11-23 06:01:10.555 66514 INFO tempest.lib.common.rest_client [req-3a95bce4-c128-4182-92e1-ed7473a1352b req-3a95bce4-c128-4182-92e1-ed7473a1352b ] Request (VolumesAssistedSnapshotsTest:tearDownClass): 404 GET http://10.180.1.21/networking/v2.0/security-groups/881b2a02-d4ae-49a9-bcd8-5d058f606edd 0.010s
2025-11-23 06:01:10.566 66512 INFO tempest.lib.common.rest_client [req-c5297494-85b2-43b2-823e-ea616c38f855 req-c5297494-85b2-43b2-823e-ea616c38f855 ] Request (ExtensionsTest:tearDownClass): 204 DELETE http://10.180.1.21/identity/v3/users/f0936d9855834089a54a910054908bc8 0.116s
2025-11-23 06:01:10.566 66512 INFO tempest.lib.common.dynamic_creds [-] Deleting project and security group for project: 603574384f3844f1946e50ba1347281c
2025-11-23 06:01:10.587 66538 INFO tempest.lib.common.rest_client [req-72d5240f-a62d-404f-a25e-2bad94e17fe2 req-72d5240f-a62d-404f-a25e-2bad94e17fe2 ] Request (ServersListShow298Test:tearDownClass): 200 GET http://10.180.1.21/compute/v2.1/servers/2a8d8483-a90b-4993-8b30-30536a1c568e 0.086s
2025-11-23 06:01:10.637 66512 INFO tempest.lib.common.rest_client [req-fc8535d8-f1bd-4687-96a3-ebc1c7cbc79a req-fc8535d8-f1bd-4687-96a3-ebc1c7cbc79a ] Request (ExtensionsTest:tearDownClass): 201 POST http://10.180.1.21/identity/v3/auth/tokens 0.070s
2025-11-23 06:01:10.839 66514 INFO tempest.lib.common.rest_client [req-84dd31ec-aa37-4fd6-b010-094f5305e241 req-84dd31ec-aa37-4fd6-b010-094f5305e241 ] Request (VolumesAssistedSnapshotsTest:tearDownClass): 204 DELETE http://10.180.1.21/networking/v2.0/floatingips/843366ed-4e8a-47e8-9fc8-f4504a55f485 0.283s
2025-11-23 06:01:10.861 66514 INFO tempest.lib.common.rest_client [req-01b73d05-5914-4d57-ad13-20b1b02946b1 req-01b73d05-5914-4d57-ad13-20b1b02946b1 ] Request (VolumesAssistedSnapshotsTest:tearDownClass): 404 DELETE http://10.180.1.21/volume/v3/volumes/a8321f86-275f-43f2-b6df-3ed7e2b639fd 0.021s
2025-11-23 06:01:10.870 66512 INFO tempest.lib.common.rest_client [req-bf7d0a0c-3f05-47ea-b908-e3d40d1f9a30 req-bf7d0a0c-3f05-47ea-b908-e3d40d1f9a30 ] Request (ExtensionsTest:tearDownClass): 200 GET http://10.180.1.21/networking/v2.0/security-groups?tenant_id=603574384f3844f1946e50ba1347281c&name=default 0.233s
2025-11-23 06:01:10.880 66514 INFO tempest.lib.common.rest_client [req-786e9ef8-5b03-4b5b-97b1-ad4d6d566bc0 req-786e9ef8-5b03-4b5b-97b1-ad4d6d566bc0 ] Request (VolumesAssistedSnapshotsTest:tearDownClass): 404 GET http://10.180.1.21/volume/v3/volumes/a8321f86-275f-43f2-b6df-3ed7e2b639fd 0.018s
2025-11-23 06:01:10.896 66548 INFO tempest.lib.common.rest_client [req-ffe88bdb-6673-4cdd-ba89-fbe049c9ab28 req-ffe88bdb-6673-4cdd-ba89-fbe049c9ab28 ] Request (ServerAddressesNegativeTestJSON:tearDownClass): 200 GET http://10.180.1.21/compute/v2.1/servers/47b580ec-1dbf-4911-bfe9-f29725d83c6e 0.245s
2025-11-23 06:01:10.907 66520 INFO tempest.lib.common.rest_client [req-a43fb7c1-d3c3-4b12-974a-8982313b2423 req-a43fb7c1-d3c3-4b12-974a-8982313b2423 ] Request (AttachInterfacesTestJSON:_run_cleanups): 200 GET http://10.180.1.21/compute/v2.1/servers/e1b66308-90ea-4e05-afe2-f8087e9d4773 0.193s
2025-11-23 06:01:10.998 66512 INFO tempest.lib.common.rest_client [req-c01ef79e-615d-40f5-963c-2300776765f8 req-c01ef79e-615d-40f5-963c-2300776765f8 ] Request (ExtensionsTest:tearDownClass): 204 DELETE http://10.180.1.21/networking/v2.0/security-groups/b63d8174-11b5-4827-ad08-cea253f6e578 0.128s
2025-11-23 06:01:11.049 66524 INFO tempest.lib.common.rest_client [req-e51d43af-48f3-40c8-ad4e-27cc9ca28cec req-e51d43af-48f3-40c8-ad4e-27cc9ca28cec ] Request (ServersTestMultiNic:test_verify_multiple_nics_order): 200 GET http://10.180.1.21/compute/v2.1/servers/f02212a0-0618-4a84-8ae9-9ca19464eef0 0.252s
2025-11-23 06:01:11.071 66545 INFO tempest.lib.common.rest_client [req-6f1622f3-03af-4de8-9523-d3fe18ca48b7 req-6f1622f3-03af-4de8-9523-d3fe18ca48b7 ] Request (ServersTestJSON:test_create_specify_keypair): 200 GET http://10.180.1.21/compute/v2.1/servers/a53d3c8b-3d47-45c7-8d15-f61d13d347bf 0.299s
2025-11-23 06:01:11.075 66512 INFO tempest.lib.common.rest_client [req-be1eeee4-ef6c-4a41-a1f8-d41cca2d748e req-be1eeee4-ef6c-4a41-a1f8-d41cca2d748e ] Request (ExtensionsTest:tearDownClass): 204 DELETE http://10.180.1.21/identity/v3/projects/603574384f3844f1946e50ba1347281c 0.076s
2025-11-23 06:01:11.137 66536 INFO tempest.lib.common.rest_client [req-3514b568-1ba7-4047-b1ed-90852bfc76bd req-3514b568-1ba7-4047-b1ed-90852bfc76bd ] Request (ServersAdminTestJSON:test_inject_network_info): 200 GET http://10.180.1.21/compute/v2.1/servers/f0bdc13e-ff72-4887-8332-76712e0c436e 0.280s
2025-11-23 06:01:11.180 66550 INFO tempest.lib.common.rest_client [req-a9e5855e-0905-47e7-92f7-080358a4cdb7 req-a9e5855e-0905-47e7-92f7-080358a4cdb7 ] Request (ListImageFiltersTestJSON:tearDownClass): 200 GET http://10.180.1.21/compute/v2.1/servers/448779d0-a6fc-48a9-a202-49f12e7c4530 0.304s
2025-11-23 06:01:11.227 66518 INFO tempest.lib.common.rest_client [req-b2668e54-9499-41a2-b1c2-b133308b900e req-b2668e54-9499-41a2-b1c2-b133308b900e ] Request (ListServerFiltersTestJSON:setUpClass): 200 GET http://10.180.1.21/compute/v2.1/servers/3dd97624-0e38-4225-972e-6fad881fae16 0.270s
2025-11-23 06:01:11.319 66506 INFO tempest.lib.common.rest_client [req-e3f9cdcd-ecba-4d4e-a922-cad5e66722d8 req-e3f9cdcd-ecba-4d4e-a922-cad5e66722d8 ] Request (DeleteServersTestJSON:test_delete_server_while_in_shelved_state): 200 GET http://10.180.1.21/compute/v2.1/servers/f905be7d-6643-4b39-b429-607a2c7db889 0.284s
2025-11-23 06:01:11.331 66516 INFO tempest.lib.common.rest_client [req-aaaff2ca-bd51-4d52-9886-4721a132d005 req-aaaff2ca-bd51-4d52-9886-4721a132d005 ] Request (ServersTestFqdnHostnames:test_create_server_with_fqdn_name): 200 GET http://10.180.1.21/compute/v2.1/servers/0a8867bd-6921-44c7-bbdd-aff26dbaa536 0.257s
2025-11-23 06:01:11.376 66562 INFO tempest.lib.common.rest_client [req-57d8a189-2f25-4578-9ace-5a95d748872a req-57d8a189-2f25-4578-9ace-5a95d748872a ] Request (SecurityGroupsTestJSON:test_server_security_groups): 200 GET http://10.180.1.21/compute/v2.1/servers/ab487eef-9174-471a-a84a-b6a31a81cd0b 0.242s
2025-11-23 06:01:11.451 66534 INFO tempest.lib.common.rest_client [req-ce147cca-d263-418f-9bfe-5dfb237d41d3 req-ce147cca-d263-418f-9bfe-5dfb237d41d3 ] Request (ServerActionsV293TestJSON:setUpClass): 200 GET http://10.180.1.21/compute/v2.1/servers/f1802d4b-0a6e-408d-8aac-f75e82089087 0.254s
2025-11-23 06:01:11.525 66560 INFO tempest.lib.common.rest_client [req-86db0e6a-da91-4a3b-b3fb-135f671d23cf req-86db0e6a-da91-4a3b-b3fb-135f671d23cf ] Request (ServerPasswordTestJSON:tearDownClass): 200 GET http://10.180.1.21/compute/v2.1/servers/b2702e5b-4b3b-4f65-9ca7-d77c654a4d5f 0.372s
2025-11-23 06:01:11.552 66508 INFO tempest.lib.common.rest_client [req-f44e258b-4fd4-4edd-ba5f-8e42fd73d8b2 req-f44e258b-4fd4-4edd-ba5f-8e42fd73d8b2 ] Request (AttachInterfacesV270Test:tearDownClass): 200 GET http://10.180.1.21/compute/v2.1/servers/d65d3f14-307b-421e-b6ad-23dd6c03cd7a 0.335s
2025-11-23 06:01:11.596 66556 INFO tempest.lib.common.rest_client [req-c91f03cb-414a-4636-8a37-dc4b2099712b req-c91f03cb-414a-4636-8a37-dc4b2099712b ] Request (AttachInterfacesUnderV243Test:test_add_remove_fixed_ip): 200 GET http://10.180.1.21/compute/v2.1/servers/2c3c8031-e2e3-482a-87f0-56789461f744/ips 0.332s
2025-11-23 06:01:11.660 66514 INFO tempest.lib.common.rest_client [req-d6528a4d-7461-45a0-99aa-fad37921bd25 req-d6528a4d-7461-45a0-99aa-fad37921bd25 ] Request (VolumesAssistedSnapshotsTest:tearDownClass): 200 PUT http://10.180.1.21/networking/v2.0/routers/137bf9d2-e9b3-4f9c-835e-c266bdd7d42d/remove_router_interface 0.780s
2025-11-23 06:01:11.683 66530 INFO tempest.lib.common.rest_client [req-c631f8bf-f780-466f-a0b0-7ea81798039c req-c631f8bf-f780-466f-a0b0-7ea81798039c ] Request (ServerActionsTestOtherB:setUpClass): 200 GET http://10.180.1.21/compute/v2.1/servers/df416dc7-bfb9-4113-aafc-f17fc7b5497a 0.439s
2025-11-23 06:01:11.702 66542 INFO tempest.lib.common.rest_client [req-42fe4be8-ddd3-489a-95a0-bc9d78aa0319 req-42fe4be8-ddd3-489a-95a0-bc9d78aa0319 ] Request (ImagesOneServerNegativeTestJSON:_run_cleanups): 404 GET http://10.180.1.21/compute/v2.1/servers/f3867698-a131-4a61-a36c-e974372173be 0.377s
2025-11-23 06:01:11.967 66510 INFO tempest.lib.common.rest_client [req-2d867009-5adf-42f0-896f-72194550b2f7 req-2d867009-5adf-42f0-896f-72194550b2f7 ] Request (ServerShowV247Test:tearDownClass): 200 GET http://10.180.1.21/compute/v2.1/servers/71dcd7fe-76e0-4ede-bb44-27ce2f2d2620 0.581s
2025-11-23 06:01:11.994 66540 INFO tempest.lib.common.rest_client [req-cf213bf2-d641-4724-8d2c-c1b5cf35480d req-cf213bf2-d641-4724-8d2c-c1b5cf35480d ] Request (ServerActionsTestOtherA:test_rebuild_server_in_stop_state): 200 GET http://10.180.1.21/compute/v2.1/servers/b4b4223b-2e0b-4ba4-a034-d5803cd81c5c 0.689s
2025-11-23 06:01:12.003 66540 INFO tempest.common.waiters [-] State transition "BUILD/spawning" ==> "ACTIVE/None" after 75 second wait
2025-11-23 06:01:12.053 66526 INFO tempest.lib.common.rest_client [req-1a1d21ae-43fa-4276-8a99-97d7192d5665 req-1a1d21ae-43fa-4276-8a99-97d7192d5665 ] Request (DeleteServersAdminTestJSON:test_delete_server_while_in_error_state): 200 GET http://10.180.1.21/compute/v2.1/servers/37393567-3860-4949-831f-949c62f71483 0.621s
2025-11-23 06:01:12.066 66504 INFO tempest.lib.common.rest_client [req-a42bffe3-d652-4aa5-b641-99088f1ce2de req-a42bffe3-d652-4aa5-b641-99088f1ce2de ] Request (ServerRescueNegativeTestJSON:setUpClass): 200 GET http://10.180.1.21/compute/v2.1/servers/2b85032c-f1e6-47fb-94d7-e5a5186b3fc3 0.618s
2025-11-23 06:01:12.109 66542 INFO tempest.lib.common.rest_client [req-aeb17dc5-661b-4582-8346-5f5debe698e3 req-aeb17dc5-661b-4582-8346-5f5debe698e3 ] Request (ImagesOneServerNegativeTestJSON:_run_cleanups): 200 POST http://10.180.1.21/compute/v2.1/os-keypairs 0.406s
2025-11-23 06:01:12.213 66514 INFO tempest.lib.common.rest_client [req-c3cc4479-8181-41a1-9032-26f35cce96de req-c3cc4479-8181-41a1-9032-26f35cce96de ] Request (VolumesAssistedSnapshotsTest:tearDownClass): 204 DELETE http://10.180.1.21/networking/v2.0/routers/137bf9d2-e9b3-4f9c-835e-c266bdd7d42d 0.552s
2025-11-23 06:01:12.299 66538 INFO tempest.lib.common.rest_client [req-c6d549ff-6905-429a-8e1a-4789dde5691a req-c6d549ff-6905-429a-8e1a-4789dde5691a ] Request (ServersListShow298Test:tearDownClass): 200 GET http://10.180.1.21/compute/v2.1/servers/2a8d8483-a90b-4993-8b30-30536a1c568e 0.701s
2025-11-23 06:01:12.306 66548 INFO tempest.lib.common.rest_client [req-7b84fe68-8b25-4f51-8a2a-aabec495058b req-7b84fe68-8b25-4f51-8a2a-aabec495058b ] Request (ServerAddressesNegativeTestJSON:tearDownClass): 200 GET http://10.180.1.21/compute/v2.1/servers/47b580ec-1dbf-4911-bfe9-f29725d83c6e 0.401s
2025-11-23 06:01:12.322 66542 INFO tempest.lib.common.rest_client [req-f32c1fae-bb66-483d-b3a2-af207ca3b97f req-f32c1fae-bb66-483d-b3a2-af207ca3b97f ] Request (ImagesOneServerNegativeTestJSON:_run_cleanups): 201 POST http://10.180.1.21/networking/v2.0/security-groups 0.212s
2025-11-23 06:01:12.423 66542 INFO tempest.lib.common.rest_client [req-616a845a-3354-4ccf-a290-4ebcea587d3f req-616a845a-3354-4ccf-a290-4ebcea587d3f ] Request (ImagesOneServerNegativeTestJSON:_run_cleanups): 201 POST http://10.180.1.21/networking/v2.0/security-group-rules 0.100s
2025-11-23 06:01:12.438 66514 INFO tempest.lib.common.rest_client [req-0d95c3ab-5f3d-4a28-b058-0b308533ea6d req-0d95c3ab-5f3d-4a28-b058-0b308533ea6d ] Request (VolumesAssistedSnapshotsTest:tearDownClass): 204 DELETE http://10.180.1.21/networking/v2.0/subnets/4197af13-a17d-4f26-8ac6-c9dc72cf9860 0.224s
2025-11-23 06:01:12.450 66520 INFO tempest.lib.common.rest_client [req-4b8de667-2584-42ec-ad0f-4ee681f6dd5a req-4b8de667-2584-42ec-ad0f-4ee681f6dd5a ] Request (AttachInterfacesTestJSON:_run_cleanups): 200 GET http://10.180.1.21/compute/v2.1/servers/e1b66308-90ea-4e05-afe2-f8087e9d4773 0.534s
2025-11-23 06:01:12.531 66542 INFO tempest.lib.common.rest_client [req-9371a387-2fe2-4638-836f-7ffc7bf96fcd req-9371a387-2fe2-4638-836f-7ffc7bf96fcd ] Request (ImagesOneServerNegativeTestJSON:_run_cleanups): 201 POST http://10.180.1.21/networking/v2.0/security-group-rules 0.108s
