2025-11-23 05:59:31.467 66546 INFO tempest.lib.common.rest_client [req-6372d5e1-4cda-4551-99cc-5ccec78f6ab2 req-6372d5e1-4cda-4551-99cc-5ccec78f6ab2 ] Request (ValidationResourcesFixture:setUp): 201 POST http://10.180.1.21/networking/v2.0/security-group-rules 0.108s
2025-11-23 05:59:31.473 66550 INFO tempest.lib.common.rest_client [req-646266a4-5b05-4462-ab59-8ce4e92fe15a req-646266a4-5b05-4462-ab59-8ce4e92fe15a ] Request (ListImageFiltersTestJSON:setUpClass): 200 GET http://10.180.1.21/compute/v2.1/servers/448779d0-a6fc-48a9-a202-49f12e7c4530 1.638s
2025-11-23 05:59:31.482 66550 INFO tempest.common.waiters [-] State transition "BUILD/networking" ==> "BUILD/spawning" after 35 second wait
2025-11-23 05:59:31.760 66566 INFO tempest.lib.common.rest_client [req-1872b65d-1a53-4187-8ce2-a04f08fa83b5 req-1872b65d-1a53-4187-8ce2-a04f08fa83b5 ] Request (AttachVolumeShelveTestJSON:setUpClass): 201 POST http://10.180.1.21/networking/v2.0/networks 0.307s
2025-11-23 05:59:31.836 66518 INFO tempest.lib.common.rest_client [req-5fa25981-6c3c-473b-8f03-227cdb14405d req-5fa25981-6c3c-473b-8f03-227cdb14405d ] Request (ServersAdmin275Test:test_rebuild_update_server_275): 202 POST http://10.180.1.21/compute/v2.1/servers/ebfcc6bf-10d9-4333-9339-e73e32dbdd39/action 4.211s
2025-11-23 05:59:31.974 66546 INFO tempest.lib.common.rest_client [req-1f17ba8a-edb1-47b9-942b-f18e94cb71c6 req-1f17ba8a-edb1-47b9-942b-f18e94cb71c6 ] Request (ValidationResourcesFixture:setUp): 201 POST http://10.180.1.21/networking/v2.0/floatingips 0.506s
2025-11-23 05:59:32.002 66566 INFO tempest.lib.common.rest_client [req-3edf3745-84dd-4905-a202-682cbd6cb562 req-3edf3745-84dd-4905-a202-682cbd6cb562 ] Request (AttachVolumeShelveTestJSON:setUpClass): 201 POST http://10.180.1.21/networking/v2.0/subnets 0.241s
2025-11-23 05:59:32.083 66546 INFO tempest.lib.common.rest_client [req-392c97e6-c343-4287-be09-ace4ff1d8928 req-392c97e6-c343-4287-be09-ace4ff1d8928 ] Request (AttachVolumeTestJSON:test_attach_detach_volume): 201 POST http://10.180.1.21/identity/v3/auth/tokens 0.103s
2025-11-23 05:59:32.084 66546 INFO tempest.lib.common.fixed_network [-] (AttachVolumeTestJSON:test_attach_detach_volume) Found network {'id': 'ec212560-cd0e-456a-868c-3d736dee39f6', 'name': 'tempest-AttachVolumeTestJSON-420511525-network', 'tenant_id': 'fd0e3455171445de956d82c9964d6cb4', 'project_id': 'fd0e3455171445de956d82c9964d6cb4', 'admin_state_up': True, 'mtu': 8950, 'status': 'ACTIVE', 'subnets': [], 'shared': False, 'port_security_enabled': True, 'router:external': False, 'provider:network_type': 'vlan', 'provider:physical_network': 'default', 'provider:segmentation_id': 568, 'availability_zone_hints': [], 'availability_zones': [], 'ipv4_address_scope': None, 'ipv6_address_scope': None, 'description': '', 'tags': [], 'created_at': '2025-11-23T05:59:24Z', 'updated_at': '2025-11-23T05:59:24Z', 'revision_number': 1} available for tenant
2025-11-23 05:59:32.216 66545 INFO tempest.lib.common.rest_client [req-3b77b395-ddea-40d2-b91a-2b6d625b4425 req-3b77b395-ddea-40d2-b91a-2b6d625b4425 ] Request (ServersTestJSON:test_create_server_with_ipv6_addr_only): 200 GET http://10.180.1.21/compute/v2.1/servers/250e94f0-8cea-4f68-abc9-e8f6c6d32369 2.045s
2025-11-23 05:59:32.261 66516 INFO tempest.lib.common.rest_client [req-80193857-616e-4c72-849f-f64ec29796c0 req-80193857-616e-4c72-849f-f64ec29796c0 ] Request (ImagesOneServerTestJSON:test_create_image_specify_multibyte_character_image_name): 200 GET http://10.180.1.21/compute/v2.1/images/a9dc5662-d742-458a-bf4b-55f79557091e 2.045s
2025-11-23 05:59:32.337 66560 INFO tempest.lib.common.rest_client [req-bca30516-d339-4071-ba75-2f6a56b1ed29 req-bca30516-d339-4071-ba75-2f6a56b1ed29 ] Request (ServerExternalEventsTest:tearDownClass): 200 GET http://10.180.1.21/compute/v2.1/servers/a7cc15e8-5ccb-4490-85ec-792c702630b0 1.857s
2025-11-23 05:59:32.352 66508 INFO tempest.lib.common.rest_client [req-1bd90e1f-8403-4c95-bb73-ce14d16b1ef4 req-1bd90e1f-8403-4c95-bb73-ce14d16b1ef4 ] Request (FlavorsV2TestJSON:test_list_flavors_filter_by_min_disk): 200 GET http://10.180.1.21/compute/v2.1/flavors/42 1.684s
2025-11-23 05:59:32.437 66534 INFO tempest.lib.common.rest_client [req-f84114ee-8080-4fe8-8e24-f8b2e6fe4a8e req-f84114ee-8080-4fe8-8e24-f8b2e6fe4a8e ] Request (MultipleCreateTestJSON:tearDownClass): 204 DELETE http://10.180.1.21/compute/v2.1/servers/42bcc8f9-0fbc-4c18-b457-e9024e384867 1.567s
2025-11-23 05:59:32.440 66565 INFO tempest.lib.common.rest_client [req-d05d27fe-db33-4420-9754-fdb1e5e7444f req-d05d27fe-db33-4420-9754-fdb1e5e7444f ] Request (VolumesNegativeTest:test_get_volume_without_passing_volume_id): 404 GET http://10.180.1.21/compute/v2.1/os-volumes/ 1.497s
2025-11-23 05:59:32.538 66514 WARNING tempest.lib.common.ssh [-] Failed to establish authenticated ssh connection to cirros@10.180.180.234 ([Errno None] Unable to connect to port 22 on 10.180.180.234). Number attempts: 9. Retry after 10 seconds.: paramiko.ssh_exception.NoValidConnectionsError: [Errno None] Unable to connect to port 22 on 10.180.180.234
2025-11-23 05:59:32.549 66556 INFO tempest.lib.common.rest_client [req-be981b74-c823-4daa-97c3-754d7fcc2abd req-be981b74-c823-4daa-97c3-754d7fcc2abd ] Request (AttachInterfacesUnderV243Test:test_add_remove_fixed_ip): 202 POST http://10.180.1.21/compute/v2.1/servers 2.426s
2025-11-23 05:59:32.576 66548 INFO tempest.lib.common.rest_client [req-1cfbb9c6-2117-4b68-b620-f20f63fc9464 req-1cfbb9c6-2117-4b68-b620-f20f63fc9464 ] Request (FlavorsAdminTestJSON:test_list_non_public_flavor): 200 GET http://10.180.1.21/compute/v2.1/flavors/detail 1.613s
2025-11-23 05:59:32.593 66522 INFO tempest.lib.common.rest_client [req-63cafc26-57a7-4310-bdc0-3679528917cf req-63cafc26-57a7-4310-bdc0-3679528917cf ] Request (FloatingIPsAssociationTestJSON:tearDownClass): 200 GET http://10.180.1.21/compute/v2.1/servers/fe1e45fd-7402-45b7-a6c8-74785dedf12a 1.637s
2025-11-23 05:59:32.691 66512 INFO tempest.lib.common.rest_client [req-ddc70c47-315a-4ca6-b493-9aec2c34c370 req-ddc70c47-315a-4ca6-b493-9aec2c34c370 ] Request (ServersAdminNegativeTestJSON:tearDownClass): 204 DELETE http://10.180.1.21/compute/v2.1/servers/057e767b-5cf6-48c0-86c0-daf4cad0a153 1.671s
2025-11-23 05:59:32.725 66520 INFO tempest.lib.common.rest_client [req-830e6d6a-2ac9-4d1d-b7ef-56cd5d83c8b6 req-830e6d6a-2ac9-4d1d-b7ef-56cd5d83c8b6 ] Request (AttachInterfacesTestJSON:test_create_list_show_delete_interfaces_by_fixed_ip): 200 GET http://10.180.1.21/compute/v2.1/servers/e1b66308-90ea-4e05-afe2-f8087e9d4773/os-interface 1.561s
2025-11-23 05:59:32.768 66524 INFO tempest.lib.common.rest_client [req-169f3586-19bb-491b-ad76-81b64dae26b8 req-169f3586-19bb-491b-ad76-81b64dae26b8 ] Request (ServersTestMultiNic:test_verify_duplicate_network_nics): 200 GET http://10.180.1.21/compute/v2.1/servers/bc7361f6-d942-4256-87fb-5a4b2ab09418 1.585s
2025-11-23 05:59:32.854 66566 INFO tempest.lib.common.rest_client [req-95eed834-0547-478d-b35d-bacff2bb03d1 req-95eed834-0547-478d-b35d-bacff2bb03d1 ] Request (AttachVolumeShelveTestJSON:setUpClass): 201 POST http://10.180.1.21/networking/v2.0/routers 0.851s
2025-11-23 05:59:32.892 66510 INFO tempest.lib.common.rest_client [req-642b10ab-c80f-4ac2-b1b1-87f90b9d826f req-642b10ab-c80f-4ac2-b1b1-87f90b9d826f ] Request (ServerShowV247Test:test_update_rebuild_list_server): 200 GET http://10.180.1.21/compute/v2.1/servers/12269969-7599-4653-9dc0-b7cf962f03b9 1.477s
2025-11-23 05:59:32.977 66530 WARNING tempest.lib.common.ssh [-] Failed to establish authenticated ssh connection to cirros@10.180.180.160 ([Errno None] Unable to connect to port 22 on 10.180.180.160). Number attempts: 5. Retry after 6 seconds.: paramiko.ssh_exception.NoValidConnectionsError: [Errno None] Unable to connect to port 22 on 10.180.180.160
2025-11-23 05:59:33.002 66562 INFO tempest.lib.common.rest_client [req-1549e44b-85eb-45de-b2a1-4343895b60fe req-1549e44b-85eb-45de-b2a1-4343895b60fe ] Request (SecurityGroupsTestJSON:test_list_security_groups_by_server): 200 POST http://10.180.1.21/compute/v2.1/os-security-groups 1.760s
2025-11-23 05:59:33.370 66520 INFO tempest.lib.common.rest_client [req-cd361ad6-2973-4c05-ba3c-06ece65802a6 req-cd361ad6-2973-4c05-ba3c-06ece65802a6 ] Request (AttachInterfacesTestJSON:test_create_list_show_delete_interfaces_by_fixed_ip): 200 PUT http://10.180.1.21/networking/v2.0/floatingips/0b8761a6-7551-457c-abc7-637dd92a2814 0.641s
2025-11-23 05:59:33.395 66504 INFO tempest.lib.common.rest_client [req-81d75523-a745-4fc5-b343-051458252f5e req-81d75523-a745-4fc5-b343-051458252f5e ] Request (ServerAddressesTestJSON:setUpClass): 200 GET http://10.180.1.21/compute/v2.1/servers/636bbd47-c446-4a5e-8431-a3b2f7604674 1.968s
2025-11-23 05:59:33.475 66532 INFO tempest.lib.common.rest_client [req-2432af07-f9aa-4167-80e2-01335aaadfa5 req-2432af07-f9aa-4167-80e2-01335aaadfa5 ] Request (ServersTestBootFromVolume:setUpClass): 200 GET http://10.180.1.21/compute/v2.1/servers/ffef8fdf-9ac7-45d5-a9bd-a497a5002eca 1.849s
2025-11-23 05:59:33.492 66542 INFO tempest.lib.common.rest_client [req-656b0e47-7792-43d1-8a17-3421c712f89c req-656b0e47-7792-43d1-8a17-3421c712f89c ] Request (ImagesOneServerNegativeTestJSON:setUpClass): 200 GET http://10.180.1.21/compute/v2.1/servers/f3867698-a131-4a61-a36c-e974372173be 1.852s
2025-11-23 05:59:33.793 66538 INFO tempest.lib.common.rest_client [req-ca062ad9-aafa-4fa5-9d84-6fc4a4d64a33 req-ca062ad9-aafa-4fa5-9d84-6fc4a4d64a33 ] Request (ServersListShow298Test:test_list_show_update_rebuild_server_298): 200 GET http://10.180.1.21/compute/v2.1/servers/2a8d8483-a90b-4993-8b30-30536a1c568e 2.003s
2025-11-23 05:59:33.808 66526 INFO tempest.lib.common.rest_client [req-e5ec98d1-420f-4c44-a576-364eff9494d4 req-e5ec98d1-420f-4c44-a576-364eff9494d4 ] Request (DeleteServersAdminTestJSON:test_admin_delete_servers_of_others): 200 GET http://10.180.1.21/compute/v2.1/servers/d2cb7a72-1a45-4b17-9679-01939348afd5 2.017s
2025-11-23 05:59:33.812 66538 INFO tempest.common.waiters [-] State transition "BUILD/scheduling" ==> "BUILD/None" after 3 second wait
2025-11-23 05:59:33.923 66518 INFO tempest.lib.common.rest_client [req-e1703fbc-896a-47fb-9638-0a3ffe8b39b2 req-e1703fbc-896a-47fb-9638-0a3ffe8b39b2 ] Request (ServersAdmin275Test:_run_cleanups): 200 GET http://10.180.1.21/compute/v2.1/servers/ebfcc6bf-10d9-4333-9339-e73e32dbdd39 2.075s
2025-11-23 05:59:33.930 66559 INFO tempest.lib.common.rest_client [req-383b83e3-34fa-4023-a547-1b76670abb98 req-383b83e3-34fa-4023-a547-1b76670abb98 ] Request (InstanceActionsTestJSON:tearDownClass): 200 GET http://10.180.1.21/compute/v2.1/servers/3e52ced3-9d26-4856-b2f9-acbc1b9f128c 1.983s
2025-11-23 05:59:33.939 66559 INFO tempest.common.waiters [-] State transition "ACTIVE/deleting" ==> "DELETED/None" after 3 second wait
2025-11-23 05:59:34.004 66506 INFO tempest.lib.common.rest_client [req-6f341906-19b8-4ce8-8d3b-12c483b0ac81 req-6f341906-19b8-4ce8-8d3b-12c483b0ac81 ] Request (DeleteServersTestJSON:test_delete_server_while_in_attached_volume): 200 GET http://10.180.1.21/compute/v2.1/servers/ed2886ee-bdd2-4ad1-a8ea-a7d8f4042933 1.779s
2025-11-23 05:59:34.005 66566 INFO tempest.lib.common.rest_client [req-0b37e7b0-b221-4aa3-8417-6bc6d42c7854 req-0b37e7b0-b221-4aa3-8417-6bc6d42c7854 ] Request (AttachVolumeShelveTestJSON:setUpClass): 200 PUT http://10.180.1.21/networking/v2.0/routers/0806435d-193f-4103-8fc3-58c3cf0dc8a6/add_router_interface 1.150s
2025-11-23 05:59:34.005 66566 INFO tempest.lib.common.dynamic_creds [-] Created isolated network resources for: credentials: Credentials: {'domain_id': 'default', 'domain_name': 'Default', 'username': 'tempest-AttachVolumeShelveTestJSON-109565351-project-member', 'project_domain_id': 'default', 'project_domain_name': 'Default', 'project_id': '644002875045404f8df02cf963c19ae0', 'project_name': 'tempest-AttachVolumeShelveTestJSON-109565351', 'tenant_id': '644002875045404f8df02cf963c19ae0', 'tenant_name': 'tempest-AttachVolumeShelveTestJSON-109565351', 'user_domain_id': 'default', 'user_domain_name': 'Default', 'user_id': '8bf39d7b1e9b4c159df6135f0c97910b', 'system': None}, Network: {'id': 'e5be90fb-7766-4fa7-847b-aab377403457', 'name': 'tempest-AttachVolumeShelveTestJSON-1797843003-network', 'tenant_id': '644002875045404f8df02cf963c19ae0', 'project_id': '644002875045404f8df02cf963c19ae0', 'admin_state_up': True, 'mtu': 8950, 'status': 'ACTIVE', 'subnets': [], 'shared': False, 'port_security_enabled': True, 'router:external': False, 'provider:network_type': 'vlan', 'provider:physical_network': 'default', 'provider:segmentation_id': 4, 'availability_zone_hints': [], 'availability_zones': [], 'ipv4_address_scope': None, 'ipv6_address_scope': None, 'description': '', 'tags': [], 'created_at': '2025-11-23T05:59:31Z', 'updated_at': '2025-11-23T05:59:31Z', 'revision_number': 1}, Subnet: {'id': 'edd7fbab-4563-4650-9987-f5ad11e52922', 'name': 'tempest-AttachVolumeShelveTestJSON-1797843003-subnet', 'tenant_id': '644002875045404f8df02cf963c19ae0', 'network_id': 'e5be90fb-7766-4fa7-847b-aab377403457', 'ip_version': 4, 'subnetpool_id': None, 'enable_dhcp': True, 'ipv6_ra_mode': None, 'ipv6_address_mode': None, 'gateway_ip': '192.168.128.1', 'cidr': '192.168.128.0/28', 'allocation_pools': [{'start': '192.168.128.2', 'end': '192.168.128.14'}], 'host_routes': [], 'dns_nameservers': [], 'description': '', 'router:external': False, 'service_types': [], 'tags': [], 'created_at': '2025-11-23T05:59:31Z', 'updated_at': '2025-11-23T05:59:31Z', 'revision_number': 0, 'project_id': '644002875045404f8df02cf963c19ae0'}, Router: {'id': '0806435d-193f-4103-8fc3-58c3cf0dc8a6', 'name': 'tempest-AttachVolumeShelveTestJSON-1797843003-router', 'tenant_id': '644002875045404f8df02cf963c19ae0', 'admin_state_up': True, 'status': 'ACTIVE', 'external_gateway_info': {'network_id': 'e370e1e2-6702-44a7-8340-e76e3c1bf1b3', 'external_fixed_ips': [{'subnet_id': '79bf6829-2a1b-489d-903f-be36cdebf499', 'ip_address': '10.180.180.203'}], 'enable_snat': True}, 'description': '', 'availability_zones': [], 'distributed': False, 'ha': False, 'availability_zone_hints': [], 'routes': [], 'flavor_id': None, 'tags': [], 'created_at': '2025-11-23T05:59:32Z', 'updated_at': '2025-11-23T05:59:32Z', 'revision_number': 2, 'project_id': '644002875045404f8df02cf963c19ae0'}
2025-11-23 05:59:34.038 66540 WARNING tempest.lib.common.ssh [-] Failed to establish authenticated ssh connection to cirros@10.180.180.236 ([Errno None] Unable to connect to port 22 on 10.180.180.236). Number attempts: 7. Retry after 8 seconds.: paramiko.ssh_exception.NoValidConnectionsError: [Errno None] Unable to connect to port 22 on 10.180.180.236
2025-11-23 05:59:34.095 66545 INFO tempest.lib.common.rest_client [req-bd8e4ccb-4bc3-4e5b-8f0a-fbff3086ac9e req-bd8e4ccb-4bc3-4e5b-8f0a-fbff3086ac9e ] Request (ServersTestJSON:_run_cleanups): 204 DELETE http://10.180.1.21/compute/v2.1/servers/250e94f0-8cea-4f68-abc9-e8f6c6d32369 1.863s
2025-11-23 05:59:34.123 66566 INFO tempest.lib.common.rest_client [req-9888eaaf-4843-44ac-8e48-5f9e2e8816b3 req-9888eaaf-4843-44ac-8e48-5f9e2e8816b3 ] Request (AttachVolumeShelveTestJSON:setUpClass): 201 POST http://10.180.1.21/identity/v3/auth/tokens 0.114s
2025-11-23 05:59:34.253 66516 INFO tempest.lib.common.rest_client [req-e62c4657-31ef-41a1-b446-78d798f7929c req-e62c4657-31ef-41a1-b446-78d798f7929c ] Request (ImagesOneServerTestJSON:test_create_image_specify_multibyte_character_image_name): 200 GET http://10.180.1.21/compute/v2.1/servers/4a439b3d-f672-4d62-b02e-116db7391aaa 1.989s
2025-11-23 05:59:34.307 66536 INFO tempest.lib.common.rest_client [req-b51d617d-b984-49a6-96d0-f549d0d0c475 req-b51d617d-b984-49a6-96d0-f549d0d0c475 ] Request (ServersAdminTestJSON:test_create_server_with_scheduling_hint): 200 GET http://10.180.1.21/compute/v2.1/servers/453efbb2-259c-44c7-8a0f-60ca0730df02 1.962s
2025-11-23 05:59:34.325 66508 INFO tempest.lib.common.rest_client [req-e47c6be0-876c-408b-a30d-124db3aa75f3 req-e47c6be0-876c-408b-a30d-124db3aa75f3 ] Request (FlavorsV2TestJSON:test_list_flavors_filter_by_min_disk): 200 GET http://10.180.1.21/compute/v2.1/flavors?minDisk=2 1.970s
2025-11-23 05:59:34.396 66546 INFO tempest.lib.common.rest_client [req-4d7e9be0-d7f5-4b8e-9dd6-f063a7ee32dc req-4d7e9be0-d7f5-4b8e-9dd6-f063a7ee32dc ] Request (AttachVolumeTestJSON:test_attach_detach_volume): 202 POST http://10.180.1.21/compute/v2.1/servers 2.311s
2025-11-23 05:59:34.406 66534 INFO tempest.lib.common.rest_client [req-bce4bdb7-00a6-4a5b-a1c6-be812fa5f6c5 req-bce4bdb7-00a6-4a5b-a1c6-be812fa5f6c5 ] Request (MultipleCreateTestJSON:tearDownClass): 200 GET http://10.180.1.21/compute/v2.1/servers/7941dfab-4a0c-4990-b236-8bddc711102b 1.968s
2025-11-23 05:59:34.426 66565 INFO tempest.lib.common.rest_client [req-cbf436da-1ba0-4ed4-87e6-ca040e5629f1 req-cbf436da-1ba0-4ed4-87e6-ca040e5629f1 ] Request (VolumesNegativeTest:test_volume_delete_nonexistent_volume_id): 404 DELETE http://10.180.1.21/compute/v2.1/os-volumes/fc4729f2-d80e-46f5-b867-0d96827329bd 1.984s
2025-11-23 05:59:34.492 66556 INFO tempest.lib.common.rest_client [req-8393e77c-aa3c-4d62-8f7d-c2cb23bc04fc req-8393e77c-aa3c-4d62-8f7d-c2cb23bc04fc ] Request (AttachInterfacesUnderV243Test:test_add_remove_fixed_ip): 200 GET http://10.180.1.21/compute/v2.1/servers/2c3c8031-e2e3-482a-87f0-56789461f744 1.940s
2025-11-23 05:59:34.520 66548 INFO tempest.lib.common.rest_client [req-7f212645-3a72-4a15-b0ae-134509023bd7 req-7f212645-3a72-4a15-b0ae-134509023bd7 ] Request (FlavorsAdminTestJSON:test_list_non_public_flavor): 200 GET http://10.180.1.21/compute/v2.1/flavors/detail 1.935s
2025-11-23 05:59:34.604 66550 INFO tempest.lib.common.rest_client [req-d24d4be3-79aa-4cab-9c5e-6952b3aaa734 req-d24d4be3-79aa-4cab-9c5e-6952b3aaa734 ] Request (ListImageFiltersTestJSON:setUpClass): 200 GET http://10.180.1.21/compute/v2.1/servers/448779d0-a6fc-48a9-a202-49f12e7c4530 2.121s
2025-11-23 05:59:34.634 66512 INFO tempest.lib.common.rest_client [req-18f9afec-74d8-4140-a626-7cf1c3210b61 req-18f9afec-74d8-4140-a626-7cf1c3210b61 ] Request (ServersAdminNegativeTestJSON:tearDownClass): 200 GET http://10.180.1.21/compute/v2.1/servers/057e767b-5cf6-48c0-86c0-daf4cad0a153 1.943s
2025-11-23 05:59:34.722 66560 INFO tempest.lib.common.rest_client [req-dd7649b4-cc75-47ff-8d85-038b26aa8c4f req-dd7649b4-cc75-47ff-8d85-038b26aa8c4f ] Request (ServerExternalEventsTest:tearDownClass): 200 GET http://10.180.1.21/compute/v2.1/servers/a7cc15e8-5ccb-4490-85ec-792c702630b0 1.377s
2025-11-23 05:59:34.754 66562 INFO tempest.lib.common.rest_client [req-f21cd356-325a-4c0e-886c-57f42792bf4c req-f21cd356-325a-4c0e-886c-57f42792bf4c ] Request (SecurityGroupsTestJSON:test_list_security_groups_by_server): 200 POST http://10.180.1.21/compute/v2.1/os-security-groups 1.749s
2025-11-23 05:59:34.818 66562 INFO tempest.lib.common.rest_client [req-60677246-ff1a-4912-80a6-f343ebdaad6a req-60677246-ff1a-4912-80a6-f343ebdaad6a ] Request (SecurityGroupsTestJSON:test_list_security_groups_by_server): 201 POST http://10.180.1.21/identity/v3/auth/tokens 0.055s
2025-11-23 05:59:34.819 66562 INFO tempest.lib.common.fixed_network [-] (SecurityGroupsTestJSON:test_list_security_groups_by_server) Found network {'id': 'ab87805d-2dc3-4bb0-a479-71b435ffa0bb', 'name': 'tempest-SecurityGroupsTestJSON-1574226181-network', 'tenant_id': 'c0e31ebe4b914a3c969de407c9e4930c', 'project_id': 'c0e31ebe4b914a3c969de407c9e4930c', 'admin_state_up': True, 'mtu': 8950, 'status': 'ACTIVE', 'subnets': [], 'shared': False, 'port_security_enabled': True, 'router:external': False, 'provider:network_type': 'vlan', 'provider:physical_network': 'default', 'provider:segmentation_id': 609, 'availability_zone_hints': [], 'availability_zones': [], 'ipv4_address_scope': None, 'ipv6_address_scope': None, 'description': '', 'tags': [], 'created_at': '2025-11-23T05:59:27Z', 'updated_at': '2025-11-23T05:59:27Z', 'revision_number': 1} available for tenant
2025-11-23 05:59:34.876 66520 INFO tempest.lib.common.rest_client [req-101c6652-0eb3-4131-80c1-b83e0d72c6ff req-101c6652-0eb3-4131-80c1-b83e0d72c6ff ] Request (AttachInterfacesTestJSON:test_create_list_show_delete_interfaces_by_fixed_ip): 200 GET http://10.180.1.21/compute/v2.1/servers/e1b66308-90ea-4e05-afe2-f8087e9d4773 1.505s
2025-11-23 05:59:34.882 66522 INFO tempest.lib.common.rest_client [req-5bbaf7f5-84fe-4058-94b1-4455c82cb158 req-5bbaf7f5-84fe-4058-94b1-4455c82cb158 ] Request (FloatingIPsAssociationTestJSON:tearDownClass): 200 GET http://10.180.1.21/compute/v2.1/servers/fe1e45fd-7402-45b7-a6c8-74785dedf12a 1.281s
2025-11-23 05:59:34.885 66520 INFO tempest.lib.common.ssh [-] Creating ssh connection to '10.180.180.150:22' as 'cirros' with public key authentication
2025-11-23 05:59:34.937 66510 INFO tempest.lib.common.rest_client [req-b110544f-2728-49a5-b9f9-806319441202 req-b110544f-2728-49a5-b9f9-806319441202 ] Request (ServerShowV247Test:test_update_rebuild_list_server): 200 GET http://10.180.1.21/compute/v2.1/servers/12269969-7599-4653-9dc0-b7cf962f03b9 1.032s
2025-11-23 05:59:34.942 66524 INFO tempest.lib.common.rest_client [req-a22599cd-5832-471c-8763-bd07266b1e4f req-a22599cd-5832-471c-8763-bd07266b1e4f ] Request (ServersTestMultiNic:test_verify_duplicate_network_nics): 200 GET http://10.180.1.21/compute/v2.1/servers/bc7361f6-d942-4256-87fb-5a4b2ab09418 1.161s
2025-11-23 05:59:35.021 66566 INFO tempest.lib.common.rest_client [req-622962a0-3c70-4a8d-ac4e-193d143166b4 req-622962a0-3c70-4a8d-ac4e-193d143166b4 ] Request (ValidationResourcesFixture:setUp): 201 POST http://10.180.1.21/compute/v2.1/os-keypairs 0.895s
2025-11-23 05:59:35.190 66566 INFO tempest.lib.common.rest_client [req-e7727933-b914-451c-a212-021a42469a6c req-e7727933-b914-451c-a212-021a42469a6c ] Request (ValidationResourcesFixture:setUp): 201 POST http://10.180.1.21/networking/v2.0/security-groups 0.167s
2025-11-23 05:59:35.234 66545 INFO tempest.lib.common.rest_client [req-4343d71a-28ff-4b07-a9c8-e3c8cd7bff1e req-4343d71a-28ff-4b07-a9c8-e3c8cd7bff1e ] Request (ServersTestJSON:_run_cleanups): 200 GET http://10.180.1.21/compute/v2.1/servers/250e94f0-8cea-4f68-abc9-e8f6c6d32369 1.138s
2025-11-23 05:59:35.243 66516 INFO tempest.lib.common.rest_client [req-f7bd620b-08c7-4e25-8c7d-5a26b803a4e7 req-f7bd620b-08c7-4e25-8c7d-5a26b803a4e7 ] Request (ImagesOneServerTestJSON:tearDownClass): 204 DELETE http://10.180.1.21/compute/v2.1/images/a9dc5662-d742-458a-bf4b-55f79557091e 0.980s
2025-11-23 05:59:35.250 66508 INFO tempest.lib.common.rest_client [req-1ae0eb51-e922-46d1-8e6a-7abd016a9289 req-1ae0eb51-e922-46d1-8e6a-7abd016a9289 ] Request (FlavorsV2TestJSON:test_list_flavors_filter_by_min_ram): 200 GET http://10.180.1.21/compute/v2.1/flavors/42 0.921s
2025-11-23 05:59:35.384 66566 INFO tempest.lib.common.rest_client [req-498887d3-33b7-4c6d-a241-949901cb7adf req-498887d3-33b7-4c6d-a241-949901cb7adf ] Request (ValidationResourcesFixture:setUp): 201 POST http://10.180.1.21/networking/v2.0/security-group-rules 0.193s
2025-11-23 05:59:35.421 66546 INFO tempest.lib.common.rest_client [req-3c5faab1-ca42-402f-b830-0749441e892f req-3c5faab1-ca42-402f-b830-0749441e892f ] Request (AttachVolumeTestJSON:test_attach_detach_volume): 200 GET http://10.180.1.21/compute/v2.1/servers/0c2694f7-00b5-495b-bc4c-8df4f4dec357 1.024s
2025-11-23 05:59:35.423 66504 INFO tempest.lib.common.rest_client [req-33d386e3-0e90-44e9-9e46-26e3a7381ae5 req-33d386e3-0e90-44e9-9e46-26e3a7381ae5 ] Request (ServerAddressesTestJSON:setUpClass): 200 GET http://10.180.1.21/compute/v2.1/servers/636bbd47-c446-4a5e-8431-a3b2f7604674 1.015s
2025-11-23 05:59:35.452 66565 INFO tempest.lib.common.rest_client [req-6e806e7b-6e27-4570-b10e-eeb060d4ec91 req-6e806e7b-6e27-4570-b10e-eeb060d4ec91 ] Request (VolumesNegativeTest:test_volume_get_nonexistent_volume_id): 404 GET http://10.180.1.21/compute/v2.1/os-volumes/1435929b-aa1f-4de4-8d90-7fd92376de6f 1.025s
2025-11-23 05:59:35.576 66565 INFO tempest.lib.common.rest_client [req-1441ad7b-87cc-4625-b108-cbe1d2b879ed req-1441ad7b-87cc-4625-b108-cbe1d2b879ed ] Request (VolumesNegativeTest:tearDownClass): 204 DELETE http://10.180.1.21/identity/v3/users/f3db7b0537674563b04086d72bbbd194 0.118s
2025-11-23 05:59:35.577 66565 INFO tempest.lib.common.dynamic_creds [-] Deleting project and security group for project: 2e2162f933394b2bb5f220cfe56cbf7f
2025-11-23 05:59:35.603 66566 INFO tempest.lib.common.rest_client [req-23275d3e-3b60-4620-81eb-d7e1b34bdb2d req-23275d3e-3b60-4620-81eb-d7e1b34bdb2d ] Request (ValidationResourcesFixture:setUp): 201 POST http://10.180.1.21/networking/v2.0/security-group-rules 0.219s
2025-11-23 05:59:35.632 66532 INFO tempest.lib.common.rest_client [req-7dce4f99-d272-44b8-b9db-dd7628ddadde req-7dce4f99-d272-44b8-b9db-dd7628ddadde ] Request (ServersTestBootFromVolume:setUpClass): 200 GET http://10.180.1.21/compute/v2.1/servers/ffef8fdf-9ac7-45d5-a9bd-a497a5002eca 1.147s
2025-11-23 05:59:35.646 66542 INFO tempest.lib.common.rest_client [req-f0f7aea1-2e5b-4375-9159-3d8d962cf4a7 req-f0f7aea1-2e5b-4375-9159-3d8d962cf4a7 ] Request (ImagesOneServerNegativeTestJSON:setUpClass): 200 GET http://10.180.1.21/compute/v2.1/servers/f3867698-a131-4a61-a36c-e974372173be 1.141s
2025-11-23 05:59:35.664 66548 INFO tempest.lib.common.rest_client [req-511e7fe3-c745-490a-9a54-a66a57a1d17d req-511e7fe3-c745-490a-9a54-a66a57a1d17d ] Request (FlavorsAdminTestJSON:_run_cleanups): 202 DELETE http://10.180.1.21/compute/v2.1/flavors/959779432 1.137s
2025-11-23 05:59:35.680 66565 INFO tempest.lib.common.rest_client [req-56d41787-1f74-4ef4-8508-1875f937db63 req-56d41787-1f74-4ef4-8508-1875f937db63 ] Request (VolumesNegativeTest:tearDownClass): 201 POST http://10.180.1.21/identity/v3/auth/tokens 0.103s
2025-11-23 05:59:35.964 66565 INFO tempest.lib.common.rest_client [req-65fb121f-fc4c-4ff2-880c-836a998a2ba0 req-65fb121f-fc4c-4ff2-880c-836a998a2ba0 ] Request (VolumesNegativeTest:tearDownClass): 200 GET http://10.180.1.21/networking/v2.0/security-groups?tenant_id=2e2162f933394b2bb5f220cfe56cbf7f&name=default 0.284s
2025-11-23 05:59:35.988 66526 INFO tempest.lib.common.rest_client [req-5126b713-ce8e-4e7d-8189-a6bdebbc6d23 req-5126b713-ce8e-4e7d-8189-a6bdebbc6d23 ] Request (DeleteServersAdminTestJSON:test_admin_delete_servers_of_others): 200 GET http://10.180.1.21/compute/v2.1/servers/d2cb7a72-1a45-4b17-9679-01939348afd5 1.169s
2025-11-23 05:59:36.012 66538 INFO tempest.lib.common.rest_client [req-4b41bfd6-a752-424e-8159-14a24767e3ab req-4b41bfd6-a752-424e-8159-14a24767e3ab ] Request (ServersListShow298Test:test_list_show_update_rebuild_server_298): 200 GET http://10.180.1.21/compute/v2.1/servers/2a8d8483-a90b-4993-8b30-30536a1c568e 1.198s
2025-11-23 05:59:36.137 66566 INFO tempest.lib.common.rest_client [req-6fc63e11-c2a2-4e44-bc71-5f547abb5094 req-6fc63e11-c2a2-4e44-bc71-5f547abb5094 ] Request (ValidationResourcesFixture:setUp): 201 POST http://10.180.1.21/networking/v2.0/floatingips 0.532s
2025-11-23 05:59:36.166 66565 INFO tempest.lib.common.rest_client [req-006ee442-7f08-44fd-9b72-dd739ec59632 req-006ee442-7f08-44fd-9b72-dd739ec59632 ] Request (VolumesNegativeTest:tearDownClass): 204 DELETE http://10.180.1.21/networking/v2.0/security-groups/acfb9106-ef60-4565-92db-fe53f49ab5c4 0.201s
2025-11-23 05:59:36.202 66518 INFO tempest.lib.common.rest_client [req-2fbbe892-924c-497f-b3eb-7b24312406c4 req-2fbbe892-924c-497f-b3eb-7b24312406c4 ] Request (ServersAdmin275Test:_run_cleanups): 200 GET http://10.180.1.21/compute/v2.1/servers/ebfcc6bf-10d9-4333-9339-e73e32dbdd39 1.266s
2025-11-23 05:59:36.215 66518 INFO tempest.common.waiters [-] State transition "REBUILD/rebuilding" ==> "REBUILD/rebuild_spawning" after 3 second wait
2025-11-23 05:59:36.235 66566 INFO tempest.lib.common.rest_client [req-6d4d0de4-84da-4346-9905-55abc83b75b0 req-6d4d0de4-84da-4346-9905-55abc83b75b0 ] Request (AttachVolumeShelveTestJSON:test_attach_volume_shelved_or_offload_server): 201 POST http://10.180.1.21/identity/v3/auth/tokens 0.092s
2025-11-23 05:59:36.237 66566 INFO tempest.lib.common.fixed_network [-] (AttachVolumeShelveTestJSON:test_attach_volume_shelved_or_offload_server) Found network {'id': 'e5be90fb-7766-4fa7-847b-aab377403457', 'name': 'tempest-AttachVolumeShelveTestJSON-1797843003-network', 'tenant_id': '644002875045404f8df02cf963c19ae0', 'project_id': '644002875045404f8df02cf963c19ae0', 'admin_state_up': True, 'mtu': 8950, 'status': 'ACTIVE', 'subnets': [], 'shared': False, 'port_security_enabled': True, 'router:external': False, 'provider:network_type': 'vlan', 'provider:physical_network': 'default', 'provider:segmentation_id': 4, 'availability_zone_hints': [], 'availability_zones': [], 'ipv4_address_scope': None, 'ipv6_address_scope': None, 'description': '', 'tags': [], 'created_at': '2025-11-23T05:59:31Z', 'updated_at': '2025-11-23T05:59:31Z', 'revision_number': 1} available for tenant
2025-11-23 05:59:36.271 66565 INFO tempest.lib.common.rest_client [req-9f583cd5-556c-4d1d-8d3d-de84216f05e5 req-9f583cd5-556c-4d1d-8d3d-de84216f05e5 ] Request (VolumesNegativeTest:tearDownClass): 204 DELETE http://10.180.1.21/identity/v3/projects/2e2162f933394b2bb5f220cfe56cbf7f 0.104s
2025-11-23 05:59:36.341 66559 INFO tempest.lib.common.rest_client [req-76b1cc43-d98a-4231-9e3f-fee184f0a4d1 req-76b1cc43-d98a-4231-9e3f-fee184f0a4d1 ] Request (InstanceActionsTestJSON:tearDownClass): 200 GET http://10.180.1.21/compute/v2.1/servers/3e52ced3-9d26-4856-b2f9-acbc1b9f128c 1.400s
2025-11-23 05:59:36.445 66506 INFO tempest.lib.common.rest_client [req-7f9377b0-4435-40d7-b2be-1d0006f99c73 req-7f9377b0-4435-40d7-b2be-1d0006f99c73 ] Request (DeleteServersTestJSON:test_delete_server_while_in_attached_volume): 200 GET http://10.180.1.21/compute/v2.1/servers/ed2886ee-bdd2-4ad1-a8ea-a7d8f4042933 1.429s
2025-11-23 05:59:36.477 66516 INFO tempest.lib.common.rest_client [req-1c2b82a6-bf71-4a80-be35-87f232b9d548 req-1c2b82a6-bf71-4a80-be35-87f232b9d548 ] Request (ImagesOneServerTestJSON:tearDownClass): 404 DELETE http://10.180.1.21/compute/v2.1/images/9d3f6a07-1551-4aeb-a53b-2a4217c55bea 1.233s
2025-11-23 05:59:36.498 66508 INFO tempest.lib.common.rest_client [req-c2262a56-4844-4ca8-bb19-57b1324971a2 req-c2262a56-4844-4ca8-bb19-57b1324971a2 ] Request (FlavorsV2TestJSON:test_list_flavors_filter_by_min_ram): 200 GET http://10.180.1.21/compute/v2.1/flavors?minRam=193 1.246s
2025-11-23 05:59:36.528 66562 INFO tempest.lib.common.rest_client [req-6a3d5199-0440-4f82-84cc-114f016dd90f req-6a3d5199-0440-4f82-84cc-114f016dd90f ] Request (SecurityGroupsTestJSON:test_list_security_groups_by_server): 202 POST http://10.180.1.21/compute/v2.1/servers 1.709s
2025-11-23 05:59:36.566 66536 INFO tempest.lib.common.rest_client [req-a1caae63-3608-462f-9b6b-6ef0d3002e5f req-a1caae63-3608-462f-9b6b-6ef0d3002e5f ] Request (ServersAdminTestJSON:test_create_server_with_scheduling_hint): 200 GET http://10.180.1.21/compute/v2.1/servers/453efbb2-259c-44c7-8a0f-60ca0730df02 1.250s
2025-11-23 05:59:36.612 66534 INFO tempest.lib.common.rest_client [req-4758d13f-8664-4662-bddd-546507f40d70 req-4758d13f-8664-4662-bddd-546507f40d70 ] Request (MultipleCreateTestJSON:tearDownClass): 200 GET http://10.180.1.21/compute/v2.1/servers/7941dfab-4a0c-4990-b236-8bddc711102b 1.196s
2025-11-23 05:59:36.625 66534 INFO tempest.common.waiters [-] State transition "ACTIVE/deleting" ==> "DELETED/None" after 2 second wait
2025-11-23 05:59:36.643 66556 INFO tempest.lib.common.rest_client [req-d0655e9b-f306-4c3e-bd02-ad3df2f8ee58 req-d0655e9b-f306-4c3e-bd02-ad3df2f8ee58 ] Request (AttachInterfacesUnderV243Test:test_add_remove_fixed_ip): 200 GET http://10.180.1.21/compute/v2.1/servers/2c3c8031-e2e3-482a-87f0-56789461f744 1.140s
2025-11-23 05:59:36.722 66512 INFO tempest.lib.common.rest_client [req-4bc1cf15-c969-4a9e-b124-3b0448b805c0 req-4bc1cf15-c969-4a9e-b124-3b0448b805c0 ] Request (ServersAdminNegativeTestJSON:tearDownClass): 200 GET http://10.180.1.21/compute/v2.1/servers/057e767b-5cf6-48c0-86c0-daf4cad0a153 1.080s
2025-11-23 05:59:36.734 66512 INFO tempest.common.waiters [-] State transition "SUSPENDED/deleting" ==> "DELETED/None" after 2 second wait
2025-11-23 05:59:36.754 66548 INFO tempest.lib.common.rest_client [req-fe5e39f6-70f1-4a15-ad8f-1c28e32c50a7 req-fe5e39f6-70f1-4a15-ad8f-1c28e32c50a7 ] Request (FlavorsAdminTestJSON:_run_cleanups): 200 GET http://10.180.1.21/compute/v2.1/flavors/detail 1.090s
2025-11-23 05:59:36.772 66550 INFO tempest.lib.common.rest_client [req-b3a9faac-bb57-4209-bf42-d3ca4c409484 req-b3a9faac-bb57-4209-bf42-d3ca4c409484 ] Request (ListImageFiltersTestJSON:setUpClass): 200 GET http://10.180.1.21/compute/v2.1/servers/448779d0-a6fc-48a9-a202-49f12e7c4530 1.160s
2025-11-23 05:59:36.850 66522 INFO tempest.lib.common.rest_client [req-87c43146-220a-481a-83df-c170e082ee75 req-87c43146-220a-481a-83df-c170e082ee75 ] Request (FloatingIPsAssociationTestJSON:tearDownClass): 200 GET http://10.180.1.21/compute/v2.1/servers/fe1e45fd-7402-45b7-a6c8-74785dedf12a 0.954s
2025-11-23 05:59:36.851 66560 INFO tempest.lib.common.rest_client [req-13207688-8e63-4f9f-b43a-73fe5e510602 req-13207688-8e63-4f9f-b43a-73fe5e510602 ] Request (ServerExternalEventsTest:tearDownClass): 200 GET http://10.180.1.21/compute/v2.1/servers/a7cc15e8-5ccb-4490-85ec-792c702630b0 1.118s
2025-11-23 05:59:36.911 66510 INFO tempest.lib.common.rest_client [req-83c16f64-c512-4cf5-9f5e-2bb0b6c75ec2 req-83c16f64-c512-4cf5-9f5e-2bb0b6c75ec2 ] Request (ServerShowV247Test:test_update_rebuild_list_server): 200 GET http://10.180.1.21/compute/v2.1/servers/12269969-7599-4653-9dc0-b7cf962f03b9 0.965s
2025-11-23 05:59:36.917 66524 INFO tempest.lib.common.rest_client [req-d79a7bd4-a24e-4e62-8a60-7adf25110276 req-d79a7bd4-a24e-4e62-8a60-7adf25110276 ] Request (ServersTestMultiNic:test_verify_duplicate_network_nics): 200 GET http://10.180.1.21/compute/v2.1/servers/bc7361f6-d942-4256-87fb-5a4b2ab09418 0.965s
2025-11-23 05:59:36.976 66545 INFO tempest.lib.common.rest_client [req-d3009a7e-969d-4b32-9355-ceefc044e57d req-d3009a7e-969d-4b32-9355-ceefc044e57d ] Request (ServersTestJSON:_run_cleanups): 200 GET http://10.180.1.21/compute/v2.1/servers/250e94f0-8cea-4f68-abc9-e8f6c6d32369 0.726s
2025-11-23 05:59:37.023 66546 INFO tempest.lib.common.rest_client [req-38b07307-51ed-4bc2-826d-9e8f820a9f32 req-38b07307-51ed-4bc2-826d-9e8f820a9f32 ] Request (AttachVolumeTestJSON:test_attach_detach_volume): 200 GET http://10.180.1.21/compute/v2.1/servers/0c2694f7-00b5-495b-bc4c-8df4f4dec357 0.592s
2025-11-23 05:59:37.084 66504 INFO tempest.lib.common.rest_client [req-50e18299-cdce-459e-9c3a-83b4e0e18c54 req-50e18299-cdce-459e-9c3a-83b4e0e18c54 ] Request (ServerAddressesTestJSON:setUpClass): 200 GET http://10.180.1.21/compute/v2.1/servers/636bbd47-c446-4a5e-8431-a3b2f7604674 0.648s
2025-11-23 05:59:37.164 66516 INFO tempest.lib.common.rest_client [req-4eef1584-ed63-4db4-8f00-d15740dc306c req-4eef1584-ed63-4db4-8f00-d15740dc306c ] Request (ImagesOneServerTestJSON:tearDownClass): 204 DELETE http://10.180.1.21/compute/v2.1/servers/4a439b3d-f672-4d62-b02e-116db7391aaa 0.686s
2025-11-23 05:59:37.176 66508 INFO tempest.lib.common.rest_client [req-447f50a4-a97e-4d0e-8d82-9a1ecf07be20 req-447f50a4-a97e-4d0e-8d82-9a1ecf07be20 ] Request (FlavorsV2TestJSON:test_list_flavors_limit_results): 200 GET http://10.180.1.21/compute/v2.1/flavors?limit=1 0.674s
2025-11-23 05:59:37.222 66562 INFO tempest.lib.common.rest_client [req-cd119fa7-bd06-4516-ba52-c08dfa61ac8f req-cd119fa7-bd06-4516-ba52-c08dfa61ac8f ] Request (SecurityGroupsTestJSON:test_list_security_groups_by_server): 200 GET http://10.180.1.21/compute/v2.1/servers/6ea678b3-ac34-4277-b8d7-d6dc781b9b32 0.692s
2025-11-23 05:59:37.259 66566 INFO tempest.lib.common.rest_client [req-0789e4b3-5597-4d29-9cc0-bb550ff580d4 req-0789e4b3-5597-4d29-9cc0-bb550ff580d4 ] Request (AttachVolumeShelveTestJSON:test_attach_volume_shelved_or_offload_server): 202 POST http://10.180.1.21/compute/v2.1/servers 1.020s
2025-11-23 05:59:37.269 66532 INFO tempest.lib.common.rest_client [req-e9ebbc33-6893-4e26-8e54-12902217fc0b req-e9ebbc33-6893-4e26-8e54-12902217fc0b ] Request (ServersTestBootFromVolume:setUpClass): 200 GET http://10.180.1.21/compute/v2.1/servers/ffef8fdf-9ac7-45d5-a9bd-a497a5002eca 0.626s
2025-11-23 05:59:37.303 66548 INFO tempest.lib.common.rest_client [req-4469a61f-3835-48af-aac3-c66505b43e79 req-4469a61f-3835-48af-aac3-c66505b43e79 ] Request (FlavorsAdminTestJSON:test_list_public_flavor_with_other_user): 200 POST http://10.180.1.21/compute/v2.1/flavors 0.536s
2025-11-23 05:59:37.329 66542 INFO tempest.lib.common.rest_client [req-2748d3c1-cf0d-43d4-9619-45e4e03418c1 req-2748d3c1-cf0d-43d4-9619-45e4e03418c1 ] Request (ImagesOneServerNegativeTestJSON:setUpClass): 200 GET http://10.180.1.21/compute/v2.1/servers/f3867698-a131-4a61-a36c-e974372173be 0.669s
2025-11-23 05:59:37.381 66526 INFO tempest.lib.common.rest_client [req-5419aea0-a9d7-45c5-bebb-1483ee5c0386 req-5419aea0-a9d7-45c5-bebb-1483ee5c0386 ] Request (DeleteServersAdminTestJSON:test_admin_delete_servers_of_others): 200 GET http://10.180.1.21/compute/v2.1/servers/d2cb7a72-1a45-4b17-9679-01939348afd5 0.380s
2025-11-23 05:59:37.395 66538 INFO tempest.lib.common.rest_client [req-338f22bd-eb18-4003-9f16-86931d319ae9 req-338f22bd-eb18-4003-9f16-86931d319ae9 ] Request (ServersListShow298Test:test_list_show_update_rebuild_server_298): 200 GET http://10.180.1.21/compute/v2.1/servers/2a8d8483-a90b-4993-8b30-30536a1c568e 0.366s
2025-11-23 05:59:37.407 66508 INFO tempest.lib.common.rest_client [req-d4b3832f-41bc-4df6-bdb7-9e8e061a2ecd req-d4b3832f-41bc-4df6-bdb7-9e8e061a2ecd ] Request (FlavorsV2TestJSON:test_list_flavors_using_marker): 200 GET http://10.180.1.21/compute/v2.1/flavors/42 0.228s
2025-11-23 05:59:37.474 66516 INFO tempest.lib.common.rest_client [req-a16d5e7a-68aa-4903-803e-0ce877511d81 req-a16d5e7a-68aa-4903-803e-0ce877511d81 ] Request (ImagesOneServerTestJSON:tearDownClass): 200 GET http://10.180.1.21/compute/v2.1/servers/4a439b3d-f672-4d62-b02e-116db7391aaa 0.310s
2025-11-23 05:59:37.482 66518 INFO tempest.lib.common.rest_client [req-e0503ed5-18b3-4c22-ac58-259b65d8613f req-e0503ed5-18b3-4c22-ac58-259b65d8613f ] Request (ServersAdmin275Test:_run_cleanups): 200 GET http://10.180.1.21/compute/v2.1/servers/ebfcc6bf-10d9-4333-9339-e73e32dbdd39 0.265s
2025-11-23 05:59:37.504 66548 INFO tempest.lib.common.rest_client [req-1c8ad70a-37f2-42ef-9f75-3720b74caced req-1c8ad70a-37f2-42ef-9f75-3720b74caced ] Request (FlavorsAdminTestJSON:test_list_public_flavor_with_other_user): 200 GET http://10.180.1.21/compute/v2.1/flavors/detail 0.197s
2025-11-23 05:59:37.517 66566 INFO tempest.lib.common.rest_client [req-4cdb30bf-fd7f-4ef8-a9bd-aa5695f30316 req-4cdb30bf-fd7f-4ef8-a9bd-aa5695f30316 ] Request (AttachVolumeShelveTestJSON:test_attach_volume_shelved_or_offload_server): 200 GET http://10.180.1.21/compute/v2.1/servers/ebc9c295-f385-49f8-81f2-8f513e50319e 0.256s
2025-11-23 05:59:37.544 66508 INFO tempest.lib.common.rest_client [req-4ed095c6-2f18-479f-b44f-87966f600475 req-4ed095c6-2f18-479f-b44f-87966f600475 ] Request (FlavorsV2TestJSON:test_list_flavors_using_marker): 200 GET http://10.180.1.21/compute/v2.1/flavors?marker=42 0.134s
2025-11-23 05:59:37.559 66559 INFO tempest.lib.common.rest_client [req-2ef801d6-e2a2-4f8b-b323-a67ff94014de req-2ef801d6-e2a2-4f8b-b323-a67ff94014de ] Request (InstanceActionsTestJSON:tearDownClass): 200 GET http://10.180.1.21/compute/v2.1/servers/3e52ced3-9d26-4856-b2f9-acbc1b9f128c 0.206s
2025-11-23 05:59:37.577 66548 INFO tempest.lib.common.rest_client [req-101de3ab-2915-4cd1-b6d9-60a03031f034 req-101de3ab-2915-4cd1-b6d9-60a03031f034 ] Request (FlavorsAdminTestJSON:_run_cleanups): 202 DELETE http://10.180.1.21/compute/v2.1/flavors/1370475871 0.067s
2025-11-23 05:59:37.597 66508 INFO tempest.lib.common.rest_client [req-e3dda82c-4c82-4f4b-9d66-d19ae3215d74 req-e3dda82c-4c82-4f4b-9d66-d19ae3215d74 ] Request (FlavorsV2TestJSON:test_list_flavors_with_detail): 200 GET http://10.180.1.21/compute/v2.1/flavors/detail 0.050s
2025-11-23 05:59:37.598 66506 INFO tempest.lib.common.rest_client [req-b7137463-328b-4b29-a46c-d8f360febe2d req-b7137463-328b-4b29-a46c-d8f360febe2d ] Request (DeleteServersTestJSON:test_delete_server_while_in_attached_volume): 200 GET http://10.180.1.21/compute/v2.1/servers/ed2886ee-bdd2-4ad1-a8ea-a7d8f4042933 0.137s
2025-11-23 05:59:37.623 66548 INFO tempest.lib.common.rest_client [req-960608c7-499a-41a6-85b3-742b2b4b0c59 req-960608c7-499a-41a6-85b3-742b2b4b0c59 ] Request (FlavorsAdminTestJSON:_run_cleanups): 200 GET http://10.180.1.21/compute/v2.1/flavors/detail 0.045s
2025-11-23 05:59:37.635 66508 INFO tempest.lib.common.rest_client [req-a5d08375-0a9d-4998-abef-6c2494ff594b req-a5d08375-0a9d-4998-abef-6c2494ff594b ] Request (FlavorsV2TestJSON:test_list_flavors_with_detail): 200 GET http://10.180.1.21/compute/v2.1/flavors/42 0.033s
2025-11-23 05:59:37.670 66536 INFO tempest.lib.common.rest_client [req-d232c3dc-0f57-4c42-98fd-f89dfc4491d0 req-d232c3dc-0f57-4c42-98fd-f89dfc4491d0 ] Request (ServersAdminTestJSON:test_create_server_with_scheduling_hint): 200 GET http://10.180.1.21/compute/v2.1/servers/453efbb2-259c-44c7-8a0f-60ca0730df02 0.090s
2025-11-23 05:59:37.728 66534 INFO tempest.lib.common.rest_client [req-6fee9494-8bd8-44cb-a267-a0cba4dd397d req-6fee9494-8bd8-44cb-a267-a0cba4dd397d ] Request (MultipleCreateTestJSON:tearDownClass): 200 GET http://10.180.1.21/compute/v2.1/servers/7941dfab-4a0c-4990-b236-8bddc711102b 0.101s
2025-11-23 05:59:37.746 66556 INFO tempest.lib.common.rest_client [req-e65f34bd-025f-4295-be61-3ac1a119e0f3 req-e65f34bd-025f-4295-be61-3ac1a119e0f3 ] Request (AttachInterfacesUnderV243Test:test_add_remove_fixed_ip): 200 GET http://10.180.1.21/compute/v2.1/servers/2c3c8031-e2e3-482a-87f0-56789461f744 0.085s
2025-11-23 05:59:37.787 66548 INFO tempest.lib.common.rest_client [req-e19290c9-55ab-498d-8837-60f6d73a6fb8 req-e19290c9-55ab-498d-8837-60f6d73a6fb8 ] Request (FlavorsAdminTestJSON:tearDownClass): 204 DELETE http://10.180.1.21/identity/v3/users/2b790bf3deb841d5b4e48c24617cc171 0.156s
2025-11-23 05:59:37.796 66508 INFO tempest.lib.common.rest_client [req-8ddd529d-5b9d-466a-bf4e-ff03c8e26fe6 req-8ddd529d-5b9d-466a-bf4e-ff03c8e26fe6 ] Request (FlavorsV2TestJSON:tearDownClass): 204 DELETE http://10.180.1.21/identity/v3/users/a04c5d91f49c4968a363d91e122c05ff 0.156s
2025-11-23 05:59:37.797 66508 INFO tempest.lib.common.dynamic_creds [-] Deleting project and security group for project: 87a7e1df8b1948dd9daf453ac6e8b162
2025-11-23 05:59:37.848 66512 INFO tempest.lib.common.rest_client [req-a6369368-dce9-496f-ad0e-930c486454a2 req-a6369368-dce9-496f-ad0e-930c486454a2 ] Request (ServersAdminNegativeTestJSON:tearDownClass): 200 GET http://10.180.1.21/compute/v2.1/servers/057e767b-5cf6-48c0-86c0-daf4cad0a153 0.113s
2025-11-23 05:59:37.860 66528 INFO paramiko.transport [-] Connected (version 2.0, client dropbear_2020.81)
2025-11-23 05:59:37.890 66508 INFO tempest.lib.common.rest_client [req-3693073d-81e4-4a63-a089-6637f24aa4bd req-3693073d-81e4-4a63-a089-6637f24aa4bd ] Request (FlavorsV2TestJSON:tearDownClass): 201 POST http://10.180.1.21/identity/v3/auth/tokens 0.093s
2025-11-23 05:59:37.940 66520 WARNING tempest.lib.common.ssh [-] Failed to establish authenticated ssh connection to cirros@10.180.180.150 ([Errno None] Unable to connect to port 22 on 10.180.180.150). Number attempts: 1. Retry after 2 seconds.: paramiko.ssh_exception.NoValidConnectionsError: [Errno None] Unable to connect to port 22 on 10.180.180.150
2025-11-23 05:59:37.954 66522 INFO tempest.lib.common.rest_client [req-22769cf9-2be8-474b-8b54-e9721a369ec0 req-22769cf9-2be8-474b-8b54-e9721a369ec0 ] Request (FloatingIPsAssociationTestJSON:tearDownClass): 200 GET http://10.180.1.21/compute/v2.1/servers/fe1e45fd-7402-45b7-a6c8-74785dedf12a 0.095s
2025-11-23 05:59:37.969 66528 INFO paramiko.transport [-] Authentication (publickey) successful!
2025-11-23 05:59:37.969 66528 INFO tempest.lib.common.ssh [-] ssh connection to cirros@10.180.180.235 successfully created
2025-11-23 05:59:37.998 66548 INFO tempest.lib.common.rest_client [req-fae524e8-1723-4336-b71f-00d3d5184cbc req-fae524e8-1723-4336-b71f-00d3d5184cbc ] Request (FlavorsAdminTestJSON:tearDownClass): 204 DELETE http://10.180.1.21/identity/v3/users/eb4579a953f24ad18f2ae3f6da86c082 0.211s
2025-11-23 05:59:37.999 66548 INFO tempest.lib.common.dynamic_creds [-] Deleting project and security group for project: 734e55a83af94564af69a4b955158f21
2025-11-23 05:59:38.037 66560 INFO tempest.lib.common.rest_client [req-ceca6ac0-b3dd-4aa9-a00e-e9f3170899d4 req-ceca6ac0-b3dd-4aa9-a00e-e9f3170899d4 ] Request (ServerExternalEventsTest:tearDownClass): 200 GET http://10.180.1.21/compute/v2.1/servers/a7cc15e8-5ccb-4490-85ec-792c702630b0 0.177s
2025-11-23 05:59:38.082 66548 INFO tempest.lib.common.rest_client [req-890466d0-0ae6-4807-9ac0-4a995c3d5b78 req-890466d0-0ae6-4807-9ac0-4a995c3d5b78 ] Request (FlavorsAdminTestJSON:tearDownClass): 201 POST http://10.180.1.21/identity/v3/auth/tokens 0.082s
2025-11-23 05:59:38.108 66510 INFO tempest.lib.common.rest_client [req-045863c1-6530-4144-96da-e984922a0264 req-045863c1-6530-4144-96da-e984922a0264 ] Request (ServerShowV247Test:test_update_rebuild_list_server): 200 GET http://10.180.1.21/compute/v2.1/servers/12269969-7599-4653-9dc0-b7cf962f03b9 0.184s
2025-11-23 05:59:38.214 66508 INFO tempest.lib.common.rest_client [req-bf4579ed-b8da-41a0-9bf6-d7c735f37171 req-bf4579ed-b8da-41a0-9bf6-d7c735f37171 ] Request (FlavorsV2TestJSON:tearDownClass): 200 GET http://10.180.1.21/networking/v2.0/security-groups?tenant_id=87a7e1df8b1948dd9daf453ac6e8b162&name=default 0.322s
2025-11-23 05:59:38.275 66524 INFO tempest.lib.common.rest_client [req-b8e0ab97-a0ef-4743-bc3f-c848a51ed89c req-b8e0ab97-a0ef-4743-bc3f-c848a51ed89c ] Request (ServersTestMultiNic:test_verify_duplicate_network_nics): 200 GET http://10.180.1.21/compute/v2.1/servers/bc7361f6-d942-4256-87fb-5a4b2ab09418 0.349s
2025-11-23 05:59:38.303 66548 INFO tempest.lib.common.rest_client [req-045185c9-91e5-4749-ba68-7427936c8bff req-045185c9-91e5-4749-ba68-7427936c8bff ] Request (FlavorsAdminTestJSON:tearDownClass): 200 GET http://10.180.1.21/networking/v2.0/security-groups?tenant_id=734e55a83af94564af69a4b955158f21&name=default 0.220s
2025-11-23 05:59:38.340 66550 INFO tempest.lib.common.rest_client [req-e1a5cbcb-3c73-47a6-a8c3-c8a5ab77d9a5 req-e1a5cbcb-3c73-47a6-a8c3-c8a5ab77d9a5 ] Request (ListImageFiltersTestJSON:setUpClass): 200 GET http://10.180.1.21/compute/v2.1/servers/448779d0-a6fc-48a9-a202-49f12e7c4530 0.552s
2025-11-23 05:59:38.349 66550 INFO tempest.common.waiters [-] State transition "BUILD/spawning" ==> "ACTIVE/None" after 42 second wait
2025-11-23 05:59:38.395 66528 INFO tempest.lib.common.rest_client [req-45163f2a-e65f-4976-ba09-ed45ca72a16a req-45163f2a-e65f-4976-ba09-ed45ca72a16a ] Request (ServersWithSpecificFlavorTestJSON:test_verify_created_server_ephemeral_disk): 204 DELETE http://10.180.1.21/compute/v2.1/servers/29e82798-4b57-45d2-8d30-4d1b26b9cc8b 0.414s
2025-11-23 05:59:38.408 66508 INFO tempest.lib.common.rest_client [req-7d23f91e-b4f0-45c2-91de-dcc2bbad793c req-7d23f91e-b4f0-45c2-91de-dcc2bbad793c ] Request (FlavorsV2TestJSON:tearDownClass): 204 DELETE http://10.180.1.21/networking/v2.0/security-groups/84250aa7-a48d-48e7-bcfb-e4127c15fbc0 0.193s
2025-11-23 05:59:38.445 66545 INFO tempest.lib.common.rest_client [req-1e1e8914-730f-430c-b1c2-110a72662d2f req-1e1e8914-730f-430c-b1c2-110a72662d2f ] Request (ServersTestJSON:_run_cleanups): 200 GET http://10.180.1.21/compute/v2.1/servers/250e94f0-8cea-4f68-abc9-e8f6c6d32369 0.460s
2025-11-23 05:59:38.449 66548 INFO tempest.lib.common.rest_client [req-d41ec2aa-c736-4114-9113-ef9519d0762d req-d41ec2aa-c736-4114-9113-ef9519d0762d ] Request (FlavorsAdminTestJSON:tearDownClass): 204 DELETE http://10.180.1.21/networking/v2.0/security-groups/70837480-149f-4b1d-bb99-02b88fe6fc03 0.145s
2025-11-23 05:59:38.452 66545 INFO tempest.common.waiters [-] State transition "ACTIVE/deleting" ==> "DELETED/None" after 3 second wait
2025-11-23 05:59:38.463 66546 INFO tempest.lib.common.rest_client [req-fa793e3c-c777-4d45-93c0-5858adb411b1 req-fa793e3c-c777-4d45-93c0-5858adb411b1 ] Request (AttachVolumeTestJSON:test_attach_detach_volume): 200 GET http://10.180.1.21/compute/v2.1/servers/0c2694f7-00b5-495b-bc4c-8df4f4dec357 0.431s
2025-11-23 05:59:38.466 66528 INFO tempest.lib.common.rest_client [req-be2b94f7-1b53-4a18-bbe3-f52b647ac794 req-be2b94f7-1b53-4a18-bbe3-f52b647ac794 ] Request (ServersWithSpecificFlavorTestJSON:test_verify_created_server_ephemeral_disk): 201 POST http://10.180.1.21/identity/v3/auth/tokens 0.068s
2025-11-23 05:59:38.467 66528 INFO tempest.lib.common.fixed_network [-] (ServersWithSpecificFlavorTestJSON:test_verify_created_server_ephemeral_disk) Found network {'id': '11370dc0-fd15-4e38-a9a4-fcf1b80e38f8', 'name': 'tempest-ServersWithSpecificFlavorTestJSON-1977982605-network', 'tenant_id': '6f7d6d1232bd44b6a99ea75375f161a7', 'project_id': '6f7d6d1232bd44b6a99ea75375f161a7', 'admin_state_up': True, 'mtu': 8950, 'status': 'ACTIVE', 'subnets': [], 'shared': False, 'port_security_enabled': True, 'router:external': False, 'provider:network_type': 'vlan', 'provider:physical_network': 'default', 'provider:segmentation_id': 397, 'availability_zone_hints': [], 'availability_zones': [], 'ipv4_address_scope': None, 'ipv6_address_scope': None, 'description': '', 'tags': [], 'created_at': '2025-11-23T05:57:17Z', 'updated_at': '2025-11-23T05:57:17Z', 'revision_number': 1} available for tenant
2025-11-23 05:59:38.499 66508 INFO tempest.lib.common.rest_client [req-c0338203-7a22-4a57-b89c-c45a992271c1 req-c0338203-7a22-4a57-b89c-c45a992271c1 ] Request (FlavorsV2TestJSON:tearDownClass): 204 DELETE http://10.180.1.21/identity/v3/projects/87a7e1df8b1948dd9daf453ac6e8b162 0.089s
2025-11-23 05:59:38.502 66504 INFO tempest.lib.common.rest_client [req-3a2d8696-190f-43dd-b996-d020661f1cbf req-3a2d8696-190f-43dd-b996-d020661f1cbf ] Request (ServerAddressesTestJSON:setUpClass): 200 GET http://10.180.1.21/compute/v2.1/servers/636bbd47-c446-4a5e-8431-a3b2f7604674 0.410s
