2025-11-23 06:00:39.092 66522 INFO tempest.lib.common.dynamic_creds [-] Created isolated network resources for: credentials: Credentials: {'domain_id': 'default', 'domain_name': 'Default', 'username': 'tempest-FloatingIPsNegativeTestJSON-657519832-project-member', 'project_domain_id': 'default', 'project_domain_name': 'Default', 'project_id': '15cd11d81c2a4ee09bc853f55952cf4a', 'project_name': 'tempest-FloatingIPsNegativeTestJSON-657519832', 'tenant_id': '15cd11d81c2a4ee09bc853f55952cf4a', 'tenant_name': 'tempest-FloatingIPsNegativeTestJSON-657519832', 'user_domain_id': 'default', 'user_domain_name': 'Default', 'user_id': '8b41a3c8270b4399ba4f777d6c4814c0', 'system': None}, Network: {'id': '5421c21e-e9fb-4fed-b6f7-a8b5575293b5', 'name': 'tempest-FloatingIPsNegativeTestJSON-120039593-network', 'tenant_id': '15cd11d81c2a4ee09bc853f55952cf4a', 'project_id': '15cd11d81c2a4ee09bc853f55952cf4a', 'admin_state_up': True, 'mtu': 8950, 'status': 'ACTIVE', 'subnets': [], 'shared': False, 'port_security_enabled': True, 'router:external': False, 'provider:network_type': 'vlan', 'provider:physical_network': 'default', 'provider:segmentation_id': 218, 'availability_zone_hints': [], 'availability_zones': [], 'ipv4_address_scope': None, 'ipv6_address_scope': None, 'description': '', 'tags': [], 'created_at': '2025-11-23T06:00:36Z', 'updated_at': '2025-11-23T06:00:36Z', 'revision_number': 1}, Subnet: {'id': '170ebd73-1501-437a-87a3-1a17052bbc84', 'name': 'tempest-FloatingIPsNegativeTestJSON-120039593-subnet', 'tenant_id': '15cd11d81c2a4ee09bc853f55952cf4a', 'network_id': '5421c21e-e9fb-4fed-b6f7-a8b5575293b5', 'ip_version': 4, 'subnetpool_id': None, 'enable_dhcp': True, 'ipv6_ra_mode': None, 'ipv6_address_mode': None, 'gateway_ip': '192.168.128.1', 'cidr': '192.168.128.0/28', 'allocation_pools': [{'start': '192.168.128.2', 'end': '192.168.128.14'}], 'host_routes': [], 'dns_nameservers': [], 'description': '', 'router:external': False, 'service_types': [], 'tags': [], 'created_at': '2025-11-23T06:00:37Z', 'updated_at': '2025-11-23T06:00:37Z', 'revision_number': 0, 'project_id': '15cd11d81c2a4ee09bc853f55952cf4a'}, Router: {'id': '060013ab-75a5-4b18-87c0-3193f46a93d7', 'name': 'tempest-FloatingIPsNegativeTestJSON-120039593-router', 'tenant_id': '15cd11d81c2a4ee09bc853f55952cf4a', 'admin_state_up': True, 'status': 'ACTIVE', 'external_gateway_info': {'network_id': 'e370e1e2-6702-44a7-8340-e76e3c1bf1b3', 'external_fixed_ips': [{'subnet_id': '79bf6829-2a1b-489d-903f-be36cdebf499', 'ip_address': '10.180.180.156'}], 'enable_snat': True}, 'description': '', 'availability_zones': [], 'distributed': False, 'ha': False, 'availability_zone_hints': [], 'routes': [], 'flavor_id': None, 'tags': [], 'created_at': '2025-11-23T06:00:37Z', 'updated_at': '2025-11-23T06:00:37Z', 'revision_number': 2, 'project_id': '15cd11d81c2a4ee09bc853f55952cf4a'}
2025-11-23 06:00:39.093 66542 INFO tempest.lib.common.rest_client [req-409a62de-b049-4eec-b803-f43fe90455a5 req-409a62de-b049-4eec-b803-f43fe90455a5 ] Request (ImagesOneServerNegativeTestJSON:_run_cleanups): 200 GET http://10.180.1.21/compute/v2.1/servers/f3867698-a131-4a61-a36c-e974372173be 1.751s
2025-11-23 06:00:39.156 66512 INFO tempest.lib.common.rest_client [req-fdea265e-882e-472c-8e9e-d373df62a4fe req-fdea265e-882e-472c-8e9e-d373df62a4fe ] Request (ServersAdminNegativeTestJSON:tearDownClass): 200 GET http://10.180.1.21/compute/v2.1/servers/fd1cec1a-34c4-4fb6-b1bb-b07dedd940e0 1.709s
2025-11-23 06:00:39.203 66522 INFO tempest.lib.common.rest_client [req-37021eb1-a0bf-4d20-a484-d01b471f6e13 req-37021eb1-a0bf-4d20-a484-d01b471f6e13 ] Request (FloatingIPsNegativeTestJSON:setUpClass): 201 POST http://10.180.1.21/identity/v3/auth/tokens 0.107s
2025-11-23 06:00:39.214 66562 INFO tempest.lib.common.rest_client [req-e129a2ce-8a0c-4519-9c85-29e67829b0a4 req-e129a2ce-8a0c-4519-9c85-29e67829b0a4 ] Request (SecurityGroupsTestJSON:test_list_security_groups_by_server): 200 GET http://10.180.1.21/compute/v2.1/servers/6ea678b3-ac34-4277-b8d7-d6dc781b9b32 1.834s
2025-11-23 06:00:39.289 66538 INFO tempest.lib.common.rest_client [req-47b2ec3c-a195-4801-8ed2-82ae661888a6 req-47b2ec3c-a195-4801-8ed2-82ae661888a6 ] Request (ServersListShow298Test:tearDownClass): 200 GET http://10.180.1.21/compute/v2.1/servers/2a8d8483-a90b-4993-8b30-30536a1c568e 1.766s
2025-11-23 06:00:39.304 66546 INFO tempest.lib.common.rest_client [req-2df5c000-aa39-41b4-9c8b-0b1e1fff4d54 req-2df5c000-aa39-41b4-9c8b-0b1e1fff4d54 ] Request (AttachVolumeTestJSON:test_attach_detach_volume): 200 GET http://10.180.1.21/compute/v2.1/servers/0c2694f7-00b5-495b-bc4c-8df4f4dec357 1.804s
2025-11-23 06:00:39.316 66546 INFO tempest.common.waiters [-] State transition "BUILD/spawning" ==> "ACTIVE/None" after 64 second wait
2025-11-23 06:00:39.355 66548 INFO tempest.lib.common.rest_client [req-2382baf3-1666-4311-ac0a-cb7308061d99 req-2382baf3-1666-4311-ac0a-cb7308061d99 ] Request (ServerAddressesNegativeTestJSON:setUpClass): 200 GET http://10.180.1.21/compute/v2.1/servers/47b580ec-1dbf-4911-bfe9-f29725d83c6e 1.778s
2025-11-23 06:00:39.375 66514 INFO tempest.lib.common.rest_client [req-a927d9c4-0f27-4221-a1c4-78698b8e9f53 req-a927d9c4-0f27-4221-a1c4-78698b8e9f53 ] Request (VolumesAssistedSnapshotsTest:tearDownClass): 200 GET http://10.180.1.21/compute/v2.1/servers/e5664cd0-53bb-4fbd-9f18-ef729483e14d 1.797s
2025-11-23 06:00:39.378 66530 INFO tempest.lib.common.rest_client [req-ab32e077-095c-4d57-9237-bde67f0325f0 req-ab32e077-095c-4d57-9237-bde67f0325f0 ] Request (ServersTestJSON:tearDownClass): 404 GET http://10.180.1.21/compute/v2.1/servers/3a2c227b-b3d0-42c1-95c0-89c0ab60edd4 1.717s
2025-11-23 06:00:39.439 66524 INFO tempest.lib.common.rest_client [req-80161588-6853-480a-92d3-0d24d16eb994 req-80161588-6853-480a-92d3-0d24d16eb994 ] Request (ServersTestMultiNic:_run_cleanups): 200 GET http://10.180.1.21/compute/v2.1/servers/bc7361f6-d942-4256-87fb-5a4b2ab09418 1.738s
2025-11-23 06:00:39.449 66520 INFO tempest.lib.common.rest_client [req-4d3ab562-ba54-4c55-b458-f616edf4f7d0 req-4d3ab562-ba54-4c55-b458-f616edf4f7d0 ] Request (AttachInterfacesTestJSON:_run_cleanups): 200 GET http://10.180.1.21/compute/v2.1/servers/e1b66308-90ea-4e05-afe2-f8087e9d4773 1.395s
2025-11-23 06:00:39.457 66520 INFO tempest.common.waiters [-] State transition "ACTIVE/deleting" ==> "DELETED/None" after 5 second wait
2025-11-23 06:00:39.498 66510 INFO tempest.lib.common.rest_client [req-f4571cd1-e714-4f8f-bf41-6ff7da6b14a9 req-f4571cd1-e714-4f8f-bf41-6ff7da6b14a9 ] Request (ServerShowV247Test:tearDownClass): 200 GET http://10.180.1.21/compute/v2.1/servers/12269969-7599-4653-9dc0-b7cf962f03b9 1.425s
2025-11-23 06:00:39.550 66508 INFO tempest.lib.common.rest_client [req-4a1a44f4-f5c7-477a-8e0e-072f5368d979 req-4a1a44f4-f5c7-477a-8e0e-072f5368d979 ] Request (AttachInterfacesV270Test:test_create_get_list_interfaces): 200 GET http://10.180.1.21/compute/v2.1/servers/d65d3f14-307b-421e-b6ad-23dd6c03cd7a 1.206s
2025-11-23 06:00:39.603 66536 INFO tempest.lib.common.rest_client [req-f7dd6dba-72bc-4772-9c3a-014f05dad2b7 req-f7dd6dba-72bc-4772-9c3a-014f05dad2b7 ] Request (ServersAdminTestJSON:test_inject_network_info): 200 GET http://10.180.1.21/compute/v2.1/servers/f0bdc13e-ff72-4887-8332-76712e0c436e 1.249s
2025-11-23 06:00:39.688 66550 INFO tempest.lib.common.rest_client [req-9642f751-f23c-4b67-aa30-bb8a584b3643 req-9642f751-f23c-4b67-aa30-bb8a584b3643 ] Request (ListImageFiltersTestJSON:setUpClass): 200 GET http://10.180.1.21/compute/v2.1/images/11e30586-e003-424b-abc8-2a3de3d93a63 0.676s
2025-11-23 06:00:39.799 66522 INFO tempest.lib.common.rest_client [req-28f5e304-d163-4d5e-85db-d6a73cc64b98 req-28f5e304-d163-4d5e-85db-d6a73cc64b98 ] Request (FloatingIPsNegativeTestJSON:setUpClass): 200 GET http://10.180.1.21/compute/v2.1/os-floating-ips 0.595s
2025-11-23 06:00:39.863 66545 INFO tempest.lib.common.rest_client [req-7e9957b0-6bfe-4306-af5b-01c6c9b0a37a req-7e9957b0-6bfe-4306-af5b-01c6c9b0a37a ] Request (ServersTestJSON:test_create_specify_keypair): 200 GET http://10.180.1.21/compute/v2.1/servers/a53d3c8b-3d47-45c7-8d15-f61d13d347bf 0.656s
2025-11-23 06:00:39.872 66545 INFO tempest.common.waiters [-] State transition "BUILD/scheduling" ==> "BUILD/None" after 18 second wait
2025-11-23 06:00:39.914 66518 INFO tempest.lib.common.rest_client [req-8561a5e1-a557-49e1-adde-7858810fadfd req-8561a5e1-a557-49e1-adde-7858810fadfd ] Request (ListServerFiltersTestJSON:setUpClass): 200 GET http://10.180.1.21/compute/v2.1/servers/3dd97624-0e38-4225-972e-6fad881fae16 0.691s
2025-11-23 06:00:39.935 66534 INFO tempest.lib.common.rest_client [req-2b0685f7-4972-42d7-8a94-ed801a4be2cf req-2b0685f7-4972-42d7-8a94-ed801a4be2cf ] Request (ServerActionsV293TestJSON:setUpClass): 202 POST http://10.180.1.21/compute/v2.1/servers 1.833s
2025-11-23 06:00:39.957 66530 INFO tempest.lib.common.rest_client [req-17ba947c-1855-4ab1-a693-dbe2511043dd req-17ba947c-1855-4ab1-a693-dbe2511043dd ] Request (ServersTestJSON:tearDownClass): 202 DELETE http://10.180.1.21/compute/v2.1/os-keypairs/tempest-keypair-755744493 0.578s
2025-11-23 06:00:40.003 66546 INFO tempest.lib.common.rest_client [req-a1680a10-1b1d-450f-9782-53785bb837c9 req-a1680a10-1b1d-450f-9782-53785bb837c9 ] Request (AttachVolumeTestJSON:test_attach_detach_volume): 200 GET http://10.180.1.21/compute/v2.1/servers/0c2694f7-00b5-495b-bc4c-8df4f4dec357/os-interface 0.686s
2025-11-23 06:00:40.091 66530 INFO tempest.lib.common.rest_client [req-6d03bd96-ef63-4561-9267-bf6e6fc8aee0 req-6d03bd96-ef63-4561-9267-bf6e6fc8aee0 ] Request (ServersTestJSON:tearDownClass): 204 DELETE http://10.180.1.21/networking/v2.0/security-groups/3635536c-051f-4573-880b-4828505db345 0.133s
2025-11-23 06:00:40.130 66530 INFO tempest.lib.common.rest_client [req-0ad57b0b-7123-4dc1-a615-8f0d25978506 req-0ad57b0b-7123-4dc1-a615-8f0d25978506 ] Request (ServersTestJSON:tearDownClass): 404 GET http://10.180.1.21/networking/v2.0/security-groups/3635536c-051f-4573-880b-4828505db345 0.038s
2025-11-23 06:00:40.133 66506 INFO tempest.lib.common.rest_client [req-6b736898-c60a-461a-b5ee-20eb5aa569a4 req-6b736898-c60a-461a-b5ee-20eb5aa569a4 ] Request (DeleteServersTestJSON:test_delete_server_while_in_shelved_state): 200 GET http://10.180.1.21/compute/v2.1/servers/f905be7d-6643-4b39-b429-607a2c7db889 0.434s
2025-11-23 06:00:40.168 66550 INFO tempest.lib.common.rest_client [req-2b3143fe-78fb-4999-9c56-5b76e8c22bd2 req-2b3143fe-78fb-4999-9c56-5b76e8c22bd2 ] Request (ListImageFiltersTestJSON:setUpClass): 200 GET http://10.180.1.21/compute/v2.1/servers/985a1e1a-4441-4496-a53d-172817604c1c 0.477s
2025-11-23 06:00:40.381 66530 INFO tempest.lib.common.rest_client [req-53619f96-4455-4198-b2c9-85070a196b29 req-53619f96-4455-4198-b2c9-85070a196b29 ] Request (ServersTestJSON:tearDownClass): 204 DELETE http://10.180.1.21/networking/v2.0/floatingips/12d2b130-2b9e-4ab6-ad94-b554fb332e0e 0.249s
2025-11-23 06:00:40.395 66522 INFO tempest.lib.common.rest_client [req-dfb2f56f-0e89-42f8-89a2-096cef1c2d79 req-dfb2f56f-0e89-42f8-89a2-096cef1c2d79 ] Request (FloatingIPsNegativeTestJSON:test_allocate_floating_ip_from_nonexistent_pool): 404 POST http://10.180.1.21/compute/v2.1/os-floating-ips 0.593s
2025-11-23 06:00:40.649 66546 INFO tempest.lib.common.rest_client [req-ce7446f0-ffc3-48da-b222-a5049e195334 req-ce7446f0-ffc3-48da-b222-a5049e195334 ] Request (AttachVolumeTestJSON:test_attach_detach_volume): 200 PUT http://10.180.1.21/networking/v2.0/floatingips/af495c30-a7c7-409c-9b9d-484645a434c8 0.642s
2025-11-23 06:00:40.651 66546 INFO tempest.lib.common.ssh [-] Creating ssh connection to '10.180.180.230:22' as 'cirros' with public key authentication
2025-11-23 06:00:40.674 66516 INFO tempest.lib.common.rest_client [req-a17bd0d4-2f3d-4a23-bc88-edf5e97ec48d req-a17bd0d4-2f3d-4a23-bc88-edf5e97ec48d ] Request (ServersTestFqdnHostnames:test_create_server_with_fqdn_name): 200 GET http://10.180.1.21/compute/v2.1/servers/0a8867bd-6921-44c7-bbdd-aff26dbaa536 0.835s
2025-11-23 06:00:40.711 66566 INFO tempest.lib.common.rest_client [req-98f0e6f3-88e4-47ab-b9d0-97f40020ffbb req-98f0e6f3-88e4-47ab-b9d0-97f40020ffbb ] Request (AttachVolumeShelveTestJSON:test_attach_volume_shelved_or_offload_server): 200 GET http://10.180.1.21/compute/v2.1/servers/ebc9c295-f385-49f8-81f2-8f513e50319e 0.887s
2025-11-23 06:00:40.740 66528 INFO tempest.lib.common.rest_client [req-af75b533-37c7-46c3-b98a-bb30cc3bc626 req-af75b533-37c7-46c3-b98a-bb30cc3bc626 ] Request (ServersWithSpecificFlavorTestJSON:test_verify_created_server_ephemeral_disk): 200 GET http://10.180.1.21/compute/v2.1/servers/b9f50b0e-1ec5-4bb4-948e-1d02f17d4b54 0.837s
2025-11-23 06:00:40.802 66534 INFO tempest.lib.common.rest_client [req-6313cfd4-b1ef-4033-badf-d8a8bddf86f4 req-6313cfd4-b1ef-4033-badf-d8a8bddf86f4 ] Request (ServerActionsV293TestJSON:setUpClass): 200 GET http://10.180.1.21/compute/v2.1/servers/f1802d4b-0a6e-408d-8aac-f75e82089087 0.864s
2025-11-23 06:00:40.844 66526 INFO tempest.lib.common.rest_client [req-1fd24014-d6cb-4ee1-8681-6239c0bb8178 req-1fd24014-d6cb-4ee1-8681-6239c0bb8178 ] Request (DeleteServersAdminTestJSON:test_admin_delete_servers_of_others): 200 GET http://10.180.1.21/compute/v2.1/servers/d2cb7a72-1a45-4b17-9679-01939348afd5 0.876s
2025-11-23 06:00:40.893 66560 INFO tempest.lib.common.rest_client [req-25969503-151a-45af-9408-c7223eabed7f req-25969503-151a-45af-9408-c7223eabed7f ] Request (ServerPasswordTestJSON:setUpClass): 200 GET http://10.180.1.21/compute/v2.1/servers/b2702e5b-4b3b-4f65-9ca7-d77c654a4d5f 0.912s
2025-11-23 06:00:40.938 66504 INFO tempest.lib.common.rest_client [req-6941d639-582f-4382-ac1e-785f34a6208a req-6941d639-582f-4382-ac1e-785f34a6208a ] Request (ServerAddressesTestJSON:tearDownClass): 200 GET http://10.180.1.21/compute/v2.1/servers/636bbd47-c446-4a5e-8431-a3b2f7604674 0.901s
2025-11-23 06:00:40.965 66540 INFO tempest.lib.common.rest_client [req-2b447a91-77be-46ae-b31a-6a8b757a7ba4 req-2b447a91-77be-46ae-b31a-6a8b757a7ba4 ] Request (ServerActionsTestOtherA:test_rebuild_server_in_stop_state): 200 GET http://10.180.1.21/compute/v2.1/servers/b4b4223b-2e0b-4ba4-a034-d5803cd81c5c 0.895s
2025-11-23 06:00:41.023 66542 INFO tempest.lib.common.rest_client [req-bb518916-740d-4892-8df7-80899ae6ce31 req-bb518916-740d-4892-8df7-80899ae6ce31 ] Request (ImagesOneServerNegativeTestJSON:_run_cleanups): 200 GET http://10.180.1.21/compute/v2.1/servers/f3867698-a131-4a61-a36c-e974372173be 0.918s
2025-11-23 06:00:41.051 66512 INFO tempest.lib.common.rest_client [req-9a94c176-c178-4846-89e3-36f3813c2665 req-9a94c176-c178-4846-89e3-36f3813c2665 ] Request (ServersAdminNegativeTestJSON:tearDownClass): 200 GET http://10.180.1.21/compute/v2.1/servers/fd1cec1a-34c4-4fb6-b1bb-b07dedd940e0 0.884s
2025-11-23 06:00:41.139 66538 INFO tempest.lib.common.rest_client [req-719b6acc-fabb-4e38-ba50-043b5c88d0b7 req-719b6acc-fabb-4e38-ba50-043b5c88d0b7 ] Request (ServersListShow298Test:tearDownClass): 200 GET http://10.180.1.21/compute/v2.1/servers/2a8d8483-a90b-4993-8b30-30536a1c568e 0.840s
2025-11-23 06:00:41.161 66562 INFO tempest.lib.common.rest_client [req-e2b5b87c-a9d8-43b4-a449-cc34adcb0dad req-e2b5b87c-a9d8-43b4-a449-cc34adcb0dad ] Request (SecurityGroupsTestJSON:test_list_security_groups_by_server): 200 GET http://10.180.1.21/compute/v2.1/servers/6ea678b3-ac34-4277-b8d7-d6dc781b9b32 0.939s
2025-11-23 06:00:41.172 66562 INFO tempest.common.waiters [-] State transition "BUILD/spawning" ==> "ACTIVE/None" after 64 second wait
2025-11-23 06:00:41.191 66548 INFO tempest.lib.common.rest_client [req-30c59984-04f5-4be5-b67c-e3f3cbafea32 req-30c59984-04f5-4be5-b67c-e3f3cbafea32 ] Request (ServerAddressesNegativeTestJSON:setUpClass): 200 GET http://10.180.1.21/compute/v2.1/servers/47b580ec-1dbf-4911-bfe9-f29725d83c6e 0.827s
2025-11-23 06:00:41.218 66522 INFO tempest.lib.common.rest_client [req-479f49e9-219d-4286-9379-ce6a4a0cc3b8 req-479f49e9-219d-4286-9379-ce6a4a0cc3b8 ] Request (FloatingIPsNegativeTestJSON:test_delete_nonexistent_floating_ip): 404 DELETE http://10.180.1.21/compute/v2.1/os-floating-ips/3b2abd3e-918f-4c59-819a-d549c5b8591f 0.821s
2025-11-23 06:00:41.240 66514 INFO tempest.lib.common.rest_client [req-5b9bf658-380e-40cb-a52e-58d2c461b363 req-5b9bf658-380e-40cb-a52e-58d2c461b363 ] Request (VolumesAssistedSnapshotsTest:tearDownClass): 200 GET http://10.180.1.21/compute/v2.1/servers/e5664cd0-53bb-4fbd-9f18-ef729483e14d 0.852s
2025-11-23 06:00:41.325 66530 INFO tempest.lib.common.rest_client [req-40343aea-4522-4ffb-b35e-65e04bf23366 req-40343aea-4522-4ffb-b35e-65e04bf23366 ] Request (ServersTestJSON:tearDownClass): 200 PUT http://10.180.1.21/networking/v2.0/routers/f73820dc-9674-4e83-8d6d-0885fe08446c/remove_router_interface 0.943s
2025-11-23 06:00:41.352 66524 INFO tempest.lib.common.rest_client [req-185572d2-cad3-44a1-b665-a1ed7cb7c5fc req-185572d2-cad3-44a1-b665-a1ed7cb7c5fc ] Request (ServersTestMultiNic:_run_cleanups): 200 GET http://10.180.1.21/compute/v2.1/servers/bc7361f6-d942-4256-87fb-5a4b2ab09418 0.901s
2025-11-23 06:00:41.366 66520 INFO tempest.lib.common.rest_client [req-872ea406-92a6-40b3-a30a-b49dc7e33174 req-872ea406-92a6-40b3-a30a-b49dc7e33174 ] Request (AttachInterfacesTestJSON:_run_cleanups): 200 GET http://10.180.1.21/compute/v2.1/servers/e1b66308-90ea-4e05-afe2-f8087e9d4773 0.906s
2025-11-23 06:00:41.774 66530 INFO tempest.lib.common.rest_client [req-bdd61db8-f046-46d7-a4a0-3f6bb20bf272 req-bdd61db8-f046-46d7-a4a0-3f6bb20bf272 ] Request (ServersTestJSON:tearDownClass): 204 DELETE http://10.180.1.21/networking/v2.0/routers/f73820dc-9674-4e83-8d6d-0885fe08446c 0.449s
2025-11-23 06:00:41.808 66508 INFO tempest.lib.common.rest_client [req-9d011952-1af6-46ea-bb09-90a30daf45f4 req-9d011952-1af6-46ea-bb09-90a30daf45f4 ] Request (AttachInterfacesV270Test:test_create_get_list_interfaces): 200 GET http://10.180.1.21/compute/v2.1/servers/d65d3f14-307b-421e-b6ad-23dd6c03cd7a 1.247s
2025-11-23 06:00:41.831 66510 INFO tempest.lib.common.rest_client [req-81c1c23f-4b55-4734-94cf-789b4b0c1b16 req-81c1c23f-4b55-4734-94cf-789b4b0c1b16 ] Request (ServerShowV247Test:tearDownClass): 200 GET http://10.180.1.21/compute/v2.1/servers/12269969-7599-4653-9dc0-b7cf962f03b9 1.321s
2025-11-23 06:00:41.972 66522 INFO tempest.lib.common.rest_client [req-73a837a9-182a-4c96-8ae4-a63902695487 req-73a837a9-182a-4c96-8ae4-a63902695487 ] Request (FloatingIPsNegativeTestJSON:tearDownClass): 200 PUT http://10.180.1.21/networking/v2.0/routers/060013ab-75a5-4b18-87c0-3193f46a93d7/remove_router_interface 0.750s
2025-11-23 06:00:41.974 66530 INFO tempest.lib.common.rest_client [req-045e7d0f-0a63-436b-9622-1b0986103cf4 req-045e7d0f-0a63-436b-9622-1b0986103cf4 ] Request (ServersTestJSON:tearDownClass): 204 DELETE http://10.180.1.21/networking/v2.0/subnets/7c756676-b09f-46af-9886-160d37cafeea 0.199s
2025-11-23 06:00:41.995 66545 INFO tempest.lib.common.rest_client [req-fa97100c-14f2-4eb2-a9c1-64f35183cc06 req-fa97100c-14f2-4eb2-a9c1-64f35183cc06 ] Request (ServersTestJSON:test_create_specify_keypair): 200 GET http://10.180.1.21/compute/v2.1/servers/a53d3c8b-3d47-45c7-8d15-f61d13d347bf 1.122s
2025-11-23 06:00:41.997 66536 INFO tempest.lib.common.rest_client [req-0e9ba61e-52e4-4697-8870-50406d62da0f req-0e9ba61e-52e4-4697-8870-50406d62da0f ] Request (ServersAdminTestJSON:test_inject_network_info): 200 GET http://10.180.1.21/compute/v2.1/servers/f0bdc13e-ff72-4887-8332-76712e0c436e 1.385s
2025-11-23 06:00:42.295 66556 WARNING tempest.lib.common.ssh [-] Failed to establish authenticated ssh connection to cirros@10.180.180.225 ([Errno None] Unable to connect to port 22 on 10.180.180.225). Number attempts: 3. Retry after 4 seconds.: paramiko.ssh_exception.NoValidConnectionsError: [Errno None] Unable to connect to port 22 on 10.180.180.225
2025-11-23 06:00:42.300 66530 INFO tempest.lib.common.rest_client [req-ceaae4f1-9fdc-4ae0-909d-0929e490a936 req-ceaae4f1-9fdc-4ae0-909d-0929e490a936 ] Request (ServersTestJSON:tearDownClass): 204 DELETE http://10.180.1.21/networking/v2.0/networks/bde08329-f92b-4ffc-b221-4076850bc022 0.325s
2025-11-23 06:00:42.331 66506 INFO tempest.lib.common.rest_client [req-997d3ce6-520f-4bde-b692-386ae613ff72 req-997d3ce6-520f-4bde-b692-386ae613ff72 ] Request (DeleteServersTestJSON:test_delete_server_while_in_shelved_state): 200 GET http://10.180.1.21/compute/v2.1/servers/f905be7d-6643-4b39-b429-607a2c7db889 1.178s
2025-11-23 06:00:42.341 66518 INFO tempest.lib.common.rest_client [req-49b1dca2-33d1-4979-a579-24aaa244f247 req-49b1dca2-33d1-4979-a579-24aaa244f247 ] Request (ListServerFiltersTestJSON:setUpClass): 200 GET http://10.180.1.21/compute/v2.1/servers/3dd97624-0e38-4225-972e-6fad881fae16 1.417s
2025-11-23 06:00:42.408 66530 INFO tempest.lib.common.rest_client [req-489f63da-ff05-418b-a58e-45c8e3e884a4 req-489f63da-ff05-418b-a58e-45c8e3e884a4 ] Request (ServersTestJSON:tearDownClass): 204 DELETE http://10.180.1.21/identity/v3/users/9556acbe10634f9aa62107931d2b8f73 0.108s
2025-11-23 06:00:42.408 66530 INFO tempest.lib.common.dynamic_creds [-] Deleting project and security group for project: 0aed6ad110ac4a8d846edd2292146c88
2025-11-23 06:00:42.443 66522 INFO tempest.lib.common.rest_client [req-59d89125-fcb7-4c20-9948-b54ff2b71321 req-59d89125-fcb7-4c20-9948-b54ff2b71321 ] Request (FloatingIPsNegativeTestJSON:tearDownClass): 204 DELETE http://10.180.1.21/networking/v2.0/routers/060013ab-75a5-4b18-87c0-3193f46a93d7 0.470s
2025-11-23 06:00:42.469 66530 INFO tempest.lib.common.rest_client [req-c39deee9-972a-495e-b299-4538667c2aa6 req-c39deee9-972a-495e-b299-4538667c2aa6 ] Request (ServersTestJSON:tearDownClass): 200 GET http://10.180.1.21/networking/v2.0/security-groups?tenant_id=0aed6ad110ac4a8d846edd2292146c88&name=default 0.060s
2025-11-23 06:00:42.596 66522 INFO tempest.lib.common.rest_client [req-2b3c99bf-f8ea-4e47-83f6-fc39a2ac9d4b req-2b3c99bf-f8ea-4e47-83f6-fc39a2ac9d4b ] Request (FloatingIPsNegativeTestJSON:tearDownClass): 204 DELETE http://10.180.1.21/networking/v2.0/subnets/170ebd73-1501-437a-87a3-1a17052bbc84 0.152s
2025-11-23 06:00:42.607 66530 INFO tempest.lib.common.rest_client [req-99053225-df6d-4b62-9f30-360b9627fc5a req-99053225-df6d-4b62-9f30-360b9627fc5a ] Request (ServersTestJSON:tearDownClass): 204 DELETE http://10.180.1.21/networking/v2.0/security-groups/94ac4528-87c4-4b8f-9c13-aceba79c3349 0.137s
2025-11-23 06:00:42.627 66550 INFO tempest.lib.common.rest_client [req-d1b1d9e1-8336-489a-bbfc-4d90c6bb93ba req-d1b1d9e1-8336-489a-bbfc-4d90c6bb93ba ] Request (ListImageFiltersTestJSON:setUpClass): 200 GET http://10.180.1.21/compute/v2.1/servers/985a1e1a-4441-4496-a53d-172817604c1c 1.448s
2025-11-23 06:00:42.635 66550 INFO tempest.common.waiters [-] State transition "ACTIVE/image_uploading" ==> "ACTIVE/None" after 2 second wait
2025-11-23 06:00:42.728 66530 INFO tempest.lib.common.rest_client [req-daf3c402-f90d-408d-9605-bf74d9d574db req-daf3c402-f90d-408d-9605-bf74d9d574db ] Request (ServersTestJSON:tearDownClass): 204 DELETE http://10.180.1.21/identity/v3/projects/0aed6ad110ac4a8d846edd2292146c88 0.120s
2025-11-23 06:00:42.753 66522 INFO tempest.lib.common.rest_client [req-2e3d29b6-1369-46b2-b48d-b238a65b30dc req-2e3d29b6-1369-46b2-b48d-b238a65b30dc ] Request (FloatingIPsNegativeTestJSON:tearDownClass): 204 DELETE http://10.180.1.21/networking/v2.0/networks/5421c21e-e9fb-4fed-b6f7-a8b5575293b5 0.156s
2025-11-23 06:00:42.774 66516 INFO tempest.lib.common.rest_client [req-1727d7e4-3c35-42eb-90b5-075ea8d1e7f8 req-1727d7e4-3c35-42eb-90b5-075ea8d1e7f8 ] Request (ServersTestFqdnHostnames:test_create_server_with_fqdn_name): 200 GET http://10.180.1.21/compute/v2.1/servers/0a8867bd-6921-44c7-bbdd-aff26dbaa536 1.087s
2025-11-23 06:00:42.784 66516 INFO tempest.common.waiters [-] State transition "BUILD/scheduling" ==> "BUILD/None" after 17 second wait
2025-11-23 06:00:42.836 66530 INFO tempest.lib.common.rest_client [req-de5ebe60-0670-44cd-bb3b-9b210a4ac5a3 req-de5ebe60-0670-44cd-bb3b-9b210a4ac5a3 ] Request (ServerActionsTestOtherB:setUpClass): 201 POST http://10.180.1.21/identity/v3/auth/tokens 0.105s
2025-11-23 06:00:42.887 66522 INFO tempest.lib.common.rest_client [req-3ba72b71-01dd-474f-a8a9-14bb9d07a70b req-3ba72b71-01dd-474f-a8a9-14bb9d07a70b ] Request (FloatingIPsNegativeTestJSON:tearDownClass): 204 DELETE http://10.180.1.21/identity/v3/users/8b41a3c8270b4399ba4f777d6c4814c0 0.133s
2025-11-23 06:00:42.888 66522 INFO tempest.lib.common.dynamic_creds [-] Deleting project and security group for project: 15cd11d81c2a4ee09bc853f55952cf4a
2025-11-23 06:00:42.914 66530 INFO tempest.lib.common.rest_client [req-4d4ee000-cf9a-4870-8a0f-b79cdc6dfd52 req-4d4ee000-cf9a-4870-8a0f-b79cdc6dfd52 ] Request (ServerActionsTestOtherB:setUpClass): 201 POST http://10.180.1.21/identity/v3/auth/tokens 0.076s
2025-11-23 06:00:42.947 66562 INFO tempest.lib.common.rest_client [req-eb74b941-f652-4d07-8636-3563267fa910 req-eb74b941-f652-4d07-8636-3563267fa910 ] Request (SecurityGroupsTestJSON:test_list_security_groups_by_server): 202 POST http://10.180.1.21/compute/v2.1/servers/6ea678b3-ac34-4277-b8d7-d6dc781b9b32/action 1.773s
2025-11-23 06:00:42.968 66530 INFO tempest.lib.common.rest_client [req-65c6cf0d-2eea-4dd8-8f4e-9f41fc06c418 req-65c6cf0d-2eea-4dd8-8f4e-9f41fc06c418 ] Request (ServerActionsTestOtherB:setUpClass): 200 GET http://10.180.1.21/identity/v3/domains?name=Default 0.053s
2025-11-23 06:00:42.969 66522 INFO tempest.lib.common.rest_client [req-e08a4c08-3382-4fc7-b586-2f0d1285b03f req-e08a4c08-3382-4fc7-b586-2f0d1285b03f ] Request (FloatingIPsNegativeTestJSON:tearDownClass): 200 GET http://10.180.1.21/networking/v2.0/security-groups?tenant_id=15cd11d81c2a4ee09bc853f55952cf4a&name=default 0.081s
2025-11-23 06:00:43.003 66530 INFO tempest.lib.common.rest_client [req-dd231490-c46d-4084-98ac-fb94fcf91642 req-dd231490-c46d-4084-98ac-fb94fcf91642 ] Request (ServerActionsTestOtherB:setUpClass): 201 POST http://10.180.1.21/identity/v3/projects 0.035s
2025-11-23 06:00:43.011 66566 INFO tempest.lib.common.rest_client [req-1d865b4d-6c6c-4465-b812-90c4ec6d4467 req-1d865b4d-6c6c-4465-b812-90c4ec6d4467 ] Request (AttachVolumeShelveTestJSON:test_attach_volume_shelved_or_offload_server): 200 GET http://10.180.1.21/compute/v2.1/servers/ebc9c295-f385-49f8-81f2-8f513e50319e 1.284s
2025-11-23 06:00:43.065 66530 INFO tempest.lib.common.rest_client [req-e3db11af-1e8b-4a61-ba44-ff22cdef4733 req-e3db11af-1e8b-4a61-ba44-ff22cdef4733 ] Request (ServerActionsTestOtherB:setUpClass): 201 POST http://10.180.1.21/identity/v3/users 0.061s
2025-11-23 06:00:43.086 66530 INFO tempest.lib.common.rest_client [req-a1532d9b-4682-46ca-83ce-0b7dbf605bff req-a1532d9b-4682-46ca-83ce-0b7dbf605bff ] Request (ServerActionsTestOtherB:setUpClass): 200 GET http://10.180.1.21/identity/v3/roles 0.020s
2025-11-23 06:00:43.089 66522 INFO tempest.lib.common.rest_client [req-83b850a6-bc9c-45ca-9994-7c373afeeb90 req-83b850a6-bc9c-45ca-9994-7c373afeeb90 ] Request (FloatingIPsNegativeTestJSON:tearDownClass): 204 DELETE http://10.180.1.21/networking/v2.0/security-groups/cf8cfd3b-a4b9-41fc-945a-2eecac960f2e 0.120s
2025-11-23 06:00:43.112 66528 INFO tempest.lib.common.rest_client [req-9a036588-3253-4b40-98ba-f4b3e1c8ff1d req-9a036588-3253-4b40-98ba-f4b3e1c8ff1d ] Request (ServersWithSpecificFlavorTestJSON:test_verify_created_server_ephemeral_disk): 200 GET http://10.180.1.21/compute/v2.1/servers/b9f50b0e-1ec5-4bb4-948e-1d02f17d4b54 1.361s
2025-11-23 06:00:43.117 66530 INFO tempest.lib.common.rest_client [req-f045b5a2-33fc-4495-a3d9-9b3b3e3155c9 req-f045b5a2-33fc-4495-a3d9-9b3b3e3155c9 ] Request (ServerActionsTestOtherB:setUpClass): 204 PUT http://10.180.1.21/identity/v3/projects/e788cd2bb21b424284c17e4487e9882a/users/20516445ba6541e589b8ccf0be7adb7f/roles/089d9a6317c34e0c8c1587cdd15bec65 0.030s
2025-11-23 06:00:43.117 66530 INFO tempest.lib.common.dynamic_creds [-] Dynamic test user 20516445ba6541e589b8ccf0be7adb7f is created with scope project and roles: ['member']
2025-11-23 06:00:43.117 66530 INFO tempest.lib.common.dynamic_creds [-] Acquired dynamic creds: credentials: Credentials: {'domain_id': 'default', 'domain_name': 'Default', 'username': 'tempest-ServerActionsTestOtherB-353700686-project-member', 'project_domain_id': 'default', 'project_domain_name': 'Default', 'project_id': 'e788cd2bb21b424284c17e4487e9882a', 'project_name': 'tempest-ServerActionsTestOtherB-353700686', 'tenant_id': 'e788cd2bb21b424284c17e4487e9882a', 'tenant_name': 'tempest-ServerActionsTestOtherB-353700686', 'user_domain_id': 'default', 'user_domain_name': 'Default', 'user_id': '20516445ba6541e589b8ccf0be7adb7f', 'system': None}, Network: None, Subnet: None, Router: None
2025-11-23 06:00:43.120 66528 INFO tempest.common.waiters [-] State transition "BUILD/None" ==> "BUILD/networking" after 63 second wait
2025-11-23 06:00:43.131 66534 INFO tempest.lib.common.rest_client [req-0b3ccfca-615c-4635-bde5-e3d8c13df509 req-0b3ccfca-615c-4635-bde5-e3d8c13df509 ] Request (ServerActionsV293TestJSON:setUpClass): 200 GET http://10.180.1.21/compute/v2.1/servers/f1802d4b-0a6e-408d-8aac-f75e82089087 1.312s
2025-11-23 06:00:43.159 66522 INFO tempest.lib.common.rest_client [req-928e2ebf-cc53-4c53-b285-713122d28428 req-928e2ebf-cc53-4c53-b285-713122d28428 ] Request (FloatingIPsNegativeTestJSON:tearDownClass): 204 DELETE http://10.180.1.21/identity/v3/projects/15cd11d81c2a4ee09bc853f55952cf4a 0.070s
2025-11-23 06:00:43.192 66530 INFO tempest.lib.common.rest_client [req-0519ca31-4bb6-4f32-8ae7-f0fa45f07d4f req-0519ca31-4bb6-4f32-8ae7-f0fa45f07d4f ] Request (ServerActionsTestOtherB:setUpClass): 201 POST http://10.180.1.21/identity/v3/auth/tokens 0.074s
2025-11-23 06:00:43.214 66526 INFO tempest.lib.common.rest_client [req-84b723eb-0ffd-4bba-a950-b9d6b854ff57 req-84b723eb-0ffd-4bba-a950-b9d6b854ff57 ] Request (DeleteServersAdminTestJSON:test_admin_delete_servers_of_others): 200 GET http://10.180.1.21/compute/v2.1/servers/d2cb7a72-1a45-4b17-9679-01939348afd5 1.357s
2025-11-23 06:00:43.227 66522 INFO tempest.lib.common.rest_client [req-2bc9e174-6996-4c08-9ae6-bc1688d692ac req-2bc9e174-6996-4c08-9ae6-bc1688d692ac ] Request (VolumesSnapshotsTestJSON:setUpClass): 201 POST http://10.180.1.21/identity/v3/auth/tokens 0.066s
2025-11-23 06:00:43.231 66560 INFO tempest.lib.common.rest_client [req-ebf38d74-8c4f-4a5d-b46b-009554e154d2 req-ebf38d74-8c4f-4a5d-b46b-009554e154d2 ] Request (ServerPasswordTestJSON:setUpClass): 200 GET http://10.180.1.21/compute/v2.1/servers/b2702e5b-4b3b-4f65-9ca7-d77c654a4d5f 1.325s
2025-11-23 06:00:43.259 66522 INFO tempest.lib.common.rest_client [req-0c8714a7-7d0b-447d-bff2-6f35f0d1d86e req-0c8714a7-7d0b-447d-bff2-6f35f0d1d86e ] Request (VolumesSnapshotsTestJSON:setUpClass): 201 POST http://10.180.1.21/identity/v3/auth/tokens 0.030s
2025-11-23 06:00:43.285 66522 INFO tempest.lib.common.rest_client [req-2f49fb74-594f-4820-bc29-2ff88859a4bb req-2f49fb74-594f-4820-bc29-2ff88859a4bb ] Request (VolumesSnapshotsTestJSON:setUpClass): 200 GET http://10.180.1.21/identity/v3/domains?name=Default 0.025s
2025-11-23 06:00:43.317 66522 INFO tempest.lib.common.rest_client [req-1494a0f9-2592-4809-992e-6a32bd8fc463 req-1494a0f9-2592-4809-992e-6a32bd8fc463 ] Request (VolumesSnapshotsTestJSON:setUpClass): 201 POST http://10.180.1.21/identity/v3/projects 0.031s
2025-11-23 06:00:43.387 66522 INFO tempest.lib.common.rest_client [req-108fac0c-9308-4b80-874d-6e2cec866fbf req-108fac0c-9308-4b80-874d-6e2cec866fbf ] Request (VolumesSnapshotsTestJSON:setUpClass): 201 POST http://10.180.1.21/identity/v3/users 0.069s
2025-11-23 06:00:43.411 66522 INFO tempest.lib.common.rest_client [req-e111d4aa-d9c1-47aa-9ffb-8e7d690fe9f4 req-e111d4aa-d9c1-47aa-9ffb-8e7d690fe9f4 ] Request (VolumesSnapshotsTestJSON:setUpClass): 200 GET http://10.180.1.21/identity/v3/roles 0.024s
2025-11-23 06:00:43.441 66522 INFO tempest.lib.common.rest_client [req-19ff8c12-bfda-460d-b1c2-c0a4ad29f1d1 req-19ff8c12-bfda-460d-b1c2-c0a4ad29f1d1 ] Request (VolumesSnapshotsTestJSON:setUpClass): 204 PUT http://10.180.1.21/identity/v3/projects/151ef6788b53420e8955305fb3b5234c/users/d5b5175942224fbcb2cddc195def3678/roles/089d9a6317c34e0c8c1587cdd15bec65 0.029s
2025-11-23 06:00:43.441 66522 INFO tempest.lib.common.dynamic_creds [-] Dynamic test user d5b5175942224fbcb2cddc195def3678 is created with scope project and roles: ['member']
2025-11-23 06:00:43.442 66522 INFO tempest.lib.common.dynamic_creds [-] Acquired dynamic creds: credentials: Credentials: {'domain_id': 'default', 'domain_name': 'Default', 'username': 'tempest-VolumesSnapshotsTestJSON-2074124354-project-member', 'project_domain_id': 'default', 'project_domain_name': 'Default', 'project_id': '151ef6788b53420e8955305fb3b5234c', 'project_name': 'tempest-VolumesSnapshotsTestJSON-2074124354', 'tenant_id': '151ef6788b53420e8955305fb3b5234c', 'tenant_name': 'tempest-VolumesSnapshotsTestJSON-2074124354', 'user_domain_id': 'default', 'user_domain_name': 'Default', 'user_id': 'd5b5175942224fbcb2cddc195def3678', 'system': None}, Network: None, Subnet: None, Router: None
2025-11-23 06:00:43.442 66522 INFO tempest.lib.common.dynamic_creds [-] Created isolated network resources for: credentials: Credentials: {'domain_id': 'default', 'domain_name': 'Default', 'username': 'tempest-VolumesSnapshotsTestJSON-2074124354-project-member', 'project_domain_id': 'default', 'project_domain_name': 'Default', 'project_id': '151ef6788b53420e8955305fb3b5234c', 'project_name': 'tempest-VolumesSnapshotsTestJSON-2074124354', 'tenant_id': '151ef6788b53420e8955305fb3b5234c', 'tenant_name': 'tempest-VolumesSnapshotsTestJSON-2074124354', 'user_domain_id': 'default', 'user_domain_name': 'Default', 'user_id': 'd5b5175942224fbcb2cddc195def3678', 'system': None}, Network: None, Subnet: None, Router: None
2025-11-23 06:00:43.499 66530 INFO tempest.lib.common.rest_client [req-0a6cd076-bbed-4bfd-932b-9e93ecb8db05 req-0a6cd076-bbed-4bfd-932b-9e93ecb8db05 ] Request (ServerActionsTestOtherB:setUpClass): 201 POST http://10.180.1.21/networking/v2.0/networks 0.307s
2025-11-23 06:00:43.530 66504 INFO tempest.lib.common.rest_client [req-f5fc6388-bdcf-49fb-b455-758fe08d74c0 req-f5fc6388-bdcf-49fb-b455-758fe08d74c0 ] Request (ServerAddressesTestJSON:tearDownClass): 200 GET http://10.180.1.21/compute/v2.1/servers/636bbd47-c446-4a5e-8431-a3b2f7604674 1.581s
2025-11-23 06:00:43.537 66522 INFO tempest.lib.common.rest_client [req-025e839e-faad-4946-88d1-aefe95f3afe7 req-025e839e-faad-4946-88d1-aefe95f3afe7 ] Request (VolumesSnapshotsTestJSON:setUpClass): 201 POST http://10.180.1.21/identity/v3/auth/tokens 0.092s
2025-11-23 06:00:43.539 66540 INFO tempest.lib.common.rest_client [req-27493ed2-062b-4c69-8e7e-e81ed7ce4a92 req-27493ed2-062b-4c69-8e7e-e81ed7ce4a92 ] Request (ServerActionsTestOtherA:test_rebuild_server_in_stop_state): 200 GET http://10.180.1.21/compute/v2.1/servers/b4b4223b-2e0b-4ba4-a034-d5803cd81c5c 1.563s
2025-11-23 06:00:43.724 66530 INFO tempest.lib.common.rest_client [req-f1515b3e-d5ea-4457-afcf-4361820db2bf req-f1515b3e-d5ea-4457-afcf-4361820db2bf ] Request (ServerActionsTestOtherB:setUpClass): 201 POST http://10.180.1.21/networking/v2.0/subnets 0.224s
2025-11-23 06:00:43.762 66512 INFO tempest.lib.common.rest_client [req-6266bec5-6043-4e5b-924c-a25002a7c298 req-6266bec5-6043-4e5b-924c-a25002a7c298 ] Request (ServersAdminNegativeTestJSON:tearDownClass): 200 GET http://10.180.1.21/compute/v2.1/servers/fd1cec1a-34c4-4fb6-b1bb-b07dedd940e0 1.698s
2025-11-23 06:00:43.785 66542 INFO tempest.lib.common.rest_client [req-01a01746-b830-4292-9a97-81d9d18b950a req-01a01746-b830-4292-9a97-81d9d18b950a ] Request (ImagesOneServerNegativeTestJSON:_run_cleanups): 200 GET http://10.180.1.21/compute/v2.1/servers/f3867698-a131-4a61-a36c-e974372173be 1.751s
2025-11-23 06:00:44.558 66530 INFO tempest.lib.common.rest_client [req-cd1236d4-0d74-4b9e-91df-bfa0c939fc52 req-cd1236d4-0d74-4b9e-91df-bfa0c939fc52 ] Request (ServerActionsTestOtherB:setUpClass): 201 POST http://10.180.1.21/networking/v2.0/routers 0.833s
2025-11-23 06:00:44.619 66548 INFO tempest.lib.common.rest_client [req-5cc1a0ad-25d4-4c1f-8631-8dd26fc6436b req-5cc1a0ad-25d4-4c1f-8631-8dd26fc6436b ] Request (ServerAddressesNegativeTestJSON:setUpClass): 200 GET http://10.180.1.21/compute/v2.1/servers/47b580ec-1dbf-4911-bfe9-f29725d83c6e 2.416s
2025-11-23 06:00:44.649 66538 INFO tempest.lib.common.rest_client [req-2b9ae44a-7702-495e-8d44-765249984a71 req-2b9ae44a-7702-495e-8d44-765249984a71 ] Request (ServersListShow298Test:tearDownClass): 200 GET http://10.180.1.21/compute/v2.1/servers/2a8d8483-a90b-4993-8b30-30536a1c568e 2.495s
2025-11-23 06:00:44.980 66514 INFO tempest.lib.common.rest_client [req-22c5941b-85f9-4905-9401-2a0837a74e4a req-22c5941b-85f9-4905-9401-2a0837a74e4a ] Request (VolumesAssistedSnapshotsTest:tearDownClass): 200 GET http://10.180.1.21/compute/v2.1/servers/e5664cd0-53bb-4fbd-9f18-ef729483e14d 2.729s
2025-11-23 06:00:44.989 66524 INFO tempest.lib.common.rest_client [req-5847fe37-1087-4cba-8d27-d6d120cd52ea req-5847fe37-1087-4cba-8d27-d6d120cd52ea ] Request (ServersTestMultiNic:_run_cleanups): 200 GET http://10.180.1.21/compute/v2.1/servers/bc7361f6-d942-4256-87fb-5a4b2ab09418 2.628s
2025-11-23 06:00:45.066 66550 INFO tempest.lib.common.rest_client [req-77f861b8-be7f-4373-9cda-696df4c20038 req-77f861b8-be7f-4373-9cda-696df4c20038 ] Request (ListImageFiltersTestJSON:test_list_images_filter_by_changes_since): 200 GET http://10.180.1.21/compute/v2.1/images?changes-since=2025-11-23T05%3A58%3A40Z 2.431s
2025-11-23 06:00:45.070 66520 INFO tempest.lib.common.rest_client [req-a283244d-e89f-4075-987a-92d2fae18857 req-a283244d-e89f-4075-987a-92d2fae18857 ] Request (AttachInterfacesTestJSON:_run_cleanups): 200 GET http://10.180.1.21/compute/v2.1/servers/e1b66308-90ea-4e05-afe2-f8087e9d4773 2.693s
2025-11-23 06:00:45.130 66508 INFO tempest.lib.common.rest_client [req-b381f508-b406-4765-8b08-3b7e09f88f6b req-b381f508-b406-4765-8b08-3b7e09f88f6b ] Request (AttachInterfacesV270Test:test_create_get_list_interfaces): 200 GET http://10.180.1.21/compute/v2.1/servers/d65d3f14-307b-421e-b6ad-23dd6c03cd7a 2.311s
2025-11-23 06:00:45.151 66510 INFO tempest.lib.common.rest_client [req-4cfc87e7-356f-4a15-9c78-9d6441c148a9 req-4cfc87e7-356f-4a15-9c78-9d6441c148a9 ] Request (ServerShowV247Test:tearDownClass): 200 GET http://10.180.1.21/compute/v2.1/servers/12269969-7599-4653-9dc0-b7cf962f03b9 2.307s
2025-11-23 06:00:45.232 66545 INFO tempest.lib.common.rest_client [req-79c38d02-cfbb-4ae7-8bf4-e784e317c766 req-79c38d02-cfbb-4ae7-8bf4-e784e317c766 ] Request (ServersTestJSON:test_create_specify_keypair): 200 GET http://10.180.1.21/compute/v2.1/servers/a53d3c8b-3d47-45c7-8d15-f61d13d347bf 2.227s
2025-11-23 06:00:45.306 66536 INFO tempest.lib.common.rest_client [req-5f75de62-e607-468d-9c84-c8dda856190e req-5f75de62-e607-468d-9c84-c8dda856190e ] Request (ServersAdminTestJSON:test_inject_network_info): 200 GET http://10.180.1.21/compute/v2.1/servers/f0bdc13e-ff72-4887-8332-76712e0c436e 2.295s
2025-11-23 06:00:45.472 66530 INFO tempest.lib.common.rest_client [req-82233b62-de42-4977-83f5-6ef2b9e4932a req-82233b62-de42-4977-83f5-6ef2b9e4932a ] Request (ServerActionsTestOtherB:setUpClass): 200 PUT http://10.180.1.21/networking/v2.0/routers/2eb5f347-53cb-4269-b63c-365245940379/add_router_interface 0.914s
2025-11-23 06:00:45.472 66530 INFO tempest.lib.common.dynamic_creds [-] Created isolated network resources for: credentials: Credentials: {'domain_id': 'default', 'domain_name': 'Default', 'username': 'tempest-ServerActionsTestOtherB-353700686-project-member', 'project_domain_id': 'default', 'project_domain_name': 'Default', 'project_id': 'e788cd2bb21b424284c17e4487e9882a', 'project_name': 'tempest-ServerActionsTestOtherB-353700686', 'tenant_id': 'e788cd2bb21b424284c17e4487e9882a', 'tenant_name': 'tempest-ServerActionsTestOtherB-353700686', 'user_domain_id': 'default', 'user_domain_name': 'Default', 'user_id': '20516445ba6541e589b8ccf0be7adb7f', 'system': None}, Network: {'id': 'fff8e632-f479-47c0-bfed-dd7214faa9bd', 'name': 'tempest-ServerActionsTestOtherB-1385478500-network', 'tenant_id': 'e788cd2bb21b424284c17e4487e9882a', 'project_id': 'e788cd2bb21b424284c17e4487e9882a', 'admin_state_up': True, 'mtu': 8950, 'status': 'ACTIVE', 'subnets': [], 'shared': False, 'port_security_enabled': True, 'router:external': False, 'provider:network_type': 'vlan', 'provider:physical_network': 'default', 'provider:segmentation_id': 552, 'availability_zone_hints': [], 'availability_zones': [], 'ipv4_address_scope': None, 'ipv6_address_scope': None, 'description': '', 'tags': [], 'created_at': '2025-11-23T06:00:43Z', 'updated_at': '2025-11-23T06:00:43Z', 'revision_number': 1}, Subnet: {'id': 'defa3b20-172b-4349-a33c-07e87f4ea56f', 'name': 'tempest-ServerActionsTestOtherB-1385478500-subnet', 'tenant_id': 'e788cd2bb21b424284c17e4487e9882a', 'network_id': 'fff8e632-f479-47c0-bfed-dd7214faa9bd', 'ip_version': 4, 'subnetpool_id': None, 'enable_dhcp': True, 'ipv6_ra_mode': None, 'ipv6_address_mode': None, 'gateway_ip': '192.168.128.1', 'cidr': '192.168.128.0/28', 'allocation_pools': [{'start': '192.168.128.2', 'end': '192.168.128.14'}], 'host_routes': [], 'dns_nameservers': [], 'description': '', 'router:external': False, 'service_types': [], 'tags': [], 'created_at': '2025-11-23T06:00:43Z', 'updated_at': '2025-11-23T06:00:43Z', 'revision_number': 0, 'project_id': 'e788cd2bb21b424284c17e4487e9882a'}, Router: {'id': '2eb5f347-53cb-4269-b63c-365245940379', 'name': 'tempest-ServerActionsTestOtherB-1385478500-router', 'tenant_id': 'e788cd2bb21b424284c17e4487e9882a', 'admin_state_up': True, 'status': 'ACTIVE', 'external_gateway_info': {'network_id': 'e370e1e2-6702-44a7-8340-e76e3c1bf1b3', 'external_fixed_ips': [{'subnet_id': '79bf6829-2a1b-489d-903f-be36cdebf499', 'ip_address': '10.180.180.224'}], 'enable_snat': True}, 'description': '', 'availability_zones': [], 'distributed': False, 'ha': False, 'availability_zone_hints': [], 'routes': [], 'flavor_id': None, 'tags': [], 'created_at': '2025-11-23T06:00:43Z', 'updated_at': '2025-11-23T06:00:44Z', 'revision_number': 2, 'project_id': 'e788cd2bb21b424284c17e4487e9882a'}
2025-11-23 06:00:45.508 66506 INFO tempest.lib.common.rest_client [req-00573838-3a8c-47b6-b2f1-09d2cd2a5d02 req-00573838-3a8c-47b6-b2f1-09d2cd2a5d02 ] Request (DeleteServersTestJSON:test_delete_server_while_in_shelved_state): 200 GET http://10.180.1.21/compute/v2.1/servers/f905be7d-6643-4b39-b429-607a2c7db889 2.167s
2025-11-23 06:00:45.563 66562 INFO tempest.lib.common.rest_client [req-76799230-0501-4af8-8be9-b7d20a76a39e req-76799230-0501-4af8-8be9-b7d20a76a39e ] Request (SecurityGroupsTestJSON:test_list_security_groups_by_server): 202 POST http://10.180.1.21/compute/v2.1/servers/6ea678b3-ac34-4277-b8d7-d6dc781b9b32/action 2.615s
2025-11-23 06:00:45.576 66530 INFO tempest.lib.common.rest_client [req-2b552f5c-1ffc-4ee4-8223-a930ed147a96 req-2b552f5c-1ffc-4ee4-8223-a930ed147a96 ] Request (ServerActionsTestOtherB:setUpClass): 201 POST http://10.180.1.21/identity/v3/auth/tokens 0.100s
2025-11-23 06:00:45.587 66518 INFO tempest.lib.common.rest_client [req-5f0ec46a-8068-4e54-8489-964485711323 req-5f0ec46a-8068-4e54-8489-964485711323 ] Request (ListServerFiltersTestJSON:setUpClass): 200 GET http://10.180.1.21/compute/v2.1/servers/3dd97624-0e38-4225-972e-6fad881fae16 2.237s
2025-11-23 06:00:45.781 66546 WARNING tempest.lib.common.ssh [-] Failed to establish authenticated ssh connection to cirros@10.180.180.230 ([Errno None] Unable to connect to port 22 on 10.180.180.230). Number attempts: 1. Retry after 2 seconds.: paramiko.ssh_exception.NoValidConnectionsError: [Errno None] Unable to connect to port 22 on 10.180.180.230
2025-11-23 06:00:45.927 66522 INFO tempest.lib.common.rest_client [req-a83cded9-c385-4f36-9774-62d0f71c1445 req-a83cded9-c385-4f36-9774-62d0f71c1445 ] Request (VolumesSnapshotsTestJSON:test_volume_snapshot_create_get_list_delete): 200 POST http://10.180.1.21/compute/v2.1/os-volumes 2.387s
2025-11-23 06:00:46.073 66516 INFO tempest.lib.common.rest_client [req-22c4e2a2-8626-4e0e-8cf6-26c1fde2e0e0 req-22c4e2a2-8626-4e0e-8cf6-26c1fde2e0e0 ] Request (ServersTestFqdnHostnames:test_create_server_with_fqdn_name): 200 GET http://10.180.1.21/compute/v2.1/servers/0a8867bd-6921-44c7-bbdd-aff26dbaa536 2.288s
2025-11-23 06:00:46.326 66566 INFO tempest.lib.common.rest_client [req-173d6b5f-69e1-487e-94f5-9df70af51972 req-173d6b5f-69e1-487e-94f5-9df70af51972 ] Request (AttachVolumeShelveTestJSON:test_attach_volume_shelved_or_offload_server): 200 GET http://10.180.1.21/compute/v2.1/servers/ebc9c295-f385-49f8-81f2-8f513e50319e 2.302s
2025-11-23 06:00:46.412 66528 INFO tempest.lib.common.rest_client [req-97110e82-a842-4934-a31f-906efbdf9e59 req-97110e82-a842-4934-a31f-906efbdf9e59 ] Request (ServersWithSpecificFlavorTestJSON:test_verify_created_server_ephemeral_disk): 200 GET http://10.180.1.21/compute/v2.1/servers/b9f50b0e-1ec5-4bb4-948e-1d02f17d4b54 2.291s
2025-11-23 06:00:46.419 66528 INFO tempest.common.waiters [-] State transition "BUILD/networking" ==> "BUILD/spawning" after 66 second wait
2025-11-23 06:00:46.518 66534 INFO tempest.lib.common.rest_client [req-815c8b26-d2f8-4a51-8084-582d843e3b46 req-815c8b26-d2f8-4a51-8084-582d843e3b46 ] Request (ServerActionsV293TestJSON:setUpClass): 200 GET http://10.180.1.21/compute/v2.1/servers/f1802d4b-0a6e-408d-8aac-f75e82089087 2.376s
2025-11-23 06:00:46.561 66526 INFO tempest.lib.common.rest_client [req-e39505f9-5882-4e48-a90e-3429b2753590 req-e39505f9-5882-4e48-a90e-3429b2753590 ] Request (DeleteServersAdminTestJSON:test_admin_delete_servers_of_others): 200 GET http://10.180.1.21/compute/v2.1/servers/d2cb7a72-1a45-4b17-9679-01939348afd5 2.338s
2025-11-23 06:00:46.662 66560 INFO tempest.lib.common.rest_client [req-c4d34155-d8ce-4319-9709-7bf7732129e4 req-c4d34155-d8ce-4319-9709-7bf7732129e4 ] Request (ServerPasswordTestJSON:setUpClass): 200 GET http://10.180.1.21/compute/v2.1/servers/b2702e5b-4b3b-4f65-9ca7-d77c654a4d5f 2.417s
2025-11-23 06:00:46.703 66504 INFO tempest.lib.common.rest_client [req-5aa15f5c-34d8-4553-aed6-9b59bf977df9 req-5aa15f5c-34d8-4553-aed6-9b59bf977df9 ] Request (ServerAddressesTestJSON:tearDownClass): 200 GET http://10.180.1.21/compute/v2.1/servers/636bbd47-c446-4a5e-8431-a3b2f7604674 2.159s
2025-11-23 06:00:46.801 66556 WARNING tempest.lib.common.ssh [-] Failed to establish authenticated ssh connection to cirros@10.180.180.225 ([Errno None] Unable to connect to port 22 on 10.180.180.225). Number attempts: 4. Retry after 5 seconds.: paramiko.ssh_exception.NoValidConnectionsError: [Errno None] Unable to connect to port 22 on 10.180.180.225
2025-11-23 06:00:46.827 66540 INFO tempest.lib.common.rest_client [req-b44b0092-fc19-4139-90df-212e601c3f79 req-b44b0092-fc19-4139-90df-212e601c3f79 ] Request (ServerActionsTestOtherA:test_rebuild_server_in_stop_state): 200 GET http://10.180.1.21/compute/v2.1/servers/b4b4223b-2e0b-4ba4-a034-d5803cd81c5c 2.274s
2025-11-23 06:00:46.839 66512 INFO tempest.lib.common.rest_client [req-6218b1a6-f120-46be-9020-bd796672b210 req-6218b1a6-f120-46be-9020-bd796672b210 ] Request (ServersAdminNegativeTestJSON:tearDownClass): 200 GET http://10.180.1.21/compute/v2.1/servers/fd1cec1a-34c4-4fb6-b1bb-b07dedd940e0 2.060s
2025-11-23 06:00:46.910 66542 INFO tempest.lib.common.rest_client [req-bade8128-6c22-4eac-889c-06d435b0d396 req-bade8128-6c22-4eac-889c-06d435b0d396 ] Request (ImagesOneServerNegativeTestJSON:_run_cleanups): 200 GET http://10.180.1.21/compute/v2.1/servers/f3867698-a131-4a61-a36c-e974372173be 2.115s
2025-11-23 06:00:46.914 66550 INFO tempest.lib.common.rest_client [req-0cef977a-a3fd-46aa-b222-b3c030697859 req-0cef977a-a3fd-46aa-b222-b3c030697859 ] Request (ListImageFiltersTestJSON:test_list_images_filter_by_name): 200 GET http://10.180.1.21/compute/v2.1/images?name=tempest-ListImageFiltersTestJSON-image-297995503 1.843s
2025-11-23 06:00:46.973 66530 INFO tempest.lib.common.rest_client [req-7db3bcf6-9a09-4217-b767-e4918aa13ed9 req-7db3bcf6-9a09-4217-b767-e4918aa13ed9 ] Request (ServerActionsTestOtherB:setUpClass): 200 POST http://10.180.1.21/compute/v2.1/os-keypairs 1.395s
2025-11-23 06:00:47.009 66562 INFO tempest.lib.common.rest_client [req-1e51c91b-4e65-4aa5-8e6f-dfe38160a094 req-1e51c91b-4e65-4aa5-8e6f-dfe38160a094 ] Request (SecurityGroupsTestJSON:test_list_security_groups_by_server): 200 GET http://10.180.1.21/compute/v2.1/servers/6ea678b3-ac34-4277-b8d7-d6dc781b9b32/os-security-groups 1.445s
2025-11-23 06:00:47.113 66530 INFO tempest.lib.common.rest_client [req-ea5fb070-0e0c-41f8-abef-4c1db9bd80ad req-ea5fb070-0e0c-41f8-abef-4c1db9bd80ad ] Request (ServerActionsTestOtherB:setUpClass): 201 POST http://10.180.1.21/networking/v2.0/security-groups 0.138s
2025-11-23 06:00:47.199 66538 INFO tempest.lib.common.rest_client [req-95f02987-faef-4673-8ff2-89b3aaa99897 req-95f02987-faef-4673-8ff2-89b3aaa99897 ] Request (ServersListShow298Test:tearDownClass): 200 GET http://10.180.1.21/compute/v2.1/servers/2a8d8483-a90b-4993-8b30-30536a1c568e 1.534s
2025-11-23 06:00:47.239 66522 INFO tempest.lib.common.rest_client [req-59c2cab6-aaec-4198-bfb9-b423d122118d req-59c2cab6-aaec-4198-bfb9-b423d122118d ] Request (VolumesSnapshotsTestJSON:test_volume_snapshot_create_get_list_delete): 200 GET http://10.180.1.21/compute/v2.1/os-volumes/e7cc51e4-45a7-457b-a918-af3e82d2435c 1.304s
2025-11-23 06:00:47.241 66522 INFO tempest.common.waiters [-] volume e7cc51e4-45a7-457b-a918-af3e82d2435c reached available after waiting for 0.241681 seconds
2025-11-23 06:00:47.271 66530 INFO tempest.lib.common.rest_client [req-85739669-3c50-43db-a39d-6a2ebc1b6c4e req-85739669-3c50-43db-a39d-6a2ebc1b6c4e ] Request (ServerActionsTestOtherB:setUpClass): 201 POST http://10.180.1.21/networking/v2.0/security-group-rules 0.157s
2025-11-23 06:00:47.305 66548 INFO tempest.lib.common.rest_client [req-c48c2282-dd20-410b-a6bd-3150518f8c4b req-c48c2282-dd20-410b-a6bd-3150518f8c4b ] Request (ServerAddressesNegativeTestJSON:setUpClass): 200 GET http://10.180.1.21/compute/v2.1/servers/47b580ec-1dbf-4911-bfe9-f29725d83c6e 1.677s
