2025-11-23 05:58:15.197 66556 INFO tempest.lib.common.rest_client [req-e11f2f90-1d34-4a90-be00-a833e4cd72b6 req-e11f2f90-1d34-4a90-be00-a833e4cd72b6 ] Request (ServerDiagnosticsV248Test:setUpClass): 204 PUT http://10.180.1.21/identity/v3/projects/3115833235564346b64daf624dd2b37a/users/be43bd3f5f984ef39b97e54aa35fc430/roles/089d9a6317c34e0c8c1587cdd15bec65 0.067s
2025-11-23 05:58:15.198 66556 INFO tempest.lib.common.dynamic_creds [-] Dynamic test user be43bd3f5f984ef39b97e54aa35fc430 is created with scope project and roles: ['member']
2025-11-23 05:58:15.198 66556 INFO tempest.lib.common.dynamic_creds [-] Acquired dynamic creds: credentials: Credentials: {'domain_id': 'default', 'domain_name': 'Default', 'username': 'tempest-ServerDiagnosticsV248Test-4796751-project-member', 'project_domain_id': 'default', 'project_domain_name': 'Default', 'project_id': '3115833235564346b64daf624dd2b37a', 'project_name': 'tempest-ServerDiagnosticsV248Test-4796751', 'tenant_id': '3115833235564346b64daf624dd2b37a', 'tenant_name': 'tempest-ServerDiagnosticsV248Test-4796751', 'user_domain_id': 'default', 'user_domain_name': 'Default', 'user_id': 'be43bd3f5f984ef39b97e54aa35fc430', 'system': None}, Network: None, Subnet: None, Router: None
2025-11-23 05:58:15.198 66556 INFO tempest.lib.common.dynamic_creds [-] Created isolated network resources for: credentials: Credentials: {'domain_id': 'default', 'domain_name': 'Default', 'username': 'tempest-ServerDiagnosticsV248Test-4796751-project-member', 'project_domain_id': 'default', 'project_domain_name': 'Default', 'project_id': '3115833235564346b64daf624dd2b37a', 'project_name': 'tempest-ServerDiagnosticsV248Test-4796751', 'tenant_id': '3115833235564346b64daf624dd2b37a', 'tenant_name': 'tempest-ServerDiagnosticsV248Test-4796751', 'user_domain_id': 'default', 'user_domain_name': 'Default', 'user_id': 'be43bd3f5f984ef39b97e54aa35fc430', 'system': None}, Network: None, Subnet: None, Router: None
2025-11-23 05:58:15.276 66566 INFO tempest.lib.common.rest_client [req-f955aba2-16d8-4b1c-b41f-e3fca4a38e4d req-f955aba2-16d8-4b1c-b41f-e3fca4a38e4d ] Request (ServerRescueTestJSONUnderV235:setUpClass): 200 GET http://10.180.1.21/compute/v2.1/servers/0fab6db8-5f5f-48b8-b0cc-d192f204fbf1 9.335s
2025-11-23 05:58:15.283 66566 INFO tempest.common.waiters [-] State transition "BUILD/spawning" ==> "ACTIVE/None" after 24 second wait
2025-11-23 05:58:15.284 66556 INFO tempest.lib.common.rest_client [req-911a6414-73ab-4b87-b34d-81c6204e0f9f req-911a6414-73ab-4b87-b34d-81c6204e0f9f ] Request (ServerDiagnosticsV248Test:setUpClass): 201 POST http://10.180.1.21/identity/v3/auth/tokens 0.081s
2025-11-23 05:58:15.361 66556 INFO tempest.lib.common.rest_client [req-d1d68302-9c2b-41fc-bd2e-cb1e0e0c9f2e req-d1d68302-9c2b-41fc-bd2e-cb1e0e0c9f2e ] Request (ServerDiagnosticsV248Test:setUpClass): 201 POST http://10.180.1.21/identity/v3/projects 0.076s
2025-11-23 05:58:15.428 66556 INFO tempest.lib.common.rest_client [req-b648d7fc-94dc-4bbc-a19d-0a5f464c1b2a req-b648d7fc-94dc-4bbc-a19d-0a5f464c1b2a ] Request (ServerDiagnosticsV248Test:setUpClass): 201 POST http://10.180.1.21/identity/v3/users 0.067s
2025-11-23 05:58:15.450 66556 INFO tempest.lib.common.rest_client [req-d9e2f85c-d23d-4750-9828-61fcb0c78c51 req-d9e2f85c-d23d-4750-9828-61fcb0c78c51 ] Request (ServerDiagnosticsV248Test:setUpClass): 200 GET http://10.180.1.21/identity/v3/roles 0.021s
2025-11-23 05:58:15.461 66536 INFO tempest.lib.common.rest_client [req-130f8d99-c68a-4cba-b215-2aebe3570128 req-130f8d99-c68a-4cba-b215-2aebe3570128 ] Request (ServerDiagnosticsTest:tearDownClass): 200 GET http://10.180.1.21/networking/v2.0/security-groups?tenant_id=6b187f00aabb48d1825789586118a7a4&name=default 0.579s
2025-11-23 05:58:15.481 66556 INFO tempest.lib.common.rest_client [req-177b14ce-c8ca-4a88-9a2a-f38f4d7b5b38 req-177b14ce-c8ca-4a88-9a2a-f38f4d7b5b38 ] Request (ServerDiagnosticsV248Test:setUpClass): 204 PUT http://10.180.1.21/identity/v3/projects/115bba41f64e4d028e43fda81a7f0157/users/1942374b2a7c48a7b2ab5b44af2cb701/roles/39b7c6a39bee423683ab9c9c426cb253 0.031s
2025-11-23 05:58:15.500 66540 INFO tempest.lib.common.rest_client [req-afd2f960-9535-4438-8e24-5ce726c65196 req-afd2f960-9535-4438-8e24-5ce726c65196 ] Request (ServerActionsTestOtherA:setUpClass): 200 POST http://10.180.1.21/compute/v2.1/os-keypairs 9.355s
2025-11-23 05:58:15.531 66560 INFO tempest.lib.common.rest_client [req-89b6d3b2-53a0-44f5-9199-c3c714dd1c7f req-89b6d3b2-53a0-44f5-9199-c3c714dd1c7f ] Request (QuotasAdminNegativeTest:test_create_server_when_memory_quota_is_full): 403 POST http://10.180.1.21/compute/v2.1/servers 10.319s
2025-11-23 05:58:15.548 66520 INFO tempest.lib.common.rest_client [req-9d3d7c4b-0917-4e98-a50c-1397ac27af28 req-9d3d7c4b-0917-4e98-a50c-1397ac27af28 ] Request (SecurityGroupsNegativeTestJSON:setUpClass): 201 POST http://10.180.1.21/networking/v2.0/networks 0.362s
2025-11-23 05:58:15.551 66556 INFO tempest.lib.common.rest_client [req-41d16de5-05b8-4e2b-871c-0929708a78db req-41d16de5-05b8-4e2b-871c-0929708a78db ] Request (ServerDiagnosticsV248Test:setUpClass): 200 GET http://10.180.1.21/identity/v3/roles 0.069s
2025-11-23 05:58:15.572 66556 INFO tempest.lib.common.rest_client [req-6ccc681c-8f01-4fc0-a6ab-aba40c1f5c1b req-6ccc681c-8f01-4fc0-a6ab-aba40c1f5c1b ] Request (ServerDiagnosticsV248Test:setUpClass): 204 PUT http://10.180.1.21/identity/v3/projects/115bba41f64e4d028e43fda81a7f0157/users/1942374b2a7c48a7b2ab5b44af2cb701/roles/39b7c6a39bee423683ab9c9c426cb253 0.020s
2025-11-23 05:58:15.572 66556 INFO tempest.lib.common.dynamic_creds [-] Dynamic test user 1942374b2a7c48a7b2ab5b44af2cb701 is created with scope project and roles: ['admin']
2025-11-23 05:58:15.573 66556 INFO tempest.lib.common.dynamic_creds [-] Acquired dynamic creds: credentials: Credentials: {'domain_id': 'default', 'domain_name': 'Default', 'username': 'tempest-ServerDiagnosticsV248Test-531185752-project-admin', 'project_domain_id': 'default', 'project_domain_name': 'Default', 'project_id': '115bba41f64e4d028e43fda81a7f0157', 'project_name': 'tempest-ServerDiagnosticsV248Test-531185752', 'tenant_id': '115bba41f64e4d028e43fda81a7f0157', 'tenant_name': 'tempest-ServerDiagnosticsV248Test-531185752', 'user_domain_id': 'default', 'user_domain_name': 'Default', 'user_id': '1942374b2a7c48a7b2ab5b44af2cb701', 'system': None}, Network: None, Subnet: None, Router: None
2025-11-23 05:58:15.573 66556 INFO tempest.lib.common.dynamic_creds [-] Created isolated network resources for: credentials: Credentials: {'domain_id': 'default', 'domain_name': 'Default', 'username': 'tempest-ServerDiagnosticsV248Test-531185752-project-admin', 'project_domain_id': 'default', 'project_domain_name': 'Default', 'project_id': '115bba41f64e4d028e43fda81a7f0157', 'project_name': 'tempest-ServerDiagnosticsV248Test-531185752', 'tenant_id': '115bba41f64e4d028e43fda81a7f0157', 'tenant_name': 'tempest-ServerDiagnosticsV248Test-531185752', 'user_domain_id': 'default', 'user_domain_name': 'Default', 'user_id': '1942374b2a7c48a7b2ab5b44af2cb701', 'system': None}, Network: None, Subnet: None, Router: None
2025-11-23 05:58:15.611 66536 INFO tempest.lib.common.rest_client [req-80c84fd5-2644-41e4-8c24-b479d883fa1a req-80c84fd5-2644-41e4-8c24-b479d883fa1a ] Request (ServerDiagnosticsTest:tearDownClass): 204 DELETE http://10.180.1.21/networking/v2.0/security-groups/68a06534-9a10-405a-8b00-f89023b3e9ff 0.149s
2025-11-23 05:58:15.638 66540 INFO tempest.lib.common.rest_client [req-f0ca0e77-6adc-4a54-9af3-b8117e52d6cd req-f0ca0e77-6adc-4a54-9af3-b8117e52d6cd ] Request (ServerActionsTestOtherA:setUpClass): 201 POST http://10.180.1.21/networking/v2.0/security-groups 0.135s
2025-11-23 05:58:15.670 66556 INFO tempest.lib.common.rest_client [req-919a4425-4a99-40e6-81da-2c4f14937d78 req-919a4425-4a99-40e6-81da-2c4f14937d78 ] Request (ServerDiagnosticsV248Test:setUpClass): 201 POST http://10.180.1.21/identity/v3/auth/tokens 0.094s
2025-11-23 05:58:15.761 66556 INFO tempest.lib.common.rest_client [req-96b53e93-4518-4d4e-b212-3411890aad81 req-96b53e93-4518-4d4e-b212-3411890aad81 ] Request (ServerDiagnosticsV248Test:test_get_server_diagnostics): 201 POST http://10.180.1.21/identity/v3/auth/tokens 0.085s
2025-11-23 05:58:15.762 66556 INFO tempest.lib.common.fixed_network [-] (ServerDiagnosticsV248Test:test_get_server_diagnostics) Found network None available for tenant
2025-11-23 05:58:15.814 66536 INFO tempest.lib.common.rest_client [req-524c2d26-770e-4a37-9d37-f060a7ca97f0 req-524c2d26-770e-4a37-9d37-f060a7ca97f0 ] Request (ServerDiagnosticsTest:tearDownClass): 204 DELETE http://10.180.1.21/identity/v3/projects/6b187f00aabb48d1825789586118a7a4 0.202s
2025-11-23 05:58:15.814 66536 INFO tempest.lib.common.dynamic_creds [-] Deleting project and security group for project: bceb9e5dbef3418da236e85db52a751c
2025-11-23 05:58:15.826 66546 INFO tempest.lib.common.rest_client [req-c8f6a242-92a6-4d75-8e60-2e8653936efc req-c8f6a242-92a6-4d75-8e60-2e8653936efc ] Request (ServersListShow2100Test:test_list_show_rebuild_update_server_2100): 202 POST http://10.180.1.21/compute/v2.1/servers 8.627s
2025-11-23 05:58:15.853 66520 INFO tempest.lib.common.rest_client [req-ad48e002-a116-48f3-ac18-ad3577f8e1ef req-ad48e002-a116-48f3-ac18-ad3577f8e1ef ] Request (SecurityGroupsNegativeTestJSON:setUpClass): 201 POST http://10.180.1.21/networking/v2.0/subnets 0.304s
2025-11-23 05:58:15.874 66540 INFO tempest.lib.common.rest_client [req-6a43454e-906b-488d-82f8-d68b73ec5adf req-6a43454e-906b-488d-82f8-d68b73ec5adf ] Request (ServerActionsTestOtherA:setUpClass): 201 POST http://10.180.1.21/networking/v2.0/security-group-rules 0.235s
2025-11-23 05:58:15.888 66516 INFO tempest.lib.common.rest_client [req-da019302-b6d6-47af-9969-ba82d06b4da2 req-da019302-b6d6-47af-9969-ba82d06b4da2 ] Request (ImagesOneServerTestJSON:setUpClass): 200 GET http://10.180.1.21/compute/v2.1/servers/4a439b3d-f672-4d62-b02e-116db7391aaa 8.229s
2025-11-23 05:58:15.902 66536 INFO tempest.lib.common.rest_client [req-122051f2-de31-4381-8eef-aeeea62cf07b req-122051f2-de31-4381-8eef-aeeea62cf07b ] Request (ServerDiagnosticsTest:tearDownClass): 200 GET http://10.180.1.21/networking/v2.0/security-groups?tenant_id=bceb9e5dbef3418da236e85db52a751c&name=default 0.087s
2025-11-23 05:58:15.961 66530 INFO tempest.lib.common.rest_client [req-c6cad9b7-b4ef-47e6-8a8e-428fb6f7fce9 req-c6cad9b7-b4ef-47e6-8a8e-428fb6f7fce9 ] Request (AZV2TestJSON:test_get_availability_zone_list_with_non_admin_user): 200 GET http://10.180.1.21/compute/v2.1/os-availability-zone 7.387s
2025-11-23 05:58:15.996 66540 INFO tempest.lib.common.rest_client [req-39092aed-b5ad-44df-9be8-fa64b62f3484 req-39092aed-b5ad-44df-9be8-fa64b62f3484 ] Request (ServerActionsTestOtherA:setUpClass): 201 POST http://10.180.1.21/networking/v2.0/security-group-rules 0.122s
2025-11-23 05:58:16.047 66504 INFO tempest.lib.common.rest_client [req-82a68595-7923-4d35-afc9-6860e04b787f req-82a68595-7923-4d35-afc9-6860e04b787f ] Request (FlavorsAccessNegativeTestJSON:test_flavor_non_admin_add): 403 POST http://10.180.1.21/compute/v2.1/flavors/1877488636/action 5.932s
2025-11-23 05:58:16.070 66510 INFO tempest.lib.common.rest_client [req-a2a99915-4b64-4120-85c1-5872eb6f0233 req-a2a99915-4b64-4120-85c1-5872eb6f0233 ] Request (FlavorsExtraSpecsTestJSON:tearDownClass): 200 GET http://10.180.1.21/compute/v2.1/flavors/detail 5.933s
2025-11-23 05:58:16.094 66530 INFO tempest.lib.common.rest_client [req-02fed8f4-57fb-42e1-8c26-b00e589b3ffd req-02fed8f4-57fb-42e1-8c26-b00e589b3ffd ] Request (AZV2TestJSON:tearDownClass): 204 DELETE http://10.180.1.21/identity/v3/users/838f4546c3984600bf20246712c793d4 0.131s
2025-11-23 05:58:16.094 66530 INFO tempest.lib.common.dynamic_creds [-] Deleting project and security group for project: 275b46af2ce44398bb6724fd12ebf9a6
2025-11-23 05:58:16.118 66536 INFO tempest.lib.common.rest_client [req-13b868db-c3ad-4cfb-aa49-4109fd24910d req-13b868db-c3ad-4cfb-aa49-4109fd24910d ] Request (ServerDiagnosticsTest:tearDownClass): 204 DELETE http://10.180.1.21/networking/v2.0/security-groups/34c0be92-db2a-4901-a794-269ce7e14535 0.215s
2025-11-23 05:58:16.147 66538 INFO tempest.lib.common.rest_client [req-797f155e-5cfa-458b-9850-441bb9293dfc req-797f155e-5cfa-458b-9850-441bb9293dfc ] Request (ServerDiagnosticsNegativeTest:tearDownClass): 200 GET http://10.180.1.21/compute/v2.1/servers/5b98a4fd-8234-4796-8075-af315f29aea9 6.856s
2025-11-23 05:58:16.182 66530 INFO tempest.lib.common.rest_client [req-60518675-da6d-4fc8-ba38-852b594e4671 req-60518675-da6d-4fc8-ba38-852b594e4671 ] Request (AZV2TestJSON:tearDownClass): 201 POST http://10.180.1.21/identity/v3/auth/tokens 0.087s
2025-11-23 05:58:16.238 66510 INFO tempest.lib.common.rest_client [req-5e202b87-1405-4b25-88a5-17144bc86e1e req-5e202b87-1405-4b25-88a5-17144bc86e1e ] Request (FlavorsExtraSpecsTestJSON:tearDownClass): 204 DELETE http://10.180.1.21/identity/v3/users/9a5298823c034ec0a99a1b13df961705 0.161s
2025-11-23 05:58:16.279 66536 INFO tempest.lib.common.rest_client [req-0162db53-e9f0-456c-b84d-0cfd963b9323 req-0162db53-e9f0-456c-b84d-0cfd963b9323 ] Request (ServerDiagnosticsTest:tearDownClass): 204 DELETE http://10.180.1.21/identity/v3/projects/bceb9e5dbef3418da236e85db52a751c 0.160s
2025-11-23 05:58:16.319 66536 INFO tempest.lib.common.rest_client [req-5bcbd2c0-3621-4ae7-967d-fcbdaab22717 req-5bcbd2c0-3621-4ae7-967d-fcbdaab22717 ] Request (ServersAdminTestJSON:setUpClass): 201 POST http://10.180.1.21/identity/v3/auth/tokens 0.037s
2025-11-23 05:58:16.358 66510 INFO tempest.lib.common.rest_client [req-50f8f3fb-c90e-4374-8b66-22c9a751974c req-50f8f3fb-c90e-4374-8b66-22c9a751974c ] Request (FlavorsExtraSpecsTestJSON:tearDownClass): 204 DELETE http://10.180.1.21/identity/v3/users/8a477a82ad314318a26990e0cb27b5a9 0.119s
2025-11-23 05:58:16.359 66510 INFO tempest.lib.common.dynamic_creds [-] Deleting project and security group for project: ab5313b7431947d7830f081e6e061158
2025-11-23 05:58:16.405 66536 INFO tempest.lib.common.rest_client [req-09e1013b-6924-494d-9a17-7932c720e1af req-09e1013b-6924-494d-9a17-7932c720e1af ] Request (ServersAdminTestJSON:setUpClass): 201 POST http://10.180.1.21/identity/v3/auth/tokens 0.084s
2025-11-23 05:58:16.433 66510 INFO tempest.lib.common.rest_client [req-3bb132a9-c0c2-48a7-88bd-51d5a3fdc5f8 req-3bb132a9-c0c2-48a7-88bd-51d5a3fdc5f8 ] Request (FlavorsExtraSpecsTestJSON:tearDownClass): 201 POST http://10.180.1.21/identity/v3/auth/tokens 0.074s
2025-11-23 05:58:16.475 66536 INFO tempest.lib.common.rest_client [req-9b46c1bf-1834-44d9-a3f6-e47e2e28eff7 req-9b46c1bf-1834-44d9-a3f6-e47e2e28eff7 ] Request (ServersAdminTestJSON:setUpClass): 200 GET http://10.180.1.21/identity/v3/domains?name=Default 0.069s
2025-11-23 05:58:16.536 66536 INFO tempest.lib.common.rest_client [req-2f413dfd-6912-487c-9070-108b82128484 req-2f413dfd-6912-487c-9070-108b82128484 ] Request (ServersAdminTestJSON:setUpClass): 201 POST http://10.180.1.21/identity/v3/projects 0.060s
2025-11-23 05:58:16.606 66536 INFO tempest.lib.common.rest_client [req-25fb354d-cb35-49cb-bf75-64886ff2fa5f req-25fb354d-cb35-49cb-bf75-64886ff2fa5f ] Request (ServersAdminTestJSON:setUpClass): 201 POST http://10.180.1.21/identity/v3/users 0.069s
2025-11-23 05:58:16.634 66536 INFO tempest.lib.common.rest_client [req-d17f7adb-8c5d-4075-9343-cd660222d0ee req-d17f7adb-8c5d-4075-9343-cd660222d0ee ] Request (ServersAdminTestJSON:setUpClass): 200 GET http://10.180.1.21/identity/v3/roles 0.027s
2025-11-23 05:58:16.663 66540 INFO tempest.lib.common.rest_client [req-ba85e79b-a2b4-4adc-bd76-358817c3a675 req-ba85e79b-a2b4-4adc-bd76-358817c3a675 ] Request (ServerActionsTestOtherA:setUpClass): 201 POST http://10.180.1.21/networking/v2.0/floatingips 0.666s
2025-11-23 05:58:16.666 66536 INFO tempest.lib.common.rest_client [req-9e8fa8a9-8b41-4522-b215-967745c7462d req-9e8fa8a9-8b41-4522-b215-967745c7462d ] Request (ServersAdminTestJSON:setUpClass): 204 PUT http://10.180.1.21/identity/v3/projects/5eaa0304195541e996fa1ebe307db6cd/users/8132671b13e04d828c156e7fafa56e23/roles/089d9a6317c34e0c8c1587cdd15bec65 0.031s
2025-11-23 05:58:16.666 66536 INFO tempest.lib.common.dynamic_creds [-] Dynamic test user 8132671b13e04d828c156e7fafa56e23 is created with scope project and roles: ['member']
2025-11-23 05:58:16.667 66536 INFO tempest.lib.common.dynamic_creds [-] Acquired dynamic creds: credentials: Credentials: {'domain_id': 'default', 'domain_name': 'Default', 'username': 'tempest-ServersAdminTestJSON-1853608816-project-member', 'project_domain_id': 'default', 'project_domain_name': 'Default', 'project_id': '5eaa0304195541e996fa1ebe307db6cd', 'project_name': 'tempest-ServersAdminTestJSON-1853608816', 'tenant_id': '5eaa0304195541e996fa1ebe307db6cd', 'tenant_name': 'tempest-ServersAdminTestJSON-1853608816', 'user_domain_id': 'default', 'user_domain_name': 'Default', 'user_id': '8132671b13e04d828c156e7fafa56e23', 'system': None}, Network: None, Subnet: None, Router: None
2025-11-23 05:58:16.730 66520 INFO tempest.lib.common.rest_client [req-90c37deb-cfd9-49d8-aca6-8d5732a3c005 req-90c37deb-cfd9-49d8-aca6-8d5732a3c005 ] Request (SecurityGroupsNegativeTestJSON:setUpClass): 201 POST http://10.180.1.21/networking/v2.0/routers 0.876s
2025-11-23 05:58:16.742 66540 INFO tempest.lib.common.rest_client [req-b66d70c5-e8e6-439d-a95c-21dd5ceb63d6 req-b66d70c5-e8e6-439d-a95c-21dd5ceb63d6 ] Request (ServerActionsTestOtherA:setUpClass): 201 POST http://10.180.1.21/identity/v3/auth/tokens 0.076s
2025-11-23 05:58:16.743 66540 INFO tempest.lib.common.fixed_network [-] (ServerActionsTestOtherA:setUpClass) Found network {'id': '632ad9e2-bcc7-4bb2-8e45-d12796e3b25a', 'name': 'tempest-ServerActionsTestOtherA-244291059-network', 'tenant_id': '9829e1edeb6a4793baa63c53924a08fc', 'project_id': '9829e1edeb6a4793baa63c53924a08fc', 'admin_state_up': True, 'mtu': 8950, 'status': 'ACTIVE', 'subnets': [], 'shared': False, 'port_security_enabled': True, 'router:external': False, 'provider:network_type': 'vlan', 'provider:physical_network': 'default', 'provider:segmentation_id': 17, 'availability_zone_hints': [], 'availability_zones': [], 'ipv4_address_scope': None, 'ipv6_address_scope': None, 'description': '', 'tags': [], 'created_at': '2025-11-23T05:58:03Z', 'updated_at': '2025-11-23T05:58:03Z', 'revision_number': 1} available for tenant
2025-11-23 05:58:16.774 66536 INFO tempest.lib.common.rest_client [req-43e72de2-a1a5-46eb-b786-d11807de5c33 req-43e72de2-a1a5-46eb-b786-d11807de5c33 ] Request (ServersAdminTestJSON:setUpClass): 201 POST http://10.180.1.21/identity/v3/auth/tokens 0.107s
2025-11-23 05:58:16.800 66545 INFO tempest.lib.common.rest_client [req-9506840b-d47f-4e34-a9e8-91b2cabbca92 req-9506840b-d47f-4e34-a9e8-91b2cabbca92 ] Request (ServersTestJSON:test_create_server_specify_multibyte_character_name): 200 GET http://10.180.1.21/compute/v2.1/servers/4987e136-5567-4df6-86b4-6a11114ff30b 6.647s
2025-11-23 05:58:16.869 66542 INFO tempest.lib.common.rest_client [req-f81c3f15-4436-4893-bba7-5114557e1ffe req-f81c3f15-4436-4893-bba7-5114557e1ffe ] Request (HypervisorAdminV253TestBase:test_list_show_detail_hypervisors): 200 GET http://10.180.1.21/compute/v2.1/os-hypervisors?with_servers=True 6.430s
2025-11-23 05:58:16.874 66532 INFO tempest.lib.common.rest_client [req-0c68c2e2-51d5-42f8-a7c0-c738f95d3b51 req-0c68c2e2-51d5-42f8-a7c0-c738f95d3b51 ] Request (HostsAdminNegativeTestJSON:test_update_host_with_non_admin_user): 403 PUT http://10.180.1.21/compute/v2.1/os-hosts/devstack 6.434s
2025-11-23 05:58:16.903 66548 INFO tempest.lib.common.rest_client [req-55788737-cff0-4a07-a19f-a82674177616 req-55788737-cff0-4a07-a19f-a82674177616 ] Request (FlavorsAdminTestJSON:_run_cleanups): 200 GET http://10.180.1.21/compute/v2.1/flavors/detail 6.440s
2025-11-23 05:58:17.055 66530 INFO tempest.lib.common.rest_client [req-145554fd-df61-477e-a4ab-3bec1eea9be2 req-145554fd-df61-477e-a4ab-3bec1eea9be2 ] Request (AZV2TestJSON:tearDownClass): 200 GET http://10.180.1.21/networking/v2.0/security-groups?tenant_id=275b46af2ce44398bb6724fd12ebf9a6&name=default 0.872s
2025-11-23 05:58:17.069 66510 INFO tempest.lib.common.rest_client [req-1b9dcdd1-f661-463b-adbf-3b1e87be0558 req-1b9dcdd1-f661-463b-adbf-3b1e87be0558 ] Request (FlavorsExtraSpecsTestJSON:tearDownClass): 200 GET http://10.180.1.21/networking/v2.0/security-groups?tenant_id=ab5313b7431947d7830f081e6e061158&name=default 0.636s
2025-11-23 05:58:17.336 66536 INFO tempest.lib.common.rest_client [req-3cbecbbc-e9d0-420c-a106-a484656573ec req-3cbecbbc-e9d0-420c-a106-a484656573ec ] Request (ServersAdminTestJSON:setUpClass): 201 POST http://10.180.1.21/networking/v2.0/networks 0.562s
2025-11-23 05:58:17.788 66512 INFO tempest.lib.common.rest_client [req-8bf25f31-4788-4d8a-be7b-f4185637e6f1 req-8bf25f31-4788-4d8a-be7b-f4185637e6f1 ] Request (ServersAdminNegativeTestJSON:test_migrate_server_invalid_state): 200 GET http://10.180.1.21/compute/v2.1/servers/057e767b-5cf6-48c0-86c0-daf4cad0a153 7.576s
2025-11-23 05:58:17.797 66512 INFO tempest.common.waiters [-] State transition "BUILD/block_device_mapping" ==> "BUILD/spawning" after 8 second wait
2025-11-23 05:58:17.958 66524 INFO tempest.lib.common.rest_client [req-e153fc63-5183-4fc0-bcc9-cbd62444fca7 req-e153fc63-5183-4fc0-bcc9-cbd62444fca7 ] Request (ServersTestManualDisk:setUpClass): 200 POST http://10.180.1.21/compute/v2.1/os-keypairs 6.609s
2025-11-23 05:58:17.968 66530 INFO tempest.lib.common.rest_client [req-519a1fc5-1edc-475b-a975-405d42e23aac req-519a1fc5-1edc-475b-a975-405d42e23aac ] Request (AZV2TestJSON:tearDownClass): 204 DELETE http://10.180.1.21/networking/v2.0/security-groups/3d759c60-b809-4d4a-8580-48a25a473945 0.910s
2025-11-23 05:58:18.016 66520 INFO tempest.lib.common.rest_client [req-1bb4ecf3-d0c5-4ccc-a8d8-5790a4574f17 req-1bb4ecf3-d0c5-4ccc-a8d8-5790a4574f17 ] Request (SecurityGroupsNegativeTestJSON:setUpClass): 200 PUT http://10.180.1.21/networking/v2.0/routers/9c10bc4f-5ead-4fa0-9d5f-efeff204ed20/add_router_interface 1.285s
2025-11-23 05:58:18.016 66520 INFO tempest.lib.common.dynamic_creds [-] Created isolated network resources for: credentials: Credentials: {'domain_id': 'default', 'domain_name': 'Default', 'username': 'tempest-SecurityGroupsNegativeTestJSON-1784697058-project-member', 'project_domain_id': 'default', 'project_domain_name': 'Default', 'project_id': '6970e9b47d4647178424f69e51945fb8', 'project_name': 'tempest-SecurityGroupsNegativeTestJSON-1784697058', 'tenant_id': '6970e9b47d4647178424f69e51945fb8', 'tenant_name': 'tempest-SecurityGroupsNegativeTestJSON-1784697058', 'user_domain_id': 'default', 'user_domain_name': 'Default', 'user_id': '79ecc7884a224b909b8305df8c2b620f', 'system': None}, Network: {'id': 'a7a49244-fa95-4d21-9c58-5780673d2e5c', 'name': 'tempest-SecurityGroupsNegativeTestJSON-440374965-network', 'tenant_id': '6970e9b47d4647178424f69e51945fb8', 'project_id': '6970e9b47d4647178424f69e51945fb8', 'admin_state_up': True, 'mtu': 8950, 'status': 'ACTIVE', 'subnets': [], 'shared': False, 'port_security_enabled': True, 'router:external': False, 'provider:network_type': 'vlan', 'provider:physical_network': 'default', 'provider:segmentation_id': 788, 'availability_zone_hints': [], 'availability_zones': [], 'ipv4_address_scope': None, 'ipv6_address_scope': None, 'description': '', 'tags': [], 'created_at': '2025-11-23T05:58:15Z', 'updated_at': '2025-11-23T05:58:15Z', 'revision_number': 1}, Subnet: {'id': '08b0f8f7-007f-4679-bcdf-a3ed26751914', 'name': 'tempest-SecurityGroupsNegativeTestJSON-440374965-subnet', 'tenant_id': '6970e9b47d4647178424f69e51945fb8', 'network_id': 'a7a49244-fa95-4d21-9c58-5780673d2e5c', 'ip_version': 4, 'subnetpool_id': None, 'enable_dhcp': True, 'ipv6_ra_mode': None, 'ipv6_address_mode': None, 'gateway_ip': '192.168.128.1', 'cidr': '192.168.128.0/28', 'allocation_pools': [{'start': '192.168.128.2', 'end': '192.168.128.14'}], 'host_routes': [], 'dns_nameservers': [], 'description': '', 'router:external': False, 'service_types': [], 'tags': [], 'created_at': '2025-11-23T05:58:15Z', 'updated_at': '2025-11-23T05:58:15Z', 'revision_number': 0, 'project_id': '6970e9b47d4647178424f69e51945fb8'}, Router: {'id': '9c10bc4f-5ead-4fa0-9d5f-efeff204ed20', 'name': 'tempest-SecurityGroupsNegativeTestJSON-440374965-router', 'tenant_id': '6970e9b47d4647178424f69e51945fb8', 'admin_state_up': True, 'status': 'ACTIVE', 'external_gateway_info': {'network_id': 'e370e1e2-6702-44a7-8340-e76e3c1bf1b3', 'external_fixed_ips': [{'subnet_id': '79bf6829-2a1b-489d-903f-be36cdebf499', 'ip_address': '10.180.180.247'}], 'enable_snat': True}, 'description': '', 'availability_zones': [], 'distributed': False, 'ha': False, 'availability_zone_hints': [], 'routes': [], 'flavor_id': None, 'tags': [], 'created_at': '2025-11-23T05:58:15Z', 'updated_at': '2025-11-23T05:58:16Z', 'revision_number': 2, 'project_id': '6970e9b47d4647178424f69e51945fb8'}
2025-11-23 05:58:18.077 66506 INFO tempest.lib.common.rest_client [req-cad0f378-019a-463e-8025-0e716e2bfa76 req-cad0f378-019a-463e-8025-0e716e2bfa76 ] Request (DeleteServersTestJSON:test_delete_active_server): 204 DELETE http://10.180.1.21/compute/v2.1/servers/01dea0f1-73ab-469b-bf3f-cadac9208750 5.727s
2025-11-23 05:58:18.095 66530 INFO tempest.lib.common.rest_client [req-3e647cff-7716-4f3a-aa05-3d794bfa1d35 req-3e647cff-7716-4f3a-aa05-3d794bfa1d35 ] Request (AZV2TestJSON:tearDownClass): 204 DELETE http://10.180.1.21/identity/v3/projects/275b46af2ce44398bb6724fd12ebf9a6 0.126s
2025-11-23 05:58:18.116 66510 INFO tempest.lib.common.rest_client [req-98cd4aaa-cf4b-4816-b30c-7610b537e38c req-98cd4aaa-cf4b-4816-b30c-7610b537e38c ] Request (FlavorsExtraSpecsTestJSON:tearDownClass): 204 DELETE http://10.180.1.21/networking/v2.0/security-groups/44c9c7fa-938f-4774-bc11-b89e0c9f01f7 1.046s
2025-11-23 05:58:18.141 66520 INFO tempest.lib.common.rest_client [req-e90ea71b-c001-4df5-8153-4cb04f824607 req-e90ea71b-c001-4df5-8153-4cb04f824607 ] Request (SecurityGroupsNegativeTestJSON:setUpClass): 201 POST http://10.180.1.21/identity/v3/auth/tokens 0.118s
2025-11-23 05:58:18.197 66530 INFO tempest.lib.common.rest_client [req-4abcb6f8-26de-4924-b9f2-2fb4564f318c req-4abcb6f8-26de-4924-b9f2-2fb4564f318c ] Request (ServersTestJSON:setUpClass): 201 POST http://10.180.1.21/identity/v3/auth/tokens 0.099s
2025-11-23 05:58:18.239 66510 INFO tempest.lib.common.rest_client [req-6dbf55f4-158f-4b00-b81c-cad54ba7ce9c req-6dbf55f4-158f-4b00-b81c-cad54ba7ce9c ] Request (FlavorsExtraSpecsTestJSON:tearDownClass): 204 DELETE http://10.180.1.21/identity/v3/projects/ab5313b7431947d7830f081e6e061158 0.121s
2025-11-23 05:58:18.239 66510 INFO tempest.lib.common.dynamic_creds [-] Deleting project and security group for project: 7c1291da4c0c4d6d8aa032ebc01fdec7
2025-11-23 05:58:18.277 66536 INFO tempest.lib.common.rest_client [req-8dd5b869-c133-44c7-a183-98bf1c49e5f7 req-8dd5b869-c133-44c7-a183-98bf1c49e5f7 ] Request (ServersAdminTestJSON:setUpClass): 201 POST http://10.180.1.21/networking/v2.0/subnets 0.940s
2025-11-23 05:58:18.282 66530 INFO tempest.lib.common.rest_client [req-a47c2989-9da1-4417-9eee-77c8e004f262 req-a47c2989-9da1-4417-9eee-77c8e004f262 ] Request (ServersTestJSON:setUpClass): 201 POST http://10.180.1.21/identity/v3/auth/tokens 0.081s
2025-11-23 05:58:18.316 66530 INFO tempest.lib.common.rest_client [req-be32cc67-ff6f-4bff-8ffa-86d556c1cef0 req-be32cc67-ff6f-4bff-8ffa-86d556c1cef0 ] Request (ServersTestJSON:setUpClass): 200 GET http://10.180.1.21/identity/v3/domains?name=Default 0.034s
2025-11-23 05:58:18.341 66528 INFO tempest.lib.common.rest_client [req-3a9ceb26-0a15-4bd9-99db-8fc9f215bb9f req-3a9ceb26-0a15-4bd9-99db-8fc9f215bb9f ] Request (ServersWithSpecificFlavorTestJSON:test_verify_created_server_ephemeral_disk): 200 GET http://10.180.1.21/compute/v2.1/servers/29e82798-4b57-45d2-8d30-4d1b26b9cc8b 7.270s
2025-11-23 05:58:18.354 66528 INFO tempest.common.waiters [-] State transition "BUILD/networking" ==> "BUILD/spawning" after 8 second wait
2025-11-23 05:58:18.354 66530 INFO tempest.lib.common.rest_client [req-4740229b-0c9d-4b62-9853-9394d8c21f6f req-4740229b-0c9d-4b62-9853-9394d8c21f6f ] Request (ServersTestJSON:setUpClass): 201 POST http://10.180.1.21/identity/v3/projects 0.037s
2025-11-23 05:58:18.432 66530 INFO tempest.lib.common.rest_client [req-66f6d2b3-31c7-4ad5-95a9-157d71373b34 req-66f6d2b3-31c7-4ad5-95a9-157d71373b34 ] Request (ServersTestJSON:setUpClass): 201 POST http://10.180.1.21/identity/v3/users 0.077s
2025-11-23 05:58:18.437 66524 INFO tempest.lib.common.rest_client [req-90803cfa-d740-4585-90e5-03b030f15e4e req-90803cfa-d740-4585-90e5-03b030f15e4e ] Request (ServersTestManualDisk:setUpClass): 201 POST http://10.180.1.21/networking/v2.0/security-groups 0.477s
2025-11-23 05:58:18.459 66530 INFO tempest.lib.common.rest_client [req-19672ceb-8f5c-4d0b-9a97-9f321b1cde1b req-19672ceb-8f5c-4d0b-9a97-9f321b1cde1b ] Request (ServersTestJSON:setUpClass): 200 GET http://10.180.1.21/identity/v3/roles 0.024s
2025-11-23 05:58:18.498 66534 INFO tempest.lib.common.rest_client [req-d08d0aaa-ae30-48bd-9848-ff095a1bb907 req-d08d0aaa-ae30-48bd-9848-ff095a1bb907 ] Request (MultipleCreateTestJSON:_run_cleanups): 204 DELETE http://10.180.1.21/compute/v2.1/servers/36c9a491-f8c3-4b5f-8a4e-9684230f8c61 6.022s
2025-11-23 05:58:18.502 66526 INFO tempest.lib.common.rest_client [req-7f586061-5119-4fa1-b72a-7b560ea4db93 req-7f586061-5119-4fa1-b72a-7b560ea4db93 ] Request (AggregatesAdminNegativeTestJSON:test_aggregate_create_aggregate_name_length_exceeds_255): 400 POST http://10.180.1.21/compute/v2.1/os-aggregates 6.005s
2025-11-23 05:58:18.503 66530 INFO tempest.lib.common.rest_client [req-97014339-5a0e-459d-8424-e362538b3d56 req-97014339-5a0e-459d-8424-e362538b3d56 ] Request (ServersTestJSON:setUpClass): 204 PUT http://10.180.1.21/identity/v3/projects/0aed6ad110ac4a8d846edd2292146c88/users/9556acbe10634f9aa62107931d2b8f73/roles/089d9a6317c34e0c8c1587cdd15bec65 0.043s
2025-11-23 05:58:18.503 66530 INFO tempest.lib.common.dynamic_creds [-] Dynamic test user 9556acbe10634f9aa62107931d2b8f73 is created with scope project and roles: ['member']
2025-11-23 05:58:18.503 66530 INFO tempest.lib.common.dynamic_creds [-] Acquired dynamic creds: credentials: Credentials: {'domain_id': 'default', 'domain_name': 'Default', 'username': 'tempest-ServersTestJSON-1089507113-project-member', 'project_domain_id': 'default', 'project_domain_name': 'Default', 'project_id': '0aed6ad110ac4a8d846edd2292146c88', 'project_name': 'tempest-ServersTestJSON-1089507113', 'tenant_id': '0aed6ad110ac4a8d846edd2292146c88', 'tenant_name': 'tempest-ServersTestJSON-1089507113', 'user_domain_id': 'default', 'user_domain_name': 'Default', 'user_id': '9556acbe10634f9aa62107931d2b8f73', 'system': None}, Network: None, Subnet: None, Router: None
2025-11-23 05:58:18.527 66559 INFO tempest.lib.common.rest_client [req-9cd90d0b-7029-465d-b640-da61fbec1cb8 req-9cd90d0b-7029-465d-b640-da61fbec1cb8 ] Request (ImagesMetadataNegativeTestJSON:test_set_nonexistent_image_metadata_item): 404 PUT http://10.180.1.21/compute/v2.1/images/dd95c796-8951-4b1e-9dda-3c218f025436/metadata/os_distro 6.010s
2025-11-23 05:58:18.543 66514 INFO tempest.lib.common.rest_client [req-5aa6c364-1ac0-481f-882c-bc0f8e0ca752 req-5aa6c364-1ac0-481f-882c-bc0f8e0ca752 ] Request (VolumesAssistedSnapshotsTest:test_volume_assisted_snapshot_create_delete): 200 GET http://10.180.1.21/compute/v2.1/servers/e5664cd0-53bb-4fbd-9f18-ef729483e14d/os-interface 6.138s
2025-11-23 05:58:18.558 66550 INFO tempest.lib.common.rest_client [req-8bad56e7-fb0e-406e-b353-17b4e7dee028 req-8bad56e7-fb0e-406e-b353-17b4e7dee028 ] Request (ServicesAdminNegativeTestJSON:test_get_service_with_valid_service_and_invalid_host): 200 GET http://10.180.1.21/compute/v2.1/os-services?host=xxx&binary=nova-scheduler 6.014s
2025-11-23 05:58:18.579 66530 INFO tempest.lib.common.rest_client [req-f042fa64-88a0-4b5f-abb8-bc5fb83ca9c9 req-f042fa64-88a0-4b5f-abb8-bc5fb83ca9c9 ] Request (ServersTestJSON:setUpClass): 201 POST http://10.180.1.21/identity/v3/auth/tokens 0.075s
2025-11-23 05:58:18.671 66510 INFO tempest.lib.common.rest_client [req-ab197819-7fe8-4210-a009-7dfe08dcc43f req-ab197819-7fe8-4210-a009-7dfe08dcc43f ] Request (FlavorsExtraSpecsTestJSON:tearDownClass): 200 GET http://10.180.1.21/networking/v2.0/security-groups?tenant_id=7c1291da4c0c4d6d8aa032ebc01fdec7&name=default 0.432s
2025-11-23 05:58:18.703 66565 INFO tempest.lib.common.rest_client [req-16f3e4ef-12cf-4902-a515-35481ece04bd req-16f3e4ef-12cf-4902-a515-35481ece04bd ] Request (TenantUsagesTestJSON:test_get_usage_tenant): 200 GET http://10.180.1.21/compute/v2.1/os-simple-tenant-usage/165727a24d3045e78e904cc5053d59f5?start=2025-11-22T05%3A58%3A14.424335&end=2025-11-24T05%3A58%3A14.424335 4.278s
2025-11-23 05:58:18.850 66518 INFO tempest.lib.common.rest_client [req-7e094aca-6e8e-49b9-a1aa-9cd4515e4b83 req-7e094aca-6e8e-49b9-a1aa-9cd4515e4b83 ] Request (QuotaClassesAdminTestJSON:test_update_default_quotas): 200 PUT http://10.180.1.21/compute/v2.1/os-quota-class-sets/default 4.275s
2025-11-23 05:58:18.875 66552 INFO tempest.lib.common.rest_client [req-46ce6674-9560-4223-b00b-08555e06b518 req-46ce6674-9560-4223-b00b-08555e06b518 ] Request (ServerShowV254Test:_run_cleanups): 204 DELETE http://10.180.1.21/compute/v2.1/os-keypairs/tempest-ServerShowV254Test-keypair-1097297842 4.118s
2025-11-23 05:58:18.987 66566 INFO tempest.lib.common.rest_client [req-ea4f49fd-e098-44d2-8993-66243788c53f req-ea4f49fd-e098-44d2-8993-66243788c53f ] Request (ServerRescueTestJSONUnderV235:setUpClass): 200 POST http://10.180.1.21/compute/v2.1/servers/0fab6db8-5f5f-48b8-b0cc-d192f204fbf1/action 3.703s
2025-11-23 05:58:19.389 66536 INFO tempest.lib.common.rest_client [req-197ec8d5-3f2a-412b-82d7-5ad561436201 req-197ec8d5-3f2a-412b-82d7-5ad561436201 ] Request (ServersAdminTestJSON:setUpClass): 201 POST http://10.180.1.21/networking/v2.0/routers 1.111s
2025-11-23 05:58:19.551 66524 INFO tempest.lib.common.rest_client [req-0dc94fd4-db71-49bc-8936-e604fb03f7ab req-0dc94fd4-db71-49bc-8936-e604fb03f7ab ] Request (ServersTestManualDisk:setUpClass): 201 POST http://10.180.1.21/networking/v2.0/security-group-rules 1.113s
2025-11-23 05:58:20.259 66530 INFO tempest.lib.common.rest_client [req-be0ba791-0e6f-443d-897a-ee8e875a1e4e req-be0ba791-0e6f-443d-897a-ee8e875a1e4e ] Request (ServersTestJSON:setUpClass): 201 POST http://10.180.1.21/networking/v2.0/networks 1.680s
2025-11-23 05:58:20.299 66514 INFO tempest.lib.common.rest_client [req-79efec80-49d2-416a-8a53-7c1361c5aa80 req-79efec80-49d2-416a-8a53-7c1361c5aa80 ] Request (VolumesAssistedSnapshotsTest:test_volume_assisted_snapshot_create_delete): 200 PUT http://10.180.1.21/networking/v2.0/floatingips/843366ed-4e8a-47e8-9fc8-f4504a55f485 1.754s
2025-11-23 05:58:20.301 66514 INFO tempest.lib.common.ssh [-] Creating ssh connection to '10.180.180.234:22' as 'cirros' with public key authentication
2025-11-23 05:58:20.346 66510 INFO tempest.lib.common.rest_client [req-f5ffe018-5bea-4eb7-bec7-7d486982a4e2 req-f5ffe018-5bea-4eb7-bec7-7d486982a4e2 ] Request (FlavorsExtraSpecsTestJSON:tearDownClass): 204 DELETE http://10.180.1.21/networking/v2.0/security-groups/681bb4a6-69fd-4cc5-8f4d-c29767bed3bb 1.674s
2025-11-23 05:58:20.397 66562 INFO tempest.lib.common.rest_client [req-0e329da3-13be-4daf-a4cc-d63b2e4bb187 req-0e329da3-13be-4daf-a4cc-d63b2e4bb187 ] Request (SecurityGroupRulesTestJSON:test_security_group_rules_create): 200 POST http://10.180.1.21/compute/v2.1/os-security-groups 5.919s
2025-11-23 05:58:20.446 66510 INFO tempest.lib.common.rest_client [req-1ada5e27-9acb-4316-bfb9-1a4a517c17d3 req-1ada5e27-9acb-4316-bfb9-1a4a517c17d3 ] Request (FlavorsExtraSpecsTestJSON:tearDownClass): 204 DELETE http://10.180.1.21/identity/v3/projects/7c1291da4c0c4d6d8aa032ebc01fdec7 0.099s
2025-11-23 05:58:20.447 66510 INFO tempest.test [-] raised in LiveMigrationManagerWorkflowTest.setUpClass. Invoking tearDownClass.
2025-11-23 05:58:20.572 66510 INFO tempest.lib.common.rest_client [req-8f0a4741-683e-48a1-b1be-5d234cca1366 req-8f0a4741-683e-48a1-b1be-5d234cca1366 ] Request (QuotaClassesAdmin257Test:setUpClass): 201 POST http://10.180.1.21/identity/v3/auth/tokens 0.118s
2025-11-23 05:58:20.609 66560 INFO tempest.lib.common.rest_client [req-89bade0a-4161-4113-9ee9-603e2cb6acb3 req-89bade0a-4161-4113-9ee9-603e2cb6acb3 ] Request (QuotasAdminNegativeTest:_run_cleanups): 200 PUT http://10.180.1.21/compute/v2.1/os-quota-sets/610ed26488d346b8a0c8e2730c129a14 5.077s
2025-11-23 05:58:20.634 66510 INFO tempest.lib.common.rest_client [req-e032709c-b46a-4d25-811f-ec950fbb2e04 req-e032709c-b46a-4d25-811f-ec950fbb2e04 ] Request (QuotaClassesAdmin257Test:setUpClass): 201 POST http://10.180.1.21/identity/v3/auth/tokens 0.056s
2025-11-23 05:58:20.653 66524 INFO tempest.lib.common.rest_client [req-77eed448-8bed-4cf5-8a44-bf70f5c9d760 req-77eed448-8bed-4cf5-8a44-bf70f5c9d760 ] Request (ServersTestManualDisk:setUpClass): 201 POST http://10.180.1.21/networking/v2.0/security-group-rules 1.101s
2025-11-23 05:58:20.676 66510 INFO tempest.lib.common.rest_client [req-a4785362-d8cc-4f57-abaf-42c061c2f5fc req-a4785362-d8cc-4f57-abaf-42c061c2f5fc ] Request (QuotaClassesAdmin257Test:setUpClass): 200 GET http://10.180.1.21/identity/v3/domains?name=Default 0.041s
2025-11-23 05:58:20.715 66510 INFO tempest.lib.common.rest_client [req-7fc03591-3094-49ff-add1-8344c5ad3ec2 req-7fc03591-3094-49ff-add1-8344c5ad3ec2 ] Request (QuotaClassesAdmin257Test:setUpClass): 201 POST http://10.180.1.21/identity/v3/projects 0.039s
2025-11-23 05:58:20.795 66510 INFO tempest.lib.common.rest_client [req-cf37b696-4cfc-4f74-b3a1-4f7ed53bb94f req-cf37b696-4cfc-4f74-b3a1-4f7ed53bb94f ] Request (QuotaClassesAdmin257Test:setUpClass): 201 POST http://10.180.1.21/identity/v3/users 0.079s
2025-11-23 05:58:20.816 66510 INFO tempest.lib.common.rest_client [req-31d38857-0216-47ba-b326-aa27b4f6bcbb req-31d38857-0216-47ba-b326-aa27b4f6bcbb ] Request (QuotaClassesAdmin257Test:setUpClass): 200 GET http://10.180.1.21/identity/v3/roles 0.020s
2025-11-23 05:58:20.856 66510 INFO tempest.lib.common.rest_client [req-678a3f16-1429-4aa3-aefa-4ce8e2f89aae req-678a3f16-1429-4aa3-aefa-4ce8e2f89aae ] Request (QuotaClassesAdmin257Test:setUpClass): 204 PUT http://10.180.1.21/identity/v3/projects/1bbf813596974193a25e99b2b7968bb8/users/a26ddf03b9024268bdd3ef765d6619c0/roles/089d9a6317c34e0c8c1587cdd15bec65 0.040s
2025-11-23 05:58:20.856 66510 INFO tempest.lib.common.dynamic_creds [-] Dynamic test user a26ddf03b9024268bdd3ef765d6619c0 is created with scope project and roles: ['member']
2025-11-23 05:58:20.857 66510 INFO tempest.lib.common.dynamic_creds [-] Acquired dynamic creds: credentials: Credentials: {'domain_id': 'default', 'domain_name': 'Default', 'username': 'tempest-QuotaClassesAdmin257Test-2021466270-project-member', 'project_domain_id': 'default', 'project_domain_name': 'Default', 'project_id': '1bbf813596974193a25e99b2b7968bb8', 'project_name': 'tempest-QuotaClassesAdmin257Test-2021466270', 'tenant_id': '1bbf813596974193a25e99b2b7968bb8', 'tenant_name': 'tempest-QuotaClassesAdmin257Test-2021466270', 'user_domain_id': 'default', 'user_domain_name': 'Default', 'user_id': 'a26ddf03b9024268bdd3ef765d6619c0', 'system': None}, Network: None, Subnet: None, Router: None
2025-11-23 05:58:20.857 66510 INFO tempest.lib.common.dynamic_creds [-] Created isolated network resources for: credentials: Credentials: {'domain_id': 'default', 'domain_name': 'Default', 'username': 'tempest-QuotaClassesAdmin257Test-2021466270-project-member', 'project_domain_id': 'default', 'project_domain_name': 'Default', 'project_id': '1bbf813596974193a25e99b2b7968bb8', 'project_name': 'tempest-QuotaClassesAdmin257Test-2021466270', 'tenant_id': '1bbf813596974193a25e99b2b7968bb8', 'tenant_name': 'tempest-QuotaClassesAdmin257Test-2021466270', 'user_domain_id': 'default', 'user_domain_name': 'Default', 'user_id': 'a26ddf03b9024268bdd3ef765d6619c0', 'system': None}, Network: None, Subnet: None, Router: None
2025-11-23 05:58:20.899 66556 INFO tempest.lib.common.rest_client [req-606c2049-31d8-408f-a11c-66bb5e1ca637 req-606c2049-31d8-408f-a11c-66bb5e1ca637 ] Request (ServerDiagnosticsV248Test:test_get_server_diagnostics): 202 POST http://10.180.1.21/compute/v2.1/servers 5.135s
2025-11-23 05:58:20.959 66510 INFO tempest.lib.common.rest_client [req-4fd6bf6d-1722-424a-9db6-7651f6e319cc req-4fd6bf6d-1722-424a-9db6-7651f6e319cc ] Request (QuotaClassesAdmin257Test:setUpClass): 201 POST http://10.180.1.21/identity/v3/auth/tokens 0.099s
2025-11-23 05:58:21.054 66530 INFO tempest.lib.common.rest_client [req-868cd183-317e-4830-8660-c44b67a22a16 req-868cd183-317e-4830-8660-c44b67a22a16 ] Request (ServersTestJSON:setUpClass): 201 POST http://10.180.1.21/networking/v2.0/subnets 0.794s
2025-11-23 05:58:21.056 66510 INFO tempest.lib.common.rest_client [req-fd943d3f-ab68-442c-9350-5899dc1641c8 req-fd943d3f-ab68-442c-9350-5899dc1641c8 ] Request (QuotaClassesAdmin257Test:setUpClass): 201 POST http://10.180.1.21/identity/v3/projects 0.097s
2025-11-23 05:58:21.104 66522 INFO tempest.lib.common.rest_client [req-91502644-f945-4d78-ad80-caed974fc07c req-91502644-f945-4d78-ad80-caed974fc07c ] Request (FloatingIPsAssociationTestJSON:setUpClass): 200 GET http://10.180.1.21/compute/v2.1/servers/3f7e7bd1-0c0d-4a09-81ce-56f60ddbfed0 5.700s
2025-11-23 05:58:21.116 66522 INFO tempest.common.waiters [-] State transition "BUILD/spawning" ==> "ACTIVE/None" after 24 second wait
2025-11-23 05:58:21.133 66504 INFO tempest.lib.common.rest_client [req-6697c1b6-0749-447f-92f3-ca6fd3d2471d req-6697c1b6-0749-447f-92f3-ca6fd3d2471d ] Request (FlavorsAccessNegativeTestJSON:_run_cleanups): 202 DELETE http://10.180.1.21/compute/v2.1/flavors/1877488636 5.086s
2025-11-23 05:58:21.147 66510 INFO tempest.lib.common.rest_client [req-a2c013f0-fc60-4e3f-a53c-d7317c0ac7be req-a2c013f0-fc60-4e3f-a53c-d7317c0ac7be ] Request (QuotaClassesAdmin257Test:setUpClass): 201 POST http://10.180.1.21/identity/v3/users 0.091s
2025-11-23 05:58:21.176 66510 INFO tempest.lib.common.rest_client [req-baa80244-02d7-483a-873b-e0279381b051 req-baa80244-02d7-483a-873b-e0279381b051 ] Request (QuotaClassesAdmin257Test:setUpClass): 200 GET http://10.180.1.21/identity/v3/roles 0.028s
2025-11-23 05:58:21.215 66510 INFO tempest.lib.common.rest_client [req-a4e9d0bc-dd24-40fb-a9af-58af2c78d042 req-a4e9d0bc-dd24-40fb-a9af-58af2c78d042 ] Request (QuotaClassesAdmin257Test:setUpClass): 204 PUT http://10.180.1.21/identity/v3/projects/f35a5ae367f54d6ba4941f2ac07d788e/users/7dea5cee36d64116a6e2839bcaf0d853/roles/39b7c6a39bee423683ab9c9c426cb253 0.038s
2025-11-23 05:58:21.272 66510 INFO tempest.lib.common.rest_client [req-6d26603a-9cea-4f65-bedc-75770a04d2d3 req-6d26603a-9cea-4f65-bedc-75770a04d2d3 ] Request (QuotaClassesAdmin257Test:setUpClass): 200 GET http://10.180.1.21/identity/v3/roles 0.056s
2025-11-23 05:58:21.297 66510 INFO tempest.lib.common.rest_client [req-92d10776-a689-4cea-af7a-8de7e4bf747f req-92d10776-a689-4cea-af7a-8de7e4bf747f ] Request (QuotaClassesAdmin257Test:setUpClass): 204 PUT http://10.180.1.21/identity/v3/projects/f35a5ae367f54d6ba4941f2ac07d788e/users/7dea5cee36d64116a6e2839bcaf0d853/roles/39b7c6a39bee423683ab9c9c426cb253 0.025s
2025-11-23 05:58:21.297 66510 INFO tempest.lib.common.dynamic_creds [-] Dynamic test user 7dea5cee36d64116a6e2839bcaf0d853 is created with scope project and roles: ['admin']
2025-11-23 05:58:21.297 66510 INFO tempest.lib.common.dynamic_creds [-] Acquired dynamic creds: credentials: Credentials: {'domain_id': 'default', 'domain_name': 'Default', 'username': 'tempest-QuotaClassesAdmin257Test-288046439-project-admin', 'project_domain_id': 'default', 'project_domain_name': 'Default', 'project_id': 'f35a5ae367f54d6ba4941f2ac07d788e', 'project_name': 'tempest-QuotaClassesAdmin257Test-288046439', 'tenant_id': 'f35a5ae367f54d6ba4941f2ac07d788e', 'tenant_name': 'tempest-QuotaClassesAdmin257Test-288046439', 'user_domain_id': 'default', 'user_domain_name': 'Default', 'user_id': '7dea5cee36d64116a6e2839bcaf0d853', 'system': None}, Network: None, Subnet: None, Router: None
2025-11-23 05:58:21.297 66510 INFO tempest.lib.common.dynamic_creds [-] Created isolated network resources for: credentials: Credentials: {'domain_id': 'default', 'domain_name': 'Default', 'username': 'tempest-QuotaClassesAdmin257Test-288046439-project-admin', 'project_domain_id': 'default', 'project_domain_name': 'Default', 'project_id': 'f35a5ae367f54d6ba4941f2ac07d788e', 'project_name': 'tempest-QuotaClassesAdmin257Test-288046439', 'tenant_id': 'f35a5ae367f54d6ba4941f2ac07d788e', 'tenant_name': 'tempest-QuotaClassesAdmin257Test-288046439', 'user_domain_id': 'default', 'user_domain_name': 'Default', 'user_id': '7dea5cee36d64116a6e2839bcaf0d853', 'system': None}, Network: None, Subnet: None, Router: None
2025-11-23 05:58:21.397 66510 INFO tempest.lib.common.rest_client [req-c49bce64-ab92-4b0e-99d1-02916d95d138 req-c49bce64-ab92-4b0e-99d1-02916d95d138 ] Request (QuotaClassesAdmin257Test:setUpClass): 201 POST http://10.180.1.21/identity/v3/auth/tokens 0.097s
2025-11-23 05:58:21.573 66524 INFO tempest.lib.common.rest_client [req-be6cc4b1-6144-4653-8a4e-576471f8c459 req-be6cc4b1-6144-4653-8a4e-576471f8c459 ] Request (ServersTestManualDisk:setUpClass): 201 POST http://10.180.1.21/networking/v2.0/floatingips 0.920s
2025-11-23 05:58:21.646 66524 INFO tempest.lib.common.rest_client [req-09e1a0c9-9cc8-4970-bc2f-4daa8a8153f9 req-09e1a0c9-9cc8-4970-bc2f-4daa8a8153f9 ] Request (ServersTestManualDisk:setUpClass): 201 POST http://10.180.1.21/identity/v3/auth/tokens 0.069s
2025-11-23 05:58:21.647 66524 INFO tempest.lib.common.fixed_network [-] (ServersTestManualDisk:setUpClass) Found network {'id': '242c700b-1084-4b01-945c-2e3bbefff107', 'name': 'tempest-ServersTestManualDisk-795099500-network', 'tenant_id': '7f866df0c84d45c9ab52992b4011de30', 'project_id': '7f866df0c84d45c9ab52992b4011de30', 'admin_state_up': True, 'mtu': 8950, 'status': 'ACTIVE', 'subnets': [], 'shared': False, 'port_security_enabled': True, 'router:external': False, 'provider:network_type': 'vlan', 'provider:physical_network': 'default', 'provider:segmentation_id': 147, 'availability_zone_hints': [], 'availability_zones': [], 'ipv4_address_scope': None, 'ipv6_address_scope': None, 'description': '', 'tags': [], 'created_at': '2025-11-23T05:58:07Z', 'updated_at': '2025-11-23T05:58:07Z', 'revision_number': 1} available for tenant
2025-11-23 05:58:21.823 66536 INFO tempest.lib.common.rest_client [req-c024188a-45fb-4e75-9e93-f12afaeeac56 req-c024188a-45fb-4e75-9e93-f12afaeeac56 ] Request (ServersAdminTestJSON:setUpClass): 200 PUT http://10.180.1.21/networking/v2.0/routers/63d6fbf7-0c4f-480a-9633-d7ff0bc82fd7/add_router_interface 2.433s
2025-11-23 05:58:21.823 66536 INFO tempest.lib.common.dynamic_creds [-] Created isolated network resources for: credentials: Credentials: {'domain_id': 'default', 'domain_name': 'Default', 'username': 'tempest-ServersAdminTestJSON-1853608816-project-member', 'project_domain_id': 'default', 'project_domain_name': 'Default', 'project_id': '5eaa0304195541e996fa1ebe307db6cd', 'project_name': 'tempest-ServersAdminTestJSON-1853608816', 'tenant_id': '5eaa0304195541e996fa1ebe307db6cd', 'tenant_name': 'tempest-ServersAdminTestJSON-1853608816', 'user_domain_id': 'default', 'user_domain_name': 'Default', 'user_id': '8132671b13e04d828c156e7fafa56e23', 'system': None}, Network: {'id': '5185acf3-9a81-4754-a152-f8d34b398588', 'name': 'tempest-ServersAdminTestJSON-2102238891-network', 'tenant_id': '5eaa0304195541e996fa1ebe307db6cd', 'project_id': '5eaa0304195541e996fa1ebe307db6cd', 'admin_state_up': True, 'mtu': 8950, 'status': 'ACTIVE', 'subnets': [], 'shared': False, 'port_security_enabled': True, 'router:external': False, 'provider:network_type': 'vlan', 'provider:physical_network': 'default', 'provider:segmentation_id': 876, 'availability_zone_hints': [], 'availability_zones': [], 'ipv4_address_scope': None, 'ipv6_address_scope': None, 'description': '', 'tags': [], 'created_at': '2025-11-23T05:58:17Z', 'updated_at': '2025-11-23T05:58:17Z', 'revision_number': 1}, Subnet: {'id': '5faef1ef-422a-4f02-b60d-400a14748467', 'name': 'tempest-ServersAdminTestJSON-2102238891-subnet', 'tenant_id': '5eaa0304195541e996fa1ebe307db6cd', 'network_id': '5185acf3-9a81-4754-a152-f8d34b398588', 'ip_version': 4, 'subnetpool_id': None, 'enable_dhcp': True, 'ipv6_ra_mode': None, 'ipv6_address_mode': None, 'gateway_ip': '192.168.128.1', 'cidr': '192.168.128.0/28', 'allocation_pools': [{'start': '192.168.128.2', 'end': '192.168.128.14'}], 'host_routes': [], 'dns_nameservers': [], 'description': '', 'router:external': False, 'service_types': [], 'tags': [], 'created_at': '2025-11-23T05:58:18Z', 'updated_at': '2025-11-23T05:58:18Z', 'revision_number': 0, 'project_id': '5eaa0304195541e996fa1ebe307db6cd'}, Router: {'id': '63d6fbf7-0c4f-480a-9633-d7ff0bc82fd7', 'name': 'tempest-ServersAdminTestJSON-2102238891-router', 'tenant_id': '5eaa0304195541e996fa1ebe307db6cd', 'admin_state_up': True, 'status': 'ACTIVE', 'external_gateway_info': {'network_id': 'e370e1e2-6702-44a7-8340-e76e3c1bf1b3', 'external_fixed_ips': [{'subnet_id': '79bf6829-2a1b-489d-903f-be36cdebf499', 'ip_address': '10.180.180.217'}], 'enable_snat': True}, 'description': '', 'availability_zones': [], 'distributed': False, 'ha': False, 'availability_zone_hints': [], 'routes': [], 'flavor_id': None, 'tags': [], 'created_at': '2025-11-23T05:58:18Z', 'updated_at': '2025-11-23T05:58:19Z', 'revision_number': 2, 'project_id': '5eaa0304195541e996fa1ebe307db6cd'}
2025-11-23 05:58:21.863 66546 INFO tempest.lib.common.rest_client [req-5d42a262-ce3f-4a63-ab2e-3272fafc9d91 req-5d42a262-ce3f-4a63-ab2e-3272fafc9d91 ] Request (ServersListShow2100Test:test_list_show_rebuild_update_server_2100): 200 GET http://10.180.1.21/compute/v2.1/servers/9770a18b-2280-489b-b3bf-a4ad1bb3fcf4 6.035s
