2025-11-23 05:59:38.526 66562 INFO tempest.lib.common.rest_client [req-5d4c1531-f254-4f85-9fac-c62e3e2e303c req-5d4c1531-f254-4f85-9fac-c62e3e2e303c ] Request (SecurityGroupsTestJSON:test_list_security_groups_by_server): 200 GET http://10.180.1.21/compute/v2.1/servers/6ea678b3-ac34-4277-b8d7-d6dc781b9b32 0.294s
2025-11-23 05:59:38.536 66508 INFO tempest.lib.common.rest_client [req-b6dbdc4c-1a57-4b52-ad81-f788e305fdc9 req-b6dbdc4c-1a57-4b52-ad81-f788e305fdc9 ] Request (AttachInterfacesV270Test:setUpClass): 201 POST http://10.180.1.21/identity/v3/auth/tokens 0.035s
2025-11-23 05:59:38.558 66532 INFO tempest.lib.common.rest_client [req-e4093fa3-e883-4690-8696-50e6d2247c5a req-e4093fa3-e883-4690-8696-50e6d2247c5a ] Request (ServersTestBootFromVolume:setUpClass): 200 GET http://10.180.1.21/compute/v2.1/servers/ffef8fdf-9ac7-45d5-a9bd-a497a5002eca 0.273s
2025-11-23 05:59:38.575 66542 INFO tempest.lib.common.rest_client [req-74fa5184-ebd8-4e96-8671-cdad7d4102bb req-74fa5184-ebd8-4e96-8671-cdad7d4102bb ] Request (ImagesOneServerNegativeTestJSON:setUpClass): 200 GET http://10.180.1.21/compute/v2.1/servers/f3867698-a131-4a61-a36c-e974372173be 0.239s
2025-11-23 05:59:38.583 66548 INFO tempest.lib.common.rest_client [req-5c96d792-572a-4dda-b9df-9e36c8498f63 req-5c96d792-572a-4dda-b9df-9e36c8498f63 ] Request (FlavorsAdminTestJSON:tearDownClass): 204 DELETE http://10.180.1.21/identity/v3/projects/734e55a83af94564af69a4b955158f21 0.133s
2025-11-23 05:59:38.583 66548 INFO tempest.lib.common.dynamic_creds [-] Deleting project and security group for project: 522d32192eee47208e4e9d836b3c3b5c
2025-11-23 05:59:38.597 66508 INFO tempest.lib.common.rest_client [req-430a13a4-7863-4b6e-a6af-9a7a1c00adc7 req-430a13a4-7863-4b6e-a6af-9a7a1c00adc7 ] Request (AttachInterfacesV270Test:setUpClass): 201 POST http://10.180.1.21/identity/v3/auth/tokens 0.059s
2025-11-23 05:59:38.622 66508 INFO tempest.lib.common.rest_client [req-90b69906-5bdf-428a-8458-65702c4c3e52 req-90b69906-5bdf-428a-8458-65702c4c3e52 ] Request (AttachInterfacesV270Test:setUpClass): 200 GET http://10.180.1.21/identity/v3/domains?name=Default 0.025s
2025-11-23 05:59:38.640 66526 INFO tempest.lib.common.rest_client [req-688738e0-b016-4305-ac3b-0392171c4f0d req-688738e0-b016-4305-ac3b-0392171c4f0d ] Request (DeleteServersAdminTestJSON:test_admin_delete_servers_of_others): 200 GET http://10.180.1.21/compute/v2.1/servers/d2cb7a72-1a45-4b17-9679-01939348afd5 0.251s
2025-11-23 05:59:38.670 66508 INFO tempest.lib.common.rest_client [req-9477f32c-ed01-4dc6-a5e9-cc74f22a54af req-9477f32c-ed01-4dc6-a5e9-cc74f22a54af ] Request (AttachInterfacesV270Test:setUpClass): 201 POST http://10.180.1.21/identity/v3/projects 0.048s
2025-11-23 05:59:38.676 66550 INFO tempest.lib.common.rest_client [req-33baf202-bae4-4777-a0da-06e335d8f2d3 req-33baf202-bae4-4777-a0da-06e335d8f2d3 ] Request (ListImageFiltersTestJSON:setUpClass): 200 GET http://10.180.1.21/compute/v2.1/servers/985a1e1a-4441-4496-a53d-172817604c1c 0.327s
2025-11-23 05:59:38.700 66548 INFO tempest.lib.common.rest_client [req-5ff6f02c-80c3-447d-ad42-2d70b399704c req-5ff6f02c-80c3-447d-ad42-2d70b399704c ] Request (FlavorsAdminTestJSON:tearDownClass): 200 GET http://10.180.1.21/networking/v2.0/security-groups?tenant_id=522d32192eee47208e4e9d836b3c3b5c&name=default 0.117s
2025-11-23 05:59:38.734 66538 INFO tempest.lib.common.rest_client [req-0f259a07-92d9-4b14-bf20-e68886c3c678 req-0f259a07-92d9-4b14-bf20-e68886c3c678 ] Request (ServersListShow298Test:test_list_show_update_rebuild_server_298): 200 GET http://10.180.1.21/compute/v2.1/servers/2a8d8483-a90b-4993-8b30-30536a1c568e 0.328s
2025-11-23 05:59:38.794 66508 INFO tempest.lib.common.rest_client [req-11e3d273-0732-4ae5-b329-af9520f0390b req-11e3d273-0732-4ae5-b329-af9520f0390b ] Request (AttachInterfacesV270Test:setUpClass): 201 POST http://10.180.1.21/identity/v3/users 0.122s
2025-11-23 05:59:38.820 66508 INFO tempest.lib.common.rest_client [req-1054737a-c519-490d-8530-8566a627e581 req-1054737a-c519-490d-8530-8566a627e581 ] Request (AttachInterfacesV270Test:setUpClass): 200 GET http://10.180.1.21/identity/v3/roles 0.026s
2025-11-23 05:59:38.826 66548 INFO tempest.lib.common.rest_client [req-bc49566e-ad7d-4a79-befa-2162abcf088f req-bc49566e-ad7d-4a79-befa-2162abcf088f ] Request (FlavorsAdminTestJSON:tearDownClass): 204 DELETE http://10.180.1.21/networking/v2.0/security-groups/cc6c5365-6436-4683-bb87-7f590feac809 0.126s
2025-11-23 05:59:38.865 66508 INFO tempest.lib.common.rest_client [req-52936110-bc82-4799-a846-0652b990b69c req-52936110-bc82-4799-a846-0652b990b69c ] Request (AttachInterfacesV270Test:setUpClass): 204 PUT http://10.180.1.21/identity/v3/projects/a657eb35fd2641298866fa514f1d99e4/users/81818c7a5e3c4df0a8d5afd2eaf9bd65/roles/089d9a6317c34e0c8c1587cdd15bec65 0.044s
2025-11-23 05:59:38.865 66508 INFO tempest.lib.common.dynamic_creds [-] Dynamic test user 81818c7a5e3c4df0a8d5afd2eaf9bd65 is created with scope project and roles: ['member']
2025-11-23 05:59:38.866 66508 INFO tempest.lib.common.dynamic_creds [-] Acquired dynamic creds: credentials: Credentials: {'domain_id': 'default', 'domain_name': 'Default', 'username': 'tempest-AttachInterfacesV270Test-1065881807-project-member', 'project_domain_id': 'default', 'project_domain_name': 'Default', 'project_id': 'a657eb35fd2641298866fa514f1d99e4', 'project_name': 'tempest-AttachInterfacesV270Test-1065881807', 'tenant_id': 'a657eb35fd2641298866fa514f1d99e4', 'tenant_name': 'tempest-AttachInterfacesV270Test-1065881807', 'user_domain_id': 'default', 'user_domain_name': 'Default', 'user_id': '81818c7a5e3c4df0a8d5afd2eaf9bd65', 'system': None}, Network: None, Subnet: None, Router: None
2025-11-23 05:59:38.912 66548 INFO tempest.lib.common.rest_client [req-8417c32e-0fae-4483-b31d-324d53054e9e req-8417c32e-0fae-4483-b31d-324d53054e9e ] Request (FlavorsAdminTestJSON:tearDownClass): 204 DELETE http://10.180.1.21/identity/v3/projects/522d32192eee47208e4e9d836b3c3b5c 0.085s
2025-11-23 05:59:38.914 66548 INFO tempest.test [-] raised in NoVNCConsoleTestJSON.setUpClass. Invoking tearDownClass.
2025-11-23 05:59:38.941 66508 INFO tempest.lib.common.rest_client [req-d9a570a2-f8ba-48f9-bef8-733914cd3278 req-d9a570a2-f8ba-48f9-bef8-733914cd3278 ] Request (AttachInterfacesV270Test:setUpClass): 201 POST http://10.180.1.21/identity/v3/auth/tokens 0.075s
2025-11-23 05:59:38.948 66548 INFO tempest.lib.common.rest_client [req-cbae1800-0939-4c4e-a950-18a487ff9a39 req-cbae1800-0939-4c4e-a950-18a487ff9a39 ] Request (ServerAddressesNegativeTestJSON:setUpClass): 201 POST http://10.180.1.21/identity/v3/auth/tokens 0.030s
2025-11-23 05:59:38.955 66516 INFO tempest.lib.common.rest_client [req-06841860-971f-4614-87eb-163b24f40931 req-06841860-971f-4614-87eb-163b24f40931 ] Request (ImagesOneServerTestJSON:tearDownClass): 200 GET http://10.180.1.21/compute/v2.1/servers/4a439b3d-f672-4d62-b02e-116db7391aaa 0.471s
2025-11-23 05:59:38.979 66548 INFO tempest.lib.common.rest_client [req-ca783632-645f-4316-b9e5-73c32c71da95 req-ca783632-645f-4316-b9e5-73c32c71da95 ] Request (ServerAddressesNegativeTestJSON:setUpClass): 201 POST http://10.180.1.21/identity/v3/auth/tokens 0.027s
2025-11-23 05:59:39.005 66548 INFO tempest.lib.common.rest_client [req-95ba6b3b-cf24-42ce-9fd6-ef495051b202 req-95ba6b3b-cf24-42ce-9fd6-ef495051b202 ] Request (ServerAddressesNegativeTestJSON:setUpClass): 200 GET http://10.180.1.21/identity/v3/domains?name=Default 0.025s
2025-11-23 05:59:39.035 66518 INFO tempest.lib.common.rest_client [req-2f33ea9d-6468-47fd-936b-b3051fa48d39 req-2f33ea9d-6468-47fd-936b-b3051fa48d39 ] Request (ServersAdmin275Test:_run_cleanups): 200 GET http://10.180.1.21/compute/v2.1/servers/ebfcc6bf-10d9-4333-9339-e73e32dbdd39 0.543s
2025-11-23 05:59:39.043 66548 INFO tempest.lib.common.rest_client [req-f6f681a9-4ad5-427f-aa96-626edf2db3dc req-f6f681a9-4ad5-427f-aa96-626edf2db3dc ] Request (ServerAddressesNegativeTestJSON:setUpClass): 201 POST http://10.180.1.21/identity/v3/projects 0.038s
2025-11-23 05:59:39.092 66528 INFO tempest.lib.common.rest_client [req-998c42b4-291b-44e3-a44c-8aeefb824031 req-998c42b4-291b-44e3-a44c-8aeefb824031 ] Request (ServersWithSpecificFlavorTestJSON:test_verify_created_server_ephemeral_disk): 202 POST http://10.180.1.21/compute/v2.1/servers 0.625s
2025-11-23 05:59:39.098 66566 INFO tempest.lib.common.rest_client [req-0a3371e3-d042-4e6c-ae96-296d59574be8 req-0a3371e3-d042-4e6c-ae96-296d59574be8 ] Request (AttachVolumeShelveTestJSON:test_attach_volume_shelved_or_offload_server): 200 GET http://10.180.1.21/compute/v2.1/servers/ebc9c295-f385-49f8-81f2-8f513e50319e 0.566s
2025-11-23 05:59:39.118 66548 INFO tempest.lib.common.rest_client [req-120e9e62-f7ab-40f2-81e7-76b3d097dac6 req-120e9e62-f7ab-40f2-81e7-76b3d097dac6 ] Request (ServerAddressesNegativeTestJSON:setUpClass): 201 POST http://10.180.1.21/identity/v3/users 0.075s
2025-11-23 05:59:39.143 66548 INFO tempest.lib.common.rest_client [req-0f2f003e-147b-46de-a282-dd9cb1fec510 req-0f2f003e-147b-46de-a282-dd9cb1fec510 ] Request (ServerAddressesNegativeTestJSON:setUpClass): 200 GET http://10.180.1.21/identity/v3/roles 0.024s
2025-11-23 05:59:39.164 66506 INFO tempest.lib.common.rest_client [req-569c7cdf-9d55-4914-9a25-818c1b0360ae req-569c7cdf-9d55-4914-9a25-818c1b0360ae ] Request (DeleteServersTestJSON:test_delete_server_while_in_attached_volume): 200 GET http://10.180.1.21/compute/v2.1/servers/ed2886ee-bdd2-4ad1-a8ea-a7d8f4042933 0.557s
2025-11-23 05:59:39.178 66548 INFO tempest.lib.common.rest_client [req-6605ccfc-5013-4a6e-af46-9e0a9d078876 req-6605ccfc-5013-4a6e-af46-9e0a9d078876 ] Request (ServerAddressesNegativeTestJSON:setUpClass): 204 PUT http://10.180.1.21/identity/v3/projects/8eeb6ccfec394ffc9e872bf8d512088f/users/85ccfb121cf4429e96cfad8ef48b7f4e/roles/089d9a6317c34e0c8c1587cdd15bec65 0.034s
2025-11-23 05:59:39.178 66548 INFO tempest.lib.common.dynamic_creds [-] Dynamic test user 85ccfb121cf4429e96cfad8ef48b7f4e is created with scope project and roles: ['member']
2025-11-23 05:59:39.178 66548 INFO tempest.lib.common.dynamic_creds [-] Acquired dynamic creds: credentials: Credentials: {'domain_id': 'default', 'domain_name': 'Default', 'username': 'tempest-ServerAddressesNegativeTestJSON-1850974644-project-member', 'project_domain_id': 'default', 'project_domain_name': 'Default', 'project_id': '8eeb6ccfec394ffc9e872bf8d512088f', 'project_name': 'tempest-ServerAddressesNegativeTestJSON-1850974644', 'tenant_id': '8eeb6ccfec394ffc9e872bf8d512088f', 'tenant_name': 'tempest-ServerAddressesNegativeTestJSON-1850974644', 'user_domain_id': 'default', 'user_domain_name': 'Default', 'user_id': '85ccfb121cf4429e96cfad8ef48b7f4e', 'system': None}, Network: None, Subnet: None, Router: None
2025-11-23 05:59:39.192 66559 INFO tempest.lib.common.rest_client [req-8e151654-4312-4cdd-a7e2-3509ae1f4fad req-8e151654-4312-4cdd-a7e2-3509ae1f4fad ] Request (InstanceActionsTestJSON:tearDownClass): 200 GET http://10.180.1.21/compute/v2.1/servers/3e52ced3-9d26-4856-b2f9-acbc1b9f128c 0.623s
2025-11-23 05:59:39.237 66536 INFO tempest.lib.common.rest_client [req-3852bae7-eca1-46ad-a9e4-4b27b488ceb7 req-3852bae7-eca1-46ad-a9e4-4b27b488ceb7 ] Request (ServersAdminTestJSON:test_create_server_with_scheduling_hint): 200 GET http://10.180.1.21/compute/v2.1/servers/453efbb2-259c-44c7-8a0f-60ca0730df02 0.551s
2025-11-23 05:59:39.250 66508 INFO tempest.lib.common.rest_client [req-55bfb251-10a8-42d5-a31f-4476c345c8ea req-55bfb251-10a8-42d5-a31f-4476c345c8ea ] Request (AttachInterfacesV270Test:setUpClass): 201 POST http://10.180.1.21/networking/v2.0/networks 0.308s
2025-11-23 05:59:39.280 66548 INFO tempest.lib.common.rest_client [req-5d024aa1-b026-4df0-8442-47eb6b431ab0 req-5d024aa1-b026-4df0-8442-47eb6b431ab0 ] Request (ServerAddressesNegativeTestJSON:setUpClass): 201 POST http://10.180.1.21/identity/v3/auth/tokens 0.101s
2025-11-23 05:59:39.296 66534 INFO tempest.lib.common.rest_client [req-c188071b-9c90-48c9-b085-4f0fca60b0e4 req-c188071b-9c90-48c9-b085-4f0fca60b0e4 ] Request (MultipleCreateTestJSON:tearDownClass): 200 GET http://10.180.1.21/compute/v2.1/servers/7941dfab-4a0c-4990-b236-8bddc711102b 0.554s
2025-11-23 05:59:39.424 66508 INFO tempest.lib.common.rest_client [req-bf7bc375-5899-40b0-b24b-2e532a0c7e71 req-bf7bc375-5899-40b0-b24b-2e532a0c7e71 ] Request (AttachInterfacesV270Test:setUpClass): 201 POST http://10.180.1.21/networking/v2.0/subnets 0.172s
2025-11-23 05:59:39.485 66530 WARNING tempest.lib.common.ssh [-] Failed to establish authenticated ssh connection to cirros@10.180.180.160 ([Errno None] Unable to connect to port 22 on 10.180.180.160). Number attempts: 6. Retry after 7 seconds.: paramiko.ssh_exception.NoValidConnectionsError: [Errno None] Unable to connect to port 22 on 10.180.180.160
2025-11-23 05:59:39.513 66556 INFO tempest.lib.common.rest_client [req-8b4e8ecd-cb58-4c60-b314-a32b1eb8ee96 req-8b4e8ecd-cb58-4c60-b314-a32b1eb8ee96 ] Request (AttachInterfacesUnderV243Test:test_add_remove_fixed_ip): 200 GET http://10.180.1.21/compute/v2.1/servers/2c3c8031-e2e3-482a-87f0-56789461f744 0.757s
2025-11-23 05:59:39.519 66556 INFO tempest.common.waiters [-] State transition "BUILD/scheduling" ==> "BUILD/None" after 5 second wait
2025-11-23 05:59:39.578 66548 INFO tempest.lib.common.rest_client [req-58baacc2-bf9a-47fd-8a53-35e675cfac4a req-58baacc2-bf9a-47fd-8a53-35e675cfac4a ] Request (ServerAddressesNegativeTestJSON:setUpClass): 201 POST http://10.180.1.21/networking/v2.0/networks 0.297s
2025-11-23 05:59:39.714 66550 INFO tempest.lib.common.rest_client [req-34393937-bede-4f95-951c-a5bbf5fb9931 req-34393937-bede-4f95-951c-a5bbf5fb9931 ] Request (ListImageFiltersTestJSON:setUpClass): 202 POST http://10.180.1.21/compute/v2.1/servers/985a1e1a-4441-4496-a53d-172817604c1c/action 1.026s
2025-11-23 05:59:39.889 66512 INFO tempest.lib.common.rest_client [req-aa5ece7e-892e-46f8-b0a7-dbadce992b0b req-aa5ece7e-892e-46f8-b0a7-dbadce992b0b ] Request (ServersAdminNegativeTestJSON:tearDownClass): 200 GET http://10.180.1.21/compute/v2.1/servers/057e767b-5cf6-48c0-86c0-daf4cad0a153 1.029s
2025-11-23 05:59:40.051 66548 INFO tempest.lib.common.rest_client [req-ba441313-6cb1-4c46-ac06-f4ce0e184ebc req-ba441313-6cb1-4c46-ac06-f4ce0e184ebc ] Request (ServerAddressesNegativeTestJSON:setUpClass): 201 POST http://10.180.1.21/networking/v2.0/subnets 0.472s
2025-11-23 05:59:40.076 66522 INFO tempest.lib.common.rest_client [req-0d0713a9-d158-43a6-9f75-df4286c9f30f req-0d0713a9-d158-43a6-9f75-df4286c9f30f ] Request (FloatingIPsAssociationTestJSON:tearDownClass): 200 GET http://10.180.1.21/compute/v2.1/servers/fe1e45fd-7402-45b7-a6c8-74785dedf12a 1.113s
2025-11-23 05:59:40.094 66560 INFO tempest.lib.common.rest_client [req-a68343bc-875f-4d56-89a5-3561d346f900 req-a68343bc-875f-4d56-89a5-3561d346f900 ] Request (ServerExternalEventsTest:tearDownClass): 200 GET http://10.180.1.21/compute/v2.1/servers/a7cc15e8-5ccb-4490-85ec-792c702630b0 1.048s
2025-11-23 05:59:40.309 66508 INFO tempest.lib.common.rest_client [req-744ddc22-c89c-4b9e-92b3-406e5a3c8a09 req-744ddc22-c89c-4b9e-92b3-406e5a3c8a09 ] Request (AttachInterfacesV270Test:setUpClass): 201 POST http://10.180.1.21/networking/v2.0/routers 0.885s
2025-11-23 05:59:40.334 66528 INFO tempest.lib.common.rest_client [req-0cbb7e39-765c-48bb-99f2-cab839002bd0 req-0cbb7e39-765c-48bb-99f2-cab839002bd0 ] Request (ServersWithSpecificFlavorTestJSON:test_verify_created_server_ephemeral_disk): 200 GET http://10.180.1.21/compute/v2.1/servers/b9f50b0e-1ec5-4bb4-948e-1d02f17d4b54 1.240s
2025-11-23 05:59:40.345 66510 INFO tempest.lib.common.rest_client [req-6402a59e-1682-43d6-8a59-fc4ed7fe56bc req-6402a59e-1682-43d6-8a59-fc4ed7fe56bc ] Request (ServerShowV247Test:test_update_rebuild_list_server): 200 GET http://10.180.1.21/compute/v2.1/servers/12269969-7599-4653-9dc0-b7cf962f03b9 1.227s
2025-11-23 05:59:40.355 66510 INFO tempest.common.waiters [-] State transition "BUILD/None" ==> "BUILD/networking" after 36 second wait
2025-11-23 05:59:40.805 66548 INFO tempest.lib.common.rest_client [req-7c715fe5-5d7c-4dd6-963c-dcb2cfbef0c2 req-7c715fe5-5d7c-4dd6-963c-dcb2cfbef0c2 ] Request (ServerAddressesNegativeTestJSON:setUpClass): 201 POST http://10.180.1.21/networking/v2.0/routers 0.753s
2025-11-23 05:59:40.832 66524 INFO tempest.lib.common.rest_client [req-6b5e63ee-1a5e-4f9d-b118-5b4f54178218 req-6b5e63ee-1a5e-4f9d-b118-5b4f54178218 ] Request (ServersTestMultiNic:test_verify_duplicate_network_nics): 200 GET http://10.180.1.21/compute/v2.1/servers/bc7361f6-d942-4256-87fb-5a4b2ab09418 1.548s
2025-11-23 05:59:40.846 66545 INFO tempest.lib.common.rest_client [req-2cee1812-b328-48a4-83ff-b612f24c6944 req-2cee1812-b328-48a4-83ff-b612f24c6944 ] Request (ServersTestJSON:_run_cleanups): 200 GET http://10.180.1.21/compute/v2.1/servers/250e94f0-8cea-4f68-abc9-e8f6c6d32369 1.393s
2025-11-23 05:59:41.012 66520 WARNING tempest.lib.common.ssh [-] Failed to establish authenticated ssh connection to cirros@10.180.180.150 ([Errno None] Unable to connect to port 22 on 10.180.180.150). Number attempts: 2. Retry after 3 seconds.: paramiko.ssh_exception.NoValidConnectionsError: [Errno None] Unable to connect to port 22 on 10.180.180.150
2025-11-23 05:59:41.663 66508 INFO tempest.lib.common.rest_client [req-e41bc4fd-106b-4df2-845c-b8f84fae32c5 req-e41bc4fd-106b-4df2-845c-b8f84fae32c5 ] Request (AttachInterfacesV270Test:setUpClass): 200 PUT http://10.180.1.21/networking/v2.0/routers/373be8bf-15a3-4b01-acac-61f60987a704/add_router_interface 1.353s
2025-11-23 05:59:41.663 66508 INFO tempest.lib.common.dynamic_creds [-] Created isolated network resources for: credentials: Credentials: {'domain_id': 'default', 'domain_name': 'Default', 'username': 'tempest-AttachInterfacesV270Test-1065881807-project-member', 'project_domain_id': 'default', 'project_domain_name': 'Default', 'project_id': 'a657eb35fd2641298866fa514f1d99e4', 'project_name': 'tempest-AttachInterfacesV270Test-1065881807', 'tenant_id': 'a657eb35fd2641298866fa514f1d99e4', 'tenant_name': 'tempest-AttachInterfacesV270Test-1065881807', 'user_domain_id': 'default', 'user_domain_name': 'Default', 'user_id': '81818c7a5e3c4df0a8d5afd2eaf9bd65', 'system': None}, Network: {'id': 'a49d2d36-ea79-4abd-9e7b-318d39aaaca2', 'name': 'tempest-AttachInterfacesV270Test-1679410152-network', 'tenant_id': 'a657eb35fd2641298866fa514f1d99e4', 'project_id': 'a657eb35fd2641298866fa514f1d99e4', 'admin_state_up': True, 'mtu': 8950, 'status': 'ACTIVE', 'subnets': [], 'shared': False, 'port_security_enabled': True, 'router:external': False, 'provider:network_type': 'vlan', 'provider:physical_network': 'default', 'provider:segmentation_id': 216, 'availability_zone_hints': [], 'availability_zones': [], 'ipv4_address_scope': None, 'ipv6_address_scope': None, 'description': '', 'tags': [], 'created_at': '2025-11-23T05:59:39Z', 'updated_at': '2025-11-23T05:59:39Z', 'revision_number': 1}, Subnet: {'id': '921698a4-cc6a-4f74-bcc5-3a0144921f23', 'name': 'tempest-AttachInterfacesV270Test-1679410152-subnet', 'tenant_id': 'a657eb35fd2641298866fa514f1d99e4', 'network_id': 'a49d2d36-ea79-4abd-9e7b-318d39aaaca2', 'ip_version': 4, 'subnetpool_id': None, 'enable_dhcp': True, 'ipv6_ra_mode': None, 'ipv6_address_mode': None, 'gateway_ip': '192.168.128.1', 'cidr': '192.168.128.0/28', 'allocation_pools': [{'start': '192.168.128.2', 'end': '192.168.128.14'}], 'host_routes': [], 'dns_nameservers': [], 'description': '', 'router:external': False, 'service_types': [], 'tags': [], 'created_at': '2025-11-23T05:59:39Z', 'updated_at': '2025-11-23T05:59:39Z', 'revision_number': 0, 'project_id': 'a657eb35fd2641298866fa514f1d99e4'}, Router: {'id': '373be8bf-15a3-4b01-acac-61f60987a704', 'name': 'tempest-AttachInterfacesV270Test-1679410152-router', 'tenant_id': 'a657eb35fd2641298866fa514f1d99e4', 'admin_state_up': True, 'status': 'ACTIVE', 'external_gateway_info': {'network_id': 'e370e1e2-6702-44a7-8340-e76e3c1bf1b3', 'external_fixed_ips': [{'subnet_id': '79bf6829-2a1b-489d-903f-be36cdebf499', 'ip_address': '10.180.180.164'}], 'enable_snat': True}, 'description': '', 'availability_zones': [], 'distributed': False, 'ha': False, 'availability_zone_hints': [], 'routes': [], 'flavor_id': None, 'tags': [], 'created_at': '2025-11-23T05:59:39Z', 'updated_at': '2025-11-23T05:59:40Z', 'revision_number': 2, 'project_id': 'a657eb35fd2641298866fa514f1d99e4'}
2025-11-23 05:59:41.691 66546 INFO tempest.lib.common.rest_client [req-53c08712-00cf-4693-9244-ee482480ae0e req-53c08712-00cf-4693-9244-ee482480ae0e ] Request (AttachVolumeTestJSON:test_attach_detach_volume): 200 GET http://10.180.1.21/compute/v2.1/servers/0c2694f7-00b5-495b-bc4c-8df4f4dec357 2.217s
2025-11-23 05:59:41.711 66504 INFO tempest.lib.common.rest_client [req-b86f12cb-de9c-47df-bf12-71bfb4426bed req-b86f12cb-de9c-47df-bf12-71bfb4426bed ] Request (ServerAddressesTestJSON:setUpClass): 200 GET http://10.180.1.21/compute/v2.1/servers/636bbd47-c446-4a5e-8431-a3b2f7604674 2.201s
2025-11-23 05:59:41.759 66548 INFO tempest.lib.common.rest_client [req-43bd8925-4417-49af-a40b-3655e5004f15 req-43bd8925-4417-49af-a40b-3655e5004f15 ] Request (ServerAddressesNegativeTestJSON:setUpClass): 200 PUT http://10.180.1.21/networking/v2.0/routers/90a2be5c-4acd-4424-8ef4-f239a7f46dbe/add_router_interface 0.954s
2025-11-23 05:59:41.760 66548 INFO tempest.lib.common.dynamic_creds [-] Created isolated network resources for: credentials: Credentials: {'domain_id': 'default', 'domain_name': 'Default', 'username': 'tempest-ServerAddressesNegativeTestJSON-1850974644-project-member', 'project_domain_id': 'default', 'project_domain_name': 'Default', 'project_id': '8eeb6ccfec394ffc9e872bf8d512088f', 'project_name': 'tempest-ServerAddressesNegativeTestJSON-1850974644', 'tenant_id': '8eeb6ccfec394ffc9e872bf8d512088f', 'tenant_name': 'tempest-ServerAddressesNegativeTestJSON-1850974644', 'user_domain_id': 'default', 'user_domain_name': 'Default', 'user_id': '85ccfb121cf4429e96cfad8ef48b7f4e', 'system': None}, Network: {'id': '8d8d731a-45e9-4088-a75e-3151eef8d059', 'name': 'tempest-ServerAddressesNegativeTestJSON-1576543232-network', 'tenant_id': '8eeb6ccfec394ffc9e872bf8d512088f', 'project_id': '8eeb6ccfec394ffc9e872bf8d512088f', 'admin_state_up': True, 'mtu': 8950, 'status': 'ACTIVE', 'subnets': [], 'shared': False, 'port_security_enabled': True, 'router:external': False, 'provider:network_type': 'vlan', 'provider:physical_network': 'default', 'provider:segmentation_id': 244, 'availability_zone_hints': [], 'availability_zones': [], 'ipv4_address_scope': None, 'ipv6_address_scope': None, 'description': '', 'tags': [], 'created_at': '2025-11-23T05:59:39Z', 'updated_at': '2025-11-23T05:59:39Z', 'revision_number': 1}, Subnet: {'id': '274ed442-9de1-4699-b22b-c1c434f46599', 'name': 'tempest-ServerAddressesNegativeTestJSON-1576543232-subnet', 'tenant_id': '8eeb6ccfec394ffc9e872bf8d512088f', 'network_id': '8d8d731a-45e9-4088-a75e-3151eef8d059', 'ip_version': 4, 'subnetpool_id': None, 'enable_dhcp': True, 'ipv6_ra_mode': None, 'ipv6_address_mode': None, 'gateway_ip': '192.168.128.1', 'cidr': '192.168.128.0/28', 'allocation_pools': [{'start': '192.168.128.2', 'end': '192.168.128.14'}], 'host_routes': [], 'dns_nameservers': [], 'description': '', 'router:external': False, 'service_types': [], 'tags': [], 'created_at': '2025-11-23T05:59:39Z', 'updated_at': '2025-11-23T05:59:39Z', 'revision_number': 0, 'project_id': '8eeb6ccfec394ffc9e872bf8d512088f'}, Router: {'id': '90a2be5c-4acd-4424-8ef4-f239a7f46dbe', 'name': 'tempest-ServerAddressesNegativeTestJSON-1576543232-router', 'tenant_id': '8eeb6ccfec394ffc9e872bf8d512088f', 'admin_state_up': True, 'status': 'ACTIVE', 'external_gateway_info': {'network_id': 'e370e1e2-6702-44a7-8340-e76e3c1bf1b3', 'external_fixed_ips': [{'subnet_id': '79bf6829-2a1b-489d-903f-be36cdebf499', 'ip_address': '10.180.180.169'}], 'enable_snat': True}, 'description': '', 'availability_zones': [], 'distributed': False, 'ha': False, 'availability_zone_hints': [], 'routes': [], 'flavor_id': None, 'tags': [], 'created_at': '2025-11-23T05:59:40Z', 'updated_at': '2025-11-23T05:59:40Z', 'revision_number': 2, 'project_id': '8eeb6ccfec394ffc9e872bf8d512088f'}
2025-11-23 05:59:41.792 66562 INFO tempest.lib.common.rest_client [req-87014e81-b0c2-4d09-bb09-dee35dd80ca5 req-87014e81-b0c2-4d09-bb09-dee35dd80ca5 ] Request (SecurityGroupsTestJSON:test_list_security_groups_by_server): 200 GET http://10.180.1.21/compute/v2.1/servers/6ea678b3-ac34-4277-b8d7-d6dc781b9b32 2.254s
2025-11-23 05:59:41.821 66532 INFO tempest.lib.common.rest_client [req-ad55246d-db88-4e98-85bd-8212f409c263 req-ad55246d-db88-4e98-85bd-8212f409c263 ] Request (ServersTestBootFromVolume:setUpClass): 200 GET http://10.180.1.21/compute/v2.1/servers/ffef8fdf-9ac7-45d5-a9bd-a497a5002eca 2.254s
2025-11-23 05:59:41.823 66508 INFO tempest.lib.common.rest_client [req-69902ae9-561a-44cf-aca3-41d6c33cdb24 req-69902ae9-561a-44cf-aca3-41d6c33cdb24 ] Request (AttachInterfacesV270Test:setUpClass): 201 POST http://10.180.1.21/identity/v3/auth/tokens 0.154s
2025-11-23 05:59:41.874 66508 INFO tempest.lib.common.rest_client [req-f6999df2-083e-4e20-a835-962eb08b7067 req-f6999df2-083e-4e20-a835-962eb08b7067 ] Request (AttachInterfacesV270Test:test_create_get_list_interfaces): 201 POST http://10.180.1.21/identity/v3/auth/tokens 0.044s
2025-11-23 05:59:41.874 66508 INFO tempest.lib.common.fixed_network [-] (AttachInterfacesV270Test:test_create_get_list_interfaces) Found network {'id': 'a49d2d36-ea79-4abd-9e7b-318d39aaaca2', 'name': 'tempest-AttachInterfacesV270Test-1679410152-network', 'tenant_id': 'a657eb35fd2641298866fa514f1d99e4', 'project_id': 'a657eb35fd2641298866fa514f1d99e4', 'admin_state_up': True, 'mtu': 8950, 'status': 'ACTIVE', 'subnets': [], 'shared': False, 'port_security_enabled': True, 'router:external': False, 'provider:network_type': 'vlan', 'provider:physical_network': 'default', 'provider:segmentation_id': 216, 'availability_zone_hints': [], 'availability_zones': [], 'ipv4_address_scope': None, 'ipv6_address_scope': None, 'description': '', 'tags': [], 'created_at': '2025-11-23T05:59:39Z', 'updated_at': '2025-11-23T05:59:39Z', 'revision_number': 1} available for tenant
2025-11-23 05:59:41.898 66548 INFO tempest.lib.common.rest_client [req-7c2bbbdf-26fe-4184-af31-9cef6e0b112f req-7c2bbbdf-26fe-4184-af31-9cef6e0b112f ] Request (ServerAddressesNegativeTestJSON:setUpClass): 201 POST http://10.180.1.21/identity/v3/auth/tokens 0.134s
2025-11-23 05:59:41.951 66548 INFO tempest.lib.common.rest_client [req-31205758-957b-4470-8690-8e6998fa64a6 req-31205758-957b-4470-8690-8e6998fa64a6 ] Request (ServerAddressesNegativeTestJSON:setUpClass): 201 POST http://10.180.1.21/identity/v3/auth/tokens 0.050s
2025-11-23 05:59:41.952 66548 INFO tempest.lib.common.fixed_network [-] (ServerAddressesNegativeTestJSON:setUpClass) Found network {'id': '8d8d731a-45e9-4088-a75e-3151eef8d059', 'name': 'tempest-ServerAddressesNegativeTestJSON-1576543232-network', 'tenant_id': '8eeb6ccfec394ffc9e872bf8d512088f', 'project_id': '8eeb6ccfec394ffc9e872bf8d512088f', 'admin_state_up': True, 'mtu': 8950, 'status': 'ACTIVE', 'subnets': [], 'shared': False, 'port_security_enabled': True, 'router:external': False, 'provider:network_type': 'vlan', 'provider:physical_network': 'default', 'provider:segmentation_id': 244, 'availability_zone_hints': [], 'availability_zones': [], 'ipv4_address_scope': None, 'ipv6_address_scope': None, 'description': '', 'tags': [], 'created_at': '2025-11-23T05:59:39Z', 'updated_at': '2025-11-23T05:59:39Z', 'revision_number': 1} available for tenant
2025-11-23 05:59:41.959 66542 INFO tempest.lib.common.rest_client [req-ddca7d2f-bd42-40cb-831e-02e6dc23d03a req-ddca7d2f-bd42-40cb-831e-02e6dc23d03a ] Request (ImagesOneServerNegativeTestJSON:setUpClass): 200 GET http://10.180.1.21/compute/v2.1/servers/f3867698-a131-4a61-a36c-e974372173be 2.372s
2025-11-23 05:59:41.977 66526 INFO tempest.lib.common.rest_client [req-389c9a1b-01b8-4426-b442-b12c0eff292e req-389c9a1b-01b8-4426-b442-b12c0eff292e ] Request (DeleteServersAdminTestJSON:test_admin_delete_servers_of_others): 200 GET http://10.180.1.21/compute/v2.1/servers/d2cb7a72-1a45-4b17-9679-01939348afd5 2.323s
2025-11-23 05:59:42.013 66550 INFO tempest.lib.common.rest_client [req-21489b1a-fc1a-42f8-834c-af5d18e99e40 req-21489b1a-fc1a-42f8-834c-af5d18e99e40 ] Request (ListImageFiltersTestJSON:setUpClass): 200 GET http://10.180.1.21/compute/v2.1/images/935e4a82-0f55-48bf-81ab-2abe81bb60ee 2.298s
2025-11-23 05:59:42.056 66538 INFO tempest.lib.common.rest_client [req-26a562a4-3b81-451f-89e4-4d46681f288c req-26a562a4-3b81-451f-89e4-4d46681f288c ] Request (ServersListShow298Test:test_list_show_update_rebuild_server_298): 200 GET http://10.180.1.21/compute/v2.1/servers/2a8d8483-a90b-4993-8b30-30536a1c568e 2.304s
2025-11-23 05:59:42.129 66516 INFO tempest.lib.common.rest_client [req-6a13c211-8670-4a32-97a3-db681ed72842 req-6a13c211-8670-4a32-97a3-db681ed72842 ] Request (ImagesOneServerTestJSON:tearDownClass): 200 GET http://10.180.1.21/compute/v2.1/servers/4a439b3d-f672-4d62-b02e-116db7391aaa 2.166s
2025-11-23 05:59:42.138 66516 INFO tempest.common.waiters [-] State transition "ACTIVE/deleting" ==> "DELETED/None" after 5 second wait
2025-11-23 05:59:42.142 66518 INFO tempest.lib.common.rest_client [req-b5435049-5da6-4be4-b151-3424ca362b87 req-b5435049-5da6-4be4-b151-3424ca362b87 ] Request (ServersAdmin275Test:_run_cleanups): 200 GET http://10.180.1.21/compute/v2.1/servers/ebfcc6bf-10d9-4333-9339-e73e32dbdd39 2.094s
2025-11-23 05:59:42.152 66518 INFO tempest.common.waiters [-] State transition "REBUILD/rebuild_spawning" ==> "ACTIVE/None" after 9 second wait
2025-11-23 05:59:42.215 66566 INFO tempest.lib.common.rest_client [req-41477022-35ed-4fd1-803a-40eca55d3168 req-41477022-35ed-4fd1-803a-40eca55d3168 ] Request (AttachVolumeShelveTestJSON:test_attach_volume_shelved_or_offload_server): 200 GET http://10.180.1.21/compute/v2.1/servers/ebc9c295-f385-49f8-81f2-8f513e50319e 2.102s
2025-11-23 05:59:42.235 66506 INFO tempest.lib.common.rest_client [req-6f674f66-f66f-4856-a490-7c0461417cc4 req-6f674f66-f66f-4856-a490-7c0461417cc4 ] Request (DeleteServersTestJSON:test_delete_server_while_in_attached_volume): 200 GET http://10.180.1.21/compute/v2.1/servers/ed2886ee-bdd2-4ad1-a8ea-a7d8f4042933 2.061s
2025-11-23 05:59:42.287 66559 INFO tempest.lib.common.rest_client [req-af59c0d9-64e0-49e5-811b-ef537d719303 req-af59c0d9-64e0-49e5-811b-ef537d719303 ] Request (InstanceActionsTestJSON:tearDownClass): 200 GET http://10.180.1.21/compute/v2.1/servers/3e52ced3-9d26-4856-b2f9-acbc1b9f128c 2.082s
2025-11-23 05:59:42.301 66536 INFO tempest.lib.common.rest_client [req-94c03a15-7948-4042-9942-05342056ffa9 req-94c03a15-7948-4042-9942-05342056ffa9 ] Request (ServersAdminTestJSON:test_create_server_with_scheduling_hint): 200 GET http://10.180.1.21/compute/v2.1/servers/453efbb2-259c-44c7-8a0f-60ca0730df02 2.051s
2025-11-23 05:59:42.361 66556 INFO tempest.lib.common.rest_client [req-b1208af7-177b-49a3-89b2-b56c0f0bc3f2 req-b1208af7-177b-49a3-89b2-b56c0f0bc3f2 ] Request (AttachInterfacesUnderV243Test:test_add_remove_fixed_ip): 200 GET http://10.180.1.21/compute/v2.1/servers/2c3c8031-e2e3-482a-87f0-56789461f744 1.841s
2025-11-23 05:59:42.363 66534 INFO tempest.lib.common.rest_client [req-b7834eaa-e156-4337-8610-5a7e62556dd2 req-b7834eaa-e156-4337-8610-5a7e62556dd2 ] Request (MultipleCreateTestJSON:tearDownClass): 200 GET http://10.180.1.21/compute/v2.1/servers/7941dfab-4a0c-4990-b236-8bddc711102b 2.057s
2025-11-23 05:59:42.420 66522 INFO tempest.lib.common.rest_client [req-0d2da47b-df9f-42e3-ac1d-f1ea46940fda req-0d2da47b-df9f-42e3-ac1d-f1ea46940fda ] Request (FloatingIPsAssociationTestJSON:tearDownClass): 200 GET http://10.180.1.21/compute/v2.1/servers/fe1e45fd-7402-45b7-a6c8-74785dedf12a 1.336s
2025-11-23 05:59:42.428 66512 INFO tempest.lib.common.rest_client [req-2ce49483-4e13-4c63-9734-4649b8fb4803 req-2ce49483-4e13-4c63-9734-4649b8fb4803 ] Request (ServersAdminNegativeTestJSON:tearDownClass): 200 GET http://10.180.1.21/compute/v2.1/servers/057e767b-5cf6-48c0-86c0-daf4cad0a153 1.528s
2025-11-23 05:59:42.487 66528 INFO tempest.lib.common.rest_client [req-514e9a0f-136b-4707-9e3e-eb529e85f53b req-514e9a0f-136b-4707-9e3e-eb529e85f53b ] Request (ServersWithSpecificFlavorTestJSON:test_verify_created_server_ephemeral_disk): 200 GET http://10.180.1.21/compute/v2.1/servers/b9f50b0e-1ec5-4bb4-948e-1d02f17d4b54 1.143s
2025-11-23 05:59:42.489 66560 INFO tempest.lib.common.rest_client [req-c0a31ac3-3dcf-4e05-a3c3-a3b6e11d32a8 req-c0a31ac3-3dcf-4e05-a3c3-a3b6e11d32a8 ] Request (ServerExternalEventsTest:tearDownClass): 200 GET http://10.180.1.21/compute/v2.1/servers/a7cc15e8-5ccb-4490-85ec-792c702630b0 1.385s
2025-11-23 05:59:42.545 66524 INFO tempest.lib.common.rest_client [req-26174217-ef98-478c-9c6d-5499d6b814a7 req-26174217-ef98-478c-9c6d-5499d6b814a7 ] Request (ServersTestMultiNic:test_verify_duplicate_network_nics): 200 GET http://10.180.1.21/compute/v2.1/servers/bc7361f6-d942-4256-87fb-5a4b2ab09418 0.705s
2025-11-23 05:59:42.548 66540 WARNING tempest.lib.common.ssh [-] Failed to establish authenticated ssh connection to cirros@10.180.180.236 ([Errno None] Unable to connect to port 22 on 10.180.180.236). Number attempts: 8. Retry after 9 seconds.: paramiko.ssh_exception.NoValidConnectionsError: [Errno None] Unable to connect to port 22 on 10.180.180.236
2025-11-23 05:59:42.554 66524 INFO tempest.common.waiters [-] State transition "BUILD/None" ==> "BUILD/networking" after 38 second wait
2025-11-23 05:59:42.561 66510 INFO tempest.lib.common.rest_client [req-67b4b47b-1e55-4f21-9b27-5d2f0dc75abe req-67b4b47b-1e55-4f21-9b27-5d2f0dc75abe ] Request (ServerShowV247Test:test_update_rebuild_list_server): 200 GET http://10.180.1.21/compute/v2.1/servers/12269969-7599-4653-9dc0-b7cf962f03b9 1.205s
2025-11-23 05:59:42.570 66510 INFO tempest.common.waiters [-] State transition "BUILD/networking" ==> "BUILD/spawning" after 38 second wait
2025-11-23 05:59:42.611 66545 INFO tempest.lib.common.rest_client [req-c417bf22-3c10-42f8-9292-0241eecd29ae req-c417bf22-3c10-42f8-9292-0241eecd29ae ] Request (ServersTestJSON:_run_cleanups): 200 GET http://10.180.1.21/compute/v2.1/servers/250e94f0-8cea-4f68-abc9-e8f6c6d32369 0.753s
2025-11-23 05:59:43.051 66514 WARNING tempest.lib.common.ssh [-] Failed to establish authenticated ssh connection to cirros@10.180.180.234 ([Errno None] Unable to connect to port 22 on 10.180.180.234). Number attempts: 10. Retry after 11 seconds.: paramiko.ssh_exception.NoValidConnectionsError: [Errno None] Unable to connect to port 22 on 10.180.180.234
2025-11-23 05:59:43.132 66548 INFO tempest.lib.common.rest_client [req-516b554b-6543-42db-9aad-7f2050a8cc7f req-516b554b-6543-42db-9aad-7f2050a8cc7f ] Request (ServerAddressesNegativeTestJSON:setUpClass): 202 POST http://10.180.1.21/compute/v2.1/servers 1.179s
2025-11-23 05:59:43.206 66508 INFO tempest.lib.common.rest_client [req-b2b4f914-a06a-4bba-aeba-6800609b201e req-b2b4f914-a06a-4bba-aeba-6800609b201e ] Request (AttachInterfacesV270Test:test_create_get_list_interfaces): 202 POST http://10.180.1.21/compute/v2.1/servers 1.331s
2025-11-23 05:59:43.267 66518 INFO tempest.lib.common.rest_client [req-b2db1614-4b70-4a30-be2d-316b1264b449 req-b2db1614-4b70-4a30-be2d-316b1264b449 ] Request (ServersAdmin275Test:tearDownClass): 204 DELETE http://10.180.1.21/compute/v2.1/servers/ebfcc6bf-10d9-4333-9339-e73e32dbdd39 1.114s
2025-11-23 05:59:43.302 66546 INFO tempest.lib.common.rest_client [req-d7e8ea1b-fa34-4ddf-930d-a9e684a13711 req-d7e8ea1b-fa34-4ddf-930d-a9e684a13711 ] Request (AttachVolumeTestJSON:test_attach_detach_volume): 200 GET http://10.180.1.21/compute/v2.1/servers/0c2694f7-00b5-495b-bc4c-8df4f4dec357 0.598s
2025-11-23 05:59:43.347 66504 INFO tempest.lib.common.rest_client [req-9cdb8e5e-31da-4f80-9405-bc9054458040 req-9cdb8e5e-31da-4f80-9405-bc9054458040 ] Request (ServerAddressesTestJSON:setUpClass): 200 GET http://10.180.1.21/compute/v2.1/servers/636bbd47-c446-4a5e-8431-a3b2f7604674 0.624s
2025-11-23 05:59:43.389 66562 INFO tempest.lib.common.rest_client [req-e483d87d-0f62-4650-91ef-3aaa8f2d4c6c req-e483d87d-0f62-4650-91ef-3aaa8f2d4c6c ] Request (SecurityGroupsTestJSON:test_list_security_groups_by_server): 200 GET http://10.180.1.21/compute/v2.1/servers/6ea678b3-ac34-4277-b8d7-d6dc781b9b32 0.581s
2025-11-23 05:59:43.422 66532 INFO tempest.lib.common.rest_client [req-c59b7689-312d-4657-b0d5-b2ad5839db24 req-c59b7689-312d-4657-b0d5-b2ad5839db24 ] Request (ServersTestBootFromVolume:setUpClass): 200 GET http://10.180.1.21/compute/v2.1/servers/ffef8fdf-9ac7-45d5-a9bd-a497a5002eca 0.592s
2025-11-23 05:59:43.450 66542 INFO tempest.lib.common.rest_client [req-4f9150b1-fa1a-4cb8-b234-a1422e4ec1e1 req-4f9150b1-fa1a-4cb8-b234-a1422e4ec1e1 ] Request (ImagesOneServerNegativeTestJSON:setUpClass): 200 GET http://10.180.1.21/compute/v2.1/servers/f3867698-a131-4a61-a36c-e974372173be 0.473s
2025-11-23 05:59:43.476 66526 INFO tempest.lib.common.rest_client [req-da8878e8-ce91-4951-ae43-3841781e5972 req-da8878e8-ce91-4951-ae43-3841781e5972 ] Request (DeleteServersAdminTestJSON:test_admin_delete_servers_of_others): 200 GET http://10.180.1.21/compute/v2.1/servers/d2cb7a72-1a45-4b17-9679-01939348afd5 0.488s
2025-11-23 05:59:43.492 66550 INFO tempest.lib.common.rest_client [req-27a6a8fe-1ac8-4f63-9fce-b0c9c433ba5d req-27a6a8fe-1ac8-4f63-9fce-b0c9c433ba5d ] Request (ListImageFiltersTestJSON:setUpClass): 200 GET http://10.180.1.21/compute/v2.1/images/935e4a82-0f55-48bf-81ab-2abe81bb60ee 0.472s
2025-11-23 05:59:43.545 66548 INFO tempest.lib.common.rest_client [req-cda0f4de-4a60-4951-896b-893b0cbf5eff req-cda0f4de-4a60-4951-896b-893b0cbf5eff ] Request (ServerAddressesNegativeTestJSON:setUpClass): 200 GET http://10.180.1.21/compute/v2.1/servers/47b580ec-1dbf-4911-bfe9-f29725d83c6e 0.411s
2025-11-23 05:59:43.566 66538 INFO tempest.lib.common.rest_client [req-cea51499-ae42-4b22-8fce-1e9e5e6ddf1d req-cea51499-ae42-4b22-8fce-1e9e5e6ddf1d ] Request (ServersListShow298Test:test_list_show_update_rebuild_server_298): 200 GET http://10.180.1.21/compute/v2.1/servers/2a8d8483-a90b-4993-8b30-30536a1c568e 0.491s
2025-11-23 05:59:43.613 66516 INFO tempest.lib.common.rest_client [req-69d2bbde-d123-48a0-8892-b1cd349ff32b req-69d2bbde-d123-48a0-8892-b1cd349ff32b ] Request (ImagesOneServerTestJSON:tearDownClass): 200 GET http://10.180.1.21/compute/v2.1/servers/4a439b3d-f672-4d62-b02e-116db7391aaa 0.473s
2025-11-23 05:59:43.625 66508 INFO tempest.lib.common.rest_client [req-433e892b-4723-4ff3-aea1-5a635d294b8a req-433e892b-4723-4ff3-aea1-5a635d294b8a ] Request (AttachInterfacesV270Test:test_create_get_list_interfaces): 200 GET http://10.180.1.21/compute/v2.1/servers/d65d3f14-307b-421e-b6ad-23dd6c03cd7a 0.417s
2025-11-23 05:59:43.688 66566 INFO tempest.lib.common.rest_client [req-bfc480fa-764e-4dae-abc4-460b34d6fba5 req-bfc480fa-764e-4dae-abc4-460b34d6fba5 ] Request (AttachVolumeShelveTestJSON:test_attach_volume_shelved_or_offload_server): 200 GET http://10.180.1.21/compute/v2.1/servers/ebc9c295-f385-49f8-81f2-8f513e50319e 0.464s
2025-11-23 05:59:43.715 66506 INFO tempest.lib.common.rest_client [req-f4085428-6f22-4257-9b56-228ff0ff4b83 req-f4085428-6f22-4257-9b56-228ff0ff4b83 ] Request (DeleteServersTestJSON:test_delete_server_while_in_attached_volume): 200 GET http://10.180.1.21/compute/v2.1/servers/ed2886ee-bdd2-4ad1-a8ea-a7d8f4042933 0.469s
2025-11-23 05:59:43.782 66518 INFO tempest.lib.common.rest_client [req-f272bccf-f301-463d-97a6-ab18513475be req-f272bccf-f301-463d-97a6-ab18513475be ] Request (ServersAdmin275Test:tearDownClass): 200 GET http://10.180.1.21/compute/v2.1/servers/ebfcc6bf-10d9-4333-9339-e73e32dbdd39 0.514s
2025-11-23 05:59:43.814 66559 INFO tempest.lib.common.rest_client [req-c930cc6c-3b48-44ef-ad14-ae6d5609a932 req-c930cc6c-3b48-44ef-ad14-ae6d5609a932 ] Request (InstanceActionsTestJSON:tearDownClass): 200 GET http://10.180.1.21/compute/v2.1/servers/3e52ced3-9d26-4856-b2f9-acbc1b9f128c 0.513s
2025-11-23 05:59:43.888 66536 INFO tempest.lib.common.rest_client [req-66b1fb49-a1bb-4eb1-b1f9-954d07decd9f req-66b1fb49-a1bb-4eb1-b1f9-954d07decd9f ] Request (ServersAdminTestJSON:test_create_server_with_scheduling_hint): 200 GET http://10.180.1.21/compute/v2.1/servers/453efbb2-259c-44c7-8a0f-60ca0730df02 0.577s
2025-11-23 05:59:43.908 66534 INFO tempest.lib.common.rest_client [req-1774a943-15fd-4472-95f8-abdb5c22ee90 req-1774a943-15fd-4472-95f8-abdb5c22ee90 ] Request (MultipleCreateTestJSON:tearDownClass): 200 GET http://10.180.1.21/compute/v2.1/servers/7941dfab-4a0c-4990-b236-8bddc711102b 0.535s
2025-11-23 05:59:43.978 66556 INFO tempest.lib.common.rest_client [req-dd16bccc-4041-4b68-bcf7-c6299ed00c83 req-dd16bccc-4041-4b68-bcf7-c6299ed00c83 ] Request (AttachInterfacesUnderV243Test:test_add_remove_fixed_ip): 200 GET http://10.180.1.21/compute/v2.1/servers/2c3c8031-e2e3-482a-87f0-56789461f744 0.605s
2025-11-23 05:59:44.003 66522 INFO tempest.lib.common.rest_client [req-2e53eb9a-f73c-4e26-858e-30e2726f3ec0 req-2e53eb9a-f73c-4e26-858e-30e2726f3ec0 ] Request (FloatingIPsAssociationTestJSON:tearDownClass): 200 GET http://10.180.1.21/compute/v2.1/servers/fe1e45fd-7402-45b7-a6c8-74785dedf12a 0.575s
2025-11-23 05:59:44.058 66512 INFO tempest.lib.common.rest_client [req-ebd1d0e3-f0a1-412c-8e18-98275fa99b9f req-ebd1d0e3-f0a1-412c-8e18-98275fa99b9f ] Request (ServersAdminNegativeTestJSON:tearDownClass): 200 GET http://10.180.1.21/compute/v2.1/servers/057e767b-5cf6-48c0-86c0-daf4cad0a153 0.616s
2025-11-23 05:59:44.104 66560 INFO tempest.lib.common.rest_client [req-53f1b9d8-7108-47d4-b0fb-f337f8b90603 req-53f1b9d8-7108-47d4-b0fb-f337f8b90603 ] Request (ServerExternalEventsTest:tearDownClass): 200 GET http://10.180.1.21/compute/v2.1/servers/a7cc15e8-5ccb-4490-85ec-792c702630b0 0.606s
2025-11-23 05:59:44.144 66528 INFO tempest.lib.common.rest_client [req-ebfe732e-dc5f-47a0-b183-b6940b2e1c33 req-ebfe732e-dc5f-47a0-b183-b6940b2e1c33 ] Request (ServersWithSpecificFlavorTestJSON:test_verify_created_server_ephemeral_disk): 200 GET http://10.180.1.21/compute/v2.1/servers/b9f50b0e-1ec5-4bb4-948e-1d02f17d4b54 0.644s
2025-11-23 05:59:44.269 66510 INFO tempest.lib.common.rest_client [req-c2383a04-2559-4ce6-bb8f-0671dc86adc8 req-c2383a04-2559-4ce6-bb8f-0671dc86adc8 ] Request (ServerShowV247Test:test_update_rebuild_list_server): 200 GET http://10.180.1.21/compute/v2.1/servers/12269969-7599-4653-9dc0-b7cf962f03b9 0.698s
2025-11-23 05:59:44.303 66524 INFO tempest.lib.common.rest_client [req-a70cde14-3ed0-4e51-b6dd-566203d77132 req-a70cde14-3ed0-4e51-b6dd-566203d77132 ] Request (ServersTestMultiNic:test_verify_duplicate_network_nics): 200 GET http://10.180.1.21/compute/v2.1/servers/bc7361f6-d942-4256-87fb-5a4b2ab09418 0.747s
2025-11-23 05:59:44.310 66524 INFO tempest.common.waiters [-] State transition "BUILD/networking" ==> "BUILD/spawning" after 40 second wait
2025-11-23 05:59:44.339 66545 INFO tempest.lib.common.rest_client [req-31dfe3c9-48a5-46c8-83b1-8c0a7c1dc486 req-31dfe3c9-48a5-46c8-83b1-8c0a7c1dc486 ] Request (ServersTestJSON:_run_cleanups): 200 GET http://10.180.1.21/compute/v2.1/servers/250e94f0-8cea-4f68-abc9-e8f6c6d32369 0.718s
2025-11-23 05:59:44.371 66546 INFO tempest.lib.common.rest_client [req-0b2b46a2-4c6f-4c78-852b-704beafb23f2 req-0b2b46a2-4c6f-4c78-852b-704beafb23f2 ] Request (AttachVolumeTestJSON:test_attach_detach_volume): 200 GET http://10.180.1.21/compute/v2.1/servers/0c2694f7-00b5-495b-bc4c-8df4f4dec357 0.059s
2025-11-23 05:59:44.414 66504 INFO tempest.lib.common.rest_client [req-c139ee90-2873-4a25-8f12-41594df70563 req-c139ee90-2873-4a25-8f12-41594df70563 ] Request (ServerAddressesTestJSON:setUpClass): 200 GET http://10.180.1.21/compute/v2.1/servers/636bbd47-c446-4a5e-8431-a3b2f7604674 0.059s
2025-11-23 05:59:44.461 66562 INFO tempest.lib.common.rest_client [req-305037c2-940d-4e91-9fd8-7ea584336624 req-305037c2-940d-4e91-9fd8-7ea584336624 ] Request (SecurityGroupsTestJSON:test_list_security_groups_by_server): 200 GET http://10.180.1.21/compute/v2.1/servers/6ea678b3-ac34-4277-b8d7-d6dc781b9b32 0.062s
2025-11-23 05:59:44.506 66532 INFO tempest.lib.common.rest_client [req-e70d3185-aa50-4f1c-8aa5-f3040eee1702 req-e70d3185-aa50-4f1c-8aa5-f3040eee1702 ] Request (ServersTestBootFromVolume:setUpClass): 200 GET http://10.180.1.21/compute/v2.1/servers/ffef8fdf-9ac7-45d5-a9bd-a497a5002eca 0.074s
2025-11-23 05:59:44.524 66542 INFO tempest.lib.common.rest_client [req-f5853fd5-b42b-40f5-b2ff-442a27386802 req-f5853fd5-b42b-40f5-b2ff-442a27386802 ] Request (ImagesOneServerNegativeTestJSON:setUpClass): 200 GET http://10.180.1.21/compute/v2.1/servers/f3867698-a131-4a61-a36c-e974372173be 0.064s
2025-11-23 05:59:44.559 66550 INFO tempest.lib.common.rest_client [req-ebd45e18-4e32-46bb-983e-fba2a5118d2f req-ebd45e18-4e32-46bb-983e-fba2a5118d2f ] Request (ListImageFiltersTestJSON:setUpClass): 200 GET http://10.180.1.21/compute/v2.1/images/935e4a82-0f55-48bf-81ab-2abe81bb60ee 0.061s
2025-11-23 05:59:44.570 66526 INFO tempest.lib.common.rest_client [req-d32e468e-7262-448e-9a72-0d95f7fd92ac req-d32e468e-7262-448e-9a72-0d95f7fd92ac ] Request (DeleteServersAdminTestJSON:test_admin_delete_servers_of_others): 200 GET http://10.180.1.21/compute/v2.1/servers/d2cb7a72-1a45-4b17-9679-01939348afd5 0.085s
2025-11-23 05:59:44.627 66548 INFO tempest.lib.common.rest_client [req-2dbde285-b7b8-437b-a367-916b13c42e88 req-2dbde285-b7b8-437b-a367-916b13c42e88 ] Request (ServerAddressesNegativeTestJSON:setUpClass): 200 GET http://10.180.1.21/compute/v2.1/servers/47b580ec-1dbf-4911-bfe9-f29725d83c6e 0.073s
2025-11-23 05:59:44.666 66538 INFO tempest.lib.common.rest_client [req-254060e1-d34d-4dec-bc6c-54a14199c943 req-254060e1-d34d-4dec-bc6c-54a14199c943 ] Request (ServersListShow298Test:test_list_show_update_rebuild_server_298): 200 GET http://10.180.1.21/compute/v2.1/servers/2a8d8483-a90b-4993-8b30-30536a1c568e 0.086s
2025-11-23 05:59:44.707 66516 INFO tempest.lib.common.rest_client [req-1afa5b8c-32d9-4fc7-ac66-c037049342ae req-1afa5b8c-32d9-4fc7-ac66-c037049342ae ] Request (ImagesOneServerTestJSON:tearDownClass): 200 GET http://10.180.1.21/compute/v2.1/servers/4a439b3d-f672-4d62-b02e-116db7391aaa 0.081s
2025-11-23 05:59:44.744 66508 INFO tempest.lib.common.rest_client [req-7039b256-eeed-4ccc-98be-c6c3b0b957f4 req-7039b256-eeed-4ccc-98be-c6c3b0b957f4 ] Request (AttachInterfacesV270Test:test_create_get_list_interfaces): 200 GET http://10.180.1.21/compute/v2.1/servers/d65d3f14-307b-421e-b6ad-23dd6c03cd7a 0.104s
2025-11-23 05:59:44.780 66566 INFO tempest.lib.common.rest_client [req-6c965a6d-938a-4037-8ceb-ea7386347cab req-6c965a6d-938a-4037-8ceb-ea7386347cab ] Request (AttachVolumeShelveTestJSON:test_attach_volume_shelved_or_offload_server): 200 GET http://10.180.1.21/compute/v2.1/servers/ebc9c295-f385-49f8-81f2-8f513e50319e 0.079s
2025-11-23 05:59:44.824 66506 INFO tempest.lib.common.rest_client [req-7174c4a7-2377-4c61-a226-d948dd78ea2c req-7174c4a7-2377-4c61-a226-d948dd78ea2c ] Request (DeleteServersTestJSON:test_delete_server_while_in_attached_volume): 200 GET http://10.180.1.21/compute/v2.1/servers/ed2886ee-bdd2-4ad1-a8ea-a7d8f4042933 0.097s
2025-11-23 05:59:44.915 66518 INFO tempest.lib.common.rest_client [req-7fee0801-02f4-46fd-84fb-2dbc4dac9ff6 req-7fee0801-02f4-46fd-84fb-2dbc4dac9ff6 ] Request (ServersAdmin275Test:tearDownClass): 200 GET http://10.180.1.21/compute/v2.1/servers/ebfcc6bf-10d9-4333-9339-e73e32dbdd39 0.113s
2025-11-23 05:59:44.928 66559 INFO tempest.lib.common.rest_client [req-6b909d89-9a75-473d-ba5c-e63fb52aa860 req-6b909d89-9a75-473d-ba5c-e63fb52aa860 ] Request (InstanceActionsTestJSON:tearDownClass): 200 GET http://10.180.1.21/compute/v2.1/servers/3e52ced3-9d26-4856-b2f9-acbc1b9f128c 0.094s
2025-11-23 05:59:44.967 66536 INFO tempest.lib.common.rest_client [req-61f61b5e-776e-417a-9ee0-125e596d3a79 req-61f61b5e-776e-417a-9ee0-125e596d3a79 ] Request (ServersAdminTestJSON:test_create_server_with_scheduling_hint): 200 GET http://10.180.1.21/compute/v2.1/servers/453efbb2-259c-44c7-8a0f-60ca0730df02 0.065s
2025-11-23 05:59:44.981 66534 INFO tempest.lib.common.rest_client [req-cab08723-d209-4996-ab20-683296f9f025 req-cab08723-d209-4996-ab20-683296f9f025 ] Request (MultipleCreateTestJSON:tearDownClass): 200 GET http://10.180.1.21/compute/v2.1/servers/7941dfab-4a0c-4990-b236-8bddc711102b 0.061s
2025-11-23 05:59:45.046 66556 INFO tempest.lib.common.rest_client [req-d6aa8684-136b-4cb5-959e-180ad4061dff req-d6aa8684-136b-4cb5-959e-180ad4061dff ] Request (AttachInterfacesUnderV243Test:test_add_remove_fixed_ip): 200 GET http://10.180.1.21/compute/v2.1/servers/2c3c8031-e2e3-482a-87f0-56789461f744 0.059s
2025-11-23 05:59:45.080 66522 INFO tempest.lib.common.rest_client [req-6503d9f6-66b4-4d4c-9364-118f60330476 req-6503d9f6-66b4-4d4c-9364-118f60330476 ] Request (FloatingIPsAssociationTestJSON:tearDownClass): 200 GET http://10.180.1.21/compute/v2.1/servers/fe1e45fd-7402-45b7-a6c8-74785dedf12a 0.065s
2025-11-23 05:59:45.163 66512 INFO tempest.lib.common.rest_client [req-eb1bf8fd-def4-4464-9bf6-46532194228e req-eb1bf8fd-def4-4464-9bf6-46532194228e ] Request (ServersAdminNegativeTestJSON:tearDownClass): 200 GET http://10.180.1.21/compute/v2.1/servers/057e767b-5cf6-48c0-86c0-daf4cad0a153 0.094s
2025-11-23 05:59:45.218 66560 INFO tempest.lib.common.rest_client [req-2a5dbff8-9fba-4298-b59a-03d20661bd7f req-2a5dbff8-9fba-4298-b59a-03d20661bd7f ] Request (ServerExternalEventsTest:tearDownClass): 200 GET http://10.180.1.21/compute/v2.1/servers/a7cc15e8-5ccb-4490-85ec-792c702630b0 0.106s
2025-11-23 05:59:45.258 66528 INFO tempest.lib.common.rest_client [req-aefe1c11-2fc1-4c75-9b9c-8fdc230e568d req-aefe1c11-2fc1-4c75-9b9c-8fdc230e568d ] Request (ServersWithSpecificFlavorTestJSON:test_verify_created_server_ephemeral_disk): 200 GET http://10.180.1.21/compute/v2.1/servers/b9f50b0e-1ec5-4bb4-948e-1d02f17d4b54 0.106s
