2025-11-23 05:59:45.339 66510 INFO tempest.lib.common.rest_client [req-134d8725-884e-4126-9302-3792d4148315 req-134d8725-884e-4126-9302-3792d4148315 ] Request (ServerShowV247Test:test_update_rebuild_list_server): 200 GET http://10.180.1.21/compute/v2.1/servers/12269969-7599-4653-9dc0-b7cf962f03b9 0.056s
2025-11-23 05:59:45.415 66545 INFO tempest.lib.common.rest_client [req-1bbdbfb6-9a68-41d2-bfc4-0cfd150f0437 req-1bbdbfb6-9a68-41d2-bfc4-0cfd150f0437 ] Request (ServersTestJSON:_run_cleanups): 200 GET http://10.180.1.21/compute/v2.1/servers/250e94f0-8cea-4f68-abc9-e8f6c6d32369 0.069s
2025-11-23 05:59:45.443 66524 INFO tempest.lib.common.rest_client [req-a1372e73-01d5-4cc3-a64a-94094dbd1a19 req-a1372e73-01d5-4cc3-a64a-94094dbd1a19 ] Request (ServersTestMultiNic:test_verify_duplicate_network_nics): 200 GET http://10.180.1.21/compute/v2.1/servers/bc7361f6-d942-4256-87fb-5a4b2ab09418 0.131s
2025-11-23 05:59:45.476 66546 INFO tempest.lib.common.rest_client [req-a6894e3f-4bf1-4358-810e-cacdc702942b req-a6894e3f-4bf1-4358-810e-cacdc702942b ] Request (AttachVolumeTestJSON:test_attach_detach_volume): 200 GET http://10.180.1.21/compute/v2.1/servers/0c2694f7-00b5-495b-bc4c-8df4f4dec357 0.096s
2025-11-23 05:59:45.499 66504 INFO tempest.lib.common.rest_client [req-51973726-c288-4da3-9b59-6846349f1978 req-51973726-c288-4da3-9b59-6846349f1978 ] Request (ServerAddressesTestJSON:setUpClass): 200 GET http://10.180.1.21/compute/v2.1/servers/636bbd47-c446-4a5e-8431-a3b2f7604674 0.076s
2025-11-23 05:59:45.526 66562 INFO tempest.lib.common.rest_client [req-2f6e4785-e5bc-46c7-8658-f24632ab5792 req-2f6e4785-e5bc-46c7-8658-f24632ab5792 ] Request (SecurityGroupsTestJSON:test_list_security_groups_by_server): 200 GET http://10.180.1.21/compute/v2.1/servers/6ea678b3-ac34-4277-b8d7-d6dc781b9b32 0.056s
2025-11-23 05:59:45.566 66532 INFO tempest.lib.common.rest_client [req-5c648c49-4321-4d1a-a80e-47c7cf54fdd0 req-5c648c49-4321-4d1a-a80e-47c7cf54fdd0 ] Request (ServersTestBootFromVolume:setUpClass): 200 GET http://10.180.1.21/compute/v2.1/servers/ffef8fdf-9ac7-45d5-a9bd-a497a5002eca 0.052s
2025-11-23 05:59:45.574 66532 INFO tempest.common.waiters [-] State transition "BUILD/None" ==> "BUILD/networking" after 33 second wait
2025-11-23 05:59:45.580 66542 INFO tempest.lib.common.rest_client [req-b6734dbd-24e1-45c1-a421-21e08fa39f93 req-b6734dbd-24e1-45c1-a421-21e08fa39f93 ] Request (ImagesOneServerNegativeTestJSON:setUpClass): 200 GET http://10.180.1.21/compute/v2.1/servers/f3867698-a131-4a61-a36c-e974372173be 0.049s
2025-11-23 05:59:45.607 66550 INFO tempest.lib.common.rest_client [req-a4a9e648-9a80-424a-9116-2517db645a92 req-a4a9e648-9a80-424a-9116-2517db645a92 ] Request (ListImageFiltersTestJSON:setUpClass): 200 GET http://10.180.1.21/compute/v2.1/images/935e4a82-0f55-48bf-81ab-2abe81bb60ee 0.044s
2025-11-23 05:59:45.678 66526 INFO tempest.lib.common.rest_client [req-69e02081-f03b-4609-b585-96da82d344cc req-69e02081-f03b-4609-b585-96da82d344cc ] Request (DeleteServersAdminTestJSON:test_admin_delete_servers_of_others): 200 GET http://10.180.1.21/compute/v2.1/servers/d2cb7a72-1a45-4b17-9679-01939348afd5 0.100s
2025-11-23 05:59:45.729 66548 INFO tempest.lib.common.rest_client [req-82ca50fb-42a1-4d2c-8416-055d7718dd06 req-82ca50fb-42a1-4d2c-8416-055d7718dd06 ] Request (ServerAddressesNegativeTestJSON:setUpClass): 200 GET http://10.180.1.21/compute/v2.1/servers/47b580ec-1dbf-4911-bfe9-f29725d83c6e 0.093s
2025-11-23 05:59:45.749 66538 INFO tempest.lib.common.rest_client [req-1abbb492-1286-49c0-8fb3-b37495a4cfe4 req-1abbb492-1286-49c0-8fb3-b37495a4cfe4 ] Request (ServersListShow298Test:test_list_show_update_rebuild_server_298): 200 GET http://10.180.1.21/compute/v2.1/servers/2a8d8483-a90b-4993-8b30-30536a1c568e 0.072s
2025-11-23 05:59:45.811 66516 INFO tempest.lib.common.rest_client [req-b244e09b-dd09-4c5c-a925-349d4c1a81a6 req-b244e09b-dd09-4c5c-a925-349d4c1a81a6 ] Request (ImagesOneServerTestJSON:tearDownClass): 200 GET http://10.180.1.21/compute/v2.1/servers/4a439b3d-f672-4d62-b02e-116db7391aaa 0.094s
2025-11-23 05:59:45.829 66508 INFO tempest.lib.common.rest_client [req-aaee60b3-eff4-4836-9f49-fbec5bb51383 req-aaee60b3-eff4-4836-9f49-fbec5bb51383 ] Request (AttachInterfacesV270Test:test_create_get_list_interfaces): 200 GET http://10.180.1.21/compute/v2.1/servers/d65d3f14-307b-421e-b6ad-23dd6c03cd7a 0.073s
2025-11-23 05:59:45.868 66566 INFO tempest.lib.common.rest_client [req-3e3ac4e9-34b8-444c-87c0-112e238c7783 req-3e3ac4e9-34b8-444c-87c0-112e238c7783 ] Request (AttachVolumeShelveTestJSON:test_attach_volume_shelved_or_offload_server): 200 GET http://10.180.1.21/compute/v2.1/servers/ebc9c295-f385-49f8-81f2-8f513e50319e 0.076s
2025-11-23 05:59:45.905 66506 INFO tempest.lib.common.rest_client [req-6fe4ec16-ccc0-4488-a8f3-d3c85309e501 req-6fe4ec16-ccc0-4488-a8f3-d3c85309e501 ] Request (DeleteServersTestJSON:test_delete_server_while_in_attached_volume): 200 GET http://10.180.1.21/compute/v2.1/servers/ed2886ee-bdd2-4ad1-a8ea-a7d8f4042933 0.066s
2025-11-23 05:59:45.993 66518 INFO tempest.lib.common.rest_client [req-1828bb22-1eb8-4d67-a330-ae2320361a58 req-1828bb22-1eb8-4d67-a330-ae2320361a58 ] Request (ServersAdmin275Test:tearDownClass): 200 GET http://10.180.1.21/compute/v2.1/servers/ebfcc6bf-10d9-4333-9339-e73e32dbdd39 0.068s
2025-11-23 05:59:46.010 66559 INFO tempest.lib.common.rest_client [req-e120d965-2671-4983-94cd-fa68435193e5 req-e120d965-2671-4983-94cd-fa68435193e5 ] Request (InstanceActionsTestJSON:tearDownClass): 200 GET http://10.180.1.21/compute/v2.1/servers/3e52ced3-9d26-4856-b2f9-acbc1b9f128c 0.074s
2025-11-23 05:59:46.060 66536 INFO tempest.lib.common.rest_client [req-107c3ddd-c67c-435c-b523-a117cde9234c req-107c3ddd-c67c-435c-b523-a117cde9234c ] Request (ServersAdminTestJSON:test_create_server_with_scheduling_hint): 200 GET http://10.180.1.21/compute/v2.1/servers/453efbb2-259c-44c7-8a0f-60ca0730df02 0.080s
2025-11-23 05:59:46.090 66534 INFO tempest.lib.common.rest_client [req-3013e0ca-b0ff-4033-bded-f82a6df02dfe req-3013e0ca-b0ff-4033-bded-f82a6df02dfe ] Request (MultipleCreateTestJSON:tearDownClass): 200 GET http://10.180.1.21/compute/v2.1/servers/7941dfab-4a0c-4990-b236-8bddc711102b 0.099s
2025-11-23 05:59:46.116 66522 INFO tempest.lib.common.rest_client [req-06801e38-a04f-4a8f-a2b3-6ed9fbd31a0b req-06801e38-a04f-4a8f-a2b3-6ed9fbd31a0b ] Request (FloatingIPsAssociationTestJSON:tearDownClass): 404 GET http://10.180.1.21/compute/v2.1/servers/fe1e45fd-7402-45b7-a6c8-74785dedf12a 0.028s
2025-11-23 05:59:46.142 66556 INFO tempest.lib.common.rest_client [req-58d21d73-0f6d-4046-abeb-ab7663e6e971 req-58d21d73-0f6d-4046-abeb-ab7663e6e971 ] Request (AttachInterfacesUnderV243Test:test_add_remove_fixed_ip): 200 GET http://10.180.1.21/compute/v2.1/servers/2c3c8031-e2e3-482a-87f0-56789461f744 0.088s
2025-11-23 05:59:46.271 66512 INFO tempest.lib.common.rest_client [req-32995ffa-3288-4509-a572-87b2f896c7e5 req-32995ffa-3288-4509-a572-87b2f896c7e5 ] Request (ServersAdminNegativeTestJSON:tearDownClass): 200 GET http://10.180.1.21/compute/v2.1/servers/057e767b-5cf6-48c0-86c0-daf4cad0a153 0.098s
2025-11-23 05:59:46.294 66560 INFO tempest.lib.common.rest_client [req-bee9467c-2fcf-4974-8c5d-61f702259c51 req-bee9467c-2fcf-4974-8c5d-61f702259c51 ] Request (ServerExternalEventsTest:tearDownClass): 404 GET http://10.180.1.21/compute/v2.1/servers/a7cc15e8-5ccb-4490-85ec-792c702630b0 0.067s
2025-11-23 05:59:46.418 66560 INFO tempest.lib.common.rest_client [req-3737fe79-7fe5-4abb-9230-b7dff82a5e33 req-3737fe79-7fe5-4abb-9230-b7dff82a5e33 ] Request (ServerExternalEventsTest:tearDownClass): 204 DELETE http://10.180.1.21/identity/v3/users/3e33464388374fcbade36dd997776a1f 0.124s
2025-11-23 05:59:46.538 66560 INFO tempest.lib.common.rest_client [req-42a8157d-13d5-431c-96a1-d0d8730f2dd3 req-42a8157d-13d5-431c-96a1-d0d8730f2dd3 ] Request (ServerExternalEventsTest:tearDownClass): 204 DELETE http://10.180.1.21/identity/v3/users/f91803605ce941db95eca488bfb47f0b 0.119s
2025-11-23 05:59:46.640 66560 INFO tempest.lib.common.rest_client [req-34057e34-f18a-445b-b66d-ff0d4f0b6f5c req-34057e34-f18a-445b-b66d-ff0d4f0b6f5c ] Request (ServerExternalEventsTest:tearDownClass): 204 DELETE http://10.180.1.21/identity/v3/users/80074a6e252e4192b40ed43e98015413 0.101s
2025-11-23 05:59:46.642 66560 INFO tempest.lib.common.dynamic_creds [-] Deleting project and security group for project: 3bcb10234cb64f049cdaf8ea82d9d194
2025-11-23 05:59:46.715 66560 INFO tempest.lib.common.rest_client [req-b5e3e87c-fba4-4401-8045-a4963c33b9fd req-b5e3e87c-fba4-4401-8045-a4963c33b9fd ] Request (ServerExternalEventsTest:tearDownClass): 201 POST http://10.180.1.21/identity/v3/auth/tokens 0.072s
2025-11-23 05:59:46.996 66530 INFO paramiko.transport [-] Connected (version 2.0, client dropbear_2020.81)
2025-11-23 05:59:47.106 66530 INFO paramiko.transport [-] Authentication (publickey) successful!
2025-11-23 05:59:47.106 66530 INFO tempest.lib.common.ssh [-] ssh connection to cirros@10.180.180.160 successfully created
2025-11-23 05:59:47.603 66520 WARNING tempest.lib.common.ssh [-] Failed to establish authenticated ssh connection to cirros@10.180.180.150 ([Errno None] Unable to connect to port 22 on 10.180.180.150). Number attempts: 3. Retry after 4 seconds.: paramiko.ssh_exception.NoValidConnectionsError: [Errno None] Unable to connect to port 22 on 10.180.180.150
2025-11-23 05:59:47.784 66528 INFO tempest.lib.common.rest_client [req-388e9d88-dd5e-4bf2-85ba-6f9d8d942fd3 req-388e9d88-dd5e-4bf2-85ba-6f9d8d942fd3 ] Request (ServersWithSpecificFlavorTestJSON:test_verify_created_server_ephemeral_disk): 200 GET http://10.180.1.21/compute/v2.1/servers/b9f50b0e-1ec5-4bb4-948e-1d02f17d4b54 1.518s
2025-11-23 05:59:48.009 66560 INFO tempest.lib.common.rest_client [req-be7967e0-386b-424e-a774-c5bfca484b99 req-be7967e0-386b-424e-a774-c5bfca484b99 ] Request (ServerExternalEventsTest:tearDownClass): 200 GET http://10.180.1.21/networking/v2.0/security-groups?tenant_id=3bcb10234cb64f049cdaf8ea82d9d194&name=default 1.294s
2025-11-23 05:59:48.088 66510 INFO tempest.lib.common.rest_client [req-c9f1161a-4e84-40d8-94f1-29098a8e9a0a req-c9f1161a-4e84-40d8-94f1-29098a8e9a0a ] Request (ServerShowV247Test:test_update_rebuild_list_server): 200 GET http://10.180.1.21/compute/v2.1/servers/12269969-7599-4653-9dc0-b7cf962f03b9 1.739s
2025-11-23 05:59:48.097 66510 INFO tempest.common.waiters [-] State transition "BUILD/spawning" ==> "ACTIVE/None" after 44 second wait
2025-11-23 05:59:48.182 66560 INFO tempest.lib.common.rest_client [req-5bd43b4a-e7bd-40c0-b460-97da307d81b7 req-5bd43b4a-e7bd-40c0-b460-97da307d81b7 ] Request (ServerExternalEventsTest:tearDownClass): 204 DELETE http://10.180.1.21/networking/v2.0/security-groups/17a5f266-cc06-45c0-96a5-83393efbad67 0.173s
2025-11-23 05:59:48.254 66522 INFO tempest.lib.common.rest_client [req-4333ee9e-8ca7-4f3a-b9dc-1d59585bc93d req-4333ee9e-8ca7-4f3a-b9dc-1d59585bc93d ] Request (FloatingIPsAssociationTestJSON:tearDownClass): 202 DELETE http://10.180.1.21/compute/v2.1/os-floating-ips/9466d91b-4f23-42f7-ba2b-4df8769f9e50 2.138s
2025-11-23 05:59:48.282 66560 INFO tempest.lib.common.rest_client [req-011a57c8-3439-4ba3-833c-3c4366c91911 req-011a57c8-3439-4ba3-833c-3c4366c91911 ] Request (ServerExternalEventsTest:tearDownClass): 204 DELETE http://10.180.1.21/identity/v3/projects/3bcb10234cb64f049cdaf8ea82d9d194 0.099s
2025-11-23 05:59:48.282 66560 INFO tempest.lib.common.dynamic_creds [-] Deleting project and security group for project: b965ece83c3f46c293d0c2df9b3a77fb
2025-11-23 05:59:48.315 66560 INFO tempest.lib.common.rest_client [req-7029a17f-432c-4856-a14d-0c0f115ad349 req-7029a17f-432c-4856-a14d-0c0f115ad349 ] Request (ServerExternalEventsTest:tearDownClass): 200 GET http://10.180.1.21/networking/v2.0/security-groups?tenant_id=b965ece83c3f46c293d0c2df9b3a77fb&name=default 0.032s
2025-11-23 05:59:48.399 66560 INFO tempest.lib.common.rest_client [req-e97766b2-8c64-4d72-915f-8e11198f11d8 req-e97766b2-8c64-4d72-915f-8e11198f11d8 ] Request (ServerExternalEventsTest:tearDownClass): 204 DELETE http://10.180.1.21/networking/v2.0/security-groups/d4742359-5dcc-4f72-a4b2-5696b01d8a3e 0.083s
2025-11-23 05:59:48.423 66545 INFO tempest.lib.common.rest_client [req-a886b08e-79fd-495a-8ec3-fab661f8ee3d req-a886b08e-79fd-495a-8ec3-fab661f8ee3d ] Request (ServersTestJSON:_run_cleanups): 200 GET http://10.180.1.21/compute/v2.1/servers/250e94f0-8cea-4f68-abc9-e8f6c6d32369 1.998s
2025-11-23 05:59:48.442 66524 INFO tempest.lib.common.rest_client [req-ce2d0884-0c2e-4bac-bd6e-3456d7a83c8d req-ce2d0884-0c2e-4bac-bd6e-3456d7a83c8d ] Request (ServersTestMultiNic:test_verify_duplicate_network_nics): 200 GET http://10.180.1.21/compute/v2.1/servers/bc7361f6-d942-4256-87fb-5a4b2ab09418 1.991s
2025-11-23 05:59:48.490 66546 INFO tempest.lib.common.rest_client [req-3888cc19-33fa-4af4-9cc0-f66ddf65d60e req-3888cc19-33fa-4af4-9cc0-f66ddf65d60e ] Request (AttachVolumeTestJSON:test_attach_detach_volume): 200 GET http://10.180.1.21/compute/v2.1/servers/0c2694f7-00b5-495b-bc4c-8df4f4dec357 2.006s
2025-11-23 05:59:48.498 66546 INFO tempest.common.waiters [-] State transition "BUILD/scheduling" ==> "BUILD/None" after 13 second wait
2025-11-23 05:59:48.509 66560 INFO tempest.lib.common.rest_client [req-3812721d-5493-4c1a-a313-e2128f184d96 req-3812721d-5493-4c1a-a313-e2128f184d96 ] Request (ServerExternalEventsTest:tearDownClass): 204 DELETE http://10.180.1.21/identity/v3/projects/b965ece83c3f46c293d0c2df9b3a77fb 0.110s
2025-11-23 05:59:48.510 66560 INFO tempest.lib.common.dynamic_creds [-] Deleting project and security group for project: 3dba9e3c7af74a4ab29c77ee4ffd0328
2025-11-23 05:59:48.520 66504 INFO tempest.lib.common.rest_client [req-c9b6f57e-04d4-48aa-805c-3b4c7385e554 req-c9b6f57e-04d4-48aa-805c-3b4c7385e554 ] Request (ServerAddressesTestJSON:setUpClass): 200 GET http://10.180.1.21/compute/v2.1/servers/636bbd47-c446-4a5e-8431-a3b2f7604674 2.013s
2025-11-23 05:59:48.528 66504 INFO tempest.common.waiters [-] State transition "BUILD/None" ==> "BUILD/networking" after 36 second wait
2025-11-23 05:59:48.973 66560 INFO tempest.lib.common.rest_client [req-4380e8c2-1d8e-4566-9314-a18b86933da5 req-4380e8c2-1d8e-4566-9314-a18b86933da5 ] Request (ServerExternalEventsTest:tearDownClass): 200 GET http://10.180.1.21/networking/v2.0/security-groups?tenant_id=3dba9e3c7af74a4ab29c77ee4ffd0328&name=default 0.463s
2025-11-23 05:59:48.995 66562 INFO tempest.lib.common.rest_client [req-bd6390a8-1ee5-492e-8759-05073bf4a4ea req-bd6390a8-1ee5-492e-8759-05073bf4a4ea ] Request (SecurityGroupsTestJSON:test_list_security_groups_by_server): 200 GET http://10.180.1.21/compute/v2.1/servers/6ea678b3-ac34-4277-b8d7-d6dc781b9b32 2.461s
2025-11-23 05:59:50.161 66560 INFO tempest.lib.common.rest_client [req-69e94623-35f6-49f4-be39-135c1c571c9e req-69e94623-35f6-49f4-be39-135c1c571c9e ] Request (ServerExternalEventsTest:tearDownClass): 204 DELETE http://10.180.1.21/networking/v2.0/security-groups/893cfa48-f3fa-45f0-9cc3-40a68810e402 1.187s
2025-11-23 05:59:50.185 66542 INFO tempest.lib.common.rest_client [req-22590ec4-7611-493c-9af4-0d9b915b7f2d req-22590ec4-7611-493c-9af4-0d9b915b7f2d ] Request (ImagesOneServerNegativeTestJSON:setUpClass): 200 GET http://10.180.1.21/compute/v2.1/servers/f3867698-a131-4a61-a36c-e974372173be 3.597s
2025-11-23 05:59:50.210 66532 INFO tempest.lib.common.rest_client [req-adc87b13-1740-4b31-9bb7-47f076d8ee8a req-adc87b13-1740-4b31-9bb7-47f076d8ee8a ] Request (ServersTestBootFromVolume:setUpClass): 200 GET http://10.180.1.21/compute/v2.1/servers/ffef8fdf-9ac7-45d5-a9bd-a497a5002eca 3.635s
2025-11-23 05:59:50.217 66532 INFO tempest.common.waiters [-] State transition "BUILD/networking" ==> "BUILD/spawning" after 38 second wait
2025-11-23 05:59:50.218 66550 INFO tempest.lib.common.rest_client [req-3e154012-7be8-443a-b593-a46747e6ace5 req-3e154012-7be8-443a-b593-a46747e6ace5 ] Request (ListImageFiltersTestJSON:setUpClass): 200 GET http://10.180.1.21/compute/v2.1/images/935e4a82-0f55-48bf-81ab-2abe81bb60ee 3.607s
2025-11-23 05:59:50.270 66560 INFO tempest.lib.common.rest_client [req-14118ff7-a55a-45f3-8e0d-599b13b53969 req-14118ff7-a55a-45f3-8e0d-599b13b53969 ] Request (ServerExternalEventsTest:tearDownClass): 204 DELETE http://10.180.1.21/identity/v3/projects/3dba9e3c7af74a4ab29c77ee4ffd0328 0.108s
2025-11-23 05:59:50.271 66560 INFO tempest.test [-] raised in SpiceDirectConsoleTestJSON.setUpClass. Invoking tearDownClass.
2025-11-23 05:59:50.305 66526 INFO tempest.lib.common.rest_client [req-03ed5da4-29ce-49d5-a434-18585421e551 req-03ed5da4-29ce-49d5-a434-18585421e551 ] Request (DeleteServersAdminTestJSON:test_admin_delete_servers_of_others): 200 GET http://10.180.1.21/compute/v2.1/servers/d2cb7a72-1a45-4b17-9679-01939348afd5 3.618s
2025-11-23 05:59:50.321 66548 INFO tempest.lib.common.rest_client [req-2b475687-f395-4c1a-b373-b8caebcc7abf req-2b475687-f395-4c1a-b373-b8caebcc7abf ] Request (ServerAddressesNegativeTestJSON:setUpClass): 200 GET http://10.180.1.21/compute/v2.1/servers/47b580ec-1dbf-4911-bfe9-f29725d83c6e 3.580s
2025-11-23 05:59:50.346 66560 INFO tempest.lib.common.rest_client [req-9eb78215-0808-407d-8daf-08f8d1f564eb req-9eb78215-0808-407d-8daf-08f8d1f564eb ] Request (ServerPasswordTestJSON:setUpClass): 201 POST http://10.180.1.21/identity/v3/auth/tokens 0.071s
2025-11-23 05:59:50.377 66560 INFO tempest.lib.common.rest_client [req-3ef0cacd-52ec-40fe-9a5b-27cfa992abb2 req-3ef0cacd-52ec-40fe-9a5b-27cfa992abb2 ] Request (ServerPasswordTestJSON:setUpClass): 201 POST http://10.180.1.21/identity/v3/auth/tokens 0.028s
2025-11-23 05:59:50.398 66538 INFO tempest.lib.common.rest_client [req-16669b24-146d-4279-b604-7b6fcc18cdb1 req-16669b24-146d-4279-b604-7b6fcc18cdb1 ] Request (ServersListShow298Test:test_list_show_update_rebuild_server_298): 200 GET http://10.180.1.21/compute/v2.1/servers/2a8d8483-a90b-4993-8b30-30536a1c568e 3.638s
2025-11-23 05:59:50.402 66560 INFO tempest.lib.common.rest_client [req-7f98deb2-0a2b-4018-b8d0-94c8f798a3c1 req-7f98deb2-0a2b-4018-b8d0-94c8f798a3c1 ] Request (ServerPasswordTestJSON:setUpClass): 200 GET http://10.180.1.21/identity/v3/domains?name=Default 0.025s
2025-11-23 05:59:50.406 66516 INFO tempest.lib.common.rest_client [req-b4eacef7-8200-412b-802c-b6f9b8c6f8f3 req-b4eacef7-8200-412b-802c-b6f9b8c6f8f3 ] Request (ImagesOneServerTestJSON:tearDownClass): 200 GET http://10.180.1.21/compute/v2.1/servers/4a439b3d-f672-4d62-b02e-116db7391aaa 3.586s
2025-11-23 05:59:50.442 66560 INFO tempest.lib.common.rest_client [req-96dc36e8-a61c-41aa-aefd-7703d7cc1d8d req-96dc36e8-a61c-41aa-aefd-7703d7cc1d8d ] Request (ServerPasswordTestJSON:setUpClass): 201 POST http://10.180.1.21/identity/v3/projects 0.039s
2025-11-23 05:59:50.459 66508 INFO tempest.lib.common.rest_client [req-6d80cd81-b6d0-4f91-afe0-9f2e189dec6a req-6d80cd81-b6d0-4f91-afe0-9f2e189dec6a ] Request (AttachInterfacesV270Test:test_create_get_list_interfaces): 200 GET http://10.180.1.21/compute/v2.1/servers/d65d3f14-307b-421e-b6ad-23dd6c03cd7a 3.619s
2025-11-23 05:59:50.509 66560 INFO tempest.lib.common.rest_client [req-3403e639-0823-4906-a38c-d4eceb5ba284 req-3403e639-0823-4906-a38c-d4eceb5ba284 ] Request (ServerPasswordTestJSON:setUpClass): 201 POST http://10.180.1.21/identity/v3/users 0.066s
2025-11-23 05:59:50.512 66566 INFO tempest.lib.common.rest_client [req-a8c4e38b-a513-4185-8d55-552b337b05c0 req-a8c4e38b-a513-4185-8d55-552b337b05c0 ] Request (AttachVolumeShelveTestJSON:test_attach_volume_shelved_or_offload_server): 200 GET http://10.180.1.21/compute/v2.1/servers/ebc9c295-f385-49f8-81f2-8f513e50319e 3.633s
2025-11-23 05:59:50.523 66506 INFO tempest.lib.common.rest_client [req-4d71c50b-f01d-4b42-8f92-59292ca9bf6a req-4d71c50b-f01d-4b42-8f92-59292ca9bf6a ] Request (DeleteServersTestJSON:test_delete_server_while_in_attached_volume): 200 GET http://10.180.1.21/compute/v2.1/servers/ed2886ee-bdd2-4ad1-a8ea-a7d8f4042933 3.605s
2025-11-23 05:59:50.553 66560 INFO tempest.lib.common.rest_client [req-3480be6f-92cf-4e54-9ad1-66eefeee8f99 req-3480be6f-92cf-4e54-9ad1-66eefeee8f99 ] Request (ServerPasswordTestJSON:setUpClass): 200 GET http://10.180.1.21/identity/v3/roles 0.044s
2025-11-23 05:59:50.598 66560 INFO tempest.lib.common.rest_client [req-b663ba26-9eee-427e-a46d-61a940ebfbc3 req-b663ba26-9eee-427e-a46d-61a940ebfbc3 ] Request (ServerPasswordTestJSON:setUpClass): 204 PUT http://10.180.1.21/identity/v3/projects/1d6bd5697e214ba5894014d840c896c9/users/8aad4d6df30445e0ac255143a4b28d1b/roles/089d9a6317c34e0c8c1587cdd15bec65 0.044s
2025-11-23 05:59:50.598 66560 INFO tempest.lib.common.dynamic_creds [-] Dynamic test user 8aad4d6df30445e0ac255143a4b28d1b is created with scope project and roles: ['member']
2025-11-23 05:59:50.599 66560 INFO tempest.lib.common.dynamic_creds [-] Acquired dynamic creds: credentials: Credentials: {'domain_id': 'default', 'domain_name': 'Default', 'username': 'tempest-ServerPasswordTestJSON-1575193467-project-member', 'project_domain_id': 'default', 'project_domain_name': 'Default', 'project_id': '1d6bd5697e214ba5894014d840c896c9', 'project_name': 'tempest-ServerPasswordTestJSON-1575193467', 'tenant_id': '1d6bd5697e214ba5894014d840c896c9', 'tenant_name': 'tempest-ServerPasswordTestJSON-1575193467', 'user_domain_id': 'default', 'user_domain_name': 'Default', 'user_id': '8aad4d6df30445e0ac255143a4b28d1b', 'system': None}, Network: None, Subnet: None, Router: None
2025-11-23 05:59:50.607 66518 INFO tempest.lib.common.rest_client [req-e5663c14-162b-4b86-b417-794d02ad3ebd req-e5663c14-162b-4b86-b417-794d02ad3ebd ] Request (ServersAdmin275Test:tearDownClass): 200 GET http://10.180.1.21/compute/v2.1/servers/ebfcc6bf-10d9-4333-9339-e73e32dbdd39 3.599s
2025-11-23 05:59:50.611 66559 INFO tempest.lib.common.rest_client [req-e339e7d8-d9b6-4f18-bfcd-2cd2c93d9fdf req-e339e7d8-d9b6-4f18-bfcd-2cd2c93d9fdf ] Request (InstanceActionsTestJSON:tearDownClass): 200 GET http://10.180.1.21/compute/v2.1/servers/3e52ced3-9d26-4856-b2f9-acbc1b9f128c 3.593s
2025-11-23 05:59:50.619 66518 INFO tempest.common.waiters [-] State transition "ACTIVE/deleting" ==> "DELETED/None" after 7 second wait
2025-11-23 05:59:50.676 66536 INFO tempest.lib.common.rest_client [req-8ee3837f-544a-493f-8bcf-89a51fbc3d7b req-8ee3837f-544a-493f-8bcf-89a51fbc3d7b ] Request (ServersAdminTestJSON:test_create_server_with_scheduling_hint): 200 GET http://10.180.1.21/compute/v2.1/servers/453efbb2-259c-44c7-8a0f-60ca0730df02 3.607s
2025-11-23 05:59:50.683 66536 INFO tempest.common.waiters [-] State transition "BUILD/None" ==> "BUILD/networking" after 27 second wait
2025-11-23 05:59:50.685 66560 INFO tempest.lib.common.rest_client [req-e39e7af7-2b1b-4c33-ba40-92ea1fea289a req-e39e7af7-2b1b-4c33-ba40-92ea1fea289a ] Request (ServerPasswordTestJSON:setUpClass): 201 POST http://10.180.1.21/identity/v3/auth/tokens 0.086s
2025-11-23 05:59:50.686 66534 INFO tempest.lib.common.rest_client [req-5c2e6f24-4385-48d9-b158-6e43439c0ac2 req-5c2e6f24-4385-48d9-b158-6e43439c0ac2 ] Request (MultipleCreateTestJSON:tearDownClass): 200 GET http://10.180.1.21/compute/v2.1/servers/7941dfab-4a0c-4990-b236-8bddc711102b 3.586s
2025-11-23 05:59:50.727 66530 INFO tempest.lib.common.rest_client [req-6fd03a6d-cc46-403f-a37c-5b2105cc03b9 req-6fd03a6d-cc46-403f-a37c-5b2105cc03b9 ] Request (ServersTestJSON:test_list_servers): 200 GET http://10.180.1.21/compute/v2.1/servers 3.613s
2025-11-23 05:59:50.739 66556 INFO tempest.lib.common.rest_client [req-0c020f96-1ccc-4834-a8ae-26a649c9ef1f req-0c020f96-1ccc-4834-a8ae-26a649c9ef1f ] Request (AttachInterfacesUnderV243Test:test_add_remove_fixed_ip): 200 GET http://10.180.1.21/compute/v2.1/servers/2c3c8031-e2e3-482a-87f0-56789461f744 3.584s
2025-11-23 05:59:50.819 66512 INFO tempest.lib.common.rest_client [req-5ecf214f-6fa4-494c-88fd-4ca32c3bf19d req-5ecf214f-6fa4-494c-88fd-4ca32c3bf19d ] Request (ServersAdminNegativeTestJSON:tearDownClass): 200 GET http://10.180.1.21/compute/v2.1/servers/057e767b-5cf6-48c0-86c0-daf4cad0a153 3.539s
2025-11-23 05:59:50.909 66522 INFO tempest.lib.common.rest_client [req-5fc52e57-5d50-498f-b3f3-d03c46907128 req-5fc52e57-5d50-498f-b3f3-d03c46907128 ] Request (FloatingIPsAssociationTestJSON:tearDownClass): 204 DELETE http://10.180.1.21/compute/v2.1/servers/3f7e7bd1-0c0d-4a09-81ce-56f60ddbfed0 2.655s
2025-11-23 05:59:50.966 66510 INFO tempest.lib.common.rest_client [req-34d6cf25-c374-41ce-903b-530906fb3861 req-34d6cf25-c374-41ce-903b-530906fb3861 ] Request (ServerShowV247Test:test_update_rebuild_list_server): 202 POST http://10.180.1.21/compute/v2.1/servers/12269969-7599-4653-9dc0-b7cf962f03b9/action 2.868s
2025-11-23 05:59:50.972 66528 INFO tempest.lib.common.rest_client [req-9f3a9146-ae78-4e40-b575-60a855e66147 req-9f3a9146-ae78-4e40-b575-60a855e66147 ] Request (ServersWithSpecificFlavorTestJSON:test_verify_created_server_ephemeral_disk): 200 GET http://10.180.1.21/compute/v2.1/servers/b9f50b0e-1ec5-4bb4-948e-1d02f17d4b54 2.175s
2025-11-23 05:59:50.981 66560 INFO tempest.lib.common.rest_client [req-bda68c92-31ac-44e6-bdfb-5a36fec3ae5b req-bda68c92-31ac-44e6-bdfb-5a36fec3ae5b ] Request (ServerPasswordTestJSON:setUpClass): 201 POST http://10.180.1.21/networking/v2.0/networks 0.295s
2025-11-23 05:59:51.076 66545 INFO tempest.lib.common.rest_client [req-f26ee14a-00fe-4129-a15d-5ca50f047701 req-f26ee14a-00fe-4129-a15d-5ca50f047701 ] Request (ServersTestJSON:_run_cleanups): 200 GET http://10.180.1.21/compute/v2.1/servers/250e94f0-8cea-4f68-abc9-e8f6c6d32369 1.645s
2025-11-23 05:59:51.145 66524 INFO tempest.lib.common.rest_client [req-2be3d5f1-b3ab-4f07-8f70-0cfd4dfe8d77 req-2be3d5f1-b3ab-4f07-8f70-0cfd4dfe8d77 ] Request (ServersTestMultiNic:test_verify_duplicate_network_nics): 200 GET http://10.180.1.21/compute/v2.1/servers/bc7361f6-d942-4256-87fb-5a4b2ab09418 1.695s
2025-11-23 05:59:51.158 66560 INFO tempest.lib.common.rest_client [req-90837fa2-3472-4c60-a0ce-1379411d2fd4 req-90837fa2-3472-4c60-a0ce-1379411d2fd4 ] Request (ServerPasswordTestJSON:setUpClass): 201 POST http://10.180.1.21/networking/v2.0/subnets 0.176s
2025-11-23 05:59:51.184 66546 INFO tempest.lib.common.rest_client [req-c3d9b750-8475-4e85-8568-d8fb6587ae40 req-c3d9b750-8475-4e85-8568-d8fb6587ae40 ] Request (AttachVolumeTestJSON:test_attach_detach_volume): 200 GET http://10.180.1.21/compute/v2.1/servers/0c2694f7-00b5-495b-bc4c-8df4f4dec357 1.685s
2025-11-23 05:59:51.589 66562 INFO tempest.lib.common.rest_client [req-65b59f83-9870-4179-bcb7-200819ac305b req-65b59f83-9870-4179-bcb7-200819ac305b ] Request (SecurityGroupsTestJSON:test_list_security_groups_by_server): 200 GET http://10.180.1.21/compute/v2.1/servers/6ea678b3-ac34-4277-b8d7-d6dc781b9b32 1.585s
2025-11-23 05:59:51.597 66562 INFO tempest.common.waiters [-] State transition "BUILD/scheduling" ==> "BUILD/None" after 14 second wait
2025-11-23 05:59:51.975 66560 INFO tempest.lib.common.rest_client [req-03b86031-5051-4860-8767-afb15dc93e72 req-03b86031-5051-4860-8767-afb15dc93e72 ] Request (ServerPasswordTestJSON:setUpClass): 201 POST http://10.180.1.21/networking/v2.0/routers 0.817s
2025-11-23 05:59:52.011 66504 INFO tempest.lib.common.rest_client [req-423d862b-182d-438d-bebe-38943a648c68 req-423d862b-182d-438d-bebe-38943a648c68 ] Request (ServerAddressesTestJSON:setUpClass): 200 GET http://10.180.1.21/compute/v2.1/servers/636bbd47-c446-4a5e-8431-a3b2f7604674 2.482s
2025-11-23 05:59:52.022 66504 INFO tempest.common.waiters [-] State transition "BUILD/networking" ==> "BUILD/spawning" after 40 second wait
2025-11-23 05:59:52.080 66540 INFO paramiko.transport [-] Connected (version 2.0, client dropbear_2020.81)
2025-11-23 05:59:52.108 66520 WARNING tempest.lib.common.ssh [-] Failed to establish authenticated ssh connection to cirros@10.180.180.150 ([Errno None] Unable to connect to port 22 on 10.180.180.150). Number attempts: 4. Retry after 5 seconds.: paramiko.ssh_exception.NoValidConnectionsError: [Errno None] Unable to connect to port 22 on 10.180.180.150
2025-11-23 05:59:52.191 66540 INFO paramiko.transport [-] Authentication (publickey) successful!
2025-11-23 05:59:52.191 66540 INFO tempest.lib.common.ssh [-] ssh connection to cirros@10.180.180.236 successfully created
2025-11-23 05:59:53.036 66560 INFO tempest.lib.common.rest_client [req-72479898-60db-4578-b2ff-bd5440f4be0a req-72479898-60db-4578-b2ff-bd5440f4be0a ] Request (ServerPasswordTestJSON:setUpClass): 200 PUT http://10.180.1.21/networking/v2.0/routers/bc41f8d9-d8c1-4bdd-ada0-0badc2ea4f7f/add_router_interface 1.060s
2025-11-23 05:59:53.036 66560 INFO tempest.lib.common.dynamic_creds [-] Created isolated network resources for: credentials: Credentials: {'domain_id': 'default', 'domain_name': 'Default', 'username': 'tempest-ServerPasswordTestJSON-1575193467-project-member', 'project_domain_id': 'default', 'project_domain_name': 'Default', 'project_id': '1d6bd5697e214ba5894014d840c896c9', 'project_name': 'tempest-ServerPasswordTestJSON-1575193467', 'tenant_id': '1d6bd5697e214ba5894014d840c896c9', 'tenant_name': 'tempest-ServerPasswordTestJSON-1575193467', 'user_domain_id': 'default', 'user_domain_name': 'Default', 'user_id': '8aad4d6df30445e0ac255143a4b28d1b', 'system': None}, Network: {'id': 'a13690b8-b17d-4d86-8585-784201374b70', 'name': 'tempest-ServerPasswordTestJSON-1521777104-network', 'tenant_id': '1d6bd5697e214ba5894014d840c896c9', 'project_id': '1d6bd5697e214ba5894014d840c896c9', 'admin_state_up': True, 'mtu': 8950, 'status': 'ACTIVE', 'subnets': [], 'shared': False, 'port_security_enabled': True, 'router:external': False, 'provider:network_type': 'vlan', 'provider:physical_network': 'default', 'provider:segmentation_id': 573, 'availability_zone_hints': [], 'availability_zones': [], 'ipv4_address_scope': None, 'ipv6_address_scope': None, 'description': '', 'tags': [], 'created_at': '2025-11-23T05:59:50Z', 'updated_at': '2025-11-23T05:59:50Z', 'revision_number': 1}, Subnet: {'id': 'c71e2a3f-07bc-4d85-9811-b19abde46b3a', 'name': 'tempest-ServerPasswordTestJSON-1521777104-subnet', 'tenant_id': '1d6bd5697e214ba5894014d840c896c9', 'network_id': 'a13690b8-b17d-4d86-8585-784201374b70', 'ip_version': 4, 'subnetpool_id': None, 'enable_dhcp': True, 'ipv6_ra_mode': None, 'ipv6_address_mode': None, 'gateway_ip': '192.168.128.1', 'cidr': '192.168.128.0/28', 'allocation_pools': [{'start': '192.168.128.2', 'end': '192.168.128.14'}], 'host_routes': [], 'dns_nameservers': [], 'description': '', 'router:external': False, 'service_types': [], 'tags': [], 'created_at': '2025-11-23T05:59:51Z', 'updated_at': '2025-11-23T05:59:51Z', 'revision_number': 0, 'project_id': '1d6bd5697e214ba5894014d840c896c9'}, Router: {'id': 'bc41f8d9-d8c1-4bdd-ada0-0badc2ea4f7f', 'name': 'tempest-ServerPasswordTestJSON-1521777104-router', 'tenant_id': '1d6bd5697e214ba5894014d840c896c9', 'admin_state_up': True, 'status': 'ACTIVE', 'external_gateway_info': {'network_id': 'e370e1e2-6702-44a7-8340-e76e3c1bf1b3', 'external_fixed_ips': [{'subnet_id': '79bf6829-2a1b-489d-903f-be36cdebf499', 'ip_address': '10.180.180.246'}], 'enable_snat': True}, 'description': '', 'availability_zones': [], 'distributed': False, 'ha': False, 'availability_zone_hints': [], 'routes': [], 'flavor_id': None, 'tags': [], 'created_at': '2025-11-23T05:59:51Z', 'updated_at': '2025-11-23T05:59:51Z', 'revision_number': 2, 'project_id': '1d6bd5697e214ba5894014d840c896c9'}
2025-11-23 05:59:53.142 66560 INFO tempest.lib.common.rest_client [req-bc34a10b-5a91-450c-b16a-378a98a1944b req-bc34a10b-5a91-450c-b16a-378a98a1944b ] Request (ServerPasswordTestJSON:setUpClass): 201 POST http://10.180.1.21/identity/v3/auth/tokens 0.101s
2025-11-23 05:59:53.180 66560 INFO tempest.lib.common.rest_client [req-e9f24d33-94b5-4fc9-bdd4-e2be50e8c99e req-e9f24d33-94b5-4fc9-bdd4-e2be50e8c99e ] Request (ServerPasswordTestJSON:setUpClass): 201 POST http://10.180.1.21/identity/v3/auth/tokens 0.034s
2025-11-23 05:59:53.181 66560 INFO tempest.lib.common.fixed_network [-] (ServerPasswordTestJSON:setUpClass) Found network {'id': 'a13690b8-b17d-4d86-8585-784201374b70', 'name': 'tempest-ServerPasswordTestJSON-1521777104-network', 'tenant_id': '1d6bd5697e214ba5894014d840c896c9', 'project_id': '1d6bd5697e214ba5894014d840c896c9', 'admin_state_up': True, 'mtu': 8950, 'status': 'ACTIVE', 'subnets': [], 'shared': False, 'port_security_enabled': True, 'router:external': False, 'provider:network_type': 'vlan', 'provider:physical_network': 'default', 'provider:segmentation_id': 573, 'availability_zone_hints': [], 'availability_zones': [], 'ipv4_address_scope': None, 'ipv6_address_scope': None, 'description': '', 'tags': [], 'created_at': '2025-11-23T05:59:50Z', 'updated_at': '2025-11-23T05:59:50Z', 'revision_number': 1} available for tenant
2025-11-23 05:59:53.194 66530 INFO tempest.lib.common.rest_client [req-70bdc6ce-117a-4593-8a6b-11c365d419b9 req-70bdc6ce-117a-4593-8a6b-11c365d419b9 ] Request (ServersTestJSON:test_list_servers_with_detail): 200 GET http://10.180.1.21/compute/v2.1/servers/detail 2.464s
2025-11-23 05:59:53.267 66522 INFO tempest.lib.common.rest_client [req-1f832d73-6536-4236-8f23-352123a075c6 req-1f832d73-6536-4236-8f23-352123a075c6 ] Request (FloatingIPsAssociationTestJSON:tearDownClass): 200 GET http://10.180.1.21/compute/v2.1/servers/3f7e7bd1-0c0d-4a09-81ce-56f60ddbfed0 2.357s
2025-11-23 05:59:53.326 66510 INFO tempest.lib.common.rest_client [req-895d3563-0cc6-456e-92f8-2a49244790ad req-895d3563-0cc6-456e-92f8-2a49244790ad ] Request (ServerShowV247Test:test_update_rebuild_list_server): 200 GET http://10.180.1.21/compute/v2.1/servers/12269969-7599-4653-9dc0-b7cf962f03b9 2.354s
2025-11-23 05:59:53.345 66542 INFO tempest.lib.common.rest_client [req-74ce0db4-8f9e-4a3f-826a-bea01585189a req-74ce0db4-8f9e-4a3f-826a-bea01585189a ] Request (ImagesOneServerNegativeTestJSON:setUpClass): 200 GET http://10.180.1.21/compute/v2.1/servers/f3867698-a131-4a61-a36c-e974372173be 2.151s
2025-11-23 05:59:53.385 66550 INFO tempest.lib.common.rest_client [req-b382eec9-2c16-4717-80ac-0763ec63d8b5 req-b382eec9-2c16-4717-80ac-0763ec63d8b5 ] Request (ListImageFiltersTestJSON:setUpClass): 200 GET http://10.180.1.21/compute/v2.1/images/935e4a82-0f55-48bf-81ab-2abe81bb60ee 2.163s
2025-11-23 05:59:53.472 66526 INFO tempest.lib.common.rest_client [req-ade6c91e-298f-442c-b896-5e574bad9316 req-ade6c91e-298f-442c-b896-5e574bad9316 ] Request (DeleteServersAdminTestJSON:test_admin_delete_servers_of_others): 200 GET http://10.180.1.21/compute/v2.1/servers/d2cb7a72-1a45-4b17-9679-01939348afd5 2.156s
2025-11-23 05:59:53.500 66532 INFO tempest.lib.common.rest_client [req-31decbeb-d7b6-4612-849d-f2c3a0652994 req-31decbeb-d7b6-4612-849d-f2c3a0652994 ] Request (ServersTestBootFromVolume:setUpClass): 200 GET http://10.180.1.21/compute/v2.1/servers/ffef8fdf-9ac7-45d5-a9bd-a497a5002eca 2.281s
2025-11-23 05:59:53.524 66548 INFO tempest.lib.common.rest_client [req-1e26a7dd-213a-48df-b2e9-5a4cb02055c6 req-1e26a7dd-213a-48df-b2e9-5a4cb02055c6 ] Request (ServerAddressesNegativeTestJSON:setUpClass): 200 GET http://10.180.1.21/compute/v2.1/servers/47b580ec-1dbf-4911-bfe9-f29725d83c6e 2.192s
2025-11-23 05:59:53.571 66538 INFO tempest.lib.common.rest_client [req-3000e21a-309e-4384-a3d3-360d82257163 req-3000e21a-309e-4384-a3d3-360d82257163 ] Request (ServersListShow298Test:test_list_show_update_rebuild_server_298): 200 GET http://10.180.1.21/compute/v2.1/servers/2a8d8483-a90b-4993-8b30-30536a1c568e 2.159s
2025-11-23 05:59:53.601 66516 INFO tempest.lib.common.rest_client [req-a0f65b63-9e3c-4bfe-8ac4-d1c6400955a5 req-a0f65b63-9e3c-4bfe-8ac4-d1c6400955a5 ] Request (ImagesOneServerTestJSON:tearDownClass): 200 GET http://10.180.1.21/compute/v2.1/servers/4a439b3d-f672-4d62-b02e-116db7391aaa 2.184s
2025-11-23 05:59:53.641 66508 INFO tempest.lib.common.rest_client [req-b360561b-b3b8-4ff0-a4fd-53d563721964 req-b360561b-b3b8-4ff0-a4fd-53d563721964 ] Request (AttachInterfacesV270Test:test_create_get_list_interfaces): 200 GET http://10.180.1.21/compute/v2.1/servers/d65d3f14-307b-421e-b6ad-23dd6c03cd7a 2.168s
2025-11-23 05:59:53.667 66506 INFO tempest.lib.common.rest_client [req-9754f98c-0c76-4327-aaab-4c2a55f21c2c req-9754f98c-0c76-4327-aaab-4c2a55f21c2c ] Request (DeleteServersTestJSON:test_delete_server_while_in_attached_volume): 404 GET http://10.180.1.21/compute/v2.1/servers/ed2886ee-bdd2-4ad1-a8ea-a7d8f4042933 2.133s
2025-11-23 05:59:53.667 66566 INFO tempest.lib.common.rest_client [req-34db45fe-19e6-40da-9d6b-df1d6b0c837d req-34db45fe-19e6-40da-9d6b-df1d6b0c837d ] Request (AttachVolumeShelveTestJSON:test_attach_volume_shelved_or_offload_server): 200 GET http://10.180.1.21/compute/v2.1/servers/ebc9c295-f385-49f8-81f2-8f513e50319e 2.147s
2025-11-23 05:59:53.710 66506 INFO tempest.lib.common.rest_client [req-2e536a9a-b798-4834-a26d-3a3cceb07497 req-2e536a9a-b798-4834-a26d-3a3cceb07497 ] Request (DeleteServersTestJSON:test_delete_server_while_in_attached_volume): 200 GET http://10.180.1.21/volume/v3/volumes/37ab10d3-e743-484a-9e55-9737aa39a9a6 0.043s
2025-11-23 05:59:53.721 66506 INFO tempest.common.waiters [-] volume 37ab10d3-e743-484a-9e55-9737aa39a9a6 reached available after waiting for 0.721237 seconds
2025-11-23 05:59:53.757 66506 INFO tempest.lib.common.rest_client [req-ebc07a24-76c6-4688-b617-83eb7829532d req-ebc07a24-76c6-4688-b617-83eb7829532d ] Request (DeleteServersTestJSON:_run_cleanups): 200 GET http://10.180.1.21/volume/v3/volumes/37ab10d3-e743-484a-9e55-9737aa39a9a6 0.036s
2025-11-23 05:59:53.777 66559 INFO tempest.lib.common.rest_client [req-3bffa1cf-726b-4576-a750-43b9726d93f8 req-3bffa1cf-726b-4576-a750-43b9726d93f8 ] Request (InstanceActionsTestJSON:tearDownClass): 200 GET http://10.180.1.21/compute/v2.1/servers/3e52ced3-9d26-4856-b2f9-acbc1b9f128c 2.157s
2025-11-23 05:59:53.797 66518 INFO tempest.lib.common.rest_client [req-cfa33fa8-0c8a-4cae-92c1-d6301fd17a8b req-cfa33fa8-0c8a-4cae-92c1-d6301fd17a8b ] Request (ServersAdmin275Test:tearDownClass): 200 GET http://10.180.1.21/compute/v2.1/servers/ebfcc6bf-10d9-4333-9339-e73e32dbdd39 2.176s
2025-11-23 05:59:53.890 66534 INFO tempest.lib.common.rest_client [req-73627e3e-65ea-486b-bb1a-c71cb94a763a req-73627e3e-65ea-486b-bb1a-c71cb94a763a ] Request (MultipleCreateTestJSON:tearDownClass): 200 GET http://10.180.1.21/compute/v2.1/servers/7941dfab-4a0c-4990-b236-8bddc711102b 2.197s
2025-11-23 05:59:53.920 66536 INFO tempest.lib.common.rest_client [req-32390f66-8009-4298-aaf1-a9584f7f42cf req-32390f66-8009-4298-aaf1-a9584f7f42cf ] Request (ServersAdminTestJSON:test_create_server_with_scheduling_hint): 200 GET http://10.180.1.21/compute/v2.1/servers/453efbb2-259c-44c7-8a0f-60ca0730df02 2.236s
2025-11-23 05:59:53.932 66536 INFO tempest.common.waiters [-] State transition "BUILD/networking" ==> "BUILD/spawning" after 30 second wait
2025-11-23 05:59:53.958 66556 INFO tempest.lib.common.rest_client [req-3231dc8a-8cab-4110-83aa-8c3e8a86142e req-3231dc8a-8cab-4110-83aa-8c3e8a86142e ] Request (AttachInterfacesUnderV243Test:test_add_remove_fixed_ip): 200 GET http://10.180.1.21/compute/v2.1/servers/2c3c8031-e2e3-482a-87f0-56789461f744 2.208s
2025-11-23 05:59:54.007 66512 INFO tempest.lib.common.rest_client [req-658108f4-fb4d-45f9-aae0-7ca36d96cedd req-658108f4-fb4d-45f9-aae0-7ca36d96cedd ] Request (ServersAdminNegativeTestJSON:tearDownClass): 200 GET http://10.180.1.21/compute/v2.1/servers/057e767b-5cf6-48c0-86c0-daf4cad0a153 2.180s
2025-11-23 05:59:54.037 66528 INFO tempest.lib.common.rest_client [req-cd921344-442d-4045-9242-9e8f47569b62 req-cd921344-442d-4045-9242-9e8f47569b62 ] Request (ServersWithSpecificFlavorTestJSON:test_verify_created_server_ephemeral_disk): 200 GET http://10.180.1.21/compute/v2.1/servers/b9f50b0e-1ec5-4bb4-948e-1d02f17d4b54 2.054s
2025-11-23 05:59:54.086 66545 INFO tempest.lib.common.rest_client [req-4c1e212c-5a02-42a1-aff2-2c0680524bfe req-4c1e212c-5a02-42a1-aff2-2c0680524bfe ] Request (ServersTestJSON:_run_cleanups): 200 GET http://10.180.1.21/compute/v2.1/servers/250e94f0-8cea-4f68-abc9-e8f6c6d32369 2.000s
2025-11-23 05:59:54.226 66524 INFO tempest.lib.common.rest_client [req-60002127-00bb-4488-b61a-431750f52c7f req-60002127-00bb-4488-b61a-431750f52c7f ] Request (ServersTestMultiNic:test_verify_duplicate_network_nics): 200 GET http://10.180.1.21/compute/v2.1/servers/bc7361f6-d942-4256-87fb-5a4b2ab09418 2.071s
2025-11-23 05:59:54.228 66540 INFO tempest.lib.common.rest_client [req-5e57e22e-886e-447b-b415-4c170a5471aa req-5e57e22e-886e-447b-b415-4c170a5471aa ] Request (ServerActionsTestOtherA:setUp): 200 GET http://10.180.1.21/compute/v2.1/servers/969e7e6e-d1d3-45d2-a8d5-e9faa1a83639 2.036s
2025-11-23 05:59:54.283 66546 INFO tempest.lib.common.rest_client [req-479bf3c6-57a5-4f84-9329-63d4f7e1815f req-479bf3c6-57a5-4f84-9329-63d4f7e1815f ] Request (AttachVolumeTestJSON:test_attach_detach_volume): 200 GET http://10.180.1.21/compute/v2.1/servers/0c2694f7-00b5-495b-bc4c-8df4f4dec357 2.089s
2025-11-23 05:59:54.286 66562 INFO tempest.lib.common.rest_client [req-845d8fdd-6c35-4b61-85b3-bc9fb9c29a5e req-845d8fdd-6c35-4b61-85b3-bc9fb9c29a5e ] Request (SecurityGroupsTestJSON:test_list_security_groups_by_server): 200 GET http://10.180.1.21/compute/v2.1/servers/6ea678b3-ac34-4277-b8d7-d6dc781b9b32 1.688s
2025-11-23 05:59:54.323 66540 INFO tempest.lib.common.rest_client [req-80b18723-5c02-4f1a-bab9-ee5e394f41ca req-80b18723-5c02-4f1a-bab9-ee5e394f41ca ] Request (ServerActionsTestOtherA:test_rebuild_server_in_stop_state): 201 POST http://10.180.1.21/identity/v3/auth/tokens 0.084s
2025-11-23 05:59:54.324 66540 INFO tempest.lib.common.fixed_network [-] (ServerActionsTestOtherA:test_rebuild_server_in_stop_state) Found network {'id': '632ad9e2-bcc7-4bb2-8e45-d12796e3b25a', 'name': 'tempest-ServerActionsTestOtherA-244291059-network', 'tenant_id': '9829e1edeb6a4793baa63c53924a08fc', 'project_id': '9829e1edeb6a4793baa63c53924a08fc', 'admin_state_up': True, 'mtu': 8950, 'status': 'ACTIVE', 'subnets': [], 'shared': False, 'port_security_enabled': True, 'router:external': False, 'provider:network_type': 'vlan', 'provider:physical_network': 'default', 'provider:segmentation_id': 17, 'availability_zone_hints': [], 'availability_zones': [], 'ipv4_address_scope': None, 'ipv6_address_scope': None, 'description': '', 'tags': [], 'created_at': '2025-11-23T05:58:03Z', 'updated_at': '2025-11-23T05:58:03Z', 'revision_number': 1} available for tenant
2025-11-23 05:59:54.497 66504 INFO tempest.lib.common.rest_client [req-c19f65c6-ba7b-4b86-b8fc-9fcd6bf1b546 req-c19f65c6-ba7b-4b86-b8fc-9fcd6bf1b546 ] Request (ServerAddressesTestJSON:setUpClass): 200 GET http://10.180.1.21/compute/v2.1/servers/636bbd47-c446-4a5e-8431-a3b2f7604674 1.475s
2025-11-23 05:59:54.513 66530 INFO tempest.lib.common.rest_client [req-4e3e6d90-c5a2-4645-ba28-fb3febb5967b req-4e3e6d90-c5a2-4645-ba28-fb3febb5967b ] Request (ServersTestJSON:test_verify_created_server_vcpus): 200 GET http://10.180.1.21/compute/v2.1/flavors/42 1.308s
2025-11-23 05:59:54.516 66530 INFO tempest.lib.common.ssh [-] Creating ssh connection to '10.180.180.160:22' as 'cirros' with public key authentication
2025-11-23 05:59:54.519 66530 INFO paramiko.transport [-] Connected (version 2.0, client dropbear_2020.81)
2025-11-23 05:59:54.536 66506 INFO tempest.lib.common.rest_client [req-ff3b4495-5156-40a9-9a04-6cb69d3cec45 req-ff3b4495-5156-40a9-9a04-6cb69d3cec45 ] Request (DeleteServersTestJSON:_run_cleanups): 404 GET http://10.180.1.21/compute/v2.1/servers/ed2886ee-bdd2-4ad1-a8ea-a7d8f4042933/os-volume_attachments 0.768s
2025-11-23 05:59:54.576 66514 INFO paramiko.transport [-] Connected (version 2.0, client dropbear_2020.81)
2025-11-23 05:59:54.580 66506 INFO tempest.lib.common.rest_client [req-873dbc84-387c-4b82-bfef-27f434b52f06 req-873dbc84-387c-4b82-bfef-27f434b52f06 ] Request (DeleteServersTestJSON:_run_cleanups): 200 GET http://10.180.1.21/volume/v3/volumes/37ab10d3-e743-484a-9e55-9737aa39a9a6 0.043s
2025-11-23 05:59:54.582 66530 INFO paramiko.transport [-] Authentication (publickey) successful!
2025-11-23 05:59:54.585 66530 INFO tempest.lib.common.ssh [-] ssh connection to cirros@10.180.180.160 successfully created
2025-11-23 05:59:54.590 66506 INFO tempest.common.waiters [-] volume 37ab10d3-e743-484a-9e55-9737aa39a9a6 reached available after waiting for 0.590369 seconds
2025-11-23 05:59:54.662 66506 INFO tempest.lib.common.rest_client [req-a82381f5-7e42-482c-bae6-caf8b99089bb req-a82381f5-7e42-482c-bae6-caf8b99089bb ] Request (DeleteServersTestJSON:test_delete_server_while_in_building_state): 201 POST http://10.180.1.21/identity/v3/auth/tokens 0.067s
2025-11-23 05:59:54.663 66506 INFO tempest.lib.common.fixed_network [-] (DeleteServersTestJSON:test_delete_server_while_in_building_state) Found network {'id': '6fcd6191-dcd8-4cc2-8d7d-2a7a9dc77b9a', 'name': 'tempest-DeleteServersTestJSON-699944808-network', 'tenant_id': 'a1b5ba32a1064619bf2c3ab6037ca5cf', 'project_id': 'a1b5ba32a1064619bf2c3ab6037ca5cf', 'admin_state_up': True, 'mtu': 8950, 'status': 'ACTIVE', 'subnets': [], 'shared': False, 'port_security_enabled': True, 'router:external': False, 'provider:network_type': 'vlan', 'provider:physical_network': 'default', 'provider:segmentation_id': 18, 'availability_zone_hints': [], 'availability_zones': [], 'ipv4_address_scope': None, 'ipv6_address_scope': None, 'description': '', 'tags': [], 'created_at': '2025-11-23T05:57:42Z', 'updated_at': '2025-11-23T05:57:42Z', 'revision_number': 1} available for tenant
2025-11-23 05:59:54.686 66514 INFO paramiko.transport [-] Authentication (publickey) successful!
2025-11-23 05:59:54.687 66514 INFO tempest.lib.common.ssh [-] ssh connection to cirros@10.180.180.234 successfully created
2025-11-23 05:59:55.068 66522 INFO tempest.lib.common.rest_client [req-f0871f07-0aab-451d-abaf-368607df010d req-f0871f07-0aab-451d-abaf-368607df010d ] Request (FloatingIPsAssociationTestJSON:tearDownClass): 200 GET http://10.180.1.21/compute/v2.1/servers/3f7e7bd1-0c0d-4a09-81ce-56f60ddbfed0 0.789s
2025-11-23 05:59:55.072 66560 INFO tempest.lib.common.rest_client [req-2221e667-2449-4f73-bc48-297437f3bd03 req-2221e667-2449-4f73-bc48-297437f3bd03 ] Request (ServerPasswordTestJSON:setUpClass): 202 POST http://10.180.1.21/compute/v2.1/servers 1.891s
2025-11-23 05:59:55.185 66510 INFO tempest.lib.common.rest_client [req-f83f16ec-454b-4b36-9575-fb1f0c9e5ee0 req-f83f16ec-454b-4b36-9575-fb1f0c9e5ee0 ] Request (ServerShowV247Test:test_update_rebuild_list_server): 200 GET http://10.180.1.21/compute/v2.1/servers/12269969-7599-4653-9dc0-b7cf962f03b9 0.848s
2025-11-23 05:59:55.198 66510 INFO tempest.common.waiters [-] State transition "REBUILD/rebuilding" ==> "REBUILD/rebuild_spawning" after 2 second wait
2025-11-23 05:59:55.278 66542 INFO tempest.lib.common.rest_client [req-3f2d2040-e497-4338-90b9-77d92a853d21 req-3f2d2040-e497-4338-90b9-77d92a853d21 ] Request (ImagesOneServerNegativeTestJSON:setUpClass): 200 GET http://10.180.1.21/compute/v2.1/servers/f3867698-a131-4a61-a36c-e974372173be 0.919s
2025-11-23 05:59:55.322 66550 INFO tempest.lib.common.rest_client [req-d0a505de-4b9b-434d-9052-070ce21c149e req-d0a505de-4b9b-434d-9052-070ce21c149e ] Request (ListImageFiltersTestJSON:setUpClass): 200 GET http://10.180.1.21/compute/v2.1/images/935e4a82-0f55-48bf-81ab-2abe81bb60ee 0.930s
2025-11-23 05:59:55.420 66526 INFO tempest.lib.common.rest_client [req-95c46943-9047-4ac2-984b-8e62255e58eb req-95c46943-9047-4ac2-984b-8e62255e58eb ] Request (DeleteServersAdminTestJSON:test_admin_delete_servers_of_others): 200 GET http://10.180.1.21/compute/v2.1/servers/d2cb7a72-1a45-4b17-9679-01939348afd5 0.936s
2025-11-23 05:59:55.431 66526 INFO tempest.common.waiters [-] State transition "BUILD/None" ==> "BUILD/networking" after 30 second wait
2025-11-23 05:59:55.610 66540 INFO tempest.lib.common.rest_client [req-52290832-23f9-4b40-8ee9-7023de0d6240 req-52290832-23f9-4b40-8ee9-7023de0d6240 ] Request (ServerActionsTestOtherA:test_rebuild_server_in_stop_state): 202 POST http://10.180.1.21/compute/v2.1/servers 1.285s
2025-11-23 05:59:55.631 66532 INFO tempest.lib.common.rest_client [req-b67ad60d-2c29-4916-b790-017f6242334e req-b67ad60d-2c29-4916-b790-017f6242334e ] Request (ServersTestBootFromVolume:setUpClass): 200 GET http://10.180.1.21/compute/v2.1/servers/ffef8fdf-9ac7-45d5-a9bd-a497a5002eca 1.121s
2025-11-23 05:59:55.639 66532 INFO tempest.common.waiters [-] State transition "BUILD/spawning" ==> "ACTIVE/None" after 43 second wait
2025-11-23 05:59:55.697 66548 INFO tempest.lib.common.rest_client [req-de46279f-68b4-484b-861d-76c64b8c7f2e req-de46279f-68b4-484b-861d-76c64b8c7f2e ] Request (ServerAddressesNegativeTestJSON:setUpClass): 200 GET http://10.180.1.21/compute/v2.1/servers/47b580ec-1dbf-4911-bfe9-f29725d83c6e 1.165s
2025-11-23 05:59:55.725 66538 INFO tempest.lib.common.rest_client [req-28d17d33-e733-4749-9dd4-7180950a29b7 req-28d17d33-e733-4749-9dd4-7180950a29b7 ] Request (ServersListShow298Test:test_list_show_update_rebuild_server_298): 200 GET http://10.180.1.21/compute/v2.1/servers/2a8d8483-a90b-4993-8b30-30536a1c568e 1.141s
2025-11-23 05:59:55.831 66516 INFO tempest.lib.common.rest_client [req-e76b0008-8ae8-46a4-b07b-586febaa12fe req-e76b0008-8ae8-46a4-b07b-586febaa12fe ] Request (ImagesOneServerTestJSON:tearDownClass): 200 GET http://10.180.1.21/compute/v2.1/servers/4a439b3d-f672-4d62-b02e-116db7391aaa 1.220s
2025-11-23 05:59:55.846 66530 INFO tempest.lib.common.rest_client [req-68626592-0a08-4431-b5a7-cfe385f036d1 req-68626592-0a08-4431-b5a7-cfe385f036d1 ] Request (ServersTestJSON:tearDownClass): 204 DELETE http://10.180.1.21/compute/v2.1/servers/3a2c227b-b3d0-42c1-95c0-89c0ab60edd4 1.253s
2025-11-23 05:59:55.935 66508 INFO tempest.lib.common.rest_client [req-53f1ca04-ca55-4f1a-a7fd-67cdf66fc648 req-53f1ca04-ca55-4f1a-a7fd-67cdf66fc648 ] Request (AttachInterfacesV270Test:test_create_get_list_interfaces): 200 GET http://10.180.1.21/compute/v2.1/servers/d65d3f14-307b-421e-b6ad-23dd6c03cd7a 1.283s
