2025-11-23 06:01:25.092 66545 INFO tempest.lib.common.rest_client [req-73fccfd7-2a07-46ad-9020-6c6e23bb28fd req-73fccfd7-2a07-46ad-9020-6c6e23bb28fd ] Request (ServersTestJSON:test_create_specify_keypair): 200 GET http://10.180.1.21/compute/v2.1/servers/a53d3c8b-3d47-45c7-8d15-f61d13d347bf 0.266s
2025-11-23 06:01:25.100 66545 INFO tempest.common.waiters [-] State transition "BUILD/block_device_mapping" ==> "BUILD/spawning" after 64 second wait
2025-11-23 06:01:25.175 66542 INFO tempest.lib.common.rest_client [req-544a2ddc-d7bf-4623-8e73-015dd4cbd5f5 req-544a2ddc-d7bf-4623-8e73-015dd4cbd5f5 ] Request (ImagesOneServerNegativeTestJSON:_run_cleanups): 200 GET http://10.180.1.21/compute/v2.1/servers/c51a2e64-c810-4951-940b-6217e357bfe0 0.312s
2025-11-23 06:01:25.242 66550 INFO tempest.lib.common.rest_client [req-69a41cc8-81ea-4b8e-a75c-ac13a99f1bd5 req-69a41cc8-81ea-4b8e-a75c-ac13a99f1bd5 ] Request (ListImageFiltersTestJSON:tearDownClass): 200 GET http://10.180.1.21/compute/v2.1/servers/448779d0-a6fc-48a9-a202-49f12e7c4530 0.314s
2025-11-23 06:01:25.272 66536 INFO tempest.lib.common.rest_client [req-98df8230-1ab9-4110-84e2-8abb5b145732 req-98df8230-1ab9-4110-84e2-8abb5b145732 ] Request (ServersAdminTestJSON:test_list_servers_by_admin_with_all_tenants): 200 GET http://10.180.1.21/compute/v2.1/servers/detail?all_tenants= 0.682s
2025-11-23 06:01:25.302 66518 INFO tempest.lib.common.rest_client [req-f6909177-4b97-4a5e-9968-b9b27d1789dd req-f6909177-4b97-4a5e-9968-b9b27d1789dd ] Request (ListServerFiltersTestJSON:setUpClass): 200 GET http://10.180.1.21/compute/v2.1/servers/3dd97624-0e38-4225-972e-6fad881fae16 0.348s
2025-11-23 06:01:25.304 66536 WARNING tempest.lib.common.rest_client [-] Deprecated: "tenant_id" property is deprecated for removal, use "project_id" instead
2025-11-23 06:01:25.354 66516 INFO tempest.lib.common.rest_client [req-8bb3b11e-412e-4c3b-ba62-9e8805ee69eb req-8bb3b11e-412e-4c3b-ba62-9e8805ee69eb ] Request (ServersTestFqdnHostnames:test_create_server_with_fqdn_name): 200 GET http://10.180.1.21/compute/v2.1/servers/0a8867bd-6921-44c7-bbdd-aff26dbaa536 0.330s
2025-11-23 06:01:25.363 66516 INFO tempest.common.waiters [-] State transition "BUILD/None" ==> "BUILD/networking" after 60 second wait
2025-11-23 06:01:25.402 66514 INFO tempest.lib.common.rest_client [req-232e2f92-e3e6-4438-8c6e-d3d531472155 req-232e2f92-e3e6-4438-8c6e-d3d531472155 ] Request (MigrationsAdminTest:test_list_migrations_in_flavor_resize_situation): 200 GET http://10.180.1.21/compute/v2.1/servers/6b226066-508a-4f48-81f9-9635ac5d9b67 0.303s
2025-11-23 06:01:25.433 66540 INFO tempest.lib.common.rest_client [req-2df25018-07ea-4e21-910c-49ac22fae7fc req-2df25018-07ea-4e21-910c-49ac22fae7fc ] Request (ServerActionsTestOtherA:test_rebuild_server_in_stop_state): 200 GET http://10.180.1.21/compute/v2.1/servers/b4b4223b-2e0b-4ba4-a034-d5803cd81c5c 0.380s
2025-11-23 06:01:25.462 66556 INFO tempest.lib.common.rest_client [req-13fb8a81-7f1c-486d-87a3-3c6a4c105b48 req-13fb8a81-7f1c-486d-87a3-3c6a4c105b48 ] Request (AttachInterfacesUnderV243Test:_run_cleanups): 200 GET http://10.180.1.21/compute/v2.1/servers/2c3c8031-e2e3-482a-87f0-56789461f744 0.253s
2025-11-23 06:01:25.494 66536 INFO tempest.lib.common.rest_client [req-ce1fe649-dac8-42b1-962a-ec5d4edba43b req-ce1fe649-dac8-42b1-962a-ec5d4edba43b ] Request (ServersAdminTestJSON:test_list_servers_by_admin_with_specified_tenant): 200 GET http://10.180.1.21/compute/v2.1/servers/detail?tenant_id=5eaa0304195541e996fa1ebe307db6cd 0.190s
2025-11-23 06:01:25.542 66506 INFO tempest.lib.common.rest_client [req-0496f073-fe13-4173-ab76-cc44eae50d6c req-0496f073-fe13-4173-ab76-cc44eae50d6c ] Request (DeleteServersTestJSON:test_delete_server_while_in_shelved_state): 200 GET http://10.180.1.21/compute/v2.1/servers/f905be7d-6643-4b39-b429-607a2c7db889 0.311s
2025-11-23 06:01:25.548 66534 INFO tempest.lib.common.rest_client [req-637637f1-9304-48a3-a6d4-6585b61d5beb req-637637f1-9304-48a3-a6d4-6585b61d5beb ] Request (ServerActionsV293TestJSON:setUpClass): 200 GET http://10.180.1.21/compute/v2.1/servers/f1802d4b-0a6e-408d-8aac-f75e82089087 0.210s
2025-11-23 06:01:25.592 66562 INFO tempest.lib.common.rest_client [req-79a165a0-8f7d-4922-a7bf-c24b55cf5d32 req-79a165a0-8f7d-4922-a7bf-c24b55cf5d32 ] Request (SecurityGroupsTestJSON:test_server_security_groups): 200 GET http://10.180.1.21/compute/v2.1/servers/ab487eef-9174-471a-a84a-b6a31a81cd0b 0.203s
2025-11-23 06:01:25.594 66530 INFO tempest.lib.common.rest_client [req-cd2a2f53-8c5e-4756-bc72-0da6f3391978 req-cd2a2f53-8c5e-4756-bc72-0da6f3391978 ] Request (ServerActionsTestOtherB:setUpClass): 200 GET http://10.180.1.21/compute/v2.1/servers/df416dc7-bfb9-4113-aafc-f17fc7b5497a 0.155s
2025-11-23 06:01:25.652 66560 INFO tempest.lib.common.rest_client [req-85a891c8-c694-49de-b43b-4f53ec9c18e1 req-85a891c8-c694-49de-b43b-4f53ec9c18e1 ] Request (ServerPasswordTestJSON:tearDownClass): 200 GET http://10.180.1.21/compute/v2.1/servers/b2702e5b-4b3b-4f65-9ca7-d77c654a4d5f 0.125s
2025-11-23 06:01:25.716 66508 INFO tempest.lib.common.rest_client [req-968aaccf-a501-4d95-9d41-cb1a5b576580 req-968aaccf-a501-4d95-9d41-cb1a5b576580 ] Request (AttachInterfacesV270Test:tearDownClass): 200 GET http://10.180.1.21/compute/v2.1/servers/d65d3f14-307b-421e-b6ad-23dd6c03cd7a 0.112s
2025-11-23 06:01:25.739 66536 INFO tempest.lib.common.rest_client [req-85a449f0-8514-4e84-80c4-16c0a025fee1 req-85a449f0-8514-4e84-80c4-16c0a025fee1 ] Request (ServersAdminTestJSON:test_list_servers_by_admin_with_specified_tenant): 200 GET http://10.180.1.21/compute/v2.1/servers/detail?all_tenants=&tenant_id=5eaa0304195541e996fa1ebe307db6cd 0.236s
2025-11-23 06:01:25.773 66510 INFO tempest.lib.common.rest_client [req-396bf3f1-5559-4ae0-b245-7a8788eb89b7 req-396bf3f1-5559-4ae0-b245-7a8788eb89b7 ] Request (ServerShowV247Test:tearDownClass): 200 GET http://10.180.1.21/compute/v2.1/servers/71dcd7fe-76e0-4ede-bb44-27ce2f2d2620 0.119s
2025-11-23 06:01:25.797 66526 INFO tempest.lib.common.rest_client [req-9c438fa3-1273-413d-b4c0-e02d1646ecfc req-9c438fa3-1273-413d-b4c0-e02d1646ecfc ] Request (DeleteServersAdminTestJSON:test_delete_server_while_in_error_state): 200 GET http://10.180.1.21/compute/v2.1/servers/37393567-3860-4949-831f-949c62f71483 0.088s
2025-11-23 06:01:25.807 66536 INFO tempest.lib.common.rest_client [req-003f9915-64fd-43cb-8ff7-7a08287f26fc req-003f9915-64fd-43cb-8ff7-7a08287f26fc ] Request (ServersAdminTestJSON:test_list_servers_by_admin_with_specified_tenant): 200 GET http://10.180.1.21/compute/v2.1/servers/detail?all_tenants=&tenant_id=82a40609d32549f49d9384c9024ccdb3 0.056s
2025-11-23 06:01:25.826 66536 INFO tempest.lib.common.rest_client [req-41243b2a-d23e-4f3d-83de-efcedfc4e544 req-41243b2a-d23e-4f3d-83de-efcedfc4e544 ] Request (ServersAdminTestJSON:test_list_servers_detailed_filter_by_invalid_status): 200 GET http://10.180.1.21/compute/v2.1/servers/detail?status=invalid_status 0.010s
2025-11-23 06:01:25.862 66504 INFO tempest.lib.common.rest_client [req-43955474-030c-4d47-b43c-cdddd1857609 req-43955474-030c-4d47-b43c-cdddd1857609 ] Request (ServerRescueNegativeTestJSON:setUpClass): 200 GET http://10.180.1.21/compute/v2.1/servers/2b85032c-f1e6-47fb-94d7-e5a5186b3fc3 0.102s
2025-11-23 06:01:25.912 66548 INFO tempest.lib.common.rest_client [req-41f3d08b-5868-44e8-a8ca-dba0c8dd4fef req-41f3d08b-5868-44e8-a8ca-dba0c8dd4fef ] Request (ServerAddressesNegativeTestJSON:tearDownClass): 200 GET http://10.180.1.21/compute/v2.1/servers/47b580ec-1dbf-4911-bfe9-f29725d83c6e 0.084s
2025-11-23 06:01:25.933 66536 INFO tempest.lib.common.rest_client [req-5cf77f62-8ca8-4d67-a610-c88b7efeedea req-5cf77f62-8ca8-4d67-a610-c88b7efeedea ] Request (ServersAdminTestJSON:test_list_servers_filter_by_error_status): 202 POST http://10.180.1.21/compute/v2.1/servers/bf381a2c-b895-49e6-bf13-8854353fecd7/action 0.099s
2025-11-23 06:01:25.981 66524 INFO tempest.lib.common.rest_client [req-8dda8361-27b7-42e8-a6ce-0131f1cb5f91 req-8dda8361-27b7-42e8-a6ce-0131f1cb5f91 ] Request (ServersTestMultiNic:test_verify_multiple_nics_order): 200 GET http://10.180.1.21/compute/v2.1/servers/f02212a0-0618-4a84-8ae9-9ca19464eef0 0.075s
2025-11-23 06:01:26.031 66536 INFO tempest.lib.common.rest_client [req-669f5c02-8c5c-43f4-9602-025cf2f2f759 req-669f5c02-8c5c-43f4-9602-025cf2f2f759 ] Request (ServersAdminTestJSON:test_list_servers_filter_by_error_status): 200 GET http://10.180.1.21/compute/v2.1/servers?status=error 0.097s
2025-11-23 06:01:26.037 66520 INFO tempest.lib.common.rest_client [req-9fcebbb5-4358-4dcc-a77c-b90786447e4f req-9fcebbb5-4358-4dcc-a77c-b90786447e4f ] Request (AttachInterfacesTestJSON:test_create_list_show_delete_interfaces_by_network_port): 200 GET http://10.180.1.21/compute/v2.1/servers/333a2414-3b38-4800-b95c-343ac3710073 0.072s
2025-11-23 06:01:26.095 66536 INFO tempest.lib.common.rest_client [req-804fa40f-cc4e-4006-93d0-c2185368f6b8 req-804fa40f-cc4e-4006-93d0-c2185368f6b8 ] Request (ServersAdminTestJSON:test_list_servers_filter_by_error_status): 202 POST http://10.180.1.21/compute/v2.1/servers/bf381a2c-b895-49e6-bf13-8854353fecd7/action 0.062s
2025-11-23 06:01:26.246 66536 INFO tempest.lib.common.rest_client [req-9115293a-9163-4bb3-9ba0-2f79d6054564 req-9115293a-9163-4bb3-9ba0-2f79d6054564 ] Request (ServersAdminTestJSON:test_list_servers_filter_by_error_status): 200 GET http://10.180.1.21/compute/v2.1/servers/bf381a2c-b895-49e6-bf13-8854353fecd7 0.151s
2025-11-23 06:01:26.267 66545 INFO tempest.lib.common.rest_client [req-9fa9aa02-c0ef-4dd0-8510-ec3c55ce463a req-9fa9aa02-c0ef-4dd0-8510-ec3c55ce463a ] Request (ServersTestJSON:test_create_specify_keypair): 200 GET http://10.180.1.21/compute/v2.1/servers/a53d3c8b-3d47-45c7-8d15-f61d13d347bf 0.166s
2025-11-23 06:01:26.307 66542 INFO tempest.lib.common.rest_client [req-cd496048-a62a-49bb-90e8-f568ba2ff85c req-cd496048-a62a-49bb-90e8-f568ba2ff85c ] Request (ImagesOneServerNegativeTestJSON:_run_cleanups): 200 GET http://10.180.1.21/compute/v2.1/servers/c51a2e64-c810-4951-940b-6217e357bfe0 0.115s
2025-11-23 06:01:26.351 66550 INFO tempest.lib.common.rest_client [req-e2cee348-8b61-4a49-a8bc-2d73fa385725 req-e2cee348-8b61-4a49-a8bc-2d73fa385725 ] Request (ListImageFiltersTestJSON:tearDownClass): 200 GET http://10.180.1.21/compute/v2.1/servers/448779d0-a6fc-48a9-a202-49f12e7c4530 0.100s
2025-11-23 06:01:26.469 66518 INFO tempest.lib.common.rest_client [req-e15a6dff-2a06-4daa-9d24-78d2f66ecc7a req-e15a6dff-2a06-4daa-9d24-78d2f66ecc7a ] Request (ListServerFiltersTestJSON:setUpClass): 200 GET http://10.180.1.21/compute/v2.1/servers/3dd97624-0e38-4225-972e-6fad881fae16 0.155s
2025-11-23 06:01:26.494 66536 INFO tempest.lib.common.rest_client [req-61c2b353-6e72-43c7-aeb6-09b01046141a req-61c2b353-6e72-43c7-aeb6-09b01046141a ] Request (ServersAdminTestJSON:test_list_servers_filter_by_exist_host): 200 GET http://10.180.1.21/compute/v2.1/servers/bf381a2c-b895-49e6-bf13-8854353fecd7 0.238s
2025-11-23 06:01:26.582 66514 INFO tempest.lib.common.rest_client [req-1970257c-a8cd-4005-aace-b37450d72558 req-1970257c-a8cd-4005-aace-b37450d72558 ] Request (MigrationsAdminTest:test_list_migrations_in_flavor_resize_situation): 200 GET http://10.180.1.21/compute/v2.1/servers/6b226066-508a-4f48-81f9-9635ac5d9b67 0.172s
2025-11-23 06:01:26.606 66516 INFO tempest.lib.common.rest_client [req-3e588642-659a-409d-a68c-c1bbe150d2ec req-3e588642-659a-409d-a68c-c1bbe150d2ec ] Request (ServersTestFqdnHostnames:test_create_server_with_fqdn_name): 200 GET http://10.180.1.21/compute/v2.1/servers/0a8867bd-6921-44c7-bbdd-aff26dbaa536 0.240s
2025-11-23 06:01:26.613 66516 INFO tempest.common.waiters [-] State transition "BUILD/networking" ==> "BUILD/block_device_mapping" after 61 second wait
2025-11-23 06:01:26.681 66540 INFO tempest.lib.common.rest_client [req-b69b9127-0f4a-4980-96a3-e013f3975822 req-b69b9127-0f4a-4980-96a3-e013f3975822 ] Request (ServerActionsTestOtherA:test_rebuild_server_in_stop_state): 200 GET http://10.180.1.21/compute/v2.1/servers/b4b4223b-2e0b-4ba4-a034-d5803cd81c5c 0.239s
2025-11-23 06:01:26.690 66540 INFO tempest.common.waiters [-] State transition "REBUILD/rebuild_spawning" ==> "ACTIVE/None" after 8 second wait
2025-11-23 06:01:26.693 66556 INFO tempest.lib.common.rest_client [req-9012ce88-5dff-40cf-988d-e3af966181a8 req-9012ce88-5dff-40cf-988d-e3af966181a8 ] Request (AttachInterfacesUnderV243Test:_run_cleanups): 200 GET http://10.180.1.21/compute/v2.1/servers/2c3c8031-e2e3-482a-87f0-56789461f744 0.223s
2025-11-23 06:01:26.799 66536 INFO tempest.lib.common.rest_client [req-4872bca5-1444-4708-a751-e84ecb1a4ce7 req-4872bca5-1444-4708-a751-e84ecb1a4ce7 ] Request (ServersAdminTestJSON:test_list_servers_filter_by_exist_host): 200 GET http://10.180.1.21/compute/v2.1/servers?host=cpu-1&all_tenants=1 0.297s
2025-11-23 06:01:26.813 66506 INFO tempest.lib.common.rest_client [req-4c2cb53a-a742-4511-9036-43e7e9f1154b req-4c2cb53a-a742-4511-9036-43e7e9f1154b ] Request (DeleteServersTestJSON:test_delete_server_while_in_shelved_state): 200 GET http://10.180.1.21/compute/v2.1/servers/f905be7d-6643-4b39-b429-607a2c7db889 0.262s
2025-11-23 06:01:26.872 66534 INFO tempest.lib.common.rest_client [req-6e900b84-4baf-42e4-ba9f-cc3aa0609ed3 req-6e900b84-4baf-42e4-ba9f-cc3aa0609ed3 ] Request (ServerActionsV293TestJSON:setUpClass): 200 GET http://10.180.1.21/compute/v2.1/servers/f1802d4b-0a6e-408d-8aac-f75e82089087 0.314s
2025-11-23 06:01:26.888 66562 INFO tempest.lib.common.rest_client [req-ae7bb988-096b-46e6-82d1-2fe4da2ae785 req-ae7bb988-096b-46e6-82d1-2fe4da2ae785 ] Request (SecurityGroupsTestJSON:test_server_security_groups): 200 GET http://10.180.1.21/compute/v2.1/servers/ab487eef-9174-471a-a84a-b6a31a81cd0b 0.288s
2025-11-23 06:01:26.933 66530 INFO tempest.lib.common.rest_client [req-3d675682-2fed-421f-b0fb-7bbef50d7921 req-3d675682-2fed-421f-b0fb-7bbef50d7921 ] Request (ServerActionsTestOtherB:setUpClass): 200 GET http://10.180.1.21/compute/v2.1/servers/df416dc7-bfb9-4113-aafc-f17fc7b5497a 0.331s
2025-11-23 06:01:26.952 66560 INFO tempest.lib.common.rest_client [req-93c52248-1544-4697-947e-0fd6958947f9 req-93c52248-1544-4697-947e-0fd6958947f9 ] Request (ServerPasswordTestJSON:tearDownClass): 200 GET http://10.180.1.21/compute/v2.1/servers/b2702e5b-4b3b-4f65-9ca7-d77c654a4d5f 0.288s
2025-11-23 06:01:27.005 66508 INFO tempest.lib.common.rest_client [req-90dd9297-bba5-453f-a80d-f11f7bb17fba req-90dd9297-bba5-453f-a80d-f11f7bb17fba ] Request (AttachInterfacesV270Test:tearDownClass): 200 GET http://10.180.1.21/compute/v2.1/servers/d65d3f14-307b-421e-b6ad-23dd6c03cd7a 0.278s
2025-11-23 06:01:27.018 66510 INFO tempest.lib.common.rest_client [req-932079b2-ecfb-4f49-9b7e-93af75d703a7 req-932079b2-ecfb-4f49-9b7e-93af75d703a7 ] Request (ServerShowV247Test:tearDownClass): 200 GET http://10.180.1.21/compute/v2.1/servers/71dcd7fe-76e0-4ede-bb44-27ce2f2d2620 0.233s
2025-11-23 06:01:27.061 66526 INFO tempest.lib.common.rest_client [req-ec8b3f18-81b2-482a-bf6f-1bd33d6b4fe0 req-ec8b3f18-81b2-482a-bf6f-1bd33d6b4fe0 ] Request (DeleteServersAdminTestJSON:test_delete_server_while_in_error_state): 200 GET http://10.180.1.21/compute/v2.1/servers/37393567-3860-4949-831f-949c62f71483 0.256s
2025-11-23 06:01:27.066 66536 INFO tempest.lib.common.rest_client [req-313d2559-fdfb-431d-9c11-4435e9038ecd req-313d2559-fdfb-431d-9c11-4435e9038ecd ] Request (ServersAdminTestJSON:test_list_servers_filter_by_exist_host): 200 GET http://10.180.1.21/compute/v2.1/servers?host=nonexistent_host&all_tenants=1 0.260s
2025-11-23 06:01:27.121 66504 INFO tempest.lib.common.rest_client [req-1019b43f-c8fa-435e-97ad-89f2485f5391 req-1019b43f-c8fa-435e-97ad-89f2485f5391 ] Request (ServerRescueNegativeTestJSON:setUpClass): 200 GET http://10.180.1.21/compute/v2.1/servers/2b85032c-f1e6-47fb-94d7-e5a5186b3fc3 0.242s
2025-11-23 06:01:27.135 66548 INFO tempest.lib.common.rest_client [req-5ec43a53-eb32-4556-ac60-b69e2c8adb41 req-5ec43a53-eb32-4556-ac60-b69e2c8adb41 ] Request (ServerAddressesNegativeTestJSON:tearDownClass): 200 GET http://10.180.1.21/compute/v2.1/servers/47b580ec-1dbf-4911-bfe9-f29725d83c6e 0.216s
2025-11-23 06:01:27.180 66524 INFO tempest.lib.common.rest_client [req-57dfba89-4711-4890-88d3-fac4f90eb760 req-57dfba89-4711-4890-88d3-fac4f90eb760 ] Request (ServersTestMultiNic:test_verify_multiple_nics_order): 200 GET http://10.180.1.21/compute/v2.1/servers/f02212a0-0618-4a84-8ae9-9ca19464eef0 0.191s
2025-11-23 06:01:27.197 66520 INFO tempest.lib.common.rest_client [req-6e8ae737-0bc0-4849-b316-d416c69eca04 req-6e8ae737-0bc0-4849-b316-d416c69eca04 ] Request (AttachInterfacesTestJSON:test_create_list_show_delete_interfaces_by_network_port): 200 GET http://10.180.1.21/compute/v2.1/servers/333a2414-3b38-4800-b95c-343ac3710073 0.150s
2025-11-23 06:01:27.240 66536 INFO tempest.lib.common.rest_client [req-536666f5-407d-4648-9526-3bad0160966a req-536666f5-407d-4648-9526-3bad0160966a ] Request (ServersAdminTestJSON:test_rebuild_server_in_error_state): 202 POST http://10.180.1.21/compute/v2.1/servers/bf381a2c-b895-49e6-bf13-8854353fecd7/action 0.171s
2025-11-23 06:01:27.384 66536 INFO tempest.lib.common.rest_client [req-9fc440aa-7721-486a-9afd-a6106d934eb2 req-9fc440aa-7721-486a-9afd-a6106d934eb2 ] Request (ServersAdminTestJSON:test_rebuild_server_in_error_state): 202 POST http://10.180.1.21/compute/v2.1/servers/bf381a2c-b895-49e6-bf13-8854353fecd7/action 0.143s
2025-11-23 06:01:27.390 66545 INFO tempest.lib.common.rest_client [req-d686bf19-788c-4e76-8a53-71600b7a7f61 req-d686bf19-788c-4e76-8a53-71600b7a7f61 ] Request (ServersTestJSON:test_create_specify_keypair): 200 GET http://10.180.1.21/compute/v2.1/servers/a53d3c8b-3d47-45c7-8d15-f61d13d347bf 0.108s
2025-11-23 06:01:27.454 66542 INFO tempest.lib.common.rest_client [req-a198e0d3-1dbe-4bcd-8a92-c4cf0722f8ed req-a198e0d3-1dbe-4bcd-8a92-c4cf0722f8ed ] Request (ImagesOneServerNegativeTestJSON:_run_cleanups): 200 GET http://10.180.1.21/compute/v2.1/servers/c51a2e64-c810-4951-940b-6217e357bfe0 0.138s
2025-11-23 06:01:27.495 66550 INFO tempest.lib.common.rest_client [req-630be063-a815-4989-bdde-2a9339ea21a0 req-630be063-a815-4989-bdde-2a9339ea21a0 ] Request (ListImageFiltersTestJSON:tearDownClass): 200 GET http://10.180.1.21/compute/v2.1/servers/448779d0-a6fc-48a9-a202-49f12e7c4530 0.130s
2025-11-23 06:01:27.599 66518 INFO tempest.lib.common.rest_client [req-18ac7c64-47dd-490f-906e-1e650a8f21b0 req-18ac7c64-47dd-490f-906e-1e650a8f21b0 ] Request (ListServerFiltersTestJSON:setUpClass): 200 GET http://10.180.1.21/compute/v2.1/servers/3dd97624-0e38-4225-972e-6fad881fae16 0.117s
2025-11-23 06:01:27.633 66536 INFO tempest.lib.common.rest_client [req-2a3e4e6d-2502-4dcd-b9e8-8f7b779cd816 req-2a3e4e6d-2502-4dcd-b9e8-8f7b779cd816 ] Request (ServersAdminTestJSON:test_rebuild_server_in_error_state): 200 GET http://10.180.1.21/compute/v2.1/servers/bf381a2c-b895-49e6-bf13-8854353fecd7 0.241s
2025-11-23 06:01:27.649 66514 INFO tempest.lib.common.rest_client [req-1c4e0e3b-d333-4568-9d12-12c092282ba9 req-1c4e0e3b-d333-4568-9d12-12c092282ba9 ] Request (MigrationsAdminTest:test_list_migrations_in_flavor_resize_situation): 200 GET http://10.180.1.21/compute/v2.1/servers/6b226066-508a-4f48-81f9-9635ac5d9b67 0.056s
2025-11-23 06:01:27.739 66516 INFO tempest.lib.common.rest_client [req-aa8a507f-9548-4ef6-84a6-bf80f32fd01e req-aa8a507f-9548-4ef6-84a6-bf80f32fd01e ] Request (ServersTestFqdnHostnames:test_create_server_with_fqdn_name): 200 GET http://10.180.1.21/compute/v2.1/servers/0a8867bd-6921-44c7-bbdd-aff26dbaa536 0.124s
2025-11-23 06:01:27.750 66516 INFO tempest.common.waiters [-] State transition "BUILD/block_device_mapping" ==> "BUILD/spawning" after 62 second wait
2025-11-23 06:01:27.818 66540 INFO tempest.lib.common.rest_client [req-cab7e279-5a3e-49ae-b1f4-1442034bf6e7 req-cab7e279-5a3e-49ae-b1f4-1442034bf6e7 ] Request (ServerActionsTestOtherA:test_rebuild_server_in_stop_state): 200 GET http://10.180.1.21/compute/v2.1/servers/b4b4223b-2e0b-4ba4-a034-d5803cd81c5c 0.127s
2025-11-23 06:01:27.825 66540 INFO tempest.common.waiters [-] State transition "ACTIVE/None" ==> "ACTIVE/powering-off" after 9 second wait
2025-11-23 06:01:27.828 66556 INFO tempest.lib.common.rest_client [req-62cde59b-554e-482f-9c13-9e799c1af174 req-62cde59b-554e-482f-9c13-9e799c1af174 ] Request (AttachInterfacesUnderV243Test:_run_cleanups): 200 GET http://10.180.1.21/compute/v2.1/servers/2c3c8031-e2e3-482a-87f0-56789461f744 0.123s
2025-11-23 06:01:27.946 66506 INFO tempest.lib.common.rest_client [req-508ebc79-08a2-438f-9304-bed2e0402e7c req-508ebc79-08a2-438f-9304-bed2e0402e7c ] Request (DeleteServersTestJSON:test_delete_server_while_in_shelved_state): 200 GET http://10.180.1.21/compute/v2.1/servers/f905be7d-6643-4b39-b429-607a2c7db889 0.121s
2025-11-23 06:01:27.965 66534 INFO tempest.lib.common.rest_client [req-27d24293-dd0e-4af9-b616-60ae008b45d2 req-27d24293-dd0e-4af9-b616-60ae008b45d2 ] Request (ServerActionsV293TestJSON:setUpClass): 200 GET http://10.180.1.21/compute/v2.1/servers/f1802d4b-0a6e-408d-8aac-f75e82089087 0.078s
2025-11-23 06:01:28.022 66562 INFO tempest.lib.common.rest_client [req-06d317f8-3c66-4cb8-b250-3417acd51bea req-06d317f8-3c66-4cb8-b250-3417acd51bea ] Request (SecurityGroupsTestJSON:test_server_security_groups): 200 GET http://10.180.1.21/compute/v2.1/servers/ab487eef-9174-471a-a84a-b6a31a81cd0b 0.125s
2025-11-23 06:01:28.036 66530 INFO tempest.lib.common.rest_client [req-c7258075-5a69-455f-8455-2dffb027dd8f req-c7258075-5a69-455f-8455-2dffb027dd8f ] Request (ServerActionsTestOtherB:setUpClass): 200 GET http://10.180.1.21/compute/v2.1/servers/df416dc7-bfb9-4113-aafc-f17fc7b5497a 0.092s
2025-11-23 06:01:28.100 66560 INFO tempest.lib.common.rest_client [req-0b99ebdd-2bd0-4893-8454-a1650f66b0ba req-0b99ebdd-2bd0-4893-8454-a1650f66b0ba ] Request (ServerPasswordTestJSON:tearDownClass): 200 GET http://10.180.1.21/compute/v2.1/servers/b2702e5b-4b3b-4f65-9ca7-d77c654a4d5f 0.138s
2025-11-23 06:01:28.108 66508 INFO tempest.lib.common.rest_client [req-f5f963ef-71ba-433b-bbd2-9964b502f792 req-f5f963ef-71ba-433b-bbd2-9964b502f792 ] Request (AttachInterfacesV270Test:tearDownClass): 200 GET http://10.180.1.21/compute/v2.1/servers/d65d3f14-307b-421e-b6ad-23dd6c03cd7a 0.091s
2025-11-23 06:01:28.150 66546 WARNING tempest.lib.common.ssh [-] Failed to establish authenticated ssh connection to cirros@10.180.180.230 ([Errno None] Unable to connect to port 22 on 10.180.180.230). Number attempts: 7. Retry after 8 seconds.: paramiko.ssh_exception.NoValidConnectionsError: [Errno None] Unable to connect to port 22 on 10.180.180.230
2025-11-23 06:01:28.164 66510 INFO tempest.lib.common.rest_client [req-7a17c7a0-146f-47d5-b0bb-e022c3de1ec4 req-7a17c7a0-146f-47d5-b0bb-e022c3de1ec4 ] Request (ServerShowV247Test:tearDownClass): 200 GET http://10.180.1.21/compute/v2.1/servers/71dcd7fe-76e0-4ede-bb44-27ce2f2d2620 0.135s
2025-11-23 06:01:28.174 66526 INFO tempest.lib.common.rest_client [req-79affc6e-b571-4a15-af38-5f77af24cf27 req-79affc6e-b571-4a15-af38-5f77af24cf27 ] Request (DeleteServersAdminTestJSON:test_delete_server_while_in_error_state): 200 GET http://10.180.1.21/compute/v2.1/servers/37393567-3860-4949-831f-949c62f71483 0.105s
2025-11-23 06:01:28.231 66504 INFO tempest.lib.common.rest_client [req-d0b9f3f3-2ef7-43d0-b2e5-6d8fc436da79 req-d0b9f3f3-2ef7-43d0-b2e5-6d8fc436da79 ] Request (ServerRescueNegativeTestJSON:setUpClass): 200 GET http://10.180.1.21/compute/v2.1/servers/2b85032c-f1e6-47fb-94d7-e5a5186b3fc3 0.102s
2025-11-23 06:01:28.244 66548 INFO tempest.lib.common.rest_client [req-c1c3a015-aae3-44af-9fdc-de79a0ffc13b req-c1c3a015-aae3-44af-9fdc-de79a0ffc13b ] Request (ServerAddressesNegativeTestJSON:tearDownClass): 200 GET http://10.180.1.21/compute/v2.1/servers/47b580ec-1dbf-4911-bfe9-f29725d83c6e 0.097s
2025-11-23 06:01:28.286 66524 INFO tempest.lib.common.rest_client [req-a850a401-adfe-4ad7-a86f-7b807486602c req-a850a401-adfe-4ad7-a86f-7b807486602c ] Request (ServersTestMultiNic:test_verify_multiple_nics_order): 200 GET http://10.180.1.21/compute/v2.1/servers/f02212a0-0618-4a84-8ae9-9ca19464eef0 0.097s
2025-11-23 06:01:28.298 66520 INFO tempest.lib.common.rest_client [req-51e1882e-e3df-445e-b43a-a77955ab4615 req-51e1882e-e3df-445e-b43a-a77955ab4615 ] Request (AttachInterfacesTestJSON:test_create_list_show_delete_interfaces_by_network_port): 200 GET http://10.180.1.21/compute/v2.1/servers/333a2414-3b38-4800-b95c-343ac3710073 0.090s
2025-11-23 06:01:28.511 66545 INFO tempest.lib.common.rest_client [req-95162f4a-7bfd-48c8-a6fc-79535fac84cc req-95162f4a-7bfd-48c8-a6fc-79535fac84cc ] Request (ServersTestJSON:test_create_specify_keypair): 200 GET http://10.180.1.21/compute/v2.1/servers/a53d3c8b-3d47-45c7-8d15-f61d13d347bf 0.107s
2025-11-23 06:01:28.526 66542 INFO tempest.lib.common.rest_client [req-80428e06-318e-44fd-b3fa-f1e7523e3d20 req-80428e06-318e-44fd-b3fa-f1e7523e3d20 ] Request (ImagesOneServerNegativeTestJSON:_run_cleanups): 200 GET http://10.180.1.21/compute/v2.1/servers/c51a2e64-c810-4951-940b-6217e357bfe0 0.062s
2025-11-23 06:01:28.571 66550 INFO tempest.lib.common.rest_client [req-e2b7fdd4-b88a-4048-b923-d09b75aab374 req-e2b7fdd4-b88a-4048-b923-d09b75aab374 ] Request (ListImageFiltersTestJSON:tearDownClass): 200 GET http://10.180.1.21/compute/v2.1/servers/448779d0-a6fc-48a9-a202-49f12e7c4530 0.066s
2025-11-23 06:01:28.672 66518 INFO tempest.lib.common.rest_client [req-ee4858b6-fed7-4485-827b-74d874038f46 req-ee4858b6-fed7-4485-827b-74d874038f46 ] Request (ListServerFiltersTestJSON:setUpClass): 200 GET http://10.180.1.21/compute/v2.1/servers/3dd97624-0e38-4225-972e-6fad881fae16 0.062s
2025-11-23 06:01:28.729 66514 INFO tempest.lib.common.rest_client [req-74569d55-5b3a-4b08-bc9a-b1e5c3ae392e req-74569d55-5b3a-4b08-bc9a-b1e5c3ae392e ] Request (MigrationsAdminTest:test_list_migrations_in_flavor_resize_situation): 200 GET http://10.180.1.21/compute/v2.1/servers/6b226066-508a-4f48-81f9-9635ac5d9b67 0.073s
2025-11-23 06:01:28.752 66536 INFO tempest.lib.common.rest_client [req-549976d3-3064-4a52-b578-e0f350b92b56 req-549976d3-3064-4a52-b578-e0f350b92b56 ] Request (ServersAdminTestJSON:test_rebuild_server_in_error_state): 200 GET http://10.180.1.21/compute/v2.1/servers/bf381a2c-b895-49e6-bf13-8854353fecd7 0.107s
2025-11-23 06:01:28.890 66516 INFO tempest.lib.common.rest_client [req-460c10cc-bccf-4b11-9d3b-3cc58f42cab1 req-460c10cc-bccf-4b11-9d3b-3cc58f42cab1 ] Request (ServersTestFqdnHostnames:test_create_server_with_fqdn_name): 200 GET http://10.180.1.21/compute/v2.1/servers/0a8867bd-6921-44c7-bbdd-aff26dbaa536 0.139s
2025-11-23 06:01:29.021 66556 INFO tempest.lib.common.rest_client [req-25178070-82ae-4f0d-ba9a-54e55b68f93b req-25178070-82ae-4f0d-ba9a-54e55b68f93b ] Request (AttachInterfacesUnderV243Test:_run_cleanups): 200 GET http://10.180.1.21/compute/v2.1/servers/2c3c8031-e2e3-482a-87f0-56789461f744 0.182s
2025-11-23 06:01:29.054 66540 INFO tempest.lib.common.rest_client [req-707d8ad9-10c7-4b73-bf09-f1a22b502f81 req-707d8ad9-10c7-4b73-bf09-f1a22b502f81 ] Request (ServerActionsTestOtherA:test_rebuild_server_in_stop_state): 200 GET http://10.180.1.21/compute/v2.1/servers/b4b4223b-2e0b-4ba4-a034-d5803cd81c5c 0.228s
2025-11-23 06:01:29.164 66534 INFO tempest.lib.common.rest_client [req-bb5a3404-3c88-4562-ab39-da335ebee556 req-bb5a3404-3c88-4562-ab39-da335ebee556 ] Request (ServerActionsV293TestJSON:setUpClass): 200 GET http://10.180.1.21/compute/v2.1/servers/f1802d4b-0a6e-408d-8aac-f75e82089087 0.183s
2025-11-23 06:01:29.228 66506 INFO tempest.lib.common.rest_client [req-1cd53d68-8d0a-463c-8419-d438ecd5b8d2 req-1cd53d68-8d0a-463c-8419-d438ecd5b8d2 ] Request (DeleteServersTestJSON:test_delete_server_while_in_shelved_state): 200 GET http://10.180.1.21/compute/v2.1/servers/f905be7d-6643-4b39-b429-607a2c7db889 0.272s
2025-11-23 06:01:29.239 66562 INFO tempest.lib.common.rest_client [req-639927c7-c773-48ee-80cd-75705494d2f2 req-639927c7-c773-48ee-80cd-75705494d2f2 ] Request (SecurityGroupsTestJSON:test_server_security_groups): 200 GET http://10.180.1.21/compute/v2.1/servers/ab487eef-9174-471a-a84a-b6a31a81cd0b 0.207s
2025-11-23 06:01:29.290 66530 INFO tempest.lib.common.rest_client [req-3a28d2f5-2e55-4f0f-a4cc-6627dd3345b0 req-3a28d2f5-2e55-4f0f-a4cc-6627dd3345b0 ] Request (ServerActionsTestOtherB:setUpClass): 200 GET http://10.180.1.21/compute/v2.1/servers/df416dc7-bfb9-4113-aafc-f17fc7b5497a 0.242s
2025-11-23 06:01:29.304 66560 INFO tempest.lib.common.rest_client [req-1738e4d3-f6f0-4283-b9a6-c8d4bc43ac27 req-1738e4d3-f6f0-4283-b9a6-c8d4bc43ac27 ] Request (ServerPasswordTestJSON:tearDownClass): 200 GET http://10.180.1.21/compute/v2.1/servers/b2702e5b-4b3b-4f65-9ca7-d77c654a4d5f 0.197s
2025-11-23 06:01:29.356 66508 INFO tempest.lib.common.rest_client [req-3249fe58-91cb-4995-a320-edbf82320c6e req-3249fe58-91cb-4995-a320-edbf82320c6e ] Request (AttachInterfacesV270Test:tearDownClass): 200 GET http://10.180.1.21/compute/v2.1/servers/d65d3f14-307b-421e-b6ad-23dd6c03cd7a 0.237s
2025-11-23 06:01:29.374 66510 INFO tempest.lib.common.rest_client [req-577f3ffe-b3dc-46c2-87a1-3bbdbb00c4f3 req-577f3ffe-b3dc-46c2-87a1-3bbdbb00c4f3 ] Request (ServerShowV247Test:tearDownClass): 200 GET http://10.180.1.21/compute/v2.1/servers/71dcd7fe-76e0-4ede-bb44-27ce2f2d2620 0.195s
2025-11-23 06:01:29.411 66526 INFO tempest.lib.common.rest_client [req-5bb7bc62-2485-41be-baf3-6af847f4aa72 req-5bb7bc62-2485-41be-baf3-6af847f4aa72 ] Request (DeleteServersAdminTestJSON:test_delete_server_while_in_error_state): 200 GET http://10.180.1.21/compute/v2.1/servers/37393567-3860-4949-831f-949c62f71483 0.225s
2025-11-23 06:01:29.426 66504 INFO tempest.lib.common.rest_client [req-c86b01c4-3028-4aa4-ba85-2bf0c1c8cfce req-c86b01c4-3028-4aa4-ba85-2bf0c1c8cfce ] Request (ServerRescueNegativeTestJSON:setUpClass): 200 GET http://10.180.1.21/compute/v2.1/servers/2b85032c-f1e6-47fb-94d7-e5a5186b3fc3 0.183s
2025-11-23 06:01:29.478 66548 INFO tempest.lib.common.rest_client [req-4b989157-abea-49a1-ab73-2952211a23c7 req-4b989157-abea-49a1-ab73-2952211a23c7 ] Request (ServerAddressesNegativeTestJSON:tearDownClass): 200 GET http://10.180.1.21/compute/v2.1/servers/47b580ec-1dbf-4911-bfe9-f29725d83c6e 0.227s
2025-11-23 06:01:29.495 66524 INFO tempest.lib.common.rest_client [req-d9202cb2-3487-4c43-a626-362030ad3af4 req-d9202cb2-3487-4c43-a626-362030ad3af4 ] Request (ServersTestMultiNic:test_verify_multiple_nics_order): 200 GET http://10.180.1.21/compute/v2.1/servers/f02212a0-0618-4a84-8ae9-9ca19464eef0 0.196s
2025-11-23 06:01:29.537 66520 INFO tempest.lib.common.rest_client [req-9bb143e1-c0f2-4118-8458-5a8653c52018 req-9bb143e1-c0f2-4118-8458-5a8653c52018 ] Request (AttachInterfacesTestJSON:test_create_list_show_delete_interfaces_by_network_port): 200 GET http://10.180.1.21/compute/v2.1/servers/333a2414-3b38-4800-b95c-343ac3710073 0.229s
2025-11-23 06:01:29.654 66542 INFO tempest.lib.common.rest_client [req-96ba1baf-9c5e-4057-86fc-65b80bddc98a req-96ba1baf-9c5e-4057-86fc-65b80bddc98a ] Request (ImagesOneServerNegativeTestJSON:_run_cleanups): 200 GET http://10.180.1.21/compute/v2.1/servers/c51a2e64-c810-4951-940b-6217e357bfe0 0.117s
2025-11-23 06:01:29.683 66545 INFO tempest.lib.common.rest_client [req-57d9531b-c477-44b1-85f1-a704edaa16b6 req-57d9531b-c477-44b1-85f1-a704edaa16b6 ] Request (ServersTestJSON:test_create_specify_keypair): 200 GET http://10.180.1.21/compute/v2.1/servers/a53d3c8b-3d47-45c7-8d15-f61d13d347bf 0.158s
2025-11-23 06:01:29.722 66550 INFO tempest.lib.common.rest_client [req-27b3ff84-7b97-4774-9d9b-ca2db34cb18b req-27b3ff84-7b97-4774-9d9b-ca2db34cb18b ] Request (ListImageFiltersTestJSON:tearDownClass): 200 GET http://10.180.1.21/compute/v2.1/servers/448779d0-a6fc-48a9-a202-49f12e7c4530 0.142s
2025-11-23 06:01:29.767 66518 INFO tempest.lib.common.rest_client [req-b52fc5e1-a832-494e-9ed5-8db894f0a79f req-b52fc5e1-a832-494e-9ed5-8db894f0a79f ] Request (ListServerFiltersTestJSON:setUpClass): 200 GET http://10.180.1.21/compute/v2.1/servers/3dd97624-0e38-4225-972e-6fad881fae16 0.086s
2025-11-23 06:01:29.798 66514 INFO tempest.lib.common.rest_client [req-3aeb1b69-b8e0-4d72-a361-a1a6ae3dc28f req-3aeb1b69-b8e0-4d72-a361-a1a6ae3dc28f ] Request (MigrationsAdminTest:test_list_migrations_in_flavor_resize_situation): 200 GET http://10.180.1.21/compute/v2.1/servers/6b226066-508a-4f48-81f9-9635ac5d9b67 0.058s
2025-11-23 06:01:29.950 66536 INFO tempest.lib.common.rest_client [req-44a0f686-7d8b-4a36-9dca-3d10cae62d3f req-44a0f686-7d8b-4a36-9dca-3d10cae62d3f ] Request (ServersAdminTestJSON:test_rebuild_server_in_error_state): 200 GET http://10.180.1.21/compute/v2.1/servers/bf381a2c-b895-49e6-bf13-8854353fecd7 0.188s
2025-11-23 06:01:30.060 66516 INFO tempest.lib.common.rest_client [req-5d3c7dad-4a92-4cfa-8fa5-45c2677094a3 req-5d3c7dad-4a92-4cfa-8fa5-45c2677094a3 ] Request (ServersTestFqdnHostnames:test_create_server_with_fqdn_name): 200 GET http://10.180.1.21/compute/v2.1/servers/0a8867bd-6921-44c7-bbdd-aff26dbaa536 0.159s
2025-11-23 06:01:30.074 66566 WARNING tempest.lib.common.ssh [-] Failed to establish authenticated ssh connection to cirros@10.180.180.201 ([Errno None] Unable to connect to port 22 on 10.180.180.201). Number attempts: 7. Retry after 8 seconds.: paramiko.ssh_exception.NoValidConnectionsError: [Errno None] Unable to connect to port 22 on 10.180.180.201
2025-11-23 06:01:30.123 66556 INFO tempest.lib.common.rest_client [req-05d2ae13-89d4-43ce-ba49-7c2210a94d19 req-05d2ae13-89d4-43ce-ba49-7c2210a94d19 ] Request (AttachInterfacesUnderV243Test:_run_cleanups): 200 GET http://10.180.1.21/compute/v2.1/servers/2c3c8031-e2e3-482a-87f0-56789461f744 0.081s
2025-11-23 06:01:30.208 66540 INFO tempest.lib.common.rest_client [req-89f21e3e-840c-4c99-87d9-b87c52450ba5 req-89f21e3e-840c-4c99-87d9-b87c52450ba5 ] Request (ServerActionsTestOtherA:test_rebuild_server_in_stop_state): 200 GET http://10.180.1.21/compute/v2.1/servers/b4b4223b-2e0b-4ba4-a034-d5803cd81c5c 0.136s
2025-11-23 06:01:30.220 66540 INFO tempest.common.waiters [-] State transition "ACTIVE/powering-off" ==> "SHUTOFF/None" after 12 second wait
2025-11-23 06:01:30.298 66534 INFO tempest.lib.common.rest_client [req-cb7b624d-c41d-49b6-9154-39e2b1a316b6 req-cb7b624d-c41d-49b6-9154-39e2b1a316b6 ] Request (ServerActionsV293TestJSON:setUpClass): 200 GET http://10.180.1.21/compute/v2.1/servers/f1802d4b-0a6e-408d-8aac-f75e82089087 0.122s
2025-11-23 06:01:30.401 66540 INFO tempest.lib.common.rest_client [req-f6c8f66e-5ebe-4cbb-9eee-dfe4e6022454 req-f6c8f66e-5ebe-4cbb-9eee-dfe4e6022454 ] Request (ServerActionsTestOtherA:test_rebuild_server_in_stop_state): 200 GET http://10.180.1.21/compute/v2.1/servers/b4b4223b-2e0b-4ba4-a034-d5803cd81c5c 0.181s
2025-11-23 06:01:30.489 66562 INFO tempest.lib.common.rest_client [req-e6a71fda-10d6-47cf-be0a-29960ef9c9ee req-e6a71fda-10d6-47cf-be0a-29960ef9c9ee ] Request (SecurityGroupsTestJSON:test_server_security_groups): 200 GET http://10.180.1.21/compute/v2.1/servers/ab487eef-9174-471a-a84a-b6a31a81cd0b 0.236s
2025-11-23 06:01:30.515 66506 INFO tempest.lib.common.rest_client [req-6aadd079-f39e-4892-932a-eead2224f769 req-6aadd079-f39e-4892-932a-eead2224f769 ] Request (DeleteServersTestJSON:test_delete_server_while_in_shelved_state): 200 GET http://10.180.1.21/compute/v2.1/servers/f905be7d-6643-4b39-b429-607a2c7db889 0.277s
2025-11-23 06:01:30.552 66530 INFO tempest.lib.common.rest_client [req-e2160961-ed54-4995-93db-cfe57daa8e45 req-e2160961-ed54-4995-93db-cfe57daa8e45 ] Request (ServerActionsTestOtherB:setUpClass): 200 GET http://10.180.1.21/compute/v2.1/servers/df416dc7-bfb9-4113-aafc-f17fc7b5497a 0.251s
2025-11-23 06:01:30.592 66560 INFO tempest.lib.common.rest_client [req-a74a42bf-c346-430a-ac34-aa42ba59146b req-a74a42bf-c346-430a-ac34-aa42ba59146b ] Request (ServerPasswordTestJSON:tearDownClass): 200 GET http://10.180.1.21/compute/v2.1/servers/b2702e5b-4b3b-4f65-9ca7-d77c654a4d5f 0.275s
2025-11-23 06:01:30.629 66508 INFO tempest.lib.common.rest_client [req-083f4afd-8731-4f73-b971-eba6570140ed req-083f4afd-8731-4f73-b971-eba6570140ed ] Request (AttachInterfacesV270Test:tearDownClass): 200 GET http://10.180.1.21/compute/v2.1/servers/d65d3f14-307b-421e-b6ad-23dd6c03cd7a 0.263s
2025-11-23 06:01:30.654 66510 INFO tempest.lib.common.rest_client [req-0ea1fca1-7cb5-49c2-bae4-2968811a49dc req-0ea1fca1-7cb5-49c2-bae4-2968811a49dc ] Request (ServerShowV247Test:tearDownClass): 200 GET http://10.180.1.21/compute/v2.1/servers/71dcd7fe-76e0-4ede-bb44-27ce2f2d2620 0.268s
2025-11-23 06:01:30.714 66526 INFO tempest.lib.common.rest_client [req-0d6247cf-2ee9-4d57-899a-b1d2af62ecd3 req-0d6247cf-2ee9-4d57-899a-b1d2af62ecd3 ] Request (DeleteServersAdminTestJSON:test_delete_server_while_in_error_state): 200 GET http://10.180.1.21/compute/v2.1/servers/37393567-3860-4949-831f-949c62f71483 0.291s
2025-11-23 06:01:30.758 66540 INFO tempest.lib.common.rest_client [req-f14da9d9-6fcd-4854-993c-73387e416914 req-f14da9d9-6fcd-4854-993c-73387e416914 ] Request (ServerActionsTestOtherA:tearDown): 200 GET http://10.180.1.21/compute/v2.1/servers/969e7e6e-d1d3-45d2-a8d5-e9faa1a83639 0.349s
2025-11-23 06:01:30.771 66504 INFO tempest.lib.common.rest_client [req-1c929034-a341-48e5-aa33-be4c0594029d req-1c929034-a341-48e5-aa33-be4c0594029d ] Request (ServerRescueNegativeTestJSON:setUpClass): 200 GET http://10.180.1.21/compute/v2.1/servers/2b85032c-f1e6-47fb-94d7-e5a5186b3fc3 0.335s
2025-11-23 06:01:30.822 66548 INFO tempest.lib.common.rest_client [req-4f80dce5-b898-4c77-b97f-4b333d3b0331 req-4f80dce5-b898-4c77-b97f-4b333d3b0331 ] Request (ServerAddressesNegativeTestJSON:tearDownClass): 200 GET http://10.180.1.21/compute/v2.1/servers/47b580ec-1dbf-4911-bfe9-f29725d83c6e 0.334s
2025-11-23 06:01:30.825 66524 INFO tempest.lib.common.rest_client [req-2aab1833-4a35-474c-b3e4-2a93be6fd66f req-2aab1833-4a35-474c-b3e4-2a93be6fd66f ] Request (ServersTestMultiNic:test_verify_multiple_nics_order): 200 GET http://10.180.1.21/compute/v2.1/servers/f02212a0-0618-4a84-8ae9-9ca19464eef0 0.322s
2025-11-23 06:01:30.890 66520 INFO tempest.lib.common.rest_client [req-abaf6987-17fe-4894-892a-a332173d411f req-abaf6987-17fe-4894-892a-a332173d411f ] Request (AttachInterfacesTestJSON:test_create_list_show_delete_interfaces_by_network_port): 200 GET http://10.180.1.21/compute/v2.1/servers/333a2414-3b38-4800-b95c-343ac3710073 0.345s
2025-11-23 06:01:30.893 66542 INFO tempest.lib.common.rest_client [req-971b2c09-1c84-412b-9fa2-aaf42f0fb69e req-971b2c09-1c84-412b-9fa2-aaf42f0fb69e ] Request (ImagesOneServerNegativeTestJSON:_run_cleanups): 200 GET http://10.180.1.21/compute/v2.1/servers/c51a2e64-c810-4951-940b-6217e357bfe0 0.230s
2025-11-23 06:01:30.956 66550 INFO tempest.lib.common.rest_client [req-2ca9cbcd-8780-488d-a68e-e30b60c9be31 req-2ca9cbcd-8780-488d-a68e-e30b60c9be31 ] Request (ListImageFiltersTestJSON:tearDownClass): 200 GET http://10.180.1.21/compute/v2.1/servers/448779d0-a6fc-48a9-a202-49f12e7c4530 0.225s
2025-11-23 06:01:30.995 66545 INFO tempest.lib.common.rest_client [req-7366329f-6005-4218-9fd2-32e6682f26d2 req-7366329f-6005-4218-9fd2-32e6682f26d2 ] Request (ServersTestJSON:test_create_specify_keypair): 200 GET http://10.180.1.21/compute/v2.1/servers/a53d3c8b-3d47-45c7-8d15-f61d13d347bf 0.303s
2025-11-23 06:01:31.030 66540 INFO tempest.lib.common.rest_client [req-3004a9d3-56cd-41ff-960c-70cb53d43917 req-3004a9d3-56cd-41ff-960c-70cb53d43917 ] Request (ServerActionsTestOtherA:_run_cleanups): 204 DELETE http://10.180.1.21/compute/v2.1/servers/b4b4223b-2e0b-4ba4-a034-d5803cd81c5c 0.263s
2025-11-23 06:01:31.053 66518 INFO tempest.lib.common.rest_client [req-b3f077cf-2caa-4067-933a-d407d4b71fb4 req-b3f077cf-2caa-4067-933a-d407d4b71fb4 ] Request (ListServerFiltersTestJSON:setUpClass): 200 GET http://10.180.1.21/compute/v2.1/servers/3dd97624-0e38-4225-972e-6fad881fae16 0.277s
2025-11-23 06:01:31.086 66514 INFO tempest.lib.common.rest_client [req-2484379a-785d-4c66-bf24-efaebe75374c req-2484379a-785d-4c66-bf24-efaebe75374c ] Request (MigrationsAdminTest:test_list_migrations_in_flavor_resize_situation): 200 GET http://10.180.1.21/compute/v2.1/servers/6b226066-508a-4f48-81f9-9635ac5d9b67 0.279s
2025-11-23 06:01:31.159 66536 INFO tempest.lib.common.rest_client [req-45a989ca-a867-4ea2-ad81-7741be132db8 req-45a989ca-a867-4ea2-ad81-7741be132db8 ] Request (ServersAdminTestJSON:test_rebuild_server_in_error_state): 200 GET http://10.180.1.21/compute/v2.1/servers/bf381a2c-b895-49e6-bf13-8854353fecd7 0.200s
2025-11-23 06:01:31.166 66536 INFO tempest.common.waiters [-] State transition "REBUILD/rebuilding" ==> "REBUILD/rebuild_spawning" after 4 second wait
2025-11-23 06:01:31.231 66540 INFO tempest.lib.common.rest_client [req-7357bf71-e96f-4b78-b713-bc1e19698c2a req-7357bf71-e96f-4b78-b713-bc1e19698c2a ] Request (ServerActionsTestOtherA:_run_cleanups): 200 GET http://10.180.1.21/compute/v2.1/servers/b4b4223b-2e0b-4ba4-a034-d5803cd81c5c 0.201s
2025-11-23 06:01:31.305 66516 INFO tempest.lib.common.rest_client [req-a5a58ada-12ce-4a9e-b3b9-cd894698eba3 req-a5a58ada-12ce-4a9e-b3b9-cd894698eba3 ] Request (ServersTestFqdnHostnames:test_create_server_with_fqdn_name): 200 GET http://10.180.1.21/compute/v2.1/servers/0a8867bd-6921-44c7-bbdd-aff26dbaa536 0.234s
2025-11-23 06:01:31.321 66556 INFO tempest.lib.common.rest_client [req-b2d95528-1120-4f72-883d-5e9fa0fcf324 req-b2d95528-1120-4f72-883d-5e9fa0fcf324 ] Request (AttachInterfacesUnderV243Test:_run_cleanups): 200 GET http://10.180.1.21/compute/v2.1/servers/2c3c8031-e2e3-482a-87f0-56789461f744 0.190s
2025-11-23 06:01:31.381 66534 INFO tempest.lib.common.rest_client [req-e6dd6cbc-5083-497e-90d7-c43f52179be7 req-e6dd6cbc-5083-497e-90d7-c43f52179be7 ] Request (ServerActionsV293TestJSON:setUpClass): 200 GET http://10.180.1.21/compute/v2.1/servers/f1802d4b-0a6e-408d-8aac-f75e82089087 0.072s
2025-11-23 06:01:31.597 66562 INFO tempest.lib.common.rest_client [req-69d6bd81-f84f-4531-9618-8abf360d1b6f req-69d6bd81-f84f-4531-9618-8abf360d1b6f ] Request (SecurityGroupsTestJSON:test_server_security_groups): 200 GET http://10.180.1.21/compute/v2.1/servers/ab487eef-9174-471a-a84a-b6a31a81cd0b 0.097s
2025-11-23 06:01:31.669 66530 INFO tempest.lib.common.rest_client [req-b9b5ba9a-a90d-4f7d-8352-850ebe285fb2 req-b9b5ba9a-a90d-4f7d-8352-850ebe285fb2 ] Request (ServerActionsTestOtherB:setUpClass): 200 GET http://10.180.1.21/compute/v2.1/servers/df416dc7-bfb9-4113-aafc-f17fc7b5497a 0.108s
2025-11-23 06:01:31.692 66506 INFO tempest.lib.common.rest_client [req-047c601e-6b14-4a9b-8d6d-63784e99724f req-047c601e-6b14-4a9b-8d6d-63784e99724f ] Request (DeleteServersTestJSON:test_delete_server_while_in_shelved_state): 200 GET http://10.180.1.21/compute/v2.1/servers/f905be7d-6643-4b39-b429-607a2c7db889 0.166s
2025-11-23 06:01:31.789 66560 INFO tempest.lib.common.rest_client [req-d8bcfd5c-a351-41e2-aaf9-c68458417932 req-d8bcfd5c-a351-41e2-aaf9-c68458417932 ] Request (ServerPasswordTestJSON:tearDownClass): 200 GET http://10.180.1.21/compute/v2.1/servers/b2702e5b-4b3b-4f65-9ca7-d77c654a4d5f 0.185s
2025-11-23 06:01:31.814 66508 INFO tempest.lib.common.rest_client [req-360c17ff-90f9-4626-bb02-b5494d0de63e req-360c17ff-90f9-4626-bb02-b5494d0de63e ] Request (AttachInterfacesV270Test:tearDownClass): 200 GET http://10.180.1.21/compute/v2.1/servers/d65d3f14-307b-421e-b6ad-23dd6c03cd7a 0.173s
2025-11-23 06:01:31.950 66526 INFO tempest.lib.common.rest_client [req-50af5306-48d7-4617-81d6-52f45440e3b9 req-50af5306-48d7-4617-81d6-52f45440e3b9 ] Request (DeleteServersAdminTestJSON:test_delete_server_while_in_error_state): 200 GET http://10.180.1.21/compute/v2.1/servers/37393567-3860-4949-831f-949c62f71483 0.226s
2025-11-23 06:01:31.972 66510 INFO tempest.lib.common.rest_client [req-b0fa6bd4-b44e-4b36-aa97-b223b1362f47 req-b0fa6bd4-b44e-4b36-aa97-b223b1362f47 ] Request (ServerShowV247Test:tearDownClass): 200 GET http://10.180.1.21/compute/v2.1/servers/71dcd7fe-76e0-4ede-bb44-27ce2f2d2620 0.308s
2025-11-23 06:01:32.036 66504 INFO tempest.lib.common.rest_client [req-fb12ba0a-0c4f-4b32-a2c3-9f9580178407 req-fb12ba0a-0c4f-4b32-a2c3-9f9580178407 ] Request (ServerRescueNegativeTestJSON:setUpClass): 200 GET http://10.180.1.21/compute/v2.1/servers/2b85032c-f1e6-47fb-94d7-e5a5186b3fc3 0.256s
2025-11-23 06:01:32.056 66548 INFO tempest.lib.common.rest_client [req-5605c4ec-1545-441f-9a80-d7fbc2ab150f req-5605c4ec-1545-441f-9a80-d7fbc2ab150f ] Request (ServerAddressesNegativeTestJSON:tearDownClass): 200 GET http://10.180.1.21/compute/v2.1/servers/47b580ec-1dbf-4911-bfe9-f29725d83c6e 0.225s
2025-11-23 06:01:32.116 66524 INFO tempest.lib.common.rest_client [req-81799bed-f65e-44c0-b583-12cfc50827ea req-81799bed-f65e-44c0-b583-12cfc50827ea ] Request (ServersTestMultiNic:test_verify_multiple_nics_order): 200 GET http://10.180.1.21/compute/v2.1/servers/f02212a0-0618-4a84-8ae9-9ca19464eef0 0.283s
2025-11-23 06:01:32.132 66520 INFO tempest.lib.common.rest_client [req-6a0499ad-8e5e-4152-92f5-76f56e80076d req-6a0499ad-8e5e-4152-92f5-76f56e80076d ] Request (AttachInterfacesTestJSON:test_create_list_show_delete_interfaces_by_network_port): 200 GET http://10.180.1.21/compute/v2.1/servers/333a2414-3b38-4800-b95c-343ac3710073 0.233s
2025-11-23 06:01:32.204 66542 INFO tempest.lib.common.rest_client [req-38c4d9a6-25f7-4be7-b822-30f94ec255f3 req-38c4d9a6-25f7-4be7-b822-30f94ec255f3 ] Request (ImagesOneServerNegativeTestJSON:_run_cleanups): 200 GET http://10.180.1.21/compute/v2.1/servers/c51a2e64-c810-4951-940b-6217e357bfe0 0.303s
2025-11-23 06:01:32.225 66550 INFO tempest.lib.common.rest_client [req-78d19230-ec10-4989-890b-86a122cba0ae req-78d19230-ec10-4989-890b-86a122cba0ae ] Request (ListImageFiltersTestJSON:tearDownClass): 200 GET http://10.180.1.21/compute/v2.1/servers/448779d0-a6fc-48a9-a202-49f12e7c4530 0.262s
2025-11-23 06:01:32.304 66518 INFO tempest.lib.common.rest_client [req-dd47545f-d503-42de-bf3b-bb10887d97bf req-dd47545f-d503-42de-bf3b-bb10887d97bf ] Request (ListServerFiltersTestJSON:setUpClass): 200 GET http://10.180.1.21/compute/v2.1/servers/3dd97624-0e38-4225-972e-6fad881fae16 0.240s
2025-11-23 06:01:32.332 66545 INFO tempest.lib.common.rest_client [req-4441bfac-6cf7-481a-8153-1ca6626d865c req-4441bfac-6cf7-481a-8153-1ca6626d865c ] Request (ServersTestJSON:test_create_specify_keypair): 200 GET http://10.180.1.21/compute/v2.1/servers/a53d3c8b-3d47-45c7-8d15-f61d13d347bf 0.328s
2025-11-23 06:01:32.357 66514 INFO tempest.lib.common.rest_client [req-e0c4afeb-3067-4925-9c7f-0e931616a2f5 req-e0c4afeb-3067-4925-9c7f-0e931616a2f5 ] Request (MigrationsAdminTest:test_list_migrations_in_flavor_resize_situation): 200 GET http://10.180.1.21/compute/v2.1/servers/6b226066-508a-4f48-81f9-9635ac5d9b67 0.262s
2025-11-23 06:01:32.465 66536 INFO tempest.lib.common.rest_client [req-baefc81e-f409-464a-8142-d2bca7c73cac req-baefc81e-f409-464a-8142-d2bca7c73cac ] Request (ServersAdminTestJSON:test_rebuild_server_in_error_state): 200 GET http://10.180.1.21/compute/v2.1/servers/bf381a2c-b895-49e6-bf13-8854353fecd7 0.298s
2025-11-23 06:01:32.501 66540 INFO tempest.lib.common.rest_client [req-d46cb8d1-abb1-4cd6-8786-2e226a5a5b76 req-d46cb8d1-abb1-4cd6-8786-2e226a5a5b76 ] Request (ServerActionsTestOtherA:_run_cleanups): 200 GET http://10.180.1.21/compute/v2.1/servers/b4b4223b-2e0b-4ba4-a034-d5803cd81c5c 0.259s
2025-11-23 06:01:32.577 66516 INFO tempest.lib.common.rest_client [req-3edde93e-07da-4922-b3db-3c4b5c6cae57 req-3edde93e-07da-4922-b3db-3c4b5c6cae57 ] Request (ServersTestFqdnHostnames:test_create_server_with_fqdn_name): 200 GET http://10.180.1.21/compute/v2.1/servers/0a8867bd-6921-44c7-bbdd-aff26dbaa536 0.263s
2025-11-23 06:01:32.595 66556 INFO tempest.lib.common.rest_client [req-2e0fa2c4-e29b-443a-a579-a5b7b5059d5d req-2e0fa2c4-e29b-443a-a579-a5b7b5059d5d ] Request (AttachInterfacesUnderV243Test:_run_cleanups): 200 GET http://10.180.1.21/compute/v2.1/servers/2c3c8031-e2e3-482a-87f0-56789461f744 0.264s
2025-11-23 06:01:32.652 66534 INFO tempest.lib.common.rest_client [req-a4a2fdff-4c6d-4646-91ed-5a84787f3860 req-a4a2fdff-4c6d-4646-91ed-5a84787f3860 ] Request (ServerActionsV293TestJSON:setUpClass): 200 GET http://10.180.1.21/compute/v2.1/servers/f1802d4b-0a6e-408d-8aac-f75e82089087 0.259s
2025-11-23 06:01:32.679 66562 INFO tempest.lib.common.rest_client [req-e82ac36f-733e-4db1-8224-076edb1cd2fc req-e82ac36f-733e-4db1-8224-076edb1cd2fc ] Request (SecurityGroupsTestJSON:test_server_security_groups): 200 GET http://10.180.1.21/compute/v2.1/servers/ab487eef-9174-471a-a84a-b6a31a81cd0b 0.071s
2025-11-23 06:01:32.766 66530 INFO tempest.lib.common.rest_client [req-3219bba5-e9e9-4bfc-ab43-67229c159cdb req-3219bba5-e9e9-4bfc-ab43-67229c159cdb ] Request (ServerActionsTestOtherB:setUpClass): 200 GET http://10.180.1.21/compute/v2.1/servers/df416dc7-bfb9-4113-aafc-f17fc7b5497a 0.087s
2025-11-23 06:01:33.124 66560 INFO tempest.lib.common.rest_client [req-5a4e25e3-326f-4a42-938a-f291115b2121 req-5a4e25e3-326f-4a42-938a-f291115b2121 ] Request (ServerPasswordTestJSON:tearDownClass): 200 GET http://10.180.1.21/compute/v2.1/servers/b2702e5b-4b3b-4f65-9ca7-d77c654a4d5f 0.323s
2025-11-23 06:01:33.155 66506 INFO tempest.lib.common.rest_client [req-933f6a1f-b37a-4b9c-8a3d-baa7ba91b46d req-933f6a1f-b37a-4b9c-8a3d-baa7ba91b46d ] Request (DeleteServersTestJSON:test_delete_server_while_in_shelved_state): 200 GET http://10.180.1.21/compute/v2.1/servers/f905be7d-6643-4b39-b429-607a2c7db889 0.443s
2025-11-23 06:01:33.206 66508 INFO tempest.lib.common.rest_client [req-241377d8-cd39-4614-871e-6df6e2f136f1 req-241377d8-cd39-4614-871e-6df6e2f136f1 ] Request (AttachInterfacesV270Test:tearDownClass): 200 GET http://10.180.1.21/compute/v2.1/servers/d65d3f14-307b-421e-b6ad-23dd6c03cd7a 0.377s
2025-11-23 06:01:33.223 66526 INFO tempest.lib.common.rest_client [req-5a6ccf51-6da2-4d1c-9e68-5638dac4539f req-5a6ccf51-6da2-4d1c-9e68-5638dac4539f ] Request (DeleteServersAdminTestJSON:test_delete_server_while_in_error_state): 200 GET http://10.180.1.21/compute/v2.1/servers/37393567-3860-4949-831f-949c62f71483 0.265s
