2025-11-27 02:26:53.420 66066 INFO tempest.lib.common.rest_client [req-e2afb683-fb28-4b8b-a57d-6cd8d30aaa1e req-e2afb683-fb28-4b8b-a57d-6cd8d30aaa1e ] Request (KeyPairsV2TestJSON:setUpClass): 201 POST http://10.180.1.21/identity/v3/auth/tokens 0.616s
2025-11-27 02:26:53.442 66022 INFO tempest.lib.common.rest_client [req-8b48cd3d-7c39-45f5-a847-bb5892941c6c req-8b48cd3d-7c39-45f5-a847-bb5892941c6c ] Request (ServerDiagnosticsNegativeTest:setUpClass): 204 PUT http://10.180.1.21/identity/v3/projects/95ca03fd53e54097ba2e30e527cb7666/users/4bf7ae82a71d4a7ebed640a2ca9b296b/roles/583a921bbf464629aca53070a8722d24 0.587s
2025-11-27 02:26:53.445 66014 INFO tempest.lib.common.rest_client [req-c3e1c919-6ef0-42cb-aeb2-38b6aeaa237b req-c3e1c919-6ef0-42cb-aeb2-38b6aeaa237b ] Request (FlavorsExtraSpecsNegativeTestJSON:setUpClass): 204 PUT http://10.180.1.21/identity/v3/projects/337f02dfe35947798e74cb78cec3b16a/users/485a9a9deede44bbae613b8170f5965e/roles/583a921bbf464629aca53070a8722d24 0.572s
2025-11-27 02:26:53.509 66064 INFO tempest.lib.common.rest_client [req-2ce21fd0-f1d8-4a6e-b3db-9eabdb9b7813 req-2ce21fd0-f1d8-4a6e-b3db-9eabdb9b7813 ] Request (ListImagesTestJSON:setUpClass): 201 POST http://10.180.1.21/identity/v3/auth/tokens 0.631s
2025-11-27 02:26:53.515 66054 INFO tempest.lib.common.rest_client [req-de95e5ff-3387-4b97-84e7-1e43e30496dc req-de95e5ff-3387-4b97-84e7-1e43e30496dc ] Request (HypervisorAdminUnderV252Test:setUpClass): 204 PUT http://10.180.1.21/identity/v3/projects/23ad9a4cf07c4f17b4675c778ecde28a/users/1289771de45c4c99bfffc8418855bfc8/roles/20791e0a4bd74f7aa54e27a7a3c18d42 0.599s
2025-11-27 02:26:53.515 66054 INFO tempest.lib.common.dynamic_creds [-] Dynamic test user 1289771de45c4c99bfffc8418855bfc8 is created with scope project and roles: ['member']
2025-11-27 02:26:53.516 66054 INFO tempest.lib.common.dynamic_creds [-] Acquired dynamic creds: credentials: Credentials: {'domain_id': 'default', 'domain_name': 'Default', 'username': 'tempest-HypervisorAdminUnderV252Test-1617345060-project-member', 'project_domain_id': 'default', 'project_domain_name': 'Default', 'project_id': '23ad9a4cf07c4f17b4675c778ecde28a', 'project_name': 'tempest-HypervisorAdminUnderV252Test-1617345060', 'tenant_id': '23ad9a4cf07c4f17b4675c778ecde28a', 'tenant_name': 'tempest-HypervisorAdminUnderV252Test-1617345060', 'user_domain_id': 'default', 'user_domain_name': 'Default', 'user_id': '1289771de45c4c99bfffc8418855bfc8', 'system': None}, Network: None, Subnet: None, Router: None
2025-11-27 02:26:53.516 66054 INFO tempest.lib.common.dynamic_creds [-] Created isolated network resources for: credentials: Credentials: {'domain_id': 'default', 'domain_name': 'Default', 'username': 'tempest-HypervisorAdminUnderV252Test-1617345060-project-member', 'project_domain_id': 'default', 'project_domain_name': 'Default', 'project_id': '23ad9a4cf07c4f17b4675c778ecde28a', 'project_name': 'tempest-HypervisorAdminUnderV252Test-1617345060', 'tenant_id': '23ad9a4cf07c4f17b4675c778ecde28a', 'tenant_name': 'tempest-HypervisorAdminUnderV252Test-1617345060', 'user_domain_id': 'default', 'user_domain_name': 'Default', 'user_id': '1289771de45c4c99bfffc8418855bfc8', 'system': None}, Network: None, Subnet: None, Router: None
2025-11-27 02:26:53.569 66010 INFO tempest.lib.common.rest_client [req-0f045ca9-cbf4-412c-9a35-9d689395cab9 req-0f045ca9-cbf4-412c-9a35-9d689395cab9 ] Request (FlavorsAccessNegativeTestJSON:setUpClass): 204 PUT http://10.180.1.21/identity/v3/projects/baadaeb63c0243a1a72ca11214e45b27/users/cb6ceb81c536466a9c0891f8ea5b67e4/roles/20791e0a4bd74f7aa54e27a7a3c18d42 0.650s
2025-11-27 02:26:53.570 66010 INFO tempest.lib.common.dynamic_creds [-] Dynamic test user cb6ceb81c536466a9c0891f8ea5b67e4 is created with scope project and roles: ['member']
2025-11-27 02:26:53.570 66010 INFO tempest.lib.common.dynamic_creds [-] Acquired dynamic creds: credentials: Credentials: {'domain_id': 'default', 'domain_name': 'Default', 'username': 'tempest-FlavorsAccessNegativeTestJSON-738943147-project-member', 'project_domain_id': 'default', 'project_domain_name': 'Default', 'project_id': 'baadaeb63c0243a1a72ca11214e45b27', 'project_name': 'tempest-FlavorsAccessNegativeTestJSON-738943147', 'tenant_id': 'baadaeb63c0243a1a72ca11214e45b27', 'tenant_name': 'tempest-FlavorsAccessNegativeTestJSON-738943147', 'user_domain_id': 'default', 'user_domain_name': 'Default', 'user_id': 'cb6ceb81c536466a9c0891f8ea5b67e4', 'system': None}, Network: None, Subnet: None, Router: None
2025-11-27 02:26:53.570 66010 INFO tempest.lib.common.dynamic_creds [-] Created isolated network resources for: credentials: Credentials: {'domain_id': 'default', 'domain_name': 'Default', 'username': 'tempest-FlavorsAccessNegativeTestJSON-738943147-project-member', 'project_domain_id': 'default', 'project_domain_name': 'Default', 'project_id': 'baadaeb63c0243a1a72ca11214e45b27', 'project_name': 'tempest-FlavorsAccessNegativeTestJSON-738943147', 'tenant_id': 'baadaeb63c0243a1a72ca11214e45b27', 'tenant_name': 'tempest-FlavorsAccessNegativeTestJSON-738943147', 'user_domain_id': 'default', 'user_domain_name': 'Default', 'user_id': 'cb6ceb81c536466a9c0891f8ea5b67e4', 'system': None}, Network: None, Subnet: None, Router: None
2025-11-27 02:26:53.574 66068 INFO tempest.lib.common.rest_client [req-13f2df68-bb5f-4664-ac45-65b3d9a80e6c req-13f2df68-bb5f-4664-ac45-65b3d9a80e6c ] Request (AggregatesAdminNegativeTestJSON:setUpClass): 204 PUT http://10.180.1.21/identity/v3/projects/0e88f86710c649be927f83d773330732/users/2ff448cad844452c9678ab490b31a529/roles/20791e0a4bd74f7aa54e27a7a3c18d42 0.640s
2025-11-27 02:26:53.575 66068 INFO tempest.lib.common.dynamic_creds [-] Dynamic test user 2ff448cad844452c9678ab490b31a529 is created with scope project and roles: ['member']
2025-11-27 02:26:53.576 66068 INFO tempest.lib.common.dynamic_creds [-] Acquired dynamic creds: credentials: Credentials: {'domain_id': 'default', 'domain_name': 'Default', 'username': 'tempest-AggregatesAdminNegativeTestJSON-799381787-project-member', 'project_domain_id': 'default', 'project_domain_name': 'Default', 'project_id': '0e88f86710c649be927f83d773330732', 'project_name': 'tempest-AggregatesAdminNegativeTestJSON-799381787', 'tenant_id': '0e88f86710c649be927f83d773330732', 'tenant_name': 'tempest-AggregatesAdminNegativeTestJSON-799381787', 'user_domain_id': 'default', 'user_domain_name': 'Default', 'user_id': '2ff448cad844452c9678ab490b31a529', 'system': None}, Network: None, Subnet: None, Router: None
2025-11-27 02:26:53.576 66068 INFO tempest.lib.common.dynamic_creds [-] Created isolated network resources for: credentials: Credentials: {'domain_id': 'default', 'domain_name': 'Default', 'username': 'tempest-AggregatesAdminNegativeTestJSON-799381787-project-member', 'project_domain_id': 'default', 'project_domain_name': 'Default', 'project_id': '0e88f86710c649be927f83d773330732', 'project_name': 'tempest-AggregatesAdminNegativeTestJSON-799381787', 'tenant_id': '0e88f86710c649be927f83d773330732', 'tenant_name': 'tempest-AggregatesAdminNegativeTestJSON-799381787', 'user_domain_id': 'default', 'user_domain_name': 'Default', 'user_id': '2ff448cad844452c9678ab490b31a529', 'system': None}, Network: None, Subnet: None, Router: None
2025-11-27 02:26:53.652 66040 INFO tempest.lib.common.rest_client [req-fc9415ef-2e93-4887-8c0c-23a834c24546 req-fc9415ef-2e93-4887-8c0c-23a834c24546 ] Request (FlavorsAccessTestJSON:setUpClass): 201 POST http://10.180.1.21/identity/v3/users 0.694s
2025-11-27 02:26:53.682 66012 INFO tempest.lib.common.rest_client [req-8b3fcc5c-8937-41b7-a471-c96b7ce55628 req-8b3fcc5c-8937-41b7-a471-c96b7ce55628 ] Request (QuotasSecurityGroupAdminNegativeTest:tearDownClass): 204 DELETE http://10.180.1.21/identity/v3/projects/0dfeee27ce264c41995de170a5f94540 0.710s
2025-11-27 02:26:53.683 66012 INFO tempest.lib.common.dynamic_creds [-] Deleting project and security group for project: 864faa6bbb5e4bd78ced369964967de3
2025-11-27 02:26:53.721 66036 INFO tempest.lib.common.rest_client [req-401edf52-bf36-49da-a143-0d029aff6a70 req-401edf52-bf36-49da-a143-0d029aff6a70 ] Request (QuotasAdminTestJSON:setUpClass): 204 PUT http://10.180.1.21/identity/v3/projects/75b0b7d6342c4a7c8603493fe774f467/users/8dbaca04e3bc40fd81e7527260ffab9c/roles/20791e0a4bd74f7aa54e27a7a3c18d42 0.716s
2025-11-27 02:26:53.721 66036 INFO tempest.lib.common.dynamic_creds [-] Dynamic test user 8dbaca04e3bc40fd81e7527260ffab9c is created with scope project and roles: ['member']
2025-11-27 02:26:53.721 66036 INFO tempest.lib.common.dynamic_creds [-] Acquired dynamic creds: credentials: Credentials: {'domain_id': 'default', 'domain_name': 'Default', 'username': 'tempest-QuotasAdminTestJSON-1880164291-project-member', 'project_domain_id': 'default', 'project_domain_name': 'Default', 'project_id': '75b0b7d6342c4a7c8603493fe774f467', 'project_name': 'tempest-QuotasAdminTestJSON-1880164291', 'tenant_id': '75b0b7d6342c4a7c8603493fe774f467', 'tenant_name': 'tempest-QuotasAdminTestJSON-1880164291', 'user_domain_id': 'default', 'user_domain_name': 'Default', 'user_id': '8dbaca04e3bc40fd81e7527260ffab9c', 'system': None}, Network: None, Subnet: None, Router: None
2025-11-27 02:26:53.721 66036 INFO tempest.lib.common.dynamic_creds [-] Created isolated network resources for: credentials: Credentials: {'domain_id': 'default', 'domain_name': 'Default', 'username': 'tempest-QuotasAdminTestJSON-1880164291-project-member', 'project_domain_id': 'default', 'project_domain_name': 'Default', 'project_id': '75b0b7d6342c4a7c8603493fe774f467', 'project_name': 'tempest-QuotasAdminTestJSON-1880164291', 'tenant_id': '75b0b7d6342c4a7c8603493fe774f467', 'tenant_name': 'tempest-QuotasAdminTestJSON-1880164291', 'user_domain_id': 'default', 'user_domain_name': 'Default', 'user_id': '8dbaca04e3bc40fd81e7527260ffab9c', 'system': None}, Network: None, Subnet: None, Router: None
2025-11-27 02:26:53.771 66046 INFO tempest.lib.common.rest_client [req-3f695fca-a30f-42a5-a4a6-4521e6b16d7c req-3f695fca-a30f-42a5-a4a6-4521e6b16d7c ] Request (QuotaClassesAdminTestJSON:setUpClass): 204 PUT http://10.180.1.21/identity/v3/projects/537402407ee340d48b6bd977458e9900/users/f3c182152c3a45b595ad2827b00ac09e/roles/20791e0a4bd74f7aa54e27a7a3c18d42 0.747s
2025-11-27 02:26:53.771 66046 INFO tempest.lib.common.dynamic_creds [-] Dynamic test user f3c182152c3a45b595ad2827b00ac09e is created with scope project and roles: ['member']
2025-11-27 02:26:53.771 66046 INFO tempest.lib.common.dynamic_creds [-] Acquired dynamic creds: credentials: Credentials: {'domain_id': 'default', 'domain_name': 'Default', 'username': 'tempest-QuotaClassesAdminTestJSON-1684591423-project-member', 'project_domain_id': 'default', 'project_domain_name': 'Default', 'project_id': '537402407ee340d48b6bd977458e9900', 'project_name': 'tempest-QuotaClassesAdminTestJSON-1684591423', 'tenant_id': '537402407ee340d48b6bd977458e9900', 'tenant_name': 'tempest-QuotaClassesAdminTestJSON-1684591423', 'user_domain_id': 'default', 'user_domain_name': 'Default', 'user_id': 'f3c182152c3a45b595ad2827b00ac09e', 'system': None}, Network: None, Subnet: None, Router: None
2025-11-27 02:26:53.772 66046 INFO tempest.lib.common.dynamic_creds [-] Created isolated network resources for: credentials: Credentials: {'domain_id': 'default', 'domain_name': 'Default', 'username': 'tempest-QuotaClassesAdminTestJSON-1684591423-project-member', 'project_domain_id': 'default', 'project_domain_name': 'Default', 'project_id': '537402407ee340d48b6bd977458e9900', 'project_name': 'tempest-QuotaClassesAdminTestJSON-1684591423', 'tenant_id': '537402407ee340d48b6bd977458e9900', 'tenant_name': 'tempest-QuotaClassesAdminTestJSON-1684591423', 'user_domain_id': 'default', 'user_domain_name': 'Default', 'user_id': 'f3c182152c3a45b595ad2827b00ac09e', 'system': None}, Network: None, Subnet: None, Router: None
2025-11-27 02:26:53.833 66016 INFO tempest.lib.common.rest_client [req-c76a9d1c-fa06-42a3-add3-cec4b08060d9 req-c76a9d1c-fa06-42a3-add3-cec4b08060d9 ] Request (DeleteServersAdminTestJSON:setUpClass): 201 POST http://10.180.1.21/identity/v3/users 0.783s
2025-11-27 02:26:53.863 66008 INFO tempest.lib.common.rest_client [req-df3da46a-d138-4b7b-82ad-3b3ab345f4d2 req-df3da46a-d138-4b7b-82ad-3b3ab345f4d2 ] Request (FlavorsV255TestJSON:setUpClass): 201 POST http://10.180.1.21/identity/v3/projects 0.784s
2025-11-27 02:26:53.902 66018 INFO tempest.lib.common.rest_client [req-4cc96b8f-aa0c-4805-8f68-ccc3e6a14be4 req-4cc96b8f-aa0c-4805-8f68-ccc3e6a14be4 ] Request (AZAdminV2TestJSON:tearDownClass): 204 DELETE http://10.180.1.21/identity/v3/projects/5e545af079094b8b96f52c6a0f46e508 0.850s
2025-11-27 02:26:53.902 66018 INFO tempest.lib.common.dynamic_creds [-] Deleting project and security group for project: 2091afda941f4fbfb1a34c7846f85f79
2025-11-27 02:26:53.919 66028 INFO tempest.lib.common.rest_client [req-9fc88017-11f6-4501-a037-5b889b948e3a req-9fc88017-11f6-4501-a037-5b889b948e3a ] Request (FlavorsAdminTestJSON:setUpClass): 204 PUT http://10.180.1.21/identity/v3/projects/0c0946f57a594f419ed80afe6f3c4b2e/users/420de50500e3497c8b53d66db92cbb5c/roles/20791e0a4bd74f7aa54e27a7a3c18d42 0.819s
2025-11-27 02:26:53.919 66028 INFO tempest.lib.common.dynamic_creds [-] Dynamic test user 420de50500e3497c8b53d66db92cbb5c is created with scope project and roles: ['member']
2025-11-27 02:26:53.920 66028 INFO tempest.lib.common.dynamic_creds [-] Acquired dynamic creds: credentials: Credentials: {'domain_id': 'default', 'domain_name': 'Default', 'username': 'tempest-FlavorsAdminTestJSON-1632607878-project-member', 'project_domain_id': 'default', 'project_domain_name': 'Default', 'project_id': '0c0946f57a594f419ed80afe6f3c4b2e', 'project_name': 'tempest-FlavorsAdminTestJSON-1632607878', 'tenant_id': '0c0946f57a594f419ed80afe6f3c4b2e', 'tenant_name': 'tempest-FlavorsAdminTestJSON-1632607878', 'user_domain_id': 'default', 'user_domain_name': 'Default', 'user_id': '420de50500e3497c8b53d66db92cbb5c', 'system': None}, Network: None, Subnet: None, Router: None
2025-11-27 02:26:53.920 66028 INFO tempest.lib.common.dynamic_creds [-] Created isolated network resources for: credentials: Credentials: {'domain_id': 'default', 'domain_name': 'Default', 'username': 'tempest-FlavorsAdminTestJSON-1632607878-project-member', 'project_domain_id': 'default', 'project_domain_name': 'Default', 'project_id': '0c0946f57a594f419ed80afe6f3c4b2e', 'project_name': 'tempest-FlavorsAdminTestJSON-1632607878', 'tenant_id': '0c0946f57a594f419ed80afe6f3c4b2e', 'tenant_name': 'tempest-FlavorsAdminTestJSON-1632607878', 'user_domain_id': 'default', 'user_domain_name': 'Default', 'user_id': '420de50500e3497c8b53d66db92cbb5c', 'system': None}, Network: None, Subnet: None, Router: None
2025-11-27 02:26:53.969 66020 INFO tempest.lib.common.rest_client [req-a5a5afd7-1261-48da-a1e2-c1111b89a7ed req-a5a5afd7-1261-48da-a1e2-c1111b89a7ed ] Request (ImagesNegativeTestJSON:setUpClass): 200 PUT http://10.180.1.21/networking/v2.0/routers/862929f1-8225-440b-81d7-5d5ab99bdea2/add_router_interface 1.819s
2025-11-27 02:26:53.969 66020 INFO tempest.lib.common.dynamic_creds [-] Created isolated network resources for: credentials: Credentials: {'domain_id': 'default', 'domain_name': 'Default', 'username': 'tempest-ImagesNegativeTestJSON-453915284-project-member', 'project_domain_id': 'default', 'project_domain_name': 'Default', 'project_id': '835b9606405d42e6839ae75a52cecaca', 'project_name': 'tempest-ImagesNegativeTestJSON-453915284', 'tenant_id': '835b9606405d42e6839ae75a52cecaca', 'tenant_name': 'tempest-ImagesNegativeTestJSON-453915284', 'user_domain_id': 'default', 'user_domain_name': 'Default', 'user_id': '32f50b4eb1494482bae25463585bfb3a', 'system': None}, Network: {'id': '2dc55e74-7f42-494c-8aab-f74222079473', 'name': 'tempest-ImagesNegativeTestJSON-890328540-network', 'tenant_id': '835b9606405d42e6839ae75a52cecaca', 'project_id': '835b9606405d42e6839ae75a52cecaca', 'admin_state_up': True, 'mtu': 8950, 'status': 'ACTIVE', 'subnets': [], 'shared': False, 'port_security_enabled': True, 'router:external': False, 'provider:network_type': 'vlan', 'provider:physical_network': 'default', 'provider:segmentation_id': 375, 'availability_zone_hints': [], 'availability_zones': [], 'ipv4_address_scope': None, 'ipv6_address_scope': None, 'description': '', 'tags': [], 'created_at': '2025-11-27T02:26:51Z', 'updated_at': '2025-11-27T02:26:51Z', 'revision_number': 1}, Subnet: {'id': '3c7b586d-57ab-4ff7-84e6-8f2004bb560a', 'name': 'tempest-ImagesNegativeTestJSON-890328540-subnet', 'tenant_id': '835b9606405d42e6839ae75a52cecaca', 'network_id': '2dc55e74-7f42-494c-8aab-f74222079473', 'ip_version': 4, 'subnetpool_id': None, 'enable_dhcp': True, 'ipv6_ra_mode': None, 'ipv6_address_mode': None, 'gateway_ip': '192.168.128.1', 'cidr': '192.168.128.0/28', 'allocation_pools': [{'start': '192.168.128.2', 'end': '192.168.128.14'}], 'host_routes': [], 'dns_nameservers': [], 'description': '', 'router:external': False, 'service_types': [], 'tags': [], 'created_at': '2025-11-27T02:26:51Z', 'updated_at': '2025-11-27T02:26:51Z', 'revision_number': 0, 'project_id': '835b9606405d42e6839ae75a52cecaca'}, Router: {'id': '862929f1-8225-440b-81d7-5d5ab99bdea2', 'name': 'tempest-ImagesNegativeTestJSON-890328540-router', 'tenant_id': '835b9606405d42e6839ae75a52cecaca', 'admin_state_up': True, 'status': 'ACTIVE', 'external_gateway_info': {'network_id': 'e7e16e27-0540-438b-8b1d-3886d04601cc', 'external_fixed_ips': [{'subnet_id': 'd11ec2d1-9b9d-470e-9977-352ffcbb2159', 'ip_address': '10.180.180.239'}], 'enable_snat': True}, 'description': '', 'availability_zones': [], 'distributed': False, 'ha': False, 'availability_zone_hints': [], 'routes': [], 'flavor_id': None, 'tags': [], 'created_at': '2025-11-27T02:26:51Z', 'updated_at': '2025-11-27T02:26:51Z', 'revision_number': 2, 'project_id': '835b9606405d42e6839ae75a52cecaca'}
2025-11-27 02:26:53.976 66062 INFO tempest.lib.common.rest_client [req-95682e5c-3501-4707-b3e6-39d406f49449 req-95682e5c-3501-4707-b3e6-39d406f49449 ] Request (QuotasAdminNegativeTest:setUpClass): 204 PUT http://10.180.1.21/identity/v3/projects/36a5549b12a74916b9f636c8cfa7e5ab/users/3d154d5bf1524399a5bfbce87eae10d6/roles/20791e0a4bd74f7aa54e27a7a3c18d42 0.841s
2025-11-27 02:26:53.977 66062 INFO tempest.lib.common.dynamic_creds [-] Dynamic test user 3d154d5bf1524399a5bfbce87eae10d6 is created with scope project and roles: ['member']
2025-11-27 02:26:53.977 66062 INFO tempest.lib.common.dynamic_creds [-] Acquired dynamic creds: credentials: Credentials: {'domain_id': 'default', 'domain_name': 'Default', 'username': 'tempest-QuotasAdminNegativeTest-149042902-project-member', 'project_domain_id': 'default', 'project_domain_name': 'Default', 'project_id': '36a5549b12a74916b9f636c8cfa7e5ab', 'project_name': 'tempest-QuotasAdminNegativeTest-149042902', 'tenant_id': '36a5549b12a74916b9f636c8cfa7e5ab', 'tenant_name': 'tempest-QuotasAdminNegativeTest-149042902', 'user_domain_id': 'default', 'user_domain_name': 'Default', 'user_id': '3d154d5bf1524399a5bfbce87eae10d6', 'system': None}, Network: None, Subnet: None, Router: None
2025-11-27 02:26:53.977 66062 INFO tempest.lib.common.dynamic_creds [-] Created isolated network resources for: credentials: Credentials: {'domain_id': 'default', 'domain_name': 'Default', 'username': 'tempest-QuotasAdminNegativeTest-149042902-project-member', 'project_domain_id': 'default', 'project_domain_name': 'Default', 'project_id': '36a5549b12a74916b9f636c8cfa7e5ab', 'project_name': 'tempest-QuotasAdminNegativeTest-149042902', 'tenant_id': '36a5549b12a74916b9f636c8cfa7e5ab', 'tenant_name': 'tempest-QuotasAdminNegativeTest-149042902', 'user_domain_id': 'default', 'user_domain_name': 'Default', 'user_id': '3d154d5bf1524399a5bfbce87eae10d6', 'system': None}, Network: None, Subnet: None, Router: None
2025-11-27 02:26:53.995 66032 INFO tempest.lib.common.rest_client [req-f04e8629-1927-4932-8133-935ca977d680 req-f04e8629-1927-4932-8133-935ca977d680 ] Request (ServersWithSpecificFlavorTestJSON:setUpClass): 201 POST http://10.180.1.21/networking/v2.0/routers 0.786s
2025-11-27 02:26:53.997 66042 INFO tempest.lib.common.rest_client [req-3dd417df-6c8f-4afd-9acc-1fde2fdb364a req-3dd417df-6c8f-4afd-9acc-1fde2fdb364a ] Request (ServersTestBootFromVolume:setUpClass): 204 PUT http://10.180.1.21/identity/v3/projects/e10f86d1294c4108b07e581664c0eece/users/e22e77e771cb4b0b9a4e92a0ea39c1d0/roles/20791e0a4bd74f7aa54e27a7a3c18d42 0.881s
2025-11-27 02:26:53.997 66042 INFO tempest.lib.common.dynamic_creds [-] Dynamic test user e22e77e771cb4b0b9a4e92a0ea39c1d0 is created with scope project and roles: ['member']
2025-11-27 02:26:53.997 66042 INFO tempest.lib.common.dynamic_creds [-] Acquired dynamic creds: credentials: Credentials: {'domain_id': 'default', 'domain_name': 'Default', 'username': 'tempest-ServersTestBootFromVolume-443678150-project-member', 'project_domain_id': 'default', 'project_domain_name': 'Default', 'project_id': 'e10f86d1294c4108b07e581664c0eece', 'project_name': 'tempest-ServersTestBootFromVolume-443678150', 'tenant_id': 'e10f86d1294c4108b07e581664c0eece', 'tenant_name': 'tempest-ServersTestBootFromVolume-443678150', 'user_domain_id': 'default', 'user_domain_name': 'Default', 'user_id': 'e22e77e771cb4b0b9a4e92a0ea39c1d0', 'system': None}, Network: None, Subnet: None, Router: None
2025-11-27 02:26:54.056 66050 INFO tempest.lib.common.rest_client [req-3f7b317c-dc00-4d17-addb-c9bd41fc66b2 req-3f7b317c-dc00-4d17-addb-c9bd41fc66b2 ] Request (VolumesAssistedSnapshotsTest:setUpClass): 201 POST http://10.180.1.21/identity/v3/auth/tokens 0.856s
2025-11-27 02:26:54.062 66030 INFO tempest.lib.common.rest_client [req-45a16fb6-028e-4154-be96-3b4228ca15bd req-45a16fb6-028e-4154-be96-3b4228ca15bd ] Request (KeyPairsV210TestJSON:setUpClass): 200 GET http://10.180.1.21/identity/v3/roles 0.918s
2025-11-27 02:26:54.077 66012 INFO tempest.lib.common.rest_client [req-0c01fc6a-657e-4e13-b158-d9eb116bf6eb req-0c01fc6a-657e-4e13-b158-d9eb116bf6eb ] Request (QuotasSecurityGroupAdminNegativeTest:tearDownClass): 200 GET http://10.180.1.21/networking/v2.0/security-groups?tenant_id=864faa6bbb5e4bd78ced369964967de3&name=default 0.394s
2025-11-27 02:26:54.090 66048 INFO tempest.lib.common.rest_client [req-4c534e40-31ef-424f-9c6c-26b6d484180b req-4c534e40-31ef-424f-9c6c-26b6d484180b ] Request (HypervisorAdminNegativeTestJSON:setUpClass): 204 PUT http://10.180.1.21/identity/v3/projects/227ad873803c40d9b48205f78a2fce5a/users/f69cf6aadfb3481492d05f2eba2ef50e/roles/20791e0a4bd74f7aa54e27a7a3c18d42 0.890s
2025-11-27 02:26:54.091 66048 INFO tempest.lib.common.dynamic_creds [-] Dynamic test user f69cf6aadfb3481492d05f2eba2ef50e is created with scope project and roles: ['member']
2025-11-27 02:26:54.091 66048 INFO tempest.lib.common.dynamic_creds [-] Acquired dynamic creds: credentials: Credentials: {'domain_id': 'default', 'domain_name': 'Default', 'username': 'tempest-HypervisorAdminNegativeTestJSON-706853494-project-member', 'project_domain_id': 'default', 'project_domain_name': 'Default', 'project_id': '227ad873803c40d9b48205f78a2fce5a', 'project_name': 'tempest-HypervisorAdminNegativeTestJSON-706853494', 'tenant_id': '227ad873803c40d9b48205f78a2fce5a', 'tenant_name': 'tempest-HypervisorAdminNegativeTestJSON-706853494', 'user_domain_id': 'default', 'user_domain_name': 'Default', 'user_id': 'f69cf6aadfb3481492d05f2eba2ef50e', 'system': None}, Network: None, Subnet: None, Router: None
2025-11-27 02:26:54.091 66048 INFO tempest.lib.common.dynamic_creds [-] Created isolated network resources for: credentials: Credentials: {'domain_id': 'default', 'domain_name': 'Default', 'username': 'tempest-HypervisorAdminNegativeTestJSON-706853494-project-member', 'project_domain_id': 'default', 'project_domain_name': 'Default', 'project_id': '227ad873803c40d9b48205f78a2fce5a', 'project_name': 'tempest-HypervisorAdminNegativeTestJSON-706853494', 'tenant_id': '227ad873803c40d9b48205f78a2fce5a', 'tenant_name': 'tempest-HypervisorAdminNegativeTestJSON-706853494', 'user_domain_id': 'default', 'user_domain_name': 'Default', 'user_id': 'f69cf6aadfb3481492d05f2eba2ef50e', 'system': None}, Network: None, Subnet: None, Router: None
2025-11-27 02:26:54.100 66018 INFO tempest.lib.common.rest_client [req-54c3eb2c-7317-4663-bfc0-7ab856c08aa2 req-54c3eb2c-7317-4663-bfc0-7ab856c08aa2 ] Request (AZAdminV2TestJSON:tearDownClass): 200 GET http://10.180.1.21/networking/v2.0/security-groups?tenant_id=2091afda941f4fbfb1a34c7846f85f79&name=default 0.197s
2025-11-27 02:26:54.107 66038 INFO tempest.lib.common.rest_client [req-d6d41f61-2899-40bc-940a-13e5ff4f4eba req-d6d41f61-2899-40bc-940a-13e5ff4f4eba ] Request (ImagesMetadataNegativeTestJSON:setUpClass): 204 PUT http://10.180.1.21/identity/v3/projects/2a5e96ffc95944509d6f2ce27da8c3e2/users/11ae755f37604210b89bb17e3a72f347/roles/20791e0a4bd74f7aa54e27a7a3c18d42 0.851s
2025-11-27 02:26:54.107 66038 INFO tempest.lib.common.dynamic_creds [-] Dynamic test user 11ae755f37604210b89bb17e3a72f347 is created with scope project and roles: ['member']
2025-11-27 02:26:54.107 66038 INFO tempest.lib.common.dynamic_creds [-] Acquired dynamic creds: credentials: Credentials: {'domain_id': 'default', 'domain_name': 'Default', 'username': 'tempest-ImagesMetadataNegativeTestJSON-1457440058-project-member', 'project_domain_id': 'default', 'project_domain_name': 'Default', 'project_id': '2a5e96ffc95944509d6f2ce27da8c3e2', 'project_name': 'tempest-ImagesMetadataNegativeTestJSON-1457440058', 'tenant_id': '2a5e96ffc95944509d6f2ce27da8c3e2', 'tenant_name': 'tempest-ImagesMetadataNegativeTestJSON-1457440058', 'user_domain_id': 'default', 'user_domain_name': 'Default', 'user_id': '11ae755f37604210b89bb17e3a72f347', 'system': None}, Network: None, Subnet: None, Router: None
2025-11-27 02:26:54.108 66038 INFO tempest.lib.common.dynamic_creds [-] Created isolated network resources for: credentials: Credentials: {'domain_id': 'default', 'domain_name': 'Default', 'username': 'tempest-ImagesMetadataNegativeTestJSON-1457440058-project-member', 'project_domain_id': 'default', 'project_domain_name': 'Default', 'project_id': '2a5e96ffc95944509d6f2ce27da8c3e2', 'project_name': 'tempest-ImagesMetadataNegativeTestJSON-1457440058', 'tenant_id': '2a5e96ffc95944509d6f2ce27da8c3e2', 'tenant_name': 'tempest-ImagesMetadataNegativeTestJSON-1457440058', 'user_domain_id': 'default', 'user_domain_name': 'Default', 'user_id': '11ae755f37604210b89bb17e3a72f347', 'system': None}, Network: None, Subnet: None, Router: None
2025-11-27 02:26:54.173 66071 INFO tempest.lib.common.rest_client [req-cb901505-9979-4230-a464-367a8ff175d0 req-cb901505-9979-4230-a464-367a8ff175d0 ] Request (InstanceUsageAuditLogTestJSON:setUpClass): 204 PUT http://10.180.1.21/identity/v3/projects/df76383e063843919656c255f1074a50/users/717af3d2bbbc4abd908bd8176419cf4c/roles/20791e0a4bd74f7aa54e27a7a3c18d42 0.899s
2025-11-27 02:26:54.173 66052 INFO tempest.lib.common.rest_client [req-ff3b50e0-f9e6-4cc2-91be-95d0be016813 req-ff3b50e0-f9e6-4cc2-91be-95d0be016813 ] Request (ImagesOneServerNegativeTestJSON:setUpClass): 204 PUT http://10.180.1.21/identity/v3/projects/2d736daa70ff4ab98dd2099937ee0f39/users/bbff634829ec42ca853c05f277fcffce/roles/20791e0a4bd74f7aa54e27a7a3c18d42 0.907s
2025-11-27 02:26:54.173 66071 INFO tempest.lib.common.dynamic_creds [-] Dynamic test user 717af3d2bbbc4abd908bd8176419cf4c is created with scope project and roles: ['member']
2025-11-27 02:26:54.173 66052 INFO tempest.lib.common.dynamic_creds [-] Dynamic test user bbff634829ec42ca853c05f277fcffce is created with scope project and roles: ['member']
2025-11-27 02:26:54.174 66071 INFO tempest.lib.common.dynamic_creds [-] Acquired dynamic creds: credentials: Credentials: {'domain_id': 'default', 'domain_name': 'Default', 'username': 'tempest-InstanceUsageAuditLogTestJSON-1814694561-project-member', 'project_domain_id': 'default', 'project_domain_name': 'Default', 'project_id': 'df76383e063843919656c255f1074a50', 'project_name': 'tempest-InstanceUsageAuditLogTestJSON-1814694561', 'tenant_id': 'df76383e063843919656c255f1074a50', 'tenant_name': 'tempest-InstanceUsageAuditLogTestJSON-1814694561', 'user_domain_id': 'default', 'user_domain_name': 'Default', 'user_id': '717af3d2bbbc4abd908bd8176419cf4c', 'system': None}, Network: None, Subnet: None, Router: None
2025-11-27 02:26:54.174 66071 INFO tempest.lib.common.dynamic_creds [-] Created isolated network resources for: credentials: Credentials: {'domain_id': 'default', 'domain_name': 'Default', 'username': 'tempest-InstanceUsageAuditLogTestJSON-1814694561-project-member', 'project_domain_id': 'default', 'project_domain_name': 'Default', 'project_id': 'df76383e063843919656c255f1074a50', 'project_name': 'tempest-InstanceUsageAuditLogTestJSON-1814694561', 'tenant_id': 'df76383e063843919656c255f1074a50', 'tenant_name': 'tempest-InstanceUsageAuditLogTestJSON-1814694561', 'user_domain_id': 'default', 'user_domain_name': 'Default', 'user_id': '717af3d2bbbc4abd908bd8176419cf4c', 'system': None}, Network: None, Subnet: None, Router: None
2025-11-27 02:26:54.174 66052 INFO tempest.lib.common.dynamic_creds [-] Acquired dynamic creds: credentials: Credentials: {'domain_id': 'default', 'domain_name': 'Default', 'username': 'tempest-ImagesOneServerNegativeTestJSON-1650821341-project-member', 'project_domain_id': 'default', 'project_domain_name': 'Default', 'project_id': '2d736daa70ff4ab98dd2099937ee0f39', 'project_name': 'tempest-ImagesOneServerNegativeTestJSON-1650821341', 'tenant_id': '2d736daa70ff4ab98dd2099937ee0f39', 'tenant_name': 'tempest-ImagesOneServerNegativeTestJSON-1650821341', 'user_domain_id': 'default', 'user_domain_name': 'Default', 'user_id': 'bbff634829ec42ca853c05f277fcffce', 'system': None}, Network: None, Subnet: None, Router: None
2025-11-27 02:26:54.239 66060 INFO tempest.lib.common.rest_client [req-1535fc56-d3f5-4664-95d7-b2a5168901f8 req-1535fc56-d3f5-4664-95d7-b2a5168901f8 ] Request (SecurityGroupsTestAdminJSON:setUpClass): 201 POST http://10.180.1.21/identity/v3/auth/tokens 0.934s
2025-11-27 02:26:54.269 66058 INFO tempest.lib.common.rest_client [req-2367bde5-633c-4350-8bd9-6cf0e97e244b req-2367bde5-633c-4350-8bd9-6cf0e97e244b ] Request (ServicesAdminNegativeTestJSON:setUpClass): 204 PUT http://10.180.1.21/identity/v3/projects/b9cb480662ad4203871fa75880a72faa/users/5afa2665f24d4806886ab45d076fbd11/roles/20791e0a4bd74f7aa54e27a7a3c18d42 0.981s
2025-11-27 02:26:54.269 66058 INFO tempest.lib.common.dynamic_creds [-] Dynamic test user 5afa2665f24d4806886ab45d076fbd11 is created with scope project and roles: ['member']
2025-11-27 02:26:54.269 66058 INFO tempest.lib.common.dynamic_creds [-] Acquired dynamic creds: credentials: Credentials: {'domain_id': 'default', 'domain_name': 'Default', 'username': 'tempest-ServicesAdminNegativeTestJSON-1010455345-project-member', 'project_domain_id': 'default', 'project_domain_name': 'Default', 'project_id': 'b9cb480662ad4203871fa75880a72faa', 'project_name': 'tempest-ServicesAdminNegativeTestJSON-1010455345', 'tenant_id': 'b9cb480662ad4203871fa75880a72faa', 'tenant_name': 'tempest-ServicesAdminNegativeTestJSON-1010455345', 'user_domain_id': 'default', 'user_domain_name': 'Default', 'user_id': '5afa2665f24d4806886ab45d076fbd11', 'system': None}, Network: None, Subnet: None, Router: None
2025-11-27 02:26:54.269 66058 INFO tempest.lib.common.dynamic_creds [-] Created isolated network resources for: credentials: Credentials: {'domain_id': 'default', 'domain_name': 'Default', 'username': 'tempest-ServicesAdminNegativeTestJSON-1010455345-project-member', 'project_domain_id': 'default', 'project_domain_name': 'Default', 'project_id': 'b9cb480662ad4203871fa75880a72faa', 'project_name': 'tempest-ServicesAdminNegativeTestJSON-1010455345', 'tenant_id': 'b9cb480662ad4203871fa75880a72faa', 'tenant_name': 'tempest-ServicesAdminNegativeTestJSON-1010455345', 'user_domain_id': 'default', 'user_domain_name': 'Default', 'user_id': '5afa2665f24d4806886ab45d076fbd11', 'system': None}, Network: None, Subnet: None, Router: None
2025-11-27 02:26:54.301 66056 INFO tempest.lib.common.rest_client [req-26cd9ba1-a9cd-46f1-ada3-1528bcd1454f req-26cd9ba1-a9cd-46f1-ada3-1528bcd1454f ] Request (ServerExternalEventsTest:setUpClass): 201 POST http://10.180.1.21/identity/v3/auth/tokens 0.984s
2025-11-27 02:26:54.325 66044 INFO tempest.lib.common.rest_client [req-85c6763f-bacd-49a9-be50-bab71110a2d9 req-85c6763f-bacd-49a9-be50-bab71110a2d9 ] Request (HypervisorAdminV253TestBase:setUpClass): 204 PUT http://10.180.1.21/identity/v3/projects/c68dc6affe7f46fa967ab6cbda811ea9/users/87b9f0b4dab44299b16185833a659bf1/roles/583a921bbf464629aca53070a8722d24 0.966s
2025-11-27 02:26:54.335 66026 INFO tempest.lib.common.rest_client [req-d4538630-6231-4182-833c-bfd15280cef1 req-d4538630-6231-4182-833c-bfd15280cef1 ] Request (ServerDiagnosticsTest:setUpClass): 201 POST http://10.180.1.21/identity/v3/projects 0.970s
2025-11-27 02:26:54.385 66034 INFO tempest.lib.common.rest_client [req-9ca326f2-d5f4-4119-9e8c-8f3badf3114a req-9ca326f2-d5f4-4119-9e8c-8f3badf3114a ] Request (NetworksTest:setUpClass): 201 POST http://10.180.1.21/identity/v3/auth/tokens 0.994s
2025-11-27 02:26:54.439 66022 INFO tempest.lib.common.rest_client [req-4c4bb0a3-2485-4fe6-b914-6793f4d6a7b1 req-4c4bb0a3-2485-4fe6-b914-6793f4d6a7b1 ] Request (ServerDiagnosticsNegativeTest:setUpClass): 200 GET http://10.180.1.21/identity/v3/roles 0.997s
2025-11-27 02:26:54.472 66014 INFO tempest.lib.common.rest_client [req-73611cfd-68f3-48da-a9a8-ee7936ec33f1 req-73611cfd-68f3-48da-a9a8-ee7936ec33f1 ] Request (FlavorsExtraSpecsNegativeTestJSON:setUpClass): 200 GET http://10.180.1.21/identity/v3/roles 1.027s
2025-11-27 02:26:54.481 66066 INFO tempest.lib.common.rest_client [req-f9070da4-7997-43e6-a3f6-a0b285ee7e7f req-f9070da4-7997-43e6-a3f6-a0b285ee7e7f ] Request (KeyPairsV2TestJSON:test_get_keypair_detail): 200 POST http://10.180.1.21/compute/v2.1/os-keypairs 1.059s
2025-11-27 02:26:54.589 66054 INFO tempest.lib.common.rest_client [req-7f2c59b9-ca67-4760-84fb-e4058b911165 req-7f2c59b9-ca67-4760-84fb-e4058b911165 ] Request (HypervisorAdminUnderV252Test:setUpClass): 201 POST http://10.180.1.21/identity/v3/auth/tokens 1.068s
2025-11-27 02:26:54.615 66010 INFO tempest.lib.common.rest_client [req-08faf010-afc2-4bc7-ae8b-c8ad421d3092 req-08faf010-afc2-4bc7-ae8b-c8ad421d3092 ] Request (FlavorsAccessNegativeTestJSON:setUpClass): 201 POST http://10.180.1.21/identity/v3/auth/tokens 1.040s
2025-11-27 02:26:54.645 66040 INFO tempest.lib.common.rest_client [req-bc001c1e-e01d-44a2-934f-abfb5c2c4923 req-bc001c1e-e01d-44a2-934f-abfb5c2c4923 ] Request (FlavorsAccessTestJSON:setUpClass): 200 GET http://10.180.1.21/identity/v3/roles 0.992s
2025-11-27 02:26:54.663 66068 INFO tempest.lib.common.rest_client [req-047dfcc7-a3d5-42c2-bdaf-0d63971f4b06 req-047dfcc7-a3d5-42c2-bdaf-0d63971f4b06 ] Request (AggregatesAdminNegativeTestJSON:setUpClass): 201 POST http://10.180.1.21/identity/v3/auth/tokens 1.082s
2025-11-27 02:26:54.708 66036 INFO tempest.lib.common.rest_client [req-d859f2ac-1435-47e6-80b3-e3c60abad900 req-d859f2ac-1435-47e6-80b3-e3c60abad900 ] Request (QuotasAdminTestJSON:setUpClass): 201 POST http://10.180.1.21/identity/v3/auth/tokens 0.979s
2025-11-27 02:26:54.723 66046 INFO tempest.lib.common.rest_client [req-1afd4c40-cf2e-4194-a6b8-1f595ee5be09 req-1afd4c40-cf2e-4194-a6b8-1f595ee5be09 ] Request (QuotaClassesAdminTestJSON:setUpClass): 201 POST http://10.180.1.21/identity/v3/auth/tokens 0.943s
2025-11-27 02:26:54.744 66016 INFO tempest.lib.common.rest_client [req-8ba7430c-eb50-4dac-953a-c8709e7bb8a6 req-8ba7430c-eb50-4dac-953a-c8709e7bb8a6 ] Request (DeleteServersAdminTestJSON:setUpClass): 200 GET http://10.180.1.21/identity/v3/roles 0.911s
2025-11-27 02:26:54.772 66008 INFO tempest.lib.common.rest_client [req-9ba58433-d868-4b22-8d73-b135304765e9 req-9ba58433-d868-4b22-8d73-b135304765e9 ] Request (FlavorsV255TestJSON:setUpClass): 201 POST http://10.180.1.21/identity/v3/users 0.909s
2025-11-27 02:26:54.828 66032 INFO tempest.lib.common.rest_client [req-3e108232-31e1-4ed9-9ba7-ab5cc857fcd0 req-3e108232-31e1-4ed9-9ba7-ab5cc857fcd0 ] Request (ServersWithSpecificFlavorTestJSON:setUpClass): 200 PUT http://10.180.1.21/networking/v2.0/routers/30035dba-a540-4657-8fb1-d4063b89eab9/add_router_interface 0.832s
2025-11-27 02:26:54.828 66032 INFO tempest.lib.common.dynamic_creds [-] Created isolated network resources for: credentials: Credentials: {'domain_id': 'default', 'domain_name': 'Default', 'username': 'tempest-ServersWithSpecificFlavorTestJSON-1002304921-project-member', 'project_domain_id': 'default', 'project_domain_name': 'Default', 'project_id': 'a3fbbaf023294f2e8074f050d8ef108c', 'project_name': 'tempest-ServersWithSpecificFlavorTestJSON-1002304921', 'tenant_id': 'a3fbbaf023294f2e8074f050d8ef108c', 'tenant_name': 'tempest-ServersWithSpecificFlavorTestJSON-1002304921', 'user_domain_id': 'default', 'user_domain_name': 'Default', 'user_id': '90de5dfbe0e0485794a0d6a1e7afe6df', 'system': None}, Network: {'id': '3d849c39-0e04-407b-9718-9ccf98b0e349', 'name': 'tempest-ServersWithSpecificFlavorTestJSON-1711575260-network', 'tenant_id': 'a3fbbaf023294f2e8074f050d8ef108c', 'project_id': 'a3fbbaf023294f2e8074f050d8ef108c', 'admin_state_up': True, 'mtu': 8950, 'status': 'ACTIVE', 'subnets': [], 'shared': False, 'port_security_enabled': True, 'router:external': False, 'provider:network_type': 'vlan', 'provider:physical_network': 'default', 'provider:segmentation_id': 376, 'availability_zone_hints': [], 'availability_zones': [], 'ipv4_address_scope': None, 'ipv6_address_scope': None, 'description': '', 'tags': [], 'created_at': '2025-11-27T02:26:52Z', 'updated_at': '2025-11-27T02:26:52Z', 'revision_number': 1}, Subnet: {'id': '5959555d-6542-4ce6-ab5b-a0b7025def96', 'name': 'tempest-ServersWithSpecificFlavorTestJSON-1711575260-subnet', 'tenant_id': 'a3fbbaf023294f2e8074f050d8ef108c', 'network_id': '3d849c39-0e04-407b-9718-9ccf98b0e349', 'ip_version': 4, 'subnetpool_id': None, 'enable_dhcp': True, 'ipv6_ra_mode': None, 'ipv6_address_mode': None, 'gateway_ip': '192.168.128.1', 'cidr': '192.168.128.0/28', 'allocation_pools': [{'start': '192.168.128.2', 'end': '192.168.128.14'}], 'host_routes': [], 'dns_nameservers': [], 'description': '', 'router:external': False, 'service_types': [], 'tags': [], 'created_at': '2025-11-27T02:26:53Z', 'updated_at': '2025-11-27T02:26:53Z', 'revision_number': 0, 'project_id': 'a3fbbaf023294f2e8074f050d8ef108c'}, Router: {'id': '30035dba-a540-4657-8fb1-d4063b89eab9', 'name': 'tempest-ServersWithSpecificFlavorTestJSON-1711575260-router', 'tenant_id': 'a3fbbaf023294f2e8074f050d8ef108c', 'admin_state_up': True, 'status': 'ACTIVE', 'external_gateway_info': {'network_id': 'e7e16e27-0540-438b-8b1d-3886d04601cc', 'external_fixed_ips': [{'subnet_id': 'd11ec2d1-9b9d-470e-9977-352ffcbb2159', 'ip_address': '10.180.180.207'}], 'enable_snat': True}, 'description': '', 'availability_zones': [], 'distributed': False, 'ha': False, 'availability_zone_hints': [], 'routes': [], 'flavor_id': None, 'tags': [], 'created_at': '2025-11-27T02:26:53Z', 'updated_at': '2025-11-27T02:26:53Z', 'revision_number': 2, 'project_id': 'a3fbbaf023294f2e8074f050d8ef108c'}
2025-11-27 02:26:54.829 66028 INFO tempest.lib.common.rest_client [req-e10197ae-073a-49e4-883a-7966f882b00a req-e10197ae-073a-49e4-883a-7966f882b00a ] Request (FlavorsAdminTestJSON:setUpClass): 201 POST http://10.180.1.21/identity/v3/auth/tokens 0.903s
2025-11-27 02:26:54.837 66020 INFO tempest.lib.common.rest_client [req-c3cd8d3c-a012-4724-bf95-4f840f643a8e req-c3cd8d3c-a012-4724-bf95-4f840f643a8e ] Request (ImagesNegativeTestJSON:setUpClass): 201 POST http://10.180.1.21/identity/v3/auth/tokens 0.863s
2025-11-27 02:26:54.859 66042 INFO tempest.lib.common.rest_client [req-88b2d24d-20c4-4ffc-8fed-7686cfe0f7af req-88b2d24d-20c4-4ffc-8fed-7686cfe0f7af ] Request (ServersTestBootFromVolume:setUpClass): 201 POST http://10.180.1.21/identity/v3/auth/tokens 0.861s
2025-11-27 02:26:54.872 66030 INFO tempest.lib.common.rest_client [req-372ed0dc-6a5d-4b59-b46b-fbf6a9803968 req-372ed0dc-6a5d-4b59-b46b-fbf6a9803968 ] Request (KeyPairsV210TestJSON:setUpClass): 204 PUT http://10.180.1.21/identity/v3/projects/442879786c7f460e9ddbe059b569f28e/users/ca6086a0ae2643368f902d84d14da326/roles/583a921bbf464629aca53070a8722d24 0.809s
2025-11-27 02:26:54.872 66030 INFO tempest.lib.common.dynamic_creds [-] Dynamic test user ca6086a0ae2643368f902d84d14da326 is created with scope project and roles: ['admin']
2025-11-27 02:26:54.872 66030 INFO tempest.lib.common.dynamic_creds [-] Acquired dynamic creds: credentials: Credentials: {'domain_id': 'default', 'domain_name': 'Default', 'username': 'tempest-KeyPairsV210TestJSON-305884605-project-admin', 'project_domain_id': 'default', 'project_domain_name': 'Default', 'project_id': '442879786c7f460e9ddbe059b569f28e', 'project_name': 'tempest-KeyPairsV210TestJSON-305884605', 'tenant_id': '442879786c7f460e9ddbe059b569f28e', 'tenant_name': 'tempest-KeyPairsV210TestJSON-305884605', 'user_domain_id': 'default', 'user_domain_name': 'Default', 'user_id': 'ca6086a0ae2643368f902d84d14da326', 'system': None}, Network: None, Subnet: None, Router: None
2025-11-27 02:26:54.872 66030 INFO tempest.lib.common.dynamic_creds [-] Created isolated network resources for: credentials: Credentials: {'domain_id': 'default', 'domain_name': 'Default', 'username': 'tempest-KeyPairsV210TestJSON-305884605-project-admin', 'project_domain_id': 'default', 'project_domain_name': 'Default', 'project_id': '442879786c7f460e9ddbe059b569f28e', 'project_name': 'tempest-KeyPairsV210TestJSON-305884605', 'tenant_id': '442879786c7f460e9ddbe059b569f28e', 'tenant_name': 'tempest-KeyPairsV210TestJSON-305884605', 'user_domain_id': 'default', 'user_domain_name': 'Default', 'user_id': 'ca6086a0ae2643368f902d84d14da326', 'system': None}, Network: None, Subnet: None, Router: None
2025-11-27 02:26:54.892 66062 INFO tempest.lib.common.rest_client [req-f36c978f-ec21-4231-b0d8-944a6637b94e req-f36c978f-ec21-4231-b0d8-944a6637b94e ] Request (QuotasAdminNegativeTest:setUpClass): 201 POST http://10.180.1.21/identity/v3/auth/tokens 0.910s
2025-11-27 02:26:54.921 66012 INFO tempest.lib.common.rest_client [req-a3e52e9d-b3dd-42b4-99a0-ea9d4e708cc9 req-a3e52e9d-b3dd-42b4-99a0-ea9d4e708cc9 ] Request (QuotasSecurityGroupAdminNegativeTest:tearDownClass): 204 DELETE http://10.180.1.21/networking/v2.0/security-groups/00d2b646-5be8-40ea-baec-1a90ec452dc3 0.844s
2025-11-27 02:26:54.934 66048 INFO tempest.lib.common.rest_client [req-3dcdc40b-5edc-4f9b-9a66-46511cc5bc83 req-3dcdc40b-5edc-4f9b-9a66-46511cc5bc83 ] Request (HypervisorAdminNegativeTestJSON:setUpClass): 201 POST http://10.180.1.21/identity/v3/auth/tokens 0.837s
2025-11-27 02:26:54.989 66038 INFO tempest.lib.common.rest_client [req-a701d0a0-2c3e-4389-8ab2-0301542feb55 req-a701d0a0-2c3e-4389-8ab2-0301542feb55 ] Request (ImagesMetadataNegativeTestJSON:setUpClass): 201 POST http://10.180.1.21/identity/v3/auth/tokens 0.879s
2025-11-27 02:26:54.996 66018 INFO tempest.lib.common.rest_client [req-3548a927-b436-4a1f-9281-8cae534f65fd req-3548a927-b436-4a1f-9281-8cae534f65fd ] Request (AZAdminV2TestJSON:tearDownClass): 204 DELETE http://10.180.1.21/networking/v2.0/security-groups/51097446-d8a7-475b-8232-0a7a3c429219 0.896s
2025-11-27 02:26:55.023 66052 INFO tempest.lib.common.rest_client [req-2efb9311-9f09-49dd-aba6-d7d73d621c41 req-2efb9311-9f09-49dd-aba6-d7d73d621c41 ] Request (ImagesOneServerNegativeTestJSON:setUpClass): 201 POST http://10.180.1.21/identity/v3/auth/tokens 0.849s
2025-11-27 02:26:55.051 66060 INFO tempest.lib.common.rest_client [req-1afd070e-7c29-431c-8a6a-24163e9764d6 req-1afd070e-7c29-431c-8a6a-24163e9764d6 ] Request (SecurityGroupsTestAdminJSON:setUpClass): 201 POST http://10.180.1.21/identity/v3/projects 0.811s
2025-11-27 02:26:55.054 66071 INFO tempest.lib.common.rest_client [req-e693018e-d449-421b-be96-0217effc29a9 req-e693018e-d449-421b-be96-0217effc29a9 ] Request (InstanceUsageAuditLogTestJSON:setUpClass): 201 POST http://10.180.1.21/identity/v3/auth/tokens 0.874s
2025-11-27 02:26:55.115 66056 INFO tempest.lib.common.rest_client [req-d49002bc-f809-4ca4-863d-9a8ed66b815a req-d49002bc-f809-4ca4-863d-9a8ed66b815a ] Request (ServerExternalEventsTest:setUpClass): 201 POST http://10.180.1.21/identity/v3/projects 0.813s
2025-11-27 02:26:55.123 66058 INFO tempest.lib.common.rest_client [req-38ba8aa9-a49e-4a7e-838e-b765cdeed12e req-38ba8aa9-a49e-4a7e-838e-b765cdeed12e ] Request (ServicesAdminNegativeTestJSON:setUpClass): 201 POST http://10.180.1.21/identity/v3/auth/tokens 0.850s
2025-11-27 02:26:55.168 66044 INFO tempest.lib.common.rest_client [req-2aa74bf5-9b24-49d8-ae90-33bf94024536 req-2aa74bf5-9b24-49d8-ae90-33bf94024536 ] Request (HypervisorAdminV253TestBase:setUpClass): 200 GET http://10.180.1.21/identity/v3/roles 0.840s
2025-11-27 02:26:55.175 66026 INFO tempest.lib.common.rest_client [req-bb1551b5-7e1c-4427-8a88-f514eca2059d req-bb1551b5-7e1c-4427-8a88-f514eca2059d ] Request (ServerDiagnosticsTest:setUpClass): 201 POST http://10.180.1.21/identity/v3/users 0.839s
2025-11-27 02:26:55.185 66022 INFO tempest.lib.common.rest_client [req-8beb41a4-02d3-4d9e-b405-b3dfabf79a51 req-8beb41a4-02d3-4d9e-b405-b3dfabf79a51 ] Request (ServerDiagnosticsNegativeTest:setUpClass): 204 PUT http://10.180.1.21/identity/v3/projects/95ca03fd53e54097ba2e30e527cb7666/users/4bf7ae82a71d4a7ebed640a2ca9b296b/roles/583a921bbf464629aca53070a8722d24 0.744s
2025-11-27 02:26:55.185 66022 INFO tempest.lib.common.dynamic_creds [-] Dynamic test user 4bf7ae82a71d4a7ebed640a2ca9b296b is created with scope project and roles: ['admin']
2025-11-27 02:26:55.185 66022 INFO tempest.lib.common.dynamic_creds [-] Acquired dynamic creds: credentials: Credentials: {'domain_id': 'default', 'domain_name': 'Default', 'username': 'tempest-ServerDiagnosticsNegativeTest-1217417736-project-admin', 'project_domain_id': 'default', 'project_domain_name': 'Default', 'project_id': '95ca03fd53e54097ba2e30e527cb7666', 'project_name': 'tempest-ServerDiagnosticsNegativeTest-1217417736', 'tenant_id': '95ca03fd53e54097ba2e30e527cb7666', 'tenant_name': 'tempest-ServerDiagnosticsNegativeTest-1217417736', 'user_domain_id': 'default', 'user_domain_name': 'Default', 'user_id': '4bf7ae82a71d4a7ebed640a2ca9b296b', 'system': None}, Network: None, Subnet: None, Router: None
2025-11-27 02:26:55.185 66022 INFO tempest.lib.common.dynamic_creds [-] Created isolated network resources for: credentials: Credentials: {'domain_id': 'default', 'domain_name': 'Default', 'username': 'tempest-ServerDiagnosticsNegativeTest-1217417736-project-admin', 'project_domain_id': 'default', 'project_domain_name': 'Default', 'project_id': '95ca03fd53e54097ba2e30e527cb7666', 'project_name': 'tempest-ServerDiagnosticsNegativeTest-1217417736', 'tenant_id': '95ca03fd53e54097ba2e30e527cb7666', 'tenant_name': 'tempest-ServerDiagnosticsNegativeTest-1217417736', 'user_domain_id': 'default', 'user_domain_name': 'Default', 'user_id': '4bf7ae82a71d4a7ebed640a2ca9b296b', 'system': None}, Network: None, Subnet: None, Router: None
2025-11-27 02:26:55.191 66050 INFO tempest.lib.common.rest_client [req-bf9c89a6-4006-4ae0-acae-9e8133532807 req-bf9c89a6-4006-4ae0-acae-9e8133532807 ] Request (VolumesAssistedSnapshotsTest:setUpClass): 201 POST http://10.180.1.21/networking/v2.0/networks 1.134s
2025-11-27 02:26:55.191 66014 INFO tempest.lib.common.rest_client [req-f31b9eae-0ccb-4ac2-85fc-e19b30832c9c req-f31b9eae-0ccb-4ac2-85fc-e19b30832c9c ] Request (FlavorsExtraSpecsNegativeTestJSON:setUpClass): 204 PUT http://10.180.1.21/identity/v3/projects/337f02dfe35947798e74cb78cec3b16a/users/485a9a9deede44bbae613b8170f5965e/roles/583a921bbf464629aca53070a8722d24 0.718s
2025-11-27 02:26:55.191 66014 INFO tempest.lib.common.dynamic_creds [-] Dynamic test user 485a9a9deede44bbae613b8170f5965e is created with scope project and roles: ['admin']
2025-11-27 02:26:55.191 66014 INFO tempest.lib.common.dynamic_creds [-] Acquired dynamic creds: credentials: Credentials: {'domain_id': 'default', 'domain_name': 'Default', 'username': 'tempest-FlavorsExtraSpecsNegativeTestJSON-420565619-project-admin', 'project_domain_id': 'default', 'project_domain_name': 'Default', 'project_id': '337f02dfe35947798e74cb78cec3b16a', 'project_name': 'tempest-FlavorsExtraSpecsNegativeTestJSON-420565619', 'tenant_id': '337f02dfe35947798e74cb78cec3b16a', 'tenant_name': 'tempest-FlavorsExtraSpecsNegativeTestJSON-420565619', 'user_domain_id': 'default', 'user_domain_name': 'Default', 'user_id': '485a9a9deede44bbae613b8170f5965e', 'system': None}, Network: None, Subnet: None, Router: None
2025-11-27 02:26:55.192 66014 INFO tempest.lib.common.dynamic_creds [-] Created isolated network resources for: credentials: Credentials: {'domain_id': 'default', 'domain_name': 'Default', 'username': 'tempest-FlavorsExtraSpecsNegativeTestJSON-420565619-project-admin', 'project_domain_id': 'default', 'project_domain_name': 'Default', 'project_id': '337f02dfe35947798e74cb78cec3b16a', 'project_name': 'tempest-FlavorsExtraSpecsNegativeTestJSON-420565619', 'tenant_id': '337f02dfe35947798e74cb78cec3b16a', 'tenant_name': 'tempest-FlavorsExtraSpecsNegativeTestJSON-420565619', 'user_domain_id': 'default', 'user_domain_name': 'Default', 'user_id': '485a9a9deede44bbae613b8170f5965e', 'system': None}, Network: None, Subnet: None, Router: None
2025-11-27 02:26:55.255 66054 INFO tempest.lib.common.rest_client [req-70366e1d-20eb-43ee-bbff-7cd3ff7ad9d9 req-70366e1d-20eb-43ee-bbff-7cd3ff7ad9d9 ] Request (HypervisorAdminUnderV252Test:setUpClass): 201 POST http://10.180.1.21/identity/v3/projects 0.666s
2025-11-27 02:26:55.322 66010 INFO tempest.lib.common.rest_client [req-45be54c7-658c-48c8-b56a-25cf73b4f518 req-45be54c7-658c-48c8-b56a-25cf73b4f518 ] Request (FlavorsAccessNegativeTestJSON:setUpClass): 201 POST http://10.180.1.21/identity/v3/projects 0.706s
