2025-11-27 02:31:30.698 66056 INFO tempest.lib.common.rest_client [req-ffabb49a-f7db-404e-9827-4e37d700c1ba req-ffabb49a-f7db-404e-9827-4e37d700c1ba ] Request (ListServerFiltersTestJSON:tearDownClass): 200 GET http://10.180.1.21/compute/v2.1/servers/6451b8cc-cf73-49d3-977c-40812068b4fb 0.127s
2025-11-27 02:31:30.749 66058 INFO tempest.lib.common.rest_client [req-d0e265e6-b843-4ee5-92fd-68c3614061cc req-d0e265e6-b843-4ee5-92fd-68c3614061cc ] Request (AttachInterfacesTestJSON:test_create_list_show_delete_interfaces_by_network_port): 200 GET http://10.180.1.21/compute/v2.1/servers/c9808f35-3d79-4aa6-a414-c98635c1e33e 0.120s
2025-11-27 02:31:30.831 66022 INFO tempest.lib.common.rest_client [req-dc86d886-a4d6-49e9-b184-c14518019bff req-dc86d886-a4d6-49e9-b184-c14518019bff ] Request (ServerRescueTestJSON:test_rescue_unrescue_instance): 200 GET http://10.180.1.21/compute/v2.1/servers/f0b4e9af-34d6-4778-8646-ed73ee013d03 0.141s
2025-11-27 02:31:30.856 66030 INFO tempest.lib.common.rest_client [req-0806ddd6-84c2-4e46-9648-79a4e5dfe511 req-0806ddd6-84c2-4e46-9648-79a4e5dfe511 ] Request (ServersListShow298Test:tearDownClass): 200 GET http://10.180.1.21/compute/v2.1/servers/85377951-fc2a-47c9-9f82-7e6e9e33083d 0.150s
2025-11-27 02:31:30.899 66034 INFO tempest.lib.common.rest_client [req-2b8de915-7c50-4f64-a654-3cb0418b63de req-2b8de915-7c50-4f64-a654-3cb0418b63de ] Request (ServersTestMultiNic:test_verify_multiple_nics_order): 200 GET http://10.180.1.21/compute/v2.1/servers/78af8a87-17ed-4657-9f2f-4aa58d0b4427 0.146s
2025-11-27 02:31:30.931 66048 INFO tempest.lib.common.rest_client [req-0f4abe1e-64ea-4cda-9a7c-e62f9b0398e2 req-0f4abe1e-64ea-4cda-9a7c-e62f9b0398e2 ] Request (SecurityGroupsTestJSON:tearDownClass): 200 GET http://10.180.1.21/compute/v2.1/servers/9cf295fa-3194-41e3-a3e8-e6d579cd6975 0.145s
2025-11-27 02:31:30.957 66060 INFO tempest.lib.common.rest_client [req-3552e8a3-cf80-4d72-be99-e8ab1aa586a9 req-3552e8a3-cf80-4d72-be99-e8ab1aa586a9 ] Request (MultipleCreateTestJSON:test_multiple_create_with_reservation_return): 200 GET http://10.180.1.21/compute/v2.1/servers/b1ca6880-dc2a-4d4d-9fc0-d96e42675267 0.151s
2025-11-27 02:31:30.987 66052 INFO tempest.lib.common.rest_client [req-c6c9217a-6c68-4832-b008-4dbb890d06b4 req-c6c9217a-6c68-4832-b008-4dbb890d06b4 ] Request (ImagesOneServerNegativeTestJSON:_run_cleanups): 200 GET http://10.180.1.21/compute/v2.1/servers/0c2692db-1ad5-4d29-9fe3-27dbdb1935c0 0.140s
2025-11-27 02:31:31.117 66026 WARNING tempest.lib.common.ssh [-] Failed to establish authenticated ssh connection to cirros@10.180.180.216 ([Errno None] Unable to connect to port 22 on 10.180.180.216). Number attempts: 2. Retry after 3 seconds.: paramiko.ssh_exception.NoValidConnectionsError: [Errno None] Unable to connect to port 22 on 10.180.180.216
2025-11-27 02:31:31.117 66020 WARNING tempest.lib.common.ssh [-] Failed to establish authenticated ssh connection to cirros@10.180.180.192 ([Errno None] Unable to connect to port 22 on 10.180.180.192). Number attempts: 12. Retry after 13 seconds.: paramiko.ssh_exception.NoValidConnectionsError: [Errno None] Unable to connect to port 22 on 10.180.180.192
2025-11-27 02:31:31.367 66054 INFO tempest.lib.common.rest_client [req-9b847cf5-952b-410c-ab95-a8fde648e7f4 req-9b847cf5-952b-410c-ab95-a8fde648e7f4 ] Request (ServerShowV247Test:tearDownClass): 200 GET http://10.180.1.21/compute/v2.1/servers/48720752-7bd5-4d53-bcdf-aec0b8956094 0.069s
2025-11-27 02:31:31.426 66012 INFO tempest.lib.common.rest_client [req-71d22b18-d5f1-429a-a190-9913d1e87ff8 req-71d22b18-d5f1-429a-a190-9913d1e87ff8 ] Request (ImagesTestJSON:test_create_server_from_snapshot): 200 GET http://10.180.1.21/compute/v2.1/servers/9200dd22-5bf9-40aa-8c9a-3d36f12adfe7 0.056s
2025-11-27 02:31:31.524 66018 INFO tempest.lib.common.rest_client [req-2db7cea5-89ec-4419-b38e-c44500719c5c req-2db7cea5-89ec-4419-b38e-c44500719c5c ] Request (ListImageFiltersTestJSON:tearDownClass): 200 GET http://10.180.1.21/compute/v2.1/servers/f5cd9b60-b0b9-4209-a526-83ed09b072bc 0.074s
2025-11-27 02:31:31.546 66042 INFO tempest.lib.common.rest_client [req-969e680d-7e11-4d80-8fbc-0982faedd921 req-969e680d-7e11-4d80-8fbc-0982faedd921 ] Request (ListServersNegativeTestJSON:setUpClass): 200 GET http://10.180.1.21/compute/v2.1/servers/4ce27896-0f26-4ab4-8e41-d8c0011b92da 0.128s
2025-11-27 02:31:31.573 66024 INFO tempest.lib.common.rest_client [req-64437f72-b160-44f2-af13-116dac99d697 req-64437f72-b160-44f2-af13-116dac99d697 ] Request (ServersNegativeTestJSON:setUpClass): 200 GET http://10.180.1.21/compute/v2.1/servers/da88beb8-d7db-48bf-bab5-aaa11c81230c 0.113s
2025-11-27 02:31:31.594 66068 INFO tempest.lib.common.rest_client [req-ad6c94ac-551a-4071-ae15-1e6a02ca9613 req-ad6c94ac-551a-4071-ae15-1e6a02ca9613 ] Request (ServerRescueNegativeTestJSON:test_rescued_vm_detach_volume): 200 GET http://10.180.1.21/compute/v2.1/servers/edf8969e-301d-4c57-b792-2c07d6c4250e 0.090s
2025-11-27 02:31:31.622 66032 INFO tempest.lib.common.rest_client [req-e158d811-aab0-4cc0-86c7-947c504ccaa9 req-e158d811-aab0-4cc0-86c7-947c504ccaa9 ] Request (ServersWithSpecificFlavorTestJSON:test_verify_created_server_ephemeral_disk): 200 GET http://10.180.1.21/compute/v2.1/servers/8bad4f41-93d3-4f50-abd4-ebfdf581e7f3 0.102s
2025-11-27 02:31:31.649 66010 INFO tempest.lib.common.rest_client [req-44cdacd5-262a-4eb6-a370-0f95828b53cb req-44cdacd5-262a-4eb6-a370-0f95828b53cb ] Request (MigrationsAdminTest:test_resize_server_revert_deleted_flavor): 200 GET http://10.180.1.21/compute/v2.1/servers/d4ba0f68-55bb-4193-b9e8-eefa3181d893 0.090s
2025-11-27 02:31:31.675 66046 INFO tempest.lib.common.rest_client [req-fb85c702-b82a-48c9-86ad-29569a44e5a3 req-fb85c702-b82a-48c9-86ad-29569a44e5a3 ] Request (ServersNegativeTestMultiTenantJSON:setUpClass): 200 GET http://10.180.1.21/compute/v2.1/servers/8ae47313-6535-4757-b25c-3f90e6af156a 0.104s
2025-11-27 02:31:31.707 66050 INFO tempest.lib.common.rest_client [req-e5a714d2-dca9-46cd-a6ba-86a75df2a19d req-e5a714d2-dca9-46cd-a6ba-86a75df2a19d ] Request (ServersAdminNegativeTestJSON:setUpClass): 200 GET http://10.180.1.21/compute/v2.1/servers/6d09de8b-7f48-44f3-bf12-9f2d75fa5f2a 0.083s
2025-11-27 02:31:31.738 66008 INFO tempest.lib.common.rest_client [req-65870f5f-f9e9-4375-935b-02a4b41cece5 req-65870f5f-f9e9-4375-935b-02a4b41cece5 ] Request (ServerDiskConfigTestJSON:test_resize_server_from_auto_to_manual): 200 GET http://10.180.1.21/compute/v2.1/servers/8a4f4d46-2506-47f1-bae6-2224dd011c61 0.098s
2025-11-27 02:31:31.783 66062 INFO tempest.lib.common.rest_client [req-8cdebb29-0fe7-424f-b3db-e37421a4e178 req-8cdebb29-0fe7-424f-b3db-e37421a4e178 ] Request (ServersAdminTestJSON:tearDownClass): 200 GET http://10.180.1.21/compute/v2.1/servers/f2082df5-ec95-423f-a5d6-b7f776be63ad 0.096s
2025-11-27 02:31:31.816 66056 INFO tempest.lib.common.rest_client [req-2e64b1cc-2adf-4bd4-b669-f708f993e745 req-2e64b1cc-2adf-4bd4-b669-f708f993e745 ] Request (ListServerFiltersTestJSON:tearDownClass): 200 GET http://10.180.1.21/compute/v2.1/servers/6451b8cc-cf73-49d3-977c-40812068b4fb 0.109s
2025-11-27 02:31:31.835 66058 INFO tempest.lib.common.rest_client [req-772cf039-55c4-4978-bc42-b40b9d7eff39 req-772cf039-55c4-4978-bc42-b40b9d7eff39 ] Request (AttachInterfacesTestJSON:test_create_list_show_delete_interfaces_by_network_port): 200 GET http://10.180.1.21/compute/v2.1/servers/c9808f35-3d79-4aa6-a414-c98635c1e33e 0.079s
2025-11-27 02:31:31.967 66030 INFO tempest.lib.common.rest_client [req-5702fd93-9ff3-4a60-b4f6-64a2d069b17c req-5702fd93-9ff3-4a60-b4f6-64a2d069b17c ] Request (ServersListShow298Test:tearDownClass): 200 GET http://10.180.1.21/compute/v2.1/servers/85377951-fc2a-47c9-9f82-7e6e9e33083d 0.098s
2025-11-27 02:31:31.970 66022 INFO tempest.lib.common.rest_client [req-263bf6b0-beb1-40a5-8aac-e4562e66f18f req-263bf6b0-beb1-40a5-8aac-e4562e66f18f ] Request (ServerRescueTestJSON:test_rescue_unrescue_instance): 200 GET http://10.180.1.21/compute/v2.1/servers/f0b4e9af-34d6-4778-8646-ed73ee013d03 0.130s
2025-11-27 02:31:32.025 66034 INFO tempest.lib.common.rest_client [req-8d512a9f-66d4-48c9-b717-b8b80caad4f8 req-8d512a9f-66d4-48c9-b717-b8b80caad4f8 ] Request (ServersTestMultiNic:test_verify_multiple_nics_order): 200 GET http://10.180.1.21/compute/v2.1/servers/78af8a87-17ed-4657-9f2f-4aa58d0b4427 0.118s
2025-11-27 02:31:32.035 66048 INFO tempest.lib.common.rest_client [req-46be78a1-ff1f-4f5f-b85e-5afbc9fd17f5 req-46be78a1-ff1f-4f5f-b85e-5afbc9fd17f5 ] Request (SecurityGroupsTestJSON:tearDownClass): 200 GET http://10.180.1.21/compute/v2.1/servers/9cf295fa-3194-41e3-a3e8-e6d579cd6975 0.095s
2025-11-27 02:31:32.078 66060 INFO tempest.lib.common.rest_client [req-e4e51381-785e-4757-9e7d-ee4a4f38d178 req-e4e51381-785e-4757-9e7d-ee4a4f38d178 ] Request (MultipleCreateTestJSON:test_multiple_create_with_reservation_return): 200 GET http://10.180.1.21/compute/v2.1/servers/b1ca6880-dc2a-4d4d-9fc0-d96e42675267 0.113s
2025-11-27 02:31:32.085 66052 INFO tempest.lib.common.rest_client [req-e9e1f671-1294-4c75-a13d-57fc2e7e4e23 req-e9e1f671-1294-4c75-a13d-57fc2e7e4e23 ] Request (ImagesOneServerNegativeTestJSON:_run_cleanups): 200 GET http://10.180.1.21/compute/v2.1/servers/0c2692db-1ad5-4d29-9fe3-27dbdb1935c0 0.088s
2025-11-27 02:31:32.459 66054 INFO tempest.lib.common.rest_client [req-e2182111-b3b3-4f9b-8286-ed991b26fd0a req-e2182111-b3b3-4f9b-8286-ed991b26fd0a ] Request (ServerShowV247Test:tearDownClass): 200 GET http://10.180.1.21/compute/v2.1/servers/48720752-7bd5-4d53-bcdf-aec0b8956094 0.083s
2025-11-27 02:31:32.505 66012 INFO tempest.lib.common.rest_client [req-0cd150ca-026e-4b61-95e3-947944721eeb req-0cd150ca-026e-4b61-95e3-947944721eeb ] Request (ImagesTestJSON:test_create_server_from_snapshot): 200 GET http://10.180.1.21/compute/v2.1/servers/9200dd22-5bf9-40aa-8c9a-3d36f12adfe7 0.072s
2025-11-27 02:31:32.608 66018 INFO tempest.lib.common.rest_client [req-7822672b-3e3f-4d85-b11c-970d43d131d4 req-7822672b-3e3f-4d85-b11c-970d43d131d4 ] Request (ListImageFiltersTestJSON:tearDownClass): 200 GET http://10.180.1.21/compute/v2.1/servers/f5cd9b60-b0b9-4209-a526-83ed09b072bc 0.078s
2025-11-27 02:31:32.730 66024 INFO tempest.lib.common.rest_client [req-6e7b7e03-0b29-4464-a6b4-277329d61331 req-6e7b7e03-0b29-4464-a6b4-277329d61331 ] Request (ServersNegativeTestJSON:setUpClass): 200 GET http://10.180.1.21/compute/v2.1/servers/da88beb8-d7db-48bf-bab5-aaa11c81230c 0.148s
2025-11-27 02:31:32.766 66042 INFO tempest.lib.common.rest_client [req-a0129c33-c340-484e-8a14-b15af4d78c19 req-a0129c33-c340-484e-8a14-b15af4d78c19 ] Request (ListServersNegativeTestJSON:setUpClass): 200 GET http://10.180.1.21/compute/v2.1/servers/4ce27896-0f26-4ab4-8e41-d8c0011b92da 0.208s
2025-11-27 02:31:32.779 66042 INFO tempest.common.waiters [-] State transition "BUILD/spawning" ==> "ACTIVE/None" after 62 second wait
2025-11-27 02:31:32.812 66068 INFO tempest.lib.common.rest_client [req-abefac1e-3baf-44b7-9763-bb919f08717c req-abefac1e-3baf-44b7-9763-bb919f08717c ] Request (ServerRescueNegativeTestJSON:test_rescued_vm_detach_volume): 200 GET http://10.180.1.21/compute/v2.1/servers/edf8969e-301d-4c57-b792-2c07d6c4250e 0.210s
2025-11-27 02:31:32.824 66032 INFO tempest.lib.common.rest_client [req-9c391fc8-3cc9-4b52-b4f9-894e539b293d req-9c391fc8-3cc9-4b52-b4f9-894e539b293d ] Request (ServersWithSpecificFlavorTestJSON:test_verify_created_server_ephemeral_disk): 200 GET http://10.180.1.21/compute/v2.1/servers/8bad4f41-93d3-4f50-abd4-ebfdf581e7f3 0.194s
2025-11-27 02:31:32.867 66010 INFO tempest.lib.common.rest_client [req-c3f47ce3-93e9-4047-9017-f461a7d63e5e req-c3f47ce3-93e9-4047-9017-f461a7d63e5e ] Request (MigrationsAdminTest:test_resize_server_revert_deleted_flavor): 200 GET http://10.180.1.21/compute/v2.1/servers/d4ba0f68-55bb-4193-b9e8-eefa3181d893 0.210s
2025-11-27 02:31:32.888 66046 INFO tempest.lib.common.rest_client [req-eb8039c7-bb10-4002-ab7b-d5cd8251a94a req-eb8039c7-bb10-4002-ab7b-d5cd8251a94a ] Request (ServersNegativeTestMultiTenantJSON:setUpClass): 200 GET http://10.180.1.21/compute/v2.1/servers/8ae47313-6535-4757-b25c-3f90e6af156a 0.204s
2025-11-27 02:31:32.933 66050 INFO tempest.lib.common.rest_client [req-4a52f091-045f-4c2e-b724-3fef69efc584 req-4a52f091-045f-4c2e-b724-3fef69efc584 ] Request (ServersAdminNegativeTestJSON:setUpClass): 200 GET http://10.180.1.21/compute/v2.1/servers/6d09de8b-7f48-44f3-bf12-9f2d75fa5f2a 0.218s
2025-11-27 02:31:32.948 66008 INFO tempest.lib.common.rest_client [req-a432f00b-2361-48bc-b2cc-232142222e16 req-a432f00b-2361-48bc-b2cc-232142222e16 ] Request (ServerDiskConfigTestJSON:test_resize_server_from_auto_to_manual): 200 GET http://10.180.1.21/compute/v2.1/servers/8a4f4d46-2506-47f1-bae6-2224dd011c61 0.202s
2025-11-27 02:31:33.020 66062 INFO tempest.lib.common.rest_client [req-f95aefc4-b488-4b70-b38a-3b71ad22ca86 req-f95aefc4-b488-4b70-b38a-3b71ad22ca86 ] Request (ServersAdminTestJSON:tearDownClass): 200 GET http://10.180.1.21/compute/v2.1/servers/f2082df5-ec95-423f-a5d6-b7f776be63ad 0.228s
2025-11-27 02:31:33.052 66042 INFO tempest.lib.common.rest_client [req-1a53b574-5dbc-4872-8635-7a14c01693b2 req-1a53b574-5dbc-4872-8635-7a14c01693b2 ] Request (ListServersNegativeTestJSON:setUpClass): 200 GET http://10.180.1.21/compute/v2.1/servers/ba55eb37-e2d8-4400-8ca8-7b1dff31bcd0 0.272s
2025-11-27 02:31:33.083 66056 INFO tempest.lib.common.rest_client [req-5c9b347a-822f-48d5-ac1f-87d0bbeff829 req-5c9b347a-822f-48d5-ac1f-87d0bbeff829 ] Request (ListServerFiltersTestJSON:tearDownClass): 200 GET http://10.180.1.21/compute/v2.1/servers/6451b8cc-cf73-49d3-977c-40812068b4fb 0.259s
2025-11-27 02:31:33.105 66058 INFO tempest.lib.common.rest_client [req-741c7ad7-17a6-4829-ada9-51f85496bdeb req-741c7ad7-17a6-4829-ada9-51f85496bdeb ] Request (AttachInterfacesTestJSON:test_create_list_show_delete_interfaces_by_network_port): 200 GET http://10.180.1.21/compute/v2.1/servers/c9808f35-3d79-4aa6-a414-c98635c1e33e 0.262s
2025-11-27 02:31:33.114 66058 INFO tempest.common.waiters [-] State transition "BUILD/scheduling" ==> "BUILD/None" after 33 second wait
2025-11-27 02:31:33.224 66030 INFO tempest.lib.common.rest_client [req-f729ac80-b254-4a07-a9d0-b632ecb04eae req-f729ac80-b254-4a07-a9d0-b632ecb04eae ] Request (ServersListShow298Test:tearDownClass): 200 GET http://10.180.1.21/compute/v2.1/servers/85377951-fc2a-47c9-9f82-7e6e9e33083d 0.245s
2025-11-27 02:31:33.245 66022 INFO tempest.lib.common.rest_client [req-5042bc3d-2840-4eae-9806-312fd54b3671 req-5042bc3d-2840-4eae-9806-312fd54b3671 ] Request (ServerRescueTestJSON:test_rescue_unrescue_instance): 200 GET http://10.180.1.21/compute/v2.1/servers/f0b4e9af-34d6-4778-8646-ed73ee013d03 0.266s
2025-11-27 02:31:33.287 66034 INFO tempest.lib.common.rest_client [req-45073972-8f8d-4b0b-8cc6-540813ec6fd9 req-45073972-8f8d-4b0b-8cc6-540813ec6fd9 ] Request (ServersTestMultiNic:test_verify_multiple_nics_order): 200 GET http://10.180.1.21/compute/v2.1/servers/78af8a87-17ed-4657-9f2f-4aa58d0b4427 0.253s
2025-11-27 02:31:33.312 66048 INFO tempest.lib.common.rest_client [req-989f69a1-adc9-4ece-b3ff-8aa8c86d90f8 req-989f69a1-adc9-4ece-b3ff-8aa8c86d90f8 ] Request (SecurityGroupsTestJSON:tearDownClass): 200 GET http://10.180.1.21/compute/v2.1/servers/9cf295fa-3194-41e3-a3e8-e6d579cd6975 0.268s
2025-11-27 02:31:33.383 66060 INFO tempest.lib.common.rest_client [req-7b934362-1bbf-4a93-be50-d9575b3ce8b1 req-7b934362-1bbf-4a93-be50-d9575b3ce8b1 ] Request (MultipleCreateTestJSON:test_multiple_create_with_reservation_return): 200 GET http://10.180.1.21/compute/v2.1/servers/b1ca6880-dc2a-4d4d-9fc0-d96e42675267 0.298s
2025-11-27 02:31:33.406 66042 INFO tempest.lib.common.rest_client [req-974ac85e-6a3c-4868-8638-78bb1a0af2f4 req-974ac85e-6a3c-4868-8638-78bb1a0af2f4 ] Request (ListServersNegativeTestJSON:setUpClass): 200 GET http://10.180.1.21/compute/v2.1/servers/0667f773-b44b-48ba-948c-bc7897d0df79 0.347s
2025-11-27 02:31:33.437 66052 INFO tempest.lib.common.rest_client [req-ec51a902-843b-4553-9191-04e0ee794b88 req-ec51a902-843b-4553-9191-04e0ee794b88 ] Request (ImagesOneServerNegativeTestJSON:_run_cleanups): 200 GET http://10.180.1.21/compute/v2.1/servers/0c2692db-1ad5-4d29-9fe3-27dbdb1935c0 0.341s
2025-11-27 02:31:33.497 66042 INFO tempest.lib.common.rest_client [req-b73f52aa-be3b-45b2-98b7-569507611f8d req-b73f52aa-be3b-45b2-98b7-569507611f8d ] Request (ListServersNegativeTestJSON:setUpClass): 204 DELETE http://10.180.1.21/compute/v2.1/servers/0667f773-b44b-48ba-948c-bc7897d0df79 0.083s
2025-11-27 02:31:33.541 66036 INFO paramiko.transport [-] Connected (version 2.0, client dropbear_2020.81)
2025-11-27 02:31:33.550 66054 INFO tempest.lib.common.rest_client [req-2220a5ee-6253-4e2f-b232-1aeb97bd1c35 req-2220a5ee-6253-4e2f-b232-1aeb97bd1c35 ] Request (ServerShowV247Test:tearDownClass): 200 GET http://10.180.1.21/compute/v2.1/servers/48720752-7bd5-4d53-bcdf-aec0b8956094 0.082s
2025-11-27 02:31:33.618 66042 INFO tempest.lib.common.rest_client [req-0fd1279a-0c09-4d93-9843-2a87ca7c2c9f req-0fd1279a-0c09-4d93-9843-2a87ca7c2c9f ] Request (ListServersNegativeTestJSON:setUpClass): 200 GET http://10.180.1.21/compute/v2.1/servers/0667f773-b44b-48ba-948c-bc7897d0df79 0.120s
2025-11-27 02:31:33.629 66012 INFO tempest.lib.common.rest_client [req-0ce24211-a03f-4c1a-b177-6e53d54db8f7 req-0ce24211-a03f-4c1a-b177-6e53d54db8f7 ] Request (ImagesTestJSON:test_create_server_from_snapshot): 200 GET http://10.180.1.21/compute/v2.1/servers/9200dd22-5bf9-40aa-8c9a-3d36f12adfe7 0.116s
2025-11-27 02:31:33.642 66036 INFO paramiko.transport [-] Authentication (publickey) failed.
2025-11-27 02:31:33.695 66018 INFO tempest.lib.common.rest_client [req-22fbdc4e-87cb-4334-abe9-f7fab52e6ead req-22fbdc4e-87cb-4334-abe9-f7fab52e6ead ] Request (ListImageFiltersTestJSON:tearDownClass): 200 GET http://10.180.1.21/compute/v2.1/servers/f5cd9b60-b0b9-4209-a526-83ed09b072bc 0.077s
2025-11-27 02:31:33.811 66024 INFO tempest.lib.common.rest_client [req-30fba4f0-d789-4314-af3c-b8851745e570 req-30fba4f0-d789-4314-af3c-b8851745e570 ] Request (ServersNegativeTestJSON:setUpClass): 200 GET http://10.180.1.21/compute/v2.1/servers/da88beb8-d7db-48bf-bab5-aaa11c81230c 0.073s
2025-11-27 02:31:33.881 66068 INFO tempest.lib.common.rest_client [req-5c781c4e-c49e-48b3-9d5a-e46c1b6bb63d req-5c781c4e-c49e-48b3-9d5a-e46c1b6bb63d ] Request (ServerRescueNegativeTestJSON:test_rescued_vm_detach_volume): 200 GET http://10.180.1.21/compute/v2.1/servers/edf8969e-301d-4c57-b792-2c07d6c4250e 0.059s
2025-11-27 02:31:33.893 66032 INFO tempest.lib.common.rest_client [req-d54ed302-8c44-4ed0-ac28-15f6a5c5084e req-d54ed302-8c44-4ed0-ac28-15f6a5c5084e ] Request (ServersWithSpecificFlavorTestJSON:test_verify_created_server_ephemeral_disk): 200 GET http://10.180.1.21/compute/v2.1/servers/8bad4f41-93d3-4f50-abd4-ebfdf581e7f3 0.057s
2025-11-27 02:31:33.915 66036 INFO paramiko.transport [-] Authentication (password) failed.
2025-11-27 02:31:33.916 66036 WARNING tempest.lib.common.ssh [-] Failed to establish authenticated ssh connection to cirros@10.180.180.145 (Authentication failed.). Number attempts: 15. Retry after 16 seconds.: paramiko.ssh_exception.AuthenticationException: Authentication failed.
2025-11-27 02:31:33.937 66010 INFO tempest.lib.common.rest_client [req-bac4900b-2b58-464e-a504-0bf29bc9cf61 req-bac4900b-2b58-464e-a504-0bf29bc9cf61 ] Request (MigrationsAdminTest:test_resize_server_revert_deleted_flavor): 200 GET http://10.180.1.21/compute/v2.1/servers/d4ba0f68-55bb-4193-b9e8-eefa3181d893 0.061s
2025-11-27 02:31:33.960 66046 INFO tempest.lib.common.rest_client [req-604c6438-0781-493f-918d-82143b5150a5 req-604c6438-0781-493f-918d-82143b5150a5 ] Request (ServersNegativeTestMultiTenantJSON:setUpClass): 200 GET http://10.180.1.21/compute/v2.1/servers/8ae47313-6535-4757-b25c-3f90e6af156a 0.064s
2025-11-27 02:31:34.011 66050 INFO tempest.lib.common.rest_client [req-403258ed-c05e-4962-af8a-ccaab01b8d22 req-403258ed-c05e-4962-af8a-ccaab01b8d22 ] Request (ServersAdminNegativeTestJSON:setUpClass): 200 GET http://10.180.1.21/compute/v2.1/servers/6d09de8b-7f48-44f3-bf12-9f2d75fa5f2a 0.062s
2025-11-27 02:31:34.019 66050 INFO tempest.common.waiters [-] State transition "BUILD/scheduling" ==> "BUILD/None" after 31 second wait
2025-11-27 02:31:34.027 66008 INFO tempest.lib.common.rest_client [req-2d5e6df1-b82b-431b-8cad-e3d16a5dbbf7 req-2d5e6df1-b82b-431b-8cad-e3d16a5dbbf7 ] Request (ServerDiskConfigTestJSON:test_resize_server_from_auto_to_manual): 200 GET http://10.180.1.21/compute/v2.1/servers/8a4f4d46-2506-47f1-bae6-2224dd011c61 0.068s
2025-11-27 02:31:34.104 66062 INFO tempest.lib.common.rest_client [req-c7da7c70-ae31-4079-b5c0-d0d798c04920 req-c7da7c70-ae31-4079-b5c0-d0d798c04920 ] Request (ServersAdminTestJSON:tearDownClass): 200 GET http://10.180.1.21/compute/v2.1/servers/f2082df5-ec95-423f-a5d6-b7f776be63ad 0.075s
2025-11-27 02:31:34.171 66056 INFO tempest.lib.common.rest_client [req-8abc58f1-e1a4-4d3b-9b16-7f0fa0f9b2c9 req-8abc58f1-e1a4-4d3b-9b16-7f0fa0f9b2c9 ] Request (ListServerFiltersTestJSON:tearDownClass): 200 GET http://10.180.1.21/compute/v2.1/servers/6451b8cc-cf73-49d3-977c-40812068b4fb 0.080s
2025-11-27 02:31:34.189 66058 INFO tempest.lib.common.rest_client [req-385a4cbb-7b40-44e6-9417-a732ad16ba94 req-385a4cbb-7b40-44e6-9417-a732ad16ba94 ] Request (AttachInterfacesTestJSON:test_create_list_show_delete_interfaces_by_network_port): 200 GET http://10.180.1.21/compute/v2.1/servers/c9808f35-3d79-4aa6-a414-c98635c1e33e 0.072s
2025-11-27 02:31:34.304 66030 INFO tempest.lib.common.rest_client [req-6a615009-fb0a-49d5-a46a-9b885648652a req-6a615009-fb0a-49d5-a46a-9b885648652a ] Request (ServersListShow298Test:tearDownClass): 200 GET http://10.180.1.21/compute/v2.1/servers/85377951-fc2a-47c9-9f82-7e6e9e33083d 0.068s
2025-11-27 02:31:34.350 66034 INFO tempest.lib.common.rest_client [req-2244d907-ba39-48ca-ae29-a68844f22541 req-2244d907-ba39-48ca-ae29-a68844f22541 ] Request (ServersTestMultiNic:test_verify_multiple_nics_order): 200 GET http://10.180.1.21/compute/v2.1/servers/78af8a87-17ed-4657-9f2f-4aa58d0b4427 0.055s
2025-11-27 02:31:34.350 66022 INFO tempest.lib.common.rest_client [req-eb22b8f9-058d-477c-9811-328ee6ed6971 req-eb22b8f9-058d-477c-9811-328ee6ed6971 ] Request (ServerRescueTestJSON:test_rescue_unrescue_instance): 200 GET http://10.180.1.21/compute/v2.1/servers/f0b4e9af-34d6-4778-8646-ed73ee013d03 0.097s
2025-11-27 02:31:34.403 66048 INFO tempest.lib.common.rest_client [req-0490805e-ad0e-4d70-9bd1-5a2be00396f3 req-0490805e-ad0e-4d70-9bd1-5a2be00396f3 ] Request (SecurityGroupsTestJSON:tearDownClass): 200 GET http://10.180.1.21/compute/v2.1/servers/9cf295fa-3194-41e3-a3e8-e6d579cd6975 0.082s
2025-11-27 02:31:34.444 66060 INFO tempest.lib.common.rest_client [req-375b7335-146e-473b-86d2-48f590abc097 req-375b7335-146e-473b-86d2-48f590abc097 ] Request (MultipleCreateTestJSON:test_multiple_create_with_reservation_return): 200 GET http://10.180.1.21/compute/v2.1/servers/b1ca6880-dc2a-4d4d-9fc0-d96e42675267 0.053s
2025-11-27 02:31:34.502 66052 INFO tempest.lib.common.rest_client [req-81e26301-9405-48d7-9d8d-7eb08466d851 req-81e26301-9405-48d7-9d8d-7eb08466d851 ] Request (ImagesOneServerNegativeTestJSON:_run_cleanups): 200 GET http://10.180.1.21/compute/v2.1/servers/0c2692db-1ad5-4d29-9fe3-27dbdb1935c0 0.056s
2025-11-27 02:31:34.633 66054 INFO tempest.lib.common.rest_client [req-e588ebdc-4c96-4d74-88d2-c05ba8f50bc8 req-e588ebdc-4c96-4d74-88d2-c05ba8f50bc8 ] Request (ServerShowV247Test:tearDownClass): 200 GET http://10.180.1.21/compute/v2.1/servers/48720752-7bd5-4d53-bcdf-aec0b8956094 0.073s
2025-11-27 02:31:34.699 66012 INFO tempest.lib.common.rest_client [req-f51782a4-a68f-4612-8f0f-0f76a8e43bc4 req-f51782a4-a68f-4612-8f0f-0f76a8e43bc4 ] Request (ImagesTestJSON:test_create_server_from_snapshot): 200 GET http://10.180.1.21/compute/v2.1/servers/9200dd22-5bf9-40aa-8c9a-3d36f12adfe7 0.059s
2025-11-27 02:31:34.745 66042 INFO tempest.lib.common.rest_client [req-66845bd5-c2e0-4b9a-9e3a-d415454102ba req-66845bd5-c2e0-4b9a-9e3a-d415454102ba ] Request (ListServersNegativeTestJSON:setUpClass): 200 GET http://10.180.1.21/compute/v2.1/servers/0667f773-b44b-48ba-948c-bc7897d0df79 0.114s
2025-11-27 02:31:34.783 66018 INFO tempest.lib.common.rest_client [req-736b48ad-ff46-4e26-81b9-2eb90263c24d req-736b48ad-ff46-4e26-81b9-2eb90263c24d ] Request (ListImageFiltersTestJSON:tearDownClass): 200 GET http://10.180.1.21/compute/v2.1/servers/f5cd9b60-b0b9-4209-a526-83ed09b072bc 0.080s
2025-11-27 02:31:34.883 66024 INFO tempest.lib.common.rest_client [req-3691bfac-9ee1-4ec4-b643-2e87176f13e5 req-3691bfac-9ee1-4ec4-b643-2e87176f13e5 ] Request (ServersNegativeTestJSON:setUpClass): 200 GET http://10.180.1.21/compute/v2.1/servers/da88beb8-d7db-48bf-bab5-aaa11c81230c 0.064s
2025-11-27 02:31:34.950 66068 INFO tempest.lib.common.rest_client [req-025013fc-d613-4e9a-b9a5-441c7e8406b0 req-025013fc-d613-4e9a-b9a5-441c7e8406b0 ] Request (ServerRescueNegativeTestJSON:test_rescued_vm_detach_volume): 200 GET http://10.180.1.21/compute/v2.1/servers/edf8969e-301d-4c57-b792-2c07d6c4250e 0.060s
2025-11-27 02:31:34.961 66032 INFO tempest.lib.common.rest_client [req-4f5410cf-cdfe-4fab-aa8d-1c5d804f8b6c req-4f5410cf-cdfe-4fab-aa8d-1c5d804f8b6c ] Request (ServersWithSpecificFlavorTestJSON:test_verify_created_server_ephemeral_disk): 200 GET http://10.180.1.21/compute/v2.1/servers/8bad4f41-93d3-4f50-abd4-ebfdf581e7f3 0.059s
2025-11-27 02:31:35.009 66010 INFO tempest.lib.common.rest_client [req-2e5d0f09-ef70-4733-8444-f98d74a13077 req-2e5d0f09-ef70-4733-8444-f98d74a13077 ] Request (MigrationsAdminTest:test_resize_server_revert_deleted_flavor): 200 GET http://10.180.1.21/compute/v2.1/servers/d4ba0f68-55bb-4193-b9e8-eefa3181d893 0.064s
2025-11-27 02:31:35.023 66046 INFO tempest.lib.common.rest_client [req-c675d8ec-c4c9-4a12-9dfd-2446e247239d req-c675d8ec-c4c9-4a12-9dfd-2446e247239d ] Request (ServersNegativeTestMultiTenantJSON:setUpClass): 200 GET http://10.180.1.21/compute/v2.1/servers/8ae47313-6535-4757-b25c-3f90e6af156a 0.054s
2025-11-27 02:31:35.091 66050 INFO tempest.lib.common.rest_client [req-abac71c8-277b-4770-8c25-584c7e27a90e req-abac71c8-277b-4770-8c25-584c7e27a90e ] Request (ServersAdminNegativeTestJSON:setUpClass): 200 GET http://10.180.1.21/compute/v2.1/servers/6d09de8b-7f48-44f3-bf12-9f2d75fa5f2a 0.071s
2025-11-27 02:31:35.109 66008 INFO tempest.lib.common.rest_client [req-af8dbfdb-c51a-426f-90ca-e5a96f89eb36 req-af8dbfdb-c51a-426f-90ca-e5a96f89eb36 ] Request (ServerDiskConfigTestJSON:test_resize_server_from_auto_to_manual): 200 GET http://10.180.1.21/compute/v2.1/servers/8a4f4d46-2506-47f1-bae6-2224dd011c61 0.072s
2025-11-27 02:31:35.207 66062 INFO tempest.lib.common.rest_client [req-41afe6f2-1f1b-4f76-b7d0-4d06f13d34dc req-41afe6f2-1f1b-4f76-b7d0-4d06f13d34dc ] Request (ServersAdminTestJSON:tearDownClass): 200 GET http://10.180.1.21/compute/v2.1/servers/f2082df5-ec95-423f-a5d6-b7f776be63ad 0.094s
2025-11-27 02:31:35.284 66056 INFO tempest.lib.common.rest_client [req-78d6ef75-36f9-4023-838a-c5b0950d9a6b req-78d6ef75-36f9-4023-838a-c5b0950d9a6b ] Request (ListServerFiltersTestJSON:tearDownClass): 200 GET http://10.180.1.21/compute/v2.1/servers/6451b8cc-cf73-49d3-977c-40812068b4fb 0.103s
2025-11-27 02:31:35.297 66058 INFO tempest.lib.common.rest_client [req-a3b93dbe-ee5c-421f-a972-5622d09685aa req-a3b93dbe-ee5c-421f-a972-5622d09685aa ] Request (AttachInterfacesTestJSON:test_create_list_show_delete_interfaces_by_network_port): 200 GET http://10.180.1.21/compute/v2.1/servers/c9808f35-3d79-4aa6-a414-c98635c1e33e 0.099s
2025-11-27 02:31:35.395 66030 INFO tempest.lib.common.rest_client [req-8a628511-cccc-4d65-9663-448eec00f02d req-8a628511-cccc-4d65-9663-448eec00f02d ] Request (ServersListShow298Test:tearDownClass): 200 GET http://10.180.1.21/compute/v2.1/servers/85377951-fc2a-47c9-9f82-7e6e9e33083d 0.080s
2025-11-27 02:31:35.439 66034 INFO tempest.lib.common.rest_client [req-1c33d49f-3829-4392-ad17-c26b9ceebe3e req-1c33d49f-3829-4392-ad17-c26b9ceebe3e ] Request (ServersTestMultiNic:test_verify_multiple_nics_order): 200 GET http://10.180.1.21/compute/v2.1/servers/78af8a87-17ed-4657-9f2f-4aa58d0b4427 0.083s
2025-11-27 02:31:35.548 66048 INFO tempest.lib.common.rest_client [req-e5f6beaa-360a-4cf0-8d77-61289c019842 req-e5f6beaa-360a-4cf0-8d77-61289c019842 ] Request (SecurityGroupsTestJSON:tearDownClass): 200 GET http://10.180.1.21/compute/v2.1/servers/9cf295fa-3194-41e3-a3e8-e6d579cd6975 0.137s
2025-11-27 02:31:35.581 66022 INFO tempest.lib.common.rest_client [req-5bc63732-90df-4c97-a629-56b20512e0b3 req-5bc63732-90df-4c97-a629-56b20512e0b3 ] Request (ServerRescueTestJSON:test_rescue_unrescue_instance): 200 GET http://10.180.1.21/compute/v2.1/servers/f0b4e9af-34d6-4778-8646-ed73ee013d03 0.224s
2025-11-27 02:31:35.640 66052 INFO tempest.lib.common.rest_client [req-a6c47af7-f695-4f7f-a395-80cfe0c236ac req-a6c47af7-f695-4f7f-a395-80cfe0c236ac ] Request (ImagesOneServerNegativeTestJSON:_run_cleanups): 200 GET http://10.180.1.21/compute/v2.1/servers/0c2692db-1ad5-4d29-9fe3-27dbdb1935c0 0.130s
2025-11-27 02:31:35.666 66060 INFO tempest.lib.common.rest_client [req-1c55779c-cb4b-4031-858c-a5dfad192b2c req-1c55779c-cb4b-4031-858c-a5dfad192b2c ] Request (MultipleCreateTestJSON:test_multiple_create_with_reservation_return): 200 GET http://10.180.1.21/compute/v2.1/servers/b1ca6880-dc2a-4d4d-9fc0-d96e42675267 0.214s
2025-11-27 02:31:35.676 66060 INFO tempest.common.waiters [-] State transition "BUILD/None" ==> "BUILD/block_device_mapping" after 50 second wait
2025-11-27 02:31:35.772 66026 WARNING tempest.lib.common.ssh [-] Failed to establish authenticated ssh connection to cirros@10.180.180.216 ([Errno None] Unable to connect to port 22 on 10.180.180.216). Number attempts: 3. Retry after 4 seconds.: paramiko.ssh_exception.NoValidConnectionsError: [Errno None] Unable to connect to port 22 on 10.180.180.216
2025-11-27 02:31:35.790 66028 WARNING tempest.lib.common.ssh [-] Failed to establish authenticated ssh connection to cirros@10.180.180.226 ([Errno None] Unable to connect to port 22 on 10.180.180.226). Number attempts: 3. Retry after 4 seconds.: paramiko.ssh_exception.NoValidConnectionsError: [Errno None] Unable to connect to port 22 on 10.180.180.226
2025-11-27 02:31:36.207 66054 INFO tempest.lib.common.rest_client [req-1bb09a01-e524-4983-a208-4561ce2080a5 req-1bb09a01-e524-4983-a208-4561ce2080a5 ] Request (ServerShowV247Test:tearDownClass): 200 GET http://10.180.1.21/compute/v2.1/servers/48720752-7bd5-4d53-bcdf-aec0b8956094 0.564s
2025-11-27 02:31:36.268 66012 INFO tempest.lib.common.rest_client [req-62c9bddb-434d-4a20-bae3-6476693d4e25 req-62c9bddb-434d-4a20-bae3-6476693d4e25 ] Request (ImagesTestJSON:test_create_server_from_snapshot): 200 GET http://10.180.1.21/compute/v2.1/servers/9200dd22-5bf9-40aa-8c9a-3d36f12adfe7 0.562s
2025-11-27 02:31:36.574 66042 INFO tempest.lib.common.rest_client [req-ab02fc95-46f6-4ed4-8a6a-13bed96e5194 req-ab02fc95-46f6-4ed4-8a6a-13bed96e5194 ] Request (ListServersNegativeTestJSON:setUpClass): 200 GET http://10.180.1.21/compute/v2.1/servers/0667f773-b44b-48ba-948c-bc7897d0df79 0.820s
2025-11-27 02:31:36.583 66018 INFO tempest.lib.common.rest_client [req-256f1144-d594-4d0b-b642-2b9f49e19292 req-256f1144-d594-4d0b-b642-2b9f49e19292 ] Request (ListImageFiltersTestJSON:tearDownClass): 200 GET http://10.180.1.21/compute/v2.1/servers/f5cd9b60-b0b9-4209-a526-83ed09b072bc 0.790s
2025-11-27 02:31:36.635 66024 INFO tempest.lib.common.rest_client [req-e01be986-1867-45d4-8efe-dfa98a8aa7fd req-e01be986-1867-45d4-8efe-dfa98a8aa7fd ] Request (ServersNegativeTestJSON:setUpClass): 200 GET http://10.180.1.21/compute/v2.1/servers/da88beb8-d7db-48bf-bab5-aaa11c81230c 0.744s
2025-11-27 02:31:36.646 66068 INFO tempest.lib.common.rest_client [req-4930a495-f3ef-45d6-886f-39a69d896798 req-4930a495-f3ef-45d6-886f-39a69d896798 ] Request (ServerRescueNegativeTestJSON:test_rescued_vm_detach_volume): 200 GET http://10.180.1.21/compute/v2.1/servers/edf8969e-301d-4c57-b792-2c07d6c4250e 0.686s
2025-11-27 02:31:36.691 66032 INFO tempest.lib.common.rest_client [req-2af895a7-85ff-44ed-9f9a-ffc9a86367a4 req-2af895a7-85ff-44ed-9f9a-ffc9a86367a4 ] Request (ServersWithSpecificFlavorTestJSON:test_verify_created_server_ephemeral_disk): 200 GET http://10.180.1.21/compute/v2.1/servers/8bad4f41-93d3-4f50-abd4-ebfdf581e7f3 0.722s
2025-11-27 02:31:36.708 66010 INFO tempest.lib.common.rest_client [req-a7673504-ca20-497b-abd2-284855ad55e2 req-a7673504-ca20-497b-abd2-284855ad55e2 ] Request (MigrationsAdminTest:test_resize_server_revert_deleted_flavor): 200 GET http://10.180.1.21/compute/v2.1/servers/d4ba0f68-55bb-4193-b9e8-eefa3181d893 0.692s
2025-11-27 02:31:36.765 66046 INFO tempest.lib.common.rest_client [req-74983caa-f013-499d-8f23-2b46e0f51fa7 req-74983caa-f013-499d-8f23-2b46e0f51fa7 ] Request (ServersNegativeTestMultiTenantJSON:setUpClass): 200 GET http://10.180.1.21/compute/v2.1/servers/8ae47313-6535-4757-b25c-3f90e6af156a 0.734s
2025-11-27 02:31:36.784 66050 INFO tempest.lib.common.rest_client [req-b0b14078-fc24-4bb7-ad88-7d3e5d3a2b0e req-b0b14078-fc24-4bb7-ad88-7d3e5d3a2b0e ] Request (ServersAdminNegativeTestJSON:setUpClass): 200 GET http://10.180.1.21/compute/v2.1/servers/6d09de8b-7f48-44f3-bf12-9f2d75fa5f2a 0.685s
2025-11-27 02:31:36.846 66008 INFO tempest.lib.common.rest_client [req-121f4b02-df2a-4655-864d-43070901bfaf req-121f4b02-df2a-4655-864d-43070901bfaf ] Request (ServerDiskConfigTestJSON:test_resize_server_from_auto_to_manual): 200 GET http://10.180.1.21/compute/v2.1/servers/8a4f4d46-2506-47f1-bae6-2224dd011c61 0.723s
2025-11-27 02:31:36.894 66062 INFO tempest.lib.common.rest_client [req-b43e6ade-aa27-4229-824c-92679b57dde4 req-b43e6ade-aa27-4229-824c-92679b57dde4 ] Request (ServersAdminTestJSON:tearDownClass): 200 GET http://10.180.1.21/compute/v2.1/servers/f2082df5-ec95-423f-a5d6-b7f776be63ad 0.678s
2025-11-27 02:31:36.916 66056 INFO tempest.lib.common.rest_client [req-0c97c223-a781-4f69-8ab8-da1f86b2db34 req-0c97c223-a781-4f69-8ab8-da1f86b2db34 ] Request (ListServerFiltersTestJSON:tearDownClass): 200 GET http://10.180.1.21/compute/v2.1/servers/6451b8cc-cf73-49d3-977c-40812068b4fb 0.624s
2025-11-27 02:31:36.955 66058 INFO tempest.lib.common.rest_client [req-719319fa-6c5c-4eef-8f40-f35c0cdae84e req-719319fa-6c5c-4eef-8f40-f35c0cdae84e ] Request (AttachInterfacesTestJSON:test_create_list_show_delete_interfaces_by_network_port): 200 GET http://10.180.1.21/compute/v2.1/servers/c9808f35-3d79-4aa6-a414-c98635c1e33e 0.647s
2025-11-27 02:31:36.990 66030 INFO tempest.lib.common.rest_client [req-c73599b0-d3e0-4f18-816b-59a91a2d227c req-c73599b0-d3e0-4f18-816b-59a91a2d227c ] Request (ServersListShow298Test:tearDownClass): 200 GET http://10.180.1.21/compute/v2.1/servers/85377951-fc2a-47c9-9f82-7e6e9e33083d 0.584s
2025-11-27 02:31:37.007 66034 INFO tempest.lib.common.rest_client [req-17e1326a-cca2-4403-a9c6-244f9e78f87f req-17e1326a-cca2-4403-a9c6-244f9e78f87f ] Request (ServersTestMultiNic:test_verify_multiple_nics_order): 200 GET http://10.180.1.21/compute/v2.1/servers/78af8a87-17ed-4657-9f2f-4aa58d0b4427 0.560s
2025-11-27 02:31:37.053 66048 INFO tempest.lib.common.rest_client [req-93031ed2-9e74-43aa-b351-5b9286a078e6 req-93031ed2-9e74-43aa-b351-5b9286a078e6 ] Request (SecurityGroupsTestJSON:tearDownClass): 200 GET http://10.180.1.21/compute/v2.1/servers/9cf295fa-3194-41e3-a3e8-e6d579cd6975 0.497s
2025-11-27 02:31:37.107 66022 INFO tempest.lib.common.rest_client [req-cb92eec7-b6ef-49bf-81cb-830fef979a17 req-cb92eec7-b6ef-49bf-81cb-830fef979a17 ] Request (ServerRescueTestJSON:test_rescue_unrescue_instance): 200 GET http://10.180.1.21/compute/v2.1/servers/f0b4e9af-34d6-4778-8646-ed73ee013d03 0.519s
2025-11-27 02:31:37.110 66052 INFO tempest.lib.common.rest_client [req-0638734a-a68e-467d-a0ca-00e1d6f0117e req-0638734a-a68e-467d-a0ca-00e1d6f0117e ] Request (ImagesOneServerNegativeTestJSON:_run_cleanups): 200 GET http://10.180.1.21/compute/v2.1/servers/0c2692db-1ad5-4d29-9fe3-27dbdb1935c0 0.456s
2025-11-27 02:31:37.115 66022 INFO tempest.common.waiters [-] State transition "BUILD/spawning" ==> "ACTIVE/None" after 63 second wait
2025-11-27 02:31:37.199 66060 INFO tempest.lib.common.rest_client [req-8ac5b6b2-312b-4ae9-a77a-2169838ec957 req-8ac5b6b2-312b-4ae9-a77a-2169838ec957 ] Request (MultipleCreateTestJSON:test_multiple_create_with_reservation_return): 200 GET http://10.180.1.21/compute/v2.1/servers/b1ca6880-dc2a-4d4d-9fc0-d96e42675267 0.522s
2025-11-27 02:31:37.201 66022 INFO tempest.lib.common.rest_client [req-32e8de1e-79eb-4261-a3df-fcd39e7d5f2b req-32e8de1e-79eb-4261-a3df-fcd39e7d5f2b ] Request (ServerRescueTestJSON:test_rescue_unrescue_instance): 200 POST http://10.180.1.21/compute/v2.1/servers/f0b4e9af-34d6-4778-8646-ed73ee013d03/action 0.085s
2025-11-27 02:31:37.207 66060 INFO tempest.common.waiters [-] State transition "BUILD/block_device_mapping" ==> "BUILD/spawning" after 52 second wait
2025-11-27 02:31:37.281 66054 INFO tempest.lib.common.rest_client [req-a4ca516b-c018-4df0-9254-08bb01f7089d req-a4ca516b-c018-4df0-9254-08bb01f7089d ] Request (ServerShowV247Test:tearDownClass): 200 GET http://10.180.1.21/compute/v2.1/servers/48720752-7bd5-4d53-bcdf-aec0b8956094 0.062s
2025-11-27 02:31:37.294 66022 INFO tempest.lib.common.rest_client [req-f7e16c4d-b0ca-4144-bdbd-d61cd72834d6 req-f7e16c4d-b0ca-4144-bdbd-d61cd72834d6 ] Request (ServerRescueTestJSON:test_rescue_unrescue_instance): 200 GET http://10.180.1.21/compute/v2.1/servers/f0b4e9af-34d6-4778-8646-ed73ee013d03 0.092s
2025-11-27 02:31:37.334 66012 INFO tempest.lib.common.rest_client [req-163dbe92-d6b9-43dd-9805-59048dc337e9 req-163dbe92-d6b9-43dd-9805-59048dc337e9 ] Request (ImagesTestJSON:test_create_server_from_snapshot): 200 GET http://10.180.1.21/compute/v2.1/servers/9200dd22-5bf9-40aa-8c9a-3d36f12adfe7 0.058s
2025-11-27 02:31:37.640 66042 INFO tempest.lib.common.rest_client [req-4e57a57c-da63-4178-ae0c-9f800e64364a req-4e57a57c-da63-4178-ae0c-9f800e64364a ] Request (ListServersNegativeTestJSON:setUpClass): 200 GET http://10.180.1.21/compute/v2.1/servers/0667f773-b44b-48ba-948c-bc7897d0df79 0.058s
2025-11-27 02:31:37.646 66042 INFO tempest.common.waiters [-] State transition "ACTIVE/deleting" ==> "DELETED/None" after 4 second wait
2025-11-27 02:31:37.654 66018 INFO tempest.lib.common.rest_client [req-3a3db6aa-ff64-4631-a036-5c6ee7f15a60 req-3a3db6aa-ff64-4631-a036-5c6ee7f15a60 ] Request (ListImageFiltersTestJSON:tearDownClass): 200 GET http://10.180.1.21/compute/v2.1/servers/f5cd9b60-b0b9-4209-a526-83ed09b072bc 0.061s
2025-11-27 02:31:37.697 66024 INFO tempest.lib.common.rest_client [req-c4cf1e25-fa60-418b-8472-d78fd7591257 req-c4cf1e25-fa60-418b-8472-d78fd7591257 ] Request (ServersNegativeTestJSON:setUpClass): 200 GET http://10.180.1.21/compute/v2.1/servers/da88beb8-d7db-48bf-bab5-aaa11c81230c 0.055s
2025-11-27 02:31:37.714 66068 INFO tempest.lib.common.rest_client [req-65176745-b36f-4989-9c9c-a3988b57b4c1 req-65176745-b36f-4989-9c9c-a3988b57b4c1 ] Request (ServerRescueNegativeTestJSON:test_rescued_vm_detach_volume): 200 GET http://10.180.1.21/compute/v2.1/servers/edf8969e-301d-4c57-b792-2c07d6c4250e 0.057s
2025-11-27 02:31:37.756 66032 INFO tempest.lib.common.rest_client [req-9d51802e-ce13-4b63-aa60-2949a735acd5 req-9d51802e-ce13-4b63-aa60-2949a735acd5 ] Request (ServersWithSpecificFlavorTestJSON:test_verify_created_server_ephemeral_disk): 200 GET http://10.180.1.21/compute/v2.1/servers/8bad4f41-93d3-4f50-abd4-ebfdf581e7f3 0.057s
2025-11-27 02:31:37.782 66010 INFO tempest.lib.common.rest_client [req-7aa02912-cb58-46f6-9bc8-8002e84f580a req-7aa02912-cb58-46f6-9bc8-8002e84f580a ] Request (MigrationsAdminTest:test_resize_server_revert_deleted_flavor): 200 GET http://10.180.1.21/compute/v2.1/servers/d4ba0f68-55bb-4193-b9e8-eefa3181d893 0.065s
2025-11-27 02:31:37.830 66046 INFO tempest.lib.common.rest_client [req-dbb09f4d-fd55-4cbb-8aa3-bdd90d14d0b8 req-dbb09f4d-fd55-4cbb-8aa3-bdd90d14d0b8 ] Request (ServersNegativeTestMultiTenantJSON:setUpClass): 200 GET http://10.180.1.21/compute/v2.1/servers/8ae47313-6535-4757-b25c-3f90e6af156a 0.055s
2025-11-27 02:31:37.845 66050 INFO tempest.lib.common.rest_client [req-e8bf301e-9f21-4a0e-9afe-d04c222742bc req-e8bf301e-9f21-4a0e-9afe-d04c222742bc ] Request (ServersAdminNegativeTestJSON:setUpClass): 200 GET http://10.180.1.21/compute/v2.1/servers/6d09de8b-7f48-44f3-bf12-9f2d75fa5f2a 0.052s
2025-11-27 02:31:37.908 66008 INFO tempest.lib.common.rest_client [req-d388a27e-9dcc-4be2-acbf-22ba11f9d70a req-d388a27e-9dcc-4be2-acbf-22ba11f9d70a ] Request (ServerDiskConfigTestJSON:test_resize_server_from_auto_to_manual): 200 GET http://10.180.1.21/compute/v2.1/servers/8a4f4d46-2506-47f1-bae6-2224dd011c61 0.051s
2025-11-27 02:31:37.970 66062 INFO tempest.lib.common.rest_client [req-d076d497-f25f-42f8-946c-8b775d933d1c req-d076d497-f25f-42f8-946c-8b775d933d1c ] Request (ServersAdminTestJSON:tearDownClass): 200 GET http://10.180.1.21/compute/v2.1/servers/f2082df5-ec95-423f-a5d6-b7f776be63ad 0.069s
2025-11-27 02:31:37.989 66056 INFO tempest.lib.common.rest_client [req-b22677e4-79f4-470f-b365-118a9ceace1b req-b22677e4-79f4-470f-b365-118a9ceace1b ] Request (ListServerFiltersTestJSON:tearDownClass): 200 GET http://10.180.1.21/compute/v2.1/servers/6451b8cc-cf73-49d3-977c-40812068b4fb 0.065s
2025-11-27 02:31:38.048 66058 INFO tempest.lib.common.rest_client [req-8be0f4a7-a6f3-40a8-99fd-059ed5082918 req-8be0f4a7-a6f3-40a8-99fd-059ed5082918 ] Request (AttachInterfacesTestJSON:test_create_list_show_delete_interfaces_by_network_port): 200 GET http://10.180.1.21/compute/v2.1/servers/c9808f35-3d79-4aa6-a414-c98635c1e33e 0.085s
2025-11-27 02:31:38.089 66030 INFO tempest.lib.common.rest_client [req-dbb6d11c-215f-4682-81ae-4a0f865d2db2 req-dbb6d11c-215f-4682-81ae-4a0f865d2db2 ] Request (ServersListShow298Test:tearDownClass): 200 GET http://10.180.1.21/compute/v2.1/servers/85377951-fc2a-47c9-9f82-7e6e9e33083d 0.087s
2025-11-27 02:31:38.121 66034 INFO tempest.lib.common.rest_client [req-c31bd3c1-6e53-4954-9a3d-2ffdfe1f2ceb req-c31bd3c1-6e53-4954-9a3d-2ffdfe1f2ceb ] Request (ServersTestMultiNic:test_verify_multiple_nics_order): 200 GET http://10.180.1.21/compute/v2.1/servers/78af8a87-17ed-4657-9f2f-4aa58d0b4427 0.106s
2025-11-27 02:31:38.166 66048 INFO tempest.lib.common.rest_client [req-03b8dc00-61a7-4885-92f2-ac5b3536c4b5 req-03b8dc00-61a7-4885-92f2-ac5b3536c4b5 ] Request (SecurityGroupsTestJSON:tearDownClass): 200 GET http://10.180.1.21/compute/v2.1/servers/9cf295fa-3194-41e3-a3e8-e6d579cd6975 0.105s
2025-11-27 02:31:38.378 66052 INFO tempest.lib.common.rest_client [req-4616991a-bcbe-47b3-a006-a04772d391d5 req-4616991a-bcbe-47b3-a006-a04772d391d5 ] Request (ImagesOneServerNegativeTestJSON:_run_cleanups): 200 GET http://10.180.1.21/compute/v2.1/servers/0c2692db-1ad5-4d29-9fe3-27dbdb1935c0 0.260s
2025-11-27 02:31:38.385 66052 INFO tempest.common.waiters [-] State transition "BUILD/None" ==> "BUILD/networking" after 50 second wait
2025-11-27 02:31:38.445 66060 INFO tempest.lib.common.rest_client [req-6b26d115-ce87-4a1d-916d-a14d48a0b0e5 req-6b26d115-ce87-4a1d-916d-a14d48a0b0e5 ] Request (MultipleCreateTestJSON:test_multiple_create_with_reservation_return): 200 GET http://10.180.1.21/compute/v2.1/servers/b1ca6880-dc2a-4d4d-9fc0-d96e42675267 0.238s
2025-11-27 02:31:38.480 66054 INFO tempest.lib.common.rest_client [req-79ac7808-5e1d-45ff-8402-aacd783bb867 req-79ac7808-5e1d-45ff-8402-aacd783bb867 ] Request (ServerShowV247Test:tearDownClass): 200 GET http://10.180.1.21/compute/v2.1/servers/48720752-7bd5-4d53-bcdf-aec0b8956094 0.190s
2025-11-27 02:31:38.568 66012 INFO tempest.lib.common.rest_client [req-ec51f53b-455b-4f37-9ea4-189d4646ff51 req-ec51f53b-455b-4f37-9ea4-189d4646ff51 ] Request (ImagesTestJSON:test_create_server_from_snapshot): 200 GET http://10.180.1.21/compute/v2.1/servers/9200dd22-5bf9-40aa-8c9a-3d36f12adfe7 0.227s
2025-11-27 02:31:38.575 66012 INFO tempest.common.waiters [-] State transition "BUILD/scheduling" ==> "BUILD/None" after 33 second wait
2025-11-27 02:31:38.629 66022 INFO tempest.lib.common.rest_client [req-fa1e8aa5-6b46-4179-920e-4ebce4b35d11 req-fa1e8aa5-6b46-4179-920e-4ebce4b35d11 ] Request (ServerRescueTestJSON:test_rescue_unrescue_instance): 200 GET http://10.180.1.21/compute/v2.1/servers/f0b4e9af-34d6-4778-8646-ed73ee013d03 0.326s
2025-11-27 02:31:38.718 66042 INFO tempest.lib.common.rest_client [req-6fc97e4f-4e67-443b-9e1c-4bed03139abb req-6fc97e4f-4e67-443b-9e1c-4bed03139abb ] Request (ListServersNegativeTestJSON:setUpClass): 200 GET http://10.180.1.21/compute/v2.1/servers/0667f773-b44b-48ba-948c-bc7897d0df79 0.071s
2025-11-27 02:31:38.741 66018 INFO tempest.lib.common.rest_client [req-4360c171-6e7b-492d-a35a-65d6d8441d39 req-4360c171-6e7b-492d-a35a-65d6d8441d39 ] Request (ListImageFiltersTestJSON:tearDownClass): 200 GET http://10.180.1.21/compute/v2.1/servers/f5cd9b60-b0b9-4209-a526-83ed09b072bc 0.079s
2025-11-27 02:31:38.782 66024 INFO tempest.lib.common.rest_client [req-00ac2c44-e712-40ef-a56d-b9f308a7005e req-00ac2c44-e712-40ef-a56d-b9f308a7005e ] Request (ServersNegativeTestJSON:setUpClass): 200 GET http://10.180.1.21/compute/v2.1/servers/da88beb8-d7db-48bf-bab5-aaa11c81230c 0.075s
2025-11-27 02:31:38.797 66068 INFO tempest.lib.common.rest_client [req-147c7ff6-38ff-4412-beb0-72146b0d797e req-147c7ff6-38ff-4412-beb0-72146b0d797e ] Request (ServerRescueNegativeTestJSON:test_rescued_vm_detach_volume): 200 GET http://10.180.1.21/compute/v2.1/servers/edf8969e-301d-4c57-b792-2c07d6c4250e 0.075s
2025-11-27 02:31:38.840 66032 INFO tempest.lib.common.rest_client [req-2653363e-77d0-4993-bf47-20d716ab9fae req-2653363e-77d0-4993-bf47-20d716ab9fae ] Request (ServersWithSpecificFlavorTestJSON:test_verify_created_server_ephemeral_disk): 200 GET http://10.180.1.21/compute/v2.1/servers/8bad4f41-93d3-4f50-abd4-ebfdf581e7f3 0.075s
2025-11-27 02:31:38.854 66010 INFO tempest.lib.common.rest_client [req-30eacaf1-bbf9-48ed-82a9-cf4f4a87ae65 req-30eacaf1-bbf9-48ed-82a9-cf4f4a87ae65 ] Request (MigrationsAdminTest:test_resize_server_revert_deleted_flavor): 200 GET http://10.180.1.21/compute/v2.1/servers/d4ba0f68-55bb-4193-b9e8-eefa3181d893 0.065s
2025-11-27 02:31:38.912 66046 INFO tempest.lib.common.rest_client [req-1a9d93a0-45f9-41c0-962e-c9c4f1e48589 req-1a9d93a0-45f9-41c0-962e-c9c4f1e48589 ] Request (ServersNegativeTestMultiTenantJSON:setUpClass): 200 GET http://10.180.1.21/compute/v2.1/servers/8ae47313-6535-4757-b25c-3f90e6af156a 0.075s
2025-11-27 02:31:38.927 66050 INFO tempest.lib.common.rest_client [req-af74fe6b-c141-43fc-9207-a89ac9fd8ac5 req-af74fe6b-c141-43fc-9207-a89ac9fd8ac5 ] Request (ServersAdminNegativeTestJSON:setUpClass): 200 GET http://10.180.1.21/compute/v2.1/servers/6d09de8b-7f48-44f3-bf12-9f2d75fa5f2a 0.074s
2025-11-27 02:31:38.972 66008 INFO tempest.lib.common.rest_client [req-20f7ff84-b1ab-4652-b7ad-b36278315ac5 req-20f7ff84-b1ab-4652-b7ad-b36278315ac5 ] Request (ServerDiskConfigTestJSON:test_resize_server_from_auto_to_manual): 200 GET http://10.180.1.21/compute/v2.1/servers/8a4f4d46-2506-47f1-bae6-2224dd011c61 0.056s
2025-11-27 02:31:39.048 66062 INFO tempest.lib.common.rest_client [req-f44b86d3-932d-495e-8661-20d2831d9076 req-f44b86d3-932d-495e-8661-20d2831d9076 ] Request (ServersAdminTestJSON:tearDownClass): 200 GET http://10.180.1.21/compute/v2.1/servers/f2082df5-ec95-423f-a5d6-b7f776be63ad 0.070s
2025-11-27 02:31:39.066 66056 INFO tempest.lib.common.rest_client [req-0139acfe-0a03-4154-b77f-d0a2bdbbb902 req-0139acfe-0a03-4154-b77f-d0a2bdbbb902 ] Request (ListServerFiltersTestJSON:tearDownClass): 200 GET http://10.180.1.21/compute/v2.1/servers/6451b8cc-cf73-49d3-977c-40812068b4fb 0.069s
2025-11-27 02:31:39.114 66058 INFO tempest.lib.common.rest_client [req-4288e248-6add-4bfa-85f9-a2d9d4bacc8b req-4288e248-6add-4bfa-85f9-a2d9d4bacc8b ] Request (AttachInterfacesTestJSON:test_create_list_show_delete_interfaces_by_network_port): 200 GET http://10.180.1.21/compute/v2.1/servers/c9808f35-3d79-4aa6-a414-c98635c1e33e 0.057s
2025-11-27 02:31:39.183 66030 INFO tempest.lib.common.rest_client [req-26685dd4-fbb8-4072-827a-a24dcfd6ffd0 req-26685dd4-fbb8-4072-827a-a24dcfd6ffd0 ] Request (ServersListShow298Test:tearDownClass): 200 GET http://10.180.1.21/compute/v2.1/servers/85377951-fc2a-47c9-9f82-7e6e9e33083d 0.082s
2025-11-27 02:31:39.193 66034 INFO tempest.lib.common.rest_client [req-e00a2719-ec8a-4ae4-bffc-8d094ef3fde0 req-e00a2719-ec8a-4ae4-bffc-8d094ef3fde0 ] Request (ServersTestMultiNic:test_verify_multiple_nics_order): 200 GET http://10.180.1.21/compute/v2.1/servers/78af8a87-17ed-4657-9f2f-4aa58d0b4427 0.062s
2025-11-27 02:31:39.259 66048 INFO tempest.lib.common.rest_client [req-ef12d0b4-6e91-43dd-8f8c-7683411ac2c6 req-ef12d0b4-6e91-43dd-8f8c-7683411ac2c6 ] Request (SecurityGroupsTestJSON:tearDownClass): 200 GET http://10.180.1.21/compute/v2.1/servers/9cf295fa-3194-41e3-a3e8-e6d579cd6975 0.085s
2025-11-27 02:31:39.491 66052 INFO tempest.lib.common.rest_client [req-fc397fcb-d509-4f4b-92e1-1cf64038424a req-fc397fcb-d509-4f4b-92e1-1cf64038424a ] Request (ImagesOneServerNegativeTestJSON:_run_cleanups): 200 GET http://10.180.1.21/compute/v2.1/servers/0c2692db-1ad5-4d29-9fe3-27dbdb1935c0 0.105s
2025-11-27 02:31:39.502 66052 INFO tempest.common.waiters [-] State transition "BUILD/networking" ==> "BUILD/spawning" after 51 second wait
2025-11-27 02:31:39.553 66060 INFO tempest.lib.common.rest_client [req-7b99f856-19d7-4932-8220-d60b49565c48 req-7b99f856-19d7-4932-8220-d60b49565c48 ] Request (MultipleCreateTestJSON:test_multiple_create_with_reservation_return): 200 GET http://10.180.1.21/compute/v2.1/servers/b1ca6880-dc2a-4d4d-9fc0-d96e42675267 0.097s
2025-11-27 02:31:39.569 66054 INFO tempest.lib.common.rest_client [req-759fff8d-cd84-406e-837f-5cf40d91ad51 req-759fff8d-cd84-406e-837f-5cf40d91ad51 ] Request (ServerShowV247Test:tearDownClass): 200 GET http://10.180.1.21/compute/v2.1/servers/48720752-7bd5-4d53-bcdf-aec0b8956094 0.078s
