2025-11-27 02:31:22.625 66062 INFO tempest.lib.common.rest_client [req-78f0d8b9-8bf0-46a2-a86e-2cf4607f8993 req-78f0d8b9-8bf0-46a2-a86e-2cf4607f8993 ] Request (ServersAdminTestJSON:tearDownClass): 200 GET http://10.180.1.21/compute/v2.1/servers/f2082df5-ec95-423f-a5d6-b7f776be63ad 0.094s
2025-11-27 02:31:22.632 66056 INFO tempest.lib.common.rest_client [req-19e2dc76-2887-4ea0-9437-1a6881f7df08 req-19e2dc76-2887-4ea0-9437-1a6881f7df08 ] Request (ListServerFiltersTestJSON:tearDownClass): 200 GET http://10.180.1.21/compute/v2.1/servers/6451b8cc-cf73-49d3-977c-40812068b4fb 0.066s
2025-11-27 02:31:22.680 66022 INFO tempest.lib.common.rest_client [req-3b7d82e6-1717-44d3-b9a7-a96b8a840cf2 req-3b7d82e6-1717-44d3-b9a7-a96b8a840cf2 ] Request (ServerRescueTestJSON:test_rescue_unrescue_instance): 200 GET http://10.180.1.21/compute/v2.1/servers/f0b4e9af-34d6-4778-8646-ed73ee013d03 0.090s
2025-11-27 02:31:22.730 66030 INFO tempest.lib.common.rest_client [req-94940eb8-65be-474d-a042-8d0c006ef174 req-94940eb8-65be-474d-a042-8d0c006ef174 ] Request (ServersListShow298Test:tearDownClass): 200 GET http://10.180.1.21/compute/v2.1/servers/85377951-fc2a-47c9-9f82-7e6e9e33083d 0.077s
2025-11-27 02:31:22.744 66058 INFO tempest.lib.common.rest_client [req-7c0d1a2d-f943-4438-87c7-0dc75da99b55 req-7c0d1a2d-f943-4438-87c7-0dc75da99b55 ] Request (AttachInterfacesTestJSON:test_create_list_show_delete_interfaces_by_network_port): 200 GET http://10.180.1.21/compute/v2.1/servers/c9808f35-3d79-4aa6-a414-c98635c1e33e 0.090s
2025-11-27 02:31:22.839 66048 INFO tempest.lib.common.rest_client [req-27c1a55f-c81d-4ef1-b712-36f927b9e4e6 req-27c1a55f-c81d-4ef1-b712-36f927b9e4e6 ] Request (SecurityGroupsTestJSON:tearDownClass): 200 GET http://10.180.1.21/compute/v2.1/servers/9cf295fa-3194-41e3-a3e8-e6d579cd6975 0.118s
2025-11-27 02:31:22.877 66042 INFO tempest.lib.common.rest_client [req-442e3e27-2326-4333-a607-06ec43a0084f req-442e3e27-2326-4333-a607-06ec43a0084f ] Request (ListServersNegativeTestJSON:setUpClass): 200 GET http://10.180.1.21/compute/v2.1/servers/4ce27896-0f26-4ab4-8e41-d8c0011b92da 0.167s
2025-11-27 02:31:22.885 66042 INFO tempest.common.waiters [-] State transition "BUILD/None" ==> "BUILD/networking" after 52 second wait
2025-11-27 02:31:22.926 66034 INFO tempest.lib.common.rest_client [req-1b4b0f0d-a9a9-4bc4-9d30-4c06039e7c97 req-1b4b0f0d-a9a9-4bc4-9d30-4c06039e7c97 ] Request (ServersTestMultiNic:test_verify_multiple_nics_order): 200 GET http://10.180.1.21/compute/v2.1/servers/78af8a87-17ed-4657-9f2f-4aa58d0b4427 0.152s
2025-11-27 02:31:22.944 66052 INFO tempest.lib.common.rest_client [req-06536406-9f4d-45e0-b253-6387f0e2d63e req-06536406-9f4d-45e0-b253-6387f0e2d63e ] Request (ImagesOneServerNegativeTestJSON:_run_cleanups): 200 GET http://10.180.1.21/compute/v2.1/servers/0c2692db-1ad5-4d29-9fe3-27dbdb1935c0 0.169s
2025-11-27 02:31:22.989 66060 INFO tempest.lib.common.rest_client [req-d38d2f81-8b44-4b72-aed1-6a87bc43cffd req-d38d2f81-8b44-4b72-aed1-6a87bc43cffd ] Request (MultipleCreateTestJSON:test_multiple_create_with_reservation_return): 200 GET http://10.180.1.21/compute/v2.1/servers/b1ca6880-dc2a-4d4d-9fc0-d96e42675267 0.159s
2025-11-27 02:31:23.025 66054 INFO tempest.lib.common.rest_client [req-70d2ab5e-78d3-441a-bede-24a4c4873ba9 req-70d2ab5e-78d3-441a-bede-24a4c4873ba9 ] Request (ServerShowV247Test:tearDownClass): 200 GET http://10.180.1.21/compute/v2.1/servers/48720752-7bd5-4d53-bcdf-aec0b8956094 0.185s
2025-11-27 02:31:23.069 66024 INFO tempest.lib.common.rest_client [req-387ec6bb-2a7a-4322-bbec-a89d42ec384d req-387ec6bb-2a7a-4322-bbec-a89d42ec384d ] Request (ServerTagsTestJSON:tearDownClass): 200 GET http://10.180.1.21/compute/v2.1/servers/6468132b-40ef-42ba-8a3d-93ab97ac6ae6 0.176s
2025-11-27 02:31:23.110 66018 INFO tempest.lib.common.rest_client [req-f63008ee-cb58-4e80-82f9-42550b5c761d req-f63008ee-cb58-4e80-82f9-42550b5c761d ] Request (ListImageFiltersTestJSON:tearDownClass): 200 GET http://10.180.1.21/compute/v2.1/servers/f5cd9b60-b0b9-4209-a526-83ed09b072bc 0.195s
2025-11-27 02:31:23.136 66012 INFO tempest.lib.common.rest_client [req-fd56833b-5076-493c-9c02-0d75b78409fd req-fd56833b-5076-493c-9c02-0d75b78409fd ] Request (ImagesTestJSON:test_create_server_from_snapshot): 200 GET http://10.180.1.21/compute/v2.1/servers/9200dd22-5bf9-40aa-8c9a-3d36f12adfe7 0.192s
2025-11-27 02:31:23.172 66068 INFO tempest.lib.common.rest_client [req-195af233-d1dd-4171-b712-ecc3b1723c13 req-195af233-d1dd-4171-b712-ecc3b1723c13 ] Request (ServerRescueNegativeTestJSON:test_rescued_vm_detach_volume): 200 GET http://10.180.1.21/compute/v2.1/servers/edf8969e-301d-4c57-b792-2c07d6c4250e 0.196s
2025-11-27 02:31:23.197 66032 INFO tempest.lib.common.rest_client [req-711b167f-5590-4e1c-9716-52e0d3eabe06 req-711b167f-5590-4e1c-9716-52e0d3eabe06 ] Request (ServersWithSpecificFlavorTestJSON:test_verify_created_server_ephemeral_disk): 200 GET http://10.180.1.21/compute/v2.1/servers/8bad4f41-93d3-4f50-abd4-ebfdf581e7f3 0.196s
2025-11-27 02:31:23.229 66010 INFO tempest.lib.common.rest_client [req-371743d9-3ee1-4ff9-9cf4-01da15125182 req-371743d9-3ee1-4ff9-9cf4-01da15125182 ] Request (MigrationsAdminTest:test_resize_server_revert_deleted_flavor): 200 GET http://10.180.1.21/compute/v2.1/servers/d4ba0f68-55bb-4193-b9e8-eefa3181d893 0.204s
2025-11-27 02:31:23.251 66046 INFO tempest.lib.common.rest_client [req-68db91d1-e072-41a1-9927-f23dbd09b558 req-68db91d1-e072-41a1-9927-f23dbd09b558 ] Request (ServersNegativeTestMultiTenantJSON:setUpClass): 200 GET http://10.180.1.21/compute/v2.1/servers/8ae47313-6535-4757-b25c-3f90e6af156a 0.171s
2025-11-27 02:31:23.358 66026 INFO tempest.lib.common.rest_client [req-fedf4872-297d-4d3f-b486-b597e2ac3dd4 req-fedf4872-297d-4d3f-b486-b597e2ac3dd4 ] Request (ServerActionsTestOtherA:setUpClass): 200 GET http://10.180.1.21/compute/v2.1/servers/a6bfc2be-d17e-4655-9f35-155baf8a8c1a 0.221s
2025-11-27 02:31:23.368 66026 INFO tempest.common.waiters [-] State transition "BUILD/spawning" ==> "ACTIVE/None" after 56 second wait
2025-11-27 02:31:23.430 66026 INFO tempest.lib.common.rest_client [req-ba9cde2b-51fc-4f0a-95cc-e127c77fabaf req-ba9cde2b-51fc-4f0a-95cc-e127c77fabaf ] Request (ServerActionsTestOtherA:setUpClass): 200 GET http://10.180.1.21/compute/v2.1/servers/a6bfc2be-d17e-4655-9f35-155baf8a8c1a/os-interface 0.061s
2025-11-27 02:31:23.631 66028 WARNING tempest.lib.common.ssh [-] Failed to establish authenticated ssh connection to cirros@10.180.180.226 ([Errno None] Unable to connect to port 22 on 10.180.180.226). Number attempts: 1. Retry after 2 seconds.: paramiko.ssh_exception.NoValidConnectionsError: [Errno None] Unable to connect to port 22 on 10.180.180.226
2025-11-27 02:31:23.921 66026 INFO tempest.lib.common.rest_client [req-2265bf72-cd07-4b85-bf4a-89b51fe25dce req-2265bf72-cd07-4b85-bf4a-89b51fe25dce ] Request (ServerActionsTestOtherA:setUpClass): 200 PUT http://10.180.1.21/networking/v2.0/floatingips/da120e88-6b25-4f28-9781-8dc676ed3d14 0.489s
2025-11-27 02:31:23.922 66026 INFO tempest.lib.common.ssh [-] Creating ssh connection to '10.180.180.216:22' as 'cirros' with public key authentication
2025-11-27 02:31:23.945 66050 INFO tempest.lib.common.rest_client [req-7cb8b43c-02ab-4f7a-9d1d-83c12d37ca4d req-7cb8b43c-02ab-4f7a-9d1d-83c12d37ca4d ] Request (ServersAdminNegativeTestJSON:setUpClass): 200 GET http://10.180.1.21/compute/v2.1/servers/6d09de8b-7f48-44f3-bf12-9f2d75fa5f2a 0.505s
2025-11-27 02:31:23.987 66008 INFO tempest.lib.common.rest_client [req-15d613cf-81c7-4426-8062-741c2f32e071 req-15d613cf-81c7-4426-8062-741c2f32e071 ] Request (ServerDiskConfigTestJSON:test_resize_server_from_auto_to_manual): 200 GET http://10.180.1.21/compute/v2.1/servers/8a4f4d46-2506-47f1-bae6-2224dd011c61 0.414s
2025-11-27 02:31:24.049 66062 INFO tempest.lib.common.rest_client [req-be5f4ec1-c07e-4429-938d-e49d327132a7 req-be5f4ec1-c07e-4429-938d-e49d327132a7 ] Request (ServersAdminTestJSON:tearDownClass): 200 GET http://10.180.1.21/compute/v2.1/servers/f2082df5-ec95-423f-a5d6-b7f776be63ad 0.415s
2025-11-27 02:31:24.084 66056 INFO tempest.lib.common.rest_client [req-37f85cd7-5505-49c8-9349-7fd8aa669fb0 req-37f85cd7-5505-49c8-9349-7fd8aa669fb0 ] Request (ListServerFiltersTestJSON:tearDownClass): 200 GET http://10.180.1.21/compute/v2.1/servers/6451b8cc-cf73-49d3-977c-40812068b4fb 0.444s
2025-11-27 02:31:24.126 66022 INFO tempest.lib.common.rest_client [req-c079c8ba-16b0-4ab1-9cbe-62f072b13edb req-c079c8ba-16b0-4ab1-9cbe-62f072b13edb ] Request (ServerRescueTestJSON:test_rescue_unrescue_instance): 200 GET http://10.180.1.21/compute/v2.1/servers/f0b4e9af-34d6-4778-8646-ed73ee013d03 0.435s
2025-11-27 02:31:24.159 66030 INFO tempest.lib.common.rest_client [req-49d4805d-f453-48de-b627-b84f19f2d082 req-49d4805d-f453-48de-b627-b84f19f2d082 ] Request (ServersListShow298Test:tearDownClass): 200 GET http://10.180.1.21/compute/v2.1/servers/85377951-fc2a-47c9-9f82-7e6e9e33083d 0.416s
2025-11-27 02:31:24.210 66058 INFO tempest.lib.common.rest_client [req-b8b024f2-9382-4ea2-9de6-6349822ddd31 req-b8b024f2-9382-4ea2-9de6-6349822ddd31 ] Request (AttachInterfacesTestJSON:test_create_list_show_delete_interfaces_by_network_port): 200 GET http://10.180.1.21/compute/v2.1/servers/c9808f35-3d79-4aa6-a414-c98635c1e33e 0.455s
2025-11-27 02:31:24.229 66048 INFO tempest.lib.common.rest_client [req-ff8f5d24-9c49-4f0a-ac10-1b8fe8947ca7 req-ff8f5d24-9c49-4f0a-ac10-1b8fe8947ca7 ] Request (SecurityGroupsTestJSON:tearDownClass): 200 GET http://10.180.1.21/compute/v2.1/servers/9cf295fa-3194-41e3-a3e8-e6d579cd6975 0.381s
2025-11-27 02:31:24.316 66034 INFO tempest.lib.common.rest_client [req-eaa7daed-11f4-4d55-a36b-4ee462dfe1bf req-eaa7daed-11f4-4d55-a36b-4ee462dfe1bf ] Request (ServersTestMultiNic:test_verify_multiple_nics_order): 200 GET http://10.180.1.21/compute/v2.1/servers/78af8a87-17ed-4657-9f2f-4aa58d0b4427 0.381s
2025-11-27 02:31:24.322 66034 INFO tempest.common.waiters [-] State transition "BUILD/scheduling" ==> "BUILD/None" after 28 second wait
2025-11-27 02:31:24.342 66042 INFO tempest.lib.common.rest_client [req-c3a657e3-d141-4ab6-9c76-c49ca774fb70 req-c3a657e3-d141-4ab6-9c76-c49ca774fb70 ] Request (ListServersNegativeTestJSON:setUpClass): 200 GET http://10.180.1.21/compute/v2.1/servers/4ce27896-0f26-4ab4-8e41-d8c0011b92da 0.456s
2025-11-27 02:31:24.349 66042 INFO tempest.common.waiters [-] State transition "BUILD/networking" ==> "BUILD/spawning" after 54 second wait
2025-11-27 02:31:24.371 66052 INFO tempest.lib.common.rest_client [req-729763ba-d9fa-46cc-abce-c6e561bc0951 req-729763ba-d9fa-46cc-abce-c6e561bc0951 ] Request (ImagesOneServerNegativeTestJSON:_run_cleanups): 200 GET http://10.180.1.21/compute/v2.1/servers/0c2692db-1ad5-4d29-9fe3-27dbdb1935c0 0.419s
2025-11-27 02:31:24.394 66060 INFO tempest.lib.common.rest_client [req-c5b90539-bf91-4464-8672-5451320831da req-c5b90539-bf91-4464-8672-5451320831da ] Request (MultipleCreateTestJSON:test_multiple_create_with_reservation_return): 200 GET http://10.180.1.21/compute/v2.1/servers/b1ca6880-dc2a-4d4d-9fc0-d96e42675267 0.396s
2025-11-27 02:31:24.414 66024 INFO tempest.lib.common.rest_client [req-ddf2f202-f382-4a7e-92e8-e0defd2b2f35 req-ddf2f202-f382-4a7e-92e8-e0defd2b2f35 ] Request (ServerTagsTestJSON:tearDownClass): 404 GET http://10.180.1.21/compute/v2.1/servers/6468132b-40ef-42ba-8a3d-93ab97ac6ae6 0.328s
2025-11-27 02:31:24.433 66054 INFO tempest.lib.common.rest_client [req-18ba25a4-ee26-4ac4-b145-b11e8c8ed96c req-18ba25a4-ee26-4ac4-b145-b11e8c8ed96c ] Request (ServerShowV247Test:tearDownClass): 200 GET http://10.180.1.21/compute/v2.1/servers/48720752-7bd5-4d53-bcdf-aec0b8956094 0.398s
2025-11-27 02:31:24.474 66018 INFO tempest.lib.common.rest_client [req-3ca7ceeb-daed-419b-b427-256f0a6e6c9a req-3ca7ceeb-daed-419b-b427-256f0a6e6c9a ] Request (ListImageFiltersTestJSON:tearDownClass): 200 GET http://10.180.1.21/compute/v2.1/servers/f5cd9b60-b0b9-4209-a526-83ed09b072bc 0.355s
2025-11-27 02:31:24.490 66012 INFO tempest.lib.common.rest_client [req-f772aad1-d860-47b5-b363-938527fad295 req-f772aad1-d860-47b5-b363-938527fad295 ] Request (ImagesTestJSON:test_create_server_from_snapshot): 200 GET http://10.180.1.21/compute/v2.1/servers/9200dd22-5bf9-40aa-8c9a-3d36f12adfe7 0.344s
2025-11-27 02:31:24.532 66068 INFO tempest.lib.common.rest_client [req-a82f5e71-4a0a-4d9e-96df-2f5db7ffcb9b req-a82f5e71-4a0a-4d9e-96df-2f5db7ffcb9b ] Request (ServerRescueNegativeTestJSON:test_rescued_vm_detach_volume): 200 GET http://10.180.1.21/compute/v2.1/servers/edf8969e-301d-4c57-b792-2c07d6c4250e 0.351s
2025-11-27 02:31:24.572 66032 INFO tempest.lib.common.rest_client [req-9e1bde8b-1eff-484e-be6a-aeeff00ccbb3 req-9e1bde8b-1eff-484e-be6a-aeeff00ccbb3 ] Request (ServersWithSpecificFlavorTestJSON:test_verify_created_server_ephemeral_disk): 200 GET http://10.180.1.21/compute/v2.1/servers/8bad4f41-93d3-4f50-abd4-ebfdf581e7f3 0.366s
2025-11-27 02:31:24.587 66010 INFO tempest.lib.common.rest_client [req-b2eef77d-879a-4694-b077-bc1b421d802c req-b2eef77d-879a-4694-b077-bc1b421d802c ] Request (MigrationsAdminTest:test_resize_server_revert_deleted_flavor): 200 GET http://10.180.1.21/compute/v2.1/servers/d4ba0f68-55bb-4193-b9e8-eefa3181d893 0.349s
2025-11-27 02:31:24.628 66046 INFO tempest.lib.common.rest_client [req-a1dfd86e-4dbb-4f08-8bd0-386e2c408282 req-a1dfd86e-4dbb-4f08-8bd0-386e2c408282 ] Request (ServersNegativeTestMultiTenantJSON:setUpClass): 200 GET http://10.180.1.21/compute/v2.1/servers/8ae47313-6535-4757-b25c-3f90e6af156a 0.369s
2025-11-27 02:31:25.031 66050 INFO tempest.lib.common.rest_client [req-6d6cfb0e-abef-41d0-b2c6-761ac9b79010 req-6d6cfb0e-abef-41d0-b2c6-761ac9b79010 ] Request (ServersAdminNegativeTestJSON:setUpClass): 200 GET http://10.180.1.21/compute/v2.1/servers/6d09de8b-7f48-44f3-bf12-9f2d75fa5f2a 0.075s
2025-11-27 02:31:25.052 66008 INFO tempest.lib.common.rest_client [req-d428478c-eaa9-427a-871e-dd2f68ccb23b req-d428478c-eaa9-427a-871e-dd2f68ccb23b ] Request (ServerDiskConfigTestJSON:test_resize_server_from_auto_to_manual): 200 GET http://10.180.1.21/compute/v2.1/servers/8a4f4d46-2506-47f1-bae6-2224dd011c61 0.057s
2025-11-27 02:31:25.133 66062 INFO tempest.lib.common.rest_client [req-063571a9-595e-431d-8431-a229a5989d5a req-063571a9-595e-431d-8431-a229a5989d5a ] Request (ServersAdminTestJSON:tearDownClass): 200 GET http://10.180.1.21/compute/v2.1/servers/f2082df5-ec95-423f-a5d6-b7f776be63ad 0.077s
2025-11-27 02:31:25.177 66056 INFO tempest.lib.common.rest_client [req-fa5f6515-d276-49ab-be38-2272e66fd60b req-fa5f6515-d276-49ab-be38-2272e66fd60b ] Request (ListServerFiltersTestJSON:tearDownClass): 200 GET http://10.180.1.21/compute/v2.1/servers/6451b8cc-cf73-49d3-977c-40812068b4fb 0.084s
2025-11-27 02:31:25.191 66024 INFO tempest.lib.common.rest_client [req-130b37ec-f6c7-4f45-bdfc-18319648db34 req-130b37ec-f6c7-4f45-bdfc-18319648db34 ] Request (ServerTagsTestJSON:tearDownClass): 200 PUT http://10.180.1.21/networking/v2.0/routers/a568a679-5961-48f6-aa56-d89ae2c09e8b/remove_router_interface 0.776s
2025-11-27 02:31:25.217 66022 INFO tempest.lib.common.rest_client [req-5ab7f644-7af8-486c-86f6-63a7e4173136 req-5ab7f644-7af8-486c-86f6-63a7e4173136 ] Request (ServerRescueTestJSON:test_rescue_unrescue_instance): 200 GET http://10.180.1.21/compute/v2.1/servers/f0b4e9af-34d6-4778-8646-ed73ee013d03 0.079s
2025-11-27 02:31:25.286 66030 INFO tempest.lib.common.rest_client [req-ce1d9cda-9839-4e7e-982b-3e64076aa652 req-ce1d9cda-9839-4e7e-982b-3e64076aa652 ] Request (ServersListShow298Test:tearDownClass): 200 GET http://10.180.1.21/compute/v2.1/servers/85377951-fc2a-47c9-9f82-7e6e9e33083d 0.116s
2025-11-27 02:31:25.300 66058 INFO tempest.lib.common.rest_client [req-a1bc2e14-9ab9-4085-9442-08f3de80179d req-a1bc2e14-9ab9-4085-9442-08f3de80179d ] Request (AttachInterfacesTestJSON:test_create_list_show_delete_interfaces_by_network_port): 200 GET http://10.180.1.21/compute/v2.1/servers/c9808f35-3d79-4aa6-a414-c98635c1e33e 0.081s
2025-11-27 02:31:25.417 66048 INFO tempest.lib.common.rest_client [req-078f8fd2-a5f6-4325-b80d-f505a1c20fff req-078f8fd2-a5f6-4325-b80d-f505a1c20fff ] Request (SecurityGroupsTestJSON:tearDownClass): 200 GET http://10.180.1.21/compute/v2.1/servers/9cf295fa-3194-41e3-a3e8-e6d579cd6975 0.180s
2025-11-27 02:31:25.441 66034 INFO tempest.lib.common.rest_client [req-313f23f0-2bb9-4521-a5b6-b8b88874caaf req-313f23f0-2bb9-4521-a5b6-b8b88874caaf ] Request (ServersTestMultiNic:test_verify_multiple_nics_order): 200 GET http://10.180.1.21/compute/v2.1/servers/78af8a87-17ed-4657-9f2f-4aa58d0b4427 0.118s
2025-11-27 02:31:25.612 66052 INFO tempest.lib.common.rest_client [req-f4d73e66-4494-4ee3-96d7-88a88c0c7490 req-f4d73e66-4494-4ee3-96d7-88a88c0c7490 ] Request (ImagesOneServerNegativeTestJSON:_run_cleanups): 200 GET http://10.180.1.21/compute/v2.1/servers/0c2692db-1ad5-4d29-9fe3-27dbdb1935c0 0.233s
2025-11-27 02:31:25.659 66024 INFO tempest.lib.common.rest_client [req-6d2a6975-10e1-4fc3-bd19-4cc0171e4601 req-6d2a6975-10e1-4fc3-bd19-4cc0171e4601 ] Request (ServerTagsTestJSON:tearDownClass): 204 DELETE http://10.180.1.21/networking/v2.0/routers/a568a679-5961-48f6-aa56-d89ae2c09e8b 0.467s
2025-11-27 02:31:25.691 66060 INFO tempest.lib.common.rest_client [req-aebe990b-51ba-4b8d-a178-7313dff7efc5 req-aebe990b-51ba-4b8d-a178-7313dff7efc5 ] Request (MultipleCreateTestJSON:test_multiple_create_with_reservation_return): 200 GET http://10.180.1.21/compute/v2.1/servers/b1ca6880-dc2a-4d4d-9fc0-d96e42675267 0.287s
2025-11-27 02:31:25.715 66042 INFO tempest.lib.common.rest_client [req-a98fa2dc-5f26-42c5-95eb-eba18c79c42b req-a98fa2dc-5f26-42c5-95eb-eba18c79c42b ] Request (ListServersNegativeTestJSON:setUpClass): 200 GET http://10.180.1.21/compute/v2.1/servers/4ce27896-0f26-4ab4-8e41-d8c0011b92da 0.366s
2025-11-27 02:31:25.803 66054 INFO tempest.lib.common.rest_client [req-d3e2f2e6-0c07-47ce-bc39-92292462e02b req-d3e2f2e6-0c07-47ce-bc39-92292462e02b ] Request (ServerShowV247Test:tearDownClass): 200 GET http://10.180.1.21/compute/v2.1/servers/48720752-7bd5-4d53-bcdf-aec0b8956094 0.359s
2025-11-27 02:31:25.879 66018 INFO tempest.lib.common.rest_client [req-c0f8eb20-bf86-4742-a2d7-2f14aaf175fd req-c0f8eb20-bf86-4742-a2d7-2f14aaf175fd ] Request (ListImageFiltersTestJSON:tearDownClass): 200 GET http://10.180.1.21/compute/v2.1/servers/f5cd9b60-b0b9-4209-a526-83ed09b072bc 0.397s
2025-11-27 02:31:25.893 66024 INFO tempest.lib.common.rest_client [req-0d9f6f82-addc-4a82-9690-d63597b227d4 req-0d9f6f82-addc-4a82-9690-d63597b227d4 ] Request (ServerTagsTestJSON:tearDownClass): 204 DELETE http://10.180.1.21/networking/v2.0/subnets/cb3310de-90e5-4234-9188-7654efe07110 0.233s
2025-11-27 02:31:25.898 66012 INFO tempest.lib.common.rest_client [req-99b4705e-c80f-47f9-830d-98c7a73d36fe req-99b4705e-c80f-47f9-830d-98c7a73d36fe ] Request (ImagesTestJSON:test_create_server_from_snapshot): 200 GET http://10.180.1.21/compute/v2.1/servers/9200dd22-5bf9-40aa-8c9a-3d36f12adfe7 0.400s
2025-11-27 02:31:25.956 66068 INFO tempest.lib.common.rest_client [req-be50dc7a-05f2-4385-9ccb-659645279d5a req-be50dc7a-05f2-4385-9ccb-659645279d5a ] Request (ServerRescueNegativeTestJSON:test_rescued_vm_detach_volume): 200 GET http://10.180.1.21/compute/v2.1/servers/edf8969e-301d-4c57-b792-2c07d6c4250e 0.414s
2025-11-27 02:31:25.971 66032 INFO tempest.lib.common.rest_client [req-1ebeda18-b04f-4dd5-86fb-48dc61c3a359 req-1ebeda18-b04f-4dd5-86fb-48dc61c3a359 ] Request (ServersWithSpecificFlavorTestJSON:test_verify_created_server_ephemeral_disk): 200 GET http://10.180.1.21/compute/v2.1/servers/8bad4f41-93d3-4f50-abd4-ebfdf581e7f3 0.385s
2025-11-27 02:31:26.015 66010 INFO tempest.lib.common.rest_client [req-8e4dbbbd-e5c8-4adb-9717-2ec16106e079 req-8e4dbbbd-e5c8-4adb-9717-2ec16106e079 ] Request (MigrationsAdminTest:test_resize_server_revert_deleted_flavor): 200 GET http://10.180.1.21/compute/v2.1/servers/d4ba0f68-55bb-4193-b9e8-eefa3181d893 0.418s
2025-11-27 02:31:26.027 66046 INFO tempest.lib.common.rest_client [req-3fdaf0c2-da85-4ce4-9a14-3c4a03d0b5a8 req-3fdaf0c2-da85-4ce4-9a14-3c4a03d0b5a8 ] Request (ServersNegativeTestMultiTenantJSON:setUpClass): 200 GET http://10.180.1.21/compute/v2.1/servers/8ae47313-6535-4757-b25c-3f90e6af156a 0.391s
2025-11-27 02:31:26.099 66050 INFO tempest.lib.common.rest_client [req-be7df7a8-8e61-463c-b225-83d894e5f79f req-be7df7a8-8e61-463c-b225-83d894e5f79f ] Request (ServersAdminNegativeTestJSON:setUpClass): 200 GET http://10.180.1.21/compute/v2.1/servers/6d09de8b-7f48-44f3-bf12-9f2d75fa5f2a 0.060s
2025-11-27 02:31:26.112 66008 INFO tempest.lib.common.rest_client [req-4ce3bcdf-8350-46eb-bf17-320db0cd751a req-4ce3bcdf-8350-46eb-bf17-320db0cd751a ] Request (ServerDiskConfigTestJSON:test_resize_server_from_auto_to_manual): 200 GET http://10.180.1.21/compute/v2.1/servers/8a4f4d46-2506-47f1-bae6-2224dd011c61 0.052s
2025-11-27 02:31:26.155 66024 INFO tempest.lib.common.rest_client [req-d3219467-3e31-49bc-ad9b-83c3f4b0b975 req-d3219467-3e31-49bc-ad9b-83c3f4b0b975 ] Request (ServerTagsTestJSON:tearDownClass): 204 DELETE http://10.180.1.21/networking/v2.0/networks/b16444d7-df63-41a7-a0d4-b8c28e734bb4 0.262s
2025-11-27 02:31:26.207 66062 INFO tempest.lib.common.rest_client [req-8bb2d1df-2f64-4a18-832a-b7a7cd15556f req-8bb2d1df-2f64-4a18-832a-b7a7cd15556f ] Request (ServersAdminTestJSON:tearDownClass): 200 GET http://10.180.1.21/compute/v2.1/servers/f2082df5-ec95-423f-a5d6-b7f776be63ad 0.065s
2025-11-27 02:31:26.251 66056 INFO tempest.lib.common.rest_client [req-d089d588-a3d5-4ea3-82f6-26c5f88db463 req-d089d588-a3d5-4ea3-82f6-26c5f88db463 ] Request (ListServerFiltersTestJSON:tearDownClass): 200 GET http://10.180.1.21/compute/v2.1/servers/6451b8cc-cf73-49d3-977c-40812068b4fb 0.065s
2025-11-27 02:31:26.266 66024 INFO tempest.lib.common.rest_client [req-1d486e57-b974-454c-bcb1-568a817901d8 req-1d486e57-b974-454c-bcb1-568a817901d8 ] Request (ServerTagsTestJSON:tearDownClass): 204 DELETE http://10.180.1.21/identity/v3/users/65b8dc4f3ea74ab0a3c3e50b7f4a5c6e 0.111s
2025-11-27 02:31:26.267 66024 INFO tempest.lib.common.dynamic_creds [-] Deleting project and security group for project: 773e27b7bf3d43b7a474de28c17e4080
2025-11-27 02:31:26.286 66022 INFO tempest.lib.common.rest_client [req-a0c9d92c-1c77-4f84-bc23-1757333e1d0e req-a0c9d92c-1c77-4f84-bc23-1757333e1d0e ] Request (ServerRescueTestJSON:test_rescue_unrescue_instance): 200 GET http://10.180.1.21/compute/v2.1/servers/f0b4e9af-34d6-4778-8646-ed73ee013d03 0.056s
2025-11-27 02:31:26.301 66024 INFO tempest.lib.common.rest_client [req-334be85a-91fb-4a4d-a08c-35e2cfd1be65 req-334be85a-91fb-4a4d-a08c-35e2cfd1be65 ] Request (ServerTagsTestJSON:tearDownClass): 200 GET http://10.180.1.21/networking/v2.0/security-groups?tenant_id=773e27b7bf3d43b7a474de28c17e4080&name=default 0.034s
2025-11-27 02:31:26.366 66058 INFO tempest.lib.common.rest_client [req-6bf875c4-846f-4be3-92b8-e32855b75d84 req-6bf875c4-846f-4be3-92b8-e32855b75d84 ] Request (AttachInterfacesTestJSON:test_create_list_show_delete_interfaces_by_network_port): 200 GET http://10.180.1.21/compute/v2.1/servers/c9808f35-3d79-4aa6-a414-c98635c1e33e 0.057s
2025-11-27 02:31:26.384 66030 INFO tempest.lib.common.rest_client [req-dc45b0a9-5fde-45f6-8f1d-9a59dba4a107 req-dc45b0a9-5fde-45f6-8f1d-9a59dba4a107 ] Request (ServersListShow298Test:tearDownClass): 200 GET http://10.180.1.21/compute/v2.1/servers/85377951-fc2a-47c9-9f82-7e6e9e33083d 0.081s
2025-11-27 02:31:26.393 66024 INFO tempest.lib.common.rest_client [req-bed63767-39ea-44b0-83e7-5f35212ba7ec req-bed63767-39ea-44b0-83e7-5f35212ba7ec ] Request (ServerTagsTestJSON:tearDownClass): 204 DELETE http://10.180.1.21/networking/v2.0/security-groups/f6705170-58ac-456b-99c6-9d36829cfeca 0.091s
2025-11-27 02:31:26.498 66024 INFO tempest.lib.common.rest_client [req-527e13df-635b-472c-8034-d950a13cfead req-527e13df-635b-472c-8034-d950a13cfead ] Request (ServerTagsTestJSON:tearDownClass): 204 DELETE http://10.180.1.21/identity/v3/projects/773e27b7bf3d43b7a474de28c17e4080 0.105s
2025-11-27 02:31:26.501 66048 INFO tempest.lib.common.rest_client [req-622768fc-bc0a-410a-bb15-0c47b4fb63e2 req-622768fc-bc0a-410a-bb15-0c47b4fb63e2 ] Request (SecurityGroupsTestJSON:tearDownClass): 200 GET http://10.180.1.21/compute/v2.1/servers/9cf295fa-3194-41e3-a3e8-e6d579cd6975 0.071s
2025-11-27 02:31:26.509 66034 INFO tempest.lib.common.rest_client [req-59699e49-15c3-425b-b6e6-b0da2fe5377f req-59699e49-15c3-425b-b6e6-b0da2fe5377f ] Request (ServersTestMultiNic:test_verify_multiple_nics_order): 200 GET http://10.180.1.21/compute/v2.1/servers/78af8a87-17ed-4657-9f2f-4aa58d0b4427 0.057s
2025-11-27 02:31:26.558 66024 INFO tempest.lib.common.rest_client [req-419baadc-fb8e-4777-a9ba-50f5e6e008a0 req-419baadc-fb8e-4777-a9ba-50f5e6e008a0 ] Request (ServersNegativeTestJSON:setUpClass): 201 POST http://10.180.1.21/identity/v3/auth/tokens 0.058s
2025-11-27 02:31:26.589 66024 INFO tempest.lib.common.rest_client [req-93e3c6f7-187f-4e0e-b41c-602d88e4b476 req-93e3c6f7-187f-4e0e-b41c-602d88e4b476 ] Request (ServersNegativeTestJSON:setUpClass): 201 POST http://10.180.1.21/identity/v3/auth/tokens 0.028s
2025-11-27 02:31:26.615 66024 INFO tempest.lib.common.rest_client [req-0e37ec9f-a874-4306-a524-528a0f59f497 req-0e37ec9f-a874-4306-a524-528a0f59f497 ] Request (ServersNegativeTestJSON:setUpClass): 200 GET http://10.180.1.21/identity/v3/domains?name=Default 0.025s
2025-11-27 02:31:26.643 66024 INFO tempest.lib.common.rest_client [req-2c9371e3-be99-4d09-8a25-0863b0dc4a10 req-2c9371e3-be99-4d09-8a25-0863b0dc4a10 ] Request (ServersNegativeTestJSON:setUpClass): 201 POST http://10.180.1.21/identity/v3/projects 0.028s
2025-11-27 02:31:26.679 66052 INFO tempest.lib.common.rest_client [req-8e7c2298-5a50-4cc0-aa12-b9951daac505 req-8e7c2298-5a50-4cc0-aa12-b9951daac505 ] Request (ImagesOneServerNegativeTestJSON:_run_cleanups): 200 GET http://10.180.1.21/compute/v2.1/servers/0c2692db-1ad5-4d29-9fe3-27dbdb1935c0 0.054s
2025-11-27 02:31:26.704 66024 INFO tempest.lib.common.rest_client [req-4587dea2-9cc4-49f6-9e1f-c96d06357e78 req-4587dea2-9cc4-49f6-9e1f-c96d06357e78 ] Request (ServersNegativeTestJSON:setUpClass): 201 POST http://10.180.1.21/identity/v3/users 0.060s
2025-11-27 02:31:26.731 66024 INFO tempest.lib.common.rest_client [req-741e8476-2d78-490b-977d-edebdf0402a7 req-741e8476-2d78-490b-977d-edebdf0402a7 ] Request (ServersNegativeTestJSON:setUpClass): 200 GET http://10.180.1.21/identity/v3/roles 0.026s
2025-11-27 02:31:26.763 66024 INFO tempest.lib.common.rest_client [req-3063d89c-4012-4e8e-98da-4e5ee59972de req-3063d89c-4012-4e8e-98da-4e5ee59972de ] Request (ServersNegativeTestJSON:setUpClass): 204 PUT http://10.180.1.21/identity/v3/projects/d0bd929293864de1bb4786013603f311/users/622bf7fcd5944f978d15939ca67d4ad4/roles/20791e0a4bd74f7aa54e27a7a3c18d42 0.032s
2025-11-27 02:31:26.764 66024 INFO tempest.lib.common.dynamic_creds [-] Dynamic test user 622bf7fcd5944f978d15939ca67d4ad4 is created with scope project and roles: ['member']
2025-11-27 02:31:26.765 66024 INFO tempest.lib.common.dynamic_creds [-] Acquired dynamic creds: credentials: Credentials: {'domain_id': 'default', 'domain_name': 'Default', 'username': 'tempest-ServersNegativeTestJSON-634766943-project-member', 'project_domain_id': 'default', 'project_domain_name': 'Default', 'project_id': 'd0bd929293864de1bb4786013603f311', 'project_name': 'tempest-ServersNegativeTestJSON-634766943', 'tenant_id': 'd0bd929293864de1bb4786013603f311', 'tenant_name': 'tempest-ServersNegativeTestJSON-634766943', 'user_domain_id': 'default', 'user_domain_name': 'Default', 'user_id': '622bf7fcd5944f978d15939ca67d4ad4', 'system': None}, Network: None, Subnet: None, Router: None
2025-11-27 02:31:26.788 66060 INFO tempest.lib.common.rest_client [req-e54aec33-14fa-48be-bee0-502697371df8 req-e54aec33-14fa-48be-bee0-502697371df8 ] Request (MultipleCreateTestJSON:test_multiple_create_with_reservation_return): 200 GET http://10.180.1.21/compute/v2.1/servers/b1ca6880-dc2a-4d4d-9fc0-d96e42675267 0.078s
2025-11-27 02:31:26.834 66024 INFO tempest.lib.common.rest_client [req-f49244ac-fe44-4baf-8b47-efe4b68e5632 req-f49244ac-fe44-4baf-8b47-efe4b68e5632 ] Request (ServersNegativeTestJSON:setUpClass): 201 POST http://10.180.1.21/identity/v3/auth/tokens 0.068s
2025-11-27 02:31:26.892 66042 INFO tempest.lib.common.rest_client [req-e4847aad-8249-4310-9188-50d2887aa4ed req-e4847aad-8249-4310-9188-50d2887aa4ed ] Request (ListServersNegativeTestJSON:setUpClass): 200 GET http://10.180.1.21/compute/v2.1/servers/4ce27896-0f26-4ab4-8e41-d8c0011b92da 0.162s
2025-11-27 02:31:26.912 66054 INFO tempest.lib.common.rest_client [req-3038363a-d2a8-4a9c-b739-f37ad55917c4 req-3038363a-d2a8-4a9c-b739-f37ad55917c4 ] Request (ServerShowV247Test:tearDownClass): 200 GET http://10.180.1.21/compute/v2.1/servers/48720752-7bd5-4d53-bcdf-aec0b8956094 0.096s
2025-11-27 02:31:26.986 66012 INFO tempest.lib.common.rest_client [req-4d45d0ef-1b0a-45cd-aaf9-8a907481dac3 req-4d45d0ef-1b0a-45cd-aaf9-8a907481dac3 ] Request (ImagesTestJSON:test_create_server_from_snapshot): 200 GET http://10.180.1.21/compute/v2.1/servers/9200dd22-5bf9-40aa-8c9a-3d36f12adfe7 0.077s
2025-11-27 02:31:27.001 66018 INFO tempest.lib.common.rest_client [req-06a18d1f-8be2-4ce3-908d-08d8c86bbc62 req-06a18d1f-8be2-4ce3-908d-08d8c86bbc62 ] Request (ListImageFiltersTestJSON:tearDownClass): 200 GET http://10.180.1.21/compute/v2.1/servers/f5cd9b60-b0b9-4209-a526-83ed09b072bc 0.114s
2025-11-27 02:31:27.044 66068 INFO tempest.lib.common.rest_client [req-5b9c2a04-ba6f-49c5-aadf-bbd6493ed624 req-5b9c2a04-ba6f-49c5-aadf-bbd6493ed624 ] Request (ServerRescueNegativeTestJSON:test_rescued_vm_detach_volume): 200 GET http://10.180.1.21/compute/v2.1/servers/edf8969e-301d-4c57-b792-2c07d6c4250e 0.078s
2025-11-27 02:31:27.064 66032 INFO tempest.lib.common.rest_client [req-9054f324-722f-4f44-9008-d5dcc3bf800c req-9054f324-722f-4f44-9008-d5dcc3bf800c ] Request (ServersWithSpecificFlavorTestJSON:test_verify_created_server_ephemeral_disk): 200 GET http://10.180.1.21/compute/v2.1/servers/8bad4f41-93d3-4f50-abd4-ebfdf581e7f3 0.084s
2025-11-27 02:31:27.122 66010 INFO tempest.lib.common.rest_client [req-50c0a266-1e80-426c-9898-fde3c37752ff req-50c0a266-1e80-426c-9898-fde3c37752ff ] Request (MigrationsAdminTest:test_resize_server_revert_deleted_flavor): 200 GET http://10.180.1.21/compute/v2.1/servers/d4ba0f68-55bb-4193-b9e8-eefa3181d893 0.098s
2025-11-27 02:31:27.128 66024 INFO tempest.lib.common.rest_client [req-8e862747-ef4a-4656-9859-b37ec9fa7b65 req-8e862747-ef4a-4656-9859-b37ec9fa7b65 ] Request (ServersNegativeTestJSON:setUpClass): 201 POST http://10.180.1.21/networking/v2.0/networks 0.294s
2025-11-27 02:31:27.150 66046 INFO tempest.lib.common.rest_client [req-4f30bbdc-3d61-4d98-8252-a20d7e1d3a9a req-4f30bbdc-3d61-4d98-8252-a20d7e1d3a9a ] Request (ServersNegativeTestMultiTenantJSON:setUpClass): 200 GET http://10.180.1.21/compute/v2.1/servers/8ae47313-6535-4757-b25c-3f90e6af156a 0.116s
2025-11-27 02:31:27.175 66050 INFO tempest.lib.common.rest_client [req-61ba0413-ca11-4d07-8a2f-7df0a13df094 req-61ba0413-ca11-4d07-8a2f-7df0a13df094 ] Request (ServersAdminNegativeTestJSON:setUpClass): 200 GET http://10.180.1.21/compute/v2.1/servers/6d09de8b-7f48-44f3-bf12-9f2d75fa5f2a 0.067s
2025-11-27 02:31:27.206 66008 INFO tempest.lib.common.rest_client [req-f4aeaab2-2de0-4399-b61a-ed5ee770fcff req-f4aeaab2-2de0-4399-b61a-ed5ee770fcff ] Request (ServerDiskConfigTestJSON:test_resize_server_from_auto_to_manual): 200 GET http://10.180.1.21/compute/v2.1/servers/8a4f4d46-2506-47f1-bae6-2224dd011c61 0.085s
2025-11-27 02:31:27.294 66024 INFO tempest.lib.common.rest_client [req-4f70c152-13ad-47d0-83e2-59fc3b352ff0 req-4f70c152-13ad-47d0-83e2-59fc3b352ff0 ] Request (ServersNegativeTestJSON:setUpClass): 201 POST http://10.180.1.21/networking/v2.0/subnets 0.165s
2025-11-27 02:31:27.296 66062 INFO tempest.lib.common.rest_client [req-2b18ea37-74a8-4817-9886-dd53dee1bec0 req-2b18ea37-74a8-4817-9886-dd53dee1bec0 ] Request (ServersAdminTestJSON:tearDownClass): 200 GET http://10.180.1.21/compute/v2.1/servers/f2082df5-ec95-423f-a5d6-b7f776be63ad 0.080s
2025-11-27 02:31:27.341 66056 INFO tempest.lib.common.rest_client [req-6d528768-a88f-4fb4-bfbc-b9c8d2e7e317 req-6d528768-a88f-4fb4-bfbc-b9c8d2e7e317 ] Request (ListServerFiltersTestJSON:tearDownClass): 200 GET http://10.180.1.21/compute/v2.1/servers/6451b8cc-cf73-49d3-977c-40812068b4fb 0.081s
2025-11-27 02:31:27.353 66022 INFO tempest.lib.common.rest_client [req-ed5cb0bf-6e37-4bcb-b719-d4debe1ec118 req-ed5cb0bf-6e37-4bcb-b719-d4debe1ec118 ] Request (ServerRescueTestJSON:test_rescue_unrescue_instance): 200 GET http://10.180.1.21/compute/v2.1/servers/f0b4e9af-34d6-4778-8646-ed73ee013d03 0.061s
2025-11-27 02:31:27.360 66022 INFO tempest.common.waiters [-] State transition "BUILD/None" ==> "BUILD/networking" after 53 second wait
2025-11-27 02:31:27.431 66058 INFO tempest.lib.common.rest_client [req-ed9bc328-56fa-48bf-8ffe-75057a711d72 req-ed9bc328-56fa-48bf-8ffe-75057a711d72 ] Request (AttachInterfacesTestJSON:test_create_list_show_delete_interfaces_by_network_port): 200 GET http://10.180.1.21/compute/v2.1/servers/c9808f35-3d79-4aa6-a414-c98635c1e33e 0.056s
2025-11-27 02:31:27.507 66030 INFO tempest.lib.common.rest_client [req-fab52599-f43f-4e02-96bf-6a669d5bcc78 req-fab52599-f43f-4e02-96bf-6a669d5bcc78 ] Request (ServersListShow298Test:tearDownClass): 200 GET http://10.180.1.21/compute/v2.1/servers/85377951-fc2a-47c9-9f82-7e6e9e33083d 0.112s
2025-11-27 02:31:27.891 66034 INFO tempest.lib.common.rest_client [req-9a36958d-571d-43e7-9efe-e1ff7f2db433 req-9a36958d-571d-43e7-9efe-e1ff7f2db433 ] Request (ServersTestMultiNic:test_verify_multiple_nics_order): 200 GET http://10.180.1.21/compute/v2.1/servers/78af8a87-17ed-4657-9f2f-4aa58d0b4427 0.374s
2025-11-27 02:31:27.900 66048 INFO tempest.lib.common.rest_client [req-a6cc2c12-b3b3-4bf7-a2ff-59399c89b960 req-a6cc2c12-b3b3-4bf7-a2ff-59399c89b960 ] Request (SecurityGroupsTestJSON:tearDownClass): 200 GET http://10.180.1.21/compute/v2.1/servers/9cf295fa-3194-41e3-a3e8-e6d579cd6975 0.391s
2025-11-27 02:31:28.046 66026 WARNING tempest.lib.common.ssh [-] Failed to establish authenticated ssh connection to cirros@10.180.180.216 ([Errno None] Unable to connect to port 22 on 10.180.180.216). Number attempts: 1. Retry after 2 seconds.: paramiko.ssh_exception.NoValidConnectionsError: [Errno None] Unable to connect to port 22 on 10.180.180.216
2025-11-27 02:31:28.067 66024 INFO tempest.lib.common.rest_client [req-dfedfb68-76ad-4c64-9282-fb306b0082fb req-dfedfb68-76ad-4c64-9282-fb306b0082fb ] Request (ServersNegativeTestJSON:setUpClass): 201 POST http://10.180.1.21/networking/v2.0/routers 0.773s
2025-11-27 02:31:28.091 66060 INFO tempest.lib.common.rest_client [req-31e37a60-563c-4a8e-bf20-976808dff527 req-31e37a60-563c-4a8e-bf20-976808dff527 ] Request (MultipleCreateTestJSON:test_multiple_create_with_reservation_return): 200 GET http://10.180.1.21/compute/v2.1/servers/b1ca6880-dc2a-4d4d-9fc0-d96e42675267 0.295s
2025-11-27 02:31:28.104 66052 INFO tempest.lib.common.rest_client [req-64a42469-1753-4c2f-8f2c-f6fd839e775b req-64a42469-1753-4c2f-8f2c-f6fd839e775b ] Request (ImagesOneServerNegativeTestJSON:_run_cleanups): 200 GET http://10.180.1.21/compute/v2.1/servers/0c2692db-1ad5-4d29-9fe3-27dbdb1935c0 0.416s
2025-11-27 02:31:29.111 66024 INFO tempest.lib.common.rest_client [req-46354d07-528a-4d5d-a174-8df6de42fe43 req-46354d07-528a-4d5d-a174-8df6de42fe43 ] Request (ServersNegativeTestJSON:setUpClass): 200 PUT http://10.180.1.21/networking/v2.0/routers/c214f7cf-f788-4833-83c0-42702ce3fc4b/add_router_interface 1.043s
2025-11-27 02:31:29.111 66024 INFO tempest.lib.common.dynamic_creds [-] Created isolated network resources for: credentials: Credentials: {'domain_id': 'default', 'domain_name': 'Default', 'username': 'tempest-ServersNegativeTestJSON-634766943-project-member', 'project_domain_id': 'default', 'project_domain_name': 'Default', 'project_id': 'd0bd929293864de1bb4786013603f311', 'project_name': 'tempest-ServersNegativeTestJSON-634766943', 'tenant_id': 'd0bd929293864de1bb4786013603f311', 'tenant_name': 'tempest-ServersNegativeTestJSON-634766943', 'user_domain_id': 'default', 'user_domain_name': 'Default', 'user_id': '622bf7fcd5944f978d15939ca67d4ad4', 'system': None}, Network: {'id': '27b778b4-426a-430a-885b-9842ec41c33e', 'name': 'tempest-ServersNegativeTestJSON-1312267537-network', 'tenant_id': 'd0bd929293864de1bb4786013603f311', 'project_id': 'd0bd929293864de1bb4786013603f311', 'admin_state_up': True, 'mtu': 8950, 'status': 'ACTIVE', 'subnets': [], 'shared': False, 'port_security_enabled': True, 'router:external': False, 'provider:network_type': 'vlan', 'provider:physical_network': 'default', 'provider:segmentation_id': 609, 'availability_zone_hints': [], 'availability_zones': [], 'ipv4_address_scope': None, 'ipv6_address_scope': None, 'description': '', 'tags': [], 'created_at': '2025-11-27T02:31:27Z', 'updated_at': '2025-11-27T02:31:27Z', 'revision_number': 1}, Subnet: {'id': '4a925b01-8149-4436-a47b-5038e7e68b55', 'name': 'tempest-ServersNegativeTestJSON-1312267537-subnet', 'tenant_id': 'd0bd929293864de1bb4786013603f311', 'network_id': '27b778b4-426a-430a-885b-9842ec41c33e', 'ip_version': 4, 'subnetpool_id': None, 'enable_dhcp': True, 'ipv6_ra_mode': None, 'ipv6_address_mode': None, 'gateway_ip': '192.168.128.1', 'cidr': '192.168.128.0/28', 'allocation_pools': [{'start': '192.168.128.2', 'end': '192.168.128.14'}], 'host_routes': [], 'dns_nameservers': [], 'description': '', 'router:external': False, 'service_types': [], 'tags': [], 'created_at': '2025-11-27T02:31:27Z', 'updated_at': '2025-11-27T02:31:27Z', 'revision_number': 0, 'project_id': 'd0bd929293864de1bb4786013603f311'}, Router: {'id': 'c214f7cf-f788-4833-83c0-42702ce3fc4b', 'name': 'tempest-ServersNegativeTestJSON-1312267537-router', 'tenant_id': 'd0bd929293864de1bb4786013603f311', 'admin_state_up': True, 'status': 'ACTIVE', 'external_gateway_info': {'network_id': 'e7e16e27-0540-438b-8b1d-3886d04601cc', 'external_fixed_ips': [{'subnet_id': 'd11ec2d1-9b9d-470e-9977-352ffcbb2159', 'ip_address': '10.180.180.136'}], 'enable_snat': True}, 'description': '', 'availability_zones': [], 'distributed': False, 'ha': False, 'availability_zone_hints': [], 'routes': [], 'flavor_id': None, 'tags': [], 'created_at': '2025-11-27T02:31:27Z', 'updated_at': '2025-11-27T02:31:27Z', 'revision_number': 2, 'project_id': 'd0bd929293864de1bb4786013603f311'}
2025-11-27 02:31:29.178 66054 INFO tempest.lib.common.rest_client [req-5f862b00-a817-4b86-afe3-a55764b356dd req-5f862b00-a817-4b86-afe3-a55764b356dd ] Request (ServerShowV247Test:tearDownClass): 200 GET http://10.180.1.21/compute/v2.1/servers/48720752-7bd5-4d53-bcdf-aec0b8956094 1.253s
2025-11-27 02:31:29.199 66028 WARNING tempest.lib.common.ssh [-] Failed to establish authenticated ssh connection to cirros@10.180.180.226 ([Errno None] Unable to connect to port 22 on 10.180.180.226). Number attempts: 2. Retry after 3 seconds.: paramiko.ssh_exception.NoValidConnectionsError: [Errno None] Unable to connect to port 22 on 10.180.180.226
2025-11-27 02:31:29.203 66042 INFO tempest.lib.common.rest_client [req-0c6133f1-40fc-4d82-bcfb-0df0174d838b req-0c6133f1-40fc-4d82-bcfb-0df0174d838b ] Request (ListServersNegativeTestJSON:setUpClass): 200 GET http://10.180.1.21/compute/v2.1/servers/4ce27896-0f26-4ab4-8e41-d8c0011b92da 1.303s
2025-11-27 02:31:29.215 66024 INFO tempest.lib.common.rest_client [req-993a750b-6a02-40f8-8687-2b45792ddb1d req-993a750b-6a02-40f8-8687-2b45792ddb1d ] Request (ServersNegativeTestJSON:setUpClass): 201 POST http://10.180.1.21/identity/v3/auth/tokens 0.100s
2025-11-27 02:31:29.247 66012 INFO tempest.lib.common.rest_client [req-44b58dc6-da71-4df3-b877-faa8bdff613d req-44b58dc6-da71-4df3-b877-faa8bdff613d ] Request (ImagesTestJSON:test_create_server_from_snapshot): 200 GET http://10.180.1.21/compute/v2.1/servers/9200dd22-5bf9-40aa-8c9a-3d36f12adfe7 1.252s
2025-11-27 02:31:29.259 66024 INFO tempest.lib.common.rest_client [req-9edcda55-3abd-4ea1-aa6c-b988c9437ac6 req-9edcda55-3abd-4ea1-aa6c-b988c9437ac6 ] Request (ServersNegativeTestJSON:setUpClass): 201 POST http://10.180.1.21/identity/v3/auth/tokens 0.037s
2025-11-27 02:31:29.259 66024 INFO tempest.lib.common.fixed_network [-] (ServersNegativeTestJSON:setUpClass) Found network {'id': '27b778b4-426a-430a-885b-9842ec41c33e', 'name': 'tempest-ServersNegativeTestJSON-1312267537-network', 'tenant_id': 'd0bd929293864de1bb4786013603f311', 'project_id': 'd0bd929293864de1bb4786013603f311', 'admin_state_up': True, 'mtu': 8950, 'status': 'ACTIVE', 'subnets': [], 'shared': False, 'port_security_enabled': True, 'router:external': False, 'provider:network_type': 'vlan', 'provider:physical_network': 'default', 'provider:segmentation_id': 609, 'availability_zone_hints': [], 'availability_zones': [], 'ipv4_address_scope': None, 'ipv6_address_scope': None, 'description': '', 'tags': [], 'created_at': '2025-11-27T02:31:27Z', 'updated_at': '2025-11-27T02:31:27Z', 'revision_number': 1} available for tenant
2025-11-27 02:31:29.271 66018 INFO tempest.lib.common.rest_client [req-74ec90dd-bda4-4ede-a730-5f648c666a85 req-74ec90dd-bda4-4ede-a730-5f648c666a85 ] Request (ListImageFiltersTestJSON:tearDownClass): 200 GET http://10.180.1.21/compute/v2.1/servers/f5cd9b60-b0b9-4209-a526-83ed09b072bc 1.261s
2025-11-27 02:31:29.321 66068 INFO tempest.lib.common.rest_client [req-076eaf92-82f6-4e6a-95d7-e92798778129 req-076eaf92-82f6-4e6a-95d7-e92798778129 ] Request (ServerRescueNegativeTestJSON:test_rescued_vm_detach_volume): 200 GET http://10.180.1.21/compute/v2.1/servers/edf8969e-301d-4c57-b792-2c07d6c4250e 1.266s
2025-11-27 02:31:29.344 66032 INFO tempest.lib.common.rest_client [req-066ec5b4-9303-4682-b13b-d95f60ce1d49 req-066ec5b4-9303-4682-b13b-d95f60ce1d49 ] Request (ServersWithSpecificFlavorTestJSON:test_verify_created_server_ephemeral_disk): 200 GET http://10.180.1.21/compute/v2.1/servers/8bad4f41-93d3-4f50-abd4-ebfdf581e7f3 1.268s
2025-11-27 02:31:29.353 66032 INFO tempest.common.waiters [-] State transition "BUILD/scheduling" ==> "BUILD/None" after 31 second wait
2025-11-27 02:31:29.394 66010 INFO tempest.lib.common.rest_client [req-f592b89c-3b3a-4108-9fdb-68e35a4240b2 req-f592b89c-3b3a-4108-9fdb-68e35a4240b2 ] Request (MigrationsAdminTest:test_resize_server_revert_deleted_flavor): 200 GET http://10.180.1.21/compute/v2.1/servers/d4ba0f68-55bb-4193-b9e8-eefa3181d893 1.262s
2025-11-27 02:31:29.409 66046 INFO tempest.lib.common.rest_client [req-9337fd1c-713d-43f8-85ad-b780f3ac9f31 req-9337fd1c-713d-43f8-85ad-b780f3ac9f31 ] Request (ServersNegativeTestMultiTenantJSON:setUpClass): 200 GET http://10.180.1.21/compute/v2.1/servers/8ae47313-6535-4757-b25c-3f90e6af156a 1.248s
2025-11-27 02:31:29.465 66050 INFO tempest.lib.common.rest_client [req-9b4e75d2-47fc-4c3b-9677-4d15b7415e84 req-9b4e75d2-47fc-4c3b-9677-4d15b7415e84 ] Request (ServersAdminNegativeTestJSON:setUpClass): 200 GET http://10.180.1.21/compute/v2.1/servers/6d09de8b-7f48-44f3-bf12-9f2d75fa5f2a 1.282s
2025-11-27 02:31:29.489 66008 INFO tempest.lib.common.rest_client [req-a68dc496-f676-4783-9271-3fab3d467051 req-a68dc496-f676-4783-9271-3fab3d467051 ] Request (ServerDiskConfigTestJSON:test_resize_server_from_auto_to_manual): 200 GET http://10.180.1.21/compute/v2.1/servers/8a4f4d46-2506-47f1-bae6-2224dd011c61 1.274s
2025-11-27 02:31:29.550 66062 INFO tempest.lib.common.rest_client [req-22e1e3fa-2f41-427e-a106-095b246f2896 req-22e1e3fa-2f41-427e-a106-095b246f2896 ] Request (ServersAdminTestJSON:tearDownClass): 200 GET http://10.180.1.21/compute/v2.1/servers/f2082df5-ec95-423f-a5d6-b7f776be63ad 1.246s
2025-11-27 02:31:29.562 66056 INFO tempest.lib.common.rest_client [req-69335112-a5dd-4c00-aaae-cc00e3337075 req-69335112-a5dd-4c00-aaae-cc00e3337075 ] Request (ListServerFiltersTestJSON:tearDownClass): 200 GET http://10.180.1.21/compute/v2.1/servers/6451b8cc-cf73-49d3-977c-40812068b4fb 1.212s
2025-11-27 02:31:29.619 66058 INFO tempest.lib.common.rest_client [req-8e192c8c-4152-4b21-a80d-9a50d1120c21 req-8e192c8c-4152-4b21-a80d-9a50d1120c21 ] Request (AttachInterfacesTestJSON:test_create_list_show_delete_interfaces_by_network_port): 200 GET http://10.180.1.21/compute/v2.1/servers/c9808f35-3d79-4aa6-a414-c98635c1e33e 1.178s
2025-11-27 02:31:29.679 66022 INFO tempest.lib.common.rest_client [req-b3104ab6-02c3-4ab6-a12a-c2b21af05b42 req-b3104ab6-02c3-4ab6-a12a-c2b21af05b42 ] Request (ServerRescueTestJSON:test_rescue_unrescue_instance): 200 GET http://10.180.1.21/compute/v2.1/servers/f0b4e9af-34d6-4778-8646-ed73ee013d03 1.318s
2025-11-27 02:31:29.688 66022 INFO tempest.common.waiters [-] State transition "BUILD/networking" ==> "BUILD/spawning" after 55 second wait
2025-11-27 02:31:29.694 66030 INFO tempest.lib.common.rest_client [req-104f658c-47fb-42d1-af88-78fdd3c72fca req-104f658c-47fb-42d1-af88-78fdd3c72fca ] Request (ServersListShow298Test:tearDownClass): 200 GET http://10.180.1.21/compute/v2.1/servers/85377951-fc2a-47c9-9f82-7e6e9e33083d 1.168s
2025-11-27 02:31:29.743 66034 INFO tempest.lib.common.rest_client [req-5ab7334e-4459-4f6c-a981-b2a2b14be591 req-5ab7334e-4459-4f6c-a981-b2a2b14be591 ] Request (ServersTestMultiNic:test_verify_multiple_nics_order): 200 GET http://10.180.1.21/compute/v2.1/servers/78af8a87-17ed-4657-9f2f-4aa58d0b4427 0.843s
2025-11-27 02:31:29.778 66048 INFO tempest.lib.common.rest_client [req-bfe4e078-903e-40cb-96a2-06ddf00649a8 req-bfe4e078-903e-40cb-96a2-06ddf00649a8 ] Request (SecurityGroupsTestJSON:tearDownClass): 200 GET http://10.180.1.21/compute/v2.1/servers/9cf295fa-3194-41e3-a3e8-e6d579cd6975 0.866s
2025-11-27 02:31:29.797 66060 INFO tempest.lib.common.rest_client [req-b3ef99c1-a3ba-4e1d-ba69-56488b567310 req-b3ef99c1-a3ba-4e1d-ba69-56488b567310 ] Request (MultipleCreateTestJSON:test_multiple_create_with_reservation_return): 200 GET http://10.180.1.21/compute/v2.1/servers/b1ca6880-dc2a-4d4d-9fc0-d96e42675267 0.696s
2025-11-27 02:31:29.838 66052 INFO tempest.lib.common.rest_client [req-d8c3bedb-9048-4948-81fa-b557ba03ec52 req-d8c3bedb-9048-4948-81fa-b557ba03ec52 ] Request (ImagesOneServerNegativeTestJSON:_run_cleanups): 200 GET http://10.180.1.21/compute/v2.1/servers/0c2692db-1ad5-4d29-9fe3-27dbdb1935c0 0.726s
2025-11-27 02:31:30.284 66054 INFO tempest.lib.common.rest_client [req-557205b4-9b1b-4b53-87f7-319fcdc95638 req-557205b4-9b1b-4b53-87f7-319fcdc95638 ] Request (ServerShowV247Test:tearDownClass): 200 GET http://10.180.1.21/compute/v2.1/servers/48720752-7bd5-4d53-bcdf-aec0b8956094 0.095s
2025-11-27 02:31:30.293 66024 INFO tempest.lib.common.rest_client [req-e42502c6-c684-4713-9d32-b55b51f20687 req-e42502c6-c684-4713-9d32-b55b51f20687 ] Request (ServersNegativeTestJSON:setUpClass): 202 POST http://10.180.1.21/compute/v2.1/servers 1.033s
2025-11-27 02:31:30.360 66012 INFO tempest.lib.common.rest_client [req-3c8cf4e4-9d84-4298-8e34-1f21b12791a1 req-3c8cf4e4-9d84-4298-8e34-1f21b12791a1 ] Request (ImagesTestJSON:test_create_server_from_snapshot): 200 GET http://10.180.1.21/compute/v2.1/servers/9200dd22-5bf9-40aa-8c9a-3d36f12adfe7 0.101s
2025-11-27 02:31:30.409 66042 INFO tempest.lib.common.rest_client [req-5ec530dc-fbac-4dbf-bff4-7c85a76348b3 req-5ec530dc-fbac-4dbf-bff4-7c85a76348b3 ] Request (ListServersNegativeTestJSON:setUpClass): 200 GET http://10.180.1.21/compute/v2.1/servers/4ce27896-0f26-4ab4-8e41-d8c0011b92da 0.196s
2025-11-27 02:31:30.439 66018 INFO tempest.lib.common.rest_client [req-f0f0b74c-1f97-4ae0-86f2-487acc51cdb2 req-f0f0b74c-1f97-4ae0-86f2-487acc51cdb2 ] Request (ListImageFiltersTestJSON:tearDownClass): 200 GET http://10.180.1.21/compute/v2.1/servers/f5cd9b60-b0b9-4209-a526-83ed09b072bc 0.154s
2025-11-27 02:31:30.452 66024 INFO tempest.lib.common.rest_client [req-e795bc86-8d9f-4c40-87b0-808e904094b9 req-e795bc86-8d9f-4c40-87b0-808e904094b9 ] Request (ServersNegativeTestJSON:setUpClass): 200 GET http://10.180.1.21/compute/v2.1/servers/da88beb8-d7db-48bf-bab5-aaa11c81230c 0.157s
2025-11-27 02:31:30.496 66068 INFO tempest.lib.common.rest_client [req-25888e8b-bdd5-4dae-ba85-871cac1b3f70 req-25888e8b-bdd5-4dae-ba85-871cac1b3f70 ] Request (ServerRescueNegativeTestJSON:test_rescued_vm_detach_volume): 200 GET http://10.180.1.21/compute/v2.1/servers/edf8969e-301d-4c57-b792-2c07d6c4250e 0.165s
2025-11-27 02:31:30.510 66032 INFO tempest.lib.common.rest_client [req-63e1b98c-f6bc-4257-bd48-73015bf25ebd req-63e1b98c-f6bc-4257-bd48-73015bf25ebd ] Request (ServersWithSpecificFlavorTestJSON:test_verify_created_server_ephemeral_disk): 200 GET http://10.180.1.21/compute/v2.1/servers/8bad4f41-93d3-4f50-abd4-ebfdf581e7f3 0.156s
2025-11-27 02:31:30.551 66010 INFO tempest.lib.common.rest_client [req-41017a42-92a8-4ba7-9174-d5118a84292c req-41017a42-92a8-4ba7-9174-d5118a84292c ] Request (MigrationsAdminTest:test_resize_server_revert_deleted_flavor): 200 GET http://10.180.1.21/compute/v2.1/servers/d4ba0f68-55bb-4193-b9e8-eefa3181d893 0.148s
2025-11-27 02:31:30.562 66046 INFO tempest.lib.common.rest_client [req-3cd67363-6d99-4660-b1db-a82f0fd996dd req-3cd67363-6d99-4660-b1db-a82f0fd996dd ] Request (ServersNegativeTestMultiTenantJSON:setUpClass): 200 GET http://10.180.1.21/compute/v2.1/servers/8ae47313-6535-4757-b25c-3f90e6af156a 0.140s
2025-11-27 02:31:30.615 66050 INFO tempest.lib.common.rest_client [req-2b6e9bdc-14e1-4e0a-92cf-6926ddb217da req-2b6e9bdc-14e1-4e0a-92cf-6926ddb217da ] Request (ServersAdminNegativeTestJSON:setUpClass): 200 GET http://10.180.1.21/compute/v2.1/servers/6d09de8b-7f48-44f3-bf12-9f2d75fa5f2a 0.139s
2025-11-27 02:31:30.632 66008 INFO tempest.lib.common.rest_client [req-b1d5590a-f317-4f33-b0f6-5671fdcf7a30 req-b1d5590a-f317-4f33-b0f6-5671fdcf7a30 ] Request (ServerDiskConfigTestJSON:test_resize_server_from_auto_to_manual): 200 GET http://10.180.1.21/compute/v2.1/servers/8a4f4d46-2506-47f1-bae6-2224dd011c61 0.132s
2025-11-27 02:31:30.678 66062 INFO tempest.lib.common.rest_client [req-b697b474-1fdf-492d-8eae-31ca54162c9d req-b697b474-1fdf-492d-8eae-31ca54162c9d ] Request (ServersAdminTestJSON:tearDownClass): 200 GET http://10.180.1.21/compute/v2.1/servers/f2082df5-ec95-423f-a5d6-b7f776be63ad 0.118s
