2025-11-27 02:27:17.818 66042 INFO tempest.lib.common.rest_client [req-a88523c2-380f-4879-9162-599f822c8f44 req-a88523c2-380f-4879-9162-599f822c8f44 ] Request (ServersTestBootFromVolume:setUpClass): 200 GET http://10.180.1.21/volume/v3/volumes/34d8feba-850b-4bff-afdd-5b168fe5851e 0.039s
2025-11-27 02:27:18.070 66071 INFO tempest.lib.common.rest_client [req-fd3765a8-1564-4875-8cfe-3fb8b3f27c24 req-fd3765a8-1564-4875-8cfe-3fb8b3f27c24 ] Request (VolumesAdminNegativeTest:setUpClass): 201 POST http://10.180.1.21/networking/v2.0/subnets 0.630s
2025-11-27 02:27:18.138 66052 INFO tempest.lib.common.rest_client [req-0e17cef4-5a8c-4a72-84f4-024bab61c261 req-0e17cef4-5a8c-4a72-84f4-024bab61c261 ] Request (ImagesOneServerNegativeTestJSON:setUpClass): 200 GET http://10.180.1.21/compute/v2.1/servers/d547a951-4632-4565-8457-0481d6cc8f6e 7.717s
2025-11-27 02:27:18.147 66052 INFO tempest.common.waiters [-] State transition "BUILD/None" ==> "BUILD/spawning" after 9 second wait
2025-11-27 02:27:18.857 66042 INFO tempest.lib.common.rest_client [req-d78ef8cd-465f-470f-905d-5f728afdfb4a req-d78ef8cd-465f-470f-905d-5f728afdfb4a ] Request (ServersTestBootFromVolume:setUpClass): 200 GET http://10.180.1.21/volume/v3/volumes/34d8feba-850b-4bff-afdd-5b168fe5851e 0.029s
2025-11-27 02:27:18.861 66071 INFO tempest.lib.common.rest_client [req-da267fd8-2b34-4af7-95f8-b3a1e2e6a394 req-da267fd8-2b34-4af7-95f8-b3a1e2e6a394 ] Request (VolumesAdminNegativeTest:setUpClass): 201 POST http://10.180.1.21/networking/v2.0/routers 0.790s
2025-11-27 02:27:18.949 66012 INFO tempest.lib.common.rest_client [req-0fb12b97-f87a-4d34-80de-654adaabcec2 req-0fb12b97-f87a-4d34-80de-654adaabcec2 ] Request (FloatingIPsNegativeTestJSON:test_delete_nonexistent_floating_ip): 404 DELETE http://10.180.1.21/compute/v2.1/os-floating-ips/4f25265e-ecb1-44bc-bf21-d79fd72cf4c3 7.600s
2025-11-27 02:27:19.838 66071 INFO tempest.lib.common.rest_client [req-729eaaf1-e8d8-44c4-abbc-f39cdf7591ac req-729eaaf1-e8d8-44c4-abbc-f39cdf7591ac ] Request (VolumesAdminNegativeTest:setUpClass): 200 PUT http://10.180.1.21/networking/v2.0/routers/a0e7f164-85bd-43bd-9bf3-dad3878576f6/add_router_interface 0.975s
2025-11-27 02:27:19.838 66071 INFO tempest.lib.common.dynamic_creds [-] Created isolated network resources for: credentials: Credentials: {'domain_id': 'default', 'domain_name': 'Default', 'username': 'tempest-VolumesAdminNegativeTest-1309077241-project-admin', 'project_domain_id': 'default', 'project_domain_name': 'Default', 'project_id': 'ada03af1270d49449f5a13c62102e0c2', 'project_name': 'tempest-VolumesAdminNegativeTest-1309077241', 'tenant_id': 'ada03af1270d49449f5a13c62102e0c2', 'tenant_name': 'tempest-VolumesAdminNegativeTest-1309077241', 'user_domain_id': 'default', 'user_domain_name': 'Default', 'user_id': '8da3414763c84da79fc8ba1f8885d223', 'system': None}, Network: {'id': 'b68ac037-b370-4666-9014-94b28d2dd1fa', 'name': 'tempest-VolumesAdminNegativeTest-151194659-network', 'tenant_id': 'ada03af1270d49449f5a13c62102e0c2', 'project_id': 'ada03af1270d49449f5a13c62102e0c2', 'admin_state_up': True, 'mtu': 8950, 'status': 'ACTIVE', 'subnets': [], 'shared': False, 'port_security_enabled': True, 'router:external': False, 'provider:network_type': 'vlan', 'provider:physical_network': 'default', 'provider:segmentation_id': 586, 'availability_zone_hints': [], 'availability_zones': [], 'ipv4_address_scope': None, 'ipv6_address_scope': None, 'description': '', 'tags': [], 'created_at': '2025-11-27T02:27:17Z', 'updated_at': '2025-11-27T02:27:17Z', 'revision_number': 1}, Subnet: {'id': '14953407-f4f4-444d-b3f4-bc3ac2c40203', 'name': 'tempest-VolumesAdminNegativeTest-151194659-subnet', 'tenant_id': 'ada03af1270d49449f5a13c62102e0c2', 'network_id': 'b68ac037-b370-4666-9014-94b28d2dd1fa', 'ip_version': 4, 'subnetpool_id': None, 'enable_dhcp': True, 'ipv6_ra_mode': None, 'ipv6_address_mode': None, 'gateway_ip': '192.168.128.1', 'cidr': '192.168.128.0/28', 'allocation_pools': [{'start': '192.168.128.2', 'end': '192.168.128.14'}], 'host_routes': [], 'dns_nameservers': [], 'description': '', 'router:external': False, 'service_types': [], 'tags': [], 'created_at': '2025-11-27T02:27:17Z', 'updated_at': '2025-11-27T02:27:17Z', 'revision_number': 0, 'project_id': 'ada03af1270d49449f5a13c62102e0c2'}, Router: {'id': 'a0e7f164-85bd-43bd-9bf3-dad3878576f6', 'name': 'tempest-VolumesAdminNegativeTest-151194659-router', 'tenant_id': 'ada03af1270d49449f5a13c62102e0c2', 'admin_state_up': True, 'status': 'ACTIVE', 'external_gateway_info': {'network_id': 'e7e16e27-0540-438b-8b1d-3886d04601cc', 'external_fixed_ips': [{'subnet_id': 'd11ec2d1-9b9d-470e-9977-352ffcbb2159', 'ip_address': '10.180.180.249'}], 'enable_snat': True}, 'description': '', 'availability_zones': [], 'distributed': False, 'ha': False, 'availability_zone_hints': [], 'routes': [], 'flavor_id': None, 'tags': [], 'created_at': '2025-11-27T02:27:18Z', 'updated_at': '2025-11-27T02:27:18Z', 'revision_number': 2, 'project_id': 'ada03af1270d49449f5a13c62102e0c2'}
2025-11-27 02:27:19.901 66042 INFO tempest.lib.common.rest_client [req-2af497bc-d0c2-4d39-8ff3-d9faf320b388 req-2af497bc-d0c2-4d39-8ff3-d9faf320b388 ] Request (ServersTestBootFromVolume:setUpClass): 200 GET http://10.180.1.21/volume/v3/volumes/34d8feba-850b-4bff-afdd-5b168fe5851e 0.037s
2025-11-27 02:27:19.943 66071 INFO tempest.lib.common.rest_client [req-6fc37485-08e1-4fe8-9807-2f77cfec505f req-6fc37485-08e1-4fe8-9807-2f77cfec505f ] Request (VolumesAdminNegativeTest:setUpClass): 201 POST http://10.180.1.21/identity/v3/auth/tokens 0.102s
2025-11-27 02:27:20.029 66071 INFO tempest.lib.common.rest_client [req-636818e9-f8b8-4640-9762-6b439c6187c8 req-636818e9-f8b8-4640-9762-6b439c6187c8 ] Request (VolumesAdminNegativeTest:setUpClass): 201 POST http://10.180.1.21/identity/v3/projects 0.085s
2025-11-27 02:27:20.117 66071 INFO tempest.lib.common.rest_client [req-2629d568-5eba-49aa-8c33-aff67b38b580 req-2629d568-5eba-49aa-8c33-aff67b38b580 ] Request (VolumesAdminNegativeTest:setUpClass): 201 POST http://10.180.1.21/identity/v3/users 0.088s
2025-11-27 02:27:20.124 66020 INFO tempest.lib.common.rest_client [req-c8fbcd64-b569-486e-94ce-c79e05f6034b req-c8fbcd64-b569-486e-94ce-c79e05f6034b ] Request (ImagesNegativeTestJSON:test_create_image_from_deleted_server): 200 GET http://10.180.1.21/compute/v2.1/servers/24e8e742-2e51-41b0-b071-94a75a26f7f7 8.189s
2025-11-27 02:27:20.148 66071 INFO tempest.lib.common.rest_client [req-3e6054c6-b27d-4285-9f1f-710172989494 req-3e6054c6-b27d-4285-9f1f-710172989494 ] Request (VolumesAdminNegativeTest:setUpClass): 200 GET http://10.180.1.21/identity/v3/roles 0.030s
2025-11-27 02:27:20.187 66071 INFO tempest.lib.common.rest_client [req-901eff2b-6695-439e-929d-566781db1f91 req-901eff2b-6695-439e-929d-566781db1f91 ] Request (VolumesAdminNegativeTest:setUpClass): 204 PUT http://10.180.1.21/identity/v3/projects/ec226b3e26a2472790b38641d4b40487/users/2bf1afac9ec84dde807da73fdedb615a/roles/583a921bbf464629aca53070a8722d24 0.038s
2025-11-27 02:27:20.242 66071 INFO tempest.lib.common.rest_client [req-1454868f-d00d-49fb-ba82-e3040f2c610b req-1454868f-d00d-49fb-ba82-e3040f2c610b ] Request (VolumesAdminNegativeTest:setUpClass): 200 GET http://10.180.1.21/identity/v3/roles 0.055s
2025-11-27 02:27:20.267 66071 INFO tempest.lib.common.rest_client [req-5993a501-12f0-4b6f-a3e4-ab6870ba3ea8 req-5993a501-12f0-4b6f-a3e4-ab6870ba3ea8 ] Request (VolumesAdminNegativeTest:setUpClass): 204 PUT http://10.180.1.21/identity/v3/projects/ec226b3e26a2472790b38641d4b40487/users/2bf1afac9ec84dde807da73fdedb615a/roles/71a41a7e46454b879541105ed733fbfe 0.025s
2025-11-27 02:27:20.267 66071 INFO tempest.lib.common.dynamic_creds [-] Dynamic test user 2bf1afac9ec84dde807da73fdedb615a is created with scope project and roles: ['admin', 'service']
2025-11-27 02:27:20.267 66071 INFO tempest.lib.common.dynamic_creds [-] Acquired dynamic creds: credentials: Credentials: {'domain_id': 'default', 'domain_name': 'Default', 'username': 'tempest-VolumesAdminNegativeTest-618755922-project', 'project_domain_id': 'default', 'project_domain_name': 'Default', 'project_id': 'ec226b3e26a2472790b38641d4b40487', 'project_name': 'tempest-VolumesAdminNegativeTest-618755922', 'tenant_id': 'ec226b3e26a2472790b38641d4b40487', 'tenant_name': 'tempest-VolumesAdminNegativeTest-618755922', 'user_domain_id': 'default', 'user_domain_name': 'Default', 'user_id': '2bf1afac9ec84dde807da73fdedb615a', 'system': None}, Network: None, Subnet: None, Router: None
2025-11-27 02:27:20.297 66064 INFO tempest.lib.common.rest_client [req-58691a60-0986-4528-a172-ba192991f131 req-58691a60-0986-4528-a172-ba192991f131 ] Request (InstanceActionsTestJSON:setUpClass): 202 POST http://10.180.1.21/compute/v2.1/servers 9.156s
2025-11-27 02:27:20.323 66054 INFO tempest.lib.common.rest_client [req-d7b1810b-c99d-4297-8976-d1478bf14ccd req-d7b1810b-c99d-4297-8976-d1478bf14ccd ] Request (HypervisorAdminUnderV252Test:test_search_hypervisor): 200 GET http://10.180.1.21/compute/v2.1/os-hypervisors/domain-c8.fc996f14-c53b-4953-92e3-bdfa48f5cc28/search 8.172s
2025-11-27 02:27:20.340 66012 INFO tempest.lib.common.rest_client [req-0b4d4241-04a3-4190-a598-e3e48010e984 req-0b4d4241-04a3-4190-a598-e3e48010e984 ] Request (FloatingIPsNegativeTestJSON:tearDownClass): 200 PUT http://10.180.1.21/networking/v2.0/routers/c9e02f62-bf06-4a2d-ad36-c4bcfddd366b/remove_router_interface 1.389s
2025-11-27 02:27:20.391 66056 INFO tempest.lib.common.rest_client [req-d7df988d-2431-4818-8fb2-abe69b1c4e15 req-d7df988d-2431-4818-8fb2-abe69b1c4e15 ] Request (ServerExternalEventsTest:test_create_server_external_events): 200 GET http://10.180.1.21/compute/v2.1/servers/e741c811-f2c2-4f2a-b4e0-80358c9fbcc5 8.396s
2025-11-27 02:27:20.405 66056 INFO tempest.common.waiters [-] State transition "BUILD/None" ==> "BUILD/spawning" after 10 second wait
2025-11-27 02:27:20.457 66054 INFO tempest.lib.common.rest_client [req-c42e10b5-bbbd-45dd-bcc9-3de1b69040e1 req-c42e10b5-bbbd-45dd-bcc9-3de1b69040e1 ] Request (HypervisorAdminUnderV252Test:tearDownClass): 204 DELETE http://10.180.1.21/identity/v3/users/1289771de45c4c99bfffc8418855bfc8 0.131s
2025-11-27 02:27:20.469 66068 INFO tempest.lib.common.rest_client [req-c7827bdd-a4ed-40f7-847f-50e9c9e62d02 req-c7827bdd-a4ed-40f7-847f-50e9c9e62d02 ] Request (AggregatesAdminNegativeTestJSON:test_aggregate_add_existent_host): 409 POST http://10.180.1.21/compute/v2.1/os-aggregates/1/action 7.614s
2025-11-27 02:27:20.489 66028 INFO tempest.lib.common.rest_client [req-e4ca7910-0c91-4cfc-b12f-6a993c3d3a73 req-e4ca7910-0c91-4cfc-b12f-6a993c3d3a73 ] Request (FlavorsAdminTestJSON:test_create_flavor_verify_entry_in_list_details): 200 POST http://10.180.1.21/compute/v2.1/flavors 7.603s
2025-11-27 02:27:20.505 66030 INFO tempest.lib.common.rest_client [req-2872f38e-7712-4469-b347-76441086d06e req-2872f38e-7712-4469-b347-76441086d06e ] Request (KeyPairsV210TestJSON:test_admin_manage_keypairs_for_other_users): 200 GET http://10.180.1.21/compute/v2.1/os-keypairs?user_id=4390dd636c5e4c5f8908769948683985 7.590s
2025-11-27 02:27:20.568 66060 INFO tempest.lib.common.rest_client [req-c1bd8e99-ee87-4d44-b423-30adc8597869 req-c1bd8e99-ee87-4d44-b423-30adc8597869 ] Request (SecurityGroupsTestAdminJSON:test_list_security_groups_list_all_tenants_filter): 200 POST http://10.180.1.21/compute/v2.1/os-security-groups 8.242s
2025-11-27 02:27:20.611 66058 INFO tempest.lib.common.rest_client [req-fe96f562-163d-4d6e-b9d6-3838b3b02597 req-fe96f562-163d-4d6e-b9d6-3838b3b02597 ] Request (ServicesAdminNegativeTestJSON:test_get_service_by_invalid_service_and_valid_host): 200 GET http://10.180.1.21/compute/v2.1/os-services?host=devstack&binary=xxx 7.668s
2025-11-27 02:27:20.612 66014 INFO tempest.lib.common.rest_client [req-7510acc4-2ff8-45a8-977e-8774c10af715 req-7510acc4-2ff8-45a8-977e-8774c10af715 ] Request (FlavorsExtraSpecsNegativeTestJSON:test_flavor_non_admin_unset_keys): 403 DELETE http://10.180.1.21/compute/v2.1/flavors/1509926548/os-extra_specs/hw:numa_nodes 7.647s
2025-11-27 02:27:20.617 66071 INFO tempest.lib.common.rest_client [req-a127f6ef-103a-4174-853e-c4e45497c90e req-a127f6ef-103a-4174-853e-c4e45497c90e ] Request (VolumesAdminNegativeTest:setUpClass): 201 POST http://10.180.1.21/networking/v2.0/networks 0.350s
2025-11-27 02:27:20.664 66054 INFO tempest.lib.common.rest_client [req-a43ce459-9ddf-47cc-81b7-ae243a39f908 req-a43ce459-9ddf-47cc-81b7-ae243a39f908 ] Request (HypervisorAdminUnderV252Test:tearDownClass): 204 DELETE http://10.180.1.21/identity/v3/users/28b31461dce8437f9119533c7344b98a 0.207s
2025-11-27 02:27:20.665 66054 INFO tempest.lib.common.dynamic_creds [-] Deleting project and security group for project: 23ad9a4cf07c4f17b4675c778ecde28a
2025-11-27 02:27:20.718 66048 INFO tempest.lib.common.rest_client [req-e857be13-4b9b-4e38-80a3-c9157d5d3970 req-e857be13-4b9b-4e38-80a3-c9157d5d3970 ] Request (HypervisorAdminNegativeTestJSON:test_get_hypervisor_uptime_with_non_admin_user): 200 GET http://10.180.1.21/compute/v2.1/os-hypervisors 7.798s
2025-11-27 02:27:20.762 66054 INFO tempest.lib.common.rest_client [req-5b3cda03-89cb-4a56-8daf-53f5125f7f05 req-5b3cda03-89cb-4a56-8daf-53f5125f7f05 ] Request (HypervisorAdminUnderV252Test:tearDownClass): 201 POST http://10.180.1.21/identity/v3/auth/tokens 0.097s
2025-11-27 02:27:20.938 66071 INFO tempest.lib.common.rest_client [req-87048456-3631-4b6c-907a-12462ab6dc57 req-87048456-3631-4b6c-907a-12462ab6dc57 ] Request (VolumesAdminNegativeTest:setUpClass): 201 POST http://10.180.1.21/networking/v2.0/subnets 0.317s
2025-11-27 02:27:20.956 66042 INFO tempest.lib.common.rest_client [req-72573b4e-19a2-49bf-80d7-e4166970e2f7 req-72573b4e-19a2-49bf-80d7-e4166970e2f7 ] Request (ServersTestBootFromVolume:setUpClass): 200 GET http://10.180.1.21/volume/v3/volumes/34d8feba-850b-4bff-afdd-5b168fe5851e 0.047s
2025-11-27 02:27:21.076 66012 INFO tempest.lib.common.rest_client [req-5d5cf68a-246e-480d-918f-ac9123cc2b8d req-5d5cf68a-246e-480d-918f-ac9123cc2b8d ] Request (FloatingIPsNegativeTestJSON:tearDownClass): 204 DELETE http://10.180.1.21/networking/v2.0/routers/c9e02f62-bf06-4a2d-ad36-c4bcfddd366b 0.736s
2025-11-27 02:27:21.189 66054 INFO tempest.lib.common.rest_client [req-0060b61c-ab01-4b4d-b107-8eb43e7e0fa2 req-0060b61c-ab01-4b4d-b107-8eb43e7e0fa2 ] Request (HypervisorAdminUnderV252Test:tearDownClass): 200 GET http://10.180.1.21/networking/v2.0/security-groups?tenant_id=23ad9a4cf07c4f17b4675c778ecde28a&name=default 0.426s
2025-11-27 02:27:21.190 66034 INFO tempest.lib.common.rest_client [req-387bfced-a21e-4788-8201-5412b18c449b req-387bfced-a21e-4788-8201-5412b18c449b ] Request (SecurityGroupRulesTestJSON:test_security_group_rules_create): 200 POST http://10.180.1.21/compute/v2.1/os-security-groups 7.638s
2025-11-27 02:27:21.226 66022 INFO tempest.lib.common.rest_client [req-682ce0ec-65ff-4267-b32e-fc0098e43bd9 req-682ce0ec-65ff-4267-b32e-fc0098e43bd9 ] Request (ServerDiagnosticsNegativeTest:test_get_server_diagnostics_by_non_admin): 200 GET http://10.180.1.21/compute/v2.1/servers/d8ed198c-ba9b-441a-9dd3-4e5c99a14a2a 8.088s
2025-11-27 02:27:21.336 66036 INFO tempest.lib.common.rest_client [req-c5345e4d-8598-48aa-a4b7-0f85ccef8eff req-c5345e4d-8598-48aa-a4b7-0f85ccef8eff ] Request (QuotasAdminTestJSON:test_delete_quota): 200 GET http://10.180.1.21/compute/v2.1/os-quota-sets/f8ad348765754c5ebd0c2764d250e524 7.159s
2025-11-27 02:27:21.407 66012 INFO tempest.lib.common.rest_client [req-284e17a0-a075-4205-a582-7bf70b9a4ff3 req-284e17a0-a075-4205-a582-7bf70b9a4ff3 ] Request (FloatingIPsNegativeTestJSON:tearDownClass): 204 DELETE http://10.180.1.21/networking/v2.0/subnets/b5f30c4a-097c-4ed2-a067-1bdab570bc05 0.330s
2025-11-27 02:27:21.426 66036 INFO tempest.lib.common.rest_client [req-c61a9e94-ae96-4402-85f6-f32fb501a599 req-c61a9e94-ae96-4402-85f6-f32fb501a599 ] Request (QuotasAdminTestJSON:_run_cleanups): 204 DELETE http://10.180.1.21/identity/v3/projects/f8ad348765754c5ebd0c2764d250e524 0.087s
2025-11-27 02:27:21.496 66054 INFO tempest.lib.common.rest_client [req-76f9f575-aa3a-49ae-aaed-ab33842fc1f9 req-76f9f575-aa3a-49ae-aaed-ab33842fc1f9 ] Request (HypervisorAdminUnderV252Test:tearDownClass): 204 DELETE http://10.180.1.21/networking/v2.0/security-groups/de894cdf-2bc8-4cb3-8bc4-9c6b0ad3538b 0.306s
2025-11-27 02:27:21.519 66062 INFO tempest.lib.common.rest_client [req-ef747419-ca23-4988-b429-969262938553 req-ef747419-ca23-4988-b429-969262938553 ] Request (QuotasAdminNegativeTest:_run_cleanups): 200 PUT http://10.180.1.21/compute/v2.1/os-quota-sets/36a5549b12a74916b9f636c8cfa7e5ab 5.415s
2025-11-27 02:27:21.548 66040 INFO tempest.lib.common.rest_client [req-a2b2bd53-0d6f-44d3-a8e4-00ce5d8a68d1 req-a2b2bd53-0d6f-44d3-a8e4-00ce5d8a68d1 ] Request (FlavorsAccessTestJSON:test_flavor_access_add_remove): 200 GET http://10.180.1.21/compute/v2.1/flavors/detail 5.311s
2025-11-27 02:27:21.610 66024 INFO tempest.lib.common.rest_client [req-e36514a1-bb21-41ee-aae7-56b62cd42d31 req-e36514a1-bb21-41ee-aae7-56b62cd42d31 ] Request (ImagesMetadataTestJSON:test_delete_image_metadata_item): 200 GET http://10.180.1.21/compute/v2.1/images/09727fbc-a466-4f84-b954-45a2184253db/metadata 5.170s
2025-11-27 02:27:21.691 66054 INFO tempest.lib.common.rest_client [req-692846aa-2de8-43e5-8574-af72b3aabe11 req-692846aa-2de8-43e5-8574-af72b3aabe11 ] Request (HypervisorAdminUnderV252Test:tearDownClass): 204 DELETE http://10.180.1.21/identity/v3/projects/23ad9a4cf07c4f17b4675c778ecde28a 0.194s
2025-11-27 02:27:21.691 66054 INFO tempest.lib.common.dynamic_creds [-] Deleting project and security group for project: 013a40655e1a48bf8e1f05bfa1bc8593
2025-11-27 02:27:21.818 66010 INFO tempest.lib.common.rest_client [req-a653af7e-7a44-4055-9414-a90524467412 req-a653af7e-7a44-4055-9414-a90524467412 ] Request (FlavorsAccessNegativeTestJSON:_run_cleanups): 200 POST http://10.180.1.21/compute/v2.1/flavors/1711462902/action 5.243s
2025-11-27 02:27:21.973 66071 INFO tempest.lib.common.rest_client [req-0dfb8345-0627-4fc0-873c-e3a673b3b7b9 req-0dfb8345-0627-4fc0-873c-e3a673b3b7b9 ] Request (VolumesAdminNegativeTest:setUpClass): 201 POST http://10.180.1.21/networking/v2.0/routers 1.034s
2025-11-27 02:27:22.011 66042 INFO tempest.lib.common.rest_client [req-b59c4fab-380f-4c06-a444-c603d791e909 req-b59c4fab-380f-4c06-a444-c603d791e909 ] Request (ServersTestBootFromVolume:setUpClass): 200 GET http://10.180.1.21/volume/v3/volumes/34d8feba-850b-4bff-afdd-5b168fe5851e 0.041s
2025-11-27 02:27:22.018 66012 INFO tempest.lib.common.rest_client [req-0ce7bc86-fac7-49e7-9dff-98aed2eb4f25 req-0ce7bc86-fac7-49e7-9dff-98aed2eb4f25 ] Request (FloatingIPsNegativeTestJSON:tearDownClass): 204 DELETE http://10.180.1.21/networking/v2.0/networks/a5e80f6c-cda5-44ef-9ef3-3f56ad4fdc63 0.610s
2025-11-27 02:27:22.067 66016 INFO tempest.lib.common.rest_client [req-67500026-2e27-4d95-b5dc-c47898cd02cd req-67500026-2e27-4d95-b5dc-c47898cd02cd ] Request (DeleteServersAdminTestJSON:test_admin_delete_servers_of_others): 200 GET http://10.180.1.21/compute/v2.1/servers/d40273a4-fb49-4d88-9917-e86421984457 7.016s
2025-11-27 02:27:22.104 66032 INFO tempest.lib.common.rest_client [req-9d393021-d95c-4e38-8515-09d704e8f312 req-9d393021-d95c-4e38-8515-09d704e8f312 ] Request (ServersWithSpecificFlavorTestJSON:test_verify_created_server_ephemeral_disk): 200 POST http://10.180.1.21/compute/v2.1/flavors/60138934/os-extra_specs 4.920s
2025-11-27 02:27:22.183 66012 INFO tempest.lib.common.rest_client [req-1313cdf6-fc4b-4193-9aa3-f333fc7432a6 req-1313cdf6-fc4b-4193-9aa3-f333fc7432a6 ] Request (FloatingIPsNegativeTestJSON:tearDownClass): 204 DELETE http://10.180.1.21/identity/v3/users/b9965776ffdf45a98d2a9d8154ca5385 0.165s
2025-11-27 02:27:22.183 66012 INFO tempest.lib.common.dynamic_creds [-] Deleting project and security group for project: 0dd50735c0064d42b0a1bb7a25a12de1
2025-11-27 02:27:22.592 66054 INFO tempest.lib.common.rest_client [req-496cfe63-d073-4739-a515-de63186bf6de req-496cfe63-d073-4739-a515-de63186bf6de ] Request (HypervisorAdminUnderV252Test:tearDownClass): 200 GET http://10.180.1.21/networking/v2.0/security-groups?tenant_id=013a40655e1a48bf8e1f05bfa1bc8593&name=default 0.900s
2025-11-27 02:27:23.068 66042 INFO tempest.lib.common.rest_client [req-69dfba0d-7060-4937-bea3-54a1b190fb54 req-69dfba0d-7060-4937-bea3-54a1b190fb54 ] Request (ServersTestBootFromVolume:setUpClass): 200 GET http://10.180.1.21/volume/v3/volumes/34d8feba-850b-4bff-afdd-5b168fe5851e 0.048s
2025-11-27 02:27:23.075 66071 INFO tempest.lib.common.rest_client [req-368d29e4-87a1-4859-b0a8-1877537f632f req-368d29e4-87a1-4859-b0a8-1877537f632f ] Request (VolumesAdminNegativeTest:setUpClass): 200 PUT http://10.180.1.21/networking/v2.0/routers/da9e7bd5-f556-4ede-a35b-ac2a9ae9e23a/add_router_interface 1.101s
2025-11-27 02:27:23.075 66071 INFO tempest.lib.common.dynamic_creds [-] Created isolated network resources for: credentials: Credentials: {'domain_id': 'default', 'domain_name': 'Default', 'username': 'tempest-VolumesAdminNegativeTest-618755922-project', 'project_domain_id': 'default', 'project_domain_name': 'Default', 'project_id': 'ec226b3e26a2472790b38641d4b40487', 'project_name': 'tempest-VolumesAdminNegativeTest-618755922', 'tenant_id': 'ec226b3e26a2472790b38641d4b40487', 'tenant_name': 'tempest-VolumesAdminNegativeTest-618755922', 'user_domain_id': 'default', 'user_domain_name': 'Default', 'user_id': '2bf1afac9ec84dde807da73fdedb615a', 'system': None}, Network: {'id': '8c1d8814-6e62-4be5-951f-d8a6ff2974cd', 'name': 'tempest-VolumesAdminNegativeTest-2093353622-network', 'tenant_id': 'ec226b3e26a2472790b38641d4b40487', 'project_id': 'ec226b3e26a2472790b38641d4b40487', 'admin_state_up': True, 'mtu': 8950, 'status': 'ACTIVE', 'subnets': [], 'shared': False, 'port_security_enabled': True, 'router:external': False, 'provider:network_type': 'vlan', 'provider:physical_network': 'default', 'provider:segmentation_id': 305, 'availability_zone_hints': [], 'availability_zones': [], 'ipv4_address_scope': None, 'ipv6_address_scope': None, 'description': '', 'tags': [], 'created_at': '2025-11-27T02:27:20Z', 'updated_at': '2025-11-27T02:27:20Z', 'revision_number': 1}, Subnet: {'id': 'def150f5-af25-40e8-8521-7ba8ebd690d9', 'name': 'tempest-VolumesAdminNegativeTest-2093353622-subnet', 'tenant_id': 'ec226b3e26a2472790b38641d4b40487', 'network_id': '8c1d8814-6e62-4be5-951f-d8a6ff2974cd', 'ip_version': 4, 'subnetpool_id': None, 'enable_dhcp': True, 'ipv6_ra_mode': None, 'ipv6_address_mode': None, 'gateway_ip': '192.168.128.1', 'cidr': '192.168.128.0/28', 'allocation_pools': [{'start': '192.168.128.2', 'end': '192.168.128.14'}], 'host_routes': [], 'dns_nameservers': [], 'description': '', 'router:external': False, 'service_types': [], 'tags': [], 'created_at': '2025-11-27T02:27:20Z', 'updated_at': '2025-11-27T02:27:20Z', 'revision_number': 0, 'project_id': 'ec226b3e26a2472790b38641d4b40487'}, Router: {'id': 'da9e7bd5-f556-4ede-a35b-ac2a9ae9e23a', 'name': 'tempest-VolumesAdminNegativeTest-2093353622-router', 'tenant_id': 'ec226b3e26a2472790b38641d4b40487', 'admin_state_up': True, 'status': 'ACTIVE', 'external_gateway_info': {'network_id': 'e7e16e27-0540-438b-8b1d-3886d04601cc', 'external_fixed_ips': [{'subnet_id': 'd11ec2d1-9b9d-470e-9977-352ffcbb2159', 'ip_address': '10.180.180.219'}], 'enable_snat': True}, 'description': '', 'availability_zones': [], 'distributed': False, 'ha': False, 'availability_zone_hints': [], 'routes': [], 'flavor_id': None, 'tags': [], 'created_at': '2025-11-27T02:27:21Z', 'updated_at': '2025-11-27T02:27:21Z', 'revision_number': 2, 'project_id': 'ec226b3e26a2472790b38641d4b40487'}
2025-11-27 02:27:23.105 66012 INFO tempest.lib.common.rest_client [req-27075a45-e5a2-44dc-8b84-37c84a78fad5 req-27075a45-e5a2-44dc-8b84-37c84a78fad5 ] Request (FloatingIPsNegativeTestJSON:tearDownClass): 200 GET http://10.180.1.21/networking/v2.0/security-groups?tenant_id=0dd50735c0064d42b0a1bb7a25a12de1&name=default 0.922s
2025-11-27 02:27:23.206 66071 INFO tempest.lib.common.rest_client [req-e9829756-3786-4a86-a58c-668853adcbb9 req-e9829756-3786-4a86-a58c-668853adcbb9 ] Request (VolumesAdminNegativeTest:setUpClass): 201 POST http://10.180.1.21/identity/v3/auth/tokens 0.127s
2025-11-27 02:27:23.236 66054 INFO tempest.lib.common.rest_client [req-dfe6736d-644f-4b4d-a482-d3c27a5db0ef req-dfe6736d-644f-4b4d-a482-d3c27a5db0ef ] Request (HypervisorAdminUnderV252Test:tearDownClass): 204 DELETE http://10.180.1.21/networking/v2.0/security-groups/4f189fc2-4491-485c-875e-bcda0758810b 0.644s
2025-11-27 02:27:23.261 66012 INFO tempest.lib.common.rest_client [req-bc9249b5-cf08-4101-8373-989eb7af3cc0 req-bc9249b5-cf08-4101-8373-989eb7af3cc0 ] Request (FloatingIPsNegativeTestJSON:tearDownClass): 204 DELETE http://10.180.1.21/networking/v2.0/security-groups/97855aa1-e901-48cd-b832-e9bcfa1fca39 0.155s
2025-11-27 02:27:23.296 66071 INFO tempest.lib.common.rest_client [req-e957fb4a-cd08-4c9d-aaa6-03debf2c8598 req-e957fb4a-cd08-4c9d-aaa6-03debf2c8598 ] Request (VolumesAdminNegativeTest:test_update_attached_volume_with_nonexistent_volume_in_uri): 201 POST http://10.180.1.21/identity/v3/auth/tokens 0.084s
2025-11-27 02:27:23.297 66071 INFO tempest.lib.common.fixed_network [-] (VolumesAdminNegativeTest:test_update_attached_volume_with_nonexistent_volume_in_uri) Found network {'id': '4d5f75bb-8a56-40dd-9e15-e2c08c8540dc', 'name': 'tempest-VolumesAdminNegativeTest-92874090-network', 'tenant_id': '01abda3e95404ecb8d55dffd00380e2d', 'project_id': '01abda3e95404ecb8d55dffd00380e2d', 'admin_state_up': True, 'mtu': 8950, 'status': 'ACTIVE', 'subnets': [], 'shared': False, 'port_security_enabled': True, 'router:external': False, 'provider:network_type': 'vlan', 'provider:physical_network': 'default', 'provider:segmentation_id': 146, 'availability_zone_hints': [], 'availability_zones': [], 'ipv4_address_scope': None, 'ipv6_address_scope': None, 'description': '', 'tags': [], 'created_at': '2025-11-27T02:27:12Z', 'updated_at': '2025-11-27T02:27:12Z', 'revision_number': 1} available for tenant
2025-11-27 02:27:23.327 66018 INFO tempest.lib.common.rest_client [req-5056d8f0-15f7-453b-aa10-1219af81c3ba req-5056d8f0-15f7-453b-aa10-1219af81c3ba ] Request (FloatingIPDetailsTestJSON:setUpClass): 200 POST http://10.180.1.21/compute/v2.1/os-floating-ips 6.167s
2025-11-27 02:27:23.351 66054 INFO tempest.lib.common.rest_client [req-28d52bf1-1d5d-4cfa-b559-7c8ccbf3e017 req-28d52bf1-1d5d-4cfa-b559-7c8ccbf3e017 ] Request (HypervisorAdminUnderV252Test:tearDownClass): 204 DELETE http://10.180.1.21/identity/v3/projects/013a40655e1a48bf8e1f05bfa1bc8593 0.114s
2025-11-27 02:27:23.353 66054 INFO tempest.test [-] raised in LiveMigrationTest.setUpClass. Invoking tearDownClass.
2025-11-27 02:27:23.363 66066 INFO tempest.lib.common.rest_client [req-bd94c426-ff2f-4910-8d7a-fa09c8868ce0 req-bd94c426-ff2f-4910-8d7a-fa09c8868ce0 ] Request (KeyPairsV2TestJSON:_run_cleanups): 202 DELETE http://10.180.1.21/compute/v2.1/os-keypairs/tempest-keypair-888925923 6.131s
2025-11-27 02:27:23.398 66012 INFO tempest.lib.common.rest_client [req-b2b62477-9455-40f9-80e0-462d33cd1c6d req-b2b62477-9455-40f9-80e0-462d33cd1c6d ] Request (FloatingIPsNegativeTestJSON:tearDownClass): 204 DELETE http://10.180.1.21/identity/v3/projects/0dd50735c0064d42b0a1bb7a25a12de1 0.136s
2025-11-27 02:27:23.403 66008 INFO tempest.lib.common.rest_client [req-e2337f36-4242-43c6-bd73-1a5da540e17b req-e2337f36-4242-43c6-bd73-1a5da540e17b ] Request (FlavorsV255TestJSON:test_crud_flavor): 200 GET http://10.180.1.21/compute/v2.1/flavors 5.881s
2025-11-27 02:27:23.425 66038 INFO tempest.lib.common.rest_client [req-3577f59a-b21c-4a5b-9838-116f04fc1204 req-3577f59a-b21c-4a5b-9838-116f04fc1204 ] Request (ImagesMetadataNegativeTestJSON:test_update_nonexistent_image_metadata): 404 POST http://10.180.1.21/compute/v2.1/images/12e5ade8-1b88-4933-aa10-5b60136db0c8/metadata 5.890s
2025-11-27 02:27:23.425 66054 INFO tempest.lib.common.rest_client [req-4e8cfe74-d577-4eed-a446-855d4bfd6a13 req-4e8cfe74-d577-4eed-a446-855d4bfd6a13 ] Request (ServerGroupTestJSON:setUpClass): 201 POST http://10.180.1.21/identity/v3/auth/tokens 0.069s
2025-11-27 02:27:23.436 66012 INFO tempest.lib.common.rest_client [req-d16b996c-1c87-48a8-a616-0358147cc84b req-d16b996c-1c87-48a8-a616-0358147cc84b ] Request (ImagesTestJSON:setUpClass): 201 POST http://10.180.1.21/identity/v3/auth/tokens 0.036s
2025-11-27 02:27:23.471 66054 INFO tempest.lib.common.rest_client [req-5782a223-aea6-4c26-a114-63a013e97b66 req-5782a223-aea6-4c26-a114-63a013e97b66 ] Request (ServerGroupTestJSON:setUpClass): 201 POST http://10.180.1.21/identity/v3/auth/tokens 0.042s
2025-11-27 02:27:23.551 66012 INFO tempest.lib.common.rest_client [req-76c7de89-1798-47f6-ae98-97de6f01a54d req-76c7de89-1798-47f6-ae98-97de6f01a54d ] Request (ImagesTestJSON:setUpClass): 201 POST http://10.180.1.21/identity/v3/auth/tokens 0.112s
2025-11-27 02:27:23.556 66038 INFO tempest.lib.common.rest_client [req-1ba28c6e-4891-4046-8be3-860c72e86f0a req-1ba28c6e-4891-4046-8be3-860c72e86f0a ] Request (ImagesMetadataNegativeTestJSON:tearDownClass): 204 DELETE http://10.180.1.21/identity/v3/users/11ae755f37604210b89bb17e3a72f347 0.127s
2025-11-27 02:27:23.557 66038 INFO tempest.lib.common.dynamic_creds [-] Deleting project and security group for project: 2a5e96ffc95944509d6f2ce27da8c3e2
2025-11-27 02:27:23.635 66050 INFO tempest.lib.common.rest_client [req-eb5da03e-02af-44ff-b7b9-21e672ffa64b req-eb5da03e-02af-44ff-b7b9-21e672ffa64b ] Request (VolumesAssistedSnapshotsTest:test_volume_assisted_snapshot_create_delete): 202 POST http://10.180.1.21/compute/v2.1/servers 6.431s
2025-11-27 02:27:23.637 66054 INFO tempest.lib.common.rest_client [req-fdaff042-202c-4b3a-ba86-d9fd78b954e1 req-fdaff042-202c-4b3a-ba86-d9fd78b954e1 ] Request (ServerGroupTestJSON:setUpClass): 200 GET http://10.180.1.21/identity/v3/domains?name=Default 0.166s
2025-11-27 02:27:23.651 66026 INFO tempest.lib.common.rest_client [req-b669efe6-a866-4704-9130-a57042ed4978 req-b669efe6-a866-4704-9130-a57042ed4978 ] Request (ServerDiagnosticsTest:test_get_server_diagnostics): 200 GET http://10.180.1.21/compute/v2.1/servers/a5d98c9d-e5bc-45c9-9ad8-ae3cf1803421 5.168s
2025-11-27 02:27:23.661 66012 INFO tempest.lib.common.rest_client [req-fbbe89b7-2c75-42ce-b535-036825097cb0 req-fbbe89b7-2c75-42ce-b535-036825097cb0 ] Request (ImagesTestJSON:setUpClass): 200 GET http://10.180.1.21/identity/v3/domains?name=Default 0.110s
2025-11-27 02:27:23.668 66038 INFO tempest.lib.common.rest_client [req-2e4c3f48-8010-4080-86b8-b804769b6fa7 req-2e4c3f48-8010-4080-86b8-b804769b6fa7 ] Request (ImagesMetadataNegativeTestJSON:tearDownClass): 201 POST http://10.180.1.21/identity/v3/auth/tokens 0.111s
2025-11-27 02:27:23.696 66054 INFO tempest.lib.common.rest_client [req-9cec9ec7-2b42-4b9f-8077-f2ca9cccea46 req-9cec9ec7-2b42-4b9f-8077-f2ca9cccea46 ] Request (ServerGroupTestJSON:setUpClass): 201 POST http://10.180.1.21/identity/v3/projects 0.058s
2025-11-27 02:27:23.710 66012 INFO tempest.lib.common.rest_client [req-68a98402-e7cc-4915-aa8a-9f3f0bdd71fa req-68a98402-e7cc-4915-aa8a-9f3f0bdd71fa ] Request (ImagesTestJSON:setUpClass): 201 POST http://10.180.1.21/identity/v3/projects 0.047s
2025-11-27 02:27:23.767 66064 INFO tempest.lib.common.rest_client [req-2616fdd7-0a48-4bf2-a64e-8770450d9a5d req-2616fdd7-0a48-4bf2-a64e-8770450d9a5d ] Request (InstanceActionsTestJSON:setUpClass): 200 GET http://10.180.1.21/compute/v2.1/servers/81563c3e-3323-4892-9c22-da0c062da7cc 3.468s
2025-11-27 02:27:23.779 66054 INFO tempest.lib.common.rest_client [req-3b3fbbea-340b-4d83-b75e-bdb50cd5dd8e req-3b3fbbea-340b-4d83-b75e-bdb50cd5dd8e ] Request (ServerGroupTestJSON:setUpClass): 201 POST http://10.180.1.21/identity/v3/users 0.082s
2025-11-27 02:27:23.808 66052 INFO tempest.lib.common.rest_client [req-5e9d9f50-bbb1-4777-add6-c0b776228789 req-5e9d9f50-bbb1-4777-add6-c0b776228789 ] Request (ImagesOneServerNegativeTestJSON:setUpClass): 200 GET http://10.180.1.21/compute/v2.1/servers/d547a951-4632-4565-8457-0481d6cc8f6e 4.660s
2025-11-27 02:27:23.816 66012 INFO tempest.lib.common.rest_client [req-e8019e96-3f57-49e1-9a8c-d6ec491dc512 req-e8019e96-3f57-49e1-9a8c-d6ec491dc512 ] Request (ImagesTestJSON:setUpClass): 201 POST http://10.180.1.21/identity/v3/users 0.106s
2025-11-27 02:27:23.829 66054 INFO tempest.lib.common.rest_client [req-09c5e37e-482c-45bd-9c56-7492e80183dc req-09c5e37e-482c-45bd-9c56-7492e80183dc ] Request (ServerGroupTestJSON:setUpClass): 200 GET http://10.180.1.21/identity/v3/roles 0.050s
2025-11-27 02:27:23.840 66028 INFO tempest.lib.common.rest_client [req-f2e27db1-6193-46d4-80b7-63d47c74fdde req-f2e27db1-6193-46d4-80b7-63d47c74fdde ] Request (FlavorsAdminTestJSON:test_create_flavor_verify_entry_in_list_details): 200 GET http://10.180.1.21/compute/v2.1/flavors/detail 3.347s
2025-11-27 02:27:23.849 66012 INFO tempest.lib.common.rest_client [req-f031e9b5-2c52-4b5f-afe6-c242c271c881 req-f031e9b5-2c52-4b5f-afe6-c242c271c881 ] Request (ImagesTestJSON:setUpClass): 200 GET http://10.180.1.21/identity/v3/roles 0.032s
2025-11-27 02:27:23.860 66030 INFO tempest.lib.common.rest_client [req-f63b0919-93a1-456a-aa4e-6536720ffec1 req-f63b0919-93a1-456a-aa4e-6536720ffec1 ] Request (KeyPairsV210TestJSON:_run_cleanups): 204 DELETE http://10.180.1.21/compute/v2.1/os-keypairs/tempest-KeyPairsV210TestJSON-keypair-1834025921 3.353s
2025-11-27 02:27:23.879 66054 INFO tempest.lib.common.rest_client [req-f6ed7764-ffaa-47b3-8760-824f2ea7c335 req-f6ed7764-ffaa-47b3-8760-824f2ea7c335 ] Request (ServerGroupTestJSON:setUpClass): 204 PUT http://10.180.1.21/identity/v3/projects/357fe51256be4146bc0893854aafce62/users/94a6952cc62342dd8c68d254eb144613/roles/20791e0a4bd74f7aa54e27a7a3c18d42 0.049s
2025-11-27 02:27:23.879 66054 INFO tempest.lib.common.dynamic_creds [-] Dynamic test user 94a6952cc62342dd8c68d254eb144613 is created with scope project and roles: ['member']
2025-11-27 02:27:23.879 66054 INFO tempest.lib.common.dynamic_creds [-] Acquired dynamic creds: credentials: Credentials: {'domain_id': 'default', 'domain_name': 'Default', 'username': 'tempest-ServerGroupTestJSON-1576129603-project-member', 'project_domain_id': 'default', 'project_domain_name': 'Default', 'project_id': '357fe51256be4146bc0893854aafce62', 'project_name': 'tempest-ServerGroupTestJSON-1576129603', 'tenant_id': '357fe51256be4146bc0893854aafce62', 'tenant_name': 'tempest-ServerGroupTestJSON-1576129603', 'user_domain_id': 'default', 'user_domain_name': 'Default', 'user_id': '94a6952cc62342dd8c68d254eb144613', 'system': None}, Network: None, Subnet: None, Router: None
2025-11-27 02:27:23.883 66012 INFO tempest.lib.common.rest_client [req-7cca7b12-5547-4978-b2ba-9351b71be996 req-7cca7b12-5547-4978-b2ba-9351b71be996 ] Request (ImagesTestJSON:setUpClass): 204 PUT http://10.180.1.21/identity/v3/projects/8bad9b509c1344aebb93a1f6f3072a7e/users/796c243a11df440f94abe63f599fcb8b/roles/20791e0a4bd74f7aa54e27a7a3c18d42 0.033s
2025-11-27 02:27:23.883 66012 INFO tempest.lib.common.dynamic_creds [-] Dynamic test user 796c243a11df440f94abe63f599fcb8b is created with scope project and roles: ['member']
2025-11-27 02:27:23.883 66012 INFO tempest.lib.common.dynamic_creds [-] Acquired dynamic creds: credentials: Credentials: {'domain_id': 'default', 'domain_name': 'Default', 'username': 'tempest-ImagesTestJSON-1980635674-project-member', 'project_domain_id': 'default', 'project_domain_name': 'Default', 'project_id': '8bad9b509c1344aebb93a1f6f3072a7e', 'project_name': 'tempest-ImagesTestJSON-1980635674', 'tenant_id': '8bad9b509c1344aebb93a1f6f3072a7e', 'tenant_name': 'tempest-ImagesTestJSON-1980635674', 'user_domain_id': 'default', 'user_domain_name': 'Default', 'user_id': '796c243a11df440f94abe63f599fcb8b', 'system': None}, Network: None, Subnet: None, Router: None
2025-11-27 02:27:23.898 66068 INFO tempest.lib.common.rest_client [req-1d4fe3cf-362c-432f-a21e-16f708db2f63 req-1d4fe3cf-362c-432f-a21e-16f708db2f63 ] Request (AggregatesAdminNegativeTestJSON:_run_cleanups): 200 POST http://10.180.1.21/compute/v2.1/os-aggregates/1/action 3.429s
2025-11-27 02:27:23.926 66014 INFO tempest.lib.common.rest_client [req-a32fac04-ae28-4f5c-9a13-355109a8677e req-a32fac04-ae28-4f5c-9a13-355109a8677e ] Request (FlavorsExtraSpecsNegativeTestJSON:test_flavor_non_admin_update_specific_key): 200 POST http://10.180.1.21/compute/v2.1/flavors/1509926548/os-extra_specs 3.312s
2025-11-27 02:27:23.947 66038 INFO tempest.lib.common.rest_client [req-955868f2-9b6c-4533-99fd-9dc524cd505f req-955868f2-9b6c-4533-99fd-9dc524cd505f ] Request (ImagesMetadataNegativeTestJSON:tearDownClass): 200 GET http://10.180.1.21/networking/v2.0/security-groups?tenant_id=2a5e96ffc95944509d6f2ce27da8c3e2&name=default 0.279s
2025-11-27 02:27:23.950 66058 INFO tempest.lib.common.rest_client [req-82557cbc-b4d0-4859-83e0-1e3b236ebf07 req-82557cbc-b4d0-4859-83e0-1e3b236ebf07 ] Request (ServicesAdminNegativeTestJSON:test_get_service_with_valid_service_and_invalid_host): 200 GET http://10.180.1.21/compute/v2.1/os-services 3.336s
2025-11-27 02:27:23.955 66054 INFO tempest.lib.common.rest_client [req-c3697d0d-2aab-44f8-a768-002df942a09e req-c3697d0d-2aab-44f8-a768-002df942a09e ] Request (ServerGroupTestJSON:setUpClass): 201 POST http://10.180.1.21/identity/v3/auth/tokens 0.075s
2025-11-27 02:27:23.955 66012 INFO tempest.lib.common.rest_client [req-86668989-5918-4b94-9e84-482c739593f1 req-86668989-5918-4b94-9e84-482c739593f1 ] Request (ImagesTestJSON:setUpClass): 201 POST http://10.180.1.21/identity/v3/auth/tokens 0.071s
2025-11-27 02:27:23.957 66048 INFO tempest.lib.common.rest_client [req-9a377d82-0504-4a3a-83b4-572f10c92e70 req-9a377d82-0504-4a3a-83b4-572f10c92e70 ] Request (HypervisorAdminNegativeTestJSON:test_get_hypervisor_uptime_with_non_admin_user): 403 GET http://10.180.1.21/compute/v2.1/os-hypervisors/1/uptime 3.238s
2025-11-27 02:27:24.049 66038 INFO tempest.lib.common.rest_client [req-8ea9f784-ddb6-4595-9c28-9d61b37b6fa8 req-8ea9f784-ddb6-4595-9c28-9d61b37b6fa8 ] Request (ImagesMetadataNegativeTestJSON:tearDownClass): 204 DELETE http://10.180.1.21/networking/v2.0/security-groups/a981f1ab-e753-4208-bd35-789fde73800f 0.101s
2025-11-27 02:27:24.110 66042 INFO tempest.lib.common.rest_client [req-3d25c5fe-3771-483a-88b9-804faf961367 req-3d25c5fe-3771-483a-88b9-804faf961367 ] Request (ServersTestBootFromVolume:setUpClass): 200 GET http://10.180.1.21/volume/v3/volumes/34d8feba-850b-4bff-afdd-5b168fe5851e 0.032s
2025-11-27 02:27:24.135 66038 INFO tempest.lib.common.rest_client [req-d76fc1b0-9cdc-4a34-9145-2495dfcfd475 req-d76fc1b0-9cdc-4a34-9145-2495dfcfd475 ] Request (ImagesMetadataNegativeTestJSON:tearDownClass): 204 DELETE http://10.180.1.21/identity/v3/projects/2a5e96ffc95944509d6f2ce27da8c3e2 0.085s
2025-11-27 02:27:24.234 66038 INFO tempest.lib.common.rest_client [req-f534c4d7-75e6-4538-b20a-26ffca397fa5 req-f534c4d7-75e6-4538-b20a-26ffca397fa5 ] Request (InstanceActionsNegativeTestJSON:setUpClass): 201 POST http://10.180.1.21/identity/v3/auth/tokens 0.096s
2025-11-27 02:27:24.299 66038 INFO tempest.lib.common.rest_client [req-28386574-406f-4a9e-a69f-321b1f7e56e9 req-28386574-406f-4a9e-a69f-321b1f7e56e9 ] Request (InstanceActionsNegativeTestJSON:setUpClass): 201 POST http://10.180.1.21/identity/v3/auth/tokens 0.062s
2025-11-27 02:27:24.337 66038 INFO tempest.lib.common.rest_client [req-0b0124ee-fa0a-43a6-847a-5248e9b37fd4 req-0b0124ee-fa0a-43a6-847a-5248e9b37fd4 ] Request (InstanceActionsNegativeTestJSON:setUpClass): 200 GET http://10.180.1.21/identity/v3/domains?name=Default 0.038s
2025-11-27 02:27:24.355 66054 INFO tempest.lib.common.rest_client [req-ffcb36bf-abb8-4767-8cb9-34e15bcad34a req-ffcb36bf-abb8-4767-8cb9-34e15bcad34a ] Request (ServerGroupTestJSON:setUpClass): 201 POST http://10.180.1.21/networking/v2.0/networks 0.400s
2025-11-27 02:27:24.358 66012 INFO tempest.lib.common.rest_client [req-38b82adc-e053-40de-828c-08c241fa8365 req-38b82adc-e053-40de-828c-08c241fa8365 ] Request (ImagesTestJSON:setUpClass): 201 POST http://10.180.1.21/networking/v2.0/networks 0.402s
2025-11-27 02:27:24.378 66038 INFO tempest.lib.common.rest_client [req-161aa571-f21c-4243-85d4-e52c899e78e1 req-161aa571-f21c-4243-85d4-e52c899e78e1 ] Request (InstanceActionsNegativeTestJSON:setUpClass): 201 POST http://10.180.1.21/identity/v3/projects 0.041s
2025-11-27 02:27:24.466 66038 INFO tempest.lib.common.rest_client [req-35124976-65be-4500-9016-731c286fe282 req-35124976-65be-4500-9016-731c286fe282 ] Request (InstanceActionsNegativeTestJSON:setUpClass): 201 POST http://10.180.1.21/identity/v3/users 0.087s
2025-11-27 02:27:24.492 66038 INFO tempest.lib.common.rest_client [req-84a66293-7a70-4f33-8a7a-8fef3aece789 req-84a66293-7a70-4f33-8a7a-8fef3aece789 ] Request (InstanceActionsNegativeTestJSON:setUpClass): 200 GET http://10.180.1.21/identity/v3/roles 0.026s
2025-11-27 02:27:24.533 66038 INFO tempest.lib.common.rest_client [req-15bccdab-1b7b-4007-9254-bc0693af58f8 req-15bccdab-1b7b-4007-9254-bc0693af58f8 ] Request (InstanceActionsNegativeTestJSON:setUpClass): 204 PUT http://10.180.1.21/identity/v3/projects/97bd8368abb642a4b4b8fb118cb55922/users/78ff7c240b0942f193f3559db74386f0/roles/20791e0a4bd74f7aa54e27a7a3c18d42 0.039s
2025-11-27 02:27:24.536 66038 INFO tempest.lib.common.dynamic_creds [-] Dynamic test user 78ff7c240b0942f193f3559db74386f0 is created with scope project and roles: ['member']
2025-11-27 02:27:24.536 66038 INFO tempest.lib.common.dynamic_creds [-] Acquired dynamic creds: credentials: Credentials: {'domain_id': 'default', 'domain_name': 'Default', 'username': 'tempest-InstanceActionsNegativeTestJSON-583814203-project-member', 'project_domain_id': 'default', 'project_domain_name': 'Default', 'project_id': '97bd8368abb642a4b4b8fb118cb55922', 'project_name': 'tempest-InstanceActionsNegativeTestJSON-583814203', 'tenant_id': '97bd8368abb642a4b4b8fb118cb55922', 'tenant_name': 'tempest-InstanceActionsNegativeTestJSON-583814203', 'user_domain_id': 'default', 'user_domain_name': 'Default', 'user_id': '78ff7c240b0942f193f3559db74386f0', 'system': None}, Network: None, Subnet: None, Router: None
2025-11-27 02:27:24.640 66054 INFO tempest.lib.common.rest_client [req-57c4846b-a6eb-49f6-93ca-1485cd3f9407 req-57c4846b-a6eb-49f6-93ca-1485cd3f9407 ] Request (ServerGroupTestJSON:setUpClass): 201 POST http://10.180.1.21/networking/v2.0/subnets 0.284s
2025-11-27 02:27:24.653 66038 INFO tempest.lib.common.rest_client [req-f907b13c-68ce-41c4-8ed3-f17c3950e45e req-f907b13c-68ce-41c4-8ed3-f17c3950e45e ] Request (InstanceActionsNegativeTestJSON:setUpClass): 201 POST http://10.180.1.21/identity/v3/auth/tokens 0.117s
2025-11-27 02:27:24.669 66012 INFO tempest.lib.common.rest_client [req-975bc4bb-1581-4e85-9e8e-08d9d9baccab req-975bc4bb-1581-4e85-9e8e-08d9d9baccab ] Request (ImagesTestJSON:setUpClass): 201 POST http://10.180.1.21/networking/v2.0/subnets 0.310s
2025-11-27 02:27:24.727 66020 INFO tempest.lib.common.rest_client [req-7f48b119-33d7-48f3-8ba9-a1aff41427bf req-7f48b119-33d7-48f3-8ba9-a1aff41427bf ] Request (ImagesNegativeTestJSON:test_create_image_from_deleted_server): 200 GET http://10.180.1.21/compute/v2.1/servers/24e8e742-2e51-41b0-b071-94a75a26f7f7 3.590s
2025-11-27 02:27:25.050 66038 INFO tempest.lib.common.rest_client [req-cf2538a8-3ee2-4746-afe9-cc10921f186e req-cf2538a8-3ee2-4746-afe9-cc10921f186e ] Request (InstanceActionsNegativeTestJSON:setUpClass): 201 POST http://10.180.1.21/networking/v2.0/networks 0.396s
2025-11-27 02:27:25.156 66042 INFO tempest.lib.common.rest_client [req-3589d4bf-28d7-46e1-924a-6a7ed194eaef req-3589d4bf-28d7-46e1-924a-6a7ed194eaef ] Request (ServersTestBootFromVolume:setUpClass): 200 GET http://10.180.1.21/volume/v3/volumes/34d8feba-850b-4bff-afdd-5b168fe5851e 0.039s
2025-11-27 02:27:25.164 66042 INFO tempest.common.waiters [-] volume 34d8feba-850b-4bff-afdd-5b168fe5851e reached available after waiting for 19.164287 seconds
2025-11-27 02:27:25.519 66054 INFO tempest.lib.common.rest_client [req-710793a9-60f6-41f2-8cbc-6ac733a8ed45 req-710793a9-60f6-41f2-8cbc-6ac733a8ed45 ] Request (ServerGroupTestJSON:setUpClass): 201 POST http://10.180.1.21/networking/v2.0/routers 0.878s
2025-11-27 02:27:25.830 66038 INFO tempest.lib.common.rest_client [req-71cd3a7f-5880-4bdc-9f56-deb7109bd1d8 req-71cd3a7f-5880-4bdc-9f56-deb7109bd1d8 ] Request (InstanceActionsNegativeTestJSON:setUpClass): 201 POST http://10.180.1.21/networking/v2.0/subnets 0.780s
2025-11-27 02:27:25.844 66012 INFO tempest.lib.common.rest_client [req-ae596e9b-f361-43b9-a834-39bebac98232 req-ae596e9b-f361-43b9-a834-39bebac98232 ] Request (ImagesTestJSON:setUpClass): 201 POST http://10.180.1.21/networking/v2.0/routers 1.174s
2025-11-27 02:27:25.998 66034 INFO tempest.lib.common.rest_client [req-507c8cf5-c1bb-48c3-9ccb-72f3bc079dee req-507c8cf5-c1bb-48c3-9ccb-72f3bc079dee ] Request (SecurityGroupRulesTestJSON:test_security_group_rules_create): 200 POST http://10.180.1.21/compute/v2.1/os-security-group-rules 4.801s
2025-11-27 02:27:26.727 66054 INFO tempest.lib.common.rest_client [req-e96d1c57-7295-4ddf-a238-ca73e3938e6d req-e96d1c57-7295-4ddf-a238-ca73e3938e6d ] Request (ServerGroupTestJSON:setUpClass): 200 PUT http://10.180.1.21/networking/v2.0/routers/066a0b4b-ce77-444e-95b5-ad671badb964/add_router_interface 1.207s
2025-11-27 02:27:26.727 66054 INFO tempest.lib.common.dynamic_creds [-] Created isolated network resources for: credentials: Credentials: {'domain_id': 'default', 'domain_name': 'Default', 'username': 'tempest-ServerGroupTestJSON-1576129603-project-member', 'project_domain_id': 'default', 'project_domain_name': 'Default', 'project_id': '357fe51256be4146bc0893854aafce62', 'project_name': 'tempest-ServerGroupTestJSON-1576129603', 'tenant_id': '357fe51256be4146bc0893854aafce62', 'tenant_name': 'tempest-ServerGroupTestJSON-1576129603', 'user_domain_id': 'default', 'user_domain_name': 'Default', 'user_id': '94a6952cc62342dd8c68d254eb144613', 'system': None}, Network: {'id': '2556e656-e698-42d5-a985-e894336c0be9', 'name': 'tempest-ServerGroupTestJSON-1181577109-network', 'tenant_id': '357fe51256be4146bc0893854aafce62', 'project_id': '357fe51256be4146bc0893854aafce62', 'admin_state_up': True, 'mtu': 8950, 'status': 'ACTIVE', 'subnets': [], 'shared': False, 'port_security_enabled': True, 'router:external': False, 'provider:network_type': 'vlan', 'provider:physical_network': 'default', 'provider:segmentation_id': 422, 'availability_zone_hints': [], 'availability_zones': [], 'ipv4_address_scope': None, 'ipv6_address_scope': None, 'description': '', 'tags': [], 'created_at': '2025-11-27T02:27:24Z', 'updated_at': '2025-11-27T02:27:24Z', 'revision_number': 1}, Subnet: {'id': '44233dd9-bf62-4248-bc7b-37b93bcf66d9', 'name': 'tempest-ServerGroupTestJSON-1181577109-subnet', 'tenant_id': '357fe51256be4146bc0893854aafce62', 'network_id': '2556e656-e698-42d5-a985-e894336c0be9', 'ip_version': 4, 'subnetpool_id': None, 'enable_dhcp': True, 'ipv6_ra_mode': None, 'ipv6_address_mode': None, 'gateway_ip': '192.168.128.1', 'cidr': '192.168.128.0/28', 'allocation_pools': [{'start': '192.168.128.2', 'end': '192.168.128.14'}], 'host_routes': [], 'dns_nameservers': [], 'description': '', 'router:external': False, 'service_types': [], 'tags': [], 'created_at': '2025-11-27T02:27:24Z', 'updated_at': '2025-11-27T02:27:24Z', 'revision_number': 0, 'project_id': '357fe51256be4146bc0893854aafce62'}, Router: {'id': '066a0b4b-ce77-444e-95b5-ad671badb964', 'name': 'tempest-ServerGroupTestJSON-1181577109-router', 'tenant_id': '357fe51256be4146bc0893854aafce62', 'admin_state_up': True, 'status': 'ACTIVE', 'external_gateway_info': {'network_id': 'e7e16e27-0540-438b-8b1d-3886d04601cc', 'external_fixed_ips': [{'subnet_id': 'd11ec2d1-9b9d-470e-9977-352ffcbb2159', 'ip_address': '10.180.180.180'}], 'enable_snat': True}, 'description': '', 'availability_zones': [], 'distributed': False, 'ha': False, 'availability_zone_hints': [], 'routes': [], 'flavor_id': None, 'tags': [], 'created_at': '2025-11-27T02:27:24Z', 'updated_at': '2025-11-27T02:27:25Z', 'revision_number': 2, 'project_id': '357fe51256be4146bc0893854aafce62'}
2025-11-27 02:27:26.828 66054 INFO tempest.lib.common.rest_client [req-df9bfaf7-8d44-47b0-ba33-461dd05bb718 req-df9bfaf7-8d44-47b0-ba33-461dd05bb718 ] Request (ServerGroupTestJSON:setUpClass): 201 POST http://10.180.1.21/identity/v3/auth/tokens 0.097s
2025-11-27 02:27:27.108 66038 INFO tempest.lib.common.rest_client [req-424b250d-b075-4bc3-a939-a00d178d388b req-424b250d-b075-4bc3-a939-a00d178d388b ] Request (InstanceActionsNegativeTestJSON:setUpClass): 201 POST http://10.180.1.21/networking/v2.0/routers 1.277s
2025-11-27 02:27:27.617 66012 INFO tempest.lib.common.rest_client [req-2f5c999e-c646-4df4-bded-50cc6a2455d5 req-2f5c999e-c646-4df4-bded-50cc6a2455d5 ] Request (ImagesTestJSON:setUpClass): 200 PUT http://10.180.1.21/networking/v2.0/routers/4b867536-8795-4c87-878e-94ec0b4fa88e/add_router_interface 1.772s
