2025-12-09 11:18:15.283 65883 INFO tempest.lib.common.rest_client [req-36d9cffd-4184-42be-9f3d-751634c9d256 req-36d9cffd-4184-42be-9f3d-751634c9d256 ] Request (ServersV294TestFqdnHostnames:setUpClass): 200 GET http://10.180.1.21/compute/v2.1/servers/003e622f-11d3-4182-be77-477bbf3aa958 0.153s
2025-12-09 11:18:15.365 65908 INFO tempest.lib.common.rest_client [req-cb9a3c77-a12f-4a0f-a0bd-ed5332ab660d req-cb9a3c77-a12f-4a0f-a0bd-ed5332ab660d ] Request (ServerRescueTestJSON:test_rescue_unrescue_instance): 200 GET http://10.180.1.21/compute/v2.1/servers/58476992-153d-4a26-bde6-a5bd73123e5e 0.169s
2025-12-09 11:18:15.415 65905 WARNING tempest.lib.common.ssh [-] Failed to establish authenticated ssh connection to cirros@10.180.180.201 ([Errno None] Unable to connect to port 22 on 10.180.180.201). Number attempts: 1. Retry after 2 seconds.: paramiko.ssh_exception.NoValidConnectionsError: [Errno None] Unable to connect to port 22 on 10.180.180.201
2025-12-09 11:18:15.493 65890 INFO tempest.lib.common.rest_client [req-26ecdede-f176-4a69-b9da-018f14a76617 req-26ecdede-f176-4a69-b9da-018f14a76617 ] Request (ServersTestJSON:_run_cleanups): 200 GET http://10.180.1.21/compute/v2.1/servers/4a6f012f-8907-4b9e-abd8-ed374fb287e4 0.292s
2025-12-09 11:18:15.696 65857 INFO tempest.lib.common.rest_client [req-3682e23e-e276-4224-b011-b29a492da497 req-3682e23e-e276-4224-b011-b29a492da497 ] Request (ImagesOneServerNegativeTestJSON:_run_cleanups): 200 GET http://10.180.1.21/compute/v2.1/servers/668eb332-afcb-4ca4-afc9-b96d7e651dd2 0.440s
2025-12-09 11:18:15.817 65855 INFO tempest.lib.common.rest_client [req-88514130-eb96-4fd5-b1dd-7833db5de932 req-88514130-eb96-4fd5-b1dd-7833db5de932 ] Request (ImagesOneServerTestJSON:tearDownClass): 200 GET http://10.180.1.21/compute/v2.1/servers/a56d8a77-8adf-4c66-9a4c-9a87c3a238b1 0.475s
2025-12-09 11:18:15.862 65909 INFO tempest.lib.common.rest_client [req-c729ef44-65bc-42b0-bb5a-b2a48b41ae0c req-c729ef44-65bc-42b0-bb5a-b2a48b41ae0c ] Request (ImagesTestJSON:test_create_image_from_suspended_server): 202 POST http://10.180.1.21/compute/v2.1/servers 0.781s
2025-12-09 11:18:15.992 65915 INFO tempest.lib.common.rest_client [req-ccc9e443-9ea1-4c7b-ade1-c0cb81985088 req-ccc9e443-9ea1-4c7b-ade1-c0cb81985088 ] Request (AttachInterfacesTestJSON:test_create_list_show_delete_interfaces_by_fixed_ip): 200 GET http://10.180.1.21/compute/v2.1/servers/63470564-1523-43f2-b142-ae2ffe776111 0.586s
2025-12-09 11:18:16.025 65885 INFO tempest.lib.common.rest_client [req-8b1bcd8d-df91-4d73-afcd-f6fb8b07b381 req-8b1bcd8d-df91-4d73-afcd-f6fb8b07b381 ] Request (MigrationsAdminTest:test_resize_server_revert_deleted_flavor): 200 GET http://10.180.1.21/compute/v2.1/servers/e48e1b49-6aa4-41d0-a15d-56b01e16aa26 0.656s
2025-12-09 11:18:16.062 65891 INFO tempest.lib.common.rest_client [req-c31df0a9-1221-4137-b0a3-303c1e8f53c6 req-c31df0a9-1221-4137-b0a3-303c1e8f53c6 ] Request (ServerShowV257Test:test_rebuild_server): 200 GET http://10.180.1.21/compute/v2.1/servers/6d419719-0fdb-449b-8ab6-257e6d559eba 0.610s
2025-12-09 11:18:16.086 65887 INFO tempest.lib.common.rest_client [req-bf61b0c1-61df-4d53-a76a-34dc5a0ffea3 req-bf61b0c1-61df-4d53-a76a-34dc5a0ffea3 ] Request (ServersNegativeTestMultiTenantJSON:setUpClass): 200 GET http://10.180.1.21/compute/v2.1/servers/8c8fb332-6599-4644-81e1-840f74806bb3 0.617s
2025-12-09 11:18:16.120 65881 INFO tempest.lib.common.rest_client [req-05ae22db-7cfd-41a7-86e4-2a0b9cef2931 req-05ae22db-7cfd-41a7-86e4-2a0b9cef2931 ] Request (ServerDiskConfigTestJSON:test_rebuild_server_with_manual_disk_config): 200 GET http://10.180.1.21/compute/v2.1/servers/f1ce4c6c-37fb-414a-aa3a-8945a12272fc 0.615s
2025-12-09 11:18:16.124 65859 INFO tempest.lib.common.rest_client [req-1d71c2ca-84c9-471f-be2e-23c985f2d0ff req-1d71c2ca-84c9-471f-be2e-23c985f2d0ff ] Request (ServersNegativeTestJSON:setUpClass): 200 PUT http://10.180.1.21/networking/v2.0/routers/22b38288-2bea-4b9e-9c34-0a6ae1a64af4/add_router_interface 1.111s
2025-12-09 11:18:16.125 65859 INFO tempest.lib.common.dynamic_creds [-] Created isolated network resources for: credentials: Credentials: {'domain_id': 'default', 'domain_name': 'Default', 'username': 'tempest-ServersNegativeTestJSON-470757134-project-member', 'project_domain_id': 'default', 'project_domain_name': 'Default', 'project_id': '580ccf7cf6e24f538896cf532a9d2cbd', 'project_name': 'tempest-ServersNegativeTestJSON-470757134', 'tenant_id': '580ccf7cf6e24f538896cf532a9d2cbd', 'tenant_name': 'tempest-ServersNegativeTestJSON-470757134', 'user_domain_id': 'default', 'user_domain_name': 'Default', 'user_id': 'c7a4a5e3442b4f16a010767ce111777d', 'system': None}, Network: {'id': 'cfdd7170-c1d8-4498-abb5-26de30503e52', 'name': 'tempest-ServersNegativeTestJSON-1920525610-network', 'tenant_id': '580ccf7cf6e24f538896cf532a9d2cbd', 'project_id': '580ccf7cf6e24f538896cf532a9d2cbd', 'admin_state_up': True, 'mtu': 8950, 'status': 'ACTIVE', 'subnets': [], 'shared': False, 'port_security_enabled': True, 'router:external': False, 'provider:network_type': 'vlan', 'provider:physical_network': 'default', 'provider:segmentation_id': 521, 'availability_zone_hints': [], 'availability_zones': [], 'ipv4_address_scope': None, 'ipv6_address_scope': None, 'description': '', 'tags': [], 'created_at': '2025-12-09T11:18:13Z', 'updated_at': '2025-12-09T11:18:13Z', 'revision_number': 1}, Subnet: {'id': '945fafcb-545f-4cc5-ab6c-721df5fb1002', 'name': 'tempest-ServersNegativeTestJSON-1920525610-subnet', 'tenant_id': '580ccf7cf6e24f538896cf532a9d2cbd', 'network_id': 'cfdd7170-c1d8-4498-abb5-26de30503e52', 'ip_version': 4, 'subnetpool_id': None, 'enable_dhcp': True, 'ipv6_ra_mode': None, 'ipv6_address_mode': None, 'gateway_ip': '192.168.128.1', 'cidr': '192.168.128.0/28', 'allocation_pools': [{'start': '192.168.128.2', 'end': '192.168.128.14'}], 'host_routes': [], 'dns_nameservers': [], 'description': '', 'router:external': False, 'service_types': [], 'tags': [], 'created_at': '2025-12-09T11:18:14Z', 'updated_at': '2025-12-09T11:18:14Z', 'revision_number': 0, 'project_id': '580ccf7cf6e24f538896cf532a9d2cbd'}, Router: {'id': '22b38288-2bea-4b9e-9c34-0a6ae1a64af4', 'name': 'tempest-ServersNegativeTestJSON-1920525610-router', 'tenant_id': '580ccf7cf6e24f538896cf532a9d2cbd', 'admin_state_up': True, 'status': 'ACTIVE', 'external_gateway_info': {'network_id': 'e796d845-19ea-4381-a564-a301a18eeda1', 'external_fixed_ips': [{'subnet_id': '02699f85-7933-434e-9a84-d12a17acc6dc', 'ip_address': '10.180.180.143'}], 'enable_snat': True}, 'description': '', 'availability_zones': [], 'distributed': False, 'ha': False, 'availability_zone_hints': [], 'routes': [], 'flavor_id': None, 'tags': [], 'created_at': '2025-12-09T11:18:14Z', 'updated_at': '2025-12-09T11:18:14Z', 'revision_number': 2, 'project_id': '580ccf7cf6e24f538896cf532a9d2cbd'}
2025-12-09 11:18:16.161 65863 INFO tempest.lib.common.rest_client [req-5b654348-54bb-43cc-8a2c-6356dda28028 req-5b654348-54bb-43cc-8a2c-6356dda28028 ] Request (ListImageFiltersTestJSON:setUpClass): 200 GET http://10.180.1.21/compute/v2.1/images/d961427b-fae5-46c7-8d5f-6c13ae28131a 0.566s
2025-12-09 11:18:16.161 65877 INFO tempest.lib.common.rest_client [req-c63b13a7-694b-48a9-acb5-614d5de48ed0 req-c63b13a7-694b-48a9-acb5-614d5de48ed0 ] Request (ServerDiagnosticsNegativeTest:tearDownClass): 200 GET http://10.180.1.21/compute/v2.1/servers/6f3a0933-c857-4850-bca6-cf646b87880b 0.622s
2025-12-09 11:18:16.215 65909 INFO tempest.lib.common.rest_client [req-c9d4fb5a-b3c5-461e-b2db-155cfcad9812 req-c9d4fb5a-b3c5-461e-b2db-155cfcad9812 ] Request (ImagesTestJSON:test_create_image_from_suspended_server): 200 GET http://10.180.1.21/compute/v2.1/servers/f07afb82-d6e0-4e91-8689-5db507e4cead 0.350s
2025-12-09 11:18:16.223 65899 INFO tempest.lib.common.rest_client [req-2d9d701e-1534-481f-828c-dcd78a3f2671 req-2d9d701e-1534-481f-828c-dcd78a3f2671 ] Request (ServersWithSpecificFlavorTestJSON:test_verify_created_server_ephemeral_disk): 200 GET http://10.180.1.21/compute/v2.1/servers/41d4670d-7f7b-4233-ba15-aad4bf31555d 0.529s
2025-12-09 11:18:16.224 65859 INFO tempest.lib.common.rest_client [req-8a13937a-a11c-485e-85e9-96d74457b631 req-8a13937a-a11c-485e-85e9-96d74457b631 ] Request (ServersNegativeTestJSON:setUpClass): 201 POST http://10.180.1.21/identity/v3/auth/tokens 0.095s
2025-12-09 11:18:16.256 65859 INFO tempest.lib.common.rest_client [req-aa3d0366-a8d7-4f1c-b33c-223b64844cc2 req-aa3d0366-a8d7-4f1c-b33c-223b64844cc2 ] Request (ServersNegativeTestJSON:setUpClass): 201 POST http://10.180.1.21/identity/v3/auth/tokens 0.029s
2025-12-09 11:18:16.257 65859 INFO tempest.lib.common.fixed_network [-] (ServersNegativeTestJSON:setUpClass) Found network {'id': 'cfdd7170-c1d8-4498-abb5-26de30503e52', 'name': 'tempest-ServersNegativeTestJSON-1920525610-network', 'tenant_id': '580ccf7cf6e24f538896cf532a9d2cbd', 'project_id': '580ccf7cf6e24f538896cf532a9d2cbd', 'admin_state_up': True, 'mtu': 8950, 'status': 'ACTIVE', 'subnets': [], 'shared': False, 'port_security_enabled': True, 'router:external': False, 'provider:network_type': 'vlan', 'provider:physical_network': 'default', 'provider:segmentation_id': 521, 'availability_zone_hints': [], 'availability_zones': [], 'ipv4_address_scope': None, 'ipv6_address_scope': None, 'description': '', 'tags': [], 'created_at': '2025-12-09T11:18:13Z', 'updated_at': '2025-12-09T11:18:13Z', 'revision_number': 1} available for tenant
2025-12-09 11:18:16.305 65880 INFO tempest.lib.common.rest_client [req-76bccd41-3769-4ac9-8a52-70fa1a30a5e4 req-76bccd41-3769-4ac9-8a52-70fa1a30a5e4 ] Request (ServersListShow2100Test:tearDownClass): 200 GET http://10.180.1.21/compute/v2.1/servers/11a46200-6ab8-46cc-8ccb-1d19115681bd 0.385s
2025-12-09 11:18:16.354 65853 INFO tempest.lib.common.rest_client [req-e0496757-5d4a-4f06-a909-3304acc31c8d req-e0496757-5d4a-4f06-a909-3304acc31c8d ] Request (ServersAdminTestJSON:_run_cleanups): 200 GET http://10.180.1.21/compute/v2.1/servers/e743c0c1-3e3e-48b6-839f-38832040c4b2 0.459s
2025-12-09 11:18:16.361 65853 INFO tempest.common.waiters [-] State transition "REBUILD/rebuilding" ==> "REBUILD/rebuild_spawning" after 4 second wait
2025-12-09 11:18:16.367 65914 INFO tempest.lib.common.rest_client [req-556e300b-fe4c-432d-a76e-a2ed4d70e6e6 req-556e300b-fe4c-432d-a76e-a2ed4d70e6e6 ] Request (ServersTestBootFromVolume:tearDownClass): 200 GET http://10.180.1.21/compute/v2.1/servers/65ac50c4-5d9b-42f4-b36c-e56064da584a 0.390s
2025-12-09 11:18:16.418 65875 INFO tempest.lib.common.rest_client [req-c24ffc25-f613-4625-beed-6f6de931e8c8 req-c24ffc25-f613-4625-beed-6f6de931e8c8 ] Request (ServerActionsV293TestJSON:setUpClass): 200 GET http://10.180.1.21/compute/v2.1/servers/4f9aa6e1-9fdf-41d3-91ef-756809a8a9e3 0.377s
2025-12-09 11:18:16.433 65896 INFO tempest.lib.common.rest_client [req-c20890ea-0b6e-4b53-a878-c8e935412860 req-c20890ea-0b6e-4b53-a878-c8e935412860 ] Request (ServersAdminNegativeTestJSON:tearDownClass): 200 GET http://10.180.1.21/compute/v2.1/servers/c3478627-944b-4b24-96b8-a0ccc698be08 0.357s
2025-12-09 11:18:16.502 65901 INFO tempest.lib.common.rest_client [req-cc7aba0f-dbc7-491f-9a81-8b8f99eea63c req-cc7aba0f-dbc7-491f-9a81-8b8f99eea63c ] Request (InstanceActionsV221TestJSON:test_get_list_deleted_instance_actions): 200 GET http://10.180.1.21/compute/v2.1/servers/b99a52fd-dedc-4233-8541-d58cacf4572b 0.335s
2025-12-09 11:18:16.514 65903 INFO tempest.lib.common.rest_client [req-f1d81652-4266-4310-bfc6-e8745173b63e req-f1d81652-4266-4310-bfc6-e8745173b63e ] Request (ServersListShow296Test:tearDownClass): 200 GET http://10.180.1.21/compute/v2.1/servers/4f663e2b-a0d1-47e6-a67d-082c305c952e 0.362s
2025-12-09 11:18:16.573 65873 INFO tempest.lib.common.rest_client [req-a900bab1-c830-4155-8c63-b50a8228efc9 req-a900bab1-c830-4155-8c63-b50a8228efc9 ] Request (SecurityGroupsTestJSON:test_server_security_groups): 200 GET http://10.180.1.21/compute/v2.1/servers/8d29674f-9c81-4030-8fce-8be2d170e4ba 0.359s
2025-12-09 11:18:16.586 65911 INFO tempest.lib.common.rest_client [req-853bd3ea-7402-44a5-9e2e-69ffc254fc87 req-853bd3ea-7402-44a5-9e2e-69ffc254fc87 ] Request (ListServerFiltersTestJSON:tearDownClass): 200 GET http://10.180.1.21/compute/v2.1/servers/29178e80-e50c-4511-bfc4-cc1dc2adae87 0.353s
2025-12-09 11:18:16.675 65883 INFO tempest.lib.common.rest_client [req-4f5533d5-73d3-4515-a039-e88b550be9c0 req-4f5533d5-73d3-4515-a039-e88b550be9c0 ] Request (ServersV294TestFqdnHostnames:setUpClass): 200 GET http://10.180.1.21/compute/v2.1/servers/003e622f-11d3-4182-be77-477bbf3aa958 0.377s
2025-12-09 11:18:16.755 65908 INFO tempest.lib.common.rest_client [req-070a350a-f5e8-4dba-998d-2f9dfc5f60d6 req-070a350a-f5e8-4dba-998d-2f9dfc5f60d6 ] Request (ServerRescueTestJSON:test_rescue_unrescue_instance): 200 GET http://10.180.1.21/compute/v2.1/servers/58476992-153d-4a26-bde6-a5bd73123e5e 0.382s
2025-12-09 11:18:16.830 65890 INFO tempest.lib.common.rest_client [req-16b4e2b0-e1d9-40b3-aa42-89634524abcf req-16b4e2b0-e1d9-40b3-aa42-89634524abcf ] Request (ServersTestJSON:_run_cleanups): 200 GET http://10.180.1.21/compute/v2.1/servers/4a6f012f-8907-4b9e-abd8-ed374fb287e4 0.321s
2025-12-09 11:18:16.900 65857 INFO tempest.lib.common.rest_client [req-5975517e-a083-44dd-8e35-37b168399d8e req-5975517e-a083-44dd-8e35-37b168399d8e ] Request (ImagesOneServerNegativeTestJSON:_run_cleanups): 200 GET http://10.180.1.21/compute/v2.1/servers/668eb332-afcb-4ca4-afc9-b96d7e651dd2 0.196s
2025-12-09 11:18:16.994 65855 INFO tempest.lib.common.rest_client [req-7bd37743-691e-497e-8911-9935f8015dc6 req-7bd37743-691e-497e-8911-9935f8015dc6 ] Request (ImagesOneServerTestJSON:tearDownClass): 200 GET http://10.180.1.21/compute/v2.1/servers/a56d8a77-8adf-4c66-9a4c-9a87c3a238b1 0.163s
2025-12-09 11:18:17.089 65859 INFO tempest.lib.common.rest_client [req-ecfb36db-4871-4169-9d38-f22598070b89 req-ecfb36db-4871-4169-9d38-f22598070b89 ] Request (ServersNegativeTestJSON:setUpClass): 202 POST http://10.180.1.21/compute/v2.1/servers 0.831s
2025-12-09 11:18:17.090 65915 INFO tempest.lib.common.rest_client [req-eece2322-0109-4045-bdb6-3baa8e794ab3 req-eece2322-0109-4045-bdb6-3baa8e794ab3 ] Request (AttachInterfacesTestJSON:test_create_list_show_delete_interfaces_by_fixed_ip): 200 GET http://10.180.1.21/compute/v2.1/servers/63470564-1523-43f2-b142-ae2ffe776111 0.084s
2025-12-09 11:18:17.200 65891 INFO tempest.lib.common.rest_client [req-a124a889-bff2-4298-a0bb-73e888a1eb5b req-a124a889-bff2-4298-a0bb-73e888a1eb5b ] Request (ServerShowV257Test:test_rebuild_server): 200 GET http://10.180.1.21/compute/v2.1/servers/6d419719-0fdb-449b-8ab6-257e6d559eba 0.127s
2025-12-09 11:18:17.249 65859 INFO tempest.lib.common.rest_client [req-5b3b6d3e-5487-4aae-85d0-b78e0c9b4921 req-5b3b6d3e-5487-4aae-85d0-b78e0c9b4921 ] Request (ServersNegativeTestJSON:setUpClass): 200 GET http://10.180.1.21/compute/v2.1/servers/780b824e-7d21-49cf-bb32-6ec5ea4167b7 0.158s
2025-12-09 11:18:17.287 65885 INFO tempest.lib.common.rest_client [req-d01f18f2-2391-4c96-902c-bdc5997c03f5 req-d01f18f2-2391-4c96-902c-bdc5997c03f5 ] Request (MigrationsAdminTest:test_resize_server_revert_deleted_flavor): 200 GET http://10.180.1.21/compute/v2.1/servers/e48e1b49-6aa4-41d0-a15d-56b01e16aa26 0.254s
2025-12-09 11:18:17.310 65887 INFO tempest.lib.common.rest_client [req-f98cec9f-d381-478e-906a-e67b25ad465d req-f98cec9f-d381-478e-906a-e67b25ad465d ] Request (ServersNegativeTestMultiTenantJSON:setUpClass): 200 GET http://10.180.1.21/compute/v2.1/servers/8c8fb332-6599-4644-81e1-840f74806bb3 0.214s
2025-12-09 11:18:17.347 65881 INFO tempest.lib.common.rest_client [req-f5e2c776-df07-436d-b121-833c03fcfc83 req-f5e2c776-df07-436d-b121-833c03fcfc83 ] Request (ServerDiskConfigTestJSON:test_rebuild_server_with_manual_disk_config): 200 GET http://10.180.1.21/compute/v2.1/servers/f1ce4c6c-37fb-414a-aa3a-8945a12272fc 0.218s
2025-12-09 11:18:17.363 65863 INFO tempest.lib.common.rest_client [req-fc8e8dd4-f687-4de6-9cb7-0ca05ee8f7e2 req-fc8e8dd4-f687-4de6-9cb7-0ca05ee8f7e2 ] Request (ListImageFiltersTestJSON:setUpClass): 200 GET http://10.180.1.21/compute/v2.1/images/d961427b-fae5-46c7-8d5f-6c13ae28131a 0.198s
2025-12-09 11:18:17.825 65865 WARNING tempest.lib.common.ssh [-] Failed to establish authenticated ssh connection to cirros@10.180.180.248 ([Errno None] Unable to connect to port 22 on 10.180.180.248). Number attempts: 5. Retry after 6 seconds.: paramiko.ssh_exception.NoValidConnectionsError: [Errno None] Unable to connect to port 22 on 10.180.180.248
2025-12-09 11:18:17.863 65909 INFO tempest.lib.common.rest_client [req-545cbc93-6246-4054-b9b9-4d7f83bec60d req-545cbc93-6246-4054-b9b9-4d7f83bec60d ] Request (ImagesTestJSON:test_create_image_from_suspended_server): 200 GET http://10.180.1.21/compute/v2.1/servers/f07afb82-d6e0-4e91-8689-5db507e4cead 0.637s
2025-12-09 11:18:17.865 65877 INFO tempest.lib.common.rest_client [req-b8961e61-ce95-49da-8472-992d765d2a98 req-b8961e61-ce95-49da-8472-992d765d2a98 ] Request (ServerDiagnosticsNegativeTest:tearDownClass): 200 GET http://10.180.1.21/compute/v2.1/servers/6f3a0933-c857-4850-bca6-cf646b87880b 0.694s
2025-12-09 11:18:17.952 65899 INFO tempest.lib.common.rest_client [req-d9f7bcbb-bc36-4c97-8752-12c96a1ca4c6 req-d9f7bcbb-bc36-4c97-8752-12c96a1ca4c6 ] Request (ServersWithSpecificFlavorTestJSON:test_verify_created_server_ephemeral_disk): 200 GET http://10.180.1.21/compute/v2.1/servers/41d4670d-7f7b-4233-ba15-aad4bf31555d 0.720s
2025-12-09 11:18:17.991 65880 INFO tempest.lib.common.rest_client [req-bcba9dc7-1b34-451c-bed7-ebe0f0e3c46d req-bcba9dc7-1b34-451c-bed7-ebe0f0e3c46d ] Request (ServersListShow2100Test:tearDownClass): 200 GET http://10.180.1.21/compute/v2.1/servers/11a46200-6ab8-46cc-8ccb-1d19115681bd 0.672s
2025-12-09 11:18:18.062 65914 INFO tempest.lib.common.rest_client [req-fddb6049-d373-4693-8860-ff8cb557583f req-fddb6049-d373-4693-8860-ff8cb557583f ] Request (ServersTestBootFromVolume:tearDownClass): 200 GET http://10.180.1.21/compute/v2.1/servers/65ac50c4-5d9b-42f4-b36c-e56064da584a 0.681s
2025-12-09 11:18:18.086 65853 INFO tempest.lib.common.rest_client [req-b8d088b7-7fb7-46ed-8e99-96cf5824e8d8 req-b8d088b7-7fb7-46ed-8e99-96cf5824e8d8 ] Request (ServersAdminTestJSON:_run_cleanups): 200 GET http://10.180.1.21/compute/v2.1/servers/e743c0c1-3e3e-48b6-839f-38832040c4b2 0.724s
2025-12-09 11:18:18.131 65896 INFO tempest.lib.common.rest_client [req-607b0779-9418-4a09-85d0-bbb9f7fd73cf req-607b0779-9418-4a09-85d0-bbb9f7fd73cf ] Request (ServersAdminNegativeTestJSON:tearDownClass): 200 GET http://10.180.1.21/compute/v2.1/servers/c3478627-944b-4b24-96b8-a0ccc698be08 0.686s
2025-12-09 11:18:18.171 65903 INFO tempest.lib.common.rest_client [req-b10a282c-5d9d-4c95-9272-e22d1021b035 req-b10a282c-5d9d-4c95-9272-e22d1021b035 ] Request (ServersListShow296Test:tearDownClass): 200 GET http://10.180.1.21/compute/v2.1/servers/4f663e2b-a0d1-47e6-a67d-082c305c952e 0.644s
2025-12-09 11:18:18.188 65875 INFO tempest.lib.common.rest_client [req-f27edf70-7d0f-4e27-9a66-eaa99c453858 req-f27edf70-7d0f-4e27-9a66-eaa99c453858 ] Request (ServerActionsV293TestJSON:setUpClass): 200 GET http://10.180.1.21/compute/v2.1/servers/4f9aa6e1-9fdf-41d3-91ef-756809a8a9e3 0.366s
2025-12-09 11:18:18.232 65873 INFO tempest.lib.common.rest_client [req-86b3831e-3bf3-4046-9ba4-0a105d5066a4 req-86b3831e-3bf3-4046-9ba4-0a105d5066a4 ] Request (SecurityGroupsTestJSON:test_server_security_groups): 200 GET http://10.180.1.21/compute/v2.1/servers/8d29674f-9c81-4030-8fce-8be2d170e4ba 0.409s
2025-12-09 11:18:18.249 65901 INFO tempest.lib.common.rest_client [req-f3fd206f-fd9c-4a93-868c-899ba100eb3e req-f3fd206f-fd9c-4a93-868c-899ba100eb3e ] Request (InstanceActionsV221TestJSON:test_get_list_deleted_instance_actions): 200 GET http://10.180.1.21/compute/v2.1/servers/b99a52fd-dedc-4233-8541-d58cacf4572b 0.426s
2025-12-09 11:18:18.307 65883 INFO tempest.lib.common.rest_client [req-2711cf0c-2f20-41fd-8129-f31eda0d8882 req-2711cf0c-2f20-41fd-8129-f31eda0d8882 ] Request (ServersV294TestFqdnHostnames:setUpClass): 200 GET http://10.180.1.21/compute/v2.1/servers/003e622f-11d3-4182-be77-477bbf3aa958 0.483s
2025-12-09 11:18:18.318 65911 INFO tempest.lib.common.rest_client [req-d8a90a7c-3ee7-4677-a2ca-aec7e90473ac req-d8a90a7c-3ee7-4677-a2ca-aec7e90473ac ] Request (ListServerFiltersTestJSON:tearDownClass): 200 GET http://10.180.1.21/compute/v2.1/servers/29178e80-e50c-4511-bfc4-cc1dc2adae87 0.494s
2025-12-09 11:18:18.371 65908 INFO tempest.lib.common.rest_client [req-d2764084-adbb-4356-b90d-b2fe87e46669 req-d2764084-adbb-4356-b90d-b2fe87e46669 ] Request (ServerRescueTestJSON:test_rescue_unrescue_instance): 200 GET http://10.180.1.21/compute/v2.1/servers/58476992-153d-4a26-bde6-a5bd73123e5e 0.548s
2025-12-09 11:18:18.394 65890 INFO tempest.lib.common.rest_client [req-d6b60031-42ba-4d11-b6b1-9dd0464b1557 req-d6b60031-42ba-4d11-b6b1-9dd0464b1557 ] Request (ServersTestJSON:_run_cleanups): 200 GET http://10.180.1.21/compute/v2.1/servers/4a6f012f-8907-4b9e-abd8-ed374fb287e4 0.552s
2025-12-09 11:18:18.438 65857 INFO tempest.lib.common.rest_client [req-33c4b1af-65ae-4aac-ac48-611051d71cac req-33c4b1af-65ae-4aac-ac48-611051d71cac ] Request (ImagesOneServerNegativeTestJSON:_run_cleanups): 200 GET http://10.180.1.21/compute/v2.1/servers/668eb332-afcb-4ca4-afc9-b96d7e651dd2 0.528s
2025-12-09 11:18:18.481 65855 INFO tempest.lib.common.rest_client [req-5f927a1c-6d16-4b75-b37e-cb0e80f55d34 req-5f927a1c-6d16-4b75-b37e-cb0e80f55d34 ] Request (ImagesOneServerTestJSON:tearDownClass): 200 GET http://10.180.1.21/compute/v2.1/servers/a56d8a77-8adf-4c66-9a4c-9a87c3a238b1 0.473s
2025-12-09 11:18:18.487 65905 WARNING tempest.lib.common.ssh [-] Failed to establish authenticated ssh connection to cirros@10.180.180.201 ([Errno None] Unable to connect to port 22 on 10.180.180.201). Number attempts: 2. Retry after 3 seconds.: paramiko.ssh_exception.NoValidConnectionsError: [Errno None] Unable to connect to port 22 on 10.180.180.201
2025-12-09 11:18:18.508 65915 INFO tempest.lib.common.rest_client [req-c6a1cca4-8970-44b8-acca-bad456a73e0a req-c6a1cca4-8970-44b8-acca-bad456a73e0a ] Request (AttachInterfacesTestJSON:test_create_list_show_delete_interfaces_by_fixed_ip): 200 GET http://10.180.1.21/compute/v2.1/servers/63470564-1523-43f2-b142-ae2ffe776111 0.410s
2025-12-09 11:18:18.549 65891 INFO tempest.lib.common.rest_client [req-b0862de3-4dba-45f6-8067-53491b03ae32 req-b0862de3-4dba-45f6-8067-53491b03ae32 ] Request (ServerShowV257Test:test_rebuild_server): 200 GET http://10.180.1.21/compute/v2.1/servers/6d419719-0fdb-449b-8ab6-257e6d559eba 0.337s
2025-12-09 11:18:18.567 65859 INFO tempest.lib.common.rest_client [req-602f7a26-cd3c-4b8b-8ca9-6016cf620a67 req-602f7a26-cd3c-4b8b-8ca9-6016cf620a67 ] Request (ServersNegativeTestJSON:setUpClass): 200 GET http://10.180.1.21/compute/v2.1/servers/780b824e-7d21-49cf-bb32-6ec5ea4167b7 0.305s
2025-12-09 11:18:18.626 65887 INFO tempest.lib.common.rest_client [req-fe9f839d-1e08-4423-8b6b-2444144550a7 req-fe9f839d-1e08-4423-8b6b-2444144550a7 ] Request (ServersNegativeTestMultiTenantJSON:setUpClass): 200 GET http://10.180.1.21/compute/v2.1/servers/8c8fb332-6599-4644-81e1-840f74806bb3 0.308s
2025-12-09 11:18:18.663 65885 INFO tempest.lib.common.rest_client [req-b299fc94-a78d-4b00-9541-0f44268a46d9 req-b299fc94-a78d-4b00-9541-0f44268a46d9 ] Request (MigrationsAdminTest:test_resize_server_revert_deleted_flavor): 200 GET http://10.180.1.21/compute/v2.1/servers/e48e1b49-6aa4-41d0-a15d-56b01e16aa26 0.364s
2025-12-09 11:18:18.682 65881 INFO tempest.lib.common.rest_client [req-34cdc83d-d03b-4702-8ccf-e682d627e771 req-34cdc83d-d03b-4702-8ccf-e682d627e771 ] Request (ServerDiskConfigTestJSON:test_rebuild_server_with_manual_disk_config): 200 GET http://10.180.1.21/compute/v2.1/servers/f1ce4c6c-37fb-414a-aa3a-8945a12272fc 0.319s
2025-12-09 11:18:18.704 65863 INFO tempest.lib.common.rest_client [req-865a1dc6-c674-4c22-a6c4-919497cf2d78 req-865a1dc6-c674-4c22-a6c4-919497cf2d78 ] Request (ListImageFiltersTestJSON:setUpClass): 200 GET http://10.180.1.21/compute/v2.1/images/d961427b-fae5-46c7-8d5f-6c13ae28131a 0.335s
2025-12-09 11:18:18.952 65909 INFO tempest.lib.common.rest_client [req-ab4fea3f-2bce-4e2a-ab17-1a9651fd2e33 req-ab4fea3f-2bce-4e2a-ab17-1a9651fd2e33 ] Request (ImagesTestJSON:test_create_image_from_suspended_server): 200 GET http://10.180.1.21/compute/v2.1/servers/f07afb82-d6e0-4e91-8689-5db507e4cead 0.080s
2025-12-09 11:18:18.956 65877 INFO tempest.lib.common.rest_client [req-28d9a95d-7e33-4917-bb2b-c8a22aa21f40 req-28d9a95d-7e33-4917-bb2b-c8a22aa21f40 ] Request (ServerDiagnosticsNegativeTest:tearDownClass): 200 GET http://10.180.1.21/compute/v2.1/servers/6f3a0933-c857-4850-bca6-cf646b87880b 0.079s
2025-12-09 11:18:19.019 65899 INFO tempest.lib.common.rest_client [req-4b1f0dc6-4cba-4450-a728-bcfed9e604dc req-4b1f0dc6-4cba-4450-a728-bcfed9e604dc ] Request (ServersWithSpecificFlavorTestJSON:test_verify_created_server_ephemeral_disk): 200 GET http://10.180.1.21/compute/v2.1/servers/41d4670d-7f7b-4233-ba15-aad4bf31555d 0.054s
2025-12-09 11:18:19.134 65880 INFO tempest.lib.common.rest_client [req-2122a3a8-3ad4-4377-b22c-8c47495d49bc req-2122a3a8-3ad4-4377-b22c-8c47495d49bc ] Request (ServersListShow2100Test:tearDownClass): 200 GET http://10.180.1.21/compute/v2.1/servers/11a46200-6ab8-46cc-8ccb-1d19115681bd 0.125s
2025-12-09 11:18:19.177 65914 INFO tempest.lib.common.rest_client [req-467a9695-e3f8-4f15-a368-9fa1462ae6ab req-467a9695-e3f8-4f15-a368-9fa1462ae6ab ] Request (ServersTestBootFromVolume:tearDownClass): 200 GET http://10.180.1.21/compute/v2.1/servers/65ac50c4-5d9b-42f4-b36c-e56064da584a 0.107s
2025-12-09 11:18:19.249 65853 INFO tempest.lib.common.rest_client [req-e2a9b8d6-286b-4b5a-91cb-e002a7222c14 req-e2a9b8d6-286b-4b5a-91cb-e002a7222c14 ] Request (ServersAdminTestJSON:_run_cleanups): 200 GET http://10.180.1.21/compute/v2.1/servers/e743c0c1-3e3e-48b6-839f-38832040c4b2 0.151s
2025-12-09 11:18:19.266 65896 INFO tempest.lib.common.rest_client [req-a30630d5-6fc7-43b4-907b-5cbd9ee61391 req-a30630d5-6fc7-43b4-907b-5cbd9ee61391 ] Request (ServersAdminNegativeTestJSON:tearDownClass): 200 GET http://10.180.1.21/compute/v2.1/servers/c3478627-944b-4b24-96b8-a0ccc698be08 0.126s
2025-12-09 11:18:19.315 65903 INFO tempest.lib.common.rest_client [req-10356b71-8054-4b93-afb8-f33771a40d3c req-10356b71-8054-4b93-afb8-f33771a40d3c ] Request (ServersListShow296Test:tearDownClass): 200 GET http://10.180.1.21/compute/v2.1/servers/4f663e2b-a0d1-47e6-a67d-082c305c952e 0.132s
2025-12-09 11:18:19.331 65875 INFO tempest.lib.common.rest_client [req-f0e15819-5128-4551-bb1a-d35baf3b9ee8 req-f0e15819-5128-4551-bb1a-d35baf3b9ee8 ] Request (ServerActionsV293TestJSON:setUpClass): 200 GET http://10.180.1.21/compute/v2.1/servers/4f9aa6e1-9fdf-41d3-91ef-756809a8a9e3 0.133s
2025-12-09 11:18:19.373 65873 INFO tempest.lib.common.rest_client [req-3e0b3434-1a82-492e-b941-e0784f700050 req-3e0b3434-1a82-492e-b941-e0784f700050 ] Request (SecurityGroupsTestJSON:test_server_security_groups): 200 GET http://10.180.1.21/compute/v2.1/servers/8d29674f-9c81-4030-8fce-8be2d170e4ba 0.130s
2025-12-09 11:18:19.397 65901 INFO tempest.lib.common.rest_client [req-121dd406-4e88-4c4b-9dfa-0711356c3288 req-121dd406-4e88-4c4b-9dfa-0711356c3288 ] Request (InstanceActionsV221TestJSON:test_get_list_deleted_instance_actions): 200 GET http://10.180.1.21/compute/v2.1/servers/b99a52fd-dedc-4233-8541-d58cacf4572b 0.138s
2025-12-09 11:18:19.429 65883 INFO tempest.lib.common.rest_client [req-2edc5311-38fe-4eac-8339-e7e3b00db189 req-2edc5311-38fe-4eac-8339-e7e3b00db189 ] Request (ServersV294TestFqdnHostnames:setUpClass): 200 GET http://10.180.1.21/compute/v2.1/servers/003e622f-11d3-4182-be77-477bbf3aa958 0.110s
2025-12-09 11:18:19.457 65911 INFO tempest.lib.common.rest_client [req-590f0a5d-d522-4919-a6ac-60e9971f0a43 req-590f0a5d-d522-4919-a6ac-60e9971f0a43 ] Request (ListServerFiltersTestJSON:tearDownClass): 200 GET http://10.180.1.21/compute/v2.1/servers/29178e80-e50c-4511-bfc4-cc1dc2adae87 0.130s
2025-12-09 11:18:19.480 65908 INFO tempest.lib.common.rest_client [req-419ef635-95a9-450c-8466-bda16ec20fc8 req-419ef635-95a9-450c-8466-bda16ec20fc8 ] Request (ServerRescueTestJSON:test_rescue_unrescue_instance): 200 GET http://10.180.1.21/compute/v2.1/servers/58476992-153d-4a26-bde6-a5bd73123e5e 0.099s
2025-12-09 11:18:19.517 65890 INFO tempest.lib.common.rest_client [req-5c0c84e6-c130-4980-98e3-e6215426126c req-5c0c84e6-c130-4980-98e3-e6215426126c ] Request (ServersTestJSON:_run_cleanups): 200 GET http://10.180.1.21/compute/v2.1/servers/4a6f012f-8907-4b9e-abd8-ed374fb287e4 0.113s
2025-12-09 11:18:19.530 65857 INFO tempest.lib.common.rest_client [req-832fb3b9-ad0a-4c5a-aa65-c0279edc8ddd req-832fb3b9-ad0a-4c5a-aa65-c0279edc8ddd ] Request (ImagesOneServerNegativeTestJSON:_run_cleanups): 200 GET http://10.180.1.21/compute/v2.1/servers/668eb332-afcb-4ca4-afc9-b96d7e651dd2 0.083s
2025-12-09 11:18:19.576 65855 INFO tempest.lib.common.rest_client [req-fd407ceb-5ff9-431d-befb-d28a99a56899 req-fd407ceb-5ff9-431d-befb-d28a99a56899 ] Request (ImagesOneServerTestJSON:tearDownClass): 200 GET http://10.180.1.21/compute/v2.1/servers/a56d8a77-8adf-4c66-9a4c-9a87c3a238b1 0.086s
2025-12-09 11:18:19.583 65915 INFO tempest.lib.common.rest_client [req-49662e80-3391-401e-af2f-10c865132077 req-49662e80-3391-401e-af2f-10c865132077 ] Request (AttachInterfacesTestJSON:test_create_list_show_delete_interfaces_by_fixed_ip): 200 GET http://10.180.1.21/compute/v2.1/servers/63470564-1523-43f2-b142-ae2ffe776111 0.066s
2025-12-09 11:18:19.589 65915 INFO tempest.common.waiters [-] State transition "BUILD/None" ==> "BUILD/networking" after 52 second wait
2025-12-09 11:18:19.637 65891 INFO tempest.lib.common.rest_client [req-8f2225cd-ef20-451b-b78d-4f7d4291ab69 req-8f2225cd-ef20-451b-b78d-4f7d4291ab69 ] Request (ServerShowV257Test:test_rebuild_server): 200 GET http://10.180.1.21/compute/v2.1/servers/6d419719-0fdb-449b-8ab6-257e6d559eba 0.075s
2025-12-09 11:18:19.650 65859 INFO tempest.lib.common.rest_client [req-9072d1dd-af91-4a0a-9283-fc478de1be0e req-9072d1dd-af91-4a0a-9283-fc478de1be0e ] Request (ServersNegativeTestJSON:setUpClass): 200 GET http://10.180.1.21/compute/v2.1/servers/780b824e-7d21-49cf-bb32-6ec5ea4167b7 0.075s
2025-12-09 11:18:19.694 65887 INFO tempest.lib.common.rest_client [req-07c35b0f-0132-43c0-90a2-baad82c57906 req-07c35b0f-0132-43c0-90a2-baad82c57906 ] Request (ServersNegativeTestMultiTenantJSON:setUpClass): 200 GET http://10.180.1.21/compute/v2.1/servers/8c8fb332-6599-4644-81e1-840f74806bb3 0.059s
2025-12-09 11:18:19.764 65881 INFO tempest.lib.common.rest_client [req-2499236a-9c27-4004-a325-c696e2206ee8 req-2499236a-9c27-4004-a325-c696e2206ee8 ] Request (ServerDiskConfigTestJSON:test_rebuild_server_with_manual_disk_config): 200 GET http://10.180.1.21/compute/v2.1/servers/f1ce4c6c-37fb-414a-aa3a-8945a12272fc 0.074s
2025-12-09 11:18:19.788 65885 INFO tempest.lib.common.rest_client [req-44b07b80-010a-4ef9-802d-2ab34a5822a0 req-44b07b80-010a-4ef9-802d-2ab34a5822a0 ] Request (MigrationsAdminTest:test_resize_server_revert_deleted_flavor): 200 GET http://10.180.1.21/compute/v2.1/servers/e48e1b49-6aa4-41d0-a15d-56b01e16aa26 0.116s
2025-12-09 11:18:19.805 65863 INFO tempest.lib.common.rest_client [req-8583fcf6-258e-45ea-a020-ee9059a6d192 req-8583fcf6-258e-45ea-a020-ee9059a6d192 ] Request (ListImageFiltersTestJSON:setUpClass): 200 GET http://10.180.1.21/compute/v2.1/images/d961427b-fae5-46c7-8d5f-6c13ae28131a 0.095s
2025-12-09 11:18:20.034 65909 INFO tempest.lib.common.rest_client [req-8a6e7c87-0d2d-4f2b-8f10-8365b2ca5206 req-8a6e7c87-0d2d-4f2b-8f10-8365b2ca5206 ] Request (ImagesTestJSON:test_create_image_from_suspended_server): 200 GET http://10.180.1.21/compute/v2.1/servers/f07afb82-d6e0-4e91-8689-5db507e4cead 0.074s
2025-12-09 11:18:20.052 65877 INFO tempest.lib.common.rest_client [req-601d42ef-462e-4ec6-a4fc-6774eb8c95b1 req-601d42ef-462e-4ec6-a4fc-6774eb8c95b1 ] Request (ServerDiagnosticsNegativeTest:tearDownClass): 200 GET http://10.180.1.21/compute/v2.1/servers/6f3a0933-c857-4850-bca6-cf646b87880b 0.088s
2025-12-09 11:18:20.100 65899 INFO tempest.lib.common.rest_client [req-bb6128f4-8b7f-4ca9-b2ae-b82a42e396fb req-bb6128f4-8b7f-4ca9-b2ae-b82a42e396fb ] Request (ServersWithSpecificFlavorTestJSON:test_verify_created_server_ephemeral_disk): 200 GET http://10.180.1.21/compute/v2.1/servers/41d4670d-7f7b-4233-ba15-aad4bf31555d 0.073s
2025-12-09 11:18:20.242 65880 INFO tempest.lib.common.rest_client [req-f80db835-c9b9-422d-aa64-025d94dba64a req-f80db835-c9b9-422d-aa64-025d94dba64a ] Request (ServersListShow2100Test:tearDownClass): 200 GET http://10.180.1.21/compute/v2.1/servers/11a46200-6ab8-46cc-8ccb-1d19115681bd 0.090s
2025-12-09 11:18:20.251 65914 INFO tempest.lib.common.rest_client [req-3804ba48-d09d-4800-b8b7-44a96a4899ad req-3804ba48-d09d-4800-b8b7-44a96a4899ad ] Request (ServersTestBootFromVolume:tearDownClass): 200 GET http://10.180.1.21/compute/v2.1/servers/65ac50c4-5d9b-42f4-b36c-e56064da584a 0.064s
2025-12-09 11:18:20.406 65896 INFO tempest.lib.common.rest_client [req-ec306242-c831-4614-9ef4-ca6fa0e6a745 req-ec306242-c831-4614-9ef4-ca6fa0e6a745 ] Request (ServersAdminNegativeTestJSON:tearDownClass): 200 GET http://10.180.1.21/compute/v2.1/servers/c3478627-944b-4b24-96b8-a0ccc698be08 0.132s
2025-12-09 11:18:20.432 65853 INFO tempest.lib.common.rest_client [req-feb8c012-a953-4c92-84e1-db89e2ed1f5e req-feb8c012-a953-4c92-84e1-db89e2ed1f5e ] Request (ServersAdminTestJSON:_run_cleanups): 200 GET http://10.180.1.21/compute/v2.1/servers/e743c0c1-3e3e-48b6-839f-38832040c4b2 0.175s
2025-12-09 11:18:20.480 65903 INFO tempest.lib.common.rest_client [req-1fd9e2e1-8233-4dd5-ab39-bcc8247e3be7 req-1fd9e2e1-8233-4dd5-ab39-bcc8247e3be7 ] Request (ServersListShow296Test:tearDownClass): 200 GET http://10.180.1.21/compute/v2.1/servers/4f663e2b-a0d1-47e6-a67d-082c305c952e 0.154s
2025-12-09 11:18:20.499 65875 INFO tempest.lib.common.rest_client [req-15ee243d-9a8e-43c9-b8e9-47fea292e02f req-15ee243d-9a8e-43c9-b8e9-47fea292e02f ] Request (ServerActionsV293TestJSON:setUpClass): 200 GET http://10.180.1.21/compute/v2.1/servers/4f9aa6e1-9fdf-41d3-91ef-756809a8a9e3 0.155s
2025-12-09 11:18:20.545 65873 INFO tempest.lib.common.rest_client [req-7201f38f-9a27-4904-b47f-7f943c2e1ea9 req-7201f38f-9a27-4904-b47f-7f943c2e1ea9 ] Request (SecurityGroupsTestJSON:test_server_security_groups): 200 GET http://10.180.1.21/compute/v2.1/servers/8d29674f-9c81-4030-8fce-8be2d170e4ba 0.164s
2025-12-09 11:18:20.563 65901 INFO tempest.lib.common.rest_client [req-c90f0c63-1052-45b4-9075-9adca89b37d2 req-c90f0c63-1052-45b4-9075-9adca89b37d2 ] Request (InstanceActionsV221TestJSON:test_get_list_deleted_instance_actions): 200 GET http://10.180.1.21/compute/v2.1/servers/b99a52fd-dedc-4233-8541-d58cacf4572b 0.153s
2025-12-09 11:18:20.604 65883 INFO tempest.lib.common.rest_client [req-0d72c38f-6ec2-4f5d-b273-548a9fced425 req-0d72c38f-6ec2-4f5d-b273-548a9fced425 ] Request (ServersV294TestFqdnHostnames:setUpClass): 200 GET http://10.180.1.21/compute/v2.1/servers/003e622f-11d3-4182-be77-477bbf3aa958 0.165s
2025-12-09 11:18:20.627 65911 INFO tempest.lib.common.rest_client [req-929178c5-dcab-4abd-8795-7b6822711a4d req-929178c5-dcab-4abd-8795-7b6822711a4d ] Request (ListServerFiltersTestJSON:tearDownClass): 200 GET http://10.180.1.21/compute/v2.1/servers/29178e80-e50c-4511-bfc4-cc1dc2adae87 0.163s
2025-12-09 11:18:20.660 65908 INFO tempest.lib.common.rest_client [req-5e12fdfe-d36c-4e15-a509-e909e3d38db1 req-5e12fdfe-d36c-4e15-a509-e909e3d38db1 ] Request (ServerRescueTestJSON:test_rescue_unrescue_instance): 200 GET http://10.180.1.21/compute/v2.1/servers/58476992-153d-4a26-bde6-a5bd73123e5e 0.169s
2025-12-09 11:18:20.689 65890 INFO tempest.lib.common.rest_client [req-316e9d0e-3834-418a-a211-723bea9cb04e req-316e9d0e-3834-418a-a211-723bea9cb04e ] Request (ServersTestJSON:_run_cleanups): 200 GET http://10.180.1.21/compute/v2.1/servers/4a6f012f-8907-4b9e-abd8-ed374fb287e4 0.163s
2025-12-09 11:18:20.717 65857 INFO tempest.lib.common.rest_client [req-d2da8e92-e6c3-42bc-bd7f-ec57e3f3e995 req-d2da8e92-e6c3-42bc-bd7f-ec57e3f3e995 ] Request (ImagesOneServerNegativeTestJSON:_run_cleanups): 200 GET http://10.180.1.21/compute/v2.1/servers/668eb332-afcb-4ca4-afc9-b96d7e651dd2 0.178s
2025-12-09 11:18:20.748 65855 INFO tempest.lib.common.rest_client [req-6c0ff20d-b272-4eb6-8d68-b577dd982d92 req-6c0ff20d-b272-4eb6-8d68-b577dd982d92 ] Request (ImagesOneServerTestJSON:tearDownClass): 200 GET http://10.180.1.21/compute/v2.1/servers/a56d8a77-8adf-4c66-9a4c-9a87c3a238b1 0.164s
2025-12-09 11:18:20.805 65915 INFO tempest.lib.common.rest_client [req-8e8e3618-4dc6-49b8-a14f-0020faeefc79 req-8e8e3618-4dc6-49b8-a14f-0020faeefc79 ] Request (AttachInterfacesTestJSON:test_create_list_show_delete_interfaces_by_fixed_ip): 200 GET http://10.180.1.21/compute/v2.1/servers/63470564-1523-43f2-b142-ae2ffe776111 0.213s
2025-12-09 11:18:20.812 65915 INFO tempest.common.waiters [-] State transition "BUILD/networking" ==> "BUILD/spawning" after 53 second wait
2025-12-09 11:18:20.819 65891 INFO tempest.lib.common.rest_client [req-41516c8f-5386-4043-b6ac-78a2d077ffb4 req-41516c8f-5386-4043-b6ac-78a2d077ffb4 ] Request (ServerShowV257Test:test_rebuild_server): 200 GET http://10.180.1.21/compute/v2.1/servers/6d419719-0fdb-449b-8ab6-257e6d559eba 0.172s
2025-12-09 11:18:20.866 65859 INFO tempest.lib.common.rest_client [req-339051a4-3354-4f26-ae9d-25ebf0cb3cd4 req-339051a4-3354-4f26-ae9d-25ebf0cb3cd4 ] Request (ServersNegativeTestJSON:setUpClass): 200 GET http://10.180.1.21/compute/v2.1/servers/780b824e-7d21-49cf-bb32-6ec5ea4167b7 0.208s
2025-12-09 11:18:20.889 65887 INFO tempest.lib.common.rest_client [req-6fe24869-e8c2-4197-b6f9-542f5ef3986f req-6fe24869-e8c2-4197-b6f9-542f5ef3986f ] Request (ServersNegativeTestMultiTenantJSON:setUpClass): 200 GET http://10.180.1.21/compute/v2.1/servers/8c8fb332-6599-4644-81e1-840f74806bb3 0.187s
2025-12-09 11:18:20.941 65881 INFO tempest.lib.common.rest_client [req-b7c8339c-d2e3-430c-ac6e-7d387c9f62f1 req-b7c8339c-d2e3-430c-ac6e-7d387c9f62f1 ] Request (ServerDiskConfigTestJSON:test_rebuild_server_with_manual_disk_config): 200 GET http://10.180.1.21/compute/v2.1/servers/f1ce4c6c-37fb-414a-aa3a-8945a12272fc 0.169s
2025-12-09 11:18:20.983 65863 INFO tempest.lib.common.rest_client [req-39e3c84d-073a-4486-b4cd-f917dc886008 req-39e3c84d-073a-4486-b4cd-f917dc886008 ] Request (ListImageFiltersTestJSON:setUpClass): 200 GET http://10.180.1.21/compute/v2.1/images/d961427b-fae5-46c7-8d5f-6c13ae28131a 0.174s
2025-12-09 11:18:21.048 65885 INFO tempest.lib.common.rest_client [req-d9ed1b9e-e417-4946-aad2-db62849e7910 req-d9ed1b9e-e417-4946-aad2-db62849e7910 ] Request (MigrationsAdminTest:test_resize_server_revert_deleted_flavor): 200 GET http://10.180.1.21/compute/v2.1/servers/e48e1b49-6aa4-41d0-a15d-56b01e16aa26 0.249s
2025-12-09 11:18:21.107 65909 INFO tempest.lib.common.rest_client [req-df0af260-2fd5-4e79-b330-88bcb6347459 req-df0af260-2fd5-4e79-b330-88bcb6347459 ] Request (ImagesTestJSON:test_create_image_from_suspended_server): 200 GET http://10.180.1.21/compute/v2.1/servers/f07afb82-d6e0-4e91-8689-5db507e4cead 0.061s
2025-12-09 11:18:21.167 65877 INFO tempest.lib.common.rest_client [req-0f5b5266-6fba-47e5-9ab3-845163434d89 req-0f5b5266-6fba-47e5-9ab3-845163434d89 ] Request (ServerDiagnosticsNegativeTest:tearDownClass): 200 GET http://10.180.1.21/compute/v2.1/servers/6f3a0933-c857-4850-bca6-cf646b87880b 0.102s
2025-12-09 11:18:21.186 65899 INFO tempest.lib.common.rest_client [req-d5d6cbe2-2b8b-4946-973d-37fa096469e3 req-d5d6cbe2-2b8b-4946-973d-37fa096469e3 ] Request (ServersWithSpecificFlavorTestJSON:test_verify_created_server_ephemeral_disk): 200 GET http://10.180.1.21/compute/v2.1/servers/41d4670d-7f7b-4233-ba15-aad4bf31555d 0.077s
2025-12-09 11:18:21.322 65914 INFO tempest.lib.common.rest_client [req-461ffe13-66f5-46e6-b555-c6bb536ada8f req-461ffe13-66f5-46e6-b555-c6bb536ada8f ] Request (ServersTestBootFromVolume:tearDownClass): 200 GET http://10.180.1.21/compute/v2.1/servers/65ac50c4-5d9b-42f4-b36c-e56064da584a 0.058s
2025-12-09 11:18:21.341 65880 INFO tempest.lib.common.rest_client [req-330b74ed-46c8-49ee-b9a6-df65514e3302 req-330b74ed-46c8-49ee-b9a6-df65514e3302 ] Request (ServersListShow2100Test:tearDownClass): 200 GET http://10.180.1.21/compute/v2.1/servers/11a46200-6ab8-46cc-8ccb-1d19115681bd 0.087s
2025-12-09 11:18:21.488 65896 INFO tempest.lib.common.rest_client [req-a5f65c76-ad98-4bb1-b2b8-2f91cfa9eeb3 req-a5f65c76-ad98-4bb1-b2b8-2f91cfa9eeb3 ] Request (ServersAdminNegativeTestJSON:tearDownClass): 200 GET http://10.180.1.21/compute/v2.1/servers/c3478627-944b-4b24-96b8-a0ccc698be08 0.073s
2025-12-09 11:18:21.555 65853 INFO tempest.lib.common.rest_client [req-60e7ce3d-1903-4729-b1a7-2a8aae1c9c34 req-60e7ce3d-1903-4729-b1a7-2a8aae1c9c34 ] Request (ServersAdminTestJSON:_run_cleanups): 200 GET http://10.180.1.21/compute/v2.1/servers/e743c0c1-3e3e-48b6-839f-38832040c4b2 0.114s
2025-12-09 11:18:21.589 65903 INFO tempest.lib.common.rest_client [req-b3831b42-68ce-4452-b5ee-2dc2acd1247a req-b3831b42-68ce-4452-b5ee-2dc2acd1247a ] Request (ServersListShow296Test:tearDownClass): 200 GET http://10.180.1.21/compute/v2.1/servers/4f663e2b-a0d1-47e6-a67d-082c305c952e 0.098s
2025-12-09 11:18:21.626 65875 INFO tempest.lib.common.rest_client [req-31336bdc-4220-445b-b1bb-2a21585ccd7f req-31336bdc-4220-445b-b1bb-2a21585ccd7f ] Request (ServerActionsV293TestJSON:setUpClass): 200 GET http://10.180.1.21/compute/v2.1/servers/4f9aa6e1-9fdf-41d3-91ef-756809a8a9e3 0.117s
2025-12-09 11:18:21.656 65873 INFO tempest.lib.common.rest_client [req-00484b39-d4e8-46e7-b023-491ff8309886 req-00484b39-d4e8-46e7-b023-491ff8309886 ] Request (SecurityGroupsTestJSON:test_server_security_groups): 200 GET http://10.180.1.21/compute/v2.1/servers/8d29674f-9c81-4030-8fce-8be2d170e4ba 0.102s
2025-12-09 11:18:21.692 65901 INFO tempest.lib.common.rest_client [req-072a99c6-a067-4110-8a1c-dc3b47802156 req-072a99c6-a067-4110-8a1c-dc3b47802156 ] Request (InstanceActionsV221TestJSON:test_get_list_deleted_instance_actions): 200 GET http://10.180.1.21/compute/v2.1/servers/b99a52fd-dedc-4233-8541-d58cacf4572b 0.119s
2025-12-09 11:18:21.713 65883 INFO tempest.lib.common.rest_client [req-5f57143d-e545-4d7a-9497-5a32db427db9 req-5f57143d-e545-4d7a-9497-5a32db427db9 ] Request (ServersV294TestFqdnHostnames:setUpClass): 200 GET http://10.180.1.21/compute/v2.1/servers/003e622f-11d3-4182-be77-477bbf3aa958 0.099s
2025-12-09 11:18:21.762 65911 INFO tempest.lib.common.rest_client [req-73269aed-8769-48ad-9a19-36451cffaa29 req-73269aed-8769-48ad-9a19-36451cffaa29 ] Request (ListServerFiltersTestJSON:tearDownClass): 200 GET http://10.180.1.21/compute/v2.1/servers/29178e80-e50c-4511-bfc4-cc1dc2adae87 0.127s
2025-12-09 11:18:21.768 65908 INFO tempest.lib.common.rest_client [req-861d1395-3a14-40b9-9736-c94f2d9e22c8 req-861d1395-3a14-40b9-9736-c94f2d9e22c8 ] Request (ServerRescueTestJSON:test_rescue_unrescue_instance): 200 GET http://10.180.1.21/compute/v2.1/servers/58476992-153d-4a26-bde6-a5bd73123e5e 0.100s
2025-12-09 11:18:21.816 65857 INFO tempest.lib.common.rest_client [req-e97ac62f-a4e8-4548-aebb-f2c0aed404da req-e97ac62f-a4e8-4548-aebb-f2c0aed404da ] Request (ImagesOneServerNegativeTestJSON:_run_cleanups): 200 GET http://10.180.1.21/compute/v2.1/servers/668eb332-afcb-4ca4-afc9-b96d7e651dd2 0.089s
2025-12-09 11:18:21.826 65890 INFO tempest.lib.common.rest_client [req-8d2900f5-a4c8-463a-988c-73c752609715 req-8d2900f5-a4c8-463a-988c-73c752609715 ] Request (ServersTestJSON:_run_cleanups): 200 GET http://10.180.1.21/compute/v2.1/servers/4a6f012f-8907-4b9e-abd8-ed374fb287e4 0.130s
2025-12-09 11:18:21.883 65855 INFO tempest.lib.common.rest_client [req-874050e5-4d5d-4984-9cd3-b8b42d3f2b4c req-874050e5-4d5d-4984-9cd3-b8b42d3f2b4c ] Request (ImagesOneServerTestJSON:tearDownClass): 200 GET http://10.180.1.21/compute/v2.1/servers/a56d8a77-8adf-4c66-9a4c-9a87c3a238b1 0.127s
2025-12-09 11:18:21.939 65915 INFO tempest.lib.common.rest_client [req-e993532f-416c-438c-b7f2-5b536ca338cb req-e993532f-416c-438c-b7f2-5b536ca338cb ] Request (AttachInterfacesTestJSON:test_create_list_show_delete_interfaces_by_fixed_ip): 200 GET http://10.180.1.21/compute/v2.1/servers/63470564-1523-43f2-b142-ae2ffe776111 0.125s
2025-12-09 11:18:21.947 65891 INFO tempest.lib.common.rest_client [req-1a043d39-eba9-412a-b122-c2bb8a5498bf req-1a043d39-eba9-412a-b122-c2bb8a5498bf ] Request (ServerShowV257Test:test_rebuild_server): 200 GET http://10.180.1.21/compute/v2.1/servers/6d419719-0fdb-449b-8ab6-257e6d559eba 0.116s
2025-12-09 11:18:21.994 65887 INFO tempest.lib.common.rest_client [req-15c20c7b-9369-4d30-9366-b1f3d1223559 req-15c20c7b-9369-4d30-9366-b1f3d1223559 ] Request (ServersNegativeTestMultiTenantJSON:setUpClass): 200 GET http://10.180.1.21/compute/v2.1/servers/8c8fb332-6599-4644-81e1-840f74806bb3 0.096s
2025-12-09 11:18:21.996 65859 INFO tempest.lib.common.rest_client [req-eaf107f4-ac89-4633-90bd-77f8bd23af68 req-eaf107f4-ac89-4633-90bd-77f8bd23af68 ] Request (ServersNegativeTestJSON:setUpClass): 200 GET http://10.180.1.21/compute/v2.1/servers/780b824e-7d21-49cf-bb32-6ec5ea4167b7 0.121s
2025-12-09 11:18:22.036 65863 INFO tempest.lib.common.rest_client [req-28c2f3e9-9c1c-45d8-b344-e5cbe0504256 req-28c2f3e9-9c1c-45d8-b344-e5cbe0504256 ] Request (ListImageFiltersTestJSON:setUpClass): 200 GET http://10.180.1.21/compute/v2.1/images/d961427b-fae5-46c7-8d5f-6c13ae28131a 0.049s
2025-12-09 11:18:22.046 65881 INFO tempest.lib.common.rest_client [req-23e305eb-3928-4919-bb78-428a43ca8608 req-23e305eb-3928-4919-bb78-428a43ca8608 ] Request (ServerDiskConfigTestJSON:test_rebuild_server_with_manual_disk_config): 200 GET http://10.180.1.21/compute/v2.1/servers/f1ce4c6c-37fb-414a-aa3a-8945a12272fc 0.097s
2025-12-09 11:18:22.052 65881 INFO tempest.common.waiters [-] State transition "BUILD/None" ==> "BUILD/networking" after 55 second wait
2025-12-09 11:18:22.157 65885 INFO tempest.lib.common.rest_client [req-644893da-be62-4bab-b9f8-98668916f27d req-644893da-be62-4bab-b9f8-98668916f27d ] Request (MigrationsAdminTest:test_resize_server_revert_deleted_flavor): 200 GET http://10.180.1.21/compute/v2.1/servers/e48e1b49-6aa4-41d0-a15d-56b01e16aa26 0.100s
2025-12-09 11:18:22.164 65885 INFO tempest.common.waiters [-] State transition "BUILD/spawning" ==> "ACTIVE/None" after 61 second wait
2025-12-09 11:18:22.168 65909 INFO tempest.lib.common.rest_client [req-5df39e60-741d-43da-912d-4844438f8d54 req-5df39e60-741d-43da-912d-4844438f8d54 ] Request (ImagesTestJSON:test_create_image_from_suspended_server): 200 GET http://10.180.1.21/compute/v2.1/servers/f07afb82-d6e0-4e91-8689-5db507e4cead 0.053s
2025-12-09 11:18:22.232 65877 INFO tempest.lib.common.rest_client [req-101ef1da-ccf8-47d9-930b-4130e553ff3c req-101ef1da-ccf8-47d9-930b-4130e553ff3c ] Request (ServerDiagnosticsNegativeTest:tearDownClass): 200 GET http://10.180.1.21/compute/v2.1/servers/6f3a0933-c857-4850-bca6-cf646b87880b 0.057s
2025-12-09 11:18:22.266 65885 INFO tempest.lib.common.rest_client [req-392cece8-eb39-4b7b-ab7c-9f1372a9a07a req-392cece8-eb39-4b7b-ab7c-9f1372a9a07a ] Request (MigrationsAdminTest:test_resize_server_revert_deleted_flavor): 200 GET http://10.180.1.21/compute/v2.1/servers/e48e1b49-6aa4-41d0-a15d-56b01e16aa26 0.101s
2025-12-09 11:18:22.295 65885 INFO tempest.lib.common.rest_client [req-69c23197-8f93-4430-b58b-389ba5ed3bc2 req-69c23197-8f93-4430-b58b-389ba5ed3bc2 ] Request (MigrationsAdminTest:test_resize_server_revert_deleted_flavor): 202 DELETE http://10.180.1.21/compute/v2.1/flavors/9c99abb3-c3f1-4d47-abbe-f402b7720a73 0.021s
2025-12-09 11:18:22.300 65899 INFO tempest.lib.common.rest_client [req-c694ca8b-9135-4557-9157-798af6cc1b4a req-c694ca8b-9135-4557-9157-798af6cc1b4a ] Request (ServersWithSpecificFlavorTestJSON:test_verify_created_server_ephemeral_disk): 200 GET http://10.180.1.21/compute/v2.1/servers/41d4670d-7f7b-4233-ba15-aad4bf31555d 0.106s
2025-12-09 11:18:22.320 65885 INFO tempest.lib.common.rest_client [req-e6331002-5f1c-4cb3-bbc3-aa4150d662f4 req-e6331002-5f1c-4cb3-bbc3-aa4150d662f4 ] Request (MigrationsAdminTest:test_resize_server_revert_deleted_flavor): 200 GET http://10.180.1.21/compute/v2.1/flavors/detail 0.024s
2025-12-09 11:18:22.393 65914 INFO tempest.lib.common.rest_client [req-2dc301ef-5bf2-4c39-838a-b7fab65316be req-2dc301ef-5bf2-4c39-838a-b7fab65316be ] Request (ServersTestBootFromVolume:tearDownClass): 200 GET http://10.180.1.21/compute/v2.1/servers/65ac50c4-5d9b-42f4-b36c-e56064da584a 0.062s
2025-12-09 11:18:22.464 65885 INFO tempest.lib.common.rest_client [req-ade4a880-8b28-4576-a001-ff339c0e45cb req-ade4a880-8b28-4576-a001-ff339c0e45cb ] Request (MigrationsAdminTest:test_resize_server_revert_deleted_flavor): 202 POST http://10.180.1.21/compute/v2.1/servers/e48e1b49-6aa4-41d0-a15d-56b01e16aa26/action 0.139s
2025-12-09 11:18:22.468 65880 INFO tempest.lib.common.rest_client [req-0425b542-0da9-4ffc-aa2e-e4252ae81fec req-0425b542-0da9-4ffc-aa2e-e4252ae81fec ] Request (ServersListShow2100Test:tearDownClass): 200 GET http://10.180.1.21/compute/v2.1/servers/11a46200-6ab8-46cc-8ccb-1d19115681bd 0.115s
2025-12-09 11:18:22.609 65896 INFO tempest.lib.common.rest_client [req-dfde715d-9c70-4962-b754-c2e33e3efc65 req-dfde715d-9c70-4962-b754-c2e33e3efc65 ] Request (ServersAdminNegativeTestJSON:tearDownClass): 200 GET http://10.180.1.21/compute/v2.1/servers/c3478627-944b-4b24-96b8-a0ccc698be08 0.114s
2025-12-09 11:18:22.629 65885 INFO tempest.lib.common.rest_client [req-6de71e3d-084f-40cb-ab37-783a8745b7ec req-6de71e3d-084f-40cb-ab37-783a8745b7ec ] Request (MigrationsAdminTest:test_resize_server_revert_deleted_flavor): 200 GET http://10.180.1.21/compute/v2.1/servers/e48e1b49-6aa4-41d0-a15d-56b01e16aa26 0.164s
2025-12-09 11:18:22.755 65903 INFO tempest.lib.common.rest_client [req-a972faf5-594a-469f-b102-6478afcfda9e req-a972faf5-594a-469f-b102-6478afcfda9e ] Request (ServersListShow296Test:tearDownClass): 200 GET http://10.180.1.21/compute/v2.1/servers/4f663e2b-a0d1-47e6-a67d-082c305c952e 0.155s
