2025-11-20 14:32:49.614 67606 INFO tempest.lib.common.rest_client [req-a1f40688-e50c-41c3-b703-ae12954aeec7 req-a1f40688-e50c-41c3-b703-ae12954aeec7 ] Request (DeleteServersTestJSON:test_delete_active_server): 200 GET http://10.180.1.21/compute/v2.1/servers/791505b1-68b7-4c7e-888c-169fcbc7be93 3.936s
2025-11-20 14:32:49.894 67594 INFO tempest.lib.common.rest_client [req-cd1f1a2e-6ce0-43e0-a50d-bcad45488f14 req-cd1f1a2e-6ce0-43e0-a50d-bcad45488f14 ] Request (FloatingIPDetailsNegativeTestJSON:setUpClass): 201 POST http://10.180.1.21/networking/v2.0/routers 0.952s
2025-11-20 14:32:49.939 67609 INFO tempest.lib.common.rest_client [req-5c6f9a76-1b6f-49c1-be34-68eebc3b1402 req-5c6f9a76-1b6f-49c1-be34-68eebc3b1402 ] Request (AttachInterfacesUnderV243Test:test_add_remove_fixed_ip): 200 GET http://10.180.1.21/compute/v2.1/servers/cd1f0bed-f454-4c97-bf32-81450da32e6b 4.245s
2025-11-20 14:32:50.085 67602 INFO tempest.lib.common.rest_client [req-c40ace5a-5568-4d85-b3db-23acd0fac40e req-c40ace5a-5568-4d85-b3db-23acd0fac40e ] Request (ServersTestBootFromVolume:setUpClass): 200 GET http://10.180.1.21/volume/v3/volumes/bbf92096-603d-46a5-88e0-9879c78b2862 0.035s
2025-11-20 14:32:50.219 67616 INFO tempest.lib.common.rest_client [req-0f58e021-9c67-4f39-a79e-8e83abdfb076 req-0f58e021-9c67-4f39-a79e-8e83abdfb076 ] Request (ServersAdmin275Test:test_rebuild_update_server_275): 202 POST http://10.180.1.21/compute/v2.1/servers/4cbcc6b3-19a5-4985-ab7e-a036068094eb/action 4.828s
2025-11-20 14:32:50.229 67604 INFO tempest.lib.common.rest_client [req-bb4d9c5b-60be-416d-b1de-d1c6cde76dc8 req-bb4d9c5b-60be-416d-b1de-d1c6cde76dc8 ] Request (ServerDiagnosticsNegativeTest:tearDownClass): 200 GET http://10.180.1.21/compute/v2.1/servers/31311c9b-af2e-4219-b72a-327b091ce0c9 4.466s
2025-11-20 14:32:50.437 67596 INFO tempest.lib.common.rest_client [req-65305a11-e393-4ded-a30d-d56145dfed0a req-65305a11-e393-4ded-a30d-d56145dfed0a ] Request (QuotasAdminTestV257:test_get_updated_quotas): 200 GET http://10.180.1.21/compute/v2.1/os-quota-sets/40ae6a51afa749b4afdd0c45130d47ce?user_id=14d3c16ab0d0437cb807d15974246143 4.631s
2025-11-20 14:32:50.513 67572 INFO tempest.lib.common.rest_client [req-07405651-a066-4d61-b3d8-88d4b22a35bb req-07405651-a066-4d61-b3d8-88d4b22a35bb ] Request (ImagesMetadataTestJSON:setUp): 200 PUT http://10.180.1.21/compute/v2.1/images/1bb3099f-5d4e-4b16-af41-98cce0819b4c/metadata 4.566s
2025-11-20 14:32:50.543 67596 INFO tempest.lib.common.rest_client [req-83e25c7a-6df4-4eb1-8876-6ef8e557d173 req-83e25c7a-6df4-4eb1-8876-6ef8e557d173 ] Request (QuotasAdminTestV257:_run_cleanups): 204 DELETE http://10.180.1.21/identity/v3/users/14d3c16ab0d0437cb807d15974246143 0.105s
2025-11-20 14:32:50.661 67624 INFO tempest.lib.common.rest_client [req-a4e63d36-670a-40af-b6ef-5f1cdf6b85ac req-a4e63d36-670a-40af-b6ef-5f1cdf6b85ac ] Request (FlavorsAccessNegativeTestJSON:test_flavor_non_admin_add): 403 POST http://10.180.1.21/compute/v2.1/flavors/1229449041/action 4.308s
2025-11-20 14:32:50.673 67596 INFO tempest.lib.common.rest_client [req-3ef5eb25-1df7-4965-9b2c-2065cfb12408 req-3ef5eb25-1df7-4965-9b2c-2065cfb12408 ] Request (QuotasAdminTestV257:_run_cleanups): 204 DELETE http://10.180.1.21/identity/v3/projects/40ae6a51afa749b4afdd0c45130d47ce 0.128s
2025-11-20 14:32:50.698 67568 INFO tempest.lib.common.rest_client [req-179095ce-b49b-4c11-92bc-e9ed30df7428 req-179095ce-b49b-4c11-92bc-e9ed30df7428 ] Request (FlavorsAdminTestJSON:_run_cleanups): 200 GET http://10.180.1.21/compute/v2.1/flavors/detail 4.321s
2025-11-20 14:32:50.779 67584 INFO tempest.lib.common.rest_client [req-d47357c2-8a16-4ea2-8a6b-89f15678909a req-d47357c2-8a16-4ea2-8a6b-89f15678909a ] Request (QuotasAdminTestV236:test_get_updated_quotas): 200 GET http://10.180.1.21/identity/v3/domains?name=Default 0.087s
2025-11-20 14:32:50.815 67584 INFO tempest.lib.common.rest_client [req-293cd446-2d83-4db6-9d10-e0a5c75d5a2b req-293cd446-2d83-4db6-9d10-e0a5c75d5a2b ] Request (QuotasAdminTestV236:test_get_updated_quotas): 201 POST http://10.180.1.21/identity/v3/projects 0.035s
2025-11-20 14:32:50.875 67596 INFO tempest.lib.common.rest_client [req-81adcb14-6abd-4613-a105-fe42c4b410ae req-81adcb14-6abd-4613-a105-fe42c4b410ae ] Request (QuotasAdminTestV257:tearDownClass): 204 DELETE http://10.180.1.21/identity/v3/users/d328a7b9cefe45cc971f26028ffb1890 0.198s
2025-11-20 14:32:50.915 67584 INFO tempest.lib.common.rest_client [req-9f5395ee-281a-48b5-968c-5a56ce4acca9 req-9f5395ee-281a-48b5-968c-5a56ce4acca9 ] Request (QuotasAdminTestV236:test_get_updated_quotas): 200 GET http://10.180.1.21/identity/v3/domains?name=Default 0.100s
2025-11-20 14:32:50.997 67596 INFO tempest.lib.common.rest_client [req-4589af74-de52-46f1-a7ef-fc4b530f4991 req-4589af74-de52-46f1-a7ef-fc4b530f4991 ] Request (QuotasAdminTestV257:tearDownClass): 204 DELETE http://10.180.1.21/identity/v3/users/ff145ca140ac4c4b9e2db5913f444139 0.121s
2025-11-20 14:32:50.997 67596 INFO tempest.lib.common.dynamic_creds [-] Deleting project and security group for project: 9422f73bbf194860a858987a6a045a68
2025-11-20 14:32:51.083 67596 INFO tempest.lib.common.rest_client [req-a944aff7-5637-4c14-bcd8-c38c1db81fb9 req-a944aff7-5637-4c14-bcd8-c38c1db81fb9 ] Request (QuotasAdminTestV257:tearDownClass): 201 POST http://10.180.1.21/identity/v3/auth/tokens 0.085s
2025-11-20 14:32:51.126 67602 INFO tempest.lib.common.rest_client [req-ae6adce4-c8a1-4791-a5f6-2c70d9a30848 req-ae6adce4-c8a1-4791-a5f6-2c70d9a30848 ] Request (ServersTestBootFromVolume:setUpClass): 200 GET http://10.180.1.21/volume/v3/volumes/bbf92096-603d-46a5-88e0-9879c78b2862 0.034s
2025-11-20 14:32:51.365 67594 INFO tempest.lib.common.rest_client [req-c71b8216-3a22-4c18-8fa0-3303414a9f51 req-c71b8216-3a22-4c18-8fa0-3303414a9f51 ] Request (FloatingIPDetailsNegativeTestJSON:setUpClass): 200 PUT http://10.180.1.21/networking/v2.0/routers/9e2e6004-b9b4-4ccb-9e05-58319fc0fd09/add_router_interface 1.470s
2025-11-20 14:32:51.365 67594 INFO tempest.lib.common.dynamic_creds [-] Created isolated network resources for: credentials: Credentials: {'domain_id': 'default', 'domain_name': 'Default', 'username': 'tempest-FloatingIPDetailsNegativeTestJSON-1264271511-project-member', 'project_domain_id': 'default', 'project_domain_name': 'Default', 'project_id': '4e9b4334780b4a06b703fc6831d94a91', 'project_name': 'tempest-FloatingIPDetailsNegativeTestJSON-1264271511', 'tenant_id': '4e9b4334780b4a06b703fc6831d94a91', 'tenant_name': 'tempest-FloatingIPDetailsNegativeTestJSON-1264271511', 'user_domain_id': 'default', 'user_domain_name': 'Default', 'user_id': '42c2f4b6df8241cf8418257d41e96069', 'system': None}, Network: {'id': 'b4f91df0-7946-4e75-bed2-a48c864dadda', 'name': 'tempest-FloatingIPDetailsNegativeTestJSON-1280575571-network', 'tenant_id': '4e9b4334780b4a06b703fc6831d94a91', 'project_id': '4e9b4334780b4a06b703fc6831d94a91', 'admin_state_up': True, 'mtu': 8950, 'status': 'ACTIVE', 'subnets': [], 'shared': False, 'port_security_enabled': True, 'router:external': False, 'provider:network_type': 'vlan', 'provider:physical_network': 'default', 'provider:segmentation_id': 345, 'availability_zone_hints': [], 'availability_zones': [], 'ipv4_address_scope': None, 'ipv6_address_scope': None, 'description': '', 'tags': [], 'created_at': '2025-11-20T14:32:48Z', 'updated_at': '2025-11-20T14:32:48Z', 'revision_number': 1}, Subnet: {'id': '13987906-a5a0-4a7d-9a30-3cebb68ea2d4', 'name': 'tempest-FloatingIPDetailsNegativeTestJSON-1280575571-subnet', 'tenant_id': '4e9b4334780b4a06b703fc6831d94a91', 'network_id': 'b4f91df0-7946-4e75-bed2-a48c864dadda', 'ip_version': 4, 'subnetpool_id': None, 'enable_dhcp': True, 'ipv6_ra_mode': None, 'ipv6_address_mode': None, 'gateway_ip': '192.168.128.1', 'cidr': '192.168.128.0/28', 'allocation_pools': [{'start': '192.168.128.2', 'end': '192.168.128.14'}], 'host_routes': [], 'dns_nameservers': [], 'description': '', 'router:external': False, 'service_types': [], 'tags': [], 'created_at': '2025-11-20T14:32:48Z', 'updated_at': '2025-11-20T14:32:48Z', 'revision_number': 0, 'project_id': '4e9b4334780b4a06b703fc6831d94a91'}, Router: {'id': '9e2e6004-b9b4-4ccb-9e05-58319fc0fd09', 'name': 'tempest-FloatingIPDetailsNegativeTestJSON-1280575571-router', 'tenant_id': '4e9b4334780b4a06b703fc6831d94a91', 'admin_state_up': True, 'status': 'ACTIVE', 'external_gateway_info': {'network_id': '4ed7088a-a1a4-4920-bf9b-ba5e74cb143e', 'external_fixed_ips': [{'subnet_id': '42af482e-2021-496d-aeb4-0070f24ba142', 'ip_address': '10.180.180.174'}], 'enable_snat': True}, 'description': '', 'availability_zones': [], 'distributed': False, 'ha': False, 'availability_zone_hints': [], 'routes': [], 'flavor_id': None, 'tags': [], 'created_at': '2025-11-20T14:32:49Z', 'updated_at': '2025-11-20T14:32:49Z', 'revision_number': 2, 'project_id': '4e9b4334780b4a06b703fc6831d94a91'}
2025-11-20 14:32:51.440 67594 INFO tempest.lib.common.rest_client [req-de7dcf32-2904-42af-87e0-834c3b12eb09 req-de7dcf32-2904-42af-87e0-834c3b12eb09 ] Request (FloatingIPDetailsNegativeTestJSON:setUpClass): 201 POST http://10.180.1.21/identity/v3/auth/tokens 0.072s
2025-11-20 14:32:51.479 67570 INFO tempest.lib.common.rest_client [req-29b77f0a-3f20-49fd-a2dc-a0560e4bda01 req-29b77f0a-3f20-49fd-a2dc-a0560e4bda01 ] Request (MultipleCreateTestJSON:_run_cleanups): 200 GET http://10.180.1.21/compute/v2.1/servers/7222ec1a-57a7-4427-9044-5d84ef315e3d 5.058s
2025-11-20 14:32:51.486 67570 INFO tempest.common.waiters [-] State transition "ACTIVE/deleting" ==> "DELETED/None" after 6 second wait
2025-11-20 14:32:51.498 67620 INFO tempest.lib.common.rest_client [req-0a4e3c4f-0588-4c2a-be92-2a16e7afc306 req-0a4e3c4f-0588-4c2a-be92-2a16e7afc306 ] Request (ImagesNegativeTestJSON:test_create_image_from_deleted_server): 404 POST http://10.180.1.21/compute/v2.1/servers/c348c51b-79e0-4398-b59d-16390554f360/action 4.875s
2025-11-20 14:32:51.669 67596 INFO tempest.lib.common.rest_client [req-655dcddd-09b7-4e15-bc03-918965ab4b77 req-655dcddd-09b7-4e15-bc03-918965ab4b77 ] Request (QuotasAdminTestV257:tearDownClass): 200 GET http://10.180.1.21/networking/v2.0/security-groups?tenant_id=9422f73bbf194860a858987a6a045a68&name=default 0.586s
2025-11-20 14:32:51.757 67610 INFO tempest.lib.common.rest_client [req-c298bc0e-3e4f-49d6-b46e-20c391598b16 req-c298bc0e-3e4f-49d6-b46e-20c391598b16 ] Request (ServerMetadataTestJSON:setUpClass): 200 GET http://10.180.1.21/compute/v2.1/servers/782d7e2b-6ac7-4d97-814e-96e407b249ef 5.584s
2025-11-20 14:32:51.869 67618 INFO tempest.lib.common.rest_client [req-eb130607-6704-48ac-8837-a9d3638b9856 req-eb130607-6704-48ac-8837-a9d3638b9856 ] Request (SecurityGroupRulesNegativeTestJSON:test_create_security_group_rule_with_invalid_port_range): 200 POST http://10.180.1.21/compute/v2.1/os-security-groups 5.101s
2025-11-20 14:32:51.967 67596 INFO tempest.lib.common.rest_client [req-38b78502-3ac0-475e-ab37-697cc0aa6272 req-38b78502-3ac0-475e-ab37-697cc0aa6272 ] Request (QuotasAdminTestV257:tearDownClass): 204 DELETE http://10.180.1.21/networking/v2.0/security-groups/2ac003bf-619d-4b46-a0a8-9348fd4bda25 0.297s
2025-11-20 14:32:52.068 67596 INFO tempest.lib.common.rest_client [req-e5ee45e3-8e4d-41ef-8939-c0d6dafe589d req-e5ee45e3-8e4d-41ef-8939-c0d6dafe589d ] Request (QuotasAdminTestV257:tearDownClass): 204 DELETE http://10.180.1.21/identity/v3/projects/9422f73bbf194860a858987a6a045a68 0.101s
2025-11-20 14:32:52.068 67596 INFO tempest.lib.common.dynamic_creds [-] Deleting project and security group for project: c1e9793cd3ed4f23b9a1b1d282f069e6
2025-11-20 14:32:52.087 67592 INFO tempest.lib.common.rest_client [req-db67256a-bd7f-4159-99c7-29fc25dd8344 req-db67256a-bd7f-4159-99c7-29fc25dd8344 ] Request (ServersWithSpecificFlavorTestJSON:test_verify_created_server_ephemeral_disk): 200 GET http://10.180.1.21/compute/v2.1/servers/89f60e62-82a8-43a6-927a-49863c165ba6 5.082s
2025-11-20 14:32:52.132 67630 INFO tempest.lib.common.rest_client [req-18f0af1e-ef55-46a5-a31f-6ad3f9c2c4a9 req-18f0af1e-ef55-46a5-a31f-6ad3f9c2c4a9 ] Request (InstanceActionsV221TestJSON:test_get_list_deleted_instance_actions): 200 GET http://10.180.1.21/compute/v2.1/servers/ac440532-57bc-4566-9ecf-f3dcc49f2633 5.214s
2025-11-20 14:32:52.144 67630 INFO tempest.common.waiters [-] State transition "BUILD/None" ==> "BUILD/spawning" after 12 second wait
2025-11-20 14:32:52.173 67602 INFO tempest.lib.common.rest_client [req-a770558c-8cc0-4d9a-b97d-8d1552abb7b0 req-a770558c-8cc0-4d9a-b97d-8d1552abb7b0 ] Request (ServersTestBootFromVolume:setUpClass): 200 GET http://10.180.1.21/volume/v3/volumes/bbf92096-603d-46a5-88e0-9879c78b2862 0.039s
2025-11-20 14:32:52.242 67596 INFO tempest.lib.common.rest_client [req-b243e9ad-db4d-4abe-9c25-42462d5e2769 req-b243e9ad-db4d-4abe-9c25-42462d5e2769 ] Request (QuotasAdminTestV257:tearDownClass): 200 GET http://10.180.1.21/networking/v2.0/security-groups?tenant_id=c1e9793cd3ed4f23b9a1b1d282f069e6&name=default 0.174s
2025-11-20 14:32:52.255 67612 INFO tempest.lib.common.rest_client [req-3bf29045-d8b9-4ff7-9819-518f42410f10 req-3bf29045-d8b9-4ff7-9819-518f42410f10 ] Request (ServerExternalEventsTest:test_create_server_external_events): 200 GET http://10.180.1.21/compute/v2.1/servers/3526ad90-d5c3-49bd-8439-991a51fa22c3 5.049s
2025-11-20 14:32:52.322 67596 INFO tempest.lib.common.rest_client [req-39a27328-e118-467c-b1cd-1bfe144225a9 req-39a27328-e118-467c-b1cd-1bfe144225a9 ] Request (QuotasAdminTestV257:tearDownClass): 204 DELETE http://10.180.1.21/networking/v2.0/security-groups/2494a9a2-4937-47fd-bb13-1249725d96fc 0.078s
2025-11-20 14:32:52.346 67614 INFO tempest.lib.common.rest_client [req-9fb370d8-f2bb-4f2d-a774-b90149f085f7 req-9fb370d8-f2bb-4f2d-a774-b90149f085f7 ] Request (VolumesAdminNegativeTest:test_update_attached_volume_with_nonexistent_volume_in_uri): 404 PUT http://10.180.1.21/compute/v2.1/servers/a5b5284b-dac9-4288-a782-211b3524975b/os-volume_attachments/20f0b16f-4a88-4353-8235-c8e6de21b176 5.122s
2025-11-20 14:32:52.353 67580 INFO tempest.lib.common.rest_client [req-b0d361f6-e609-4383-b239-8a42ca5afe9b req-b0d361f6-e609-4383-b239-8a42ca5afe9b ] Request (HostsAdminNegativeTestJSON:test_update_host_without_param): 400 PUT http://10.180.1.21/compute/v2.1/os-hosts/devstack 5.081s
2025-11-20 14:32:52.409 67614 INFO tempest.lib.common.rest_client [req-0a9dc828-2469-427a-853f-7cf863333a4e req-0a9dc828-2469-427a-853f-7cf863333a4e ] Request (VolumesAdminNegativeTest:tearDownClass): 202 DELETE http://10.180.1.21/volume/v3/volumes/c1c93dba-dc3f-4461-9196-adbb4c1b8b24 0.062s
2025-11-20 14:32:52.424 67586 INFO tempest.lib.common.rest_client [req-b1f0a183-b85b-4f12-8f86-d769d3f895bf req-b1f0a183-b85b-4f12-8f86-d769d3f895bf ] Request (ServerDiagnosticsV248Test:tearDownClass): 200 GET http://10.180.1.21/compute/v2.1/servers/396d1be5-c4bc-4696-a350-863bcb178c52 5.072s
2025-11-20 14:32:52.426 67596 INFO tempest.lib.common.rest_client [req-a9b5aa6e-c0c5-4290-a26b-9027505bc184 req-a9b5aa6e-c0c5-4290-a26b-9027505bc184 ] Request (QuotasAdminTestV257:tearDownClass): 204 DELETE http://10.180.1.21/identity/v3/projects/c1e9793cd3ed4f23b9a1b1d282f069e6 0.104s
2025-11-20 14:32:52.439 67614 INFO tempest.lib.common.rest_client [req-bd1e64cb-32f5-468f-82cd-c65699d39c2f req-bd1e64cb-32f5-468f-82cd-c65699d39c2f ] Request (VolumesAdminNegativeTest:tearDownClass): 200 GET http://10.180.1.21/volume/v3/volumes/c1c93dba-dc3f-4461-9196-adbb4c1b8b24 0.030s
2025-11-20 14:32:52.452 67582 INFO tempest.lib.common.rest_client [req-2b2a7b2b-21be-4b23-808b-688e80382ef7 req-2b2a7b2b-21be-4b23-808b-688e80382ef7 ] Request (ServerShowV247Test:test_show_server): 202 POST http://10.180.1.21/compute/v2.1/servers 5.216s
2025-11-20 14:32:52.496 67596 INFO tempest.lib.common.rest_client [req-c634ecf8-9d51-44db-9262-35b1565dfe1b req-c634ecf8-9d51-44db-9262-35b1565dfe1b ] Request (ServerAddressesTestJSON:setUpClass): 201 POST http://10.180.1.21/identity/v3/auth/tokens 0.068s
2025-11-20 14:32:52.547 67596 INFO tempest.lib.common.rest_client [req-262d7116-ba10-4348-a266-b39804b12cc9 req-262d7116-ba10-4348-a266-b39804b12cc9 ] Request (ServerAddressesTestJSON:setUpClass): 201 POST http://10.180.1.21/identity/v3/auth/tokens 0.047s
2025-11-20 14:32:52.576 67596 INFO tempest.lib.common.rest_client [req-e14edb8f-bb94-4c40-8c7f-a884172e039f req-e14edb8f-bb94-4c40-8c7f-a884172e039f ] Request (ServerAddressesTestJSON:setUpClass): 200 GET http://10.180.1.21/identity/v3/domains?name=Default 0.028s
2025-11-20 14:32:52.593 67590 INFO tempest.lib.common.rest_client [req-4a04e3a0-cb2e-4e03-8204-b93bb567d540 req-4a04e3a0-cb2e-4e03-8204-b93bb567d540 ] Request (SecurityGroupsTestJSON:test_list_security_groups_by_server): 200 GET http://10.180.1.21/compute/v2.1/servers/a22dd827-be28-484a-bc29-f1eab4b28ed6 4.993s
2025-11-20 14:32:52.600 67590 INFO tempest.common.waiters [-] State transition "BUILD/None" ==> "BUILD/spawning" after 12 second wait
2025-11-20 14:32:52.603 67596 INFO tempest.lib.common.rest_client [req-2964f20a-a228-48e0-b9bd-3c3188ae8b86 req-2964f20a-a228-48e0-b9bd-3c3188ae8b86 ] Request (ServerAddressesTestJSON:setUpClass): 201 POST http://10.180.1.21/identity/v3/projects 0.027s
2025-11-20 14:32:52.686 67596 INFO tempest.lib.common.rest_client [req-073fecca-1fd6-4029-94d4-238567b5d9fb req-073fecca-1fd6-4029-94d4-238567b5d9fb ] Request (ServerAddressesTestJSON:setUpClass): 201 POST http://10.180.1.21/identity/v3/users 0.082s
2025-11-20 14:32:52.714 67596 INFO tempest.lib.common.rest_client [req-95e4249e-6b76-40c5-9301-e0a9f6956928 req-95e4249e-6b76-40c5-9301-e0a9f6956928 ] Request (ServerAddressesTestJSON:setUpClass): 200 GET http://10.180.1.21/identity/v3/roles 0.027s
2025-11-20 14:32:52.751 67596 INFO tempest.lib.common.rest_client [req-0f8c39b7-59bc-4a97-9969-a6690f58bb27 req-0f8c39b7-59bc-4a97-9969-a6690f58bb27 ] Request (ServerAddressesTestJSON:setUpClass): 204 PUT http://10.180.1.21/identity/v3/projects/d1caddf510dd4f3fa320dca07077b078/users/4a7b8416b1f04c32ab53f32c6e81e4e3/roles/1e0d249f77b04192a9ee71c8de6bbd46 0.037s
2025-11-20 14:32:52.751 67596 INFO tempest.lib.common.dynamic_creds [-] Dynamic test user 4a7b8416b1f04c32ab53f32c6e81e4e3 is created with scope project and roles: ['member']
2025-11-20 14:32:52.751 67596 INFO tempest.lib.common.dynamic_creds [-] Acquired dynamic creds: credentials: Credentials: {'domain_id': 'default', 'domain_name': 'Default', 'username': 'tempest-ServerAddressesTestJSON-1157450154-project-member', 'project_domain_id': 'default', 'project_domain_name': 'Default', 'project_id': 'd1caddf510dd4f3fa320dca07077b078', 'project_name': 'tempest-ServerAddressesTestJSON-1157450154', 'tenant_id': 'd1caddf510dd4f3fa320dca07077b078', 'tenant_name': 'tempest-ServerAddressesTestJSON-1157450154', 'user_domain_id': 'default', 'user_domain_name': 'Default', 'user_id': '4a7b8416b1f04c32ab53f32c6e81e4e3', 'system': None}, Network: None, Subnet: None, Router: None
2025-11-20 14:32:52.775 67576 INFO tempest.lib.common.rest_client [req-5e54da14-0d4d-4074-8be5-1c300caebff1 req-5e54da14-0d4d-4074-8be5-1c300caebff1 ] Request (FlavorsV2NegativeTest:test_boot_with_low_ram): 200 GET http://10.180.1.21/compute/v2.1/flavors/42 4.938s
2025-11-20 14:32:52.839 67596 INFO tempest.lib.common.rest_client [req-7da1e695-9d95-4476-a073-392159cab6a5 req-7da1e695-9d95-4476-a073-392159cab6a5 ] Request (ServerAddressesTestJSON:setUpClass): 201 POST http://10.180.1.21/identity/v3/auth/tokens 0.087s
2025-11-20 14:32:52.876 67588 INFO tempest.lib.common.rest_client [req-b1558379-98e4-4185-85be-63f585d3991a req-b1558379-98e4-4185-85be-63f585d3991a ] Request (QuotasAdminNegativeTest:test_create_server_when_cpu_quota_is_full): 403 POST http://10.180.1.21/compute/v2.1/servers 5.430s
2025-11-20 14:32:52.954 67600 INFO tempest.lib.common.rest_client [req-0dcac004-b7ce-40e9-8f33-4221fcaa76ed req-0dcac004-b7ce-40e9-8f33-4221fcaa76ed ] Request (ServersTestManualDisk:setUpClass): 200 GET http://10.180.1.21/compute/v2.1/servers/2de93845-c835-4f5a-bab1-57d743c85fc5 4.625s
2025-11-20 14:32:52.968 67600 INFO tempest.lib.common.ssh [-] Creating ssh connection to '10.180.180.164:22' as 'cirros' with public key authentication
2025-11-20 14:32:53.005 67626 INFO tempest.lib.common.rest_client [req-e8cbf3d3-1aed-4f1f-b213-fb049c4b0778 req-e8cbf3d3-1aed-4f1f-b213-fb049c4b0778 ] Request (TenantUsagesNegativeTestJSON:test_get_usage_tenant_with_empty_tenant_id): 404 GET http://10.180.1.21/compute/v2.1/os-simple-tenant-usage/?start=2025-11-19T14%3A32%3A48.412903&end=2025-11-21T14%3A32%3A48.412903 4.591s
2025-11-20 14:32:53.006 67626 WARNING tempest.lib.common.rest_client [-] Deprecated: "tenant_id" property is deprecated for removal, use "project_id" instead
2025-11-20 14:32:53.014 67574 INFO tempest.lib.common.rest_client [req-aa059510-2dd1-4a10-a39d-9155309c1990 req-aa059510-2dd1-4a10-a39d-9155309c1990 ] Request (AggregatesAdminNegativeTestJSON:test_aggregate_create_aggregate_name_length_exceeds_255): 400 POST http://10.180.1.21/compute/v2.1/os-aggregates 4.170s
2025-11-20 14:32:53.021 67578 INFO tempest.lib.common.rest_client [req-8ad04691-c081-4e3f-921c-41271342ff19 req-8ad04691-c081-4e3f-921c-41271342ff19 ] Request (ServersAdminNegativeTestJSON:setUpClass): 200 GET http://10.180.1.21/compute/v2.1/servers/871a4ff4-8ddc-41c6-9cc0-4d1cf9c24603 4.201s
2025-11-20 14:32:53.152 67628 INFO tempest.lib.common.rest_client [req-d51c70e5-e7a9-49ab-ab42-2502824b0799 req-d51c70e5-e7a9-49ab-ab42-2502824b0799 ] Request (VolumesAssistedSnapshotsTest:test_volume_assisted_snapshot_create_delete): 200 GET http://10.180.1.21/compute/v2.1/servers/5429b7b1-56e1-46c3-96d3-7204578a2aba/os-interface 3.656s
2025-11-20 14:32:53.154 67596 INFO tempest.lib.common.rest_client [req-14e0df68-ac97-4672-9210-7c9e272dc59d req-14e0df68-ac97-4672-9210-7c9e272dc59d ] Request (ServerAddressesTestJSON:setUpClass): 201 POST http://10.180.1.21/networking/v2.0/networks 0.315s
2025-11-20 14:32:53.177 67566 INFO tempest.lib.common.rest_client [req-448a7a87-41f5-4cd4-b409-705447155c28 req-448a7a87-41f5-4cd4-b409-705447155c28 ] Request (DeleteServersAdminTestJSON:test_delete_server_while_in_error_state): 200 GET http://10.180.1.21/compute/v2.1/servers/0951e8ba-28d5-49bd-beae-605420737314 3.664s
2025-11-20 14:32:53.218 67576 INFO tempest.lib.common.rest_client [req-382fd4ad-5963-4119-bcc5-f0c7dfc13d7f req-382fd4ad-5963-4119-bcc5-f0c7dfc13d7f ] Request (FlavorsV2NegativeTest:test_boot_with_low_ram): 201 POST http://10.180.1.21/image/v2/images 0.437s
2025-11-20 14:32:53.248 67602 INFO tempest.lib.common.rest_client [req-fc46d881-2780-41c3-b4f4-380ac458a2b1 req-fc46d881-2780-41c3-b4f4-380ac458a2b1 ] Request (ServersTestBootFromVolume:setUpClass): 200 GET http://10.180.1.21/volume/v3/volumes/bbf92096-603d-46a5-88e0-9879c78b2862 0.058s
2025-11-20 14:32:53.353 67572 INFO tempest.lib.common.rest_client [req-42caa5f7-d8e0-43dd-a86a-d65cd974f3ad req-42caa5f7-d8e0-43dd-a86a-d65cd974f3ad ] Request (ImagesMetadataTestJSON:test_delete_image_metadata_item): 204 DELETE http://10.180.1.21/compute/v2.1/images/1bb3099f-5d4e-4b16-af41-98cce0819b4c/metadata/os_version 2.838s
2025-11-20 14:32:53.380 67606 INFO tempest.lib.common.rest_client [req-a110d932-84f1-4a57-8e45-79b8367d7589 req-a110d932-84f1-4a57-8e45-79b8367d7589 ] Request (DeleteServersTestJSON:test_delete_active_server): 404 GET http://10.180.1.21/compute/v2.1/servers/791505b1-68b7-4c7e-888c-169fcbc7be93 2.755s
2025-11-20 14:32:53.386 67596 INFO tempest.lib.common.rest_client [req-f8c6e1be-3585-4db6-91c9-55b0ac892810 req-f8c6e1be-3585-4db6-91c9-55b0ac892810 ] Request (ServerAddressesTestJSON:setUpClass): 201 POST http://10.180.1.21/networking/v2.0/subnets 0.231s
2025-11-20 14:32:53.400 67624 INFO tempest.lib.common.rest_client [req-d71aa862-8a76-450b-9fd2-6fc340e86204 req-d71aa862-8a76-450b-9fd2-6fc340e86204 ] Request (FlavorsAccessNegativeTestJSON:_run_cleanups): 202 DELETE http://10.180.1.21/compute/v2.1/flavors/1229449041 2.738s
2025-11-20 14:32:53.416 67568 INFO tempest.lib.common.rest_client [req-12bb1458-661d-4583-9c60-a9ee03f36bb7 req-12bb1458-661d-4583-9c60-a9ee03f36bb7 ] Request (FlavorsAdminTestJSON:test_create_flavor_with_uuid_id): 200 POST http://10.180.1.21/compute/v2.1/flavors 2.708s
2025-11-20 14:32:53.439 67606 INFO tempest.lib.common.rest_client [req-f8b40870-f81e-4763-a346-3ac2a7d7617d req-f8b40870-f81e-4763-a346-3ac2a7d7617d ] Request (DeleteServersTestJSON:test_delete_server_while_in_attached_volume): 201 POST http://10.180.1.21/identity/v3/auth/tokens 0.053s
2025-11-20 14:32:53.439 67606 INFO tempest.lib.common.fixed_network [-] (DeleteServersTestJSON:test_delete_server_while_in_attached_volume) Found network {'id': '7b2478e9-6b9e-4164-bc5f-b5cded5842db', 'name': 'tempest-DeleteServersTestJSON-1635088372-network', 'tenant_id': '51e6865309854820937d20c44b330aa3', 'project_id': '51e6865309854820937d20c44b330aa3', 'admin_state_up': True, 'mtu': 8950, 'status': 'ACTIVE', 'subnets': [], 'shared': False, 'port_security_enabled': True, 'router:external': False, 'provider:network_type': 'vlan', 'provider:physical_network': 'default', 'provider:segmentation_id': 155, 'availability_zone_hints': [], 'availability_zones': [], 'ipv4_address_scope': None, 'ipv6_address_scope': None, 'description': '', 'tags': [], 'created_at': '2025-11-20T14:31:55Z', 'updated_at': '2025-11-20T14:31:55Z', 'revision_number': 1} available for tenant
2025-11-20 14:32:53.447 67616 INFO tempest.lib.common.rest_client [req-c721eaca-66e1-474d-b727-b8dd3774818f req-c721eaca-66e1-474d-b727-b8dd3774818f ] Request (ServersAdmin275Test:test_rebuild_update_server_275): 200 GET http://10.180.1.21/compute/v2.1/servers/4cbcc6b3-19a5-4985-ab7e-a036068094eb 3.211s
2025-11-20 14:32:53.470 67614 INFO tempest.lib.common.rest_client [req-f1e0ddf4-afb0-4c0e-847c-91c2232c5734 req-f1e0ddf4-afb0-4c0e-847c-91c2232c5734 ] Request (VolumesAdminNegativeTest:tearDownClass): 404 GET http://10.180.1.21/volume/v3/volumes/c1c93dba-dc3f-4461-9196-adbb4c1b8b24 0.022s
2025-11-20 14:32:53.649 67584 INFO tempest.lib.common.rest_client [req-d3c0df16-7fd0-4fa3-9ae5-4784eed0ef0b req-d3c0df16-7fd0-4fa3-9ae5-4784eed0ef0b ] Request (QuotasAdminTestV236:test_get_updated_quotas): 200 PUT http://10.180.1.21/compute/v2.1/os-quota-sets/2ef59dbf03b749e19b88e194ed0d0390 2.732s
2025-11-20 14:32:53.692 67604 INFO tempest.lib.common.rest_client [req-8ccc8d10-b92a-4c4b-9f77-fcae91b33df7 req-8ccc8d10-b92a-4c4b-9f77-fcae91b33df7 ] Request (ServerDiagnosticsNegativeTest:tearDownClass): 404 GET http://10.180.1.21/compute/v2.1/servers/31311c9b-af2e-4219-b72a-327b091ce0c9 2.452s
2025-11-20 14:32:53.863 67604 INFO tempest.lib.common.rest_client [req-057afd8f-258f-4257-81e4-aa259caed0b1 req-057afd8f-258f-4257-81e4-aa259caed0b1 ] Request (ServerDiagnosticsNegativeTest:tearDownClass): 204 DELETE http://10.180.1.21/identity/v3/users/1e5c8e7669c148368ac4e867639a613d 0.169s
2025-11-20 14:32:53.975 67628 INFO tempest.lib.common.rest_client [req-1dbcbe74-7669-48ce-9469-ff249f3b3065 req-1dbcbe74-7669-48ce-9469-ff249f3b3065 ] Request (VolumesAssistedSnapshotsTest:test_volume_assisted_snapshot_create_delete): 200 PUT http://10.180.1.21/networking/v2.0/floatingips/3ced2f1a-daeb-4799-aa1a-f6c30d9585cd 0.821s
2025-11-20 14:32:53.977 67628 INFO tempest.lib.common.ssh [-] Creating ssh connection to '10.180.180.202:22' as 'cirros' with public key authentication
2025-11-20 14:32:54.068 67594 INFO tempest.lib.common.rest_client [req-7cde0f45-92b9-4c8a-a85b-dc91b0871b4c req-7cde0f45-92b9-4c8a-a85b-dc91b0871b4c ] Request (FloatingIPDetailsNegativeTestJSON:test_get_nonexistent_floating_ip_details): 404 GET http://10.180.1.21/compute/v2.1/os-floating-ips/79c4862b-1e0c-4998-ab09-875be5da5653 2.626s
2025-11-20 14:32:54.073 67576 INFO tempest.lib.common.rest_client [req-59417198-b5bb-4932-8434-77f069c39668 req-59417198-b5bb-4932-8434-77f069c39668 ] Request (FlavorsV2NegativeTest:test_boot_with_low_ram): 204 PUT http://10.180.1.21/image/v2/images/8efab3e3-425a-4934-97bb-15c04d19f674/file 0.855s
2025-11-20 14:32:54.079 67620 INFO tempest.lib.common.rest_client [req-fe786fda-a6a9-4518-86d4-1054fb34a3a1 req-fe786fda-a6a9-4518-86d4-1054fb34a3a1 ] Request (ImagesNegativeTestJSON:test_create_image_from_invalid_server): 404 POST http://10.180.1.21/compute/v2.1/servers/tempest-invalid-1400558052/action 2.579s
2025-11-20 14:32:54.130 67604 INFO tempest.lib.common.rest_client [req-549327dc-186f-4606-ba28-b61b5e5a00e8 req-549327dc-186f-4606-ba28-b61b5e5a00e8 ] Request (ServerDiagnosticsNegativeTest:tearDownClass): 204 DELETE http://10.180.1.21/identity/v3/users/5b5da5e238cb4d36bb1a7ab2904d0774 0.266s
2025-11-20 14:32:54.130 67604 INFO tempest.lib.common.dynamic_creds [-] Deleting project and security group for project: e3271041e32246b4a926f19f6f6397c5
2025-11-20 14:32:54.135 67609 INFO tempest.lib.common.rest_client [req-77591dfe-a70f-4ad0-a55e-9d0664d95fef req-77591dfe-a70f-4ad0-a55e-9d0664d95fef ] Request (AttachInterfacesUnderV243Test:test_add_remove_fixed_ip): 200 GET http://10.180.1.21/compute/v2.1/servers/cd1f0bed-f454-4c97-bf32-81450da32e6b 3.180s
2025-11-20 14:32:54.146 67609 INFO tempest.common.waiters [-] State transition "BUILD/spawning" ==> "ACTIVE/None" after 21 second wait
2025-11-20 14:32:54.147 67576 INFO tempest.lib.common.rest_client [req-dd324e71-fb89-414f-a0d0-80c767c0edc7 req-dd324e71-fb89-414f-a0d0-80c767c0edc7 ] Request (FlavorsV2NegativeTest:test_boot_with_low_ram): 201 POST http://10.180.1.21/identity/v3/auth/tokens 0.071s
2025-11-20 14:32:54.148 67576 INFO tempest.lib.common.fixed_network [-] (FlavorsV2NegativeTest:test_boot_with_low_ram) Found network None available for tenant
2025-11-20 14:32:54.148 67580 INFO tempest.lib.common.rest_client [req-c6ac994a-bb54-49c8-9c39-0ccea4f87640 req-c6ac994a-bb54-49c8-9c39-0ccea4f87640 ] Request (HostsAdminNegativeTestJSON:test_update_nonexistent_host): 404 PUT http://10.180.1.21/compute/v2.1/os-hosts/nonexistent_hostname 1.794s
2025-11-20 14:32:54.205 67604 INFO tempest.lib.common.rest_client [req-0515f22e-1a59-439a-ad5e-37883ee28c74 req-0515f22e-1a59-439a-ad5e-37883ee28c74 ] Request (ServerDiagnosticsNegativeTest:tearDownClass): 201 POST http://10.180.1.21/identity/v3/auth/tokens 0.075s
2025-11-20 14:32:54.303 67602 INFO tempest.lib.common.rest_client [req-7232d69a-fe8e-4e0e-b801-57bb8380cf5e req-7232d69a-fe8e-4e0e-b801-57bb8380cf5e ] Request (ServersTestBootFromVolume:setUpClass): 200 GET http://10.180.1.21/volume/v3/volumes/bbf92096-603d-46a5-88e0-9879c78b2862 0.046s
2025-11-20 14:32:54.308 67580 INFO tempest.lib.common.rest_client [req-373eff6a-38dd-4b75-aa22-c18b9198ab3b req-373eff6a-38dd-4b75-aa22-c18b9198ab3b ] Request (HostsAdminNegativeTestJSON:tearDownClass): 204 DELETE http://10.180.1.21/identity/v3/users/4227180f5b854c39a38c910759c0f80b 0.152s
2025-11-20 14:32:54.363 67596 INFO tempest.lib.common.rest_client [req-36138e75-cc64-4727-a76e-8d98de978761 req-36138e75-cc64-4727-a76e-8d98de978761 ] Request (ServerAddressesTestJSON:setUpClass): 201 POST http://10.180.1.21/networking/v2.0/routers 0.976s
2025-11-20 14:32:54.398 67618 INFO tempest.lib.common.rest_client [req-5a041a92-8441-41ae-afa0-4a7d6ac0aa8f req-5a041a92-8441-41ae-afa0-4a7d6ac0aa8f ] Request (SecurityGroupRulesNegativeTestJSON:test_create_security_group_rule_with_invalid_port_range): 400 POST http://10.180.1.21/compute/v2.1/os-security-group-rules 2.523s
2025-11-20 14:32:54.431 67580 INFO tempest.lib.common.rest_client [req-8591cf8e-c55e-4582-98a6-f298a46b3f44 req-8591cf8e-c55e-4582-98a6-f298a46b3f44 ] Request (HostsAdminNegativeTestJSON:tearDownClass): 204 DELETE http://10.180.1.21/identity/v3/users/d53693263ff64a7992bb5b10cdb524f2 0.122s
2025-11-20 14:32:54.431 67580 INFO tempest.lib.common.dynamic_creds [-] Deleting project and security group for project: e464f7f911644f00be1b8117d5478686
2025-11-20 14:32:54.518 67580 INFO tempest.lib.common.rest_client [req-483a2c9d-8044-48de-bfb5-a8a790033cc0 req-483a2c9d-8044-48de-bfb5-a8a790033cc0 ] Request (HostsAdminNegativeTestJSON:tearDownClass): 201 POST http://10.180.1.21/identity/v3/auth/tokens 0.086s
2025-11-20 14:32:54.579 67604 INFO tempest.lib.common.rest_client [req-1b0d8a38-ffbe-4305-9f8b-2f736b3a2290 req-1b0d8a38-ffbe-4305-9f8b-2f736b3a2290 ] Request (ServerDiagnosticsNegativeTest:tearDownClass): 200 GET http://10.180.1.21/networking/v2.0/security-groups?tenant_id=e3271041e32246b4a926f19f6f6397c5&name=default 0.374s
2025-11-20 14:32:55.101 67594 INFO tempest.lib.common.rest_client [req-5c56b4be-7fc9-48e5-bb0e-1fb7980de5e6 req-5c56b4be-7fc9-48e5-bb0e-1fb7980de5e6 ] Request (FloatingIPDetailsNegativeTestJSON:tearDownClass): 200 PUT http://10.180.1.21/networking/v2.0/routers/9e2e6004-b9b4-4ccb-9e05-58319fc0fd09/remove_router_interface 1.031s
2025-11-20 14:32:55.126 67582 INFO tempest.lib.common.rest_client [req-6b45b6ec-9001-4127-aa9a-edbc55c5c3de req-6b45b6ec-9001-4127-aa9a-edbc55c5c3de ] Request (ServerShowV247Test:test_show_server): 200 GET http://10.180.1.21/compute/v2.1/servers/ea386b83-6fc1-4abf-9088-a4413fa23a5c 2.672s
2025-11-20 14:32:55.177 67570 INFO tempest.lib.common.rest_client [req-12d06aa5-0559-411b-8d69-26c542c89916 req-12d06aa5-0559-411b-8d69-26c542c89916 ] Request (MultipleCreateTestJSON:_run_cleanups): 200 GET http://10.180.1.21/compute/v2.1/servers/7222ec1a-57a7-4427-9044-5d84ef315e3d 2.690s
2025-11-20 14:32:55.215 67582 INFO tempest.lib.common.rest_client [req-b4f24923-2639-4fd5-b849-7c02b85e485c req-b4f24923-2639-4fd5-b849-7c02b85e485c ] Request (ServerShowV247Test:test_update_rebuild_list_server): 201 POST http://10.180.1.21/identity/v3/auth/tokens 0.072s
2025-11-20 14:32:55.215 67582 INFO tempest.lib.common.fixed_network [-] (ServerShowV247Test:test_update_rebuild_list_server) Found network None available for tenant
2025-11-20 14:32:55.341 67580 INFO tempest.lib.common.rest_client [req-6e5b0a79-765a-420f-8830-9cfd4fbf88be req-6e5b0a79-765a-420f-8830-9cfd4fbf88be ] Request (HostsAdminNegativeTestJSON:tearDownClass): 200 GET http://10.180.1.21/networking/v2.0/security-groups?tenant_id=e464f7f911644f00be1b8117d5478686&name=default 0.823s
2025-11-20 14:32:55.353 67602 INFO tempest.lib.common.rest_client [req-6d633937-5e4f-4043-bd0c-b69cac506f2b req-6d633937-5e4f-4043-bd0c-b69cac506f2b ] Request (ServersTestBootFromVolume:setUpClass): 200 GET http://10.180.1.21/volume/v3/volumes/bbf92096-603d-46a5-88e0-9879c78b2862 0.034s
2025-11-20 14:32:55.368 67588 INFO tempest.lib.common.rest_client [req-bdd8c559-3949-4f27-a388-f3686ec02fdb req-bdd8c559-3949-4f27-a388-f3686ec02fdb ] Request (QuotasAdminNegativeTest:_run_cleanups): 200 PUT http://10.180.1.21/compute/v2.1/os-quota-sets/dd1975b8d2a846158cd72bf279e21623 2.492s
2025-11-20 14:32:55.376 67626 INFO tempest.lib.common.rest_client [req-906e39ba-8c29-4087-aea9-a0841c77e759 req-906e39ba-8c29-4087-aea9-a0841c77e759 ] Request (TenantUsagesNegativeTestJSON:test_get_usage_tenant_with_invalid_date): 400 GET http://10.180.1.21/compute/v2.1/os-simple-tenant-usage/3c08674dc63a48fc9abe5896ad27eb8c?start=2025-11-21T14%3A32%3A48.412903&end=2025-11-19T14%3A32%3A48.412903 2.370s
2025-11-20 14:32:55.383 67574 INFO tempest.lib.common.rest_client [req-569ba9ac-5971-425b-9a5e-e9b027b0cc99 req-569ba9ac-5971-425b-9a5e-e9b027b0cc99 ] Request (AggregatesAdminNegativeTestJSON:test_aggregate_create_aggregate_name_length_less_than_1): 400 POST http://10.180.1.21/compute/v2.1/os-aggregates 2.368s
2025-11-20 14:32:55.436 67604 INFO tempest.lib.common.rest_client [req-427df062-903c-43e2-ae85-bc8c3640eb3a req-427df062-903c-43e2-ae85-bc8c3640eb3a ] Request (ServerDiagnosticsNegativeTest:tearDownClass): 204 DELETE http://10.180.1.21/networking/v2.0/security-groups/4e09aa24-0c78-40ec-b3c5-6b0b02b2955e 0.856s
2025-11-20 14:32:55.440 67596 INFO tempest.lib.common.rest_client [req-94abdaf2-7283-4849-a802-cbfb6c78a380 req-94abdaf2-7283-4849-a802-cbfb6c78a380 ] Request (ServerAddressesTestJSON:setUpClass): 200 PUT http://10.180.1.21/networking/v2.0/routers/e6cb3080-5dae-4c69-8fbf-47cb6f53ce6f/add_router_interface 1.076s
2025-11-20 14:32:55.440 67596 INFO tempest.lib.common.dynamic_creds [-] Created isolated network resources for: credentials: Credentials: {'domain_id': 'default', 'domain_name': 'Default', 'username': 'tempest-ServerAddressesTestJSON-1157450154-project-member', 'project_domain_id': 'default', 'project_domain_name': 'Default', 'project_id': 'd1caddf510dd4f3fa320dca07077b078', 'project_name': 'tempest-ServerAddressesTestJSON-1157450154', 'tenant_id': 'd1caddf510dd4f3fa320dca07077b078', 'tenant_name': 'tempest-ServerAddressesTestJSON-1157450154', 'user_domain_id': 'default', 'user_domain_name': 'Default', 'user_id': '4a7b8416b1f04c32ab53f32c6e81e4e3', 'system': None}, Network: {'id': '30f3d286-c7d2-42e0-b933-b6a5eb28cb4c', 'name': 'tempest-ServerAddressesTestJSON-1920192961-network', 'tenant_id': 'd1caddf510dd4f3fa320dca07077b078', 'project_id': 'd1caddf510dd4f3fa320dca07077b078', 'admin_state_up': True, 'mtu': 8950, 'status': 'ACTIVE', 'subnets': [], 'shared': False, 'port_security_enabled': True, 'router:external': False, 'provider:network_type': 'vlan', 'provider:physical_network': 'default', 'provider:segmentation_id': 847, 'availability_zone_hints': [], 'availability_zones': [], 'ipv4_address_scope': None, 'ipv6_address_scope': None, 'description': '', 'tags': [], 'created_at': '2025-11-20T14:32:53Z', 'updated_at': '2025-11-20T14:32:53Z', 'revision_number': 1}, Subnet: {'id': 'f0512693-c0a5-4a77-8e01-a16cf0ee9c83', 'name': 'tempest-ServerAddressesTestJSON-1920192961-subnet', 'tenant_id': 'd1caddf510dd4f3fa320dca07077b078', 'network_id': '30f3d286-c7d2-42e0-b933-b6a5eb28cb4c', 'ip_version': 4, 'subnetpool_id': None, 'enable_dhcp': True, 'ipv6_ra_mode': None, 'ipv6_address_mode': None, 'gateway_ip': '192.168.128.1', 'cidr': '192.168.128.0/28', 'allocation_pools': [{'start': '192.168.128.2', 'end': '192.168.128.14'}], 'host_routes': [], 'dns_nameservers': [], 'description': '', 'router:external': False, 'service_types': [], 'tags': [], 'created_at': '2025-11-20T14:32:53Z', 'updated_at': '2025-11-20T14:32:53Z', 'revision_number': 0, 'project_id': 'd1caddf510dd4f3fa320dca07077b078'}, Router: {'id': 'e6cb3080-5dae-4c69-8fbf-47cb6f53ce6f', 'name': 'tempest-ServerAddressesTestJSON-1920192961-router', 'tenant_id': 'd1caddf510dd4f3fa320dca07077b078', 'admin_state_up': True, 'status': 'ACTIVE', 'external_gateway_info': {'network_id': '4ed7088a-a1a4-4920-bf9b-ba5e74cb143e', 'external_fixed_ips': [{'subnet_id': '42af482e-2021-496d-aeb4-0070f24ba142', 'ip_address': '10.180.180.199'}], 'enable_snat': True}, 'description': '', 'availability_zones': [], 'distributed': False, 'ha': False, 'availability_zone_hints': [], 'routes': [], 'flavor_id': None, 'tags': [], 'created_at': '2025-11-20T14:32:53Z', 'updated_at': '2025-11-20T14:32:54Z', 'revision_number': 2, 'project_id': 'd1caddf510dd4f3fa320dca07077b078'}
2025-11-20 14:32:55.559 67596 INFO tempest.lib.common.rest_client [req-da83ef57-4d65-46ac-b861-64cb4695025d req-da83ef57-4d65-46ac-b861-64cb4695025d ] Request (ServerAddressesTestJSON:setUpClass): 201 POST http://10.180.1.21/identity/v3/auth/tokens 0.115s
2025-11-20 14:32:55.568 67604 INFO tempest.lib.common.rest_client [req-dc038f66-141e-4f28-b1e3-204f768728a4 req-dc038f66-141e-4f28-b1e3-204f768728a4 ] Request (ServerDiagnosticsNegativeTest:tearDownClass): 204 DELETE http://10.180.1.21/identity/v3/projects/e3271041e32246b4a926f19f6f6397c5 0.131s
2025-11-20 14:32:55.568 67604 INFO tempest.lib.common.dynamic_creds [-] Deleting project and security group for project: 38eaab8cfcec4f8d8d567958a6f747c4
2025-11-20 14:32:55.633 67596 INFO tempest.lib.common.rest_client [req-99940457-60e7-4095-a237-b1d3e3447a96 req-99940457-60e7-4095-a237-b1d3e3447a96 ] Request (ServerAddressesTestJSON:setUpClass): 201 POST http://10.180.1.21/identity/v3/auth/tokens 0.069s
2025-11-20 14:32:55.634 67596 INFO tempest.lib.common.fixed_network [-] (ServerAddressesTestJSON:setUpClass) Found network {'id': '30f3d286-c7d2-42e0-b933-b6a5eb28cb4c', 'name': 'tempest-ServerAddressesTestJSON-1920192961-network', 'tenant_id': 'd1caddf510dd4f3fa320dca07077b078', 'project_id': 'd1caddf510dd4f3fa320dca07077b078', 'admin_state_up': True, 'mtu': 8950, 'status': 'ACTIVE', 'subnets': [], 'shared': False, 'port_security_enabled': True, 'router:external': False, 'provider:network_type': 'vlan', 'provider:physical_network': 'default', 'provider:segmentation_id': 847, 'availability_zone_hints': [], 'availability_zones': [], 'ipv4_address_scope': None, 'ipv6_address_scope': None, 'description': '', 'tags': [], 'created_at': '2025-11-20T14:32:53Z', 'updated_at': '2025-11-20T14:32:53Z', 'revision_number': 1} available for tenant
2025-11-20 14:32:55.676 67580 INFO tempest.lib.common.rest_client [req-c2e97ac6-e16c-46e8-b501-effefbe7a7e7 req-c2e97ac6-e16c-46e8-b501-effefbe7a7e7 ] Request (HostsAdminNegativeTestJSON:tearDownClass): 204 DELETE http://10.180.1.21/networking/v2.0/security-groups/8dbb2ff5-0132-4bf0-82a0-8bfc65aad4ae 0.334s
2025-11-20 14:32:55.705 67592 INFO tempest.lib.common.rest_client [req-1ac11b7f-99e5-4ac7-bd29-775f02a5c61d req-1ac11b7f-99e5-4ac7-bd29-775f02a5c61d ] Request (ServersWithSpecificFlavorTestJSON:test_verify_created_server_ephemeral_disk): 200 GET http://10.180.1.21/compute/v2.1/servers/89f60e62-82a8-43a6-927a-49863c165ba6 2.602s
2025-11-20 14:32:55.738 67610 INFO tempest.lib.common.rest_client [req-151e877e-25ae-4e6a-9677-3a8360e94d36 req-151e877e-25ae-4e6a-9677-3a8360e94d36 ] Request (ServerMetadataTestJSON:setUpClass): 200 GET http://10.180.1.21/compute/v2.1/servers/782d7e2b-6ac7-4d97-814e-96e407b249ef 2.972s
2025-11-20 14:32:55.750 67610 INFO tempest.common.waiters [-] State transition "BUILD/spawning" ==> "ACTIVE/None" after 20 second wait
2025-11-20 14:32:55.835 67580 INFO tempest.lib.common.rest_client [req-8938d437-3e91-4091-b154-d32e3d494857 req-8938d437-3e91-4091-b154-d32e3d494857 ] Request (HostsAdminNegativeTestJSON:tearDownClass): 204 DELETE http://10.180.1.21/identity/v3/projects/e464f7f911644f00be1b8117d5478686 0.156s
2025-11-20 14:32:55.835 67580 INFO tempest.lib.common.dynamic_creds [-] Deleting project and security group for project: b2640fa089ca4025b5f0d0809bd7d81a
2025-11-20 14:32:55.892 67604 INFO tempest.lib.common.rest_client [req-029bab9f-f4d3-4e05-9a64-bb885476bea2 req-029bab9f-f4d3-4e05-9a64-bb885476bea2 ] Request (ServerDiagnosticsNegativeTest:tearDownClass): 200 GET http://10.180.1.21/networking/v2.0/security-groups?tenant_id=38eaab8cfcec4f8d8d567958a6f747c4&name=default 0.323s
2025-11-20 14:32:55.985 67612 INFO tempest.lib.common.rest_client [req-0dcefca6-d1e1-49c3-8b72-10f383d684b1 req-0dcefca6-d1e1-49c3-8b72-10f383d684b1 ] Request (ServerExternalEventsTest:test_create_server_external_events): 200 GET http://10.180.1.21/compute/v2.1/servers/3526ad90-d5c3-49bd-8439-991a51fa22c3 2.721s
2025-11-20 14:32:56.006 67594 INFO tempest.lib.common.rest_client [req-d990b12b-fddd-43c6-a7c0-5df99ae41d03 req-d990b12b-fddd-43c6-a7c0-5df99ae41d03 ] Request (FloatingIPDetailsNegativeTestJSON:tearDownClass): 204 DELETE http://10.180.1.21/networking/v2.0/routers/9e2e6004-b9b4-4ccb-9e05-58319fc0fd09 0.905s
2025-11-20 14:32:56.025 67572 INFO tempest.lib.common.rest_client [req-9fb146eb-67e5-42ce-8db2-ea46db330456 req-9fb146eb-67e5-42ce-8db2-ea46db330456 ] Request (ImagesMetadataTestJSON:test_delete_image_metadata_item): 200 GET http://10.180.1.21/compute/v2.1/images/1bb3099f-5d4e-4b16-af41-98cce0819b4c/metadata 2.672s
2025-11-20 14:32:56.068 67624 INFO tempest.lib.common.rest_client [req-12928cbf-cd94-4ba4-ae07-82a97a45fa80 req-12928cbf-cd94-4ba4-ae07-82a97a45fa80 ] Request (FlavorsAccessNegativeTestJSON:_run_cleanups): 200 GET http://10.180.1.21/compute/v2.1/flavors/detail 2.667s
2025-11-20 14:32:56.068 67600 WARNING tempest.lib.common.ssh [-] Failed to establish authenticated ssh connection to cirros@10.180.180.164 ([Errno None] Unable to connect to port 22 on 10.180.180.164). Number attempts: 1. Retry after 2 seconds.: paramiko.ssh_exception.NoValidConnectionsError: [Errno None] Unable to connect to port 22 on 10.180.180.164
2025-11-20 14:32:56.092 67568 INFO tempest.lib.common.rest_client [req-53deab4b-998f-4a09-9518-7e0244a601f9 req-53deab4b-998f-4a09-9518-7e0244a601f9 ] Request (FlavorsAdminTestJSON:_run_cleanups): 202 DELETE http://10.180.1.21/compute/v2.1/flavors/fdccfd37-a796-445b-8def-4ac3647d0d80 2.674s
2025-11-20 14:32:56.096 67580 INFO tempest.lib.common.rest_client [req-5b8d188a-4442-49bb-9f38-9b6d98bfdd17 req-5b8d188a-4442-49bb-9f38-9b6d98bfdd17 ] Request (HostsAdminNegativeTestJSON:tearDownClass): 200 GET http://10.180.1.21/networking/v2.0/security-groups?tenant_id=b2640fa089ca4025b5f0d0809bd7d81a&name=default 0.261s
2025-11-20 14:32:56.100 67604 INFO tempest.lib.common.rest_client [req-80be51ad-d557-42fe-9bd7-638d7ecf5d08 req-80be51ad-d557-42fe-9bd7-638d7ecf5d08 ] Request (ServerDiagnosticsNegativeTest:tearDownClass): 204 DELETE http://10.180.1.21/networking/v2.0/security-groups/580b1e04-83be-4074-b530-5ae2826c7ef7 0.207s
2025-11-20 14:32:56.147 67630 INFO tempest.lib.common.rest_client [req-af882e0c-b44d-47d7-87a3-e29b40a2ce9f req-af882e0c-b44d-47d7-87a3-e29b40a2ce9f ] Request (InstanceActionsV221TestJSON:test_get_list_deleted_instance_actions): 200 GET http://10.180.1.21/compute/v2.1/servers/ac440532-57bc-4566-9ecf-f3dcc49f2633 3.002s
2025-11-20 14:32:56.263 67594 INFO tempest.lib.common.rest_client [req-75443a09-7f78-47c4-9539-099b9170b22d req-75443a09-7f78-47c4-9539-099b9170b22d ] Request (FloatingIPDetailsNegativeTestJSON:tearDownClass): 204 DELETE http://10.180.1.21/networking/v2.0/subnets/13987906-a5a0-4a7d-9a30-3cebb68ea2d4 0.256s
2025-11-20 14:32:56.264 67604 INFO tempest.lib.common.rest_client [req-b88ce275-75ae-459f-b953-abb122696b6c req-b88ce275-75ae-459f-b953-abb122696b6c ] Request (ServerDiagnosticsNegativeTest:tearDownClass): 204 DELETE http://10.180.1.21/identity/v3/projects/38eaab8cfcec4f8d8d567958a6f747c4 0.163s
2025-11-20 14:32:56.265 67604 INFO tempest.test [-] raised in ServersOnMultiNodesTest.setUpClass. Invoking tearDownClass.
2025-11-20 14:32:56.266 67604 INFO tempest.test [-] raised in SpiceDirectConsoleTestJSON.setUpClass. Invoking tearDownClass.
2025-11-20 14:32:56.266 67580 INFO tempest.lib.common.rest_client [req-d16c97f2-c0e9-499e-8c5c-73d87105cd4b req-d16c97f2-c0e9-499e-8c5c-73d87105cd4b ] Request (HostsAdminNegativeTestJSON:tearDownClass): 204 DELETE http://10.180.1.21/networking/v2.0/security-groups/d332baaf-f979-4c32-8e8b-eedd5bec0ccb 0.169s
2025-11-20 14:32:56.268 67604 INFO tempest.test [-] raised in ServerBootFromVolumeStableRescueTest.setUpClass. Invoking tearDownClass.
2025-11-20 14:32:56.293 67586 INFO tempest.lib.common.rest_client [req-ddbcae5a-f3d4-4091-bfdf-a988d614306e req-ddbcae5a-f3d4-4091-bfdf-a988d614306e ] Request (ServerDiagnosticsV248Test:tearDownClass): 200 GET http://10.180.1.21/compute/v2.1/servers/396d1be5-c4bc-4696-a350-863bcb178c52 2.855s
2025-11-20 14:32:56.307 67586 INFO tempest.common.waiters [-] State transition "ACTIVE/deleting" ==> "DELETED/None" after 4 second wait
2025-11-20 14:32:56.364 67604 INFO tempest.lib.common.rest_client [req-21e767b9-c828-4014-9c7f-237153ae5404 req-21e767b9-c828-4014-9c7f-237153ae5404 ] Request (ServerRescueNegativeTestJSON:setUpClass): 201 POST http://10.180.1.21/identity/v3/auth/tokens 0.093s
2025-11-20 14:32:56.407 67602 INFO tempest.lib.common.rest_client [req-938ecb6c-f423-4343-bb37-10e6055efb55 req-938ecb6c-f423-4343-bb37-10e6055efb55 ] Request (ServersTestBootFromVolume:setUpClass): 200 GET http://10.180.1.21/volume/v3/volumes/bbf92096-603d-46a5-88e0-9879c78b2862 0.045s
2025-11-20 14:32:56.411 67614 INFO tempest.lib.common.rest_client [req-864900cf-ad45-4f03-b457-9290eb2fb28b req-864900cf-ad45-4f03-b457-9290eb2fb28b ] Request (VolumesAdminNegativeTest:tearDownClass): 204 DELETE http://10.180.1.21/compute/v2.1/servers/a5b5284b-dac9-4288-a782-211b3524975b 2.941s
2025-11-20 14:32:56.436 67580 INFO tempest.lib.common.rest_client [req-3ea39b2e-2903-42f0-b01b-64cb442c2bb5 req-3ea39b2e-2903-42f0-b01b-64cb442c2bb5 ] Request (HostsAdminNegativeTestJSON:tearDownClass): 204 DELETE http://10.180.1.21/identity/v3/projects/b2640fa089ca4025b5f0d0809bd7d81a 0.169s
2025-11-20 14:32:56.437 67604 INFO tempest.lib.common.rest_client [req-6d5df253-bf42-4e80-bb53-9c96bac4ad92 req-6d5df253-bf42-4e80-bb53-9c96bac4ad92 ] Request (ServerRescueNegativeTestJSON:setUpClass): 201 POST http://10.180.1.21/identity/v3/auth/tokens 0.070s
2025-11-20 14:32:56.467 67580 INFO tempest.lib.common.rest_client [req-618f2cf3-0e1d-48d4-bce7-a3584d74bd14 req-618f2cf3-0e1d-48d4-bce7-a3584d74bd14 ] Request (ServerDiagnosticsTest:setUpClass): 201 POST http://10.180.1.21/identity/v3/auth/tokens 0.028s
2025-11-20 14:32:56.474 67604 INFO tempest.lib.common.rest_client [req-30b26ecb-919d-4164-bdf3-1f406be505b3 req-30b26ecb-919d-4164-bdf3-1f406be505b3 ] Request (ServerRescueNegativeTestJSON:setUpClass): 200 GET http://10.180.1.21/identity/v3/domains?name=Default 0.037s
2025-11-20 14:32:56.504 67580 INFO tempest.lib.common.rest_client [req-dc747206-4bc8-4b9e-8fe1-a2b9515f10d4 req-dc747206-4bc8-4b9e-8fe1-a2b9515f10d4 ] Request (ServerDiagnosticsTest:setUpClass): 201 POST http://10.180.1.21/identity/v3/auth/tokens 0.032s
2025-11-20 14:32:56.509 67604 INFO tempest.lib.common.rest_client [req-7ef0c88f-a332-4a6e-8340-1021c0fa7346 req-7ef0c88f-a332-4a6e-8340-1021c0fa7346 ] Request (ServerRescueNegativeTestJSON:setUpClass): 201 POST http://10.180.1.21/identity/v3/projects 0.034s
2025-11-20 14:32:56.528 67594 INFO tempest.lib.common.rest_client [req-7382351c-4d83-4773-b114-ff3a5daae5a9 req-7382351c-4d83-4773-b114-ff3a5daae5a9 ] Request (FloatingIPDetailsNegativeTestJSON:tearDownClass): 204 DELETE http://10.180.1.21/networking/v2.0/networks/b4f91df0-7946-4e75-bed2-a48c864dadda 0.265s
2025-11-20 14:32:56.568 67580 INFO tempest.lib.common.rest_client [req-9057114c-0790-4ae8-9650-d8c062d62e6b req-9057114c-0790-4ae8-9650-d8c062d62e6b ] Request (ServerDiagnosticsTest:setUpClass): 200 GET http://10.180.1.21/identity/v3/domains?name=Default 0.064s
