2025-11-20 14:33:01.196 67570 INFO tempest.lib.common.fixed_network [-] (MultipleCreateTestJSON:test_multiple_create_with_reservation_return) Found network {'id': 'cd966e75-f37d-4637-b7f6-05c30d317ed0', 'name': 'tempest-MultipleCreateTestJSON-207201931-network', 'tenant_id': '686852377e1749c892e01fa1edfa1691', 'project_id': '686852377e1749c892e01fa1edfa1691', 'admin_state_up': True, 'mtu': 8950, 'status': 'ACTIVE', 'subnets': [], 'shared': False, 'port_security_enabled': True, 'router:external': False, 'provider:network_type': 'vlan', 'provider:physical_network': 'default', 'provider:segmentation_id': 753, 'availability_zone_hints': [], 'availability_zones': [], 'ipv4_address_scope': None, 'ipv6_address_scope': None, 'description': '', 'tags': [], 'created_at': '2025-11-20T14:32:01Z', 'updated_at': '2025-11-20T14:32:01Z', 'revision_number': 1} available for tenant
2025-11-20 14:33:01.635 67628 WARNING tempest.lib.common.ssh [-] Failed to establish authenticated ssh connection to cirros@10.180.180.202 ([Errno None] Unable to connect to port 22 on 10.180.180.202). Number attempts: 2. Retry after 3 seconds.: paramiko.ssh_exception.NoValidConnectionsError: [Errno None] Unable to connect to port 22 on 10.180.180.202
2025-11-20 14:33:01.649 67602 INFO tempest.lib.common.rest_client [req-ee6fa681-a55c-4456-9b7a-ad1cea842c61 req-ee6fa681-a55c-4456-9b7a-ad1cea842c61 ] Request (ServersTestBootFromVolume:setUpClass): 200 GET http://10.180.1.21/volume/v3/volumes/bbf92096-603d-46a5-88e0-9879c78b2862 0.036s
2025-11-20 14:33:01.658 67602 INFO tempest.common.waiters [-] volume bbf92096-603d-46a5-88e0-9879c78b2862 reached available after waiting for 22.658213 seconds
2025-11-20 14:33:01.934 67626 INFO tempest.lib.common.rest_client [req-980aee96-cc44-4907-9a4e-a60e136a9f3b req-980aee96-cc44-4907-9a4e-a60e136a9f3b ] Request (ListServersNegativeTestJSON:setUpClass): 201 POST http://10.180.1.21/networking/v2.0/routers 0.815s
2025-11-20 14:33:01.968 67616 INFO tempest.lib.common.rest_client [req-87dbb1b7-8529-4e9e-9b5a-66c7b80c49c6 req-87dbb1b7-8529-4e9e-9b5a-66c7b80c49c6 ] Request (ServersAdmin275Test:test_rebuild_update_server_275): 200 GET http://10.180.1.21/compute/v2.1/servers/4cbcc6b3-19a5-4985-ab7e-a036068094eb 3.164s
2025-11-20 14:33:01.983 67616 INFO tempest.common.waiters [-] State transition "REBUILD/rebuild_spawning" ==> "ACTIVE/None" after 8 second wait
2025-11-20 14:33:02.108 67576 INFO tempest.lib.common.rest_client [req-4646ed33-c7d8-49d9-a13e-ffb7e031ed1e req-4646ed33-c7d8-49d9-a13e-ffb7e031ed1e ] Request (ListImagesTestJSON:test_get_image): 200 GET http://10.180.1.21/compute/v2.1/images/23291cd9-4c8a-4aa8-8a4a-06f18ce246c3 3.012s
2025-11-20 14:33:02.216 67596 INFO tempest.lib.common.rest_client [req-1373cf74-d2f8-4e26-9341-78676022d2c1 req-1373cf74-d2f8-4e26-9341-78676022d2c1 ] Request (ServerAddressesTestJSON:setUpClass): 200 GET http://10.180.1.21/compute/v2.1/servers/1a7f42ce-93c2-480e-b957-7c1a289149e5 2.589s
2025-11-20 14:33:02.239 67620 INFO tempest.lib.common.rest_client [req-3423feb2-47fb-4800-afb6-1b328b142620 req-3423feb2-47fb-4800-afb6-1b328b142620 ] Request (ImagesNegativeTestJSON:tearDownClass): 404 DELETE http://10.180.1.21/compute/v2.1/servers/c348c51b-79e0-4398-b59d-16390554f360 2.599s
2025-11-20 14:33:02.258 67580 INFO tempest.lib.common.rest_client [req-05b4c2a6-499c-47f1-a4a5-9f9c5275d9ff req-05b4c2a6-499c-47f1-a4a5-9f9c5275d9ff ] Request (ServerDiagnosticsTest:test_get_server_diagnostics): 202 POST http://10.180.1.21/compute/v2.1/servers 4.521s
2025-11-20 14:33:02.387 67630 INFO tempest.lib.common.rest_client [req-f292fcd6-44e7-4c7c-b21c-2cf3af65faaf req-f292fcd6-44e7-4c7c-b21c-2cf3af65faaf ] Request (InstanceActionsV221TestJSON:test_get_list_deleted_instance_actions): 204 DELETE http://10.180.1.21/compute/v2.1/servers/ac440532-57bc-4566-9ecf-f3dcc49f2633 2.473s
2025-11-20 14:33:02.524 67584 INFO tempest.lib.common.rest_client [req-04794dd5-b6e6-4d2a-9c35-71cea2f130dc req-04794dd5-b6e6-4d2a-9c35-71cea2f130dc ] Request (QuotasAdminTestV236:test_get_updated_quotas): 200 GET http://10.180.1.21/compute/v2.1/os-quota-sets/2ef59dbf03b749e19b88e194ed0d0390?user_id=d501dda54aec430198c89718790a9acc 2.347s
2025-11-20 14:33:02.599 67584 INFO tempest.lib.common.rest_client [req-8579d92d-9c76-4030-8e51-20ce0840a911 req-8579d92d-9c76-4030-8e51-20ce0840a911 ] Request (QuotasAdminTestV236:_run_cleanups): 204 DELETE http://10.180.1.21/identity/v3/users/d501dda54aec430198c89718790a9acc 0.074s
2025-11-20 14:33:02.637 67618 INFO tempest.lib.common.rest_client [req-829d95df-a0c0-4f6e-b248-2febebb0eef6 req-829d95df-a0c0-4f6e-b248-2febebb0eef6 ] Request (SecurityGroupRulesNegativeTestJSON:test_create_security_group_rule_with_non_existent_id): 404 POST http://10.180.1.21/compute/v2.1/os-security-group-rules 2.295s
2025-11-20 14:33:02.648 67594 INFO tempest.lib.common.rest_client [req-34017ca3-28cf-4970-a784-cf102993d057 req-34017ca3-28cf-4970-a784-cf102993d057 ] Request (MultipleCreateNegativeTestJSON:test_max_count_less_than_one): 400 POST http://10.180.1.21/compute/v2.1/servers 2.302s
2025-11-20 14:33:02.728 67594 INFO tempest.lib.common.rest_client [req-73f60da7-7a90-4c0b-baa6-bf89a8076257 req-73f60da7-7a90-4c0b-baa6-bf89a8076257 ] Request (MultipleCreateNegativeTestJSON:test_max_count_non_integer): 201 POST http://10.180.1.21/identity/v3/auth/tokens 0.074s
2025-11-20 14:33:02.728 67594 INFO tempest.lib.common.fixed_network [-] (MultipleCreateNegativeTestJSON:test_max_count_non_integer) Found network None available for tenant
2025-11-20 14:33:02.747 67584 INFO tempest.lib.common.rest_client [req-40f2e6a7-45bf-44a7-9f49-b5cfae257088 req-40f2e6a7-45bf-44a7-9f49-b5cfae257088 ] Request (QuotasAdminTestV236:_run_cleanups): 204 DELETE http://10.180.1.21/identity/v3/projects/2ef59dbf03b749e19b88e194ed0d0390 0.147s
2025-11-20 14:33:02.910 67598 INFO tempest.lib.common.rest_client [req-b047e27f-eb42-414b-bce4-d422a9c47135 req-b047e27f-eb42-414b-bce4-d422a9c47135 ] Request (QuotasAdminTestJSON:test_delete_quota): 200 GET http://10.180.1.21/identity/v3/domains?name=Default 0.085s
2025-11-20 14:33:02.933 67584 INFO tempest.lib.common.rest_client [req-66ae804c-ebd4-43e8-9cd3-fbcdd7847d67 req-66ae804c-ebd4-43e8-9cd3-fbcdd7847d67 ] Request (QuotasAdminTestV236:tearDownClass): 204 DELETE http://10.180.1.21/identity/v3/users/06a6769da9ae48a8a9a091894f172de4 0.184s
2025-11-20 14:33:02.988 67598 INFO tempest.lib.common.rest_client [req-ae909dc0-992f-4088-a8c5-5b67551c2539 req-ae909dc0-992f-4088-a8c5-5b67551c2539 ] Request (QuotasAdminTestJSON:test_delete_quota): 201 POST http://10.180.1.21/identity/v3/projects 0.078s
2025-11-20 14:33:02.991 67626 INFO tempest.lib.common.rest_client [req-a3b0080d-42f7-4540-91ec-2c4a8776f6da req-a3b0080d-42f7-4540-91ec-2c4a8776f6da ] Request (ListServersNegativeTestJSON:setUpClass): 200 PUT http://10.180.1.21/networking/v2.0/routers/051eb16e-daaf-4c1a-9c6b-a8f4cb63fc7b/add_router_interface 1.056s
2025-11-20 14:33:02.991 67626 INFO tempest.lib.common.dynamic_creds [-] Created isolated network resources for: credentials: Credentials: {'domain_id': 'default', 'domain_name': 'Default', 'username': 'tempest-ListServersNegativeTestJSON-291867727-project-member', 'project_domain_id': 'default', 'project_domain_name': 'Default', 'project_id': 'b31d4fc70d2a4e56b34083b4cf4b619c', 'project_name': 'tempest-ListServersNegativeTestJSON-291867727', 'tenant_id': 'b31d4fc70d2a4e56b34083b4cf4b619c', 'tenant_name': 'tempest-ListServersNegativeTestJSON-291867727', 'user_domain_id': 'default', 'user_domain_name': 'Default', 'user_id': 'af7705c879224f7285de18e18a9bb7a6', 'system': None}, Network: {'id': '8a753ca6-0be5-458a-b805-e85ff599fca3', 'name': 'tempest-ListServersNegativeTestJSON-461971538-network', 'tenant_id': 'b31d4fc70d2a4e56b34083b4cf4b619c', 'project_id': 'b31d4fc70d2a4e56b34083b4cf4b619c', 'admin_state_up': True, 'mtu': 8950, 'status': 'ACTIVE', 'subnets': [], 'shared': False, 'port_security_enabled': True, 'router:external': False, 'provider:network_type': 'vlan', 'provider:physical_network': 'default', 'provider:segmentation_id': 120, 'availability_zone_hints': [], 'availability_zones': [], 'ipv4_address_scope': None, 'ipv6_address_scope': None, 'description': '', 'tags': [], 'created_at': '2025-11-20T14:33:00Z', 'updated_at': '2025-11-20T14:33:00Z', 'revision_number': 1}, Subnet: {'id': '08f56e51-34eb-4f6b-bbee-0039f504c0e6', 'name': 'tempest-ListServersNegativeTestJSON-461971538-subnet', 'tenant_id': 'b31d4fc70d2a4e56b34083b4cf4b619c', 'network_id': '8a753ca6-0be5-458a-b805-e85ff599fca3', 'ip_version': 4, 'subnetpool_id': None, 'enable_dhcp': True, 'ipv6_ra_mode': None, 'ipv6_address_mode': None, 'gateway_ip': '192.168.128.1', 'cidr': '192.168.128.0/28', 'allocation_pools': [{'start': '192.168.128.2', 'end': '192.168.128.14'}], 'host_routes': [], 'dns_nameservers': [], 'description': '', 'router:external': False, 'service_types': [], 'tags': [], 'created_at': '2025-11-20T14:33:00Z', 'updated_at': '2025-11-20T14:33:00Z', 'revision_number': 0, 'project_id': 'b31d4fc70d2a4e56b34083b4cf4b619c'}, Router: {'id': '051eb16e-daaf-4c1a-9c6b-a8f4cb63fc7b', 'name': 'tempest-ListServersNegativeTestJSON-461971538-router', 'tenant_id': 'b31d4fc70d2a4e56b34083b4cf4b619c', 'admin_state_up': True, 'status': 'ACTIVE', 'external_gateway_info': {'network_id': '4ed7088a-a1a4-4920-bf9b-ba5e74cb143e', 'external_fixed_ips': [{'subnet_id': '42af482e-2021-496d-aeb4-0070f24ba142', 'ip_address': '10.180.180.161'}], 'enable_snat': True}, 'description': '', 'availability_zones': [], 'distributed': False, 'ha': False, 'availability_zone_hints': [], 'routes': [], 'flavor_id': None, 'tags': [], 'created_at': '2025-11-20T14:33:01Z', 'updated_at': '2025-11-20T14:33:01Z', 'revision_number': 2, 'project_id': 'b31d4fc70d2a4e56b34083b4cf4b619c'}
2025-11-20 14:33:03.037 67584 INFO tempest.lib.common.rest_client [req-9a52b7c3-9a46-4b7a-8030-809eeb585e6d req-9a52b7c3-9a46-4b7a-8030-809eeb585e6d ] Request (QuotasAdminTestV236:tearDownClass): 204 DELETE http://10.180.1.21/identity/v3/users/913604770d824e7e8b13efdf09f35013 0.103s
2025-11-20 14:33:03.037 67584 INFO tempest.lib.common.dynamic_creds [-] Deleting project and security group for project: 8a94c3ff9cfa41758d85616d0b8b0e71
2025-11-20 14:33:03.094 67614 INFO tempest.lib.common.rest_client [req-65933b08-64b7-4181-a66a-6ce2ed710154 req-65933b08-64b7-4181-a66a-6ce2ed710154 ] Request (VolumesAdminNegativeTest:tearDownClass): 200 GET http://10.180.1.21/compute/v2.1/servers/a5b5284b-dac9-4288-a782-211b3524975b 2.621s
2025-11-20 14:33:03.102 67614 INFO tempest.common.waiters [-] State transition "ACTIVE/deleting" ==> "DELETED/None" after 4 second wait
2025-11-20 14:33:03.103 67598 INFO tempest.lib.common.rest_client [req-4ff46103-88a2-4f60-9689-f20ddf8461d5 req-4ff46103-88a2-4f60-9689-f20ddf8461d5 ] Request (QuotasAdminTestJSON:test_delete_quota): 200 GET http://10.180.1.21/identity/v3/domains?name=Default 0.114s
2025-11-20 14:33:03.128 67626 INFO tempest.lib.common.rest_client [req-5a8b58aa-9abf-4906-adfc-a607a7166aa3 req-5a8b58aa-9abf-4906-adfc-a607a7166aa3 ] Request (ListServersNegativeTestJSON:setUpClass): 201 POST http://10.180.1.21/identity/v3/auth/tokens 0.130s
2025-11-20 14:33:03.162 67626 INFO tempest.lib.common.rest_client [req-6a1e76e4-f386-4f3a-9808-54eb64d329c8 req-6a1e76e4-f386-4f3a-9808-54eb64d329c8 ] Request (ListServersNegativeTestJSON:setUpClass): 201 POST http://10.180.1.21/identity/v3/auth/tokens 0.031s
2025-11-20 14:33:03.163 67626 INFO tempest.lib.common.fixed_network [-] (ListServersNegativeTestJSON:setUpClass) Found network {'id': '8a753ca6-0be5-458a-b805-e85ff599fca3', 'name': 'tempest-ListServersNegativeTestJSON-461971538-network', 'tenant_id': 'b31d4fc70d2a4e56b34083b4cf4b619c', 'project_id': 'b31d4fc70d2a4e56b34083b4cf4b619c', 'admin_state_up': True, 'mtu': 8950, 'status': 'ACTIVE', 'subnets': [], 'shared': False, 'port_security_enabled': True, 'router:external': False, 'provider:network_type': 'vlan', 'provider:physical_network': 'default', 'provider:segmentation_id': 120, 'availability_zone_hints': [], 'availability_zones': [], 'ipv4_address_scope': None, 'ipv6_address_scope': None, 'description': '', 'tags': [], 'created_at': '2025-11-20T14:33:00Z', 'updated_at': '2025-11-20T14:33:00Z', 'revision_number': 1} available for tenant
2025-11-20 14:33:03.165 67584 INFO tempest.lib.common.rest_client [req-865661c4-ce58-4232-9fe3-d1c34c8daeea req-865661c4-ce58-4232-9fe3-d1c34c8daeea ] Request (QuotasAdminTestV236:tearDownClass): 201 POST http://10.180.1.21/identity/v3/auth/tokens 0.127s
2025-11-20 14:33:03.176 67609 WARNING tempest.lib.common.ssh [-] Failed to establish authenticated ssh connection to cirros@10.180.180.247 ([Errno None] Unable to connect to port 22 on 10.180.180.247). Number attempts: 1. Retry after 2 seconds.: paramiko.ssh_exception.NoValidConnectionsError: [Errno None] Unable to connect to port 22 on 10.180.180.247
2025-11-20 14:33:03.228 67582 INFO tempest.lib.common.rest_client [req-6708ba41-c3f3-40b4-8548-84a071e616cf req-6708ba41-c3f3-40b4-8548-84a071e616cf ] Request (ServerShowV247Test:test_update_rebuild_list_server): 200 GET http://10.180.1.21/compute/v2.1/servers/ed5a7805-7c13-42f4-87f0-ba100301f12a 2.722s
2025-11-20 14:33:03.353 67606 INFO tempest.lib.common.rest_client [req-0e9dfd61-905c-45b6-a96f-bcda14700b27 req-0e9dfd61-905c-45b6-a96f-bcda14700b27 ] Request (DeleteServersTestJSON:test_delete_server_while_in_attached_volume): 200 GET http://10.180.1.21/compute/v2.1/servers/c9ff83cf-fb73-4cef-97c3-8488418a88e3 2.754s
2025-11-20 14:33:03.364 67604 INFO tempest.lib.common.rest_client [req-cc7a1e91-55d2-435a-92c5-d2098f0581ae req-cc7a1e91-55d2-435a-92c5-d2098f0581ae ] Request (ServerRescueNegativeTestJSON:setUpClass): 202 POST http://10.180.1.21/compute/v2.1/servers 3.602s
2025-11-20 14:33:03.375 67574 INFO tempest.lib.common.rest_client [req-4237cb20-daca-47c8-9282-66a18531cd95 req-4237cb20-daca-47c8-9282-66a18531cd95 ] Request (AggregatesAdminNegativeTestJSON:test_aggregate_create_with_existent_aggregate_name): 409 POST http://10.180.1.21/compute/v2.1/os-aggregates 2.665s
2025-11-20 14:33:03.419 67610 INFO tempest.lib.common.rest_client [req-e27547ba-5e26-4ef9-b2d0-ccba5322e8da req-e27547ba-5e26-4ef9-b2d0-ccba5322e8da ] Request (ServerMetadataTestJSON:test_delete_server_metadata_item): 200 GET http://10.180.1.21/compute/v2.1/servers/782d7e2b-6ac7-4d97-814e-96e407b249ef/metadata 2.657s
2025-11-20 14:33:03.424 67584 INFO tempest.lib.common.rest_client [req-626c9dad-0ed0-4523-8553-791d671cca0c req-626c9dad-0ed0-4523-8553-791d671cca0c ] Request (QuotasAdminTestV236:tearDownClass): 200 GET http://10.180.1.21/networking/v2.0/security-groups?tenant_id=8a94c3ff9cfa41758d85616d0b8b0e71&name=default 0.259s
2025-11-20 14:33:03.730 67584 INFO tempest.lib.common.rest_client [req-27105be5-8248-4ae6-9171-656fa6907a84 req-27105be5-8248-4ae6-9171-656fa6907a84 ] Request (QuotasAdminTestV236:tearDownClass): 204 DELETE http://10.180.1.21/networking/v2.0/security-groups/956bd32a-5100-43f9-b02c-2d6b5d3db361 0.306s
2025-11-20 14:33:03.803 67584 INFO tempest.lib.common.rest_client [req-0c3940bf-4ec6-4f60-a6c9-626c95b4c465 req-0c3940bf-4ec6-4f60-a6c9-626c95b4c465 ] Request (QuotasAdminTestV236:tearDownClass): 204 DELETE http://10.180.1.21/identity/v3/projects/8a94c3ff9cfa41758d85616d0b8b0e71 0.072s
2025-11-20 14:33:03.803 67584 INFO tempest.lib.common.dynamic_creds [-] Deleting project and security group for project: 5b868ed446174ba09881a7e8a96cc228
2025-11-20 14:33:03.906 67592 INFO tempest.lib.common.rest_client [req-7044030a-8406-4c89-87e2-b6dd782f7686 req-7044030a-8406-4c89-87e2-b6dd782f7686 ] Request (ServersWithSpecificFlavorTestJSON:test_verify_created_server_ephemeral_disk): 200 GET http://10.180.1.21/compute/v2.1/servers/89f60e62-82a8-43a6-927a-49863c165ba6 3.161s
2025-11-20 14:33:03.913 67592 INFO tempest.common.waiters [-] State transition "BUILD/networking" ==> "BUILD/spawning" after 11 second wait
2025-11-20 14:33:03.976 67612 INFO tempest.lib.common.rest_client [req-98fa21e8-fd50-4321-b328-0208dc6908df req-98fa21e8-fd50-4321-b328-0208dc6908df ] Request (ServerExternalEventsTest:test_create_server_external_events): 200 GET http://10.180.1.21/compute/v2.1/servers/3526ad90-d5c3-49bd-8439-991a51fa22c3 3.209s
2025-11-20 14:33:03.984 67612 INFO tempest.common.waiters [-] State transition "BUILD/None" ==> "BUILD/block_device_mapping" after 11 second wait
2025-11-20 14:33:04.080 67584 INFO tempest.lib.common.rest_client [req-58566400-6888-4867-a833-53e11a41d225 req-58566400-6888-4867-a833-53e11a41d225 ] Request (QuotasAdminTestV236:tearDownClass): 200 GET http://10.180.1.21/networking/v2.0/security-groups?tenant_id=5b868ed446174ba09881a7e8a96cc228&name=default 0.277s
2025-11-20 14:33:04.127 67572 INFO tempest.lib.common.rest_client [req-ae0878e3-0bbc-4853-9313-66aa29453165 req-ae0878e3-0bbc-4853-9313-66aa29453165 ] Request (ImagesMetadataTestJSON:setUp): 200 PUT http://10.180.1.21/compute/v2.1/images/1bb3099f-5d4e-4b16-af41-98cce0819b4c/metadata 3.136s
2025-11-20 14:33:04.302 67584 INFO tempest.lib.common.rest_client [req-73646f4c-5082-40bc-badf-fb3c8b771314 req-73646f4c-5082-40bc-badf-fb3c8b771314 ] Request (QuotasAdminTestV236:tearDownClass): 204 DELETE http://10.180.1.21/networking/v2.0/security-groups/efdda6a9-1b9e-48a0-ad40-fcf7c7016f07 0.221s
2025-11-20 14:33:04.348 67586 INFO tempest.lib.common.rest_client [req-2bdb2e94-d358-479c-8d3c-103aaf07a250 req-2bdb2e94-d358-479c-8d3c-103aaf07a250 ] Request (ServerDiagnosticsV248Test:tearDownClass): 200 GET http://10.180.1.21/compute/v2.1/servers/396d1be5-c4bc-4696-a350-863bcb178c52 3.352s
2025-11-20 14:33:04.356 67624 INFO tempest.lib.common.rest_client [req-80a269e1-42db-4f4a-9422-7d75bf0bb9c9 req-80a269e1-42db-4f4a-9422-7d75bf0bb9c9 ] Request (FlavorsAccessNegativeTestJSON:test_flavor_non_admin_remove): 403 POST http://10.180.1.21/compute/v2.1/flavors/490125063/action 3.273s
2025-11-20 14:33:04.375 67568 INFO tempest.lib.common.rest_client [req-79d7f1f2-90a3-454e-a86f-bbd2ba3af1c9 req-79d7f1f2-90a3-454e-a86f-bbd2ba3af1c9 ] Request (FlavorsAdminTestJSON:test_create_list_flavor_without_extra_data): 200 GET http://10.180.1.21/compute/v2.1/flavors/1842678456 3.266s
2025-11-20 14:33:04.423 67584 INFO tempest.lib.common.rest_client [req-17125bc6-724f-4619-b526-7c191df08f54 req-17125bc6-724f-4619-b526-7c191df08f54 ] Request (QuotasAdminTestV236:tearDownClass): 204 DELETE http://10.180.1.21/identity/v3/projects/5b868ed446174ba09881a7e8a96cc228 0.120s
2025-11-20 14:33:04.489 67584 INFO tempest.lib.common.rest_client [req-a241dc23-f152-4b1a-aec0-1eae16269210 req-a241dc23-f152-4b1a-aec0-1eae16269210 ] Request (FloatingIPDetailsTestJSON:setUpClass): 201 POST http://10.180.1.21/identity/v3/auth/tokens 0.064s
2025-11-20 14:33:04.518 67584 INFO tempest.lib.common.rest_client [req-189abee7-9759-4c67-9125-4d95737c9a12 req-189abee7-9759-4c67-9125-4d95737c9a12 ] Request (FloatingIPDetailsTestJSON:setUpClass): 201 POST http://10.180.1.21/identity/v3/auth/tokens 0.025s
2025-11-20 14:33:04.549 67584 INFO tempest.lib.common.rest_client [req-bd3e403b-5cb2-4bf3-a184-3a53832e62e8 req-bd3e403b-5cb2-4bf3-a184-3a53832e62e8 ] Request (FloatingIPDetailsTestJSON:setUpClass): 200 GET http://10.180.1.21/identity/v3/domains?name=Default 0.030s
2025-11-20 14:33:04.583 67584 INFO tempest.lib.common.rest_client [req-11d017f2-fc39-490e-a14c-c7837f59eaf0 req-11d017f2-fc39-490e-a14c-c7837f59eaf0 ] Request (FloatingIPDetailsTestJSON:setUpClass): 201 POST http://10.180.1.21/identity/v3/projects 0.033s
2025-11-20 14:33:04.623 67588 INFO tempest.lib.common.rest_client [req-1a23f60e-bc18-4532-802e-77f2d1c5a99e req-1a23f60e-bc18-4532-802e-77f2d1c5a99e ] Request (QuotasAdminNegativeTest:test_create_server_when_instances_quota_is_full): 403 POST http://10.180.1.21/compute/v2.1/servers 3.828s
2025-11-20 14:33:04.661 67584 INFO tempest.lib.common.rest_client [req-727f3723-c636-4ed3-a6fa-cb64a123be3a req-727f3723-c636-4ed3-a6fa-cb64a123be3a ] Request (FloatingIPDetailsTestJSON:setUpClass): 201 POST http://10.180.1.21/identity/v3/users 0.077s
2025-11-20 14:33:04.682 67584 INFO tempest.lib.common.rest_client [req-e98dafa0-ebac-4c12-8336-e8cb1e2270d7 req-e98dafa0-ebac-4c12-8336-e8cb1e2270d7 ] Request (FloatingIPDetailsTestJSON:setUpClass): 200 GET http://10.180.1.21/identity/v3/roles 0.021s
2025-11-20 14:33:04.715 67584 INFO tempest.lib.common.rest_client [req-1110b685-9d3e-4092-a431-aa3e7cbb3a11 req-1110b685-9d3e-4092-a431-aa3e7cbb3a11 ] Request (FloatingIPDetailsTestJSON:setUpClass): 204 PUT http://10.180.1.21/identity/v3/projects/cad93f8a1f0c496ea94a78b29ae0bc3a/users/3a3146c2eafe4618a3f87d3b5095dee8/roles/1e0d249f77b04192a9ee71c8de6bbd46 0.032s
2025-11-20 14:33:04.715 67584 INFO tempest.lib.common.dynamic_creds [-] Dynamic test user 3a3146c2eafe4618a3f87d3b5095dee8 is created with scope project and roles: ['member']
2025-11-20 14:33:04.715 67584 INFO tempest.lib.common.dynamic_creds [-] Acquired dynamic creds: credentials: Credentials: {'domain_id': 'default', 'domain_name': 'Default', 'username': 'tempest-FloatingIPDetailsTestJSON-653915858-project-member', 'project_domain_id': 'default', 'project_domain_name': 'Default', 'project_id': 'cad93f8a1f0c496ea94a78b29ae0bc3a', 'project_name': 'tempest-FloatingIPDetailsTestJSON-653915858', 'tenant_id': 'cad93f8a1f0c496ea94a78b29ae0bc3a', 'tenant_name': 'tempest-FloatingIPDetailsTestJSON-653915858', 'user_domain_id': 'default', 'user_domain_name': 'Default', 'user_id': '3a3146c2eafe4618a3f87d3b5095dee8', 'system': None}, Network: None, Subnet: None, Router: None
2025-11-20 14:33:04.783 67584 INFO tempest.lib.common.rest_client [req-a9224219-fb0b-4249-bcbc-30b225039bc5 req-a9224219-fb0b-4249-bcbc-30b225039bc5 ] Request (FloatingIPDetailsTestJSON:setUpClass): 201 POST http://10.180.1.21/identity/v3/auth/tokens 0.068s
2025-11-20 14:33:04.808 67590 INFO tempest.lib.common.rest_client [req-e04a3e39-ce2f-4be1-a1d2-26cd0d78c343 req-e04a3e39-ce2f-4be1-a1d2-26cd0d78c343 ] Request (SecurityGroupsTestJSON:test_list_security_groups_by_server): 200 GET http://10.180.1.21/compute/v2.1/servers/a22dd827-be28-484a-bc29-f1eab4b28ed6 3.432s
2025-11-20 14:33:04.815 67590 INFO tempest.common.waiters [-] State transition "BUILD/spawning" ==> "ACTIVE/None" after 24 second wait
2025-11-20 14:33:04.949 67570 INFO tempest.lib.common.rest_client [req-05b67eba-67a4-49b3-a70f-f5ff234be494 req-05b67eba-67a4-49b3-a70f-f5ff234be494 ] Request (MultipleCreateTestJSON:test_multiple_create_with_reservation_return): 202 POST http://10.180.1.21/compute/v2.1/servers 3.753s
2025-11-20 14:33:05.052 67578 INFO tempest.lib.common.rest_client [req-008fd516-b651-4a90-88da-a50a2c0f38cd req-008fd516-b651-4a90-88da-a50a2c0f38cd ] Request (ServersAdminNegativeTestJSON:setUpClass): 200 GET http://10.180.1.21/compute/v2.1/servers/871a4ff4-8ddc-41c6-9cc0-4d1cf9c24603 3.617s
2025-11-20 14:33:05.069 67578 INFO tempest.common.waiters [-] State transition "BUILD/None" ==> "BUILD/networking" after 12 second wait
2025-11-20 14:33:05.141 67628 WARNING tempest.lib.common.ssh [-] Failed to establish authenticated ssh connection to cirros@10.180.180.202 ([Errno None] Unable to connect to port 22 on 10.180.180.202). Number attempts: 3. Retry after 4 seconds.: paramiko.ssh_exception.NoValidConnectionsError: [Errno None] Unable to connect to port 22 on 10.180.180.202
2025-11-20 14:33:05.174 67584 INFO tempest.lib.common.rest_client [req-35854ded-5b42-463f-8c30-a6d2dea7ef16 req-35854ded-5b42-463f-8c30-a6d2dea7ef16 ] Request (FloatingIPDetailsTestJSON:setUpClass): 201 POST http://10.180.1.21/networking/v2.0/networks 0.390s
2025-11-20 14:33:05.238 67566 INFO tempest.lib.common.rest_client [req-b0362d1d-b3c8-4e8c-8b21-070cbe75d459 req-b0362d1d-b3c8-4e8c-8b21-070cbe75d459 ] Request (DeleteServersAdminTestJSON:test_delete_server_while_in_error_state): 200 GET http://10.180.1.21/compute/v2.1/servers/0951e8ba-28d5-49bd-beae-605420737314 3.275s
2025-11-20 14:33:05.412 67584 INFO tempest.lib.common.rest_client [req-19dcba40-b9bc-43cb-b57d-500e33f97b71 req-19dcba40-b9bc-43cb-b57d-500e33f97b71 ] Request (FloatingIPDetailsTestJSON:setUpClass): 201 POST http://10.180.1.21/networking/v2.0/subnets 0.238s
2025-11-20 14:33:05.733 67600 WARNING tempest.lib.common.ssh [-] Failed to establish authenticated ssh connection to cirros@10.180.180.164 ([Errno None] Unable to connect to port 22 on 10.180.180.164). Number attempts: 3. Retry after 4 seconds.: paramiko.ssh_exception.NoValidConnectionsError: [Errno None] Unable to connect to port 22 on 10.180.180.164
2025-11-20 14:33:06.101 67616 INFO tempest.lib.common.rest_client [req-185a2123-b4b6-4138-baf2-eaf3aa46d671 req-185a2123-b4b6-4138-baf2-eaf3aa46d671 ] Request (ServersAdmin275Test:test_rebuild_update_server_275): 202 POST http://10.180.1.21/compute/v2.1/servers/4cbcc6b3-19a5-4985-ab7e-a036068094eb/action 4.117s
2025-11-20 14:33:06.163 67576 INFO tempest.lib.common.rest_client [req-0e0b693b-d233-4fd9-ac45-738b5c3c2fed req-0e0b693b-d233-4fd9-ac45-738b5c3c2fed ] Request (ListImagesTestJSON:test_list_images): 200 GET http://10.180.1.21/compute/v2.1/images 4.049s
2025-11-20 14:33:06.193 67620 INFO tempest.lib.common.rest_client [req-b44d34e9-437a-4577-82cd-d3069b290271 req-b44d34e9-437a-4577-82cd-d3069b290271 ] Request (ImagesNegativeTestJSON:tearDownClass): 404 GET http://10.180.1.21/compute/v2.1/servers/c348c51b-79e0-4398-b59d-16390554f360 3.953s
2025-11-20 14:33:06.242 67609 WARNING tempest.lib.common.ssh [-] Failed to establish authenticated ssh connection to cirros@10.180.180.247 ([Errno None] Unable to connect to port 22 on 10.180.180.247). Number attempts: 2. Retry after 3 seconds.: paramiko.ssh_exception.NoValidConnectionsError: [Errno None] Unable to connect to port 22 on 10.180.180.247
2025-11-20 14:33:06.372 67584 INFO tempest.lib.common.rest_client [req-e3b639d2-3de9-4458-b16b-afd4eff7f815 req-e3b639d2-3de9-4458-b16b-afd4eff7f815 ] Request (FloatingIPDetailsTestJSON:setUpClass): 201 POST http://10.180.1.21/networking/v2.0/routers 0.959s
2025-11-20 14:33:07.128 67620 INFO tempest.lib.common.rest_client [req-b36f908d-4d99-4b2f-9ada-1da21a20d1fc req-b36f908d-4d99-4b2f-9ada-1da21a20d1fc ] Request (ImagesNegativeTestJSON:tearDownClass): 200 PUT http://10.180.1.21/networking/v2.0/routers/3f8d4942-3d0f-49a5-90e8-dcf9c94d6ef1/remove_router_interface 0.934s
2025-11-20 14:33:07.152 67580 INFO tempest.lib.common.rest_client [req-14b5988a-5235-4bb0-bea2-ae962c327937 req-14b5988a-5235-4bb0-bea2-ae962c327937 ] Request (ServerDiagnosticsTest:test_get_server_diagnostics): 200 GET http://10.180.1.21/compute/v2.1/servers/29b4a8d3-786b-4f30-8a29-e01e97ab4722 4.892s
2025-11-20 14:33:07.978 67602 INFO tempest.lib.common.rest_client [req-6dd47a09-c271-40f6-a97e-3287472daf53 req-6dd47a09-c271-40f6-a97e-3287472daf53 ] Request (ServersTestBootFromVolume:setUpClass): 202 POST http://10.180.1.21/compute/v2.1/servers 6.319s
2025-11-20 14:33:08.061 67584 INFO tempest.lib.common.rest_client [req-e4d12209-7235-46e5-89eb-a5ee6d7bd98a req-e4d12209-7235-46e5-89eb-a5ee6d7bd98a ] Request (FloatingIPDetailsTestJSON:setUpClass): 200 PUT http://10.180.1.21/networking/v2.0/routers/3b49b6e3-52c7-4c71-ba2a-d771c517f7f5/add_router_interface 1.689s
2025-11-20 14:33:08.062 67584 INFO tempest.lib.common.dynamic_creds [-] Created isolated network resources for: credentials: Credentials: {'domain_id': 'default', 'domain_name': 'Default', 'username': 'tempest-FloatingIPDetailsTestJSON-653915858-project-member', 'project_domain_id': 'default', 'project_domain_name': 'Default', 'project_id': 'cad93f8a1f0c496ea94a78b29ae0bc3a', 'project_name': 'tempest-FloatingIPDetailsTestJSON-653915858', 'tenant_id': 'cad93f8a1f0c496ea94a78b29ae0bc3a', 'tenant_name': 'tempest-FloatingIPDetailsTestJSON-653915858', 'user_domain_id': 'default', 'user_domain_name': 'Default', 'user_id': '3a3146c2eafe4618a3f87d3b5095dee8', 'system': None}, Network: {'id': 'cb14338c-7bbf-492d-9d48-c66e7b4fc3ed', 'name': 'tempest-FloatingIPDetailsTestJSON-1053763206-network', 'tenant_id': 'cad93f8a1f0c496ea94a78b29ae0bc3a', 'project_id': 'cad93f8a1f0c496ea94a78b29ae0bc3a', 'admin_state_up': True, 'mtu': 8950, 'status': 'ACTIVE', 'subnets': [], 'shared': False, 'port_security_enabled': True, 'router:external': False, 'provider:network_type': 'vlan', 'provider:physical_network': 'default', 'provider:segmentation_id': 200, 'availability_zone_hints': [], 'availability_zones': [], 'ipv4_address_scope': None, 'ipv6_address_scope': None, 'description': '', 'tags': [], 'created_at': '2025-11-20T14:33:05Z', 'updated_at': '2025-11-20T14:33:05Z', 'revision_number': 1}, Subnet: {'id': 'd081f4f4-f118-4889-9b71-adf513c7fe95', 'name': 'tempest-FloatingIPDetailsTestJSON-1053763206-subnet', 'tenant_id': 'cad93f8a1f0c496ea94a78b29ae0bc3a', 'network_id': 'cb14338c-7bbf-492d-9d48-c66e7b4fc3ed', 'ip_version': 4, 'subnetpool_id': None, 'enable_dhcp': True, 'ipv6_ra_mode': None, 'ipv6_address_mode': None, 'gateway_ip': '192.168.128.1', 'cidr': '192.168.128.0/28', 'allocation_pools': [{'start': '192.168.128.2', 'end': '192.168.128.14'}], 'host_routes': [], 'dns_nameservers': [], 'description': '', 'router:external': False, 'service_types': [], 'tags': [], 'created_at': '2025-11-20T14:33:05Z', 'updated_at': '2025-11-20T14:33:05Z', 'revision_number': 0, 'project_id': 'cad93f8a1f0c496ea94a78b29ae0bc3a'}, Router: {'id': '3b49b6e3-52c7-4c71-ba2a-d771c517f7f5', 'name': 'tempest-FloatingIPDetailsTestJSON-1053763206-router', 'tenant_id': 'cad93f8a1f0c496ea94a78b29ae0bc3a', 'admin_state_up': True, 'status': 'ACTIVE', 'external_gateway_info': {'network_id': '4ed7088a-a1a4-4920-bf9b-ba5e74cb143e', 'external_fixed_ips': [{'subnet_id': '42af482e-2021-496d-aeb4-0070f24ba142', 'ip_address': '10.180.180.137'}], 'enable_snat': True}, 'description': '', 'availability_zones': [], 'distributed': False, 'ha': False, 'availability_zone_hints': [], 'routes': [], 'flavor_id': None, 'tags': [], 'created_at': '2025-11-20T14:33:05Z', 'updated_at': '2025-11-20T14:33:06Z', 'revision_number': 2, 'project_id': 'cad93f8a1f0c496ea94a78b29ae0bc3a'}
2025-11-20 14:33:08.091 67630 INFO tempest.lib.common.rest_client [req-a3cb338b-abc0-4ad0-891a-4e80227342be req-a3cb338b-abc0-4ad0-891a-4e80227342be ] Request (InstanceActionsV221TestJSON:test_get_list_deleted_instance_actions): 200 GET http://10.180.1.21/compute/v2.1/servers/ac440532-57bc-4566-9ecf-f3dcc49f2633 5.703s
2025-11-20 14:33:08.101 67594 INFO tempest.lib.common.rest_client [req-39c45c15-8540-43ae-b5ee-0cbdf3aa10de req-39c45c15-8540-43ae-b5ee-0cbdf3aa10de ] Request (MultipleCreateNegativeTestJSON:test_max_count_non_integer): 400 POST http://10.180.1.21/compute/v2.1/servers 5.372s
2025-11-20 14:33:08.131 67618 INFO tempest.lib.common.rest_client [req-6dcdc813-a4f9-4854-8e33-cc475e2fd9bf req-6dcdc813-a4f9-4854-8e33-cc475e2fd9bf ] Request (SecurityGroupRulesNegativeTestJSON:test_delete_security_group_rule_with_non_existent_id): 404 DELETE http://10.180.1.21/compute/v2.1/os-security-group-rules/d143c0f8-563d-4034-b756-45bcaf87d8e0 5.488s
2025-11-20 14:33:08.189 67584 INFO tempest.lib.common.rest_client [req-9b6c7ae1-772a-48b9-a6f9-07cd109f6f50 req-9b6c7ae1-772a-48b9-a6f9-07cd109f6f50 ] Request (FloatingIPDetailsTestJSON:setUpClass): 201 POST http://10.180.1.21/identity/v3/auth/tokens 0.123s
2025-11-20 14:33:08.202 67620 INFO tempest.lib.common.rest_client [req-95653dfe-48e1-4f9a-892b-13db449a25ff req-95653dfe-48e1-4f9a-892b-13db449a25ff ] Request (ImagesNegativeTestJSON:tearDownClass): 204 DELETE http://10.180.1.21/networking/v2.0/routers/3f8d4942-3d0f-49a5-90e8-dcf9c94d6ef1 1.073s
2025-11-20 14:33:08.248 67594 INFO tempest.lib.common.rest_client [req-bb2c8d0d-8b17-4bda-a74b-55dc947f251d req-bb2c8d0d-8b17-4bda-a74b-55dc947f251d ] Request (MultipleCreateNegativeTestJSON:test_min_count_less_than_one): 201 POST http://10.180.1.21/identity/v3/auth/tokens 0.140s
2025-11-20 14:33:08.249 67594 INFO tempest.lib.common.fixed_network [-] (MultipleCreateNegativeTestJSON:test_min_count_less_than_one) Found network None available for tenant
2025-11-20 14:33:08.284 67598 INFO tempest.lib.common.rest_client [req-3c337f79-3d58-4439-bcf9-37377cb9a22a req-3c337f79-3d58-4439-bcf9-37377cb9a22a ] Request (QuotasAdminTestJSON:test_delete_quota): 200 GET http://10.180.1.21/compute/v2.1/os-quota-sets/96330bf693ed492f9352fa0dfee5c8a1 5.181s
2025-11-20 14:33:08.373 67620 INFO tempest.lib.common.rest_client [req-e28d94be-e844-472e-acf8-87702f491f9e req-e28d94be-e844-472e-acf8-87702f491f9e ] Request (ImagesNegativeTestJSON:tearDownClass): 204 DELETE http://10.180.1.21/networking/v2.0/subnets/77c912e4-ea0f-4dcc-9136-110ed29fc4cb 0.171s
2025-11-20 14:33:08.467 67596 INFO tempest.lib.common.rest_client [req-9d12a75c-6c30-484c-81a1-c1c142d3ee62 req-9d12a75c-6c30-484c-81a1-c1c142d3ee62 ] Request (ServerAddressesTestJSON:setUpClass): 200 GET http://10.180.1.21/compute/v2.1/servers/1a7f42ce-93c2-480e-b957-7c1a289149e5 5.238s
2025-11-20 14:33:08.622 67604 INFO tempest.lib.common.rest_client [req-4bb21be4-5b7b-4f8e-b48f-1c257b63cfec req-4bb21be4-5b7b-4f8e-b48f-1c257b63cfec ] Request (ServerRescueNegativeTestJSON:setUpClass): 200 GET http://10.180.1.21/compute/v2.1/servers/9638487f-912d-4e1f-bae5-29c182e21e5b 5.254s
2025-11-20 14:33:08.662 67574 INFO tempest.lib.common.rest_client [req-3efe94da-dce0-4091-8e1b-0c9110e91b9c req-3efe94da-dce0-4091-8e1b-0c9110e91b9c ] Request (AggregatesAdminNegativeTestJSON:_run_cleanups): 200 DELETE http://10.180.1.21/compute/v2.1/os-aggregates/4 5.286s
2025-11-20 14:33:08.740 67604 INFO tempest.lib.common.rest_client [req-a2e88f18-9c72-4fed-b1d3-8b11777cb3bd req-a2e88f18-9c72-4fed-b1d3-8b11777cb3bd ] Request (ServerRescueNegativeTestJSON:setUpClass): 201 POST http://10.180.1.21/identity/v3/auth/tokens 0.101s
2025-11-20 14:33:08.741 67604 INFO tempest.lib.common.fixed_network [-] (ServerRescueNegativeTestJSON:setUpClass) Found network {'id': '1779f579-f506-4dea-b652-2d37b634da0a', 'name': 'tempest-ServerRescueNegativeTestJSON-231324888-network', 'tenant_id': 'be1b67dc2eea454a9398ed4cfdc99a1e', 'project_id': 'be1b67dc2eea454a9398ed4cfdc99a1e', 'admin_state_up': True, 'mtu': 8950, 'status': 'ACTIVE', 'subnets': [], 'shared': False, 'port_security_enabled': True, 'router:external': False, 'provider:network_type': 'vlan', 'provider:physical_network': 'default', 'provider:segmentation_id': 567, 'availability_zone_hints': [], 'availability_zones': [], 'ipv4_address_scope': None, 'ipv6_address_scope': None, 'description': '', 'tags': [], 'created_at': '2025-11-20T14:32:57Z', 'updated_at': '2025-11-20T14:32:57Z', 'revision_number': 1} available for tenant
2025-11-20 14:33:08.752 67620 INFO tempest.lib.common.rest_client [req-1336bf65-cda2-44ca-8ff7-246974bb433c req-1336bf65-cda2-44ca-8ff7-246974bb433c ] Request (ImagesNegativeTestJSON:tearDownClass): 204 DELETE http://10.180.1.21/networking/v2.0/networks/abdb21a7-605c-4184-949b-9ba6be0df994 0.378s
2025-11-20 14:33:08.758 67610 INFO tempest.lib.common.rest_client [req-749a3276-5b57-4fc2-862f-128d324d0531 req-749a3276-5b57-4fc2-862f-128d324d0531 ] Request (ServerMetadataTestJSON:setUp): 200 PUT http://10.180.1.21/compute/v2.1/servers/782d7e2b-6ac7-4d97-814e-96e407b249ef/metadata 5.336s
2025-11-20 14:33:08.847 67620 INFO tempest.lib.common.rest_client [req-7dba602f-aec3-4d71-980c-6e0ded99cccc req-7dba602f-aec3-4d71-980c-6e0ded99cccc ] Request (ImagesNegativeTestJSON:tearDownClass): 204 DELETE http://10.180.1.21/identity/v3/users/bdf847ef0bbc4d7681f3b8be9d902a29 0.094s
2025-11-20 14:33:08.847 67620 INFO tempest.lib.common.dynamic_creds [-] Deleting project and security group for project: d490b1e101ce43969d584bbc5237a9ee
2025-11-20 14:33:08.889 67614 INFO tempest.lib.common.rest_client [req-05d56343-b76e-43d8-b2aa-47add33fd24e req-05d56343-b76e-43d8-b2aa-47add33fd24e ] Request (VolumesAdminNegativeTest:tearDownClass): 200 GET http://10.180.1.21/compute/v2.1/servers/a5b5284b-dac9-4288-a782-211b3524975b 4.785s
2025-11-20 14:33:08.926 67572 INFO tempest.lib.common.rest_client [req-b16998c6-f8a0-48aa-9aea-1ca186ff99be req-b16998c6-f8a0-48aa-9aea-1ca186ff99be ] Request (ImagesMetadataTestJSON:test_list_image_metadata): 200 GET http://10.180.1.21/compute/v2.1/images/1bb3099f-5d4e-4b16-af41-98cce0819b4c/metadata 4.798s
2025-11-20 14:33:08.985 67620 INFO tempest.lib.common.rest_client [req-316676fa-0aae-4a2d-9fee-21e3fe73a0f7 req-316676fa-0aae-4a2d-9fee-21e3fe73a0f7 ] Request (ImagesNegativeTestJSON:tearDownClass): 200 GET http://10.180.1.21/networking/v2.0/security-groups?tenant_id=d490b1e101ce43969d584bbc5237a9ee&name=default 0.137s
2025-11-20 14:33:09.079 67582 INFO tempest.lib.common.rest_client [req-e6a9612d-b759-49b7-b8fc-ed724f83a7ed req-e6a9612d-b759-49b7-b8fc-ed724f83a7ed ] Request (ServerShowV247Test:test_update_rebuild_list_server): 200 GET http://10.180.1.21/compute/v2.1/servers/ed5a7805-7c13-42f4-87f0-ba100301f12a 4.839s
2025-11-20 14:33:09.196 67620 INFO tempest.lib.common.rest_client [req-ef5eb1ad-eca7-4512-9c81-362c366dcc8c req-ef5eb1ad-eca7-4512-9c81-362c366dcc8c ] Request (ImagesNegativeTestJSON:tearDownClass): 204 DELETE http://10.180.1.21/networking/v2.0/security-groups/29ccd2a3-001f-48d7-99a1-83ca2a4404be 0.210s
2025-11-20 14:33:09.218 67626 INFO tempest.lib.common.rest_client [req-eba62ba5-6f8f-4d8e-a7c2-5044538ea405 req-eba62ba5-6f8f-4d8e-a7c2-5044538ea405 ] Request (ListServersNegativeTestJSON:setUpClass): 202 POST http://10.180.1.21/compute/v2.1/servers 6.054s
2025-11-20 14:33:09.266 67624 INFO tempest.lib.common.rest_client [req-f50db780-c675-4fed-a8c1-806ba38e6e54 req-f50db780-c675-4fed-a8c1-806ba38e6e54 ] Request (FlavorsAccessNegativeTestJSON:_run_cleanups): 200 POST http://10.180.1.21/compute/v2.1/flavors/490125063/action 4.910s
2025-11-20 14:33:09.306 67606 INFO tempest.lib.common.rest_client [req-ed7903c9-8516-4d87-876d-1b192f3cec42 req-ed7903c9-8516-4d87-876d-1b192f3cec42 ] Request (DeleteServersTestJSON:test_delete_server_while_in_attached_volume): 200 GET http://10.180.1.21/compute/v2.1/servers/c9ff83cf-fb73-4cef-97c3-8488418a88e3 4.944s
2025-11-20 14:33:09.343 67620 INFO tempest.lib.common.rest_client [req-cf30bf2e-31aa-4acc-a51b-f3134080df7d req-cf30bf2e-31aa-4acc-a51b-f3134080df7d ] Request (ImagesNegativeTestJSON:tearDownClass): 204 DELETE http://10.180.1.21/identity/v3/projects/d490b1e101ce43969d584bbc5237a9ee 0.147s
2025-11-20 14:33:09.355 67568 INFO tempest.lib.common.rest_client [req-f7773ec1-4abd-4f47-a53f-1f0cdae073e0 req-f7773ec1-4abd-4f47-a53f-1f0cdae073e0 ] Request (FlavorsAdminTestJSON:test_create_list_flavor_without_extra_data): 200 GET http://10.180.1.21/compute/v2.1/flavors/detail 4.975s
2025-11-20 14:33:09.431 67620 INFO tempest.lib.common.rest_client [req-046a27de-2d45-414a-bed3-37a3d5fc629e req-046a27de-2d45-414a-bed3-37a3d5fc629e ] Request (ImagesOneServerNegativeTestJSON:setUpClass): 201 POST http://10.180.1.21/identity/v3/auth/tokens 0.086s
2025-11-20 14:33:09.468 67620 INFO tempest.lib.common.rest_client [req-b878ad38-a16f-471f-95ed-d62cf480cc64 req-b878ad38-a16f-471f-95ed-d62cf480cc64 ] Request (ImagesOneServerNegativeTestJSON:setUpClass): 201 POST http://10.180.1.21/identity/v3/auth/tokens 0.032s
2025-11-20 14:33:09.503 67620 INFO tempest.lib.common.rest_client [req-c19ca5dd-7b6c-4629-8bff-11c3488a7526 req-c19ca5dd-7b6c-4629-8bff-11c3488a7526 ] Request (ImagesOneServerNegativeTestJSON:setUpClass): 200 GET http://10.180.1.21/identity/v3/domains?name=Default 0.034s
2025-11-20 14:33:09.529 67588 INFO tempest.lib.common.rest_client [req-51283e36-b27d-4e6f-946a-9bb791581501 req-51283e36-b27d-4e6f-946a-9bb791581501 ] Request (QuotasAdminNegativeTest:_run_cleanups): 200 PUT http://10.180.1.21/compute/v2.1/os-quota-sets/dd1975b8d2a846158cd72bf279e21623 4.904s
2025-11-20 14:33:09.549 67620 INFO tempest.lib.common.rest_client [req-252838c1-9773-4697-b8a0-9589ebb91a5e req-252838c1-9773-4697-b8a0-9589ebb91a5e ] Request (ImagesOneServerNegativeTestJSON:setUpClass): 201 POST http://10.180.1.21/identity/v3/projects 0.045s
2025-11-20 14:33:09.632 67620 INFO tempest.lib.common.rest_client [req-ea01d930-cefc-4f27-b636-b376c5e5e3fc req-ea01d930-cefc-4f27-b636-b376c5e5e3fc ] Request (ImagesOneServerNegativeTestJSON:setUpClass): 201 POST http://10.180.1.21/identity/v3/users 0.082s
2025-11-20 14:33:09.647 67628 WARNING tempest.lib.common.ssh [-] Failed to establish authenticated ssh connection to cirros@10.180.180.202 ([Errno None] Unable to connect to port 22 on 10.180.180.202). Number attempts: 4. Retry after 5 seconds.: paramiko.ssh_exception.NoValidConnectionsError: [Errno None] Unable to connect to port 22 on 10.180.180.202
2025-11-20 14:33:09.656 67620 INFO tempest.lib.common.rest_client [req-097c224c-0bc3-46dd-903c-c6814f70f106 req-097c224c-0bc3-46dd-903c-c6814f70f106 ] Request (ImagesOneServerNegativeTestJSON:setUpClass): 200 GET http://10.180.1.21/identity/v3/roles 0.023s
2025-11-20 14:33:09.710 67620 INFO tempest.lib.common.rest_client [req-1eae1cd2-69f1-45c1-8541-34bd0134e7c1 req-1eae1cd2-69f1-45c1-8541-34bd0134e7c1 ] Request (ImagesOneServerNegativeTestJSON:setUpClass): 204 PUT http://10.180.1.21/identity/v3/projects/e4a01b611988485f80aa61d857593f33/users/792b66d459524bc39b12504108f22540/roles/1e0d249f77b04192a9ee71c8de6bbd46 0.053s
2025-11-20 14:33:09.710 67620 INFO tempest.lib.common.dynamic_creds [-] Dynamic test user 792b66d459524bc39b12504108f22540 is created with scope project and roles: ['member']
2025-11-20 14:33:09.711 67620 INFO tempest.lib.common.dynamic_creds [-] Acquired dynamic creds: credentials: Credentials: {'domain_id': 'default', 'domain_name': 'Default', 'username': 'tempest-ImagesOneServerNegativeTestJSON-1206174542-project-member', 'project_domain_id': 'default', 'project_domain_name': 'Default', 'project_id': 'e4a01b611988485f80aa61d857593f33', 'project_name': 'tempest-ImagesOneServerNegativeTestJSON-1206174542', 'tenant_id': 'e4a01b611988485f80aa61d857593f33', 'tenant_name': 'tempest-ImagesOneServerNegativeTestJSON-1206174542', 'user_domain_id': 'default', 'user_domain_name': 'Default', 'user_id': '792b66d459524bc39b12504108f22540', 'system': None}, Network: None, Subnet: None, Router: None
2025-11-20 14:33:09.747 67609 WARNING tempest.lib.common.ssh [-] Failed to establish authenticated ssh connection to cirros@10.180.180.247 ([Errno None] Unable to connect to port 22 on 10.180.180.247). Number attempts: 3. Retry after 4 seconds.: paramiko.ssh_exception.NoValidConnectionsError: [Errno None] Unable to connect to port 22 on 10.180.180.247
2025-11-20 14:33:09.786 67620 INFO tempest.lib.common.rest_client [req-a62d01c7-6e5a-43cc-8062-77fcbc2dc16e req-a62d01c7-6e5a-43cc-8062-77fcbc2dc16e ] Request (ImagesOneServerNegativeTestJSON:setUpClass): 201 POST http://10.180.1.21/identity/v3/auth/tokens 0.075s
2025-11-20 14:33:09.861 67590 INFO tempest.lib.common.rest_client [req-d5514b79-78d7-4d99-91f0-d774a7c51a26 req-d5514b79-78d7-4d99-91f0-d774a7c51a26 ] Request (SecurityGroupsTestJSON:test_list_security_groups_by_server): 202 POST http://10.180.1.21/compute/v2.1/servers/a22dd827-be28-484a-bc29-f1eab4b28ed6/action 5.045s
2025-11-20 14:33:09.932 67570 INFO tempest.lib.common.rest_client [req-355e2523-bed1-4086-93b0-6bcd211c5721 req-355e2523-bed1-4086-93b0-6bcd211c5721 ] Request (MultipleCreateTestJSON:test_multiple_create_with_reservation_return): 200 GET http://10.180.1.21/compute/v2.1/servers 4.982s
2025-11-20 14:33:10.248 67600 WARNING tempest.lib.common.ssh [-] Failed to establish authenticated ssh connection to cirros@10.180.180.164 ([Errno None] Unable to connect to port 22 on 10.180.180.164). Number attempts: 4. Retry after 5 seconds.: paramiko.ssh_exception.NoValidConnectionsError: [Errno None] Unable to connect to port 22 on 10.180.180.164
2025-11-20 14:33:10.374 67620 INFO tempest.lib.common.rest_client [req-20a8f28a-527b-4601-b2e6-af93e6c2eb99 req-20a8f28a-527b-4601-b2e6-af93e6c2eb99 ] Request (ImagesOneServerNegativeTestJSON:setUpClass): 201 POST http://10.180.1.21/networking/v2.0/networks 0.586s
2025-11-20 14:33:10.411 67592 INFO tempest.lib.common.rest_client [req-64e1c2c2-b875-4cc4-9a75-dd01a3417abe req-64e1c2c2-b875-4cc4-9a75-dd01a3417abe ] Request (ServersWithSpecificFlavorTestJSON:test_verify_created_server_ephemeral_disk): 200 GET http://10.180.1.21/compute/v2.1/servers/89f60e62-82a8-43a6-927a-49863c165ba6 5.497s
2025-11-20 14:33:10.441 67586 INFO tempest.lib.common.rest_client [req-11fe85dd-b966-433c-964b-e453d74be357 req-11fe85dd-b966-433c-964b-e453d74be357 ] Request (ServerDiagnosticsV248Test:tearDownClass): 404 GET http://10.180.1.21/compute/v2.1/servers/396d1be5-c4bc-4696-a350-863bcb178c52 5.081s
2025-11-20 14:33:10.540 67586 INFO tempest.lib.common.rest_client [req-e92127b8-8309-4c66-bfb6-54e2f978100a req-e92127b8-8309-4c66-bfb6-54e2f978100a ] Request (ServerDiagnosticsV248Test:tearDownClass): 204 DELETE http://10.180.1.21/identity/v3/users/0884c54b04ed43faa0774bf3e7f5062e 0.098s
2025-11-20 14:33:10.667 67586 INFO tempest.lib.common.rest_client [req-203bc893-a5f0-4c63-bb83-e6f4bdc96567 req-203bc893-a5f0-4c63-bb83-e6f4bdc96567 ] Request (ServerDiagnosticsV248Test:tearDownClass): 204 DELETE http://10.180.1.21/identity/v3/users/fa0081550ede4639b7c1889a1247791c 0.126s
2025-11-20 14:33:10.667 67586 INFO tempest.lib.common.dynamic_creds [-] Deleting project and security group for project: 452301bff77342a2a63647c0b552e6ef
2025-11-20 14:33:10.710 67620 INFO tempest.lib.common.rest_client [req-a7d81689-5e96-4205-8f5f-821af2afaa96 req-a7d81689-5e96-4205-8f5f-821af2afaa96 ] Request (ImagesOneServerNegativeTestJSON:setUpClass): 201 POST http://10.180.1.21/networking/v2.0/subnets 0.336s
2025-11-20 14:33:10.747 67586 INFO tempest.lib.common.rest_client [req-53708988-eb38-4a0c-bc08-29e3e5587287 req-53708988-eb38-4a0c-bc08-29e3e5587287 ] Request (ServerDiagnosticsV248Test:tearDownClass): 201 POST http://10.180.1.21/identity/v3/auth/tokens 0.080s
2025-11-20 14:33:10.750 67612 INFO tempest.lib.common.rest_client [req-38900df4-b001-44ae-bd85-51ea403e74c2 req-38900df4-b001-44ae-bd85-51ea403e74c2 ] Request (ServerExternalEventsTest:test_create_server_external_events): 200 GET http://10.180.1.21/compute/v2.1/servers/3526ad90-d5c3-49bd-8439-991a51fa22c3 5.765s
2025-11-20 14:33:10.763 67612 INFO tempest.common.waiters [-] State transition "BUILD/block_device_mapping" ==> "BUILD/spawning" after 18 second wait
2025-11-20 14:33:10.964 67586 INFO tempest.lib.common.rest_client [req-0fef4207-663e-44b7-9f63-ddae647e468a req-0fef4207-663e-44b7-9f63-ddae647e468a ] Request (ServerDiagnosticsV248Test:tearDownClass): 200 GET http://10.180.1.21/networking/v2.0/security-groups?tenant_id=452301bff77342a2a63647c0b552e6ef&name=default 0.216s
2025-11-20 14:33:11.019 67578 INFO tempest.lib.common.rest_client [req-48aa7377-481b-4cef-9ee4-353a393d4539 req-48aa7377-481b-4cef-9ee4-353a393d4539 ] Request (ServersAdminNegativeTestJSON:setUpClass): 200 GET http://10.180.1.21/compute/v2.1/servers/871a4ff4-8ddc-41c6-9cc0-4d1cf9c24603 4.948s
2025-11-20 14:33:11.030 67578 INFO tempest.common.waiters [-] State transition "BUILD/networking" ==> "BUILD/spawning" after 18 second wait
2025-11-20 14:33:11.036 67616 INFO tempest.lib.common.rest_client [req-b51f1907-321f-4a56-ab0e-56ef2d109bd3 req-b51f1907-321f-4a56-ab0e-56ef2d109bd3 ] Request (ServersAdmin275Test:_run_cleanups): 200 GET http://10.180.1.21/compute/v2.1/servers/4cbcc6b3-19a5-4985-ab7e-a036068094eb 4.925s
2025-11-20 14:33:11.076 67576 INFO tempest.lib.common.rest_client [req-deb82985-044e-4444-82a3-e08a78fa903a req-deb82985-044e-4444-82a3-e08a78fa903a ] Request (ListImagesTestJSON:test_list_images_with_detail): 200 GET http://10.180.1.21/compute/v2.1/images/detail 4.910s
2025-11-20 14:33:11.132 67586 INFO tempest.lib.common.rest_client [req-92b68a6c-d35d-485b-b081-47066c52c2fb req-92b68a6c-d35d-485b-b081-47066c52c2fb ] Request (ServerDiagnosticsV248Test:tearDownClass): 204 DELETE http://10.180.1.21/networking/v2.0/security-groups/a95075b3-6bcd-4a1c-9b8f-5bd1d2bf47ca 0.167s
2025-11-20 14:33:11.171 67576 INFO tempest.lib.common.rest_client [req-e6a8cf66-e638-46b2-a87b-1ac79372a1b9 req-e6a8cf66-e638-46b2-a87b-1ac79372a1b9 ] Request (ListImagesTestJSON:tearDownClass): 204 DELETE http://10.180.1.21/identity/v3/users/bbbdd1f4e3644c3ea016eaa834b7bf6f 0.088s
2025-11-20 14:33:11.171 67576 INFO tempest.lib.common.dynamic_creds [-] Deleting project and security group for project: c91f48294b3645d6a0af63e483117689
2025-11-20 14:33:11.220 67602 INFO tempest.lib.common.rest_client [req-e8936644-d9cf-4010-9341-5aea80691f97 req-e8936644-d9cf-4010-9341-5aea80691f97 ] Request (ServersTestBootFromVolume:setUpClass): 200 GET http://10.180.1.21/compute/v2.1/servers/4107437a-9370-48f6-8a68-8df65acba434 3.241s
2025-11-20 14:33:11.237 67576 INFO tempest.lib.common.rest_client [req-ad01bf22-9733-4a9c-9cf6-194f1c647742 req-ad01bf22-9733-4a9c-9cf6-194f1c647742 ] Request (ListImagesTestJSON:tearDownClass): 201 POST http://10.180.1.21/identity/v3/auth/tokens 0.066s
2025-11-20 14:33:11.247 67586 INFO tempest.lib.common.rest_client [req-f293fdf4-966b-499b-a133-149ab7bac7ef req-f293fdf4-966b-499b-a133-149ab7bac7ef ] Request (ServerDiagnosticsV248Test:tearDownClass): 204 DELETE http://10.180.1.21/identity/v3/projects/452301bff77342a2a63647c0b552e6ef 0.114s
2025-11-20 14:33:11.247 67586 INFO tempest.lib.common.dynamic_creds [-] Deleting project and security group for project: 550db0edfc414a92be14f14b3eed2a3c
2025-11-20 14:33:11.299 67566 INFO tempest.lib.common.rest_client [req-21d8ef30-2b53-4251-9ba3-6929aae96302 req-21d8ef30-2b53-4251-9ba3-6929aae96302 ] Request (DeleteServersAdminTestJSON:test_delete_server_while_in_error_state): 200 GET http://10.180.1.21/compute/v2.1/servers/0951e8ba-28d5-49bd-beae-605420737314 5.050s
2025-11-20 14:33:11.307 67566 INFO tempest.common.waiters [-] State transition "BUILD/None" ==> "BUILD/spawning" after 18 second wait
