2025-11-20 14:32:44.890 67578 INFO tempest.lib.common.rest_client [req-425ac530-5530-4d4d-890e-3c07fff07982 req-425ac530-5530-4d4d-890e-3c07fff07982 ] Request (ServersAdminNegativeTestJSON:setUpClass): 204 PUT http://10.180.1.21/identity/v3/projects/e8b7b531099c41b49a0298a85165363b/users/86443922da08418eb14e48f333ca8bed/roles/17bc94272ff14bf7a7503de39e2b9321 0.031s
2025-11-20 14:32:44.952 67578 INFO tempest.lib.common.rest_client [req-2c1278af-f5cb-4a40-9adb-187a16aec327 req-2c1278af-f5cb-4a40-9adb-187a16aec327 ] Request (ServersAdminNegativeTestJSON:setUpClass): 200 GET http://10.180.1.21/identity/v3/roles 0.061s
2025-11-20 14:32:44.972 67578 INFO tempest.lib.common.rest_client [req-e913109d-2cc2-4f2c-a986-f453c4725aae req-e913109d-2cc2-4f2c-a986-f453c4725aae ] Request (ServersAdminNegativeTestJSON:setUpClass): 204 PUT http://10.180.1.21/identity/v3/projects/e8b7b531099c41b49a0298a85165363b/users/86443922da08418eb14e48f333ca8bed/roles/17bc94272ff14bf7a7503de39e2b9321 0.019s
2025-11-20 14:32:44.972 67578 INFO tempest.lib.common.dynamic_creds [-] Dynamic test user 86443922da08418eb14e48f333ca8bed is created with scope project and roles: ['admin']
2025-11-20 14:32:44.973 67578 INFO tempest.lib.common.dynamic_creds [-] Acquired dynamic creds: credentials: Credentials: {'domain_id': 'default', 'domain_name': 'Default', 'username': 'tempest-ServersAdminNegativeTestJSON-1951571497-project-admin', 'project_domain_id': 'default', 'project_domain_name': 'Default', 'project_id': 'e8b7b531099c41b49a0298a85165363b', 'project_name': 'tempest-ServersAdminNegativeTestJSON-1951571497', 'tenant_id': 'e8b7b531099c41b49a0298a85165363b', 'tenant_name': 'tempest-ServersAdminNegativeTestJSON-1951571497', 'user_domain_id': 'default', 'user_domain_name': 'Default', 'user_id': '86443922da08418eb14e48f333ca8bed', 'system': None}, Network: None, Subnet: None, Router: None
2025-11-20 14:32:44.973 67578 INFO tempest.lib.common.dynamic_creds [-] Created isolated network resources for: credentials: Credentials: {'domain_id': 'default', 'domain_name': 'Default', 'username': 'tempest-ServersAdminNegativeTestJSON-1951571497-project-admin', 'project_domain_id': 'default', 'project_domain_name': 'Default', 'project_id': 'e8b7b531099c41b49a0298a85165363b', 'project_name': 'tempest-ServersAdminNegativeTestJSON-1951571497', 'tenant_id': 'e8b7b531099c41b49a0298a85165363b', 'tenant_name': 'tempest-ServersAdminNegativeTestJSON-1951571497', 'user_domain_id': 'default', 'user_domain_name': 'Default', 'user_id': '86443922da08418eb14e48f333ca8bed', 'system': None}, Network: None, Subnet: None, Router: None
2025-11-20 14:32:45.055 67588 INFO tempest.lib.common.rest_client [req-e6538929-4328-4ce6-aa64-a20d4ad3ae1c req-e6538929-4328-4ce6-aa64-a20d4ad3ae1c ] Request (QuotasAdminNegativeTest:test_create_server_when_cpu_quota_is_full): 200 GET http://10.180.1.21/compute/v2.1/os-quota-sets/dd1975b8d2a846158cd72bf279e21623 2.083s
2025-11-20 14:32:45.059 67578 INFO tempest.lib.common.rest_client [req-2636b074-6351-4a09-9490-d29d8c643105 req-2636b074-6351-4a09-9490-d29d8c643105 ] Request (ServersAdminNegativeTestJSON:setUpClass): 201 POST http://10.180.1.21/identity/v3/auth/tokens 0.082s
2025-11-20 14:32:45.059 67578 WARNING tempest.lib.common.rest_client [-] Deprecated: "tenant_id" property is deprecated for removal, use "project_id" instead
2025-11-20 14:32:45.125 67578 INFO tempest.lib.common.rest_client [req-4fd4d316-bf75-42a0-85b8-b9624f4acec4 req-4fd4d316-bf75-42a0-85b8-b9624f4acec4 ] Request (ServersAdminNegativeTestJSON:setUpClass): 201 POST http://10.180.1.21/identity/v3/auth/tokens 0.060s
2025-11-20 14:32:45.125 67578 INFO tempest.lib.common.fixed_network [-] (ServersAdminNegativeTestJSON:setUpClass) Found network None available for tenant
2025-11-20 14:32:45.163 67610 INFO tempest.lib.common.rest_client [req-36389842-66e8-4229-b9cf-75be076623e4 req-36389842-66e8-4229-b9cf-75be076623e4 ] Request (ServerMetadataTestJSON:setUpClass): 200 GET http://10.180.1.21/compute/v2.1/servers/782d7e2b-6ac7-4d97-814e-96e407b249ef 2.086s
2025-11-20 14:32:45.172 67610 INFO tempest.common.waiters [-] State transition "BUILD/block_device_mapping" ==> "BUILD/spawning" after 10 second wait
2025-11-20 14:32:45.209 67586 INFO tempest.lib.common.rest_client [req-cc15edcc-d40f-48db-905f-5d03a3ee8047 req-cc15edcc-d40f-48db-905f-5d03a3ee8047 ] Request (ServerDiagnosticsV248Test:test_get_server_diagnostics): 200 GET http://10.180.1.21/compute/v2.1/servers/396d1be5-c4bc-4696-a350-863bcb178c52/diagnostics 2.424s
2025-11-20 14:32:45.214 67580 INFO tempest.lib.common.rest_client [req-763a71b3-b37c-4422-9b95-ef32d8b763c5 req-763a71b3-b37c-4422-9b95-ef32d8b763c5 ] Request (HostsAdminNegativeTestJSON:test_update_host_with_invalid_status): 400 PUT http://10.180.1.21/compute/v2.1/os-hosts/devstack 2.072s
2025-11-20 14:32:45.240 67566 INFO tempest.lib.common.rest_client [req-7e4376b9-0998-4f98-8b71-0dd3e3457f31 req-7e4376b9-0998-4f98-8b71-0dd3e3457f31 ] Request (DeleteServersAdminTestJSON:test_admin_delete_servers_of_others): 404 GET http://10.180.1.21/compute/v2.1/servers/2cb3f270-56c7-4df9-8349-38a828870ec4 2.008s
2025-11-20 14:32:45.257 67582 INFO tempest.lib.common.rest_client [req-775b114f-4903-44b1-8918-730412f3b49b req-775b114f-4903-44b1-8918-730412f3b49b ] Request (ImagesMetadataNegativeTestJSON:test_update_nonexistent_image_metadata): 404 POST http://10.180.1.21/compute/v2.1/images/8838ab3d-9028-4896-8dd6-531ab59a5752/metadata 1.787s
2025-11-20 14:32:45.265 67600 INFO tempest.lib.common.rest_client [req-f155ea1d-0d85-4747-b99d-c4fc2f1ceffb req-f155ea1d-0d85-4747-b99d-c4fc2f1ceffb ] Request (ServersTestManualDisk:setUpClass): 200 GET http://10.180.1.21/compute/v2.1/servers/2de93845-c835-4f5a-bab1-57d743c85fc5 2.154s
2025-11-20 14:32:45.273 67600 INFO tempest.common.waiters [-] State transition "BUILD/spawning" ==> "ACTIVE/None" after 14 second wait
2025-11-20 14:32:45.288 67594 INFO tempest.lib.common.rest_client [req-1a2a2b4e-cfc7-44cb-bb32-696855e0880b req-1a2a2b4e-cfc7-44cb-bb32-696855e0880b ] Request (FlavorsAccessTestJSON:_run_cleanups): 200 GET http://10.180.1.21/compute/v2.1/flavors/detail 1.748s
2025-11-20 14:32:45.316 67566 INFO tempest.lib.common.rest_client [req-8414cf76-3894-407d-9f4d-9815e3655dab req-8414cf76-3894-407d-9f4d-9815e3655dab ] Request (DeleteServersAdminTestJSON:test_delete_server_while_in_error_state): 201 POST http://10.180.1.21/identity/v3/auth/tokens 0.068s
2025-11-20 14:32:45.316 67566 INFO tempest.lib.common.fixed_network [-] (DeleteServersAdminTestJSON:test_delete_server_while_in_error_state) Found network None available for tenant
2025-11-20 14:32:45.317 67574 INFO tempest.lib.common.rest_client [req-36551e47-f156-4315-ae9c-915cc49fd6a1 req-36551e47-f156-4315-ae9c-915cc49fd6a1 ] Request (AggregatesAdminNegativeTestJSON:test_aggregate_add_non_exist_host): 404 POST http://10.180.1.21/compute/v2.1/os-aggregates/3/action 1.684s
2025-11-20 14:32:45.374 67616 INFO tempest.lib.common.rest_client [req-ad31217e-236a-4031-a5d3-e1a35c1a1849 req-ad31217e-236a-4031-a5d3-e1a35c1a1849 ] Request (ServersAdmin275Test:test_rebuild_update_server_275): 200 GET http://10.180.1.21/compute/v2.1/servers/4cbcc6b3-19a5-4985-ab7e-a036068094eb 1.857s
2025-11-20 14:32:45.390 67616 INFO tempest.common.waiters [-] State transition "BUILD/spawning" ==> "ACTIVE/None" after 9 second wait
2025-11-20 14:32:45.403 67594 INFO tempest.lib.common.rest_client [req-7e6051a3-c8e5-4bf5-92b4-202dcda6f3a1 req-7e6051a3-c8e5-4bf5-92b4-202dcda6f3a1 ] Request (FlavorsAccessTestJSON:tearDownClass): 204 DELETE http://10.180.1.21/identity/v3/users/c156616e8ffc4ec2b28f2c153996c3c1 0.106s
2025-11-20 14:32:45.405 67582 INFO tempest.lib.common.rest_client [req-39b7e8f0-1eb6-44fb-b391-735d2533530f req-39b7e8f0-1eb6-44fb-b391-735d2533530f ] Request (ImagesMetadataNegativeTestJSON:tearDownClass): 204 DELETE http://10.180.1.21/identity/v3/users/9494c12c43834a9ba30341257ae113f4 0.145s
2025-11-20 14:32:45.406 67582 INFO tempest.lib.common.dynamic_creds [-] Deleting project and security group for project: 11d4264d831446e988dde1d91d8de45f
2025-11-20 14:32:45.412 67570 INFO tempest.lib.common.rest_client [req-eab129d3-aeee-4608-8d0d-f5139a2c82fd req-eab129d3-aeee-4608-8d0d-f5139a2c82fd ] Request (MultipleCreateTestJSON:_run_cleanups): 200 GET http://10.180.1.21/compute/v2.1/servers/7222ec1a-57a7-4427-9044-5d84ef315e3d 1.527s
2025-11-20 14:32:45.507 67594 INFO tempest.lib.common.rest_client [req-bb4bb767-f492-4582-8d47-9dae4422a85d req-bb4bb767-f492-4582-8d47-9dae4422a85d ] Request (FlavorsAccessTestJSON:tearDownClass): 204 DELETE http://10.180.1.21/identity/v3/users/da81b23c35d2452a9ebe918661f54d15 0.103s
2025-11-20 14:32:45.507 67594 INFO tempest.lib.common.dynamic_creds [-] Deleting project and security group for project: 2d435fc0d9794c2e9b65ec9b7886f77d
2025-11-20 14:32:45.547 67576 INFO tempest.lib.common.rest_client [req-58d9e4b4-303e-44ed-9b52-f753a5e40c0f req-58d9e4b4-303e-44ed-9b52-f753a5e40c0f ] Request (ServicesAdminNegativeTestJSON:test_list_services_with_non_admin_user): 403 GET http://10.180.1.21/compute/v2.1/os-services 1.631s
2025-11-20 14:32:45.570 67582 INFO tempest.lib.common.rest_client [req-c2c560e4-28b5-4175-8328-d853d611dde7 req-c2c560e4-28b5-4175-8328-d853d611dde7 ] Request (ImagesMetadataNegativeTestJSON:tearDownClass): 201 POST http://10.180.1.21/identity/v3/auth/tokens 0.164s
2025-11-20 14:32:45.605 67594 INFO tempest.lib.common.rest_client [req-b956fbca-62a5-402a-afcf-1092973dad9a req-b956fbca-62a5-402a-afcf-1092973dad9a ] Request (FlavorsAccessTestJSON:tearDownClass): 201 POST http://10.180.1.21/identity/v3/auth/tokens 0.098s
2025-11-20 14:32:45.684 67576 INFO tempest.lib.common.rest_client [req-b96323a3-162d-41a2-bd09-f638d6ab12c9 req-b96323a3-162d-41a2-bd09-f638d6ab12c9 ] Request (ServicesAdminNegativeTestJSON:tearDownClass): 204 DELETE http://10.180.1.21/identity/v3/users/d559ebb03be64175be74c397ddbe4ae8 0.135s
2025-11-20 14:32:45.803 67596 INFO tempest.lib.common.rest_client [req-4d563dc7-8fab-437c-bacf-6a4568791d4f req-4d563dc7-8fab-437c-bacf-6a4568791d4f ] Request (QuotasAdminTestV257:test_get_updated_quotas): 200 PUT http://10.180.1.21/compute/v2.1/os-quota-sets/40ae6a51afa749b4afdd0c45130d47ce?user_id=14d3c16ab0d0437cb807d15974246143 1.816s
2025-11-20 14:32:45.831 67576 INFO tempest.lib.common.rest_client [req-85ef2041-9267-4395-8ab6-a8a4c2689834 req-85ef2041-9267-4395-8ab6-a8a4c2689834 ] Request (ServicesAdminNegativeTestJSON:tearDownClass): 204 DELETE http://10.180.1.21/identity/v3/users/54b8e68c02be4a8197831cdcae4fe2fb 0.147s
2025-11-20 14:32:45.831 67576 INFO tempest.lib.common.dynamic_creds [-] Deleting project and security group for project: e917a3efd6114ad085eec441596c9ce4
2025-11-20 14:32:45.868 67582 INFO tempest.lib.common.rest_client [req-31d73eba-863d-43ec-a000-3c8a7cb5232d req-31d73eba-863d-43ec-a000-3c8a7cb5232d ] Request (ImagesMetadataNegativeTestJSON:tearDownClass): 200 GET http://10.180.1.21/networking/v2.0/security-groups?tenant_id=11d4264d831446e988dde1d91d8de45f&name=default 0.296s
2025-11-20 14:32:45.881 67594 INFO tempest.lib.common.rest_client [req-6a1cc053-1e04-465e-85f8-4673563c37d3 req-6a1cc053-1e04-465e-85f8-4673563c37d3 ] Request (FlavorsAccessTestJSON:tearDownClass): 200 GET http://10.180.1.21/networking/v2.0/security-groups?tenant_id=2d435fc0d9794c2e9b65ec9b7886f77d&name=default 0.276s
2025-11-20 14:32:45.896 67576 INFO tempest.lib.common.rest_client [req-c6d13843-8d66-487f-b718-89cc9407240b req-c6d13843-8d66-487f-b718-89cc9407240b ] Request (ServicesAdminNegativeTestJSON:tearDownClass): 201 POST http://10.180.1.21/identity/v3/auth/tokens 0.065s
2025-11-20 14:32:45.901 67614 INFO tempest.lib.common.rest_client [req-d674c673-e35d-4bb5-8fdf-0bf269288092 req-d674c673-e35d-4bb5-8fdf-0bf269288092 ] Request (VolumesAdminNegativeTest:test_update_attached_volume_with_nonexistent_volume_in_uri): 200 GET http://10.180.1.21/compute/v2.1/servers/a5b5284b-dac9-4288-a782-211b3524975b 1.867s
2025-11-20 14:32:45.907 67630 INFO tempest.lib.common.rest_client [req-827a18f1-c2c3-4786-ae34-dc2a47940ab9 req-827a18f1-c2c3-4786-ae34-dc2a47940ab9 ] Request (InstanceActionsV221TestJSON:test_get_list_deleted_instance_actions): 200 GET http://10.180.1.21/compute/v2.1/servers/ac440532-57bc-4566-9ecf-f3dcc49f2633 1.761s
2025-11-20 14:32:45.910 67614 INFO tempest.common.waiters [-] State transition "BUILD/spawning" ==> "ACTIVE/None" after 19 second wait
2025-11-20 14:32:45.921 67602 INFO tempest.lib.common.rest_client [req-bbf7667d-a534-467c-9257-caaf0adb62b5 req-bbf7667d-a534-467c-9257-caaf0adb62b5 ] Request (ServersTestBootFromVolume:setUpClass): 200 GET http://10.180.1.21/volume/v3/volumes/bbf92096-603d-46a5-88e0-9879c78b2862 0.034s
2025-11-20 14:32:45.942 67572 INFO tempest.lib.common.rest_client [req-fd9dad24-e53c-4cbd-993e-d218423cd7c2 req-fd9dad24-e53c-4cbd-993e-d218423cd7c2 ] Request (ImagesMetadataTestJSON:setUpClass): 200 GET http://10.180.1.21/compute/v2.1/images/1bb3099f-5d4e-4b16-af41-98cce0819b4c 1.744s
2025-11-20 14:32:45.990 67582 INFO tempest.lib.common.rest_client [req-39f19eba-d716-4e67-bbf2-ed1d261fcd3e req-39f19eba-d716-4e67-bbf2-ed1d261fcd3e ] Request (ImagesMetadataNegativeTestJSON:tearDownClass): 204 DELETE http://10.180.1.21/networking/v2.0/security-groups/7931c81a-7e5d-4117-ba1f-17639694167e 0.122s
2025-11-20 14:32:46.026 67594 INFO tempest.lib.common.rest_client [req-8d6a8d13-9cca-4b45-8d7a-c063f5a04dcb req-8d6a8d13-9cca-4b45-8d7a-c063f5a04dcb ] Request (FlavorsAccessTestJSON:tearDownClass): 204 DELETE http://10.180.1.21/networking/v2.0/security-groups/5354cb2e-823c-4165-b6f3-574a421f7302 0.144s
2025-11-20 14:32:46.098 67582 INFO tempest.lib.common.rest_client [req-68fec803-373f-4291-9c22-50833706bb36 req-68fec803-373f-4291-9c22-50833706bb36 ] Request (ImagesMetadataNegativeTestJSON:tearDownClass): 204 DELETE http://10.180.1.21/identity/v3/projects/11d4264d831446e988dde1d91d8de45f 0.107s
2025-11-20 14:32:46.106 67614 INFO tempest.lib.common.rest_client [req-5a79aa45-a507-4a8d-bcd3-660679b8c19c req-5a79aa45-a507-4a8d-bcd3-660679b8c19c ] Request (VolumesAdminNegativeTest:test_update_attached_volume_with_nonexistent_volume_in_uri): 202 POST http://10.180.1.21/volume/v3/volumes 0.195s
2025-11-20 14:32:46.160 67614 INFO tempest.lib.common.rest_client [req-7b702b36-333f-4085-a6d8-c589764472ee req-7b702b36-333f-4085-a6d8-c589764472ee ] Request (VolumesAdminNegativeTest:test_update_attached_volume_with_nonexistent_volume_in_uri): 200 GET http://10.180.1.21/volume/v3/volumes/c1c93dba-dc3f-4461-9196-adbb4c1b8b24 0.045s
2025-11-20 14:32:46.191 67582 INFO tempest.lib.common.rest_client [req-3e3921bf-6931-4049-8c92-b0fdf1d87c0e req-3e3921bf-6931-4049-8c92-b0fdf1d87c0e ] Request (ServerShowV247Test:setUpClass): 201 POST http://10.180.1.21/identity/v3/auth/tokens 0.091s
2025-11-20 14:32:46.224 67594 INFO tempest.lib.common.rest_client [req-644c173b-51d0-4dbd-bda8-ce714762a2eb req-644c173b-51d0-4dbd-bda8-ce714762a2eb ] Request (FlavorsAccessTestJSON:tearDownClass): 204 DELETE http://10.180.1.21/identity/v3/projects/2d435fc0d9794c2e9b65ec9b7886f77d 0.197s
2025-11-20 14:32:46.225 67594 INFO tempest.lib.common.dynamic_creds [-] Deleting project and security group for project: fea9e27fe4c34ab196de435054fb14e9
2025-11-20 14:32:46.228 67576 INFO tempest.lib.common.rest_client [req-2df087a5-b9e2-441b-a376-6dc8e7d4dc46 req-2df087a5-b9e2-441b-a376-6dc8e7d4dc46 ] Request (ServicesAdminNegativeTestJSON:tearDownClass): 200 GET http://10.180.1.21/networking/v2.0/security-groups?tenant_id=e917a3efd6114ad085eec441596c9ce4&name=default 0.331s
2025-11-20 14:32:46.267 67582 INFO tempest.lib.common.rest_client [req-4d328368-3b84-4eda-958f-a25fdf5c6d9d req-4d328368-3b84-4eda-958f-a25fdf5c6d9d ] Request (ServerShowV247Test:setUpClass): 201 POST http://10.180.1.21/identity/v3/auth/tokens 0.073s
2025-11-20 14:32:46.299 67582 INFO tempest.lib.common.rest_client [req-072183c9-5599-415e-8caa-4882d87bc6e6 req-072183c9-5599-415e-8caa-4882d87bc6e6 ] Request (ServerShowV247Test:setUpClass): 200 GET http://10.180.1.21/identity/v3/domains?name=Default 0.031s
2025-11-20 14:32:46.323 67626 INFO tempest.lib.common.rest_client [req-80641c9d-b5d0-47ca-b11c-ce6660d1ee1f req-80641c9d-b5d0-47ca-b11c-ce6660d1ee1f ] Request (SecurityGroupsTestAdminJSON:_run_cleanups): 202 DELETE http://10.180.1.21/compute/v2.1/os-security-groups/89d031fd-d061-4d85-ae57-74d1003f8a62 2.026s
2025-11-20 14:32:46.334 67582 INFO tempest.lib.common.rest_client [req-0952beaf-3ce5-44b8-b824-e133de5ffa46 req-0952beaf-3ce5-44b8-b824-e133de5ffa46 ] Request (ServerShowV247Test:setUpClass): 201 POST http://10.180.1.21/identity/v3/projects 0.034s
2025-11-20 14:32:46.349 67624 INFO tempest.lib.common.rest_client [req-9b08af35-1f43-4c55-96b8-0b900ebd5949 req-9b08af35-1f43-4c55-96b8-0b900ebd5949 ] Request (FlavorsAccessNegativeTestJSON:test_flavor_non_admin_add): 200 POST http://10.180.1.21/compute/v2.1/flavors 2.011s
2025-11-20 14:32:46.376 67568 INFO tempest.lib.common.rest_client [req-e7176bba-2a61-49a9-ab86-742a9e168652 req-e7176bba-2a61-49a9-ab86-742a9e168652 ] Request (FlavorsAdminTestJSON:_run_cleanups): 202 DELETE http://10.180.1.21/compute/v2.1/flavors/279ae8dc-3afe-4510-9dbe-337295f426a8 2.008s
2025-11-20 14:32:46.397 67582 INFO tempest.lib.common.rest_client [req-a1f8a87f-e8f5-4d64-864c-6c0182fc7e47 req-a1f8a87f-e8f5-4d64-864c-6c0182fc7e47 ] Request (ServerShowV247Test:setUpClass): 201 POST http://10.180.1.21/identity/v3/users 0.063s
2025-11-20 14:32:46.421 67582 INFO tempest.lib.common.rest_client [req-b5eb8629-377f-4544-ba72-fcc050ef6f5d req-b5eb8629-377f-4544-ba72-fcc050ef6f5d ] Request (ServerShowV247Test:setUpClass): 200 GET http://10.180.1.21/identity/v3/roles 0.023s
2025-11-20 14:32:46.457 67594 INFO tempest.lib.common.rest_client [req-1b6cc1bd-0f18-43f7-be69-25ca1f286ad0 req-1b6cc1bd-0f18-43f7-be69-25ca1f286ad0 ] Request (FlavorsAccessTestJSON:tearDownClass): 200 GET http://10.180.1.21/networking/v2.0/security-groups?tenant_id=fea9e27fe4c34ab196de435054fb14e9&name=default 0.232s
2025-11-20 14:32:46.458 67626 INFO tempest.lib.common.rest_client [req-b501819b-c954-4a82-bdd7-b12fb9cf81e2 req-b501819b-c954-4a82-bdd7-b12fb9cf81e2 ] Request (SecurityGroupsTestAdminJSON:tearDownClass): 204 DELETE http://10.180.1.21/identity/v3/users/15ea5cfb66c142f1a6a1bf3d15377279 0.130s
2025-11-20 14:32:46.495 67582 INFO tempest.lib.common.rest_client [req-1036c6d3-fae3-4d0c-b414-b152220624d8 req-1036c6d3-fae3-4d0c-b414-b152220624d8 ] Request (ServerShowV247Test:setUpClass): 204 PUT http://10.180.1.21/identity/v3/projects/146dce4dfd424a9aa5d06c1c31507485/users/16aa72ee025e43bdb3d689559cace5fa/roles/1e0d249f77b04192a9ee71c8de6bbd46 0.073s
2025-11-20 14:32:46.495 67582 INFO tempest.lib.common.dynamic_creds [-] Dynamic test user 16aa72ee025e43bdb3d689559cace5fa is created with scope project and roles: ['member']
2025-11-20 14:32:46.495 67582 INFO tempest.lib.common.dynamic_creds [-] Acquired dynamic creds: credentials: Credentials: {'domain_id': 'default', 'domain_name': 'Default', 'username': 'tempest-ServerShowV247Test-1637733216-project-member', 'project_domain_id': 'default', 'project_domain_name': 'Default', 'project_id': '146dce4dfd424a9aa5d06c1c31507485', 'project_name': 'tempest-ServerShowV247Test-1637733216', 'tenant_id': '146dce4dfd424a9aa5d06c1c31507485', 'tenant_name': 'tempest-ServerShowV247Test-1637733216', 'user_domain_id': 'default', 'user_domain_name': 'Default', 'user_id': '16aa72ee025e43bdb3d689559cace5fa', 'system': None}, Network: None, Subnet: None, Router: None
2025-11-20 14:32:46.496 67582 INFO tempest.lib.common.dynamic_creds [-] Created isolated network resources for: credentials: Credentials: {'domain_id': 'default', 'domain_name': 'Default', 'username': 'tempest-ServerShowV247Test-1637733216-project-member', 'project_domain_id': 'default', 'project_domain_name': 'Default', 'project_id': '146dce4dfd424a9aa5d06c1c31507485', 'project_name': 'tempest-ServerShowV247Test-1637733216', 'tenant_id': '146dce4dfd424a9aa5d06c1c31507485', 'tenant_name': 'tempest-ServerShowV247Test-1637733216', 'user_domain_id': 'default', 'user_domain_name': 'Default', 'user_id': '16aa72ee025e43bdb3d689559cace5fa', 'system': None}, Network: None, Subnet: None, Router: None
2025-11-20 14:32:46.541 67576 INFO tempest.lib.common.rest_client [req-3bb5fd7e-4423-4cb3-98b9-e8ee6e0b7f4e req-3bb5fd7e-4423-4cb3-98b9-e8ee6e0b7f4e ] Request (ServicesAdminNegativeTestJSON:tearDownClass): 204 DELETE http://10.180.1.21/networking/v2.0/security-groups/c7d02bf1-e719-4c57-9392-ba5f6f2f05fc 0.312s
2025-11-20 14:32:46.579 67582 INFO tempest.lib.common.rest_client [req-08131b6e-781f-45b6-a37e-0547a4d91cf1 req-08131b6e-781f-45b6-a37e-0547a4d91cf1 ] Request (ServerShowV247Test:setUpClass): 201 POST http://10.180.1.21/identity/v3/auth/tokens 0.078s
2025-11-20 14:32:46.590 67590 INFO tempest.lib.common.rest_client [req-4ffc3843-257e-4f88-a8a8-c96f5f720945 req-4ffc3843-257e-4f88-a8a8-c96f5f720945 ] Request (SecurityGroupsTestJSON:test_list_security_groups_by_server): 200 GET http://10.180.1.21/compute/v2.1/servers/a22dd827-be28-484a-bc29-f1eab4b28ed6 2.178s
2025-11-20 14:32:46.623 67620 INFO tempest.lib.common.rest_client [req-e29d8513-7536-4e5a-8393-60f96835d1e0 req-e29d8513-7536-4e5a-8393-60f96835d1e0 ] Request (ImagesNegativeTestJSON:test_create_image_from_deleted_server): 404 GET http://10.180.1.21/compute/v2.1/servers/c348c51b-79e0-4398-b59d-16390554f360 2.167s
2025-11-20 14:32:46.629 67626 INFO tempest.lib.common.rest_client [req-d94ccd0f-d847-4bd8-a6f4-a669e2c76d35 req-d94ccd0f-d847-4bd8-a6f4-a669e2c76d35 ] Request (SecurityGroupsTestAdminJSON:tearDownClass): 204 DELETE http://10.180.1.21/identity/v3/users/16f6d141eca24527b5add1d0c37e5359 0.170s
2025-11-20 14:32:46.630 67626 INFO tempest.lib.common.dynamic_creds [-] Deleting project and security group for project: 24d620172ce34931abf6a9545401e88b
2025-11-20 14:32:46.695 67582 INFO tempest.lib.common.rest_client [req-4cb18d9d-1f9a-40d2-89af-7baadb29fb5a req-4cb18d9d-1f9a-40d2-89af-7baadb29fb5a ] Request (ServerShowV247Test:setUpClass): 200 GET http://10.180.1.21/identity/v3/projects/146dce4dfd424a9aa5d06c1c31507485 0.114s
2025-11-20 14:32:46.695 67582 INFO tempest.lib.common.dynamic_creds [-] Using the existing project 146dce4dfd424a9aa5d06c1c31507485 for scope project and roles: ['reader']
2025-11-20 14:32:46.745 67594 INFO tempest.lib.common.rest_client [req-4a9312e4-2a4c-427a-b73b-2b48f01a91bd req-4a9312e4-2a4c-427a-b73b-2b48f01a91bd ] Request (FlavorsAccessTestJSON:tearDownClass): 204 DELETE http://10.180.1.21/networking/v2.0/security-groups/62502a50-09bf-454f-973a-d9734329329c 0.287s
2025-11-20 14:32:46.757 67576 INFO tempest.lib.common.rest_client [req-0ce4e9e8-db48-47e9-959e-0f145deac8a6 req-0ce4e9e8-db48-47e9-959e-0f145deac8a6 ] Request (ServicesAdminNegativeTestJSON:tearDownClass): 204 DELETE http://10.180.1.21/identity/v3/projects/e917a3efd6114ad085eec441596c9ce4 0.216s
2025-11-20 14:32:46.758 67576 INFO tempest.lib.common.dynamic_creds [-] Deleting project and security group for project: 2b471efacd60473eb1e447dc77f5f0b7
2025-11-20 14:32:46.767 67618 INFO tempest.lib.common.rest_client [req-815931e5-7cbc-4885-a5f5-f462898218f6 req-815931e5-7cbc-4885-a5f5-f462898218f6 ] Request (SecurityGroupRulesNegativeTestJSON:test_create_security_group_rule_with_invalid_ip_protocol): 400 POST http://10.180.1.21/compute/v2.1/os-security-group-rules 2.201s
2025-11-20 14:32:46.775 67626 INFO tempest.lib.common.rest_client [req-0bbeb7d4-b860-47da-9ae9-556e1a0d2520 req-0bbeb7d4-b860-47da-9ae9-556e1a0d2520 ] Request (SecurityGroupsTestAdminJSON:tearDownClass): 201 POST http://10.180.1.21/identity/v3/auth/tokens 0.145s
2025-11-20 14:32:46.835 67582 INFO tempest.lib.common.rest_client [req-39b32ff9-bfc3-44f2-a135-ec8d2b338ab5 req-39b32ff9-bfc3-44f2-a135-ec8d2b338ab5 ] Request (ServerShowV247Test:setUpClass): 201 POST http://10.180.1.21/identity/v3/users 0.139s
2025-11-20 14:32:46.844 67594 INFO tempest.lib.common.rest_client [req-cde926f6-445b-4c73-8bfc-e500caa0afd1 req-cde926f6-445b-4c73-8bfc-e500caa0afd1 ] Request (FlavorsAccessTestJSON:tearDownClass): 204 DELETE http://10.180.1.21/identity/v3/projects/fea9e27fe4c34ab196de435054fb14e9 0.098s
2025-11-20 14:32:46.887 67576 INFO tempest.lib.common.rest_client [req-1eafb2aa-dcb2-4deb-ab5c-7209e2ccac09 req-1eafb2aa-dcb2-4deb-ab5c-7209e2ccac09 ] Request (ServicesAdminNegativeTestJSON:tearDownClass): 200 GET http://10.180.1.21/networking/v2.0/security-groups?tenant_id=2b471efacd60473eb1e447dc77f5f0b7&name=default 0.129s
2025-11-20 14:32:46.901 67582 INFO tempest.lib.common.rest_client [req-1a8538d3-c365-47d3-93e7-4717a4187bc2 req-1a8538d3-c365-47d3-93e7-4717a4187bc2 ] Request (ServerShowV247Test:setUpClass): 200 GET http://10.180.1.21/identity/v3/roles 0.065s
2025-11-20 14:32:46.926 67594 INFO tempest.lib.common.rest_client [req-463948d3-1b71-4d7e-b2fa-496ff6b0a2c0 req-463948d3-1b71-4d7e-b2fa-496ff6b0a2c0 ] Request (FloatingIPDetailsNegativeTestJSON:setUpClass): 201 POST http://10.180.1.21/identity/v3/auth/tokens 0.081s
2025-11-20 14:32:46.962 67602 INFO tempest.lib.common.rest_client [req-8fd75f22-5d39-4656-b66f-b9061bc80665 req-8fd75f22-5d39-4656-b66f-b9061bc80665 ] Request (ServersTestBootFromVolume:setUpClass): 200 GET http://10.180.1.21/volume/v3/volumes/bbf92096-603d-46a5-88e0-9879c78b2862 0.031s
2025-11-20 14:32:46.988 67582 INFO tempest.lib.common.rest_client [req-759e7fad-1d9b-4f95-b9b4-6767ebdd0788 req-759e7fad-1d9b-4f95-b9b4-6767ebdd0788 ] Request (ServerShowV247Test:setUpClass): 204 PUT http://10.180.1.21/identity/v3/projects/146dce4dfd424a9aa5d06c1c31507485/users/97eb33b541664cf385e2f6d613a67340/roles/f2785697813643b58db327ef174ab614 0.086s
2025-11-20 14:32:46.988 67582 INFO tempest.lib.common.dynamic_creds [-] Dynamic test user 97eb33b541664cf385e2f6d613a67340 is created with scope project and roles: ['reader']
2025-11-20 14:32:46.988 67582 INFO tempest.lib.common.dynamic_creds [-] Acquired dynamic creds: credentials: Credentials: {'domain_id': 'default', 'domain_name': 'Default', 'username': 'tempest-ServerShowV247Test-1637733216-project-reader', 'project_domain_id': 'default', 'project_domain_name': 'Default', 'project_id': '146dce4dfd424a9aa5d06c1c31507485', 'project_name': 'tempest-ServerShowV247Test-1637733216', 'tenant_id': '146dce4dfd424a9aa5d06c1c31507485', 'tenant_name': 'tempest-ServerShowV247Test-1637733216', 'user_domain_id': 'default', 'user_domain_name': 'Default', 'user_id': '97eb33b541664cf385e2f6d613a67340', 'system': None}, Network: None, Subnet: None, Router: None
2025-11-20 14:32:46.988 67582 INFO tempest.lib.common.dynamic_creds [-] Network resources are not created for requested scope: project and credentials: Credentials: {'domain_id': 'default', 'domain_name': 'Default', 'username': 'tempest-ServerShowV247Test-1637733216-project-reader', 'project_domain_id': 'default', 'project_domain_name': 'Default', 'project_id': '146dce4dfd424a9aa5d06c1c31507485', 'project_name': 'tempest-ServerShowV247Test-1637733216', 'tenant_id': '146dce4dfd424a9aa5d06c1c31507485', 'tenant_name': 'tempest-ServerShowV247Test-1637733216', 'user_domain_id': 'default', 'user_domain_name': 'Default', 'user_id': '97eb33b541664cf385e2f6d613a67340', 'system': None}, Network: None, Subnet: None, Router: None
2025-11-20 14:32:47.003 67592 INFO tempest.lib.common.rest_client [req-ce02a9f4-1a77-4ebd-a286-9e7ec6f7a485 req-ce02a9f4-1a77-4ebd-a286-9e7ec6f7a485 ] Request (ServersWithSpecificFlavorTestJSON:test_verify_created_server_ephemeral_disk): 202 POST http://10.180.1.21/compute/v2.1/servers 2.762s
2025-11-20 14:32:47.011 67626 INFO tempest.lib.common.rest_client [req-f2b47da2-8b8b-4e77-87ce-dc74e125d7d4 req-f2b47da2-8b8b-4e77-87ce-dc74e125d7d4 ] Request (SecurityGroupsTestAdminJSON:tearDownClass): 200 GET http://10.180.1.21/networking/v2.0/security-groups?tenant_id=24d620172ce34931abf6a9545401e88b&name=default 0.235s
2025-11-20 14:32:47.020 67576 INFO tempest.lib.common.rest_client [req-c15afbb5-e759-4b4b-9fe1-df23b960de6d req-c15afbb5-e759-4b4b-9fe1-df23b960de6d ] Request (ServicesAdminNegativeTestJSON:tearDownClass): 204 DELETE http://10.180.1.21/networking/v2.0/security-groups/26a14257-f818-496c-b8c4-42c8395b28ba 0.133s
2025-11-20 14:32:47.052 67594 INFO tempest.lib.common.rest_client [req-32b4c727-d61e-4a02-b824-abd988f051aa req-32b4c727-d61e-4a02-b824-abd988f051aa ] Request (FloatingIPDetailsNegativeTestJSON:setUpClass): 201 POST http://10.180.1.21/identity/v3/auth/tokens 0.121s
2025-11-20 14:32:47.073 67582 INFO tempest.lib.common.rest_client [req-042e88e4-b1a0-4157-a0dc-318aeaec1502 req-042e88e4-b1a0-4157-a0dc-318aeaec1502 ] Request (ServerShowV247Test:setUpClass): 201 POST http://10.180.1.21/identity/v3/auth/tokens 0.082s
2025-11-20 14:32:47.107 67576 INFO tempest.lib.common.rest_client [req-1ffdfbd9-33f6-46bf-b052-e71bc829f145 req-1ffdfbd9-33f6-46bf-b052-e71bc829f145 ] Request (ServicesAdminNegativeTestJSON:tearDownClass): 204 DELETE http://10.180.1.21/identity/v3/projects/2b471efacd60473eb1e447dc77f5f0b7 0.086s
2025-11-20 14:32:47.120 67626 INFO tempest.lib.common.rest_client [req-704f0404-47bd-414c-9a8a-747db258f75d req-704f0404-47bd-414c-9a8a-747db258f75d ] Request (SecurityGroupsTestAdminJSON:tearDownClass): 204 DELETE http://10.180.1.21/networking/v2.0/security-groups/754ad2c6-86d1-4404-86ad-721381deab34 0.108s
2025-11-20 14:32:47.155 67594 INFO tempest.lib.common.rest_client [req-e832128c-bcb0-4dfe-9be1-a3185a182e4a req-e832128c-bcb0-4dfe-9be1-a3185a182e4a ] Request (FloatingIPDetailsNegativeTestJSON:setUpClass): 200 GET http://10.180.1.21/identity/v3/domains?name=Default 0.102s
2025-11-20 14:32:47.204 67612 INFO tempest.lib.common.rest_client [req-2c30a134-490e-48e4-bb0d-4cde1b521fe4 req-2c30a134-490e-48e4-bb0d-4cde1b521fe4 ] Request (ServerExternalEventsTest:test_create_server_external_events): 202 POST http://10.180.1.21/compute/v2.1/servers 2.614s
2025-11-20 14:32:47.214 67614 INFO tempest.lib.common.rest_client [req-5856262c-d228-40fe-b4ca-2d6a74a49dba req-5856262c-d228-40fe-b4ca-2d6a74a49dba ] Request (VolumesAdminNegativeTest:test_update_attached_volume_with_nonexistent_volume_in_uri): 200 GET http://10.180.1.21/volume/v3/volumes/c1c93dba-dc3f-4461-9196-adbb4c1b8b24 0.044s
2025-11-20 14:32:47.224 67614 INFO tempest.common.waiters [-] volume c1c93dba-dc3f-4461-9196-adbb4c1b8b24 reached available after waiting for 1.224178 seconds
2025-11-20 14:32:47.235 67582 INFO tempest.lib.common.rest_client [req-3894c450-fc0d-48fb-b1bf-eada96bbcaf9 req-3894c450-fc0d-48fb-b1bf-eada96bbcaf9 ] Request (ServerShowV247Test:test_show_server): 201 POST http://10.180.1.21/identity/v3/auth/tokens 0.157s
2025-11-20 14:32:47.236 67582 INFO tempest.lib.common.fixed_network [-] (ServerShowV247Test:test_show_server) Found network None available for tenant
2025-11-20 14:32:47.239 67576 INFO tempest.lib.common.rest_client [req-5cfcaac1-4b17-491a-ba59-911fbe0cac26 req-5cfcaac1-4b17-491a-ba59-911fbe0cac26 ] Request (FlavorsV2NegativeTest:setUpClass): 201 POST http://10.180.1.21/identity/v3/auth/tokens 0.130s
2025-11-20 14:32:47.264 67588 INFO tempest.lib.common.rest_client [req-db135097-0e8f-497d-af57-593fa6f54955 req-db135097-0e8f-497d-af57-593fa6f54955 ] Request (QuotasAdminNegativeTest:test_create_server_when_cpu_quota_is_full): 200 PUT http://10.180.1.21/compute/v2.1/os-quota-sets/dd1975b8d2a846158cd72bf279e21623 2.206s
2025-11-20 14:32:47.269 67580 INFO tempest.lib.common.rest_client [req-11bce3ec-a0f9-4060-ac1d-dc24023de522 req-11bce3ec-a0f9-4060-ac1d-dc24023de522 ] Request (HostsAdminNegativeTestJSON:test_update_host_with_non_admin_user): 403 PUT http://10.180.1.21/compute/v2.1/os-hosts/devstack 2.053s
2025-11-20 14:32:47.275 67594 INFO tempest.lib.common.rest_client [req-f3edd7b8-5d8a-4e4e-bafb-7584617d2193 req-f3edd7b8-5d8a-4e4e-bafb-7584617d2193 ] Request (FloatingIPDetailsNegativeTestJSON:setUpClass): 201 POST http://10.180.1.21/identity/v3/projects 0.119s
2025-11-20 14:32:47.300 67626 INFO tempest.lib.common.rest_client [req-ec30405e-ea6c-465d-b01e-df7c0215635d req-ec30405e-ea6c-465d-b01e-df7c0215635d ] Request (SecurityGroupsTestAdminJSON:tearDownClass): 204 DELETE http://10.180.1.21/identity/v3/projects/24d620172ce34931abf6a9545401e88b 0.180s
2025-11-20 14:32:47.301 67626 INFO tempest.lib.common.dynamic_creds [-] Deleting project and security group for project: 559b7ca97e5a4a808e5afc6e3560ad0c
2025-11-20 14:32:47.329 67626 INFO tempest.lib.common.rest_client [req-41b21bfa-0d0d-4213-8cc0-7890553bad11 req-41b21bfa-0d0d-4213-8cc0-7890553bad11 ] Request (SecurityGroupsTestAdminJSON:tearDownClass): 200 GET http://10.180.1.21/networking/v2.0/security-groups?tenant_id=559b7ca97e5a4a808e5afc6e3560ad0c&name=default 0.028s
2025-11-20 14:32:47.352 67586 INFO tempest.lib.common.rest_client [req-21125b9b-f681-4a5c-a6d3-dc13edc112dd req-21125b9b-f681-4a5c-a6d3-dc13edc112dd ] Request (ServerDiagnosticsV248Test:tearDownClass): 204 DELETE http://10.180.1.21/compute/v2.1/servers/396d1be5-c4bc-4696-a350-863bcb178c52 2.131s
2025-11-20 14:32:47.363 67576 INFO tempest.lib.common.rest_client [req-b2beece1-9350-4b9f-a91f-31ae0110f1e7 req-b2beece1-9350-4b9f-a91f-31ae0110f1e7 ] Request (FlavorsV2NegativeTest:setUpClass): 201 POST http://10.180.1.21/identity/v3/auth/tokens 0.117s
2025-11-20 14:32:47.442 67594 INFO tempest.lib.common.rest_client [req-f591a93f-3994-4bda-bce1-ed0dc315054d req-f591a93f-3994-4bda-bce1-ed0dc315054d ] Request (FloatingIPDetailsNegativeTestJSON:setUpClass): 201 POST http://10.180.1.21/identity/v3/users 0.167s
2025-11-20 14:32:47.445 67588 INFO tempest.lib.common.rest_client [req-f1c0b918-bc61-4202-b441-ee22b83cb805 req-f1c0b918-bc61-4202-b441-ee22b83cb805 ] Request (QuotasAdminNegativeTest:test_create_server_when_cpu_quota_is_full): 201 POST http://10.180.1.21/identity/v3/auth/tokens 0.174s
2025-11-20 14:32:47.445 67588 INFO tempest.lib.common.fixed_network [-] (QuotasAdminNegativeTest:test_create_server_when_cpu_quota_is_full) Found network None available for tenant
2025-11-20 14:32:47.451 67626 INFO tempest.lib.common.rest_client [req-1a559449-7795-4969-ac2c-a0d24a0fa42c req-1a559449-7795-4969-ac2c-a0d24a0fa42c ] Request (SecurityGroupsTestAdminJSON:tearDownClass): 204 DELETE http://10.180.1.21/networking/v2.0/security-groups/e3d8f35b-0a9a-471f-bb22-cc18107cc36a 0.122s
2025-11-20 14:32:47.463 67576 INFO tempest.lib.common.rest_client [req-7c66b850-4656-42a8-af5b-bb6dae6bde40 req-7c66b850-4656-42a8-af5b-bb6dae6bde40 ] Request (FlavorsV2NegativeTest:setUpClass): 200 GET http://10.180.1.21/identity/v3/domains?name=Default 0.099s
2025-11-20 14:32:47.470 67594 INFO tempest.lib.common.rest_client [req-e9367022-d244-4cac-bdc5-827915e83923 req-e9367022-d244-4cac-bdc5-827915e83923 ] Request (FloatingIPDetailsNegativeTestJSON:setUpClass): 200 GET http://10.180.1.21/identity/v3/roles 0.028s
2025-11-20 14:32:47.499 67576 INFO tempest.lib.common.rest_client [req-39e7a716-1e1a-4b69-83e0-75bbb36c3989 req-39e7a716-1e1a-4b69-83e0-75bbb36c3989 ] Request (FlavorsV2NegativeTest:setUpClass): 201 POST http://10.180.1.21/identity/v3/projects 0.036s
2025-11-20 14:32:47.536 67600 INFO tempest.lib.common.rest_client [req-8d385198-9215-4e64-acdf-72ed3f042978 req-8d385198-9215-4e64-acdf-72ed3f042978 ] Request (ServersTestManualDisk:setUpClass): 200 GET http://10.180.1.21/compute/v2.1/servers/2de93845-c835-4f5a-bab1-57d743c85fc5/os-interface 2.263s
2025-11-20 14:32:47.540 67626 INFO tempest.lib.common.rest_client [req-888d2217-4fc0-4732-9420-a05ed21fc20e req-888d2217-4fc0-4732-9420-a05ed21fc20e ] Request (SecurityGroupsTestAdminJSON:tearDownClass): 204 DELETE http://10.180.1.21/identity/v3/projects/559b7ca97e5a4a808e5afc6e3560ad0c 0.088s
2025-11-20 14:32:47.609 67594 INFO tempest.lib.common.rest_client [req-a2c0dd97-9003-49f4-923e-1001971e3df6 req-a2c0dd97-9003-49f4-923e-1001971e3df6 ] Request (FloatingIPDetailsNegativeTestJSON:setUpClass): 204 PUT http://10.180.1.21/identity/v3/projects/4e9b4334780b4a06b703fc6831d94a91/users/42c2f4b6df8241cf8418257d41e96069/roles/1e0d249f77b04192a9ee71c8de6bbd46 0.137s
2025-11-20 14:32:47.609 67594 INFO tempest.lib.common.dynamic_creds [-] Dynamic test user 42c2f4b6df8241cf8418257d41e96069 is created with scope project and roles: ['member']
2025-11-20 14:32:47.610 67594 INFO tempest.lib.common.dynamic_creds [-] Acquired dynamic creds: credentials: Credentials: {'domain_id': 'default', 'domain_name': 'Default', 'username': 'tempest-FloatingIPDetailsNegativeTestJSON-1264271511-project-member', 'project_domain_id': 'default', 'project_domain_name': 'Default', 'project_id': '4e9b4334780b4a06b703fc6831d94a91', 'project_name': 'tempest-FloatingIPDetailsNegativeTestJSON-1264271511', 'tenant_id': '4e9b4334780b4a06b703fc6831d94a91', 'tenant_name': 'tempest-FloatingIPDetailsNegativeTestJSON-1264271511', 'user_domain_id': 'default', 'user_domain_name': 'Default', 'user_id': '42c2f4b6df8241cf8418257d41e96069', 'system': None}, Network: None, Subnet: None, Router: None
2025-11-20 14:32:47.610 67576 INFO tempest.lib.common.rest_client [req-7bc70da9-2d4f-4fe1-a6c3-ecd23a23bf15 req-7bc70da9-2d4f-4fe1-a6c3-ecd23a23bf15 ] Request (FlavorsV2NegativeTest:setUpClass): 201 POST http://10.180.1.21/identity/v3/users 0.110s
2025-11-20 14:32:47.668 67576 INFO tempest.lib.common.rest_client [req-234617d6-697a-4156-a0f5-616f7f83f0bb req-234617d6-697a-4156-a0f5-616f7f83f0bb ] Request (FlavorsV2NegativeTest:setUpClass): 200 GET http://10.180.1.21/identity/v3/roles 0.058s
2025-11-20 14:32:47.705 67594 INFO tempest.lib.common.rest_client [req-9eba942e-5876-4ceb-8bc4-f0babd679e44 req-9eba942e-5876-4ceb-8bc4-f0babd679e44 ] Request (FloatingIPDetailsNegativeTestJSON:setUpClass): 201 POST http://10.180.1.21/identity/v3/auth/tokens 0.095s
2025-11-20 14:32:47.711 67626 INFO tempest.lib.common.rest_client [req-6807040e-9594-47de-a172-f83167c1e1e2 req-6807040e-9594-47de-a172-f83167c1e1e2 ] Request (TenantUsagesNegativeTestJSON:setUpClass): 201 POST http://10.180.1.21/identity/v3/auth/tokens 0.169s
2025-11-20 14:32:47.729 67576 INFO tempest.lib.common.rest_client [req-fe45c3eb-06fd-4fd7-9b51-0f5d8bc62a93 req-fe45c3eb-06fd-4fd7-9b51-0f5d8bc62a93 ] Request (FlavorsV2NegativeTest:setUpClass): 204 PUT http://10.180.1.21/identity/v3/projects/be89b42fafbf4055ba61588d708c905c/users/b646046fb3244d30a4ee14b9c5f24601/roles/1e0d249f77b04192a9ee71c8de6bbd46 0.060s
2025-11-20 14:32:47.730 67576 INFO tempest.lib.common.dynamic_creds [-] Dynamic test user b646046fb3244d30a4ee14b9c5f24601 is created with scope project and roles: ['member']
2025-11-20 14:32:47.730 67576 INFO tempest.lib.common.dynamic_creds [-] Acquired dynamic creds: credentials: Credentials: {'domain_id': 'default', 'domain_name': 'Default', 'username': 'tempest-FlavorsV2NegativeTest-1525822516-project-member', 'project_domain_id': 'default', 'project_domain_name': 'Default', 'project_id': 'be89b42fafbf4055ba61588d708c905c', 'project_name': 'tempest-FlavorsV2NegativeTest-1525822516', 'tenant_id': 'be89b42fafbf4055ba61588d708c905c', 'tenant_name': 'tempest-FlavorsV2NegativeTest-1525822516', 'user_domain_id': 'default', 'user_domain_name': 'Default', 'user_id': 'b646046fb3244d30a4ee14b9c5f24601', 'system': None}, Network: None, Subnet: None, Router: None
2025-11-20 14:32:47.730 67576 INFO tempest.lib.common.dynamic_creds [-] Created isolated network resources for: credentials: Credentials: {'domain_id': 'default', 'domain_name': 'Default', 'username': 'tempest-FlavorsV2NegativeTest-1525822516-project-member', 'project_domain_id': 'default', 'project_domain_name': 'Default', 'project_id': 'be89b42fafbf4055ba61588d708c905c', 'project_name': 'tempest-FlavorsV2NegativeTest-1525822516', 'tenant_id': 'be89b42fafbf4055ba61588d708c905c', 'tenant_name': 'tempest-FlavorsV2NegativeTest-1525822516', 'user_domain_id': 'default', 'user_domain_name': 'Default', 'user_id': 'b646046fb3244d30a4ee14b9c5f24601', 'system': None}, Network: None, Subnet: None, Router: None
2025-11-20 14:32:47.804 67626 INFO tempest.lib.common.rest_client [req-2a26634c-da08-4993-bc1c-f7bdf6018513 req-2a26634c-da08-4993-bc1c-f7bdf6018513 ] Request (TenantUsagesNegativeTestJSON:setUpClass): 201 POST http://10.180.1.21/identity/v3/auth/tokens 0.088s
2025-11-20 14:32:47.835 67576 INFO tempest.lib.common.rest_client [req-e2a373ba-49d4-4546-b4d2-a85843689dc9 req-e2a373ba-49d4-4546-b4d2-a85843689dc9 ] Request (FlavorsV2NegativeTest:setUpClass): 201 POST http://10.180.1.21/identity/v3/auth/tokens 0.094s
2025-11-20 14:32:47.838 67626 INFO tempest.lib.common.rest_client [req-63ad8c7f-a0ac-4474-9286-63fe3ac41cc9 req-63ad8c7f-a0ac-4474-9286-63fe3ac41cc9 ] Request (TenantUsagesNegativeTestJSON:setUpClass): 200 GET http://10.180.1.21/identity/v3/domains?name=Default 0.034s
2025-11-20 14:32:47.875 67626 INFO tempest.lib.common.rest_client [req-1e435fdf-209e-42df-b4e6-c9a5cd7bdd98 req-1e435fdf-209e-42df-b4e6-c9a5cd7bdd98 ] Request (TenantUsagesNegativeTestJSON:setUpClass): 201 POST http://10.180.1.21/identity/v3/projects 0.037s
2025-11-20 14:32:47.944 67626 INFO tempest.lib.common.rest_client [req-4b0485e3-6cdc-49da-9989-3db86b76e883 req-4b0485e3-6cdc-49da-9989-3db86b76e883 ] Request (TenantUsagesNegativeTestJSON:setUpClass): 201 POST http://10.180.1.21/identity/v3/users 0.067s
2025-11-20 14:32:47.969 67626 INFO tempest.lib.common.rest_client [req-6944dc4a-28f8-44a0-9ead-8dd059ef00f4 req-6944dc4a-28f8-44a0-9ead-8dd059ef00f4 ] Request (TenantUsagesNegativeTestJSON:setUpClass): 200 GET http://10.180.1.21/identity/v3/roles 0.024s
2025-11-20 14:32:48.004 67626 INFO tempest.lib.common.rest_client [req-c60d3b2e-7f9f-4814-a621-283d077a0afc req-c60d3b2e-7f9f-4814-a621-283d077a0afc ] Request (TenantUsagesNegativeTestJSON:setUpClass): 204 PUT http://10.180.1.21/identity/v3/projects/3c08674dc63a48fc9abe5896ad27eb8c/users/364581ba6e6949ff9d446c35f831f386/roles/1e0d249f77b04192a9ee71c8de6bbd46 0.034s
2025-11-20 14:32:48.004 67626 INFO tempest.lib.common.dynamic_creds [-] Dynamic test user 364581ba6e6949ff9d446c35f831f386 is created with scope project and roles: ['member']
2025-11-20 14:32:48.004 67626 INFO tempest.lib.common.dynamic_creds [-] Acquired dynamic creds: credentials: Credentials: {'domain_id': 'default', 'domain_name': 'Default', 'username': 'tempest-TenantUsagesNegativeTestJSON-958469591-project-member', 'project_domain_id': 'default', 'project_domain_name': 'Default', 'project_id': '3c08674dc63a48fc9abe5896ad27eb8c', 'project_name': 'tempest-TenantUsagesNegativeTestJSON-958469591', 'tenant_id': '3c08674dc63a48fc9abe5896ad27eb8c', 'tenant_name': 'tempest-TenantUsagesNegativeTestJSON-958469591', 'user_domain_id': 'default', 'user_domain_name': 'Default', 'user_id': '364581ba6e6949ff9d446c35f831f386', 'system': None}, Network: None, Subnet: None, Router: None
2025-11-20 14:32:48.005 67626 INFO tempest.lib.common.dynamic_creds [-] Created isolated network resources for: credentials: Credentials: {'domain_id': 'default', 'domain_name': 'Default', 'username': 'tempest-TenantUsagesNegativeTestJSON-958469591-project-member', 'project_domain_id': 'default', 'project_domain_name': 'Default', 'project_id': '3c08674dc63a48fc9abe5896ad27eb8c', 'project_name': 'tempest-TenantUsagesNegativeTestJSON-958469591', 'tenant_id': '3c08674dc63a48fc9abe5896ad27eb8c', 'tenant_name': 'tempest-TenantUsagesNegativeTestJSON-958469591', 'user_domain_id': 'default', 'user_domain_name': 'Default', 'user_id': '364581ba6e6949ff9d446c35f831f386', 'system': None}, Network: None, Subnet: None, Router: None
2025-11-20 14:32:48.007 67602 INFO tempest.lib.common.rest_client [req-9c10541f-4f60-4ee1-87c9-1db65317a28b req-9c10541f-4f60-4ee1-87c9-1db65317a28b ] Request (ServersTestBootFromVolume:setUpClass): 200 GET http://10.180.1.21/volume/v3/volumes/bbf92096-603d-46a5-88e0-9879c78b2862 0.037s
2025-11-20 14:32:48.088 67626 INFO tempest.lib.common.rest_client [req-7481f774-0d5b-467a-8fbd-0661db1b903e req-7481f774-0d5b-467a-8fbd-0661db1b903e ] Request (TenantUsagesNegativeTestJSON:setUpClass): 201 POST http://10.180.1.21/identity/v3/auth/tokens 0.080s
2025-11-20 14:32:48.148 67626 INFO tempest.lib.common.rest_client [req-97a8033e-29f0-4b52-92af-2b8b0c3814e6 req-97a8033e-29f0-4b52-92af-2b8b0c3814e6 ] Request (TenantUsagesNegativeTestJSON:setUpClass): 201 POST http://10.180.1.21/identity/v3/projects 0.060s
2025-11-20 14:32:48.204 67626 INFO tempest.lib.common.rest_client [req-3c2c21ff-6dbb-48ee-a520-de912cc9b83e req-3c2c21ff-6dbb-48ee-a520-de912cc9b83e ] Request (TenantUsagesNegativeTestJSON:setUpClass): 201 POST http://10.180.1.21/identity/v3/users 0.055s
2025-11-20 14:32:48.233 67626 INFO tempest.lib.common.rest_client [req-e13ff3e9-2875-4466-b90a-110c05bba5b2 req-e13ff3e9-2875-4466-b90a-110c05bba5b2 ] Request (TenantUsagesNegativeTestJSON:setUpClass): 200 GET http://10.180.1.21/identity/v3/roles 0.028s
2025-11-20 14:32:48.263 67626 INFO tempest.lib.common.rest_client [req-d32892ae-7183-45af-babb-da0bcd9d99e7 req-d32892ae-7183-45af-babb-da0bcd9d99e7 ] Request (TenantUsagesNegativeTestJSON:setUpClass): 204 PUT http://10.180.1.21/identity/v3/projects/fecdd67f94bc477f9ffb8fbbf6f2be4d/users/bba7e5ff79f04c518d3eda6f1a74e097/roles/17bc94272ff14bf7a7503de39e2b9321 0.029s
2025-11-20 14:32:48.320 67626 INFO tempest.lib.common.rest_client [req-52e4a19f-b893-41fe-b97c-6a8b5261687b req-52e4a19f-b893-41fe-b97c-6a8b5261687b ] Request (TenantUsagesNegativeTestJSON:setUpClass): 200 GET http://10.180.1.21/identity/v3/roles 0.057s
2025-11-20 14:32:48.328 67600 INFO tempest.lib.common.rest_client [req-fb8c876a-6eba-4fd7-81f4-92cfe505dd71 req-fb8c876a-6eba-4fd7-81f4-92cfe505dd71 ] Request (ServersTestManualDisk:setUpClass): 200 PUT http://10.180.1.21/networking/v2.0/floatingips/9ff4dd62-5c2d-4368-866e-2951a0f9dbc2 0.790s
2025-11-20 14:32:48.341 67626 INFO tempest.lib.common.rest_client [req-03550242-0ac2-40ad-880f-7a79308d257f req-03550242-0ac2-40ad-880f-7a79308d257f ] Request (TenantUsagesNegativeTestJSON:setUpClass): 204 PUT http://10.180.1.21/identity/v3/projects/fecdd67f94bc477f9ffb8fbbf6f2be4d/users/bba7e5ff79f04c518d3eda6f1a74e097/roles/17bc94272ff14bf7a7503de39e2b9321 0.020s
2025-11-20 14:32:48.341 67626 INFO tempest.lib.common.dynamic_creds [-] Dynamic test user bba7e5ff79f04c518d3eda6f1a74e097 is created with scope project and roles: ['admin']
2025-11-20 14:32:48.341 67626 INFO tempest.lib.common.dynamic_creds [-] Acquired dynamic creds: credentials: Credentials: {'domain_id': 'default', 'domain_name': 'Default', 'username': 'tempest-TenantUsagesNegativeTestJSON-737807668-project-admin', 'project_domain_id': 'default', 'project_domain_name': 'Default', 'project_id': 'fecdd67f94bc477f9ffb8fbbf6f2be4d', 'project_name': 'tempest-TenantUsagesNegativeTestJSON-737807668', 'tenant_id': 'fecdd67f94bc477f9ffb8fbbf6f2be4d', 'tenant_name': 'tempest-TenantUsagesNegativeTestJSON-737807668', 'user_domain_id': 'default', 'user_domain_name': 'Default', 'user_id': 'bba7e5ff79f04c518d3eda6f1a74e097', 'system': None}, Network: None, Subnet: None, Router: None
2025-11-20 14:32:48.341 67626 INFO tempest.lib.common.dynamic_creds [-] Created isolated network resources for: credentials: Credentials: {'domain_id': 'default', 'domain_name': 'Default', 'username': 'tempest-TenantUsagesNegativeTestJSON-737807668-project-admin', 'project_domain_id': 'default', 'project_domain_name': 'Default', 'project_id': 'fecdd67f94bc477f9ffb8fbbf6f2be4d', 'project_name': 'tempest-TenantUsagesNegativeTestJSON-737807668', 'tenant_id': 'fecdd67f94bc477f9ffb8fbbf6f2be4d', 'tenant_name': 'tempest-TenantUsagesNegativeTestJSON-737807668', 'user_domain_id': 'default', 'user_domain_name': 'Default', 'user_id': 'bba7e5ff79f04c518d3eda6f1a74e097', 'system': None}, Network: None, Subnet: None, Router: None
2025-11-20 14:32:48.411 67626 INFO tempest.lib.common.rest_client [req-9bfab3c1-d6bf-43b0-b82a-6316292cefa4 req-9bfab3c1-d6bf-43b0-b82a-6316292cefa4 ] Request (TenantUsagesNegativeTestJSON:setUpClass): 201 POST http://10.180.1.21/identity/v3/auth/tokens 0.067s
2025-11-20 14:32:48.641 67594 INFO tempest.lib.common.rest_client [req-6427aa28-9132-490b-afba-b8f2e8b6d9a8 req-6427aa28-9132-490b-afba-b8f2e8b6d9a8 ] Request (FloatingIPDetailsNegativeTestJSON:setUpClass): 201 POST http://10.180.1.21/networking/v2.0/networks 0.935s
2025-11-20 14:32:48.817 67578 INFO tempest.lib.common.rest_client [req-f84f8fc0-f11f-4502-86a0-62baf6ebd023 req-f84f8fc0-f11f-4502-86a0-62baf6ebd023 ] Request (ServersAdminNegativeTestJSON:setUpClass): 202 POST http://10.180.1.21/compute/v2.1/servers 3.691s
2025-11-20 14:32:48.842 67574 INFO tempest.lib.common.rest_client [req-6c2d12ac-ec12-40d9-b181-d63b9fab2f7b req-6c2d12ac-ec12-40d9-b181-d63b9fab2f7b ] Request (AggregatesAdminNegativeTestJSON:_run_cleanups): 200 DELETE http://10.180.1.21/compute/v2.1/os-aggregates/3 3.524s
2025-11-20 14:32:48.941 67594 INFO tempest.lib.common.rest_client [req-2f1644d2-d333-469b-87ac-7fa29d9656fd req-2f1644d2-d333-469b-87ac-7fa29d9656fd ] Request (FloatingIPDetailsNegativeTestJSON:setUpClass): 201 POST http://10.180.1.21/networking/v2.0/subnets 0.300s
2025-11-20 14:32:49.042 67602 INFO tempest.lib.common.rest_client [req-124f7aee-e603-4083-9eaa-c972c375cb9a req-124f7aee-e603-4083-9eaa-c972c375cb9a ] Request (ServersTestBootFromVolume:setUpClass): 200 GET http://10.180.1.21/volume/v3/volumes/bbf92096-603d-46a5-88e0-9879c78b2862 0.027s
2025-11-20 14:32:49.482 67628 INFO tempest.lib.common.rest_client [req-73a24b9b-a0be-4b65-84b1-f8731eacdabb req-73a24b9b-a0be-4b65-84b1-f8731eacdabb ] Request (VolumesAssistedSnapshotsTest:test_volume_assisted_snapshot_create_delete): 200 GET http://10.180.1.21/compute/v2.1/servers/5429b7b1-56e1-46c3-96d3-7204578a2aba 4.117s
2025-11-20 14:32:49.494 67628 INFO tempest.common.waiters [-] State transition "BUILD/spawning" ==> "ACTIVE/None" after 16 second wait
2025-11-20 14:32:49.511 67566 INFO tempest.lib.common.rest_client [req-a8d5bf5f-fe1c-42ad-ad29-3fa6a41cf889 req-a8d5bf5f-fe1c-42ad-ad29-3fa6a41cf889 ] Request (DeleteServersAdminTestJSON:test_delete_server_while_in_error_state): 202 POST http://10.180.1.21/compute/v2.1/servers 4.194s
