2025-11-20 14:32:41.687 67574 INFO tempest.lib.common.rest_client [req-f7f0dae3-558c-481c-936c-66d6abf20982 req-f7f0dae3-558c-481c-936c-66d6abf20982 ] Request (AggregatesAdminNegativeTestJSON:_run_cleanups): 200 DELETE http://10.180.1.21/compute/v2.1/os-aggregates/2 3.159s
2025-11-20 14:32:41.697 67612 INFO tempest.lib.common.rest_client [req-8c987cb8-3ee7-4321-9c03-10d9382edda4 req-8c987cb8-3ee7-4321-9c03-10d9382edda4 ] Request (HypervisorAdminNegativeUnderV252Test:tearDownClass): 204 DELETE http://10.180.1.21/identity/v3/projects/d444bc40393c4e4f8af430887e2a43dc 0.147s
2025-11-20 14:32:41.697 67612 INFO tempest.lib.common.dynamic_creds [-] Deleting project and security group for project: db790690930349bfb1879a7be829c5aa
2025-11-20 14:32:41.701 67626 INFO tempest.lib.common.rest_client [req-48b564a5-24eb-4fd8-8e69-571c5b1107e4 req-48b564a5-24eb-4fd8-8e69-571c5b1107e4 ] Request (SecurityGroupsTestAdminJSON:_run_cleanups): 202 DELETE http://10.180.1.21/compute/v2.1/os-security-groups/9e575aff-3107-4e5a-8eae-c29850549fca 3.470s
2025-11-20 14:32:41.713 67602 INFO tempest.lib.common.rest_client [req-fe457c6f-1778-4b2a-b7cf-c1cb8a3284b2 req-fe457c6f-1778-4b2a-b7cf-c1cb8a3284b2 ] Request (ServersTestBootFromVolume:setUpClass): 200 GET http://10.180.1.21/volume/v3/volumes/bbf92096-603d-46a5-88e0-9879c78b2862 0.038s
2025-11-20 14:32:41.767 67572 INFO tempest.lib.common.rest_client [req-28b48575-8a60-4980-a5cd-ab2ee6e44e58 req-28b48575-8a60-4980-a5cd-ab2ee6e44e58 ] Request (ImagesMetadataTestJSON:setUpClass): 200 GET http://10.180.1.21/identity/v3/roles 0.170s
2025-11-20 14:32:41.790 67588 INFO tempest.lib.common.rest_client [req-19b164cf-10e3-4b8d-a8a8-bab7356e0b23 req-19b164cf-10e3-4b8d-a8a8-bab7356e0b23 ] Request (QuotasAdminNegativeTest:setUpClass): 204 PUT http://10.180.1.21/identity/v3/projects/dd1975b8d2a846158cd72bf279e21623/users/a2a39dfa6ae34c44a5085f7dd6040ab7/roles/1e0d249f77b04192a9ee71c8de6bbd46 0.155s
2025-11-20 14:32:41.790 67588 INFO tempest.lib.common.dynamic_creds [-] Dynamic test user a2a39dfa6ae34c44a5085f7dd6040ab7 is created with scope project and roles: ['member']
2025-11-20 14:32:41.790 67588 INFO tempest.lib.common.dynamic_creds [-] Acquired dynamic creds: credentials: Credentials: {'domain_id': 'default', 'domain_name': 'Default', 'username': 'tempest-QuotasAdminNegativeTest-545426741-project-member', 'project_domain_id': 'default', 'project_domain_name': 'Default', 'project_id': 'dd1975b8d2a846158cd72bf279e21623', 'project_name': 'tempest-QuotasAdminNegativeTest-545426741', 'tenant_id': 'dd1975b8d2a846158cd72bf279e21623', 'tenant_name': 'tempest-QuotasAdminNegativeTest-545426741', 'user_domain_id': 'default', 'user_domain_name': 'Default', 'user_id': 'a2a39dfa6ae34c44a5085f7dd6040ab7', 'system': None}, Network: None, Subnet: None, Router: None
2025-11-20 14:32:41.790 67588 INFO tempest.lib.common.dynamic_creds [-] Created isolated network resources for: credentials: Credentials: {'domain_id': 'default', 'domain_name': 'Default', 'username': 'tempest-QuotasAdminNegativeTest-545426741-project-member', 'project_domain_id': 'default', 'project_domain_name': 'Default', 'project_id': 'dd1975b8d2a846158cd72bf279e21623', 'project_name': 'tempest-QuotasAdminNegativeTest-545426741', 'tenant_id': 'dd1975b8d2a846158cd72bf279e21623', 'tenant_name': 'tempest-QuotasAdminNegativeTest-545426741', 'user_domain_id': 'default', 'user_domain_name': 'Default', 'user_id': 'a2a39dfa6ae34c44a5085f7dd6040ab7', 'system': None}, Network: None, Subnet: None, Router: None
2025-11-20 14:32:41.806 67584 INFO tempest.lib.common.rest_client [req-e025032a-6efb-45c1-8660-8b64ad014347 req-e025032a-6efb-45c1-8660-8b64ad014347 ] Request (QuotasAdminTestV236:setUpClass): 204 PUT http://10.180.1.21/identity/v3/projects/8a94c3ff9cfa41758d85616d0b8b0e71/users/06a6769da9ae48a8a9a091894f172de4/roles/1e0d249f77b04192a9ee71c8de6bbd46 0.142s
2025-11-20 14:32:41.806 67584 INFO tempest.lib.common.dynamic_creds [-] Dynamic test user 06a6769da9ae48a8a9a091894f172de4 is created with scope project and roles: ['member']
2025-11-20 14:32:41.806 67584 INFO tempest.lib.common.dynamic_creds [-] Acquired dynamic creds: credentials: Credentials: {'domain_id': 'default', 'domain_name': 'Default', 'username': 'tempest-QuotasAdminTestV236-1999797543-project-member', 'project_domain_id': 'default', 'project_domain_name': 'Default', 'project_id': '8a94c3ff9cfa41758d85616d0b8b0e71', 'project_name': 'tempest-QuotasAdminTestV236-1999797543', 'tenant_id': '8a94c3ff9cfa41758d85616d0b8b0e71', 'tenant_name': 'tempest-QuotasAdminTestV236-1999797543', 'user_domain_id': 'default', 'user_domain_name': 'Default', 'user_id': '06a6769da9ae48a8a9a091894f172de4', 'system': None}, Network: None, Subnet: None, Router: None
2025-11-20 14:32:41.807 67584 INFO tempest.lib.common.dynamic_creds [-] Created isolated network resources for: credentials: Credentials: {'domain_id': 'default', 'domain_name': 'Default', 'username': 'tempest-QuotasAdminTestV236-1999797543-project-member', 'project_domain_id': 'default', 'project_domain_name': 'Default', 'project_id': '8a94c3ff9cfa41758d85616d0b8b0e71', 'project_name': 'tempest-QuotasAdminTestV236-1999797543', 'tenant_id': '8a94c3ff9cfa41758d85616d0b8b0e71', 'tenant_name': 'tempest-QuotasAdminTestV236-1999797543', 'user_domain_id': 'default', 'user_domain_name': 'Default', 'user_id': '06a6769da9ae48a8a9a091894f172de4', 'system': None}, Network: None, Subnet: None, Router: None
2025-11-20 14:32:41.816 67570 INFO tempest.lib.common.rest_client [req-47186e2d-9756-40b3-950d-dc528e48d04c req-47186e2d-9756-40b3-950d-dc528e48d04c ] Request (MultipleCreateTestJSON:_run_cleanups): 204 DELETE http://10.180.1.21/compute/v2.1/servers/7222ec1a-57a7-4427-9044-5d84ef315e3d 2.977s
2025-11-20 14:32:41.836 67612 INFO tempest.lib.common.rest_client [req-16dd358e-72e1-4c97-8c20-7fd436a87f75 req-16dd358e-72e1-4c97-8c20-7fd436a87f75 ] Request (HypervisorAdminNegativeUnderV252Test:tearDownClass): 200 GET http://10.180.1.21/networking/v2.0/security-groups?tenant_id=db790690930349bfb1879a7be829c5aa&name=default 0.139s
2025-11-20 14:32:41.849 67604 INFO tempest.lib.common.rest_client [req-1f2d3b3f-cab9-42ae-8c20-7fedee45d5e1 req-1f2d3b3f-cab9-42ae-8c20-7fedee45d5e1 ] Request (ServerDiagnosticsNegativeTest:tearDownClass): 200 GET http://10.180.1.21/compute/v2.1/servers/31311c9b-af2e-4219-b72a-327b091ce0c9 2.696s
2025-11-20 14:32:41.859 67604 INFO tempest.common.waiters [-] State transition "ACTIVE/deleting" ==> "DELETED/None" after 3 second wait
2025-11-20 14:32:41.890 67572 INFO tempest.lib.common.rest_client [req-b9cb3926-f50b-4fa8-8a78-7fbd5d1ec360 req-b9cb3926-f50b-4fa8-8a78-7fbd5d1ec360 ] Request (ImagesMetadataTestJSON:setUpClass): 204 PUT http://10.180.1.21/identity/v3/projects/b855bec00e1440819b4f10246c36070f/users/66b986e4b917473285ba4bd2098d6184/roles/1e0d249f77b04192a9ee71c8de6bbd46 0.123s
2025-11-20 14:32:41.890 67572 INFO tempest.lib.common.dynamic_creds [-] Dynamic test user 66b986e4b917473285ba4bd2098d6184 is created with scope project and roles: ['member']
2025-11-20 14:32:41.891 67572 INFO tempest.lib.common.dynamic_creds [-] Acquired dynamic creds: credentials: Credentials: {'domain_id': 'default', 'domain_name': 'Default', 'username': 'tempest-ImagesMetadataTestJSON-113461460-project-member', 'project_domain_id': 'default', 'project_domain_name': 'Default', 'project_id': 'b855bec00e1440819b4f10246c36070f', 'project_name': 'tempest-ImagesMetadataTestJSON-113461460', 'tenant_id': 'b855bec00e1440819b4f10246c36070f', 'tenant_name': 'tempest-ImagesMetadataTestJSON-113461460', 'user_domain_id': 'default', 'user_domain_name': 'Default', 'user_id': '66b986e4b917473285ba4bd2098d6184', 'system': None}, Network: None, Subnet: None, Router: None
2025-11-20 14:32:41.891 67572 INFO tempest.lib.common.dynamic_creds [-] Created isolated network resources for: credentials: Credentials: {'domain_id': 'default', 'domain_name': 'Default', 'username': 'tempest-ImagesMetadataTestJSON-113461460-project-member', 'project_domain_id': 'default', 'project_domain_name': 'Default', 'project_id': 'b855bec00e1440819b4f10246c36070f', 'project_name': 'tempest-ImagesMetadataTestJSON-113461460', 'tenant_id': 'b855bec00e1440819b4f10246c36070f', 'tenant_name': 'tempest-ImagesMetadataTestJSON-113461460', 'user_domain_id': 'default', 'user_domain_name': 'Default', 'user_id': '66b986e4b917473285ba4bd2098d6184', 'system': None}, Network: None, Subnet: None, Router: None
2025-11-20 14:32:41.934 67612 INFO tempest.lib.common.rest_client [req-752e5767-9816-4ff3-9e4f-6e1f85e9a801 req-752e5767-9816-4ff3-9e4f-6e1f85e9a801 ] Request (HypervisorAdminNegativeUnderV252Test:tearDownClass): 204 DELETE http://10.180.1.21/networking/v2.0/security-groups/e1d84bce-3c9a-47dd-9c9f-c35725696387 0.097s
2025-11-20 14:32:41.940 67578 INFO tempest.lib.common.rest_client [req-4ca05523-2298-4e25-9670-ae3f247f4146 req-4ca05523-2298-4e25-9670-ae3f247f4146 ] Request (FlavorsExtraSpecsNegativeTestJSON:tearDownClass): 204 DELETE http://10.180.1.21/identity/v3/users/8c320332eabb4807b5cb3ebdc0554e11 0.272s
2025-11-20 14:32:41.959 67588 INFO tempest.lib.common.rest_client [req-3e1732f3-3722-4ae7-a247-d38cd328a5a2 req-3e1732f3-3722-4ae7-a247-d38cd328a5a2 ] Request (QuotasAdminNegativeTest:setUpClass): 201 POST http://10.180.1.21/identity/v3/auth/tokens 0.163s
2025-11-20 14:32:42.016 67584 INFO tempest.lib.common.rest_client [req-ba7d7ac9-f985-408c-809b-e5c5684e5296 req-ba7d7ac9-f985-408c-809b-e5c5684e5296 ] Request (QuotasAdminTestV236:setUpClass): 201 POST http://10.180.1.21/identity/v3/auth/tokens 0.204s
2025-11-20 14:32:42.030 67572 INFO tempest.lib.common.rest_client [req-4d03b3cc-643c-4620-80c3-607e31f2ab3a req-4d03b3cc-643c-4620-80c3-607e31f2ab3a ] Request (ImagesMetadataTestJSON:setUpClass): 201 POST http://10.180.1.21/identity/v3/auth/tokens 0.135s
2025-11-20 14:32:42.067 67610 INFO tempest.lib.common.rest_client [req-23b16252-eb41-418d-9997-6841581cc422 req-23b16252-eb41-418d-9997-6841581cc422 ] Request (ServerMetadataTestJSON:setUpClass): 200 GET http://10.180.1.21/compute/v2.1/servers/782d7e2b-6ac7-4d97-814e-96e407b249ef 2.542s
2025-11-20 14:32:42.076 67610 INFO tempest.common.waiters [-] State transition "BUILD/None" ==> "BUILD/block_device_mapping" after 7 second wait
2025-11-20 14:32:42.094 67576 INFO tempest.lib.common.rest_client [req-f9b717c1-5edc-4a00-bb96-1e19cb6390ce req-f9b717c1-5edc-4a00-bb96-1e19cb6390ce ] Request (ServicesAdminNegativeTestJSON:test_get_service_with_valid_service_and_invalid_host): 200 GET http://10.180.1.21/compute/v2.1/os-services 1.931s
2025-11-20 14:32:42.098 67600 INFO tempest.lib.common.rest_client [req-bf04e5cd-c60c-4539-af61-db32e1896a9e req-bf04e5cd-c60c-4539-af61-db32e1896a9e ] Request (ServersTestManualDisk:setUpClass): 200 GET http://10.180.1.21/compute/v2.1/servers/2de93845-c835-4f5a-bab1-57d743c85fc5 2.292s
2025-11-20 14:32:42.116 67624 INFO tempest.lib.common.rest_client [req-5b74eb9c-990a-4c1b-af93-f1445dca8029 req-5b74eb9c-990a-4c1b-af93-f1445dca8029 ] Request (FlavorsAccessNegativeTestJSON:_run_cleanups): 202 DELETE http://10.180.1.21/compute/v2.1/flavors/822567934 1.940s
2025-11-20 14:32:42.120 67612 INFO tempest.lib.common.rest_client [req-282a4aee-dec2-406d-ae6a-c0cc6f15d35c req-282a4aee-dec2-406d-ae6a-c0cc6f15d35c ] Request (HypervisorAdminNegativeUnderV252Test:tearDownClass): 204 DELETE http://10.180.1.21/identity/v3/projects/db790690930349bfb1879a7be829c5aa 0.185s
2025-11-20 14:32:42.131 67568 INFO tempest.lib.common.rest_client [req-0cc18dbb-81c4-4d18-9747-3bc680c6071b req-0cc18dbb-81c4-4d18-9747-3bc680c6071b ] Request (FlavorsAdminTestJSON:_run_cleanups): 200 GET http://10.180.1.21/compute/v2.1/flavors/detail 1.938s
2025-11-20 14:32:42.180 67578 INFO tempest.lib.common.rest_client [req-9d2885da-b4d0-488e-8aa4-e644473697d8 req-9d2885da-b4d0-488e-8aa4-e644473697d8 ] Request (FlavorsExtraSpecsNegativeTestJSON:tearDownClass): 204 DELETE http://10.180.1.21/identity/v3/users/e50ee122862c44dfa0183b42b611e538 0.240s
2025-11-20 14:32:42.181 67578 INFO tempest.lib.common.dynamic_creds [-] Deleting project and security group for project: 4589990622aa4a7d9253f05156060fd7
2025-11-20 14:32:42.188 67592 INFO tempest.lib.common.rest_client [req-ef087ef4-7739-4469-975d-0a405546a8eb req-ef087ef4-7739-4469-975d-0a405546a8eb ] Request (ValidationResourcesFixture:setUp): 200 POST http://10.180.1.21/compute/v2.1/os-keypairs 1.735s
2025-11-20 14:32:42.195 67618 INFO tempest.lib.common.rest_client [req-6f8e992c-a43e-4b1a-9424-3b26e7f0e4d6 req-6f8e992c-a43e-4b1a-9424-3b26e7f0e4d6 ] Request (SecurityGroupRulesNegativeTestJSON:test_create_security_group_rule_with_invalid_id): 400 POST http://10.180.1.21/compute/v2.1/os-security-group-rules 1.640s
2025-11-20 14:32:42.217 67566 INFO tempest.lib.common.rest_client [req-963c1bfd-dcae-4768-bab8-20778beb0635 req-963c1bfd-dcae-4768-bab8-20778beb0635 ] Request (DeleteServersAdminTestJSON:test_admin_delete_servers_of_others): 200 GET http://10.180.1.21/compute/v2.1/servers/2cb3f270-56c7-4df9-8349-38a828870ec4 1.981s
2025-11-20 14:32:42.242 67588 INFO tempest.lib.common.rest_client [req-56d07538-c5c2-409e-8efb-461f5ccb8467 req-56d07538-c5c2-409e-8efb-461f5ccb8467 ] Request (QuotasAdminNegativeTest:setUpClass): 201 POST http://10.180.1.21/identity/v3/projects 0.283s
2025-11-20 14:32:42.246 67584 INFO tempest.lib.common.rest_client [req-b5dda270-037a-4e64-ac17-09440b7f8a4f req-b5dda270-037a-4e64-ac17-09440b7f8a4f ] Request (QuotasAdminTestV236:setUpClass): 201 POST http://10.180.1.21/identity/v3/projects 0.229s
2025-11-20 14:32:42.305 67612 INFO tempest.lib.common.rest_client [req-2683627d-abba-4f96-8cf1-5e6e5a368567 req-2683627d-abba-4f96-8cf1-5e6e5a368567 ] Request (ServerExternalEventsTest:setUpClass): 201 POST http://10.180.1.21/identity/v3/auth/tokens 0.180s
2025-11-20 14:32:42.320 67592 INFO tempest.lib.common.rest_client [req-c5f108ba-8c66-435c-a8c7-41fcfefff342 req-c5f108ba-8c66-435c-a8c7-41fcfefff342 ] Request (ValidationResourcesFixture:setUp): 201 POST http://10.180.1.21/networking/v2.0/security-groups 0.130s
2025-11-20 14:32:42.332 67578 INFO tempest.lib.common.rest_client [req-eb0f73a1-2c42-4d47-a503-cdb90b779b7b req-eb0f73a1-2c42-4d47-a503-cdb90b779b7b ] Request (FlavorsExtraSpecsNegativeTestJSON:tearDownClass): 201 POST http://10.180.1.21/identity/v3/auth/tokens 0.151s
2025-11-20 14:32:42.358 67588 INFO tempest.lib.common.rest_client [req-1a48b865-79c8-4c12-8ee8-137448dfa34f req-1a48b865-79c8-4c12-8ee8-137448dfa34f ] Request (QuotasAdminNegativeTest:setUpClass): 201 POST http://10.180.1.21/identity/v3/users 0.115s
2025-11-20 14:32:42.408 67584 INFO tempest.lib.common.rest_client [req-74666933-5a60-48d3-a0b5-7203bc511a15 req-74666933-5a60-48d3-a0b5-7203bc511a15 ] Request (QuotasAdminTestV236:setUpClass): 201 POST http://10.180.1.21/identity/v3/users 0.161s
2025-11-20 14:32:42.418 67612 INFO tempest.lib.common.rest_client [req-a1b911f2-91f8-4883-a310-2fe08a5cd468 req-a1b911f2-91f8-4883-a310-2fe08a5cd468 ] Request (ServerExternalEventsTest:setUpClass): 201 POST http://10.180.1.21/identity/v3/auth/tokens 0.106s
2025-11-20 14:32:42.427 67588 INFO tempest.lib.common.rest_client [req-e7706e13-ff34-4560-8223-e0ef017b9804 req-e7706e13-ff34-4560-8223-e0ef017b9804 ] Request (QuotasAdminNegativeTest:setUpClass): 200 GET http://10.180.1.21/identity/v3/roles 0.068s
2025-11-20 14:32:42.438 67584 INFO tempest.lib.common.rest_client [req-e3e98088-1347-458e-b28d-423287718813 req-e3e98088-1347-458e-b28d-423287718813 ] Request (QuotasAdminTestV236:setUpClass): 200 GET http://10.180.1.21/identity/v3/roles 0.029s
2025-11-20 14:32:42.452 67612 INFO tempest.lib.common.rest_client [req-022d5362-ac28-4723-a0b2-ed614e3a3da9 req-022d5362-ac28-4723-a0b2-ed614e3a3da9 ] Request (ServerExternalEventsTest:setUpClass): 200 GET http://10.180.1.21/identity/v3/domains?name=Default 0.033s
2025-11-20 14:32:42.485 67588 INFO tempest.lib.common.rest_client [req-928c08c1-141d-42ce-9f58-201831745ff2 req-928c08c1-141d-42ce-9f58-201831745ff2 ] Request (QuotasAdminNegativeTest:setUpClass): 204 PUT http://10.180.1.21/identity/v3/projects/bd96f4e160cd4b659246f2e5d806f6ce/users/1e3a91785f89474e93546a1d0015dd96/roles/17bc94272ff14bf7a7503de39e2b9321 0.057s
2025-11-20 14:32:42.502 67616 INFO tempest.lib.common.rest_client [req-c7475127-21e0-4071-bad4-d671875de48f req-c7475127-21e0-4071-bad4-d671875de48f ] Request (ServersAdmin275Test:test_rebuild_update_server_275): 200 GET http://10.180.1.21/compute/v2.1/servers/4cbcc6b3-19a5-4985-ab7e-a036068094eb 1.750s
2025-11-20 14:32:42.577 67584 INFO tempest.lib.common.rest_client [req-26cb37b5-b66b-4bbf-a0f3-e25340b93c6c req-26cb37b5-b66b-4bbf-a0f3-e25340b93c6c ] Request (QuotasAdminTestV236:setUpClass): 204 PUT http://10.180.1.21/identity/v3/projects/5b868ed446174ba09881a7e8a96cc228/users/913604770d824e7e8b13efdf09f35013/roles/17bc94272ff14bf7a7503de39e2b9321 0.138s
2025-11-20 14:32:42.583 67612 INFO tempest.lib.common.rest_client [req-15f0cb4b-2c67-4f2d-837b-023b5ffc181c req-15f0cb4b-2c67-4f2d-837b-023b5ffc181c ] Request (ServerExternalEventsTest:setUpClass): 201 POST http://10.180.1.21/identity/v3/projects 0.131s
2025-11-20 14:32:42.605 67592 INFO tempest.lib.common.rest_client [req-76c6a97e-9b68-4e7f-9278-2ae45631ac13 req-76c6a97e-9b68-4e7f-9278-2ae45631ac13 ] Request (ValidationResourcesFixture:setUp): 201 POST http://10.180.1.21/networking/v2.0/security-group-rules 0.285s
2025-11-20 14:32:42.695 67588 INFO tempest.lib.common.rest_client [req-995d1b97-937a-4850-ac21-7e637ce73efa req-995d1b97-937a-4850-ac21-7e637ce73efa ] Request (QuotasAdminNegativeTest:setUpClass): 200 GET http://10.180.1.21/identity/v3/roles 0.209s
2025-11-20 14:32:42.732 67612 INFO tempest.lib.common.rest_client [req-c0c4c815-14d8-42ed-8087-c6ea0a34596e req-c0c4c815-14d8-42ed-8087-c6ea0a34596e ] Request (ServerExternalEventsTest:setUpClass): 201 POST http://10.180.1.21/identity/v3/users 0.148s
2025-11-20 14:32:42.733 67584 INFO tempest.lib.common.rest_client [req-29be14b9-8c8f-41d2-a1e3-ab73709e686d req-29be14b9-8c8f-41d2-a1e3-ab73709e686d ] Request (QuotasAdminTestV236:setUpClass): 200 GET http://10.180.1.21/identity/v3/roles 0.155s
2025-11-20 14:32:42.763 67602 INFO tempest.lib.common.rest_client [req-d716f81c-28b6-4c47-a1f4-8b62a175d828 req-d716f81c-28b6-4c47-a1f4-8b62a175d828 ] Request (ServersTestBootFromVolume:setUpClass): 200 GET http://10.180.1.21/volume/v3/volumes/bbf92096-603d-46a5-88e0-9879c78b2862 0.038s
2025-11-20 14:32:42.813 67588 INFO tempest.lib.common.rest_client [req-2d62b51c-4367-49c8-9cfe-c91f84b01727 req-2d62b51c-4367-49c8-9cfe-c91f84b01727 ] Request (QuotasAdminNegativeTest:setUpClass): 204 PUT http://10.180.1.21/identity/v3/projects/bd96f4e160cd4b659246f2e5d806f6ce/users/1e3a91785f89474e93546a1d0015dd96/roles/17bc94272ff14bf7a7503de39e2b9321 0.117s
2025-11-20 14:32:42.813 67588 INFO tempest.lib.common.dynamic_creds [-] Dynamic test user 1e3a91785f89474e93546a1d0015dd96 is created with scope project and roles: ['admin']
2025-11-20 14:32:42.813 67588 INFO tempest.lib.common.dynamic_creds [-] Acquired dynamic creds: credentials: Credentials: {'domain_id': 'default', 'domain_name': 'Default', 'username': 'tempest-QuotasAdminNegativeTest-963428141-project-admin', 'project_domain_id': 'default', 'project_domain_name': 'Default', 'project_id': 'bd96f4e160cd4b659246f2e5d806f6ce', 'project_name': 'tempest-QuotasAdminNegativeTest-963428141', 'tenant_id': 'bd96f4e160cd4b659246f2e5d806f6ce', 'tenant_name': 'tempest-QuotasAdminNegativeTest-963428141', 'user_domain_id': 'default', 'user_domain_name': 'Default', 'user_id': '1e3a91785f89474e93546a1d0015dd96', 'system': None}, Network: None, Subnet: None, Router: None
2025-11-20 14:32:42.814 67588 INFO tempest.lib.common.dynamic_creds [-] Created isolated network resources for: credentials: Credentials: {'domain_id': 'default', 'domain_name': 'Default', 'username': 'tempest-QuotasAdminNegativeTest-963428141-project-admin', 'project_domain_id': 'default', 'project_domain_name': 'Default', 'project_id': 'bd96f4e160cd4b659246f2e5d806f6ce', 'project_name': 'tempest-QuotasAdminNegativeTest-963428141', 'tenant_id': 'bd96f4e160cd4b659246f2e5d806f6ce', 'tenant_name': 'tempest-QuotasAdminNegativeTest-963428141', 'user_domain_id': 'default', 'user_domain_name': 'Default', 'user_id': '1e3a91785f89474e93546a1d0015dd96', 'system': None}, Network: None, Subnet: None, Router: None
2025-11-20 14:32:42.866 67612 INFO tempest.lib.common.rest_client [req-6c2f4a0d-b7d8-4dce-8794-c1664c69e15a req-6c2f4a0d-b7d8-4dce-8794-c1664c69e15a ] Request (ServerExternalEventsTest:setUpClass): 200 GET http://10.180.1.21/identity/v3/roles 0.134s
2025-11-20 14:32:42.878 67584 INFO tempest.lib.common.rest_client [req-7c747af2-47bc-4298-a9d0-b1d779e5b5f7 req-7c747af2-47bc-4298-a9d0-b1d779e5b5f7 ] Request (QuotasAdminTestV236:setUpClass): 204 PUT http://10.180.1.21/identity/v3/projects/5b868ed446174ba09881a7e8a96cc228/users/913604770d824e7e8b13efdf09f35013/roles/17bc94272ff14bf7a7503de39e2b9321 0.145s
2025-11-20 14:32:42.879 67584 INFO tempest.lib.common.dynamic_creds [-] Dynamic test user 913604770d824e7e8b13efdf09f35013 is created with scope project and roles: ['admin']
2025-11-20 14:32:42.879 67584 INFO tempest.lib.common.dynamic_creds [-] Acquired dynamic creds: credentials: Credentials: {'domain_id': 'default', 'domain_name': 'Default', 'username': 'tempest-QuotasAdminTestV236-1304973406-project-admin', 'project_domain_id': 'default', 'project_domain_name': 'Default', 'project_id': '5b868ed446174ba09881a7e8a96cc228', 'project_name': 'tempest-QuotasAdminTestV236-1304973406', 'tenant_id': '5b868ed446174ba09881a7e8a96cc228', 'tenant_name': 'tempest-QuotasAdminTestV236-1304973406', 'user_domain_id': 'default', 'user_domain_name': 'Default', 'user_id': '913604770d824e7e8b13efdf09f35013', 'system': None}, Network: None, Subnet: None, Router: None
2025-11-20 14:32:42.880 67584 INFO tempest.lib.common.dynamic_creds [-] Created isolated network resources for: credentials: Credentials: {'domain_id': 'default', 'domain_name': 'Default', 'username': 'tempest-QuotasAdminTestV236-1304973406-project-admin', 'project_domain_id': 'default', 'project_domain_name': 'Default', 'project_id': '5b868ed446174ba09881a7e8a96cc228', 'project_name': 'tempest-QuotasAdminTestV236-1304973406', 'tenant_id': '5b868ed446174ba09881a7e8a96cc228', 'tenant_name': 'tempest-QuotasAdminTestV236-1304973406', 'user_domain_id': 'default', 'user_domain_name': 'Default', 'user_id': '913604770d824e7e8b13efdf09f35013', 'system': None}, Network: None, Subnet: None, Router: None
2025-11-20 14:32:42.945 67578 INFO tempest.lib.common.rest_client [req-4ec6598b-59f0-4341-9aba-0682c4f4af58 req-4ec6598b-59f0-4341-9aba-0682c4f4af58 ] Request (FlavorsExtraSpecsNegativeTestJSON:tearDownClass): 200 GET http://10.180.1.21/networking/v2.0/security-groups?tenant_id=4589990622aa4a7d9253f05156060fd7&name=default 0.612s
2025-11-20 14:32:42.970 67588 INFO tempest.lib.common.rest_client [req-5ae0e7dd-bd03-4de9-bb2a-4fa71508348a req-5ae0e7dd-bd03-4de9-bb2a-4fa71508348a ] Request (QuotasAdminNegativeTest:setUpClass): 201 POST http://10.180.1.21/identity/v3/auth/tokens 0.152s
2025-11-20 14:32:42.971 67588 WARNING tempest.lib.common.rest_client [-] Deprecated: "tenant_id" property is deprecated for removal, use "project_id" instead
2025-11-20 14:32:43.023 67614 INFO tempest.lib.common.rest_client [req-a97b8f22-1e04-42ec-ac50-7e212df7611e req-a97b8f22-1e04-42ec-ac50-7e212df7611e ] Request (VolumesAdminNegativeTest:test_update_attached_volume_with_nonexistent_volume_in_uri): 200 GET http://10.180.1.21/compute/v2.1/servers/a5b5284b-dac9-4288-a782-211b3524975b 2.435s
2025-11-20 14:32:43.042 67612 INFO tempest.lib.common.rest_client [req-6e7f6198-d427-4fc2-ba01-eba572805cbd req-6e7f6198-d427-4fc2-ba01-eba572805cbd ] Request (ServerExternalEventsTest:setUpClass): 204 PUT http://10.180.1.21/identity/v3/projects/3f846345f96a4a71bfc3bcd3472132ae/users/c2fe80674e0f4456af49bb60823e652d/roles/1e0d249f77b04192a9ee71c8de6bbd46 0.176s
2025-11-20 14:32:43.043 67612 INFO tempest.lib.common.dynamic_creds [-] Dynamic test user c2fe80674e0f4456af49bb60823e652d is created with scope project and roles: ['member']
2025-11-20 14:32:43.043 67612 INFO tempest.lib.common.dynamic_creds [-] Acquired dynamic creds: credentials: Credentials: {'domain_id': 'default', 'domain_name': 'Default', 'username': 'tempest-ServerExternalEventsTest-1193773655-project-member', 'project_domain_id': 'default', 'project_domain_name': 'Default', 'project_id': '3f846345f96a4a71bfc3bcd3472132ae', 'project_name': 'tempest-ServerExternalEventsTest-1193773655', 'tenant_id': '3f846345f96a4a71bfc3bcd3472132ae', 'tenant_name': 'tempest-ServerExternalEventsTest-1193773655', 'user_domain_id': 'default', 'user_domain_name': 'Default', 'user_id': 'c2fe80674e0f4456af49bb60823e652d', 'system': None}, Network: None, Subnet: None, Router: None
2025-11-20 14:32:43.043 67612 INFO tempest.lib.common.dynamic_creds [-] Created isolated network resources for: credentials: Credentials: {'domain_id': 'default', 'domain_name': 'Default', 'username': 'tempest-ServerExternalEventsTest-1193773655-project-member', 'project_domain_id': 'default', 'project_domain_name': 'Default', 'project_id': '3f846345f96a4a71bfc3bcd3472132ae', 'project_name': 'tempest-ServerExternalEventsTest-1193773655', 'tenant_id': '3f846345f96a4a71bfc3bcd3472132ae', 'tenant_name': 'tempest-ServerExternalEventsTest-1193773655', 'user_domain_id': 'default', 'user_domain_name': 'Default', 'user_id': 'c2fe80674e0f4456af49bb60823e652d', 'system': None}, Network: None, Subnet: None, Router: None
2025-11-20 14:32:43.076 67572 INFO tempest.lib.common.rest_client [req-fcdee252-a717-40f7-bc49-2670f7b48f72 req-fcdee252-a717-40f7-bc49-2670f7b48f72 ] Request (ImagesMetadataTestJSON:setUpClass): 201 POST http://10.180.1.21/image/v2/images 1.044s
2025-11-20 14:32:43.096 67584 INFO tempest.lib.common.rest_client [req-f7d12ece-1874-48bd-b2e6-b252fe9bf16a req-f7d12ece-1874-48bd-b2e6-b252fe9bf16a ] Request (QuotasAdminTestV236:setUpClass): 201 POST http://10.180.1.21/identity/v3/auth/tokens 0.211s
2025-11-20 14:32:43.097 67584 WARNING tempest.lib.common.rest_client [-] Deprecated: "tenant_id" property is deprecated for removal, use "project_id" instead
2025-11-20 14:32:43.129 67630 INFO tempest.lib.common.rest_client [req-65505587-8304-48d1-a669-3e70f08e1b25 req-65505587-8304-48d1-a669-3e70f08e1b25 ] Request (InstanceActionsV221TestJSON:test_get_list_deleted_instance_actions): 200 GET http://10.180.1.21/compute/v2.1/servers/ac440532-57bc-4566-9ecf-f3dcc49f2633 2.038s
2025-11-20 14:32:43.141 67580 INFO tempest.lib.common.rest_client [req-1badfff3-3658-4070-bda6-8f5decacacce req-1badfff3-3658-4070-bda6-8f5decacacce ] Request (HostsAdminNegativeTestJSON:test_update_host_with_invalid_maintenance_mode): 400 PUT http://10.180.1.21/compute/v2.1/os-hosts/devstack 1.719s
2025-11-20 14:32:43.202 67612 INFO tempest.lib.common.rest_client [req-f910de24-368b-4dae-810d-931170d37849 req-f910de24-368b-4dae-810d-931170d37849 ] Request (ServerExternalEventsTest:setUpClass): 201 POST http://10.180.1.21/identity/v3/auth/tokens 0.154s
2025-11-20 14:32:43.225 67592 INFO tempest.lib.common.rest_client [req-6a95548e-eb1b-4429-8296-e8a27eda90aa req-6a95548e-eb1b-4429-8296-e8a27eda90aa ] Request (ValidationResourcesFixture:setUp): 201 POST http://10.180.1.21/networking/v2.0/security-group-rules 0.618s
2025-11-20 14:32:43.316 67612 INFO tempest.lib.common.rest_client [req-008111fb-1b74-4453-8c68-3fa541cd6df7 req-008111fb-1b74-4453-8c68-3fa541cd6df7 ] Request (ServerExternalEventsTest:setUpClass): 201 POST http://10.180.1.21/identity/v3/projects 0.113s
2025-11-20 14:32:43.335 67578 INFO tempest.lib.common.rest_client [req-65ae4fbd-04a6-422f-8ba6-272e171485fb req-65ae4fbd-04a6-422f-8ba6-272e171485fb ] Request (FlavorsExtraSpecsNegativeTestJSON:tearDownClass): 204 DELETE http://10.180.1.21/networking/v2.0/security-groups/af6290b4-5433-494e-a442-fe1400a71b68 0.390s
2025-11-20 14:32:43.402 67590 INFO tempest.lib.common.rest_client [req-521f7d36-d3e8-46fa-8ef7-b9b74d52cebb req-521f7d36-d3e8-46fa-8ef7-b9b74d52cebb ] Request (SecurityGroupsTestJSON:test_list_security_groups_by_server): 200 GET http://10.180.1.21/compute/v2.1/servers/a22dd827-be28-484a-bc29-f1eab4b28ed6 2.264s
2025-11-20 14:32:43.411 67612 INFO tempest.lib.common.rest_client [req-dbb1a003-68a0-47b6-95ad-eaf0073209eb req-dbb1a003-68a0-47b6-95ad-eaf0073209eb ] Request (ServerExternalEventsTest:setUpClass): 201 POST http://10.180.1.21/identity/v3/users 0.094s
2025-11-20 14:32:43.442 67620 INFO tempest.lib.common.rest_client [req-04cf317d-0b64-4091-8e04-6d0a9b2cd180 req-04cf317d-0b64-4091-8e04-6d0a9b2cd180 ] Request (ImagesNegativeTestJSON:test_create_image_from_deleted_server): 200 GET http://10.180.1.21/compute/v2.1/servers/c348c51b-79e0-4398-b59d-16390554f360 2.009s
2025-11-20 14:32:43.468 67582 INFO tempest.lib.common.rest_client [req-3c28aa70-579c-4eab-b74e-b1fb435961a8 req-3c28aa70-579c-4eab-b74e-b1fb435961a8 ] Request (ImagesMetadataNegativeTestJSON:test_set_nonexistent_image_metadata_item): 404 PUT http://10.180.1.21/compute/v2.1/images/1c23fc1d-432b-4db2-a7b1-febd2fd9f222/metadata/os_distro 1.943s
2025-11-20 14:32:43.531 67578 INFO tempest.lib.common.rest_client [req-96a6ed27-fde9-47cb-91d4-f85abcd34b5a req-96a6ed27-fde9-47cb-91d4-f85abcd34b5a ] Request (FlavorsExtraSpecsNegativeTestJSON:tearDownClass): 204 DELETE http://10.180.1.21/identity/v3/projects/4589990622aa4a7d9253f05156060fd7 0.195s
2025-11-20 14:32:43.531 67578 INFO tempest.lib.common.dynamic_creds [-] Deleting project and security group for project: d1c7b61cb5c34473b916d89d6f955c2c
2025-11-20 14:32:43.540 67594 INFO tempest.lib.common.rest_client [req-7aafa4ae-7084-4ec1-a754-7b945092a892 req-7aafa4ae-7084-4ec1-a754-7b945092a892 ] Request (FlavorsAccessTestJSON:_run_cleanups): 202 DELETE http://10.180.1.21/compute/v2.1/flavors/597380416 1.906s
2025-11-20 14:32:43.566 67612 INFO tempest.lib.common.rest_client [req-ebc0b877-0185-4adb-bcf9-d3900c3cc996 req-ebc0b877-0185-4adb-bcf9-d3900c3cc996 ] Request (ServerExternalEventsTest:setUpClass): 200 GET http://10.180.1.21/identity/v3/roles 0.154s
2025-11-20 14:32:43.629 67574 INFO tempest.lib.common.rest_client [req-aa71725c-0627-4555-aa08-7c461be623f5 req-aa71725c-0627-4555-aa08-7c461be623f5 ] Request (AggregatesAdminNegativeTestJSON:test_aggregate_add_non_exist_host): 200 POST http://10.180.1.21/compute/v2.1/os-aggregates 1.941s
2025-11-20 14:32:43.718 67596 INFO tempest.lib.common.rest_client [req-4cb500a0-9ad8-40b5-b150-f1d0b5798275 req-4cb500a0-9ad8-40b5-b150-f1d0b5798275 ] Request (QuotasAdminTestV257:test_get_updated_quotas): 200 GET http://10.180.1.21/compute/v2.1/os-quota-sets/40ae6a51afa749b4afdd0c45130d47ce/detail 2.215s
2025-11-20 14:32:43.726 67612 INFO tempest.lib.common.rest_client [req-453a46ad-3e33-40d5-8a09-a56e962b4655 req-453a46ad-3e33-40d5-8a09-a56e962b4655 ] Request (ServerExternalEventsTest:setUpClass): 204 PUT http://10.180.1.21/identity/v3/projects/3951d124b71b485ca2fd7d6103c41f3a/users/261d02935d2846a1a6d6329551c496bf/roles/17bc94272ff14bf7a7503de39e2b9321 0.159s
2025-11-20 14:32:43.831 67602 INFO tempest.lib.common.rest_client [req-3b26bf6f-65a2-4b0d-9f09-7618f906e10f req-3b26bf6f-65a2-4b0d-9f09-7618f906e10f ] Request (ServersTestBootFromVolume:setUpClass): 200 GET http://10.180.1.21/volume/v3/volumes/bbf92096-603d-46a5-88e0-9879c78b2862 0.059s
2025-11-20 14:32:43.856 67596 INFO tempest.lib.common.rest_client [req-6d40db49-6bcc-4413-9016-226b647b8a27 req-6d40db49-6bcc-4413-9016-226b647b8a27 ] Request (QuotasAdminTestV257:test_get_updated_quotas): 200 GET http://10.180.1.21/identity/v3/domains?name=Default 0.134s
2025-11-20 14:32:43.870 67612 INFO tempest.lib.common.rest_client [req-86f88a51-8d9b-42ad-af7b-58435f293067 req-86f88a51-8d9b-42ad-af7b-58435f293067 ] Request (ServerExternalEventsTest:setUpClass): 200 GET http://10.180.1.21/identity/v3/roles 0.143s
2025-11-20 14:32:43.884 67570 INFO tempest.lib.common.rest_client [req-595a431c-2116-4f58-8311-edb806f49a56 req-595a431c-2116-4f58-8311-edb806f49a56 ] Request (MultipleCreateTestJSON:_run_cleanups): 204 DELETE http://10.180.1.21/compute/v2.1/servers/1e548dd4-07d9-462e-ab2c-844ac7333a31 2.067s
2025-11-20 14:32:43.911 67596 INFO tempest.lib.common.rest_client [req-0301fa2f-1636-4b63-a7a2-131f49bed626 req-0301fa2f-1636-4b63-a7a2-131f49bed626 ] Request (QuotasAdminTestV257:test_get_updated_quotas): 201 POST http://10.180.1.21/identity/v3/users 0.055s
2025-11-20 14:32:43.913 67576 INFO tempest.lib.common.rest_client [req-8d85ca8e-43f7-4a3a-85d9-d9eca1338d91 req-8d85ca8e-43f7-4a3a-85d9-d9eca1338d91 ] Request (ServicesAdminNegativeTestJSON:test_get_service_with_valid_service_and_invalid_host): 200 GET http://10.180.1.21/compute/v2.1/os-services?host=xxx&binary=nova-scheduler 1.817s
2025-11-20 14:32:43.929 67612 INFO tempest.lib.common.rest_client [req-d6487136-de71-40e0-a42d-cb932db8e15f req-d6487136-de71-40e0-a42d-cb932db8e15f ] Request (ServerExternalEventsTest:setUpClass): 204 PUT http://10.180.1.21/identity/v3/projects/3951d124b71b485ca2fd7d6103c41f3a/users/261d02935d2846a1a6d6329551c496bf/roles/17bc94272ff14bf7a7503de39e2b9321 0.059s
2025-11-20 14:32:43.930 67612 INFO tempest.lib.common.dynamic_creds [-] Dynamic test user 261d02935d2846a1a6d6329551c496bf is created with scope project and roles: ['admin']
2025-11-20 14:32:43.930 67612 INFO tempest.lib.common.dynamic_creds [-] Acquired dynamic creds: credentials: Credentials: {'domain_id': 'default', 'domain_name': 'Default', 'username': 'tempest-ServerExternalEventsTest-83254952-project-admin', 'project_domain_id': 'default', 'project_domain_name': 'Default', 'project_id': '3951d124b71b485ca2fd7d6103c41f3a', 'project_name': 'tempest-ServerExternalEventsTest-83254952', 'tenant_id': '3951d124b71b485ca2fd7d6103c41f3a', 'tenant_name': 'tempest-ServerExternalEventsTest-83254952', 'user_domain_id': 'default', 'user_domain_name': 'Default', 'user_id': '261d02935d2846a1a6d6329551c496bf', 'system': None}, Network: None, Subnet: None, Router: None
2025-11-20 14:32:43.930 67612 INFO tempest.lib.common.dynamic_creds [-] Created isolated network resources for: credentials: Credentials: {'domain_id': 'default', 'domain_name': 'Default', 'username': 'tempest-ServerExternalEventsTest-83254952-project-admin', 'project_domain_id': 'default', 'project_domain_name': 'Default', 'project_id': '3951d124b71b485ca2fd7d6103c41f3a', 'project_name': 'tempest-ServerExternalEventsTest-83254952', 'tenant_id': '3951d124b71b485ca2fd7d6103c41f3a', 'tenant_name': 'tempest-ServerExternalEventsTest-83254952', 'user_domain_id': 'default', 'user_domain_name': 'Default', 'user_id': '261d02935d2846a1a6d6329551c496bf', 'system': None}, Network: None, Subnet: None, Router: None
2025-11-20 14:32:43.940 67578 INFO tempest.lib.common.rest_client [req-aff8312d-7890-47ac-a230-2c3b165a839f req-aff8312d-7890-47ac-a230-2c3b165a839f ] Request (FlavorsExtraSpecsNegativeTestJSON:tearDownClass): 200 GET http://10.180.1.21/networking/v2.0/security-groups?tenant_id=d1c7b61cb5c34473b916d89d6f955c2c&name=default 0.408s
2025-11-20 14:32:43.987 67596 INFO tempest.lib.common.rest_client [req-60489598-2ee1-4ddf-80b1-f7c4f72a65f7 req-60489598-2ee1-4ddf-80b1-f7c4f72a65f7 ] Request (QuotasAdminTestV257:test_get_updated_quotas): 200 GET http://10.180.1.21/identity/v3/domains?name=Default 0.074s
2025-11-20 14:32:44.030 67612 INFO tempest.lib.common.rest_client [req-65360c29-d636-4dc3-a305-ed4e8e0d3c49 req-65360c29-d636-4dc3-a305-ed4e8e0d3c49 ] Request (ServerExternalEventsTest:setUpClass): 201 POST http://10.180.1.21/identity/v3/auth/tokens 0.095s
2025-11-20 14:32:44.095 67612 INFO tempest.lib.common.rest_client [req-15af751c-1ef0-418f-9032-061e49a1ce89 req-15af751c-1ef0-418f-9032-061e49a1ce89 ] Request (ServerExternalEventsTest:setUpClass): 201 POST http://10.180.1.21/identity/v3/projects 0.064s
2025-11-20 14:32:44.146 67578 INFO tempest.lib.common.rest_client [req-6439d5a5-a11c-407e-91c7-c3d7c57268fd req-6439d5a5-a11c-407e-91c7-c3d7c57268fd ] Request (FlavorsExtraSpecsNegativeTestJSON:tearDownClass): 204 DELETE http://10.180.1.21/networking/v2.0/security-groups/4a49d8a9-27ac-4f62-90b7-dc3aecc06a64 0.205s
2025-11-20 14:32:44.156 67612 INFO tempest.lib.common.rest_client [req-63944625-4b03-42fc-94c7-ee1c2024e546 req-63944625-4b03-42fc-94c7-ee1c2024e546 ] Request (ServerExternalEventsTest:setUpClass): 201 POST http://10.180.1.21/identity/v3/users 0.061s
2025-11-20 14:32:44.160 67592 INFO tempest.lib.common.rest_client [req-8a403cac-252a-4838-b19e-bcec367554d0 req-8a403cac-252a-4838-b19e-bcec367554d0 ] Request (ValidationResourcesFixture:setUp): 201 POST http://10.180.1.21/networking/v2.0/floatingips 0.934s
2025-11-20 14:32:44.178 67612 INFO tempest.lib.common.rest_client [req-e90ed8fe-97ec-4fde-83fe-f10c7dd68132 req-e90ed8fe-97ec-4fde-83fe-f10c7dd68132 ] Request (ServerExternalEventsTest:setUpClass): 200 GET http://10.180.1.21/identity/v3/roles 0.021s
2025-11-20 14:32:44.198 67572 INFO tempest.lib.common.rest_client [req-d2bc51c1-1915-42db-a1d4-054a4b23cc3e req-d2bc51c1-1915-42db-a1d4-054a4b23cc3e ] Request (ImagesMetadataTestJSON:setUpClass): 204 PUT http://10.180.1.21/image/v2/images/1bb3099f-5d4e-4b16-af41-98cce0819b4c/file 1.119s
2025-11-20 14:32:44.221 67578 INFO tempest.lib.common.rest_client [req-ca660d6f-61f3-4820-9b9a-55a743cba05a req-ca660d6f-61f3-4820-9b9a-55a743cba05a ] Request (FlavorsExtraSpecsNegativeTestJSON:tearDownClass): 204 DELETE http://10.180.1.21/identity/v3/projects/d1c7b61cb5c34473b916d89d6f955c2c 0.074s
2025-11-20 14:32:44.222 67578 INFO tempest.test [-] raised in LiveAutoBlockMigrationV225Test.setUpClass. Invoking tearDownClass.
2025-11-20 14:32:44.224 67578 INFO tempest.test [-] raised in LiveMigrationManagerWorkflowTest.setUpClass. Invoking tearDownClass.
2025-11-20 14:32:44.240 67592 INFO tempest.lib.common.rest_client [req-161a4725-87a0-4b94-bd66-a05606008ed9 req-161a4725-87a0-4b94-bd66-a05606008ed9 ] Request (ServersWithSpecificFlavorTestJSON:test_verify_created_server_ephemeral_disk): 201 POST http://10.180.1.21/identity/v3/auth/tokens 0.076s
2025-11-20 14:32:44.241 67592 INFO tempest.lib.common.fixed_network [-] (ServersWithSpecificFlavorTestJSON:test_verify_created_server_ephemeral_disk) Found network {'id': '0c4cc3a2-e719-4347-a03a-f555070dd9f9', 'name': 'tempest-ServersWithSpecificFlavorTestJSON-278489145-network', 'tenant_id': 'd249fd0318074cda9d1a5adfc551f434', 'project_id': 'd249fd0318074cda9d1a5adfc551f434', 'admin_state_up': True, 'mtu': 8950, 'status': 'ACTIVE', 'subnets': [], 'shared': False, 'port_security_enabled': True, 'router:external': False, 'provider:network_type': 'vlan', 'provider:physical_network': 'default', 'provider:segmentation_id': 201, 'availability_zone_hints': [], 'availability_zones': [], 'ipv4_address_scope': None, 'ipv6_address_scope': None, 'description': '', 'tags': [], 'created_at': '2025-11-20T14:31:54Z', 'updated_at': '2025-11-20T14:31:54Z', 'revision_number': 1} available for tenant
2025-11-20 14:32:44.265 67578 INFO tempest.lib.common.rest_client [req-afd3ca77-7fcc-4b08-811d-6a41bcbb53ca req-afd3ca77-7fcc-4b08-811d-6a41bcbb53ca ] Request (ServersAdminNegativeTestJSON:setUpClass): 201 POST http://10.180.1.21/identity/v3/auth/tokens 0.037s
2025-11-20 14:32:44.281 67612 INFO tempest.lib.common.rest_client [req-5ae0caf4-4225-4c23-afc1-66cbce0a9f4a req-5ae0caf4-4225-4c23-afc1-66cbce0a9f4a ] Request (ServerExternalEventsTest:setUpClass): 204 PUT http://10.180.1.21/identity/v3/projects/c9100aa38c5843feb18a6e495b451e8f/users/ac90385325eb406686aeec882bbf3032/roles/ae196e6bace5402f830310dd92b0d3fc 0.102s
2025-11-20 14:32:44.295 67626 INFO tempest.lib.common.rest_client [req-ed5e897b-2e9a-4c88-884e-eec31b528df4 req-ed5e897b-2e9a-4c88-884e-eec31b528df4 ] Request (SecurityGroupsTestAdminJSON:_run_cleanups): 202 DELETE http://10.180.1.21/compute/v2.1/os-security-groups/b1f5e7f2-2ef3-4055-be9c-0e825a8e1397 2.594s
2025-11-20 14:32:44.331 67624 INFO tempest.lib.common.rest_client [req-4c999f87-5d68-42b1-aa0d-d9b0a8b03f93 req-4c999f87-5d68-42b1-aa0d-d9b0a8b03f93 ] Request (FlavorsAccessNegativeTestJSON:_run_cleanups): 200 GET http://10.180.1.21/compute/v2.1/flavors/detail 2.213s
2025-11-20 14:32:44.352 67578 INFO tempest.lib.common.rest_client [req-63f93c92-f599-4e87-843c-ab02c6d6abf6 req-63f93c92-f599-4e87-843c-ab02c6d6abf6 ] Request (ServersAdminNegativeTestJSON:setUpClass): 201 POST http://10.180.1.21/identity/v3/auth/tokens 0.081s
2025-11-20 14:32:44.357 67628 INFO tempest.lib.common.rest_client [req-4b88aac7-c5d7-4e0b-82be-875e7b8d399e req-4b88aac7-c5d7-4e0b-82be-875e7b8d399e ] Request (VolumesAssistedSnapshotsTest:test_volume_assisted_snapshot_create_delete): 200 GET http://10.180.1.21/compute/v2.1/servers/5429b7b1-56e1-46c3-96d3-7204578a2aba 2.256s
2025-11-20 14:32:44.364 67568 INFO tempest.lib.common.rest_client [req-cf2cd085-362b-41cd-b47f-60f010e7622e req-cf2cd085-362b-41cd-b47f-60f010e7622e ] Request (FlavorsAdminTestJSON:test_create_flavor_with_none_id): 200 POST http://10.180.1.21/compute/v2.1/flavors 2.225s
2025-11-20 14:32:44.372 67612 INFO tempest.lib.common.rest_client [req-0c5b700f-6cbc-422c-9136-15183a568c25 req-0c5b700f-6cbc-422c-9136-15183a568c25 ] Request (ServerExternalEventsTest:setUpClass): 200 GET http://10.180.1.21/identity/v3/roles 0.090s
2025-11-20 14:32:44.378 67578 INFO tempest.lib.common.rest_client [req-32031b9d-a487-4fe0-a0d0-9a7d71a31217 req-32031b9d-a487-4fe0-a0d0-9a7d71a31217 ] Request (ServersAdminNegativeTestJSON:setUpClass): 200 GET http://10.180.1.21/identity/v3/domains?name=Default 0.026s
2025-11-20 14:32:44.398 67612 INFO tempest.lib.common.rest_client [req-9bc5e864-f18e-428a-a41b-c44a5351605f req-9bc5e864-f18e-428a-a41b-c44a5351605f ] Request (ServerExternalEventsTest:setUpClass): 204 PUT http://10.180.1.21/identity/v3/projects/c9100aa38c5843feb18a6e495b451e8f/users/ac90385325eb406686aeec882bbf3032/roles/17bc94272ff14bf7a7503de39e2b9321 0.026s
2025-11-20 14:32:44.399 67612 INFO tempest.lib.common.dynamic_creds [-] Dynamic test user ac90385325eb406686aeec882bbf3032 is created with scope project and roles: ['service', 'admin']
2025-11-20 14:32:44.399 67612 INFO tempest.lib.common.dynamic_creds [-] Acquired dynamic creds: credentials: Credentials: {'domain_id': 'default', 'domain_name': 'Default', 'username': 'tempest-ServerExternalEventsTest-1255657189-project', 'project_domain_id': 'default', 'project_domain_name': 'Default', 'project_id': 'c9100aa38c5843feb18a6e495b451e8f', 'project_name': 'tempest-ServerExternalEventsTest-1255657189', 'tenant_id': 'c9100aa38c5843feb18a6e495b451e8f', 'tenant_name': 'tempest-ServerExternalEventsTest-1255657189', 'user_domain_id': 'default', 'user_domain_name': 'Default', 'user_id': 'ac90385325eb406686aeec882bbf3032', 'system': None}, Network: None, Subnet: None, Router: None
2025-11-20 14:32:44.399 67612 INFO tempest.lib.common.dynamic_creds [-] Created isolated network resources for: credentials: Credentials: {'domain_id': 'default', 'domain_name': 'Default', 'username': 'tempest-ServerExternalEventsTest-1255657189-project', 'project_domain_id': 'default', 'project_domain_name': 'Default', 'project_id': 'c9100aa38c5843feb18a6e495b451e8f', 'project_name': 'tempest-ServerExternalEventsTest-1255657189', 'tenant_id': 'c9100aa38c5843feb18a6e495b451e8f', 'tenant_name': 'tempest-ServerExternalEventsTest-1255657189', 'user_domain_id': 'default', 'user_domain_name': 'Default', 'user_id': 'ac90385325eb406686aeec882bbf3032', 'system': None}, Network: None, Subnet: None, Router: None
2025-11-20 14:32:44.423 67578 INFO tempest.lib.common.rest_client [req-ab5b17a0-d3ac-47f2-9634-6de1342200a7 req-ab5b17a0-d3ac-47f2-9634-6de1342200a7 ] Request (ServersAdminNegativeTestJSON:setUpClass): 201 POST http://10.180.1.21/identity/v3/projects 0.043s
2025-11-20 14:32:44.494 67578 INFO tempest.lib.common.rest_client [req-0e89b85b-77fc-48a5-9d84-9384b7cd9011 req-0e89b85b-77fc-48a5-9d84-9384b7cd9011 ] Request (ServersAdminNegativeTestJSON:setUpClass): 201 POST http://10.180.1.21/identity/v3/users 0.071s
2025-11-20 14:32:44.521 67578 INFO tempest.lib.common.rest_client [req-4b91d3dd-fd86-4014-afa8-ca3bc611d737 req-4b91d3dd-fd86-4014-afa8-ca3bc611d737 ] Request (ServersAdminNegativeTestJSON:setUpClass): 200 GET http://10.180.1.21/identity/v3/roles 0.026s
2025-11-20 14:32:44.521 67612 INFO tempest.lib.common.rest_client [req-39332556-0a84-4cdb-b004-783e3c95c2b9 req-39332556-0a84-4cdb-b004-783e3c95c2b9 ] Request (ServerExternalEventsTest:setUpClass): 201 POST http://10.180.1.21/identity/v3/auth/tokens 0.117s
2025-11-20 14:32:44.553 67578 INFO tempest.lib.common.rest_client [req-3f0d9ed4-f78e-42f6-9d91-e4c799fdea84 req-3f0d9ed4-f78e-42f6-9d91-e4c799fdea84 ] Request (ServersAdminNegativeTestJSON:setUpClass): 204 PUT http://10.180.1.21/identity/v3/projects/5022932ed8ed4832ae7057c34d39830b/users/c8e1528d5ea543bfb23372a580e8d91d/roles/1e0d249f77b04192a9ee71c8de6bbd46 0.032s
2025-11-20 14:32:44.554 67578 INFO tempest.lib.common.dynamic_creds [-] Dynamic test user c8e1528d5ea543bfb23372a580e8d91d is created with scope project and roles: ['member']
2025-11-20 14:32:44.554 67578 INFO tempest.lib.common.dynamic_creds [-] Acquired dynamic creds: credentials: Credentials: {'domain_id': 'default', 'domain_name': 'Default', 'username': 'tempest-ServersAdminNegativeTestJSON-1978882690-project-member', 'project_domain_id': 'default', 'project_domain_name': 'Default', 'project_id': '5022932ed8ed4832ae7057c34d39830b', 'project_name': 'tempest-ServersAdminNegativeTestJSON-1978882690', 'tenant_id': '5022932ed8ed4832ae7057c34d39830b', 'tenant_name': 'tempest-ServersAdminNegativeTestJSON-1978882690', 'user_domain_id': 'default', 'user_domain_name': 'Default', 'user_id': 'c8e1528d5ea543bfb23372a580e8d91d', 'system': None}, Network: None, Subnet: None, Router: None
2025-11-20 14:32:44.554 67578 INFO tempest.lib.common.dynamic_creds [-] Created isolated network resources for: credentials: Credentials: {'domain_id': 'default', 'domain_name': 'Default', 'username': 'tempest-ServersAdminNegativeTestJSON-1978882690-project-member', 'project_domain_id': 'default', 'project_domain_name': 'Default', 'project_id': '5022932ed8ed4832ae7057c34d39830b', 'project_name': 'tempest-ServersAdminNegativeTestJSON-1978882690', 'tenant_id': '5022932ed8ed4832ae7057c34d39830b', 'tenant_name': 'tempest-ServersAdminNegativeTestJSON-1978882690', 'user_domain_id': 'default', 'user_domain_name': 'Default', 'user_id': 'c8e1528d5ea543bfb23372a580e8d91d', 'system': None}, Network: None, Subnet: None, Router: None
2025-11-20 14:32:44.562 67618 INFO tempest.lib.common.rest_client [req-3895057c-ae8f-4f7a-8c00-6ecc1effa216 req-3895057c-ae8f-4f7a-8c00-6ecc1effa216 ] Request (SecurityGroupRulesNegativeTestJSON:test_create_security_group_rule_with_invalid_ip_protocol): 200 POST http://10.180.1.21/compute/v2.1/os-security-groups 2.365s
2025-11-20 14:32:44.589 67612 INFO tempest.lib.common.rest_client [req-85513ed3-43db-42a1-a7a2-37abd499fa4f req-85513ed3-43db-42a1-a7a2-37abd499fa4f ] Request (ServerExternalEventsTest:test_create_server_external_events): 201 POST http://10.180.1.21/identity/v3/auth/tokens 0.061s
2025-11-20 14:32:44.590 67612 INFO tempest.lib.common.fixed_network [-] (ServerExternalEventsTest:test_create_server_external_events) Found network None available for tenant
2025-11-20 14:32:44.654 67578 INFO tempest.lib.common.rest_client [req-abbe3273-102e-40fc-8566-3cdb55856452 req-abbe3273-102e-40fc-8566-3cdb55856452 ] Request (ServersAdminNegativeTestJSON:setUpClass): 201 POST http://10.180.1.21/identity/v3/auth/tokens 0.097s
2025-11-20 14:32:44.668 67606 INFO tempest.lib.common.rest_client [req-f8e9b98f-da20-4492-abe7-0a9555037b79 req-f8e9b98f-da20-4492-abe7-0a9555037b79 ] Request (DeleteServersTestJSON:test_delete_active_server): 200 GET http://10.180.1.21/compute/v2.1/servers/791505b1-68b7-4c7e-888c-169fcbc7be93 2.051s
2025-11-20 14:32:44.677 67606 INFO tempest.common.waiters [-] State transition "ACTIVE/deleting" ==> "DELETED/None" after 3 second wait
2025-11-20 14:32:44.684 67609 INFO tempest.lib.common.rest_client [req-a88d7aa1-5e0a-4a91-a22e-6ecb97d6b952 req-a88d7aa1-5e0a-4a91-a22e-6ecb97d6b952 ] Request (AttachInterfacesUnderV243Test:test_add_remove_fixed_ip): 200 GET http://10.180.1.21/compute/v2.1/servers/cd1f0bed-f454-4c97-bf32-81450da32e6b 2.271s
2025-11-20 14:32:44.754 67604 INFO tempest.lib.common.rest_client [req-e6cb35cf-d6f4-440b-82d9-f00113ed1d09 req-e6cb35cf-d6f4-440b-82d9-f00113ed1d09 ] Request (ServerDiagnosticsNegativeTest:tearDownClass): 200 GET http://10.180.1.21/compute/v2.1/servers/31311c9b-af2e-4219-b72a-327b091ce0c9 1.894s
2025-11-20 14:32:44.756 67578 INFO tempest.lib.common.rest_client [req-dfb4c96d-b02e-4d70-bdc6-cfe0f3604300 req-dfb4c96d-b02e-4d70-bdc6-cfe0f3604300 ] Request (ServersAdminNegativeTestJSON:setUpClass): 201 POST http://10.180.1.21/identity/v3/projects 0.101s
2025-11-20 14:32:44.833 67578 INFO tempest.lib.common.rest_client [req-3e10e638-9b4b-4769-82c0-41e66164b1b5 req-3e10e638-9b4b-4769-82c0-41e66164b1b5 ] Request (ServersAdminNegativeTestJSON:setUpClass): 201 POST http://10.180.1.21/identity/v3/users 0.076s
2025-11-20 14:32:44.859 67578 INFO tempest.lib.common.rest_client [req-8a057de9-74de-418d-b81c-b6200c71971a req-8a057de9-74de-418d-b81c-b6200c71971a ] Request (ServersAdminNegativeTestJSON:setUpClass): 200 GET http://10.180.1.21/identity/v3/roles 0.025s
2025-11-20 14:32:44.878 67602 INFO tempest.lib.common.rest_client [req-ac0ca8e9-c6cf-49ca-a01a-559eb225fec9 req-ac0ca8e9-c6cf-49ca-a01a-559eb225fec9 ] Request (ServersTestBootFromVolume:setUpClass): 200 GET http://10.180.1.21/volume/v3/volumes/bbf92096-603d-46a5-88e0-9879c78b2862 0.037s
