2025-11-20 14:33:49.575 67578 INFO tempest.lib.common.rest_client [req-884043a2-6994-46f0-9a22-5fded39c7d99 req-884043a2-6994-46f0-9a22-5fded39c7d99 ] Request (ServersAdminNegativeTestJSON:test_migrate_server_invalid_state): 200 GET http://10.180.1.21/compute/v2.1/servers/42c5129e-b2bc-4647-ad97-85d38b96925a 3.773s
2025-11-20 14:33:49.604 67628 INFO tempest.lib.common.rest_client [req-e85cde41-e069-4c3b-b43f-8ea9882f8f7e req-e85cde41-e069-4c3b-b43f-8ea9882f8f7e ] Request (VolumesAssistedSnapshotsTest:_run_cleanups): 200 GET http://10.180.1.21/volume/v3/volumes/a0e1aede-912e-4c01-aa3d-68626252d0a2 0.051s
2025-11-20 14:33:49.612 67628 INFO tempest.common.waiters [-] volume a0e1aede-912e-4c01-aa3d-68626252d0a2 reached available after waiting for 0.612300 seconds
2025-11-20 14:33:49.629 67596 INFO tempest.lib.common.rest_client [req-bce50a6b-53f7-44ae-add8-92122e3505d8 req-bce50a6b-53f7-44ae-add8-92122e3505d8 ] Request (ServerAddressesTestJSON:test_list_server_addresses_by_network): 200 GET http://10.180.1.21/compute/v2.1/servers/1a7f42ce-93c2-480e-b957-7c1a289149e5/ips/tempest-ServerAddressesTestJSON-1920192961-network 3.486s
2025-11-20 14:33:49.629 67594 INFO tempest.lib.common.rest_client [req-8b0a35ce-4f7c-4fb7-ac66-e37e17402610 req-8b0a35ce-4f7c-4fb7-ac66-e37e17402610 ] Request (ServerGroupTestJSON:test_create_delete_server_group_with_affinity_policy): 200 POST http://10.180.1.21/compute/v2.1/os-server-groups 3.519s
2025-11-20 14:33:49.691 67628 INFO tempest.lib.common.rest_client [req-ae59bedb-80a4-423c-9159-6a3847acf3c1 req-ae59bedb-80a4-423c-9159-6a3847acf3c1 ] Request (VolumesAssistedSnapshotsTest:_run_cleanups): 202 DELETE http://10.180.1.21/volume/v3/volumes/a0e1aede-912e-4c01-aa3d-68626252d0a2 0.078s
2025-11-20 14:33:49.738 67628 INFO tempest.lib.common.rest_client [req-380d96cc-b97c-436c-bb3c-86abca6adcca req-380d96cc-b97c-436c-bb3c-86abca6adcca ] Request (VolumesAssistedSnapshotsTest:_run_cleanups): 200 GET http://10.180.1.21/volume/v3/volumes/a0e1aede-912e-4c01-aa3d-68626252d0a2 0.046s
2025-11-20 14:33:49.798 67572 INFO tempest.lib.common.rest_client [req-c0c017a6-66ae-4019-873e-4f2503dbfc3a req-c0c017a6-66ae-4019-873e-4f2503dbfc3a ] Request (ImagesOneServerTestJSON:setUpClass): 201 POST http://10.180.1.21/networking/v2.0/routers 0.900s
2025-11-20 14:33:49.825 67604 INFO tempest.lib.common.rest_client [req-54ec6eeb-b0b9-4449-98dd-7604c5a8779f req-54ec6eeb-b0b9-4449-98dd-7604c5a8779f ] Request (ServerRescueNegativeTestJSON:setUpClass): 200 GET http://10.180.1.21/compute/v2.1/servers/8a161a03-56ba-4bca-be4d-22c1268b2058 3.512s
2025-11-20 14:33:49.922 67590 INFO tempest.lib.common.rest_client [req-a403d1e3-b476-49bd-99f3-32ba939d565c req-a403d1e3-b476-49bd-99f3-32ba939d565c ] Request (SecurityGroupsTestJSON:test_security_groups_create_list_delete): 200 GET http://10.180.1.21/compute/v2.1/os-security-groups 3.702s
2025-11-20 14:33:50.030 67576 INFO tempest.lib.common.rest_client [req-026c7281-88df-4a86-9589-d403456a7e0e req-026c7281-88df-4a86-9589-d403456a7e0e ] Request (InstanceActionsNegativeTestJSON:setUpClass): 200 GET http://10.180.1.21/compute/v2.1/servers/bbb9d8d1-33b5-46b7-9840-8506b3a19f6b 3.547s
2025-11-20 14:33:50.056 67626 INFO tempest.lib.common.rest_client [req-5d25f798-6f33-4d65-9398-240ae737d08a req-5d25f798-6f33-4d65-9398-240ae737d08a ] Request (ListServersNegativeTestJSON:setUpClass): 200 GET http://10.180.1.21/compute/v2.1/servers/9cdbc261-8c79-493b-92c1-a13c4e70ab07 3.658s
2025-11-20 14:33:50.068 67626 INFO tempest.common.waiters [-] State transition "BUILD/networking" ==> "BUILD/spawning" after 32 second wait
2025-11-20 14:33:50.123 67624 INFO tempest.lib.common.rest_client [req-75190238-def1-45b9-bfae-f20485dd1e8c req-75190238-def1-45b9-bfae-f20485dd1e8c ] Request (ServerActionsV293TestJSON:setUpClass): 200 GET http://10.180.1.21/volume/v3/volumes/d8bc98a1-ef3a-490f-bf38-fdaa0908c067 0.037s
2025-11-20 14:33:50.151 67586 INFO tempest.lib.common.rest_client [req-e01c4b4d-e713-4919-99f9-6bf2bc35c0bb req-e01c4b4d-e713-4919-99f9-6bf2bc35c0bb ] Request (ImagesTestJSON:test_create_image_from_stopped_server): 200 GET http://10.180.1.21/compute/v2.1/servers/73fd49c7-b373-4f75-8a0e-f115706a0d68 3.580s
2025-11-20 14:33:50.204 67582 INFO tempest.lib.common.rest_client [req-c4417043-bf0b-4883-a3ee-5a26bb1eca96 req-c4417043-bf0b-4883-a3ee-5a26bb1eca96 ] Request (ServerShowV247Test:test_update_rebuild_list_server): 200 GET http://10.180.1.21/compute/v2.1/servers/ed5a7805-7c13-42f4-87f0-ba100301f12a 3.586s
2025-11-20 14:33:50.218 67582 INFO tempest.common.waiters [-] State transition "REBUILD/rebuild_spawning" ==> "ACTIVE/None" after 9 second wait
2025-11-20 14:33:50.321 67616 INFO tempest.lib.common.rest_client [req-0cfe68a0-5857-4ca2-8600-cd17df6c5ffb req-0cfe68a0-5857-4ca2-8600-cd17df6c5ffb ] Request (ServersAdmin275Test:tearDownClass): 200 GET http://10.180.1.21/compute/v2.1/servers/4cbcc6b3-19a5-4985-ab7e-a036068094eb 3.623s
2025-11-20 14:33:50.333 67614 INFO tempest.lib.common.rest_client [req-31ef6aee-71ba-4baf-8fff-c6371948f1f6 req-31ef6aee-71ba-4baf-8fff-c6371948f1f6 ] Request (FloatingIPsAssociationNegativeTestJSON:setUpClass): 200 GET http://10.180.1.21/compute/v2.1/servers/3e869fd6-68ea-43b5-baf8-c96163e5488d 3.465s
2025-11-20 14:33:50.395 67566 INFO tempest.lib.common.rest_client [req-931d41a7-e217-4ac9-bc10-5a4314603950 req-931d41a7-e217-4ac9-bc10-5a4314603950 ] Request (DeleteServersAdminTestJSON:test_delete_server_while_in_error_state): 200 GET http://10.180.1.21/compute/v2.1/servers/0951e8ba-28d5-49bd-beae-605420737314 3.468s
2025-11-20 14:33:50.403 67566 INFO tempest.common.waiters [-] State transition "ERROR/deleting" ==> "DELETED/None" after 5 second wait
2025-11-20 14:33:50.504 67574 INFO tempest.lib.common.rest_client [req-6ecf5c71-36cb-4ebd-8b61-f0e85d480858 req-6ecf5c71-36cb-4ebd-8b61-f0e85d480858 ] Request (AggregatesAdminNegativeTestJSON:test_aggregate_remove_host_as_user): 200 POST http://10.180.1.21/compute/v2.1/os-aggregates/7/action 2.545s
2025-11-20 14:33:50.512 67606 INFO tempest.lib.common.rest_client [req-46df1c11-608d-4d03-b3ee-436c3aa01cbc req-46df1c11-608d-4d03-b3ee-436c3aa01cbc ] Request (DeleteServersTestJSON:test_delete_server_while_in_attached_volume): 204 DELETE http://10.180.1.21/compute/v2.1/servers/c9ff83cf-fb73-4cef-97c3-8488418a88e3 2.292s
2025-11-20 14:33:50.589 67610 INFO tempest.lib.common.rest_client [req-470748f9-71f6-402b-b3b8-22df69f0fc76 req-470748f9-71f6-402b-b3b8-22df69f0fc76 ] Request (ServerMetadataTestJSON:test_update_metadata_empty_body): 200 POST http://10.180.1.21/compute/v2.1/servers/782d7e2b-6ac7-4d97-814e-96e407b249ef/metadata 1.753s
2025-11-20 14:33:50.592 67580 INFO tempest.lib.common.rest_client [req-18d71797-95d2-4b40-9ba4-17cecf6516d9 req-18d71797-95d2-4b40-9ba4-17cecf6516d9 ] Request (ServerDiagnosticsTest:tearDownClass): 204 DELETE http://10.180.1.21/compute/v2.1/servers/29b4a8d3-786b-4f30-8a29-e01e97ab4722 1.892s
2025-11-20 14:33:50.612 67568 INFO tempest.lib.common.rest_client [req-3bc10d1b-8c7e-4f79-9bda-65db5efff61b req-3bc10d1b-8c7e-4f79-9bda-65db5efff61b ] Request (FlavorsAdminTestJSON:test_is_public_string_variations): 200 GET http://10.180.1.21/compute/v2.1/flavors/detail?is_public=no 1.757s
2025-11-20 14:33:50.783 67628 INFO tempest.lib.common.rest_client [req-7df298cc-8818-4869-8e0d-c040d4285386 req-7df298cc-8818-4869-8e0d-c040d4285386 ] Request (VolumesAssistedSnapshotsTest:_run_cleanups): 200 GET http://10.180.1.21/volume/v3/volumes/a0e1aede-912e-4c01-aa3d-68626252d0a2 0.037s
2025-11-20 14:33:50.871 67570 INFO tempest.lib.common.rest_client [req-31a6f167-f9e2-4fd6-90e8-009381ab833a req-31a6f167-f9e2-4fd6-90e8-009381ab833a ] Request (MultipleCreateTestJSON:test_multiple_create_with_reservation_return): 200 GET http://10.180.1.21/compute/v2.1/servers/4485d9d1-49b0-49b0-b61e-65f36c4b0c3a 1.931s
2025-11-20 14:33:50.879 67570 INFO tempest.common.waiters [-] State transition "BUILD/spawning" ==> "ACTIVE/None" after 35 second wait
2025-11-20 14:33:50.896 67572 INFO tempest.lib.common.rest_client [req-7334fe91-0525-46df-bc45-295b462d89dc req-7334fe91-0525-46df-bc45-295b462d89dc ] Request (ImagesOneServerTestJSON:setUpClass): 200 PUT http://10.180.1.21/networking/v2.0/routers/f25c8c2b-80f5-4708-a777-4507a1ea94ee/add_router_interface 1.097s
2025-11-20 14:33:50.897 67572 INFO tempest.lib.common.dynamic_creds [-] Created isolated network resources for: credentials: Credentials: {'domain_id': 'default', 'domain_name': 'Default', 'username': 'tempest-ImagesOneServerTestJSON-1440982618-project-member', 'project_domain_id': 'default', 'project_domain_name': 'Default', 'project_id': 'e9f894dcc86d415cb743117ffa975775', 'project_name': 'tempest-ImagesOneServerTestJSON-1440982618', 'tenant_id': 'e9f894dcc86d415cb743117ffa975775', 'tenant_name': 'tempest-ImagesOneServerTestJSON-1440982618', 'user_domain_id': 'default', 'user_domain_name': 'Default', 'user_id': 'a7be7b9d455c474ea9ff556987d239e5', 'system': None}, Network: {'id': '710c592a-b435-4a20-9b76-8de02c041128', 'name': 'tempest-ImagesOneServerTestJSON-1094625014-network', 'tenant_id': 'e9f894dcc86d415cb743117ffa975775', 'project_id': 'e9f894dcc86d415cb743117ffa975775', 'admin_state_up': True, 'mtu': 8950, 'status': 'ACTIVE', 'subnets': [], 'shared': False, 'port_security_enabled': True, 'router:external': False, 'provider:network_type': 'vlan', 'provider:physical_network': 'default', 'provider:segmentation_id': 135, 'availability_zone_hints': [], 'availability_zones': [], 'ipv4_address_scope': None, 'ipv6_address_scope': None, 'description': '', 'tags': [], 'created_at': '2025-11-20T14:33:48Z', 'updated_at': '2025-11-20T14:33:48Z', 'revision_number': 1}, Subnet: {'id': '2dec142c-ec88-4134-b6fa-e8aa7fea8e4a', 'name': 'tempest-ImagesOneServerTestJSON-1094625014-subnet', 'tenant_id': 'e9f894dcc86d415cb743117ffa975775', 'network_id': '710c592a-b435-4a20-9b76-8de02c041128', 'ip_version': 4, 'subnetpool_id': None, 'enable_dhcp': True, 'ipv6_ra_mode': None, 'ipv6_address_mode': None, 'gateway_ip': '192.168.128.1', 'cidr': '192.168.128.0/28', 'allocation_pools': [{'start': '192.168.128.2', 'end': '192.168.128.14'}], 'host_routes': [], 'dns_nameservers': [], 'description': '', 'router:external': False, 'service_types': [], 'tags': [], 'created_at': '2025-11-20T14:33:48Z', 'updated_at': '2025-11-20T14:33:48Z', 'revision_number': 0, 'project_id': 'e9f894dcc86d415cb743117ffa975775'}, Router: {'id': 'f25c8c2b-80f5-4708-a777-4507a1ea94ee', 'name': 'tempest-ImagesOneServerTestJSON-1094625014-router', 'tenant_id': 'e9f894dcc86d415cb743117ffa975775', 'admin_state_up': True, 'status': 'ACTIVE', 'external_gateway_info': {'network_id': '4ed7088a-a1a4-4920-bf9b-ba5e74cb143e', 'external_fixed_ips': [{'subnet_id': '42af482e-2021-496d-aeb4-0070f24ba142', 'ip_address': '10.180.180.150'}], 'enable_snat': True}, 'description': '', 'availability_zones': [], 'distributed': False, 'ha': False, 'availability_zone_hints': [], 'routes': [], 'flavor_id': None, 'tags': [], 'created_at': '2025-11-20T14:33:48Z', 'updated_at': '2025-11-20T14:33:49Z', 'revision_number': 2, 'project_id': 'e9f894dcc86d415cb743117ffa975775'}
2025-11-20 14:33:50.898 67602 INFO tempest.lib.common.rest_client [req-9226e80d-6404-4493-852d-06521ab32acb req-9226e80d-6404-4493-852d-06521ab32acb ] Request (ServersTestBootFromVolume:setUpClass): 200 GET http://10.180.1.21/compute/v2.1/servers/4107437a-9370-48f6-8a68-8df65acba434 1.906s
2025-11-20 14:33:50.953 67618 INFO tempest.lib.common.rest_client [req-8e25b63e-158f-428d-8c10-4595a82d5f18 req-8e25b63e-158f-428d-8c10-4595a82d5f18 ] Request (ServerAddressesNegativeTestJSON:setUpClass): 200 GET http://10.180.1.21/compute/v2.1/servers/30a1bb7f-5942-4762-9f17-e51131597861 1.640s
2025-11-20 14:33:50.964 67600 INFO tempest.lib.common.rest_client [req-6cd2a8b3-728a-4666-8dcb-8f527f90ff2b req-6cd2a8b3-728a-4666-8dcb-8f527f90ff2b ] Request (ServersTestManualDisk:tearDownClass): 204 DELETE http://10.180.1.21/compute/v2.1/servers/2de93845-c835-4f5a-bab1-57d743c85fc5 1.672s
2025-11-20 14:33:50.982 67572 INFO tempest.lib.common.rest_client [req-bd02122f-5f13-44b2-8113-4d77a65c550d req-bd02122f-5f13-44b2-8113-4d77a65c550d ] Request (ImagesOneServerTestJSON:setUpClass): 201 POST http://10.180.1.21/identity/v3/auth/tokens 0.081s
2025-11-20 14:33:51.016 67572 INFO tempest.lib.common.rest_client [req-d2a996ec-2c5a-48c7-8723-b631c306a09a req-d2a996ec-2c5a-48c7-8723-b631c306a09a ] Request (ImagesOneServerTestJSON:setUpClass): 201 POST http://10.180.1.21/identity/v3/auth/tokens 0.030s
2025-11-20 14:33:51.017 67572 INFO tempest.lib.common.fixed_network [-] (ImagesOneServerTestJSON:setUpClass) Found network {'id': '710c592a-b435-4a20-9b76-8de02c041128', 'name': 'tempest-ImagesOneServerTestJSON-1094625014-network', 'tenant_id': 'e9f894dcc86d415cb743117ffa975775', 'project_id': 'e9f894dcc86d415cb743117ffa975775', 'admin_state_up': True, 'mtu': 8950, 'status': 'ACTIVE', 'subnets': [], 'shared': False, 'port_security_enabled': True, 'router:external': False, 'provider:network_type': 'vlan', 'provider:physical_network': 'default', 'provider:segmentation_id': 135, 'availability_zone_hints': [], 'availability_zones': [], 'ipv4_address_scope': None, 'ipv6_address_scope': None, 'description': '', 'tags': [], 'created_at': '2025-11-20T14:33:48Z', 'updated_at': '2025-11-20T14:33:48Z', 'revision_number': 1} available for tenant
2025-11-20 14:33:51.167 67624 INFO tempest.lib.common.rest_client [req-33ae2403-f3d2-4f09-917c-04430202cafa req-33ae2403-f3d2-4f09-917c-04430202cafa ] Request (ServerActionsV293TestJSON:setUpClass): 200 GET http://10.180.1.21/volume/v3/volumes/d8bc98a1-ef3a-490f-bf38-fdaa0908c067 0.033s
2025-11-20 14:33:51.219 67598 INFO tempest.lib.common.rest_client [req-ddeec48f-3be6-4545-a76e-33f06df446f1 req-ddeec48f-3be6-4545-a76e-33f06df446f1 ] Request (QuotasAdminTestJSON:_run_cleanups): 200 PUT http://10.180.1.21/compute/v2.1/os-quota-sets/b7f3e8f452b24c4182794f4440a64ad6 1.838s
2025-11-20 14:33:51.255 67630 INFO tempest.lib.common.rest_client [req-f97491af-99aa-44f8-b4eb-58ea4acce3ae req-f97491af-99aa-44f8-b4eb-58ea4acce3ae ] Request (ExtensionsTest:test_get_extension): 200 GET http://10.180.1.21/compute/v2.1/extensions/os-consoles 1.709s
2025-11-20 14:33:51.280 67594 INFO tempest.lib.common.rest_client [req-7aa22243-7231-4ac1-b946-378eb5955599 req-7aa22243-7231-4ac1-b946-378eb5955599 ] Request (ServerGroupTestJSON:test_create_delete_server_group_with_affinity_policy): 204 DELETE http://10.180.1.21/compute/v2.1/os-server-groups/304802da-392b-4b0a-af33-85e8cb19b933 1.648s
2025-11-20 14:33:51.373 67598 INFO tempest.lib.common.rest_client [req-69067dec-00de-4d8e-b545-79208ae7bac7 req-69067dec-00de-4d8e-b545-79208ae7bac7 ] Request (QuotasAdminTestJSON:tearDownClass): 204 DELETE http://10.180.1.21/identity/v3/users/50f7213fa8c2454c838177f6402d4efe 0.151s
2025-11-20 14:33:51.399 67584 INFO tempest.lib.common.rest_client [req-a9cbac50-f7b4-487f-8d35-4e2b00baaa1b req-a9cbac50-f7b4-487f-8d35-4e2b00baaa1b ] Request (FloatingIPDetailsTestJSON:tearDownClass): 202 DELETE http://10.180.1.21/compute/v2.1/os-floating-ips/2b72f408-f633-470f-8fc2-e8e6bc38d607 1.927s
2025-11-20 14:33:51.415 67596 INFO tempest.lib.common.rest_client [req-15ec7366-4c74-48b1-a166-ad715af1262c req-15ec7366-4c74-48b1-a166-ad715af1262c ] Request (ServerAddressesTestJSON:tearDownClass): 204 DELETE http://10.180.1.21/compute/v2.1/servers/1a7f42ce-93c2-480e-b957-7c1a289149e5 1.783s
2025-11-20 14:33:51.427 67612 INFO tempest.lib.common.rest_client [req-b5e87c71-d492-497f-961e-f6ad67c7b175 req-b5e87c71-d492-497f-961e-f6ad67c7b175 ] Request (ServerExternalEventsTest:tearDownClass): 404 GET http://10.180.1.21/compute/v2.1/servers/3526ad90-d5c3-49bd-8439-991a51fa22c3 1.669s
2025-11-20 14:33:51.503 67612 INFO tempest.lib.common.rest_client [req-0d775867-f0bf-4877-90d2-787527d02fa7 req-0d775867-f0bf-4877-90d2-787527d02fa7 ] Request (ServerExternalEventsTest:tearDownClass): 204 DELETE http://10.180.1.21/identity/v3/users/c2fe80674e0f4456af49bb60823e652d 0.075s
2025-11-20 14:33:51.503 67598 INFO tempest.lib.common.rest_client [req-84749792-e652-4836-a42e-8cfeb0e52dd9 req-84749792-e652-4836-a42e-8cfeb0e52dd9 ] Request (QuotasAdminTestJSON:tearDownClass): 204 DELETE http://10.180.1.21/identity/v3/users/5bdd7a5480484f06b1f6e093fd75680e 0.129s
2025-11-20 14:33:51.504 67598 INFO tempest.lib.common.dynamic_creds [-] Deleting project and security group for project: b7f3e8f452b24c4182794f4440a64ad6
2025-11-20 14:33:51.563 67620 INFO tempest.lib.common.rest_client [req-745619c4-0e07-4e27-9864-320ce7086a60 req-745619c4-0e07-4e27-9864-320ce7086a60 ] Request (ImagesOneServerNegativeTestJSON:setUpClass): 200 GET http://10.180.1.21/compute/v2.1/servers/e3492957-87fc-4642-9754-837f576c7966 1.677s
2025-11-20 14:33:51.580 67598 INFO tempest.lib.common.rest_client [req-aebe3b8e-9e73-4972-bee9-fc010810c865 req-aebe3b8e-9e73-4972-bee9-fc010810c865 ] Request (QuotasAdminTestJSON:tearDownClass): 201 POST http://10.180.1.21/identity/v3/auth/tokens 0.076s
2025-11-20 14:33:51.645 67590 INFO tempest.lib.common.rest_client [req-71229eb0-f19c-4c95-b6ce-8e91f4dc0e6b req-71229eb0-f19c-4c95-b6ce-8e91f4dc0e6b ] Request (SecurityGroupsTestJSON:test_security_groups_create_list_delete): 202 DELETE http://10.180.1.21/compute/v2.1/os-security-groups/1a453afc-f985-4d48-9ce6-9c9d419b168f 1.718s
2025-11-20 14:33:51.677 67612 INFO tempest.lib.common.rest_client [req-7c7a8a96-ca8f-4fea-82e4-f4ff4c0d8cc0 req-7c7a8a96-ca8f-4fea-82e4-f4ff4c0d8cc0 ] Request (ServerExternalEventsTest:tearDownClass): 204 DELETE http://10.180.1.21/identity/v3/users/261d02935d2846a1a6d6329551c496bf 0.174s
2025-11-20 14:33:51.852 67628 INFO tempest.lib.common.rest_client [req-7507cdbf-e026-47ea-a519-43013dd9c152 req-7507cdbf-e026-47ea-a519-43013dd9c152 ] Request (VolumesAssistedSnapshotsTest:_run_cleanups): 200 GET http://10.180.1.21/volume/v3/volumes/a0e1aede-912e-4c01-aa3d-68626252d0a2 0.058s
2025-11-20 14:33:51.889 67612 INFO tempest.lib.common.rest_client [req-9cf0cccb-3d20-4cdb-be8a-9f5104406264 req-9cf0cccb-3d20-4cdb-be8a-9f5104406264 ] Request (ServerExternalEventsTest:tearDownClass): 204 DELETE http://10.180.1.21/identity/v3/users/ac90385325eb406686aeec882bbf3032 0.211s
2025-11-20 14:33:51.890 67612 INFO tempest.lib.common.dynamic_creds [-] Deleting project and security group for project: 3f846345f96a4a71bfc3bcd3472132ae
2025-11-20 14:33:51.939 67592 WARNING tempest.lib.common.ssh [-] Failed to establish authenticated ssh connection to cirros@10.180.180.205 ([Errno None] Unable to connect to port 22 on 10.180.180.205). Number attempts: 5. Retry after 6 seconds.: paramiko.ssh_exception.NoValidConnectionsError: [Errno None] Unable to connect to port 22 on 10.180.180.205
2025-11-20 14:33:52.007 67598 INFO tempest.lib.common.rest_client [req-a13f5fa5-e923-4a02-9a69-2fa4af240aea req-a13f5fa5-e923-4a02-9a69-2fa4af240aea ] Request (QuotasAdminTestJSON:tearDownClass): 200 GET http://10.180.1.21/networking/v2.0/security-groups?tenant_id=b7f3e8f452b24c4182794f4440a64ad6&name=default 0.427s
2025-11-20 14:33:52.011 67612 INFO tempest.lib.common.rest_client [req-96329edb-1e43-4c41-bc3d-629ac3a1afb1 req-96329edb-1e43-4c41-bc3d-629ac3a1afb1 ] Request (ServerExternalEventsTest:tearDownClass): 201 POST http://10.180.1.21/identity/v3/auth/tokens 0.121s
2025-11-20 14:33:52.036 67588 INFO tempest.lib.common.rest_client [req-93e6949f-c55f-47ae-a862-1af7841ae3e5 req-93e6949f-c55f-47ae-a862-1af7841ae3e5 ] Request (ServersAdminTestJSON:setUpClass): 200 GET http://10.180.1.21/compute/v2.1/servers/ff539dec-89a9-4539-a802-113f79ff6988 1.978s
2025-11-20 14:33:52.043 67574 INFO tempest.lib.common.rest_client [req-4cafa03b-b46b-4e84-9f0d-7ff8cd1dd76c req-4cafa03b-b46b-4e84-9f0d-7ff8cd1dd76c ] Request (AggregatesAdminNegativeTestJSON:test_aggregate_remove_host_as_user): 403 POST http://10.180.1.21/compute/v2.1/os-aggregates/7/action 1.535s
2025-11-20 14:33:52.142 67582 INFO tempest.lib.common.rest_client [req-7359debc-d308-4eba-ada7-c86b6e75614e req-7359debc-d308-4eba-ada7-c86b6e75614e ] Request (ServerShowV247Test:test_update_rebuild_list_server): 200 GET http://10.180.1.21/compute/v2.1/servers/detail 1.923s
2025-11-20 14:33:52.184 67609 INFO tempest.lib.common.rest_client [req-459159f0-a5f3-4de4-81f5-6cd057e4efd2 req-459159f0-a5f3-4de4-81f5-6cd057e4efd2 ] Request (AttachInterfacesUnderV243Test:test_add_remove_fixed_ip): 200 GET http://10.180.1.21/compute/v2.1/servers/cd1f0bed-f454-4c97-bf32-81450da32e6b/ips 1.666s
2025-11-20 14:33:52.219 67624 INFO tempest.lib.common.rest_client [req-9becb96f-7cad-4da2-8b1f-89a0ffa60064 req-9becb96f-7cad-4da2-8b1f-89a0ffa60064 ] Request (ServerActionsV293TestJSON:setUpClass): 200 GET http://10.180.1.21/volume/v3/volumes/d8bc98a1-ef3a-490f-bf38-fdaa0908c067 0.042s
2025-11-20 14:33:52.271 67598 INFO tempest.lib.common.rest_client [req-2acc7739-52d8-495d-88d6-64fa81dc723f req-2acc7739-52d8-495d-88d6-64fa81dc723f ] Request (QuotasAdminTestJSON:tearDownClass): 204 DELETE http://10.180.1.21/networking/v2.0/security-groups/995ea1b8-9d21-4eaf-b0ac-af0830d5a903 0.262s
2025-11-20 14:33:52.378 67598 INFO tempest.lib.common.rest_client [req-fcbb2f97-07f6-44d0-bda1-aa669cc849df req-fcbb2f97-07f6-44d0-bda1-aa669cc849df ] Request (QuotasAdminTestJSON:tearDownClass): 204 DELETE http://10.180.1.21/identity/v3/projects/b7f3e8f452b24c4182794f4440a64ad6 0.105s
2025-11-20 14:33:52.379 67598 INFO tempest.lib.common.dynamic_creds [-] Deleting project and security group for project: 65efb47f258c4270b0bef8cf19300bed
2025-11-20 14:33:52.427 67584 INFO tempest.lib.common.rest_client [req-1da33d62-df4f-4879-8a38-26b09dce79ad req-1da33d62-df4f-4879-8a38-26b09dce79ad ] Request (FloatingIPDetailsTestJSON:tearDownClass): 200 PUT http://10.180.1.21/networking/v2.0/routers/3b49b6e3-52c7-4c71-ba2a-d771c517f7f5/remove_router_interface 1.028s
2025-11-20 14:33:52.478 67612 INFO tempest.lib.common.rest_client [req-b273dcd8-1cb5-4ec8-8430-b8e5e70fa98c req-b273dcd8-1cb5-4ec8-8430-b8e5e70fa98c ] Request (ServerExternalEventsTest:tearDownClass): 200 GET http://10.180.1.21/networking/v2.0/security-groups?tenant_id=3f846345f96a4a71bfc3bcd3472132ae&name=default 0.467s
2025-11-20 14:33:52.558 67578 INFO tempest.lib.common.rest_client [req-b92d3e6d-3895-45d4-99d4-85666fd4bc93 req-b92d3e6d-3895-45d4-99d4-85666fd4bc93 ] Request (ServersAdminNegativeTestJSON:test_migrate_server_invalid_state): 200 GET http://10.180.1.21/compute/v2.1/servers/42c5129e-b2bc-4647-ad97-85d38b96925a 1.974s
2025-11-20 14:33:52.568 67578 INFO tempest.common.waiters [-] State transition "BUILD/scheduling" ==> "BUILD/None" after 19 second wait
2025-11-20 14:33:52.607 67610 INFO tempest.lib.common.rest_client [req-67ddfae3-8bd1-4873-8227-a392ae34bf1c req-67ddfae3-8bd1-4873-8227-a392ae34bf1c ] Request (ServerMetadataTestJSON:test_update_metadata_empty_body): 200 GET http://10.180.1.21/compute/v2.1/servers/782d7e2b-6ac7-4d97-814e-96e407b249ef/metadata 2.017s
2025-11-20 14:33:52.679 67598 INFO tempest.lib.common.rest_client [req-4ee3c314-ac83-4ba2-8873-ca7a225cd7ed req-4ee3c314-ac83-4ba2-8873-ca7a225cd7ed ] Request (QuotasAdminTestJSON:tearDownClass): 200 GET http://10.180.1.21/networking/v2.0/security-groups?tenant_id=65efb47f258c4270b0bef8cf19300bed&name=default 0.300s
2025-11-20 14:33:52.882 67628 INFO tempest.lib.common.rest_client [req-f4bbbe68-b757-4926-9de3-18a5f0cc3147 req-f4bbbe68-b757-4926-9de3-18a5f0cc3147 ] Request (VolumesAssistedSnapshotsTest:_run_cleanups): 404 GET http://10.180.1.21/volume/v3/volumes/a0e1aede-912e-4c01-aa3d-68626252d0a2 0.018s
2025-11-20 14:33:53.098 67612 INFO tempest.lib.common.rest_client [req-7812a4f8-3b9d-4835-a00f-2d8ce3879f44 req-7812a4f8-3b9d-4835-a00f-2d8ce3879f44 ] Request (ServerExternalEventsTest:tearDownClass): 204 DELETE http://10.180.1.21/networking/v2.0/security-groups/c476dcfd-916a-4734-8b85-872fabed32ea 0.620s
2025-11-20 14:33:53.145 67606 INFO tempest.lib.common.rest_client [req-bc9eaf38-cb69-4598-bf87-187f23450c9c req-bc9eaf38-cb69-4598-bf87-187f23450c9c ] Request (DeleteServersTestJSON:test_delete_server_while_in_attached_volume): 200 GET http://10.180.1.21/compute/v2.1/servers/c9ff83cf-fb73-4cef-97c3-8488418a88e3 2.632s
2025-11-20 14:33:53.160 67568 INFO tempest.lib.common.rest_client [req-3374e04f-6857-41bd-a76b-8661e186d71b req-3374e04f-6857-41bd-a76b-8661e186d71b ] Request (FlavorsAdminTestJSON:test_is_public_string_variations): 200 GET http://10.180.1.21/compute/v2.1/flavors/detail?is_public=0 2.544s
2025-11-20 14:33:53.191 67584 INFO tempest.lib.common.rest_client [req-b4252de2-38c9-4dc4-969a-16c40f3ebb30 req-b4252de2-38c9-4dc4-969a-16c40f3ebb30 ] Request (FloatingIPDetailsTestJSON:tearDownClass): 204 DELETE http://10.180.1.21/networking/v2.0/routers/3b49b6e3-52c7-4c71-ba2a-d771c517f7f5 0.763s
2025-11-20 14:33:53.213 67612 INFO tempest.lib.common.rest_client [req-722afc82-6697-486b-8669-47c3142b9e3c req-722afc82-6697-486b-8669-47c3142b9e3c ] Request (ServerExternalEventsTest:tearDownClass): 204 DELETE http://10.180.1.21/identity/v3/projects/3f846345f96a4a71bfc3bcd3472132ae 0.115s
2025-11-20 14:33:53.214 67612 INFO tempest.lib.common.dynamic_creds [-] Deleting project and security group for project: 3951d124b71b485ca2fd7d6103c41f3a
2025-11-20 14:33:53.261 67624 INFO tempest.lib.common.rest_client [req-833ae00b-bf7a-40ba-bd4d-1c8ed91b5042 req-833ae00b-bf7a-40ba-bd4d-1c8ed91b5042 ] Request (ServerActionsV293TestJSON:setUpClass): 200 GET http://10.180.1.21/volume/v3/volumes/d8bc98a1-ef3a-490f-bf38-fdaa0908c067 0.033s
2025-11-20 14:33:53.296 67598 INFO tempest.lib.common.rest_client [req-6e87331e-ccab-4cb1-b985-9d7e9d8d496a req-6e87331e-ccab-4cb1-b985-9d7e9d8d496a ] Request (QuotasAdminTestJSON:tearDownClass): 204 DELETE http://10.180.1.21/networking/v2.0/security-groups/6032038a-6a26-4d8c-a335-4d71fb0570be 0.616s
2025-11-20 14:33:53.432 67598 INFO tempest.lib.common.rest_client [req-350161db-3c0f-46d4-92d9-58ff754f2e10 req-350161db-3c0f-46d4-92d9-58ff754f2e10 ] Request (QuotasAdminTestJSON:tearDownClass): 204 DELETE http://10.180.1.21/identity/v3/projects/65efb47f258c4270b0bef8cf19300bed 0.135s
2025-11-20 14:33:53.506 67598 INFO tempest.lib.common.rest_client [req-bbe11959-4ad6-4d66-a5a7-c4fd9fd23097 req-bbe11959-4ad6-4d66-a5a7-c4fd9fd23097 ] Request (AttachInterfacesV270Test:setUpClass): 201 POST http://10.180.1.21/identity/v3/auth/tokens 0.072s
2025-11-20 14:33:53.541 67598 INFO tempest.lib.common.rest_client [req-25f359b0-3335-43b1-8273-46333fe70619 req-25f359b0-3335-43b1-8273-46333fe70619 ] Request (AttachInterfacesV270Test:setUpClass): 201 POST http://10.180.1.21/identity/v3/auth/tokens 0.031s
2025-11-20 14:33:53.569 67598 INFO tempest.lib.common.rest_client [req-0e8d6769-9796-47f5-9f2b-6e1eeb237a98 req-0e8d6769-9796-47f5-9f2b-6e1eeb237a98 ] Request (AttachInterfacesV270Test:setUpClass): 200 GET http://10.180.1.21/identity/v3/domains?name=Default 0.027s
2025-11-20 14:33:53.569 67584 INFO tempest.lib.common.rest_client [req-29874525-e471-4371-96fc-035a88e5ce2e req-29874525-e471-4371-96fc-035a88e5ce2e ] Request (FloatingIPDetailsTestJSON:tearDownClass): 204 DELETE http://10.180.1.21/networking/v2.0/subnets/d081f4f4-f118-4889-9b71-adf513c7fe95 0.378s
2025-11-20 14:33:53.597 67604 INFO tempest.lib.common.rest_client [req-e890e221-9c86-4cee-8c88-620e4e965c24 req-e890e221-9c86-4cee-8c88-620e4e965c24 ] Request (ServerRescueNegativeTestJSON:setUpClass): 200 GET http://10.180.1.21/compute/v2.1/servers/8a161a03-56ba-4bca-be4d-22c1268b2058 2.763s
2025-11-20 14:33:53.608 67598 INFO tempest.lib.common.rest_client [req-082dc3e2-b97c-406f-8ef9-afe348723ed2 req-082dc3e2-b97c-406f-8ef9-afe348723ed2 ] Request (AttachInterfacesV270Test:setUpClass): 201 POST http://10.180.1.21/identity/v3/projects 0.039s
2025-11-20 14:33:53.702 67598 INFO tempest.lib.common.rest_client [req-7cd7e73c-bc37-4a3b-a534-df795fb5b33d req-7cd7e73c-bc37-4a3b-a534-df795fb5b33d ] Request (AttachInterfacesV270Test:setUpClass): 201 POST http://10.180.1.21/identity/v3/users 0.093s
2025-11-20 14:33:53.727 67598 INFO tempest.lib.common.rest_client [req-9217c2d3-8d80-47fc-ac05-ee2ef5e323c6 req-9217c2d3-8d80-47fc-ac05-ee2ef5e323c6 ] Request (AttachInterfacesV270Test:setUpClass): 200 GET http://10.180.1.21/identity/v3/roles 0.024s
2025-11-20 14:33:53.739 67612 INFO tempest.lib.common.rest_client [req-756257ec-b12d-4b4b-9fb1-1e006d292adf req-756257ec-b12d-4b4b-9fb1-1e006d292adf ] Request (ServerExternalEventsTest:tearDownClass): 200 GET http://10.180.1.21/networking/v2.0/security-groups?tenant_id=3951d124b71b485ca2fd7d6103c41f3a&name=default 0.525s
2025-11-20 14:33:53.762 67598 INFO tempest.lib.common.rest_client [req-906a2e8f-5ec2-40a1-b93a-7805d416ab23 req-906a2e8f-5ec2-40a1-b93a-7805d416ab23 ] Request (AttachInterfacesV270Test:setUpClass): 204 PUT http://10.180.1.21/identity/v3/projects/c2d0bac7f5894ef49233425487e765ae/users/189f06bf0f4b476eaafcf5cd26b4d113/roles/1e0d249f77b04192a9ee71c8de6bbd46 0.035s
2025-11-20 14:33:53.763 67598 INFO tempest.lib.common.dynamic_creds [-] Dynamic test user 189f06bf0f4b476eaafcf5cd26b4d113 is created with scope project and roles: ['member']
2025-11-20 14:33:53.763 67598 INFO tempest.lib.common.dynamic_creds [-] Acquired dynamic creds: credentials: Credentials: {'domain_id': 'default', 'domain_name': 'Default', 'username': 'tempest-AttachInterfacesV270Test-1010792288-project-member', 'project_domain_id': 'default', 'project_domain_name': 'Default', 'project_id': 'c2d0bac7f5894ef49233425487e765ae', 'project_name': 'tempest-AttachInterfacesV270Test-1010792288', 'tenant_id': 'c2d0bac7f5894ef49233425487e765ae', 'tenant_name': 'tempest-AttachInterfacesV270Test-1010792288', 'user_domain_id': 'default', 'user_domain_name': 'Default', 'user_id': '189f06bf0f4b476eaafcf5cd26b4d113', 'system': None}, Network: None, Subnet: None, Router: None
2025-11-20 14:33:53.779 67580 INFO tempest.lib.common.rest_client [req-003309ef-ade0-4bcd-a7ce-e1b4f58ca3c9 req-003309ef-ade0-4bcd-a7ce-e1b4f58ca3c9 ] Request (ServerDiagnosticsTest:tearDownClass): 200 GET http://10.180.1.21/compute/v2.1/servers/29b4a8d3-786b-4f30-8a29-e01e97ab4722 3.186s
2025-11-20 14:33:53.833 67598 INFO tempest.lib.common.rest_client [req-0e266a32-ec72-4ccd-a845-1df94796b226 req-0e266a32-ec72-4ccd-a845-1df94796b226 ] Request (AttachInterfacesV270Test:setUpClass): 201 POST http://10.180.1.21/identity/v3/auth/tokens 0.070s
2025-11-20 14:33:54.305 67624 INFO tempest.lib.common.rest_client [req-203086cf-7704-4292-b74c-53cd881ec52a req-203086cf-7704-4292-b74c-53cd881ec52a ] Request (ServerActionsV293TestJSON:setUpClass): 200 GET http://10.180.1.21/volume/v3/volumes/d8bc98a1-ef3a-490f-bf38-fdaa0908c067 0.035s
2025-11-20 14:33:54.807 67584 INFO tempest.lib.common.rest_client [req-04159a24-50c0-410e-b8d1-37a4d16725cf req-04159a24-50c0-410e-b8d1-37a4d16725cf ] Request (FloatingIPDetailsTestJSON:tearDownClass): 204 DELETE http://10.180.1.21/networking/v2.0/networks/cb14338c-7bbf-492d-9d48-c66e7b4fc3ed 1.238s
2025-11-20 14:33:54.911 67584 INFO tempest.lib.common.rest_client [req-ee17ea01-a2db-409d-9fd8-4274b493c211 req-ee17ea01-a2db-409d-9fd8-4274b493c211 ] Request (FloatingIPDetailsTestJSON:tearDownClass): 204 DELETE http://10.180.1.21/identity/v3/users/3a3146c2eafe4618a3f87d3b5095dee8 0.103s
2025-11-20 14:33:54.911 67584 INFO tempest.lib.common.dynamic_creds [-] Deleting project and security group for project: cad93f8a1f0c496ea94a78b29ae0bc3a
2025-11-20 14:33:54.972 67600 INFO tempest.lib.common.rest_client [req-46731335-beed-422b-8047-aa186262df76 req-46731335-beed-422b-8047-aa186262df76 ] Request (ServersTestManualDisk:tearDownClass): 200 GET http://10.180.1.21/compute/v2.1/servers/2de93845-c835-4f5a-bab1-57d743c85fc5 4.007s
2025-11-20 14:33:55.021 67612 INFO tempest.lib.common.rest_client [req-7462296f-b23a-4068-9e6a-3a30e64e7740 req-7462296f-b23a-4068-9e6a-3a30e64e7740 ] Request (ServerExternalEventsTest:tearDownClass): 204 DELETE http://10.180.1.21/networking/v2.0/security-groups/1b7eb95b-1a1f-4457-b908-0fde1f5e2469 1.281s
2025-11-20 14:33:55.128 67570 INFO tempest.lib.common.rest_client [req-e70d89ac-0c88-4ca2-a56a-930e6cfbc976 req-e70d89ac-0c88-4ca2-a56a-930e6cfbc976 ] Request (MultipleCreateTestJSON:test_multiple_create_with_reservation_return): 200 GET http://10.180.1.21/compute/v2.1/servers/fb679c01-e406-46cf-be92-c2abb01e31be 4.248s
2025-11-20 14:33:55.154 67584 INFO tempest.lib.common.rest_client [req-1c7aa7d4-a414-4ee4-aab6-c2a6e518f83f req-1c7aa7d4-a414-4ee4-aab6-c2a6e518f83f ] Request (FloatingIPDetailsTestJSON:tearDownClass): 200 GET http://10.180.1.21/networking/v2.0/security-groups?tenant_id=cad93f8a1f0c496ea94a78b29ae0bc3a&name=default 0.242s
2025-11-20 14:33:55.212 67612 INFO tempest.lib.common.rest_client [req-fdc12b05-2799-4188-b393-c847fff1e6a4 req-fdc12b05-2799-4188-b393-c847fff1e6a4 ] Request (ServerExternalEventsTest:tearDownClass): 204 DELETE http://10.180.1.21/identity/v3/projects/3951d124b71b485ca2fd7d6103c41f3a 0.191s
2025-11-20 14:33:55.213 67612 INFO tempest.lib.common.dynamic_creds [-] Deleting project and security group for project: c9100aa38c5843feb18a6e495b451e8f
2025-11-20 14:33:55.349 67624 INFO tempest.lib.common.rest_client [req-d474f4b3-d642-4dad-9712-e77da57064c0 req-d474f4b3-d642-4dad-9712-e77da57064c0 ] Request (ServerActionsV293TestJSON:setUpClass): 200 GET http://10.180.1.21/volume/v3/volumes/d8bc98a1-ef3a-490f-bf38-fdaa0908c067 0.035s
2025-11-20 14:33:55.374 67598 INFO tempest.lib.common.rest_client [req-01e90545-c644-4695-8a80-2431ce052a17 req-01e90545-c644-4695-8a80-2431ce052a17 ] Request (AttachInterfacesV270Test:setUpClass): 201 POST http://10.180.1.21/networking/v2.0/networks 1.540s
2025-11-20 14:33:55.798 67584 INFO tempest.lib.common.rest_client [req-af7a3687-9ed4-4cfd-a110-06f4723168ff req-af7a3687-9ed4-4cfd-a110-06f4723168ff ] Request (FloatingIPDetailsTestJSON:tearDownClass): 204 DELETE http://10.180.1.21/networking/v2.0/security-groups/7f310119-1085-4e69-9921-7904c1acb2c9 0.644s
2025-11-20 14:33:55.826 67576 INFO tempest.lib.common.rest_client [req-70acb45f-3588-4994-8376-208d6c26c5ad req-70acb45f-3588-4994-8376-208d6c26c5ad ] Request (InstanceActionsNegativeTestJSON:setUpClass): 200 GET http://10.180.1.21/compute/v2.1/servers/bbb9d8d1-33b5-46b7-9840-8506b3a19f6b 4.786s
2025-11-20 14:33:55.965 67584 INFO tempest.lib.common.rest_client [req-b61584b5-4fbb-4470-b60a-96bad676f70f req-b61584b5-4fbb-4470-b60a-96bad676f70f ] Request (FloatingIPDetailsTestJSON:tearDownClass): 204 DELETE http://10.180.1.21/identity/v3/projects/cad93f8a1f0c496ea94a78b29ae0bc3a 0.166s
2025-11-20 14:33:56.006 67612 INFO tempest.lib.common.rest_client [req-1c6913f1-19e6-47bc-8de5-9276ddb8802c req-1c6913f1-19e6-47bc-8de5-9276ddb8802c ] Request (ServerExternalEventsTest:tearDownClass): 200 GET http://10.180.1.21/networking/v2.0/security-groups?tenant_id=c9100aa38c5843feb18a6e495b451e8f&name=default 0.792s
2025-11-20 14:33:56.040 67584 INFO tempest.lib.common.rest_client [req-25dd1af0-14a3-49b9-81b6-2ef319a19fcf req-25dd1af0-14a3-49b9-81b6-2ef319a19fcf ] Request (ServerActionsTestOtherA:setUpClass): 201 POST http://10.180.1.21/identity/v3/auth/tokens 0.072s
2025-11-20 14:33:56.078 67584 INFO tempest.lib.common.rest_client [req-31c02d84-cd28-4405-838a-bd033655ff1f req-31c02d84-cd28-4405-838a-bd033655ff1f ] Request (ServerActionsTestOtherA:setUpClass): 201 POST http://10.180.1.21/identity/v3/auth/tokens 0.036s
2025-11-20 14:33:56.103 67598 INFO tempest.lib.common.rest_client [req-221b312a-ff38-41a1-8fe2-67a66e9b403c req-221b312a-ff38-41a1-8fe2-67a66e9b403c ] Request (AttachInterfacesV270Test:setUpClass): 201 POST http://10.180.1.21/networking/v2.0/subnets 0.729s
2025-11-20 14:33:56.110 67584 INFO tempest.lib.common.rest_client [req-ebbd58c5-c0c5-49b5-b33f-eb7ad8a850d4 req-ebbd58c5-c0c5-49b5-b33f-eb7ad8a850d4 ] Request (ServerActionsTestOtherA:setUpClass): 200 GET http://10.180.1.21/identity/v3/domains?name=Default 0.031s
2025-11-20 14:33:56.148 67584 INFO tempest.lib.common.rest_client [req-b00aaf5a-68cc-4239-adce-ee849447a966 req-b00aaf5a-68cc-4239-adce-ee849447a966 ] Request (ServerActionsTestOtherA:setUpClass): 201 POST http://10.180.1.21/identity/v3/projects 0.038s
2025-11-20 14:33:56.222 67584 INFO tempest.lib.common.rest_client [req-de18b576-1d8f-4ac3-bef2-12c11067bc84 req-de18b576-1d8f-4ac3-bef2-12c11067bc84 ] Request (ServerActionsTestOtherA:setUpClass): 201 POST http://10.180.1.21/identity/v3/users 0.073s
2025-11-20 14:33:56.243 67584 INFO tempest.lib.common.rest_client [req-01c27922-6616-4a3d-8686-7a5988e42383 req-01c27922-6616-4a3d-8686-7a5988e42383 ] Request (ServerActionsTestOtherA:setUpClass): 200 GET http://10.180.1.21/identity/v3/roles 0.019s
2025-11-20 14:33:56.271 67612 INFO tempest.lib.common.rest_client [req-ea3d8ab6-ef34-437b-8195-73ab4327a2be req-ea3d8ab6-ef34-437b-8195-73ab4327a2be ] Request (ServerExternalEventsTest:tearDownClass): 204 DELETE http://10.180.1.21/networking/v2.0/security-groups/6e1c9f8e-8efa-437d-9282-4ad45b5228be 0.265s
2025-11-20 14:33:56.276 67584 INFO tempest.lib.common.rest_client [req-0ecc7bb7-2f0a-4860-9855-5db54f773fc9 req-0ecc7bb7-2f0a-4860-9855-5db54f773fc9 ] Request (ServerActionsTestOtherA:setUpClass): 204 PUT http://10.180.1.21/identity/v3/projects/95fdc5bcddec427fb49477f74ef41df1/users/0586a57fa3e34a2786ed0b3a8b27af8d/roles/1e0d249f77b04192a9ee71c8de6bbd46 0.033s
2025-11-20 14:33:56.276 67584 INFO tempest.lib.common.dynamic_creds [-] Dynamic test user 0586a57fa3e34a2786ed0b3a8b27af8d is created with scope project and roles: ['member']
2025-11-20 14:33:56.276 67584 INFO tempest.lib.common.dynamic_creds [-] Acquired dynamic creds: credentials: Credentials: {'domain_id': 'default', 'domain_name': 'Default', 'username': 'tempest-ServerActionsTestOtherA-1086547901-project-member', 'project_domain_id': 'default', 'project_domain_name': 'Default', 'project_id': '95fdc5bcddec427fb49477f74ef41df1', 'project_name': 'tempest-ServerActionsTestOtherA-1086547901', 'tenant_id': '95fdc5bcddec427fb49477f74ef41df1', 'tenant_name': 'tempest-ServerActionsTestOtherA-1086547901', 'user_domain_id': 'default', 'user_domain_name': 'Default', 'user_id': '0586a57fa3e34a2786ed0b3a8b27af8d', 'system': None}, Network: None, Subnet: None, Router: None
2025-11-20 14:33:56.329 67584 INFO tempest.lib.common.rest_client [req-7744f68c-0ec5-4c31-8ca8-070b8e922d15 req-7744f68c-0ec5-4c31-8ca8-070b8e922d15 ] Request (ServerActionsTestOtherA:setUpClass): 201 POST http://10.180.1.21/identity/v3/auth/tokens 0.052s
2025-11-20 14:33:56.372 67612 INFO tempest.lib.common.rest_client [req-ff8c0227-4d56-485f-9b6a-90c677a05a43 req-ff8c0227-4d56-485f-9b6a-90c677a05a43 ] Request (ServerExternalEventsTest:tearDownClass): 204 DELETE http://10.180.1.21/identity/v3/projects/c9100aa38c5843feb18a6e495b451e8f 0.101s
2025-11-20 14:33:56.373 67612 INFO tempest.test [-] raised in ComputeNetworksTest.setUpClass. Invoking tearDownClass.
2025-11-20 14:33:56.381 67626 INFO tempest.lib.common.rest_client [req-7e5b1aa6-bda9-4097-9758-6e2b70f4562c req-7e5b1aa6-bda9-4097-9758-6e2b70f4562c ] Request (ListServersNegativeTestJSON:setUpClass): 200 GET http://10.180.1.21/compute/v2.1/servers/9cdbc261-8c79-493b-92c1-a13c4e70ab07 5.311s
2025-11-20 14:33:56.394 67624 INFO tempest.lib.common.rest_client [req-5a030ee8-7d23-4227-93ab-07c39b9b3a16 req-5a030ee8-7d23-4227-93ab-07c39b9b3a16 ] Request (ServerActionsV293TestJSON:setUpClass): 200 GET http://10.180.1.21/volume/v3/volumes/d8bc98a1-ef3a-490f-bf38-fdaa0908c067 0.036s
2025-11-20 14:33:56.811 67584 INFO tempest.lib.common.rest_client [req-85543288-ae5d-4c38-84be-4fac508237a7 req-85543288-ae5d-4c38-84be-4fac508237a7 ] Request (ServerActionsTestOtherA:setUpClass): 201 POST http://10.180.1.21/networking/v2.0/networks 0.482s
2025-11-20 14:33:57.006 67598 INFO tempest.lib.common.rest_client [req-2b273721-79e4-45a2-bd03-8613f828c1c6 req-2b273721-79e4-45a2-bd03-8613f828c1c6 ] Request (AttachInterfacesV270Test:setUpClass): 201 POST http://10.180.1.21/networking/v2.0/routers 0.902s
2025-11-20 14:33:57.103 67586 INFO tempest.lib.common.rest_client [req-72d2675f-79fe-4daf-96cc-0b9bee9cf563 req-72d2675f-79fe-4daf-96cc-0b9bee9cf563 ] Request (ImagesTestJSON:test_create_image_from_stopped_server): 200 GET http://10.180.1.21/compute/v2.1/servers/73fd49c7-b373-4f75-8a0e-f115706a0d68 5.943s
2025-11-20 14:33:57.121 67630 INFO tempest.lib.common.rest_client [req-75a0a456-fe5f-4278-908f-ca878f3a778c req-75a0a456-fe5f-4278-908f-ca878f3a778c ] Request (ExtensionsTest:test_list_extensions): 200 GET http://10.180.1.21/compute/v2.1/extensions 5.864s
2025-11-20 14:33:57.145 67594 INFO tempest.lib.common.rest_client [req-0e26f349-264d-4f95-a87f-3e52249b5bf6 req-0e26f349-264d-4f95-a87f-3e52249b5bf6 ] Request (ServerGroupTestJSON:test_create_delete_server_group_with_affinity_policy): 200 GET http://10.180.1.21/compute/v2.1/os-server-groups 5.865s
2025-11-20 14:33:57.238 67630 INFO tempest.lib.common.rest_client [req-00cd9e03-f204-44e6-ac96-4eeffb5c0edb req-00cd9e03-f204-44e6-ac96-4eeffb5c0edb ] Request (ExtensionsTest:tearDownClass): 204 DELETE http://10.180.1.21/identity/v3/users/0e1d461e47e54ba48e534b5640c286aa 0.102s
2025-11-20 14:33:57.238 67630 INFO tempest.lib.common.dynamic_creds [-] Deleting project and security group for project: 9750c03529a34c839a49606718d311ae
2025-11-20 14:33:57.268 67584 INFO tempest.lib.common.rest_client [req-a0d295ce-4a12-4d6e-9038-5e889d1a52bd req-a0d295ce-4a12-4d6e-9038-5e889d1a52bd ] Request (ServerActionsTestOtherA:setUpClass): 201 POST http://10.180.1.21/networking/v2.0/subnets 0.456s
2025-11-20 14:33:57.306 67630 INFO tempest.lib.common.rest_client [req-8345ac2e-0069-4361-83f3-b98f6942c009 req-8345ac2e-0069-4361-83f3-b98f6942c009 ] Request (ExtensionsTest:tearDownClass): 201 POST http://10.180.1.21/identity/v3/auth/tokens 0.067s
2025-11-20 14:33:57.428 67624 INFO tempest.lib.common.rest_client [req-c4810bf4-61fb-438e-b362-af4ec9ebb993 req-c4810bf4-61fb-438e-b362-af4ec9ebb993 ] Request (ServerActionsV293TestJSON:setUpClass): 200 GET http://10.180.1.21/volume/v3/volumes/d8bc98a1-ef3a-490f-bf38-fdaa0908c067 0.026s
2025-11-20 14:33:58.120 67598 INFO tempest.lib.common.rest_client [req-42f70935-0983-44ae-855f-f109446421b6 req-42f70935-0983-44ae-855f-f109446421b6 ] Request (AttachInterfacesV270Test:setUpClass): 200 PUT http://10.180.1.21/networking/v2.0/routers/ca65ee0b-93b1-464a-9a6f-5cbba867544e/add_router_interface 1.113s
2025-11-20 14:33:58.120 67598 INFO tempest.lib.common.dynamic_creds [-] Created isolated network resources for: credentials: Credentials: {'domain_id': 'default', 'domain_name': 'Default', 'username': 'tempest-AttachInterfacesV270Test-1010792288-project-member', 'project_domain_id': 'default', 'project_domain_name': 'Default', 'project_id': 'c2d0bac7f5894ef49233425487e765ae', 'project_name': 'tempest-AttachInterfacesV270Test-1010792288', 'tenant_id': 'c2d0bac7f5894ef49233425487e765ae', 'tenant_name': 'tempest-AttachInterfacesV270Test-1010792288', 'user_domain_id': 'default', 'user_domain_name': 'Default', 'user_id': '189f06bf0f4b476eaafcf5cd26b4d113', 'system': None}, Network: {'id': '1ade199e-2fa9-4c98-b065-1d82e5b04b05', 'name': 'tempest-AttachInterfacesV270Test-967350731-network', 'tenant_id': 'c2d0bac7f5894ef49233425487e765ae', 'project_id': 'c2d0bac7f5894ef49233425487e765ae', 'admin_state_up': True, 'mtu': 8950, 'status': 'ACTIVE', 'subnets': [], 'shared': False, 'port_security_enabled': True, 'router:external': False, 'provider:network_type': 'vlan', 'provider:physical_network': 'default', 'provider:segmentation_id': 582, 'availability_zone_hints': [], 'availability_zones': [], 'ipv4_address_scope': None, 'ipv6_address_scope': None, 'description': '', 'tags': [], 'created_at': '2025-11-20T14:33:55Z', 'updated_at': '2025-11-20T14:33:55Z', 'revision_number': 1}, Subnet: {'id': '55289b92-66e8-4331-bc0a-c941da3eec85', 'name': 'tempest-AttachInterfacesV270Test-967350731-subnet', 'tenant_id': 'c2d0bac7f5894ef49233425487e765ae', 'network_id': '1ade199e-2fa9-4c98-b065-1d82e5b04b05', 'ip_version': 4, 'subnetpool_id': None, 'enable_dhcp': True, 'ipv6_ra_mode': None, 'ipv6_address_mode': None, 'gateway_ip': '192.168.128.1', 'cidr': '192.168.128.0/28', 'allocation_pools': [{'start': '192.168.128.2', 'end': '192.168.128.14'}], 'host_routes': [], 'dns_nameservers': [], 'description': '', 'router:external': False, 'service_types': [], 'tags': [], 'created_at': '2025-11-20T14:33:55Z', 'updated_at': '2025-11-20T14:33:55Z', 'revision_number': 0, 'project_id': 'c2d0bac7f5894ef49233425487e765ae'}, Router: {'id': 'ca65ee0b-93b1-464a-9a6f-5cbba867544e', 'name': 'tempest-AttachInterfacesV270Test-967350731-router', 'tenant_id': 'c2d0bac7f5894ef49233425487e765ae', 'admin_state_up': True, 'status': 'ACTIVE', 'external_gateway_info': {'network_id': '4ed7088a-a1a4-4920-bf9b-ba5e74cb143e', 'external_fixed_ips': [{'subnet_id': '42af482e-2021-496d-aeb4-0070f24ba142', 'ip_address': '10.180.180.180'}], 'enable_snat': True}, 'description': '', 'availability_zones': [], 'distributed': False, 'ha': False, 'availability_zone_hints': [], 'routes': [], 'flavor_id': None, 'tags': [], 'created_at': '2025-11-20T14:33:56Z', 'updated_at': '2025-11-20T14:33:56Z', 'revision_number': 2, 'project_id': 'c2d0bac7f5894ef49233425487e765ae'}
2025-11-20 14:33:58.206 67616 INFO tempest.lib.common.rest_client [req-af2812c4-6035-4d20-b1f2-83b2945929a4 req-af2812c4-6035-4d20-b1f2-83b2945929a4 ] Request (ServersAdmin275Test:tearDownClass): 200 GET http://10.180.1.21/compute/v2.1/servers/4cbcc6b3-19a5-4985-ab7e-a036068094eb 6.869s
2025-11-20 14:33:58.234 67598 INFO tempest.lib.common.rest_client [req-70b518f8-e6be-411d-a641-dc1982203787 req-70b518f8-e6be-411d-a641-dc1982203787 ] Request (AttachInterfacesV270Test:setUpClass): 201 POST http://10.180.1.21/identity/v3/auth/tokens 0.111s
2025-11-20 14:33:58.256 67572 INFO tempest.lib.common.rest_client [req-38d50277-3b49-4d40-b545-5c79113f93b0 req-38d50277-3b49-4d40-b545-5c79113f93b0 ] Request (ImagesOneServerTestJSON:setUpClass): 202 POST http://10.180.1.21/compute/v2.1/servers 7.238s
2025-11-20 14:33:58.271 67598 INFO tempest.lib.common.rest_client [req-42c1dfe1-a825-485c-9f5e-0c2ad08ac549 req-42c1dfe1-a825-485c-9f5e-0c2ad08ac549 ] Request (AttachInterfacesV270Test:test_create_get_list_interfaces): 201 POST http://10.180.1.21/identity/v3/auth/tokens 0.032s
2025-11-20 14:33:58.271 67598 INFO tempest.lib.common.fixed_network [-] (AttachInterfacesV270Test:test_create_get_list_interfaces) Found network {'id': '1ade199e-2fa9-4c98-b065-1d82e5b04b05', 'name': 'tempest-AttachInterfacesV270Test-967350731-network', 'tenant_id': 'c2d0bac7f5894ef49233425487e765ae', 'project_id': 'c2d0bac7f5894ef49233425487e765ae', 'admin_state_up': True, 'mtu': 8950, 'status': 'ACTIVE', 'subnets': [], 'shared': False, 'port_security_enabled': True, 'router:external': False, 'provider:network_type': 'vlan', 'provider:physical_network': 'default', 'provider:segmentation_id': 582, 'availability_zone_hints': [], 'availability_zones': [], 'ipv4_address_scope': None, 'ipv6_address_scope': None, 'description': '', 'tags': [], 'created_at': '2025-11-20T14:33:55Z', 'updated_at': '2025-11-20T14:33:55Z', 'revision_number': 1} available for tenant
2025-11-20 14:33:58.477 67624 INFO tempest.lib.common.rest_client [req-f9b11f03-8a03-469d-87d5-9202a0725d75 req-f9b11f03-8a03-469d-87d5-9202a0725d75 ] Request (ServerActionsV293TestJSON:setUpClass): 200 GET http://10.180.1.21/volume/v3/volumes/d8bc98a1-ef3a-490f-bf38-fdaa0908c067 0.040s
2025-11-20 14:33:58.709 67630 INFO tempest.lib.common.rest_client [req-0fc17b39-490d-42c8-97d6-0123dc3edc4a req-0fc17b39-490d-42c8-97d6-0123dc3edc4a ] Request (ExtensionsTest:tearDownClass): 200 GET http://10.180.1.21/networking/v2.0/security-groups?tenant_id=9750c03529a34c839a49606718d311ae&name=default 1.403s
2025-11-20 14:33:58.785 67614 INFO tempest.lib.common.rest_client [req-00a58e82-41ae-40e3-bd7e-b480344cc2a6 req-00a58e82-41ae-40e3-bd7e-b480344cc2a6 ] Request (FloatingIPsAssociationNegativeTestJSON:setUpClass): 200 GET http://10.180.1.21/compute/v2.1/servers/3e869fd6-68ea-43b5-baf8-c96163e5488d 7.437s
2025-11-20 14:33:58.798 67614 INFO tempest.common.waiters [-] State transition "BUILD/scheduling" ==> "BUILD/None" after 13 second wait
2025-11-20 14:33:58.801 67566 INFO tempest.lib.common.rest_client [req-96945628-e833-4cec-9394-7319196dd21e req-96945628-e833-4cec-9394-7319196dd21e ] Request (DeleteServersAdminTestJSON:test_delete_server_while_in_error_state): 200 GET http://10.180.1.21/compute/v2.1/servers/0951e8ba-28d5-49bd-beae-605420737314 7.397s
2025-11-20 14:33:58.902 67630 INFO tempest.lib.common.rest_client [req-e6f7eb22-d362-46c2-ac37-3f491d8be897 req-e6f7eb22-d362-46c2-ac37-3f491d8be897 ] Request (ExtensionsTest:tearDownClass): 204 DELETE http://10.180.1.21/networking/v2.0/security-groups/863c2807-e51e-4326-8b6b-be86d4be765c 0.192s
2025-11-20 14:33:58.962 67590 INFO tempest.lib.common.rest_client [req-8c42187c-b205-4b6f-9094-735b6c3f1b00 req-8c42187c-b205-4b6f-9094-735b6c3f1b00 ] Request (SecurityGroupsTestJSON:test_security_groups_create_list_delete): 404 GET http://10.180.1.21/compute/v2.1/os-security-groups/1a453afc-f985-4d48-9ce6-9c9d419b168f 7.316s
2025-11-20 14:33:58.986 67596 INFO tempest.lib.common.rest_client [req-4a7c2037-6430-4b93-b492-7beb06ff4763 req-4a7c2037-6430-4b93-b492-7beb06ff4763 ] Request (ServerAddressesTestJSON:tearDownClass): 200 GET http://10.180.1.21/compute/v2.1/servers/1a7f42ce-93c2-480e-b957-7c1a289149e5 7.571s
2025-11-20 14:33:58.995 67630 INFO tempest.lib.common.rest_client [req-2c966687-696c-4510-a799-46f8c1146213 req-2c966687-696c-4510-a799-46f8c1146213 ] Request (ExtensionsTest:tearDownClass): 204 DELETE http://10.180.1.21/identity/v3/projects/9750c03529a34c839a49606718d311ae 0.092s
2025-11-20 14:33:58.997 67584 INFO tempest.lib.common.rest_client [req-beb4578e-dd0b-407b-93c3-40d396677347 req-beb4578e-dd0b-407b-93c3-40d396677347 ] Request (ServerActionsTestOtherA:setUpClass): 201 POST http://10.180.1.21/networking/v2.0/routers 1.728s
