2025-11-12 19:48:17.745 65700 INFO tempest.lib.common.rest_client [req-4630236b-3202-4238-95a1-00fad8b670d5 req-4630236b-3202-4238-95a1-00fad8b670d5 ] Request (VolumesAssistedSnapshotsTest:tearDownClass): 204 DELETE http://10.180.1.21/identity/v3/users/bc0ba49bfe534b2881800a57b181f50d 0.187s
2025-11-12 19:48:17.817 65716 INFO tempest.lib.common.rest_client [req-f6736e6c-801a-4d4c-a247-82fbbbf1ee95 req-f6736e6c-801a-4d4c-a247-82fbbbf1ee95 ] Request (ListImageFiltersTestJSON:setUpClass): 200 GET http://10.180.1.21/compute/v2.1/servers/65fd814e-2d3f-4fd1-a8b8-9988ddeae51e 4.437s
2025-11-12 19:48:17.826 65716 INFO tempest.common.waiters [-] State transition "BUILD/None" ==> "BUILD/networking" after 30 second wait
2025-11-12 19:48:17.904 65700 INFO tempest.lib.common.rest_client [req-bc1ac071-48b1-4e26-8e90-896a2c5a6af9 req-bc1ac071-48b1-4e26-8e90-896a2c5a6af9 ] Request (VolumesAssistedSnapshotsTest:tearDownClass): 204 DELETE http://10.180.1.21/identity/v3/users/1ae96ff89ffc4ee983f19b60827c7c89 0.159s
2025-11-12 19:48:18.031 65700 INFO tempest.lib.common.rest_client [req-49bf5426-f7c2-4d6e-9a27-b68a7e79e0b9 req-49bf5426-f7c2-4d6e-9a27-b68a7e79e0b9 ] Request (VolumesAssistedSnapshotsTest:tearDownClass): 204 DELETE http://10.180.1.21/identity/v3/users/1bbe82582777447db8793813106b45ec 0.126s
2025-11-12 19:48:18.031 65700 INFO tempest.lib.common.dynamic_creds [-] Deleting project and security group for project: fbb77f7304284217a4c41f9d99862c28
2025-11-12 19:48:18.034 65719 INFO tempest.lib.common.rest_client [req-cdf6ad51-0993-4d93-9045-1da28d76477d req-cdf6ad51-0993-4d93-9045-1da28d76477d ] Request (ServersTestBootFromVolume:setUpClass): 200 GET http://10.180.1.21/volume/v3/volumes/48269c58-212f-476d-8354-7df47f382e15 0.045s
2025-11-12 19:48:18.041 65719 INFO tempest.common.waiters [-] volume 48269c58-212f-476d-8354-7df47f382e15 reached available after waiting for 19.041438 seconds
2025-11-12 19:48:18.164 65671 INFO tempest.lib.common.rest_client [req-2f12155f-d6cf-4747-a444-a7d8c99897bc req-2f12155f-d6cf-4747-a444-a7d8c99897bc ] Request (InstanceActionsTestJSON:tearDownClass): 200 PUT http://10.180.1.21/networking/v2.0/routers/f3739898-45c1-4bf6-9d18-05a5b5e6131f/remove_router_interface 0.940s
2025-11-12 19:48:18.198 65661 INFO tempest.lib.common.rest_client [req-c7dbbbc4-9ed0-48ac-9ce1-65a3b2d61552 req-c7dbbbc4-9ed0-48ac-9ce1-65a3b2d61552 ] Request (ServersNegativeTestJSON:setUpClass): 200 GET http://10.180.1.21/compute/v2.1/servers/330e907c-6236-413a-b150-10b3dd5fd651 4.730s
2025-11-12 19:48:18.218 65700 INFO tempest.lib.common.rest_client [req-0f991c6a-baa6-472d-a2c1-dcb50deb8230 req-0f991c6a-baa6-472d-a2c1-dcb50deb8230 ] Request (VolumesAssistedSnapshotsTest:tearDownClass): 200 GET http://10.180.1.21/networking/v2.0/security-groups?tenant_id=fbb77f7304284217a4c41f9d99862c28&name=default 0.186s
2025-11-12 19:48:18.685 65671 INFO tempest.lib.common.rest_client [req-ae75b2ac-582a-4f7c-839c-a07a53ca8948 req-ae75b2ac-582a-4f7c-839c-a07a53ca8948 ] Request (InstanceActionsTestJSON:tearDownClass): 204 DELETE http://10.180.1.21/networking/v2.0/routers/f3739898-45c1-4bf6-9d18-05a5b5e6131f 0.520s
2025-11-12 19:48:18.776 65700 INFO tempest.lib.common.rest_client [req-47865720-bb92-4f00-b56a-3bf3769cc697 req-47865720-bb92-4f00-b56a-3bf3769cc697 ] Request (VolumesAssistedSnapshotsTest:tearDownClass): 204 DELETE http://10.180.1.21/networking/v2.0/security-groups/c800a1e7-a577-44e1-a37e-b2e4fdff31c7 0.558s
2025-11-12 19:48:18.801 65687 INFO tempest.lib.common.rest_client [req-c01e141c-b566-4bb3-854d-df586f2c7513 req-c01e141c-b566-4bb3-854d-df586f2c7513 ] Request (ServerShowV247Test:test_update_rebuild_list_server): 200 GET http://10.180.1.21/compute/v2.1/servers/3709f72d-6dd0-4054-a758-cac70534ec54 4.759s
2025-11-12 19:48:18.811 65687 INFO tempest.common.waiters [-] State transition "BUILD/spawning" ==> "ACTIVE/None" after 39 second wait
2025-11-12 19:48:18.886 65700 INFO tempest.lib.common.rest_client [req-8904022e-cd6e-4094-b0cf-03affdfbbd83 req-8904022e-cd6e-4094-b0cf-03affdfbbd83 ] Request (VolumesAssistedSnapshotsTest:tearDownClass): 204 DELETE http://10.180.1.21/identity/v3/projects/fbb77f7304284217a4c41f9d99862c28 0.109s
2025-11-12 19:48:18.886 65700 INFO tempest.lib.common.dynamic_creds [-] Deleting project and security group for project: 568225f344ce4591bb1bc3f3f7679dd4
2025-11-12 19:48:18.980 65671 INFO tempest.lib.common.rest_client [req-13d864f3-9e9c-4f5a-a329-2becc9d74d11 req-13d864f3-9e9c-4f5a-a329-2becc9d74d11 ] Request (InstanceActionsTestJSON:tearDownClass): 204 DELETE http://10.180.1.21/networking/v2.0/subnets/41e44360-7dd2-4b47-bba4-dc24f1ae9cae 0.294s
2025-11-12 19:48:19.064 65722 INFO tempest.lib.common.rest_client [req-d677bb1f-44af-44af-ace8-02e4abd6f6fc req-d677bb1f-44af-44af-ace8-02e4abd6f6fc ] Request (ServerMetadataNegativeTestJSON:tearDownClass): 200 GET http://10.180.1.21/compute/v2.1/servers/60cb5e4a-b3dd-4dad-85dd-0f97e69ffb66 4.661s
2025-11-12 19:48:19.081 65709 INFO tempest.lib.common.rest_client [req-fa745ea2-d64d-4c63-b71d-b45684db4207 req-fa745ea2-d64d-4c63-b71d-b45684db4207 ] Request (FlavorsV2TestJSON:test_list_flavors_filter_by_min_disk): 200 GET http://10.180.1.21/compute/v2.1/flavors/42 4.127s
2025-11-12 19:48:19.103 65700 INFO tempest.lib.common.rest_client [req-93865378-8567-4595-895e-0534529106aa req-93865378-8567-4595-895e-0534529106aa ] Request (VolumesAssistedSnapshotsTest:tearDownClass): 200 GET http://10.180.1.21/networking/v2.0/security-groups?tenant_id=568225f344ce4591bb1bc3f3f7679dd4&name=default 0.216s
2025-11-12 19:48:19.140 65683 INFO tempest.lib.common.rest_client [req-ba3f2c3c-b143-4780-a4a0-acbd698bde8a req-ba3f2c3c-b143-4780-a4a0-acbd698bde8a ] Request (ServerDiskConfigTestJSON:test_rebuild_server_with_auto_disk_config): 202 POST http://10.180.1.21/compute/v2.1/servers 6.160s
2025-11-12 19:48:19.356 65671 INFO tempest.lib.common.rest_client [req-51b11dbc-96ab-4530-a979-5aaa70a12399 req-51b11dbc-96ab-4530-a979-5aaa70a12399 ] Request (InstanceActionsTestJSON:tearDownClass): 204 DELETE http://10.180.1.21/networking/v2.0/networks/7ea4c07a-5556-4fe1-99ab-6d6c92213342 0.376s
2025-11-12 19:48:19.473 65671 INFO tempest.lib.common.rest_client [req-610ff95b-a511-46ef-9f93-885dacf805f1 req-610ff95b-a511-46ef-9f93-885dacf805f1 ] Request (InstanceActionsTestJSON:tearDownClass): 204 DELETE http://10.180.1.21/identity/v3/users/c0646c47385c467bbf50dd1bc3099c8d 0.116s
2025-11-12 19:48:19.473 65671 INFO tempest.lib.common.dynamic_creds [-] Deleting project and security group for project: 827096856c414468a2bcf51913759f12
2025-11-12 19:48:19.492 65700 INFO tempest.lib.common.rest_client [req-ee111a05-6397-46a5-9bc6-e55e740a2995 req-ee111a05-6397-46a5-9bc6-e55e740a2995 ] Request (VolumesAssistedSnapshotsTest:tearDownClass): 204 DELETE http://10.180.1.21/networking/v2.0/security-groups/5ecca50b-99d1-456e-8f9f-1f4f384f7b4d 0.389s
2025-11-12 19:48:19.516 65713 INFO tempest.lib.common.rest_client [req-9c076c4e-ed4a-48b3-85e2-cb5e23f730f6 req-9c076c4e-ed4a-48b3-85e2-cb5e23f730f6 ] Request (ServersAdminNegativeTestJSON:tearDownClass): 200 GET http://10.180.1.21/compute/v2.1/servers/69fded87-96ec-4b4c-8c4d-207de9854dd8 4.503s
2025-11-12 19:48:19.530 65675 INFO tempest.lib.common.rest_client [req-fb141b9a-3c21-467f-bcb9-014a66a7f432 req-fb141b9a-3c21-467f-bcb9-014a66a7f432 ] Request (SecurityGroupsTestJSON:test_list_security_groups_by_server): 200 GET http://10.180.1.21/compute/v2.1/servers/f3d1aff8-98fd-43e2-b04a-fe113ee5bd1d 4.510s
2025-11-12 19:48:19.585 65671 INFO tempest.lib.common.rest_client [req-d50583a0-6e9e-4b92-8458-a634cf48e57b req-d50583a0-6e9e-4b92-8458-a634cf48e57b ] Request (InstanceActionsTestJSON:tearDownClass): 200 GET http://10.180.1.21/networking/v2.0/security-groups?tenant_id=827096856c414468a2bcf51913759f12&name=default 0.112s
2025-11-12 19:48:19.654 65700 INFO tempest.lib.common.rest_client [req-fe932f86-f576-4329-b722-5533879faf61 req-fe932f86-f576-4329-b722-5533879faf61 ] Request (VolumesAssistedSnapshotsTest:tearDownClass): 204 DELETE http://10.180.1.21/identity/v3/projects/568225f344ce4591bb1bc3f3f7679dd4 0.161s
2025-11-12 19:48:19.654 65700 INFO tempest.lib.common.dynamic_creds [-] Deleting project and security group for project: bdd75bb879084c6fbe3b47a85dfd0e80
2025-11-12 19:48:19.661 65681 INFO tempest.lib.common.rest_client [req-7f44c1b4-9429-43e3-acbe-2d4c868b672e req-7f44c1b4-9429-43e3-acbe-2d4c868b672e ] Request (ServersTestJSON:test_create_server_with_ipv6_addr_only): 200 GET http://10.180.1.21/compute/v2.1/servers/7339bfa0-058a-4d93-b3b7-0357dde69b29 4.124s
2025-11-12 19:48:19.750 65671 INFO tempest.lib.common.rest_client [req-6c5d4be6-aa62-4e0f-93e2-f4a0e0fea9de req-6c5d4be6-aa62-4e0f-93e2-f4a0e0fea9de ] Request (InstanceActionsTestJSON:tearDownClass): 204 DELETE http://10.180.1.21/networking/v2.0/security-groups/dfbde532-c353-41b3-9c45-23b5febbc560 0.164s
2025-11-12 19:48:19.775 65691 INFO tempest.lib.common.rest_client [req-092f8f81-48d5-47af-bcde-4a62ec9e619d req-092f8f81-48d5-47af-bcde-4a62ec9e619d ] Request (ImagesNegativeTestJSON:test_create_image_from_deleted_server): 200 GET http://10.180.1.21/compute/v2.1/servers/e5771670-2dbf-4f66-b1cd-e24d6b00422e 3.866s
2025-11-12 19:48:19.800 65700 INFO tempest.lib.common.rest_client [req-f6e6ce17-bf62-400c-82f7-c2d096ad952f req-f6e6ce17-bf62-400c-82f7-c2d096ad952f ] Request (VolumesAssistedSnapshotsTest:tearDownClass): 200 GET http://10.180.1.21/networking/v2.0/security-groups?tenant_id=bdd75bb879084c6fbe3b47a85dfd0e80&name=default 0.146s
2025-11-12 19:48:19.824 65705 INFO tempest.lib.common.rest_client [req-c483da42-1622-49fb-8450-7b5b97dfffd7 req-c483da42-1622-49fb-8450-7b5b97dfffd7 ] Request (VolumesTestJSON:setUpClass): 200 GET http://10.180.1.21/compute/v2.1/os-volumes/7c5bd8f9-e0e8-415a-81a0-3ea54c165d78 3.823s
2025-11-12 19:48:19.883 65671 INFO tempest.lib.common.rest_client [req-7b504219-a499-497d-8f87-7008d842925d req-7b504219-a499-497d-8f87-7008d842925d ] Request (InstanceActionsTestJSON:tearDownClass): 204 DELETE http://10.180.1.21/identity/v3/projects/827096856c414468a2bcf51913759f12 0.132s
2025-11-12 19:48:19.913 65693 INFO tempest.lib.common.rest_client [req-958304c2-d520-4d0c-99b2-02af8593f792 req-958304c2-d520-4d0c-99b2-02af8593f792 ] Request (ServersAaction247Test:test_create_backup): 200 GET http://10.180.1.21/compute/v2.1/servers/ec5950d5-17d0-40df-9c11-60671bb3d1ae 3.533s
2025-11-12 19:48:19.936 65669 INFO tempest.lib.common.rest_client [req-11d8db18-b991-44e6-a90b-480911cc6e87 req-11d8db18-b991-44e6-a90b-480911cc6e87 ] Request (MigrationsAdminTest:test_list_migrations_in_flavor_resize_situation): 200 GET http://10.180.1.21/compute/v2.1/servers/ba3ca3fc-4249-44d2-bd41-96e0135596ce 3.977s
2025-11-12 19:48:19.965 65673 INFO tempest.lib.common.rest_client [req-b0e8c5cc-60a9-42e8-9450-7c91ae87b708 req-b0e8c5cc-60a9-42e8-9450-7c91ae87b708 ] Request (AttachInterfacesTestJSON:_run_cleanups): 404 GET http://10.180.1.21/compute/v2.1/servers/6861c228-1d3e-410e-ab70-7e744994bc7e 3.414s
2025-11-12 19:48:19.972 65671 INFO tempest.lib.common.rest_client [req-552e205a-bf74-4504-8b79-2047739a4b6b req-552e205a-bf74-4504-8b79-2047739a4b6b ] Request (ServerPasswordTestJSON:setUpClass): 201 POST http://10.180.1.21/identity/v3/auth/tokens 0.087s
2025-11-12 19:48:19.976 65700 INFO tempest.lib.common.rest_client [req-9430ed58-90e8-4034-8a6b-4120cd4905b1 req-9430ed58-90e8-4034-8a6b-4120cd4905b1 ] Request (VolumesAssistedSnapshotsTest:tearDownClass): 204 DELETE http://10.180.1.21/networking/v2.0/security-groups/1b85a044-9abc-4e72-a408-7e21be2ae23c 0.175s
2025-11-12 19:48:19.992 65659 INFO tempest.lib.common.rest_client [req-067ae78f-4dd3-460c-ae73-370e685062c0 req-067ae78f-4dd3-460c-ae73-370e685062c0 ] Request (ServersAdminTestJSON:test_inject_network_info): 200 GET http://10.180.1.21/compute/v2.1/servers/76d5a11a-3e35-45d7-bc34-7d4e5afc52ed 3.590s
2025-11-12 19:48:20.008 65671 INFO tempest.lib.common.rest_client [req-f7d572d9-4e38-44c8-b850-ab0c1111d7b2 req-f7d572d9-4e38-44c8-b850-ab0c1111d7b2 ] Request (ServerPasswordTestJSON:setUpClass): 201 POST http://10.180.1.21/identity/v3/auth/tokens 0.033s
2025-11-12 19:48:20.018 65705 INFO tempest.lib.common.rest_client [req-ead02b0c-a4a3-4a14-b751-1154bce5f704 req-ead02b0c-a4a3-4a14-b751-1154bce5f704 ] Request (VolumesTestJSON:setUpClass): 202 POST http://10.180.1.21/volume/v3/volumes 0.190s
2025-11-12 19:48:20.041 65671 INFO tempest.lib.common.rest_client [req-aa378f3b-0c2a-4063-8b8a-36fede67f22d req-aa378f3b-0c2a-4063-8b8a-36fede67f22d ] Request (ServerPasswordTestJSON:setUpClass): 200 GET http://10.180.1.21/identity/v3/domains?name=Default 0.032s
2025-11-12 19:48:20.054 65703 INFO tempest.lib.common.rest_client [req-7effc35e-db9d-4a58-9d8c-91f5926ccf3f req-7effc35e-db9d-4a58-9d8c-91f5926ccf3f ] Request (ServersTestFqdnHostnames:tearDownClass): 200 GET http://10.180.1.21/compute/v2.1/servers/f8119869-60ef-42cf-8291-7a2946c97d62 3.464s
2025-11-12 19:48:20.056 65705 INFO tempest.lib.common.rest_client [req-3a7ad306-7a06-493e-9e4b-494234b3b9f9 req-3a7ad306-7a06-493e-9e4b-494234b3b9f9 ] Request (VolumesTestJSON:setUpClass): 200 GET http://10.180.1.21/volume/v3/volumes/9ea68d97-fc89-42c1-90d6-cf00a8b14ad8 0.031s
2025-11-12 19:48:20.137 65700 INFO tempest.lib.common.rest_client [req-cb3a4b63-05a6-48ff-b4eb-8474adb97d3c req-cb3a4b63-05a6-48ff-b4eb-8474adb97d3c ] Request (VolumesAssistedSnapshotsTest:tearDownClass): 204 DELETE http://10.180.1.21/identity/v3/projects/bdd75bb879084c6fbe3b47a85dfd0e80 0.160s
2025-11-12 19:48:20.138 65700 INFO tempest.test [-] raised in LiveMigrationManagerWorkflowTest.setUpClass. Invoking tearDownClass.
2025-11-12 19:48:20.140 65700 INFO tempest.test [-] raised in LiveMigrationRemoteConsolesV26Test.setUpClass. Invoking tearDownClass.
2025-11-12 19:48:20.170 65671 INFO tempest.lib.common.rest_client [req-c7c329ed-84a6-4e25-b4b7-aa0148b2751b req-c7c329ed-84a6-4e25-b4b7-aa0148b2751b ] Request (ServerPasswordTestJSON:setUpClass): 201 POST http://10.180.1.21/identity/v3/projects 0.128s
2025-11-12 19:48:20.253 65685 INFO tempest.lib.common.rest_client [req-627dbc3a-d667-4a77-86be-b2da9f301516 req-627dbc3a-d667-4a77-86be-b2da9f301516 ] Request (ServersListShow296Test:tearDownClass): 200 GET http://10.180.1.21/compute/v2.1/servers/f777bdc7-325f-4c42-8d65-e31c6d74110f 2.766s
2025-11-12 19:48:20.267 65700 INFO tempest.lib.common.rest_client [req-d1ada818-ce1e-41c8-ae58-f9ad9471736b req-d1ada818-ce1e-41c8-ae58-f9ad9471736b ] Request (InstanceActionsNegativeTestJSON:setUpClass): 201 POST http://10.180.1.21/identity/v3/auth/tokens 0.124s
2025-11-12 19:48:20.340 65671 INFO tempest.lib.common.rest_client [req-5d32b9c0-4201-42d5-84bc-baaa2c5640f4 req-5d32b9c0-4201-42d5-84bc-baaa2c5640f4 ] Request (ServerPasswordTestJSON:setUpClass): 201 POST http://10.180.1.21/identity/v3/users 0.169s
2025-11-12 19:48:20.368 65700 INFO tempest.lib.common.rest_client [req-a28ecad6-b6a0-4f47-918f-9e120bef6501 req-a28ecad6-b6a0-4f47-918f-9e120bef6501 ] Request (InstanceActionsNegativeTestJSON:setUpClass): 201 POST http://10.180.1.21/identity/v3/auth/tokens 0.097s
2025-11-12 19:48:20.389 65671 INFO tempest.lib.common.rest_client [req-d04a1a76-4cc8-48db-8fde-d2e26145cc9b req-d04a1a76-4cc8-48db-8fde-d2e26145cc9b ] Request (ServerPasswordTestJSON:setUpClass): 200 GET http://10.180.1.21/identity/v3/roles 0.049s
2025-11-12 19:48:20.418 65700 INFO tempest.lib.common.rest_client [req-c8673a9a-241e-4b25-a9d6-27a6689943ee req-c8673a9a-241e-4b25-a9d6-27a6689943ee ] Request (InstanceActionsNegativeTestJSON:setUpClass): 200 GET http://10.180.1.21/identity/v3/domains?name=Default 0.049s
2025-11-12 19:48:20.448 65671 INFO tempest.lib.common.rest_client [req-ae3de0f1-92a7-4e0f-a8e4-75dbd63aaedc req-ae3de0f1-92a7-4e0f-a8e4-75dbd63aaedc ] Request (ServerPasswordTestJSON:setUpClass): 204 PUT http://10.180.1.21/identity/v3/projects/b36e83c08f1c4a29a00f8aed65c3569e/users/6ab598adffe34afea3b1ed77f6c182e3/roles/e817d437cf634752a982bac1efe80ae7 0.057s
2025-11-12 19:48:20.448 65671 INFO tempest.lib.common.dynamic_creds [-] Dynamic test user 6ab598adffe34afea3b1ed77f6c182e3 is created with scope project and roles: ['member']
2025-11-12 19:48:20.448 65671 INFO tempest.lib.common.dynamic_creds [-] Acquired dynamic creds: credentials: Credentials: {'domain_id': 'default', 'domain_name': 'Default', 'username': 'tempest-ServerPasswordTestJSON-2094913150-project-member', 'project_domain_id': 'default', 'project_domain_name': 'Default', 'project_id': 'b36e83c08f1c4a29a00f8aed65c3569e', 'project_name': 'tempest-ServerPasswordTestJSON-2094913150', 'tenant_id': 'b36e83c08f1c4a29a00f8aed65c3569e', 'tenant_name': 'tempest-ServerPasswordTestJSON-2094913150', 'user_domain_id': 'default', 'user_domain_name': 'Default', 'user_id': '6ab598adffe34afea3b1ed77f6c182e3', 'system': None}, Network: None, Subnet: None, Router: None
2025-11-12 19:48:20.494 65677 INFO tempest.lib.common.rest_client [req-5429330a-e250-460a-90d5-38e8abd875b0 req-5429330a-e250-460a-90d5-38e8abd875b0 ] Request (ServerRescueTestJSON:setUpClass): 200 GET http://10.180.1.21/compute/v2.1/servers/be5e4866-d049-4258-84a4-602b1535272c 2.488s
2025-11-12 19:48:20.511 65700 INFO tempest.lib.common.rest_client [req-0ef9035f-11b3-4fa6-8b1b-a3c3fb15b4c1 req-0ef9035f-11b3-4fa6-8b1b-a3c3fb15b4c1 ] Request (InstanceActionsNegativeTestJSON:setUpClass): 201 POST http://10.180.1.21/identity/v3/projects 0.092s
2025-11-12 19:48:20.521 65671 INFO tempest.lib.common.rest_client [req-eefd9e71-6c5e-4182-a772-84a4fd1891bd req-eefd9e71-6c5e-4182-a772-84a4fd1891bd ] Request (ServerPasswordTestJSON:setUpClass): 201 POST http://10.180.1.21/identity/v3/auth/tokens 0.072s
2025-11-12 19:48:20.610 65700 INFO tempest.lib.common.rest_client [req-2fb7dfd2-6b59-4ecf-9491-bce7df9315e8 req-2fb7dfd2-6b59-4ecf-9491-bce7df9315e8 ] Request (InstanceActionsNegativeTestJSON:setUpClass): 201 POST http://10.180.1.21/identity/v3/users 0.098s
2025-11-12 19:48:20.635 65700 INFO tempest.lib.common.rest_client [req-2b186b80-62eb-439d-9bcc-660515391340 req-2b186b80-62eb-439d-9bcc-660515391340 ] Request (InstanceActionsNegativeTestJSON:setUpClass): 200 GET http://10.180.1.21/identity/v3/roles 0.025s
2025-11-12 19:48:20.713 65700 INFO tempest.lib.common.rest_client [req-256a7eba-2e5b-4aa6-91fa-0b3a7ca669a1 req-256a7eba-2e5b-4aa6-91fa-0b3a7ca669a1 ] Request (InstanceActionsNegativeTestJSON:setUpClass): 204 PUT http://10.180.1.21/identity/v3/projects/cacf89efdc284eae85c2e48da2864e11/users/94afb1bb06b4485d96fd0f689d58384a/roles/e817d437cf634752a982bac1efe80ae7 0.077s
2025-11-12 19:48:20.714 65700 INFO tempest.lib.common.dynamic_creds [-] Dynamic test user 94afb1bb06b4485d96fd0f689d58384a is created with scope project and roles: ['member']
2025-11-12 19:48:20.714 65700 INFO tempest.lib.common.dynamic_creds [-] Acquired dynamic creds: credentials: Credentials: {'domain_id': 'default', 'domain_name': 'Default', 'username': 'tempest-InstanceActionsNegativeTestJSON-1401618231-project-member', 'project_domain_id': 'default', 'project_domain_name': 'Default', 'project_id': 'cacf89efdc284eae85c2e48da2864e11', 'project_name': 'tempest-InstanceActionsNegativeTestJSON-1401618231', 'tenant_id': 'cacf89efdc284eae85c2e48da2864e11', 'tenant_name': 'tempest-InstanceActionsNegativeTestJSON-1401618231', 'user_domain_id': 'default', 'user_domain_name': 'Default', 'user_id': '94afb1bb06b4485d96fd0f689d58384a', 'system': None}, Network: None, Subnet: None, Router: None
2025-11-12 19:48:20.771 65667 INFO tempest.lib.common.rest_client [req-25ea50c4-f5fb-414e-8547-40b105cb8da9 req-25ea50c4-f5fb-414e-8547-40b105cb8da9 ] Request (ImagesTestJSON:test_create_image_from_stopped_server): 202 POST http://10.180.1.21/compute/v2.1/servers/c8f88927-41c7-440a-8cc7-a40d4039504b/action 3.540s
2025-11-12 19:48:20.788 65700 INFO tempest.lib.common.rest_client [req-aeffeb80-89b8-46a7-9d5d-4e2cb656f0f9 req-aeffeb80-89b8-46a7-9d5d-4e2cb656f0f9 ] Request (InstanceActionsNegativeTestJSON:setUpClass): 201 POST http://10.180.1.21/identity/v3/auth/tokens 0.074s
2025-11-12 19:48:20.861 65665 WARNING tempest.lib.common.ssh [-] Failed to establish authenticated ssh connection to cirros@10.180.180.134 ([Errno None] Unable to connect to port 22 on 10.180.180.134). Number attempts: 4. Retry after 5 seconds.: paramiko.ssh_exception.NoValidConnectionsError: [Errno None] Unable to connect to port 22 on 10.180.180.134
2025-11-12 19:48:20.931 65671 INFO tempest.lib.common.rest_client [req-9ef24a7b-c8aa-4204-b5be-30b6f34aa04f req-9ef24a7b-c8aa-4204-b5be-30b6f34aa04f ] Request (ServerPasswordTestJSON:setUpClass): 201 POST http://10.180.1.21/networking/v2.0/networks 0.409s
2025-11-12 19:48:21.097 65705 INFO tempest.lib.common.rest_client [req-4413e8c2-a4bd-4429-aab3-935a9ca5e39c req-4413e8c2-a4bd-4429-aab3-935a9ca5e39c ] Request (VolumesTestJSON:setUpClass): 200 GET http://10.180.1.21/volume/v3/volumes/9ea68d97-fc89-42c1-90d6-cf00a8b14ad8 0.034s
2025-11-12 19:48:21.104 65705 INFO tempest.common.waiters [-] volume 9ea68d97-fc89-42c1-90d6-cf00a8b14ad8 reached available after waiting for 1.104923 seconds
2025-11-12 19:48:21.265 65700 INFO tempest.lib.common.rest_client [req-ba267f02-9624-4961-b687-cc15cf01a2ba req-ba267f02-9624-4961-b687-cc15cf01a2ba ] Request (InstanceActionsNegativeTestJSON:setUpClass): 201 POST http://10.180.1.21/networking/v2.0/networks 0.476s
2025-11-12 19:48:21.292 65695 INFO tempest.lib.common.rest_client [req-75fb1dbe-8cc0-4016-86df-976d88753b48 req-75fb1dbe-8cc0-4016-86df-976d88753b48 ] Request (ImagesOneServerNegativeTestJSON:setUpClass): 200 GET http://10.180.1.21/compute/v2.1/servers/47250c4b-b623-42df-8363-141f6f9081fe 3.089s
2025-11-12 19:48:21.471 65671 INFO tempest.lib.common.rest_client [req-b4900c31-1f3f-4bad-a6d1-f38ff4a85b9f req-b4900c31-1f3f-4bad-a6d1-f38ff4a85b9f ] Request (ServerPasswordTestJSON:setUpClass): 201 POST http://10.180.1.21/networking/v2.0/subnets 0.540s
2025-11-12 19:48:21.560 65690 INFO paramiko.transport [-] Connected (version 2.0, client dropbear_2020.81)
2025-11-12 19:48:21.625 65690 INFO paramiko.transport [-] Authentication (publickey) successful!
2025-11-12 19:48:21.626 65690 INFO tempest.lib.common.ssh [-] ssh connection to cirros@10.180.180.223 successfully created
2025-11-12 19:48:21.649 65700 INFO tempest.lib.common.rest_client [req-3a865419-c7f7-44d0-b79c-a18f03f24737 req-3a865419-c7f7-44d0-b79c-a18f03f24737 ] Request (InstanceActionsNegativeTestJSON:setUpClass): 201 POST http://10.180.1.21/networking/v2.0/subnets 0.383s
2025-11-12 19:48:21.689 65720 INFO tempest.lib.common.rest_client [req-9f2a9664-0693-4ef2-a229-187f6eddbbf3 req-9f2a9664-0693-4ef2-a229-187f6eddbbf3 ] Request (ServerRescueTestJSONUnderV235:tearDownClass): 200 GET http://10.180.1.21/compute/v2.1/servers/6f222192-b09e-4761-9b67-4edd3726863e 3.036s
2025-11-12 19:48:21.910 65687 INFO tempest.lib.common.rest_client [req-8d9b0c0d-6119-4a6c-9482-5c74652b4812 req-8d9b0c0d-6119-4a6c-9482-5c74652b4812 ] Request (ServerShowV247Test:test_update_rebuild_list_server): 202 POST http://10.180.1.21/compute/v2.1/servers/3709f72d-6dd0-4054-a758-cac70534ec54/action 3.098s
2025-11-12 19:48:22.442 65671 INFO tempest.lib.common.rest_client [req-0ef66222-1ba3-483d-b3eb-5e9f6325905f req-0ef66222-1ba3-483d-b3eb-5e9f6325905f ] Request (ServerPasswordTestJSON:setUpClass): 201 POST http://10.180.1.21/networking/v2.0/routers 0.970s
2025-11-12 19:48:22.655 65663 WARNING tempest.lib.common.ssh [-] Failed to establish authenticated ssh connection to cirros@10.180.180.207 ([Errno None] Unable to connect to port 22 on 10.180.180.207). Number attempts: 8. Retry after 9 seconds.: paramiko.ssh_exception.NoValidConnectionsError: [Errno None] Unable to connect to port 22 on 10.180.180.207
2025-11-12 19:48:23.181 65700 INFO tempest.lib.common.rest_client [req-e3a135d3-047f-4823-a3d3-10b2cc82b690 req-e3a135d3-047f-4823-a3d3-10b2cc82b690 ] Request (InstanceActionsNegativeTestJSON:setUpClass): 201 POST http://10.180.1.21/networking/v2.0/routers 1.530s
2025-11-12 19:48:23.264 65716 INFO tempest.lib.common.rest_client [req-640514e5-a410-40f3-8927-b525a25729d4 req-640514e5-a410-40f3-8927-b525a25729d4 ] Request (ListImageFiltersTestJSON:setUpClass): 200 GET http://10.180.1.21/compute/v2.1/servers/65fd814e-2d3f-4fd1-a8b8-9988ddeae51e 4.436s
2025-11-12 19:48:23.273 65716 INFO tempest.common.waiters [-] State transition "BUILD/networking" ==> "BUILD/spawning" after 36 second wait
2025-11-12 19:48:23.296 65709 INFO tempest.lib.common.rest_client [req-341db315-5383-49a9-8a17-cabd797cb53f req-341db315-5383-49a9-8a17-cabd797cb53f ] Request (FlavorsV2TestJSON:test_list_flavors_filter_by_min_disk): 200 GET http://10.180.1.21/compute/v2.1/flavors?minDisk=2 4.211s
2025-11-12 19:48:23.532 65719 INFO tempest.lib.common.rest_client [req-cca2bd66-1607-4108-82e8-113dbb625619 req-cca2bd66-1607-4108-82e8-113dbb625619 ] Request (ServersTestBootFromVolume:setUpClass): 202 POST http://10.180.1.21/compute/v2.1/servers 5.490s
2025-11-12 19:48:23.932 65671 INFO tempest.lib.common.rest_client [req-2501d018-2d91-4a6c-a882-415d8fd9d8cd req-2501d018-2d91-4a6c-a882-415d8fd9d8cd ] Request (ServerPasswordTestJSON:setUpClass): 200 PUT http://10.180.1.21/networking/v2.0/routers/9562d44e-4407-48bb-b728-6d9dfe38b581/add_router_interface 1.489s
2025-11-12 19:48:23.933 65671 INFO tempest.lib.common.dynamic_creds [-] Created isolated network resources for: credentials: Credentials: {'domain_id': 'default', 'domain_name': 'Default', 'username': 'tempest-ServerPasswordTestJSON-2094913150-project-member', 'project_domain_id': 'default', 'project_domain_name': 'Default', 'project_id': 'b36e83c08f1c4a29a00f8aed65c3569e', 'project_name': 'tempest-ServerPasswordTestJSON-2094913150', 'tenant_id': 'b36e83c08f1c4a29a00f8aed65c3569e', 'tenant_name': 'tempest-ServerPasswordTestJSON-2094913150', 'user_domain_id': 'default', 'user_domain_name': 'Default', 'user_id': '6ab598adffe34afea3b1ed77f6c182e3', 'system': None}, Network: {'id': '220d612c-069d-4137-8bf8-aee66ad21d1e', 'name': 'tempest-ServerPasswordTestJSON-303782035-network', 'tenant_id': 'b36e83c08f1c4a29a00f8aed65c3569e', 'project_id': 'b36e83c08f1c4a29a00f8aed65c3569e', 'admin_state_up': True, 'mtu': 8950, 'status': 'ACTIVE', 'subnets': [], 'shared': False, 'port_security_enabled': True, 'router:external': False, 'provider:network_type': 'vlan', 'provider:physical_network': 'default', 'provider:segmentation_id': 222, 'availability_zone_hints': [], 'availability_zones': [], 'ipv4_address_scope': None, 'ipv6_address_scope': None, 'description': '', 'tags': [], 'created_at': '2025-11-12T19:48:20Z', 'updated_at': '2025-11-12T19:48:20Z', 'revision_number': 1}, Subnet: {'id': '212991a1-46d7-4219-ba16-4fc86638cabf', 'name': 'tempest-ServerPasswordTestJSON-303782035-subnet', 'tenant_id': 'b36e83c08f1c4a29a00f8aed65c3569e', 'network_id': '220d612c-069d-4137-8bf8-aee66ad21d1e', 'ip_version': 4, 'subnetpool_id': None, 'enable_dhcp': True, 'ipv6_ra_mode': None, 'ipv6_address_mode': None, 'gateway_ip': '192.168.128.1', 'cidr': '192.168.128.0/28', 'allocation_pools': [{'start': '192.168.128.2', 'end': '192.168.128.14'}], 'host_routes': [], 'dns_nameservers': [], 'description': '', 'router:external': False, 'service_types': [], 'tags': [], 'created_at': '2025-11-12T19:48:21Z', 'updated_at': '2025-11-12T19:48:21Z', 'revision_number': 0, 'project_id': 'b36e83c08f1c4a29a00f8aed65c3569e'}, Router: {'id': '9562d44e-4407-48bb-b728-6d9dfe38b581', 'name': 'tempest-ServerPasswordTestJSON-303782035-router', 'tenant_id': 'b36e83c08f1c4a29a00f8aed65c3569e', 'admin_state_up': True, 'status': 'ACTIVE', 'external_gateway_info': {'network_id': '6c661c38-a726-4426-ac27-5572f0b872a3', 'external_fixed_ips': [{'subnet_id': '1edc64e3-dd14-4e42-aa8e-073ada60fe03', 'ip_address': '10.180.180.203'}], 'enable_snat': True}, 'description': '', 'availability_zones': [], 'distributed': False, 'ha': False, 'availability_zone_hints': [], 'routes': [], 'flavor_id': None, 'tags': [], 'created_at': '2025-11-12T19:48:21Z', 'updated_at': '2025-11-12T19:48:22Z', 'revision_number': 2, 'project_id': 'b36e83c08f1c4a29a00f8aed65c3569e'}
2025-11-12 19:48:24.036 65671 INFO tempest.lib.common.rest_client [req-dda627ba-04af-4e96-a7c3-6e98a962b80e req-dda627ba-04af-4e96-a7c3-6e98a962b80e ] Request (ServerPasswordTestJSON:setUpClass): 201 POST http://10.180.1.21/identity/v3/auth/tokens 0.100s
2025-11-12 19:48:24.049 65683 INFO tempest.lib.common.rest_client [req-7b746ecc-cfbd-4129-ba24-7c3f30d57d6e req-7b746ecc-cfbd-4129-ba24-7c3f30d57d6e ] Request (ServerDiskConfigTestJSON:test_rebuild_server_with_auto_disk_config): 200 GET http://10.180.1.21/compute/v2.1/servers/dfc76ee8-d834-4af1-a926-b60f8e32ad1f 4.908s
2025-11-12 19:48:24.094 65673 INFO tempest.lib.common.rest_client [req-712e4520-96e0-489a-9d22-e06aa434612f req-712e4520-96e0-489a-9d22-e06aa434612f ] Request (AttachInterfacesTestJSON:_run_cleanups): 202 DELETE http://10.180.1.21/compute/v2.1/os-keypairs/tempest-keypair-1092959383 4.128s
2025-11-12 19:48:24.103 65671 INFO tempest.lib.common.rest_client [req-c73ae166-1b05-454f-af9c-111d58fa6975 req-c73ae166-1b05-454f-af9c-111d58fa6975 ] Request (ServerPasswordTestJSON:setUpClass): 201 POST http://10.180.1.21/identity/v3/auth/tokens 0.062s
2025-11-12 19:48:24.103 65671 INFO tempest.lib.common.fixed_network [-] (ServerPasswordTestJSON:setUpClass) Found network {'id': '220d612c-069d-4137-8bf8-aee66ad21d1e', 'name': 'tempest-ServerPasswordTestJSON-303782035-network', 'tenant_id': 'b36e83c08f1c4a29a00f8aed65c3569e', 'project_id': 'b36e83c08f1c4a29a00f8aed65c3569e', 'admin_state_up': True, 'mtu': 8950, 'status': 'ACTIVE', 'subnets': [], 'shared': False, 'port_security_enabled': True, 'router:external': False, 'provider:network_type': 'vlan', 'provider:physical_network': 'default', 'provider:segmentation_id': 222, 'availability_zone_hints': [], 'availability_zones': [], 'ipv4_address_scope': None, 'ipv6_address_scope': None, 'description': '', 'tags': [], 'created_at': '2025-11-12T19:48:20Z', 'updated_at': '2025-11-12T19:48:20Z', 'revision_number': 1} available for tenant
2025-11-12 19:48:24.472 65700 INFO tempest.lib.common.rest_client [req-67d404c2-30cc-4f7a-b587-a49fc4e17111 req-67d404c2-30cc-4f7a-b587-a49fc4e17111 ] Request (InstanceActionsNegativeTestJSON:setUpClass): 200 PUT http://10.180.1.21/networking/v2.0/routers/721cdde1-f633-49a1-aa1c-33503b37fd3b/add_router_interface 1.290s
2025-11-12 19:48:24.472 65700 INFO tempest.lib.common.dynamic_creds [-] Created isolated network resources for: credentials: Credentials: {'domain_id': 'default', 'domain_name': 'Default', 'username': 'tempest-InstanceActionsNegativeTestJSON-1401618231-project-member', 'project_domain_id': 'default', 'project_domain_name': 'Default', 'project_id': 'cacf89efdc284eae85c2e48da2864e11', 'project_name': 'tempest-InstanceActionsNegativeTestJSON-1401618231', 'tenant_id': 'cacf89efdc284eae85c2e48da2864e11', 'tenant_name': 'tempest-InstanceActionsNegativeTestJSON-1401618231', 'user_domain_id': 'default', 'user_domain_name': 'Default', 'user_id': '94afb1bb06b4485d96fd0f689d58384a', 'system': None}, Network: {'id': 'fdecc0bc-1394-46d8-861c-6d185ec1234f', 'name': 'tempest-InstanceActionsNegativeTestJSON-1259803021-network', 'tenant_id': 'cacf89efdc284eae85c2e48da2864e11', 'project_id': 'cacf89efdc284eae85c2e48da2864e11', 'admin_state_up': True, 'mtu': 8950, 'status': 'ACTIVE', 'subnets': [], 'shared': False, 'port_security_enabled': True, 'router:external': False, 'provider:network_type': 'vlan', 'provider:physical_network': 'default', 'provider:segmentation_id': 119, 'availability_zone_hints': [], 'availability_zones': [], 'ipv4_address_scope': None, 'ipv6_address_scope': None, 'description': '', 'tags': [], 'created_at': '2025-11-12T19:48:21Z', 'updated_at': '2025-11-12T19:48:21Z', 'revision_number': 1}, Subnet: {'id': '20292a10-2e46-4224-8094-9f60ee297dd4', 'name': 'tempest-InstanceActionsNegativeTestJSON-1259803021-subnet', 'tenant_id': 'cacf89efdc284eae85c2e48da2864e11', 'network_id': 'fdecc0bc-1394-46d8-861c-6d185ec1234f', 'ip_version': 4, 'subnetpool_id': None, 'enable_dhcp': True, 'ipv6_ra_mode': None, 'ipv6_address_mode': None, 'gateway_ip': '192.168.128.1', 'cidr': '192.168.128.0/28', 'allocation_pools': [{'start': '192.168.128.2', 'end': '192.168.128.14'}], 'host_routes': [], 'dns_nameservers': [], 'description': '', 'router:external': False, 'service_types': [], 'tags': [], 'created_at': '2025-11-12T19:48:21Z', 'updated_at': '2025-11-12T19:48:21Z', 'revision_number': 0, 'project_id': 'cacf89efdc284eae85c2e48da2864e11'}, Router: {'id': '721cdde1-f633-49a1-aa1c-33503b37fd3b', 'name': 'tempest-InstanceActionsNegativeTestJSON-1259803021-router', 'tenant_id': 'cacf89efdc284eae85c2e48da2864e11', 'admin_state_up': True, 'status': 'ACTIVE', 'external_gateway_info': {'network_id': '6c661c38-a726-4426-ac27-5572f0b872a3', 'external_fixed_ips': [{'subnet_id': '1edc64e3-dd14-4e42-aa8e-073ada60fe03', 'ip_address': '10.180.180.196'}], 'enable_snat': True}, 'description': '', 'availability_zones': [], 'distributed': False, 'ha': False, 'availability_zone_hints': [], 'routes': [], 'flavor_id': None, 'tags': [], 'created_at': '2025-11-12T19:48:22Z', 'updated_at': '2025-11-12T19:48:22Z', 'revision_number': 2, 'project_id': 'cacf89efdc284eae85c2e48da2864e11'}
2025-11-12 19:48:24.506 65661 INFO tempest.lib.common.rest_client [req-d1111659-1ff4-44c8-8acc-4fbafc038d04 req-d1111659-1ff4-44c8-8acc-4fbafc038d04 ] Request (ServersNegativeTestJSON:setUpClass): 200 GET http://10.180.1.21/compute/v2.1/servers/330e907c-6236-413a-b150-10b3dd5fd651 5.299s
2025-11-12 19:48:24.563 65722 INFO tempest.lib.common.rest_client [req-c2ef6667-6e24-4a6e-9d54-1dfc8ddb76de req-c2ef6667-6e24-4a6e-9d54-1dfc8ddb76de ] Request (ServerMetadataNegativeTestJSON:tearDownClass): 200 GET http://10.180.1.21/compute/v2.1/servers/60cb5e4a-b3dd-4dad-85dd-0f97e69ffb66 4.488s
2025-11-12 19:48:24.601 65700 INFO tempest.lib.common.rest_client [req-a5bf2792-fded-4d12-855c-b2ce3fafa33a req-a5bf2792-fded-4d12-855c-b2ce3fafa33a ] Request (InstanceActionsNegativeTestJSON:setUpClass): 201 POST http://10.180.1.21/identity/v3/auth/tokens 0.125s
2025-11-12 19:48:24.647 65700 INFO tempest.lib.common.rest_client [req-7bb7e2a8-daae-4639-8c58-9cda1a014662 req-7bb7e2a8-daae-4639-8c58-9cda1a014662 ] Request (InstanceActionsNegativeTestJSON:setUpClass): 201 POST http://10.180.1.21/identity/v3/auth/tokens 0.043s
2025-11-12 19:48:24.648 65700 INFO tempest.lib.common.fixed_network [-] (InstanceActionsNegativeTestJSON:setUpClass) Found network {'id': 'fdecc0bc-1394-46d8-861c-6d185ec1234f', 'name': 'tempest-InstanceActionsNegativeTestJSON-1259803021-network', 'tenant_id': 'cacf89efdc284eae85c2e48da2864e11', 'project_id': 'cacf89efdc284eae85c2e48da2864e11', 'admin_state_up': True, 'mtu': 8950, 'status': 'ACTIVE', 'subnets': [], 'shared': False, 'port_security_enabled': True, 'router:external': False, 'provider:network_type': 'vlan', 'provider:physical_network': 'default', 'provider:segmentation_id': 119, 'availability_zone_hints': [], 'availability_zones': [], 'ipv4_address_scope': None, 'ipv6_address_scope': None, 'description': '', 'tags': [], 'created_at': '2025-11-12T19:48:21Z', 'updated_at': '2025-11-12T19:48:21Z', 'revision_number': 1} available for tenant
2025-11-12 19:48:24.709 65673 INFO tempest.lib.common.rest_client [req-e855f266-f866-484e-b468-906255636467 req-e855f266-f866-484e-b468-906255636467 ] Request (AttachInterfacesTestJSON:_run_cleanups): 204 DELETE http://10.180.1.21/networking/v2.0/security-groups/751ca56e-059c-435e-96eb-fed6c1e718b1 0.614s
2025-11-12 19:48:24.756 65713 INFO tempest.lib.common.rest_client [req-b470302f-2611-4b66-acb6-520e294445a3 req-b470302f-2611-4b66-acb6-520e294445a3 ] Request (ServersAdminNegativeTestJSON:tearDownClass): 200 GET http://10.180.1.21/compute/v2.1/servers/69fded87-96ec-4b4c-8c4d-207de9854dd8 4.232s
2025-11-12 19:48:24.796 65673 INFO tempest.lib.common.rest_client [req-e0f882e0-1131-480f-b98a-243b4bdd4fc1 req-e0f882e0-1131-480f-b98a-243b4bdd4fc1 ] Request (AttachInterfacesTestJSON:_run_cleanups): 404 GET http://10.180.1.21/networking/v2.0/security-groups/751ca56e-059c-435e-96eb-fed6c1e718b1 0.086s
2025-11-12 19:48:24.859 65675 INFO tempest.lib.common.rest_client [req-1d670c8c-9258-4173-a3d2-40f0b9c1ce59 req-1d670c8c-9258-4173-a3d2-40f0b9c1ce59 ] Request (SecurityGroupsTestJSON:test_list_security_groups_by_server): 200 GET http://10.180.1.21/compute/v2.1/servers/f3d1aff8-98fd-43e2-b04a-fe113ee5bd1d 4.315s
2025-11-12 19:48:24.873 65675 INFO tempest.common.waiters [-] State transition "BUILD/None" ==> "BUILD/spawning" after 37 second wait
2025-11-12 19:48:24.908 65667 INFO tempest.lib.common.rest_client [req-17e0d6d8-c9a3-47de-9bc2-9357ba39917f req-17e0d6d8-c9a3-47de-9bc2-9357ba39917f ] Request (ImagesTestJSON:test_create_image_from_stopped_server): 200 GET http://10.180.1.21/compute/v2.1/images/636d94d8-bf9e-4be1-b6d2-fcf382aa851f 4.136s
2025-11-12 19:48:25.127 65673 INFO tempest.lib.common.rest_client [req-2963ae7e-6ae3-4995-83ac-9ce47151f7ef req-2963ae7e-6ae3-4995-83ac-9ce47151f7ef ] Request (AttachInterfacesTestJSON:_run_cleanups): 204 DELETE http://10.180.1.21/networking/v2.0/floatingips/a49dc9b3-4bed-4e61-8b2a-49114538e781 0.331s
2025-11-12 19:48:25.226 65691 INFO tempest.lib.common.rest_client [req-2222a703-8bd4-473d-938b-9cfc93a7ce20 req-2222a703-8bd4-473d-938b-9cfc93a7ce20 ] Request (ImagesNegativeTestJSON:test_create_image_from_deleted_server): 200 GET http://10.180.1.21/compute/v2.1/servers/e5771670-2dbf-4f66-b1cd-e24d6b00422e 4.443s
2025-11-12 19:48:25.252 65681 INFO tempest.lib.common.rest_client [req-5547921a-7b79-41e3-9b96-b53d71c32f29 req-5547921a-7b79-41e3-9b96-b53d71c32f29 ] Request (ServersTestJSON:test_create_server_with_ipv6_addr_only): 200 GET http://10.180.1.21/compute/v2.1/servers/7339bfa0-058a-4d93-b3b7-0357dde69b29 4.581s
2025-11-12 19:48:25.263 65681 INFO tempest.common.waiters [-] State transition "BUILD/None" ==> "BUILD/spawning" after 32 second wait
2025-11-12 19:48:25.313 65693 INFO tempest.lib.common.rest_client [req-0ddfd4ec-2868-49db-8cda-d60e2310d0e3 req-0ddfd4ec-2868-49db-8cda-d60e2310d0e3 ] Request (ServersAaction247Test:test_create_backup): 200 GET http://10.180.1.21/compute/v2.1/servers/ec5950d5-17d0-40df-9c11-60671bb3d1ae 4.388s
2025-11-12 19:48:25.433 65659 INFO tempest.lib.common.rest_client [req-6b4da0b9-f980-4d36-b1ff-60b99667c56c req-6b4da0b9-f980-4d36-b1ff-60b99667c56c ] Request (ServersAdminTestJSON:test_inject_network_info): 200 GET http://10.180.1.21/compute/v2.1/servers/76d5a11a-3e35-45d7-bc34-7d4e5afc52ed 4.430s
2025-11-12 19:48:25.461 65669 INFO tempest.lib.common.rest_client [req-78039770-043b-4293-a4ad-0c6e2f1743cb req-78039770-043b-4293-a4ad-0c6e2f1743cb ] Request (MigrationsAdminTest:test_list_migrations_in_flavor_resize_situation): 200 GET http://10.180.1.21/compute/v2.1/servers/ba3ca3fc-4249-44d2-bd41-96e0135596ce 4.510s
2025-11-12 19:48:25.462 65703 INFO tempest.lib.common.rest_client [req-1cc0b4cf-a121-4ae3-bacf-0da4a8722e9e req-1cc0b4cf-a121-4ae3-bacf-0da4a8722e9e ] Request (ServersTestFqdnHostnames:tearDownClass): 404 GET http://10.180.1.21/compute/v2.1/servers/f8119869-60ef-42cf-8291-7a2946c97d62 4.389s
2025-11-12 19:48:25.512 65705 INFO tempest.lib.common.rest_client [req-4084ff46-19a5-4d94-a607-4e1e5d2cb26d req-4084ff46-19a5-4d94-a607-4e1e5d2cb26d ] Request (VolumesTestJSON:setUpClass): 200 GET http://10.180.1.21/compute/v2.1/os-volumes/9ea68d97-fc89-42c1-90d6-cf00a8b14ad8 4.407s
2025-11-12 19:48:25.560 65685 INFO tempest.lib.common.rest_client [req-075175d9-57e3-4033-a706-2bfbd88b20b2 req-075175d9-57e3-4033-a706-2bfbd88b20b2 ] Request (ServersListShow296Test:tearDownClass): 200 GET http://10.180.1.21/compute/v2.1/servers/f777bdc7-325f-4c42-8d65-e31c6d74110f 4.293s
2025-11-12 19:48:25.730 65677 INFO tempest.lib.common.rest_client [req-b7a9c40f-c676-4886-8b7a-846709321f54 req-b7a9c40f-c676-4886-8b7a-846709321f54 ] Request (ServerRescueTestJSON:setUpClass): 200 GET http://10.180.1.21/compute/v2.1/servers/be5e4866-d049-4258-84a4-602b1535272c 4.225s
2025-11-12 19:48:25.730 65705 INFO tempest.lib.common.rest_client [req-6394b810-8854-44b4-86a7-99ba89f2a473 req-6394b810-8854-44b4-86a7-99ba89f2a473 ] Request (VolumesTestJSON:setUpClass): 202 POST http://10.180.1.21/volume/v3/volumes 0.215s
2025-11-12 19:48:25.773 65690 INFO tempest.lib.common.rest_client [req-4be7de7c-7a57-4365-8df2-2b883171b472 req-4be7de7c-7a57-4365-8df2-2b883171b472 ] Request (ServersWithSpecificFlavorTestJSON:test_verify_created_server_ephemeral_disk): 204 DELETE http://10.180.1.21/compute/v2.1/servers/3cadb660-7aa2-4c08-a672-71d850c0b552 4.140s
2025-11-12 19:48:25.794 65705 INFO tempest.lib.common.rest_client [req-457b55ee-5a4f-4b1c-82c6-b5fce418c08e req-457b55ee-5a4f-4b1c-82c6-b5fce418c08e ] Request (VolumesTestJSON:setUpClass): 200 GET http://10.180.1.21/volume/v3/volumes/91c987f8-3451-44ba-b1fc-70493b1579fe 0.057s
2025-11-12 19:48:25.827 65687 INFO tempest.lib.common.rest_client [req-17d57b8b-dd78-4b8d-b7c2-6c9c43fac3ec req-17d57b8b-dd78-4b8d-b7c2-6c9c43fac3ec ] Request (ServerShowV247Test:test_update_rebuild_list_server): 200 GET http://10.180.1.21/compute/v2.1/servers/3709f72d-6dd0-4054-a758-cac70534ec54 3.911s
2025-11-12 19:48:25.871 65690 INFO tempest.lib.common.rest_client [req-fa44f3de-2f98-41c2-87e1-d4c625f244e6 req-fa44f3de-2f98-41c2-87e1-d4c625f244e6 ] Request (ServersWithSpecificFlavorTestJSON:test_verify_created_server_ephemeral_disk): 201 POST http://10.180.1.21/identity/v3/auth/tokens 0.091s
2025-11-12 19:48:25.871 65690 INFO tempest.lib.common.fixed_network [-] (ServersWithSpecificFlavorTestJSON:test_verify_created_server_ephemeral_disk) Found network {'id': '0054b9ac-2eb8-403d-a89d-1be1ed0f08b5', 'name': 'tempest-ServersWithSpecificFlavorTestJSON-621146338-network', 'tenant_id': '6d824741de544499a56ba2f48d129502', 'project_id': '6d824741de544499a56ba2f48d129502', 'admin_state_up': True, 'mtu': 8950, 'status': 'ACTIVE', 'subnets': [], 'shared': False, 'port_security_enabled': True, 'router:external': False, 'provider:network_type': 'vlan', 'provider:physical_network': 'default', 'provider:segmentation_id': 592, 'availability_zone_hints': [], 'availability_zones': [], 'ipv4_address_scope': None, 'ipv6_address_scope': None, 'description': '', 'tags': [], 'created_at': '2025-11-12T19:45:24Z', 'updated_at': '2025-11-12T19:45:24Z', 'revision_number': 1} available for tenant
2025-11-12 19:48:25.898 65695 INFO tempest.lib.common.rest_client [req-04bd53c7-d886-4059-a778-f53f024008dd req-04bd53c7-d886-4059-a778-f53f024008dd ] Request (ImagesOneServerNegativeTestJSON:setUpClass): 200 GET http://10.180.1.21/compute/v2.1/servers/47250c4b-b623-42df-8363-141f6f9081fe 3.598s
2025-11-12 19:48:25.916 65709 INFO tempest.lib.common.rest_client [req-c3640c40-799e-4e88-9172-60792338ac86 req-c3640c40-799e-4e88-9172-60792338ac86 ] Request (FlavorsV2TestJSON:test_list_flavors_filter_by_min_ram): 200 GET http://10.180.1.21/compute/v2.1/flavors/42 2.616s
2025-11-12 19:48:25.919 65720 INFO tempest.lib.common.rest_client [req-4bb5c3e3-fbc0-4669-b891-ffbbe4bc9c02 req-4bb5c3e3-fbc0-4669-b891-ffbbe4bc9c02 ] Request (ServerRescueTestJSONUnderV235:tearDownClass): 200 GET http://10.180.1.21/compute/v2.1/servers/6f222192-b09e-4761-9b67-4edd3726863e 3.221s
2025-11-12 19:48:25.988 65719 INFO tempest.lib.common.rest_client [req-f2e85348-fe14-4a0f-a2d6-e0461a3278eb req-f2e85348-fe14-4a0f-a2d6-e0461a3278eb ] Request (ServersTestBootFromVolume:setUpClass): 200 GET http://10.180.1.21/compute/v2.1/servers/6cc15a8b-bee0-4025-857c-7e77fcf670b3 2.455s
2025-11-12 19:48:26.159 65716 INFO tempest.lib.common.rest_client [req-40e4cc05-d588-4f9b-8dba-5a159d8f7b7a req-40e4cc05-d588-4f9b-8dba-5a159d8f7b7a ] Request (ListImageFiltersTestJSON:setUpClass): 200 GET http://10.180.1.21/compute/v2.1/servers/65fd814e-2d3f-4fd1-a8b8-9988ddeae51e 1.885s
2025-11-12 19:48:26.559 65671 INFO tempest.lib.common.rest_client [req-8af10c48-da79-4230-96ad-54ea4b0822f6 req-8af10c48-da79-4230-96ad-54ea4b0822f6 ] Request (ServerPasswordTestJSON:setUpClass): 202 POST http://10.180.1.21/compute/v2.1/servers 2.455s
2025-11-12 19:48:26.654 65683 INFO tempest.lib.common.rest_client [req-7f0a7c33-8cd2-4291-8ace-ab223b85edd2 req-7f0a7c33-8cd2-4291-8ace-ab223b85edd2 ] Request (ServerDiskConfigTestJSON:test_rebuild_server_with_auto_disk_config): 200 GET http://10.180.1.21/compute/v2.1/servers/dfc76ee8-d834-4af1-a926-b60f8e32ad1f 1.592s
2025-11-12 19:48:26.682 65700 INFO tempest.lib.common.rest_client [req-2ff7ae5a-ebb5-431a-a327-0e554f6ec1f0 req-2ff7ae5a-ebb5-431a-a327-0e554f6ec1f0 ] Request (InstanceActionsNegativeTestJSON:setUpClass): 202 POST http://10.180.1.21/compute/v2.1/servers 2.033s
2025-11-12 19:48:26.696 65673 INFO tempest.lib.common.rest_client [req-52a3a808-7508-4484-8dac-10c638f83339 req-52a3a808-7508-4484-8dac-10c638f83339 ] Request (ValidationResourcesFixture:setUp): 200 POST http://10.180.1.21/compute/v2.1/os-keypairs 1.567s
2025-11-12 19:48:26.701 65703 INFO tempest.lib.common.rest_client [req-0b7ef792-1cd5-4c29-8c84-b4959dc11b69 req-0b7ef792-1cd5-4c29-8c84-b4959dc11b69 ] Request (ServersTestFqdnHostnames:tearDownClass): 202 DELETE http://10.180.1.21/compute/v2.1/os-keypairs/tempest-keypair-104433934 1.238s
2025-11-12 19:48:26.824 65703 INFO tempest.lib.common.rest_client [req-7da20e2f-d909-46eb-9e6f-f68a6e25ac19 req-7da20e2f-d909-46eb-9e6f-f68a6e25ac19 ] Request (ServersTestFqdnHostnames:tearDownClass): 204 DELETE http://10.180.1.21/networking/v2.0/security-groups/2c228af0-961f-43f7-b4e0-33192329aacf 0.123s
2025-11-12 19:48:26.825 65673 INFO tempest.lib.common.rest_client [req-6a85a048-4d9f-435a-9e16-ada0ccf3f908 req-6a85a048-4d9f-435a-9e16-ada0ccf3f908 ] Request (ValidationResourcesFixture:setUp): 201 POST http://10.180.1.21/networking/v2.0/security-groups 0.127s
2025-11-12 19:48:26.847 65705 INFO tempest.lib.common.rest_client [req-7234589e-4c6d-4548-94af-f3aee46ac10d req-7234589e-4c6d-4548-94af-f3aee46ac10d ] Request (VolumesTestJSON:setUpClass): 200 GET http://10.180.1.21/volume/v3/volumes/91c987f8-3451-44ba-b1fc-70493b1579fe 0.043s
2025-11-12 19:48:26.849 65703 INFO tempest.lib.common.rest_client [req-43cd17aa-bca5-4c08-a4d2-0b490951aea3 req-43cd17aa-bca5-4c08-a4d2-0b490951aea3 ] Request (ServersTestFqdnHostnames:tearDownClass): 404 GET http://10.180.1.21/networking/v2.0/security-groups/2c228af0-961f-43f7-b4e0-33192329aacf 0.024s
2025-11-12 19:48:26.849 65722 INFO tempest.lib.common.rest_client [req-e4dda814-3eec-4f6b-8b4d-fb59129014d0 req-e4dda814-3eec-4f6b-8b4d-fb59129014d0 ] Request (ServerMetadataNegativeTestJSON:tearDownClass): 200 GET http://10.180.1.21/compute/v2.1/servers/60cb5e4a-b3dd-4dad-85dd-0f97e69ffb66 1.274s
2025-11-12 19:48:26.854 65705 INFO tempest.common.waiters [-] volume 91c987f8-3451-44ba-b1fc-70493b1579fe reached available after waiting for 1.854582 seconds
2025-11-12 19:48:26.864 65661 INFO tempest.lib.common.rest_client [req-1b10443c-bd31-4af4-a67d-5bb73d5e077e req-1b10443c-bd31-4af4-a67d-5bb73d5e077e ] Request (ServersNegativeTestJSON:setUpClass): 200 GET http://10.180.1.21/compute/v2.1/servers/330e907c-6236-413a-b150-10b3dd5fd651 1.348s
2025-11-12 19:48:26.979 65673 INFO tempest.lib.common.rest_client [req-076f5923-6f68-48ef-86f5-beea9e7acb6d req-076f5923-6f68-48ef-86f5-beea9e7acb6d ] Request (ValidationResourcesFixture:setUp): 201 POST http://10.180.1.21/networking/v2.0/security-group-rules 0.153s
2025-11-12 19:48:27.016 65713 INFO tempest.lib.common.rest_client [req-81f88c8f-6e6c-4182-859b-c0da6fc2affe req-81f88c8f-6e6c-4182-859b-c0da6fc2affe ] Request (ServersAdminNegativeTestJSON:tearDownClass): 200 GET http://10.180.1.21/compute/v2.1/servers/69fded87-96ec-4b4c-8c4d-207de9854dd8 1.248s
2025-11-12 19:48:27.168 65673 INFO tempest.lib.common.rest_client [req-1e91e6c9-3a49-44c1-be26-320247cbb0ae req-1e91e6c9-3a49-44c1-be26-320247cbb0ae ] Request (ValidationResourcesFixture:setUp): 201 POST http://10.180.1.21/networking/v2.0/security-group-rules 0.188s
2025-11-12 19:48:27.204 65703 INFO tempest.lib.common.rest_client [req-3ab8bb6e-bc61-4388-84ae-1f9d6d07fd4d req-3ab8bb6e-bc61-4388-84ae-1f9d6d07fd4d ] Request (ServersTestFqdnHostnames:tearDownClass): 204 DELETE http://10.180.1.21/networking/v2.0/floatingips/8665633b-cb13-4854-91b6-74a04a3b5e1b 0.354s
2025-11-12 19:48:28.128 65703 INFO tempest.lib.common.rest_client [req-8ffef1a7-fa36-4f23-91e9-dbd45067a79e req-8ffef1a7-fa36-4f23-91e9-dbd45067a79e ] Request (ServersTestFqdnHostnames:tearDownClass): 200 PUT http://10.180.1.21/networking/v2.0/routers/2c97871c-f615-4374-8ce4-18efb2ea50d9/remove_router_interface 0.924s
2025-11-12 19:48:28.170 65673 INFO tempest.lib.common.rest_client [req-55428547-223c-402a-9034-ccfbb68f85a1 req-55428547-223c-402a-9034-ccfbb68f85a1 ] Request (ValidationResourcesFixture:setUp): 201 POST http://10.180.1.21/networking/v2.0/floatingips 1.002s
2025-11-12 19:48:28.181 65675 INFO tempest.lib.common.rest_client [req-0e8f7233-bd5c-4eff-8958-84f6c6623f4c req-0e8f7233-bd5c-4eff-8958-84f6c6623f4c ] Request (SecurityGroupsTestJSON:test_list_security_groups_by_server): 200 GET http://10.180.1.21/compute/v2.1/servers/f3d1aff8-98fd-43e2-b04a-fe113ee5bd1d 2.306s
2025-11-12 19:48:28.226 65667 INFO tempest.lib.common.rest_client [req-331f5976-d9ae-497d-816e-44c3a256b021 req-331f5976-d9ae-497d-816e-44c3a256b021 ] Request (ImagesTestJSON:test_create_image_from_stopped_server): 200 GET http://10.180.1.21/compute/v2.1/images/636d94d8-bf9e-4be1-b6d2-fcf382aa851f 2.309s
2025-11-12 19:48:28.251 65709 INFO tempest.lib.common.rest_client [req-5ac23319-42f9-4670-b31e-dadcb94d48b7 req-5ac23319-42f9-4670-b31e-dadcb94d48b7 ] Request (FlavorsV2TestJSON:test_list_flavors_filter_by_min_ram): 200 GET http://10.180.1.21/compute/v2.1/flavors?minRam=193 2.332s
2025-11-12 19:48:28.283 65673 INFO tempest.lib.common.rest_client [req-802607c8-c57a-451b-841a-9d23d3847c36 req-802607c8-c57a-451b-841a-9d23d3847c36 ] Request (AttachInterfacesTestJSON:test_create_list_show_delete_interfaces_by_network_port): 201 POST http://10.180.1.21/identity/v3/auth/tokens 0.108s
