2025-11-12 19:47:52.138 65677 INFO tempest.lib.common.rest_client [req-51d4706b-007b-4822-b065-feabc4dbbea8 req-51d4706b-007b-4822-b065-feabc4dbbea8 ] Request (ServerRescueTestJSON:setUpClass): 200 GET http://10.180.1.21/compute/v2.1/servers/be5e4866-d049-4258-84a4-602b1535272c 2.303s
2025-11-12 19:47:52.169 65659 INFO tempest.lib.common.rest_client [req-72d6ce27-c2d3-4b49-ad2c-c91f33af9990 req-72d6ce27-c2d3-4b49-ad2c-c91f33af9990 ] Request (ServersAdminTestJSON:test_create_server_with_scheduling_hint): 200 GET http://10.180.1.21/compute/v2.1/servers/21338974-8262-42a6-8fd0-e58cacf0e3e0 2.224s
2025-11-12 19:47:52.176 65659 INFO tempest.common.waiters [-] State transition "BUILD/spawning" ==> "ACTIVE/None" after 49 second wait
2025-11-12 19:47:52.192 65719 INFO tempest.lib.common.rest_client [req-5625af41-cea1-4605-abca-3399ba235c87 req-5625af41-cea1-4605-abca-3399ba235c87 ] Request (ServersTestBootFromVolume:setUpClass): 201 POST http://10.180.1.21/networking/v2.0/subnets 0.200s
2025-11-12 19:47:52.215 65667 INFO tempest.lib.common.rest_client [req-0b47ba75-b5fb-4a6c-8039-876ec522ef2a req-0b47ba75-b5fb-4a6c-8039-876ec522ef2a ] Request (ImagesTestJSON:test_create_image_from_stopped_server): 200 GET http://10.180.1.21/compute/v2.1/servers/c8f88927-41c7-440a-8cc7-a40d4039504b 2.206s
2025-11-12 19:47:52.254 65659 INFO tempest.lib.common.rest_client [req-4365c853-8d4a-423a-827c-ae8871ff56df req-4365c853-8d4a-423a-827c-ae8871ff56df ] Request (ServersAdminTestJSON:test_inject_network_info): 201 POST http://10.180.1.21/identity/v3/auth/tokens 0.073s
2025-11-12 19:47:52.254 65659 INFO tempest.lib.common.fixed_network [-] (ServersAdminTestJSON:test_inject_network_info) Found network {'id': '7cc982f3-f958-4c31-868c-f7f7bef97218', 'name': 'tempest-ServersAdminTestJSON-2063076488-network', 'tenant_id': '3733963329004b188b4575e69dcd0903', 'project_id': '3733963329004b188b4575e69dcd0903', 'admin_state_up': True, 'mtu': 8950, 'status': 'ACTIVE', 'subnets': [], 'shared': False, 'port_security_enabled': True, 'router:external': False, 'provider:network_type': 'vlan', 'provider:physical_network': 'default', 'provider:segmentation_id': 410, 'availability_zone_hints': [], 'availability_zones': [], 'ipv4_address_scope': None, 'ipv6_address_scope': None, 'description': '', 'tags': [], 'created_at': '2025-11-12T19:46:10Z', 'updated_at': '2025-11-12T19:46:10Z', 'revision_number': 1} available for tenant
2025-11-12 19:47:52.257 65703 INFO tempest.lib.common.rest_client [req-555daee4-d2bf-4230-b646-6cd2f975240b req-555daee4-d2bf-4230-b646-6cd2f975240b ] Request (ServersTestFqdnHostnames:tearDownClass): 204 DELETE http://10.180.1.21/compute/v2.1/servers/f8119869-60ef-42cf-8291-7a2946c97d62 2.220s
2025-11-12 19:47:52.305 65705 INFO tempest.lib.common.rest_client [req-39b2711c-1251-4ad1-8547-ef1a9263b069 req-39b2711c-1251-4ad1-8547-ef1a9263b069 ] Request (ImagesOneServerTestJSON:tearDownClass): 200 GET http://10.180.1.21/compute/v2.1/servers/97f9a9e4-d416-47de-88b7-5597d54b813d 2.233s
2025-11-12 19:47:52.403 65671 INFO tempest.lib.common.rest_client [req-04b56bae-c64e-462e-b6bb-a898cf1806bc req-04b56bae-c64e-462e-b6bb-a898cf1806bc ] Request (InstanceActionsTestJSON:tearDownClass): 200 GET http://10.180.1.21/compute/v2.1/servers/39f9308e-5169-4066-9213-c5cfa0a73809 2.238s
2025-11-12 19:47:52.412 65671 INFO tempest.common.waiters [-] State transition "ACTIVE/deleting" ==> "DELETED/None" after 5 second wait
2025-11-12 19:47:52.415 65716 INFO tempest.lib.common.rest_client [req-f4951302-cfff-48d3-8529-54f804b12610 req-f4951302-cfff-48d3-8529-54f804b12610 ] Request (ListImageFiltersTestJSON:setUpClass): 200 GET http://10.180.1.21/compute/v2.1/servers/65fd814e-2d3f-4fd1-a8b8-9988ddeae51e 2.204s
2025-11-12 19:47:52.476 65687 INFO tempest.lib.common.rest_client [req-89972029-c9af-466b-a6b5-36afdeb88a57 req-89972029-c9af-466b-a6b5-36afdeb88a57 ] Request (ServerShowV247Test:test_update_rebuild_list_server): 200 GET http://10.180.1.21/compute/v2.1/servers/3709f72d-6dd0-4054-a758-cac70534ec54 2.007s
2025-11-12 19:47:52.489 65661 INFO tempest.lib.common.rest_client [req-7e253840-acfe-4709-8439-48b915471857 req-7e253840-acfe-4709-8439-48b915471857 ] Request (ServersNegativeTestJSON:setUpClass): 200 GET http://10.180.1.21/compute/v2.1/servers/330d923b-95b7-44cb-a72b-9fb828239247 1.917s
2025-11-12 19:47:52.974 65675 INFO tempest.lib.common.rest_client [req-209f3363-b03b-49e6-9b09-c849d538be78 req-209f3363-b03b-49e6-9b09-c849d538be78 ] Request (SecurityGroupsTestJSON:test_list_security_groups_by_server): 200 GET http://10.180.1.21/compute/v2.1/servers/f3d1aff8-98fd-43e2-b04a-fe113ee5bd1d 2.225s
2025-11-12 19:47:53.014 65719 INFO tempest.lib.common.rest_client [req-ced011e5-5fb2-47c7-858d-d12b70635067 req-ced011e5-5fb2-47c7-858d-d12b70635067 ] Request (ServersTestBootFromVolume:setUpClass): 201 POST http://10.180.1.21/networking/v2.0/routers 0.822s
2025-11-12 19:47:53.158 65681 INFO tempest.lib.common.rest_client [req-1c429dca-1a4c-4e2d-9241-c3ccb3d7e373 req-1c429dca-1a4c-4e2d-9241-c3ccb3d7e373 ] Request (ServersTestJSON:test_create_server_with_ipv6_addr_only): 200 GET http://10.180.1.21/compute/v2.1/servers/7339bfa0-058a-4d93-b3b7-0357dde69b29 1.704s
2025-11-12 19:47:53.286 65685 INFO tempest.lib.common.rest_client [req-42fa0644-9971-44fa-8c63-08975777b37d req-42fa0644-9971-44fa-8c63-08975777b37d ] Request (ServersListShow296Test:test_list_show_update_rebuild_server_296): 200 GET http://10.180.1.21/compute/v2.1/servers/f777bdc7-325f-4c42-8d65-e31c6d74110f 1.734s
2025-11-12 19:47:53.299 65685 INFO tempest.common.waiters [-] State transition "REBUILD/rebuilding" ==> "REBUILD/rebuild_spawning" after 3 second wait
2025-11-12 19:47:53.349 65683 INFO tempest.lib.common.rest_client [req-446d0a7f-3b30-4b15-ba92-82846a954f43 req-446d0a7f-3b30-4b15-ba92-82846a954f43 ] Request (SecurityGroupRulesNegativeTestJSON:test_create_security_group_rule_with_invalid_from_port): 400 POST http://10.180.1.21/compute/v2.1/os-security-group-rules 1.660s
2025-11-12 19:47:53.532 65695 INFO tempest.lib.common.rest_client [req-0fdd9596-e23c-4927-bc6c-3c6bad7a098b req-0fdd9596-e23c-4927-bc6c-3c6bad7a098b ] Request (QuotasAdminTestJSON:test_get_updated_quotas): 200 PUT http://10.180.1.21/compute/v2.1/os-quota-sets/b4364b936be743c8be1b41928e3dab21?user_id=c1af7f1cc0d648fd9be31f043c433262 1.808s
2025-11-12 19:47:53.604 65722 INFO tempest.lib.common.rest_client [req-517f4325-d083-43b9-9f45-13f358d3dcd6 req-517f4325-d083-43b9-9f45-13f358d3dcd6 ] Request (ServerMetadataNegativeTestJSON:test_metadata_items_limit): 403 POST http://10.180.1.21/compute/v2.1/servers/60cb5e4a-b3dd-4dad-85dd-0f97e69ffb66/metadata 1.841s
2025-11-12 19:47:53.705 65722 INFO tempest.lib.common.rest_client [req-e48e0bba-bf5b-4c44-8e12-d9ca03b08076 req-e48e0bba-bf5b-4c44-8e12-d9ca03b08076 ] Request (ServerMetadataNegativeTestJSON:test_server_create_metadata_key_too_long): 201 POST http://10.180.1.21/identity/v3/auth/tokens 0.097s
2025-11-12 19:47:53.705 65722 INFO tempest.lib.common.fixed_network [-] (ServerMetadataNegativeTestJSON:test_server_create_metadata_key_too_long) Found network {'id': 'd6c30d27-247d-477b-ab37-df45927d241c', 'name': 'tempest-ServerMetadataNegativeTestJSON-290671372-network', 'tenant_id': '0a368158a4ce4ee9a60cf5fa804ec88c', 'project_id': '0a368158a4ce4ee9a60cf5fa804ec88c', 'admin_state_up': True, 'mtu': 8950, 'status': 'ACTIVE', 'subnets': [], 'shared': False, 'port_security_enabled': True, 'router:external': False, 'provider:network_type': 'vlan', 'provider:physical_network': 'default', 'provider:segmentation_id': 419, 'availability_zone_hints': [], 'availability_zones': [], 'ipv4_address_scope': None, 'ipv6_address_scope': None, 'description': '', 'tags': [], 'created_at': '2025-11-12T19:46:47Z', 'updated_at': '2025-11-12T19:46:47Z', 'revision_number': 1} available for tenant
2025-11-12 19:47:53.832 65700 INFO tempest.lib.common.rest_client [req-7e38d3d5-1b0f-458f-a5c7-7961eb80b3a6 req-7e38d3d5-1b0f-458f-a5c7-7961eb80b3a6 ] Request (VolumesAssistedSnapshotsTest:tearDownClass): 200 GET http://10.180.1.21/compute/v2.1/servers/e8abbeff-168e-49b9-9335-2ed3156fa644 2.028s
2025-11-12 19:47:53.861 65693 INFO tempest.lib.common.rest_client [req-7d345161-72b2-402a-a013-1b7f461ab93f req-7d345161-72b2-402a-a013-1b7f461ab93f ] Request (ListServersNegativeTestJSON:tearDownClass): 404 GET http://10.180.1.21/compute/v2.1/servers/226c4db0-777d-4282-9842-4bf66e9c24dd 1.861s
2025-11-12 19:47:54.030 65719 INFO tempest.lib.common.rest_client [req-ffb4efd8-4e60-4274-90fd-7002ac36a80c req-ffb4efd8-4e60-4274-90fd-7002ac36a80c ] Request (ServersTestBootFromVolume:setUpClass): 200 PUT http://10.180.1.21/networking/v2.0/routers/a3c77d26-2329-4697-a2ee-f5c537d8b794/add_router_interface 1.014s
2025-11-12 19:47:54.031 65719 INFO tempest.lib.common.dynamic_creds [-] Created isolated network resources for: credentials: Credentials: {'domain_id': 'default', 'domain_name': 'Default', 'username': 'tempest-ServersTestBootFromVolume-1805785039-project-member', 'project_domain_id': 'default', 'project_domain_name': 'Default', 'project_id': 'bb9878679d6e45e5b9626831f5157603', 'project_name': 'tempest-ServersTestBootFromVolume-1805785039', 'tenant_id': 'bb9878679d6e45e5b9626831f5157603', 'tenant_name': 'tempest-ServersTestBootFromVolume-1805785039', 'user_domain_id': 'default', 'user_domain_name': 'Default', 'user_id': '8a45dc1286954928a4400e474728c899', 'system': None}, Network: {'id': '056a43c8-4c02-46c4-842c-18acbefa013d', 'name': 'tempest-ServersTestBootFromVolume-630432813-network', 'tenant_id': 'bb9878679d6e45e5b9626831f5157603', 'project_id': 'bb9878679d6e45e5b9626831f5157603', 'admin_state_up': True, 'mtu': 8950, 'status': 'ACTIVE', 'subnets': [], 'shared': False, 'port_security_enabled': True, 'router:external': False, 'provider:network_type': 'vlan', 'provider:physical_network': 'default', 'provider:segmentation_id': 115, 'availability_zone_hints': [], 'availability_zones': [], 'ipv4_address_scope': None, 'ipv6_address_scope': None, 'description': '', 'tags': [], 'created_at': '2025-11-12T19:47:51Z', 'updated_at': '2025-11-12T19:47:51Z', 'revision_number': 1}, Subnet: {'id': '8dc19c26-6bf2-46e1-9e25-67eb08285f93', 'name': 'tempest-ServersTestBootFromVolume-630432813-subnet', 'tenant_id': 'bb9878679d6e45e5b9626831f5157603', 'network_id': '056a43c8-4c02-46c4-842c-18acbefa013d', 'ip_version': 4, 'subnetpool_id': None, 'enable_dhcp': True, 'ipv6_ra_mode': None, 'ipv6_address_mode': None, 'gateway_ip': '192.168.128.1', 'cidr': '192.168.128.0/28', 'allocation_pools': [{'start': '192.168.128.2', 'end': '192.168.128.14'}], 'host_routes': [], 'dns_nameservers': [], 'description': '', 'router:external': False, 'service_types': [], 'tags': [], 'created_at': '2025-11-12T19:47:52Z', 'updated_at': '2025-11-12T19:47:52Z', 'revision_number': 0, 'project_id': 'bb9878679d6e45e5b9626831f5157603'}, Router: {'id': 'a3c77d26-2329-4697-a2ee-f5c537d8b794', 'name': 'tempest-ServersTestBootFromVolume-630432813-router', 'tenant_id': 'bb9878679d6e45e5b9626831f5157603', 'admin_state_up': True, 'status': 'ACTIVE', 'external_gateway_info': {'network_id': '6c661c38-a726-4426-ac27-5572f0b872a3', 'external_fixed_ips': [{'subnet_id': '1edc64e3-dd14-4e42-aa8e-073ada60fe03', 'ip_address': '10.180.180.245'}], 'enable_snat': True}, 'description': '', 'availability_zones': [], 'distributed': False, 'ha': False, 'availability_zone_hints': [], 'routes': [], 'flavor_id': None, 'tags': [], 'created_at': '2025-11-12T19:47:52Z', 'updated_at': '2025-11-12T19:47:52Z', 'revision_number': 2, 'project_id': 'bb9878679d6e45e5b9626831f5157603'}
2025-11-12 19:47:54.144 65719 INFO tempest.lib.common.rest_client [req-bceaa20f-92d1-4d6e-a62b-477328202022 req-bceaa20f-92d1-4d6e-a62b-477328202022 ] Request (ServersTestBootFromVolume:setUpClass): 201 POST http://10.180.1.21/identity/v3/auth/tokens 0.108s
2025-11-12 19:47:54.713 65693 INFO tempest.lib.common.rest_client [req-93dce6e5-a898-4e06-a75b-40ad1c4ba0e1 req-93dce6e5-a898-4e06-a75b-40ad1c4ba0e1 ] Request (ListServersNegativeTestJSON:tearDownClass): 200 PUT http://10.180.1.21/networking/v2.0/routers/42468b51-8d89-4f1e-8542-70e032e4578b/remove_router_interface 0.851s
2025-11-12 19:47:55.284 65693 INFO tempest.lib.common.rest_client [req-e719a5c3-582f-41a3-a16d-01af8e86c24c req-e719a5c3-582f-41a3-a16d-01af8e86c24c ] Request (ListServersNegativeTestJSON:tearDownClass): 204 DELETE http://10.180.1.21/networking/v2.0/routers/42468b51-8d89-4f1e-8542-70e032e4578b 0.571s
2025-11-12 19:47:55.833 65720 INFO tempest.lib.common.rest_client [req-93465721-d5ac-4db0-895d-79eb14b68cf5 req-93465721-d5ac-4db0-895d-79eb14b68cf5 ] Request (ServerRescueTestJSONUnderV235:test_rescued_vm_associate_dissociate_floating_ip): 202 POST http://10.180.1.21/compute/v2.1/servers/6f222192-b09e-4761-9b67-4edd3726863e/action 4.553s
2025-11-12 19:47:55.946 65659 INFO tempest.lib.common.rest_client [req-1ec9e179-8cdf-4c0f-84e2-e00e0b1bb175 req-1ec9e179-8cdf-4c0f-84e2-e00e0b1bb175 ] Request (ServersAdminTestJSON:test_inject_network_info): 202 POST http://10.180.1.21/compute/v2.1/servers 3.691s
2025-11-12 19:47:55.996 65693 INFO tempest.lib.common.rest_client [req-8cf178cd-8b00-4ca5-9a3e-f159031fbb09 req-8cf178cd-8b00-4ca5-9a3e-f159031fbb09 ] Request (ListServersNegativeTestJSON:tearDownClass): 204 DELETE http://10.180.1.21/networking/v2.0/subnets/b6c048b5-45a2-412b-b511-f4cb9fc41ddb 0.711s
2025-11-12 19:47:56.046 65703 INFO tempest.lib.common.rest_client [req-601994a8-4ec1-4b4e-b379-74aab641a53a req-601994a8-4ec1-4b4e-b379-74aab641a53a ] Request (ServersTestFqdnHostnames:tearDownClass): 200 GET http://10.180.1.21/compute/v2.1/servers/f8119869-60ef-42cf-8291-7a2946c97d62 3.789s
2025-11-12 19:47:56.064 65709 INFO tempest.lib.common.rest_client [req-9317232e-189e-4ee9-8732-492e3f37fc61 req-9317232e-189e-4ee9-8732-492e3f37fc61 ] Request (ServerExternalEventsTest:tearDownClass): 200 GET http://10.180.1.21/compute/v2.1/servers/f70875f7-8206-4e1a-b27f-3023cdc37c2f 3.694s
2025-11-12 19:47:56.381 65693 INFO tempest.lib.common.rest_client [req-3dc8a702-d0c0-440c-8f04-8cb295d9bcf4 req-3dc8a702-d0c0-440c-8f04-8cb295d9bcf4 ] Request (ListServersNegativeTestJSON:tearDownClass): 204 DELETE http://10.180.1.21/networking/v2.0/networks/a9d55d26-5ed1-4f43-b6af-60190f360ace 0.384s
2025-11-12 19:47:56.504 65673 INFO tempest.lib.common.rest_client [req-bb44a4b2-b502-449c-938e-bab572b4510a req-bb44a4b2-b502-449c-938e-bab572b4510a ] Request (AttachInterfacesTestJSON:_run_cleanups): 200 GET http://10.180.1.21/compute/v2.1/servers/6861c228-1d3e-410e-ab70-7e744994bc7e 3.656s
2025-11-12 19:47:56.521 65693 INFO tempest.lib.common.rest_client [req-c2275d71-1f46-45c6-b998-832517489cda req-c2275d71-1f46-45c6-b998-832517489cda ] Request (ListServersNegativeTestJSON:tearDownClass): 204 DELETE http://10.180.1.21/identity/v3/users/a90c03ba88f444f4a0824bfd42295948 0.140s
2025-11-12 19:47:56.521 65693 INFO tempest.lib.common.dynamic_creds [-] Deleting project and security group for project: c79d1b9f7cc9424f87fffd5a239ac838
2025-11-12 19:47:56.542 65665 INFO tempest.lib.common.rest_client [req-c292f15b-4d88-4712-b101-c8729a5f9f45 req-c292f15b-4d88-4712-b101-c8729a5f9f45 ] Request (ServersTestManualDisk:setUpClass): 200 GET http://10.180.1.21/compute/v2.1/servers/6a24a9a0-df86-4f82-85e0-44e1060e9ab1 3.743s
2025-11-12 19:47:56.558 65665 INFO tempest.common.waiters [-] State transition "BUILD/spawning" ==> "ACTIVE/None" after 47 second wait
2025-11-12 19:47:56.567 65693 INFO tempest.lib.common.rest_client [req-72c013af-3b89-43fd-bdd3-cf7c818e0ff6 req-72c013af-3b89-43fd-bdd3-cf7c818e0ff6 ] Request (ListServersNegativeTestJSON:tearDownClass): 200 GET http://10.180.1.21/networking/v2.0/security-groups?tenant_id=c79d1b9f7cc9424f87fffd5a239ac838&name=default 0.046s
2025-11-12 19:47:56.720 65693 INFO tempest.lib.common.rest_client [req-3fba235f-a1e9-458e-8891-974e584f57d0 req-3fba235f-a1e9-458e-8891-974e584f57d0 ] Request (ListServersNegativeTestJSON:tearDownClass): 204 DELETE http://10.180.1.21/networking/v2.0/security-groups/be01eaf1-0c17-4620-980f-cce9d800e68b 0.152s
2025-11-12 19:47:56.752 65669 INFO tempest.lib.common.rest_client [req-410a692d-be25-429b-809c-f1991b5c9228 req-410a692d-be25-429b-809c-f1991b5c9228 ] Request (MigrationsAdminTest:test_list_migrations_in_flavor_resize_situation): 200 GET http://10.180.1.21/compute/v2.1/servers/ba3ca3fc-4249-44d2-bd41-96e0135596ce 3.768s
2025-11-12 19:47:56.759 65669 INFO tempest.common.waiters [-] State transition "RESIZE/resize_finish" ==> "VERIFY_RESIZE/None" after 54 second wait
2025-11-12 19:47:56.813 65691 INFO tempest.lib.common.rest_client [req-0b31f318-8f69-40c5-9b1f-ba4a89d99b7e req-0b31f318-8f69-40c5-9b1f-ba4a89d99b7e ] Request (ImagesNegativeTestJSON:test_create_image_from_deleted_server): 200 GET http://10.180.1.21/compute/v2.1/servers/e5771670-2dbf-4f66-b1cd-e24d6b00422e 3.804s
2025-11-12 19:47:56.830 65677 INFO tempest.lib.common.rest_client [req-24045ea1-de11-400c-a34f-54043f611983 req-24045ea1-de11-400c-a34f-54043f611983 ] Request (ServerRescueTestJSON:setUpClass): 200 GET http://10.180.1.21/compute/v2.1/servers/be5e4866-d049-4258-84a4-602b1535272c 3.684s
2025-11-12 19:47:56.847 65693 INFO tempest.lib.common.rest_client [req-4438655a-fc68-4c7c-8aca-4f4504eee09f req-4438655a-fc68-4c7c-8aca-4f4504eee09f ] Request (ListServersNegativeTestJSON:tearDownClass): 204 DELETE http://10.180.1.21/identity/v3/projects/c79d1b9f7cc9424f87fffd5a239ac838 0.126s
2025-11-12 19:47:56.919 65693 INFO tempest.lib.common.rest_client [req-51039283-6129-45ff-8bbe-1e1020855b3a req-51039283-6129-45ff-8bbe-1e1020855b3a ] Request (ServersAaction247Test:setUpClass): 201 POST http://10.180.1.21/identity/v3/auth/tokens 0.070s
2025-11-12 19:47:56.934 65705 INFO tempest.lib.common.rest_client [req-94582c28-9ca2-4fad-89a3-8672b07355bb req-94582c28-9ca2-4fad-89a3-8672b07355bb ] Request (ImagesOneServerTestJSON:tearDownClass): 200 GET http://10.180.1.21/compute/v2.1/servers/97f9a9e4-d416-47de-88b7-5597d54b813d 3.618s
2025-11-12 19:47:56.939 65683 INFO tempest.lib.common.rest_client [req-fbdfdff0-8fd6-40d3-aee7-31c142b02c30 req-fbdfdff0-8fd6-40d3-aee7-31c142b02c30 ] Request (SecurityGroupRulesNegativeTestJSON:test_create_security_group_rule_with_invalid_id): 400 POST http://10.180.1.21/compute/v2.1/os-security-group-rules 3.588s
2025-11-12 19:47:56.953 65693 INFO tempest.lib.common.rest_client [req-a6f79ea7-b5ca-4878-963f-7331d9e747cb req-a6f79ea7-b5ca-4878-963f-7331d9e747cb ] Request (ServersAaction247Test:setUpClass): 201 POST http://10.180.1.21/identity/v3/auth/tokens 0.030s
2025-11-12 19:47:56.958 65667 INFO tempest.lib.common.rest_client [req-ee7e3ddc-556e-42ef-875d-38c0761824f4 req-ee7e3ddc-556e-42ef-875d-38c0761824f4 ] Request (ImagesTestJSON:test_create_image_from_stopped_server): 200 GET http://10.180.1.21/compute/v2.1/servers/c8f88927-41c7-440a-8cc7-a40d4039504b 3.734s
2025-11-12 19:47:56.965 65667 INFO tempest.common.waiters [-] State transition "BUILD/None" ==> "BUILD/spawning" after 30 second wait
2025-11-12 19:47:56.981 65693 INFO tempest.lib.common.rest_client [req-326c9aa2-d889-450e-bef2-6228c958062f req-326c9aa2-d889-450e-bef2-6228c958062f ] Request (ServersAaction247Test:setUpClass): 200 GET http://10.180.1.21/identity/v3/domains?name=Default 0.028s
2025-11-12 19:47:57.009 65671 INFO tempest.lib.common.rest_client [req-67a002d5-0b18-4b8c-b732-e741d5823933 req-67a002d5-0b18-4b8c-b732-e741d5823933 ] Request (InstanceActionsTestJSON:tearDownClass): 200 GET http://10.180.1.21/compute/v2.1/servers/39f9308e-5169-4066-9213-c5cfa0a73809 3.597s
2025-11-12 19:47:57.009 65693 INFO tempest.lib.common.rest_client [req-9aa2e91e-28b1-4a2c-b8c4-f9f7a2b18f99 req-9aa2e91e-28b1-4a2c-b8c4-f9f7a2b18f99 ] Request (ServersAaction247Test:setUpClass): 201 POST http://10.180.1.21/identity/v3/projects 0.027s
2025-11-12 19:47:57.025 65716 INFO tempest.lib.common.rest_client [req-5c7ca720-0399-4b7a-bbab-d22cd4c6641e req-5c7ca720-0399-4b7a-bbab-d22cd4c6641e ] Request (ListImageFiltersTestJSON:setUpClass): 200 GET http://10.180.1.21/compute/v2.1/servers/65fd814e-2d3f-4fd1-a8b8-9988ddeae51e 3.599s
2025-11-12 19:47:57.073 65687 INFO tempest.lib.common.rest_client [req-2d4e5572-6e2b-44a2-8648-cceeee9ababa req-2d4e5572-6e2b-44a2-8648-cceeee9ababa ] Request (ServerShowV247Test:test_update_rebuild_list_server): 200 GET http://10.180.1.21/compute/v2.1/servers/3709f72d-6dd0-4054-a758-cac70534ec54 3.585s
2025-11-12 19:47:57.084 65693 INFO tempest.lib.common.rest_client [req-ed04b7af-59d8-49fe-a650-0cd364918bb2 req-ed04b7af-59d8-49fe-a650-0cd364918bb2 ] Request (ServersAaction247Test:setUpClass): 201 POST http://10.180.1.21/identity/v3/users 0.074s
2025-11-12 19:47:57.112 65693 INFO tempest.lib.common.rest_client [req-1655c19e-dcbf-4eee-9359-370497ff099d req-1655c19e-dcbf-4eee-9359-370497ff099d ] Request (ServersAaction247Test:setUpClass): 200 GET http://10.180.1.21/identity/v3/roles 0.028s
2025-11-12 19:47:57.152 65693 INFO tempest.lib.common.rest_client [req-a066c273-016d-44ee-8934-e68e7093c9e7 req-a066c273-016d-44ee-8934-e68e7093c9e7 ] Request (ServersAaction247Test:setUpClass): 204 PUT http://10.180.1.21/identity/v3/projects/cf646bd8a3fc4c7990cc0cfcce53a589/users/e336436f8eab42eabaa8902aad8f1aef/roles/e817d437cf634752a982bac1efe80ae7 0.039s
2025-11-12 19:47:57.153 65693 INFO tempest.lib.common.dynamic_creds [-] Dynamic test user e336436f8eab42eabaa8902aad8f1aef is created with scope project and roles: ['member']
2025-11-12 19:47:57.153 65693 INFO tempest.lib.common.dynamic_creds [-] Acquired dynamic creds: credentials: Credentials: {'domain_id': 'default', 'domain_name': 'Default', 'username': 'tempest-ServersAaction247Test-712757251-project-member', 'project_domain_id': 'default', 'project_domain_name': 'Default', 'project_id': 'cf646bd8a3fc4c7990cc0cfcce53a589', 'project_name': 'tempest-ServersAaction247Test-712757251', 'tenant_id': 'cf646bd8a3fc4c7990cc0cfcce53a589', 'tenant_name': 'tempest-ServersAaction247Test-712757251', 'user_domain_id': 'default', 'user_domain_name': 'Default', 'user_id': 'e336436f8eab42eabaa8902aad8f1aef', 'system': None}, Network: None, Subnet: None, Router: None
2025-11-12 19:47:57.153 65693 INFO tempest.lib.common.dynamic_creds [-] Created isolated network resources for: credentials: Credentials: {'domain_id': 'default', 'domain_name': 'Default', 'username': 'tempest-ServersAaction247Test-712757251-project-member', 'project_domain_id': 'default', 'project_domain_name': 'Default', 'project_id': 'cf646bd8a3fc4c7990cc0cfcce53a589', 'project_name': 'tempest-ServersAaction247Test-712757251', 'tenant_id': 'cf646bd8a3fc4c7990cc0cfcce53a589', 'tenant_name': 'tempest-ServersAaction247Test-712757251', 'user_domain_id': 'default', 'user_domain_name': 'Default', 'user_id': 'e336436f8eab42eabaa8902aad8f1aef', 'system': None}, Network: None, Subnet: None, Router: None
2025-11-12 19:47:57.173 65661 INFO tempest.lib.common.rest_client [req-730752cd-ae1a-414b-8669-364da81fdaed req-730752cd-ae1a-414b-8669-364da81fdaed ] Request (ServersNegativeTestJSON:setUpClass): 200 GET http://10.180.1.21/compute/v2.1/servers/330d923b-95b7-44cb-a72b-9fb828239247 3.674s
2025-11-12 19:47:57.179 65722 INFO tempest.lib.common.rest_client [req-8c7ff096-d63c-403b-af18-21b107af7755 req-8c7ff096-d63c-403b-af18-21b107af7755 ] Request (ServerMetadataNegativeTestJSON:test_server_create_metadata_key_too_long): 400 POST http://10.180.1.21/compute/v2.1/servers 3.473s
2025-11-12 19:47:57.180 65661 INFO tempest.common.waiters [-] State transition "BUILD/None" ==> "BUILD/networking" after 31 second wait
2025-11-12 19:47:57.242 65675 INFO tempest.lib.common.rest_client [req-0936d87b-7708-4be2-8dfc-5a081be0da0a req-0936d87b-7708-4be2-8dfc-5a081be0da0a ] Request (SecurityGroupsTestJSON:test_list_security_groups_by_server): 200 GET http://10.180.1.21/compute/v2.1/servers/f3d1aff8-98fd-43e2-b04a-fe113ee5bd1d 3.258s
2025-11-12 19:47:57.252 65675 INFO tempest.common.waiters [-] State transition "BUILD/scheduling" ==> "BUILD/None" after 10 second wait
2025-11-12 19:47:57.260 65695 INFO tempest.lib.common.rest_client [req-c8c59bd5-c88e-4c78-b4ca-8e4a948dddff req-c8c59bd5-c88e-4c78-b4ca-8e4a948dddff ] Request (QuotasAdminTestJSON:test_get_updated_quotas): 200 GET http://10.180.1.21/compute/v2.1/os-quota-sets/b4364b936be743c8be1b41928e3dab21?user_id=c1af7f1cc0d648fd9be31f043c433262 3.726s
2025-11-12 19:47:57.268 65693 INFO tempest.lib.common.rest_client [req-587a5f88-e079-4314-a30d-bac719cb46e0 req-587a5f88-e079-4314-a30d-bac719cb46e0 ] Request (ServersAaction247Test:setUpClass): 201 POST http://10.180.1.21/identity/v3/auth/tokens 0.111s
2025-11-12 19:47:57.307 65722 INFO tempest.lib.common.rest_client [req-6bbe673c-0558-4167-9521-55bf383102a9 req-6bbe673c-0558-4167-9521-55bf383102a9 ] Request (ServerMetadataNegativeTestJSON:test_server_create_metadata_key_too_long): 201 POST http://10.180.1.21/identity/v3/auth/tokens 0.124s
2025-11-12 19:47:57.308 65722 INFO tempest.lib.common.fixed_network [-] (ServerMetadataNegativeTestJSON:test_server_create_metadata_key_too_long) Found network {'id': 'd6c30d27-247d-477b-ab37-df45927d241c', 'name': 'tempest-ServerMetadataNegativeTestJSON-290671372-network', 'tenant_id': '0a368158a4ce4ee9a60cf5fa804ec88c', 'project_id': '0a368158a4ce4ee9a60cf5fa804ec88c', 'admin_state_up': True, 'mtu': 8950, 'status': 'ACTIVE', 'subnets': [], 'shared': False, 'port_security_enabled': True, 'router:external': False, 'provider:network_type': 'vlan', 'provider:physical_network': 'default', 'provider:segmentation_id': 419, 'availability_zone_hints': [], 'availability_zones': [], 'ipv4_address_scope': None, 'ipv6_address_scope': None, 'description': '', 'tags': [], 'created_at': '2025-11-12T19:46:47Z', 'updated_at': '2025-11-12T19:46:47Z', 'revision_number': 1} available for tenant
2025-11-12 19:47:57.342 65681 INFO tempest.lib.common.rest_client [req-ead20de1-0a3b-4955-9d29-77d7ed836c62 req-ead20de1-0a3b-4955-9d29-77d7ed836c62 ] Request (ServersTestJSON:test_create_server_with_ipv6_addr_only): 200 GET http://10.180.1.21/compute/v2.1/servers/7339bfa0-058a-4d93-b3b7-0357dde69b29 3.176s
2025-11-12 19:47:57.353 65681 INFO tempest.common.waiters [-] State transition "BUILD/scheduling" ==> "BUILD/None" after 4 second wait
2025-11-12 19:47:57.386 65695 INFO tempest.lib.common.rest_client [req-b55bb8a0-7670-4f7c-82df-a2cac1958a7e req-b55bb8a0-7670-4f7c-82df-a2cac1958a7e ] Request (QuotasAdminTestJSON:_run_cleanups): 204 DELETE http://10.180.1.21/identity/v3/users/c1af7f1cc0d648fd9be31f043c433262 0.122s
2025-11-12 19:47:57.432 65685 INFO tempest.lib.common.rest_client [req-ad631cb7-4979-4a32-999c-2fbbedc4e2d8 req-ad631cb7-4979-4a32-999c-2fbbedc4e2d8 ] Request (ServersListShow296Test:test_list_show_update_rebuild_server_296): 200 GET http://10.180.1.21/compute/v2.1/servers/f777bdc7-325f-4c42-8d65-e31c6d74110f 3.131s
2025-11-12 19:47:57.446 65693 INFO tempest.lib.common.rest_client [req-d28e6c2f-5cff-4e87-82a2-e527a1eb837f req-d28e6c2f-5cff-4e87-82a2-e527a1eb837f ] Request (ServersAaction247Test:test_create_backup): 201 POST http://10.180.1.21/identity/v3/auth/tokens 0.174s
2025-11-12 19:47:57.447 65693 INFO tempest.lib.common.fixed_network [-] (ServersAaction247Test:test_create_backup) Found network None available for tenant
2025-11-12 19:47:57.451 65719 INFO tempest.lib.common.rest_client [req-ba0049f5-c9ce-45ef-89b8-474579dd521b req-ba0049f5-c9ce-45ef-89b8-474579dd521b ] Request (ServersTestBootFromVolume:setUpClass): 200 POST http://10.180.1.21/compute/v2.1/os-keypairs 3.304s
2025-11-12 19:47:57.511 65695 INFO tempest.lib.common.rest_client [req-81e6e2ab-ee85-42f9-b711-39270b569cb6 req-81e6e2ab-ee85-42f9-b711-39270b569cb6 ] Request (QuotasAdminTestJSON:_run_cleanups): 204 DELETE http://10.180.1.21/identity/v3/projects/b4364b936be743c8be1b41928e3dab21 0.125s
2025-11-12 19:47:57.627 65719 INFO tempest.lib.common.rest_client [req-0b29417f-a275-46de-a580-288bc1f2d46b req-0b29417f-a275-46de-a580-288bc1f2d46b ] Request (ServersTestBootFromVolume:setUpClass): 201 POST http://10.180.1.21/networking/v2.0/security-groups 0.174s
2025-11-12 19:47:57.717 65700 INFO tempest.lib.common.rest_client [req-55be90ad-675d-4017-8d2e-7f796417da12 req-55be90ad-675d-4017-8d2e-7f796417da12 ] Request (VolumesAssistedSnapshotsTest:tearDownClass): 200 GET http://10.180.1.21/compute/v2.1/servers/e8abbeff-168e-49b9-9335-2ed3156fa644 2.873s
2025-11-12 19:47:57.800 65719 INFO tempest.lib.common.rest_client [req-3db716c5-2c3c-4662-8a00-e67de3ea0dbf req-3db716c5-2c3c-4662-8a00-e67de3ea0dbf ] Request (ServersTestBootFromVolume:setUpClass): 201 POST http://10.180.1.21/networking/v2.0/security-group-rules 0.173s
2025-11-12 19:47:57.886 65659 INFO tempest.lib.common.rest_client [req-47d1b261-13cf-485d-982a-588d1c7b0525 req-47d1b261-13cf-485d-982a-588d1c7b0525 ] Request (ServersAdminTestJSON:test_inject_network_info): 200 GET http://10.180.1.21/compute/v2.1/servers/76d5a11a-3e35-45d7-bc34-7d4e5afc52ed 1.938s
2025-11-12 19:47:57.959 65719 INFO tempest.lib.common.rest_client [req-4491a023-d891-4184-b030-a4d83e900f80 req-4491a023-d891-4184-b030-a4d83e900f80 ] Request (ServersTestBootFromVolume:setUpClass): 201 POST http://10.180.1.21/networking/v2.0/security-group-rules 0.158s
2025-11-12 19:47:58.092 65665 INFO tempest.lib.common.rest_client [req-1335e618-9fd8-4a5b-8909-b30ba577caf7 req-1335e618-9fd8-4a5b-8909-b30ba577caf7 ] Request (ServersTestManualDisk:setUpClass): 200 GET http://10.180.1.21/compute/v2.1/servers/6a24a9a0-df86-4f82-85e0-44e1060e9ab1/os-interface 1.533s
2025-11-12 19:47:58.159 65669 INFO tempest.lib.common.rest_client [req-0aad7607-73d0-4f65-a478-35b6ce46cfd1 req-0aad7607-73d0-4f65-a478-35b6ce46cfd1 ] Request (MigrationsAdminTest:test_list_migrations_in_flavor_resize_situation): 204 POST http://10.180.1.21/compute/v2.1/servers/ba3ca3fc-4249-44d2-bd41-96e0135596ce/action 1.399s
2025-11-12 19:47:58.466 65719 INFO tempest.lib.common.rest_client [req-0a13bfa2-61f8-46d7-a694-221224d385e8 req-0a13bfa2-61f8-46d7-a694-221224d385e8 ] Request (ServersTestBootFromVolume:setUpClass): 201 POST http://10.180.1.21/networking/v2.0/floatingips 0.506s
2025-11-12 19:47:58.531 65719 INFO tempest.lib.common.rest_client [req-598b5956-9c83-4782-b391-eca29fddd748 req-598b5956-9c83-4782-b391-eca29fddd748 ] Request (ServersTestBootFromVolume:setUpClass): 201 POST http://10.180.1.21/identity/v3/auth/tokens 0.063s
2025-11-12 19:47:58.532 65719 INFO tempest.lib.common.fixed_network [-] (ServersTestBootFromVolume:setUpClass) Found network {'id': '056a43c8-4c02-46c4-842c-18acbefa013d', 'name': 'tempest-ServersTestBootFromVolume-630432813-network', 'tenant_id': 'bb9878679d6e45e5b9626831f5157603', 'project_id': 'bb9878679d6e45e5b9626831f5157603', 'admin_state_up': True, 'mtu': 8950, 'status': 'ACTIVE', 'subnets': [], 'shared': False, 'port_security_enabled': True, 'router:external': False, 'provider:network_type': 'vlan', 'provider:physical_network': 'default', 'provider:segmentation_id': 115, 'availability_zone_hints': [], 'availability_zones': [], 'ipv4_address_scope': None, 'ipv6_address_scope': None, 'description': '', 'tags': [], 'created_at': '2025-11-12T19:47:51Z', 'updated_at': '2025-11-12T19:47:51Z', 'revision_number': 1} available for tenant
2025-11-12 19:47:58.973 65683 INFO tempest.lib.common.rest_client [req-e0362e71-a55d-48d2-b5b5-bebdd19b9c72 req-e0362e71-a55d-48d2-b5b5-bebdd19b9c72 ] Request (SecurityGroupRulesNegativeTestJSON:test_create_security_group_rule_with_invalid_ip_protocol): 200 POST http://10.180.1.21/compute/v2.1/os-security-groups 2.032s
2025-11-12 19:47:59.024 65719 INFO tempest.lib.common.rest_client [req-f8c71a38-4812-492b-9955-21ec1156c045 req-f8c71a38-4812-492b-9955-21ec1156c045 ] Request (ServersTestBootFromVolume:setUpClass): 202 POST http://10.180.1.21/volume/v3/volumes 0.491s
2025-11-12 19:47:59.059 65719 INFO tempest.lib.common.rest_client [req-01f5a5de-c9f7-4a57-9329-9fea2a1c0e5d req-01f5a5de-c9f7-4a57-9329-9fea2a1c0e5d ] Request (ServersTestBootFromVolume:setUpClass): 200 GET http://10.180.1.21/volume/v3/volumes/48269c58-212f-476d-8354-7df47f382e15 0.029s
2025-11-12 19:47:59.197 65665 INFO tempest.lib.common.rest_client [req-7a72dcca-8c54-4cb4-940b-37575562263e req-7a72dcca-8c54-4cb4-940b-37575562263e ] Request (ServersTestManualDisk:setUpClass): 200 PUT http://10.180.1.21/networking/v2.0/floatingips/7494b5c2-1044-4907-ae03-a93eb7b7ef0f 1.103s
2025-11-12 19:47:59.221 65703 INFO tempest.lib.common.rest_client [req-6d6d4ee6-42be-49ee-a57e-75e1d9d898b1 req-6d6d4ee6-42be-49ee-a57e-75e1d9d898b1 ] Request (ServersTestFqdnHostnames:tearDownClass): 200 GET http://10.180.1.21/compute/v2.1/servers/f8119869-60ef-42cf-8291-7a2946c97d62 2.164s
2025-11-12 19:47:59.233 65703 INFO tempest.common.waiters [-] State transition "ACTIVE/deleting" ==> "DELETED/None" after 3 second wait
2025-11-12 19:47:59.389 65720 INFO tempest.lib.common.rest_client [req-525b1025-9fdd-44af-8d5c-7e0028807c0b req-525b1025-9fdd-44af-8d5c-7e0028807c0b ] Request (ServerRescueTestJSONUnderV235:_run_cleanups): 202 DELETE http://10.180.1.21/compute/v2.1/os-floating-ips/03e460dc-19fe-4424-a028-405d726888a7 3.556s
2025-11-12 19:47:59.398 65722 INFO tempest.lib.common.rest_client [req-a8d7c8ae-5525-4b10-8fd3-3bc4bb10dcf9 req-a8d7c8ae-5525-4b10-8fd3-3bc4bb10dcf9 ] Request (ServerMetadataNegativeTestJSON:test_server_create_metadata_key_too_long): 400 POST http://10.180.1.21/compute/v2.1/servers 2.089s
2025-11-12 19:47:59.416 65709 INFO tempest.lib.common.rest_client [req-9dbb506b-04e8-4cc9-aa0d-50f42ea1c2d4 req-9dbb506b-04e8-4cc9-aa0d-50f42ea1c2d4 ] Request (ServerExternalEventsTest:tearDownClass): 200 GET http://10.180.1.21/compute/v2.1/servers/f70875f7-8206-4e1a-b27f-3023cdc37c2f 2.343s
2025-11-12 19:47:59.491 65722 INFO tempest.lib.common.rest_client [req-cf1e2354-4b6d-408e-a4ac-1a33bf14c7d1 req-cf1e2354-4b6d-408e-a4ac-1a33bf14c7d1 ] Request (ServerMetadataNegativeTestJSON:test_server_create_metadata_key_too_long): 201 POST http://10.180.1.21/identity/v3/auth/tokens 0.088s
2025-11-12 19:47:59.492 65722 INFO tempest.lib.common.fixed_network [-] (ServerMetadataNegativeTestJSON:test_server_create_metadata_key_too_long) Found network {'id': 'd6c30d27-247d-477b-ab37-df45927d241c', 'name': 'tempest-ServerMetadataNegativeTestJSON-290671372-network', 'tenant_id': '0a368158a4ce4ee9a60cf5fa804ec88c', 'project_id': '0a368158a4ce4ee9a60cf5fa804ec88c', 'admin_state_up': True, 'mtu': 8950, 'status': 'ACTIVE', 'subnets': [], 'shared': False, 'port_security_enabled': True, 'router:external': False, 'provider:network_type': 'vlan', 'provider:physical_network': 'default', 'provider:segmentation_id': 419, 'availability_zone_hints': [], 'availability_zones': [], 'ipv4_address_scope': None, 'ipv6_address_scope': None, 'description': '', 'tags': [], 'created_at': '2025-11-12T19:46:47Z', 'updated_at': '2025-11-12T19:46:47Z', 'revision_number': 1} available for tenant
2025-11-12 19:47:59.528 65690 WARNING tempest.lib.common.ssh [-] Failed to establish authenticated ssh connection to cirros@10.180.180.223 ([Errno None] Unable to connect to port 22 on 10.180.180.223). Number attempts: 9. Retry after 10 seconds.: paramiko.ssh_exception.NoValidConnectionsError: [Errno None] Unable to connect to port 22 on 10.180.180.223
2025-11-12 19:47:59.601 65695 INFO tempest.lib.common.rest_client [req-5e315b8a-3dfb-4367-9e0e-053a83c08343 req-5e315b8a-3dfb-4367-9e0e-053a83c08343 ] Request (QuotasAdminTestJSON:test_update_all_quota_resources_for_tenant): 200 GET http://10.180.1.21/compute/v2.1/os-quota-sets/bcff8dc8eaa94e019eeac03e735e78e4/defaults 2.088s
2025-11-12 19:47:59.693 65673 INFO tempest.lib.common.rest_client [req-ba062227-fd4e-43bc-ba97-f54c1e020747 req-ba062227-fd4e-43bc-ba97-f54c1e020747 ] Request (AttachInterfacesTestJSON:_run_cleanups): 200 GET http://10.180.1.21/compute/v2.1/servers/6861c228-1d3e-410e-ab70-7e744994bc7e 2.177s
2025-11-12 19:47:59.756 65693 INFO tempest.lib.common.rest_client [req-4971c3ee-fb4d-4502-b7bf-9ad357dccdd9 req-4971c3ee-fb4d-4502-b7bf-9ad357dccdd9 ] Request (ServersAaction247Test:test_create_backup): 202 POST http://10.180.1.21/compute/v2.1/servers 2.309s
2025-11-12 19:47:59.819 65677 INFO tempest.lib.common.rest_client [req-016c7920-d9bd-4ce4-b2d1-194eb231746e req-016c7920-d9bd-4ce4-b2d1-194eb231746e ] Request (ServerRescueTestJSON:setUpClass): 200 GET http://10.180.1.21/compute/v2.1/servers/be5e4866-d049-4258-84a4-602b1535272c 1.978s
2025-11-12 19:47:59.869 65691 INFO tempest.lib.common.rest_client [req-b5fe5ac0-4908-4edf-bfea-38d04d8030c8 req-b5fe5ac0-4908-4edf-bfea-38d04d8030c8 ] Request (ImagesNegativeTestJSON:test_create_image_from_deleted_server): 200 GET http://10.180.1.21/compute/v2.1/servers/e5771670-2dbf-4f66-b1cd-e24d6b00422e 2.047s
2025-11-12 19:47:59.894 65705 INFO tempest.lib.common.rest_client [req-90b6f4d8-ac7d-444d-bb8b-2717e3bcb962 req-90b6f4d8-ac7d-444d-bb8b-2717e3bcb962 ] Request (ImagesOneServerTestJSON:tearDownClass): 200 GET http://10.180.1.21/compute/v2.1/servers/97f9a9e4-d416-47de-88b7-5597d54b813d 1.952s
2025-11-12 19:47:59.975 65671 INFO tempest.lib.common.rest_client [req-dd1cb2c9-9d12-4b06-99ed-56c3cd6d187f req-dd1cb2c9-9d12-4b06-99ed-56c3cd6d187f ] Request (InstanceActionsTestJSON:tearDownClass): 200 GET http://10.180.1.21/compute/v2.1/servers/39f9308e-5169-4066-9213-c5cfa0a73809 1.957s
2025-11-12 19:48:00.016 65667 INFO tempest.lib.common.rest_client [req-8e1f80ff-aabb-406e-89b2-407239563714 req-8e1f80ff-aabb-406e-89b2-407239563714 ] Request (ImagesTestJSON:test_create_image_from_stopped_server): 200 GET http://10.180.1.21/compute/v2.1/servers/c8f88927-41c7-440a-8cc7-a40d4039504b 2.050s
2025-11-12 19:48:00.036 65716 INFO tempest.lib.common.rest_client [req-a4ad5612-e4ec-4bcf-8cc3-fa67cbd70f17 req-a4ad5612-e4ec-4bcf-8cc3-fa67cbd70f17 ] Request (ListImageFiltersTestJSON:setUpClass): 200 GET http://10.180.1.21/compute/v2.1/servers/65fd814e-2d3f-4fd1-a8b8-9988ddeae51e 2.002s
2025-11-12 19:48:00.076 65687 INFO tempest.lib.common.rest_client [req-3d90285c-c4b7-4423-9dec-15c9161d6639 req-3d90285c-c4b7-4423-9dec-15c9161d6639 ] Request (ServerShowV247Test:test_update_rebuild_list_server): 200 GET http://10.180.1.21/compute/v2.1/servers/3709f72d-6dd0-4054-a758-cac70534ec54 1.990s
2025-11-12 19:48:00.104 65719 INFO tempest.lib.common.rest_client [req-2752881f-cb74-45d4-96be-ebb10ef72e8d req-2752881f-cb74-45d4-96be-ebb10ef72e8d ] Request (ServersTestBootFromVolume:setUpClass): 200 GET http://10.180.1.21/volume/v3/volumes/48269c58-212f-476d-8354-7df47f382e15 0.036s
2025-11-12 19:48:00.145 65669 INFO tempest.lib.common.rest_client [req-9dcfc668-2de2-49a2-b106-3543ad5e08c8 req-9dcfc668-2de2-49a2-b106-3543ad5e08c8 ] Request (MigrationsAdminTest:test_list_migrations_in_flavor_resize_situation): 200 GET http://10.180.1.21/compute/v2.1/servers/ba3ca3fc-4249-44d2-bd41-96e0135596ce 1.986s
2025-11-12 19:48:00.178 65661 INFO tempest.lib.common.rest_client [req-292cacbb-1095-4f6f-b91c-0e511045431d req-292cacbb-1095-4f6f-b91c-0e511045431d ] Request (ServersNegativeTestJSON:setUpClass): 200 GET http://10.180.1.21/compute/v2.1/servers/330d923b-95b7-44cb-a72b-9fb828239247 1.996s
2025-11-12 19:48:00.186 65661 INFO tempest.common.waiters [-] State transition "BUILD/networking" ==> "BUILD/spawning" after 34 second wait
2025-11-12 19:48:00.203 65675 INFO tempest.lib.common.rest_client [req-7b1313c9-8f7c-4948-8b5c-36e2fb92e332 req-7b1313c9-8f7c-4948-8b5c-36e2fb92e332 ] Request (SecurityGroupsTestJSON:test_list_security_groups_by_server): 200 GET http://10.180.1.21/compute/v2.1/servers/f3d1aff8-98fd-43e2-b04a-fe113ee5bd1d 1.950s
2025-11-12 19:48:00.231 65681 INFO tempest.lib.common.rest_client [req-07ca8c7a-f738-4008-bfae-67d8b6ce2833 req-07ca8c7a-f738-4008-bfae-67d8b6ce2833 ] Request (ServersTestJSON:test_create_server_with_ipv6_addr_only): 200 GET http://10.180.1.21/compute/v2.1/servers/7339bfa0-058a-4d93-b3b7-0357dde69b29 1.876s
2025-11-12 19:48:00.268 65685 INFO tempest.lib.common.rest_client [req-35f6251d-c17a-4b95-977e-d6e93b33e79a req-35f6251d-c17a-4b95-977e-d6e93b33e79a ] Request (ServersListShow296Test:test_list_show_update_rebuild_server_296): 200 GET http://10.180.1.21/compute/v2.1/servers/f777bdc7-325f-4c42-8d65-e31c6d74110f 1.818s
2025-11-12 19:48:00.280 65685 INFO tempest.common.waiters [-] State transition "REBUILD/rebuild_spawning" ==> "ACTIVE/None" after 10 second wait
2025-11-12 19:48:00.302 65700 INFO tempest.lib.common.rest_client [req-12b6cf9d-3f9b-43a0-9445-50fe989e6f2f req-12b6cf9d-3f9b-43a0-9445-50fe989e6f2f ] Request (VolumesAssistedSnapshotsTest:tearDownClass): 200 GET http://10.180.1.21/compute/v2.1/servers/e8abbeff-168e-49b9-9335-2ed3156fa644 1.575s
2025-11-12 19:48:00.326 65659 INFO tempest.lib.common.rest_client [req-52c48970-927a-49c0-b964-342f0f8ae083 req-52c48970-927a-49c0-b964-342f0f8ae083 ] Request (ServersAdminTestJSON:test_inject_network_info): 200 GET http://10.180.1.21/compute/v2.1/servers/76d5a11a-3e35-45d7-bc34-7d4e5afc52ed 1.431s
2025-11-12 19:48:00.339 65683 INFO tempest.lib.common.rest_client [req-1f5c13a9-1a59-4139-b927-f975b4224e9d req-1f5c13a9-1a59-4139-b927-f975b4224e9d ] Request (SecurityGroupRulesNegativeTestJSON:test_create_security_group_rule_with_invalid_ip_protocol): 400 POST http://10.180.1.21/compute/v2.1/os-security-group-rules 1.363s
2025-11-12 19:48:00.448 65663 WARNING tempest.lib.common.ssh [-] Failed to establish authenticated ssh connection to cirros@10.180.180.207 ([Errno None] Unable to connect to port 22 on 10.180.180.207). Number attempts: 6. Retry after 7 seconds.: paramiko.ssh_exception.NoValidConnectionsError: [Errno None] Unable to connect to port 22 on 10.180.180.207
2025-11-12 19:48:00.469 65665 INFO tempest.lib.common.rest_client [req-de1ec987-e0a3-46f9-84e0-672c9df87797 req-de1ec987-e0a3-46f9-84e0-672c9df87797 ] Request (ServersTestManualDisk:setUpClass): 200 GET http://10.180.1.21/compute/v2.1/servers/6a24a9a0-df86-4f82-85e0-44e1060e9ab1 1.271s
2025-11-12 19:48:00.479 65665 INFO tempest.lib.common.ssh [-] Creating ssh connection to '10.180.180.134:22' as 'cirros' with public key authentication
2025-11-12 19:48:00.480 65720 INFO tempest.lib.common.rest_client [req-65fee637-6eee-4c37-9ee9-8f29b709a3c5 req-65fee637-6eee-4c37-9ee9-8f29b709a3c5 ] Request (ServerRescueTestJSONUnderV235:tearDownClass): 202 DELETE http://10.180.1.21/compute/v2.1/os-security-groups/c44a04cd-abc5-4a01-8617-70f21b29a914 1.090s
2025-11-12 19:48:00.484 65722 INFO tempest.lib.common.rest_client [req-594fc309-c928-462c-ac3b-31f7cc508d43 req-594fc309-c928-462c-ac3b-31f7cc508d43 ] Request (ServerMetadataNegativeTestJSON:test_server_create_metadata_key_too_long): 400 POST http://10.180.1.21/compute/v2.1/servers 0.990s
2025-11-12 19:48:00.538 65722 INFO tempest.lib.common.rest_client [req-5a05e54e-e25f-4bb5-96ee-10f580ccd811 req-5a05e54e-e25f-4bb5-96ee-10f580ccd811 ] Request (ServerMetadataNegativeTestJSON:test_server_create_metadata_key_too_long): 201 POST http://10.180.1.21/identity/v3/auth/tokens 0.051s
2025-11-12 19:48:00.538 65722 INFO tempest.lib.common.fixed_network [-] (ServerMetadataNegativeTestJSON:test_server_create_metadata_key_too_long) Found network {'id': 'd6c30d27-247d-477b-ab37-df45927d241c', 'name': 'tempest-ServerMetadataNegativeTestJSON-290671372-network', 'tenant_id': '0a368158a4ce4ee9a60cf5fa804ec88c', 'project_id': '0a368158a4ce4ee9a60cf5fa804ec88c', 'admin_state_up': True, 'mtu': 8950, 'status': 'ACTIVE', 'subnets': [], 'shared': False, 'port_security_enabled': True, 'router:external': False, 'provider:network_type': 'vlan', 'provider:physical_network': 'default', 'provider:segmentation_id': 419, 'availability_zone_hints': [], 'availability_zones': [], 'ipv4_address_scope': None, 'ipv6_address_scope': None, 'description': '', 'tags': [], 'created_at': '2025-11-12T19:46:47Z', 'updated_at': '2025-11-12T19:46:47Z', 'revision_number': 1} available for tenant
2025-11-12 19:48:00.604 65693 INFO tempest.lib.common.rest_client [req-3b3478c7-356a-4fd5-bc21-80a450e2ebcd req-3b3478c7-356a-4fd5-bc21-80a450e2ebcd ] Request (ServersAaction247Test:test_create_backup): 200 GET http://10.180.1.21/compute/v2.1/servers/ec5950d5-17d0-40df-9c11-60671bb3d1ae 0.845s
2025-11-12 19:48:00.711 65703 INFO tempest.lib.common.rest_client [req-9515fa66-5c40-4c57-9b3f-f21155277b14 req-9515fa66-5c40-4c57-9b3f-f21155277b14 ] Request (ServersTestFqdnHostnames:tearDownClass): 200 GET http://10.180.1.21/compute/v2.1/servers/f8119869-60ef-42cf-8291-7a2946c97d62 0.477s
2025-11-12 19:48:00.731 65695 INFO tempest.lib.common.rest_client [req-f440eae0-5dcc-41ce-8ce2-261a22f1c6ea req-f440eae0-5dcc-41ce-8ce2-261a22f1c6ea ] Request (QuotasAdminTestJSON:test_update_all_quota_resources_for_tenant): 200 PUT http://10.180.1.21/compute/v2.1/os-quota-sets/bcff8dc8eaa94e019eeac03e735e78e4 1.127s
2025-11-12 19:48:00.813 65685 INFO tempest.lib.common.rest_client [req-9d8520a7-463f-4917-9ebb-8d92413f8437 req-9d8520a7-463f-4917-9ebb-8d92413f8437 ] Request (ServersListShow296Test:tearDownClass): 204 DELETE http://10.180.1.21/compute/v2.1/servers/f777bdc7-325f-4c42-8d65-e31c6d74110f 0.531s
2025-11-12 19:48:00.873 65683 INFO tempest.lib.common.rest_client [req-c2cc621f-3384-4d85-93ed-61aac2667c2f req-c2cc621f-3384-4d85-93ed-61aac2667c2f ] Request (SecurityGroupRulesNegativeTestJSON:test_create_security_group_rule_with_invalid_port_range): 200 POST http://10.180.1.21/compute/v2.1/os-security-groups 0.532s
2025-11-12 19:48:00.890 65709 INFO tempest.lib.common.rest_client [req-32bff9eb-17a9-43df-9e4e-fa8feb88e49c req-32bff9eb-17a9-43df-9e4e-fa8feb88e49c ] Request (ServerExternalEventsTest:tearDownClass): 200 GET http://10.180.1.21/compute/v2.1/servers/f70875f7-8206-4e1a-b27f-3023cdc37c2f 0.465s
2025-11-12 19:48:00.894 65722 INFO tempest.lib.common.rest_client [req-01146fcb-fb53-4df9-bfe5-010ad4be639b req-01146fcb-fb53-4df9-bfe5-010ad4be639b ] Request (ServerMetadataNegativeTestJSON:test_server_create_metadata_key_too_long): 400 POST http://10.180.1.21/compute/v2.1/servers 0.355s
2025-11-12 19:48:00.958 65673 INFO tempest.lib.common.rest_client [req-57edeb40-c33e-47cb-bf0c-ed5eb93cc346 req-57edeb40-c33e-47cb-bf0c-ed5eb93cc346 ] Request (AttachInterfacesTestJSON:_run_cleanups): 200 GET http://10.180.1.21/compute/v2.1/servers/6861c228-1d3e-410e-ab70-7e744994bc7e 0.257s
2025-11-12 19:48:00.960 65720 INFO tempest.lib.common.rest_client [req-147fc018-5c49-442f-881c-34bbedc2fd79 req-147fc018-5c49-442f-881c-34bbedc2fd79 ] Request (ServerRescueTestJSONUnderV235:tearDownClass): 204 DELETE http://10.180.1.21/compute/v2.1/servers/6f222192-b09e-4761-9b67-4edd3726863e 0.479s
2025-11-12 19:48:01.034 65685 INFO tempest.lib.common.rest_client [req-cc714bab-a11d-41a7-89a5-8b94e43fee99 req-cc714bab-a11d-41a7-89a5-8b94e43fee99 ] Request (ServersListShow296Test:tearDownClass): 200 GET http://10.180.1.21/compute/v2.1/servers/f777bdc7-325f-4c42-8d65-e31c6d74110f 0.220s
2025-11-12 19:48:01.102 65677 INFO tempest.lib.common.rest_client [req-2c8e080c-ef82-488e-b8c6-d686ac919561 req-2c8e080c-ef82-488e-b8c6-d686ac919561 ] Request (ServerRescueTestJSON:setUpClass): 200 GET http://10.180.1.21/compute/v2.1/servers/be5e4866-d049-4258-84a4-602b1535272c 0.274s
2025-11-12 19:48:01.148 65719 INFO tempest.lib.common.rest_client [req-b8fffd0d-813b-4943-8190-a669d1632caa req-b8fffd0d-813b-4943-8190-a669d1632caa ] Request (ServersTestBootFromVolume:setUpClass): 200 GET http://10.180.1.21/volume/v3/volumes/48269c58-212f-476d-8354-7df47f382e15 0.034s
2025-11-12 19:48:01.160 65683 INFO tempest.lib.common.rest_client [req-9a481755-6513-450e-81eb-2f7a03c6683e req-9a481755-6513-450e-81eb-2f7a03c6683e ] Request (SecurityGroupRulesNegativeTestJSON:test_create_security_group_rule_with_invalid_port_range): 400 POST http://10.180.1.21/compute/v2.1/os-security-group-rules 0.283s
2025-11-12 19:48:01.224 65695 INFO tempest.lib.common.rest_client [req-7dfb557c-599d-4c11-a339-14a016b7e047 req-7dfb557c-599d-4c11-a339-14a016b7e047 ] Request (QuotasAdminTestJSON:_run_cleanups): 200 PUT http://10.180.1.21/compute/v2.1/os-quota-sets/bcff8dc8eaa94e019eeac03e735e78e4 0.490s
2025-11-12 19:48:01.238 65722 INFO tempest.lib.common.rest_client [req-5d9ed55d-2c8a-4dfe-96aa-513b923f7fac req-5d9ed55d-2c8a-4dfe-96aa-513b923f7fac ] Request (ServerMetadataNegativeTestJSON:test_server_metadata_non_existent_server): 404 GET http://10.180.1.21/compute/v2.1/servers/8170e144-e85d-4a65-a2db-aa1892f246aa/metadata/test2 0.342s
2025-11-12 19:48:01.317 65691 INFO tempest.lib.common.rest_client [req-486d9582-752a-4957-abc9-93bbb9d281d5 req-486d9582-752a-4957-abc9-93bbb9d281d5 ] Request (ImagesNegativeTestJSON:test_create_image_from_deleted_server): 200 GET http://10.180.1.21/compute/v2.1/servers/e5771670-2dbf-4f66-b1cd-e24d6b00422e 0.439s
2025-11-12 19:48:01.359 65705 INFO tempest.lib.common.rest_client [req-6115eb29-27e5-466e-b785-b103d5b9dc19 req-6115eb29-27e5-466e-b785-b103d5b9dc19 ] Request (ImagesOneServerTestJSON:tearDownClass): 200 GET http://10.180.1.21/compute/v2.1/servers/97f9a9e4-d416-47de-88b7-5597d54b813d 0.457s
2025-11-12 19:48:01.398 65695 INFO tempest.lib.common.rest_client [req-0ccefd9d-cdce-4133-ba44-c2e2fcf9547d req-0ccefd9d-cdce-4133-ba44-c2e2fcf9547d ] Request (QuotasAdminTestJSON:tearDownClass): 204 DELETE http://10.180.1.21/identity/v3/users/6479e474c7fb497c8cda9dd713ba153a 0.171s
2025-11-12 19:48:01.500 65671 INFO tempest.lib.common.rest_client [req-57868e89-5718-407d-8aa4-a07627f14e01 req-57868e89-5718-407d-8aa4-a07627f14e01 ] Request (InstanceActionsTestJSON:tearDownClass): 200 GET http://10.180.1.21/compute/v2.1/servers/39f9308e-5169-4066-9213-c5cfa0a73809 0.516s
2025-11-12 19:48:01.528 65720 INFO tempest.lib.common.rest_client [req-37158f1d-bc10-4ddc-9d06-d81d19282d2e req-37158f1d-bc10-4ddc-9d06-d81d19282d2e ] Request (ServerRescueTestJSONUnderV235:tearDownClass): 200 GET http://10.180.1.21/compute/v2.1/servers/6f222192-b09e-4761-9b67-4edd3726863e 0.568s
