2025-11-12 19:46:53.787 65685 INFO tempest.lib.common.dynamic_creds [-] Created isolated network resources for: credentials: Credentials: {'domain_id': 'default', 'domain_name': 'Default', 'username': 'tempest-ServersListShow296Test-430064138-project-member', 'project_domain_id': 'default', 'project_domain_name': 'Default', 'project_id': '43e3c7163a194b1d8f9d605bb703f225', 'project_name': 'tempest-ServersListShow296Test-430064138', 'tenant_id': '43e3c7163a194b1d8f9d605bb703f225', 'tenant_name': 'tempest-ServersListShow296Test-430064138', 'user_domain_id': 'default', 'user_domain_name': 'Default', 'user_id': '7308d1c2c785467181a4c95eb2414140', 'system': None}, Network: None, Subnet: None, Router: None
2025-11-12 19:46:53.893 65685 INFO tempest.lib.common.rest_client [req-70e98fa3-351d-4bcc-ad9c-816aeddd3e05 req-70e98fa3-351d-4bcc-ad9c-816aeddd3e05 ] Request (ServersListShow296Test:setUpClass): 201 POST http://10.180.1.21/identity/v3/auth/tokens 0.101s
2025-11-12 19:46:53.939 65685 INFO tempest.lib.common.rest_client [req-a11dd3a2-bec8-435f-8976-f86d0c015b83 req-a11dd3a2-bec8-435f-8976-f86d0c015b83 ] Request (ServersListShow296Test:test_list_show_update_rebuild_server_296): 201 POST http://10.180.1.21/identity/v3/auth/tokens 0.039s
2025-11-12 19:46:53.940 65685 INFO tempest.lib.common.fixed_network [-] (ServersListShow296Test:test_list_show_update_rebuild_server_296) Found network None available for tenant
2025-11-12 19:46:54.017 65722 INFO tempest.lib.common.rest_client [req-3ebe6e9f-3cca-4225-b858-fd8e39e73348 req-3ebe6e9f-3cca-4225-b858-fd8e39e73348 ] Request (ServerMetadataNegativeTestJSON:setUpClass): 202 POST http://10.180.1.21/compute/v2.1/servers 3.741s
2025-11-12 19:46:54.043 65673 WARNING tempest.lib.common.ssh [-] Failed to establish authenticated ssh connection to cirros@10.180.180.193 ([Errno None] Unable to connect to port 22 on 10.180.180.193). Number attempts: 4. Retry after 5 seconds.: paramiko.ssh_exception.NoValidConnectionsError: [Errno None] Unable to connect to port 22 on 10.180.180.193
2025-11-12 19:46:54.059 65711 INFO tempest.lib.common.rest_client [req-a8995bb8-99b0-4c39-8d87-d88dd0f6e34a req-a8995bb8-99b0-4c39-8d87-d88dd0f6e34a ] Request (KeyPairsV22TestJSON:test_keypairs_create_list_delete): 201 POST http://10.180.1.21/compute/v2.1/os-keypairs 3.756s
2025-11-12 19:46:54.085 65697 INFO tempest.lib.common.rest_client [req-18e0ad25-318f-4e87-92ba-79d82adf9ef0 req-18e0ad25-318f-4e87-92ba-79d82adf9ef0 ] Request (ServicesAdminNegativeV253TestJSON:test_get_service_with_valid_service_and_invalid_host): 200 GET http://10.180.1.21/compute/v2.1/os-services?host=xxx&binary=nova-scheduler 3.740s
2025-11-12 19:46:54.109 65683 INFO tempest.lib.common.rest_client [req-e8f6a234-30b8-4cbc-a263-15820ae25985 req-e8f6a234-30b8-4cbc-a263-15820ae25985 ] Request (FlavorsAdminTestJSON:test_is_public_string_variations): 200 POST http://10.180.1.21/compute/v2.1/flavors 3.730s
2025-11-12 19:46:54.376 65679 INFO tempest.lib.common.rest_client [req-0ca20336-b6ad-4d94-a115-b20ca4ca7bc5 req-0ca20336-b6ad-4d94-a115-b20ca4ca7bc5 ] Request (ImagesMetadataTestJSON:test_set_image_metadata_item): 200 PUT http://10.180.1.21/compute/v2.1/images/43f02f16-16d8-4cb7-89cd-43cca81dd14d/metadata/os_version 3.927s
2025-11-12 19:46:54.460 65691 INFO tempest.lib.common.rest_client [req-601178b0-3566-43a9-ab90-3eabc17d8553 req-601178b0-3566-43a9-ab90-3eabc17d8553 ] Request (FloatingIPsAssociationNegativeTestJSON:tearDownClass): 200 GET http://10.180.1.21/compute/v2.1/servers/1dbcadf5-36f2-4e69-bd52-3cdd949b7590 3.907s
2025-11-12 19:46:54.538 65720 INFO tempest.lib.common.rest_client [req-c0efb9d3-7eec-4e12-ba5a-ff0d34663cb5 req-c0efb9d3-7eec-4e12-ba5a-ff0d34663cb5 ] Request (ServerRescueTestJSONUnderV235:setUpClass): 200 GET http://10.180.1.21/compute/v2.1/servers/6f222192-b09e-4761-9b67-4edd3726863e 3.851s
2025-11-12 19:46:54.626 65716 INFO tempest.lib.common.rest_client [req-fc67249b-be2e-4025-8eaf-4fb83d5cd1a5 req-fc67249b-be2e-4025-8eaf-4fb83d5cd1a5 ] Request (ServerDiagnosticsV248Test:tearDownClass): 200 GET http://10.180.1.21/compute/v2.1/servers/83cfa50d-078e-4706-a0a1-e91498add541 3.922s
2025-11-12 19:46:54.640 65716 INFO tempest.common.waiters [-] State transition "ACTIVE/deleting" ==> "DELETED/None" after 7 second wait
2025-11-12 19:46:54.708 65681 INFO tempest.lib.common.rest_client [req-4cc94b21-4203-452a-a06a-cfb02646b3ec req-4cc94b21-4203-452a-a06a-cfb02646b3ec ] Request (ServersTestJSON:setUpClass): 200 PUT http://10.180.1.21/networking/v2.0/routers/2c663a1d-820a-43f8-addd-75fde503e411/add_router_interface 1.201s
2025-11-12 19:46:54.708 65681 INFO tempest.lib.common.dynamic_creds [-] Created isolated network resources for: credentials: Credentials: {'domain_id': 'default', 'domain_name': 'Default', 'username': 'tempest-ServersTestJSON-1357887810-project-member', 'project_domain_id': 'default', 'project_domain_name': 'Default', 'project_id': '4dc7d430b06e48688b77489e99800979', 'project_name': 'tempest-ServersTestJSON-1357887810', 'tenant_id': '4dc7d430b06e48688b77489e99800979', 'tenant_name': 'tempest-ServersTestJSON-1357887810', 'user_domain_id': 'default', 'user_domain_name': 'Default', 'user_id': 'cda75c66078745cca3f9dd697114e581', 'system': None}, Network: {'id': '51b9f341-2ae6-4913-bf87-e3455342d368', 'name': 'tempest-ServersTestJSON-784929872-network', 'tenant_id': '4dc7d430b06e48688b77489e99800979', 'project_id': '4dc7d430b06e48688b77489e99800979', 'admin_state_up': True, 'mtu': 8950, 'status': 'ACTIVE', 'subnets': [], 'shared': False, 'port_security_enabled': True, 'router:external': False, 'provider:network_type': 'vlan', 'provider:physical_network': 'default', 'provider:segmentation_id': 712, 'availability_zone_hints': [], 'availability_zones': [], 'ipv4_address_scope': None, 'ipv6_address_scope': None, 'description': '', 'tags': [], 'created_at': '2025-11-12T19:46:51Z', 'updated_at': '2025-11-12T19:46:51Z', 'revision_number': 1}, Subnet: {'id': 'a4ec90e3-77c1-4707-8366-249b2336131d', 'name': 'tempest-ServersTestJSON-784929872-subnet', 'tenant_id': '4dc7d430b06e48688b77489e99800979', 'network_id': '51b9f341-2ae6-4913-bf87-e3455342d368', 'ip_version': 4, 'subnetpool_id': None, 'enable_dhcp': True, 'ipv6_ra_mode': None, 'ipv6_address_mode': None, 'gateway_ip': '192.168.128.1', 'cidr': '192.168.128.0/28', 'allocation_pools': [{'start': '192.168.128.2', 'end': '192.168.128.14'}], 'host_routes': [], 'dns_nameservers': [], 'description': '', 'router:external': False, 'service_types': [], 'tags': [], 'created_at': '2025-11-12T19:46:52Z', 'updated_at': '2025-11-12T19:46:52Z', 'revision_number': 0, 'project_id': '4dc7d430b06e48688b77489e99800979'}, Router: {'id': '2c663a1d-820a-43f8-addd-75fde503e411', 'name': 'tempest-ServersTestJSON-784929872-router', 'tenant_id': '4dc7d430b06e48688b77489e99800979', 'admin_state_up': True, 'status': 'ACTIVE', 'external_gateway_info': {'network_id': '6c661c38-a726-4426-ac27-5572f0b872a3', 'external_fixed_ips': [{'subnet_id': '1edc64e3-dd14-4e42-aa8e-073ada60fe03', 'ip_address': '10.180.180.185'}], 'enable_snat': True}, 'description': '', 'availability_zones': [], 'distributed': False, 'ha': False, 'availability_zone_hints': [], 'routes': [], 'flavor_id': None, 'tags': [], 'created_at': '2025-11-12T19:46:52Z', 'updated_at': '2025-11-12T19:46:53Z', 'revision_number': 2, 'project_id': '4dc7d430b06e48688b77489e99800979'}
2025-11-12 19:46:54.721 65667 INFO tempest.lib.common.rest_client [req-7e1b85ca-5c7d-46b2-8efd-9e8b34f0b6c7 req-7e1b85ca-5c7d-46b2-8efd-9e8b34f0b6c7 ] Request (VolumesAdminNegativeTest:tearDownClass): 200 GET http://10.180.1.21/compute/v2.1/servers/2974f8e9-8ef4-4384-b4af-ce3ca9b5b1bd 3.930s
2025-11-12 19:46:54.794 65675 INFO tempest.lib.common.rest_client [req-a5fef488-3bbc-4ea9-8bdb-869bc88566a6 req-a5fef488-3bbc-4ea9-8bdb-869bc88566a6 ] Request (ServersAdmin275Test:_run_cleanups): 200 GET http://10.180.1.21/compute/v2.1/servers/be14d5f8-5ea7-450a-b80e-370bb1ccd0ed 3.865s
2025-11-12 19:46:54.812 65675 INFO tempest.common.waiters [-] State transition "REBUILD/rebuild_spawning" ==> "ACTIVE/None" after 10 second wait
2025-11-12 19:46:54.843 65681 INFO tempest.lib.common.rest_client [req-f62badc6-d3a8-4120-b149-72fef772abf6 req-f62badc6-d3a8-4120-b149-72fef772abf6 ] Request (ServersTestJSON:setUpClass): 201 POST http://10.180.1.21/identity/v3/auth/tokens 0.129s
2025-11-12 19:46:54.871 65703 INFO tempest.lib.common.rest_client [req-f6d2c2fe-d5c0-4bf7-88b8-d9109054c505 req-f6d2c2fe-d5c0-4bf7-88b8-d9109054c505 ] Request (ServersTestFqdnHostnames:test_create_server_with_fqdn_name): 200 GET http://10.180.1.21/compute/v2.1/servers/f8119869-60ef-42cf-8291-7a2946c97d62 3.822s
2025-11-12 19:46:54.914 65681 INFO tempest.lib.common.rest_client [req-65672345-87ac-4988-ac4b-86a6bd0cb93a req-65672345-87ac-4988-ac4b-86a6bd0cb93a ] Request (ServersTestJSON:setUpClass): 200 GET http://10.180.1.21/identity/v3/projects/4dc7d430b06e48688b77489e99800979 0.071s
2025-11-12 19:46:54.915 65681 INFO tempest.lib.common.dynamic_creds [-] Using the existing project 4dc7d430b06e48688b77489e99800979 for scope project and roles: ['reader']
2025-11-12 19:46:54.946 65681 INFO tempest.lib.common.rest_client [req-6013c9d6-d803-4a38-ae47-e9fd4070f350 req-6013c9d6-d803-4a38-ae47-e9fd4070f350 ] Request (ServersTestJSON:setUpClass): 201 POST http://10.180.1.21/identity/v3/users 0.031s
2025-11-12 19:46:54.976 65681 INFO tempest.lib.common.rest_client [req-9085d3fd-5655-4f99-b302-bd899f46f4f0 req-9085d3fd-5655-4f99-b302-bd899f46f4f0 ] Request (ServersTestJSON:setUpClass): 200 GET http://10.180.1.21/identity/v3/roles 0.028s
2025-11-12 19:46:54.990 65659 INFO tempest.lib.common.rest_client [req-1f5ca55c-fa99-45a9-a86f-fd89b04230af req-1f5ca55c-fa99-45a9-a86f-fd89b04230af ] Request (ServersAdminTestJSON:setUpClass): 200 GET http://10.180.1.21/compute/v2.1/servers/0f08898c-1e6e-4692-af20-780a1fa3ae24 3.147s
2025-11-12 19:46:55.013 65681 INFO tempest.lib.common.rest_client [req-4a889212-8acd-450a-90d7-d8abc443a08e req-4a889212-8acd-450a-90d7-d8abc443a08e ] Request (ServersTestJSON:setUpClass): 204 PUT http://10.180.1.21/identity/v3/projects/4dc7d430b06e48688b77489e99800979/users/3282cdb139104384aca4c1860751269e/roles/1461630c17dc4c66bc381bfdec489b85 0.036s
2025-11-12 19:46:55.013 65681 INFO tempest.lib.common.dynamic_creds [-] Dynamic test user 3282cdb139104384aca4c1860751269e is created with scope project and roles: ['reader']
2025-11-12 19:46:55.014 65681 INFO tempest.lib.common.dynamic_creds [-] Acquired dynamic creds: credentials: Credentials: {'domain_id': 'default', 'domain_name': 'Default', 'username': 'tempest-ServersTestJSON-1357887810-project-reader', 'project_domain_id': 'default', 'project_domain_name': 'Default', 'project_id': '4dc7d430b06e48688b77489e99800979', 'project_name': 'tempest-ServersTestJSON-1357887810', 'tenant_id': '4dc7d430b06e48688b77489e99800979', 'tenant_name': 'tempest-ServersTestJSON-1357887810', 'user_domain_id': 'default', 'user_domain_name': 'Default', 'user_id': '3282cdb139104384aca4c1860751269e', 'system': None}, Network: None, Subnet: None, Router: None
2025-11-12 19:46:55.014 65681 INFO tempest.lib.common.dynamic_creds [-] Network resources are not created for requested scope: project and credentials: Credentials: {'domain_id': 'default', 'domain_name': 'Default', 'username': 'tempest-ServersTestJSON-1357887810-project-reader', 'project_domain_id': 'default', 'project_domain_name': 'Default', 'project_id': '4dc7d430b06e48688b77489e99800979', 'project_name': 'tempest-ServersTestJSON-1357887810', 'tenant_id': '4dc7d430b06e48688b77489e99800979', 'tenant_name': 'tempest-ServersTestJSON-1357887810', 'user_domain_id': 'default', 'user_domain_name': 'Default', 'user_id': '3282cdb139104384aca4c1860751269e', 'system': None}, Network: None, Subnet: None, Router: None
2025-11-12 19:46:55.115 65681 INFO tempest.lib.common.rest_client [req-8c040094-5b28-4fbb-8cbc-4414e0b9daec req-8c040094-5b28-4fbb-8cbc-4414e0b9daec ] Request (ServersTestJSON:setUpClass): 201 POST http://10.180.1.21/identity/v3/auth/tokens 0.098s
2025-11-12 19:46:55.145 65669 INFO tempest.lib.common.rest_client [req-c50a0c98-8e26-4c65-bbd0-e45249e34b60 req-c50a0c98-8e26-4c65-bbd0-e45249e34b60 ] Request (MigrationsAdminTest:test_list_migrations_in_flavor_resize_situation): 200 GET http://10.180.1.21/compute/v2.1/servers/ba3ca3fc-4249-44d2-bd41-96e0135596ce 3.050s
2025-11-12 19:46:55.183 65681 INFO tempest.lib.common.rest_client [req-0ab661b2-228b-401a-b1b4-8bca25b4a1be req-0ab661b2-228b-401a-b1b4-8bca25b4a1be ] Request (ServersTestJSON:test_create_server_specify_multibyte_character_name): 201 POST http://10.180.1.21/identity/v3/auth/tokens 0.064s
2025-11-12 19:46:55.184 65681 INFO tempest.lib.common.fixed_network [-] (ServersTestJSON:test_create_server_specify_multibyte_character_name) Found network {'id': '51b9f341-2ae6-4913-bf87-e3455342d368', 'name': 'tempest-ServersTestJSON-784929872-network', 'tenant_id': '4dc7d430b06e48688b77489e99800979', 'project_id': '4dc7d430b06e48688b77489e99800979', 'admin_state_up': True, 'mtu': 8950, 'status': 'ACTIVE', 'subnets': [], 'shared': False, 'port_security_enabled': True, 'router:external': False, 'provider:network_type': 'vlan', 'provider:physical_network': 'default', 'provider:segmentation_id': 712, 'availability_zone_hints': [], 'availability_zones': [], 'ipv4_address_scope': None, 'ipv6_address_scope': None, 'description': '', 'tags': [], 'created_at': '2025-11-12T19:46:51Z', 'updated_at': '2025-11-12T19:46:51Z', 'revision_number': 1} available for tenant
2025-11-12 19:46:55.199 65663 INFO tempest.lib.common.rest_client [req-a88d4470-1f95-4a9f-985a-252c75d80f43 req-a88d4470-1f95-4a9f-985a-252c75d80f43 ] Request (AttachInterfacesUnderV243Test:test_add_remove_fixed_ip): 200 GET http://10.180.1.21/compute/v2.1/servers/a211d750-3ceb-4f83-a270-2baf226f5fca 3.052s
2025-11-12 19:46:55.268 65709 INFO tempest.lib.common.rest_client [req-9fc2bedf-8bcb-4b58-9f9d-7b3ca5b08518 req-9fc2bedf-8bcb-4b58-9f9d-7b3ca5b08518 ] Request (ServerExternalEventsTest:test_create_server_external_events): 200 GET http://10.180.1.21/compute/v2.1/servers/f70875f7-8206-4e1a-b27f-3023cdc37c2f 3.050s
2025-11-12 19:46:55.329 65713 INFO tempest.lib.common.rest_client [req-e5e498e6-ab71-4ff6-a06e-28e76f1afc35 req-e5e498e6-ab71-4ff6-a06e-28e76f1afc35 ] Request (ServersAdminNegativeTestJSON:test_migrate_server_invalid_state): 200 GET http://10.180.1.21/compute/v2.1/servers/69fded87-96ec-4b4c-8c4d-207de9854dd8 3.006s
2025-11-12 19:46:55.338 65713 INFO tempest.common.waiters [-] State transition "BUILD/scheduling" ==> "BUILD/None" after 7 second wait
2025-11-12 19:46:55.343 65695 INFO tempest.lib.common.rest_client [req-08baf735-0bdf-4a26-bf87-501ce9bb9f6f req-08baf735-0bdf-4a26-bf87-501ce9bb9f6f ] Request (AggregatesAdminNegativeTestJSON:test_aggregate_get_details_with_invalid_id): 404 GET http://10.180.1.21/compute/v2.1/os-aggregates/-1 2.887s
2025-11-12 19:46:55.396 65693 INFO tempest.lib.common.rest_client [req-2b0372d3-3d14-47d3-9ccc-3777857c1306 req-2b0372d3-3d14-47d3-9ccc-3777857c1306 ] Request (ListServersNegativeTestJSON:test_list_servers_by_limits_greater_than_actual_count): 200 GET http://10.180.1.21/compute/v2.1/servers?limit=102 2.855s
2025-11-12 19:46:55.444 65665 INFO tempest.lib.common.rest_client [req-8296ca43-695a-4ba3-ad8e-c2549dd51076 req-8296ca43-695a-4ba3-ad8e-c2549dd51076 ] Request (ServerDiagnosticsNegativeTest:tearDownClass): 404 GET http://10.180.1.21/compute/v2.1/servers/eb1d5322-3502-40e5-bebe-5594e1748fea 2.506s
2025-11-12 19:46:55.485 65690 WARNING tempest.lib.common.ssh [-] Failed to establish authenticated ssh connection to cirros@10.180.180.223 ([Errno None] Unable to connect to port 22 on 10.180.180.223). Number attempts: 2. Retry after 3 seconds.: paramiko.ssh_exception.NoValidConnectionsError: [Errno None] Unable to connect to port 22 on 10.180.180.223
2025-11-12 19:46:55.602 65665 INFO tempest.lib.common.rest_client [req-295681f8-0780-49f8-906b-e36fc099ef21 req-295681f8-0780-49f8-906b-e36fc099ef21 ] Request (ServerDiagnosticsNegativeTest:tearDownClass): 204 DELETE http://10.180.1.21/identity/v3/users/cd193853c45e40f09132b76ccfe30b3f 0.158s
2025-11-12 19:46:55.603 65719 INFO tempest.lib.common.rest_client [req-a711ffb7-b39d-414c-a209-1a3a45f8a216 req-a711ffb7-b39d-414c-a209-1a3a45f8a216 ] Request (DeleteServersAdminTestJSON:test_delete_server_while_in_error_state): 200 GET http://10.180.1.21/compute/v2.1/servers/3e79b532-1056-4926-9520-f094b05e35c1 2.633s
2025-11-12 19:46:55.616 65719 INFO tempest.common.waiters [-] State transition "BUILD/block_device_mapping" ==> "BUILD/spawning" after 22 second wait
2025-11-12 19:46:55.650 65705 INFO tempest.lib.common.rest_client [req-3f02481c-7d70-4d20-abce-dcf00d829f7a req-3f02481c-7d70-4d20-abce-dcf00d829f7a ] Request (ImagesOneServerTestJSON:test_create_delete_image): 200 GET http://10.180.1.21/compute/v2.1/images/7dfd8912-f973-4a0d-90fb-008d9f615a90 2.677s
2025-11-12 19:46:55.682 65707 INFO tempest.lib.common.rest_client [req-77fd39e1-bdc0-4217-944c-498c88aae50d req-77fd39e1-bdc0-4217-944c-498c88aae50d ] Request (VolumesSnapshotsTestJSON:_run_cleanups): 200 GET http://10.180.1.21/compute/v2.1/os-snapshots/73b8783c-d9ff-4309-9ab1-69341bca0bc7 2.642s
2025-11-12 19:46:55.684 65707 INFO tempest.common.waiters [-] snapshot 73b8783c-d9ff-4309-9ab1-69341bca0bc7 reached available after waiting for 0.684879 seconds
2025-11-12 19:46:55.748 65671 INFO tempest.lib.common.rest_client [req-10780202-b1a7-4a50-884b-c8da419ee66c req-10780202-b1a7-4a50-884b-c8da419ee66c ] Request (InstanceActionsTestJSON:setUpClass): 200 GET http://10.180.1.21/compute/v2.1/servers/39f9308e-5169-4066-9213-c5cfa0a73809 2.312s
2025-11-12 19:46:55.766 65665 INFO tempest.lib.common.rest_client [req-3b2ac248-b015-478f-ae64-84950f341b8b req-3b2ac248-b015-478f-ae64-84950f341b8b ] Request (ServerDiagnosticsNegativeTest:tearDownClass): 204 DELETE http://10.180.1.21/identity/v3/users/fd592318a22148748a894d1eb0aa4407 0.163s
2025-11-12 19:46:55.766 65665 INFO tempest.lib.common.dynamic_creds [-] Deleting project and security group for project: ec012a30f3d24e65911aa577f98fc58e
2025-11-12 19:46:55.847 65665 INFO tempest.lib.common.rest_client [req-0f670490-16ce-45bf-9d28-83bfcb93452e req-0f670490-16ce-45bf-9d28-83bfcb93452e ] Request (ServerDiagnosticsNegativeTest:tearDownClass): 201 POST http://10.180.1.21/identity/v3/auth/tokens 0.080s
2025-11-12 19:46:55.945 65665 INFO tempest.lib.common.rest_client [req-71ea9f52-bdd7-427c-b8a1-172228a9069b req-71ea9f52-bdd7-427c-b8a1-172228a9069b ] Request (ServerDiagnosticsNegativeTest:tearDownClass): 200 GET http://10.180.1.21/networking/v2.0/security-groups?tenant_id=ec012a30f3d24e65911aa577f98fc58e&name=default 0.097s
2025-11-12 19:46:56.059 65665 INFO tempest.lib.common.rest_client [req-65dbddf5-e563-49c1-ac4b-5da2f19e216e req-65dbddf5-e563-49c1-ac4b-5da2f19e216e ] Request (ServerDiagnosticsNegativeTest:tearDownClass): 204 DELETE http://10.180.1.21/networking/v2.0/security-groups/b76585a5-eeac-4b98-9500-4e2d36399080 0.114s
2025-11-12 19:46:56.064 65685 INFO tempest.lib.common.rest_client [req-21944044-6eb2-4f5b-989c-894b55b1e9cd req-21944044-6eb2-4f5b-989c-894b55b1e9cd ] Request (ServersListShow296Test:test_list_show_update_rebuild_server_296): 202 POST http://10.180.1.21/compute/v2.1/servers 2.123s
2025-11-12 19:46:56.101 65677 INFO tempest.lib.common.rest_client [req-40c84df8-01d9-467a-beb5-1e491ee64b1e req-40c84df8-01d9-467a-beb5-1e491ee64b1e ] Request (AttachInterfacesV270Test:test_create_get_list_interfaces): 400 POST http://10.180.1.21/compute/v2.1/servers/484c340a-dd24-4ed7-ae0c-a6a492f4a6a6/os-interface 5.817s
2025-11-12 19:46:56.156 65665 INFO tempest.lib.common.rest_client [req-b8d7ed35-198b-4f0a-897e-a6fa3c0c35ab req-b8d7ed35-198b-4f0a-897e-a6fa3c0c35ab ] Request (ServerDiagnosticsNegativeTest:tearDownClass): 204 DELETE http://10.180.1.21/identity/v3/projects/ec012a30f3d24e65911aa577f98fc58e 0.096s
2025-11-12 19:46:56.156 65665 INFO tempest.lib.common.dynamic_creds [-] Deleting project and security group for project: 1a9666bef07f47c8b3617b2008c64f4a
2025-11-12 19:46:56.163 65687 INFO tempest.lib.common.rest_client [req-55977746-1296-47a5-af7b-28a4041f93c8 req-55977746-1296-47a5-af7b-28a4041f93c8 ] Request (InstanceActionsV221TestJSON:test_get_list_deleted_instance_actions): 200 GET http://10.180.1.21/compute/v2.1/servers/fc35d001-e978-4b2b-ac4c-bb1ec0b1c4dc 2.165s
2025-11-12 19:46:56.172 65687 INFO tempest.common.waiters [-] State transition "ACTIVE/deleting" ==> "DELETED/None" after 4 second wait
2025-11-12 19:46:56.282 65665 INFO tempest.lib.common.rest_client [req-132e5961-8747-4f19-9315-e028a2b44f88 req-132e5961-8747-4f19-9315-e028a2b44f88 ] Request (ServerDiagnosticsNegativeTest:tearDownClass): 200 GET http://10.180.1.21/networking/v2.0/security-groups?tenant_id=1a9666bef07f47c8b3617b2008c64f4a&name=default 0.126s
2025-11-12 19:46:56.308 65661 INFO tempest.lib.common.rest_client [req-222b0ac2-dabe-4e6b-9f60-c6648253e90c req-222b0ac2-dabe-4e6b-9f60-c6648253e90c ] Request (ServerAddressesNegativeTestJSON:tearDownClass): 200 GET http://10.180.1.21/compute/v2.1/servers/67b891c5-690c-4caf-9a04-23ca1c7a321a 2.298s
2025-11-12 19:46:56.323 65722 INFO tempest.lib.common.rest_client [req-69972f0c-810e-483c-ad4a-fb83bda03252 req-69972f0c-810e-483c-ad4a-fb83bda03252 ] Request (ServerMetadataNegativeTestJSON:setUpClass): 200 GET http://10.180.1.21/compute/v2.1/servers/60cb5e4a-b3dd-4dad-85dd-0f97e69ffb66 2.304s
2025-11-12 19:46:56.367 65711 INFO tempest.lib.common.rest_client [req-6913a9e1-744e-4000-a16a-c87d018bb4e4 req-6913a9e1-744e-4000-a16a-c87d018bb4e4 ] Request (KeyPairsV22TestJSON:test_keypairs_create_list_delete): 201 POST http://10.180.1.21/compute/v2.1/os-keypairs 2.306s
2025-11-12 19:46:56.389 65683 INFO tempest.lib.common.rest_client [req-3719a0b6-94e4-4de6-84e8-4cd4853ada09 req-3719a0b6-94e4-4de6-84e8-4cd4853ada09 ] Request (FlavorsAdminTestJSON:test_is_public_string_variations): 200 POST http://10.180.1.21/compute/v2.1/flavors 2.274s
2025-11-12 19:46:56.430 65679 INFO tempest.lib.common.rest_client [req-bc389a32-9c8d-4315-88f3-e218e39f3b23 req-bc389a32-9c8d-4315-88f3-e218e39f3b23 ] Request (ImagesMetadataTestJSON:test_set_image_metadata_item): 200 GET http://10.180.1.21/compute/v2.1/images/43f02f16-16d8-4cb7-89cd-43cca81dd14d/metadata 2.053s
2025-11-12 19:46:56.443 65665 INFO tempest.lib.common.rest_client [req-3e6d149b-1ef0-4d3d-b869-9723011ddc0b req-3e6d149b-1ef0-4d3d-b869-9723011ddc0b ] Request (ServerDiagnosticsNegativeTest:tearDownClass): 204 DELETE http://10.180.1.21/networking/v2.0/security-groups/6e04497d-d532-4d5e-84e3-3be22f70992a 0.159s
2025-11-12 19:46:56.481 65697 INFO tempest.lib.common.rest_client [req-62f530e7-fe35-4137-b33a-35cdecf0bca1 req-62f530e7-fe35-4137-b33a-35cdecf0bca1 ] Request (ServicesAdminNegativeV253TestJSON:test_list_services_with_non_admin_user): 403 GET http://10.180.1.21/compute/v2.1/os-services 2.391s
2025-11-12 19:46:56.552 65675 INFO tempest.lib.common.rest_client [req-9a855c91-2506-4828-b6b7-16deb1bf215d req-9a855c91-2506-4828-b6b7-16deb1bf215d ] Request (ServersAdmin275Test:tearDownClass): 204 DELETE http://10.180.1.21/compute/v2.1/servers/be14d5f8-5ea7-450a-b80e-370bb1ccd0ed 1.739s
2025-11-12 19:46:56.563 65695 INFO tempest.lib.common.rest_client [req-9440e5ad-824a-4ac5-a8a3-a0dc1bff6497 req-9440e5ad-824a-4ac5-a8a3-a0dc1bff6497 ] Request (AggregatesAdminNegativeTestJSON:test_aggregate_list_as_user): 403 GET http://10.180.1.21/compute/v2.1/os-aggregates 1.219s
2025-11-12 19:46:56.571 65693 INFO tempest.lib.common.rest_client [req-5c2e87b9-7557-4a4f-85c7-4ea5e0a5c806 req-5c2e87b9-7557-4a4f-85c7-4ea5e0a5c806 ] Request (ListServersNegativeTestJSON:test_list_servers_by_limits_pass_negative_value): 400 GET http://10.180.1.21/compute/v2.1/servers?limit=-1 1.172s
2025-11-12 19:46:56.576 65697 INFO tempest.lib.common.rest_client [req-f756366a-3cf2-451a-bdea-841f7c9c5e9b req-f756366a-3cf2-451a-bdea-841f7c9c5e9b ] Request (ServicesAdminNegativeV253TestJSON:tearDownClass): 204 DELETE http://10.180.1.21/identity/v3/users/6c5d0cccb939417ea4060a7d7fff6ce1 0.094s
2025-11-12 19:46:56.652 65665 INFO tempest.lib.common.rest_client [req-35c95d15-af1d-4c76-bb32-8dc83c1ff71a req-35c95d15-af1d-4c76-bb32-8dc83c1ff71a ] Request (ServerDiagnosticsNegativeTest:tearDownClass): 204 DELETE http://10.180.1.21/identity/v3/projects/1a9666bef07f47c8b3617b2008c64f4a 0.209s
2025-11-12 19:46:56.653 65665 INFO tempest.test [-] raised in SpiceDirectConsoleTestJSON.setUpClass. Invoking tearDownClass.
2025-11-12 19:46:56.657 65691 INFO tempest.lib.common.rest_client [req-22d7f3c9-8d4a-4c61-a01a-b061197ea607 req-22d7f3c9-8d4a-4c61-a01a-b061197ea607 ] Request (FloatingIPsAssociationNegativeTestJSON:tearDownClass): 200 GET http://10.180.1.21/compute/v2.1/servers/1dbcadf5-36f2-4e69-bd52-3cdd949b7590 1.187s
2025-11-12 19:46:56.718 65720 INFO tempest.lib.common.rest_client [req-cfdcfd71-1bc9-427a-8c33-01e630a193f9 req-cfdcfd71-1bc9-427a-8c33-01e630a193f9 ] Request (ServerRescueTestJSONUnderV235:setUpClass): 200 GET http://10.180.1.21/compute/v2.1/servers/6f222192-b09e-4761-9b67-4edd3726863e 1.169s
2025-11-12 19:46:56.796 65665 INFO tempest.lib.common.rest_client [req-dc082621-f5fa-4652-b96e-d94ede846a83 req-dc082621-f5fa-4652-b96e-d94ede846a83 ] Request (ServersTestManualDisk:setUpClass): 201 POST http://10.180.1.21/identity/v3/auth/tokens 0.138s
2025-11-12 19:46:56.842 65697 INFO tempest.lib.common.rest_client [req-22c892a1-925a-4880-b5ad-e0ae663e03ac req-22c892a1-925a-4880-b5ad-e0ae663e03ac ] Request (ServicesAdminNegativeV253TestJSON:tearDownClass): 204 DELETE http://10.180.1.21/identity/v3/users/c91971ac92104d2aa9f2de4d21de0ca0 0.266s
2025-11-12 19:46:56.843 65697 INFO tempest.lib.common.dynamic_creds [-] Deleting project and security group for project: 650b9537e8f9456ab97630fa845405fe
2025-11-12 19:46:56.876 65716 INFO tempest.lib.common.rest_client [req-bd1d2bfd-d97e-473d-a36a-25db2219fb8b req-bd1d2bfd-d97e-473d-a36a-25db2219fb8b ] Request (ServerDiagnosticsV248Test:tearDownClass): 200 GET http://10.180.1.21/compute/v2.1/servers/83cfa50d-078e-4706-a0a1-e91498add541 1.234s
2025-11-12 19:46:56.883 65665 INFO tempest.lib.common.rest_client [req-559d44a5-3abc-4a96-90f0-5d08d5fcd600 req-559d44a5-3abc-4a96-90f0-5d08d5fcd600 ] Request (ServersTestManualDisk:setUpClass): 201 POST http://10.180.1.21/identity/v3/auth/tokens 0.084s
2025-11-12 19:46:56.911 65697 INFO tempest.lib.common.rest_client [req-4a392966-cb58-4506-8bd9-c94e99873f91 req-4a392966-cb58-4506-8bd9-c94e99873f91 ] Request (ServicesAdminNegativeV253TestJSON:tearDownClass): 201 POST http://10.180.1.21/identity/v3/auth/tokens 0.068s
2025-11-12 19:46:56.920 65705 INFO tempest.lib.common.rest_client [req-3af8df27-aecc-4a43-81d9-c2794b4b0d13 req-3af8df27-aecc-4a43-81d9-c2794b4b0d13 ] Request (ImagesOneServerTestJSON:test_create_delete_image): 200 GET http://10.180.1.21/compute/v2.1/images/7dfd8912-f973-4a0d-90fb-008d9f615a90 1.264s
2025-11-12 19:46:56.951 65665 INFO tempest.lib.common.rest_client [req-ec3d89fa-03a4-4773-9965-aa6a7ae0865e req-ec3d89fa-03a4-4773-9965-aa6a7ae0865e ] Request (ServersTestManualDisk:setUpClass): 200 GET http://10.180.1.21/identity/v3/domains?name=Default 0.068s
2025-11-12 19:46:56.976 65707 INFO tempest.lib.common.rest_client [req-fcaf1467-0131-4c5d-aa0e-874c998cee88 req-fcaf1467-0131-4c5d-aa0e-874c998cee88 ] Request (VolumesSnapshotsTestJSON:_run_cleanups): 202 DELETE http://10.180.1.21/compute/v2.1/os-snapshots/73b8783c-d9ff-4309-9ab1-69341bca0bc7 1.291s
2025-11-12 19:46:56.988 65665 INFO tempest.lib.common.rest_client [req-f5eda9e5-3843-4855-b7a3-79eb4846600b req-f5eda9e5-3843-4855-b7a3-79eb4846600b ] Request (ServersTestManualDisk:setUpClass): 201 POST http://10.180.1.21/identity/v3/projects 0.036s
2025-11-12 19:46:57.053 65665 INFO tempest.lib.common.rest_client [req-cf3bbcb5-6b08-4e98-83e4-a4323b46ec90 req-cf3bbcb5-6b08-4e98-83e4-a4323b46ec90 ] Request (ServersTestManualDisk:setUpClass): 201 POST http://10.180.1.21/identity/v3/users 0.064s
2025-11-12 19:46:57.080 65665 INFO tempest.lib.common.rest_client [req-c11293ab-a42e-400d-922a-427f8d9b11fd req-c11293ab-a42e-400d-922a-427f8d9b11fd ] Request (ServersTestManualDisk:setUpClass): 200 GET http://10.180.1.21/identity/v3/roles 0.026s
2025-11-12 19:46:57.110 65665 INFO tempest.lib.common.rest_client [req-807a7325-973e-4499-ab72-9655d0148553 req-807a7325-973e-4499-ab72-9655d0148553 ] Request (ServersTestManualDisk:setUpClass): 204 PUT http://10.180.1.21/identity/v3/projects/47191bef4a28432fafc35ca8f19c7a95/users/7fa5611db313416c8cfd0bf8021a3b94/roles/e817d437cf634752a982bac1efe80ae7 0.030s
2025-11-12 19:46:57.111 65665 INFO tempest.lib.common.dynamic_creds [-] Dynamic test user 7fa5611db313416c8cfd0bf8021a3b94 is created with scope project and roles: ['member']
2025-11-12 19:46:57.111 65665 INFO tempest.lib.common.dynamic_creds [-] Acquired dynamic creds: credentials: Credentials: {'domain_id': 'default', 'domain_name': 'Default', 'username': 'tempest-ServersTestManualDisk-2059066720-project-member', 'project_domain_id': 'default', 'project_domain_name': 'Default', 'project_id': '47191bef4a28432fafc35ca8f19c7a95', 'project_name': 'tempest-ServersTestManualDisk-2059066720', 'tenant_id': '47191bef4a28432fafc35ca8f19c7a95', 'tenant_name': 'tempest-ServersTestManualDisk-2059066720', 'user_domain_id': 'default', 'user_domain_name': 'Default', 'user_id': '7fa5611db313416c8cfd0bf8021a3b94', 'system': None}, Network: None, Subnet: None, Router: None
2025-11-12 19:46:57.123 65697 INFO tempest.lib.common.rest_client [req-313f4013-81a0-4025-ba5e-044ebe55c6c1 req-313f4013-81a0-4025-ba5e-044ebe55c6c1 ] Request (ServicesAdminNegativeV253TestJSON:tearDownClass): 200 GET http://10.180.1.21/networking/v2.0/security-groups?tenant_id=650b9537e8f9456ab97630fa845405fe&name=default 0.211s
2025-11-12 19:46:57.188 65665 INFO tempest.lib.common.rest_client [req-a1551e33-bcab-4df0-8eb9-0cc745a0254d req-a1551e33-bcab-4df0-8eb9-0cc745a0254d ] Request (ServersTestManualDisk:setUpClass): 201 POST http://10.180.1.21/identity/v3/auth/tokens 0.077s
2025-11-12 19:46:57.197 65667 INFO tempest.lib.common.rest_client [req-925e1168-107e-4eb6-beb5-9eca7901b79b req-925e1168-107e-4eb6-beb5-9eca7901b79b ] Request (VolumesAdminNegativeTest:tearDownClass): 200 GET http://10.180.1.21/compute/v2.1/servers/2974f8e9-8ef4-4384-b4af-ce3ca9b5b1bd 1.467s
2025-11-12 19:46:57.354 65697 INFO tempest.lib.common.rest_client [req-fb383840-3ff9-43bf-9cea-382bcaa95bfe req-fb383840-3ff9-43bf-9cea-382bcaa95bfe ] Request (ServicesAdminNegativeV253TestJSON:tearDownClass): 204 DELETE http://10.180.1.21/networking/v2.0/security-groups/3f769356-0452-4748-b55d-047134c80a74 0.231s
2025-11-12 19:46:57.441 65697 INFO tempest.lib.common.rest_client [req-8cb65d76-c013-4076-a0c1-e2a4c7fa755c req-8cb65d76-c013-4076-a0c1-e2a4c7fa755c ] Request (ServicesAdminNegativeV253TestJSON:tearDownClass): 204 DELETE http://10.180.1.21/identity/v3/projects/650b9537e8f9456ab97630fa845405fe 0.086s
2025-11-12 19:46:57.441 65697 INFO tempest.lib.common.dynamic_creds [-] Deleting project and security group for project: cb7c2831cb374d72834f9289f899bd57
2025-11-12 19:46:57.512 65681 INFO tempest.lib.common.rest_client [req-51c09f2b-e285-4af5-9201-d4eced5cb1ca req-51c09f2b-e285-4af5-9201-d4eced5cb1ca ] Request (ServersTestJSON:test_create_server_specify_multibyte_character_name): 202 POST http://10.180.1.21/compute/v2.1/servers 2.327s
2025-11-12 19:46:57.793 65665 INFO tempest.lib.common.rest_client [req-20b23a1f-65b5-4e48-8a52-e2a406a20fd8 req-20b23a1f-65b5-4e48-8a52-e2a406a20fd8 ] Request (ServersTestManualDisk:setUpClass): 201 POST http://10.180.1.21/networking/v2.0/networks 0.605s
2025-11-12 19:46:57.834 65697 INFO tempest.lib.common.rest_client [req-bf22d790-99e3-4f0a-9c4d-5afa65408197 req-bf22d790-99e3-4f0a-9c4d-5afa65408197 ] Request (ServicesAdminNegativeV253TestJSON:tearDownClass): 200 GET http://10.180.1.21/networking/v2.0/security-groups?tenant_id=cb7c2831cb374d72834f9289f899bd57&name=default 0.393s
2025-11-12 19:46:57.872 65703 INFO tempest.lib.common.rest_client [req-7d033491-21e3-4daa-9af0-c68c0b178c6e req-7d033491-21e3-4daa-9af0-c68c0b178c6e ] Request (ServersTestFqdnHostnames:test_create_server_with_fqdn_name): 200 GET http://10.180.1.21/compute/v2.1/servers/f8119869-60ef-42cf-8291-7a2946c97d62 1.991s
2025-11-12 19:46:57.879 65703 INFO tempest.common.waiters [-] State transition "BUILD/None" ==> "BUILD/spawning" after 21 second wait
2025-11-12 19:46:57.976 65697 INFO tempest.lib.common.rest_client [req-24ef265a-fd62-4395-9ada-86c6d4624e07 req-24ef265a-fd62-4395-9ada-86c6d4624e07 ] Request (ServicesAdminNegativeV253TestJSON:tearDownClass): 204 DELETE http://10.180.1.21/networking/v2.0/security-groups/6267fe1f-6438-4580-a68f-3788fb39a641 0.141s
2025-11-12 19:46:58.009 65659 INFO tempest.lib.common.rest_client [req-7ccf1677-81cf-49fa-af1b-316359e8030e req-7ccf1677-81cf-49fa-af1b-316359e8030e ] Request (ServersAdminTestJSON:setUpClass): 200 GET http://10.180.1.21/compute/v2.1/servers/0f08898c-1e6e-4692-af20-780a1fa3ae24 2.010s
2025-11-12 19:46:58.017 65659 INFO tempest.common.waiters [-] State transition "BUILD/spawning" ==> "ACTIVE/None" after 26 second wait
2025-11-12 19:46:58.027 65685 INFO tempest.lib.common.rest_client [req-6a4e71bc-3634-4515-b65b-52fab198b7ee req-6a4e71bc-3634-4515-b65b-52fab198b7ee ] Request (ServersListShow296Test:test_list_show_update_rebuild_server_296): 200 GET http://10.180.1.21/compute/v2.1/servers/f777bdc7-325f-4c42-8d65-e31c6d74110f 1.961s
2025-11-12 19:46:58.042 65665 INFO tempest.lib.common.rest_client [req-2f235f72-9501-40b0-b403-285c38351ed8 req-2f235f72-9501-40b0-b403-285c38351ed8 ] Request (ServersTestManualDisk:setUpClass): 201 POST http://10.180.1.21/networking/v2.0/subnets 0.248s
2025-11-12 19:46:58.060 65697 INFO tempest.lib.common.rest_client [req-aa4f5d08-b936-46d6-940a-6fe1a88c2275 req-aa4f5d08-b936-46d6-940a-6fe1a88c2275 ] Request (ServicesAdminNegativeV253TestJSON:tearDownClass): 204 DELETE http://10.180.1.21/identity/v3/projects/cb7c2831cb374d72834f9289f899bd57 0.083s
2025-11-12 19:46:58.061 65697 INFO tempest.test [-] raised in TestVolumeSwap.setUpClass. Invoking tearDownClass.
2025-11-12 19:46:58.073 65700 WARNING tempest.lib.common.ssh [-] Failed to establish authenticated ssh connection to cirros@10.180.180.200 ([Errno None] Unable to connect to port 22 on 10.180.180.200). Number attempts: 5. Retry after 6 seconds.: paramiko.ssh_exception.NoValidConnectionsError: [Errno None] Unable to connect to port 22 on 10.180.180.200
2025-11-12 19:46:58.127 65677 INFO tempest.lib.common.rest_client [req-70d3265e-9311-44ed-baf4-9ed77241e533 req-70d3265e-9311-44ed-baf4-9ed77241e533 ] Request (AttachInterfacesV270Test:tearDownClass): 204 DELETE http://10.180.1.21/compute/v2.1/servers/484c340a-dd24-4ed7-ae0c-a6a492f4a6a6 2.021s
2025-11-12 19:46:58.174 65669 INFO tempest.lib.common.rest_client [req-260e1064-06c8-4e62-8980-014ab84ad885 req-260e1064-06c8-4e62-8980-014ab84ad885 ] Request (MigrationsAdminTest:test_list_migrations_in_flavor_resize_situation): 200 GET http://10.180.1.21/compute/v2.1/servers/ba3ca3fc-4249-44d2-bd41-96e0135596ce 2.019s
2025-11-12 19:46:58.192 65669 INFO tempest.common.waiters [-] State transition "BUILD/spawning" ==> "ACTIVE/None" after 26 second wait
2025-11-12 19:46:58.211 65663 INFO tempest.lib.common.rest_client [req-96ac4ce8-0b52-4b8b-96b0-7450f49e798f req-96ac4ce8-0b52-4b8b-96b0-7450f49e798f ] Request (AttachInterfacesUnderV243Test:test_add_remove_fixed_ip): 200 GET http://10.180.1.21/compute/v2.1/servers/a211d750-3ceb-4f83-a270-2baf226f5fca 2.003s
2025-11-12 19:46:58.708 65709 INFO tempest.lib.common.rest_client [req-62e1afee-5e97-47da-8daf-4e39cda2b7fd req-62e1afee-5e97-47da-8daf-4e39cda2b7fd ] Request (ServerExternalEventsTest:test_create_server_external_events): 200 GET http://10.180.1.21/compute/v2.1/servers/f70875f7-8206-4e1a-b27f-3023cdc37c2f 2.431s
2025-11-12 19:46:58.731 65713 INFO tempest.lib.common.rest_client [req-bfb3ef5d-f273-4cb0-b4c7-a555f54347df req-bfb3ef5d-f273-4cb0-b4c7-a555f54347df ] Request (ServersAdminNegativeTestJSON:test_migrate_server_invalid_state): 200 GET http://10.180.1.21/compute/v2.1/servers/69fded87-96ec-4b4c-8c4d-207de9854dd8 2.392s
2025-11-12 19:46:58.750 65683 INFO tempest.lib.common.rest_client [req-ac2915f4-5196-4407-9542-292978ccca34 req-ac2915f4-5196-4407-9542-292978ccca34 ] Request (FlavorsAdminTestJSON:test_is_public_string_variations): 200 GET http://10.180.1.21/compute/v2.1/flavors/detail?is_public=f 2.357s
2025-11-12 19:46:58.754 65711 INFO tempest.lib.common.rest_client [req-edb1a011-58a7-4a34-9604-1470f2966323 req-edb1a011-58a7-4a34-9604-1470f2966323 ] Request (KeyPairsV22TestJSON:test_keypairs_create_list_delete): 201 POST http://10.180.1.21/compute/v2.1/os-keypairs 2.385s
2025-11-12 19:46:58.879 65675 INFO tempest.lib.common.rest_client [req-4e035488-a942-442e-a2bb-8c8d80d9c258 req-4e035488-a942-442e-a2bb-8c8d80d9c258 ] Request (ServersAdmin275Test:tearDownClass): 200 GET http://10.180.1.21/compute/v2.1/servers/be14d5f8-5ea7-450a-b80e-370bb1ccd0ed 2.326s
2025-11-12 19:46:58.923 65695 INFO tempest.lib.common.rest_client [req-ddab29d2-df4b-4d01-b1dd-7dd884b6e017 req-ddab29d2-df4b-4d01-b1dd-7dd884b6e017 ] Request (AggregatesAdminNegativeTestJSON:test_aggregate_remove_host_as_user): 200 POST http://10.180.1.21/compute/v2.1/os-aggregates 2.357s
2025-11-12 19:46:58.931 65693 INFO tempest.lib.common.rest_client [req-8643fc4f-0276-4a28-bf02-59c8c38d2f72 req-8643fc4f-0276-4a28-bf02-59c8c38d2f72 ] Request (ListServersNegativeTestJSON:test_list_servers_by_limits_pass_string): 400 GET http://10.180.1.21/compute/v2.1/servers?limit=testing 2.357s
2025-11-12 19:46:59.027 65679 INFO tempest.lib.common.rest_client [req-b55684db-577a-41c2-9a01-2e65d7ef70d4 req-b55684db-577a-41c2-9a01-2e65d7ef70d4 ] Request (ImagesMetadataTestJSON:setUp): 200 PUT http://10.180.1.21/compute/v2.1/images/43f02f16-16d8-4cb7-89cd-43cca81dd14d/metadata 2.595s
2025-11-12 19:46:59.092 65719 INFO tempest.lib.common.rest_client [req-51175597-4050-4b7b-82fd-ce4c39ee21f6 req-51175597-4050-4b7b-82fd-ce4c39ee21f6 ] Request (DeleteServersAdminTestJSON:test_delete_server_while_in_error_state): 200 GET http://10.180.1.21/compute/v2.1/servers/3e79b532-1056-4926-9520-f094b05e35c1 2.474s
2025-11-12 19:46:59.131 65671 INFO tempest.lib.common.rest_client [req-81bf71b8-a00b-4d81-83f1-d16e4f6f6f3f req-81bf71b8-a00b-4d81-83f1-d16e4f6f6f3f ] Request (InstanceActionsTestJSON:setUpClass): 200 GET http://10.180.1.21/compute/v2.1/servers/39f9308e-5169-4066-9213-c5cfa0a73809 2.365s
2025-11-12 19:46:59.153 65707 INFO tempest.lib.common.rest_client [req-4d1ec1ba-0c47-45e2-9f6a-8ce2ffbea14c req-4d1ec1ba-0c47-45e2-9f6a-8ce2ffbea14c ] Request (VolumesSnapshotsTestJSON:_run_cleanups): 404 GET http://10.180.1.21/compute/v2.1/os-snapshots/73b8783c-d9ff-4309-9ab1-69341bca0bc7 2.176s
2025-11-12 19:46:59.328 65665 INFO tempest.lib.common.rest_client [req-fc01461a-95bb-43c9-a5ef-9f8ec39222d9 req-fc01461a-95bb-43c9-a5ef-9f8ec39222d9 ] Request (ServersTestManualDisk:setUpClass): 201 POST http://10.180.1.21/networking/v2.0/routers 1.285s
2025-11-12 19:46:59.416 65687 INFO tempest.lib.common.rest_client [req-c93044d5-dfc1-4d56-ad1f-ae0d8ac91d8c req-c93044d5-dfc1-4d56-ad1f-ae0d8ac91d8c ] Request (InstanceActionsV221TestJSON:test_get_list_deleted_instance_actions): 200 GET http://10.180.1.21/compute/v2.1/servers/fc35d001-e978-4b2b-ac4c-bb1ec0b1c4dc 2.243s
2025-11-12 19:46:59.474 65705 INFO tempest.lib.common.rest_client [req-e8eb3e39-64ee-449c-a98c-4984af06ddae req-e8eb3e39-64ee-449c-a98c-4984af06ddae ] Request (ImagesOneServerTestJSON:test_create_delete_image): 200 GET http://10.180.1.21/compute/v2.1/servers/97f9a9e4-d416-47de-88b7-5597d54b813d 2.546s
2025-11-12 19:46:59.550 65673 WARNING tempest.lib.common.ssh [-] Failed to establish authenticated ssh connection to cirros@10.180.180.193 ([Errno None] Unable to connect to port 22 on 10.180.180.193). Number attempts: 5. Retry after 6 seconds.: paramiko.ssh_exception.NoValidConnectionsError: [Errno None] Unable to connect to port 22 on 10.180.180.193
2025-11-12 19:47:00.247 65665 INFO tempest.lib.common.rest_client [req-90c32570-c368-4ecf-9739-41fbd5531b9f req-90c32570-c368-4ecf-9739-41fbd5531b9f ] Request (ServersTestManualDisk:setUpClass): 200 PUT http://10.180.1.21/networking/v2.0/routers/7900b98d-85a5-42cc-b314-fbefb1e91be8/add_router_interface 0.919s
2025-11-12 19:47:00.247 65665 INFO tempest.lib.common.dynamic_creds [-] Created isolated network resources for: credentials: Credentials: {'domain_id': 'default', 'domain_name': 'Default', 'username': 'tempest-ServersTestManualDisk-2059066720-project-member', 'project_domain_id': 'default', 'project_domain_name': 'Default', 'project_id': '47191bef4a28432fafc35ca8f19c7a95', 'project_name': 'tempest-ServersTestManualDisk-2059066720', 'tenant_id': '47191bef4a28432fafc35ca8f19c7a95', 'tenant_name': 'tempest-ServersTestManualDisk-2059066720', 'user_domain_id': 'default', 'user_domain_name': 'Default', 'user_id': '7fa5611db313416c8cfd0bf8021a3b94', 'system': None}, Network: {'id': '3ca3c4c7-8993-4418-ab60-065f35b07aec', 'name': 'tempest-ServersTestManualDisk-1776032819-network', 'tenant_id': '47191bef4a28432fafc35ca8f19c7a95', 'project_id': '47191bef4a28432fafc35ca8f19c7a95', 'admin_state_up': True, 'mtu': 8950, 'status': 'ACTIVE', 'subnets': [], 'shared': False, 'port_security_enabled': True, 'router:external': False, 'provider:network_type': 'vlan', 'provider:physical_network': 'default', 'provider:segmentation_id': 365, 'availability_zone_hints': [], 'availability_zones': [], 'ipv4_address_scope': None, 'ipv6_address_scope': None, 'description': '', 'tags': [], 'created_at': '2025-11-12T19:46:57Z', 'updated_at': '2025-11-12T19:46:57Z', 'revision_number': 1}, Subnet: {'id': 'c45a7557-0781-4bed-85fe-808818c81ae2', 'name': 'tempest-ServersTestManualDisk-1776032819-subnet', 'tenant_id': '47191bef4a28432fafc35ca8f19c7a95', 'network_id': '3ca3c4c7-8993-4418-ab60-065f35b07aec', 'ip_version': 4, 'subnetpool_id': None, 'enable_dhcp': True, 'ipv6_ra_mode': None, 'ipv6_address_mode': None, 'gateway_ip': '192.168.128.1', 'cidr': '192.168.128.0/28', 'allocation_pools': [{'start': '192.168.128.2', 'end': '192.168.128.14'}], 'host_routes': [], 'dns_nameservers': [], 'description': '', 'router:external': False, 'service_types': [], 'tags': [], 'created_at': '2025-11-12T19:46:57Z', 'updated_at': '2025-11-12T19:46:57Z', 'revision_number': 0, 'project_id': '47191bef4a28432fafc35ca8f19c7a95'}, Router: {'id': '7900b98d-85a5-42cc-b314-fbefb1e91be8', 'name': 'tempest-ServersTestManualDisk-1776032819-router', 'tenant_id': '47191bef4a28432fafc35ca8f19c7a95', 'admin_state_up': True, 'status': 'ACTIVE', 'external_gateway_info': {'network_id': '6c661c38-a726-4426-ac27-5572f0b872a3', 'external_fixed_ips': [{'subnet_id': '1edc64e3-dd14-4e42-aa8e-073ada60fe03', 'ip_address': '10.180.180.241'}], 'enable_snat': True}, 'description': '', 'availability_zones': [], 'distributed': False, 'ha': False, 'availability_zone_hints': [], 'routes': [], 'flavor_id': None, 'tags': [], 'created_at': '2025-11-12T19:46:58Z', 'updated_at': '2025-11-12T19:46:59Z', 'revision_number': 2, 'project_id': '47191bef4a28432fafc35ca8f19c7a95'}
2025-11-12 19:47:00.280 65661 INFO tempest.lib.common.rest_client [req-4f1198c7-7f2f-449c-b043-20a721de828b req-4f1198c7-7f2f-449c-b043-20a721de828b ] Request (ServerAddressesNegativeTestJSON:tearDownClass): 200 GET http://10.180.1.21/compute/v2.1/servers/67b891c5-690c-4caf-9a04-23ca1c7a321a 2.965s
2025-11-12 19:47:00.306 65722 INFO tempest.lib.common.rest_client [req-a0b87cfd-ccfe-4420-bbd0-be8b7fbd5a7b req-a0b87cfd-ccfe-4420-bbd0-be8b7fbd5a7b ] Request (ServerMetadataNegativeTestJSON:setUpClass): 200 GET http://10.180.1.21/compute/v2.1/servers/60cb5e4a-b3dd-4dad-85dd-0f97e69ffb66 2.974s
2025-11-12 19:47:00.384 65665 INFO tempest.lib.common.rest_client [req-d91b02e0-9dd5-421f-87e1-cdabf195f439 req-d91b02e0-9dd5-421f-87e1-cdabf195f439 ] Request (ServersTestManualDisk:setUpClass): 201 POST http://10.180.1.21/identity/v3/auth/tokens 0.134s
2025-11-12 19:47:00.391 65681 INFO tempest.lib.common.rest_client [req-7b379119-79d1-40ff-b467-50bfc61f44c8 req-7b379119-79d1-40ff-b467-50bfc61f44c8 ] Request (ServersTestJSON:test_create_server_specify_multibyte_character_name): 200 GET http://10.180.1.21/compute/v2.1/servers/43630009-6b1e-4506-8ff6-b461e5c2e7e2 2.877s
2025-11-12 19:47:00.421 65691 INFO tempest.lib.common.rest_client [req-142b202d-bfdc-4956-9b39-d7035a331098 req-142b202d-bfdc-4956-9b39-d7035a331098 ] Request (FloatingIPsAssociationNegativeTestJSON:tearDownClass): 200 GET http://10.180.1.21/compute/v2.1/servers/1dbcadf5-36f2-4e69-bd52-3cdd949b7590 2.756s
2025-11-12 19:47:00.464 65720 INFO tempest.lib.common.rest_client [req-7a2ea9db-c38a-4493-8937-a0a4cd06193b req-7a2ea9db-c38a-4493-8937-a0a4cd06193b ] Request (ServerRescueTestJSONUnderV235:setUpClass): 200 GET http://10.180.1.21/compute/v2.1/servers/6f222192-b09e-4761-9b67-4edd3726863e 2.738s
2025-11-12 19:47:00.510 65716 INFO tempest.lib.common.rest_client [req-44e159b6-ed5d-40db-8ce5-82a7a42279f0 req-44e159b6-ed5d-40db-8ce5-82a7a42279f0 ] Request (ServerDiagnosticsV248Test:tearDownClass): 200 GET http://10.180.1.21/compute/v2.1/servers/83cfa50d-078e-4706-a0a1-e91498add541 2.619s
2025-11-12 19:47:00.690 65659 INFO tempest.lib.common.rest_client [req-251f7512-bde0-4497-9f6d-3af75ef0430c req-251f7512-bde0-4497-9f6d-3af75ef0430c ] Request (ServersAdminTestJSON:setUpClass): 200 GET http://10.180.1.21/compute/v2.1/servers/5a22ece9-bcaf-4766-ba2c-713770071df9 2.672s
2025-11-12 19:47:00.726 65677 INFO tempest.lib.common.rest_client [req-44446825-514d-42db-bce9-e76f48e19c52 req-44446825-514d-42db-bce9-e76f48e19c52 ] Request (AttachInterfacesV270Test:tearDownClass): 200 GET http://10.180.1.21/compute/v2.1/servers/484c340a-dd24-4ed7-ae0c-a6a492f4a6a6 2.598s
2025-11-12 19:47:00.808 65659 INFO tempest.lib.common.rest_client [req-8cd608af-e20b-4dbb-967f-a8a68152059c req-8cd608af-e20b-4dbb-967f-a8a68152059c ] Request (ServersAdminTestJSON:test_create_server_with_scheduling_hint): 201 POST http://10.180.1.21/identity/v3/auth/tokens 0.102s
2025-11-12 19:47:00.809 65659 INFO tempest.lib.common.fixed_network [-] (ServersAdminTestJSON:test_create_server_with_scheduling_hint) Found network {'id': '7cc982f3-f958-4c31-868c-f7f7bef97218', 'name': 'tempest-ServersAdminTestJSON-2063076488-network', 'tenant_id': '3733963329004b188b4575e69dcd0903', 'project_id': '3733963329004b188b4575e69dcd0903', 'admin_state_up': True, 'mtu': 8950, 'status': 'ACTIVE', 'subnets': [], 'shared': False, 'port_security_enabled': True, 'router:external': False, 'provider:network_type': 'vlan', 'provider:physical_network': 'default', 'provider:segmentation_id': 410, 'availability_zone_hints': [], 'availability_zones': [], 'ipv4_address_scope': None, 'ipv6_address_scope': None, 'description': '', 'tags': [], 'created_at': '2025-11-12T19:46:10Z', 'updated_at': '2025-11-12T19:46:10Z', 'revision_number': 1} available for tenant
2025-11-12 19:47:00.818 65667 INFO tempest.lib.common.rest_client [req-1605c3c7-3ce4-49ce-8914-061a1b7882c0 req-1605c3c7-3ce4-49ce-8914-061a1b7882c0 ] Request (VolumesAdminNegativeTest:tearDownClass): 200 GET http://10.180.1.21/compute/v2.1/servers/2974f8e9-8ef4-4384-b4af-ce3ca9b5b1bd 2.609s
2025-11-12 19:47:00.838 65683 INFO tempest.lib.common.rest_client [req-45b9f121-449f-49f0-a611-1ed40e31714b req-45b9f121-449f-49f0-a611-1ed40e31714b ] Request (FlavorsAdminTestJSON:test_is_public_string_variations): 200 GET http://10.180.1.21/compute/v2.1/flavors/detail?is_public=false 2.085s
2025-11-12 19:47:00.860 65711 INFO tempest.lib.common.rest_client [req-d0d4a08a-5c8c-463b-8170-e41e0e6063e9 req-d0d4a08a-5c8c-463b-8170-e41e0e6063e9 ] Request (KeyPairsV22TestJSON:test_keypairs_create_list_delete): 200 GET http://10.180.1.21/compute/v2.1/os-keypairs 2.104s
2025-11-12 19:47:01.002 65669 INFO tempest.lib.common.rest_client [req-63bfcfd5-7100-44e3-afd3-aa57c8186994 req-63bfcfd5-7100-44e3-afd3-aa57c8186994 ] Request (MigrationsAdminTest:test_list_migrations_in_flavor_resize_situation): 202 POST http://10.180.1.21/compute/v2.1/servers/ba3ca3fc-4249-44d2-bd41-96e0135596ce/action 2.809s
2025-11-12 19:47:01.131 65703 INFO tempest.lib.common.rest_client [req-65fa0e64-b35f-4fec-ac49-850bec747494 req-65fa0e64-b35f-4fec-ac49-850bec747494 ] Request (ServersTestFqdnHostnames:test_create_server_with_fqdn_name): 200 GET http://10.180.1.21/compute/v2.1/servers/f8119869-60ef-42cf-8291-7a2946c97d62 2.251s
2025-11-12 19:47:01.153 65693 INFO tempest.lib.common.rest_client [req-c3a3f42b-d439-4299-a802-439afebe3788 req-c3a3f42b-d439-4299-a802-439afebe3788 ] Request (ListServersNegativeTestJSON:test_list_servers_by_non_existing_flavor): 200 GET http://10.180.1.21/compute/v2.1/servers?flavor=non_existing_flavor 2.221s
2025-11-12 19:47:01.308 65695 INFO tempest.lib.common.rest_client [req-1b9783ee-417f-4cd1-add7-f083250f89b1 req-1b9783ee-417f-4cd1-add7-f083250f89b1 ] Request (AggregatesAdminNegativeTestJSON:test_aggregate_remove_host_as_user): 200 POST http://10.180.1.21/compute/v2.1/os-aggregates/7/action 2.383s
2025-11-12 19:47:01.426 65679 INFO tempest.lib.common.rest_client [req-f3ac5f3b-9c12-44c3-8609-77cbcf8d72b2 req-f3ac5f3b-9c12-44c3-8609-77cbcf8d72b2 ] Request (ImagesMetadataTestJSON:test_update_image_metadata): 200 POST http://10.180.1.21/compute/v2.1/images/43f02f16-16d8-4cb7-89cd-43cca81dd14d/metadata 2.398s
2025-11-12 19:47:01.453 65685 INFO tempest.lib.common.rest_client [req-0a695132-f316-4a83-89a8-2180a6e96d76 req-0a695132-f316-4a83-89a8-2180a6e96d76 ] Request (ServersListShow296Test:test_list_show_update_rebuild_server_296): 200 GET http://10.180.1.21/compute/v2.1/servers/f777bdc7-325f-4c42-8d65-e31c6d74110f 2.415s
